209.74.77.214 - - [12/Jul/2025:19:38:30 +0000] "POST /wp-admin/admin-ajax.php?action=async_litespeed&nonce=aJ7mtuMFdx0BDzY6zAQxVRp08Hh84mMd&litespeed_type=imgoptm HTTP/1.1" 200 21 "-" "WordPress/6.8.1; https://cyber-secure.com.au"
66.249.64.128 - - [12/Jul/2025:19:38:48 +0000] "GET /?e=33084078031000&mod=233f1dd0&uri=product.php%3Fid%3D1104220-596%26name%3Dfranklin%20mint%20heirloom%20dolls HTTP/1.1" 200 26110 "-" "Mozilla/5.0 (Linux; Android 6.0.1; Nexus 5X Build/MMB29P) AppleWebKit/537.36 (KHTML, like Gecko) Chrome/137.0.7151.103 Mobile Safari/537.36 (compatible; GoogleOther)"
66.249.64.132 - - [12/Jul/2025:19:39:04 +0000] "GET /?e=34719130031000&mod=ac3870fc&uri=itm.php%3Fid%3D1158805-712%26name%3Dwindows+10+auriculares+bluetooth HTTP/1.1" 301 - "-" "Mozilla/5.0 (Linux; Android 6.0.1; Nexus 5X Build/MMB29P) AppleWebKit/537.36 (KHTML, like Gecko) Chrome/137.0.7151.103 Mobile Safari/537.36 (compatible; GoogleOther)"
209.74.77.214 - - [12/Jul/2025:19:39:14 +0000] "POST /wp-cron.php?doing_wp_cron=1752349154.4212980270385742187500 HTTP/1.1" 200 - "-" "WordPress/6.8.1; https://cyber-secure.com.au"
209.74.77.214 - - [12/Jul/2025:19:39:14 +0000] "POST /wp-admin/admin-ajax.php?action=async_litespeed&nonce=lOuXULXM7uoT0ytdPFrFCwML0801vC9b&litespeed_type=imgoptm HTTP/1.1" 200 21 "-" "WordPress/6.8.1; https://cyber-secure.com.au"
66.249.64.128 - - [12/Jul/2025:19:39:14 +0000] "GET /?e=34719130031000&mod=ac3870fc&uri=itm.php%3Fid%3D1158805-712%26name%3Dwindows%2010%20auriculares%20bluetooth HTTP/1.1" 200 26109 "-" "Mozilla/5.0 (Linux; Android 6.0.1; Nexus 5X Build/MMB29P) AppleWebKit/537.36 (KHTML, like Gecko) Chrome/137.0.7151.103 Mobile Safari/537.36 (compatible; GoogleOther)"
209.74.77.214 - - [12/Jul/2025:19:40:43 +0000] "POST /wp-cron.php?doing_wp_cron=1752349243.9549729824066162109375 HTTP/1.1" 200 - "-" "WordPress/6.8.1; https://cyber-secure.com.au"
66.249.64.132 - - [12/Jul/2025:19:40:42 +0000] "GET /?e=71931619011000&mod=90e71551&uri=goods.php%3Fid%3D2400423-1052%26name%3Dsachin+tendulkar+india+jersey HTTP/1.1" 301 - "-" "Mozilla/5.0 (Linux; Android 6.0.1; Nexus 5X Build/MMB29P) AppleWebKit/537.36 (KHTML, like Gecko) Chrome/137.0.7151.103 Mobile Safari/537.36 (compatible; GoogleOther)"
209.74.77.214 - - [12/Jul/2025:19:40:44 +0000] "POST /wp-admin/admin-ajax.php?action=async_litespeed&nonce=T3yrkYeLmi9oBpmZmGmYhqYYhb65ETqM&litespeed_type=imgoptm HTTP/1.1" 200 21 "-" "WordPress/6.8.1; https://cyber-secure.com.au"
66.249.64.129 - - [12/Jul/2025:19:41:00 +0000] "GET /?e=71931619011000&mod=90e71551&uri=goods.php%3Fid%3D2400423-1052%26name%3Dsachin%20tendulkar%20india%20jersey HTTP/1.1" 200 26106 "-" "Mozilla/5.0 (Linux; Android 6.0.1; Nexus 5X Build/MMB29P) AppleWebKit/537.36 (KHTML, like Gecko) Chrome/137.0.7151.103 Mobile Safari/537.36 (compatible; GoogleOther)"
209.74.77.214 - - [12/Jul/2025:19:41:59 +0000] "POST /wp-cron.php?doing_wp_cron=1752349319.8698010444641113281250 HTTP/1.1" 200 - "-" "WordPress/6.8.1; https://cyber-secure.com.au"
66.249.64.132 - - [12/Jul/2025:19:41:58 +0000] "GET /?e=34473591031000&mod=a12f6949&uri=info.php%3Fid%3D1150599-1078%26name%3Dcomo+configurar+la+hora+en+un+reloj+smart+bracelet HTTP/1.1" 301 - "-" "Mozilla/5.0 (Linux; Android 6.0.1; Nexus 5X Build/MMB29P) AppleWebKit/537.36 (KHTML, like Gecko) Chrome/137.0.7151.103 Mobile Safari/537.36 (compatible; GoogleOther)"
209.74.77.214 - - [12/Jul/2025:19:41:59 +0000] "POST /wp-admin/admin-ajax.php?action=async_litespeed&nonce=iu4DwT2C0lSubc6h0uqafyHKecBbSbtP&litespeed_type=imgoptm HTTP/1.1" 200 21 "-" "WordPress/6.8.1; https://cyber-secure.com.au"
66.249.64.132 - - [12/Jul/2025:19:42:13 +0000] "GET /?e=104172051041000&mod=a6ce9144&uri=news.php%3Fid%3D3476544-678%26name%3Dmacbook+air+2017+ethernet HTTP/1.1" 200 21544 "-" "Mozilla/5.0 (compatible; Googlebot/2.1; +http://www.google.com/bot.html)"
209.74.77.214 - - [12/Jul/2025:19:42:17 +0000] "POST /wp-cron.php?doing_wp_cron=1752349337.5730481147766113281250 HTTP/1.1" 200 - "-" "WordPress/6.8.1; https://cyber-secure.com.au"
209.74.77.214 - - [12/Jul/2025:19:42:17 +0000] "POST /wp-admin/admin-ajax.php?action=async_litespeed&nonce=5ejATEArWgWcJeHMqylMyZNGOyeijFoo&litespeed_type=imgoptm HTTP/1.1" 200 21 "-" "WordPress/6.8.1; https://cyber-secure.com.au"
66.249.64.128 - - [12/Jul/2025:19:42:17 +0000] "GET /?e=34473591031000&mod=a12f6949&uri=info.php%3Fid%3D1150599-1078%26name%3Dcomo%20configurar%20la%20hora%20en%20un%20reloj%20smart%20bracelet HTTP/1.1" 200 26107 "-" "Mozilla/5.0 (Linux; Android 6.0.1; Nexus 5X Build/MMB29P) AppleWebKit/537.36 (KHTML, like Gecko) Chrome/137.0.7151.103 Mobile Safari/537.36 (compatible; GoogleOther)"
209.74.77.214 - - [12/Jul/2025:19:43:24 +0000] "POST /wp-cron.php?doing_wp_cron=1752349404.3848330974578857421875 HTTP/1.1" 200 - "-" "WordPress/6.8.1; https://cyber-secure.com.au"
66.249.64.128 - - [12/Jul/2025:19:43:23 +0000] "GET /?e=72312477011000&mod=cf3c6554&uri=dp.php%3Fid%3D2413151-1442%26name%3Dorologio+vetta+automatico HTTP/1.1" 301 - "-" "Mozilla/5.0 (Linux; Android 6.0.1; Nexus 5X Build/MMB29P) AppleWebKit/537.36 (KHTML, like Gecko) Chrome/137.0.7151.103 Mobile Safari/537.36 (compatible; GoogleOther)"
209.74.77.214 - - [12/Jul/2025:19:43:24 +0000] "POST /wp-admin/admin-ajax.php?action=async_litespeed&nonce=6RqfyhUoyeBhCLdMfI3RrhcLulv76B19&litespeed_type=imgoptm HTTP/1.1" 200 21 "-" "WordPress/6.8.1; https://cyber-secure.com.au"
66.249.64.128 - - [12/Jul/2025:19:43:48 +0000] "GET /?e=72312477011000&mod=cf3c6554&uri=dp.php%3Fid%3D2413151-1442%26name%3Dorologio%20vetta%20automatico HTTP/1.1" 200 26106 "-" "Mozilla/5.0 (Linux; Android 6.0.1; Nexus 5X Build/MMB29P) AppleWebKit/537.36 (KHTML, like Gecko) Chrome/137.0.7151.103 Mobile Safari/537.36 (compatible; GoogleOther)"
66.249.64.132 - - [12/Jul/2025:19:44:03 +0000] "POST /wp-json/metform/v1/forms/views/2288 HTTP/1.1" 200 22343 "https://cyber-secure.com.au/?e=72312477011000&mod=cf3c6554&uri=dp.php%3Fid%3D2413151-1442%26name%3Dorologio%20vetta%20automatico" "Mozilla/5.0 (Linux; Android 6.0.1; Nexus 5X Build/MMB29P) AppleWebKit/537.36 (KHTML, like Gecko) Chrome/137.0.7151.119 Mobile Safari/537.36 (compatible; Googlebot/2.1; +http://www.google.com/bot.html)"
209.74.77.214 - - [12/Jul/2025:19:44:44 +0000] "POST /wp-cron.php?doing_wp_cron=1752349484.6075670719146728515625 HTTP/1.1" 200 - "-" "WordPress/6.8.1; https://cyber-secure.com.au"
66.249.64.132 - - [12/Jul/2025:19:44:43 +0000] "GET /?e=51385029041000&mod=e5fb88b3&uri=products.php%3Fid%3D1714792-1249%26name%3Ddior+piccadilly+sunglasses HTTP/1.1" 301 - "-" "Mozilla/5.0 (Linux; Android 6.0.1; Nexus 5X Build/MMB29P) AppleWebKit/537.36 (KHTML, like Gecko) Chrome/137.0.7151.103 Mobile Safari/537.36 (compatible; GoogleOther)"
209.74.77.214 - - [12/Jul/2025:19:44:44 +0000] "POST /wp-admin/admin-ajax.php?action=async_litespeed&nonce=XxRrlln4j12DHF3CIIIUeQFfPa5gEgML&litespeed_type=imgoptm HTTP/1.1" 200 21 "-" "WordPress/6.8.1; https://cyber-secure.com.au"
66.249.64.128 - - [12/Jul/2025:19:45:05 +0000] "GET /?e=51385029041000&mod=e5fb88b3&uri=products.php%3Fid%3D1714792-1249%26name%3Ddior%20piccadilly%20sunglasses HTTP/1.1" 200 26110 "-" "Mozilla/5.0 (Linux; Android 6.0.1; Nexus 5X Build/MMB29P) AppleWebKit/537.36 (KHTML, like Gecko) Chrome/137.0.7151.103 Mobile Safari/537.36 (compatible; GoogleOther)"
209.74.77.214 - - [12/Jul/2025:19:45:46 +0000] "POST /wp-cron.php?doing_wp_cron=1752349546.0180370807647705078125 HTTP/1.1" 200 - "-" "WordPress/6.8.1; https://cyber-secure.com.au"
66.249.64.128 - - [12/Jul/2025:19:45:44 +0000] "GET /?e=19664281041000&mod=b7c13b0a&uri=itm.php%3Fid%3D656420-751%26name%3Dcomputrabajo+electricistas HTTP/1.1" 301 - "-" "Mozilla/5.0 (Linux; Android 6.0.1; Nexus 5X Build/MMB29P) AppleWebKit/537.36 (KHTML, like Gecko) Chrome/137.0.7151.103 Mobile Safari/537.36 (compatible; GoogleOther)"
209.74.77.214 - - [12/Jul/2025:19:45:46 +0000] "POST /wp-admin/admin-ajax.php?action=async_litespeed&nonce=BvED8xEwyTBOzV1NXtyrDgNNa51OEpHf&litespeed_type=imgoptm HTTP/1.1" 200 21 "-" "WordPress/6.8.1; https://cyber-secure.com.au"
209.74.77.214 - - [12/Jul/2025:19:46:16 +0000] "POST /wp-cron.php?doing_wp_cron=1752349576.7625999450683593750000 HTTP/1.1" 200 - "-" "WordPress/6.8.1; https://cyber-secure.com.au"
209.74.77.214 - - [12/Jul/2025:19:46:16 +0000] "POST /wp-admin/admin-ajax.php?action=async_litespeed&nonce=ZtsjcjstfsYnVcRTGJKsPbdZKtHBkiO7&litespeed_type=imgoptm HTTP/1.1" 200 21 "-" "WordPress/6.8.1; https://cyber-secure.com.au"
66.249.64.132 - - [12/Jul/2025:19:46:16 +0000] "GET /?e=19664281041000&mod=b7c13b0a&uri=itm.php%3Fid%3D656420-751%26name%3Dcomputrabajo%20electricistas HTTP/1.1" 200 26106 "-" "Mozilla/5.0 (Linux; Android 6.0.1; Nexus 5X Build/MMB29P) AppleWebKit/537.36 (KHTML, like Gecko) Chrome/137.0.7151.103 Mobile Safari/537.36 (compatible; GoogleOther)"
209.74.77.214 - - [12/Jul/2025:19:47:09 +0000] "POST /wp-cron.php?doing_wp_cron=1752349629.0751359462738037109375 HTTP/1.1" 200 - "-" "WordPress/6.8.1; https://cyber-secure.com.au"
66.249.64.129 - - [12/Jul/2025:19:47:07 +0000] "GET /?e=51412599031000&mod=cd7214aa&uri=products.php%3Fid%3D1715711-1248%26name%3Dvam+dior HTTP/1.1" 301 - "-" "Mozilla/5.0 (Linux; Android 6.0.1; Nexus 5X Build/MMB29P) AppleWebKit/537.36 (KHTML, like Gecko) Chrome/137.0.7151.103 Mobile Safari/537.36 (compatible; GoogleOther)"
209.74.77.214 - - [12/Jul/2025:19:47:34 +0000] "POST /wp-cron.php?doing_wp_cron=1752349654.0317490100860595703125 HTTP/1.1" 200 - "-" "WordPress/6.8.1; https://cyber-secure.com.au"
209.74.77.214 - - [12/Jul/2025:19:47:34 +0000] "POST /wp-admin/admin-ajax.php?action=async_litespeed&nonce=I5kVr2h7tMQ95b2gGDzcap2W9Pmz3uxQ&litespeed_type=imgoptm HTTP/1.1" 200 21 "-" "WordPress/6.8.1; https://cyber-secure.com.au"
66.249.64.132 - - [12/Jul/2025:19:47:33 +0000] "GET /?e=51412599031000&mod=cd7214aa&uri=products.php%3Fid%3D1715711-1248%26name%3Dvam%20dior HTTP/1.1" 200 26105 "-" "Mozilla/5.0 (Linux; Android 6.0.1; Nexus 5X Build/MMB29P) AppleWebKit/537.36 (KHTML, like Gecko) Chrome/137.0.7151.103 Mobile Safari/537.36 (compatible; GoogleOther)"
66.249.64.132 - - [12/Jul/2025:19:48:10 +0000] "GET /?e=104174451041000&mod=69386f6b&uri=shop.php%3Fid%3D3476624-331%26name%3Dnike+react+vision+id HTTP/1.1" 200 21196 "-" "Mozilla/5.0 (compatible; Googlebot/2.1; +http://www.google.com/bot.html)"
209.74.77.214 - - [12/Jul/2025:19:48:37 +0000] "POST /wp-cron.php?doing_wp_cron=1752349717.8983709812164306640625 HTTP/1.1" 200 - "-" "WordPress/6.8.1; https://cyber-secure.com.au"
66.249.64.132 - - [12/Jul/2025:19:48:37 +0000] "GET /?e=33072449031000&mod=233f1dd0&uri=itm.php%3Fid%3D1103827-596%26name%3Dmidwest+ragdolls HTTP/1.1" 301 - "-" "Mozilla/5.0 (Linux; Android 6.0.1; Nexus 5X Build/MMB29P) AppleWebKit/537.36 (KHTML, like Gecko) Chrome/137.0.7151.103 Mobile Safari/537.36 (compatible; GoogleOther)"
209.74.77.214 - - [12/Jul/2025:19:48:37 +0000] "POST /wp-admin/admin-ajax.php?action=async_litespeed&nonce=1vmZVXrzEtSbKec87Xd0UWTFOBPoTuDH&litespeed_type=imgoptm HTTP/1.1" 200 21 "-" "WordPress/6.8.1; https://cyber-secure.com.au"
66.249.64.132 - - [12/Jul/2025:19:48:50 +0000] "GET /?e=33072449031000&mod=233f1dd0&uri=itm.php%3Fid%3D1103827-596%26name%3Dmidwest%20ragdolls HTTP/1.1" 200 26108 "-" "Mozilla/5.0 (Linux; Android 6.0.1; Nexus 5X Build/MMB29P) AppleWebKit/537.36 (KHTML, like Gecko) Chrome/137.0.7151.103 Mobile Safari/537.36 (compatible; GoogleOther)"
209.74.77.214 - - [12/Jul/2025:19:49:40 +0000] "POST /wp-cron.php?doing_wp_cron=1752349780.6272931098937988281250 HTTP/1.1" 200 - "-" "WordPress/6.8.1; https://cyber-secure.com.au"
66.249.64.128 - - [12/Jul/2025:19:49:39 +0000] "GET /?e=116492873021000&mod=c255c052&uri=category-info.php%3Fid%3D3887777-387%26name%3Dshops+selling+treadmills HTTP/1.1" 301 - "-" "Mozilla/5.0 (Linux; Android 6.0.1; Nexus 5X Build/MMB29P) AppleWebKit/537.36 (KHTML, like Gecko) Chrome/137.0.7151.103 Mobile Safari/537.36 (compatible; GoogleOther)"
209.74.77.214 - - [12/Jul/2025:19:49:40 +0000] "POST /wp-admin/admin-ajax.php?action=async_litespeed&nonce=k8lwOza9Jox2WgUKrVCo1Ey1eJvJZAkv&litespeed_type=imgoptm HTTP/1.1" 200 21 "-" "WordPress/6.8.1; https://cyber-secure.com.au"
66.249.64.132 - - [12/Jul/2025:19:49:54 +0000] "GET /?e=116492873021000&mod=c255c052&uri=category-info.php%3Fid%3D3887777-387%26name%3Dshops%20selling%20treadmills HTTP/1.1" 200 26107 "-" "Mozilla/5.0 (Linux; Android 6.0.1; Nexus 5X Build/MMB29P) AppleWebKit/537.36 (KHTML, like Gecko) Chrome/137.0.7151.103 Mobile Safari/537.36 (compatible; GoogleOther)"
66.249.64.129 - - [12/Jul/2025:19:51:50 +0000] "GET /wp-content/plugins/elementor/assets/js/shared-frontend-handlers.30dc2f9c080845a413a6.bundle.min.js HTTP/1.1" 200 2681 "https://cyber-secure.com.au/?e=33072449031000&mod=233f1dd0&uri=itm.php%3Fid%3D1103827-596%26name%3Dmidwest%20ragdolls" "Mozilla/5.0 (Linux; Android 6.0.1; Nexus 5X Build/MMB29P) AppleWebKit/537.36 (KHTML, like Gecko) Chrome/137.0.7151.119 Mobile Safari/537.36 (compatible; Googlebot/2.1; +http://www.google.com/bot.html)"
66.249.64.128 - - [12/Jul/2025:19:52:17 +0000] "GET /?e=104354049141000&mod=d54ce9de&uri=shop.php%3Fid%3D3482615-326%26name%3Dcosto+de+bolsa+louis+vuitton HTTP/1.1" 200 20960 "-" "Mozilla/5.0 (Linux; Android 6.0.1; Nexus 5X Build/MMB29P) AppleWebKit/537.36 (KHTML, like Gecko) Chrome/137.0.7151.103 Mobile Safari/537.36 (compatible; Googlebot/2.1; +http://www.google.com/bot.html)"
66.249.64.128 - - [12/Jul/2025:19:53:08 +0000] "GET /?e=104030427011000&mod=3d387d26&uri=category-info.php%3Fid%3D3471771-649%26name%3Ddish+drying+basket HTTP/1.1" 200 20537 "-" "Mozilla/5.0 (compatible; Googlebot/2.1; +http://www.google.com/bot.html)"
209.74.77.214 - - [12/Jul/2025:19:53:18 +0000] "POST /wp-cron.php?doing_wp_cron=1752349998.3767809867858886718750 HTTP/1.1" 200 - "-" "WordPress/6.8.1; https://cyber-secure.com.au"
66.249.64.132 - - [12/Jul/2025:19:53:17 +0000] "GET /?e=116510709001000&mod=11bcd3c1&uri=shared.php%3Fid%3D3888372-397%26name%3Dnike+mercurial+vapor+superfly HTTP/1.1" 301 - "-" "Mozilla/5.0 (Linux; Android 6.0.1; Nexus 5X Build/MMB29P) AppleWebKit/537.36 (KHTML, like Gecko) Chrome/137.0.7151.103 Mobile Safari/537.36 (compatible; GoogleOther)"
209.74.77.214 - - [12/Jul/2025:19:53:18 +0000] "POST /wp-admin/admin-ajax.php?action=async_litespeed&nonce=PB7xfMBVr98i4AS1yDab731AMUD12pHu&litespeed_type=imgoptm HTTP/1.1" 200 21 "-" "WordPress/6.8.1; https://cyber-secure.com.au"
66.249.64.132 - - [12/Jul/2025:19:53:38 +0000] "GET /?e=116510709001000&mod=11bcd3c1&uri=shared.php%3Fid%3D3888372-397%26name%3Dnike%20mercurial%20vapor%20superfly HTTP/1.1" 200 26109 "-" "Mozilla/5.0 (Linux; Android 6.0.1; Nexus 5X Build/MMB29P) AppleWebKit/537.36 (KHTML, like Gecko) Chrome/137.0.7151.103 Mobile Safari/537.36 (compatible; GoogleOther)"
209.74.77.214 - - [12/Jul/2025:19:54:49 +0000] "POST /wp-cron.php?doing_wp_cron=1752350089.7825260162353515625000 HTTP/1.1" 200 - "-" "WordPress/6.8.1; https://cyber-secure.com.au"
66.249.64.128 - - [12/Jul/2025:19:54:48 +0000] "GET /?e=119357873071000&mod=c3f4db3a&uri=products.php%3Fid%3D3983337-824%26name%3Dvitamix+frappuccino HTTP/1.1" 301 - "-" "Mozilla/5.0 (Linux; Android 6.0.1; Nexus 5X Build/MMB29P) AppleWebKit/537.36 (KHTML, like Gecko) Chrome/137.0.7151.103 Mobile Safari/537.36 (compatible; GoogleOther)"
209.74.77.214 - - [12/Jul/2025:19:54:49 +0000] "POST /wp-admin/admin-ajax.php?action=async_litespeed&nonce=9PJu6FJgaoM9SZnoLnflGxKCAYakiZh0&litespeed_type=imgoptm HTTP/1.1" 200 21 "-" "WordPress/6.8.1; https://cyber-secure.com.au"
66.249.64.129 - - [12/Jul/2025:19:55:02 +0000] "GET /?e=119357873071000&mod=c3f4db3a&uri=products.php%3Fid%3D3983337-824%26name%3Dvitamix%20frappuccino HTTP/1.1" 200 26113 "-" "Mozilla/5.0 (Linux; Android 6.0.1; Nexus 5X Build/MMB29P) AppleWebKit/537.36 (KHTML, like Gecko) Chrome/137.0.7151.103 Mobile Safari/537.36 (compatible; GoogleOther)"
66.249.64.132 - - [12/Jul/2025:19:55:46 +0000] "POST /wp-json/metform/v1/forms/views/2288 HTTP/1.1" 200 22318 "https://cyber-secure.com.au/?e=41055586011000&mod=233f1dd0&uri=search.php%3Fid%3D1370211-596%26name%3Dchatsters%20gabby" "Mozilla/5.0 (Linux; Android 6.0.1; Nexus 5X Build/MMB29P) AppleWebKit/537.36 (KHTML, like Gecko) Chrome/137.0.7151.119 Mobile Safari/537.36 (compatible; Googlebot/2.1; +http://www.google.com/bot.html)"
209.74.77.214 - - [12/Jul/2025:19:57:06 +0000] "POST /wp-cron.php?doing_wp_cron=1752350226.4920520782470703125000 HTTP/1.1" 200 - "-" "WordPress/6.8.1; https://cyber-secure.com.au"
66.249.64.129 - - [12/Jul/2025:19:57:05 +0000] "GET /?e=65382550021000&mod=d8bf84be&uri=brands.php%3Fid%3D2181862-265%26name%3Dnike+jordan+preto HTTP/1.1" 301 - "-" "Mozilla/5.0 (Linux; Android 6.0.1; Nexus 5X Build/MMB29P) AppleWebKit/537.36 (KHTML, like Gecko) Chrome/137.0.7151.103 Mobile Safari/537.36 (compatible; GoogleOther)"
209.74.77.214 - - [12/Jul/2025:19:57:06 +0000] "POST /wp-admin/admin-ajax.php?action=async_litespeed&nonce=FPubWw5JrpgsxGCRf6tSaau7gVXNaogQ&litespeed_type=imgoptm HTTP/1.1" 200 21 "-" "WordPress/6.8.1; https://cyber-secure.com.au"
209.74.77.214 - - [12/Jul/2025:19:57:33 +0000] "POST /wp-cron.php?doing_wp_cron=1752350253.9494810104370117187500 HTTP/1.1" 200 - "-" "WordPress/6.8.1; https://cyber-secure.com.au"
209.74.77.214 - - [12/Jul/2025:19:57:34 +0000] "POST /wp-admin/admin-ajax.php?action=async_litespeed&nonce=c17ZemWhAUZVO5PI7EA4szXQwtwrBfd7&litespeed_type=imgoptm HTTP/1.1" 200 21 "-" "WordPress/6.8.1; https://cyber-secure.com.au"
66.249.64.132 - - [12/Jul/2025:19:57:33 +0000] "GET /?e=65382550021000&mod=d8bf84be&uri=brands.php%3Fid%3D2181862-265%26name%3Dnike%20jordan%20preto HTTP/1.1" 200 26107 "-" "Mozilla/5.0 (Linux; Android 6.0.1; Nexus 5X Build/MMB29P) AppleWebKit/537.36 (KHTML, like Gecko) Chrome/137.0.7151.103 Mobile Safari/537.36 (compatible; GoogleOther)"
66.249.64.128 - - [12/Jul/2025:19:58:12 +0000] "GET /?e=104356449011000&mod=6d0f8463&uri=info.php%3Fid%3D3482695-92%26name%3Dthe+real+housewives+of+new+york+city+season+12+123movies HTTP/1.1" 200 21865 "-" "Mozilla/5.0 (Linux; Android 6.0.1; Nexus 5X Build/MMB29P) AppleWebKit/537.36 (KHTML, like Gecko) Chrome/137.0.7151.103 Mobile Safari/537.36 (compatible; Googlebot/2.1; +http://www.google.com/bot.html)"
209.74.77.214 - - [12/Jul/2025:19:58:37 +0000] "POST /wp-cron.php?doing_wp_cron=1752350317.6939349174499511718750 HTTP/1.1" 200 - "-" "WordPress/6.8.1; https://cyber-secure.com.au"
66.249.64.128 - - [12/Jul/2025:19:58:36 +0000] "GET /?e=33075037021000&mod=233f1dd0&uri=article.php%3Fid%3D1103914-596%26name%3Dnesting+snowman HTTP/1.1" 301 - "-" "Mozilla/5.0 (Linux; Android 6.0.1; Nexus 5X Build/MMB29P) AppleWebKit/537.36 (KHTML, like Gecko) Chrome/137.0.7151.103 Mobile Safari/537.36 (compatible; GoogleOther)"
209.74.77.214 - - [12/Jul/2025:19:58:37 +0000] "POST /wp-admin/admin-ajax.php?action=async_litespeed&nonce=BVOXpSkCbG052AuBzCRZO87Xuz2PsHjF&litespeed_type=imgoptm HTTP/1.1" 200 21 "-" "WordPress/6.8.1; https://cyber-secure.com.au"
66.249.64.132 - - [12/Jul/2025:19:58:57 +0000] "GET /?e=33075037021000&mod=233f1dd0&uri=article.php%3Fid%3D1103914-596%26name%3Dnesting%20snowman HTTP/1.1" 200 26107 "-" "Mozilla/5.0 (Linux; Android 6.0.1; Nexus 5X Build/MMB29P) AppleWebKit/537.36 (KHTML, like Gecko) Chrome/137.0.7151.103 Mobile Safari/537.36 (compatible; GoogleOther)"
66.249.64.129 - - [12/Jul/2025:19:59:10 +0000] "GET /?e=50459992031000&mod=a35fe7f7&uri=shop.php%3Fid%3D1683941-500%26name%3Dregistry+necessities HTTP/1.1" 200 22006 "-" "Mozilla/5.0 (compatible; Googlebot/2.1; +http://www.google.com/bot.html)"
209.74.77.214 - - [12/Jul/2025:19:59:33 +0000] "POST /wp-cron.php?doing_wp_cron=1752350373.7561969757080078125000 HTTP/1.1" 200 - "-" "WordPress/6.8.1; https://cyber-secure.com.au"
66.249.64.132 - - [12/Jul/2025:19:59:33 +0000] "GET /?e=22751246021000&mod=0738069b&uri=brands.php%3Fid%3D759404-283%26name%3Ddesert+boots+origin HTTP/1.1" 301 - "-" "Mozilla/5.0 (Linux; Android 6.0.1; Nexus 5X Build/MMB29P) AppleWebKit/537.36 (KHTML, like Gecko) Chrome/137.0.7151.103 Mobile Safari/537.36 (compatible; GoogleOther)"
209.74.77.214 - - [12/Jul/2025:19:59:33 +0000] "POST /wp-admin/admin-ajax.php?action=async_litespeed&nonce=nJW0xxVWWh74EXya0cgHBTO9YrsSH7a0&litespeed_type=imgoptm HTTP/1.1" 200 21 "-" "WordPress/6.8.1; https://cyber-secure.com.au"
66.249.64.132 - - [12/Jul/2025:19:59:39 +0000] "GET /?e=22751246021000&mod=0738069b&uri=brands.php%3Fid%3D759404-283%26name%3Ddesert%20boots%20origin HTTP/1.1" 200 26109 "-" "Mozilla/5.0 (Linux; Android 6.0.1; Nexus 5X Build/MMB29P) AppleWebKit/537.36 (KHTML, like Gecko) Chrome/137.0.7151.103 Mobile Safari/537.36 (compatible; GoogleOther)"
209.74.77.214 - - [12/Jul/2025:20:00:54 +0000] "POST /wp-cron.php?doing_wp_cron=1752350454.1713509559631347656250 HTTP/1.1" 200 - "-" "WordPress/6.8.1; https://cyber-secure.com.au"
66.249.64.132 - - [12/Jul/2025:20:00:52 +0000] "GET /?e=77471731001000&mod=28b9f8aa&uri=us.php%3Fid%3D2585303-523%26name%3Db47359+adidas HTTP/1.1" 301 - "-" "Mozilla/5.0 (Linux; Android 6.0.1; Nexus 5X Build/MMB29P) AppleWebKit/537.36 (KHTML, like Gecko) Chrome/137.0.7151.103 Mobile Safari/537.36 (compatible; GoogleOther)"
209.74.77.214 - - [12/Jul/2025:20:00:54 +0000] "POST /wp-admin/admin-ajax.php?action=async_litespeed&nonce=3O6yAYT8xCaNnUPxHYyLFJJKO2r87Vcl&litespeed_type=imgoptm HTTP/1.1" 200 21 "-" "WordPress/6.8.1; https://cyber-secure.com.au"
209.74.77.214 - - [12/Jul/2025:20:01:13 +0000] "POST /wp-cron.php?doing_wp_cron=1752350473.3763968944549560546875 HTTP/1.1" 200 - "-" "WordPress/6.8.1; https://cyber-secure.com.au"
66.249.64.132 - - [12/Jul/2025:20:01:13 +0000] "GET /?e=77471731001000&mod=28b9f8aa&uri=us.php%3Fid%3D2585303-523%26name%3Db47359%20adidas HTTP/1.1" 200 26105 "-" "Mozilla/5.0 (Linux; Android 6.0.1; Nexus 5X Build/MMB29P) AppleWebKit/537.36 (KHTML, like Gecko) Chrome/137.0.7151.103 Mobile Safari/537.36 (compatible; GoogleOther)"
209.74.77.214 - - [12/Jul/2025:20:02:45 +0000] "POST /wp-cron.php?doing_wp_cron=1752350565.3286719322204589843750 HTTP/1.1" 200 - "-" "WordPress/6.8.1; https://cyber-secure.com.au"
66.249.64.132 - - [12/Jul/2025:20:02:44 +0000] "GET /?e=99485049021000&mod=5c645cc1&uri=goods.php%3Fid%3D3320071-469%26name%3Dair+tuned+max HTTP/1.1" 301 - "-" "Mozilla/5.0 (Linux; Android 6.0.1; Nexus 5X Build/MMB29P) AppleWebKit/537.36 (KHTML, like Gecko) Chrome/137.0.7151.103 Mobile Safari/537.36 (compatible; GoogleOther)"
209.74.77.214 - - [12/Jul/2025:20:02:45 +0000] "POST /wp-admin/admin-ajax.php?action=async_litespeed&nonce=RlfI3CPllOSm3nfZlxSLv0y631vis2SA&litespeed_type=imgoptm HTTP/1.1" 200 21 "-" "WordPress/6.8.1; https://cyber-secure.com.au"
66.249.64.132 - - [12/Jul/2025:20:02:59 +0000] "GET /?e=104223585021000&mod=630b7d8d&uri=shared.php%3Fid%3D3478262-358%26name%3Dintimissimi+body+bianco HTTP/1.1" 200 21182 "-" "Mozilla/5.0 (Linux; Android 6.0.1; Nexus 5X Build/MMB29P) AppleWebKit/537.36 (KHTML, like Gecko) Chrome/137.0.7151.103 Mobile Safari/537.36 (compatible; Googlebot/2.1; +http://www.google.com/bot.html)"
209.74.77.214 - - [12/Jul/2025:20:03:09 +0000] "POST /wp-cron.php?doing_wp_cron=1752350589.2799210548400878906250 HTTP/1.1" 200 - "-" "WordPress/6.8.1; https://cyber-secure.com.au"
66.249.64.128 - - [12/Jul/2025:20:03:09 +0000] "GET /?e=99485049021000&mod=5c645cc1&uri=goods.php%3Fid%3D3320071-469%26name%3Dair%20tuned%20max HTTP/1.1" 200 26107 "-" "Mozilla/5.0 (Linux; Android 6.0.1; Nexus 5X Build/MMB29P) AppleWebKit/537.36 (KHTML, like Gecko) Chrome/137.0.7151.103 Mobile Safari/537.36 (compatible; GoogleOther)"
209.74.77.214 - - [12/Jul/2025:20:03:36 +0000] "POST /wp-cron.php?doing_wp_cron=1752350616.2077100276947021484375 HTTP/1.1" 200 - "-" "WordPress/6.8.1; https://cyber-secure.com.au"
66.249.64.128 - - [12/Jul/2025:20:03:36 +0000] "GET /?e=117022424011000&mod=3c69ccff&uri=category-info.php%3Fid%3D3905441-635%26name%3Dsposa+favola HTTP/1.1" 301 - "-" "Mozilla/5.0 (Linux; Android 6.0.1; Nexus 5X Build/MMB29P) AppleWebKit/537.36 (KHTML, like Gecko) Chrome/137.0.7151.103 Mobile Safari/537.36 (compatible; GoogleOther)"
209.74.77.214 - - [12/Jul/2025:20:03:36 +0000] "POST /wp-admin/admin-ajax.php?action=async_litespeed&nonce=RJsg8EhJqb4sztUT5ZF9KOyu2JzO5Js4&litespeed_type=imgoptm HTTP/1.1" 200 21 "-" "WordPress/6.8.1; https://cyber-secure.com.au"
66.249.64.132 - - [12/Jul/2025:20:03:47 +0000] "GET /?e=117022424011000&mod=3c69ccff&uri=category-info.php%3Fid%3D3905441-635%26name%3Dsposa%20favola HTTP/1.1" 200 26110 "-" "Mozilla/5.0 (Linux; Android 6.0.1; Nexus 5X Build/MMB29P) AppleWebKit/537.36 (KHTML, like Gecko) Chrome/137.0.7151.103 Mobile Safari/537.36 (compatible; GoogleOther)"
209.74.77.214 - - [12/Jul/2025:20:04:38 +0000] "POST /wp-cron.php?doing_wp_cron=1752350678.3333070278167724609375 HTTP/1.1" 200 - "-" "WordPress/6.8.1; https://cyber-secure.com.au"
66.249.64.129 - - [12/Jul/2025:20:04:37 +0000] "GET /?e=50603693001000&mod=45b865d1&uri=product.php%3Fid%3D1688734-1275%26name%3Dporsche+cayenne+car+seat HTTP/1.1" 301 - "-" "Mozilla/5.0 (Linux; Android 6.0.1; Nexus 5X Build/MMB29P) AppleWebKit/537.36 (KHTML, like Gecko) Chrome/137.0.7151.103 Mobile Safari/537.36 (compatible; GoogleOther)"
209.74.77.214 - - [12/Jul/2025:20:04:38 +0000] "POST /wp-admin/admin-ajax.php?action=async_litespeed&nonce=Ws24rLfXXMvVaAEi3rTeCVoH3fSdXxHg&litespeed_type=imgoptm HTTP/1.1" 200 21 "-" "WordPress/6.8.1; https://cyber-secure.com.au"
66.249.64.132 - - [12/Jul/2025:20:04:47 +0000] "POST /wp-json/metform/v1/forms/views/2288 HTTP/1.1" 200 22335 "https://cyber-secure.com.au/?e=117022424011000&mod=3c69ccff&uri=category-info.php%3Fid%3D3905441-635%26name%3Dsposa%20favola" "Mozilla/5.0 (Linux; Android 6.0.1; Nexus 5X Build/MMB29P) AppleWebKit/537.36 (KHTML, like Gecko) Chrome/137.0.7151.119 Mobile Safari/537.36 (compatible; Googlebot/2.1; +http://www.google.com/bot.html)"
66.249.64.128 - - [12/Jul/2025:20:05:01 +0000] "GET /?e=50603693001000&mod=45b865d1&uri=product.php%3Fid%3D1688734-1275%26name%3Dporsche%20cayenne%20car%20seat HTTP/1.1" 200 26104 "-" "Mozilla/5.0 (Linux; Android 6.0.1; Nexus 5X Build/MMB29P) AppleWebKit/537.36 (KHTML, like Gecko) Chrome/137.0.7151.103 Mobile Safari/537.36 (compatible; GoogleOther)"
66.249.64.128 - - [12/Jul/2025:20:05:11 +0000] "GET /?e=104171751001000&mod=69386f6b&uri=form.php%3Fid%3D3476534-331%26name%3Dplatform+loafers+heels HTTP/1.1" 200 22264 "-" "Mozilla/5.0 (compatible; Googlebot/2.1; +http://www.google.com/bot.html)"
209.74.77.214 - - [12/Jul/2025:20:06:01 +0000] "POST /wp-cron.php?doing_wp_cron=1752350761.1065990924835205078125 HTTP/1.1" 200 - "-" "WordPress/6.8.1; https://cyber-secure.com.au"
66.249.64.132 - - [12/Jul/2025:20:05:52 +0000] "GET /?e=77453973081000&mod=28b9f8aa&uri=product.php%3Fid%3D2584711-523%26name%3Dest+adidas HTTP/1.1" 301 - "-" "Mozilla/5.0 (Linux; Android 6.0.1; Nexus 5X Build/MMB29P) AppleWebKit/537.36 (KHTML, like Gecko) Chrome/137.0.7151.103 Mobile Safari/537.36 (compatible; GoogleOther)"
209.74.77.214 - - [12/Jul/2025:20:06:01 +0000] "POST /wp-admin/admin-ajax.php?action=async_litespeed&nonce=IT5WFtFTK73RWCn8C9Z5XhjAHnNqlcCW&litespeed_type=imgoptm HTTP/1.1" 200 21 "-" "WordPress/6.8.1; https://cyber-secure.com.au"
209.74.77.214 - - [12/Jul/2025:20:07:52 +0000] "POST /wp-cron.php?doing_wp_cron=1752350872.8173789978027343750000 HTTP/1.1" 200 - "-" "WordPress/6.8.1; https://cyber-secure.com.au"
209.74.77.214 - - [12/Jul/2025:20:07:52 +0000] "POST /wp-admin/admin-ajax.php?action=async_litespeed&nonce=I5McydMtTltYQkhXESAs2chCQWTv0rH8&litespeed_type=imgoptm HTTP/1.1" 200 21 "-" "WordPress/6.8.1; https://cyber-secure.com.au"
66.249.64.132 - - [12/Jul/2025:20:07:51 +0000] "GET /?e=77453973081000&mod=28b9f8aa&uri=product.php%3Fid%3D2584711-523%26name%3Dest%20adidas HTTP/1.1" 200 26108 "-" "Mozilla/5.0 (Linux; Android 6.0.1; Nexus 5X Build/MMB29P) AppleWebKit/537.36 (KHTML, like Gecko) Chrome/137.0.7151.103 Mobile Safari/537.36 (compatible; GoogleOther)"
209.74.77.214 - - [12/Jul/2025:20:09:03 +0000] "POST /wp-cron.php?doing_wp_cron=1752350943.5828909873962402343750 HTTP/1.1" 200 - "-" "WordPress/6.8.1; https://cyber-secure.com.au"
66.249.64.132 - - [12/Jul/2025:20:09:02 +0000] "GET /?e=107525549131000&mod=a01a0380&uri=brands.php%3Fid%3D3588482-39%26name%3Dfunky+reading+chair HTTP/1.1" 301 - "-" "Mozilla/5.0 (Linux; Android 6.0.1; Nexus 5X Build/MMB29P) AppleWebKit/537.36 (KHTML, like Gecko) Chrome/137.0.7151.103 Mobile Safari/537.36 (compatible; GoogleOther)"
209.74.77.214 - - [12/Jul/2025:20:09:03 +0000] "POST /wp-admin/admin-ajax.php?action=async_litespeed&nonce=3ro2YsBrBw3G737uQyd6saQ9YdgflIyW&litespeed_type=imgoptm HTTP/1.1" 200 21 "-" "WordPress/6.8.1; https://cyber-secure.com.au"
209.74.77.214 - - [12/Jul/2025:20:10:03 +0000] "POST /wp-cron.php?doing_wp_cron=1752351003.4851620197296142578125 HTTP/1.1" 200 - "-" "WordPress/6.8.1; https://cyber-secure.com.au"
209.74.77.214 - - [12/Jul/2025:20:10:03 +0000] "POST /wp-admin/admin-ajax.php?action=async_litespeed&nonce=S6iTNG9lAEJ12X4rmxd64pIYHGV5RBAy&litespeed_type=imgoptm HTTP/1.1" 200 21 "-" "WordPress/6.8.1; https://cyber-secure.com.au"
66.249.64.132 - - [12/Jul/2025:20:10:02 +0000] "GET /?e=107525549131000&mod=a01a0380&uri=brands.php%3Fid%3D3588482-39%26name%3Dfunky%20reading%20chair HTTP/1.1" 200 26109 "-" "Mozilla/5.0 (Linux; Android 6.0.1; Nexus 5X Build/MMB29P) AppleWebKit/537.36 (KHTML, like Gecko) Chrome/137.0.7151.103 Mobile Safari/537.36 (compatible; GoogleOther)"
66.249.64.132 - - [12/Jul/2025:20:10:23 +0000] "POST /wp-json/metform/v1/forms/views/2288 HTTP/1.1" 200 22325 "https://cyber-secure.com.au/?e=50603693001000&mod=45b865d1&uri=product.php%3Fid%3D1688734-1275%26name%3Dporsche%20cayenne%20car%20seat" "Mozilla/5.0 (Linux; Android 6.0.1; Nexus 5X Build/MMB29P) AppleWebKit/537.36 (KHTML, like Gecko) Chrome/137.0.7151.119 Mobile Safari/537.36 (compatible; Googlebot/2.1; +http://www.google.com/bot.html)"
209.74.77.214 - - [12/Jul/2025:20:11:02 +0000] "POST /wp-cron.php?doing_wp_cron=1752351062.2595720291137695312500 HTTP/1.1" 200 - "-" "WordPress/6.8.1; https://cyber-secure.com.au"
66.249.64.129 - - [12/Jul/2025:20:11:00 +0000] "GET /?e=17003373041000&mod=a01a0380&uri=search.php%3Fid%3D567621-39%26name%3Dwalmart+nursery+gliders HTTP/1.1" 301 - "-" "Mozilla/5.0 (Linux; Android 6.0.1; Nexus 5X Build/MMB29P) AppleWebKit/537.36 (KHTML, like Gecko) Chrome/137.0.7151.103 Mobile Safari/537.36 (compatible; GoogleOther)"
209.74.77.214 - - [12/Jul/2025:20:11:02 +0000] "POST /wp-admin/admin-ajax.php?action=async_litespeed&nonce=9cLBJJ59bZLUs5LCmOCISlS8Js9Tv1Tb&litespeed_type=imgoptm HTTP/1.1" 200 21 "-" "WordPress/6.8.1; https://cyber-secure.com.au"
66.249.64.132 - - [12/Jul/2025:20:11:13 +0000] "GET /?e=104184345041000&mod=7183145a&uri=brands.php%3Fid%3D3476954-1127%26name%3Dcropped+denim+jacket+puff+shoulders HTTP/1.1" 200 21435 "-" "Mozilla/5.0 (compatible; Googlebot/2.1; +http://www.google.com/bot.html)"
209.74.77.214 - - [12/Jul/2025:20:11:51 +0000] "POST /wp-cron.php?doing_wp_cron=1752351111.1303129196166992187500 HTTP/1.1" 200 - "-" "WordPress/6.8.1; https://cyber-secure.com.au"
209.74.77.214 - - [12/Jul/2025:20:11:51 +0000] "POST /wp-admin/admin-ajax.php?action=async_litespeed&nonce=1PCtXYSsN7dG4quwgjavAdOcMaBLe7Pd&litespeed_type=imgoptm HTTP/1.1" 200 21 "-" "WordPress/6.8.1; https://cyber-secure.com.au"
66.249.64.132 - - [12/Jul/2025:20:11:49 +0000] "GET /?e=17003373041000&mod=a01a0380&uri=search.php%3Fid%3D567621-39%26name%3Dwalmart%20nursery%20gliders HTTP/1.1" 200 26111 "-" "Mozilla/5.0 (Linux; Android 6.0.1; Nexus 5X Build/MMB29P) AppleWebKit/537.36 (KHTML, like Gecko) Chrome/137.0.7151.103 Mobile Safari/537.36 (compatible; GoogleOther)"
209.74.77.214 - - [12/Jul/2025:20:12:44 +0000] "POST /wp-cron.php?doing_wp_cron=1752351164.2502679824829101562500 HTTP/1.1" 200 - "-" "WordPress/6.8.1; https://cyber-secure.com.au"
66.249.64.129 - - [12/Jul/2025:20:12:43 +0000] "GET /?e=52850748021000&mod=e9fb2eda&uri=news.php%3Fid%3D1763677-311%26name%3Dbarbie+straightener HTTP/1.1" 301 - "-" "Mozilla/5.0 (Linux; Android 6.0.1; Nexus 5X Build/MMB29P) AppleWebKit/537.36 (KHTML, like Gecko) Chrome/137.0.7151.103 Mobile Safari/537.36 (compatible; GoogleOther)"
209.74.77.214 - - [12/Jul/2025:20:12:44 +0000] "POST /wp-admin/admin-ajax.php?action=async_litespeed&nonce=ttOvWDlhDDSqBIX8CR5xYvby8UhxIVxp&litespeed_type=imgoptm HTTP/1.1" 200 21 "-" "WordPress/6.8.1; https://cyber-secure.com.au"
209.74.77.214 - - [12/Jul/2025:20:13:24 +0000] "POST /wp-cron.php?doing_wp_cron=1752351204.4951350688934326171875 HTTP/1.1" 200 - "-" "WordPress/6.8.1; https://cyber-secure.com.au"
209.74.77.214 - - [12/Jul/2025:20:13:24 +0000] "POST /wp-admin/admin-ajax.php?action=async_litespeed&nonce=6NcwRHY6eIzsESwQvt6LmDcnYFeQ5Ay5&litespeed_type=imgoptm HTTP/1.1" 200 21 "-" "WordPress/6.8.1; https://cyber-secure.com.au"
66.249.64.132 - - [12/Jul/2025:20:13:23 +0000] "GET /?e=52850748021000&mod=e9fb2eda&uri=news.php%3Fid%3D1763677-311%26name%3Dbarbie%20straightener HTTP/1.1" 200 26107 "-" "Mozilla/5.0 (Linux; Android 6.0.1; Nexus 5X Build/MMB29P) AppleWebKit/537.36 (KHTML, like Gecko) Chrome/137.0.7151.103 Mobile Safari/537.36 (compatible; GoogleOther)"
66.249.64.132 - - [12/Jul/2025:20:14:04 +0000] "GET /?e=34601899021000&mod=b86b2dbd&uri=blog.php%3Fid%3D1154894-1081%26name%3Dpanther+cap HTTP/1.1" 301 - "-" "Mozilla/5.0 (Linux; Android 6.0.1; Nexus 5X Build/MMB29P) AppleWebKit/537.36 (KHTML, like Gecko) Chrome/137.0.7151.103 Mobile Safari/537.36 (compatible; GoogleOther)"
209.74.77.214 - - [12/Jul/2025:20:14:40 +0000] "POST /wp-cron.php?doing_wp_cron=1752351280.7791318893432617187500 HTTP/1.1" 200 - "-" "WordPress/6.8.1; https://cyber-secure.com.au"
209.74.77.214 - - [12/Jul/2025:20:14:40 +0000] "POST /wp-admin/admin-ajax.php?action=async_litespeed&nonce=FjOovrO82n4lgZwfKWuucnCy4HqTyZuN&litespeed_type=imgoptm HTTP/1.1" 200 21 "-" "WordPress/6.8.1; https://cyber-secure.com.au"
66.249.64.132 - - [12/Jul/2025:20:14:39 +0000] "GET /?e=34601899021000&mod=b86b2dbd&uri=blog.php%3Fid%3D1154894-1081%26name%3Dpanther%20cap HTTP/1.1" 200 26106 "-" "Mozilla/5.0 (Linux; Android 6.0.1; Nexus 5X Build/MMB29P) AppleWebKit/537.36 (KHTML, like Gecko) Chrome/137.0.7151.103 Mobile Safari/537.36 (compatible; GoogleOther)"
209.74.77.214 - - [12/Jul/2025:20:15:23 +0000] "POST /wp-cron.php?doing_wp_cron=1752351323.8752510547637939453125 HTTP/1.1" 200 - "-" "WordPress/6.8.1; https://cyber-secure.com.au"
66.249.64.129 - - [12/Jul/2025:20:15:22 +0000] "GET /?e=99073894041000&mod=1e50a717&uri=blog.php%3Fid%3D3306344-478%26name%3Dmerida+register+bike HTTP/1.1" 301 - "-" "Mozilla/5.0 (Linux; Android 6.0.1; Nexus 5X Build/MMB29P) AppleWebKit/537.36 (KHTML, like Gecko) Chrome/137.0.7151.103 Mobile Safari/537.36 (compatible; GoogleOther)"
209.74.77.214 - - [12/Jul/2025:20:15:23 +0000] "POST /wp-admin/admin-ajax.php?action=async_litespeed&nonce=VwOW6rWeoMFLVvmhAa9yXidSWXgnKFXO&litespeed_type=imgoptm HTTP/1.1" 200 21 "-" "WordPress/6.8.1; https://cyber-secure.com.au"
66.249.64.132 - - [12/Jul/2025:20:15:53 +0000] "GET /?e=99073894041000&mod=1e50a717&uri=blog.php%3Fid%3D3306344-478%26name%3Dmerida%20register%20bike HTTP/1.1" 200 26108 "-" "Mozilla/5.0 (Linux; Android 6.0.1; Nexus 5X Build/MMB29P) AppleWebKit/537.36 (KHTML, like Gecko) Chrome/137.0.7151.103 Mobile Safari/537.36 (compatible; GoogleOther)"
66.249.64.128 - - [12/Jul/2025:20:16:11 +0000] "POST /wp-json/metform/v1/forms/views/2288 HTTP/1.1" 200 22335 "https://cyber-secure.com.au/?e=52850748021000&mod=e9fb2eda&uri=news.php%3Fid%3D1763677-311%26name%3Dbarbie%20straightener" "Mozilla/5.0 (Linux; Android 6.0.1; Nexus 5X Build/MMB29P) AppleWebKit/537.36 (KHTML, like Gecko) Chrome/137.0.7151.119 Mobile Safari/537.36 (compatible; Googlebot/2.1; +http://www.google.com/bot.html)"
66.249.64.132 - - [12/Jul/2025:20:16:19 +0000] "GET /?e=104176845001000&mod=a6ce9144&uri=form.php%3Fid%3D3476704-678%26name%3Diphone+polnilni+kabel HTTP/1.1" 200 22435 "-" "Mozilla/5.0 (compatible; Googlebot/2.1; +http://www.google.com/bot.html)"
209.74.77.214 - - [12/Jul/2025:20:16:30 +0000] "POST /wp-cron.php?doing_wp_cron=1752351390.2000238895416259765625 HTTP/1.1" 200 - "-" "WordPress/6.8.1; https://cyber-secure.com.au"
66.249.64.132 - - [12/Jul/2025:20:16:30 +0000] "GET /?e=19646611071000&mod=f4f1f13c&uri=search.php%3Fid%3D655831-750%26name%3Dbolsos+de+anillas+y+ganchillo HTTP/1.1" 301 - "-" "Mozilla/5.0 (Linux; Android 6.0.1; Nexus 5X Build/MMB29P) AppleWebKit/537.36 (KHTML, like Gecko) Chrome/137.0.7151.103 Mobile Safari/537.36 (compatible; GoogleOther)"
209.74.77.214 - - [12/Jul/2025:20:16:30 +0000] "POST /wp-admin/admin-ajax.php?action=async_litespeed&nonce=pdOLrRztQLP5IDp51Rc076rVxleLrIJM&litespeed_type=imgoptm HTTP/1.1" 200 21 "-" "WordPress/6.8.1; https://cyber-secure.com.au"
66.249.64.132 - - [12/Jul/2025:20:16:54 +0000] "GET /?e=19646611071000&mod=f4f1f13c&uri=search.php%3Fid%3D655831-750%26name%3Dbolsos%20de%20anillas%20y%20ganchillo HTTP/1.1" 200 26103 "-" "Mozilla/5.0 (Linux; Android 6.0.1; Nexus 5X Build/MMB29P) AppleWebKit/537.36 (KHTML, like Gecko) Chrome/137.0.7151.103 Mobile Safari/537.36 (compatible; GoogleOther)"
209.74.77.214 - - [12/Jul/2025:20:17:22 +0000] "POST /wp-cron.php?doing_wp_cron=1752351442.2660779953002929687500 HTTP/1.1" 200 - "-" "WordPress/6.8.1; https://cyber-secure.com.au"
66.249.64.132 - - [12/Jul/2025:20:17:22 +0000] "GET /?e=77508601041000&mod=437d7d1d&uri=itm.php%3Fid%3D2586532-96%26name%3Dadidas+edition HTTP/1.1" 301 - "-" "Mozilla/5.0 (Linux; Android 6.0.1; Nexus 5X Build/MMB29P) AppleWebKit/537.36 (KHTML, like Gecko) Chrome/137.0.7151.103 Mobile Safari/537.36 (compatible; GoogleOther)"
209.74.77.214 - - [12/Jul/2025:20:17:22 +0000] "POST /wp-admin/admin-ajax.php?action=async_litespeed&nonce=fR9xHcNQIwyc0bdEw06mzXcronRBKMc3&litespeed_type=imgoptm HTTP/1.1" 200 21 "-" "WordPress/6.8.1; https://cyber-secure.com.au"
66.249.64.132 - - [12/Jul/2025:20:17:39 +0000] "GET /?e=77508601041000&mod=437d7d1d&uri=itm.php%3Fid%3D2586532-96%26name%3Dadidas%20edition HTTP/1.1" 200 26104 "-" "Mozilla/5.0 (Linux; Android 6.0.1; Nexus 5X Build/MMB29P) AppleWebKit/537.36 (KHTML, like Gecko) Chrome/137.0.7151.103 Mobile Safari/537.36 (compatible; GoogleOther)"
66.249.64.132 - - [12/Jul/2025:20:18:01 +0000] "GET /?e=19650031051000&mod=f4f1f13c&uri=product.php%3Fid%3D655945-750%26name%3Dbolsos+acosta+outlet HTTP/1.1" 301 - "-" "Mozilla/5.0 (Linux; Android 6.0.1; Nexus 5X Build/MMB29P) AppleWebKit/537.36 (KHTML, like Gecko) Chrome/137.0.7151.103 Mobile Safari/537.36 (compatible; GoogleOther)"
209.74.77.214 - - [12/Jul/2025:20:18:16 +0000] "POST /wp-cron.php?doing_wp_cron=1752351496.2732911109924316406250 HTTP/1.1" 200 - "-" "WordPress/6.8.1; https://cyber-secure.com.au"
209.74.77.214 - - [12/Jul/2025:20:18:16 +0000] "POST /wp-admin/admin-ajax.php?action=async_litespeed&nonce=9gwJqWdKsMbGzm6N6meRyywJwxI0nLig&litespeed_type=imgoptm HTTP/1.1" 200 21 "-" "WordPress/6.8.1; https://cyber-secure.com.au"
66.249.64.132 - - [12/Jul/2025:20:18:16 +0000] "GET /?e=19650031051000&mod=f4f1f13c&uri=product.php%3Fid%3D655945-750%26name%3Dbolsos%20acosta%20outlet HTTP/1.1" 200 26102 "-" "Mozilla/5.0 (Linux; Android 6.0.1; Nexus 5X Build/MMB29P) AppleWebKit/537.36 (KHTML, like Gecko) Chrome/137.0.7151.103 Mobile Safari/537.36 (compatible; GoogleOther)"
66.249.64.132 - - [12/Jul/2025:20:18:38 +0000] "GET /?e=50490508001000&mod=02ae6a78&uri=product.php%3Fid%3D1684960-381%26name%3Dadidas+terrex+goretex+amazon HTTP/1.1" 301 - "-" "Mozilla/5.0 (Linux; Android 6.0.1; Nexus 5X Build/MMB29P) AppleWebKit/537.36 (KHTML, like Gecko) Chrome/137.0.7151.103 Mobile Safari/537.36 (compatible; GoogleOther)"
66.249.64.132 - - [12/Jul/2025:20:18:54 +0000] "GET /?e=50490508001000&mod=02ae6a78&uri=product.php%3Fid%3D1684960-381%26name%3Dadidas%20terrex%20goretex%20amazon HTTP/1.1" 200 26109 "-" "Mozilla/5.0 (Linux; Android 6.0.1; Nexus 5X Build/MMB29P) AppleWebKit/537.36 (KHTML, like Gecko) Chrome/137.0.7151.103 Mobile Safari/537.36 (compatible; GoogleOther)"
209.74.77.214 - - [12/Jul/2025:20:19:43 +0000] "POST /wp-cron.php?doing_wp_cron=1752351583.9729199409484863281250 HTTP/1.1" 200 - "-" "WordPress/6.8.1; https://cyber-secure.com.au"
66.249.64.128 - - [12/Jul/2025:20:19:42 +0000] "GET /?e=39556487001000&mod=45cef8e5&uri=products.php%3Fid%3D1320192-365%26name%3Dcyber+monday+2016+new+balance HTTP/1.1" 301 - "-" "Mozilla/5.0 (Linux; Android 6.0.1; Nexus 5X Build/MMB29P) AppleWebKit/537.36 (KHTML, like Gecko) Chrome/137.0.7151.103 Mobile Safari/537.36 (compatible; GoogleOther)"
209.74.77.214 - - [12/Jul/2025:20:19:44 +0000] "POST /wp-admin/admin-ajax.php?action=async_litespeed&nonce=twHFhEflYdZ7djkRMXCWsJPakw4hbKTy&litespeed_type=imgoptm HTTP/1.1" 200 21 "-" "WordPress/6.8.1; https://cyber-secure.com.au"
66.249.64.129 - - [12/Jul/2025:20:20:01 +0000] "GET /?e=39556487001000&mod=45cef8e5&uri=products.php%3Fid%3D1320192-365%26name%3Dcyber%20monday%202016%20new%20balance HTTP/1.1" 200 26105 "-" "Mozilla/5.0 (Linux; Android 6.0.1; Nexus 5X Build/MMB29P) AppleWebKit/537.36 (KHTML, like Gecko) Chrome/137.0.7151.103 Mobile Safari/537.36 (compatible; GoogleOther)"
209.74.77.214 - - [12/Jul/2025:20:20:44 +0000] "POST /wp-cron.php?doing_wp_cron=1752351644.9657759666442871093750 HTTP/1.1" 200 - "-" "WordPress/6.8.1; https://cyber-secure.com.au"
66.249.64.132 - - [12/Jul/2025:20:20:43 +0000] "GET /?e=104177445051000&mod=a6ce9144&uri=info.php%3Fid%3D3476724-678%26name%3Deneloop+storage+case HTTP/1.1" 301 - "-" "Mozilla/5.0 (Linux; Android 6.0.1; Nexus 5X Build/MMB29P) AppleWebKit/537.36 (KHTML, like Gecko) Chrome/137.0.7151.103 Mobile Safari/537.36 (compatible; GoogleOther)"
209.74.77.214 - - [12/Jul/2025:20:20:45 +0000] "POST /wp-admin/admin-ajax.php?action=async_litespeed&nonce=OVJO2HbeSaAF9uQwl0fNJDvA8nnKRXTf&litespeed_type=imgoptm HTTP/1.1" 200 21 "-" "WordPress/6.8.1; https://cyber-secure.com.au"
66.249.64.132 - - [12/Jul/2025:20:20:56 +0000] "GET /?e=104177445051000&mod=a6ce9144&uri=info.php%3Fid%3D3476724-678%26name%3Deneloop%20storage%20case HTTP/1.1" 200 26106 "-" "Mozilla/5.0 (Linux; Android 6.0.1; Nexus 5X Build/MMB29P) AppleWebKit/537.36 (KHTML, like Gecko) Chrome/137.0.7151.103 Mobile Safari/537.36 (compatible; GoogleOther)"
209.74.77.214 - - [12/Jul/2025:20:21:15 +0000] "POST /wp-cron.php?doing_wp_cron=1752351675.3351900577545166015625 HTTP/1.1" 200 - "-" "WordPress/6.8.1; https://cyber-secure.com.au"
66.249.64.128 - - [12/Jul/2025:20:21:15 +0000] "GET /?e=53525041001000&mod=a35fe7f7&uri=search.php%3Fid%3D1786168-500%26name%3Dtravel+baby+shower+invite HTTP/1.1" 301 - "-" "Mozilla/5.0 (Linux; Android 6.0.1; Nexus 5X Build/MMB29P) AppleWebKit/537.36 (KHTML, like Gecko) Chrome/137.0.7151.103 Mobile Safari/537.36 (compatible; GoogleOther)"
209.74.77.214 - - [12/Jul/2025:20:21:15 +0000] "POST /wp-admin/admin-ajax.php?action=async_litespeed&nonce=uvlUDdJprD6VReCCKM3DNG8atXyKCcDS&litespeed_type=imgoptm HTTP/1.1" 200 21 "-" "WordPress/6.8.1; https://cyber-secure.com.au"
66.249.64.132 - - [12/Jul/2025:20:21:27 +0000] "GET /?e=107517099051000&mod=32508f53&uri=news.php%3Fid%3D3588199-586%26name%3Dnike+surv%C3%83%C2%AAtement+swoosh HTTP/1.1" 301 - "-" "Mozilla/5.0 (Linux; Android 6.0.1; Nexus 5X Build/MMB29P) AppleWebKit/537.36 (KHTML, like Gecko) Chrome/137.0.7151.103 Mobile Safari/537.36 (compatible; GoogleOther)"
66.249.64.132 - - [12/Jul/2025:20:21:39 +0000] "GET /?e=53525041001000&mod=a35fe7f7&uri=search.php%3Fid%3D1786168-500%26name%3Dtravel%20baby%20shower%20invite HTTP/1.1" 200 26103 "-" "Mozilla/5.0 (Linux; Android 6.0.1; Nexus 5X Build/MMB29P) AppleWebKit/537.36 (KHTML, like Gecko) Chrome/137.0.7151.103 Mobile Safari/537.36 (compatible; GoogleOther)"
66.249.64.132 - - [12/Jul/2025:20:21:54 +0000] "GET /?e=107517099051000&mod=32508f53&uri=news.php%3Fid%3D3588199-586%26name%3Dnike%20surv%C3%83%C2%AAtement%20swoosh HTTP/1.1" 200 26105 "-" "Mozilla/5.0 (Linux; Android 6.0.1; Nexus 5X Build/MMB29P) AppleWebKit/537.36 (KHTML, like Gecko) Chrome/137.0.7151.103 Mobile Safari/537.36 (compatible; GoogleOther)"
66.249.64.128 - - [12/Jul/2025:20:22:14 +0000] "GET /safe_search/config?return_url=%2Fproduct%2Fdetail%2F104184945020000 HTTP/1.1" 200 21219 "-" "Mozilla/5.0 (compatible; Googlebot/2.1; +http://www.google.com/bot.html)"
209.74.77.214 - - [12/Jul/2025:20:22:29 +0000] "POST /wp-cron.php?doing_wp_cron=1752351749.4627308845520019531250 HTTP/1.1" 200 - "-" "WordPress/6.8.1; https://cyber-secure.com.au"
66.249.64.132 - - [12/Jul/2025:20:22:29 +0000] "GET /?e=17085557051000&mod=4f1927ff&uri=brands.php%3Fid%3D570361-681%26name%3Ds1+4g+smartwatch HTTP/1.1" 301 - "-" "Mozilla/5.0 (Linux; Android 6.0.1; Nexus 5X Build/MMB29P) AppleWebKit/537.36 (KHTML, like Gecko) Chrome/137.0.7151.103 Mobile Safari/537.36 (compatible; GoogleOther)"
209.74.77.214 - - [12/Jul/2025:20:22:29 +0000] "POST /wp-admin/admin-ajax.php?action=async_litespeed&nonce=UofU0ndjD24PrzqJi57wCe2pBi3qQHrR&litespeed_type=imgoptm HTTP/1.1" 200 21 "-" "WordPress/6.8.1; https://cyber-secure.com.au"
66.249.64.132 - - [12/Jul/2025:20:22:43 +0000] "GET /?e=49631692001000&mod=220a7f49&uri=shared.php%3Fid%3D1656306-268%26name%3Drolex+onyx+dial HTTP/1.1" 301 - "-" "Mozilla/5.0 (Linux; Android 6.0.1; Nexus 5X Build/MMB29P) AppleWebKit/537.36 (KHTML, like Gecko) Chrome/137.0.7151.103 Mobile Safari/537.36 (compatible; GoogleOther)"
66.249.64.129 - - [12/Jul/2025:20:23:01 +0000] "GET /?e=17085557051000&mod=4f1927ff&uri=brands.php%3Fid%3D570361-681%26name%3Ds1%204g%20smartwatch HTTP/1.1" 200 26106 "-" "Mozilla/5.0 (Linux; Android 6.0.1; Nexus 5X Build/MMB29P) AppleWebKit/537.36 (KHTML, like Gecko) Chrome/137.0.7151.103 Mobile Safari/537.36 (compatible; GoogleOther)"
209.74.77.214 - - [12/Jul/2025:20:23:16 +0000] "POST /wp-cron.php?doing_wp_cron=1752351796.6836869716644287109375 HTTP/1.1" 200 - "-" "WordPress/6.8.1; https://cyber-secure.com.au"
209.74.77.214 - - [12/Jul/2025:20:23:16 +0000] "POST /wp-admin/admin-ajax.php?action=async_litespeed&nonce=dqUCOTYTpi0beYJqnAqlHTVqiIKxqwBb&litespeed_type=imgoptm HTTP/1.1" 200 21 "-" "WordPress/6.8.1; https://cyber-secure.com.au"
66.249.64.132 - - [12/Jul/2025:20:23:16 +0000] "GET /?e=49631692001000&mod=220a7f49&uri=shared.php%3Fid%3D1656306-268%26name%3Drolex%20onyx%20dial HTTP/1.1" 200 26106 "-" "Mozilla/5.0 (Linux; Android 6.0.1; Nexus 5X Build/MMB29P) AppleWebKit/537.36 (KHTML, like Gecko) Chrome/137.0.7151.103 Mobile Safari/537.36 (compatible; GoogleOther)"
66.249.64.132 - - [12/Jul/2025:20:23:34 +0000] "GET /?e=33059159011000&mod=233f1dd0&uri=form.php%3Fid%3D1103384-596%26name%3Dseaquestria+castle+playset HTTP/1.1" 301 - "-" "Mozilla/5.0 (Linux; Android 6.0.1; Nexus 5X Build/MMB29P) AppleWebKit/537.36 (KHTML, like Gecko) Chrome/137.0.7151.103 Mobile Safari/537.36 (compatible; GoogleOther)"
66.249.64.132 - - [12/Jul/2025:20:23:47 +0000] "GET /?e=33059159011000&mod=233f1dd0&uri=form.php%3Fid%3D1103384-596%26name%3Dseaquestria%20castle%20playset HTTP/1.1" 200 26111 "-" "Mozilla/5.0 (Linux; Android 6.0.1; Nexus 5X Build/MMB29P) AppleWebKit/537.36 (KHTML, like Gecko) Chrome/137.0.7151.103 Mobile Safari/537.36 (compatible; GoogleOther)"
66.249.64.128 - - [12/Jul/2025:20:24:00 +0000] "GET /?e=49999538041000&mod=3214a6d8&uri=us.php%3Fid%3D1668574-188%26name%3Dbomber+jacket+decathlon HTTP/1.1" 301 - "-" "Mozilla/5.0 (Linux; Android 6.0.1; Nexus 5X Build/MMB29P) AppleWebKit/537.36 (KHTML, like Gecko) Chrome/137.0.7151.103 Mobile Safari/537.36 (compatible; GoogleOther)"
66.249.64.132 - - [12/Jul/2025:20:24:11 +0000] "POST /wp-json/metform/v1/forms/views/2288 HTTP/1.1" 200 22325 "https://cyber-secure.com.au/?e=119357873071000&mod=c3f4db3a&uri=products.php%3Fid%3D3983337-824%26name%3Dvitamix%20frappuccino" "Mozilla/5.0 (Linux; Android 6.0.1; Nexus 5X Build/MMB29P) AppleWebKit/537.36 (KHTML, like Gecko) Chrome/137.0.7151.119 Mobile Safari/537.36 (compatible; Googlebot/2.1; +http://www.google.com/bot.html)"
209.74.77.214 - - [12/Jul/2025:20:24:17 +0000] "POST /wp-cron.php?doing_wp_cron=1752351857.0471749305725097656250 HTTP/1.1" 200 - "-" "WordPress/6.8.1; https://cyber-secure.com.au"
209.74.77.214 - - [12/Jul/2025:20:24:17 +0000] "POST /wp-admin/admin-ajax.php?action=async_litespeed&nonce=DYiSxdiaY2JVZ8F1S7d503uU7WJfDO5g&litespeed_type=imgoptm HTTP/1.1" 200 21 "-" "WordPress/6.8.1; https://cyber-secure.com.au"
66.249.64.132 - - [12/Jul/2025:20:24:16 +0000] "GET /?e=49999538041000&mod=3214a6d8&uri=us.php%3Fid%3D1668574-188%26name%3Dbomber%20jacket%20decathlon HTTP/1.1" 200 26104 "-" "Mozilla/5.0 (Linux; Android 6.0.1; Nexus 5X Build/MMB29P) AppleWebKit/537.36 (KHTML, like Gecko) Chrome/137.0.7151.103 Mobile Safari/537.36 (compatible; GoogleOther)"
66.249.64.132 - - [12/Jul/2025:20:24:57 +0000] "GET /?e=56410867011000&mod=d01eeca8&uri=news.php%3Fid%3D1882457-407%26name%3Doxford+university+sweatshirt HTTP/1.1" 301 - "-" "Mozilla/5.0 (Linux; Android 6.0.1; Nexus 5X Build/MMB29P) AppleWebKit/537.36 (KHTML, like Gecko) Chrome/137.0.7151.103 Mobile Safari/537.36 (compatible; GoogleOther)"
209.74.77.214 - - [12/Jul/2025:20:25:26 +0000] "POST /wp-cron.php?doing_wp_cron=1752351926.4375450611114501953125 HTTP/1.1" 200 - "-" "WordPress/6.8.1; https://cyber-secure.com.au"
209.74.77.214 - - [12/Jul/2025:20:25:26 +0000] "POST /wp-admin/admin-ajax.php?action=async_litespeed&nonce=gILfRDm1ry6zRBH9V69hoabfcclOM298&litespeed_type=imgoptm HTTP/1.1" 200 21 "-" "WordPress/6.8.1; https://cyber-secure.com.au"
66.249.64.128 - - [12/Jul/2025:20:25:26 +0000] "GET /?e=56410867011000&mod=d01eeca8&uri=news.php%3Fid%3D1882457-407%26name%3Doxford%20university%20sweatshirt HTTP/1.1" 200 26110 "-" "Mozilla/5.0 (Linux; Android 6.0.1; Nexus 5X Build/MMB29P) AppleWebKit/537.36 (KHTML, like Gecko) Chrome/137.0.7151.103 Mobile Safari/537.36 (compatible; GoogleOther)"
