66.249.64.129 - - [12/Jul/2025:17:34:38 +0000] "GET /?e=1131666001000&mod=edfbe1af&uri=info.php%3Fid%3D37782-74%26name%3Dasics%20gel%20cumulus%2015%20femme%20paris HTTP/1.1" 200 26107 "-" "Mozilla/5.0 (Linux; Android 6.0.1; Nexus 5X Build/MMB29P) AppleWebKit/537.36 (KHTML, like Gecko) Chrome/137.0.7151.103 Mobile Safari/537.36 (compatible; GoogleOther)"
66.249.64.128 - - [12/Jul/2025:17:35:09 +0000] "GET /?e=104175945021000&mod=69386f6b&uri=products.php%3Fid%3D3476674-331%26name%3Dblack+espadrille+wedges+closed+toe HTTP/1.1" 200 21634 "-" "Mozilla/5.0 (compatible; Googlebot/2.1; +http://www.google.com/bot.html)"
209.74.77.214 - - [12/Jul/2025:17:35:21 +0000] "POST /wp-cron.php?doing_wp_cron=1752341721.2102010250091552734375 HTTP/1.1" 200 - "-" "WordPress/6.8.1; https://cyber-secure.com.au"
66.249.64.132 - - [12/Jul/2025:17:35:20 +0000] "GET /?e=107292734071000&mod=a01a0380&uri=article.php%3Fid%3D3580707-39%26name%3Doutdoor+cafe+tables+and+chairs+for+sale HTTP/1.1" 301 - "-" "Mozilla/5.0 (Linux; Android 6.0.1; Nexus 5X Build/MMB29P) AppleWebKit/537.36 (KHTML, like Gecko) Chrome/137.0.7151.103 Mobile Safari/537.36 (compatible; GoogleOther)"
209.74.77.214 - - [12/Jul/2025:17:35:21 +0000] "POST /wp-admin/admin-ajax.php?action=async_litespeed&nonce=2HkAsrP6EKpV7Stv0kaTsCPXvC9EWOHU&litespeed_type=imgoptm HTTP/1.1" 200 21 "-" "WordPress/6.8.1; https://cyber-secure.com.au"
66.249.64.132 - - [12/Jul/2025:17:35:25 +0000] "GET /?e=107292734071000&mod=a01a0380&uri=article.php%3Fid%3D3580707-39%26name%3Doutdoor%20cafe%20tables%20and%20chairs%20for%20sale HTTP/1.1" 200 26105 "-" "Mozilla/5.0 (Linux; Android 6.0.1; Nexus 5X Build/MMB29P) AppleWebKit/537.36 (KHTML, like Gecko) Chrome/137.0.7151.103 Mobile Safari/537.36 (compatible; GoogleOther)"
66.249.64.128 - - [12/Jul/2025:17:35:39 +0000] "GET /?e=83698695061000&mod=831bb3dd&uri=shared.php%3Fid%3D2793175-1200%26name%3Dwhite+star+sweater HTTP/1.1" 200 20924 "-" "Mozilla/5.0 (Linux; Android 6.0.1; Nexus 5X Build/MMB29P) AppleWebKit/537.36 (KHTML, like Gecko) Chrome/137.0.7151.103 Mobile Safari/537.36 (compatible; Googlebot/2.1; +http://www.google.com/bot.html)"
66.249.64.129 - - [12/Jul/2025:17:35:44 +0000] "GET /?e=72326037031000&mod=cf3c6554&uri=news.php%3Fid%3D2413603-1442%26name%3Dultimi+modelli+rolex HTTP/1.1" 301 - "-" "Mozilla/5.0 (Linux; Android 6.0.1; Nexus 5X Build/MMB29P) AppleWebKit/537.36 (KHTML, like Gecko) Chrome/137.0.7151.103 Mobile Safari/537.36 (compatible; GoogleOther)"
66.249.64.129 - - [12/Jul/2025:17:35:53 +0000] "GET /?e=72326037031000&mod=cf3c6554&uri=news.php%3Fid%3D2413603-1442%26name%3Dultimi%20modelli%20rolex HTTP/1.1" 200 26108 "-" "Mozilla/5.0 (Linux; Android 6.0.1; Nexus 5X Build/MMB29P) AppleWebKit/537.36 (KHTML, like Gecko) Chrome/137.0.7151.103 Mobile Safari/537.36 (compatible; GoogleOther)"
66.249.64.132 - - [12/Jul/2025:17:35:58 +0000] "GET /?e=102130001051000&mod=806379e2&uri=info.php%3Fid%3D3408367-1289%26name%3Dadidas+eqt+support+punta+metallo HTTP/1.1" 200 20783 "-" "Mozilla/5.0 (Linux; Android 6.0.1; Nexus 5X Build/MMB29P) AppleWebKit/537.36 (KHTML, like Gecko) Chrome/137.0.7151.103 Mobile Safari/537.36 (compatible; Googlebot/2.1; +http://www.google.com/bot.html)"
209.74.77.214 - - [12/Jul/2025:17:36:33 +0000] "POST /wp-cron.php?doing_wp_cron=1752341793.5652599334716796875000 HTTP/1.1" 200 - "-" "WordPress/6.8.1; https://cyber-secure.com.au"
209.74.77.214 - - [12/Jul/2025:17:36:33 +0000] "POST /wp-admin/admin-ajax.php?action=async_litespeed&nonce=b5JEdNDeCzBvVGJe5MbEKHDYbih6U4yc&litespeed_type=imgoptm HTTP/1.1" 200 21 "-" "WordPress/6.8.1; https://cyber-secure.com.au"
66.249.64.132 - - [12/Jul/2025:17:36:33 +0000] "GET /?e=4223929071000&mod=9de6d14f&uri=goods.php%3Fid%3D140981-35%26name%3Dum425ua HTTP/1.1" 200 26105 "-" "Mozilla/5.0 (Linux; Android 6.0.1; Nexus 5X Build/MMB29P) AppleWebKit/537.36 (KHTML, like Gecko) Chrome/137.0.7151.103 Mobile Safari/537.36 (compatible; GoogleOther)"
66.249.64.129 - - [12/Jul/2025:17:36:47 +0000] "GET /?e=34495738021000&mod=a8abb4bb&uri=form.php%3Fid%3D1151340-44%26name%3Dlaufschuhe+herbst+winter+2019 HTTP/1.1" 301 - "-" "Mozilla/5.0 (Linux; Android 6.0.1; Nexus 5X Build/MMB29P) AppleWebKit/537.36 (KHTML, like Gecko) Chrome/137.0.7151.103 Mobile Safari/537.36 (compatible; GoogleOther)"
66.249.64.132 - - [12/Jul/2025:17:36:56 +0000] "GET /?e=34495738021000&mod=a8abb4bb&uri=form.php%3Fid%3D1151340-44%26name%3Dlaufschuhe%20herbst%20winter%202019 HTTP/1.1" 200 26104 "-" "Mozilla/5.0 (Linux; Android 6.0.1; Nexus 5X Build/MMB29P) AppleWebKit/537.36 (KHTML, like Gecko) Chrome/137.0.7151.103 Mobile Safari/537.36 (compatible; GoogleOther)"
209.74.77.214 - - [12/Jul/2025:17:37:21 +0000] "POST /wp-cron.php?doing_wp_cron=1752341841.8599200248718261718750 HTTP/1.1" 200 - "-" "WordPress/6.8.1; https://cyber-secure.com.au"
66.249.64.132 - - [12/Jul/2025:17:37:21 +0000] "GET /?e=22681932051000&mod=c3f4db3a&uri=blog.php%3Fid%3D757091-824%26name%3Ddaisy+cake+pan HTTP/1.1" 301 - "-" "Mozilla/5.0 (Linux; Android 6.0.1; Nexus 5X Build/MMB29P) AppleWebKit/537.36 (KHTML, like Gecko) Chrome/137.0.7151.103 Mobile Safari/537.36 (compatible; GoogleOther)"
209.74.77.214 - - [12/Jul/2025:17:37:21 +0000] "POST /wp-admin/admin-ajax.php?action=async_litespeed&nonce=xPsfSfqDv4n488GyzB7BpGNhUPxOxvuK&litespeed_type=imgoptm HTTP/1.1" 200 21 "-" "WordPress/6.8.1; https://cyber-secure.com.au"
66.249.64.129 - - [12/Jul/2025:17:37:36 +0000] "GET /?e=22681932051000&mod=c3f4db3a&uri=blog.php%3Fid%3D757091-824%26name%3Ddaisy%20cake%20pan HTTP/1.1" 200 26108 "-" "Mozilla/5.0 (Linux; Android 6.0.1; Nexus 5X Build/MMB29P) AppleWebKit/537.36 (KHTML, like Gecko) Chrome/137.0.7151.103 Mobile Safari/537.36 (compatible; GoogleOther)"
66.249.64.132 - - [12/Jul/2025:17:37:41 +0000] "GET /?e=22704049021000&mod=72f67e70&uri=products.php%3Fid%3D757830-349%26name%3Dchaine+or+10k HTTP/1.1" 200 21497 "-" "Mozilla/5.0 (Linux; Android 6.0.1; Nexus 5X Build/MMB29P) AppleWebKit/537.36 (KHTML, like Gecko) Chrome/137.0.7151.103 Mobile Safari/537.36 (compatible; Googlebot/2.1; +http://www.google.com/bot.html)"
66.249.64.129 - - [12/Jul/2025:17:37:50 +0000] "GET /?e=85827011011000&mod=296472c9&uri=info.php%3Fid%3D2864184-207%26name%3Dreebok+zig+zag+boys HTTP/1.1" 200 21964 "-" "Mozilla/5.0 (Linux; Android 6.0.1; Nexus 5X Build/MMB29P) AppleWebKit/537.36 (KHTML, like Gecko) Chrome/137.0.7151.103 Mobile Safari/537.36 (compatible; Googlebot/2.1; +http://www.google.com/bot.html)"
66.249.64.128 - - [12/Jul/2025:17:37:54 +0000] "POST /wp-json/metform/v1/forms/views/2288 HTTP/1.1" 200 22327 "https://cyber-secure.com.au/?e=72326037031000&mod=cf3c6554&uri=news.php%3Fid%3D2413603-1442%26name%3Dultimi%20modelli%20rolex" "Mozilla/5.0 (Linux; Android 6.0.1; Nexus 5X Build/MMB29P) AppleWebKit/537.36 (KHTML, like Gecko) Chrome/137.0.7151.119 Mobile Safari/537.36 (compatible; Googlebot/2.1; +http://www.google.com/bot.html)"
66.249.64.129 - - [12/Jul/2025:17:38:16 +0000] "GET /?e=119784820021000&mod=7993e112&uri=blog.php%3Fid%3D3997583-242%26name%3Dbellman+milk HTTP/1.1" 200 21907 "-" "Mozilla/5.0 (Linux; Android 6.0.1; Nexus 5X Build/MMB29P) AppleWebKit/537.36 (KHTML, like Gecko) Chrome/137.0.7151.103 Mobile Safari/537.36 (compatible; Googlebot/2.1; +http://www.google.com/bot.html)"
209.74.77.214 - - [12/Jul/2025:17:38:21 +0000] "POST /wp-cron.php?doing_wp_cron=1752341901.5142619609832763671875 HTTP/1.1" 200 - "-" "WordPress/6.8.1; https://cyber-secure.com.au"
66.249.64.132 - - [12/Jul/2025:17:38:21 +0000] "GET /?e=16982721031000&mod=a6ce9144&uri=dp.php%3Fid%3D566932-678%26name%3Dsamsung+galaxy+xcover+5g HTTP/1.1" 301 - "-" "Mozilla/5.0 (Linux; Android 6.0.1; Nexus 5X Build/MMB29P) AppleWebKit/537.36 (KHTML, like Gecko) Chrome/137.0.7151.103 Mobile Safari/537.36 (compatible; GoogleOther)"
209.74.77.214 - - [12/Jul/2025:17:38:21 +0000] "POST /wp-admin/admin-ajax.php?action=async_litespeed&nonce=ly92zWEXWYVDNyW7ha11WNYkM4UThMbY&litespeed_type=imgoptm HTTP/1.1" 200 21 "-" "WordPress/6.8.1; https://cyber-secure.com.au"
66.249.64.129 - - [12/Jul/2025:17:38:28 +0000] "GET /?e=16982721031000&mod=a6ce9144&uri=dp.php%3Fid%3D566932-678%26name%3Dsamsung%20galaxy%20xcover%205g HTTP/1.1" 200 26107 "-" "Mozilla/5.0 (Linux; Android 6.0.1; Nexus 5X Build/MMB29P) AppleWebKit/537.36 (KHTML, like Gecko) Chrome/137.0.7151.103 Mobile Safari/537.36 (compatible; GoogleOther)"
66.249.64.128 - - [12/Jul/2025:17:38:44 +0000] "GET /?e=115063193011000&mod=b4d22bb5&uri=dp.php%3Fid%3D3840080-803%26name%3Dbici+eddy+merckx+usata HTTP/1.1" 301 - "-" "Mozilla/5.0 (Linux; Android 6.0.1; Nexus 5X Build/MMB29P) AppleWebKit/537.36 (KHTML, like Gecko) Chrome/137.0.7151.103 Mobile Safari/537.36 (compatible; GoogleOther)"
66.249.64.129 - - [12/Jul/2025:17:38:49 +0000] "GET /?e=115063193011000&mod=b4d22bb5&uri=dp.php%3Fid%3D3840080-803%26name%3Dbici%20eddy%20merckx%20usata HTTP/1.1" 200 26110 "-" "Mozilla/5.0 (Linux; Android 6.0.1; Nexus 5X Build/MMB29P) AppleWebKit/537.36 (KHTML, like Gecko) Chrome/137.0.7151.103 Mobile Safari/537.36 (compatible; GoogleOther)"
66.249.64.129 - - [12/Jul/2025:17:38:53 +0000] "GET /?e=13480394021000&mod=a8c6dd98&uri=news.php%3Fid%3D450070-600%26name%3Dblood+pressure+monitor+works+with+apple+health HTTP/1.1" 301 - "-" "Mozilla/5.0 (Linux; Android 6.0.1; Nexus 5X Build/MMB29P) AppleWebKit/537.36 (KHTML, like Gecko) Chrome/137.0.7151.103 Mobile Safari/537.36 (compatible; GoogleOther)"
66.249.64.129 - - [12/Jul/2025:17:38:58 +0000] "GET /?e=13480394021000&mod=a8c6dd98&uri=news.php%3Fid%3D450070-600%26name%3Dblood%20pressure%20monitor%20works%20with%20apple%20health HTTP/1.1" 200 26109 "-" "Mozilla/5.0 (Linux; Android 6.0.1; Nexus 5X Build/MMB29P) AppleWebKit/537.36 (KHTML, like Gecko) Chrome/137.0.7151.103 Mobile Safari/537.36 (compatible; GoogleOther)"
209.74.77.214 - - [12/Jul/2025:17:39:14 +0000] "POST /wp-cron.php?doing_wp_cron=1752341954.4964139461517333984375 HTTP/1.1" 200 - "-" "WordPress/6.8.1; https://cyber-secure.com.au"
66.249.64.128 - - [12/Jul/2025:17:39:14 +0000] "GET /?e=17009761061000&mod=a01a0380&uri=products.php%3Fid%3D567834-39%26name%3Djordan+gas+lift+bar+stool HTTP/1.1" 301 - "-" "Mozilla/5.0 (Linux; Android 6.0.1; Nexus 5X Build/MMB29P) AppleWebKit/537.36 (KHTML, like Gecko) Chrome/137.0.7151.103 Mobile Safari/537.36 (compatible; GoogleOther)"
209.74.77.214 - - [12/Jul/2025:17:39:14 +0000] "POST /wp-admin/admin-ajax.php?action=async_litespeed&nonce=qNOBVn0VnJtasgaxrGT7CZ011L2LsPNw&litespeed_type=imgoptm HTTP/1.1" 200 21 "-" "WordPress/6.8.1; https://cyber-secure.com.au"
66.249.64.132 - - [12/Jul/2025:17:39:25 +0000] "GET /?e=17009761061000&mod=a01a0380&uri=products.php%3Fid%3D567834-39%26name%3Djordan%20gas%20lift%20bar%20stool HTTP/1.1" 200 26108 "-" "Mozilla/5.0 (Linux; Android 6.0.1; Nexus 5X Build/MMB29P) AppleWebKit/537.36 (KHTML, like Gecko) Chrome/137.0.7151.103 Mobile Safari/537.36 (compatible; GoogleOther)"
209.74.77.214 - - [12/Jul/2025:17:40:10 +0000] "POST /wp-cron.php?doing_wp_cron=1752342010.1696588993072509765625 HTTP/1.1" 200 - "-" "WordPress/6.8.1; https://cyber-secure.com.au"
66.249.64.132 - - [12/Jul/2025:17:40:08 +0000] "GET /?e=115771161021000&mod=c0fda89e&uri=shared.php%3Fid%3D3863703-931%26name%3Dpink+sparkly+baby+shoes HTTP/1.1" 301 - "-" "Mozilla/5.0 (Linux; Android 6.0.1; Nexus 5X Build/MMB29P) AppleWebKit/537.36 (KHTML, like Gecko) Chrome/137.0.7151.103 Mobile Safari/537.36 (compatible; GoogleOther)"
209.74.77.214 - - [12/Jul/2025:17:40:23 +0000] "POST /wp-cron.php?doing_wp_cron=1752342023.0750908851623535156250 HTTP/1.1" 200 - "-" "WordPress/6.8.1; https://cyber-secure.com.au"
209.74.77.214 - - [12/Jul/2025:17:40:23 +0000] "POST /wp-admin/admin-ajax.php?action=async_litespeed&nonce=LiIrfcy3uuzYvZJYOrJxziOrywOnSBx7&litespeed_type=imgoptm HTTP/1.1" 200 21 "-" "WordPress/6.8.1; https://cyber-secure.com.au"
66.249.64.128 - - [12/Jul/2025:17:40:22 +0000] "GET /?e=115771161021000&mod=c0fda89e&uri=shared.php%3Fid%3D3863703-931%26name%3Dpink%20sparkly%20baby%20shoes HTTP/1.1" 200 26108 "-" "Mozilla/5.0 (Linux; Android 6.0.1; Nexus 5X Build/MMB29P) AppleWebKit/537.36 (KHTML, like Gecko) Chrome/137.0.7151.103 Mobile Safari/537.36 (compatible; GoogleOther)"
66.249.64.128 - - [12/Jul/2025:17:40:45 +0000] "GET /?e=52863618061000&mod=e9fb2eda&uri=product.php%3Fid%3D1764106-311%26name%3Dbarbie+lake HTTP/1.1" 200 21279 "-" "Mozilla/5.0 (Linux; Android 6.0.1; Nexus 5X Build/MMB29P) AppleWebKit/537.36 (KHTML, like Gecko) Chrome/137.0.7151.103 Mobile Safari/537.36 (compatible; Googlebot/2.1; +http://www.google.com/bot.html)"
66.249.64.132 - - [12/Jul/2025:17:40:47 +0000] "GET /?e=17000643071000&mod=a01a0380&uri=shop.php%3Fid%3D567530-39%26name%3Dronda+barrel+chair HTTP/1.1" 200 22308 "-" "Mozilla/5.0 (Linux; Android 6.0.1; Nexus 5X Build/MMB29P) AppleWebKit/537.36 (KHTML, like Gecko) Chrome/137.0.7151.103 Mobile Safari/537.36 (compatible; Googlebot/2.1; +http://www.google.com/bot.html)"
66.249.64.132 - - [12/Jul/2025:17:40:55 +0000] "GET /?e=119786020071000&mod=7993e112&uri=search.php%3Fid%3D3997623-242%26name%3Dbreville+espresso+pro+machine HTTP/1.1" 200 21227 "-" "Mozilla/5.0 (Linux; Android 6.0.1; Nexus 5X Build/MMB29P) AppleWebKit/537.36 (KHTML, like Gecko) Chrome/137.0.7151.103 Mobile Safari/537.36 (compatible; Googlebot/2.1; +http://www.google.com/bot.html)"
66.249.64.129 - - [12/Jul/2025:17:41:03 +0000] "POST /get-message-notify HTTP/1.1" 200 21384 "https://cyber-secure.com.au/?e=17000643071000&mod=a01a0380&uri=shop.php%3Fid%3D567530-39%26name%3Dronda+barrel+chair" "Mozilla/5.0 (Linux; Android 6.0.1; Nexus 5X Build/MMB29P) AppleWebKit/537.36 (KHTML, like Gecko) Chrome/137.0.7151.119 Mobile Safari/537.36 (compatible; Googlebot/2.1; +http://www.google.com/bot.html)"
209.74.77.214 - - [12/Jul/2025:17:41:13 +0000] "POST /wp-cron.php?doing_wp_cron=1752342073.0250420570373535156250 HTTP/1.1" 200 - "-" "WordPress/6.8.1; https://cyber-secure.com.au"
66.249.64.128 - - [12/Jul/2025:17:41:12 +0000] "GET /?e=3373119001000&mod=1819932f&uri=article.php%3Fid%3D112595-216%26name%3Dadidas+five+ten+uk HTTP/1.1" 301 - "-" "Mozilla/5.0 (Linux; Android 6.0.1; Nexus 5X Build/MMB29P) AppleWebKit/537.36 (KHTML, like Gecko) Chrome/137.0.7151.103 Mobile Safari/537.36 (compatible; GoogleOther)"
66.249.64.132 - - [12/Jul/2025:17:41:15 +0000] "GET /?e=104173851041000&mod=69386f6b&uri=products.php%3Fid%3D3476604-331%26name%3Dmerrell+36 HTTP/1.1" 200 20707 "-" "Mozilla/5.0 (compatible; Googlebot/2.1; +http://www.google.com/bot.html)"
209.74.77.214 - - [12/Jul/2025:17:41:27 +0000] "POST /wp-cron.php?doing_wp_cron=1752342087.2738609313964843750000 HTTP/1.1" 200 - "-" "WordPress/6.8.1; https://cyber-secure.com.au"
66.249.64.132 - - [12/Jul/2025:17:41:27 +0000] "GET /?e=23956398061000&mod=aaea265a&uri=pin.php%3Fid%3D799599-849%26name%3Dnew+balance+574+azul+y+gris HTTP/1.1" 301 - "-" "Mozilla/5.0 (Linux; Android 6.0.1; Nexus 5X Build/MMB29P) AppleWebKit/537.36 (KHTML, like Gecko) Chrome/137.0.7151.103 Mobile Safari/537.36 (compatible; GoogleOther)"
209.74.77.214 - - [12/Jul/2025:17:41:27 +0000] "POST /wp-admin/admin-ajax.php?action=async_litespeed&nonce=IH6xAm3fLHMgnb2Jp3sXQPZ9fgGDlCH3&litespeed_type=imgoptm HTTP/1.1" 200 21 "-" "WordPress/6.8.1; https://cyber-secure.com.au"
66.249.64.128 - - [12/Jul/2025:17:41:34 +0000] "GET /?e=3373119001000&mod=1819932f&uri=article.php%3Fid%3D112595-216%26name%3Dadidas%20five%20ten%20uk HTTP/1.1" 200 26105 "-" "Mozilla/5.0 (Linux; Android 6.0.1; Nexus 5X Build/MMB29P) AppleWebKit/537.36 (KHTML, like Gecko) Chrome/137.0.7151.103 Mobile Safari/537.36 (compatible; GoogleOther)"
66.249.64.132 - - [12/Jul/2025:17:41:41 +0000] "GET /?e=23956398061000&mod=aaea265a&uri=pin.php%3Fid%3D799599-849%26name%3Dnew%20balance%20574%20azul%20y%20gris HTTP/1.1" 200 26105 "-" "Mozilla/5.0 (Linux; Android 6.0.1; Nexus 5X Build/MMB29P) AppleWebKit/537.36 (KHTML, like Gecko) Chrome/137.0.7151.103 Mobile Safari/537.36 (compatible; GoogleOther)"
66.249.64.129 - - [12/Jul/2025:17:41:48 +0000] "GET /?e=45768519021000&mod=dc5c768b&uri=dp.php%3Fid%3D1527433-158%26name%3Ddvc+pandora+charm HTTP/1.1" 301 - "-" "Mozilla/5.0 (Linux; Android 6.0.1; Nexus 5X Build/MMB29P) AppleWebKit/537.36 (KHTML, like Gecko) Chrome/137.0.7151.103 Mobile Safari/537.36 (compatible; GoogleOther)"
66.249.64.129 - - [12/Jul/2025:17:42:00 +0000] "GET /?e=45768519021000&mod=dc5c768b&uri=dp.php%3Fid%3D1527433-158%26name%3Ddvc%20pandora%20charm HTTP/1.1" 200 26109 "-" "Mozilla/5.0 (Linux; Android 6.0.1; Nexus 5X Build/MMB29P) AppleWebKit/537.36 (KHTML, like Gecko) Chrome/137.0.7151.103 Mobile Safari/537.36 (compatible; GoogleOther)"
209.74.77.214 - - [12/Jul/2025:17:42:13 +0000] "POST /wp-cron.php?doing_wp_cron=1752342133.1884920597076416015625 HTTP/1.1" 200 - "-" "WordPress/6.8.1; https://cyber-secure.com.au"
66.249.64.129 - - [12/Jul/2025:17:42:13 +0000] "GET /?e=99570490091000&mod=8a1df180&uri=info.php%3Fid%3D3322921-1439%26name%3Ddjeco+cheval+a+bascule HTTP/1.1" 301 - "-" "Mozilla/5.0 (Linux; Android 6.0.1; Nexus 5X Build/MMB29P) AppleWebKit/537.36 (KHTML, like Gecko) Chrome/137.0.7151.103 Mobile Safari/537.36 (compatible; GoogleOther)"
209.74.77.214 - - [12/Jul/2025:17:42:17 +0000] "POST /wp-cron.php?doing_wp_cron=1752342137.0126879215240478515625 HTTP/1.1" 200 - "-" "WordPress/6.8.1; https://cyber-secure.com.au"
209.74.77.214 - - [12/Jul/2025:17:42:17 +0000] "POST /wp-admin/admin-ajax.php?action=async_litespeed&nonce=VHsT9oTWj0yL65hn256Hu5h7SpP61Jws&litespeed_type=imgoptm HTTP/1.1" 200 21 "-" "WordPress/6.8.1; https://cyber-secure.com.au"
66.249.64.129 - - [12/Jul/2025:17:42:16 +0000] "GET /?e=99570490091000&mod=8a1df180&uri=info.php%3Fid%3D3322921-1439%26name%3Ddjeco%20cheval%20a%20bascule HTTP/1.1" 200 26105 "-" "Mozilla/5.0 (Linux; Android 6.0.1; Nexus 5X Build/MMB29P) AppleWebKit/537.36 (KHTML, like Gecko) Chrome/137.0.7151.103 Mobile Safari/537.36 (compatible; GoogleOther)"
66.249.64.129 - - [12/Jul/2025:17:42:52 +0000] "GET /?e=104275011031000&mod=b15974e8&uri=search.php%3Fid%3D3479977-1638%26name%3Denzoani+reviews HTTP/1.1" 200 20790 "-" "Mozilla/5.0 (Linux; Android 6.0.1; Nexus 5X Build/MMB29P) AppleWebKit/537.36 (KHTML, like Gecko) Chrome/137.0.7151.103 Mobile Safari/537.36 (compatible; Googlebot/2.1; +http://www.google.com/bot.html)"
66.249.64.129 - - [12/Jul/2025:17:43:04 +0000] "GET /?e=22867370041000&mod=ee0b86d2&uri=news.php%3Fid%3D763276-466%26name%3Djordan+retro+13+aqua HTTP/1.1" 200 22210 "-" "Mozilla/5.0 (Linux; Android 6.0.1; Nexus 5X Build/MMB29P) AppleWebKit/537.36 (KHTML, like Gecko) Chrome/137.0.7151.103 Mobile Safari/537.36 (compatible; Googlebot/2.1; +http://www.google.com/bot.html)"
209.74.77.214 - - [12/Jul/2025:17:43:07 +0000] "POST /wp-cron.php?doing_wp_cron=1752342187.8825850486755371093750 HTTP/1.1" 200 - "-" "WordPress/6.8.1; https://cyber-secure.com.au"
66.249.64.132 - - [12/Jul/2025:17:43:07 +0000] "GET /?e=112736761031000&mod=042b1cd7&uri=shop.php%3Fid%3D3762429-1676%26name%3Dwomens+leopard+print+midi+dress HTTP/1.1" 301 - "-" "Mozilla/5.0 (Linux; Android 6.0.1; Nexus 5X Build/MMB29P) AppleWebKit/537.36 (KHTML, like Gecko) Chrome/137.0.7151.103 Mobile Safari/537.36 (compatible; GoogleOther)"
66.249.64.128 - - [12/Jul/2025:17:43:11 +0000] "GET /?e=100181001031000&mod=a01a0380&uri=search.php%3Fid%3D3343297-39%26name%3Dhallie+club+chair HTTP/1.1" 200 21999 "-" "Mozilla/5.0 (Linux; Android 6.0.1; Nexus 5X Build/MMB29P) AppleWebKit/537.36 (KHTML, like Gecko) Chrome/137.0.7151.103 Mobile Safari/537.36 (compatible; Googlebot/2.1; +http://www.google.com/bot.html)"
209.74.77.214 - - [12/Jul/2025:17:43:19 +0000] "POST /wp-cron.php?doing_wp_cron=1752342199.9228579998016357421875 HTTP/1.1" 200 - "-" "WordPress/6.8.1; https://cyber-secure.com.au"
209.74.77.214 - - [12/Jul/2025:17:43:20 +0000] "POST /wp-admin/admin-ajax.php?action=async_litespeed&nonce=IL805DmHexEufnaQNKIyppyyp0iGImVJ&litespeed_type=imgoptm HTTP/1.1" 200 21 "-" "WordPress/6.8.1; https://cyber-secure.com.au"
66.249.64.128 - - [12/Jul/2025:17:43:19 +0000] "GET /?e=112736761031000&mod=042b1cd7&uri=shop.php%3Fid%3D3762429-1676%26name%3Dwomens%20leopard%20print%20midi%20dress HTTP/1.1" 200 26109 "-" "Mozilla/5.0 (Linux; Android 6.0.1; Nexus 5X Build/MMB29P) AppleWebKit/537.36 (KHTML, like Gecko) Chrome/137.0.7151.103 Mobile Safari/537.36 (compatible; GoogleOther)"
66.249.64.132 - - [12/Jul/2025:17:43:22 +0000] "GET /?e=119706973021000&mod=4e5046fc&uri=product.php%3Fid%3D3994986-539%26name%3Dsony+wf1000xm3+vs+jabra+elite+75t HTTP/1.1" 200 21795 "-" "Mozilla/5.0 (Linux; Android 6.0.1; Nexus 5X Build/MMB29P) AppleWebKit/537.36 (KHTML, like Gecko) Chrome/137.0.7151.103 Mobile Safari/537.36 (compatible; Googlebot/2.1; +http://www.google.com/bot.html)"
66.249.64.129 - - [12/Jul/2025:17:43:24 +0000] "GET /?e=119788660051000&mod=7993e112&uri=shared.php%3Fid%3D3997711-242%26name%3Dmodel+tssttvfddg HTTP/1.1" 200 22187 "-" "Mozilla/5.0 (Linux; Android 6.0.1; Nexus 5X Build/MMB29P) AppleWebKit/537.36 (KHTML, like Gecko) Chrome/137.0.7151.103 Mobile Safari/537.36 (compatible; Googlebot/2.1; +http://www.google.com/bot.html)"
66.249.64.129 - - [12/Jul/2025:17:43:29 +0000] "POST /get-message-notify HTTP/1.1" 200 21402 "https://cyber-secure.com.au/?e=119706973021000&mod=4e5046fc&uri=product.php%3Fid%3D3994986-539%26name%3Dsony+wf1000xm3+vs+jabra+elite+75t" "Mozilla/5.0 (Linux; Android 6.0.1; Nexus 5X Build/MMB29P) AppleWebKit/537.36 (KHTML, like Gecko) Chrome/137.0.7151.119 Mobile Safari/537.36 (compatible; Googlebot/2.1; +http://www.google.com/bot.html)"
66.249.64.132 - - [12/Jul/2025:17:43:34 +0000] "GET /?e=19657741041000&mod=b7c13b0a&uri=products.php%3Fid%3D656202-751%26name%3Dponer+plastico+lluvia+capazo+bugaboo+bee HTTP/1.1" 301 - "-" "Mozilla/5.0 (Linux; Android 6.0.1; Nexus 5X Build/MMB29P) AppleWebKit/537.36 (KHTML, like Gecko) Chrome/137.0.7151.103 Mobile Safari/537.36 (compatible; GoogleOther)"
66.249.64.129 - - [12/Jul/2025:17:43:43 +0000] "GET /?e=19657741041000&mod=b7c13b0a&uri=products.php%3Fid%3D656202-751%26name%3Dponer%20plastico%20lluvia%20capazo%20bugaboo%20bee HTTP/1.1" 200 26104 "-" "Mozilla/5.0 (Linux; Android 6.0.1; Nexus 5X Build/MMB29P) AppleWebKit/537.36 (KHTML, like Gecko) Chrome/137.0.7151.103 Mobile Safari/537.36 (compatible; GoogleOther)"
66.249.64.132 - - [12/Jul/2025:17:43:56 +0000] "GET /?e=71397911041000&mod=b8e32c77&uri=goods.php%3Fid%3D2382621-1217%26name%3Doff+the+shoulder+long+sleeve+dress+prom HTTP/1.1" 301 - "-" "Mozilla/5.0 (Linux; Android 6.0.1; Nexus 5X Build/MMB29P) AppleWebKit/537.36 (KHTML, like Gecko) Chrome/137.0.7151.103 Mobile Safari/537.36 (compatible; GoogleOther)"
66.249.64.132 - - [12/Jul/2025:17:44:02 +0000] "GET /?e=71397911041000&mod=b8e32c77&uri=goods.php%3Fid%3D2382621-1217%26name%3Doff%20the%20shoulder%20long%20sleeve%20dress%20prom HTTP/1.1" 200 26107 "-" "Mozilla/5.0 (Linux; Android 6.0.1; Nexus 5X Build/MMB29P) AppleWebKit/537.36 (KHTML, like Gecko) Chrome/137.0.7151.103 Mobile Safari/537.36 (compatible; GoogleOther)"
66.249.64.129 - - [12/Jul/2025:17:44:09 +0000] "GET /?e=19652461041000&mod=f4f1f13c&uri=form.php%3Fid%3D656026-750%26name%3Dbolso+calvin+klein+plateado HTTP/1.1" 200 21092 "-" "Mozilla/5.0 (Linux; Android 6.0.1; Nexus 5X Build/MMB29P) AppleWebKit/537.36 (KHTML, like Gecko) Chrome/137.0.7151.103 Mobile Safari/537.36 (compatible; Googlebot/2.1; +http://www.google.com/bot.html)"
209.74.77.214 - - [12/Jul/2025:17:44:36 +0000] "POST /wp-cron.php?doing_wp_cron=1752342276.9367859363555908203125 HTTP/1.1" 200 - "-" "WordPress/6.8.1; https://cyber-secure.com.au"
66.249.64.132 - - [12/Jul/2025:17:44:36 +0000] "GET /?e=119520101021000&mod=c6f798b8&uri=pin.php%3Fid%3D3988752-341%26name%3Dperfumes+de+hombre+exclusivos HTTP/1.1" 301 - "-" "Mozilla/5.0 (Linux; Android 6.0.1; Nexus 5X Build/MMB29P) AppleWebKit/537.36 (KHTML, like Gecko) Chrome/137.0.7151.103 Mobile Safari/537.36 (compatible; GoogleOther)"
209.74.77.214 - - [12/Jul/2025:17:44:37 +0000] "POST /wp-admin/admin-ajax.php?action=async_litespeed&nonce=LUEJjefwVIfzHrJx8CQHKg501kPrJJ1a&litespeed_type=imgoptm HTTP/1.1" 200 21 "-" "WordPress/6.8.1; https://cyber-secure.com.au"
66.249.64.132 - - [12/Jul/2025:17:44:43 +0000] "GET /?e=119520101021000&mod=c6f798b8&uri=pin.php%3Fid%3D3988752-341%26name%3Dperfumes%20de%20hombre%20exclusivos HTTP/1.1" 200 26106 "-" "Mozilla/5.0 (Linux; Android 6.0.1; Nexus 5X Build/MMB29P) AppleWebKit/537.36 (KHTML, like Gecko) Chrome/137.0.7151.103 Mobile Safari/537.36 (compatible; GoogleOther)"
66.249.64.132 - - [12/Jul/2025:17:44:56 +0000] "GET /?e=78250701071000&mod=10c91cbe&uri=dp.php%3Fid%3D2611314-1489%26name%3Dconverse+basse+femme+rose+pale HTTP/1.1" 301 - "-" "Mozilla/5.0 (Linux; Android 6.0.1; Nexus 5X Build/MMB29P) AppleWebKit/537.36 (KHTML, like Gecko) Chrome/137.0.7151.103 Mobile Safari/537.36 (compatible; GoogleOther)"
66.249.64.132 - - [12/Jul/2025:17:45:03 +0000] "GET /?e=78250701071000&mod=10c91cbe&uri=dp.php%3Fid%3D2611314-1489%26name%3Dconverse%20basse%20femme%20rose%20pale HTTP/1.1" 200 26105 "-" "Mozilla/5.0 (Linux; Android 6.0.1; Nexus 5X Build/MMB29P) AppleWebKit/537.36 (KHTML, like Gecko) Chrome/137.0.7151.103 Mobile Safari/537.36 (compatible; GoogleOther)"
209.74.77.214 - - [12/Jul/2025:17:45:25 +0000] "POST /wp-cron.php?doing_wp_cron=1752342325.0749809741973876953125 HTTP/1.1" 200 - "-" "WordPress/6.8.1; https://cyber-secure.com.au"
66.249.64.129 - - [12/Jul/2025:17:45:24 +0000] "GET /?e=4258107021000&mod=55a988df&uri=article.php%3Fid%3D142122-253%26name%3Dlego+camper+van+set HTTP/1.1" 301 - "-" "Mozilla/5.0 (Linux; Android 6.0.1; Nexus 5X Build/MMB29P) AppleWebKit/537.36 (KHTML, like Gecko) Chrome/137.0.7151.103 Mobile Safari/537.36 (compatible; GoogleOther)"
209.74.77.214 - - [12/Jul/2025:17:45:25 +0000] "POST /wp-admin/admin-ajax.php?action=async_litespeed&nonce=SsyrQs0vsOhr73vb5SM9sGdNNq6qcx5c&litespeed_type=imgoptm HTTP/1.1" 200 21 "-" "WordPress/6.8.1; https://cyber-secure.com.au"
66.249.64.132 - - [12/Jul/2025:17:45:27 +0000] "GET /?e=4258107021000&mod=55a988df&uri=article.php%3Fid%3D142122-253%26name%3Dlego%20camper%20van%20set HTTP/1.1" 200 26106 "-" "Mozilla/5.0 (Linux; Android 6.0.1; Nexus 5X Build/MMB29P) AppleWebKit/537.36 (KHTML, like Gecko) Chrome/137.0.7151.103 Mobile Safari/537.36 (compatible; GoogleOther)"
66.249.64.132 - - [12/Jul/2025:17:45:49 +0000] "GET /?e=104306326011000&mod=748d6b6e&uri=dp.php%3Fid%3D3481023-309%26name%3Dzotac+rtx+2060+amp+6gb HTTP/1.1" 200 21800 "-" "Mozilla/5.0 (Linux; Android 6.0.1; Nexus 5X Build/MMB29P) AppleWebKit/537.36 (KHTML, like Gecko) Chrome/137.0.7151.103 Mobile Safari/537.36 (compatible; Googlebot/2.1; +http://www.google.com/bot.html)"
66.249.64.129 - - [12/Jul/2025:17:46:06 +0000] "GET /?e=1058303001000&mod=e5841df2&uri=pin.php%3Fid%3D35336-70%26name%3Dairwrap+black+friday+sale HTTP/1.1" 200 22185 "-" "Mozilla/5.0 (Linux; Android 6.0.1; Nexus 5X Build/MMB29P) AppleWebKit/537.36 (KHTML, like Gecko) Chrome/137.0.7151.103 Mobile Safari/537.36 (compatible; Googlebot/2.1; +http://www.google.com/bot.html)"
66.249.64.129 - - [12/Jul/2025:17:46:09 +0000] "POST /get-message-notify HTTP/1.1" 200 21386 "https://cyber-secure.com.au/?e=104306326011000&mod=748d6b6e&uri=dp.php%3Fid%3D3481023-309%26name%3Dzotac+rtx+2060+amp+6gb" "Mozilla/5.0 (Linux; Android 6.0.1; Nexus 5X Build/MMB29P) AppleWebKit/537.36 (KHTML, like Gecko) Chrome/137.0.7151.119 Mobile Safari/537.36 (compatible; Googlebot/2.1; +http://www.google.com/bot.html)"
66.249.64.128 - - [12/Jul/2025:17:46:43 +0000] "GET /?e=106068085041000&mod=f0cd63af&uri=pin.php%3Fid%3D3539848-1430%26name%3Dnike+air+force+07+weinrot HTTP/1.1" 200 21833 "-" "Mozilla/5.0 (Linux; Android 6.0.1; Nexus 5X Build/MMB29P) AppleWebKit/537.36 (KHTML, like Gecko) Chrome/137.0.7151.103 Mobile Safari/537.36 (compatible; Googlebot/2.1; +http://www.google.com/bot.html)"
209.74.77.214 - - [12/Jul/2025:17:46:47 +0000] "POST /wp-cron.php?doing_wp_cron=1752342407.9402060508728027343750 HTTP/1.1" 200 - "-" "WordPress/6.8.1; https://cyber-secure.com.au"
66.249.64.132 - - [12/Jul/2025:17:46:47 +0000] "GET /?e=107684716101000&mod=a01a0380&uri=goods.php%3Fid%3D3593797-39%26name%3Dmvr+feeder+chair HTTP/1.1" 301 - "-" "Mozilla/5.0 (Linux; Android 6.0.1; Nexus 5X Build/MMB29P) AppleWebKit/537.36 (KHTML, like Gecko) Chrome/137.0.7151.103 Mobile Safari/537.36 (compatible; GoogleOther)"
209.74.77.214 - - [12/Jul/2025:17:46:48 +0000] "POST /wp-admin/admin-ajax.php?action=async_litespeed&nonce=q3ZiXxX7pONMUfzIct4pce5g2hF2QhxF&litespeed_type=imgoptm HTTP/1.1" 200 21 "-" "WordPress/6.8.1; https://cyber-secure.com.au"
66.249.64.129 - - [12/Jul/2025:17:46:50 +0000] "GET /?e=16557605011000&mod=ee0b86d2&uri=category-info.php%3Fid%3D552752-466%26name%3Dgrosby+slippers+online HTTP/1.1" 200 21017 "-" "Mozilla/5.0 (Linux; Android 6.0.1; Nexus 5X Build/MMB29P) AppleWebKit/537.36 (KHTML, like Gecko) Chrome/137.0.7151.103 Mobile Safari/537.36 (compatible; Googlebot/2.1; +http://www.google.com/bot.html)"
66.249.64.129 - - [12/Jul/2025:17:46:55 +0000] "GET /?e=119782420051000&mod=7993e112&uri=shop.php%3Fid%3D3997503-242%26name%3Dbreville+convection+oven+fan+not+working HTTP/1.1" 200 22576 "-" "Mozilla/5.0 (Linux; Android 6.0.1; Nexus 5X Build/MMB29P) AppleWebKit/537.36 (KHTML, like Gecko) Chrome/137.0.7151.103 Mobile Safari/537.36 (compatible; Googlebot/2.1; +http://www.google.com/bot.html)"
66.249.64.129 - - [12/Jul/2025:17:46:59 +0000] "GET /?e=107684716101000&mod=a01a0380&uri=goods.php%3Fid%3D3593797-39%26name%3Dmvr%20feeder%20chair HTTP/1.1" 200 26104 "-" "Mozilla/5.0 (Linux; Android 6.0.1; Nexus 5X Build/MMB29P) AppleWebKit/537.36 (KHTML, like Gecko) Chrome/137.0.7151.103 Mobile Safari/537.36 (compatible; GoogleOther)"
66.249.64.129 - - [12/Jul/2025:17:47:01 +0000] "GET /?e=119787940011000&mod=7993e112&uri=dp.php%3Fid%3D3997687-242%26name%3Delectric+milk+frother+and+steamer HTTP/1.1" 200 22341 "-" "Mozilla/5.0 (Linux; Android 6.0.1; Nexus 5X Build/MMB29P) AppleWebKit/537.36 (KHTML, like Gecko) Chrome/137.0.7151.103 Mobile Safari/537.36 (compatible; Googlebot/2.1; +http://www.google.com/bot.html)"
66.249.64.132 - - [12/Jul/2025:17:47:16 +0000] "GET /?e=104182845001000&mod=7183145a&uri=shared.php%3Fid%3D3476904-1127%26name%3Dbaby+leopard+coat HTTP/1.1" 200 21249 "-" "Mozilla/5.0 (compatible; Googlebot/2.1; +http://www.google.com/bot.html)"
209.74.77.214 - - [12/Jul/2025:17:47:36 +0000] "POST /wp-cron.php?doing_wp_cron=1752342456.2229011058807373046875 HTTP/1.1" 200 - "-" "WordPress/6.8.1; https://cyber-secure.com.au"
66.249.64.129 - - [12/Jul/2025:17:47:36 +0000] "GET /?e=6181691061000&mod=d1c373ab&uri=form.php%3Fid%3D206442-296%26name%3Dmere+dil+ko+tere+dil+ki+jarurat+hai HTTP/1.1" 301 - "-" "Mozilla/5.0 (Linux; Android 6.0.1; Nexus 5X Build/MMB29P) AppleWebKit/537.36 (KHTML, like Gecko) Chrome/137.0.7151.103 Mobile Safari/537.36 (compatible; GoogleOther)"
209.74.77.214 - - [12/Jul/2025:17:47:36 +0000] "POST /wp-admin/admin-ajax.php?action=async_litespeed&nonce=1ZWXunrLnEMnCcSxfrEipkZqMSyNkUzs&litespeed_type=imgoptm HTTP/1.1" 200 21 "-" "WordPress/6.8.1; https://cyber-secure.com.au"
66.249.64.132 - - [12/Jul/2025:17:47:41 +0000] "GET /?e=21987040021000&mod=b4d22bb5&uri=blog.php%3Fid%3D733906-803%26name%3Dbici+ciclocross+gravel HTTP/1.1" 301 - "-" "Mozilla/5.0 (Linux; Android 6.0.1; Nexus 5X Build/MMB29P) AppleWebKit/537.36 (KHTML, like Gecko) Chrome/137.0.7151.103 Mobile Safari/537.36 (compatible; GoogleOther)"
66.249.64.132 - - [12/Jul/2025:17:47:44 +0000] "GET /?e=6181691061000&mod=d1c373ab&uri=form.php%3Fid%3D206442-296%26name%3Dmere%20dil%20ko%20tere%20dil%20ki%20jarurat%20hai HTTP/1.1" 200 26104 "-" "Mozilla/5.0 (Linux; Android 6.0.1; Nexus 5X Build/MMB29P) AppleWebKit/537.36 (KHTML, like Gecko) Chrome/137.0.7151.103 Mobile Safari/537.36 (compatible; GoogleOther)"
66.249.64.128 - - [12/Jul/2025:17:47:47 +0000] "GET /?e=119695213001000&mod=74249bfb&uri=dp.php%3Fid%3D3994594-484%26name%3Dmaaji+high+waist+bottom HTTP/1.1" 200 21484 "-" "Mozilla/5.0 (Linux; Android 6.0.1; Nexus 5X Build/MMB29P) AppleWebKit/537.36 (KHTML, like Gecko) Chrome/137.0.7151.103 Mobile Safari/537.36 (compatible; Googlebot/2.1; +http://www.google.com/bot.html)"
66.249.64.132 - - [12/Jul/2025:17:47:54 +0000] "GET /?e=111049866031000&mod=6d80fca2&uri=itm.php%3Fid%3D3706085-1673%26name%3Dblush+rose+wedding+dress HTTP/1.1" 301 - "-" "Mozilla/5.0 (Linux; Android 6.0.1; Nexus 5X Build/MMB29P) AppleWebKit/537.36 (KHTML, like Gecko) Chrome/137.0.7151.103 Mobile Safari/537.36 (compatible; GoogleOther)"
66.249.64.132 - - [12/Jul/2025:17:48:01 +0000] "GET /?e=21987040021000&mod=b4d22bb5&uri=blog.php%3Fid%3D733906-803%26name%3Dbici%20ciclocross%20gravel HTTP/1.1" 200 26108 "-" "Mozilla/5.0 (Linux; Android 6.0.1; Nexus 5X Build/MMB29P) AppleWebKit/537.36 (KHTML, like Gecko) Chrome/137.0.7151.103 Mobile Safari/537.36 (compatible; GoogleOther)"
209.74.77.214 - - [12/Jul/2025:17:48:08 +0000] "POST /wp-cron.php?doing_wp_cron=1752342488.2533130645751953125000 HTTP/1.1" 200 - "-" "WordPress/6.8.1; https://cyber-secure.com.au"
66.249.64.129 - - [12/Jul/2025:17:48:08 +0000] "GET /?e=111049866031000&mod=6d80fca2&uri=itm.php%3Fid%3D3706085-1673%26name%3Dblush%20rose%20wedding%20dress HTTP/1.1" 200 26100 "-" "Mozilla/5.0 (Linux; Android 6.0.1; Nexus 5X Build/MMB29P) AppleWebKit/537.36 (KHTML, like Gecko) Chrome/137.0.7151.103 Mobile Safari/537.36 (compatible; GoogleOther)"
66.249.64.128 - - [12/Jul/2025:17:48:16 +0000] "GET /?e=19617908041000&mod=5812f924&uri=article.php%3Fid%3D654874-322%26name%3Dkitchenaid+dishwasher+cost HTTP/1.1" 200 22806 "-" "Mozilla/5.0 (Linux; Android 6.0.1; Nexus 5X Build/MMB29P) AppleWebKit/537.36 (KHTML, like Gecko) Chrome/137.0.7151.103 Mobile Safari/537.36 (compatible; Googlebot/2.1; +http://www.google.com/bot.html)"
209.74.77.214 - - [12/Jul/2025:17:48:41 +0000] "POST /wp-cron.php?doing_wp_cron=1752342521.3088889122009277343750 HTTP/1.1" 200 - "-" "WordPress/6.8.1; https://cyber-secure.com.au"
66.249.64.129 - - [12/Jul/2025:17:48:41 +0000] "GET /?e=93617209031000&mod=21834461&uri=dp.php%3Fid%3D3124174-1098%26name%3Dmatching+jacket+and+shoes HTTP/1.1" 301 - "-" "Mozilla/5.0 (Linux; Android 6.0.1; Nexus 5X Build/MMB29P) AppleWebKit/537.36 (KHTML, like Gecko) Chrome/137.0.7151.103 Mobile Safari/537.36 (compatible; GoogleOther)"
209.74.77.214 - - [12/Jul/2025:17:48:41 +0000] "POST /wp-admin/admin-ajax.php?action=async_litespeed&nonce=TuKL7vWMTTjXfsAhkAxVkiOpnHRVfz46&litespeed_type=imgoptm HTTP/1.1" 200 21 "-" "WordPress/6.8.1; https://cyber-secure.com.au"
66.249.64.128 - - [12/Jul/2025:17:48:44 +0000] "GET /?e=93617209031000&mod=21834461&uri=dp.php%3Fid%3D3124174-1098%26name%3Dmatching%20jacket%20and%20shoes HTTP/1.1" 200 26104 "-" "Mozilla/5.0 (Linux; Android 6.0.1; Nexus 5X Build/MMB29P) AppleWebKit/537.36 (KHTML, like Gecko) Chrome/137.0.7151.103 Mobile Safari/537.36 (compatible; GoogleOther)"
66.249.64.128 - - [12/Jul/2025:17:49:20 +0000] "GET /?e=104176215051000&mod=69386f6b&uri=blog.php%3Fid%3D3476683-331%26name%3Daltalight+merrell HTTP/1.1" 200 21128 "-" "Mozilla/5.0 (Linux; Android 6.0.1; Nexus 5X Build/MMB29P) AppleWebKit/537.36 (KHTML, like Gecko) Chrome/137.0.7151.103 Mobile Safari/537.36 (compatible; Googlebot/2.1; +http://www.google.com/bot.html)"
209.74.77.214 - - [12/Jul/2025:17:49:48 +0000] "POST /wp-cron.php?doing_wp_cron=1752342588.3730139732360839843750 HTTP/1.1" 200 - "-" "WordPress/6.8.1; https://cyber-secure.com.au"
66.249.64.128 - - [12/Jul/2025:17:49:47 +0000] "GET /?e=32488204051000&mod=2e85d722&uri=products.php%3Fid%3D1084329-1017%26name%3Dadidas+agora+black+outdoor+shoes HTTP/1.1" 301 - "-" "Mozilla/5.0 (Linux; Android 6.0.1; Nexus 5X Build/MMB29P) AppleWebKit/537.36 (KHTML, like Gecko) Chrome/137.0.7151.103 Mobile Safari/537.36 (compatible; GoogleOther)"
209.74.77.214 - - [12/Jul/2025:17:49:48 +0000] "POST /wp-admin/admin-ajax.php?action=async_litespeed&nonce=DAPgDjIAGEFfYYQY14CfX4OkQAQLpqYt&litespeed_type=imgoptm HTTP/1.1" 200 21 "-" "WordPress/6.8.1; https://cyber-secure.com.au"
66.249.64.129 - - [12/Jul/2025:17:49:50 +0000] "GET /?e=17016048031000&mod=a01a0380&uri=shop.php%3Fid%3D568044-39%26name%3Dglobal+furniture+office+chair+costco HTTP/1.1" 200 22710 "-" "Mozilla/5.0 (Linux; Android 6.0.1; Nexus 5X Build/MMB29P) AppleWebKit/537.36 (KHTML, like Gecko) Chrome/137.0.7151.103 Mobile Safari/537.36 (compatible; Googlebot/2.1; +http://www.google.com/bot.html)"
66.249.64.128 - - [12/Jul/2025:17:49:59 +0000] "GET /?e=32488204051000&mod=2e85d722&uri=products.php%3Fid%3D1084329-1017%26name%3Dadidas%20agora%20black%20outdoor%20shoes HTTP/1.1" 200 26105 "-" "Mozilla/5.0 (Linux; Android 6.0.1; Nexus 5X Build/MMB29P) AppleWebKit/537.36 (KHTML, like Gecko) Chrome/137.0.7151.103 Mobile Safari/537.36 (compatible; GoogleOther)"
66.249.64.128 - - [12/Jul/2025:17:50:05 +0000] "POST /get-message-notify HTTP/1.1" 200 21394 "https://cyber-secure.com.au/?e=17016048031000&mod=a01a0380&uri=shop.php%3Fid%3D568044-39%26name%3Dglobal+furniture+office+chair+costco" "Mozilla/5.0 (Linux; Android 6.0.1; Nexus 5X Build/MMB29P) AppleWebKit/537.36 (KHTML, like Gecko) Chrome/137.0.7151.119 Mobile Safari/537.36 (compatible; Googlebot/2.1; +http://www.google.com/bot.html)"
66.249.64.128 - - [12/Jul/2025:17:50:17 +0000] "GET /?e=77442820051000&mod=fe2d0103&uri=article.php%3Fid%3D2584339-120%26name%3Dalma+en+pena+fiesta HTTP/1.1" 200 20517 "-" "Mozilla/5.0 (Linux; Android 6.0.1; Nexus 5X Build/MMB29P) AppleWebKit/537.36 (KHTML, like Gecko) Chrome/137.0.7151.103 Mobile Safari/537.36 (compatible; Googlebot/2.1; +http://www.google.com/bot.html)"
66.249.64.132 - - [12/Jul/2025:17:50:24 +0000] "GET /?e=53022060031000&mod=8466a2b4&uri=article.php%3Fid%3D1769395-540%26name%3Dalliance+etincelle+cartier HTTP/1.1" 200 21270 "-" "Mozilla/5.0 (Linux; Android 6.0.1; Nexus 5X Build/MMB29P) AppleWebKit/537.36 (KHTML, like Gecko) Chrome/137.0.7151.103 Mobile Safari/537.36 (compatible; Googlebot/2.1; +http://www.google.com/bot.html)"
66.249.64.132 - - [12/Jul/2025:17:50:31 +0000] "GET /?e=116436684021000&mod=d1ee59e2&uri=pin.php%3Fid%3D3885902-137%26name%3Dstan+smith+adulti HTTP/1.1" 200 22292 "-" "Mozilla/5.0 (Linux; Android 6.0.1; Nexus 5X Build/MMB29P) AppleWebKit/537.36 (KHTML, like Gecko) Chrome/137.0.7151.103 Mobile Safari/537.36 (compatible; Googlebot/2.1; +http://www.google.com/bot.html)"
209.74.77.214 - - [12/Jul/2025:17:50:35 +0000] "POST /wp-cron.php?doing_wp_cron=1752342635.4805378913879394531250 HTTP/1.1" 200 - "-" "WordPress/6.8.1; https://cyber-secure.com.au"
66.249.64.132 - - [12/Jul/2025:17:50:35 +0000] "GET /?e=1255613051000&mod=b6edc1cd&uri=dp.php%3Fid%3D41919-81%26name%3Damaca+a+seduta HTTP/1.1" 301 - "-" "Mozilla/5.0 (Linux; Android 6.0.1; Nexus 5X Build/MMB29P) AppleWebKit/537.36 (KHTML, like Gecko) Chrome/137.0.7151.103 Mobile Safari/537.36 (compatible; GoogleOther)"
209.74.77.214 - - [12/Jul/2025:17:50:35 +0000] "POST /wp-admin/admin-ajax.php?action=async_litespeed&nonce=lSptsTRlfn5YDabaLDZhC3lTP6Vz6dOu&litespeed_type=imgoptm HTTP/1.1" 200 21 "-" "WordPress/6.8.1; https://cyber-secure.com.au"
66.249.64.132 - - [12/Jul/2025:17:50:38 +0000] "GET /?e=21988630011000&mod=b4d22bb5&uri=dp.php%3Fid%3D733959-803%26name%3Dbici+con+sospensioni HTTP/1.1" 301 - "-" "Mozilla/5.0 (Linux; Android 6.0.1; Nexus 5X Build/MMB29P) AppleWebKit/537.36 (KHTML, like Gecko) Chrome/137.0.7151.103 Mobile Safari/537.36 (compatible; GoogleOther)"
66.249.64.129 - - [12/Jul/2025:17:50:41 +0000] "GET /?e=1255613051000&mod=b6edc1cd&uri=dp.php%3Fid%3D41919-81%26name%3Damaca%20a%20seduta HTTP/1.1" 200 26110 "-" "Mozilla/5.0 (Linux; Android 6.0.1; Nexus 5X Build/MMB29P) AppleWebKit/537.36 (KHTML, like Gecko) Chrome/137.0.7151.103 Mobile Safari/537.36 (compatible; GoogleOther)"
66.249.64.132 - - [12/Jul/2025:17:50:43 +0000] "GET /?e=1257022041000&mod=b6edc1cd&uri=news.php%3Fid%3D41966-81%26name%3Ddivano+patchwork+posti HTTP/1.1" 200 21896 "-" "Mozilla/5.0 (Linux; Android 6.0.1; Nexus 5X Build/MMB29P) AppleWebKit/537.36 (KHTML, like Gecko) Chrome/137.0.7151.103 Mobile Safari/537.36 (compatible; Googlebot/2.1; +http://www.google.com/bot.html)"
66.249.64.129 - - [12/Jul/2025:17:50:45 +0000] "GET /?e=21988630011000&mod=b4d22bb5&uri=dp.php%3Fid%3D733959-803%26name%3Dbici%20con%20sospensioni HTTP/1.1" 200 26105 "-" "Mozilla/5.0 (Linux; Android 6.0.1; Nexus 5X Build/MMB29P) AppleWebKit/537.36 (KHTML, like Gecko) Chrome/137.0.7151.103 Mobile Safari/537.36 (compatible; GoogleOther)"
66.249.64.128 - - [12/Jul/2025:17:51:14 +0000] "GET /?e=119731993041000&mod=4e5046fc&uri=info.php%3Fid%3D3995820-539%26name%3Dairpods+pro+3d+sound HTTP/1.1" 200 21352 "-" "Mozilla/5.0 (Linux; Android 6.0.1; Nexus 5X Build/MMB29P) AppleWebKit/537.36 (KHTML, like Gecko) Chrome/137.0.7151.103 Mobile Safari/537.36 (compatible; Googlebot/2.1; +http://www.google.com/bot.html)"
66.249.64.132 - - [12/Jul/2025:17:51:27 +0000] "POST /get-message-notify HTTP/1.1" 200 21397 "https://cyber-secure.com.au/?e=119731993041000&mod=4e5046fc&uri=info.php%3Fid%3D3995820-539%26name%3Dairpods+pro+3d+sound" "Mozilla/5.0 (Linux; Android 6.0.1; Nexus 5X Build/MMB29P) AppleWebKit/537.36 (KHTML, like Gecko) Chrome/137.0.7151.119 Mobile Safari/537.36 (compatible; Googlebot/2.1; +http://www.google.com/bot.html)"
209.74.77.214 - - [12/Jul/2025:17:51:32 +0000] "POST /wp-cron.php?doing_wp_cron=1752342692.5484249591827392578125 HTTP/1.1" 200 - "-" "WordPress/6.8.1; https://cyber-secure.com.au"
66.249.64.129 - - [12/Jul/2025:17:51:32 +0000] "GET /?e=17011431061000&mod=a01a0380&uri=us.php%3Fid%3D567890-39%26name%3Dla+z+boy+winston+office+chair HTTP/1.1" 301 - "-" "Mozilla/5.0 (Linux; Android 6.0.1; Nexus 5X Build/MMB29P) AppleWebKit/537.36 (KHTML, like Gecko) Chrome/137.0.7151.103 Mobile Safari/537.36 (compatible; GoogleOther)"
209.74.77.214 - - [12/Jul/2025:17:51:32 +0000] "POST /wp-admin/admin-ajax.php?action=async_litespeed&nonce=OYuXwRoq3DGG2zzZ45YMKHYvUJ5Gp4ue&litespeed_type=imgoptm HTTP/1.1" 200 21 "-" "WordPress/6.8.1; https://cyber-secure.com.au"
66.249.64.132 - - [12/Jul/2025:17:51:36 +0000] "GET /?e=17011431061000&mod=a01a0380&uri=us.php%3Fid%3D567890-39%26name%3Dla%20z%20boy%20winston%20office%20chair HTTP/1.1" 200 26108 "-" "Mozilla/5.0 (Linux; Android 6.0.1; Nexus 5X Build/MMB29P) AppleWebKit/537.36 (KHTML, like Gecko) Chrome/137.0.7151.103 Mobile Safari/537.36 (compatible; GoogleOther)"
66.249.64.128 - - [12/Jul/2025:17:52:00 +0000] "GET /?e=5640690041000&mod=77ee3bc5&uri=blog.php%3Fid%3D188340-315%26name%3Dwanduhr+f%C3%83%C2%BCr+jungs HTTP/1.1" 301 - "-" "Mozilla/5.0 (Linux; Android 6.0.1; Nexus 5X Build/MMB29P) AppleWebKit/537.36 (KHTML, like Gecko) Chrome/137.0.7151.103 Mobile Safari/537.36 (compatible; GoogleOther)"
66.249.64.128 - - [12/Jul/2025:17:52:03 +0000] "GET /?e=5640690041000&mod=77ee3bc5&uri=blog.php%3Fid%3D188340-315%26name%3Dwanduhr%20f%C3%83%C2%BCr%20jungs HTTP/1.1" 200 26103 "-" "Mozilla/5.0 (Linux; Android 6.0.1; Nexus 5X Build/MMB29P) AppleWebKit/537.36 (KHTML, like Gecko) Chrome/137.0.7151.103 Mobile Safari/537.36 (compatible; GoogleOther)"
66.249.64.129 - - [12/Jul/2025:17:52:17 +0000] "GET /?e=104161851001000&mod=a6ce9144&uri=pin.php%3Fid%3D3476204-678%26name%3D12+mini+12+pro+max HTTP/1.1" 200 22780 "-" "Mozilla/5.0 (compatible; Googlebot/2.1; +http://www.google.com/bot.html)"
209.74.77.214 - - [12/Jul/2025:17:52:33 +0000] "POST /wp-cron.php?doing_wp_cron=1752342753.5031569004058837890625 HTTP/1.1" 200 - "-" "WordPress/6.8.1; https://cyber-secure.com.au"
66.249.64.129 - - [12/Jul/2025:17:52:33 +0000] "GET /?e=99422296011000&mod=90e71551&uri=product.php%3Fid%3D3317979-1052%26name%3Dleroy+sane+kit HTTP/1.1" 301 - "-" "Mozilla/5.0 (Linux; Android 6.0.1; Nexus 5X Build/MMB29P) AppleWebKit/537.36 (KHTML, like Gecko) Chrome/137.0.7151.103 Mobile Safari/537.36 (compatible; GoogleOther)"
209.74.77.214 - - [12/Jul/2025:17:52:33 +0000] "POST /wp-admin/admin-ajax.php?action=async_litespeed&nonce=9zj1aJTGgvlUegERGtiWiNJP41RAZNAg&litespeed_type=imgoptm HTTP/1.1" 200 21 "-" "WordPress/6.8.1; https://cyber-secure.com.au"
66.249.64.128 - - [12/Jul/2025:17:52:43 +0000] "GET /?e=99422296011000&mod=90e71551&uri=product.php%3Fid%3D3317979-1052%26name%3Dleroy%20sane%20kit HTTP/1.1" 200 26103 "-" "Mozilla/5.0 (Linux; Android 6.0.1; Nexus 5X Build/MMB29P) AppleWebKit/537.36 (KHTML, like Gecko) Chrome/137.0.7151.103 Mobile Safari/537.36 (compatible; GoogleOther)"
66.249.64.129 - - [12/Jul/2025:17:53:00 +0000] "GET /?e=104273751021000&mod=b15974e8&uri=itm.php%3Fid%3D3479935-1638%26name%3Dbest+rated+dresses+on+amazon HTTP/1.1" 200 21306 "-" "Mozilla/5.0 (Linux; Android 6.0.1; Nexus 5X Build/MMB29P) AppleWebKit/537.36 (KHTML, like Gecko) Chrome/137.0.7151.103 Mobile Safari/537.36 (compatible; Googlebot/2.1; +http://www.google.com/bot.html)"
66.249.64.129 - - [12/Jul/2025:17:53:09 +0000] "GET /?e=1257322041000&mod=b6edc1cd&uri=goods.php%3Fid%3D41976-81%26name%3Dpoltrona+tirup+ikea HTTP/1.1" 200 22330 "-" "Mozilla/5.0 (Linux; Android 6.0.1; Nexus 5X Build/MMB29P) AppleWebKit/537.36 (KHTML, like Gecko) Chrome/137.0.7151.103 Mobile Safari/537.36 (compatible; Googlebot/2.1; +http://www.google.com/bot.html)"
66.249.64.129 - - [12/Jul/2025:17:53:14 +0000] "GET /?e=54378168001000&mod=c255c052&uri=article.php%3Fid%3D1814652-387%26name%3Dkeiser+machine+workouts HTTP/1.1" 200 22852 "-" "Mozilla/5.0 (Linux; Android 6.0.1; Nexus 5X Build/MMB29P) AppleWebKit/537.36 (KHTML, like Gecko) Chrome/137.0.7151.103 Mobile Safari/537.36 (compatible; Googlebot/2.1; +http://www.google.com/bot.html)"
209.74.77.214 - - [12/Jul/2025:17:53:27 +0000] "POST /wp-cron.php?doing_wp_cron=1752342807.8074030876159667968750 HTTP/1.1" 200 - "-" "WordPress/6.8.1; https://cyber-secure.com.au"
66.249.64.129 - - [12/Jul/2025:17:53:27 +0000] "GET /?e=25199528041000&mod=a8c6dd98&uri=pin.php%3Fid%3D841064-600%26name%3Dmicrosplit+370 HTTP/1.1" 301 - "-" "Mozilla/5.0 (Linux; Android 6.0.1; Nexus 5X Build/MMB29P) AppleWebKit/537.36 (KHTML, like Gecko) Chrome/137.0.7151.103 Mobile Safari/537.36 (compatible; GoogleOther)"
209.74.77.214 - - [12/Jul/2025:17:53:27 +0000] "POST /wp-admin/admin-ajax.php?action=async_litespeed&nonce=yVDJyiVXqHWoLmTWCQXmhVZKwNsq74My&litespeed_type=imgoptm HTTP/1.1" 200 21 "-" "WordPress/6.8.1; https://cyber-secure.com.au"
66.249.64.128 - - [12/Jul/2025:17:53:32 +0000] "GET /?e=25199528041000&mod=a8c6dd98&uri=pin.php%3Fid%3D841064-600%26name%3Dmicrosplit%20370 HTTP/1.1" 200 26107 "-" "Mozilla/5.0 (Linux; Android 6.0.1; Nexus 5X Build/MMB29P) AppleWebKit/537.36 (KHTML, like Gecko) Chrome/137.0.7151.103 Mobile Safari/537.36 (compatible; GoogleOther)"
66.249.64.132 - - [12/Jul/2025:17:53:49 +0000] "POST /wp-json/metform/v1/forms/views/2288 HTTP/1.1" 200 22340 "https://cyber-secure.com.au/?e=5640690041000&mod=77ee3bc5&uri=blog.php%3Fid%3D188340-315%26name%3Dwanduhr%20f%C3%83%C2%BCr%20jungs" "Mozilla/5.0 (Linux; Android 6.0.1; Nexus 5X Build/MMB29P) AppleWebKit/537.36 (KHTML, like Gecko) Chrome/137.0.7151.119 Mobile Safari/537.36 (compatible; Googlebot/2.1; +http://www.google.com/bot.html)"
66.249.64.132 - - [12/Jul/2025:17:54:03 +0000] "GET /?e=13263171011000&mod=335f5352&uri=us.php%3Fid%3D442826-24%26name%3Dbest+looking+road+bikes+2020 HTTP/1.1" 200 22441 "-" "Mozilla/5.0 (Linux; Android 6.0.1; Nexus 5X Build/MMB29P) AppleWebKit/537.36 (KHTML, like Gecko) Chrome/137.0.7151.103 Mobile Safari/537.36 (compatible; Googlebot/2.1; +http://www.google.com/bot.html)"
66.249.64.129 - - [12/Jul/2025:17:54:10 +0000] "GET /?e=79935103041000&mod=6b8eba43&uri=article.php%3Fid%3D2667538-155%26name%3Dtheater+system HTTP/1.1" 200 21963 "-" "Mozilla/5.0 (Linux; Android 6.0.1; Nexus 5X Build/MMB29P) AppleWebKit/537.36 (KHTML, like Gecko) Chrome/137.0.7151.103 Mobile Safari/537.36 (compatible; Googlebot/2.1; +http://www.google.com/bot.html)"
209.74.77.214 - - [12/Jul/2025:17:54:23 +0000] "POST /wp-cron.php?doing_wp_cron=1752342863.3963639736175537109375 HTTP/1.1" 200 - "-" "WordPress/6.8.1; https://cyber-secure.com.au"
66.249.64.132 - - [12/Jul/2025:17:54:23 +0000] "GET /?e=64723429091000&mod=a1d2b0ef&uri=goods.php%3Fid%3D2159865-753%26name%3Dreact+element+97+originali HTTP/1.1" 301 - "-" "Mozilla/5.0 (Linux; Android 6.0.1; Nexus 5X Build/MMB29P) AppleWebKit/537.36 (KHTML, like Gecko) Chrome/137.0.7151.103 Mobile Safari/537.36 (compatible; GoogleOther)"
209.74.77.214 - - [12/Jul/2025:17:54:23 +0000] "POST /wp-admin/admin-ajax.php?action=async_litespeed&nonce=4vXIbM80xdxbflPkrjpy00n9hsFF8OGn&litespeed_type=imgoptm HTTP/1.1" 200 21 "-" "WordPress/6.8.1; https://cyber-secure.com.au"
66.249.64.132 - - [12/Jul/2025:17:54:33 +0000] "GET /?e=16994917011000&mod=a01a0380&uri=brands.php%3Fid%3D567339-39%26name%3Dsalerno+executive+office+chair HTTP/1.1" 200 22269 "-" "Mozilla/5.0 (Linux; Android 6.0.1; Nexus 5X Build/MMB29P) AppleWebKit/537.36 (KHTML, like Gecko) Chrome/137.0.7151.103 Mobile Safari/537.36 (compatible; Googlebot/2.1; +http://www.google.com/bot.html)"
66.249.64.132 - - [12/Jul/2025:17:54:35 +0000] "GET /?e=29702581021000&mod=e355ad06&uri=shop.php%3Fid%3D991396-956%26name%3Dhigh+top+adidas+basketball+shoes HTTP/1.1" 301 - "-" "Mozilla/5.0 (Linux; Android 6.0.1; Nexus 5X Build/MMB29P) AppleWebKit/537.36 (KHTML, like Gecko) Chrome/137.0.7151.103 Mobile Safari/537.36 (compatible; GoogleOther)"
66.249.64.132 - - [12/Jul/2025:17:54:43 +0000] "GET /?e=100168281031000&mod=a01a0380&uri=shared.php%3Fid%3D3342873-39%26name%3Dindustrial+office+chair+vintage HTTP/1.1" 200 21742 "-" "Mozilla/5.0 (Linux; Android 6.0.1; Nexus 5X Build/MMB29P) AppleWebKit/537.36 (KHTML, like Gecko) Chrome/137.0.7151.103 Mobile Safari/537.36 (compatible; Googlebot/2.1; +http://www.google.com/bot.html)"
66.249.64.129 - - [12/Jul/2025:17:54:46 +0000] "GET /?e=64723429091000&mod=a1d2b0ef&uri=goods.php%3Fid%3D2159865-753%26name%3Dreact%20element%2097%20originali HTTP/1.1" 200 26114 "-" "Mozilla/5.0 (Linux; Android 6.0.1; Nexus 5X Build/MMB29P) AppleWebKit/537.36 (KHTML, like Gecko) Chrome/137.0.7151.103 Mobile Safari/537.36 (compatible; GoogleOther)"
