66.249.64.132 - - [12/Jul/2025:15:28:06 +0000] "GET /?e=46284734111000&mod=ec24a54d&uri=pin.php%3Fid%3D1544653-659%26name%3Dharriet%20hollister%20spencer%20state%20park HTTP/1.1" 200 26106 "-" "Mozilla/5.0 (Linux; Android 6.0.1; Nexus 5X Build/MMB29P) AppleWebKit/537.36 (KHTML, like Gecko) Chrome/137.0.7151.103 Mobile Safari/537.36 (compatible; GoogleOther)"
66.249.64.132 - - [12/Jul/2025:15:28:32 +0000] "GET /?e=104006787031000&mod=bcf00598&uri=us.php%3Fid%3D3470983-1637%26name%3Dpakistani+clothing+brands+name HTTP/1.1" 200 20583 "-" "Mozilla/5.0 (compatible; Googlebot/2.1; +http://www.google.com/bot.html)"
209.74.77.214 - - [12/Jul/2025:15:28:47 +0000] "POST /wp-cron.php?doing_wp_cron=1752334127.7575569152832031250000 HTTP/1.1" 200 - "-" "WordPress/6.8.1; https://cyber-secure.com.au"
66.249.64.132 - - [12/Jul/2025:15:28:47 +0000] "GET /?e=106721148081000&mod=b1266673&uri=pin.php%3Fid%3D3561638-1651%26name%3Dasics+femme+blanc HTTP/1.1" 301 - "-" "Mozilla/5.0 (Linux; Android 6.0.1; Nexus 5X Build/MMB29P) AppleWebKit/537.36 (KHTML, like Gecko) Chrome/137.0.7151.103 Mobile Safari/537.36 (compatible; GoogleOther)"
209.74.77.214 - - [12/Jul/2025:15:28:47 +0000] "POST /wp-admin/admin-ajax.php?action=async_litespeed&nonce=JYQqpLnaWzCyqPR5owcTLaxRP1XXQDEN&litespeed_type=imgoptm HTTP/1.1" 200 21 "-" "WordPress/6.8.1; https://cyber-secure.com.au"
66.249.64.129 - - [12/Jul/2025:15:28:53 +0000] "GET /?e=106721148081000&mod=b1266673&uri=pin.php%3Fid%3D3561638-1651%26name%3Dasics%20femme%20blanc HTTP/1.1" 200 26108 "-" "Mozilla/5.0 (Linux; Android 6.0.1; Nexus 5X Build/MMB29P) AppleWebKit/537.36 (KHTML, like Gecko) Chrome/137.0.7151.103 Mobile Safari/537.36 (compatible; GoogleOther)"
66.249.64.129 - - [12/Jul/2025:15:29:11 +0000] "GET /?e=71916869001000&mod=6b050305&uri=goods.php%3Fid%3D2399931-456%26name%3Dbaby+bjorn+way+carrier HTTP/1.1" 200 21633 "-" "Mozilla/5.0 (Linux; Android 6.0.1; Nexus 5X Build/MMB29P) AppleWebKit/537.36 (KHTML, like Gecko) Chrome/137.0.7151.103 Mobile Safari/537.36 (compatible; Googlebot/2.1; +http://www.google.com/bot.html)"
209.74.77.214 - - [12/Jul/2025:15:29:36 +0000] "POST /wp-cron.php?doing_wp_cron=1752334176.8451399803161621093750 HTTP/1.1" 200 - "-" "WordPress/6.8.1; https://cyber-secure.com.au"
66.249.64.128 - - [12/Jul/2025:15:29:36 +0000] "GET /?e=112218964021000&mod=63ab39b1&uri=pin.php%3Fid%3D3745142-1615%26name%3Dasics+stability+running HTTP/1.1" 301 - "-" "Mozilla/5.0 (Linux; Android 6.0.1; Nexus 5X Build/MMB29P) AppleWebKit/537.36 (KHTML, like Gecko) Chrome/137.0.7151.103 Mobile Safari/537.36 (compatible; GoogleOther)"
209.74.77.214 - - [12/Jul/2025:15:29:36 +0000] "POST /wp-admin/admin-ajax.php?action=async_litespeed&nonce=nbRFtLFJvK5EaLTdqgW64TffktxIpBXd&litespeed_type=imgoptm HTTP/1.1" 200 21 "-" "WordPress/6.8.1; https://cyber-secure.com.au"
66.249.64.132 - - [12/Jul/2025:15:29:41 +0000] "GET /?e=112218964021000&mod=63ab39b1&uri=pin.php%3Fid%3D3745142-1615%26name%3Dasics%20stability%20running HTTP/1.1" 200 26109 "-" "Mozilla/5.0 (Linux; Android 6.0.1; Nexus 5X Build/MMB29P) AppleWebKit/537.36 (KHTML, like Gecko) Chrome/137.0.7151.103 Mobile Safari/537.36 (compatible; GoogleOther)"
209.74.77.214 - - [12/Jul/2025:15:30:29 +0000] "POST /wp-cron.php?doing_wp_cron=1752334229.3995339870452880859375 HTTP/1.1" 200 - "-" "WordPress/6.8.1; https://cyber-secure.com.au"
66.249.64.132 - - [12/Jul/2025:15:30:28 +0000] "GET /?e=52810294041000&mod=76185584&uri=pin.php%3Fid%3D1762328-1301%26name%3Dst+ecco HTTP/1.1" 301 - "-" "Mozilla/5.0 (Linux; Android 6.0.1; Nexus 5X Build/MMB29P) AppleWebKit/537.36 (KHTML, like Gecko) Chrome/137.0.7151.103 Mobile Safari/537.36 (compatible; GoogleOther)"
209.74.77.214 - - [12/Jul/2025:15:30:29 +0000] "POST /wp-admin/admin-ajax.php?action=async_litespeed&nonce=G2CSBkF31sSgFpXLGvvksuiRM71qRyjK&litespeed_type=imgoptm HTTP/1.1" 200 21 "-" "WordPress/6.8.1; https://cyber-secure.com.au"
66.249.64.128 - - [12/Jul/2025:15:30:31 +0000] "GET /?e=52810294041000&mod=76185584&uri=pin.php%3Fid%3D1762328-1301%26name%3Dst%20ecco HTTP/1.1" 200 26112 "-" "Mozilla/5.0 (Linux; Android 6.0.1; Nexus 5X Build/MMB29P) AppleWebKit/537.36 (KHTML, like Gecko) Chrome/137.0.7151.103 Mobile Safari/537.36 (compatible; GoogleOther)"
209.74.77.214 - - [12/Jul/2025:15:31:17 +0000] "POST /wp-cron.php?doing_wp_cron=1752334277.9523310661315917968750 HTTP/1.1" 200 - "-" "WordPress/6.8.1; https://cyber-secure.com.au"
66.249.64.129 - - [12/Jul/2025:15:31:16 +0000] "GET /?e=3383889041000&mod=1819932f&uri=pin.php%3Fid%3D112954-216%26name%3Dyellow+glitter+top HTTP/1.1" 301 - "-" "Mozilla/5.0 (Linux; Android 6.0.1; Nexus 5X Build/MMB29P) AppleWebKit/537.36 (KHTML, like Gecko) Chrome/137.0.7151.103 Mobile Safari/537.36 (compatible; GoogleOther)"
209.74.77.214 - - [12/Jul/2025:15:31:18 +0000] "POST /wp-admin/admin-ajax.php?action=async_litespeed&nonce=Jhhpu0zJQWsaOCD7MN79kiXBw67gHYwW&litespeed_type=imgoptm HTTP/1.1" 200 21 "-" "WordPress/6.8.1; https://cyber-secure.com.au"
66.249.64.128 - - [12/Jul/2025:15:31:20 +0000] "GET /?e=3383889041000&mod=1819932f&uri=pin.php%3Fid%3D112954-216%26name%3Dyellow%20glitter%20top HTTP/1.1" 200 26106 "-" "Mozilla/5.0 (Linux; Android 6.0.1; Nexus 5X Build/MMB29P) AppleWebKit/537.36 (KHTML, like Gecko) Chrome/137.0.7151.103 Mobile Safari/537.36 (compatible; GoogleOther)"
66.249.64.129 - - [12/Jul/2025:15:31:52 +0000] "GET /?e=104188605021000&mod=e0640c93&uri=itm.php%3Fid%3D3477096-432%26name%3Danita+and+green+coat HTTP/1.1" 200 21335 "-" "Mozilla/5.0 (Linux; Android 6.0.1; Nexus 5X Build/MMB29P) AppleWebKit/537.36 (KHTML, like Gecko) Chrome/137.0.7151.103 Mobile Safari/537.36 (compatible; Googlebot/2.1; +http://www.google.com/bot.html)"
66.249.64.132 - - [12/Jul/2025:15:32:02 +0000] "POST /get-message-notify HTTP/1.1" 200 21392 "https://cyber-secure.com.au/?e=104188605021000&mod=e0640c93&uri=itm.php%3Fid%3D3477096-432%26name%3Danita+and+green+coat" "Mozilla/5.0 (Linux; Android 6.0.1; Nexus 5X Build/MMB29P) AppleWebKit/537.36 (KHTML, like Gecko) Chrome/137.0.7151.119 Mobile Safari/537.36 (compatible; Googlebot/2.1; +http://www.google.com/bot.html)"
209.74.77.214 - - [12/Jul/2025:15:32:07 +0000] "POST /wp-cron.php?doing_wp_cron=1752334327.5092859268188476562500 HTTP/1.1" 200 - "-" "WordPress/6.8.1; https://cyber-secure.com.au"
66.249.64.132 - - [12/Jul/2025:15:32:06 +0000] "GET /?e=1181931041000&mod=4ea06fbc&uri=goods.php%3Fid%3D39460-77%26name%3Dblack+adidas+joggers+mens HTTP/1.1" 301 - "-" "Mozilla/5.0 (Linux; Android 6.0.1; Nexus 5X Build/MMB29P) AppleWebKit/537.36 (KHTML, like Gecko) Chrome/137.0.7151.103 Mobile Safari/537.36 (compatible; GoogleOther)"
66.249.64.132 - - [12/Jul/2025:15:32:11 +0000] "GET /?e=1181931041000&mod=4ea06fbc&uri=goods.php%3Fid%3D39460-77%26name%3Dblack%20adidas%20joggers%20mens HTTP/1.1" 200 26110 "-" "Mozilla/5.0 (Linux; Android 6.0.1; Nexus 5X Build/MMB29P) AppleWebKit/537.36 (KHTML, like Gecko) Chrome/137.0.7151.103 Mobile Safari/537.36 (compatible; GoogleOther)"
209.74.77.214 - - [12/Jul/2025:15:32:48 +0000] "POST /wp-cron.php?doing_wp_cron=1752334368.9587171077728271484375 HTTP/1.1" 200 - "-" "WordPress/6.8.1; https://cyber-secure.com.au"
66.249.64.129 - - [12/Jul/2025:15:32:47 +0000] "GET /?e=22665018021000&mod=c3f4db3a&uri=search.php%3Fid%3D756527-824%26name%3Dbest+madras+curry+powder HTTP/1.1" 301 - "-" "Mozilla/5.0 (Linux; Android 6.0.1; Nexus 5X Build/MMB29P) AppleWebKit/537.36 (KHTML, like Gecko) Chrome/137.0.7151.103 Mobile Safari/537.36 (compatible; GoogleOther)"
209.74.77.214 - - [12/Jul/2025:15:32:49 +0000] "POST /wp-admin/admin-ajax.php?action=async_litespeed&nonce=Wp3G8vq9dvKW0r4RkaOjxxnWvlmcFVSs&litespeed_type=imgoptm HTTP/1.1" 200 21 "-" "WordPress/6.8.1; https://cyber-secure.com.au"
209.74.77.214 - - [12/Jul/2025:15:33:08 +0000] "POST /wp-cron.php?doing_wp_cron=1752334388.6030359268188476562500 HTTP/1.1" 200 - "-" "WordPress/6.8.1; https://cyber-secure.com.au"
66.249.64.132 - - [12/Jul/2025:15:33:08 +0000] "GET /?e=22665018021000&mod=c3f4db3a&uri=search.php%3Fid%3D756527-824%26name%3Dbest%20madras%20curry%20powder HTTP/1.1" 200 26103 "-" "Mozilla/5.0 (Linux; Android 6.0.1; Nexus 5X Build/MMB29P) AppleWebKit/537.36 (KHTML, like Gecko) Chrome/137.0.7151.103 Mobile Safari/537.36 (compatible; GoogleOther)"
209.74.77.214 - - [12/Jul/2025:15:33:23 +0000] "POST /wp-cron.php?doing_wp_cron=1752334403.3043498992919921875000 HTTP/1.1" 200 - "-" "WordPress/6.8.1; https://cyber-secure.com.au"
66.249.64.129 - - [12/Jul/2025:15:33:23 +0000] "GET /?e=116625710031000&mod=b3dd760e&uri=pin.php%3Fid%3D3892208-538%26name%3Dequipacion+balonmano+espa%C3%83%C2%B1a HTTP/1.1" 301 - "-" "Mozilla/5.0 (Linux; Android 6.0.1; Nexus 5X Build/MMB29P) AppleWebKit/537.36 (KHTML, like Gecko) Chrome/137.0.7151.103 Mobile Safari/537.36 (compatible; GoogleOther)"
209.74.77.214 - - [12/Jul/2025:15:33:23 +0000] "POST /wp-admin/admin-ajax.php?action=async_litespeed&nonce=KWZ3667R7jlSemGNN40OEr7P5zurbpKf&litespeed_type=imgoptm HTTP/1.1" 200 21 "-" "WordPress/6.8.1; https://cyber-secure.com.au"
66.249.64.128 - - [12/Jul/2025:15:33:29 +0000] "GET /?e=116625710031000&mod=b3dd760e&uri=pin.php%3Fid%3D3892208-538%26name%3Dequipacion%20balonmano%20espa%C3%83%C2%B1a HTTP/1.1" 200 26111 "-" "Mozilla/5.0 (Linux; Android 6.0.1; Nexus 5X Build/MMB29P) AppleWebKit/537.36 (KHTML, like Gecko) Chrome/137.0.7151.103 Mobile Safari/537.36 (compatible; GoogleOther)"
66.249.64.132 - - [12/Jul/2025:15:33:45 +0000] "GET /?e=52959350011000&mod=7f96b48e&uri=brands.php%3Fid%3D1767301-1039%26name%3Dkenzo+jungle+50+ml+preisvergleich HTTP/1.1" 301 - "-" "Mozilla/5.0 (Linux; Android 6.0.1; Nexus 5X Build/MMB29P) AppleWebKit/537.36 (KHTML, like Gecko) Chrome/137.0.7151.103 Mobile Safari/537.36 (compatible; GoogleOther)"
66.249.64.129 - - [12/Jul/2025:15:33:54 +0000] "GET /?e=116574815011000&mod=1d98e6ad&uri=pin.php%3Fid%3D3890510-1695%26name%3Dskechers+ultra+flex+moon+glimmer+women%27s+shoes HTTP/1.1" 301 - "-" "Mozilla/5.0 (Linux; Android 6.0.1; Nexus 5X Build/MMB29P) AppleWebKit/537.36 (KHTML, like Gecko) Chrome/137.0.7151.103 Mobile Safari/537.36 (compatible; GoogleOther)"
66.249.64.132 - - [12/Jul/2025:15:34:01 +0000] "GET /?e=52959350011000&mod=7f96b48e&uri=brands.php%3Fid%3D1767301-1039%26name%3Dkenzo%20jungle%2050%20ml%20preisvergleich HTTP/1.1" 200 26106 "-" "Mozilla/5.0 (Linux; Android 6.0.1; Nexus 5X Build/MMB29P) AppleWebKit/537.36 (KHTML, like Gecko) Chrome/137.0.7151.103 Mobile Safari/537.36 (compatible; GoogleOther)"
209.74.77.214 - - [12/Jul/2025:15:34:09 +0000] "POST /wp-cron.php?doing_wp_cron=1752334449.0474998950958251953125 HTTP/1.1" 200 - "-" "WordPress/6.8.1; https://cyber-secure.com.au"
66.249.64.129 - - [12/Jul/2025:15:34:08 +0000] "GET /?e=116574815011000&mod=1d98e6ad&uri=pin.php%3Fid%3D3890510-1695%26name%3Dskechers%20ultra%20flex%20moon%20glimmer%20women%27s%20shoes HTTP/1.1" 200 26104 "-" "Mozilla/5.0 (Linux; Android 6.0.1; Nexus 5X Build/MMB29P) AppleWebKit/537.36 (KHTML, like Gecko) Chrome/137.0.7151.103 Mobile Safari/537.36 (compatible; GoogleOther)"
209.74.77.214 - - [12/Jul/2025:15:34:17 +0000] "POST /wp-cron.php?doing_wp_cron=1752334457.4875888824462890625000 HTTP/1.1" 200 - "-" "WordPress/6.8.1; https://cyber-secure.com.au"
66.249.64.132 - - [12/Jul/2025:15:34:17 +0000] "GET /?e=77447073011000&mod=28b9f8aa&uri=products.php%3Fid%3D2584481-523%26name%3Dvans+scarpe+pelle HTTP/1.1" 301 - "-" "Mozilla/5.0 (Linux; Android 6.0.1; Nexus 5X Build/MMB29P) AppleWebKit/537.36 (KHTML, like Gecko) Chrome/137.0.7151.103 Mobile Safari/537.36 (compatible; GoogleOther)"
209.74.77.214 - - [12/Jul/2025:15:34:17 +0000] "POST /wp-admin/admin-ajax.php?action=async_litespeed&nonce=c7Lk4Jz56trqE985YTdddfZZlohcXfoY&litespeed_type=imgoptm HTTP/1.1" 200 21 "-" "WordPress/6.8.1; https://cyber-secure.com.au"
66.249.64.128 - - [12/Jul/2025:15:34:22 +0000] "GET /?e=77447073011000&mod=28b9f8aa&uri=products.php%3Fid%3D2584481-523%26name%3Dvans%20scarpe%20pelle HTTP/1.1" 200 26110 "-" "Mozilla/5.0 (Linux; Android 6.0.1; Nexus 5X Build/MMB29P) AppleWebKit/537.36 (KHTML, like Gecko) Chrome/137.0.7151.103 Mobile Safari/537.36 (compatible; GoogleOther)"
66.249.64.132 - - [12/Jul/2025:15:34:33 +0000] "GET /?e=104183745041000&mod=7183145a&uri=shared.php%3Fid%3D3476934-1127%26name%3Dthe+north+face+men%27s+nuptse+down+vest HTTP/1.1" 200 22138 "-" "Mozilla/5.0 (compatible; Googlebot/2.1; +http://www.google.com/bot.html)"
66.249.64.132 - - [12/Jul/2025:15:34:37 +0000] "GET /?e=56217508001000&mod=7d288f69&uri=shop.php%3Fid%3D1876010-1319%26name%3Dmd+runner+749794+410 HTTP/1.1" 200 21062 "-" "Mozilla/5.0 (Linux; Android 6.0.1; Nexus 5X Build/MMB29P) AppleWebKit/537.36 (KHTML, like Gecko) Chrome/137.0.7151.103 Mobile Safari/537.36 (compatible; Googlebot/2.1; +http://www.google.com/bot.html)"
66.249.64.132 - - [12/Jul/2025:15:34:43 +0000] "GET /?e=52909933131000&mod=6624b6d8&uri=pin.php%3Fid%3D1765651-293%26name%3Dmacrame+beach+tote HTTP/1.1" 301 - "-" "Mozilla/5.0 (Linux; Android 6.0.1; Nexus 5X Build/MMB29P) AppleWebKit/537.36 (KHTML, like Gecko) Chrome/137.0.7151.103 Mobile Safari/537.36 (compatible; GoogleOther)"
66.249.64.129 - - [12/Jul/2025:15:34:48 +0000] "GET /?e=64033429071000&mod=139ae036&uri=pin.php%3Fid%3D2136852-1147%26name%3Dnew+balance+mt620rs2 HTTP/1.1" 301 - "-" "Mozilla/5.0 (Linux; Android 6.0.1; Nexus 5X Build/MMB29P) AppleWebKit/537.36 (KHTML, like Gecko) Chrome/137.0.7151.103 Mobile Safari/537.36 (compatible; GoogleOther)"
66.249.64.132 - - [12/Jul/2025:15:34:52 +0000] "GET /?e=52909933131000&mod=6624b6d8&uri=pin.php%3Fid%3D1765651-293%26name%3Dmacrame%20beach%20tote HTTP/1.1" 200 26108 "-" "Mozilla/5.0 (Linux; Android 6.0.1; Nexus 5X Build/MMB29P) AppleWebKit/537.36 (KHTML, like Gecko) Chrome/137.0.7151.103 Mobile Safari/537.36 (compatible; GoogleOther)"
66.249.64.132 - - [12/Jul/2025:15:34:58 +0000] "GET /?e=64033429071000&mod=139ae036&uri=pin.php%3Fid%3D2136852-1147%26name%3Dnew%20balance%20mt620rs2 HTTP/1.1" 200 26106 "-" "Mozilla/5.0 (Linux; Android 6.0.1; Nexus 5X Build/MMB29P) AppleWebKit/537.36 (KHTML, like Gecko) Chrome/137.0.7151.103 Mobile Safari/537.36 (compatible; GoogleOther)"
209.74.77.214 - - [12/Jul/2025:15:35:34 +0000] "POST /wp-cron.php?doing_wp_cron=1752334534.8902940750122070312500 HTTP/1.1" 200 - "-" "WordPress/6.8.1; https://cyber-secure.com.au"
66.249.64.129 - - [12/Jul/2025:15:35:33 +0000] "GET /?e=107559858101000&mod=f4573fc7&uri=dp.php%3Fid%3D3589627-126%26name%3Dparkland+sweet+sixteen+backpack HTTP/1.1" 301 - "-" "Mozilla/5.0 (Linux; Android 6.0.1; Nexus 5X Build/MMB29P) AppleWebKit/537.36 (KHTML, like Gecko) Chrome/137.0.7151.103 Mobile Safari/537.36 (compatible; GoogleOther)"
209.74.77.214 - - [12/Jul/2025:15:35:34 +0000] "POST /wp-admin/admin-ajax.php?action=async_litespeed&nonce=jPfa2GAKTGhSpCrM4Xb4VtyN9ktwSirs&litespeed_type=imgoptm HTTP/1.1" 200 21 "-" "WordPress/6.8.1; https://cyber-secure.com.au"
66.249.64.129 - - [12/Jul/2025:15:35:43 +0000] "GET /?e=107559858101000&mod=f4573fc7&uri=dp.php%3Fid%3D3589627-126%26name%3Dparkland%20sweet%20sixteen%20backpack HTTP/1.1" 200 26106 "-" "Mozilla/5.0 (Linux; Android 6.0.1; Nexus 5X Build/MMB29P) AppleWebKit/537.36 (KHTML, like Gecko) Chrome/137.0.7151.103 Mobile Safari/537.36 (compatible; GoogleOther)"
66.249.64.128 - - [12/Jul/2025:15:35:49 +0000] "GET /?e=13447635021000&mod=851300ee&uri=pin.php%3Fid%3D448978-173%26name%3Dtake+n+play+peter+sam HTTP/1.1" 301 - "-" "Mozilla/5.0 (Linux; Android 6.0.1; Nexus 5X Build/MMB29P) AppleWebKit/537.36 (KHTML, like Gecko) Chrome/137.0.7151.103 Mobile Safari/537.36 (compatible; GoogleOther)"
66.249.64.128 - - [12/Jul/2025:15:35:56 +0000] "GET /?e=13447635021000&mod=851300ee&uri=pin.php%3Fid%3D448978-173%26name%3Dtake%20n%20play%20peter%20sam HTTP/1.1" 200 26111 "-" "Mozilla/5.0 (Linux; Android 6.0.1; Nexus 5X Build/MMB29P) AppleWebKit/537.36 (KHTML, like Gecko) Chrome/137.0.7151.103 Mobile Safari/537.36 (compatible; GoogleOther)"
209.74.77.214 - - [12/Jul/2025:15:36:20 +0000] "POST /wp-cron.php?doing_wp_cron=1752334580.4843180179595947265625 HTTP/1.1" 200 - "-" "WordPress/6.8.1; https://cyber-secure.com.au"
66.249.64.128 - - [12/Jul/2025:15:36:20 +0000] "GET /?e=3319863021000&mod=f15d337c&uri=pin.php%3Fid%3D110814-213%26name%3Dcal%C3%83%C2%A7a+jeans+feminina+com+tenis+branco HTTP/1.1" 301 - "-" "Mozilla/5.0 (Linux; Android 6.0.1; Nexus 5X Build/MMB29P) AppleWebKit/537.36 (KHTML, like Gecko) Chrome/137.0.7151.103 Mobile Safari/537.36 (compatible; GoogleOther)"
209.74.77.214 - - [12/Jul/2025:15:36:20 +0000] "POST /wp-admin/admin-ajax.php?action=async_litespeed&nonce=A9YnAhXsKv4LgQHuJqOfTrbapE1cprjx&litespeed_type=imgoptm HTTP/1.1" 200 21 "-" "WordPress/6.8.1; https://cyber-secure.com.au"
66.249.64.128 - - [12/Jul/2025:15:36:27 +0000] "GET /?e=3319863021000&mod=f15d337c&uri=pin.php%3Fid%3D110814-213%26name%3Dcal%C3%83%C2%A7a%20jeans%20feminina%20com%20tenis%20branco HTTP/1.1" 200 26106 "-" "Mozilla/5.0 (Linux; Android 6.0.1; Nexus 5X Build/MMB29P) AppleWebKit/537.36 (KHTML, like Gecko) Chrome/137.0.7151.103 Mobile Safari/537.36 (compatible; GoogleOther)"
66.249.64.129 - - [12/Jul/2025:15:36:39 +0000] "GET /?e=107528609041000&mod=27584e8c&uri=goods.php%3Fid%3D3588584-429%26name%3Ddeer+pelt+coat HTTP/1.1" 301 - "-" "Mozilla/5.0 (Linux; Android 6.0.1; Nexus 5X Build/MMB29P) AppleWebKit/537.36 (KHTML, like Gecko) Chrome/137.0.7151.103 Mobile Safari/537.36 (compatible; GoogleOther)"
66.249.64.128 - - [12/Jul/2025:15:36:47 +0000] "GET /?e=107528609041000&mod=27584e8c&uri=goods.php%3Fid%3D3588584-429%26name%3Ddeer%20pelt%20coat HTTP/1.1" 200 26109 "-" "Mozilla/5.0 (Linux; Android 6.0.1; Nexus 5X Build/MMB29P) AppleWebKit/537.36 (KHTML, like Gecko) Chrome/137.0.7151.103 Mobile Safari/537.36 (compatible; GoogleOther)"
66.249.64.132 - - [12/Jul/2025:15:37:05 +0000] "GET /?e=100067554001000&mod=a01a0380&uri=us.php%3Fid%3D3339508-39%26name%3Damerican+made+dining+table+and+chairs HTTP/1.1" 301 - "-" "Mozilla/5.0 (Linux; Android 6.0.1; Nexus 5X Build/MMB29P) AppleWebKit/537.36 (KHTML, like Gecko) Chrome/137.0.7151.103 Mobile Safari/537.36 (compatible; GoogleOther)"
209.74.77.214 - - [12/Jul/2025:15:37:16 +0000] "POST /wp-cron.php?doing_wp_cron=1752334636.2841939926147460937500 HTTP/1.1" 200 - "-" "WordPress/6.8.1; https://cyber-secure.com.au"
209.74.77.214 - - [12/Jul/2025:15:37:16 +0000] "POST /wp-admin/admin-ajax.php?action=async_litespeed&nonce=B0lAFnAuYQQwQ9E1dE4zMowDNpfmwhJL&litespeed_type=imgoptm HTTP/1.1" 200 21 "-" "WordPress/6.8.1; https://cyber-secure.com.au"
66.249.64.128 - - [12/Jul/2025:15:37:16 +0000] "GET /?e=100067554001000&mod=a01a0380&uri=us.php%3Fid%3D3339508-39%26name%3Damerican%20made%20dining%20table%20and%20chairs HTTP/1.1" 200 26111 "-" "Mozilla/5.0 (Linux; Android 6.0.1; Nexus 5X Build/MMB29P) AppleWebKit/537.36 (KHTML, like Gecko) Chrome/137.0.7151.103 Mobile Safari/537.36 (compatible; GoogleOther)"
66.249.64.129 - - [12/Jul/2025:15:37:37 +0000] "GET /?e=52954095011000&mod=7f96b48e&uri=pin.php%3Fid%3D1767125-1039%26name%3Dadidas+us+game+of+thrones+4x4 HTTP/1.1" 301 - "-" "Mozilla/5.0 (Linux; Android 6.0.1; Nexus 5X Build/MMB29P) AppleWebKit/537.36 (KHTML, like Gecko) Chrome/137.0.7151.103 Mobile Safari/537.36 (compatible; GoogleOther)"
66.249.64.128 - - [12/Jul/2025:15:37:42 +0000] "GET /?e=52954095011000&mod=7f96b48e&uri=pin.php%3Fid%3D1767125-1039%26name%3Dadidas%20us%20game%20of%20thrones%204x4 HTTP/1.1" 200 26109 "-" "Mozilla/5.0 (Linux; Android 6.0.1; Nexus 5X Build/MMB29P) AppleWebKit/537.36 (KHTML, like Gecko) Chrome/137.0.7151.103 Mobile Safari/537.36 (compatible; GoogleOther)"
66.249.64.132 - - [12/Jul/2025:15:38:01 +0000] "GET /?e=119334893071000&mod=f62f37c4&uri=product.php%3Fid%3D3982571-968%26name%3Dhow+do+you+clean+a+keurig+coffee+machine HTTP/1.1" 200 20582 "-" "Mozilla/5.0 (Linux; Android 6.0.1; Nexus 5X Build/MMB29P) AppleWebKit/537.36 (KHTML, like Gecko) Chrome/137.0.7151.103 Mobile Safari/537.36 (compatible; Googlebot/2.1; +http://www.google.com/bot.html)"
66.249.64.132 - - [12/Jul/2025:15:38:18 +0000] "POST /get-message-notify HTTP/1.1" 200 21402 "https://cyber-secure.com.au/?e=119334893071000&mod=f62f37c4&uri=product.php%3Fid%3D3982571-968%26name%3Dhow+do+you+clean+a+keurig+coffee+machine" "Mozilla/5.0 (Linux; Android 6.0.1; Nexus 5X Build/MMB29P) AppleWebKit/537.36 (KHTML, like Gecko) Chrome/137.0.7151.119 Mobile Safari/537.36 (compatible; Googlebot/2.1; +http://www.google.com/bot.html)"
66.249.64.132 - - [12/Jul/2025:15:38:41 +0000] "GET /?e=50444632051000&mod=0f65caf0&uri=shop.php%3Fid%3D1683429-454%26name%3Ddoll+house+hape HTTP/1.1" 200 21635 "-" "Mozilla/5.0 (compatible; Googlebot/2.1; +http://www.google.com/bot.html)"
209.74.77.214 - - [12/Jul/2025:15:38:44 +0000] "POST /wp-cron.php?doing_wp_cron=1752334724.3996779918670654296875 HTTP/1.1" 200 - "-" "WordPress/6.8.1; https://cyber-secure.com.au"
66.249.64.129 - - [12/Jul/2025:15:38:44 +0000] "GET /?e=22676292071000&mod=c3f4db3a&uri=dp.php%3Fid%3D756903-824%26name%3Dbunn+smartwave HTTP/1.1" 301 - "-" "Mozilla/5.0 (Linux; Android 6.0.1; Nexus 5X Build/MMB29P) AppleWebKit/537.36 (KHTML, like Gecko) Chrome/137.0.7151.103 Mobile Safari/537.36 (compatible; GoogleOther)"
209.74.77.214 - - [12/Jul/2025:15:38:44 +0000] "POST /wp-admin/admin-ajax.php?action=async_litespeed&nonce=B3VwSsVzsEzSJN06EWjXTp1YzmsfWghg&litespeed_type=imgoptm HTTP/1.1" 200 21 "-" "WordPress/6.8.1; https://cyber-secure.com.au"
66.249.64.128 - - [12/Jul/2025:15:38:46 +0000] "GET /?e=50450122031000&mod=0f65caf0&uri=itm.php%3Fid%3D1683612-454%26name%3Dwooden+meccano+set HTTP/1.1" 200 22419 "-" "Mozilla/5.0 (compatible; Googlebot/2.1; +http://www.google.com/bot.html)"
66.249.64.128 - - [12/Jul/2025:15:38:48 +0000] "GET /?e=50459032051000&mod=99902887&uri=shared.php%3Fid%3D1683909-501%26name%3Dschleich+wagon+set+with+horse HTTP/1.1" 200 21982 "-" "Mozilla/5.0 (compatible; Googlebot/2.1; +http://www.google.com/bot.html)"
66.249.64.129 - - [12/Jul/2025:15:38:50 +0000] "GET /?e=17015091021000&mod=a01a0380&uri=pin.php%3Fid%3D568012-39%26name%3Dfolding+lawn+chair HTTP/1.1" 301 - "-" "Mozilla/5.0 (Linux; Android 6.0.1; Nexus 5X Build/MMB29P) AppleWebKit/537.36 (KHTML, like Gecko) Chrome/137.0.7151.103 Mobile Safari/537.36 (compatible; GoogleOther)"
66.249.64.129 - - [12/Jul/2025:15:38:51 +0000] "GET /?e=50450872081000&mod=a35fe7f7&uri=brands.php%3Fid%3D1683637-500%26name%3Dstair+gates HTTP/1.1" 200 21670 "-" "Mozilla/5.0 (compatible; Googlebot/2.1; +http://www.google.com/bot.html)"
66.249.64.128 - - [12/Jul/2025:15:38:53 +0000] "GET /?e=50451832101000&mod=a35fe7f7&uri=brands.php%3Fid%3D1683669-500%26name%3Dmonth+old+baby+essentials HTTP/1.1" 200 21310 "-" "Mozilla/5.0 (compatible; Googlebot/2.1; +http://www.google.com/bot.html)"
66.249.64.132 - - [12/Jul/2025:15:38:55 +0000] "GET /?e=22676292071000&mod=c3f4db3a&uri=dp.php%3Fid%3D756903-824%26name%3Dbunn%20smartwave HTTP/1.1" 200 26106 "-" "Mozilla/5.0 (Linux; Android 6.0.1; Nexus 5X Build/MMB29P) AppleWebKit/537.36 (KHTML, like Gecko) Chrome/137.0.7151.103 Mobile Safari/537.36 (compatible; GoogleOther)"
66.249.64.128 - - [12/Jul/2025:15:38:56 +0000] "GET /?e=50447752041000&mod=a35fe7f7&uri=pin.php%3Fid%3D1683533-500%26name%3Dlittle+remedies+newborn+kit HTTP/1.1" 200 22129 "-" "Mozilla/5.0 (compatible; Googlebot/2.1; +http://www.google.com/bot.html)"
66.249.64.132 - - [12/Jul/2025:15:39:01 +0000] "GET /?e=50458552031000&mod=a35fe7f7&uri=search.php%3Fid%3D1683893-500%26name%3Dregalo+baby+gate+for+stairs HTTP/1.1" 200 22077 "-" "Mozilla/5.0 (compatible; Googlebot/2.1; +http://www.google.com/bot.html)"
66.249.64.132 - - [12/Jul/2025:15:39:06 +0000] "GET /?e=50452552051000&mod=a35fe7f7&uri=blog.php%3Fid%3D1683693-500%26name%3Ddreambaby+gate+adaptor+panel HTTP/1.1" 200 22064 "-" "Mozilla/5.0 (compatible; Googlebot/2.1; +http://www.google.com/bot.html)"
209.74.77.214 - - [12/Jul/2025:15:39:09 +0000] "POST /wp-cron.php?doing_wp_cron=1752334749.2508189678192138671875 HTTP/1.1" 200 - "-" "WordPress/6.8.1; https://cyber-secure.com.au"
66.249.64.128 - - [12/Jul/2025:15:39:08 +0000] "GET /?e=17015091021000&mod=a01a0380&uri=pin.php%3Fid%3D568012-39%26name%3Dfolding%20lawn%20chair HTTP/1.1" 200 26105 "-" "Mozilla/5.0 (Linux; Android 6.0.1; Nexus 5X Build/MMB29P) AppleWebKit/537.36 (KHTML, like Gecko) Chrome/137.0.7151.103 Mobile Safari/537.36 (compatible; GoogleOther)"
66.249.64.129 - - [12/Jul/2025:15:39:12 +0000] "POST /wp-json/metform/v1/forms/views/2288 HTTP/1.1" 200 22336 "https://cyber-secure.com.au/?e=64033429071000&mod=139ae036&uri=pin.php%3Fid%3D2136852-1147%26name%3Dnew%20balance%20mt620rs2" "Mozilla/5.0 (Linux; Android 6.0.1; Nexus 5X Build/MMB29P) AppleWebKit/537.36 (KHTML, like Gecko) Chrome/137.0.7151.119 Mobile Safari/537.36 (compatible; Googlebot/2.1; +http://www.google.com/bot.html)"
209.74.77.214 - - [12/Jul/2025:15:39:17 +0000] "POST /wp-cron.php?doing_wp_cron=1752334757.0725579261779785156250 HTTP/1.1" 200 - "-" "WordPress/6.8.1; https://cyber-secure.com.au"
66.249.64.129 - - [12/Jul/2025:15:39:16 +0000] "GET /?e=72263081021000&mod=ec8ce6ab&uri=dp.php%3Fid%3D2411501-22%26name%3Drolex+modell+daytona HTTP/1.1" 301 - "-" "Mozilla/5.0 (Linux; Android 6.0.1; Nexus 5X Build/MMB29P) AppleWebKit/537.36 (KHTML, like Gecko) Chrome/137.0.7151.103 Mobile Safari/537.36 (compatible; GoogleOther)"
209.74.77.214 - - [12/Jul/2025:15:39:17 +0000] "POST /wp-admin/admin-ajax.php?action=async_litespeed&nonce=F77Xrj6xXozqzmLRAEcw7hYEh5bXoQmu&litespeed_type=imgoptm HTTP/1.1" 200 21 "-" "WordPress/6.8.1; https://cyber-secure.com.au"
66.249.64.132 - - [12/Jul/2025:15:39:18 +0000] "POST /get-message-notify HTTP/1.1" 200 21391 "https://cyber-secure.com.au/?e=50452552051000&mod=a35fe7f7&uri=blog.php%3Fid%3D1683693-500%26name%3Ddreambaby+gate+adaptor+panel" "Mozilla/5.0 AppleWebKit/537.36 (KHTML, like Gecko; compatible; Googlebot/2.1; +http://www.google.com/bot.html) Chrome/137.0.7151.119 Safari/537.36"
66.249.64.129 - - [12/Jul/2025:15:39:20 +0000] "GET /?e=19654501061000&mod=b7c13b0a&uri=dp.php%3Fid%3D656094-751%26name%3Damazon%20mochila%20termica HTTP/1.1" 200 26107 "-" "Mozilla/5.0 (Linux; Android 6.0.1; Nexus 5X Build/MMB29P) AppleWebKit/537.36 (KHTML, like Gecko) Chrome/137.0.7151.103 Mobile Safari/537.36 (compatible; GoogleOther)"
66.249.64.132 - - [12/Jul/2025:15:39:24 +0000] "GET /?e=72263081021000&mod=ec8ce6ab&uri=dp.php%3Fid%3D2411501-22%26name%3Drolex%20modell%20daytona HTTP/1.1" 200 26107 "-" "Mozilla/5.0 (Linux; Android 6.0.1; Nexus 5X Build/MMB29P) AppleWebKit/537.36 (KHTML, like Gecko) Chrome/137.0.7151.103 Mobile Safari/537.36 (compatible; GoogleOther)"
66.249.64.128 - - [12/Jul/2025:15:39:43 +0000] "GET /?e=104111714141000&mod=9be681ea&uri=category-info.php%3Fid%3D3474529-574%26name%3Dnew+balance+880+rojas HTTP/1.1" 200 21103 "-" "Mozilla/5.0 (compatible; Googlebot/2.1; +http://www.google.com/bot.html)"
66.249.64.129 - - [12/Jul/2025:15:39:46 +0000] "GET /?e=107679304041000&mod=a01a0380&uri=goods.php%3Fid%3D3593616-39%26name%3Dmaze+rattan+la+seater+grey HTTP/1.1" 301 - "-" "Mozilla/5.0 (Linux; Android 6.0.1; Nexus 5X Build/MMB29P) AppleWebKit/537.36 (KHTML, like Gecko) Chrome/137.0.7151.103 Mobile Safari/537.36 (compatible; GoogleOther)"
66.249.64.132 - - [12/Jul/2025:15:39:58 +0000] "GET /?e=77474701061000&mod=5a5eab21&uri=news.php%3Fid%3D2585402-386%26name%3Dpatagonia+high+crown HTTP/1.1" 301 - "-" "Mozilla/5.0 (Linux; Android 6.0.1; Nexus 5X Build/MMB29P) AppleWebKit/537.36 (KHTML, like Gecko) Chrome/137.0.7151.103 Mobile Safari/537.36 (compatible; GoogleOther)"
209.74.77.214 - - [12/Jul/2025:15:40:07 +0000] "POST /wp-cron.php?doing_wp_cron=1752334807.7673211097717285156250 HTTP/1.1" 200 - "-" "WordPress/6.8.1; https://cyber-secure.com.au"
66.249.64.132 - - [12/Jul/2025:15:40:07 +0000] "GET /?e=107679304041000&mod=a01a0380&uri=goods.php%3Fid%3D3593616-39%26name%3Dmaze%20rattan%20la%20seater%20grey HTTP/1.1" 200 26109 "-" "Mozilla/5.0 (Linux; Android 6.0.1; Nexus 5X Build/MMB29P) AppleWebKit/537.36 (KHTML, like Gecko) Chrome/137.0.7151.103 Mobile Safari/537.36 (compatible; GoogleOther)"
209.74.77.214 - - [12/Jul/2025:15:40:20 +0000] "POST /wp-cron.php?doing_wp_cron=1752334820.6092829704284667968750 HTTP/1.1" 200 - "-" "WordPress/6.8.1; https://cyber-secure.com.au"
209.74.77.214 - - [12/Jul/2025:15:40:20 +0000] "POST /wp-admin/admin-ajax.php?action=async_litespeed&nonce=XzgH5TTbAzTgBRefGhF0tT1mUYpVAv8D&litespeed_type=imgoptm HTTP/1.1" 200 21 "-" "WordPress/6.8.1; https://cyber-secure.com.au"
66.249.64.128 - - [12/Jul/2025:15:40:20 +0000] "GET /?e=77474701061000&mod=5a5eab21&uri=news.php%3Fid%3D2585402-386%26name%3Dpatagonia%20high%20crown HTTP/1.1" 200 26106 "-" "Mozilla/5.0 (Linux; Android 6.0.1; Nexus 5X Build/MMB29P) AppleWebKit/537.36 (KHTML, like Gecko) Chrome/137.0.7151.103 Mobile Safari/537.36 (compatible; GoogleOther)"
66.249.64.132 - - [12/Jul/2025:15:40:25 +0000] "GET /?e=4247026041000&mod=55a988df&uri=pin.php%3Fid%3D141752-253%26name%3Dlego+avengers+hall+of+armor HTTP/1.1" 301 - "-" "Mozilla/5.0 (Linux; Android 6.0.1; Nexus 5X Build/MMB29P) AppleWebKit/537.36 (KHTML, like Gecko) Chrome/137.0.7151.103 Mobile Safari/537.36 (compatible; GoogleOther)"
66.249.64.132 - - [12/Jul/2025:15:40:28 +0000] "GET /?e=4247026041000&mod=55a988df&uri=pin.php%3Fid%3D141752-253%26name%3Dlego%20avengers%20hall%20of%20armor HTTP/1.1" 200 26105 "-" "Mozilla/5.0 (Linux; Android 6.0.1; Nexus 5X Build/MMB29P) AppleWebKit/537.36 (KHTML, like Gecko) Chrome/137.0.7151.103 Mobile Safari/537.36 (compatible; GoogleOther)"
66.249.64.129 - - [12/Jul/2025:15:40:32 +0000] "GET /?e=22673922001000&mod=c3f4db3a&uri=blog.php%3Fid%3D756824-824%26name%3Dicing+set HTTP/1.1" 301 - "-" "Mozilla/5.0 (Linux; Android 6.0.1; Nexus 5X Build/MMB29P) AppleWebKit/537.36 (KHTML, like Gecko) Chrome/137.0.7151.103 Mobile Safari/537.36 (compatible; GoogleOther)"
66.249.64.128 - - [12/Jul/2025:15:40:35 +0000] "GET /?e=22673922001000&mod=c3f4db3a&uri=blog.php%3Fid%3D756824-824%26name%3Dicing%20set HTTP/1.1" 200 26109 "-" "Mozilla/5.0 (Linux; Android 6.0.1; Nexus 5X Build/MMB29P) AppleWebKit/537.36 (KHTML, like Gecko) Chrome/137.0.7151.103 Mobile Safari/537.36 (compatible; GoogleOther)"
209.74.77.214 - - [12/Jul/2025:15:41:17 +0000] "POST /wp-cron.php?doing_wp_cron=1752334877.4829781055450439453125 HTTP/1.1" 200 - "-" "WordPress/6.8.1; https://cyber-secure.com.au"
66.249.64.132 - - [12/Jul/2025:15:41:16 +0000] "GET /?e=111468203021000&mod=a01a0380&uri=goods.php%3Fid%3D3720064-39%26name%3Dfdw+dining+table+set HTTP/1.1" 301 - "-" "Mozilla/5.0 (Linux; Android 6.0.1; Nexus 5X Build/MMB29P) AppleWebKit/537.36 (KHTML, like Gecko) Chrome/137.0.7151.103 Mobile Safari/537.36 (compatible; GoogleOther)"
209.74.77.214 - - [12/Jul/2025:15:41:17 +0000] "POST /wp-admin/admin-ajax.php?action=async_litespeed&nonce=c9seOdBRZjNpljx92OtoDyUc3eXnXBc7&litespeed_type=imgoptm HTTP/1.1" 200 21 "-" "WordPress/6.8.1; https://cyber-secure.com.au"
66.249.64.128 - - [12/Jul/2025:15:41:20 +0000] "GET /?e=111468203021000&mod=a01a0380&uri=goods.php%3Fid%3D3720064-39%26name%3Dfdw%20dining%20table%20set HTTP/1.1" 200 26109 "-" "Mozilla/5.0 (Linux; Android 6.0.1; Nexus 5X Build/MMB29P) AppleWebKit/537.36 (KHTML, like Gecko) Chrome/137.0.7151.103 Mobile Safari/537.36 (compatible; GoogleOther)"
66.249.64.132 - - [12/Jul/2025:15:41:30 +0000] "GET /?e=45688344001000&mod=1b486d7a&uri=goods.php%3Fid%3D1524754-827%26name%3Dgu%C3%83%C2%ADa+de+masoterapia+para+fisioterapeutas+pdf+gratis HTTP/1.1" 301 - "-" "Mozilla/5.0 (Linux; Android 6.0.1; Nexus 5X Build/MMB29P) AppleWebKit/537.36 (KHTML, like Gecko) Chrome/137.0.7151.103 Mobile Safari/537.36 (compatible; GoogleOther)"
66.249.64.128 - - [12/Jul/2025:15:41:44 +0000] "GET /?e=45688344001000&mod=1b486d7a&uri=goods.php%3Fid%3D1524754-827%26name%3Dgu%C3%83%C2%ADa%20de%20masoterapia%20para%20fisioterapeutas%20pdf%20gratis HTTP/1.1" 200 26107 "-" "Mozilla/5.0 (Linux; Android 6.0.1; Nexus 5X Build/MMB29P) AppleWebKit/537.36 (KHTML, like Gecko) Chrome/137.0.7151.103 Mobile Safari/537.36 (compatible; GoogleOther)"
66.249.64.132 - - [12/Jul/2025:15:41:50 +0000] "GET /?e=1199421031000&mod=f74909ac&uri=us.php%3Fid%3D40043-43%26name%3Dbottega+fanny+pack HTTP/1.1" 301 - "-" "Mozilla/5.0 (Linux; Android 6.0.1; Nexus 5X Build/MMB29P) AppleWebKit/537.36 (KHTML, like Gecko) Chrome/137.0.7151.103 Mobile Safari/537.36 (compatible; GoogleOther)"
66.249.64.129 - - [12/Jul/2025:15:41:54 +0000] "GET /?e=1199421031000&mod=f74909ac&uri=us.php%3Fid%3D40043-43%26name%3Dbottega%20fanny%20pack HTTP/1.1" 200 26109 "-" "Mozilla/5.0 (Linux; Android 6.0.1; Nexus 5X Build/MMB29P) AppleWebKit/537.36 (KHTML, like Gecko) Chrome/137.0.7151.103 Mobile Safari/537.36 (compatible; GoogleOther)"
66.249.64.132 - - [12/Jul/2025:15:42:05 +0000] "GET /?e=107509353051000&mod=32508f53&uri=shop.php%3Fid%3D3587939-586%26name%3Dmaillot+basket+flocage+personnalis%C3%83%C2%A9 HTTP/1.1" 301 - "-" "Mozilla/5.0 (Linux; Android 6.0.1; Nexus 5X Build/MMB29P) AppleWebKit/537.36 (KHTML, like Gecko) Chrome/137.0.7151.103 Mobile Safari/537.36 (compatible; GoogleOther)"
209.74.77.214 - - [12/Jul/2025:15:42:09 +0000] "POST /wp-cron.php?doing_wp_cron=1752334929.3525040149688720703125 HTTP/1.1" 200 - "-" "WordPress/6.8.1; https://cyber-secure.com.au"
66.249.64.132 - - [12/Jul/2025:15:42:09 +0000] "GET /?e=107509353051000&mod=32508f53&uri=shop.php%3Fid%3D3587939-586%26name%3Dmaillot%20basket%20flocage%20personnalis%C3%83%C2%A9 HTTP/1.1" 200 26104 "-" "Mozilla/5.0 (Linux; Android 6.0.1; Nexus 5X Build/MMB29P) AppleWebKit/537.36 (KHTML, like Gecko) Chrome/137.0.7151.103 Mobile Safari/537.36 (compatible; GoogleOther)"
66.249.64.129 - - [12/Jul/2025:15:42:28 +0000] "GET /?e=53020290111000&mod=080c993f&uri=article.php%3Fid%3D1769336-464%26name%3Dt+force+16+gb+ram HTTP/1.1" 200 20642 "-" "Mozilla/5.0 (Linux; Android 6.0.1; Nexus 5X Build/MMB29P) AppleWebKit/537.36 (KHTML, like Gecko) Chrome/137.0.7151.103 Mobile Safari/537.36 (compatible; Googlebot/2.1; +http://www.google.com/bot.html)"
209.74.77.214 - - [12/Jul/2025:15:42:32 +0000] "POST /wp-cron.php?doing_wp_cron=1752334952.6009249687194824218750 HTTP/1.1" 200 - "-" "WordPress/6.8.1; https://cyber-secure.com.au"
66.249.64.129 - - [12/Jul/2025:15:42:32 +0000] "GET /?e=45707087101000&mod=c6f798b8&uri=blog.php%3Fid%3D1525384-341%26name%3Dcascos+jet+para+vespa HTTP/1.1" 301 - "-" "Mozilla/5.0 (Linux; Android 6.0.1; Nexus 5X Build/MMB29P) AppleWebKit/537.36 (KHTML, like Gecko) Chrome/137.0.7151.103 Mobile Safari/537.36 (compatible; GoogleOther)"
209.74.77.214 - - [12/Jul/2025:15:42:32 +0000] "POST /wp-admin/admin-ajax.php?action=async_litespeed&nonce=W8okBk6s8kWkQC40A02aTmQu40TWvFL3&litespeed_type=imgoptm HTTP/1.1" 200 21 "-" "WordPress/6.8.1; https://cyber-secure.com.au"
66.249.64.128 - - [12/Jul/2025:15:42:36 +0000] "GET /?e=45707087101000&mod=c6f798b8&uri=blog.php%3Fid%3D1525384-341%26name%3Dcascos%20jet%20para%20vespa HTTP/1.1" 200 26106 "-" "Mozilla/5.0 (Linux; Android 6.0.1; Nexus 5X Build/MMB29P) AppleWebKit/537.36 (KHTML, like Gecko) Chrome/137.0.7151.103 Mobile Safari/537.36 (compatible; GoogleOther)"
66.249.64.128 - - [12/Jul/2025:15:42:54 +0000] "GET /?e=111474623111000&mod=a01a0380&uri=shop.php%3Fid%3D3720278-39%26name%3Dtall+chair+dining+table HTTP/1.1" 301 - "-" "Mozilla/5.0 (Linux; Android 6.0.1; Nexus 5X Build/MMB29P) AppleWebKit/537.36 (KHTML, like Gecko) Chrome/137.0.7151.103 Mobile Safari/537.36 (compatible; GoogleOther)"
66.249.64.129 - - [12/Jul/2025:15:42:58 +0000] "GET /?e=111474623111000&mod=a01a0380&uri=shop.php%3Fid%3D3720278-39%26name%3Dtall%20chair%20dining%20table HTTP/1.1" 200 26112 "-" "Mozilla/5.0 (Linux; Android 6.0.1; Nexus 5X Build/MMB29P) AppleWebKit/537.36 (KHTML, like Gecko) Chrome/137.0.7151.103 Mobile Safari/537.36 (compatible; GoogleOther)"
209.74.77.214 - - [12/Jul/2025:15:43:49 +0000] "POST /wp-cron.php?doing_wp_cron=1752335029.7369809150695800781250 HTTP/1.1" 200 - "-" "WordPress/6.8.1; https://cyber-secure.com.au"
66.249.64.129 - - [12/Jul/2025:15:43:48 +0000] "GET /?e=107306054141000&mod=a01a0380&uri=shared.php%3Fid%3D3581151-39%26name%3Doffice+hippo+ergonomic+office+chair HTTP/1.1" 301 - "-" "Mozilla/5.0 (Linux; Android 6.0.1; Nexus 5X Build/MMB29P) AppleWebKit/537.36 (KHTML, like Gecko) Chrome/137.0.7151.103 Mobile Safari/537.36 (compatible; GoogleOther)"
209.74.77.214 - - [12/Jul/2025:15:43:49 +0000] "POST /wp-admin/admin-ajax.php?action=async_litespeed&nonce=nePQ6AnSSv0Jzu1YZHoO0QOuo39DqHVv&litespeed_type=imgoptm HTTP/1.1" 200 21 "-" "WordPress/6.8.1; https://cyber-secure.com.au"
66.249.64.128 - - [12/Jul/2025:15:43:57 +0000] "GET /?e=107306054141000&mod=a01a0380&uri=shared.php%3Fid%3D3581151-39%26name%3Doffice%20hippo%20ergonomic%20office%20chair HTTP/1.1" 200 26109 "-" "Mozilla/5.0 (Linux; Android 6.0.1; Nexus 5X Build/MMB29P) AppleWebKit/537.36 (KHTML, like Gecko) Chrome/137.0.7151.103 Mobile Safari/537.36 (compatible; GoogleOther)"
209.74.77.214 - - [12/Jul/2025:15:44:27 +0000] "POST /wp-cron.php?doing_wp_cron=1752335067.0445089340209960937500 HTTP/1.1" 200 - "-" "WordPress/6.8.1; https://cyber-secure.com.au"
66.249.64.128 - - [12/Jul/2025:15:44:26 +0000] "GET /?e=114557290031000&mod=b4d22bb5&uri=article.php%3Fid%3D3823199-803%26name%3Dbeps+bici+pieghevole HTTP/1.1" 301 - "-" "Mozilla/5.0 (Linux; Android 6.0.1; Nexus 5X Build/MMB29P) AppleWebKit/537.36 (KHTML, like Gecko) Chrome/137.0.7151.103 Mobile Safari/537.36 (compatible; GoogleOther)"
209.74.77.214 - - [12/Jul/2025:15:44:27 +0000] "POST /wp-admin/admin-ajax.php?action=async_litespeed&nonce=l8kc3f9ADA6bvNdVGxcPg646PtIkZuri&litespeed_type=imgoptm HTTP/1.1" 200 21 "-" "WordPress/6.8.1; https://cyber-secure.com.au"
66.249.64.128 - - [12/Jul/2025:15:44:34 +0000] "GET /?e=114557290031000&mod=b4d22bb5&uri=article.php%3Fid%3D3823199-803%26name%3Dbeps%20bici%20pieghevole HTTP/1.1" 200 26107 "-" "Mozilla/5.0 (Linux; Android 6.0.1; Nexus 5X Build/MMB29P) AppleWebKit/537.36 (KHTML, like Gecko) Chrome/137.0.7151.103 Mobile Safari/537.36 (compatible; GoogleOther)"
66.249.64.132 - - [12/Jul/2025:15:44:46 +0000] "GET /?e=17011611021000&mod=a01a0380&uri=shared.php%3Fid%3D567896-39%26name%3Doutdoor+lounge+chairs+clearance HTTP/1.1" 301 - "-" "Mozilla/5.0 (Linux; Android 6.0.1; Nexus 5X Build/MMB29P) AppleWebKit/537.36 (KHTML, like Gecko) Chrome/137.0.7151.103 Mobile Safari/537.36 (compatible; GoogleOther)"
66.249.64.128 - - [12/Jul/2025:15:44:52 +0000] "GET /?e=17011611021000&mod=a01a0380&uri=shared.php%3Fid%3D567896-39%26name%3Doutdoor%20lounge%20chairs%20clearance HTTP/1.1" 200 26103 "-" "Mozilla/5.0 (Linux; Android 6.0.1; Nexus 5X Build/MMB29P) AppleWebKit/537.36 (KHTML, like Gecko) Chrome/137.0.7151.103 Mobile Safari/537.36 (compatible; GoogleOther)"
209.74.77.214 - - [12/Jul/2025:15:45:29 +0000] "POST /wp-cron.php?doing_wp_cron=1752335129.0079340934753417968750 HTTP/1.1" 200 - "-" "WordPress/6.8.1; https://cyber-secure.com.au"
66.249.64.129 - - [12/Jul/2025:15:45:27 +0000] "GET /?e=116510289021000&mod=11bcd3c1&uri=blog.php%3Fid%3D3888358-397%26name%3Dflat+boots HTTP/1.1" 301 - "-" "Mozilla/5.0 (Linux; Android 6.0.1; Nexus 5X Build/MMB29P) AppleWebKit/537.36 (KHTML, like Gecko) Chrome/137.0.7151.103 Mobile Safari/537.36 (compatible; GoogleOther)"
209.74.77.214 - - [12/Jul/2025:15:45:29 +0000] "POST /wp-admin/admin-ajax.php?action=async_litespeed&nonce=H345YAn47Od0go5opguzbACkotzBHUT5&litespeed_type=imgoptm HTTP/1.1" 200 21 "-" "WordPress/6.8.1; https://cyber-secure.com.au"
66.249.64.128 - - [12/Jul/2025:15:45:37 +0000] "GET /?e=116510289021000&mod=11bcd3c1&uri=blog.php%3Fid%3D3888358-397%26name%3Dflat%20boots HTTP/1.1" 200 26106 "-" "Mozilla/5.0 (Linux; Android 6.0.1; Nexus 5X Build/MMB29P) AppleWebKit/537.36 (KHTML, like Gecko) Chrome/137.0.7151.103 Mobile Safari/537.36 (compatible; GoogleOther)"
66.249.64.132 - - [12/Jul/2025:15:45:40 +0000] "GET /?e=104006247051000&mod=bcf00598&uri=search.php%3Fid%3D3470965-1637%26name%3Drock+and+roll+fashion+mens HTTP/1.1" 200 20504 "-" "Mozilla/5.0 (compatible; Googlebot/2.1; +http://www.google.com/bot.html)"
66.249.64.129 - - [12/Jul/2025:15:45:43 +0000] "GET /?e=52880778001000&mod=55057122&uri=pin.php%3Fid%3D1764678-371%26name%3Dsunglasses+sarah+connor+terminator HTTP/1.1" 200 22224 "-" "Mozilla/5.0 (Linux; Android 6.0.1; Nexus 5X Build/MMB29P) AppleWebKit/537.36 (KHTML, like Gecko) Chrome/137.0.7151.103 Mobile Safari/537.36 (compatible; Googlebot/2.1; +http://www.google.com/bot.html)"
66.249.64.129 - - [12/Jul/2025:15:46:05 +0000] "GET /?e=114585034031000&mod=08808cfb&uri=shared.php%3Fid%3D3824126-795%26name%3Dpuppy+travel+harness HTTP/1.1" 301 - "-" "Mozilla/5.0 (Linux; Android 6.0.1; Nexus 5X Build/MMB29P) AppleWebKit/537.36 (KHTML, like Gecko) Chrome/137.0.7151.103 Mobile Safari/537.36 (compatible; GoogleOther)"
209.74.77.214 - - [12/Jul/2025:15:46:11 +0000] "POST /wp-cron.php?doing_wp_cron=1752335171.9225490093231201171875 HTTP/1.1" 200 - "-" "WordPress/6.8.1; https://cyber-secure.com.au"
66.249.64.129 - - [12/Jul/2025:15:46:11 +0000] "GET /?e=114585034031000&mod=08808cfb&uri=shared.php%3Fid%3D3824126-795%26name%3Dpuppy%20travel%20harness HTTP/1.1" 200 26107 "-" "Mozilla/5.0 (Linux; Android 6.0.1; Nexus 5X Build/MMB29P) AppleWebKit/537.36 (KHTML, like Gecko) Chrome/137.0.7151.103 Mobile Safari/537.36 (compatible; GoogleOther)"
209.74.77.214 - - [12/Jul/2025:15:46:18 +0000] "POST /wp-cron.php?doing_wp_cron=1752335178.9699800014495849609375 HTTP/1.1" 200 - "-" "WordPress/6.8.1; https://cyber-secure.com.au"
66.249.64.132 - - [12/Jul/2025:15:46:18 +0000] "GET /?e=106068085041000&mod=f0cd63af&uri=pin.php%3Fid%3D3539848-1430%26name%3Dnike+air+force+07+weinrot HTTP/1.1" 301 - "-" "Mozilla/5.0 (Linux; Android 6.0.1; Nexus 5X Build/MMB29P) AppleWebKit/537.36 (KHTML, like Gecko) Chrome/137.0.7151.103 Mobile Safari/537.36 (compatible; GoogleOther)"
209.74.77.214 - - [12/Jul/2025:15:46:19 +0000] "POST /wp-admin/admin-ajax.php?action=async_litespeed&nonce=HjyOCOsZXI6B11MMttca8Q5jx1pAMwgA&litespeed_type=imgoptm HTTP/1.1" 200 21 "-" "WordPress/6.8.1; https://cyber-secure.com.au"
66.249.64.128 - - [12/Jul/2025:15:46:21 +0000] "POST /get-message-notify HTTP/1.1" 200 21383 "https://cyber-secure.com.au/?e=52880778001000&mod=55057122&uri=pin.php%3Fid%3D1764678-371%26name%3Dsunglasses+sarah+connor+terminator" "Mozilla/5.0 (Linux; Android 6.0.1; Nexus 5X Build/MMB29P) AppleWebKit/537.36 (KHTML, like Gecko) Chrome/137.0.7151.119 Mobile Safari/537.36 (compatible; Googlebot/2.1; +http://www.google.com/bot.html)"
66.249.64.129 - - [12/Jul/2025:15:46:24 +0000] "GET /?e=29833306031000&mod=c3f4db3a&uri=brands.php%3Fid%3D995754-824%26name%3Dhotlogic+mini HTTP/1.1" 301 - "-" "Mozilla/5.0 (Linux; Android 6.0.1; Nexus 5X Build/MMB29P) AppleWebKit/537.36 (KHTML, like Gecko) Chrome/137.0.7151.103 Mobile Safari/537.36 (compatible; GoogleOther)"
66.249.64.129 - - [12/Jul/2025:15:46:34 +0000] "GET /?e=106068085041000&mod=f0cd63af&uri=pin.php%3Fid%3D3539848-1430%26name%3Dnike%20air%20force%2007%20weinrot HTTP/1.1" 200 26107 "-" "Mozilla/5.0 (Linux; Android 6.0.1; Nexus 5X Build/MMB29P) AppleWebKit/537.36 (KHTML, like Gecko) Chrome/137.0.7151.103 Mobile Safari/537.36 (compatible; GoogleOther)"
66.249.64.128 - - [12/Jul/2025:15:46:53 +0000] "GET /?e=29833306031000&mod=c3f4db3a&uri=brands.php%3Fid%3D995754-824%26name%3Dhotlogic%20mini HTTP/1.1" 200 26114 "-" "Mozilla/5.0 (Linux; Android 6.0.1; Nexus 5X Build/MMB29P) AppleWebKit/537.36 (KHTML, like Gecko) Chrome/137.0.7151.103 Mobile Safari/537.36 (compatible; GoogleOther)"
209.74.77.214 - - [12/Jul/2025:15:47:10 +0000] "POST /wp-cron.php?doing_wp_cron=1752335230.0106570720672607421875 HTTP/1.1" 200 - "-" "WordPress/6.8.1; https://cyber-secure.com.au"
66.249.64.132 - - [12/Jul/2025:15:47:09 +0000] "GET /?e=45406953011000&mod=a01a0380&uri=products.php%3Fid%3D1515368-39%26name%3Doztent+burke+chair HTTP/1.1" 301 - "-" "Mozilla/5.0 (Linux; Android 6.0.1; Nexus 5X Build/MMB29P) AppleWebKit/537.36 (KHTML, like Gecko) Chrome/137.0.7151.103 Mobile Safari/537.36 (compatible; GoogleOther)"
209.74.77.214 - - [12/Jul/2025:15:47:16 +0000] "POST /wp-cron.php?doing_wp_cron=1752335236.1438760757446289062500 HTTP/1.1" 200 - "-" "WordPress/6.8.1; https://cyber-secure.com.au"
66.249.64.129 - - [12/Jul/2025:15:47:15 +0000] "GET /?e=100165491021000&mod=a01a0380&uri=article.php%3Fid%3D3342780-39%26name%3Dsingle+seater+recliner+sofa+online HTTP/1.1" 301 - "-" "Mozilla/5.0 (Linux; Android 6.0.1; Nexus 5X Build/MMB29P) AppleWebKit/537.36 (KHTML, like Gecko) Chrome/137.0.7151.103 Mobile Safari/537.36 (compatible; GoogleOther)"
209.74.77.214 - - [12/Jul/2025:15:47:16 +0000] "POST /wp-admin/admin-ajax.php?action=async_litespeed&nonce=XhO66F8VrRu4kUdcf6X4pmeGi2qlq9Ve&litespeed_type=imgoptm HTTP/1.1" 200 21 "-" "WordPress/6.8.1; https://cyber-secure.com.au"
66.249.64.129 - - [12/Jul/2025:15:47:20 +0000] "GET /?e=45406953011000&mod=a01a0380&uri=products.php%3Fid%3D1515368-39%26name%3Doztent%20burke%20chair HTTP/1.1" 200 26110 "-" "Mozilla/5.0 (Linux; Android 6.0.1; Nexus 5X Build/MMB29P) AppleWebKit/537.36 (KHTML, like Gecko) Chrome/137.0.7151.103 Mobile Safari/537.36 (compatible; GoogleOther)"
66.249.64.129 - - [12/Jul/2025:15:47:29 +0000] "GET /?e=100165491021000&mod=a01a0380&uri=article.php%3Fid%3D3342780-39%26name%3Dsingle%20seater%20recliner%20sofa%20online HTTP/1.1" 200 26106 "-" "Mozilla/5.0 (Linux; Android 6.0.1; Nexus 5X Build/MMB29P) AppleWebKit/537.36 (KHTML, like Gecko) Chrome/137.0.7151.103 Mobile Safari/537.36 (compatible; GoogleOther)"
66.249.64.132 - - [12/Jul/2025:15:47:41 +0000] "GET /?e=72247703031000&mod=ec8ce6ab&uri=news.php%3Fid%3D2410985-22%26name%3Dfitnessuhren+damen+fitbit HTTP/1.1" 301 - "-" "Mozilla/5.0 (Linux; Android 6.0.1; Nexus 5X Build/MMB29P) AppleWebKit/537.36 (KHTML, like Gecko) Chrome/137.0.7151.103 Mobile Safari/537.36 (compatible; GoogleOther)"
66.249.64.129 - - [12/Jul/2025:15:47:51 +0000] "GET /?e=72247703031000&mod=ec8ce6ab&uri=news.php%3Fid%3D2410985-22%26name%3Dfitnessuhren%20damen%20fitbit HTTP/1.1" 200 26102 "-" "Mozilla/5.0 (Linux; Android 6.0.1; Nexus 5X Build/MMB29P) AppleWebKit/537.36 (KHTML, like Gecko) Chrome/137.0.7151.103 Mobile Safari/537.36 (compatible; GoogleOther)"
209.74.77.214 - - [12/Jul/2025:15:48:18 +0000] "POST /wp-cron.php?doing_wp_cron=1752335298.2299299240112304687500 HTTP/1.1" 200 - "-" "WordPress/6.8.1; https://cyber-secure.com.au"
66.249.64.129 - - [12/Jul/2025:15:48:18 +0000] "GET /?e=119731993041000&mod=4e5046fc&uri=info.php%3Fid%3D3995820-539%26name%3Dairpods+pro+3d+sound HTTP/1.1" 301 - "-" "Mozilla/5.0 (Linux; Android 6.0.1; Nexus 5X Build/MMB29P) AppleWebKit/537.36 (KHTML, like Gecko) Chrome/137.0.7151.103 Mobile Safari/537.36 (compatible; GoogleOther)"
209.74.77.214 - - [12/Jul/2025:15:48:18 +0000] "POST /wp-admin/admin-ajax.php?action=async_litespeed&nonce=aiwWuYmxB13wSUu63CFWveX6fIuLBnqz&litespeed_type=imgoptm HTTP/1.1" 200 21 "-" "WordPress/6.8.1; https://cyber-secure.com.au"
66.249.64.129 - - [12/Jul/2025:15:48:25 +0000] "GET /?e=100073254021000&mod=a01a0380&uri=brands.php%3Fid%3D3339698-39%26name%3Dtufted+high+back+dining+chair HTTP/1.1" 301 - "-" "Mozilla/5.0 (Linux; Android 6.0.1; Nexus 5X Build/MMB29P) AppleWebKit/537.36 (KHTML, like Gecko) Chrome/137.0.7151.103 Mobile Safari/537.36 (compatible; GoogleOther)"
66.249.64.128 - - [12/Jul/2025:15:48:31 +0000] "GET /pcmypage?callback=/product%2Fdetail%2F119474522042000 HTTP/1.1" 404 18279 "-" "Mozilla/5.0 (Linux; Android 6.0.1; Nexus 5X Build/MMB29P) AppleWebKit/537.36 (KHTML, like Gecko) Chrome/137.0.7151.103 Mobile Safari/537.36 (compatible; GoogleOther)"
66.249.64.128 - - [12/Jul/2025:15:48:47 +0000] "GET /?e=119731993041000&mod=4e5046fc&uri=info.php%3Fid%3D3995820-539%26name%3Dairpods%20pro%203d%20sound HTTP/1.1" 200 26103 "-" "Mozilla/5.0 (Linux; Android 6.0.1; Nexus 5X Build/MMB29P) AppleWebKit/537.36 (KHTML, like Gecko) Chrome/137.0.7151.103 Mobile Safari/537.36 (compatible; GoogleOther)"
66.249.64.128 - - [12/Jul/2025:15:49:06 +0000] "GET /?e=100073254021000&mod=a01a0380&uri=brands.php%3Fid%3D3339698-39%26name%3Dtufted%20high%20back%20dining%20chair HTTP/1.1" 200 26108 "-" "Mozilla/5.0 (Linux; Android 6.0.1; Nexus 5X Build/MMB29P) AppleWebKit/537.36 (KHTML, like Gecko) Chrome/137.0.7151.103 Mobile Safari/537.36 (compatible; GoogleOther)"
209.74.77.214 - - [12/Jul/2025:15:49:28 +0000] "POST /wp-cron.php?doing_wp_cron=1752335368.8442649841308593750000 HTTP/1.1" 200 - "-" "WordPress/6.8.1; https://cyber-secure.com.au"
66.249.64.132 - - [12/Jul/2025:15:49:28 +0000] "GET /?e=19656121051000&mod=b7c13b0a&uri=article.php%3Fid%3D656148-751%26name%3Dmochila+fcb HTTP/1.1" 301 - "-" "Mozilla/5.0 (Linux; Android 6.0.1; Nexus 5X Build/MMB29P) AppleWebKit/537.36 (KHTML, like Gecko) Chrome/137.0.7151.103 Mobile Safari/537.36 (compatible; GoogleOther)"
209.74.77.214 - - [12/Jul/2025:15:49:28 +0000] "POST /wp-admin/admin-ajax.php?action=async_litespeed&nonce=zyAqVGia0Iagj9Dd27YDjJtTKfbTqd8S&litespeed_type=imgoptm HTTP/1.1" 200 21 "-" "WordPress/6.8.1; https://cyber-secure.com.au"
66.249.64.129 - - [12/Jul/2025:15:49:34 +0000] "GET /?e=34605739021000&mod=d299a920&uri=pin.php%3Fid%3D1155022-1080%26name%3Dwomens+yellow+converse+shoes HTTP/1.1" 200 20985 "-" "Mozilla/5.0 (Linux; Android 6.0.1; Nexus 5X Build/MMB29P) AppleWebKit/537.36 (KHTML, like Gecko) Chrome/137.0.7151.103 Mobile Safari/537.36 (compatible; Googlebot/2.1; +http://www.google.com/bot.html)"
66.249.64.129 - - [12/Jul/2025:15:49:37 +0000] "GET /?e=3295010051000&mod=c3535feb&uri=form.php%3Fid%3D109985-211%26name%3Ddrontal+worming HTTP/1.1" 301 - "-" "Mozilla/5.0 (Linux; Android 6.0.1; Nexus 5X Build/MMB29P) AppleWebKit/537.36 (KHTML, like Gecko) Chrome/137.0.7151.103 Mobile Safari/537.36 (compatible; GoogleOther)"
66.249.64.129 - - [12/Jul/2025:15:49:45 +0000] "GET /?e=13527922001000&mod=43e4e6a6&uri=form.php%3Fid%3D451656-234%26name%3D3master+winterjacke HTTP/1.1" 301 - "-" "Mozilla/5.0 (Linux; Android 6.0.1; Nexus 5X Build/MMB29P) AppleWebKit/537.36 (KHTML, like Gecko) Chrome/137.0.7151.103 Mobile Safari/537.36 (compatible; GoogleOther)"
