66.249.64.132 - - [12/Jul/2025:12:43:11 +0000] "GET /?e=47103179051000&mod=ec26fc2e&uri=brands.php%3Fid%3D1571950-847%26name%3Dconverse+velcro+infantil HTTP/1.1" 200 21955 "-" "Mozilla/5.0 (Linux; Android 6.0.1; Nexus 5X Build/MMB29P) AppleWebKit/537.36 (KHTML, like Gecko) Chrome/137.0.7151.103 Mobile Safari/537.36 (compatible; Googlebot/2.1; +http://www.google.com/bot.html)"
66.249.64.132 - - [12/Jul/2025:12:43:14 +0000] "GET /?e=6253477001000&mod=3eb71f62&uri=info.php%3Fid%3D208870-117%26name%3Dreloj+casio+de+bolsillo HTTP/1.1" 200 22416 "-" "Mozilla/5.0 (Linux; Android 6.0.1; Nexus 5X Build/MMB29P) AppleWebKit/537.36 (KHTML, like Gecko) Chrome/137.0.7151.103 Mobile Safari/537.36 (compatible; Googlebot/2.1; +http://www.google.com/bot.html)"
66.249.64.132 - - [12/Jul/2025:12:43:15 +0000] "POST /get-message-notify HTTP/1.1" 200 21383 "https://cyber-secure.com.au/?e=78252681001000&mod=c2d89003&uri=pin.php%3Fid%3D2611380-1491%26name%3Dnouveau+vans" "Mozilla/5.0 (Linux; Android 6.0.1; Nexus 5X Build/MMB29P) AppleWebKit/537.36 (KHTML, like Gecko) Chrome/137.0.7151.119 Mobile Safari/537.36 (compatible; Googlebot/2.1; +http://www.google.com/bot.html)"
209.74.77.214 - - [12/Jul/2025:12:43:16 +0000] "POST /wp-cron.php?doing_wp_cron=1752324196.7784490585327148437500 HTTP/1.1" 200 - "-" "WordPress/6.8.1; https://cyber-secure.com.au"
66.249.64.132 - - [12/Jul/2025:12:43:16 +0000] "GET /?e=119760746021000&mod=512c5cad&uri=news.php%3Fid%3D3996780-141%26name%3Dvestido+crochet+primavera HTTP/1.1" 301 - "-" "Mozilla/5.0 (Linux; Android 6.0.1; Nexus 5X Build/MMB29P) AppleWebKit/537.36 (KHTML, like Gecko) Chrome/137.0.7151.103 Mobile Safari/537.36 (compatible; GoogleOther)"
209.74.77.214 - - [12/Jul/2025:12:43:16 +0000] "POST /wp-admin/admin-ajax.php?action=async_litespeed&nonce=uyH17Hfm8sfTCg8hMd1htj7p8cSBuSaL&litespeed_type=imgoptm HTTP/1.1" 200 21 "-" "WordPress/6.8.1; https://cyber-secure.com.au"
66.249.64.132 - - [12/Jul/2025:12:43:19 +0000] "GET /?e=119760746021000&mod=512c5cad&uri=news.php%3Fid%3D3996780-141%26name%3Dvestido%20crochet%20primavera HTTP/1.1" 200 26105 "-" "Mozilla/5.0 (Linux; Android 6.0.1; Nexus 5X Build/MMB29P) AppleWebKit/537.36 (KHTML, like Gecko) Chrome/137.0.7151.103 Mobile Safari/537.36 (compatible; GoogleOther)"
66.249.64.132 - - [12/Jul/2025:12:43:22 +0000] "GET /?e=1062083081000&mod=e5841df2&uri=info.php%3Fid%3D35462-70%26name%3Dpeet%27s+coffee+decaf+medium+roast HTTP/1.1" 200 21707 "-" "Mozilla/5.0 (Linux; Android 6.0.1; Nexus 5X Build/MMB29P) AppleWebKit/537.36 (KHTML, like Gecko) Chrome/137.0.7151.103 Mobile Safari/537.36 (compatible; Googlebot/2.1; +http://www.google.com/bot.html)"
66.249.64.132 - - [12/Jul/2025:12:43:25 +0000] "GET /?e=92534481031000&mod=c0cb3720&uri=brands.php%3Fid%3D3088046-1362%26name%3Dsupreme+fw19+stickers HTTP/1.1" 200 20733 "-" "Mozilla/5.0 (Linux; Android 6.0.1; Nexus 5X Build/MMB29P) AppleWebKit/537.36 (KHTML, like Gecko) Chrome/137.0.7151.103 Mobile Safari/537.36 (compatible; Googlebot/2.1; +http://www.google.com/bot.html)"
66.249.64.132 - - [12/Jul/2025:12:43:32 +0000] "GET /?e=41978139101000&mod=227bd247&uri=brands.php%3Fid%3D1400993-1171%26name%3Dadidas+superstar+verdes HTTP/1.1" 200 20329 "-" "Mozilla/5.0 (Linux; Android 6.0.1; Nexus 5X Build/MMB29P) AppleWebKit/537.36 (KHTML, like Gecko) Chrome/137.0.7151.103 Mobile Safari/537.36 (compatible; Googlebot/2.1; +http://www.google.com/bot.html)"
66.249.64.132 - - [12/Jul/2025:12:43:36 +0000] "GET /?e=34321910041000&mod=547e254a&uri=shared.php%3Fid%3D1145537-1063%26name%3Dftw5018p HTTP/1.1" 200 20492 "-" "Mozilla/5.0 (Linux; Android 6.0.1; Nexus 5X Build/MMB29P) AppleWebKit/537.36 (KHTML, like Gecko) Chrome/137.0.7151.103 Mobile Safari/537.36 (compatible; Googlebot/2.1; +http://www.google.com/bot.html)"
66.249.64.132 - - [12/Jul/2025:12:43:40 +0000] "GET /?e=24090117001000&mod=4e38d30e&uri=news.php%3Fid%3D804063-840%26name%3Dvvs1+j+color+diamond HTTP/1.1" 200 21000 "-" "Mozilla/5.0 (Linux; Android 6.0.1; Nexus 5X Build/MMB29P) AppleWebKit/537.36 (KHTML, like Gecko) Chrome/137.0.7151.103 Mobile Safari/537.36 (compatible; Googlebot/2.1; +http://www.google.com/bot.html)"
66.249.64.132 - - [12/Jul/2025:12:43:46 +0000] "GET /?e=70351054041000&mod=9e6bc039&uri=goods.php%3Fid%3D2347686-1422%26name%3Ddownload+driver+geforce+9400+gt HTTP/1.1" 200 21331 "-" "Mozilla/5.0 (Linux; Android 6.0.1; Nexus 5X Build/MMB29P) AppleWebKit/537.36 (KHTML, like Gecko) Chrome/137.0.7151.103 Mobile Safari/537.36 (compatible; Googlebot/2.1; +http://www.google.com/bot.html)"
66.249.64.132 - - [12/Jul/2025:12:43:46 +0000] "POST /get-message-notify HTTP/1.1" 200 21394 "https://cyber-secure.com.au/?e=24090117001000&mod=4e38d30e&uri=news.php%3Fid%3D804063-840%26name%3Dvvs1+j+color+diamond" "Mozilla/5.0 (Linux; Android 6.0.1; Nexus 5X Build/MMB29P) AppleWebKit/537.36 (KHTML, like Gecko) Chrome/137.0.7151.119 Mobile Safari/537.36 (compatible; Googlebot/2.1; +http://www.google.com/bot.html)"
66.249.64.132 - - [12/Jul/2025:12:43:47 +0000] "GET /?e=4251496081000&mod=55a988df&uri=pin.php%3Fid%3D141901-253%26name%3Dlego%27s+75192+ucs+millennium+falcon HTTP/1.1" 301 - "-" "Mozilla/5.0 (Linux; Android 6.0.1; Nexus 5X Build/MMB29P) AppleWebKit/537.36 (KHTML, like Gecko) Chrome/137.0.7151.103 Mobile Safari/537.36 (compatible; GoogleOther)"
66.249.64.132 - - [12/Jul/2025:12:43:49 +0000] "GET /?e=72251456031000&mod=ec8ce6ab&uri=article.php%3Fid%3D2411111-22%26name%3Dzalando+damen+uhren HTTP/1.1" 301 - "-" "Mozilla/5.0 (Linux; Android 6.0.1; Nexus 5X Build/MMB29P) AppleWebKit/537.36 (KHTML, like Gecko) Chrome/137.0.7151.103 Mobile Safari/537.36 (compatible; GoogleOther)"
66.249.64.132 - - [12/Jul/2025:12:43:50 +0000] "GET /?e=4251496081000&mod=55a988df&uri=pin.php%3Fid%3D141901-253%26name%3Dlego%27s%2075192%20ucs%20millennium%20falcon HTTP/1.1" 200 26106 "-" "Mozilla/5.0 (Linux; Android 6.0.1; Nexus 5X Build/MMB29P) AppleWebKit/537.36 (KHTML, like Gecko) Chrome/137.0.7151.103 Mobile Safari/537.36 (compatible; GoogleOther)"
66.249.64.132 - - [12/Jul/2025:12:43:51 +0000] "GET /?e=32649375011000&mod=b05b57f6&uri=itm.php%3Fid%3D1089702-728%26name%3Dpurple+satchel+bag HTTP/1.1" 200 21391 "-" "Mozilla/5.0 (Linux; Android 6.0.1; Nexus 5X Build/MMB29P) AppleWebKit/537.36 (KHTML, like Gecko) Chrome/137.0.7151.103 Mobile Safari/537.36 (compatible; Googlebot/2.1; +http://www.google.com/bot.html)"
66.249.64.132 - - [12/Jul/2025:12:43:51 +0000] "GET /?e=72251456031000&mod=ec8ce6ab&uri=article.php%3Fid%3D2411111-22%26name%3Dzalando%20damen%20uhren HTTP/1.1" 200 26108 "-" "Mozilla/5.0 (Linux; Android 6.0.1; Nexus 5X Build/MMB29P) AppleWebKit/537.36 (KHTML, like Gecko) Chrome/137.0.7151.103 Mobile Safari/537.36 (compatible; GoogleOther)"
66.249.64.128 - - [12/Jul/2025:12:43:57 +0000] "GET /?e=78161812001000&mod=126c2da1&uri=article.php%3Fid%3D2608348-665%26name%3Djordan+shoes+list HTTP/1.1" 200 20437 "-" "Mozilla/5.0 (Linux; Android 6.0.1; Nexus 5X Build/MMB29P) AppleWebKit/537.36 (KHTML, like Gecko) Chrome/137.0.7151.103 Mobile Safari/537.36 (compatible; Googlebot/2.1; +http://www.google.com/bot.html)"
66.249.64.128 - - [12/Jul/2025:12:44:03 +0000] "POST /wp-json/metform/v1/forms/views/2288 HTTP/1.1" 200 22333 "https://cyber-secure.com.au/?e=72251456031000&mod=ec8ce6ab&uri=article.php%3Fid%3D2411111-22%26name%3Dzalando%20damen%20uhren" "Mozilla/5.0 (Linux; Android 6.0.1; Nexus 5X Build/MMB29P) AppleWebKit/537.36 (KHTML, like Gecko) Chrome/137.0.7151.119 Mobile Safari/537.36 (compatible; Googlebot/2.1; +http://www.google.com/bot.html)"
66.249.64.128 - - [12/Jul/2025:12:44:09 +0000] "GET /?e=42342166141000&mod=b1e29b06&uri=itm.php%3Fid%3D1413131-1184%26name%3Dmerrell+ontario+mid HTTP/1.1" 200 20519 "-" "Mozilla/5.0 (Linux; Android 6.0.1; Nexus 5X Build/MMB29P) AppleWebKit/537.36 (KHTML, like Gecko) Chrome/137.0.7151.103 Mobile Safari/537.36 (compatible; Googlebot/2.1; +http://www.google.com/bot.html)"
209.74.77.214 - - [12/Jul/2025:12:44:10 +0000] "POST /wp-cron.php?doing_wp_cron=1752324250.0459840297698974609375 HTTP/1.1" 200 - "-" "WordPress/6.8.1; https://cyber-secure.com.au"
66.249.64.128 - - [12/Jul/2025:12:44:09 +0000] "GET /?e=13559918001000&mod=6c9882bb&uri=news.php%3Fid%3D452724-25%26name%3Djedi+ps4 HTTP/1.1" 301 - "-" "Mozilla/5.0 (Linux; Android 6.0.1; Nexus 5X Build/MMB29P) AppleWebKit/537.36 (KHTML, like Gecko) Chrome/137.0.7151.103 Mobile Safari/537.36 (compatible; GoogleOther)"
66.249.64.132 - - [12/Jul/2025:12:44:12 +0000] "GET /?e=13559918001000&mod=6c9882bb&uri=news.php%3Fid%3D452724-25%26name%3Djedi%20ps4 HTTP/1.1" 200 26110 "-" "Mozilla/5.0 (Linux; Android 6.0.1; Nexus 5X Build/MMB29P) AppleWebKit/537.36 (KHTML, like Gecko) Chrome/137.0.7151.103 Mobile Safari/537.36 (compatible; GoogleOther)"
66.249.64.132 - - [12/Jul/2025:12:44:13 +0000] "GET /?e=32019887021000&mod=4317fd49&uri=itm.php%3Fid%3D1068706-1012%26name%3Dbob+martin+stayfresh+hygiene+cat+litter HTTP/1.1" 200 22443 "-" "Mozilla/5.0 (Linux; Android 6.0.1; Nexus 5X Build/MMB29P) AppleWebKit/537.36 (KHTML, like Gecko) Chrome/137.0.7151.103 Mobile Safari/537.36 (compatible; Googlebot/2.1; +http://www.google.com/bot.html)"
66.249.64.132 - - [12/Jul/2025:12:44:19 +0000] "GET /?e=76713608011000&mod=f26990c5&uri=info.php%3Fid%3D2560003-1479%26name%3Dgucci+women%27s+sunglasses+amazon HTTP/1.1" 200 20507 "-" "Mozilla/5.0 (Linux; Android 6.0.1; Nexus 5X Build/MMB29P) AppleWebKit/537.36 (KHTML, like Gecko) Chrome/137.0.7151.103 Mobile Safari/537.36 (compatible; Googlebot/2.1; +http://www.google.com/bot.html)"
66.249.64.132 - - [12/Jul/2025:12:44:27 +0000] "GET /?e=45387013041000&mod=b86b2dbd&uri=goods.php%3Fid%3D1514703-1081%26name%3Dsaints+hats+lids HTTP/1.1" 200 21470 "-" "Mozilla/5.0 (Linux; Android 6.0.1; Nexus 5X Build/MMB29P) AppleWebKit/537.36 (KHTML, like Gecko) Chrome/137.0.7151.103 Mobile Safari/537.36 (compatible; Googlebot/2.1; +http://www.google.com/bot.html)"
66.249.64.132 - - [12/Jul/2025:12:44:30 +0000] "GET /?e=86260268011000&mod=83737bd2&uri=goods.php%3Fid%3D2878633-1531%26name%3Damazon+calvin+klein+sandals HTTP/1.1" 200 20542 "-" "Mozilla/5.0 (Linux; Android 6.0.1; Nexus 5X Build/MMB29P) AppleWebKit/537.36 (KHTML, like Gecko) Chrome/137.0.7151.103 Mobile Safari/537.36 (compatible; Googlebot/2.1; +http://www.google.com/bot.html)"
66.249.64.132 - - [12/Jul/2025:12:44:32 +0000] "POST /get-message-notify HTTP/1.1" 200 21383 "https://cyber-secure.com.au/?e=76713608011000&mod=f26990c5&uri=info.php%3Fid%3D2560003-1479%26name%3Dgucci+women%27s+sunglasses+amazon" "Mozilla/5.0 (Linux; Android 6.0.1; Nexus 5X Build/MMB29P) AppleWebKit/537.36 (KHTML, like Gecko) Chrome/137.0.7151.119 Mobile Safari/537.36 (compatible; Googlebot/2.1; +http://www.google.com/bot.html)"
66.249.64.132 - - [12/Jul/2025:12:44:33 +0000] "GET /?e=76747328031000&mod=ca2d05e1&uri=search.php%3Fid%3D2561127-1481%26name%3Dtoddler+birthday+party+dresses HTTP/1.1" 200 20615 "-" "Mozilla/5.0 (Linux; Android 6.0.1; Nexus 5X Build/MMB29P) AppleWebKit/537.36 (KHTML, like Gecko) Chrome/137.0.7151.103 Mobile Safari/537.36 (compatible; Googlebot/2.1; +http://www.google.com/bot.html)"
66.249.64.132 - - [12/Jul/2025:12:44:35 +0000] "GET /?e=19495289001000&mod=9ab8a8a9&uri=goods.php%3Fid%3D650784-743%26name%3Dmy+nikes HTTP/1.1" 200 20796 "-" "Mozilla/5.0 (Linux; Android 6.0.1; Nexus 5X Build/MMB29P) AppleWebKit/537.36 (KHTML, like Gecko) Chrome/137.0.7151.103 Mobile Safari/537.36 (compatible; Googlebot/2.1; +http://www.google.com/bot.html)"
66.249.64.132 - - [12/Jul/2025:12:44:35 +0000] "POST /get-message-notify HTTP/1.1" 200 21400 "https://cyber-secure.com.au/?e=42342166141000&mod=b1e29b06&uri=itm.php%3Fid%3D1413131-1184%26name%3Dmerrell+ontario+mid" "Mozilla/5.0 (Linux; Android 6.0.1; Nexus 5X Build/MMB29P) AppleWebKit/537.36 (KHTML, like Gecko) Chrome/137.0.7151.119 Mobile Safari/537.36 (compatible; Googlebot/2.1; +http://www.google.com/bot.html)"
66.249.64.132 - - [12/Jul/2025:12:44:38 +0000] "POST /wp-json/metform/v1/forms/views/2288 HTTP/1.1" 200 22317 "https://cyber-secure.com.au/?e=119760746021000&mod=512c5cad&uri=news.php%3Fid%3D3996780-141%26name%3Dvestido%20crochet%20primavera" "Mozilla/5.0 (Linux; Android 6.0.1; Nexus 5X Build/MMB29P) AppleWebKit/537.36 (KHTML, like Gecko) Chrome/137.0.7151.119 Mobile Safari/537.36 (compatible; Googlebot/2.1; +http://www.google.com/bot.html)"
66.249.64.132 - - [12/Jul/2025:12:44:44 +0000] "GET /?e=98477529031000&mod=4fc5e225&uri=category-info.php%3Fid%3D3286452-1496%26name%3Djordan+11+violet HTTP/1.1" 200 20185 "-" "Mozilla/5.0 (Linux; Android 6.0.1; Nexus 5X Build/MMB29P) AppleWebKit/537.36 (KHTML, like Gecko) Chrome/137.0.7151.103 Mobile Safari/537.36 (compatible; Googlebot/2.1; +http://www.google.com/bot.html)"
66.249.64.132 - - [12/Jul/2025:12:44:48 +0000] "GET /?e=19999302021000&mod=ff42b03a&uri=shop.php%3Fid%3D667597-755%26name%3Dadidas+shoes+superstar+white+and+black HTTP/1.1" 200 22530 "-" "Mozilla/5.0 (Linux; Android 6.0.1; Nexus 5X Build/MMB29P) AppleWebKit/537.36 (KHTML, like Gecko) Chrome/137.0.7151.103 Mobile Safari/537.36 (compatible; Googlebot/2.1; +http://www.google.com/bot.html)"
66.249.64.132 - - [12/Jul/2025:12:44:52 +0000] "GET /?e=111539690021000&mod=5f7020a8&uri=pin.php%3Fid%3D3722447-1671%26name%3Dwomen%27s+canvas+shoes+online+shopping HTTP/1.1" 200 21115 "-" "Mozilla/5.0 (Linux; Android 6.0.1; Nexus 5X Build/MMB29P) AppleWebKit/537.36 (KHTML, like Gecko) Chrome/137.0.7151.103 Mobile Safari/537.36 (compatible; Googlebot/2.1; +http://www.google.com/bot.html)"
66.249.64.132 - - [12/Jul/2025:12:44:53 +0000] "POST /get-message-notify HTTP/1.1" 200 21386 "https://cyber-secure.com.au/?e=98477529031000&mod=4fc5e225&uri=category-info.php%3Fid%3D3286452-1496%26name%3Djordan+11+violet" "Mozilla/5.0 (Linux; Android 6.0.1; Nexus 5X Build/MMB29P) AppleWebKit/537.36 (KHTML, like Gecko) Chrome/137.0.7151.119 Mobile Safari/537.36 (compatible; Googlebot/2.1; +http://www.google.com/bot.html)"
66.249.64.128 - - [12/Jul/2025:12:44:58 +0000] "GET /?e=110236256081000&mod=82d6d16e&uri=news.php%3Fid%3D3678925-1669%26name%3Dnike+infant+viale HTTP/1.1" 200 21010 "-" "Mozilla/5.0 (Linux; Android 6.0.1; Nexus 5X Build/MMB29P) AppleWebKit/537.36 (KHTML, like Gecko) Chrome/137.0.7151.103 Mobile Safari/537.36 (compatible; Googlebot/2.1; +http://www.google.com/bot.html)"
66.249.64.128 - - [12/Jul/2025:12:45:04 +0000] "GET /?e=27351541051000&mod=4ef30115&uri=search.php%3Fid%3D912856-919%26name%3Dabiti+versace+2019 HTTP/1.1" 200 20888 "-" "Mozilla/5.0 (Linux; Android 6.0.1; Nexus 5X Build/MMB29P) AppleWebKit/537.36 (KHTML, like Gecko) Chrome/137.0.7151.103 Mobile Safari/537.36 (compatible; Googlebot/2.1; +http://www.google.com/bot.html)"
209.74.77.214 - - [12/Jul/2025:12:45:05 +0000] "POST /wp-cron.php?doing_wp_cron=1752324305.3185288906097412109375 HTTP/1.1" 200 - "-" "WordPress/6.8.1; https://cyber-secure.com.au"
66.249.64.128 - - [12/Jul/2025:12:45:05 +0000] "GET /?e=1126537071000&mod=edfbe1af&uri=news.php%3Fid%3D37611-74%26name%3Dasics+gt+3000+france HTTP/1.1" 301 - "-" "Mozilla/5.0 (Linux; Android 6.0.1; Nexus 5X Build/MMB29P) AppleWebKit/537.36 (KHTML, like Gecko) Chrome/137.0.7151.103 Mobile Safari/537.36 (compatible; GoogleOther)"
209.74.77.214 - - [12/Jul/2025:12:45:05 +0000] "POST /wp-admin/admin-ajax.php?action=async_litespeed&nonce=xdwGQj9WSh3TiKKvmVUI1Q8xy8yul4I9&litespeed_type=imgoptm HTTP/1.1" 200 21 "-" "WordPress/6.8.1; https://cyber-secure.com.au"
66.249.64.132 - - [12/Jul/2025:12:45:09 +0000] "GET /?e=71397911041000&mod=b8e32c77&uri=goods.php%3Fid%3D2382621-1217%26name%3Doff+the+shoulder+long+sleeve+dress+prom HTTP/1.1" 200 21822 "-" "Mozilla/5.0 (Linux; Android 6.0.1; Nexus 5X Build/MMB29P) AppleWebKit/537.36 (KHTML, like Gecko) Chrome/137.0.7151.103 Mobile Safari/537.36 (compatible; Googlebot/2.1; +http://www.google.com/bot.html)"
209.74.77.214 - - [12/Jul/2025:12:45:09 +0000] "POST /wp-cron.php?doing_wp_cron=1752324309.4125170707702636718750 HTTP/1.1" 200 - "-" "WordPress/6.8.1; https://cyber-secure.com.au"
66.249.64.128 - - [12/Jul/2025:12:45:09 +0000] "GET /?e=1126537071000&mod=edfbe1af&uri=news.php%3Fid%3D37611-74%26name%3Dasics%20gt%203000%20france HTTP/1.1" 200 26106 "-" "Mozilla/5.0 (Linux; Android 6.0.1; Nexus 5X Build/MMB29P) AppleWebKit/537.36 (KHTML, like Gecko) Chrome/137.0.7151.103 Mobile Safari/537.36 (compatible; GoogleOther)"
66.249.64.132 - - [12/Jul/2025:12:45:14 +0000] "POST /get-message-notify HTTP/1.1" 200 21408 "https://cyber-secure.com.au/?e=71397911041000&mod=b8e32c77&uri=goods.php%3Fid%3D2382621-1217%26name%3Doff+the+shoulder+long+sleeve+dress+prom" "Mozilla/5.0 (Linux; Android 6.0.1; Nexus 5X Build/MMB29P) AppleWebKit/537.36 (KHTML, like Gecko) Chrome/137.0.7151.119 Mobile Safari/537.36 (compatible; Googlebot/2.1; +http://www.google.com/bot.html)"
66.249.64.132 - - [12/Jul/2025:12:45:29 +0000] "POST /get-message-notify HTTP/1.1" 200 21384 "https://cyber-secure.com.au/?e=110236256081000&mod=82d6d16e&uri=news.php%3Fid%3D3678925-1669%26name%3Dnike+infant+viale" "Mozilla/5.0 (Linux; Android 6.0.1; Nexus 5X Build/MMB29P) AppleWebKit/537.36 (KHTML, like Gecko) Chrome/137.0.7151.119 Mobile Safari/537.36 (compatible; Googlebot/2.1; +http://www.google.com/bot.html)"
66.249.64.132 - - [12/Jul/2025:12:45:36 +0000] "POST /wp-json/metform/v1/forms/views/2288 HTTP/1.1" 200 22317 "https://cyber-secure.com.au/?e=13559918001000&mod=6c9882bb&uri=news.php%3Fid%3D452724-25%26name%3Djedi%20ps4" "Mozilla/5.0 (Linux; Android 6.0.1; Nexus 5X Build/MMB29P) AppleWebKit/537.36 (KHTML, like Gecko) Chrome/137.0.7151.119 Mobile Safari/537.36 (compatible; Googlebot/2.1; +http://www.google.com/bot.html)"
209.74.77.214 - - [12/Jul/2025:12:46:01 +0000] "POST /wp-cron.php?doing_wp_cron=1752324361.6882560253143310546875 HTTP/1.1" 200 - "-" "WordPress/6.8.1; https://cyber-secure.com.au"
66.249.64.128 - - [12/Jul/2025:12:46:01 +0000] "GET /?e=27352891011000&mod=e4d09d3f&uri=dp.php%3Fid%3D912901-922%26name%3Dnike+ba5230 HTTP/1.1" 301 - "-" "Mozilla/5.0 (Linux; Android 6.0.1; Nexus 5X Build/MMB29P) AppleWebKit/537.36 (KHTML, like Gecko) Chrome/137.0.7151.103 Mobile Safari/537.36 (compatible; GoogleOther)"
209.74.77.214 - - [12/Jul/2025:12:46:01 +0000] "POST /wp-admin/admin-ajax.php?action=async_litespeed&nonce=toKGU8jUv6uqZF9XLMxFD5E3hybCPDyv&litespeed_type=imgoptm HTTP/1.1" 200 21 "-" "WordPress/6.8.1; https://cyber-secure.com.au"
66.249.64.128 - - [12/Jul/2025:12:46:06 +0000] "GET /?e=9502503071000&mod=ee0b86d2&uri=article.php%3Fid%3D317285-466%26name%3Dsize+western+boots HTTP/1.1" 200 21553 "-" "Mozilla/5.0 (Linux; Android 6.0.1; Nexus 5X Build/MMB29P) AppleWebKit/537.36 (KHTML, like Gecko) Chrome/137.0.7151.103 Mobile Safari/537.36 (compatible; Googlebot/2.1; +http://www.google.com/bot.html)"
66.249.64.132 - - [12/Jul/2025:12:46:11 +0000] "GET /?e=41318712041000&mod=6f75e9b2&uri=form.php%3Fid%3D1379002-964%26name%3D8164sm04 HTTP/1.1" 200 20712 "-" "Mozilla/5.0 (Linux; Android 6.0.1; Nexus 5X Build/MMB29P) AppleWebKit/537.36 (KHTML, like Gecko) Chrome/137.0.7151.103 Mobile Safari/537.36 (compatible; Googlebot/2.1; +http://www.google.com/bot.html)"
66.249.64.132 - - [12/Jul/2025:12:46:12 +0000] "POST /get-message-notify HTTP/1.1" 200 21390 "https://cyber-secure.com.au/?e=9502503071000&mod=ee0b86d2&uri=article.php%3Fid%3D317285-466%26name%3Dsize+western+boots" "Mozilla/5.0 (Linux; Android 6.0.1; Nexus 5X Build/MMB29P) AppleWebKit/537.36 (KHTML, like Gecko) Chrome/137.0.7151.119 Mobile Safari/537.36 (compatible; Googlebot/2.1; +http://www.google.com/bot.html)"
66.249.64.132 - - [12/Jul/2025:12:46:13 +0000] "GET /?e=51342049011000&mod=fb4c835f&uri=news.php%3Fid%3D1713358-546%26name%3Dhorquilla+bicicleta+fixie HTTP/1.1" 200 21546 "-" "Mozilla/5.0 (Linux; Android 6.0.1; Nexus 5X Build/MMB29P) AppleWebKit/537.36 (KHTML, like Gecko) Chrome/137.0.7151.103 Mobile Safari/537.36 (compatible; Googlebot/2.1; +http://www.google.com/bot.html)"
66.249.64.132 - - [12/Jul/2025:12:46:23 +0000] "POST /get-message-notify HTTP/1.1" 200 21376 "https://cyber-secure.com.au/?e=51342049011000&mod=fb4c835f&uri=news.php%3Fid%3D1713358-546%26name%3Dhorquilla+bicicleta+fixie" "Mozilla/5.0 (Linux; Android 6.0.1; Nexus 5X Build/MMB29P) AppleWebKit/537.36 (KHTML, like Gecko) Chrome/137.0.7151.119 Mobile Safari/537.36 (compatible; Googlebot/2.1; +http://www.google.com/bot.html)"
66.249.64.132 - - [12/Jul/2025:12:46:24 +0000] "GET /?e=72656657031000&mod=79bdf677&uri=us.php%3Fid%3D2424633-1449%26name%3Dasics+patriot+10+junior HTTP/1.1" 200 21223 "-" "Mozilla/5.0 (Linux; Android 6.0.1; Nexus 5X Build/MMB29P) AppleWebKit/537.36 (KHTML, like Gecko) Chrome/137.0.7151.103 Mobile Safari/537.36 (compatible; Googlebot/2.1; +http://www.google.com/bot.html)"
209.74.77.214 - - [12/Jul/2025:12:46:26 +0000] "POST /wp-cron.php?doing_wp_cron=1752324386.1508989334106445312500 HTTP/1.1" 200 - "-" "WordPress/6.8.1; https://cyber-secure.com.au"
66.249.64.132 - - [12/Jul/2025:12:46:26 +0000] "GET /?e=52852998021000&mod=e9fb2eda&uri=article.php%3Fid%3D1763752-311%26name%3Dbarbie+makeup+pur HTTP/1.1" 301 - "-" "Mozilla/5.0 (Linux; Android 6.0.1; Nexus 5X Build/MMB29P) AppleWebKit/537.36 (KHTML, like Gecko) Chrome/137.0.7151.103 Mobile Safari/537.36 (compatible; GoogleOther)"
209.74.77.214 - - [12/Jul/2025:12:46:26 +0000] "POST /wp-admin/admin-ajax.php?action=async_litespeed&nonce=Pj5TtaGEqhpDOz53yLPBqXrY6BaW1TeN&litespeed_type=imgoptm HTTP/1.1" 200 21 "-" "WordPress/6.8.1; https://cyber-secure.com.au"
66.249.64.132 - - [12/Jul/2025:12:46:29 +0000] "GET /?e=52852998021000&mod=e9fb2eda&uri=article.php%3Fid%3D1763752-311%26name%3Dbarbie%20makeup%20pur HTTP/1.1" 200 26109 "-" "Mozilla/5.0 (Linux; Android 6.0.1; Nexus 5X Build/MMB29P) AppleWebKit/537.36 (KHTML, like Gecko) Chrome/137.0.7151.103 Mobile Safari/537.36 (compatible; GoogleOther)"
66.249.64.132 - - [12/Jul/2025:12:46:33 +0000] "GET /?e=66757180021000&mod=47a3893c&uri=info.php%3Fid%3D2227737-947%26name%3Dskechers+work+hombre+purpura HTTP/1.1" 200 21914 "-" "Mozilla/5.0 (Linux; Android 6.0.1; Nexus 5X Build/MMB29P) AppleWebKit/537.36 (KHTML, like Gecko) Chrome/137.0.7151.103 Mobile Safari/537.36 (compatible; Googlebot/2.1; +http://www.google.com/bot.html)"
66.249.64.132 - - [12/Jul/2025:12:46:35 +0000] "GET /?e=17026818021000&mod=f74909ac&uri=pin.php%3Fid%3D568403-43%26name%3Dcoach+handbags+sale+online HTTP/1.1" 301 - "-" "Mozilla/5.0 (Linux; Android 6.0.1; Nexus 5X Build/MMB29P) AppleWebKit/537.36 (KHTML, like Gecko) Chrome/137.0.7151.103 Mobile Safari/537.36 (compatible; GoogleOther)"
66.249.64.132 - - [12/Jul/2025:12:46:46 +0000] "GET /?e=4254016031000&mod=55a988df&uri=article.php%3Fid%3D141985-253%26name%3Dlego+bugatti+chiron+size HTTP/1.1" 301 - "-" "Mozilla/5.0 (Linux; Android 6.0.1; Nexus 5X Build/MMB29P) AppleWebKit/537.36 (KHTML, like Gecko) Chrome/137.0.7151.103 Mobile Safari/537.36 (compatible; GoogleOther)"
66.249.64.132 - - [12/Jul/2025:12:46:37 +0000] "GET /?e=35677158071000&mod=1a16abf2&uri=info.php%3Fid%3D1190766-1090%26name%3Dsurvetement+adidas+velours+femme HTTP/1.1" 200 20829 "-" "Mozilla/5.0 (Linux; Android 6.0.1; Nexus 5X Build/MMB29P) AppleWebKit/537.36 (KHTML, like Gecko) Chrome/137.0.7151.103 Mobile Safari/537.36 (compatible; Googlebot/2.1; +http://www.google.com/bot.html)"
66.249.64.132 - - [12/Jul/2025:12:46:48 +0000] "GET /wp-content/plugins/elementor/assets/js/shared-frontend-handlers.30dc2f9c080845a413a6.bundle.min.js HTTP/1.1" 200 2681 "https://cyber-secure.com.au/?e=52852998021000&mod=e9fb2eda&uri=article.php%3Fid%3D1763752-311%26name%3Dbarbie%20makeup%20pur" "Mozilla/5.0 (Linux; Android 6.0.1; Nexus 5X Build/MMB29P) AppleWebKit/537.36 (KHTML, like Gecko) Chrome/137.0.7151.119 Mobile Safari/537.36 (compatible; Googlebot/2.1; +http://www.google.com/bot.html)"
66.249.64.132 - - [12/Jul/2025:12:46:48 +0000] "GET /?e=17026818021000&mod=f74909ac&uri=pin.php%3Fid%3D568403-43%26name%3Dcoach%20handbags%20sale%20online HTTP/1.1" 200 26110 "-" "Mozilla/5.0 (Linux; Android 6.0.1; Nexus 5X Build/MMB29P) AppleWebKit/537.36 (KHTML, like Gecko) Chrome/137.0.7151.103 Mobile Safari/537.36 (compatible; GoogleOther)"
66.249.64.132 - - [12/Jul/2025:12:46:50 +0000] "GET /?e=4991057001000&mod=9023effe&uri=goods.php%3Fid%3D166624-304%26name%3Dchandi+ka+hath+ka+kada HTTP/1.1" 200 20647 "-" "Mozilla/5.0 (Linux; Android 6.0.1; Nexus 5X Build/MMB29P) AppleWebKit/537.36 (KHTML, like Gecko) Chrome/137.0.7151.103 Mobile Safari/537.36 (compatible; Googlebot/2.1; +http://www.google.com/bot.html)"
66.249.64.132 - - [12/Jul/2025:12:46:50 +0000] "GET /?e=4254016031000&mod=55a988df&uri=article.php%3Fid%3D141985-253%26name%3Dlego%20bugatti%20chiron%20size HTTP/1.1" 200 26112 "-" "Mozilla/5.0 (Linux; Android 6.0.1; Nexus 5X Build/MMB29P) AppleWebKit/537.36 (KHTML, like Gecko) Chrome/137.0.7151.103 Mobile Safari/537.36 (compatible; GoogleOther)"
66.249.64.132 - - [12/Jul/2025:12:46:51 +0000] "GET /?e=77052333011000&mod=8c5b18cb&uri=itm.php%3Fid%3D2571303-936%26name%3Dmens HTTP/1.1" 200 20970 "-" "Mozilla/5.0 (Linux; Android 6.0.1; Nexus 5X Build/MMB29P) AppleWebKit/537.36 (KHTML, like Gecko) Chrome/137.0.7151.103 Mobile Safari/537.36 (compatible; Googlebot/2.1; +http://www.google.com/bot.html)"
66.249.64.132 - - [12/Jul/2025:12:46:53 +0000] "GET /?e=3226018011000&mod=aebf7782&uri=info.php%3Fid%3D107685-205%26name%3Dusa HTTP/1.1" 200 20868 "-" "Mozilla/5.0 (Linux; Android 6.0.1; Nexus 5X Build/MMB29P) AppleWebKit/537.36 (KHTML, like Gecko) Chrome/137.0.7151.103 Mobile Safari/537.36 (compatible; Googlebot/2.1; +http://www.google.com/bot.html)"
66.249.64.132 - - [12/Jul/2025:12:46:54 +0000] "GET /?e=41690801021000&mod=1fc8c3d0&uri=category-info.php%3Fid%3D1391412-1167%26name%3Djoules+marlston+floral+hooded+sweatshirt HTTP/1.1" 200 20934 "-" "Mozilla/5.0 (Linux; Android 6.0.1; Nexus 5X Build/MMB29P) AppleWebKit/537.36 (KHTML, like Gecko) Chrome/137.0.7151.103 Mobile Safari/537.36 (compatible; Googlebot/2.1; +http://www.google.com/bot.html)"
66.249.64.132 - - [12/Jul/2025:12:46:55 +0000] "GET /?e=106336320041000&mod=0b115042&uri=products.php%3Fid%3D3548803-1257%26name%3Dplaytri+bikes HTTP/1.1" 301 - "-" "Mozilla/5.0 (Linux; Android 6.0.1; Nexus 5X Build/MMB29P) AppleWebKit/537.36 (KHTML, like Gecko) Chrome/137.0.7151.103 Mobile Safari/537.36 (compatible; GoogleOther)"
66.249.64.132 - - [12/Jul/2025:12:46:58 +0000] "GET /?e=90451543021000&mod=0f9a0878&uri=brands.php%3Fid%3D3018500-568%26name%3Dcobalt+skull+gloves HTTP/1.1" 200 21647 "-" "Mozilla/5.0 (Linux; Android 6.0.1; Nexus 5X Build/MMB29P) AppleWebKit/537.36 (KHTML, like Gecko) Chrome/137.0.7151.103 Mobile Safari/537.36 (compatible; Googlebot/2.1; +http://www.google.com/bot.html)"
66.249.64.129 - - [12/Jul/2025:12:47:01 +0000] "POST /get-message-notify HTTP/1.1" 200 21385 "https://cyber-secure.com.au/?e=66757180021000&mod=47a3893c&uri=info.php%3Fid%3D2227737-947%26name%3Dskechers+work+hombre+purpura" "Mozilla/5.0 (Linux; Android 6.0.1; Nexus 5X Build/MMB29P) AppleWebKit/537.36 (KHTML, like Gecko) Chrome/137.0.7151.119 Mobile Safari/537.36 (compatible; Googlebot/2.1; +http://www.google.com/bot.html)"
66.249.64.129 - - [12/Jul/2025:12:47:04 +0000] "GET /?e=119458712031000&mod=c255c052&uri=dp.php%3Fid%3D3986703-387%26name%3Dgold%27s+gym+adjustable+dumbbell+set HTTP/1.1" 200 22201 "-" "Mozilla/5.0 (compatible; Googlebot/2.1; +http://www.google.com/bot.html)"
66.249.64.132 - - [12/Jul/2025:12:47:06 +0000] "GET /wp-content/plugins/elementor/assets/js/shared-frontend-handlers.30dc2f9c080845a413a6.bundle.min.js HTTP/1.1" 200 2681 "https://cyber-secure.com.au/?e=17026818021000&mod=f74909ac&uri=pin.php%3Fid%3D568403-43%26name%3Dcoach%20handbags%20sale%20online" "Mozilla/5.0 (Linux; Android 6.0.1; Nexus 5X Build/MMB29P) AppleWebKit/537.36 (KHTML, like Gecko) Chrome/137.0.7151.119 Mobile Safari/537.36 (compatible; Googlebot/2.1; +http://www.google.com/bot.html)"
66.249.64.132 - - [12/Jul/2025:12:47:09 +0000] "GET /?e=105033917031000&mod=14faf969&uri=article.php%3Fid%3D3505299-1113%26name%3Dhigh+colorado+wanderschuhe+damen HTTP/1.1" 200 21118 "-" "Mozilla/5.0 (Linux; Android 6.0.1; Nexus 5X Build/MMB29P) AppleWebKit/537.36 (KHTML, like Gecko) Chrome/137.0.7151.103 Mobile Safari/537.36 (compatible; Googlebot/2.1; +http://www.google.com/bot.html)"
66.249.64.132 - - [12/Jul/2025:12:47:12 +0000] "POST /get-message-notify HTTP/1.1" 200 21389 "https://cyber-secure.com.au/?e=41690801021000&mod=1fc8c3d0&uri=category-info.php%3Fid%3D1391412-1167%26name%3Djoules+marlston+floral+hooded+sweatshirt" "Mozilla/5.0 (Linux; Android 6.0.1; Nexus 5X Build/MMB29P) AppleWebKit/537.36 (KHTML, like Gecko) Chrome/137.0.7151.119 Mobile Safari/537.36 (compatible; Googlebot/2.1; +http://www.google.com/bot.html)"
209.74.77.214 - - [12/Jul/2025:12:47:14 +0000] "POST /wp-cron.php?doing_wp_cron=1752324434.1145999431610107421875 HTTP/1.1" 200 - "-" "WordPress/6.8.1; https://cyber-secure.com.au"
66.249.64.132 - - [12/Jul/2025:12:47:13 +0000] "GET /?e=17000643071000&mod=a01a0380&uri=shop.php%3Fid%3D567530-39%26name%3Dronda+barrel+chair HTTP/1.1" 301 - "-" "Mozilla/5.0 (Linux; Android 6.0.1; Nexus 5X Build/MMB29P) AppleWebKit/537.36 (KHTML, like Gecko) Chrome/137.0.7151.103 Mobile Safari/537.36 (compatible; GoogleOther)"
209.74.77.214 - - [12/Jul/2025:12:47:14 +0000] "POST /wp-admin/admin-ajax.php?action=async_litespeed&nonce=OyKiRI49eo99xllKFmaiXAYgMtGVYfyq&litespeed_type=imgoptm HTTP/1.1" 200 21 "-" "WordPress/6.8.1; https://cyber-secure.com.au"
66.249.64.132 - - [12/Jul/2025:12:47:17 +0000] "GET /?e=17000643071000&mod=a01a0380&uri=shop.php%3Fid%3D567530-39%26name%3Dronda%20barrel%20chair HTTP/1.1" 200 26107 "-" "Mozilla/5.0 (Linux; Android 6.0.1; Nexus 5X Build/MMB29P) AppleWebKit/537.36 (KHTML, like Gecko) Chrome/137.0.7151.103 Mobile Safari/537.36 (compatible; GoogleOther)"
66.249.64.132 - - [12/Jul/2025:12:47:18 +0000] "POST /get-message-notify HTTP/1.1" 200 21385 "https://cyber-secure.com.au/?e=119458712031000&mod=c255c052&uri=dp.php%3Fid%3D3986703-387%26name%3Dgold%27s+gym+adjustable+dumbbell+set" "Mozilla/5.0 AppleWebKit/537.36 (KHTML, like Gecko; compatible; Googlebot/2.1; +http://www.google.com/bot.html) Chrome/137.0.7151.119 Safari/537.36"
66.249.64.132 - - [12/Jul/2025:12:47:21 +0000] "GET /?e=51404679051000&mod=cd7214aa&uri=brands.php%3Fid%3D1715447-1248%26name%3Ddior+fashions HTTP/1.1" 301 - "-" "Mozilla/5.0 (Linux; Android 6.0.1; Nexus 5X Build/MMB29P) AppleWebKit/537.36 (KHTML, like Gecko) Chrome/137.0.7151.103 Mobile Safari/537.36 (compatible; GoogleOther)"
66.249.64.132 - - [12/Jul/2025:12:47:24 +0000] "GET /?e=51404679051000&mod=cd7214aa&uri=brands.php%3Fid%3D1715447-1248%26name%3Ddior%20fashions HTTP/1.1" 200 26111 "-" "Mozilla/5.0 (Linux; Android 6.0.1; Nexus 5X Build/MMB29P) AppleWebKit/537.36 (KHTML, like Gecko) Chrome/137.0.7151.103 Mobile Safari/537.36 (compatible; GoogleOther)"
66.249.64.132 - - [12/Jul/2025:12:47:45 +0000] "GET /?e=22662048071000&mod=c3f4db3a&uri=itm.php%3Fid%3D756428-824%26name%3Dbunn+server HTTP/1.1" 301 - "-" "Mozilla/5.0 (Linux; Android 6.0.1; Nexus 5X Build/MMB29P) AppleWebKit/537.36 (KHTML, like Gecko) Chrome/137.0.7151.103 Mobile Safari/537.36 (compatible; GoogleOther)"
66.249.64.132 - - [12/Jul/2025:12:47:49 +0000] "GET /?e=22662048071000&mod=c3f4db3a&uri=itm.php%3Fid%3D756428-824%26name%3Dbunn%20server HTTP/1.1" 200 26105 "-" "Mozilla/5.0 (Linux; Android 6.0.1; Nexus 5X Build/MMB29P) AppleWebKit/537.36 (KHTML, like Gecko) Chrome/137.0.7151.103 Mobile Safari/537.36 (compatible; GoogleOther)"
66.249.64.132 - - [12/Jul/2025:12:48:08 +0000] "GET /wp-content/plugins/elementor/assets/js/shared-frontend-handlers.30dc2f9c080845a413a6.bundle.min.js HTTP/1.1" 200 2681 "https://cyber-secure.com.au/?e=17016048031000&mod=a01a0380&uri=shop.php%3Fid%3D568044-39%26name%3Dglobal%20furniture%20office%20chair%20costco" "Mozilla/5.0 (Linux; Android 6.0.1; Nexus 5X Build/MMB29P) AppleWebKit/537.36 (KHTML, like Gecko) Chrome/137.0.7151.119 Mobile Safari/537.36 (compatible; Googlebot/2.1; +http://www.google.com/bot.html)"
66.249.64.132 - - [12/Jul/2025:12:48:40 +0000] "GET /wp-content/plugins/elementor/assets/js/shared-frontend-handlers.30dc2f9c080845a413a6.bundle.min.js HTTP/1.1" 200 2681 "https://cyber-secure.com.au/?e=4254016031000&mod=55a988df&uri=article.php%3Fid%3D141985-253%26name%3Dlego%20bugatti%20chiron%20size" "Mozilla/5.0 (Linux; Android 6.0.1; Nexus 5X Build/MMB29P) AppleWebKit/537.36 (KHTML, like Gecko) Chrome/137.0.7151.119 Mobile Safari/537.36 (compatible; Googlebot/2.1; +http://www.google.com/bot.html)"
209.74.77.214 - - [12/Jul/2025:12:48:40 +0000] "POST /wp-cron.php?doing_wp_cron=1752324520.7933859825134277343750 HTTP/1.1" 200 - "-" "WordPress/6.8.1; https://cyber-secure.com.au"
66.249.64.132 - - [12/Jul/2025:12:48:39 +0000] "GET /?e=19647721061000&mod=b7c13b0a&uri=news.php%3Fid%3D655868-751%26name%3Dmochila+barbie+a%C3%83%C2%B1os+90+celeste HTTP/1.1" 301 - "-" "Mozilla/5.0 (Linux; Android 6.0.1; Nexus 5X Build/MMB29P) AppleWebKit/537.36 (KHTML, like Gecko) Chrome/137.0.7151.103 Mobile Safari/537.36 (compatible; GoogleOther)"
209.74.77.214 - - [12/Jul/2025:12:48:40 +0000] "POST /wp-admin/admin-ajax.php?action=async_litespeed&nonce=v9qmckgLPE0WvnEiuY70L3bg8impe0Uo&litespeed_type=imgoptm HTTP/1.1" 200 21 "-" "WordPress/6.8.1; https://cyber-secure.com.au"
66.249.64.132 - - [12/Jul/2025:12:48:45 +0000] "GET /?e=19647721061000&mod=b7c13b0a&uri=news.php%3Fid%3D655868-751%26name%3Dmochila%20barbie%20a%C3%83%C2%B1os%2090%20celeste HTTP/1.1" 200 26113 "-" "Mozilla/5.0 (Linux; Android 6.0.1; Nexus 5X Build/MMB29P) AppleWebKit/537.36 (KHTML, like Gecko) Chrome/137.0.7151.103 Mobile Safari/537.36 (compatible; GoogleOther)"
66.249.64.132 - - [12/Jul/2025:12:49:03 +0000] "GET /?e=119771963021000&mod=7993e112&uri=news.php%3Fid%3D3997154-242%26name%3Dorigami+cake+wrap+mold HTTP/1.1" 301 - "-" "Mozilla/5.0 (Linux; Android 6.0.1; Nexus 5X Build/MMB29P) AppleWebKit/537.36 (KHTML, like Gecko) Chrome/137.0.7151.103 Mobile Safari/537.36 (compatible; GoogleOther)"
209.74.77.214 - - [12/Jul/2025:12:49:08 +0000] "POST /wp-cron.php?doing_wp_cron=1752324548.1560409069061279296875 HTTP/1.1" 200 - "-" "WordPress/6.8.1; https://cyber-secure.com.au"
66.249.64.128 - - [12/Jul/2025:12:49:08 +0000] "GET /?e=119771963021000&mod=7993e112&uri=news.php%3Fid%3D3997154-242%26name%3Dorigami%20cake%20wrap%20mold HTTP/1.1" 200 26105 "-" "Mozilla/5.0 (Linux; Android 6.0.1; Nexus 5X Build/MMB29P) AppleWebKit/537.36 (KHTML, like Gecko) Chrome/137.0.7151.103 Mobile Safari/537.36 (compatible; GoogleOther)"
209.74.77.214 - - [12/Jul/2025:12:49:18 +0000] "POST /wp-cron.php?doing_wp_cron=1752324558.9599869251251220703125 HTTP/1.1" 200 - "-" "WordPress/6.8.1; https://cyber-secure.com.au"
66.249.64.132 - - [12/Jul/2025:12:49:18 +0000] "GET /?e=19641511051000&mod=731309c4&uri=pin.php%3Fid%3D655661-321%26name%3Dwhat+is+the+perfect+dog+for+me HTTP/1.1" 301 - "-" "Mozilla/5.0 (Linux; Android 6.0.1; Nexus 5X Build/MMB29P) AppleWebKit/537.36 (KHTML, like Gecko) Chrome/137.0.7151.103 Mobile Safari/537.36 (compatible; GoogleOther)"
209.74.77.214 - - [12/Jul/2025:12:49:19 +0000] "POST /wp-admin/admin-ajax.php?action=async_litespeed&nonce=G2lY1auad93RevETxCqSkSdboEBfnGPB&litespeed_type=imgoptm HTTP/1.1" 200 21 "-" "WordPress/6.8.1; https://cyber-secure.com.au"
66.249.64.132 - - [12/Jul/2025:12:49:23 +0000] "GET /?e=19641511051000&mod=731309c4&uri=pin.php%3Fid%3D655661-321%26name%3Dwhat%20is%20the%20perfect%20dog%20for%20me HTTP/1.1" 200 26104 "-" "Mozilla/5.0 (Linux; Android 6.0.1; Nexus 5X Build/MMB29P) AppleWebKit/537.36 (KHTML, like Gecko) Chrome/137.0.7151.103 Mobile Safari/537.36 (compatible; GoogleOther)"
66.249.64.132 - - [12/Jul/2025:12:49:25 +0000] "GET /wp-content/plugins/elementor/assets/js/shared-frontend-handlers.30dc2f9c080845a413a6.bundle.min.js HTTP/1.1" 200 2681 "https://cyber-secure.com.au/?e=19647721061000&mod=b7c13b0a&uri=news.php%3Fid%3D655868-751%26name%3Dmochila%20barbie%20a%C3%83%C2%B1os%2090%20celeste" "Mozilla/5.0 (Linux; Android 6.0.1; Nexus 5X Build/MMB29P) AppleWebKit/537.36 (KHTML, like Gecko) Chrome/137.0.7151.119 Mobile Safari/537.36 (compatible; Googlebot/2.1; +http://www.google.com/bot.html)"
66.249.64.132 - - [12/Jul/2025:12:49:26 +0000] "GET /?e=19657741031000&mod=b7c13b0a&uri=product.php%3Fid%3D656202-751%26name%3Dponer+plastico+lluvia+capazo+bugaboo+bee HTTP/1.1" 301 - "-" "Mozilla/5.0 (Linux; Android 6.0.1; Nexus 5X Build/MMB29P) AppleWebKit/537.36 (KHTML, like Gecko) Chrome/137.0.7151.103 Mobile Safari/537.36 (compatible; GoogleOther)"
66.249.64.132 - - [12/Jul/2025:12:49:31 +0000] "GET /wp-content/plugins/elementor/assets/js/shared-frontend-handlers.30dc2f9c080845a413a6.bundle.min.js HTTP/1.1" 200 2681 "https://cyber-secure.com.au/?e=19641511051000&mod=731309c4&uri=pin.php%3Fid%3D655661-321%26name%3Dwhat%20is%20the%20perfect%20dog%20for%20me" "Mozilla/5.0 (Linux; Android 6.0.1; Nexus 5X Build/MMB29P) AppleWebKit/537.36 (KHTML, like Gecko) Chrome/137.0.7151.119 Mobile Safari/537.36 (compatible; Googlebot/2.1; +http://www.google.com/bot.html)"
66.249.64.132 - - [12/Jul/2025:12:49:31 +0000] "GET /?e=19657741031000&mod=b7c13b0a&uri=product.php%3Fid%3D656202-751%26name%3Dponer%20plastico%20lluvia%20capazo%20bugaboo%20bee HTTP/1.1" 200 26105 "-" "Mozilla/5.0 (Linux; Android 6.0.1; Nexus 5X Build/MMB29P) AppleWebKit/537.36 (KHTML, like Gecko) Chrome/137.0.7151.103 Mobile Safari/537.36 (compatible; GoogleOther)"
66.249.64.132 - - [12/Jul/2025:12:49:36 +0000] "GET /?e=34561759001000&mod=36ed197b&uri=article.php%3Fid%3D1153556-332%26name%3Damazon+prime+rhobh HTTP/1.1" 301 - "-" "Mozilla/5.0 (Linux; Android 6.0.1; Nexus 5X Build/MMB29P) AppleWebKit/537.36 (KHTML, like Gecko) Chrome/137.0.7151.103 Mobile Safari/537.36 (compatible; GoogleOther)"
66.249.64.132 - - [12/Jul/2025:12:49:41 +0000] "GET /?e=34561759001000&mod=36ed197b&uri=article.php%3Fid%3D1153556-332%26name%3Damazon%20prime%20rhobh HTTP/1.1" 200 26109 "-" "Mozilla/5.0 (Linux; Android 6.0.1; Nexus 5X Build/MMB29P) AppleWebKit/537.36 (KHTML, like Gecko) Chrome/137.0.7151.103 Mobile Safari/537.36 (compatible; GoogleOther)"
66.249.64.129 - - [12/Jul/2025:12:50:10 +0000] "GET /wp-content/plugins/elementor/assets/js/shared-frontend-handlers.30dc2f9c080845a413a6.bundle.min.js HTTP/1.1" 200 2681 "https://cyber-secure.com.au/?e=19657741031000&mod=b7c13b0a&uri=product.php%3Fid%3D656202-751%26name%3Dponer%20plastico%20lluvia%20capazo%20bugaboo%20bee" "Mozilla/5.0 (Linux; Android 6.0.1; Nexus 5X Build/MMB29P) AppleWebKit/537.36 (KHTML, like Gecko) Chrome/137.0.7151.119 Mobile Safari/537.36 (compatible; Googlebot/2.1; +http://www.google.com/bot.html)"
66.249.64.128 - - [12/Jul/2025:12:50:24 +0000] "GET /wp-content/plugins/elementor/assets/js/shared-frontend-handlers.30dc2f9c080845a413a6.bundle.min.js HTTP/1.1" 200 2681 "https://cyber-secure.com.au/?e=119771963021000&mod=7993e112&uri=news.php%3Fid%3D3997154-242%26name%3Dorigami%20cake%20wrap%20mold" "Mozilla/5.0 (Linux; Android 6.0.1; Nexus 5X Build/MMB29P) AppleWebKit/537.36 (KHTML, like Gecko) Chrome/137.0.7151.119 Mobile Safari/537.36 (compatible; Googlebot/2.1; +http://www.google.com/bot.html)"
209.74.77.214 - - [12/Jul/2025:12:50:32 +0000] "POST /wp-cron.php?doing_wp_cron=1752324632.1266419887542724609375 HTTP/1.1" 200 - "-" "WordPress/6.8.1; https://cyber-secure.com.au"
66.249.64.132 - - [12/Jul/2025:12:50:30 +0000] "GET /?e=72409843041000&mod=c20bb2d9&uri=goods.php%3Fid%3D2416400-715%26name%3Dgormiti+della+pietra HTTP/1.1" 301 - "-" "Mozilla/5.0 (Linux; Android 6.0.1; Nexus 5X Build/MMB29P) AppleWebKit/537.36 (KHTML, like Gecko) Chrome/137.0.7151.103 Mobile Safari/537.36 (compatible; GoogleOther)"
209.74.77.214 - - [12/Jul/2025:12:50:32 +0000] "POST /wp-admin/admin-ajax.php?action=async_litespeed&nonce=VUZ1K7no6xSaHgBUIibkeT21fNZIq3cq&litespeed_type=imgoptm HTTP/1.1" 200 21 "-" "WordPress/6.8.1; https://cyber-secure.com.au"
66.249.64.132 - - [12/Jul/2025:12:50:37 +0000] "GET /?e=72409843041000&mod=c20bb2d9&uri=goods.php%3Fid%3D2416400-715%26name%3Dgormiti%20della%20pietra HTTP/1.1" 200 26107 "-" "Mozilla/5.0 (Linux; Android 6.0.1; Nexus 5X Build/MMB29P) AppleWebKit/537.36 (KHTML, like Gecko) Chrome/137.0.7151.103 Mobile Safari/537.36 (compatible; GoogleOther)"
66.249.64.129 - - [12/Jul/2025:12:51:03 +0000] "GET /?e=100181001031000&mod=a01a0380&uri=search.php%3Fid%3D3343297-39%26name%3Dhallie+club+chair HTTP/1.1" 301 - "-" "Mozilla/5.0 (Linux; Android 6.0.1; Nexus 5X Build/MMB29P) AppleWebKit/537.36 (KHTML, like Gecko) Chrome/137.0.7151.103 Mobile Safari/537.36 (compatible; GoogleOther)"
209.74.77.214 - - [12/Jul/2025:12:51:07 +0000] "POST /wp-cron.php?doing_wp_cron=1752324667.8454420566558837890625 HTTP/1.1" 200 - "-" "WordPress/6.8.1; https://cyber-secure.com.au"
66.249.64.132 - - [12/Jul/2025:12:51:07 +0000] "GET /?e=100181001031000&mod=a01a0380&uri=search.php%3Fid%3D3343297-39%26name%3Dhallie%20club%20chair HTTP/1.1" 200 26107 "-" "Mozilla/5.0 (Linux; Android 6.0.1; Nexus 5X Build/MMB29P) AppleWebKit/537.36 (KHTML, like Gecko) Chrome/137.0.7151.103 Mobile Safari/537.36 (compatible; GoogleOther)"
209.74.77.214 - - [12/Jul/2025:12:51:23 +0000] "POST /wp-cron.php?doing_wp_cron=1752324683.3265659809112548828125 HTTP/1.1" 200 - "-" "WordPress/6.8.1; https://cyber-secure.com.au"
66.249.64.132 - - [12/Jul/2025:12:51:19 +0000] "GET /?e=99595687141000&mod=af12e5e5&uri=article.php%3Fid%3D3323762-1604%26name%3Dwalmart+dog+grooming+scissors HTTP/1.1" 301 - "-" "Mozilla/5.0 (Linux; Android 6.0.1; Nexus 5X Build/MMB29P) AppleWebKit/537.36 (KHTML, like Gecko) Chrome/137.0.7151.103 Mobile Safari/537.36 (compatible; GoogleOther)"
209.74.77.214 - - [12/Jul/2025:12:51:23 +0000] "POST /wp-admin/admin-ajax.php?action=async_litespeed&nonce=0xfx0v92QIC7yWNjjhMNbQhEUa2ffuEn&litespeed_type=imgoptm HTTP/1.1" 200 21 "-" "WordPress/6.8.1; https://cyber-secure.com.au"
66.249.64.132 - - [12/Jul/2025:12:51:27 +0000] "GET /?e=99595687141000&mod=af12e5e5&uri=article.php%3Fid%3D3323762-1604%26name%3Dwalmart%20dog%20grooming%20scissors HTTP/1.1" 200 26106 "-" "Mozilla/5.0 (Linux; Android 6.0.1; Nexus 5X Build/MMB29P) AppleWebKit/537.36 (KHTML, like Gecko) Chrome/137.0.7151.103 Mobile Safari/537.36 (compatible; GoogleOther)"
66.249.64.132 - - [12/Jul/2025:12:51:31 +0000] "GET /wp-content/plugins/elementor/assets/js/shared-frontend-handlers.30dc2f9c080845a413a6.bundle.min.js HTTP/1.1" 200 2681 "https://cyber-secure.com.au/?e=100181001031000&mod=a01a0380&uri=search.php%3Fid%3D3343297-39%26name%3Dhallie%20club%20chair" "Mozilla/5.0 (Linux; Android 6.0.1; Nexus 5X Build/MMB29P) AppleWebKit/537.36 (KHTML, like Gecko) Chrome/137.0.7151.119 Mobile Safari/537.36 (compatible; Googlebot/2.1; +http://www.google.com/bot.html)"
66.249.64.132 - - [12/Jul/2025:12:52:02 +0000] "GET /?e=34581139061000&mod=3b9be7e1&uri=pin.php%3Fid%3D1154202-408%26name%3Dvince+camuto+one+shoulder+turtleneck+sweater HTTP/1.1" 301 - "-" "Mozilla/5.0 (Linux; Android 6.0.1; Nexus 5X Build/MMB29P) AppleWebKit/537.36 (KHTML, like Gecko) Chrome/137.0.7151.103 Mobile Safari/537.36 (compatible; GoogleOther)"
66.249.64.128 - - [12/Jul/2025:12:52:05 +0000] "GET /?e=34581139061000&mod=3b9be7e1&uri=pin.php%3Fid%3D1154202-408%26name%3Dvince%20camuto%20one%20shoulder%20turtleneck%20sweater HTTP/1.1" 200 26112 "-" "Mozilla/5.0 (Linux; Android 6.0.1; Nexus 5X Build/MMB29P) AppleWebKit/537.36 (KHTML, like Gecko) Chrome/137.0.7151.103 Mobile Safari/537.36 (compatible; GoogleOther)"
209.74.77.214 - - [12/Jul/2025:12:52:12 +0000] "POST /wp-cron.php?doing_wp_cron=1752324732.4323608875274658203125 HTTP/1.1" 200 - "-" "WordPress/6.8.1; https://cyber-secure.com.au"
66.249.64.128 - - [12/Jul/2025:12:52:12 +0000] "GET /?e=19671657001000&mod=b06b5541&uri=goods.php%3Fid%3D656666-248%26name%3Dattar+al+boruzz HTTP/1.1" 301 - "-" "Mozilla/5.0 (Linux; Android 6.0.1; Nexus 5X Build/MMB29P) AppleWebKit/537.36 (KHTML, like Gecko) Chrome/137.0.7151.103 Mobile Safari/537.36 (compatible; GoogleOther)"
209.74.77.214 - - [12/Jul/2025:12:52:15 +0000] "POST /wp-cron.php?doing_wp_cron=1752324735.2032821178436279296875 HTTP/1.1" 200 - "-" "WordPress/6.8.1; https://cyber-secure.com.au"
66.249.64.132 - - [12/Jul/2025:12:52:15 +0000] "GET /?e=19671657001000&mod=b06b5541&uri=goods.php%3Fid%3D656666-248%26name%3Dattar%20al%20boruzz HTTP/1.1" 200 26106 "-" "Mozilla/5.0 (Linux; Android 6.0.1; Nexus 5X Build/MMB29P) AppleWebKit/537.36 (KHTML, like Gecko) Chrome/137.0.7151.103 Mobile Safari/537.36 (compatible; GoogleOther)"
209.74.77.214 - - [12/Jul/2025:12:52:15 +0000] "POST /wp-admin/admin-ajax.php?action=async_litespeed&nonce=yvroM5vLbF9yX5ut9em8QT5w8HXoYt0N&litespeed_type=imgoptm HTTP/1.1" 200 21 "-" "WordPress/6.8.1; https://cyber-secure.com.au"
66.249.64.132 - - [12/Jul/2025:12:52:24 +0000] "GET /?e=22258430011000&mod=3a20f62a&uri=shop.php%3Fid%3D742959-156%26name%3Dbaby+onesie+coats HTTP/1.1" 200 22677 "-" "Mozilla/5.0 (Linux; Android 6.0.1; Nexus 5X Build/MMB29P) AppleWebKit/537.36 (KHTML, like Gecko) Chrome/137.0.7151.103 Mobile Safari/537.36 (compatible; Googlebot/2.1; +http://www.google.com/bot.html)"
66.249.64.132 - - [12/Jul/2025:12:52:30 +0000] "GET /?e=107680384011000&mod=a01a0380&uri=products.php%3Fid%3D3593652-39%26name%3Dbrookstone+energize+3d+massage+chair HTTP/1.1" 301 - "-" "Mozilla/5.0 (Linux; Android 6.0.1; Nexus 5X Build/MMB29P) AppleWebKit/537.36 (KHTML, like Gecko) Chrome/137.0.7151.103 Mobile Safari/537.36 (compatible; GoogleOther)"
66.249.64.132 - - [12/Jul/2025:12:52:30 +0000] "GET /?e=22224159041000&mod=8909a6e3&uri=info.php%3Fid%3D741816-567%26name%3Dwaterproof+trousers+rab HTTP/1.1" 200 21281 "-" "Mozilla/5.0 (Linux; Android 6.0.1; Nexus 5X Build/MMB29P) AppleWebKit/537.36 (KHTML, like Gecko) Chrome/137.0.7151.103 Mobile Safari/537.36 (compatible; Googlebot/2.1; +http://www.google.com/bot.html)"
66.249.64.132 - - [12/Jul/2025:12:52:31 +0000] "GET /wp-content/plugins/elementor/assets/js/shared-frontend-handlers.30dc2f9c080845a413a6.bundle.min.js HTTP/1.1" 200 2681 "https://cyber-secure.com.au/?e=34581139061000&mod=3b9be7e1&uri=pin.php%3Fid%3D1154202-408%26name%3Dvince%20camuto%20one%20shoulder%20turtleneck%20sweater" "Mozilla/5.0 (Linux; Android 6.0.1; Nexus 5X Build/MMB29P) AppleWebKit/537.36 (KHTML, like Gecko) Chrome/137.0.7151.119 Mobile Safari/537.36 (compatible; Googlebot/2.1; +http://www.google.com/bot.html)"
66.249.64.132 - - [12/Jul/2025:12:52:32 +0000] "GET /?e=107680384011000&mod=a01a0380&uri=products.php%3Fid%3D3593652-39%26name%3Dbrookstone%20energize%203d%20massage%20chair HTTP/1.1" 200 26109 "-" "Mozilla/5.0 (Linux; Android 6.0.1; Nexus 5X Build/MMB29P) AppleWebKit/537.36 (KHTML, like Gecko) Chrome/137.0.7151.103 Mobile Safari/537.36 (compatible; GoogleOther)"
66.249.64.132 - - [12/Jul/2025:12:52:35 +0000] "GET /?e=51805740091000&mod=71b9e42f&uri=dp.php%3Fid%3D1728825-811%26name%3Dedema+slippers+near+me HTTP/1.1" 200 21520 "-" "Mozilla/5.0 (Linux; Android 6.0.1; Nexus 5X Build/MMB29P) AppleWebKit/537.36 (KHTML, like Gecko) Chrome/137.0.7151.103 Mobile Safari/537.36 (compatible; Googlebot/2.1; +http://www.google.com/bot.html)"
66.249.64.132 - - [12/Jul/2025:12:52:41 +0000] "GET /?e=22214037021000&mod=0f9a0878&uri=info.php%3Fid%3D741478-568%26name%3Dthick+fluffy+socks HTTP/1.1" 200 21395 "-" "Mozilla/5.0 (Linux; Android 6.0.1; Nexus 5X Build/MMB29P) AppleWebKit/537.36 (KHTML, like Gecko) Chrome/137.0.7151.103 Mobile Safari/537.36 (compatible; Googlebot/2.1; +http://www.google.com/bot.html)"
66.249.64.132 - - [12/Jul/2025:12:52:46 +0000] "GET /?e=22214487021000&mod=0f9a0878&uri=products.php%3Fid%3D741493-568%26name%3Drate+of+surgical+gloves HTTP/1.1" 200 22533 "-" "Mozilla/5.0 (Linux; Android 6.0.1; Nexus 5X Build/MMB29P) AppleWebKit/537.36 (KHTML, like Gecko) Chrome/137.0.7151.103 Mobile Safari/537.36 (compatible; Googlebot/2.1; +http://www.google.com/bot.html)"
66.249.64.132 - - [12/Jul/2025:12:52:50 +0000] "GET /?e=99623407081000&mod=b4e62d56&uri=article.php%3Fid%3D3324686-1050%26name%3Dlab+collars HTTP/1.1" 301 - "-" "Mozilla/5.0 (Linux; Android 6.0.1; Nexus 5X Build/MMB29P) AppleWebKit/537.36 (KHTML, like Gecko) Chrome/137.0.7151.103 Mobile Safari/537.36 (compatible; GoogleOther)"
66.249.64.132 - - [12/Jul/2025:12:52:51 +0000] "GET /?e=22247000041000&mod=3a20f62a&uri=product.php%3Fid%3D742578-156%26name%3Dbuy+sebamed+online HTTP/1.1" 200 22760 "-" "Mozilla/5.0 (Linux; Android 6.0.1; Nexus 5X Build/MMB29P) AppleWebKit/537.36 (KHTML, like Gecko) Chrome/137.0.7151.103 Mobile Safari/537.36 (compatible; Googlebot/2.1; +http://www.google.com/bot.html)"
66.249.64.132 - - [12/Jul/2025:12:52:52 +0000] "GET /?e=99623407081000&mod=b4e62d56&uri=article.php%3Fid%3D3324686-1050%26name%3Dlab%20collars HTTP/1.1" 200 26103 "-" "Mozilla/5.0 (Linux; Android 6.0.1; Nexus 5X Build/MMB29P) AppleWebKit/537.36 (KHTML, like Gecko) Chrome/137.0.7151.103 Mobile Safari/537.36 (compatible; GoogleOther)"
66.249.64.132 - - [12/Jul/2025:12:52:54 +0000] "GET /wp-content/plugins/elementor/assets/js/shared-frontend-handlers.30dc2f9c080845a413a6.bundle.min.js HTTP/1.1" 200 2681 "https://cyber-secure.com.au/?e=50086274011000&mod=437d7d1d&uri=pin.php%3Fid%3D1671466-96%26name%3Ddan%20henry%201939%20chronograph" "Mozilla/5.0 (Linux; Android 6.0.1; Nexus 5X Build/MMB29P) AppleWebKit/537.36 (KHTML, like Gecko) Chrome/137.0.7151.119 Mobile Safari/537.36 (compatible; Googlebot/2.1; +http://www.google.com/bot.html)"
66.249.64.129 - - [12/Jul/2025:12:53:01 +0000] "GET /?e=22269853041000&mod=e9412ee5&uri=dp.php%3Fid%3D743340-246%26name%3Dfirefox+foscam HTTP/1.1" 200 20693 "-" "Mozilla/5.0 (Linux; Android 6.0.1; Nexus 5X Build/MMB29P) AppleWebKit/537.36 (KHTML, like Gecko) Chrome/137.0.7151.103 Mobile Safari/537.36 (compatible; Googlebot/2.1; +http://www.google.com/bot.html)"
66.249.64.129 - - [12/Jul/2025:12:53:04 +0000] "GET /?e=119463032031000&mod=c255c052&uri=pin.php%3Fid%3D3986847-387%26name%3Dis+it+good+to+exercise+at+night+after+dinner HTTP/1.1" 200 21967 "-" "Mozilla/5.0 (compatible; Googlebot/2.1; +http://www.google.com/bot.html)"
