66.249.64.132 - - [12/Jul/2025:13:20:04 +0000] "GET /?e=119480813031000&mod=a3ec6dd8&uri=info.php%3Fid%3D3987440-410%26name%3Dlego+minecraft+g HTTP/1.1" 200 21398 "-" "Mozilla/5.0 (Linux; Android 6.0.1; Nexus 5X Build/MMB29P) AppleWebKit/537.36 (KHTML, like Gecko) Chrome/137.0.7151.103 Mobile Safari/537.36 (compatible; Googlebot/2.1; +http://www.google.com/bot.html)"
66.249.64.132 - - [12/Jul/2025:13:20:05 +0000] "POST /get-message-notify HTTP/1.1" 200 21385 "https://cyber-secure.com.au/?e=119479973001000&mod=a3ec6dd8&uri=us.php%3Fid%3D3987412-410%26name%3Dminecraft+nether+portal+toy" "Mozilla/5.0 (Linux; Android 6.0.1; Nexus 5X Build/MMB29P) AppleWebKit/537.36 (KHTML, like Gecko) Chrome/137.0.7151.119 Mobile Safari/537.36 (compatible; Googlebot/2.1; +http://www.google.com/bot.html)"
209.74.77.214 - - [12/Jul/2025:13:20:09 +0000] "POST /wp-cron.php?doing_wp_cron=1752326409.4846279621124267578125 HTTP/1.1" 200 - "-" "WordPress/6.8.1; https://cyber-secure.com.au"
66.249.64.132 - - [12/Jul/2025:13:20:09 +0000] "GET /?e=19511339031000&mod=234e6913&uri=blog.php%3Fid%3D651319-745%26name%3Dgiant+tcr+gumtree HTTP/1.1" 301 - "-" "Mozilla/5.0 (Linux; Android 6.0.1; Nexus 5X Build/MMB29P) AppleWebKit/537.36 (KHTML, like Gecko) Chrome/137.0.7151.103 Mobile Safari/537.36 (compatible; GoogleOther)"
66.249.64.132 - - [12/Jul/2025:13:20:10 +0000] "GET /?e=119480723001000&mod=a3ec6dd8&uri=dp.php%3Fid%3D3987437-410%26name%3Dlego+set+7672+rogue+shadow HTTP/1.1" 200 21999 "-" "Mozilla/5.0 (Linux; Android 6.0.1; Nexus 5X Build/MMB29P) AppleWebKit/537.36 (KHTML, like Gecko) Chrome/137.0.7151.103 Mobile Safari/537.36 (compatible; Googlebot/2.1; +http://www.google.com/bot.html)"
66.249.64.132 - - [12/Jul/2025:13:20:07 +0000] "GET /?e=19656841041000&mod=b7c13b0a&uri=pin.php%3Fid%3D656172-751%26name%3Dmochila+jones+snowboard HTTP/1.1" 200 21667 "-" "Mozilla/5.0 (Linux; Android 6.0.1; Nexus 5X Build/MMB29P) AppleWebKit/537.36 (KHTML, like Gecko) Chrome/137.0.7151.103 Mobile Safari/537.36 (compatible; Googlebot/2.1; +http://www.google.com/bot.html)"
209.74.77.214 - - [12/Jul/2025:13:20:16 +0000] "POST /wp-cron.php?doing_wp_cron=1752326416.8519709110260009765625 HTTP/1.1" 200 - "-" "WordPress/6.8.1; https://cyber-secure.com.au"
209.74.77.214 - - [12/Jul/2025:13:20:16 +0000] "POST /wp-admin/admin-ajax.php?action=async_litespeed&nonce=LEXCTSUpJc1iMa2izXTNAJVrJPcJ5qjg&litespeed_type=imgoptm HTTP/1.1" 200 21 "-" "WordPress/6.8.1; https://cyber-secure.com.au"
66.249.64.132 - - [12/Jul/2025:13:20:16 +0000] "GET /?e=19511339031000&mod=234e6913&uri=blog.php%3Fid%3D651319-745%26name%3Dgiant%20tcr%20gumtree HTTP/1.1" 200 26109 "-" "Mozilla/5.0 (Linux; Android 6.0.1; Nexus 5X Build/MMB29P) AppleWebKit/537.36 (KHTML, like Gecko) Chrome/137.0.7151.103 Mobile Safari/537.36 (compatible; GoogleOther)"
66.249.64.132 - - [12/Jul/2025:13:20:17 +0000] "GET /?e=119479913031000&mod=c255c052&uri=search.php%3Fid%3D3987410-387%26name%3Dkit+kettlebell HTTP/1.1" 200 22493 "-" "Mozilla/5.0 (Linux; Android 6.0.1; Nexus 5X Build/MMB29P) AppleWebKit/537.36 (KHTML, like Gecko) Chrome/137.0.7151.103 Mobile Safari/537.36 (compatible; Googlebot/2.1; +http://www.google.com/bot.html)"
66.249.64.132 - - [12/Jul/2025:13:20:18 +0000] "GET /?e=19655401011000&mod=f4f1f13c&uri=pin.php%3Fid%3D656124-750%26name%3Dguess+mochila+roja HTTP/1.1" 200 21337 "-" "Mozilla/5.0 (Linux; Android 6.0.1; Nexus 5X Build/MMB29P) AppleWebKit/537.36 (KHTML, like Gecko) Chrome/137.0.7151.103 Mobile Safari/537.36 (compatible; Googlebot/2.1; +http://www.google.com/bot.html)"
66.249.64.132 - - [12/Jul/2025:13:20:27 +0000] "POST /get-message-notify HTTP/1.1" 200 21382 "https://cyber-secure.com.au/?e=119480783021000&mod=a3ec6dd8&uri=products.php%3Fid%3D3987439-410%26name%3Dlego+metropolitana" "Mozilla/5.0 (Linux; Android 6.0.1; Nexus 5X Build/MMB29P) AppleWebKit/537.36 (KHTML, like Gecko) Chrome/137.0.7151.119 Mobile Safari/537.36 (compatible; Googlebot/2.1; +http://www.google.com/bot.html)"
66.249.64.132 - - [12/Jul/2025:13:20:27 +0000] "GET /?e=119480573101000&mod=a3ec6dd8&uri=goods.php%3Fid%3D3987432-410%26name%3Dmarvel+iron+man+lego+head HTTP/1.1" 200 21484 "-" "Mozilla/5.0 (Linux; Android 6.0.1; Nexus 5X Build/MMB29P) AppleWebKit/537.36 (KHTML, like Gecko) Chrome/137.0.7151.103 Mobile Safari/537.36 (compatible; Googlebot/2.1; +http://www.google.com/bot.html)"
66.249.64.132 - - [12/Jul/2025:13:20:28 +0000] "GET /?e=119479403011000&mod=c255c052&uri=pin.php%3Fid%3D3987393-387%26name%3Dday+and+night+gym HTTP/1.1" 200 21789 "-" "Mozilla/5.0 (Linux; Android 6.0.1; Nexus 5X Build/MMB29P) AppleWebKit/537.36 (KHTML, like Gecko) Chrome/137.0.7151.103 Mobile Safari/537.36 (compatible; Googlebot/2.1; +http://www.google.com/bot.html)"
66.249.64.132 - - [12/Jul/2025:13:20:29 +0000] "GET /?e=114234767001000&mod=b1370fcd&uri=dp.php%3Fid%3D3812439-1520%26name%3Dsandales+compens%C3%83%C2%A9es+see+by+chlo%C3%83%C2%A9 HTTP/1.1" 200 21095 "-" "Mozilla/5.0 (Linux; Android 6.0.1; Nexus 5X Build/MMB29P) AppleWebKit/537.36 (KHTML, like Gecko) Chrome/137.0.7151.103 Mobile Safari/537.36 (compatible; Googlebot/2.1; +http://www.google.com/bot.html)"
66.249.64.132 - - [12/Jul/2025:13:20:31 +0000] "POST /get-message-notify HTTP/1.1" 200 21386 "https://cyber-secure.com.au/?e=19656841041000&mod=b7c13b0a&uri=pin.php%3Fid%3D656172-751%26name%3Dmochila+jones+snowboard" "Mozilla/5.0 (Linux; Android 6.0.1; Nexus 5X Build/MMB29P) AppleWebKit/537.36 (KHTML, like Gecko) Chrome/137.0.7151.119 Mobile Safari/537.36 (compatible; Googlebot/2.1; +http://www.google.com/bot.html)"
66.249.64.132 - - [12/Jul/2025:13:20:35 +0000] "POST /get-message-notify HTTP/1.1" 200 21377 "https://cyber-secure.com.au/?e=119480573101000&mod=a3ec6dd8&uri=goods.php%3Fid%3D3987432-410%26name%3Dmarvel+iron+man+lego+head" "Mozilla/5.0 (Linux; Android 6.0.1; Nexus 5X Build/MMB29P) AppleWebKit/537.36 (KHTML, like Gecko) Chrome/137.0.7151.119 Mobile Safari/537.36 (compatible; Googlebot/2.1; +http://www.google.com/bot.html)"
66.249.64.132 - - [12/Jul/2025:13:20:40 +0000] "GET /?e=116612390041000&mod=a3ec6dd8&uri=shop.php%3Fid%3D3891764-410%26name%3Dlego+6086+instructions+pdf HTTP/1.1" 200 21982 "-" "Mozilla/5.0 (Linux; Android 6.0.1; Nexus 5X Build/MMB29P) AppleWebKit/537.36 (KHTML, like Gecko) Chrome/137.0.7151.103 Mobile Safari/537.36 (compatible; Googlebot/2.1; +http://www.google.com/bot.html)"
66.249.64.132 - - [12/Jul/2025:13:20:33 +0000] "GET /?e=111933404001000&mod=a01a0380&uri=pin.php%3Fid%3D3735590-39%26name%3Dthe+swan+arne+jacobsen HTTP/1.1" 200 22168 "-" "Mozilla/5.0 (Linux; Android 6.0.1; Nexus 5X Build/MMB29P) AppleWebKit/537.36 (KHTML, like Gecko) Chrome/137.0.7151.103 Mobile Safari/537.36 (compatible; Googlebot/2.1; +http://www.google.com/bot.html)"
66.249.64.132 - - [12/Jul/2025:13:20:46 +0000] "GET /?e=116617340051000&mod=b3dd760e&uri=product.php%3Fid%3D3891929-538%26name%3Dcamisetas+sin+manga+hombre+running HTTP/1.1" 200 22286 "-" "Mozilla/5.0 (Linux; Android 6.0.1; Nexus 5X Build/MMB29P) AppleWebKit/537.36 (KHTML, like Gecko) Chrome/137.0.7151.103 Mobile Safari/537.36 (compatible; Googlebot/2.1; +http://www.google.com/bot.html)"
66.249.64.128 - - [12/Jul/2025:13:20:46 +0000] "POST /get-message-notify HTTP/1.1" 200 21399 "https://cyber-secure.com.au/?e=114234767001000&mod=b1370fcd&uri=dp.php%3Fid%3D3812439-1520%26name%3Dsandales+compens%C3%83%C2%A9es+see+by+chlo%C3%83%C2%A9" "Mozilla/5.0 (Linux; Android 6.0.1; Nexus 5X Build/MMB29P) AppleWebKit/537.36 (KHTML, like Gecko) Chrome/137.0.7151.119 Mobile Safari/537.36 (compatible; Googlebot/2.1; +http://www.google.com/bot.html)"
66.249.64.132 - - [12/Jul/2025:13:20:47 +0000] "GET /?e=116513162111000&mod=11bcd3c1&uri=article.php%3Fid%3D3888454-397%26name%3Ddoc+martens+blackpink HTTP/1.1" 200 21521 "-" "Mozilla/5.0 (Linux; Android 6.0.1; Nexus 5X Build/MMB29P) AppleWebKit/537.36 (KHTML, like Gecko) Chrome/137.0.7151.103 Mobile Safari/537.36 (compatible; Googlebot/2.1; +http://www.google.com/bot.html)"
66.249.64.132 - - [12/Jul/2025:13:20:49 +0000] "GET /?e=116521292011000&mod=11bcd3c1&uri=pin.php%3Fid%3D3888725-397%26name%3Dblack+dress+with+black+boots HTTP/1.1" 200 21901 "-" "Mozilla/5.0 (Linux; Android 6.0.1; Nexus 5X Build/MMB29P) AppleWebKit/537.36 (KHTML, like Gecko) Chrome/137.0.7151.103 Mobile Safari/537.36 (compatible; Googlebot/2.1; +http://www.google.com/bot.html)"
66.249.64.132 - - [12/Jul/2025:13:20:50 +0000] "GET /?e=119481053111000&mod=a3ec6dd8&uri=goods.php%3Fid%3D3987448-410%26name%3Dshock+trooper+star+wars+lego HTTP/1.1" 200 21413 "-" "Mozilla/5.0 (Linux; Android 6.0.1; Nexus 5X Build/MMB29P) AppleWebKit/537.36 (KHTML, like Gecko) Chrome/137.0.7151.103 Mobile Safari/537.36 (compatible; Googlebot/2.1; +http://www.google.com/bot.html)"
66.249.64.132 - - [12/Jul/2025:13:20:52 +0000] "GET /?e=116508939051000&mod=11bcd3c1&uri=pin.php%3Fid%3D3888313-397%26name%3Dred+dress+with+black+tights+and+boots HTTP/1.1" 200 22173 "-" "Mozilla/5.0 (Linux; Android 6.0.1; Nexus 5X Build/MMB29P) AppleWebKit/537.36 (KHTML, like Gecko) Chrome/137.0.7151.103 Mobile Safari/537.36 (compatible; Googlebot/2.1; +http://www.google.com/bot.html)"
66.249.64.132 - - [12/Jul/2025:13:20:54 +0000] "GET /?e=119480303011000&mod=fa6f278a&uri=products.php%3Fid%3D3987423-1218%26name%3Dlong+black+chiffon+bridesmaid+dresses HTTP/1.1" 200 21911 "-" "Mozilla/5.0 (Linux; Android 6.0.1; Nexus 5X Build/MMB29P) AppleWebKit/537.36 (KHTML, like Gecko) Chrome/137.0.7151.103 Mobile Safari/537.36 (compatible; Googlebot/2.1; +http://www.google.com/bot.html)"
66.249.64.128 - - [12/Jul/2025:13:20:56 +0000] "GET /?e=116633840041000&mod=b3dd760e&uri=pin.php%3Fid%3D3892479-538%26name%3Dblusas+blancas+de+encaje+2018 HTTP/1.1" 200 22135 "-" "Mozilla/5.0 (Linux; Android 6.0.1; Nexus 5X Build/MMB29P) AppleWebKit/537.36 (KHTML, like Gecko) Chrome/137.0.7151.103 Mobile Safari/537.36 (compatible; Googlebot/2.1; +http://www.google.com/bot.html)"
66.249.64.132 - - [12/Jul/2025:13:20:58 +0000] "GET /?e=99450316011000&mod=326fb04c&uri=article.php%3Fid%3D3318913-325%26name%3Drepentance+ps4 HTTP/1.1" 301 - "-" "Mozilla/5.0 (Linux; Android 6.0.1; Nexus 5X Build/MMB29P) AppleWebKit/537.36 (KHTML, like Gecko) Chrome/137.0.7151.103 Mobile Safari/537.36 (compatible; GoogleOther)"
66.249.64.128 - - [12/Jul/2025:13:21:00 +0000] "GET /?e=116506929041000&mod=11bcd3c1&uri=pin.php%3Fid%3D3888246-397%26name%3Dwide+calf+thigh+high+stiletto+boots HTTP/1.1" 200 21959 "-" "Mozilla/5.0 (Linux; Android 6.0.1; Nexus 5X Build/MMB29P) AppleWebKit/537.36 (KHTML, like Gecko) Chrome/137.0.7151.103 Mobile Safari/537.36 (compatible; Googlebot/2.1; +http://www.google.com/bot.html)"
66.249.64.132 - - [12/Jul/2025:13:21:02 +0000] "GET /?e=119479253011000&mod=d4a973e3&uri=product.php%3Fid%3D3987388-808%26name%3Dsu%C3%83%C2%A9ter+cuello+redondo+mujer HTTP/1.1" 200 22317 "-" "Mozilla/5.0 (Linux; Android 6.0.1; Nexus 5X Build/MMB29P) AppleWebKit/537.36 (KHTML, like Gecko) Chrome/137.0.7151.103 Mobile Safari/537.36 (compatible; Googlebot/2.1; +http://www.google.com/bot.html)"
66.249.64.128 - - [12/Jul/2025:13:21:03 +0000] "GET /?e=119582839001000&mod=77ee3bc5&uri=us.php%3Fid%3D3990846-315%26name%3Druhla+uhren+ddr HTTP/1.1" 200 21926 "-" "Mozilla/5.0 (Linux; Android 6.0.1; Nexus 5X Build/MMB29P) AppleWebKit/537.36 (KHTML, like Gecko) Chrome/137.0.7151.103 Mobile Safari/537.36 (compatible; Googlebot/2.1; +http://www.google.com/bot.html)"
66.249.64.132 - - [12/Jul/2025:13:21:05 +0000] "POST /get-message-notify HTTP/1.1" 200 21385 "https://cyber-secure.com.au/?e=119481053111000&mod=a3ec6dd8&uri=goods.php%3Fid%3D3987448-410%26name%3Dshock+trooper+star+wars+lego" "Mozilla/5.0 (Linux; Android 6.0.1; Nexus 5X Build/MMB29P) AppleWebKit/537.36 (KHTML, like Gecko) Chrome/137.0.7151.119 Mobile Safari/537.36 (compatible; Googlebot/2.1; +http://www.google.com/bot.html)"
209.74.77.214 - - [12/Jul/2025:13:21:07 +0000] "POST /wp-cron.php?doing_wp_cron=1752326467.5316219329833984375000 HTTP/1.1" 200 - "-" "WordPress/6.8.1; https://cyber-secure.com.au"
66.249.64.132 - - [12/Jul/2025:13:21:07 +0000] "GET /?e=99450316011000&mod=326fb04c&uri=article.php%3Fid%3D3318913-325%26name%3Drepentance%20ps4 HTTP/1.1" 200 26112 "-" "Mozilla/5.0 (Linux; Android 6.0.1; Nexus 5X Build/MMB29P) AppleWebKit/537.36 (KHTML, like Gecko) Chrome/137.0.7151.103 Mobile Safari/537.36 (compatible; GoogleOther)"
66.249.64.128 - - [12/Jul/2025:13:21:09 +0000] "GET /?e=17767202091000&mod=b7ee0d0d&uri=product.php%3Fid%3D593109-335%26name%3Dphantasy+star+online+episode+and+switch HTTP/1.1" 200 21374 "-" "Mozilla/5.0 (Linux; Android 6.0.1; Nexus 5X Build/MMB29P) AppleWebKit/537.36 (KHTML, like Gecko) Chrome/137.0.7151.103 Mobile Safari/537.36 (compatible; Googlebot/2.1; +http://www.google.com/bot.html)"
66.249.64.132 - - [12/Jul/2025:13:21:19 +0000] "GET /?e=119494068021000&mod=b6edc1cd&uri=goods.php%3Fid%3D3987882-81%26name%3Dorlando+mondo+convenienza HTTP/1.1" 200 22404 "-" "Mozilla/5.0 (Linux; Android 6.0.1; Nexus 5X Build/MMB29P) AppleWebKit/537.36 (KHTML, like Gecko) Chrome/137.0.7151.103 Mobile Safari/537.36 (compatible; Googlebot/2.1; +http://www.google.com/bot.html)"
66.249.64.132 - - [12/Jul/2025:13:21:21 +0000] "GET /?e=74811163051000&mod=c255c052&uri=product.php%3Fid%3D2496501-387%26name%3Dbest+workout+for+neck+muscles HTTP/1.1" 200 21946 "-" "Mozilla/5.0 (Linux; Android 6.0.1; Nexus 5X Build/MMB29P) AppleWebKit/537.36 (KHTML, like Gecko) Chrome/137.0.7151.103 Mobile Safari/537.36 (compatible; Googlebot/2.1; +http://www.google.com/bot.html)"
66.249.64.132 - - [12/Jul/2025:13:21:22 +0000] "GET /?e=17775002041000&mod=b7ee0d0d&uri=product.php%3Fid%3D593369-335%26name%3Dthe+blob+switch HTTP/1.1" 200 22301 "-" "Mozilla/5.0 (Linux; Android 6.0.1; Nexus 5X Build/MMB29P) AppleWebKit/537.36 (KHTML, like Gecko) Chrome/137.0.7151.103 Mobile Safari/537.36 (compatible; Googlebot/2.1; +http://www.google.com/bot.html)"
66.249.64.132 - - [12/Jul/2025:13:21:24 +0000] "GET /?e=43493223091000&mod=004eef55&uri=brands.php%3Fid%3D1451518-1198%26name%3Dscarpe+kobe+uomo+arancione HTTP/1.1" 200 21086 "-" "Mozilla/5.0 (Linux; Android 6.0.1; Nexus 5X Build/MMB29P) AppleWebKit/537.36 (KHTML, like Gecko) Chrome/137.0.7151.103 Mobile Safari/537.36 (compatible; Googlebot/2.1; +http://www.google.com/bot.html)"
66.249.64.132 - - [12/Jul/2025:13:21:25 +0000] "GET /?e=10403156001000&mod=f4d0e2e7&uri=category-info.php%3Fid%3D347359-520%26name%3Dreebok+cardio+ultra+mujer+amarillo HTTP/1.1" 200 21528 "-" "Mozilla/5.0 (Linux; Android 6.0.1; Nexus 5X Build/MMB29P) AppleWebKit/537.36 (KHTML, like Gecko) Chrome/137.0.7151.103 Mobile Safari/537.36 (compatible; Googlebot/2.1; +http://www.google.com/bot.html)"
66.249.64.132 - - [12/Jul/2025:13:21:29 +0000] "GET /?e=14022446041000&mod=b06b5541&uri=pin.php%3Fid%3D468152-248%26name%3Dnina+ricci+luna+blossom+80ml HTTP/1.1" 200 21581 "-" "Mozilla/5.0 (Linux; Android 6.0.1; Nexus 5X Build/MMB29P) AppleWebKit/537.36 (KHTML, like Gecko) Chrome/137.0.7151.103 Mobile Safari/537.36 (compatible; Googlebot/2.1; +http://www.google.com/bot.html)"
66.249.64.132 - - [12/Jul/2025:13:21:31 +0000] "GET /?e=81106433141000&mod=084a8a9a&uri=itm.php%3Fid%3D2706644-403%26name%3Driemen+sandalette HTTP/1.1" 200 21562 "-" "Mozilla/5.0 (Linux; Android 6.0.1; Nexus 5X Build/MMB29P) AppleWebKit/537.36 (KHTML, like Gecko) Chrome/137.0.7151.103 Mobile Safari/537.36 (compatible; Googlebot/2.1; +http://www.google.com/bot.html)"
66.249.64.132 - - [12/Jul/2025:13:21:33 +0000] "GET /?e=119496563061000&mod=a3ec6dd8&uri=pin.php%3Fid%3D3987966-410%26name%3Dmarvel+studios+lego+head HTTP/1.1" 200 22124 "-" "Mozilla/5.0 (Linux; Android 6.0.1; Nexus 5X Build/MMB29P) AppleWebKit/537.36 (KHTML, like Gecko) Chrome/137.0.7151.103 Mobile Safari/537.36 (compatible; Googlebot/2.1; +http://www.google.com/bot.html)"
66.249.64.132 - - [12/Jul/2025:13:21:36 +0000] "GET /?e=49559509071000&mod=6d0f8463&uri=itm.php%3Fid%3D1653892-92%26name%3Dtimex+online+india HTTP/1.1" 200 21492 "-" "Mozilla/5.0 (Linux; Android 6.0.1; Nexus 5X Build/MMB29P) AppleWebKit/537.36 (KHTML, like Gecko) Chrome/137.0.7151.103 Mobile Safari/537.36 (compatible; Googlebot/2.1; +http://www.google.com/bot.html)"
66.249.64.128 - - [12/Jul/2025:13:21:38 +0000] "POST /get-message-notify HTTP/1.1" 200 21389 "https://cyber-secure.com.au/?e=74811163051000&mod=c255c052&uri=product.php%3Fid%3D2496501-387%26name%3Dbest+workout+for+neck+muscles" "Mozilla/5.0 (Linux; Android 6.0.1; Nexus 5X Build/MMB29P) AppleWebKit/537.36 (KHTML, like Gecko) Chrome/137.0.7151.119 Mobile Safari/537.36 (compatible; Googlebot/2.1; +http://www.google.com/bot.html)"
66.249.64.132 - - [12/Jul/2025:13:21:40 +0000] "GET /?e=119495609041000&mod=b6edc1cd&uri=pin.php%3Fid%3D3987934-81%26name%3Dmondo+convenienza+divani+catalogo+2022 HTTP/1.1" 200 21886 "-" "Mozilla/5.0 (Linux; Android 6.0.1; Nexus 5X Build/MMB29P) AppleWebKit/537.36 (KHTML, like Gecko) Chrome/137.0.7151.103 Mobile Safari/537.36 (compatible; Googlebot/2.1; +http://www.google.com/bot.html)"
66.249.64.132 - - [12/Jul/2025:13:21:42 +0000] "GET /?e=119497583001000&mod=b6edc1cd&uri=article.php%3Fid%3D3988000-81%26name%3Ddondolo+terrazzo+ikea HTTP/1.1" 200 22461 "-" "Mozilla/5.0 (Linux; Android 6.0.1; Nexus 5X Build/MMB29P) AppleWebKit/537.36 (KHTML, like Gecko) Chrome/137.0.7151.103 Mobile Safari/537.36 (compatible; Googlebot/2.1; +http://www.google.com/bot.html)"
66.249.64.132 - - [12/Jul/2025:13:21:44 +0000] "GET /?e=119496083001000&mod=b6edc1cd&uri=product.php%3Fid%3D3987950-81%26name%3Dpoltrona+uovo+sospesa+maison+du+monde HTTP/1.1" 200 21697 "-" "Mozilla/5.0 (Linux; Android 6.0.1; Nexus 5X Build/MMB29P) AppleWebKit/537.36 (KHTML, like Gecko) Chrome/137.0.7151.103 Mobile Safari/537.36 (compatible; Googlebot/2.1; +http://www.google.com/bot.html)"
66.249.64.132 - - [12/Jul/2025:13:21:47 +0000] "POST /get-message-notify HTTP/1.1" 200 21387 "https://cyber-secure.com.au/?e=119494068021000&mod=b6edc1cd&uri=goods.php%3Fid%3D3987882-81%26name%3Dorlando+mondo+convenienza" "Mozilla/5.0 (Linux; Android 6.0.1; Nexus 5X Build/MMB29P) AppleWebKit/537.36 (KHTML, like Gecko) Chrome/137.0.7151.119 Mobile Safari/537.36 (compatible; Googlebot/2.1; +http://www.google.com/bot.html)"
66.249.64.132 - - [12/Jul/2025:13:21:49 +0000] "GET /?e=72167524021000&mod=080c993f&uri=shared.php%3Fid%3D2408299-464%26name%3D81yk000lus HTTP/1.1" 200 22265 "-" "Mozilla/5.0 (Linux; Android 6.0.1; Nexus 5X Build/MMB29P) AppleWebKit/537.36 (KHTML, like Gecko) Chrome/137.0.7151.103 Mobile Safari/537.36 (compatible; Googlebot/2.1; +http://www.google.com/bot.html)"
66.249.64.128 - - [12/Jul/2025:13:21:53 +0000] "GET /?e=74797813001000&mod=c255c052&uri=news.php%3Fid%3D2496056-387%26name%3Ddiy+pulley+system+for+home+gym HTTP/1.1" 200 22226 "-" "Mozilla/5.0 (Linux; Android 6.0.1; Nexus 5X Build/MMB29P) AppleWebKit/537.36 (KHTML, like Gecko) Chrome/137.0.7151.103 Mobile Safari/537.36 (compatible; Googlebot/2.1; +http://www.google.com/bot.html)"
66.249.64.128 - - [12/Jul/2025:13:21:55 +0000] "GET /?e=4113605011000&mod=149e9677&uri=pin.php%3Fid%3D137301-17%26name%3Dsage+piece+fly+rod HTTP/1.1" 200 22086 "-" "Mozilla/5.0 (Linux; Android 6.0.1; Nexus 5X Build/MMB29P) AppleWebKit/537.36 (KHTML, like Gecko) Chrome/137.0.7151.103 Mobile Safari/537.36 (compatible; Googlebot/2.1; +http://www.google.com/bot.html)"
66.249.64.132 - - [12/Jul/2025:13:21:56 +0000] "GET /?e=17002323031000&mod=a01a0380&uri=pin.php%3Fid%3D567586-39%26name%3Dretro+egg+chair HTTP/1.1" 200 21769 "-" "Mozilla/5.0 (Linux; Android 6.0.1; Nexus 5X Build/MMB29P) AppleWebKit/537.36 (KHTML, like Gecko) Chrome/137.0.7151.103 Mobile Safari/537.36 (compatible; Googlebot/2.1; +http://www.google.com/bot.html)"
66.249.64.132 - - [12/Jul/2025:13:22:07 +0000] "GET /?e=119497763061000&mod=b6edc1cd&uri=brands.php%3Fid%3D3988006-81%26name%3Ddivano+nabuk+elephant HTTP/1.1" 200 21833 "-" "Mozilla/5.0 (Linux; Android 6.0.1; Nexus 5X Build/MMB29P) AppleWebKit/537.36 (KHTML, like Gecko) Chrome/137.0.7151.103 Mobile Safari/537.36 (compatible; Googlebot/2.1; +http://www.google.com/bot.html)"
66.249.64.132 - - [12/Jul/2025:13:22:08 +0000] "GET /?e=72243331011000&mod=ec8ce6ab&uri=blog.php%3Fid%3D2410838-22%26name%3Dskagen+uhr+mit+datum HTTP/1.1" 200 21865 "-" "Mozilla/5.0 (Linux; Android 6.0.1; Nexus 5X Build/MMB29P) AppleWebKit/537.36 (KHTML, like Gecko) Chrome/137.0.7151.103 Mobile Safari/537.36 (compatible; Googlebot/2.1; +http://www.google.com/bot.html)"
66.249.64.132 - - [12/Jul/2025:13:22:09 +0000] "GET /?e=119456192051000&mod=c255c052&uri=product.php%3Fid%3D3986619-387%26name%3Dexercises+to+lose+weight+fast+at+home+without+equipment+for+female HTTP/1.1" 200 21615 "-" "Mozilla/5.0 (compatible; Googlebot/2.1; +http://www.google.com/bot.html)"
66.249.64.132 - - [12/Jul/2025:13:22:10 +0000] "GET /?e=119465552011000&mod=c255c052&uri=goods.php%3Fid%3D3986931-387%26name%3D20kg+dumbbell+exercises HTTP/1.1" 200 22355 "-" "Mozilla/5.0 (Linux; Android 6.0.1; Nexus 5X Build/MMB29P) AppleWebKit/537.36 (KHTML, like Gecko) Chrome/137.0.7151.103 Mobile Safari/537.36 (compatible; Googlebot/2.1; +http://www.google.com/bot.html)"
66.249.64.132 - - [12/Jul/2025:13:22:11 +0000] "GET /?e=74807383051000&mod=c255c052&uri=category-info.php%3Fid%3D2496375-387%26name%3Dback+in+shape+workout HTTP/1.1" 200 22052 "-" "Mozilla/5.0 (Linux; Android 6.0.1; Nexus 5X Build/MMB29P) AppleWebKit/537.36 (KHTML, like Gecko) Chrome/137.0.7151.103 Mobile Safari/537.36 (compatible; Googlebot/2.1; +http://www.google.com/bot.html)"
66.249.64.132 - - [12/Jul/2025:13:22:13 +0000] "GET /pcmypage?callback=/product%2Fdetail%2F119401217002000 HTTP/1.1" 200 21840 "-" "Mozilla/5.0 (Linux; Android 6.0.1; Nexus 5X Build/MMB29P) AppleWebKit/537.36 (KHTML, like Gecko) Chrome/137.0.7151.103 Mobile Safari/537.36 (compatible; Googlebot/2.1; +http://www.google.com/bot.html)"
66.249.64.132 - - [12/Jul/2025:13:22:15 +0000] "GET /?e=119495189001000&mod=a3ec6dd8&uri=shop.php%3Fid%3D3987920-410%26name%3Diron+man+lego+hulk+buster HTTP/1.1" 200 22390 "-" "Mozilla/5.0 (Linux; Android 6.0.1; Nexus 5X Build/MMB29P) AppleWebKit/537.36 (KHTML, like Gecko) Chrome/137.0.7151.103 Mobile Safari/537.36 (compatible; Googlebot/2.1; +http://www.google.com/bot.html)"
66.249.64.132 - - [12/Jul/2025:13:22:17 +0000] "GET /?e=119497043021000&mod=b6edc1cd&uri=product.php%3Fid%3D3987982-81%26name%3Dofferte+poltrone+e+sofa+divani+a+99+euro HTTP/1.1" 200 22162 "-" "Mozilla/5.0 (Linux; Android 6.0.1; Nexus 5X Build/MMB29P) AppleWebKit/537.36 (KHTML, like Gecko) Chrome/137.0.7151.103 Mobile Safari/537.36 (compatible; Googlebot/2.1; +http://www.google.com/bot.html)"
209.74.77.214 - - [12/Jul/2025:13:22:19 +0000] "POST /wp-cron.php?doing_wp_cron=1752326539.4923310279846191406250 HTTP/1.1" 200 - "-" "WordPress/6.8.1; https://cyber-secure.com.au"
66.249.64.132 - - [12/Jul/2025:13:22:19 +0000] "GET /?e=52889898021000&mod=55057122&uri=pin.php%3Fid%3D1764982-371%26name%3Dd+franklin+sunglasses+greece HTTP/1.1" 301 - "-" "Mozilla/5.0 (Linux; Android 6.0.1; Nexus 5X Build/MMB29P) AppleWebKit/537.36 (KHTML, like Gecko) Chrome/137.0.7151.103 Mobile Safari/537.36 (compatible; GoogleOther)"
209.74.77.214 - - [12/Jul/2025:13:22:19 +0000] "POST /wp-admin/admin-ajax.php?action=async_litespeed&nonce=qhnkzQRgmcDq7C2Jaz7JJfdpUT7NhCp9&litespeed_type=imgoptm HTTP/1.1" 200 21 "-" "WordPress/6.8.1; https://cyber-secure.com.au"
66.249.64.132 - - [12/Jul/2025:13:22:24 +0000] "GET /?e=22504842031000&mod=b0285cbf&uri=article.php%3Fid%3D751180-805%26name%3Dcampus+tenis HTTP/1.1" 200 21859 "-" "Mozilla/5.0 (Linux; Android 6.0.1; Nexus 5X Build/MMB29P) AppleWebKit/537.36 (KHTML, like Gecko) Chrome/137.0.7151.103 Mobile Safari/537.36 (compatible; Googlebot/2.1; +http://www.google.com/bot.html)"
66.249.64.132 - - [12/Jul/2025:13:22:26 +0000] "GET /?e=52889898021000&mod=55057122&uri=pin.php%3Fid%3D1764982-371%26name%3Dd%20franklin%20sunglasses%20greece HTTP/1.1" 200 26104 "-" "Mozilla/5.0 (Linux; Android 6.0.1; Nexus 5X Build/MMB29P) AppleWebKit/537.36 (KHTML, like Gecko) Chrome/137.0.7151.103 Mobile Safari/537.36 (compatible; GoogleOther)"
66.249.64.132 - - [12/Jul/2025:13:22:28 +0000] "GET /wp-content/plugins/elementor/assets/js/shared-frontend-handlers.30dc2f9c080845a413a6.bundle.min.js HTTP/1.1" 200 2681 "https://cyber-secure.com.au/?e=19511339031000&mod=234e6913&uri=blog.php%3Fid%3D651319-745%26name%3Dgiant%20tcr%20gumtree" "Mozilla/5.0 (Linux; Android 6.0.1; Nexus 5X Build/MMB29P) AppleWebKit/537.36 (KHTML, like Gecko) Chrome/137.0.7151.119 Mobile Safari/537.36 (compatible; Googlebot/2.1; +http://www.google.com/bot.html)"
66.249.64.132 - - [12/Jul/2025:13:22:30 +0000] "GET /?e=119476892041000&mod=c255c052&uri=news.php%3Fid%3D3987309-387%26name%3Dbest+balance+board+for+surf+training HTTP/1.1" 200 22390 "-" "Mozilla/5.0 (Linux; Android 6.0.1; Nexus 5X Build/MMB29P) AppleWebKit/537.36 (KHTML, like Gecko) Chrome/137.0.7151.103 Mobile Safari/537.36 (compatible; Googlebot/2.1; +http://www.google.com/bot.html)"
66.249.64.132 - - [12/Jul/2025:13:22:32 +0000] "GET /?e=119478773041000&mod=c255c052&uri=shop.php%3Fid%3D3987372-387%26name%3Dcan+you+exercise+at+night HTTP/1.1" 200 22377 "-" "Mozilla/5.0 (Linux; Android 6.0.1; Nexus 5X Build/MMB29P) AppleWebKit/537.36 (KHTML, like Gecko) Chrome/137.0.7151.103 Mobile Safari/537.36 (compatible; Googlebot/2.1; +http://www.google.com/bot.html)"
66.249.64.132 - - [12/Jul/2025:13:22:37 +0000] "GET /?e=119496923031000&mod=a3ec6dd8&uri=dp.php%3Fid%3D3987978-410%26name%3Djurassic+park+spinosaurus+lego HTTP/1.1" 200 22362 "-" "Mozilla/5.0 (Linux; Android 6.0.1; Nexus 5X Build/MMB29P) AppleWebKit/537.36 (KHTML, like Gecko) Chrome/137.0.7151.103 Mobile Safari/537.36 (compatible; Googlebot/2.1; +http://www.google.com/bot.html)"
66.249.64.132 - - [12/Jul/2025:13:22:41 +0000] "GET /?e=92236313031000&mod=e3db3d2c&uri=brands.php%3Fid%3D3078101-1571%26name%3Dbest+budget+sunglasses+brands HTTP/1.1" 301 - "-" "Mozilla/5.0 (Linux; Android 6.0.1; Nexus 5X Build/MMB29P) AppleWebKit/537.36 (KHTML, like Gecko) Chrome/137.0.7151.103 Mobile Safari/537.36 (compatible; GoogleOther)"
66.249.64.132 - - [12/Jul/2025:13:22:43 +0000] "GET /wp-content/plugins/elementor/assets/js/shared-frontend-handlers.30dc2f9c080845a413a6.bundle.min.js HTTP/1.1" 200 2681 "https://cyber-secure.com.au/?e=52889898021000&mod=55057122&uri=pin.php%3Fid%3D1764982-371%26name%3Dd%20franklin%20sunglasses%20greece" "Mozilla/5.0 (Linux; Android 6.0.1; Nexus 5X Build/MMB29P) AppleWebKit/537.36 (KHTML, like Gecko) Chrome/137.0.7151.119 Mobile Safari/537.36 (compatible; Googlebot/2.1; +http://www.google.com/bot.html)"
66.249.64.128 - - [12/Jul/2025:13:22:45 +0000] "GET /?e=119496683001000&mod=a3ec6dd8&uri=info.php%3Fid%3D3987970-410%26name%3Dlego+aerial+trooper HTTP/1.1" 200 21906 "-" "Mozilla/5.0 (Linux; Android 6.0.1; Nexus 5X Build/MMB29P) AppleWebKit/537.36 (KHTML, like Gecko) Chrome/137.0.7151.103 Mobile Safari/537.36 (compatible; Googlebot/2.1; +http://www.google.com/bot.html)"
66.249.64.128 - - [12/Jul/2025:13:22:50 +0000] "GET /wp-content/plugins/elementor/assets/js/shared-frontend-handlers.30dc2f9c080845a413a6.bundle.min.js HTTP/1.1" 200 2681 "https://cyber-secure.com.au/?e=99502269031000&mod=5c645cc1&uri=article.php%3Fid%3D3320645-469%26name%3Dbest%20comfortable%20ankle%20boots" "Mozilla/5.0 (Linux; Android 6.0.1; Nexus 5X Build/MMB29P) AppleWebKit/537.36 (KHTML, like Gecko) Chrome/137.0.7151.119 Mobile Safari/537.36 (compatible; Googlebot/2.1; +http://www.google.com/bot.html)"
66.249.64.132 - - [12/Jul/2025:13:22:53 +0000] "GET /?e=92236313031000&mod=e3db3d2c&uri=brands.php%3Fid%3D3078101-1571%26name%3Dbest%20budget%20sunglasses%20brands HTTP/1.1" 200 26105 "-" "Mozilla/5.0 (Linux; Android 6.0.1; Nexus 5X Build/MMB29P) AppleWebKit/537.36 (KHTML, like Gecko) Chrome/137.0.7151.103 Mobile Safari/537.36 (compatible; GoogleOther)"
66.249.64.132 - - [12/Jul/2025:13:22:55 +0000] "GET /?e=74805493021000&mod=c255c052&uri=form.php%3Fid%3D2496312-387%26name%3Dtonal+workout+cost HTTP/1.1" 200 21559 "-" "Mozilla/5.0 (Linux; Android 6.0.1; Nexus 5X Build/MMB29P) AppleWebKit/537.36 (KHTML, like Gecko) Chrome/137.0.7151.103 Mobile Safari/537.36 (compatible; Googlebot/2.1; +http://www.google.com/bot.html)"
66.249.64.132 - - [12/Jul/2025:13:22:57 +0000] "GET /?e=118356083011000&mod=a7c95857&uri=shop.php%3Fid%3D3949924-623%26name%3Dpull+nike+16+ans HTTP/1.1" 200 22613 "-" "Mozilla/5.0 (Linux; Android 6.0.1; Nexus 5X Build/MMB29P) AppleWebKit/537.36 (KHTML, like Gecko) Chrome/137.0.7151.103 Mobile Safari/537.36 (compatible; Googlebot/2.1; +http://www.google.com/bot.html)"
66.249.64.132 - - [12/Jul/2025:13:22:58 +0000] "GET /?e=119497223041000&mod=b6edc1cd&uri=shared.php%3Fid%3D3987988-81%26name%3Dpoltrona+a+dondolo+in+ferro+battuto HTTP/1.1" 200 22544 "-" "Mozilla/5.0 (Linux; Android 6.0.1; Nexus 5X Build/MMB29P) AppleWebKit/537.36 (KHTML, like Gecko) Chrome/137.0.7151.103 Mobile Safari/537.36 (compatible; Googlebot/2.1; +http://www.google.com/bot.html)"
66.249.64.132 - - [12/Jul/2025:13:23:06 +0000] "GET /?e=119495783001000&mod=b6edc1cd&uri=search.php%3Fid%3D3987940-81%26name%3Ddivano+raffaello+mondo+convenienza+misure HTTP/1.1" 200 22095 "-" "Mozilla/5.0 (Linux; Android 6.0.1; Nexus 5X Build/MMB29P) AppleWebKit/537.36 (KHTML, like Gecko) Chrome/137.0.7151.103 Mobile Safari/537.36 (compatible; Googlebot/2.1; +http://www.google.com/bot.html)"
66.249.64.132 - - [12/Jul/2025:13:23:09 +0000] "GET /?e=74799763031000&mod=c255c052&uri=news.php%3Fid%3D2496121-387%26name%3Dstrength+and+conditioning+programs HTTP/1.1" 200 22273 "-" "Mozilla/5.0 (Linux; Android 6.0.1; Nexus 5X Build/MMB29P) AppleWebKit/537.36 (KHTML, like Gecko) Chrome/137.0.7151.103 Mobile Safari/537.36 (compatible; Googlebot/2.1; +http://www.google.com/bot.html)"
66.249.64.132 - - [12/Jul/2025:13:23:18 +0000] "GET /?e=119494651021000&mod=a3ec6dd8&uri=pin.php%3Fid%3D3987902-410%26name%3Dconnecting+lego+mario+and+luigi HTTP/1.1" 200 22129 "-" "Mozilla/5.0 (Linux; Android 6.0.1; Nexus 5X Build/MMB29P) AppleWebKit/537.36 (KHTML, like Gecko) Chrome/137.0.7151.103 Mobile Safari/537.36 (compatible; Googlebot/2.1; +http://www.google.com/bot.html)"
66.249.64.132 - - [12/Jul/2025:13:23:21 +0000] "POST /get-message-notify HTTP/1.1" 200 21391 "https://cyber-secure.com.au/?e=74799763031000&mod=c255c052&uri=news.php%3Fid%3D2496121-387%26name%3Dstrength+and+conditioning+programs" "Mozilla/5.0 (Linux; Android 6.0.1; Nexus 5X Build/MMB29P) AppleWebKit/537.36 (KHTML, like Gecko) Chrome/137.0.7151.119 Mobile Safari/537.36 (compatible; Googlebot/2.1; +http://www.google.com/bot.html)"
66.249.64.132 - - [12/Jul/2025:13:23:22 +0000] "GET /?e=83318904031000&mod=ac3870fc&uri=brands.php%3Fid%3D2780499-712%26name%3Daud%C3%83%C2%ADfonos+noise+cancelling HTTP/1.1" 200 21232 "-" "Mozilla/5.0 (Linux; Android 6.0.1; Nexus 5X Build/MMB29P) AppleWebKit/537.36 (KHTML, like Gecko) Chrome/137.0.7151.103 Mobile Safari/537.36 (compatible; Googlebot/2.1; +http://www.google.com/bot.html)"
66.249.64.132 - - [12/Jul/2025:13:23:26 +0000] "GET /?e=9884113051000&mod=1216a1bc&uri=category-info.php%3Fid%3D330048-496%26name%3Dbeats+urbeat HTTP/1.1" 200 20531 "-" "Mozilla/5.0 (Linux; Android 6.0.1; Nexus 5X Build/MMB29P) AppleWebKit/537.36 (KHTML, like Gecko) Chrome/137.0.7151.103 Mobile Safari/537.36 (compatible; Googlebot/2.1; +http://www.google.com/bot.html)"
66.249.64.132 - - [12/Jul/2025:13:23:29 +0000] "GET /?e=119495903041000&mod=b6edc1cd&uri=itm.php%3Fid%3D3987944-81%26name%3Dcatalogo+mondo+convenienza+2022+divani HTTP/1.1" 200 22264 "-" "Mozilla/5.0 (Linux; Android 6.0.1; Nexus 5X Build/MMB29P) AppleWebKit/537.36 (KHTML, like Gecko) Chrome/137.0.7151.103 Mobile Safari/537.36 (compatible; Googlebot/2.1; +http://www.google.com/bot.html)"
66.249.64.132 - - [12/Jul/2025:13:23:31 +0000] "GET /?e=119496743021000&mod=a3ec6dd8&uri=search.php%3Fid%3D3987972-410%26name%3Dinfinity+saga+lego+iron+man HTTP/1.1" 200 22669 "-" "Mozilla/5.0 (Linux; Android 6.0.1; Nexus 5X Build/MMB29P) AppleWebKit/537.36 (KHTML, like Gecko) Chrome/137.0.7151.103 Mobile Safari/537.36 (compatible; Googlebot/2.1; +http://www.google.com/bot.html)"
66.249.64.132 - - [12/Jul/2025:13:23:33 +0000] "GET /?e=61514773001000&mod=163fd77a&uri=itm.php%3Fid%3D2052804-1368%26name%3Dadidas+climacool+coca+cola+uk HTTP/1.1" 200 21020 "-" "Mozilla/5.0 (Linux; Android 6.0.1; Nexus 5X Build/MMB29P) AppleWebKit/537.36 (KHTML, like Gecko) Chrome/137.0.7151.103 Mobile Safari/537.36 (compatible; Googlebot/2.1; +http://www.google.com/bot.html)"
66.249.64.132 - - [12/Jul/2025:13:23:35 +0000] "POST /get-message-notify HTTP/1.1" 200 21393 "https://cyber-secure.com.au/?e=83318904031000&mod=ac3870fc&uri=brands.php%3Fid%3D2780499-712%26name%3Daud%C3%83%C2%ADfonos+noise+cancelling" "Mozilla/5.0 (Linux; Android 6.0.1; Nexus 5X Build/MMB29P) AppleWebKit/537.36 (KHTML, like Gecko) Chrome/137.0.7151.119 Mobile Safari/537.36 (compatible; Googlebot/2.1; +http://www.google.com/bot.html)"
209.74.77.214 - - [12/Jul/2025:13:23:36 +0000] "POST /wp-cron.php?doing_wp_cron=1752326616.8361539840698242187500 HTTP/1.1" 200 - "-" "WordPress/6.8.1; https://cyber-secure.com.au"
66.249.64.132 - - [12/Jul/2025:13:23:36 +0000] "GET /?e=99623707081000&mod=a3a8185b&uri=news.php%3Fid%3D3324696-1316%26name%3Dvestidos+de+flecos+bershka HTTP/1.1" 301 - "-" "Mozilla/5.0 (Linux; Android 6.0.1; Nexus 5X Build/MMB29P) AppleWebKit/537.36 (KHTML, like Gecko) Chrome/137.0.7151.103 Mobile Safari/537.36 (compatible; GoogleOther)"
209.74.77.214 - - [12/Jul/2025:13:23:36 +0000] "POST /wp-admin/admin-ajax.php?action=async_litespeed&nonce=BRXKbRbVUdO5haHD2roxP0mUNf8ByMF6&litespeed_type=imgoptm HTTP/1.1" 200 21 "-" "WordPress/6.8.1; https://cyber-secure.com.au"
66.249.64.132 - - [12/Jul/2025:13:23:38 +0000] "GET /?e=119467442041000&mod=731309c4&uri=product.php%3Fid%3D3986994-321%26name%3D101+dalmatians+target HTTP/1.1" 200 21820 "-" "Mozilla/5.0 (Linux; Android 6.0.1; Nexus 5X Build/MMB29P) AppleWebKit/537.36 (KHTML, like Gecko) Chrome/137.0.7151.103 Mobile Safari/537.36 (compatible; Googlebot/2.1; +http://www.google.com/bot.html)"
66.249.64.132 - - [12/Jul/2025:13:23:41 +0000] "GET /?e=119156158011000&mod=1c474e7b&uri=goods.php%3Fid%3D3976612-1650%26name%3Djoan+vass+earrings HTTP/1.1" 200 20737 "-" "Mozilla/5.0 (Linux; Android 6.0.1; Nexus 5X Build/MMB29P) AppleWebKit/537.36 (KHTML, like Gecko) Chrome/137.0.7151.103 Mobile Safari/537.36 (compatible; Googlebot/2.1; +http://www.google.com/bot.html)"
66.249.64.132 - - [12/Jul/2025:13:23:44 +0000] "GET /?e=99623707081000&mod=a3a8185b&uri=news.php%3Fid%3D3324696-1316%26name%3Dvestidos%20de%20flecos%20bershka HTTP/1.1" 200 26103 "-" "Mozilla/5.0 (Linux; Android 6.0.1; Nexus 5X Build/MMB29P) AppleWebKit/537.36 (KHTML, like Gecko) Chrome/137.0.7151.103 Mobile Safari/537.36 (compatible; GoogleOther)"
66.249.64.128 - - [12/Jul/2025:13:23:48 +0000] "GET /?e=119494368021000&mod=b6edc1cd&uri=form.php%3Fid%3D3987892-81%26name%3Dpoltrone+e+sofa+spese+di+trasporto HTTP/1.1" 200 22376 "-" "Mozilla/5.0 (Linux; Android 6.0.1; Nexus 5X Build/MMB29P) AppleWebKit/537.36 (KHTML, like Gecko) Chrome/137.0.7151.103 Mobile Safari/537.36 (compatible; Googlebot/2.1; +http://www.google.com/bot.html)"
66.249.64.128 - - [12/Jul/2025:13:23:51 +0000] "GET /?e=119798602081000&mod=6097d8f3&uri=info.php%3Fid%3D3998043-679%26name%3Dmake+your+own+nintendo+switch+case HTTP/1.1" 200 21237 "-" "Mozilla/5.0 (Linux; Android 6.0.1; Nexus 5X Build/MMB29P) AppleWebKit/537.36 (KHTML, like Gecko) Chrome/137.0.7151.103 Mobile Safari/537.36 (compatible; Googlebot/2.1; +http://www.google.com/bot.html)"
66.249.64.132 - - [12/Jul/2025:13:23:54 +0000] "GET /?e=119493768071000&mod=a3ec6dd8&uri=dp.php%3Fid%3D3987872-410%26name%3Dlego+iron+man+mk+44 HTTP/1.1" 200 21419 "-" "Mozilla/5.0 (Linux; Android 6.0.1; Nexus 5X Build/MMB29P) AppleWebKit/537.36 (KHTML, like Gecko) Chrome/137.0.7151.103 Mobile Safari/537.36 (compatible; Googlebot/2.1; +http://www.google.com/bot.html)"
66.249.64.132 - - [12/Jul/2025:13:23:58 +0000] "GET /?e=119495549021000&mod=b6edc1cd&uri=products.php%3Fid%3D3987932-81%26name%3Ddivani+e+sofa+modelli HTTP/1.1" 200 22606 "-" "Mozilla/5.0 (Linux; Android 6.0.1; Nexus 5X Build/MMB29P) AppleWebKit/537.36 (KHTML, like Gecko) Chrome/137.0.7151.103 Mobile Safari/537.36 (compatible; Googlebot/2.1; +http://www.google.com/bot.html)"
66.249.64.132 - - [12/Jul/2025:13:23:59 +0000] "POST /get-message-notify HTTP/1.1" 200 21390 "https://cyber-secure.com.au/?e=119798602081000&mod=6097d8f3&uri=info.php%3Fid%3D3998043-679%26name%3Dmake+your+own+nintendo+switch+case" "Mozilla/5.0 (Linux; Android 6.0.1; Nexus 5X Build/MMB29P) AppleWebKit/537.36 (KHTML, like Gecko) Chrome/137.0.7151.119 Mobile Safari/537.36 (compatible; Googlebot/2.1; +http://www.google.com/bot.html)"
66.249.64.128 - - [12/Jul/2025:13:24:01 +0000] "GET /?e=119494891001000&mod=a3ec6dd8&uri=brands.php%3Fid%3D3987910-410%26name%3Dlego+chima+minecraft HTTP/1.1" 200 21752 "-" "Mozilla/5.0 (Linux; Android 6.0.1; Nexus 5X Build/MMB29P) AppleWebKit/537.36 (KHTML, like Gecko) Chrome/137.0.7151.103 Mobile Safari/537.36 (compatible; Googlebot/2.1; +http://www.google.com/bot.html)"
66.249.64.132 - - [12/Jul/2025:13:24:11 +0000] "GET /?e=55492519021000&mod=7f2be1b4&uri=brands.php%3Fid%3D1851824-444%26name%3Dgreek+key+cushion HTTP/1.1" 200 21454 "-" "Mozilla/5.0 (Linux; Android 6.0.1; Nexus 5X Build/MMB29P) AppleWebKit/537.36 (KHTML, like Gecko) Chrome/137.0.7151.103 Mobile Safari/537.36 (compatible; Googlebot/2.1; +http://www.google.com/bot.html)"
66.249.64.132 - - [12/Jul/2025:13:24:12 +0000] "GET /?e=119496803041000&mod=b6edc1cd&uri=brands.php%3Fid%3D3987974-81%26name%3Dsupporto+per+sedia+a+dondolo HTTP/1.1" 200 22477 "-" "Mozilla/5.0 (Linux; Android 6.0.1; Nexus 5X Build/MMB29P) AppleWebKit/537.36 (KHTML, like Gecko) Chrome/137.0.7151.103 Mobile Safari/537.36 (compatible; Googlebot/2.1; +http://www.google.com/bot.html)"
66.249.64.132 - - [12/Jul/2025:13:24:18 +0000] "GET /?e=71270383071000&mod=4a213d37&uri=article.php%3Fid%3D2378365-113%26name%3Dcat%C3%83%C2%A1logos+virtuales+catalogo+urbano+price+shoes+2021 HTTP/1.1" 200 21791 "-" "Mozilla/5.0 (Linux; Android 6.0.1; Nexus 5X Build/MMB29P) AppleWebKit/537.36 (KHTML, like Gecko) Chrome/137.0.7151.103 Mobile Safari/537.36 (compatible; Googlebot/2.1; +http://www.google.com/bot.html)"
66.249.64.132 - - [12/Jul/2025:13:24:19 +0000] "GET /?e=119493228041000&mod=b6edc1cd&uri=category-info.php%3Fid%3D3987854-81%26name%3Dkasanova+dondolo+oscillante HTTP/1.1" 200 22212 "-" "Mozilla/5.0 (Linux; Android 6.0.1; Nexus 5X Build/MMB29P) AppleWebKit/537.36 (KHTML, like Gecko) Chrome/137.0.7151.103 Mobile Safari/537.36 (compatible; Googlebot/2.1; +http://www.google.com/bot.html)"
66.249.64.132 - - [12/Jul/2025:13:24:20 +0000] "GET /?e=119495669111000&mod=c255c052&uri=dp.php%3Fid%3D3987936-387%26name%3Ddumbbell+only+workout+reddit HTTP/1.1" 200 22310 "-" "Mozilla/5.0 (Linux; Android 6.0.1; Nexus 5X Build/MMB29P) AppleWebKit/537.36 (KHTML, like Gecko) Chrome/137.0.7151.103 Mobile Safari/537.36 (compatible; Googlebot/2.1; +http://www.google.com/bot.html)"
66.249.64.132 - - [12/Jul/2025:13:24:22 +0000] "GET /?e=119469332011000&mod=c255c052&uri=news.php%3Fid%3D3987057-387%26name%3Dmaxpro+portable+gym HTTP/1.1" 200 22164 "-" "Mozilla/5.0 (Linux; Android 6.0.1; Nexus 5X Build/MMB29P) AppleWebKit/537.36 (KHTML, like Gecko) Chrome/137.0.7151.103 Mobile Safari/537.36 (compatible; Googlebot/2.1; +http://www.google.com/bot.html)"
66.249.64.132 - - [12/Jul/2025:13:24:25 +0000] "GET /?e=119494188061000&mod=b6edc1cd&uri=category-info.php%3Fid%3D3987886-81%26name%3Dmondo+casa+divani+letto HTTP/1.1" 200 22126 "-" "Mozilla/5.0 (Linux; Android 6.0.1; Nexus 5X Build/MMB29P) AppleWebKit/537.36 (KHTML, like Gecko) Chrome/137.0.7151.103 Mobile Safari/537.36 (compatible; Googlebot/2.1; +http://www.google.com/bot.html)"
66.249.64.132 - - [12/Jul/2025:13:24:30 +0000] "GET /?e=119497463041000&mod=b6edc1cd&uri=article.php%3Fid%3D3987996-81%26name%3Dkasanova+poltrone+sospese HTTP/1.1" 200 21457 "-" "Mozilla/5.0 (Linux; Android 6.0.1; Nexus 5X Build/MMB29P) AppleWebKit/537.36 (KHTML, like Gecko) Chrome/137.0.7151.103 Mobile Safari/537.36 (compatible; Googlebot/2.1; +http://www.google.com/bot.html)"
66.249.64.132 - - [12/Jul/2025:13:24:35 +0000] "GET /?e=119494128041000&mod=a3ec6dd8&uri=us.php%3Fid%3D3987884-410%26name%3Dlego+starwars+skywalker HTTP/1.1" 200 22382 "-" "Mozilla/5.0 (Linux; Android 6.0.1; Nexus 5X Build/MMB29P) AppleWebKit/537.36 (KHTML, like Gecko) Chrome/137.0.7151.103 Mobile Safari/537.36 (compatible; Googlebot/2.1; +http://www.google.com/bot.html)"
209.74.77.214 - - [12/Jul/2025:13:24:37 +0000] "POST /wp-cron.php?doing_wp_cron=1752326677.4980099201202392578125 HTTP/1.1" 200 - "-" "WordPress/6.8.1; https://cyber-secure.com.au"
66.249.64.132 - - [12/Jul/2025:13:24:37 +0000] "GET /?e=99562371011000&mod=8a1df180&uri=form.php%3Fid%3D3322649-1439%26name%3Dcheval+a+bascule+amazon HTTP/1.1" 301 - "-" "Mozilla/5.0 (Linux; Android 6.0.1; Nexus 5X Build/MMB29P) AppleWebKit/537.36 (KHTML, like Gecko) Chrome/137.0.7151.103 Mobile Safari/537.36 (compatible; GoogleOther)"
209.74.77.214 - - [12/Jul/2025:13:24:37 +0000] "POST /wp-admin/admin-ajax.php?action=async_litespeed&nonce=PMSNHmxul0ohagiTfThwK0kC4y4YnKLJ&litespeed_type=imgoptm HTTP/1.1" 200 21 "-" "WordPress/6.8.1; https://cyber-secure.com.au"
66.249.64.132 - - [12/Jul/2025:13:24:45 +0000] "GET /?e=119496863011000&mod=a3ec6dd8&uri=category-info.php%3Fid%3D3987976-410%26name%3Dvespa+chicco+rosa HTTP/1.1" 200 22287 "-" "Mozilla/5.0 (Linux; Android 6.0.1; Nexus 5X Build/MMB29P) AppleWebKit/537.36 (KHTML, like Gecko) Chrome/137.0.7151.103 Mobile Safari/537.36 (compatible; Googlebot/2.1; +http://www.google.com/bot.html)"
66.249.64.132 - - [12/Jul/2025:13:24:47 +0000] "GET /?e=99562371011000&mod=8a1df180&uri=form.php%3Fid%3D3322649-1439%26name%3Dcheval%20a%20bascule%20amazon HTTP/1.1" 200 26113 "-" "Mozilla/5.0 (Linux; Android 6.0.1; Nexus 5X Build/MMB29P) AppleWebKit/537.36 (KHTML, like Gecko) Chrome/137.0.7151.103 Mobile Safari/537.36 (compatible; GoogleOther)"
66.249.64.132 - - [12/Jul/2025:13:24:50 +0000] "GET /?e=119494488011000&mod=b6edc1cd&uri=itm.php%3Fid%3D3987896-81%26name%3Ddivano+roger+mondo+convenienza HTTP/1.1" 200 22705 "-" "Mozilla/5.0 (Linux; Android 6.0.1; Nexus 5X Build/MMB29P) AppleWebKit/537.36 (KHTML, like Gecko) Chrome/137.0.7151.103 Mobile Safari/537.36 (compatible; Googlebot/2.1; +http://www.google.com/bot.html)"
66.249.64.132 - - [12/Jul/2025:13:24:55 +0000] "GET /?e=119495963061000&mod=b6edc1cd&uri=goods.php%3Fid%3D3987946-81%26name%3Dsedia+sospesa+vimini HTTP/1.1" 200 21418 "-" "Mozilla/5.0 (Linux; Android 6.0.1; Nexus 5X Build/MMB29P) AppleWebKit/537.36 (KHTML, like Gecko) Chrome/137.0.7151.103 Mobile Safari/537.36 (compatible; Googlebot/2.1; +http://www.google.com/bot.html)"
66.249.64.132 - - [12/Jul/2025:13:24:59 +0000] "GET /?e=119496203041000&mod=a3ec6dd8&uri=shared.php%3Fid%3D3987954-410%26name%3Diron+man+lego+76167 HTTP/1.1" 200 21797 "-" "Mozilla/5.0 (Linux; Android 6.0.1; Nexus 5X Build/MMB29P) AppleWebKit/537.36 (KHTML, like Gecko) Chrome/137.0.7151.103 Mobile Safari/537.36 (compatible; Googlebot/2.1; +http://www.google.com/bot.html)"
66.249.64.128 - - [12/Jul/2025:13:25:03 +0000] "POST /get-message-notify HTTP/1.1" 200 21396 "https://cyber-secure.com.au/?e=119494188061000&mod=b6edc1cd&uri=category-info.php%3Fid%3D3987886-81%26name%3Dmondo+casa+divani+letto" "Mozilla/5.0 (Linux; Android 6.0.1; Nexus 5X Build/MMB29P) AppleWebKit/537.36 (KHTML, like Gecko) Chrome/137.0.7151.119 Mobile Safari/537.36 (compatible; Googlebot/2.1; +http://www.google.com/bot.html)"
66.249.64.132 - - [12/Jul/2025:13:25:05 +0000] "GET /?e=35700752091000&mod=9c4e6233&uri=category-info.php%3Fid%3D1191553-782%26name%3Dconverse+all+star+israel HTTP/1.1" 200 21127 "-" "Mozilla/5.0 (Linux; Android 6.0.1; Nexus 5X Build/MMB29P) AppleWebKit/537.36 (KHTML, like Gecko) Chrome/137.0.7151.103 Mobile Safari/537.36 (compatible; Googlebot/2.1; +http://www.google.com/bot.html)"
66.249.64.132 - - [12/Jul/2025:13:25:07 +0000] "GET /?e=119493348081000&mod=b6edc1cd&uri=products.php%3Fid%3D3987858-81%26name%3Dpoltrona+sospesa+con+piedistallo HTTP/1.1" 200 21492 "-" "Mozilla/5.0 (Linux; Android 6.0.1; Nexus 5X Build/MMB29P) AppleWebKit/537.36 (KHTML, like Gecko) Chrome/137.0.7151.103 Mobile Safari/537.36 (compatible; Googlebot/2.1; +http://www.google.com/bot.html)"
66.249.64.132 - - [12/Jul/2025:13:25:09 +0000] "GET /?e=119495011041000&mod=b6edc1cd&uri=goods.php%3Fid%3D3987914-81%26name%3Dpoltronesof%C3%83%C2%A0+vendita+on+line HTTP/1.1" 200 21639 "-" "Mozilla/5.0 (Linux; Android 6.0.1; Nexus 5X Build/MMB29P) AppleWebKit/537.36 (KHTML, like Gecko) Chrome/137.0.7151.103 Mobile Safari/537.36 (compatible; Googlebot/2.1; +http://www.google.com/bot.html)"
209.74.77.214 - - [12/Jul/2025:13:25:11 +0000] "POST /wp-cron.php?doing_wp_cron=1752326711.5471200942993164062500 HTTP/1.1" 200 - "-" "WordPress/6.8.1; https://cyber-secure.com.au"
66.249.64.132 - - [12/Jul/2025:13:25:11 +0000] "GET /?e=17069087041000&mod=3214a6d8&uri=pin.php%3Fid%3D569812-188%26name%3Dasda+mustard+jacket HTTP/1.1" 301 - "-" "Mozilla/5.0 (Linux; Android 6.0.1; Nexus 5X Build/MMB29P) AppleWebKit/537.36 (KHTML, like Gecko) Chrome/137.0.7151.103 Mobile Safari/537.36 (compatible; GoogleOther)"
66.249.64.132 - - [12/Jul/2025:13:25:12 +0000] "GET /?e=119497523061000&mod=b6edc1cd&uri=info.php%3Fid%3D3987998-81%26name%3Dpoltrone+sofa+forum HTTP/1.1" 200 22141 "-" "Mozilla/5.0 (Linux; Android 6.0.1; Nexus 5X Build/MMB29P) AppleWebKit/537.36 (KHTML, like Gecko) Chrome/137.0.7151.103 Mobile Safari/537.36 (compatible; Googlebot/2.1; +http://www.google.com/bot.html)"
66.249.64.132 - - [12/Jul/2025:13:25:19 +0000] "GET /?e=88286436081000&mod=a3014fc3&uri=blog.php%3Fid%3D2946263-1540%26name%3Dstivali+bambina+outlet HTTP/1.1" 200 20373 "-" "Mozilla/5.0 (Linux; Android 6.0.1; Nexus 5X Build/MMB29P) AppleWebKit/537.36 (KHTML, like Gecko) Chrome/137.0.7151.103 Mobile Safari/537.36 (compatible; Googlebot/2.1; +http://www.google.com/bot.html)"
209.74.77.214 - - [12/Jul/2025:13:25:21 +0000] "POST /wp-cron.php?doing_wp_cron=1752326721.4942231178283691406250 HTTP/1.1" 200 - "-" "WordPress/6.8.1; https://cyber-secure.com.au"
209.74.77.214 - - [12/Jul/2025:13:25:21 +0000] "POST /wp-admin/admin-ajax.php?action=async_litespeed&nonce=1VLo2NtPpiRVPw9s2WKFlDVayR2omDRO&litespeed_type=imgoptm HTTP/1.1" 200 21 "-" "WordPress/6.8.1; https://cyber-secure.com.au"
66.249.64.132 - - [12/Jul/2025:13:25:21 +0000] "GET /?e=17069087041000&mod=3214a6d8&uri=pin.php%3Fid%3D569812-188%26name%3Dasda%20mustard%20jacket HTTP/1.1" 200 26106 "-" "Mozilla/5.0 (Linux; Android 6.0.1; Nexus 5X Build/MMB29P) AppleWebKit/537.36 (KHTML, like Gecko) Chrome/137.0.7151.103 Mobile Safari/537.36 (compatible; GoogleOther)"
66.249.64.132 - - [12/Jul/2025:13:25:24 +0000] "GET /?e=27368682021000&mod=29a6aa8a&uri=itm.php%3Fid%3D913428-924%26name%3Dnike+golf+customer+service HTTP/1.1" 200 20383 "-" "Mozilla/5.0 (Linux; Android 6.0.1; Nexus 5X Build/MMB29P) AppleWebKit/537.36 (KHTML, like Gecko) Chrome/137.0.7151.103 Mobile Safari/537.36 (compatible; Googlebot/2.1; +http://www.google.com/bot.html)"
66.249.64.132 - - [12/Jul/2025:13:25:25 +0000] "GET /?e=119497403041000&mod=b6edc1cd&uri=dp.php%3Fid%3D3987994-81%26name%3Dsedia+dondolo+appesa+ikea HTTP/1.1" 200 22307 "-" "Mozilla/5.0 (Linux; Android 6.0.1; Nexus 5X Build/MMB29P) AppleWebKit/537.36 (KHTML, like Gecko) Chrome/137.0.7151.103 Mobile Safari/537.36 (compatible; Googlebot/2.1; +http://www.google.com/bot.html)"
66.249.64.132 - - [12/Jul/2025:13:25:29 +0000] "GET /?e=74795833101000&mod=c255c052&uri=shop.php%3Fid%3D2495990-387%26name%3Dunder+arm+flab HTTP/1.1" 200 21773 "-" "Mozilla/5.0 (Linux; Android 6.0.1; Nexus 5X Build/MMB29P) AppleWebKit/537.36 (KHTML, like Gecko) Chrome/137.0.7151.103 Mobile Safari/537.36 (compatible; Googlebot/2.1; +http://www.google.com/bot.html)"
66.249.64.132 - - [12/Jul/2025:13:25:30 +0000] "POST /get-message-notify HTTP/1.1" 200 21376 "https://cyber-secure.com.au/?e=88286436081000&mod=a3014fc3&uri=blog.php%3Fid%3D2946263-1540%26name%3Dstivali+bambina+outlet" "Mozilla/5.0 (Linux; Android 6.0.1; Nexus 5X Build/MMB29P) AppleWebKit/537.36 (KHTML, like Gecko) Chrome/137.0.7151.119 Mobile Safari/537.36 (compatible; Googlebot/2.1; +http://www.google.com/bot.html)"
66.249.64.132 - - [12/Jul/2025:13:25:34 +0000] "GET /?e=99029219041000&mod=d490d7b4&uri=goods.php%3Fid%3D3304854-60%26name%3Dmaglia+italia+mondiale+2014 HTTP/1.1" 301 - "-" "Mozilla/5.0 (Linux; Android 6.0.1; Nexus 5X Build/MMB29P) AppleWebKit/537.36 (KHTML, like Gecko) Chrome/137.0.7151.103 Mobile Safari/537.36 (compatible; GoogleOther)"
66.249.64.132 - - [12/Jul/2025:13:25:37 +0000] "GET /?e=119497103001000&mod=a3ec6dd8&uri=product.php%3Fid%3D3987984-410%26name%3Dstranger+things+legos+target HTTP/1.1" 200 22181 "-" "Mozilla/5.0 (Linux; Android 6.0.1; Nexus 5X Build/MMB29P) AppleWebKit/537.36 (KHTML, like Gecko) Chrome/137.0.7151.103 Mobile Safari/537.36 (compatible; Googlebot/2.1; +http://www.google.com/bot.html)"
66.249.64.132 - - [12/Jul/2025:13:25:40 +0000] "GET /?e=74801653041000&mod=c255c052&uri=pin.php%3Fid%3D2496184-387%26name%3Dmarcy+recumbent+exercise+bikes HTTP/1.1" 200 22251 "-" "Mozilla/5.0 (Linux; Android 6.0.1; Nexus 5X Build/MMB29P) AppleWebKit/537.36 (KHTML, like Gecko) Chrome/137.0.7151.103 Mobile Safari/537.36 (compatible; Googlebot/2.1; +http://www.google.com/bot.html)"
66.249.64.132 - - [12/Jul/2025:13:25:47 +0000] "GET /?e=99029219041000&mod=d490d7b4&uri=goods.php%3Fid%3D3304854-60%26name%3Dmaglia%20italia%20mondiale%202014 HTTP/1.1" 200 26106 "-" "Mozilla/5.0 (Linux; Android 6.0.1; Nexus 5X Build/MMB29P) AppleWebKit/537.36 (KHTML, like Gecko) Chrome/137.0.7151.103 Mobile Safari/537.36 (compatible; GoogleOther)"
