66.249.64.128 - - [12/Jul/2025:16:57:46 +0000] "GET /pcmypage?callback=/product%2Fdetail%2F116598043012000 HTTP/1.1" 200 21474 "-" "Mozilla/5.0 (Linux; Android 6.0.1; Nexus 5X Build/MMB29P) AppleWebKit/537.36 (KHTML, like Gecko) Chrome/137.0.7151.103 Mobile Safari/537.36 (compatible; Googlebot/2.1; +http://www.google.com/bot.html)"
66.249.64.132 - - [12/Jul/2025:16:57:52 +0000] "GET /?e=72312237011000&mod=cf3c6554&uri=us.php%3Fid%3D2413143-1442%26name%3Dexplorer+rolex+usato HTTP/1.1" 200 21287 "-" "Mozilla/5.0 (Linux; Android 6.0.1; Nexus 5X Build/MMB29P) AppleWebKit/537.36 (KHTML, like Gecko) Chrome/137.0.7151.103 Mobile Safari/537.36 (compatible; Googlebot/2.1; +http://www.google.com/bot.html)"
66.249.64.129 - - [12/Jul/2025:16:58:00 +0000] "POST /get-message-notify HTTP/1.1" 200 21380 "https://cyber-secure.com.au/?e=107684776051000&mod=a01a0380&uri=article.php%3Fid%3D3593799-39%26name%3Dbunnings+foldable+stool" "Mozilla/5.0 (Linux; Android 6.0.1; Nexus 5X Build/MMB29P) AppleWebKit/537.36 (KHTML, like Gecko) Chrome/137.0.7151.119 Mobile Safari/537.36 (compatible; Googlebot/2.1; +http://www.google.com/bot.html)"
66.249.64.129 - - [12/Jul/2025:16:58:03 +0000] "GET /?e=53162019011000&mod=45cef8e5&uri=us.php%3Fid%3D1774062-365%26name%3Dnew+balance+995+childe HTTP/1.1" 200 22140 "-" "Mozilla/5.0 (Linux; Android 6.0.1; Nexus 5X Build/MMB29P) AppleWebKit/537.36 (KHTML, like Gecko) Chrome/137.0.7151.103 Mobile Safari/537.36 (compatible; Googlebot/2.1; +http://www.google.com/bot.html)"
66.249.64.132 - - [12/Jul/2025:16:58:09 +0000] "GET /?e=99510459041000&mod=ee3bf295&uri=products.php%3Fid%3D3320918-1514%26name%3Damazon+triple+stroller HTTP/1.1" 200 21691 "-" "Mozilla/5.0 (Linux; Android 6.0.1; Nexus 5X Build/MMB29P) AppleWebKit/537.36 (KHTML, like Gecko) Chrome/137.0.7151.103 Mobile Safari/537.36 (compatible; Googlebot/2.1; +http://www.google.com/bot.html)"
66.249.64.129 - - [12/Jul/2025:16:58:11 +0000] "GET /?e=13442175061000&mod=851300ee&uri=dp.php%3Fid%3D448796-173%26name%3Dbest+wooden+puzzles+for+adults HTTP/1.1" 200 21914 "-" "Mozilla/5.0 (Linux; Android 6.0.1; Nexus 5X Build/MMB29P) AppleWebKit/537.36 (KHTML, like Gecko) Chrome/137.0.7151.103 Mobile Safari/537.36 (compatible; Googlebot/2.1; +http://www.google.com/bot.html)"
209.74.77.214 - - [12/Jul/2025:16:58:22 +0000] "POST /wp-cron.php?doing_wp_cron=1752339502.5492510795593261718750 HTTP/1.1" 200 - "-" "WordPress/6.8.1; https://cyber-secure.com.au"
66.249.64.132 - - [12/Jul/2025:16:58:22 +0000] "GET /?e=107586146001000&mod=32b991e5&uri=dp.php%3Fid%3D3590504-260%26name%3Dcanada+goose+paris+outlet HTTP/1.1" 301 - "-" "Mozilla/5.0 (Linux; Android 6.0.1; Nexus 5X Build/MMB29P) AppleWebKit/537.36 (KHTML, like Gecko) Chrome/137.0.7151.103 Mobile Safari/537.36 (compatible; GoogleOther)"
209.74.77.214 - - [12/Jul/2025:16:58:22 +0000] "POST /wp-admin/admin-ajax.php?action=async_litespeed&nonce=MR6NQrxrZG1cL1lqu7W2Eu4cAn374q3u&litespeed_type=imgoptm HTTP/1.1" 200 21 "-" "WordPress/6.8.1; https://cyber-secure.com.au"
66.249.64.129 - - [12/Jul/2025:16:58:27 +0000] "GET /?e=99486639021000&mod=5c645cc1&uri=shop.php%3Fid%3D3320124-469%26name%3Dnike+navy+cortez HTTP/1.1" 200 21528 "-" "Mozilla/5.0 (Linux; Android 6.0.1; Nexus 5X Build/MMB29P) AppleWebKit/537.36 (KHTML, like Gecko) Chrome/137.0.7151.103 Mobile Safari/537.36 (compatible; Googlebot/2.1; +http://www.google.com/bot.html)"
66.249.64.132 - - [12/Jul/2025:16:58:33 +0000] "GET /?e=107586146001000&mod=32b991e5&uri=dp.php%3Fid%3D3590504-260%26name%3Dcanada%20goose%20paris%20outlet HTTP/1.1" 200 26104 "-" "Mozilla/5.0 (Linux; Android 6.0.1; Nexus 5X Build/MMB29P) AppleWebKit/537.36 (KHTML, like Gecko) Chrome/137.0.7151.103 Mobile Safari/537.36 (compatible; GoogleOther)"
66.249.64.129 - - [12/Jul/2025:16:59:15 +0000] "GET /?e=107517099051000&mod=32508f53&uri=news.php%3Fid%3D3588199-586%26name%3Dnike+surv%C3%83%C2%AAtement+swoosh HTTP/1.1" 200 21213 "-" "Mozilla/5.0 (Linux; Android 6.0.1; Nexus 5X Build/MMB29P) AppleWebKit/537.36 (KHTML, like Gecko) Chrome/137.0.7151.103 Mobile Safari/537.36 (compatible; Googlebot/2.1; +http://www.google.com/bot.html)"
66.249.64.132 - - [12/Jul/2025:16:59:20 +0000] "GET /?e=1170531041000&mod=4ea06fbc&uri=blog.php%3Fid%3D39080-77%26name%3Ddecathlon+499+shoes HTTP/1.1" 200 22064 "-" "Mozilla/5.0 (Linux; Android 6.0.1; Nexus 5X Build/MMB29P) AppleWebKit/537.36 (KHTML, like Gecko) Chrome/137.0.7151.103 Mobile Safari/537.36 (compatible; Googlebot/2.1; +http://www.google.com/bot.html)"
66.249.64.128 - - [12/Jul/2025:16:59:25 +0000] "POST /get-message-notify HTTP/1.1" 200 21388 "https://cyber-secure.com.au/?e=99486639021000&mod=5c645cc1&uri=shop.php%3Fid%3D3320124-469%26name%3Dnike+navy+cortez" "Mozilla/5.0 (Linux; Android 6.0.1; Nexus 5X Build/MMB29P) AppleWebKit/537.36 (KHTML, like Gecko) Chrome/137.0.7151.119 Mobile Safari/537.36 (compatible; Googlebot/2.1; +http://www.google.com/bot.html)"
209.74.77.214 - - [12/Jul/2025:16:59:27 +0000] "POST /wp-cron.php?doing_wp_cron=1752339567.7154750823974609375000 HTTP/1.1" 200 - "-" "WordPress/6.8.1; https://cyber-secure.com.au"
66.249.64.132 - - [12/Jul/2025:16:59:26 +0000] "GET /?e=9152331011000&mod=c4414e53&uri=itm.php%3Fid%3D305594-470%26name%3Dblack+adidas+shoes HTTP/1.1" 301 - "-" "Mozilla/5.0 (Linux; Android 6.0.1; Nexus 5X Build/MMB29P) AppleWebKit/537.36 (KHTML, like Gecko) Chrome/137.0.7151.103 Mobile Safari/537.36 (compatible; GoogleOther)"
209.74.77.214 - - [12/Jul/2025:16:59:27 +0000] "POST /wp-admin/admin-ajax.php?action=async_litespeed&nonce=U4P65BmhO2R6gxv7IAqyH7hwyRCuHkSy&litespeed_type=imgoptm HTTP/1.1" 200 21 "-" "WordPress/6.8.1; https://cyber-secure.com.au"
66.249.64.128 - - [12/Jul/2025:16:59:32 +0000] "GET /?e=4198399001000&mod=070dbb60&uri=category-info.php%3Fid%3D140129-252%26name%3Damazon+chic+jeans HTTP/1.1" 200 22217 "-" "Mozilla/5.0 (Linux; Android 6.0.1; Nexus 5X Build/MMB29P) AppleWebKit/537.36 (KHTML, like Gecko) Chrome/137.0.7151.103 Mobile Safari/537.36 (compatible; Googlebot/2.1; +http://www.google.com/bot.html)"
66.249.64.128 - - [12/Jul/2025:16:59:35 +0000] "GET /?e=77513401001000&mod=e205ee2a&uri=products.php%3Fid%3D2586692-91%26name%3Dridley+helium+slx+disc HTTP/1.1" 200 21599 "-" "Mozilla/5.0 (Linux; Android 6.0.1; Nexus 5X Build/MMB29P) AppleWebKit/537.36 (KHTML, like Gecko) Chrome/137.0.7151.103 Mobile Safari/537.36 (compatible; Googlebot/2.1; +http://www.google.com/bot.html)"
66.249.64.132 - - [12/Jul/2025:16:59:37 +0000] "GET /?e=107552808021000&mod=f4573fc7&uri=news.php%3Fid%3D3589392-126%26name%3Dsweet+strawberry+backpack HTTP/1.1" 200 22165 "-" "Mozilla/5.0 (Linux; Android 6.0.1; Nexus 5X Build/MMB29P) AppleWebKit/537.36 (KHTML, like Gecko) Chrome/137.0.7151.103 Mobile Safari/537.36 (compatible; Googlebot/2.1; +http://www.google.com/bot.html)"
66.249.64.128 - - [12/Jul/2025:16:59:40 +0000] "GET /?e=4917696061000&mod=f6b5f8c3&uri=us.php%3Fid%3D164174-299%26name%3Ddress+tank+tops HTTP/1.1" 301 - "-" "Mozilla/5.0 (Linux; Android 6.0.1; Nexus 5X Build/MMB29P) AppleWebKit/537.36 (KHTML, like Gecko) Chrome/137.0.7151.103 Mobile Safari/537.36 (compatible; GoogleOther)"
66.249.64.132 - - [12/Jul/2025:16:59:45 +0000] "GET /?e=15138986051000&mod=a9a6653e&uri=blog.php%3Fid%3D505423-56%26name%3Djustfab+satchel HTTP/1.1" 200 20477 "-" "Mozilla/5.0 (Linux; Android 6.0.1; Nexus 5X Build/MMB29P) AppleWebKit/537.36 (KHTML, like Gecko) Chrome/137.0.7151.103 Mobile Safari/537.36 (compatible; Googlebot/2.1; +http://www.google.com/bot.html)"
66.249.64.132 - - [12/Jul/2025:16:59:51 +0000] "GET /?e=9152331011000&mod=c4414e53&uri=itm.php%3Fid%3D305594-470%26name%3Dblack%20adidas%20shoes HTTP/1.1" 200 26106 "-" "Mozilla/5.0 (Linux; Android 6.0.1; Nexus 5X Build/MMB29P) AppleWebKit/537.36 (KHTML, like Gecko) Chrome/137.0.7151.103 Mobile Safari/537.36 (compatible; GoogleOther)"
66.249.64.129 - - [12/Jul/2025:17:00:03 +0000] "GET /?e=4917696061000&mod=f6b5f8c3&uri=us.php%3Fid%3D164174-299%26name%3Ddress%20tank%20tops HTTP/1.1" 200 26107 "-" "Mozilla/5.0 (Linux; Android 6.0.1; Nexus 5X Build/MMB29P) AppleWebKit/537.36 (KHTML, like Gecko) Chrome/137.0.7151.103 Mobile Safari/537.36 (compatible; GoogleOther)"
66.249.64.129 - - [12/Jul/2025:17:00:14 +0000] "GET /?e=119771963021000&mod=7993e112&uri=news.php%3Fid%3D3997154-242%26name%3Dorigami+cake+wrap+mold HTTP/1.1" 200 22329 "-" "Mozilla/5.0 (Linux; Android 6.0.1; Nexus 5X Build/MMB29P) AppleWebKit/537.36 (KHTML, like Gecko) Chrome/137.0.7151.103 Mobile Safari/537.36 (compatible; Googlebot/2.1; +http://www.google.com/bot.html)"
209.74.77.214 - - [12/Jul/2025:17:00:17 +0000] "POST /wp-cron.php?doing_wp_cron=1752339617.1881530284881591796875 HTTP/1.1" 200 - "-" "WordPress/6.8.1; https://cyber-secure.com.au"
66.249.64.129 - - [12/Jul/2025:17:00:17 +0000] "GET /?e=1265452011000&mod=b6edc1cd&uri=article.php%3Fid%3D42248-81%26name%3Ddivano+angolare+cucina HTTP/1.1" 301 - "-" "Mozilla/5.0 (Linux; Android 6.0.1; Nexus 5X Build/MMB29P) AppleWebKit/537.36 (KHTML, like Gecko) Chrome/137.0.7151.103 Mobile Safari/537.36 (compatible; GoogleOther)"
209.74.77.214 - - [12/Jul/2025:17:00:17 +0000] "POST /wp-admin/admin-ajax.php?action=async_litespeed&nonce=2dqDl2RxF2hSDgjHHQRBJRSr0JD0BMhc&litespeed_type=imgoptm HTTP/1.1" 200 21 "-" "WordPress/6.8.1; https://cyber-secure.com.au"
66.249.64.129 - - [12/Jul/2025:17:00:25 +0000] "GET /?e=104170851001000&mod=a6ce9144&uri=article.php%3Fid%3D3476504-678%26name%3Dmi+power+bank+box HTTP/1.1" 200 22073 "-" "Mozilla/5.0 (compatible; Googlebot/2.1; +http://www.google.com/bot.html)"
66.249.64.128 - - [12/Jul/2025:17:00:28 +0000] "GET /?e=1265452011000&mod=b6edc1cd&uri=article.php%3Fid%3D42248-81%26name%3Ddivano%20angolare%20cucina HTTP/1.1" 200 26108 "-" "Mozilla/5.0 (Linux; Android 6.0.1; Nexus 5X Build/MMB29P) AppleWebKit/537.36 (KHTML, like Gecko) Chrome/137.0.7151.103 Mobile Safari/537.36 (compatible; GoogleOther)"
66.249.64.128 - - [12/Jul/2025:17:00:46 +0000] "GET /?e=107528999101000&mod=a01a0380&uri=shop.php%3Fid%3D3588597-39%26name%3Dhair+shampoo+station HTTP/1.1" 200 21997 "-" "Mozilla/5.0 (Linux; Android 6.0.1; Nexus 5X Build/MMB29P) AppleWebKit/537.36 (KHTML, like Gecko) Chrome/137.0.7151.103 Mobile Safari/537.36 (compatible; Googlebot/2.1; +http://www.google.com/bot.html)"
66.249.64.129 - - [12/Jul/2025:17:00:52 +0000] "POST /get-message-notify HTTP/1.1" 200 21369 "https://cyber-secure.com.au/?e=107528999101000&mod=a01a0380&uri=shop.php%3Fid%3D3588597-39%26name%3Dhair+shampoo+station" "Mozilla/5.0 (Linux; Android 6.0.1; Nexus 5X Build/MMB29P) AppleWebKit/537.36 (KHTML, like Gecko) Chrome/137.0.7151.119 Mobile Safari/537.36 (compatible; Googlebot/2.1; +http://www.google.com/bot.html)"
66.249.64.129 - - [12/Jul/2025:17:01:05 +0000] "GET /?e=87261860011000&mod=a73d2d60&uri=shared.php%3Fid%3D2912044-826%26name%3Dred+panda+christmas+sweater HTTP/1.1" 301 - "-" "Mozilla/5.0 (Linux; Android 6.0.1; Nexus 5X Build/MMB29P) AppleWebKit/537.36 (KHTML, like Gecko) Chrome/137.0.7151.103 Mobile Safari/537.36 (compatible; GoogleOther)"
209.74.77.214 - - [12/Jul/2025:17:01:11 +0000] "POST /wp-cron.php?doing_wp_cron=1752339671.9592208862304687500000 HTTP/1.1" 200 - "-" "WordPress/6.8.1; https://cyber-secure.com.au"
66.249.64.132 - - [12/Jul/2025:17:01:11 +0000] "GET /?e=87261860011000&mod=a73d2d60&uri=shared.php%3Fid%3D2912044-826%26name%3Dred%20panda%20christmas%20sweater HTTP/1.1" 200 26113 "-" "Mozilla/5.0 (Linux; Android 6.0.1; Nexus 5X Build/MMB29P) AppleWebKit/537.36 (KHTML, like Gecko) Chrome/137.0.7151.103 Mobile Safari/537.36 (compatible; GoogleOther)"
66.249.64.129 - - [12/Jul/2025:17:01:17 +0000] "GET /?e=72317397031000&mod=cf3c6554&uri=category-info.php%3Fid%3D2413315-1442%26name%3Dcitizen+promaster+diver+200+mt+automatico HTTP/1.1" 200 21386 "-" "Mozilla/5.0 (Linux; Android 6.0.1; Nexus 5X Build/MMB29P) AppleWebKit/537.36 (KHTML, like Gecko) Chrome/137.0.7151.103 Mobile Safari/537.36 (compatible; Googlebot/2.1; +http://www.google.com/bot.html)"
66.249.64.128 - - [12/Jul/2025:17:01:19 +0000] "GET /?e=107553708021000&mod=f4573fc7&uri=pin.php%3Fid%3D3589422-126%26name%3Dfront+facing+backpack+for+dogs HTTP/1.1" 200 22560 "-" "Mozilla/5.0 (Linux; Android 6.0.1; Nexus 5X Build/MMB29P) AppleWebKit/537.36 (KHTML, like Gecko) Chrome/137.0.7151.103 Mobile Safari/537.36 (compatible; Googlebot/2.1; +http://www.google.com/bot.html)"
66.249.64.132 - - [12/Jul/2025:17:01:22 +0000] "GET /?e=16996807031000&mod=a01a0380&uri=shared.php%3Fid%3D567402-39%26name%3Dsmall+kitchen+table+for HTTP/1.1" 200 22090 "-" "Mozilla/5.0 (Linux; Android 6.0.1; Nexus 5X Build/MMB29P) AppleWebKit/537.36 (KHTML, like Gecko) Chrome/137.0.7151.103 Mobile Safari/537.36 (compatible; Googlebot/2.1; +http://www.google.com/bot.html)"
66.249.64.128 - - [12/Jul/2025:17:01:25 +0000] "GET /?e=52982024041000&mod=c802ceaa&uri=us.php%3Fid%3D1768058-777%26name%3Dvestimenta+ochentosa HTTP/1.1" 200 21400 "-" "Mozilla/5.0 (Linux; Android 6.0.1; Nexus 5X Build/MMB29P) AppleWebKit/537.36 (KHTML, like Gecko) Chrome/137.0.7151.103 Mobile Safari/537.36 (compatible; Googlebot/2.1; +http://www.google.com/bot.html)"
66.249.64.132 - - [12/Jul/2025:17:01:30 +0000] "GET /?e=13593123021000&mod=512c5cad&uri=dp.php%3Fid%3D453832-141%26name%3Dmono+rojo+chica HTTP/1.1" 200 21858 "-" "Mozilla/5.0 (Linux; Android 6.0.1; Nexus 5X Build/MMB29P) AppleWebKit/537.36 (KHTML, like Gecko) Chrome/137.0.7151.103 Mobile Safari/537.36 (compatible; Googlebot/2.1; +http://www.google.com/bot.html)"
66.249.64.129 - - [12/Jul/2025:17:01:35 +0000] "POST /get-message-notify HTTP/1.1" 200 21392 "https://cyber-secure.com.au/?e=16996807031000&mod=a01a0380&uri=shared.php%3Fid%3D567402-39%26name%3Dsmall+kitchen+table+for" "Mozilla/5.0 (Linux; Android 6.0.1; Nexus 5X Build/MMB29P) AppleWebKit/537.36 (KHTML, like Gecko) Chrome/137.0.7151.119 Mobile Safari/537.36 (compatible; Googlebot/2.1; +http://www.google.com/bot.html)"
209.74.77.214 - - [12/Jul/2025:17:01:41 +0000] "POST /wp-cron.php?doing_wp_cron=1752339701.5354990959167480468750 HTTP/1.1" 200 - "-" "WordPress/6.8.1; https://cyber-secure.com.au"
66.249.64.128 - - [12/Jul/2025:17:01:41 +0000] "GET /?e=4916277061000&mod=f6b5f8c3&uri=news.php%3Fid%3D164126-299%26name%3Dnight+dress+for+women+near+me HTTP/1.1" 301 - "-" "Mozilla/5.0 (Linux; Android 6.0.1; Nexus 5X Build/MMB29P) AppleWebKit/537.36 (KHTML, like Gecko) Chrome/137.0.7151.103 Mobile Safari/537.36 (compatible; GoogleOther)"
209.74.77.214 - - [12/Jul/2025:17:01:41 +0000] "POST /wp-admin/admin-ajax.php?action=async_litespeed&nonce=4QqRNSE7lHqmXJFEWuI1X6RWbdnkiqRI&litespeed_type=imgoptm HTTP/1.1" 200 21 "-" "WordPress/6.8.1; https://cyber-secure.com.au"
66.249.64.129 - - [12/Jul/2025:17:01:46 +0000] "GET /?e=4916277061000&mod=f6b5f8c3&uri=news.php%3Fid%3D164126-299%26name%3Dnight%20dress%20for%20women%20near%20me HTTP/1.1" 200 26110 "-" "Mozilla/5.0 (Linux; Android 6.0.1; Nexus 5X Build/MMB29P) AppleWebKit/537.36 (KHTML, like Gecko) Chrome/137.0.7151.103 Mobile Safari/537.36 (compatible; GoogleOther)"
66.249.64.132 - - [12/Jul/2025:17:01:57 +0000] "GET /?e=99612607081000&mod=b4e62d56&uri=blog.php%3Fid%3D3324326-1050%26name%3Duga+vinyl+decals HTTP/1.1" 200 20727 "-" "Mozilla/5.0 (Linux; Android 6.0.1; Nexus 5X Build/MMB29P) AppleWebKit/537.36 (KHTML, like Gecko) Chrome/137.0.7151.103 Mobile Safari/537.36 (compatible; Googlebot/2.1; +http://www.google.com/bot.html)"
66.249.64.129 - - [12/Jul/2025:17:02:00 +0000] "POST /get-message-notify HTTP/1.1" 200 21386 "https://cyber-secure.com.au/?e=52982024041000&mod=c802ceaa&uri=us.php%3Fid%3D1768058-777%26name%3Dvestimenta+ochentosa" "Mozilla/5.0 (Linux; Android 6.0.1; Nexus 5X Build/MMB29P) AppleWebKit/537.36 (KHTML, like Gecko) Chrome/137.0.7151.119 Mobile Safari/537.36 (compatible; Googlebot/2.1; +http://www.google.com/bot.html)"
66.249.64.128 - - [12/Jul/2025:17:02:02 +0000] "GET /?e=1236865011000&mod=7a53928f&uri=blog.php%3Fid%3D41293-80%26name%3Dcgo2+camera HTTP/1.1" 301 - "-" "Mozilla/5.0 (Linux; Android 6.0.1; Nexus 5X Build/MMB29P) AppleWebKit/537.36 (KHTML, like Gecko) Chrome/137.0.7151.103 Mobile Safari/537.36 (compatible; GoogleOther)"
209.74.77.214 - - [12/Jul/2025:17:02:08 +0000] "POST /wp-cron.php?doing_wp_cron=1752339728.2818889617919921875000 HTTP/1.1" 200 - "-" "WordPress/6.8.1; https://cyber-secure.com.au"
66.249.64.129 - - [12/Jul/2025:17:02:08 +0000] "GET /?e=1236865011000&mod=7a53928f&uri=blog.php%3Fid%3D41293-80%26name%3Dcgo2%20camera HTTP/1.1" 200 26112 "-" "Mozilla/5.0 (Linux; Android 6.0.1; Nexus 5X Build/MMB29P) AppleWebKit/537.36 (KHTML, like Gecko) Chrome/137.0.7151.103 Mobile Safari/537.36 (compatible; GoogleOther)"
66.249.64.129 - - [12/Jul/2025:17:02:33 +0000] "GET /?e=17013051061000&mod=a01a0380&uri=news.php%3Fid%3D567944-39%26name%3Dcamping+table+and+bench+seats HTTP/1.1" 200 21749 "-" "Mozilla/5.0 (Linux; Android 6.0.1; Nexus 5X Build/MMB29P) AppleWebKit/537.36 (KHTML, like Gecko) Chrome/137.0.7151.103 Mobile Safari/537.36 (compatible; Googlebot/2.1; +http://www.google.com/bot.html)"
66.249.64.128 - - [12/Jul/2025:17:02:39 +0000] "GET /?e=104305486061000&mod=748d6b6e&uri=shared.php%3Fid%3D3480995-309%26name%3Drtx+2070+super+in+2021 HTTP/1.1" 200 21907 "-" "Mozilla/5.0 (Linux; Android 6.0.1; Nexus 5X Build/MMB29P) AppleWebKit/537.36 (KHTML, like Gecko) Chrome/137.0.7151.103 Mobile Safari/537.36 (compatible; Googlebot/2.1; +http://www.google.com/bot.html)"
209.74.77.214 - - [12/Jul/2025:17:02:42 +0000] "POST /wp-cron.php?doing_wp_cron=1752339762.1036489009857177734375 HTTP/1.1" 200 - "-" "WordPress/6.8.1; https://cyber-secure.com.au"
66.249.64.128 - - [12/Jul/2025:17:02:41 +0000] "GET /?e=104280924051000&mod=b15974e8&uri=info.php%3Fid%3D3480175-1638%26name%3Ddavid%27s+bridal+sizing+reviews HTTP/1.1" 301 - "-" "Mozilla/5.0 (Linux; Android 6.0.1; Nexus 5X Build/MMB29P) AppleWebKit/537.36 (KHTML, like Gecko) Chrome/137.0.7151.103 Mobile Safari/537.36 (compatible; GoogleOther)"
209.74.77.214 - - [12/Jul/2025:17:02:42 +0000] "POST /wp-admin/admin-ajax.php?action=async_litespeed&nonce=WrFc6tGwd2fWe2Xth2rAJybx4SUfBUCX&litespeed_type=imgoptm HTTP/1.1" 200 21 "-" "WordPress/6.8.1; https://cyber-secure.com.au"
66.249.64.132 - - [12/Jul/2025:17:02:51 +0000] "GET /?e=104280924051000&mod=b15974e8&uri=info.php%3Fid%3D3480175-1638%26name%3Ddavid%27s%20bridal%20sizing%20reviews HTTP/1.1" 200 26102 "-" "Mozilla/5.0 (Linux; Android 6.0.1; Nexus 5X Build/MMB29P) AppleWebKit/537.36 (KHTML, like Gecko) Chrome/137.0.7151.103 Mobile Safari/537.36 (compatible; GoogleOther)"
66.249.64.132 - - [12/Jul/2025:17:02:53 +0000] "GET /?e=104296255031000&mod=748d6b6e&uri=info.php%3Fid%3D3480687-309%26name%3Dgt+710+video+graphics+card HTTP/1.1" 200 22141 "-" "Mozilla/5.0 (Linux; Android 6.0.1; Nexus 5X Build/MMB29P) AppleWebKit/537.36 (KHTML, like Gecko) Chrome/137.0.7151.103 Mobile Safari/537.36 (compatible; Googlebot/2.1; +http://www.google.com/bot.html)"
66.249.64.129 - - [12/Jul/2025:17:03:12 +0000] "GET /?e=104293735011000&mod=f1b07759&uri=goods.php%3Fid%3D3480603-270%26name%3Dnotepad+with+pen+attached HTTP/1.1" 200 22820 "-" "Mozilla/5.0 (Linux; Android 6.0.1; Nexus 5X Build/MMB29P) AppleWebKit/537.36 (KHTML, like Gecko) Chrome/137.0.7151.103 Mobile Safari/537.36 (compatible; Googlebot/2.1; +http://www.google.com/bot.html)"
209.74.77.214 - - [12/Jul/2025:17:03:43 +0000] "POST /wp-cron.php?doing_wp_cron=1752339823.3850529193878173828125 HTTP/1.1" 200 - "-" "WordPress/6.8.1; https://cyber-secure.com.au"
66.249.64.129 - - [12/Jul/2025:17:03:43 +0000] "GET /?e=17156254071000&mod=5e9fb672&uri=shared.php%3Fid%3D572719-683%26name%3Dmango+pichis+mujer HTTP/1.1" 301 - "-" "Mozilla/5.0 (Linux; Android 6.0.1; Nexus 5X Build/MMB29P) AppleWebKit/537.36 (KHTML, like Gecko) Chrome/137.0.7151.103 Mobile Safari/537.36 (compatible; GoogleOther)"
209.74.77.214 - - [12/Jul/2025:17:03:43 +0000] "POST /wp-admin/admin-ajax.php?action=async_litespeed&nonce=0Fk9Tq182ZTQrdsXDWfoubk1oWS2AbyW&litespeed_type=imgoptm HTTP/1.1" 200 21 "-" "WordPress/6.8.1; https://cyber-secure.com.au"
66.249.64.132 - - [12/Jul/2025:17:03:52 +0000] "GET /?e=104273931031000&mod=437d7d1d&uri=pin.php%3Fid%3D3479941-96%26name%3Dbp+measurement+watch HTTP/1.1" 200 21908 "-" "Mozilla/5.0 (Linux; Android 6.0.1; Nexus 5X Build/MMB29P) AppleWebKit/537.36 (KHTML, like Gecko) Chrome/137.0.7151.103 Mobile Safari/537.36 (compatible; Googlebot/2.1; +http://www.google.com/bot.html)"
209.74.77.214 - - [12/Jul/2025:17:04:07 +0000] "POST /wp-cron.php?doing_wp_cron=1752339847.0680971145629882812500 HTTP/1.1" 200 - "-" "WordPress/6.8.1; https://cyber-secure.com.au"
66.249.64.128 - - [12/Jul/2025:17:04:06 +0000] "GET /?e=17156254071000&mod=5e9fb672&uri=shared.php%3Fid%3D572719-683%26name%3Dmango%20pichis%20mujer HTTP/1.1" 200 26103 "-" "Mozilla/5.0 (Linux; Android 6.0.1; Nexus 5X Build/MMB29P) AppleWebKit/537.36 (KHTML, like Gecko) Chrome/137.0.7151.103 Mobile Safari/537.36 (compatible; GoogleOther)"
66.249.64.132 - - [12/Jul/2025:17:04:09 +0000] "POST /wp-json/metform/v1/forms/views/2288 HTTP/1.1" 200 22331 "https://cyber-secure.com.au/?e=4917696061000&mod=f6b5f8c3&uri=us.php%3Fid%3D164174-299%26name%3Ddress%20tank%20tops" "Mozilla/5.0 (Linux; Android 6.0.1; Nexus 5X Build/MMB29P) AppleWebKit/537.36 (KHTML, like Gecko) Chrome/137.0.7151.119 Mobile Safari/537.36 (compatible; Googlebot/2.1; +http://www.google.com/bot.html)"
209.74.77.214 - - [12/Jul/2025:17:04:17 +0000] "POST /wp-cron.php?doing_wp_cron=1752339857.1477079391479492187500 HTTP/1.1" 200 - "-" "WordPress/6.8.1; https://cyber-secure.com.au"
66.249.64.128 - - [12/Jul/2025:17:04:16 +0000] "GET /?e=16991661111000&mod=a01a0380&uri=dp.php%3Fid%3D567230-39%26name%3Dchair+price+for+office HTTP/1.1" 301 - "-" "Mozilla/5.0 (Linux; Android 6.0.1; Nexus 5X Build/MMB29P) AppleWebKit/537.36 (KHTML, like Gecko) Chrome/137.0.7151.103 Mobile Safari/537.36 (compatible; GoogleOther)"
209.74.77.214 - - [12/Jul/2025:17:04:17 +0000] "POST /wp-admin/admin-ajax.php?action=async_litespeed&nonce=Xc0oeiGL61HiLvFQdOfWye4VyrT7GkR8&litespeed_type=imgoptm HTTP/1.1" 200 21 "-" "WordPress/6.8.1; https://cyber-secure.com.au"
66.249.64.128 - - [12/Jul/2025:17:04:24 +0000] "GET /?e=104299825001000&mod=748d6b6e&uri=product.php%3Fid%3D3480806-309%26name%3Dnvidia+geforce+rtx+3070+ti+founders+edition HTTP/1.1" 200 22555 "-" "Mozilla/5.0 (Linux; Android 6.0.1; Nexus 5X Build/MMB29P) AppleWebKit/537.36 (KHTML, like Gecko) Chrome/137.0.7151.103 Mobile Safari/537.36 (compatible; Googlebot/2.1; +http://www.google.com/bot.html)"
66.249.64.129 - - [12/Jul/2025:17:04:29 +0000] "GET /?e=16991661111000&mod=a01a0380&uri=dp.php%3Fid%3D567230-39%26name%3Dchair%20price%20for%20office HTTP/1.1" 200 26104 "-" "Mozilla/5.0 (Linux; Android 6.0.1; Nexus 5X Build/MMB29P) AppleWebKit/537.36 (KHTML, like Gecko) Chrome/137.0.7151.103 Mobile Safari/537.36 (compatible; GoogleOther)"
66.249.64.128 - - [12/Jul/2025:17:04:45 +0000] "GET /?e=6521455031000&mod=9627c45d&uri=us.php%3Fid%3D217812-366%26name%3Dlevis+store+oxford+street HTTP/1.1" 200 20768 "-" "Mozilla/5.0 (Linux; Android 6.0.1; Nexus 5X Build/MMB29P) AppleWebKit/537.36 (KHTML, like Gecko) Chrome/137.0.7151.103 Mobile Safari/537.36 (compatible; Googlebot/2.1; +http://www.google.com/bot.html)"
66.249.64.129 - - [12/Jul/2025:17:05:01 +0000] "GET /?e=100072384071000&mod=a01a0380&uri=shop.php%3Fid%3D3339669-39%26name%3Dclear+chair+set HTTP/1.1" 301 - "-" "Mozilla/5.0 (Linux; Android 6.0.1; Nexus 5X Build/MMB29P) AppleWebKit/537.36 (KHTML, like Gecko) Chrome/137.0.7151.103 Mobile Safari/537.36 (compatible; GoogleOther)"
66.249.64.128 - - [12/Jul/2025:17:05:07 +0000] "GET /?e=104290165051000&mod=b15974e8&uri=us.php%3Fid%3D3480484-1638%26name%3Dross+decorative+items HTTP/1.1" 200 20176 "-" "Mozilla/5.0 (Linux; Android 6.0.1; Nexus 5X Build/MMB29P) AppleWebKit/537.36 (KHTML, like Gecko) Chrome/137.0.7151.103 Mobile Safari/537.36 (compatible; Googlebot/2.1; +http://www.google.com/bot.html)"
209.74.77.214 - - [12/Jul/2025:17:05:11 +0000] "POST /wp-cron.php?doing_wp_cron=1752339911.7278170585632324218750 HTTP/1.1" 200 - "-" "WordPress/6.8.1; https://cyber-secure.com.au"
66.249.64.129 - - [12/Jul/2025:17:05:11 +0000] "GET /?e=100072384071000&mod=a01a0380&uri=shop.php%3Fid%3D3339669-39%26name%3Dclear%20chair%20set HTTP/1.1" 200 26106 "-" "Mozilla/5.0 (Linux; Android 6.0.1; Nexus 5X Build/MMB29P) AppleWebKit/537.36 (KHTML, like Gecko) Chrome/137.0.7151.103 Mobile Safari/537.36 (compatible; GoogleOther)"
209.74.77.214 - - [12/Jul/2025:17:05:44 +0000] "POST /wp-cron.php?doing_wp_cron=1752339944.1721398830413818359375 HTTP/1.1" 200 - "-" "WordPress/6.8.1; https://cyber-secure.com.au"
66.249.64.128 - - [12/Jul/2025:17:05:42 +0000] "GET /?e=104275911041000&mod=b15974e8&uri=shop.php%3Fid%3D3480007-1638%26name%3Dblack+jeans+with+red+stripe+outfit HTTP/1.1" 301 - "-" "Mozilla/5.0 (Linux; Android 6.0.1; Nexus 5X Build/MMB29P) AppleWebKit/537.36 (KHTML, like Gecko) Chrome/137.0.7151.103 Mobile Safari/537.36 (compatible; GoogleOther)"
209.74.77.214 - - [12/Jul/2025:17:05:44 +0000] "POST /wp-admin/admin-ajax.php?action=async_litespeed&nonce=Z5sjU2TQNzwdGC28ZvlluK6zuSkuFkDL&litespeed_type=imgoptm HTTP/1.1" 200 21 "-" "WordPress/6.8.1; https://cyber-secure.com.au"
66.249.64.132 - - [12/Jul/2025:17:05:52 +0000] "GET /?e=104313046031000&mod=748d6b6e&uri=goods.php%3Fid%3D3481247-309%26name%3Dgigabyte+rtx+2070+super+price HTTP/1.1" 200 22062 "-" "Mozilla/5.0 (Linux; Android 6.0.1; Nexus 5X Build/MMB29P) AppleWebKit/537.36 (KHTML, like Gecko) Chrome/137.0.7151.103 Mobile Safari/537.36 (compatible; Googlebot/2.1; +http://www.google.com/bot.html)"
66.249.64.129 - - [12/Jul/2025:17:05:57 +0000] "GET /?e=104290645021000&mod=1686c5ec&uri=goods.php%3Fid%3D3480500-1313%26name%3Dsports+shoes+red HTTP/1.1" 200 21029 "-" "Mozilla/5.0 (Linux; Android 6.0.1; Nexus 5X Build/MMB29P) AppleWebKit/537.36 (KHTML, like Gecko) Chrome/137.0.7151.103 Mobile Safari/537.36 (compatible; Googlebot/2.1; +http://www.google.com/bot.html)"
209.74.77.214 - - [12/Jul/2025:17:06:08 +0000] "POST /wp-cron.php?doing_wp_cron=1752339968.6816279888153076171875 HTTP/1.1" 200 - "-" "WordPress/6.8.1; https://cyber-secure.com.au"
66.249.64.128 - - [12/Jul/2025:17:06:08 +0000] "GET /?e=104275911041000&mod=b15974e8&uri=shop.php%3Fid%3D3480007-1638%26name%3Dblack%20jeans%20with%20red%20stripe%20outfit HTTP/1.1" 200 26104 "-" "Mozilla/5.0 (Linux; Android 6.0.1; Nexus 5X Build/MMB29P) AppleWebKit/537.36 (KHTML, like Gecko) Chrome/137.0.7151.103 Mobile Safari/537.36 (compatible; GoogleOther)"
66.249.64.129 - - [12/Jul/2025:17:06:27 +0000] "GET /?e=119654053061000&mod=ee0b86d2&uri=shared.php%3Fid%3D3993222-466%26name%3Dcaramel+suede+booties HTTP/1.1" 200 21794 "-" "Mozilla/5.0 (compatible; Googlebot/2.1; +http://www.google.com/bot.html)"
209.74.77.214 - - [12/Jul/2025:17:06:32 +0000] "POST /wp-cron.php?doing_wp_cron=1752339992.8068170547485351562500 HTTP/1.1" 200 - "-" "WordPress/6.8.1; https://cyber-secure.com.au"
66.249.64.132 - - [12/Jul/2025:17:06:32 +0000] "GET /?e=98581659111000&mod=0852b144&uri=pin.php%3Fid%3D3289924-1599%26name%3Dnike+air+max+95+throwback+future+pack HTTP/1.1" 301 - "-" "Mozilla/5.0 (Linux; Android 6.0.1; Nexus 5X Build/MMB29P) AppleWebKit/537.36 (KHTML, like Gecko) Chrome/137.0.7151.103 Mobile Safari/537.36 (compatible; GoogleOther)"
209.74.77.214 - - [12/Jul/2025:17:06:32 +0000] "POST /wp-admin/admin-ajax.php?action=async_litespeed&nonce=R9ZRIlt5SHZa64aKKGoy5H2PcQquhJn0&litespeed_type=imgoptm HTTP/1.1" 200 21 "-" "WordPress/6.8.1; https://cyber-secure.com.au"
66.249.64.132 - - [12/Jul/2025:17:06:43 +0000] "GET /?e=98581659111000&mod=0852b144&uri=pin.php%3Fid%3D3289924-1599%26name%3Dnike%20air%20max%2095%20throwback%20future%20pack HTTP/1.1" 200 26102 "-" "Mozilla/5.0 (Linux; Android 6.0.1; Nexus 5X Build/MMB29P) AppleWebKit/537.36 (KHTML, like Gecko) Chrome/137.0.7151.103 Mobile Safari/537.36 (compatible; GoogleOther)"
66.249.64.132 - - [12/Jul/2025:17:06:53 +0000] "GET /?e=104282364001000&mod=b15974e8&uri=form.php%3Fid%3D3480223-1638%26name%3Doasis+lily+jeans+review HTTP/1.1" 200 20862 "-" "Mozilla/5.0 (Linux; Android 6.0.1; Nexus 5X Build/MMB29P) AppleWebKit/537.36 (KHTML, like Gecko) Chrome/137.0.7151.103 Mobile Safari/537.36 (compatible; Googlebot/2.1; +http://www.google.com/bot.html)"
66.249.64.128 - - [12/Jul/2025:17:06:58 +0000] "GET /?e=34315610071000&mod=3bb585ea&uri=pin.php%3Fid%3D1145327-1060%26name%3Dgmt+wrist+watch HTTP/1.1" 301 - "-" "Mozilla/5.0 (Linux; Android 6.0.1; Nexus 5X Build/MMB29P) AppleWebKit/537.36 (KHTML, like Gecko) Chrome/137.0.7151.103 Mobile Safari/537.36 (compatible; GoogleOther)"
66.249.64.128 - - [12/Jul/2025:17:07:01 +0000] "GET /?e=104280209031000&mod=b15974e8&uri=brands.php%3Fid%3D3480151-1638%26name%3Dross+new+stores HTTP/1.1" 200 22233 "-" "Mozilla/5.0 (Linux; Android 6.0.1; Nexus 5X Build/MMB29P) AppleWebKit/537.36 (KHTML, like Gecko) Chrome/137.0.7151.103 Mobile Safari/537.36 (compatible; Googlebot/2.1; +http://www.google.com/bot.html)"
209.74.77.214 - - [12/Jul/2025:17:07:09 +0000] "POST /wp-cron.php?doing_wp_cron=1752340029.1638169288635253906250 HTTP/1.1" 200 - "-" "WordPress/6.8.1; https://cyber-secure.com.au"
66.249.64.128 - - [12/Jul/2025:17:07:09 +0000] "GET /?e=34315610071000&mod=3bb585ea&uri=pin.php%3Fid%3D1145327-1060%26name%3Dgmt%20wrist%20watch HTTP/1.1" 200 26113 "-" "Mozilla/5.0 (Linux; Android 6.0.1; Nexus 5X Build/MMB29P) AppleWebKit/537.36 (KHTML, like Gecko) Chrome/137.0.7151.103 Mobile Safari/537.36 (compatible; GoogleOther)"
66.249.64.129 - - [12/Jul/2025:17:07:12 +0000] "POST /get-message-notify HTTP/1.1" 200 21388 "https://cyber-secure.com.au/?e=104280209031000&mod=b15974e8&uri=brands.php%3Fid%3D3480151-1638%26name%3Dross+new+stores" "Mozilla/5.0 (Linux; Android 6.0.1; Nexus 5X Build/MMB29P) AppleWebKit/537.36 (KHTML, like Gecko) Chrome/137.0.7151.119 Mobile Safari/537.36 (compatible; Googlebot/2.1; +http://www.google.com/bot.html)"
66.249.64.129 - - [12/Jul/2025:17:07:30 +0000] "GET /?e=104279318031000&mod=b15974e8&uri=itm.php%3Fid%3D3480121-1638%26name%3Dross+ladies+coats HTTP/1.1" 200 20760 "-" "Mozilla/5.0 (Linux; Android 6.0.1; Nexus 5X Build/MMB29P) AppleWebKit/537.36 (KHTML, like Gecko) Chrome/137.0.7151.103 Mobile Safari/537.36 (compatible; Googlebot/2.1; +http://www.google.com/bot.html)"
66.249.64.128 - - [12/Jul/2025:17:07:37 +0000] "POST /get-message-notify HTTP/1.1" 200 21380 "https://cyber-secure.com.au/?e=104279318031000&mod=b15974e8&uri=itm.php%3Fid%3D3480121-1638%26name%3Dross+ladies+coats" "Mozilla/5.0 (Linux; Android 6.0.1; Nexus 5X Build/MMB29P) AppleWebKit/537.36 (KHTML, like Gecko) Chrome/137.0.7151.119 Mobile Safari/537.36 (compatible; Googlebot/2.1; +http://www.google.com/bot.html)"
66.249.64.132 - - [12/Jul/2025:17:07:42 +0000] "GET /?e=104291635041000&mod=b15974e8&uri=info.php%3Fid%3D3480533-1638%26name%3Dred+and+black+flannel+shirt+outfit HTTP/1.1" 200 21507 "-" "Mozilla/5.0 (Linux; Android 6.0.1; Nexus 5X Build/MMB29P) AppleWebKit/537.36 (KHTML, like Gecko) Chrome/137.0.7151.103 Mobile Safari/537.36 (compatible; Googlebot/2.1; +http://www.google.com/bot.html)"
209.74.77.214 - - [12/Jul/2025:17:07:51 +0000] "POST /wp-cron.php?doing_wp_cron=1752340071.2054219245910644531250 HTTP/1.1" 200 - "-" "WordPress/6.8.1; https://cyber-secure.com.au"
66.249.64.132 - - [12/Jul/2025:17:07:51 +0000] "GET /?e=3375219091000&mod=1819932f&uri=category-info.php%3Fid%3D112665-216%26name%3Dbuy+cute+tops HTTP/1.1" 301 - "-" "Mozilla/5.0 (Linux; Android 6.0.1; Nexus 5X Build/MMB29P) AppleWebKit/537.36 (KHTML, like Gecko) Chrome/137.0.7151.103 Mobile Safari/537.36 (compatible; GoogleOther)"
209.74.77.214 - - [12/Jul/2025:17:07:51 +0000] "POST /wp-admin/admin-ajax.php?action=async_litespeed&nonce=24ErDVTznkWrsBPfLnUDQRjUPYIi20uo&litespeed_type=imgoptm HTTP/1.1" 200 21 "-" "WordPress/6.8.1; https://cyber-secure.com.au"
209.74.77.214 - - [12/Jul/2025:17:08:12 +0000] "POST /wp-cron.php?doing_wp_cron=1752340092.2078099250793457031250 HTTP/1.1" 200 - "-" "WordPress/6.8.1; https://cyber-secure.com.au"
66.249.64.129 - - [12/Jul/2025:17:08:12 +0000] "GET /?e=3375219091000&mod=1819932f&uri=category-info.php%3Fid%3D112665-216%26name%3Dbuy%20cute%20tops HTTP/1.1" 200 26102 "-" "Mozilla/5.0 (Linux; Android 6.0.1; Nexus 5X Build/MMB29P) AppleWebKit/537.36 (KHTML, like Gecko) Chrome/137.0.7151.103 Mobile Safari/537.36 (compatible; GoogleOther)"
209.74.77.214 - - [12/Jul/2025:17:08:16 +0000] "POST /wp-cron.php?doing_wp_cron=1752340096.4316370487213134765625 HTTP/1.1" 200 - "-" "WordPress/6.8.1; https://cyber-secure.com.au"
66.249.64.129 - - [12/Jul/2025:17:08:16 +0000] "GET /?e=77593901091000&mod=fdd5b16f&uri=news.php%3Fid%3D2589377-776%26name%3Danillas+de+porteo HTTP/1.1" 301 - "-" "Mozilla/5.0 (Linux; Android 6.0.1; Nexus 5X Build/MMB29P) AppleWebKit/537.36 (KHTML, like Gecko) Chrome/137.0.7151.103 Mobile Safari/537.36 (compatible; GoogleOther)"
209.74.77.214 - - [12/Jul/2025:17:08:16 +0000] "POST /wp-admin/admin-ajax.php?action=async_litespeed&nonce=Oq4cOYz0Otx85Tqa7NiWFMCPBeSDlyCl&litespeed_type=imgoptm HTTP/1.1" 200 21 "-" "WordPress/6.8.1; https://cyber-secure.com.au"
66.249.64.132 - - [12/Jul/2025:17:08:20 +0000] "GET /?e=77593901091000&mod=fdd5b16f&uri=news.php%3Fid%3D2589377-776%26name%3Danillas%20de%20porteo HTTP/1.1" 200 26102 "-" "Mozilla/5.0 (Linux; Android 6.0.1; Nexus 5X Build/MMB29P) AppleWebKit/537.36 (KHTML, like Gecko) Chrome/137.0.7151.103 Mobile Safari/537.36 (compatible; GoogleOther)"
66.249.64.132 - - [12/Jul/2025:17:08:40 +0000] "GET /?e=104302006031000&mod=748d6b6e&uri=shared.php%3Fid%3D3480879-309%26name%3Dgeforce+rtx+2070+cyberpunk HTTP/1.1" 200 22137 "-" "Mozilla/5.0 (Linux; Android 6.0.1; Nexus 5X Build/MMB29P) AppleWebKit/537.36 (KHTML, like Gecko) Chrome/137.0.7151.103 Mobile Safari/537.36 (compatible; Googlebot/2.1; +http://www.google.com/bot.html)"
66.249.64.129 - - [12/Jul/2025:17:08:43 +0000] "GET /?e=104289325021000&mod=b15974e8&uri=news.php%3Fid%3D3480456-1638%26name%3Dbasic+fashion+croquis HTTP/1.1" 200 21432 "-" "Mozilla/5.0 (Linux; Android 6.0.1; Nexus 5X Build/MMB29P) AppleWebKit/537.36 (KHTML, like Gecko) Chrome/137.0.7151.103 Mobile Safari/537.36 (compatible; Googlebot/2.1; +http://www.google.com/bot.html)"
66.249.64.129 - - [12/Jul/2025:17:08:51 +0000] "GET /?e=13864468051000&mod=6687cb56&uri=pin.php%3Fid%3D462881-605%26name%3Dlogo+adidas+evolution HTTP/1.1" 301 - "-" "Mozilla/5.0 (Linux; Android 6.0.1; Nexus 5X Build/MMB29P) AppleWebKit/537.36 (KHTML, like Gecko) Chrome/137.0.7151.103 Mobile Safari/537.36 (compatible; GoogleOther)"
66.249.64.129 - - [12/Jul/2025:17:08:53 +0000] "GET /?e=104271604001000&mod=b15974e8&uri=news.php%3Fid%3D3479863-1638%26name%3Dred+and+white+party+attire HTTP/1.1" 200 20984 "-" "Mozilla/5.0 (Linux; Android 6.0.1; Nexus 5X Build/MMB29P) AppleWebKit/537.36 (KHTML, like Gecko) Chrome/137.0.7151.103 Mobile Safari/537.36 (compatible; Googlebot/2.1; +http://www.google.com/bot.html)"
66.249.64.129 - - [12/Jul/2025:17:08:59 +0000] "GET /?e=104292115011000&mod=748d6b6e&uri=article.php%3Fid%3D3480549-309%26name%3Dr9+fury+sapphire HTTP/1.1" 200 22132 "-" "Mozilla/5.0 (Linux; Android 6.0.1; Nexus 5X Build/MMB29P) AppleWebKit/537.36 (KHTML, like Gecko) Chrome/137.0.7151.103 Mobile Safari/537.36 (compatible; Googlebot/2.1; +http://www.google.com/bot.html)"
66.249.64.128 - - [12/Jul/2025:17:09:01 +0000] "POST /wp-json/metform/v1/forms/views/2288 HTTP/1.1" 200 22342 "https://cyber-secure.com.au/?e=77593901091000&mod=fdd5b16f&uri=news.php%3Fid%3D2589377-776%26name%3Danillas%20de%20porteo" "Mozilla/5.0 (Linux; Android 6.0.1; Nexus 5X Build/MMB29P) AppleWebKit/537.36 (KHTML, like Gecko) Chrome/137.0.7151.119 Mobile Safari/537.36 (compatible; Googlebot/2.1; +http://www.google.com/bot.html)"
66.249.64.132 - - [12/Jul/2025:17:09:04 +0000] "GET /?e=13864468051000&mod=6687cb56&uri=pin.php%3Fid%3D462881-605%26name%3Dlogo%20adidas%20evolution HTTP/1.1" 200 26103 "-" "Mozilla/5.0 (Linux; Android 6.0.1; Nexus 5X Build/MMB29P) AppleWebKit/537.36 (KHTML, like Gecko) Chrome/137.0.7151.103 Mobile Safari/537.36 (compatible; GoogleOther)"
209.74.77.214 - - [12/Jul/2025:17:09:41 +0000] "POST /wp-cron.php?doing_wp_cron=1752340181.3077769279479980468750 HTTP/1.1" 200 - "-" "WordPress/6.8.1; https://cyber-secure.com.au"
66.249.64.129 - - [12/Jul/2025:17:09:40 +0000] "GET /?e=27368892011000&mod=a7eb3f86&uri=shop.php%3Fid%3D913435-925%26name%3Dsilver+sequin+legging HTTP/1.1" 301 - "-" "Mozilla/5.0 (Linux; Android 6.0.1; Nexus 5X Build/MMB29P) AppleWebKit/537.36 (KHTML, like Gecko) Chrome/137.0.7151.103 Mobile Safari/537.36 (compatible; GoogleOther)"
209.74.77.214 - - [12/Jul/2025:17:09:41 +0000] "POST /wp-admin/admin-ajax.php?action=async_litespeed&nonce=zecio76H0nMhwVDmQBG2BdYEVs7kNMGj&litespeed_type=imgoptm HTTP/1.1" 200 21 "-" "WordPress/6.8.1; https://cyber-secure.com.au"
66.249.64.128 - - [12/Jul/2025:17:09:42 +0000] "GET /?e=1181931041000&mod=4ea06fbc&uri=goods.php%3Fid%3D39460-77%26name%3Dblack+adidas+joggers+mens HTTP/1.1" 200 22072 "-" "Mozilla/5.0 (Linux; Android 6.0.1; Nexus 5X Build/MMB29P) AppleWebKit/537.36 (KHTML, like Gecko) Chrome/137.0.7151.103 Mobile Safari/537.36 (compatible; Googlebot/2.1; +http://www.google.com/bot.html)"
66.249.64.128 - - [12/Jul/2025:17:09:57 +0000] "GET /?e=104316164011000&mod=748d6b6e&uri=goods.php%3Fid%3D3481351-309%26name%3Dgtx+1070+8gb+msrp HTTP/1.1" 200 22332 "-" "Mozilla/5.0 (Linux; Android 6.0.1; Nexus 5X Build/MMB29P) AppleWebKit/537.36 (KHTML, like Gecko) Chrome/137.0.7151.103 Mobile Safari/537.36 (compatible; Googlebot/2.1; +http://www.google.com/bot.html)"
66.249.64.129 - - [12/Jul/2025:17:10:02 +0000] "GET /?e=27368892011000&mod=a7eb3f86&uri=shop.php%3Fid%3D913435-925%26name%3Dsilver%20sequin%20legging HTTP/1.1" 200 26109 "-" "Mozilla/5.0 (Linux; Android 6.0.1; Nexus 5X Build/MMB29P) AppleWebKit/537.36 (KHTML, like Gecko) Chrome/137.0.7151.103 Mobile Safari/537.36 (compatible; GoogleOther)"
209.74.77.214 - - [12/Jul/2025:17:10:18 +0000] "POST /wp-cron.php?doing_wp_cron=1752340218.9288780689239501953125 HTTP/1.1" 200 - "-" "WordPress/6.8.1; https://cyber-secure.com.au"
66.249.64.129 - - [12/Jul/2025:17:10:18 +0000] "GET /?e=6432446061000&mod=5249ee8e&uri=article.php%3Fid%3D214844-220%26name%3Dlv+jacket+denim HTTP/1.1" 301 - "-" "Mozilla/5.0 (Linux; Android 6.0.1; Nexus 5X Build/MMB29P) AppleWebKit/537.36 (KHTML, like Gecko) Chrome/137.0.7151.103 Mobile Safari/537.36 (compatible; GoogleOther)"
209.74.77.214 - - [12/Jul/2025:17:10:19 +0000] "POST /wp-admin/admin-ajax.php?action=async_litespeed&nonce=Js1oQRxx485rFOd82RzP3fOOB2RoPTjZ&litespeed_type=imgoptm HTTP/1.1" 200 21 "-" "WordPress/6.8.1; https://cyber-secure.com.au"
66.249.64.129 - - [12/Jul/2025:17:10:26 +0000] "GET /?e=6432446061000&mod=5249ee8e&uri=article.php%3Fid%3D214844-220%26name%3Dlv%20jacket%20denim HTTP/1.1" 200 26104 "-" "Mozilla/5.0 (Linux; Android 6.0.1; Nexus 5X Build/MMB29P) AppleWebKit/537.36 (KHTML, like Gecko) Chrome/137.0.7151.103 Mobile Safari/537.36 (compatible; GoogleOther)"
209.74.77.214 - - [12/Jul/2025:17:11:36 +0000] "POST /wp-cron.php?doing_wp_cron=1752340296.3102469444274902343750 HTTP/1.1" 200 - "-" "WordPress/6.8.1; https://cyber-secure.com.au"
66.249.64.132 - - [12/Jul/2025:17:11:35 +0000] "GET /?e=100067284031000&mod=a01a0380&uri=product.php%3Fid%3D3339499-39%26name%3Dgrey+leather+dining+chairs+with+arms HTTP/1.1" 301 - "-" "Mozilla/5.0 (Linux; Android 6.0.1; Nexus 5X Build/MMB29P) AppleWebKit/537.36 (KHTML, like Gecko) Chrome/137.0.7151.103 Mobile Safari/537.36 (compatible; GoogleOther)"
209.74.77.214 - - [12/Jul/2025:17:11:36 +0000] "POST /wp-admin/admin-ajax.php?action=async_litespeed&nonce=HyTPsgrhid2KDCafFaZvYTybWwXKl74f&litespeed_type=imgoptm HTTP/1.1" 200 21 "-" "WordPress/6.8.1; https://cyber-secure.com.au"
66.249.64.129 - - [12/Jul/2025:17:11:39 +0000] "GET /?e=100181361021000&mod=a01a0380&uri=products.php%3Fid%3D3343309-39%26name%3Dporch+chairs+lowes HTTP/1.1" 200 22590 "-" "Mozilla/5.0 (Linux; Android 6.0.1; Nexus 5X Build/MMB29P) AppleWebKit/537.36 (KHTML, like Gecko) Chrome/137.0.7151.103 Mobile Safari/537.36 (compatible; Googlebot/2.1; +http://www.google.com/bot.html)"
66.249.64.129 - - [12/Jul/2025:17:11:49 +0000] "GET /?e=100067284031000&mod=a01a0380&uri=product.php%3Fid%3D3339499-39%26name%3Dgrey%20leather%20dining%20chairs%20with%20arms HTTP/1.1" 200 26107 "-" "Mozilla/5.0 (Linux; Android 6.0.1; Nexus 5X Build/MMB29P) AppleWebKit/537.36 (KHTML, like Gecko) Chrome/137.0.7151.103 Mobile Safari/537.36 (compatible; GoogleOther)"
66.249.64.129 - - [12/Jul/2025:17:11:53 +0000] "POST /get-message-notify HTTP/1.1" 200 21392 "https://cyber-secure.com.au/?e=100181361021000&mod=a01a0380&uri=products.php%3Fid%3D3343309-39%26name%3Dporch+chairs+lowes" "Mozilla/5.0 (Linux; Android 6.0.1; Nexus 5X Build/MMB29P) AppleWebKit/537.36 (KHTML, like Gecko) Chrome/137.0.7151.119 Mobile Safari/537.36 (compatible; Googlebot/2.1; +http://www.google.com/bot.html)"
66.249.64.128 - - [12/Jul/2025:17:12:14 +0000] "GET /?e=104299405131000&mod=748d6b6e&uri=article.php%3Fid%3D3480792-309%26name%3Dgeforce+rtx+2060+turbo HTTP/1.1" 200 21021 "-" "Mozilla/5.0 (Linux; Android 6.0.1; Nexus 5X Build/MMB29P) AppleWebKit/537.36 (KHTML, like Gecko) Chrome/137.0.7151.103 Mobile Safari/537.36 (compatible; Googlebot/2.1; +http://www.google.com/bot.html)"
66.249.64.129 - - [12/Jul/2025:17:12:30 +0000] "GET /?e=104178945041000&mod=7183145a&uri=products.php%3Fid%3D3476774-1127%26name%3Dorange+mens+puffer+jacket HTTP/1.1" 200 20798 "-" "Mozilla/5.0 (compatible; Googlebot/2.1; +http://www.google.com/bot.html)"
209.74.77.214 - - [12/Jul/2025:17:12:37 +0000] "POST /wp-cron.php?doing_wp_cron=1752340357.4019711017608642578125 HTTP/1.1" 200 - "-" "WordPress/6.8.1; https://cyber-secure.com.au"
66.249.64.129 - - [12/Jul/2025:17:12:37 +0000] "GET /?e=116578235051000&mod=fe51510c&uri=shop.php%3Fid%3D3890624-133%26name%3Dwatch+collector+co HTTP/1.1" 301 - "-" "Mozilla/5.0 (Linux; Android 6.0.1; Nexus 5X Build/MMB29P) AppleWebKit/537.36 (KHTML, like Gecko) Chrome/137.0.7151.103 Mobile Safari/537.36 (compatible; GoogleOther)"
209.74.77.214 - - [12/Jul/2025:17:12:37 +0000] "POST /wp-admin/admin-ajax.php?action=async_litespeed&nonce=KkB0xG2K3iFtjl9gCcecriIO9Q3Ibvvt&litespeed_type=imgoptm HTTP/1.1" 200 21 "-" "WordPress/6.8.1; https://cyber-secure.com.au"
66.249.64.128 - - [12/Jul/2025:17:12:43 +0000] "GET /?e=104302336011000&mod=748d6b6e&uri=product.php%3Fid%3D3480890-309%26name%3Dyeston+rx+550+lp HTTP/1.1" 200 21936 "-" "Mozilla/5.0 (Linux; Android 6.0.1; Nexus 5X Build/MMB29P) AppleWebKit/537.36 (KHTML, like Gecko) Chrome/137.0.7151.103 Mobile Safari/537.36 (compatible; Googlebot/2.1; +http://www.google.com/bot.html)"
66.249.64.132 - - [12/Jul/2025:17:12:46 +0000] "GET /?e=77375328011000&mod=747d3443&uri=pin.php%3Fid%3D2582088-314%26name%3Dsweatjacke+oliv+damen HTTP/1.1" 301 - "-" "Mozilla/5.0 (Linux; Android 6.0.1; Nexus 5X Build/MMB29P) AppleWebKit/537.36 (KHTML, like Gecko) Chrome/137.0.7151.103 Mobile Safari/537.36 (compatible; GoogleOther)"
66.249.64.128 - - [12/Jul/2025:17:12:52 +0000] "GET /?e=116578235051000&mod=fe51510c&uri=shop.php%3Fid%3D3890624-133%26name%3Dwatch%20collector%20co HTTP/1.1" 200 26111 "-" "Mozilla/5.0 (Linux; Android 6.0.1; Nexus 5X Build/MMB29P) AppleWebKit/537.36 (KHTML, like Gecko) Chrome/137.0.7151.103 Mobile Safari/537.36 (compatible; GoogleOther)"
66.249.64.128 - - [12/Jul/2025:17:12:59 +0000] "GET /?e=77375328011000&mod=747d3443&uri=pin.php%3Fid%3D2582088-314%26name%3Dsweatjacke%20oliv%20damen HTTP/1.1" 200 26102 "-" "Mozilla/5.0 (Linux; Android 6.0.1; Nexus 5X Build/MMB29P) AppleWebKit/537.36 (KHTML, like Gecko) Chrome/137.0.7151.103 Mobile Safari/537.36 (compatible; GoogleOther)"
66.249.64.129 - - [12/Jul/2025:17:13:02 +0000] "GET /?e=116493383001000&mod=c255c052&uri=shared.php%3Fid%3D3887794-387%26name%3Dbowflex+bxt6+price HTTP/1.1" 200 21852 "-" "Mozilla/5.0 (Linux; Android 6.0.1; Nexus 5X Build/MMB29P) AppleWebKit/537.36 (KHTML, like Gecko) Chrome/137.0.7151.103 Mobile Safari/537.36 (compatible; Googlebot/2.1; +http://www.google.com/bot.html)"
66.249.64.128 - - [12/Jul/2025:17:13:27 +0000] "GET /?e=4228082061000&mod=9de6d14f&uri=shop.php%3Fid%3D141120-35%26name%3D1135g7+mx350 HTTP/1.1" 200 22099 "-" "Mozilla/5.0 (Linux; Android 6.0.1; Nexus 5X Build/MMB29P) AppleWebKit/537.36 (KHTML, like Gecko) Chrome/137.0.7151.103 Mobile Safari/537.36 (compatible; Googlebot/2.1; +http://www.google.com/bot.html)"
66.249.64.128 - - [12/Jul/2025:17:13:33 +0000] "GET /?e=104294365041000&mod=b15974e8&uri=news.php%3Fid%3D3480624-1638%26name%3Djobs+at+ross+stores HTTP/1.1" 200 20889 "-" "Mozilla/5.0 (Linux; Android 6.0.1; Nexus 5X Build/MMB29P) AppleWebKit/537.36 (KHTML, like Gecko) Chrome/137.0.7151.103 Mobile Safari/537.36 (compatible; Googlebot/2.1; +http://www.google.com/bot.html)"
66.249.64.128 - - [12/Jul/2025:17:13:38 +0000] "POST /get-message-notify HTTP/1.1" 200 21399 "https://cyber-secure.com.au/?e=4228082061000&mod=9de6d14f&uri=shop.php%3Fid%3D141120-35%26name%3D1135g7+mx350" "Mozilla/5.0 (Linux; Android 6.0.1; Nexus 5X Build/MMB29P) AppleWebKit/537.36 (KHTML, like Gecko) Chrome/137.0.7151.119 Mobile Safari/537.36 (compatible; Googlebot/2.1; +http://www.google.com/bot.html)"
209.74.77.214 - - [12/Jul/2025:17:13:44 +0000] "POST /wp-cron.php?doing_wp_cron=1752340424.0779399871826171875000 HTTP/1.1" 200 - "-" "WordPress/6.8.1; https://cyber-secure.com.au"
66.249.64.128 - - [12/Jul/2025:17:13:43 +0000] "GET /?e=1272934011000&mod=b6edc1cd&uri=brands.php%3Fid%3D42498-81%26name%3Ddivano+bancale+di+legno HTTP/1.1" 301 - "-" "Mozilla/5.0 (Linux; Android 6.0.1; Nexus 5X Build/MMB29P) AppleWebKit/537.36 (KHTML, like Gecko) Chrome/137.0.7151.103 Mobile Safari/537.36 (compatible; GoogleOther)"
209.74.77.214 - - [12/Jul/2025:17:13:44 +0000] "POST /wp-admin/admin-ajax.php?action=async_litespeed&nonce=LTOorBinMzDTrlb1PEx1UjD9qZR2CrAe&litespeed_type=imgoptm HTTP/1.1" 200 21 "-" "WordPress/6.8.1; https://cyber-secure.com.au"
66.249.64.129 - - [12/Jul/2025:17:13:49 +0000] "GET /?e=104292535001000&mod=1dacb10f&uri=form.php%3Fid%3D3480563-580%26name%3Dtimberland+in+double+collar HTTP/1.1" 200 22630 "-" "Mozilla/5.0 (Linux; Android 6.0.1; Nexus 5X Build/MMB29P) AppleWebKit/537.36 (KHTML, like Gecko) Chrome/137.0.7151.103 Mobile Safari/537.36 (compatible; Googlebot/2.1; +http://www.google.com/bot.html)"
66.249.64.132 - - [12/Jul/2025:17:13:57 +0000] "GET /?e=1272934011000&mod=b6edc1cd&uri=brands.php%3Fid%3D42498-81%26name%3Ddivano%20bancale%20di%20legno HTTP/1.1" 200 26104 "-" "Mozilla/5.0 (Linux; Android 6.0.1; Nexus 5X Build/MMB29P) AppleWebKit/537.36 (KHTML, like Gecko) Chrome/137.0.7151.103 Mobile Safari/537.36 (compatible; GoogleOther)"
209.74.77.214 - - [12/Jul/2025:17:14:34 +0000] "POST /wp-cron.php?doing_wp_cron=1752340474.3634009361267089843750 HTTP/1.1" 200 - "-" "WordPress/6.8.1; https://cyber-secure.com.au"
66.249.64.128 - - [12/Jul/2025:17:14:33 +0000] "GET /?e=93182038051000&mod=cfa53013&uri=goods.php%3Fid%3D3109659-150%26name%3Dconverse+lace+around+ankle HTTP/1.1" 301 - "-" "Mozilla/5.0 (Linux; Android 6.0.1; Nexus 5X Build/MMB29P) AppleWebKit/537.36 (KHTML, like Gecko) Chrome/137.0.7151.103 Mobile Safari/537.36 (compatible; GoogleOther)"
209.74.77.214 - - [12/Jul/2025:17:14:34 +0000] "POST /wp-admin/admin-ajax.php?action=async_litespeed&nonce=lQ1VdAnbNVPTaX6ObeKGMrotngmKdoJe&litespeed_type=imgoptm HTTP/1.1" 200 21 "-" "WordPress/6.8.1; https://cyber-secure.com.au"
66.249.64.132 - - [12/Jul/2025:17:14:35 +0000] "GET /?e=104303806011000&mod=748d6b6e&uri=itm.php%3Fid%3D3480939-309%26name%3Dbest+external+gpu+for+laptop HTTP/1.1" 200 22007 "-" "Mozilla/5.0 (Linux; Android 6.0.1; Nexus 5X Build/MMB29P) AppleWebKit/537.36 (KHTML, like Gecko) Chrome/137.0.7151.103 Mobile Safari/537.36 (compatible; Googlebot/2.1; +http://www.google.com/bot.html)"
66.249.64.132 - - [12/Jul/2025:17:14:47 +0000] "GET /?e=93182038051000&mod=cfa53013&uri=goods.php%3Fid%3D3109659-150%26name%3Dconverse%20lace%20around%20ankle HTTP/1.1" 200 26106 "-" "Mozilla/5.0 (Linux; Android 6.0.1; Nexus 5X Build/MMB29P) AppleWebKit/537.36 (KHTML, like Gecko) Chrome/137.0.7151.103 Mobile Safari/537.36 (compatible; GoogleOther)"
66.249.64.129 - - [12/Jul/2025:17:15:04 +0000] "GET /?e=4920600051000&mod=f6b5f8c3&uri=product.php%3Fid%3D164271-299%26name%3Dfloral+print+dress+long+sleeve HTTP/1.1" 301 - "-" "Mozilla/5.0 (Linux; Android 6.0.1; Nexus 5X Build/MMB29P) AppleWebKit/537.36 (KHTML, like Gecko) Chrome/137.0.7151.103 Mobile Safari/537.36 (compatible; GoogleOther)"
66.249.64.132 - - [12/Jul/2025:17:15:09 +0000] "POST /get-message-notify HTTP/1.1" 200 21397 "https://cyber-secure.com.au/?e=104303806011000&mod=748d6b6e&uri=itm.php%3Fid%3D3480939-309%26name%3Dbest+external+gpu+for+laptop" "Mozilla/5.0 (Linux; Android 6.0.1; Nexus 5X Build/MMB29P) AppleWebKit/537.36 (KHTML, like Gecko) Chrome/137.0.7151.119 Mobile Safari/537.36 (compatible; Googlebot/2.1; +http://www.google.com/bot.html)"
209.74.77.214 - - [12/Jul/2025:17:15:16 +0000] "POST /wp-cron.php?doing_wp_cron=1752340516.6091279983520507812500 HTTP/1.1" 200 - "-" "WordPress/6.8.1; https://cyber-secure.com.au"
209.74.77.214 - - [12/Jul/2025:17:15:16 +0000] "POST /wp-admin/admin-ajax.php?action=async_litespeed&nonce=iKmnxZuDope7QbaHjYNyBcMv3fs5KnDW&litespeed_type=imgoptm HTTP/1.1" 200 21 "-" "WordPress/6.8.1; https://cyber-secure.com.au"
66.249.64.132 - - [12/Jul/2025:17:15:16 +0000] "GET /?e=4920600051000&mod=f6b5f8c3&uri=product.php%3Fid%3D164271-299%26name%3Dfloral%20print%20dress%20long%20sleeve HTTP/1.1" 200 26108 "-" "Mozilla/5.0 (Linux; Android 6.0.1; Nexus 5X Build/MMB29P) AppleWebKit/537.36 (KHTML, like Gecko) Chrome/137.0.7151.103 Mobile Safari/537.36 (compatible; GoogleOther)"
66.249.64.132 - - [12/Jul/2025:17:15:23 +0000] "GET /?e=76766108051000&mod=55a988df&uri=us.php%3Fid%3D2561753-253%26name%3Dlego+excalibur+batman HTTP/1.1" 301 - "-" "Mozilla/5.0 (Linux; Android 6.0.1; Nexus 5X Build/MMB29P) AppleWebKit/537.36 (KHTML, like Gecko) Chrome/137.0.7151.103 Mobile Safari/537.36 (compatible; GoogleOther)"
