66.249.64.129 - - [12/Jul/2025:14:23:01 +0000] "GET /?e=119515451031000&mod=1b486d7a&uri=shop.php%3Fid%3D3988597-827%26name%3Dmonocomando%20libby%20ba%C3%83%C2%B1o HTTP/1.1" 200 26106 "-" "Mozilla/5.0 (Linux; Android 6.0.1; Nexus 5X Build/MMB29P) AppleWebKit/537.36 (KHTML, like Gecko) Chrome/137.0.7151.103 Mobile Safari/537.36 (compatible; GoogleOther)"
66.249.64.129 - - [12/Jul/2025:14:23:12 +0000] "GET /?e=101835804081000&mod=5e1f128a&uri=itm.php%3Fid%3D3398550-1620%26name%3Dvans+olive HTTP/1.1" 200 20637 "-" "Mozilla/5.0 (Linux; Android 6.0.1; Nexus 5X Build/MMB29P) AppleWebKit/537.36 (KHTML, like Gecko) Chrome/137.0.7151.103 Mobile Safari/537.36 (compatible; Googlebot/2.1; +http://www.google.com/bot.html)"
209.74.77.214 - - [12/Jul/2025:14:23:21 +0000] "POST /wp-cron.php?doing_wp_cron=1752330201.3982100486755371093750 HTTP/1.1" 200 - "-" "WordPress/6.8.1; https://cyber-secure.com.au"
66.249.64.129 - - [12/Jul/2025:14:23:21 +0000] "GET /?e=116631320031000&mod=b3dd760e&uri=pin.php%3Fid%3D3892395-538%26name%3Dim%C3%83%C2%A1genes+blusas+de+moda+2018 HTTP/1.1" 301 - "-" "Mozilla/5.0 (Linux; Android 6.0.1; Nexus 5X Build/MMB29P) AppleWebKit/537.36 (KHTML, like Gecko) Chrome/137.0.7151.103 Mobile Safari/537.36 (compatible; GoogleOther)"
209.74.77.214 - - [12/Jul/2025:14:23:21 +0000] "POST /wp-admin/admin-ajax.php?action=async_litespeed&nonce=BAG6wuOICBusT4zOpdtvxnmxFBDwGpwy&litespeed_type=imgoptm HTTP/1.1" 200 21 "-" "WordPress/6.8.1; https://cyber-secure.com.au"
66.249.64.128 - - [12/Jul/2025:14:23:30 +0000] "GET /?e=19614258051000&mod=5812f924&uri=dp.php%3Fid%3D654752-322%26name%3Dneff%20dishwasher%20cleaning HTTP/1.1" 200 26101 "-" "Mozilla/5.0 (Linux; Android 6.0.1; Nexus 5X Build/MMB29P) AppleWebKit/537.36 (KHTML, like Gecko) Chrome/137.0.7151.103 Mobile Safari/537.36 (compatible; GoogleOther)"
66.249.64.132 - - [12/Jul/2025:14:23:57 +0000] "GET /?e=116631320031000&mod=b3dd760e&uri=pin.php%3Fid%3D3892395-538%26name%3Dim%C3%83%C2%A1genes%20blusas%20de%20moda%202018 HTTP/1.1" 200 26108 "-" "Mozilla/5.0 (Linux; Android 6.0.1; Nexus 5X Build/MMB29P) AppleWebKit/537.36 (KHTML, like Gecko) Chrome/137.0.7151.103 Mobile Safari/537.36 (compatible; GoogleOther)"
66.249.64.128 - - [12/Jul/2025:14:24:06 +0000] "GET /?e=47252672001000&mod=c4b108f5&uri=blog.php%3Fid%3D1576938-1201%26name%3Dted+baker+shawl+scarf HTTP/1.1" 200 20989 "-" "Mozilla/5.0 (Linux; Android 6.0.1; Nexus 5X Build/MMB29P) AppleWebKit/537.36 (KHTML, like Gecko) Chrome/137.0.7151.103 Mobile Safari/537.36 (compatible; Googlebot/2.1; +http://www.google.com/bot.html)"
209.74.77.214 - - [12/Jul/2025:14:24:12 +0000] "POST /wp-cron.php?doing_wp_cron=1752330252.7806560993194580078125 HTTP/1.1" 200 - "-" "WordPress/6.8.1; https://cyber-secure.com.au"
66.249.64.128 - - [12/Jul/2025:14:24:12 +0000] "GET /?e=1257322041000&mod=b6edc1cd&uri=goods.php%3Fid%3D41976-81%26name%3Dpoltrona+tirup+ikea HTTP/1.1" 301 - "-" "Mozilla/5.0 (Linux; Android 6.0.1; Nexus 5X Build/MMB29P) AppleWebKit/537.36 (KHTML, like Gecko) Chrome/137.0.7151.103 Mobile Safari/537.36 (compatible; GoogleOther)"
209.74.77.214 - - [12/Jul/2025:14:24:24 +0000] "POST /wp-cron.php?doing_wp_cron=1752330264.3676760196685791015625 HTTP/1.1" 200 - "-" "WordPress/6.8.1; https://cyber-secure.com.au"
209.74.77.214 - - [12/Jul/2025:14:24:24 +0000] "POST /wp-admin/admin-ajax.php?action=async_litespeed&nonce=3jngtiEE9eUPgPhj3aJhvTual8spuu6w&litespeed_type=imgoptm HTTP/1.1" 200 21 "-" "WordPress/6.8.1; https://cyber-secure.com.au"
66.249.64.128 - - [12/Jul/2025:14:24:24 +0000] "GET /?e=1257322041000&mod=b6edc1cd&uri=goods.php%3Fid%3D41976-81%26name%3Dpoltrona%20tirup%20ikea HTTP/1.1" 200 26102 "-" "Mozilla/5.0 (Linux; Android 6.0.1; Nexus 5X Build/MMB29P) AppleWebKit/537.36 (KHTML, like Gecko) Chrome/137.0.7151.103 Mobile Safari/537.36 (compatible; GoogleOther)"
66.249.64.128 - - [12/Jul/2025:14:24:35 +0000] "GET /?e=35313483071000&mod=20bcff97&uri=search.php%3Fid%3D1178632-1015%26name%3Dsbdb011+for+sale HTTP/1.1" 200 20344 "-" "Mozilla/5.0 (Linux; Android 6.0.1; Nexus 5X Build/MMB29P) AppleWebKit/537.36 (KHTML, like Gecko) Chrome/137.0.7151.103 Mobile Safari/537.36 (compatible; Googlebot/2.1; +http://www.google.com/bot.html)"
66.249.64.128 - - [12/Jul/2025:14:24:44 +0000] "GET /?e=17008863041000&mod=a01a0380&uri=info.php%3Fid%3D567804-39%26name%3Dgolden+comforter HTTP/1.1" 301 - "-" "Mozilla/5.0 (Linux; Android 6.0.1; Nexus 5X Build/MMB29P) AppleWebKit/537.36 (KHTML, like Gecko) Chrome/137.0.7151.103 Mobile Safari/537.36 (compatible; GoogleOther)"
209.74.77.214 - - [12/Jul/2025:14:24:56 +0000] "POST /wp-cron.php?doing_wp_cron=1752330296.1105670928955078125000 HTTP/1.1" 200 - "-" "WordPress/6.8.1; https://cyber-secure.com.au"
66.249.64.132 - - [12/Jul/2025:14:24:55 +0000] "GET /?e=17008863041000&mod=a01a0380&uri=info.php%3Fid%3D567804-39%26name%3Dgolden%20comforter HTTP/1.1" 200 26104 "-" "Mozilla/5.0 (Linux; Android 6.0.1; Nexus 5X Build/MMB29P) AppleWebKit/537.36 (KHTML, like Gecko) Chrome/137.0.7151.103 Mobile Safari/537.36 (compatible; GoogleOther)"
66.249.64.128 - - [12/Jul/2025:14:25:15 +0000] "GET /?e=25017705031000&mod=5aaffbae&uri=pin.php%3Fid%3D834996-864%26name%3Dskechers+slip+on+walking+shoe+gray HTTP/1.1" 200 20950 "-" "Mozilla/5.0 (Linux; Android 6.0.1; Nexus 5X Build/MMB29P) AppleWebKit/537.36 (KHTML, like Gecko) Chrome/137.0.7151.103 Mobile Safari/537.36 (compatible; Googlebot/2.1; +http://www.google.com/bot.html)"
66.249.64.132 - - [12/Jul/2025:14:25:26 +0000] "GET /?e=104182545041000&mod=7183145a&uri=goods.php%3Fid%3D3476894-1127%26name%3Dmoncler+fur+trimmed+hooded+coat HTTP/1.1" 200 21384 "-" "Mozilla/5.0 (compatible; Googlebot/2.1; +http://www.google.com/bot.html)"
209.74.77.214 - - [12/Jul/2025:14:25:37 +0000] "POST /wp-cron.php?doing_wp_cron=1752330337.2385261058807373046875 HTTP/1.1" 200 - "-" "WordPress/6.8.1; https://cyber-secure.com.au"
66.249.64.128 - - [12/Jul/2025:14:25:37 +0000] "GET /?e=22657731051000&mod=c3f4db3a&uri=pin.php%3Fid%3D756284-824%26name%3Dcup4cup+pancake+recipe HTTP/1.1" 301 - "-" "Mozilla/5.0 (Linux; Android 6.0.1; Nexus 5X Build/MMB29P) AppleWebKit/537.36 (KHTML, like Gecko) Chrome/137.0.7151.103 Mobile Safari/537.36 (compatible; GoogleOther)"
209.74.77.214 - - [12/Jul/2025:14:25:37 +0000] "POST /wp-admin/admin-ajax.php?action=async_litespeed&nonce=EGSQ65in2kYB1NhDGObTJ0rEtmA4IP1Q&litespeed_type=imgoptm HTTP/1.1" 200 21 "-" "WordPress/6.8.1; https://cyber-secure.com.au"
66.249.64.128 - - [12/Jul/2025:14:25:46 +0000] "GET /?e=50609813041000&mod=e6b73239&uri=shop.php%3Fid%3D1688938-1274%26name%3Dchampion+transparent+backpack HTTP/1.1" 200 20494 "-" "Mozilla/5.0 (Linux; Android 6.0.1; Nexus 5X Build/MMB29P) AppleWebKit/537.36 (KHTML, like Gecko) Chrome/137.0.7151.103 Mobile Safari/537.36 (compatible; Googlebot/2.1; +http://www.google.com/bot.html)"
66.249.64.132 - - [12/Jul/2025:14:25:48 +0000] "GET /?e=22657731051000&mod=c3f4db3a&uri=pin.php%3Fid%3D756284-824%26name%3Dcup4cup%20pancake%20recipe HTTP/1.1" 200 26109 "-" "Mozilla/5.0 (Linux; Android 6.0.1; Nexus 5X Build/MMB29P) AppleWebKit/537.36 (KHTML, like Gecko) Chrome/137.0.7151.103 Mobile Safari/537.36 (compatible; GoogleOther)"
66.249.64.128 - - [12/Jul/2025:14:25:51 +0000] "GET /?e=98652372031000&mod=55603a5f&uri=news.php%3Fid%3D3292282-428%26name%3Dfedora+hat+feathers HTTP/1.1" 200 22259 "-" "Mozilla/5.0 (Linux; Android 6.0.1; Nexus 5X Build/MMB29P) AppleWebKit/537.36 (KHTML, like Gecko) Chrome/137.0.7151.103 Mobile Safari/537.36 (compatible; Googlebot/2.1; +http://www.google.com/bot.html)"
66.249.64.129 - - [12/Jul/2025:14:26:15 +0000] "GET /?e=26679624041000&mod=f8a26bb6&uri=blog.php%3Fid%3D890440-887%26name%3Dmanitobah+moccasin HTTP/1.1" 200 21403 "-" "Mozilla/5.0 (Linux; Android 6.0.1; Nexus 5X Build/MMB29P) AppleWebKit/537.36 (KHTML, like Gecko) Chrome/137.0.7151.103 Mobile Safari/537.36 (compatible; Googlebot/2.1; +http://www.google.com/bot.html)"
66.249.64.129 - - [12/Jul/2025:14:26:18 +0000] "GET /?e=13515709031000&mod=99902887&uri=itm.php%3Fid%3D451248-501%26name%3Daustralian+cattle+dog+poodle+mix HTTP/1.1" 200 20819 "-" "Mozilla/5.0 (Linux; Android 6.0.1; Nexus 5X Build/MMB29P) AppleWebKit/537.36 (KHTML, like Gecko) Chrome/137.0.7151.103 Mobile Safari/537.36 (compatible; Googlebot/2.1; +http://www.google.com/bot.html)"
209.74.77.214 - - [12/Jul/2025:14:26:38 +0000] "POST /wp-cron.php?doing_wp_cron=1752330398.8151109218597412109375 HTTP/1.1" 200 - "-" "WordPress/6.8.1; https://cyber-secure.com.au"
66.249.64.129 - - [12/Jul/2025:14:26:38 +0000] "GET /?e=52931068041000&mod=1a551829&uri=shop.php%3Fid%3D1766356-363%26name%3Dring+sizer+pdf HTTP/1.1" 301 - "-" "Mozilla/5.0 (Linux; Android 6.0.1; Nexus 5X Build/MMB29P) AppleWebKit/537.36 (KHTML, like Gecko) Chrome/137.0.7151.103 Mobile Safari/537.36 (compatible; GoogleOther)"
209.74.77.214 - - [12/Jul/2025:14:26:38 +0000] "POST /wp-admin/admin-ajax.php?action=async_litespeed&nonce=Y4vLJtBxo8BmCHryIEMpVAoBhghjBzun&litespeed_type=imgoptm HTTP/1.1" 200 21 "-" "WordPress/6.8.1; https://cyber-secure.com.au"
209.74.77.214 - - [12/Jul/2025:14:26:56 +0000] "POST /wp-cron.php?doing_wp_cron=1752330416.3389799594879150390625 HTTP/1.1" 200 - "-" "WordPress/6.8.1; https://cyber-secure.com.au"
66.249.64.132 - - [12/Jul/2025:14:26:55 +0000] "GET /?e=52931068041000&mod=1a551829&uri=shop.php%3Fid%3D1766356-363%26name%3Dring%20sizer%20pdf HTTP/1.1" 200 26102 "-" "Mozilla/5.0 (Linux; Android 6.0.1; Nexus 5X Build/MMB29P) AppleWebKit/537.36 (KHTML, like Gecko) Chrome/137.0.7151.103 Mobile Safari/537.36 (compatible; GoogleOther)"
66.249.64.128 - - [12/Jul/2025:14:27:33 +0000] "GET /?e=85703795001000&mod=9261dd1b&uri=search.php%3Fid%3D2860075-1133%26name%3Dcofres+tous HTTP/1.1" 200 21562 "-" "Mozilla/5.0 (Linux; Android 6.0.1; Nexus 5X Build/MMB29P) AppleWebKit/537.36 (KHTML, like Gecko) Chrome/137.0.7151.103 Mobile Safari/537.36 (compatible; Googlebot/2.1; +http://www.google.com/bot.html)"
209.74.77.214 - - [12/Jul/2025:14:28:20 +0000] "POST /wp-cron.php?doing_wp_cron=1752330500.4137508869171142578125 HTTP/1.1" 200 - "-" "WordPress/6.8.1; https://cyber-secure.com.au"
66.249.64.132 - - [12/Jul/2025:14:28:19 +0000] "GET /?e=99547701021000&mod=2b1905b5&uri=product.php%3Fid%3D3322160-438%26name%3Dair+max+excee+coral HTTP/1.1" 301 - "-" "Mozilla/5.0 (Linux; Android 6.0.1; Nexus 5X Build/MMB29P) AppleWebKit/537.36 (KHTML, like Gecko) Chrome/137.0.7151.103 Mobile Safari/537.36 (compatible; GoogleOther)"
209.74.77.214 - - [12/Jul/2025:14:28:20 +0000] "POST /wp-admin/admin-ajax.php?action=async_litespeed&nonce=VC8IksH0WykgUdNGODi1ZuArpNGEonp9&litespeed_type=imgoptm HTTP/1.1" 200 21 "-" "WordPress/6.8.1; https://cyber-secure.com.au"
66.249.64.132 - - [12/Jul/2025:14:28:39 +0000] "GET /?e=93794985001000&mod=d9bd3e88&uri=brands.php%3Fid%3D3130107-881%26name%3D10+best+jewelry+brands HTTP/1.1" 200 21048 "-" "Mozilla/5.0 (Linux; Android 6.0.1; Nexus 5X Build/MMB29P) AppleWebKit/537.36 (KHTML, like Gecko) Chrome/137.0.7151.103 Mobile Safari/537.36 (compatible; Googlebot/2.1; +http://www.google.com/bot.html)"
66.249.64.132 - - [12/Jul/2025:14:28:42 +0000] "GET /?e=99547701021000&mod=2b1905b5&uri=product.php%3Fid%3D3322160-438%26name%3Dair%20max%20excee%20coral HTTP/1.1" 200 26105 "-" "Mozilla/5.0 (Linux; Android 6.0.1; Nexus 5X Build/MMB29P) AppleWebKit/537.36 (KHTML, like Gecko) Chrome/137.0.7151.103 Mobile Safari/537.36 (compatible; GoogleOther)"
66.249.64.129 - - [12/Jul/2025:14:29:16 +0000] "GET /?e=117158781131000&mod=a569398d&uri=form.php%3Fid%3D3909987-691%26name%3D97+cm+in+feet HTTP/1.1" 200 21406 "-" "Mozilla/5.0 (Linux; Android 6.0.1; Nexus 5X Build/MMB29P) AppleWebKit/537.36 (KHTML, like Gecko) Chrome/137.0.7151.103 Mobile Safari/537.36 (compatible; Googlebot/2.1; +http://www.google.com/bot.html)"
209.74.77.214 - - [12/Jul/2025:14:29:26 +0000] "POST /wp-cron.php?doing_wp_cron=1752330566.3624229431152343750000 HTTP/1.1" 200 - "-" "WordPress/6.8.1; https://cyber-secure.com.au"
66.249.64.132 - - [12/Jul/2025:14:29:25 +0000] "GET /?e=107605431011000&mod=0fcee95c&uri=form.php%3Fid%3D3591147-609%26name%3Dadidas+stycon+laceless+tokyo HTTP/1.1" 301 - "-" "Mozilla/5.0 (Linux; Android 6.0.1; Nexus 5X Build/MMB29P) AppleWebKit/537.36 (KHTML, like Gecko) Chrome/137.0.7151.103 Mobile Safari/537.36 (compatible; GoogleOther)"
209.74.77.214 - - [12/Jul/2025:14:29:26 +0000] "POST /wp-admin/admin-ajax.php?action=async_litespeed&nonce=cS5WIJKti33un04honzG5xJ8OZNreBYY&litespeed_type=imgoptm HTTP/1.1" 200 21 "-" "WordPress/6.8.1; https://cyber-secure.com.au"
66.249.64.128 - - [12/Jul/2025:14:29:28 +0000] "GET /?e=78117306061000&mod=5d252ff9&uri=product.php%3Fid%3D2606864-1488%26name%3Dray+ban+justin+polaris%C3%83%C2%A9 HTTP/1.1" 200 20919 "-" "Mozilla/5.0 (Linux; Android 6.0.1; Nexus 5X Build/MMB29P) AppleWebKit/537.36 (KHTML, like Gecko) Chrome/137.0.7151.103 Mobile Safari/537.36 (compatible; Googlebot/2.1; +http://www.google.com/bot.html)"
66.249.64.128 - - [12/Jul/2025:14:29:30 +0000] "GET /?e=104765639061000&mod=db191505&uri=search.php%3Fid%3D3496345-152%26name%3Dskate+hi+mte+boa HTTP/1.1" 200 21626 "-" "Mozilla/5.0 (Linux; Android 6.0.1; Nexus 5X Build/MMB29P) AppleWebKit/537.36 (KHTML, like Gecko) Chrome/137.0.7151.103 Mobile Safari/537.36 (compatible; Googlebot/2.1; +http://www.google.com/bot.html)"
66.249.64.128 - - [12/Jul/2025:14:29:33 +0000] "GET /?e=52939902011000&mod=2b8f7198&uri=search.php%3Fid%3D1766651-1242%26name%3Dconverse+star HTTP/1.1" 200 21178 "-" "Mozilla/5.0 (Linux; Android 6.0.1; Nexus 5X Build/MMB29P) AppleWebKit/537.36 (KHTML, like Gecko) Chrome/137.0.7151.103 Mobile Safari/537.36 (compatible; Googlebot/2.1; +http://www.google.com/bot.html)"
66.249.64.128 - - [12/Jul/2025:14:29:40 +0000] "POST /get-message-notify HTTP/1.1" 200 21389 "https://cyber-secure.com.au/?e=78117306061000&mod=5d252ff9&uri=product.php%3Fid%3D2606864-1488%26name%3Dray+ban+justin+polaris%C3%83%C2%A9" "Mozilla/5.0 (Linux; Android 6.0.1; Nexus 5X Build/MMB29P) AppleWebKit/537.36 (KHTML, like Gecko) Chrome/137.0.7151.119 Mobile Safari/537.36 (compatible; Googlebot/2.1; +http://www.google.com/bot.html)"
66.249.64.129 - - [12/Jul/2025:14:29:46 +0000] "GET /?e=107605431011000&mod=0fcee95c&uri=form.php%3Fid%3D3591147-609%26name%3Dadidas%20stycon%20laceless%20tokyo HTTP/1.1" 200 26107 "-" "Mozilla/5.0 (Linux; Android 6.0.1; Nexus 5X Build/MMB29P) AppleWebKit/537.36 (KHTML, like Gecko) Chrome/137.0.7151.103 Mobile Safari/537.36 (compatible; GoogleOther)"
209.74.77.214 - - [12/Jul/2025:14:31:04 +0000] "POST /wp-cron.php?doing_wp_cron=1752330664.7134070396423339843750 HTTP/1.1" 200 - "-" "WordPress/6.8.1; https://cyber-secure.com.au"
66.249.64.129 - - [12/Jul/2025:14:31:03 +0000] "GET /?e=17015661001000&mod=a01a0380&uri=pin.php%3Fid%3D568031-39%26name%3Dadjustable+bar+stools+with+wheels HTTP/1.1" 301 - "-" "Mozilla/5.0 (Linux; Android 6.0.1; Nexus 5X Build/MMB29P) AppleWebKit/537.36 (KHTML, like Gecko) Chrome/137.0.7151.103 Mobile Safari/537.36 (compatible; GoogleOther)"
209.74.77.214 - - [12/Jul/2025:14:31:04 +0000] "POST /wp-admin/admin-ajax.php?action=async_litespeed&nonce=2hnD8QWIhC7xFZWaPjRdq4PhwvzsE5t2&litespeed_type=imgoptm HTTP/1.1" 200 21 "-" "WordPress/6.8.1; https://cyber-secure.com.au"
66.249.64.128 - - [12/Jul/2025:14:31:25 +0000] "GET /?e=104165451041000&mod=a6ce9144&uri=category-info.php%3Fid%3D3476324-678%26name%3Dcurrent+price+of+iphone+12 HTTP/1.1" 200 22089 "-" "Mozilla/5.0 (compatible; Googlebot/2.1; +http://www.google.com/bot.html)"
209.74.77.214 - - [12/Jul/2025:14:31:27 +0000] "POST /wp-cron.php?doing_wp_cron=1752330687.7758529186248779296875 HTTP/1.1" 200 - "-" "WordPress/6.8.1; https://cyber-secure.com.au"
209.74.77.214 - - [12/Jul/2025:14:31:27 +0000] "POST /wp-admin/admin-ajax.php?action=async_litespeed&nonce=2HLjjzFBbU5sIdoLeCNaGlF4CxjvUUR8&litespeed_type=imgoptm HTTP/1.1" 200 21 "-" "WordPress/6.8.1; https://cyber-secure.com.au"
66.249.64.128 - - [12/Jul/2025:14:31:27 +0000] "GET /?e=17015661001000&mod=a01a0380&uri=pin.php%3Fid%3D568031-39%26name%3Dadjustable%20bar%20stools%20with%20wheels HTTP/1.1" 200 26106 "-" "Mozilla/5.0 (Linux; Android 6.0.1; Nexus 5X Build/MMB29P) AppleWebKit/537.36 (KHTML, like Gecko) Chrome/137.0.7151.103 Mobile Safari/537.36 (compatible; GoogleOther)"
66.249.64.132 - - [12/Jul/2025:14:31:38 +0000] "GET /?e=54859795031000&mod=3e555269&uri=goods.php%3Fid%3D1830717-1311%26name%3Dtop+tirantes+stradivarius HTTP/1.1" 200 21565 "-" "Mozilla/5.0 (Linux; Android 6.0.1; Nexus 5X Build/MMB29P) AppleWebKit/537.36 (KHTML, like Gecko) Chrome/137.0.7151.103 Mobile Safari/537.36 (compatible; Googlebot/2.1; +http://www.google.com/bot.html)"
66.249.64.129 - - [12/Jul/2025:14:31:41 +0000] "GET /?e=19652461041000&mod=f4f1f13c&uri=form.php%3Fid%3D656026-750%26name%3Dbolso+calvin+klein+plateado HTTP/1.1" 301 - "-" "Mozilla/5.0 (Linux; Android 6.0.1; Nexus 5X Build/MMB29P) AppleWebKit/537.36 (KHTML, like Gecko) Chrome/137.0.7151.103 Mobile Safari/537.36 (compatible; GoogleOther)"
66.249.64.132 - - [12/Jul/2025:14:31:55 +0000] "GET /?e=19652461041000&mod=f4f1f13c&uri=form.php%3Fid%3D656026-750%26name%3Dbolso%20calvin%20klein%20plateado HTTP/1.1" 200 26108 "-" "Mozilla/5.0 (Linux; Android 6.0.1; Nexus 5X Build/MMB29P) AppleWebKit/537.36 (KHTML, like Gecko) Chrome/137.0.7151.103 Mobile Safari/537.36 (compatible; GoogleOther)"
66.249.64.128 - - [12/Jul/2025:14:32:16 +0000] "GET /?e=5263155041000&mod=8e930496&uri=product.php%3Fid%3D175713-294%26name%3Dtory+burch+silver+hoop+earrings HTTP/1.1" 200 21898 "-" "Mozilla/5.0 (Linux; Android 6.0.1; Nexus 5X Build/MMB29P) AppleWebKit/537.36 (KHTML, like Gecko) Chrome/137.0.7151.103 Mobile Safari/537.36 (compatible; Googlebot/2.1; +http://www.google.com/bot.html)"
66.249.64.129 - - [12/Jul/2025:14:32:28 +0000] "GET /?e=26589826061000&mod=d4dd111a&uri=category-info.php%3Fid%3D887443-224%26name%3D2018+ducati+scrambler+price HTTP/1.1" 200 21294 "-" "Mozilla/5.0 (Linux; Android 6.0.1; Nexus 5X Build/MMB29P) AppleWebKit/537.36 (KHTML, like Gecko) Chrome/137.0.7151.103 Mobile Safari/537.36 (compatible; Googlebot/2.1; +http://www.google.com/bot.html)"
66.249.64.128 - - [12/Jul/2025:14:32:40 +0000] "GET /?e=23100240001000&mod=95b431e5&uri=search.php%3Fid%3D771047-829%26name%3Dboy+puppy+clothes HTTP/1.1" 200 21745 "-" "Mozilla/5.0 (Linux; Android 6.0.1; Nexus 5X Build/MMB29P) AppleWebKit/537.36 (KHTML, like Gecko) Chrome/137.0.7151.103 Mobile Safari/537.36 (compatible; Googlebot/2.1; +http://www.google.com/bot.html)"
209.74.77.214 - - [12/Jul/2025:14:33:48 +0000] "POST /wp-cron.php?doing_wp_cron=1752330828.1152760982513427734375 HTTP/1.1" 200 - "-" "WordPress/6.8.1; https://cyber-secure.com.au"
66.249.64.129 - - [12/Jul/2025:14:33:46 +0000] "GET /?e=107526509091000&mod=32508f53&uri=pin.php%3Fid%3D3588514-586%26name%3Dmanteau+yamaha+2020 HTTP/1.1" 301 - "-" "Mozilla/5.0 (Linux; Android 6.0.1; Nexus 5X Build/MMB29P) AppleWebKit/537.36 (KHTML, like Gecko) Chrome/137.0.7151.103 Mobile Safari/537.36 (compatible; GoogleOther)"
209.74.77.214 - - [12/Jul/2025:14:33:48 +0000] "POST /wp-admin/admin-ajax.php?action=async_litespeed&nonce=PSFKrBCfl6O6QfdvYDsWHyEChIJGfZWx&litespeed_type=imgoptm HTTP/1.1" 200 21 "-" "WordPress/6.8.1; https://cyber-secure.com.au"
66.249.64.128 - - [12/Jul/2025:14:33:51 +0000] "GET /?e=17952388051000&mod=0f7b2bb5&uri=product.php%3Fid%3D599284-705%26name%3Dnike+air+force+utility+wit HTTP/1.1" 200 20522 "-" "Mozilla/5.0 (Linux; Android 6.0.1; Nexus 5X Build/MMB29P) AppleWebKit/537.36 (KHTML, like Gecko) Chrome/137.0.7151.103 Mobile Safari/537.36 (compatible; Googlebot/2.1; +http://www.google.com/bot.html)"
66.249.64.132 - - [12/Jul/2025:14:34:05 +0000] "GET /?e=107526509091000&mod=32508f53&uri=pin.php%3Fid%3D3588514-586%26name%3Dmanteau%20yamaha%202020 HTTP/1.1" 200 26107 "-" "Mozilla/5.0 (Linux; Android 6.0.1; Nexus 5X Build/MMB29P) AppleWebKit/537.36 (KHTML, like Gecko) Chrome/137.0.7151.103 Mobile Safari/537.36 (compatible; GoogleOther)"
66.249.64.128 - - [12/Jul/2025:14:35:08 +0000] "GET /?e=114476102021000&mod=c47e6fcb&uri=news.php%3Fid%3D3820490-1686%26name%3Dfrum+maternity+clothes HTTP/1.1" 200 20514 "-" "Mozilla/5.0 (Linux; Android 6.0.1; Nexus 5X Build/MMB29P) AppleWebKit/537.36 (KHTML, like Gecko) Chrome/137.0.7151.103 Mobile Safari/537.36 (compatible; Googlebot/2.1; +http://www.google.com/bot.html)"
66.249.64.132 - - [12/Jul/2025:14:35:51 +0000] "GET /?e=106162200001000&mod=3ac88c10&uri=dp.php%3Fid%3D3542989-1609%26name%3Dstivali+alti+con+lacci+e+tacco HTTP/1.1" 200 21260 "-" "Mozilla/5.0 (Linux; Android 6.0.1; Nexus 5X Build/MMB29P) AppleWebKit/537.36 (KHTML, like Gecko) Chrome/137.0.7151.103 Mobile Safari/537.36 (compatible; Googlebot/2.1; +http://www.google.com/bot.html)"
66.249.64.128 - - [12/Jul/2025:14:35:54 +0000] "GET /?e=34330580021000&mod=5b708c06&uri=us.php%3Fid%3D1145826-1061%26name%3Dsrp779k1+review HTTP/1.1" 200 20564 "-" "Mozilla/5.0 (Linux; Android 6.0.1; Nexus 5X Build/MMB29P) AppleWebKit/537.36 (KHTML, like Gecko) Chrome/137.0.7151.103 Mobile Safari/537.36 (compatible; Googlebot/2.1; +http://www.google.com/bot.html)"
209.74.77.214 - - [12/Jul/2025:14:35:57 +0000] "POST /wp-cron.php?doing_wp_cron=1752330957.2268509864807128906250 HTTP/1.1" 200 - "-" "WordPress/6.8.1; https://cyber-secure.com.au"
66.249.64.132 - - [12/Jul/2025:14:35:56 +0000] "GET /?e=17011131011000&mod=a01a0380&uri=shared.php%3Fid%3D567880-39%26name%3Dherman+miller+chair+embody+price HTTP/1.1" 301 - "-" "Mozilla/5.0 (Linux; Android 6.0.1; Nexus 5X Build/MMB29P) AppleWebKit/537.36 (KHTML, like Gecko) Chrome/137.0.7151.103 Mobile Safari/537.36 (compatible; GoogleOther)"
209.74.77.214 - - [12/Jul/2025:14:35:57 +0000] "POST /wp-admin/admin-ajax.php?action=async_litespeed&nonce=ZWdVL2aLe8daT9dhelBxUdGfKJu3pXQ6&litespeed_type=imgoptm HTTP/1.1" 200 21 "-" "WordPress/6.8.1; https://cyber-secure.com.au"
209.74.77.214 - - [12/Jul/2025:14:36:10 +0000] "POST /wp-cron.php?doing_wp_cron=1752330970.1883900165557861328125 HTTP/1.1" 200 - "-" "WordPress/6.8.1; https://cyber-secure.com.au"
66.249.64.128 - - [12/Jul/2025:14:36:10 +0000] "GET /?e=17011131011000&mod=a01a0380&uri=shared.php%3Fid%3D567880-39%26name%3Dherman%20miller%20chair%20embody%20price HTTP/1.1" 200 26109 "-" "Mozilla/5.0 (Linux; Android 6.0.1; Nexus 5X Build/MMB29P) AppleWebKit/537.36 (KHTML, like Gecko) Chrome/137.0.7151.103 Mobile Safari/537.36 (compatible; GoogleOther)"
66.249.64.128 - - [12/Jul/2025:14:36:15 +0000] "GET /?e=107493123021000&mod=91bc333f&uri=shop.php%3Fid%3D3587398-510%26name%3Dbest+inside+grill HTTP/1.1" 200 22252 "-" "Mozilla/5.0 (Linux; Android 6.0.1; Nexus 5X Build/MMB29P) AppleWebKit/537.36 (KHTML, like Gecko) Chrome/137.0.7151.103 Mobile Safari/537.36 (compatible; Googlebot/2.1; +http://www.google.com/bot.html)"
66.249.64.128 - - [12/Jul/2025:14:36:25 +0000] "POST /get-message-notify HTTP/1.1" 200 21391 "https://cyber-secure.com.au/?e=107493123021000&mod=91bc333f&uri=shop.php%3Fid%3D3587398-510%26name%3Dbest+inside+grill" "Mozilla/5.0 (Linux; Android 6.0.1; Nexus 5X Build/MMB29P) AppleWebKit/537.36 (KHTML, like Gecko) Chrome/137.0.7151.119 Mobile Safari/537.36 (compatible; Googlebot/2.1; +http://www.google.com/bot.html)"
66.249.64.132 - - [12/Jul/2025:14:36:32 +0000] "GET /?e=104173251001000&mod=a6ce9144&uri=brands.php%3Fid%3D3476584-678%26name%3Diphone+hello+max HTTP/1.1" 200 22351 "-" "Mozilla/5.0 (compatible; Googlebot/2.1; +http://www.google.com/bot.html)"
209.74.77.214 - - [12/Jul/2025:14:36:35 +0000] "POST /wp-cron.php?doing_wp_cron=1752330995.4139080047607421875000 HTTP/1.1" 200 - "-" "WordPress/6.8.1; https://cyber-secure.com.au"
66.249.64.128 - - [12/Jul/2025:14:36:35 +0000] "GET /?e=111482423081000&mod=a01a0380&uri=us.php%3Fid%3D3720538-39%26name%3Drustic+farmhouse+dining+chairs HTTP/1.1" 301 - "-" "Mozilla/5.0 (Linux; Android 6.0.1; Nexus 5X Build/MMB29P) AppleWebKit/537.36 (KHTML, like Gecko) Chrome/137.0.7151.103 Mobile Safari/537.36 (compatible; GoogleOther)"
209.74.77.214 - - [12/Jul/2025:14:36:35 +0000] "POST /wp-admin/admin-ajax.php?action=async_litespeed&nonce=LTfsPkxVAq4MIsrUiAO0e2TFolup972n&litespeed_type=imgoptm HTTP/1.1" 200 21 "-" "WordPress/6.8.1; https://cyber-secure.com.au"
66.249.64.128 - - [12/Jul/2025:14:36:44 +0000] "GET /?e=111482423081000&mod=a01a0380&uri=us.php%3Fid%3D3720538-39%26name%3Drustic%20farmhouse%20dining%20chairs HTTP/1.1" 200 26106 "-" "Mozilla/5.0 (Linux; Android 6.0.1; Nexus 5X Build/MMB29P) AppleWebKit/537.36 (KHTML, like Gecko) Chrome/137.0.7151.103 Mobile Safari/537.36 (compatible; GoogleOther)"
173.252.87.113 - - [12/Jul/2025:14:36:48 +0000] "GET /robots.txt HTTP/1.1" 200 73 "-" "facebookexternalhit/1.1 (+http://www.facebook.com/externalhit_uatext.php)"
173.252.87.11 - - [12/Jul/2025:14:36:48 +0000] "GET / HTTP/1.1" 200 235698 "-" "facebookexternalhit/1.1 (+http://www.facebook.com/externalhit_uatext.php)"
66.249.64.129 - - [12/Jul/2025:14:39:15 +0000] "GET /?e=75764494041000&mod=8eddb379&uri=goods.php%3Fid%3D2528328-1024%26name%3Dpuma+tracksuit+price+list HTTP/1.1" 200 21360 "-" "Mozilla/5.0 (Linux; Android 6.0.1; Nexus 5X Build/MMB29P) AppleWebKit/537.36 (KHTML, like Gecko) Chrome/137.0.7151.103 Mobile Safari/537.36 (compatible; Googlebot/2.1; +http://www.google.com/bot.html)"
209.74.77.214 - - [12/Jul/2025:14:39:18 +0000] "POST /wp-cron.php?doing_wp_cron=1752331158.3642890453338623046875 HTTP/1.1" 200 - "-" "WordPress/6.8.1; https://cyber-secure.com.au"
66.249.64.128 - - [12/Jul/2025:14:39:17 +0000] "GET /?e=1195011131000&mod=4ea06fbc&uri=pin.php%3Fid%3D39896-77%26name%3D98s+blue HTTP/1.1" 301 - "-" "Mozilla/5.0 (Linux; Android 6.0.1; Nexus 5X Build/MMB29P) AppleWebKit/537.36 (KHTML, like Gecko) Chrome/137.0.7151.103 Mobile Safari/537.36 (compatible; GoogleOther)"
209.74.77.214 - - [12/Jul/2025:14:39:18 +0000] "POST /wp-admin/admin-ajax.php?action=async_litespeed&nonce=HLJnsDHqVi58p6FgKOPAgm0Ha471GNFw&litespeed_type=imgoptm HTTP/1.1" 200 21 "-" "WordPress/6.8.1; https://cyber-secure.com.au"
66.249.64.129 - - [12/Jul/2025:14:39:23 +0000] "GET /?e=1195011131000&mod=4ea06fbc&uri=pin.php%3Fid%3D39896-77%26name%3D98s%20blue HTTP/1.1" 200 26105 "-" "Mozilla/5.0 (Linux; Android 6.0.1; Nexus 5X Build/MMB29P) AppleWebKit/537.36 (KHTML, like Gecko) Chrome/137.0.7151.103 Mobile Safari/537.36 (compatible; GoogleOther)"
66.249.64.128 - - [12/Jul/2025:14:39:31 +0000] "GET /?e=32209948011000&mod=7949e456&uri=products.php%3Fid%3D1075051-157%26name%3Dimagem+de+tenis+vans HTTP/1.1" 200 20722 "-" "Mozilla/5.0 (Linux; Android 6.0.1; Nexus 5X Build/MMB29P) AppleWebKit/537.36 (KHTML, like Gecko) Chrome/137.0.7151.103 Mobile Safari/537.36 (compatible; Googlebot/2.1; +http://www.google.com/bot.html)"
66.249.64.129 - - [12/Jul/2025:14:39:35 +0000] "POST /get-message-notify HTTP/1.1" 200 21390 "https://cyber-secure.com.au/?e=75764494041000&mod=8eddb379&uri=goods.php%3Fid%3D2528328-1024%26name%3Dpuma+tracksuit+price+list" "Mozilla/5.0 (Linux; Android 6.0.1; Nexus 5X Build/MMB29P) AppleWebKit/537.36 (KHTML, like Gecko) Chrome/137.0.7151.119 Mobile Safari/537.36 (compatible; Googlebot/2.1; +http://www.google.com/bot.html)"
66.249.64.129 - - [12/Jul/2025:14:39:40 +0000] "POST /get-message-notify HTTP/1.1" 200 21384 "https://cyber-secure.com.au/?e=32209948011000&mod=7949e456&uri=products.php%3Fid%3D1075051-157%26name%3Dimagem+de+tenis+vans" "Mozilla/5.0 (Linux; Android 6.0.1; Nexus 5X Build/MMB29P) AppleWebKit/537.36 (KHTML, like Gecko) Chrome/137.0.7151.119 Mobile Safari/537.36 (compatible; Googlebot/2.1; +http://www.google.com/bot.html)"
209.74.77.214 - - [12/Jul/2025:14:41:30 +0000] "POST /wp-admin/admin-ajax.php?action=async_litespeed&nonce=SgJ0cOsCrYe3riV3ncJTFwJ0zGNHJVKI&litespeed_type=imgoptm HTTP/1.1" 200 21 "-" "WordPress/6.8.1; https://cyber-secure.com.au"
66.220.149.5 - - [12/Jul/2025:14:41:32 +0000] "GET /?fbclid=IwZXh0bgNhZW0CMTEAAR6IcruaoJPJcaIGiiij8E7J0Y_okpRq-43XVlx7QIft6mtbswoza_cLdbaRvw_aem_XpKD0JOviQqGnMWXFJ34Kw HTTP/1.1" 200 26106 "-" "Mozilla/5.0 (X11; Linux x86_64) AppleWebKit/537.36 (KHTML, like Gecko) Chrome/138.0.0.0 Safari/537.36"
66.220.149.116 - - [12/Jul/2025:14:41:34 +0000] "GET /wp-content/uploads/elementor/css/custom-frontend.min.css?ver=1749267014 HTTP/1.1" 200 7099 "https://cyber-secure.com.au/?fbclid=IwZXh0bgNhZW0CMTEAAR6IcruaoJPJcaIGiiij8E7J0Y_okpRq-43XVlx7QIft6mtbswoza_cLdbaRvw_aem_XpKD0JOviQqGnMWXFJ34Kw" "Mozilla/5.0 (X11; Linux x86_64) AppleWebKit/537.36 (KHTML, like Gecko) Chrome/138.0.0.0 Safari/537.36"
66.220.149.28 - - [12/Jul/2025:14:41:34 +0000] "GET /wp-content/plugins/leadconnector/public/css/lc-public.css?ver=3.0.9 HTTP/1.1" 200 106 "https://cyber-secure.com.au/?fbclid=IwZXh0bgNhZW0CMTEAAR6IcruaoJPJcaIGiiij8E7J0Y_okpRq-43XVlx7QIft6mtbswoza_cLdbaRvw_aem_XpKD0JOviQqGnMWXFJ34Kw" "Mozilla/5.0 (X11; Linux x86_64) AppleWebKit/537.36 (KHTML, like Gecko) Chrome/138.0.0.0 Safari/537.36"
66.220.149.11 - - [12/Jul/2025:14:41:34 +0000] "GET /wp-content/plugins/jeg-elementor-kit/assets/css/elements/main.css?ver=2.6.13 HTTP/1.1" 200 24960 "https://cyber-secure.com.au/?fbclid=IwZXh0bgNhZW0CMTEAAR6IcruaoJPJcaIGiiij8E7J0Y_okpRq-43XVlx7QIft6mtbswoza_cLdbaRvw_aem_XpKD0JOviQqGnMWXFJ34Kw" "Mozilla/5.0 (X11; Linux x86_64) AppleWebKit/537.36 (KHTML, like Gecko) Chrome/138.0.0.0 Safari/537.36"
66.220.149.11 - - [12/Jul/2025:14:41:34 +0000] "GET /wp-content/uploads/elementor/css/post-8.css?ver=1749267014 HTTP/1.1" 200 2137 "https://cyber-secure.com.au/?fbclid=IwZXh0bgNhZW0CMTEAAR6IcruaoJPJcaIGiiij8E7J0Y_okpRq-43XVlx7QIft6mtbswoza_cLdbaRvw_aem_XpKD0JOviQqGnMWXFJ34Kw" "Mozilla/5.0 (X11; Linux x86_64) AppleWebKit/537.36 (KHTML, like Gecko) Chrome/138.0.0.0 Safari/537.36"
66.220.149.116 - - [12/Jul/2025:14:41:34 +0000] "GET /wp-content/plugins/elementor/assets/lib/animations/styles/fadeIn.min.css?ver=3.29.2 HTTP/1.1" 200 79 "https://cyber-secure.com.au/?fbclid=IwZXh0bgNhZW0CMTEAAR6IcruaoJPJcaIGiiij8E7J0Y_okpRq-43XVlx7QIft6mtbswoza_cLdbaRvw_aem_XpKD0JOviQqGnMWXFJ34Kw" "Mozilla/5.0 (X11; Linux x86_64) AppleWebKit/537.36 (KHTML, like Gecko) Chrome/138.0.0.0 Safari/537.36"
66.220.149.116 - - [12/Jul/2025:14:41:34 +0000] "GET /wp-content/plugins/elementor/assets/css/widget-heading.min.css?ver=3.29.2 HTTP/1.1" 200 189 "https://cyber-secure.com.au/?fbclid=IwZXh0bgNhZW0CMTEAAR6IcruaoJPJcaIGiiij8E7J0Y_okpRq-43XVlx7QIft6mtbswoza_cLdbaRvw_aem_XpKD0JOviQqGnMWXFJ34Kw" "Mozilla/5.0 (X11; Linux x86_64) AppleWebKit/537.36 (KHTML, like Gecko) Chrome/138.0.0.0 Safari/537.36"
66.220.149.116 - - [12/Jul/2025:14:41:35 +0000] "GET /wp-content/plugins/elementor/assets/lib/animations/styles/fadeInUp.min.css?ver=3.29.2 HTTP/1.1" 200 117 "https://cyber-secure.com.au/?fbclid=IwZXh0bgNhZW0CMTEAAR6IcruaoJPJcaIGiiij8E7J0Y_okpRq-43XVlx7QIft6mtbswoza_cLdbaRvw_aem_XpKD0JOviQqGnMWXFJ34Kw" "Mozilla/5.0 (X11; Linux x86_64) AppleWebKit/537.36 (KHTML, like Gecko) Chrome/138.0.0.0 Safari/537.36"
66.220.149.116 - - [12/Jul/2025:14:41:35 +0000] "GET /wp-content/plugins/elementor/assets/css/widget-counter.min.css?ver=3.29.2 HTTP/1.1" 200 306 "https://cyber-secure.com.au/?fbclid=IwZXh0bgNhZW0CMTEAAR6IcruaoJPJcaIGiiij8E7J0Y_okpRq-43XVlx7QIft6mtbswoza_cLdbaRvw_aem_XpKD0JOviQqGnMWXFJ34Kw" "Mozilla/5.0 (X11; Linux x86_64) AppleWebKit/537.36 (KHTML, like Gecko) Chrome/138.0.0.0 Safari/537.36"
66.220.149.23 - - [12/Jul/2025:14:41:35 +0000] "GET /wp-content/plugins/elementor/assets/lib/animations/styles/e-animation-float.min.css?ver=3.29.2 HTTP/1.1" 200 139 "https://cyber-secure.com.au/?fbclid=IwZXh0bgNhZW0CMTEAAR6IcruaoJPJcaIGiiij8E7J0Y_okpRq-43XVlx7QIft6mtbswoza_cLdbaRvw_aem_XpKD0JOviQqGnMWXFJ34Kw" "Mozilla/5.0 (X11; Linux x86_64) AppleWebKit/537.36 (KHTML, like Gecko) Chrome/138.0.0.0 Safari/537.36"
66.220.149.116 - - [12/Jul/2025:14:41:35 +0000] "GET /wp-content/plugins/elementor/assets/css/widget-image.min.css?ver=3.29.2 HTTP/1.1" 200 165 "https://cyber-secure.com.au/?fbclid=IwZXh0bgNhZW0CMTEAAR6IcruaoJPJcaIGiiij8E7J0Y_okpRq-43XVlx7QIft6mtbswoza_cLdbaRvw_aem_XpKD0JOviQqGnMWXFJ34Kw" "Mozilla/5.0 (X11; Linux x86_64) AppleWebKit/537.36 (KHTML, like Gecko) Chrome/138.0.0.0 Safari/537.36"
66.220.149.23 - - [12/Jul/2025:14:41:35 +0000] "GET /wp-content/plugins/jeg-elementor-kit/assets/js/tiny-slider/tiny-slider.css?ver=2.9.3 HTTP/1.1" 200 741 "https://cyber-secure.com.au/?fbclid=IwZXh0bgNhZW0CMTEAAR6IcruaoJPJcaIGiiij8E7J0Y_okpRq-43XVlx7QIft6mtbswoza_cLdbaRvw_aem_XpKD0JOviQqGnMWXFJ34Kw" "Mozilla/5.0 (X11; Linux x86_64) AppleWebKit/537.36 (KHTML, like Gecko) Chrome/138.0.0.0 Safari/537.36"
66.220.149.116 - - [12/Jul/2025:14:41:35 +0000] "GET /wp-content/uploads/elementor/css/post-131.css?ver=1749267014 HTTP/1.1" 200 11887 "https://cyber-secure.com.au/?fbclid=IwZXh0bgNhZW0CMTEAAR6IcruaoJPJcaIGiiij8E7J0Y_okpRq-43XVlx7QIft6mtbswoza_cLdbaRvw_aem_XpKD0JOviQqGnMWXFJ34Kw" "Mozilla/5.0 (X11; Linux x86_64) AppleWebKit/537.36 (KHTML, like Gecko) Chrome/138.0.0.0 Safari/537.36"
66.220.149.5 - - [12/Jul/2025:14:41:35 +0000] "GET /wp-content/plugins/metform/public/assets/lib/cute-alert/style.css?ver=3.9.9 HTTP/1.1" 200 1225 "https://cyber-secure.com.au/?fbclid=IwZXh0bgNhZW0CMTEAAR6IcruaoJPJcaIGiiij8E7J0Y_okpRq-43XVlx7QIft6mtbswoza_cLdbaRvw_aem_XpKD0JOviQqGnMWXFJ34Kw" "Mozilla/5.0 (X11; Linux x86_64) AppleWebKit/537.36 (KHTML, like Gecko) Chrome/138.0.0.0 Safari/537.36"
66.220.149.23 - - [12/Jul/2025:14:41:35 +0000] "GET /wp-content/plugins/metform/public/assets/css/text-editor.css?ver=3.9.9 HTTP/1.1" 200 3545 "https://cyber-secure.com.au/?fbclid=IwZXh0bgNhZW0CMTEAAR6IcruaoJPJcaIGiiij8E7J0Y_okpRq-43XVlx7QIft6mtbswoza_cLdbaRvw_aem_XpKD0JOviQqGnMWXFJ34Kw" "Mozilla/5.0 (X11; Linux x86_64) AppleWebKit/537.36 (KHTML, like Gecko) Chrome/138.0.0.0 Safari/537.36"
66.220.149.116 - - [12/Jul/2025:14:41:35 +0000] "GET /wp-content/themes/hello-elementor/style.min.css?ver=3.4.3 HTTP/1.1" 200 1808 "https://cyber-secure.com.au/?fbclid=IwZXh0bgNhZW0CMTEAAR6IcruaoJPJcaIGiiij8E7J0Y_okpRq-43XVlx7QIft6mtbswoza_cLdbaRvw_aem_XpKD0JOviQqGnMWXFJ34Kw" "Mozilla/5.0 (X11; Linux x86_64) AppleWebKit/537.36 (KHTML, like Gecko) Chrome/138.0.0.0 Safari/537.36"
66.220.149.5 - - [12/Jul/2025:14:41:35 +0000] "GET /wp-content/themes/hello-elementor/theme.min.css?ver=3.4.3 HTTP/1.1" 200 1311 "https://cyber-secure.com.au/?fbclid=IwZXh0bgNhZW0CMTEAAR6IcruaoJPJcaIGiiij8E7J0Y_okpRq-43XVlx7QIft6mtbswoza_cLdbaRvw_aem_XpKD0JOviQqGnMWXFJ34Kw" "Mozilla/5.0 (X11; Linux x86_64) AppleWebKit/537.36 (KHTML, like Gecko) Chrome/138.0.0.0 Safari/537.36"
66.220.149.23 - - [12/Jul/2025:14:41:35 +0000] "GET /wp-content/themes/hello-elementor/header-footer.min.css?ver=3.4.3 HTTP/1.1" 200 1479 "https://cyber-secure.com.au/?fbclid=IwZXh0bgNhZW0CMTEAAR6IcruaoJPJcaIGiiij8E7J0Y_okpRq-43XVlx7QIft6mtbswoza_cLdbaRvw_aem_XpKD0JOviQqGnMWXFJ34Kw" "Mozilla/5.0 (X11; Linux x86_64) AppleWebKit/537.36 (KHTML, like Gecko) Chrome/138.0.0.0 Safari/537.36"
66.220.149.116 - - [12/Jul/2025:14:41:35 +0000] "GET /wp-content/plugins/elementskit-lite/widgets/init/assets/css/widget-styles.css?ver=3.5.2 HTTP/1.1" 200 51547 "https://cyber-secure.com.au/?fbclid=IwZXh0bgNhZW0CMTEAAR6IcruaoJPJcaIGiiij8E7J0Y_okpRq-43XVlx7QIft6mtbswoza_cLdbaRvw_aem_XpKD0JOviQqGnMWXFJ34Kw" "Mozilla/5.0 (X11; Linux x86_64) AppleWebKit/537.36 (KHTML, like Gecko) Chrome/138.0.0.0 Safari/537.36"
66.220.149.5 - - [12/Jul/2025:14:41:35 +0000] "GET /wp-content/plugins/elementskit-lite/widgets/init/assets/css/responsive.css?ver=3.5.2 HTTP/1.1" 200 3161 "https://cyber-secure.com.au/?fbclid=IwZXh0bgNhZW0CMTEAAR6IcruaoJPJcaIGiiij8E7J0Y_okpRq-43XVlx7QIft6mtbswoza_cLdbaRvw_aem_XpKD0JOviQqGnMWXFJ34Kw" "Mozilla/5.0 (X11; Linux x86_64) AppleWebKit/537.36 (KHTML, like Gecko) Chrome/138.0.0.0 Safari/537.36"
66.220.149.23 - - [12/Jul/2025:14:41:35 +0000] "GET /wp-content/uploads/elementor/google-fonts/css/poppins.css?ver=1742321224 HTTP/1.1" 200 741 "https://cyber-secure.com.au/?fbclid=IwZXh0bgNhZW0CMTEAAR6IcruaoJPJcaIGiiij8E7J0Y_okpRq-43XVlx7QIft6mtbswoza_cLdbaRvw_aem_XpKD0JOviQqGnMWXFJ34Kw" "Mozilla/5.0 (X11; Linux x86_64) AppleWebKit/537.36 (KHTML, like Gecko) Chrome/138.0.0.0 Safari/537.36"
66.220.149.5 - - [12/Jul/2025:14:41:35 +0000] "GET /wp-content/uploads/elementor/google-fonts/css/inter.css?ver=1742321247 HTTP/1.1" 200 1350 "https://cyber-secure.com.au/?fbclid=IwZXh0bgNhZW0CMTEAAR6IcruaoJPJcaIGiiij8E7J0Y_okpRq-43XVlx7QIft6mtbswoza_cLdbaRvw_aem_XpKD0JOviQqGnMWXFJ34Kw" "Mozilla/5.0 (X11; Linux x86_64) AppleWebKit/537.36 (KHTML, like Gecko) Chrome/138.0.0.0 Safari/537.36"
66.220.149.23 - - [12/Jul/2025:14:41:35 +0000] "GET /wp-content/uploads/elementor/google-fonts/css/intertight.css?ver=1742321261 HTTP/1.1" 200 1331 "https://cyber-secure.com.au/?fbclid=IwZXh0bgNhZW0CMTEAAR6IcruaoJPJcaIGiiij8E7J0Y_okpRq-43XVlx7QIft6mtbswoza_cLdbaRvw_aem_XpKD0JOviQqGnMWXFJ34Kw" "Mozilla/5.0 (X11; Linux x86_64) AppleWebKit/537.36 (KHTML, like Gecko) Chrome/138.0.0.0 Safari/537.36"
66.220.149.116 - - [12/Jul/2025:14:41:35 +0000] "GET /wp-content/uploads/elementor/google-fonts/css/abhayalibre.css?ver=1742321262 HTTP/1.1" 200 582 "https://cyber-secure.com.au/?fbclid=IwZXh0bgNhZW0CMTEAAR6IcruaoJPJcaIGiiij8E7J0Y_okpRq-43XVlx7QIft6mtbswoza_cLdbaRvw_aem_XpKD0JOviQqGnMWXFJ34Kw" "Mozilla/5.0 (X11; Linux x86_64) AppleWebKit/537.36 (KHTML, like Gecko) Chrome/138.0.0.0 Safari/537.36"
66.220.149.116 - - [12/Jul/2025:14:41:35 +0000] "GET /wp-content/plugins/jeg-elementor-kit/assets/fonts/jkiticon/jkiticon.css?ver=2.6.13 HTTP/1.1" 200 21477 "https://cyber-secure.com.au/?fbclid=IwZXh0bgNhZW0CMTEAAR6IcruaoJPJcaIGiiij8E7J0Y_okpRq-43XVlx7QIft6mtbswoza_cLdbaRvw_aem_XpKD0JOviQqGnMWXFJ34Kw" "Mozilla/5.0 (X11; Linux x86_64) AppleWebKit/537.36 (KHTML, like Gecko) Chrome/138.0.0.0 Safari/537.36"
66.220.149.23 - - [12/Jul/2025:14:41:35 +0000] "GET /wp-includes/js/jquery/jquery.min.js?ver=3.7.1 HTTP/1.1" 200 30368 "https://cyber-secure.com.au/?fbclid=IwZXh0bgNhZW0CMTEAAR6IcruaoJPJcaIGiiij8E7J0Y_okpRq-43XVlx7QIft6mtbswoza_cLdbaRvw_aem_XpKD0JOviQqGnMWXFJ34Kw" "Mozilla/5.0 (X11; Linux x86_64) AppleWebKit/537.36 (KHTML, like Gecko) Chrome/138.0.0.0 Safari/537.36"
66.220.149.5 - - [12/Jul/2025:14:41:35 +0000] "GET /wp-includes/js/jquery/jquery-migrate.min.js?ver=3.4.1 HTTP/1.1" 200 4872 "https://cyber-secure.com.au/?fbclid=IwZXh0bgNhZW0CMTEAAR6IcruaoJPJcaIGiiij8E7J0Y_okpRq-43XVlx7QIft6mtbswoza_cLdbaRvw_aem_XpKD0JOviQqGnMWXFJ34Kw" "Mozilla/5.0 (X11; Linux x86_64) AppleWebKit/537.36 (KHTML, like Gecko) Chrome/138.0.0.0 Safari/537.36"
66.220.149.116 - - [12/Jul/2025:14:41:35 +0000] "GET /wp-content/uploads/2025/01/Logo-01.png HTTP/1.1" 200 13387 "https://cyber-secure.com.au/?fbclid=IwZXh0bgNhZW0CMTEAAR6IcruaoJPJcaIGiiij8E7J0Y_okpRq-43XVlx7QIft6mtbswoza_cLdbaRvw_aem_XpKD0JOviQqGnMWXFJ34Kw" "Mozilla/5.0 (X11; Linux x86_64) AppleWebKit/537.36 (KHTML, like Gecko) Chrome/138.0.0.0 Safari/537.36"
66.220.149.2 - - [12/Jul/2025:14:41:35 +0000] "GET /wp-content/uploads/2025/01/asset-013.png HTTP/1.1" 200 41662 "https://cyber-secure.com.au/?fbclid=IwZXh0bgNhZW0CMTEAAR6IcruaoJPJcaIGiiij8E7J0Y_okpRq-43XVlx7QIft6mtbswoza_cLdbaRvw_aem_XpKD0JOviQqGnMWXFJ34Kw" "Mozilla/5.0 (X11; Linux x86_64) AppleWebKit/537.36 (KHTML, like Gecko) Chrome/138.0.0.0 Safari/537.36"
66.220.149.5 - - [12/Jul/2025:14:41:35 +0000] "GET /wp-content/uploads/2025/01/Untitled-design.png HTTP/1.1" 200 28912 "https://cyber-secure.com.au/?fbclid=IwZXh0bgNhZW0CMTEAAR6IcruaoJPJcaIGiiij8E7J0Y_okpRq-43XVlx7QIft6mtbswoza_cLdbaRvw_aem_XpKD0JOviQqGnMWXFJ34Kw" "Mozilla/5.0 (X11; Linux x86_64) AppleWebKit/537.36 (KHTML, like Gecko) Chrome/138.0.0.0 Safari/537.36"
66.220.149.116 - - [12/Jul/2025:14:41:35 +0000] "GET /wp-content/uploads/2025/01/asset-014.png HTTP/1.1" 200 41056 "https://cyber-secure.com.au/?fbclid=IwZXh0bgNhZW0CMTEAAR6IcruaoJPJcaIGiiij8E7J0Y_okpRq-43XVlx7QIft6mtbswoza_cLdbaRvw_aem_XpKD0JOviQqGnMWXFJ34Kw" "Mozilla/5.0 (X11; Linux x86_64) AppleWebKit/537.36 (KHTML, like Gecko) Chrome/138.0.0.0 Safari/537.36"
66.220.149.2 - - [12/Jul/2025:14:41:35 +0000] "GET /wp-content/plugins/jeg-elementor-kit/lib/jeg-framework/assets/css/jeg-dynamic-styles.css?ver=1.3.0 HTTP/1.1" 200 - "https://cyber-secure.com.au/?fbclid=IwZXh0bgNhZW0CMTEAAR6IcruaoJPJcaIGiiij8E7J0Y_okpRq-43XVlx7QIft6mtbswoza_cLdbaRvw_aem_XpKD0JOviQqGnMWXFJ34Kw" "Mozilla/5.0 (X11; Linux x86_64) AppleWebKit/537.36 (KHTML, like Gecko) Chrome/138.0.0.0 Safari/537.36"
66.220.149.23 - - [12/Jul/2025:14:41:35 +0000] "GET /wp-content/uploads/2025/01/asset-012.png HTTP/1.1" 200 41605 "https://cyber-secure.com.au/?fbclid=IwZXh0bgNhZW0CMTEAAR6IcruaoJPJcaIGiiij8E7J0Y_okpRq-43XVlx7QIft6mtbswoza_cLdbaRvw_aem_XpKD0JOviQqGnMWXFJ34Kw" "Mozilla/5.0 (X11; Linux x86_64) AppleWebKit/537.36 (KHTML, like Gecko) Chrome/138.0.0.0 Safari/537.36"
66.220.149.23 - - [12/Jul/2025:14:41:35 +0000] "GET /wp-content/uploads/elementor/css/post-218.css?ver=1749267014 HTTP/1.1" 200 2455 "https://cyber-secure.com.au/?fbclid=IwZXh0bgNhZW0CMTEAAR6IcruaoJPJcaIGiiij8E7J0Y_okpRq-43XVlx7QIft6mtbswoza_cLdbaRvw_aem_XpKD0JOviQqGnMWXFJ34Kw" "Mozilla/5.0 (X11; Linux x86_64) AppleWebKit/537.36 (KHTML, like Gecko) Chrome/138.0.0.0 Safari/537.36"
66.220.149.2 - - [12/Jul/2025:14:41:35 +0000] "GET /wp-content/plugins/elementor/assets/lib/font-awesome/css/all.min.css?ver=3.29.2 HTTP/1.1" 200 12869 "https://cyber-secure.com.au/?fbclid=IwZXh0bgNhZW0CMTEAAR6IcruaoJPJcaIGiiij8E7J0Y_okpRq-43XVlx7QIft6mtbswoza_cLdbaRvw_aem_XpKD0JOviQqGnMWXFJ34Kw" "Mozilla/5.0 (X11; Linux x86_64) AppleWebKit/537.36 (KHTML, like Gecko) Chrome/138.0.0.0 Safari/537.36"
66.220.149.116 - - [12/Jul/2025:14:41:35 +0000] "GET /wp-content/plugins/elementor/assets/lib/font-awesome/css/v4-shims.min.css?ver=3.29.2 HTTP/1.1" 200 4229 "https://cyber-secure.com.au/?fbclid=IwZXh0bgNhZW0CMTEAAR6IcruaoJPJcaIGiiij8E7J0Y_okpRq-43XVlx7QIft6mtbswoza_cLdbaRvw_aem_XpKD0JOviQqGnMWXFJ34Kw" "Mozilla/5.0 (X11; Linux x86_64) AppleWebKit/537.36 (KHTML, like Gecko) Chrome/138.0.0.0 Safari/537.36"
66.220.149.116 - - [12/Jul/2025:14:41:36 +0000] "GET /wp-content/uploads/elementor/css/post-147.css?ver=1749267014 HTTP/1.1" 200 3257 "https://cyber-secure.com.au/?fbclid=IwZXh0bgNhZW0CMTEAAR6IcruaoJPJcaIGiiij8E7J0Y_okpRq-43XVlx7QIft6mtbswoza_cLdbaRvw_aem_XpKD0JOviQqGnMWXFJ34Kw" "Mozilla/5.0 (X11; Linux x86_64) AppleWebKit/537.36 (KHTML, like Gecko) Chrome/138.0.0.0 Safari/537.36"
66.220.149.23 - - [12/Jul/2025:14:41:36 +0000] "GET /wp-content/plugins/metform/public/assets/css/style.css?ver=3.9.9 HTTP/1.1" 200 4763 "https://cyber-secure.com.au/?fbclid=IwZXh0bgNhZW0CMTEAAR6IcruaoJPJcaIGiiij8E7J0Y_okpRq-43XVlx7QIft6mtbswoza_cLdbaRvw_aem_XpKD0JOviQqGnMWXFJ34Kw" "Mozilla/5.0 (X11; Linux x86_64) AppleWebKit/537.36 (KHTML, like Gecko) Chrome/138.0.0.0 Safari/537.36"
66.220.149.2 - - [12/Jul/2025:14:41:36 +0000] "GET /wp-content/plugins/metform/public/assets/css/metform-ui.css?ver=3.9.9 HTTP/1.1" 200 15413 "https://cyber-secure.com.au/?fbclid=IwZXh0bgNhZW0CMTEAAR6IcruaoJPJcaIGiiij8E7J0Y_okpRq-43XVlx7QIft6mtbswoza_cLdbaRvw_aem_XpKD0JOviQqGnMWXFJ34Kw" "Mozilla/5.0 (X11; Linux x86_64) AppleWebKit/537.36 (KHTML, like Gecko) Chrome/138.0.0.0 Safari/537.36"
66.220.149.2 - - [12/Jul/2025:14:41:36 +0000] "GET /wp-content/uploads/elementor/css/custom-widget-icon-list.min.css?ver=1749267014 HTTP/1.1" 200 1044 "https://cyber-secure.com.au/?fbclid=IwZXh0bgNhZW0CMTEAAR6IcruaoJPJcaIGiiij8E7J0Y_okpRq-43XVlx7QIft6mtbswoza_cLdbaRvw_aem_XpKD0JOviQqGnMWXFJ34Kw" "Mozilla/5.0 (X11; Linux x86_64) AppleWebKit/537.36 (KHTML, like Gecko) Chrome/138.0.0.0 Safari/537.36"
66.220.149.116 - - [12/Jul/2025:14:41:36 +0000] "GET /wp-content/uploads/elementor/css/custom-apple-webkit.min.css?ver=1749267013 HTTP/1.1" 200 557 "https://cyber-secure.com.au/?fbclid=IwZXh0bgNhZW0CMTEAAR6IcruaoJPJcaIGiiij8E7J0Y_okpRq-43XVlx7QIft6mtbswoza_cLdbaRvw_aem_XpKD0JOviQqGnMWXFJ34Kw" "Mozilla/5.0 (X11; Linux x86_64) AppleWebKit/537.36 (KHTML, like Gecko) Chrome/138.0.0.0 Safari/537.36"
66.220.149.23 - - [12/Jul/2025:14:41:36 +0000] "GET /wp-content/plugins/elementor/assets/css/widget-social-icons.min.css?ver=3.29.2 HTTP/1.1" 200 1170 "https://cyber-secure.com.au/?fbclid=IwZXh0bgNhZW0CMTEAAR6IcruaoJPJcaIGiiij8E7J0Y_okpRq-43XVlx7QIft6mtbswoza_cLdbaRvw_aem_XpKD0JOviQqGnMWXFJ34Kw" "Mozilla/5.0 (X11; Linux x86_64) AppleWebKit/537.36 (KHTML, like Gecko) Chrome/138.0.0.0 Safari/537.36"
66.220.149.116 - - [12/Jul/2025:14:41:36 +0000] "GET /wp-content/plugins/elementor/assets/js/webpack.runtime.min.js?ver=3.29.2 HTTP/1.1" 200 2516 "https://cyber-secure.com.au/?fbclid=IwZXh0bgNhZW0CMTEAAR6IcruaoJPJcaIGiiij8E7J0Y_okpRq-43XVlx7QIft6mtbswoza_cLdbaRvw_aem_XpKD0JOviQqGnMWXFJ34Kw" "Mozilla/5.0 (X11; Linux x86_64) AppleWebKit/537.36 (KHTML, like Gecko) Chrome/138.0.0.0 Safari/537.36"
66.220.149.23 - - [12/Jul/2025:14:41:36 +0000] "GET /wp-content/plugins/elementskit-lite/modules/elementskit-icon-pack/assets/css/ekiticons.css?ver=3.5.2 HTTP/1.1" 200 13134 "https://cyber-secure.com.au/?fbclid=IwZXh0bgNhZW0CMTEAAR6IcruaoJPJcaIGiiij8E7J0Y_okpRq-43XVlx7QIft6mtbswoza_cLdbaRvw_aem_XpKD0JOviQqGnMWXFJ34Kw" "Mozilla/5.0 (X11; Linux x86_64) AppleWebKit/537.36 (KHTML, like Gecko) Chrome/138.0.0.0 Safari/537.36"
66.220.149.2 - - [12/Jul/2025:14:41:36 +0000] "GET /wp-content/plugins/elementor/assets/js/frontend-modules.min.js?ver=3.29.2 HTTP/1.1" 200 14815 "https://cyber-secure.com.au/?fbclid=IwZXh0bgNhZW0CMTEAAR6IcruaoJPJcaIGiiij8E7J0Y_okpRq-43XVlx7QIft6mtbswoza_cLdbaRvw_aem_XpKD0JOviQqGnMWXFJ34Kw" "Mozilla/5.0 (X11; Linux x86_64) AppleWebKit/537.36 (KHTML, like Gecko) Chrome/138.0.0.0 Safari/537.36"
66.220.149.2 - - [12/Jul/2025:14:41:36 +0000] "GET /wp-includes/js/jquery/ui/core.min.js?ver=1.13.3 HTTP/1.1" 200 7106 "https://cyber-secure.com.au/?fbclid=IwZXh0bgNhZW0CMTEAAR6IcruaoJPJcaIGiiij8E7J0Y_okpRq-43XVlx7QIft6mtbswoza_cLdbaRvw_aem_XpKD0JOviQqGnMWXFJ34Kw" "Mozilla/5.0 (X11; Linux x86_64) AppleWebKit/537.36 (KHTML, like Gecko) Chrome/138.0.0.0 Safari/537.36"
66.220.149.23 - - [12/Jul/2025:14:41:36 +0000] "GET /wp-content/plugins/elementor/assets/js/frontend.min.js?ver=3.29.2 HTTP/1.1" 200 10595 "https://cyber-secure.com.au/?fbclid=IwZXh0bgNhZW0CMTEAAR6IcruaoJPJcaIGiiij8E7J0Y_okpRq-43XVlx7QIft6mtbswoza_cLdbaRvw_aem_XpKD0JOviQqGnMWXFJ34Kw" "Mozilla/5.0 (X11; Linux x86_64) AppleWebKit/537.36 (KHTML, like Gecko) Chrome/138.0.0.0 Safari/537.36"
66.220.149.116 - - [12/Jul/2025:14:41:36 +0000] "GET /wp-content/plugins/elementor/assets/lib/jquery-numerator/jquery-numerator.min.js?ver=0.2.1 HTTP/1.1" 200 740 "https://cyber-secure.com.au/?fbclid=IwZXh0bgNhZW0CMTEAAR6IcruaoJPJcaIGiiij8E7J0Y_okpRq-43XVlx7QIft6mtbswoza_cLdbaRvw_aem_XpKD0JOviQqGnMWXFJ34Kw" "Mozilla/5.0 (X11; Linux x86_64) AppleWebKit/537.36 (KHTML, like Gecko) Chrome/138.0.0.0 Safari/537.36"
66.220.149.116 - - [12/Jul/2025:14:41:36 +0000] "GET /wp-content/plugins/metform/public/assets/lib/cute-alert/cute-alert.js?ver=3.9.9 HTTP/1.1" 200 1177 "https://cyber-secure.com.au/?fbclid=IwZXh0bgNhZW0CMTEAAR6IcruaoJPJcaIGiiij8E7J0Y_okpRq-43XVlx7QIft6mtbswoza_cLdbaRvw_aem_XpKD0JOviQqGnMWXFJ34Kw" "Mozilla/5.0 (X11; Linux x86_64) AppleWebKit/537.36 (KHTML, like Gecko) Chrome/138.0.0.0 Safari/537.36"
66.220.149.23 - - [12/Jul/2025:14:41:36 +0000] "GET /wp-content/themes/hello-elementor/assets/js/hello-frontend.min.js?ver=3.4.3 HTTP/1.1" 200 598 "https://cyber-secure.com.au/?fbclid=IwZXh0bgNhZW0CMTEAAR6IcruaoJPJcaIGiiij8E7J0Y_okpRq-43XVlx7QIft6mtbswoza_cLdbaRvw_aem_XpKD0JOviQqGnMWXFJ34Kw" "Mozilla/5.0 (X11; Linux x86_64) AppleWebKit/537.36 (KHTML, like Gecko) Chrome/138.0.0.0 Safari/537.36"
66.220.149.2 - - [12/Jul/2025:14:41:36 +0000] "GET /wp-content/plugins/elementskit-lite/libs/framework/assets/js/frontend-script.js?ver=3.5.2 HTTP/1.1" 200 40 "https://cyber-secure.com.au/?fbclid=IwZXh0bgNhZW0CMTEAAR6IcruaoJPJcaIGiiij8E7J0Y_okpRq-43XVlx7QIft6mtbswoza_cLdbaRvw_aem_XpKD0JOviQqGnMWXFJ34Kw" "Mozilla/5.0 (X11; Linux x86_64) AppleWebKit/537.36 (KHTML, like Gecko) Chrome/138.0.0.0 Safari/537.36"
66.220.149.116 - - [12/Jul/2025:14:41:36 +0000] "GET /wp-content/plugins/jeg-elementor-kit/assets/js/elements/client-logo.js?ver=2.6.13 HTTP/1.1" 200 1083 "https://cyber-secure.com.au/?fbclid=IwZXh0bgNhZW0CMTEAAR6IcruaoJPJcaIGiiij8E7J0Y_okpRq-43XVlx7QIft6mtbswoza_cLdbaRvw_aem_XpKD0JOviQqGnMWXFJ34Kw" "Mozilla/5.0 (X11; Linux x86_64) AppleWebKit/537.36 (KHTML, like Gecko) Chrome/138.0.0.0 Safari/537.36"
66.220.149.23 - - [12/Jul/2025:14:41:36 +0000] "GET /wp-content/plugins/jeg-elementor-kit/assets/js/tiny-slider/tiny-slider.js?ver=2.9.3 HTTP/1.1" 200 12762 "https://cyber-secure.com.au/?fbclid=IwZXh0bgNhZW0CMTEAAR6IcruaoJPJcaIGiiij8E7J0Y_okpRq-43XVlx7QIft6mtbswoza_cLdbaRvw_aem_XpKD0JOviQqGnMWXFJ34Kw" "Mozilla/5.0 (X11; Linux x86_64) AppleWebKit/537.36 (KHTML, like Gecko) Chrome/138.0.0.0 Safari/537.36"
66.220.149.2 - - [12/Jul/2025:14:41:36 +0000] "GET /wp-content/plugins/elementskit-lite/widgets/init/assets/js/widget-scripts.js?ver=3.5.2 HTTP/1.1" 200 41596 "https://cyber-secure.com.au/?fbclid=IwZXh0bgNhZW0CMTEAAR6IcruaoJPJcaIGiiij8E7J0Y_okpRq-43XVlx7QIft6mtbswoza_cLdbaRvw_aem_XpKD0JOviQqGnMWXFJ34Kw" "Mozilla/5.0 (X11; Linux x86_64) AppleWebKit/537.36 (KHTML, like Gecko) Chrome/138.0.0.0 Safari/537.36"
66.220.149.2 - - [12/Jul/2025:14:41:36 +0000] "GET /wp-content/plugins/jeg-elementor-kit/assets/js/elements/testimonials.js?ver=2.6.13 HTTP/1.1" 200 1146 "https://cyber-secure.com.au/?fbclid=IwZXh0bgNhZW0CMTEAAR6IcruaoJPJcaIGiiij8E7J0Y_okpRq-43XVlx7QIft6mtbswoza_cLdbaRvw_aem_XpKD0JOviQqGnMWXFJ34Kw" "Mozilla/5.0 (X11; Linux x86_64) AppleWebKit/537.36 (KHTML, like Gecko) Chrome/138.0.0.0 Safari/537.36"
66.220.149.23 - - [12/Jul/2025:14:41:36 +0000] "GET /wp-content/plugins/jeg-elementor-kit/assets/js/elements/post-pagination.js?ver=2.6.13 HTTP/1.1" 200 1983 "https://cyber-secure.com.au/?fbclid=IwZXh0bgNhZW0CMTEAAR6IcruaoJPJcaIGiiij8E7J0Y_okpRq-43XVlx7QIft6mtbswoza_cLdbaRvw_aem_XpKD0JOviQqGnMWXFJ34Kw" "Mozilla/5.0 (X11; Linux x86_64) AppleWebKit/537.36 (KHTML, like Gecko) Chrome/138.0.0.0 Safari/537.36"
