66.249.64.132 - - [12/Jul/2025:18:55:34 +0000] "GET /?e=17002983041000&mod=a01a0380&uri=brands.php%3Fid%3D567608-39%26name%3Dchildrens+directors+chair HTTP/1.1" 301 - "-" "Mozilla/5.0 (Linux; Android 6.0.1; Nexus 5X Build/MMB29P) AppleWebKit/537.36 (KHTML, like Gecko) Chrome/137.0.7151.103 Mobile Safari/537.36 (compatible; GoogleOther)"
66.249.64.128 - - [12/Jul/2025:18:55:40 +0000] "GET /?e=104179845091000&mod=7183145a&uri=goods.php%3Fid%3D3476804-1127%26name%3Drab+microlight+long+mens HTTP/1.1" 200 20507 "-" "Mozilla/5.0 (compatible; Googlebot/2.1; +http://www.google.com/bot.html)"
66.249.64.132 - - [12/Jul/2025:18:55:44 +0000] "GET /?e=17002983041000&mod=a01a0380&uri=brands.php%3Fid%3D567608-39%26name%3Dchildrens%20directors%20chair HTTP/1.1" 200 26107 "-" "Mozilla/5.0 (Linux; Android 6.0.1; Nexus 5X Build/MMB29P) AppleWebKit/537.36 (KHTML, like Gecko) Chrome/137.0.7151.103 Mobile Safari/537.36 (compatible; GoogleOther)"
209.74.77.214 - - [12/Jul/2025:18:56:42 +0000] "POST /wp-cron.php?doing_wp_cron=1752346602.0794870853424072265625 HTTP/1.1" 200 - "-" "WordPress/6.8.1; https://cyber-secure.com.au"
66.249.64.128 - - [12/Jul/2025:18:56:40 +0000] "GET /?e=13496353041000&mod=a35fe7f7&uri=article.php%3Fid%3D450602-500%26name%3Dpeter+rabbit+nursery HTTP/1.1" 301 - "-" "Mozilla/5.0 (Linux; Android 6.0.1; Nexus 5X Build/MMB29P) AppleWebKit/537.36 (KHTML, like Gecko) Chrome/137.0.7151.103 Mobile Safari/537.36 (compatible; GoogleOther)"
209.74.77.214 - - [12/Jul/2025:18:56:42 +0000] "POST /wp-admin/admin-ajax.php?action=async_litespeed&nonce=brM6WJMeID6snt9AMC3rc0TVP2ECu6f6&litespeed_type=imgoptm HTTP/1.1" 200 21 "-" "WordPress/6.8.1; https://cyber-secure.com.au"
66.249.64.128 - - [12/Jul/2025:18:57:06 +0000] "GET /?e=13496353041000&mod=a35fe7f7&uri=article.php%3Fid%3D450602-500%26name%3Dpeter%20rabbit%20nursery HTTP/1.1" 200 26107 "-" "Mozilla/5.0 (Linux; Android 6.0.1; Nexus 5X Build/MMB29P) AppleWebKit/537.36 (KHTML, like Gecko) Chrome/137.0.7151.103 Mobile Safari/537.36 (compatible; GoogleOther)"
66.249.64.129 - - [12/Jul/2025:18:57:26 +0000] "POST /wp-json/metform/v1/forms/views/2288 HTTP/1.1" 200 22325 "https://cyber-secure.com.au/?e=16994167001000&mod=a01a0380&uri=goods.php%3Fid%3D567314-39%26name%3Dava%20executive%20office%20chairs" "Mozilla/5.0 (Linux; Android 6.0.1; Nexus 5X Build/MMB29P) AppleWebKit/537.36 (KHTML, like Gecko) Chrome/137.0.7151.119 Mobile Safari/537.36 (compatible; Googlebot/2.1; +http://www.google.com/bot.html)"
209.74.77.214 - - [12/Jul/2025:18:58:46 +0000] "POST /wp-cron.php?doing_wp_cron=1752346726.4869329929351806640625 HTTP/1.1" 200 - "-" "WordPress/6.8.1; https://cyber-secure.com.au"
66.249.64.129 - - [12/Jul/2025:18:58:38 +0000] "GET /?e=45648675031000&mod=b4d22bb5&uri=shared.php%3Fid%3D1523431-803%26name%3Dofferte+scooter+gennaio+2021 HTTP/1.1" 301 - "-" "Mozilla/5.0 (Linux; Android 6.0.1; Nexus 5X Build/MMB29P) AppleWebKit/537.36 (KHTML, like Gecko) Chrome/137.0.7151.103 Mobile Safari/537.36 (compatible; GoogleOther)"
209.74.77.214 - - [12/Jul/2025:18:58:46 +0000] "POST /wp-admin/admin-ajax.php?action=async_litespeed&nonce=FltQFa2eMZ6RSayaMykbWscesHIu3iyJ&litespeed_type=imgoptm HTTP/1.1" 200 21 "-" "WordPress/6.8.1; https://cyber-secure.com.au"
66.249.64.128 - - [12/Jul/2025:18:59:22 +0000] "POST /wp-json/metform/v1/forms/views/2288 HTTP/1.1" 200 22328 "https://cyber-secure.com.au/?e=52850448021000&mod=e9fb2eda&uri=article.php%3Fid%3D1763667-311%26name%3Dbarbie%20gmw07" "Mozilla/5.0 (Linux; Android 6.0.1; Nexus 5X Build/MMB29P) AppleWebKit/537.36 (KHTML, like Gecko) Chrome/137.0.7151.119 Mobile Safari/537.36 (compatible; Googlebot/2.1; +http://www.google.com/bot.html)"
66.249.64.132 - - [12/Jul/2025:19:00:16 +0000] "POST /wp-json/metform/v1/forms/views/2288 HTTP/1.1" 200 22330 "https://cyber-secure.com.au/?e=104150301001000&mod=a6ce9144&uri=brands.php%3Fid%3D3475819-678%26name%3D12%20pro%20mini%20screen%20size" "Mozilla/5.0 (Linux; Android 6.0.1; Nexus 5X Build/MMB29P) AppleWebKit/537.36 (KHTML, like Gecko) Chrome/137.0.7151.119 Mobile Safari/537.36 (compatible; Googlebot/2.1; +http://www.google.com/bot.html)"
209.74.77.214 - - [12/Jul/2025:19:00:47 +0000] "POST /wp-cron.php?doing_wp_cron=1752346847.2909278869628906250000 HTTP/1.1" 200 - "-" "WordPress/6.8.1; https://cyber-secure.com.au"
209.74.77.214 - - [12/Jul/2025:19:00:47 +0000] "POST /wp-admin/admin-ajax.php?action=async_litespeed&nonce=0YZkLfLifqfx2UmQlV3n9fUS73yXKlzJ&litespeed_type=imgoptm HTTP/1.1" 200 21 "-" "WordPress/6.8.1; https://cyber-secure.com.au"
66.249.64.128 - - [12/Jul/2025:19:00:46 +0000] "GET /?e=45648675031000&mod=b4d22bb5&uri=shared.php%3Fid%3D1523431-803%26name%3Dofferte%20scooter%20gennaio%202021 HTTP/1.1" 200 26112 "-" "Mozilla/5.0 (Linux; Android 6.0.1; Nexus 5X Build/MMB29P) AppleWebKit/537.36 (KHTML, like Gecko) Chrome/137.0.7151.103 Mobile Safari/537.36 (compatible; GoogleOther)"
209.74.77.214 - - [12/Jul/2025:19:01:36 +0000] "POST /wp-cron.php?doing_wp_cron=1752346896.2084159851074218750000 HTTP/1.1" 200 - "-" "WordPress/6.8.1; https://cyber-secure.com.au"
66.249.64.129 - - [12/Jul/2025:19:01:34 +0000] "GET /?e=1245175101000&mod=7a53928f&uri=category-info.php%3Fid%3D41570-80%26name%3Dspark+dron HTTP/1.1" 301 - "-" "Mozilla/5.0 (Linux; Android 6.0.1; Nexus 5X Build/MMB29P) AppleWebKit/537.36 (KHTML, like Gecko) Chrome/137.0.7151.103 Mobile Safari/537.36 (compatible; GoogleOther)"
209.74.77.214 - - [12/Jul/2025:19:01:36 +0000] "POST /wp-admin/admin-ajax.php?action=async_litespeed&nonce=uC3AQSNnzsOQ3xIUMkbfwM2IReE0OkFI&litespeed_type=imgoptm HTTP/1.1" 200 21 "-" "WordPress/6.8.1; https://cyber-secure.com.au"
66.249.64.129 - - [12/Jul/2025:19:01:56 +0000] "GET /?e=104162151041000&mod=a6ce9144&uri=goods.php%3Fid%3D3476214-678%26name%3Dhello+max+iphone+price HTTP/1.1" 200 22171 "-" "Mozilla/5.0 (compatible; Googlebot/2.1; +http://www.google.com/bot.html)"
209.74.77.214 - - [12/Jul/2025:19:02:17 +0000] "POST /wp-cron.php?doing_wp_cron=1752346937.6617009639739990234375 HTTP/1.1" 200 - "-" "WordPress/6.8.1; https://cyber-secure.com.au"
209.74.77.214 - - [12/Jul/2025:19:02:17 +0000] "POST /wp-admin/admin-ajax.php?action=async_litespeed&nonce=ktTAwNXo47XyzdDtvlDPRmq8diF8TDij&litespeed_type=imgoptm HTTP/1.1" 200 21 "-" "WordPress/6.8.1; https://cyber-secure.com.au"
66.249.64.128 - - [12/Jul/2025:19:02:17 +0000] "GET /?e=1245175101000&mod=7a53928f&uri=category-info.php%3Fid%3D41570-80%26name%3Dspark%20dron HTTP/1.1" 200 26106 "-" "Mozilla/5.0 (Linux; Android 6.0.1; Nexus 5X Build/MMB29P) AppleWebKit/537.36 (KHTML, like Gecko) Chrome/137.0.7151.103 Mobile Safari/537.36 (compatible; GoogleOther)"
66.249.64.129 - - [12/Jul/2025:19:03:01 +0000] "GET /?e=34484647021000&mod=c922de9e&uri=article.php%3Fid%3D1150970-313%26name%3Dschultertasche+tchibo HTTP/1.1" 301 - "-" "Mozilla/5.0 (Linux; Android 6.0.1; Nexus 5X Build/MMB29P) AppleWebKit/537.36 (KHTML, like Gecko) Chrome/137.0.7151.103 Mobile Safari/537.36 (compatible; GoogleOther)"
209.74.77.214 - - [12/Jul/2025:19:03:49 +0000] "POST /wp-cron.php?doing_wp_cron=1752347029.1034018993377685546875 HTTP/1.1" 200 - "-" "WordPress/6.8.1; https://cyber-secure.com.au"
66.249.64.129 - - [12/Jul/2025:19:03:47 +0000] "GET /?e=33071099041000&mod=233f1dd0&uri=pin.php%3Fid%3D1103782-596%26name%3Dhindi+barbie+cartoon+movie HTTP/1.1" 301 - "-" "Mozilla/5.0 (Linux; Android 6.0.1; Nexus 5X Build/MMB29P) AppleWebKit/537.36 (KHTML, like Gecko) Chrome/137.0.7151.103 Mobile Safari/537.36 (compatible; GoogleOther)"
209.74.77.214 - - [12/Jul/2025:19:03:49 +0000] "POST /wp-admin/admin-ajax.php?action=async_litespeed&nonce=F6sYQkCnbCasNRQyXoWbJozrbBNtpIEb&litespeed_type=imgoptm HTTP/1.1" 200 21 "-" "WordPress/6.8.1; https://cyber-secure.com.au"
209.74.77.214 - - [12/Jul/2025:19:04:28 +0000] "POST /wp-cron.php?doing_wp_cron=1752347068.3178079128265380859375 HTTP/1.1" 200 - "-" "WordPress/6.8.1; https://cyber-secure.com.au"
209.74.77.214 - - [12/Jul/2025:19:04:28 +0000] "POST /wp-admin/admin-ajax.php?action=async_litespeed&nonce=11u8QCzqo6U2R4E8PzeEhsWdWvMDIX89&litespeed_type=imgoptm HTTP/1.1" 200 21 "-" "WordPress/6.8.1; https://cyber-secure.com.au"
66.249.64.128 - - [12/Jul/2025:19:04:27 +0000] "GET /?e=34484647021000&mod=c922de9e&uri=article.php%3Fid%3D1150970-313%26name%3Dschultertasche%20tchibo HTTP/1.1" 200 26104 "-" "Mozilla/5.0 (Linux; Android 6.0.1; Nexus 5X Build/MMB29P) AppleWebKit/537.36 (KHTML, like Gecko) Chrome/137.0.7151.103 Mobile Safari/537.36 (compatible; GoogleOther)"
66.249.64.132 - - [12/Jul/2025:19:05:02 +0000] "GET /?e=33071099041000&mod=233f1dd0&uri=pin.php%3Fid%3D1103782-596%26name%3Dhindi%20barbie%20cartoon%20movie HTTP/1.1" 200 26106 "-" "Mozilla/5.0 (Linux; Android 6.0.1; Nexus 5X Build/MMB29P) AppleWebKit/537.36 (KHTML, like Gecko) Chrome/137.0.7151.103 Mobile Safari/537.36 (compatible; GoogleOther)"
209.74.77.214 - - [12/Jul/2025:19:05:46 +0000] "POST /wp-cron.php?doing_wp_cron=1752347146.9082438945770263671875 HTTP/1.1" 200 - "-" "WordPress/6.8.1; https://cyber-secure.com.au"
66.249.64.132 - - [12/Jul/2025:19:05:45 +0000] "GET /?e=104045967071000&mod=3b199f42&uri=search.php%3Fid%3D3472289-593%26name%3Dblack+vinyl+split+hem+pants HTTP/1.1" 301 - "-" "Mozilla/5.0 (Linux; Android 6.0.1; Nexus 5X Build/MMB29P) AppleWebKit/537.36 (KHTML, like Gecko) Chrome/137.0.7151.103 Mobile Safari/537.36 (compatible; GoogleOther)"
209.74.77.214 - - [12/Jul/2025:19:05:47 +0000] "POST /wp-admin/admin-ajax.php?action=async_litespeed&nonce=dvyyaVmcLJMOeWqS562m1obF4eQZH5U3&litespeed_type=imgoptm HTTP/1.1" 200 21 "-" "WordPress/6.8.1; https://cyber-secure.com.au"
209.74.77.214 - - [12/Jul/2025:19:06:22 +0000] "POST /wp-cron.php?doing_wp_cron=1752347182.9608819484710693359375 HTTP/1.1" 200 - "-" "WordPress/6.8.1; https://cyber-secure.com.au"
209.74.77.214 - - [12/Jul/2025:19:06:23 +0000] "POST /wp-admin/admin-ajax.php?action=async_litespeed&nonce=ZWPq5jTMfEsqEVaD8pfcCEexrTw0iLMX&litespeed_type=imgoptm HTTP/1.1" 200 21 "-" "WordPress/6.8.1; https://cyber-secure.com.au"
66.249.64.132 - - [12/Jul/2025:19:06:21 +0000] "GET /?e=104045967071000&mod=3b199f42&uri=search.php%3Fid%3D3472289-593%26name%3Dblack%20vinyl%20split%20hem%20pants HTTP/1.1" 200 26108 "-" "Mozilla/5.0 (Linux; Android 6.0.1; Nexus 5X Build/MMB29P) AppleWebKit/537.36 (KHTML, like Gecko) Chrome/137.0.7151.103 Mobile Safari/537.36 (compatible; GoogleOther)"
66.249.64.129 - - [12/Jul/2025:19:07:00 +0000] "GET /?e=104165751061000&mod=a6ce9144&uri=pin.php%3Fid%3D3476334-678%26name%3Diphone+12+mini+digimap HTTP/1.1" 200 21932 "-" "Mozilla/5.0 (compatible; Googlebot/2.1; +http://www.google.com/bot.html)"
66.249.64.129 - - [12/Jul/2025:19:07:04 +0000] "GET /?e=50533995011000&mod=e0be0edc&uri=us.php%3Fid%3D1686410-934%26name%3Damazon+sandales+tamaris HTTP/1.1" 301 - "-" "Mozilla/5.0 (Linux; Android 6.0.1; Nexus 5X Build/MMB29P) AppleWebKit/537.36 (KHTML, like Gecko) Chrome/137.0.7151.103 Mobile Safari/537.36 (compatible; GoogleOther)"
209.74.77.214 - - [12/Jul/2025:19:07:44 +0000] "POST /wp-cron.php?doing_wp_cron=1752347264.5352818965911865234375 HTTP/1.1" 200 - "-" "WordPress/6.8.1; https://cyber-secure.com.au"
209.74.77.214 - - [12/Jul/2025:19:07:44 +0000] "POST /wp-admin/admin-ajax.php?action=async_litespeed&nonce=52Po4YLStAmIKlD9lIfzhIluYnqQ2RNd&litespeed_type=imgoptm HTTP/1.1" 200 21 "-" "WordPress/6.8.1; https://cyber-secure.com.au"
66.249.64.128 - - [12/Jul/2025:19:07:43 +0000] "GET /?e=50533995011000&mod=e0be0edc&uri=us.php%3Fid%3D1686410-934%26name%3Damazon%20sandales%20tamaris HTTP/1.1" 200 26108 "-" "Mozilla/5.0 (Linux; Android 6.0.1; Nexus 5X Build/MMB29P) AppleWebKit/537.36 (KHTML, like Gecko) Chrome/137.0.7151.103 Mobile Safari/537.36 (compatible; GoogleOther)"
209.74.77.214 - - [12/Jul/2025:19:08:19 +0000] "POST /wp-cron.php?doing_wp_cron=1752347299.8540740013122558593750 HTTP/1.1" 200 - "-" "WordPress/6.8.1; https://cyber-secure.com.au"
66.249.64.132 - - [12/Jul/2025:19:08:19 +0000] "GET /?e=50585063031000&mod=45b865d1&uri=brands.php%3Fid%3D1688113-1275%26name%3Dcybex+solutions+m+fix+sl HTTP/1.1" 301 - "-" "Mozilla/5.0 (Linux; Android 6.0.1; Nexus 5X Build/MMB29P) AppleWebKit/537.36 (KHTML, like Gecko) Chrome/137.0.7151.103 Mobile Safari/537.36 (compatible; GoogleOther)"
209.74.77.214 - - [12/Jul/2025:19:08:19 +0000] "POST /wp-admin/admin-ajax.php?action=async_litespeed&nonce=QGjKwOpytbkT0eakgf1FXGPzqFkmODwM&litespeed_type=imgoptm HTTP/1.1" 200 21 "-" "WordPress/6.8.1; https://cyber-secure.com.au"
66.249.64.128 - - [12/Jul/2025:19:08:44 +0000] "GET /?e=50585063031000&mod=45b865d1&uri=brands.php%3Fid%3D1688113-1275%26name%3Dcybex%20solutions%20m%20fix%20sl HTTP/1.1" 200 26106 "-" "Mozilla/5.0 (Linux; Android 6.0.1; Nexus 5X Build/MMB29P) AppleWebKit/537.36 (KHTML, like Gecko) Chrome/137.0.7151.103 Mobile Safari/537.36 (compatible; GoogleOther)"
66.249.64.128 - - [12/Jul/2025:19:09:00 +0000] "GET /?e=33055679141000&mod=233f1dd0&uri=brands.php%3Fid%3D1103268-596%26name%3Ddummy+hair+doll HTTP/1.1" 301 - "-" "Mozilla/5.0 (Linux; Android 6.0.1; Nexus 5X Build/MMB29P) AppleWebKit/537.36 (KHTML, like Gecko) Chrome/137.0.7151.103 Mobile Safari/537.36 (compatible; GoogleOther)"
209.74.77.214 - - [12/Jul/2025:19:09:18 +0000] "POST /wp-cron.php?doing_wp_cron=1752347358.4229381084442138671875 HTTP/1.1" 200 - "-" "WordPress/6.8.1; https://cyber-secure.com.au"
209.74.77.214 - - [12/Jul/2025:19:09:18 +0000] "POST /wp-admin/admin-ajax.php?action=async_litespeed&nonce=GmIZVpxFdZtlARTAWKyrX3AxBPIQSl0d&litespeed_type=imgoptm HTTP/1.1" 200 21 "-" "WordPress/6.8.1; https://cyber-secure.com.au"
66.249.77.1 - - [12/Jul/2025:19:09:18 +0000] "GET /?e=33055679141000&mod=233f1dd0&uri=brands.php%3Fid%3D1103268-596%26name%3Ddummy%20hair%20doll HTTP/1.1" 200 26108 "-" "Mozilla/5.0 (Linux; Android 6.0.1; Nexus 5X Build/MMB29P) AppleWebKit/537.36 (KHTML, like Gecko) Chrome/137.0.7151.103 Mobile Safari/537.36 (compatible; GoogleOther)"
66.249.64.129 - - [12/Jul/2025:19:09:42 +0000] "GET /?e=50584793061000&mod=e6b73239&uri=pin.php%3Fid%3D1688104-1274%26name%3Dunisex+usb+charging+backpack HTTP/1.1" 301 - "-" "Mozilla/5.0 (Linux; Android 6.0.1; Nexus 5X Build/MMB29P) AppleWebKit/537.36 (KHTML, like Gecko) Chrome/137.0.7151.103 Mobile Safari/537.36 (compatible; GoogleOther)"
66.249.64.128 - - [12/Jul/2025:19:09:55 +0000] "GET /?e=1266554021000&mod=b6edc1cd&uri=info.php%3Fid%3D42285-81%26name%3Damaca%20uovo HTTP/1.1" 200 26103 "-" "Mozilla/5.0 (Linux; Android 6.0.1; Nexus 5X Build/MMB29P) AppleWebKit/537.36 (KHTML, like Gecko) Chrome/137.0.7151.103 Mobile Safari/537.36 (compatible; GoogleOther)"
209.74.77.214 - - [12/Jul/2025:19:10:30 +0000] "POST /wp-cron.php?doing_wp_cron=1752347430.8227720260620117187500 HTTP/1.1" 200 - "-" "WordPress/6.8.1; https://cyber-secure.com.au"
209.74.77.214 - - [12/Jul/2025:19:10:30 +0000] "POST /wp-admin/admin-ajax.php?action=async_litespeed&nonce=IbcmMCyzGvNOycfswTXRFWLDDKibY8jh&litespeed_type=imgoptm HTTP/1.1" 200 21 "-" "WordPress/6.8.1; https://cyber-secure.com.au"
66.249.64.129 - - [12/Jul/2025:19:10:29 +0000] "GET /?e=50584793061000&mod=e6b73239&uri=pin.php%3Fid%3D1688104-1274%26name%3Dunisex%20usb%20charging%20backpack HTTP/1.1" 200 26108 "-" "Mozilla/5.0 (Linux; Android 6.0.1; Nexus 5X Build/MMB29P) AppleWebKit/537.36 (KHTML, like Gecko) Chrome/137.0.7151.103 Mobile Safari/537.36 (compatible; GoogleOther)"
66.249.64.128 - - [12/Jul/2025:19:10:58 +0000] "GET /?e=33063779061000&mod=233f1dd0&uri=products.php%3Fid%3D1103538-596%26name%3Dduchess+swan+doll HTTP/1.1" 301 - "-" "Mozilla/5.0 (Linux; Android 6.0.1; Nexus 5X Build/MMB29P) AppleWebKit/537.36 (KHTML, like Gecko) Chrome/137.0.7151.103 Mobile Safari/537.36 (compatible; GoogleOther)"
209.74.77.214 - - [12/Jul/2025:19:11:11 +0000] "POST /wp-cron.php?doing_wp_cron=1752347471.3095779418945312500000 HTTP/1.1" 200 - "-" "WordPress/6.8.1; https://cyber-secure.com.au"
66.249.64.132 - - [12/Jul/2025:19:11:11 +0000] "GET /?e=33063779061000&mod=233f1dd0&uri=products.php%3Fid%3D1103538-596%26name%3Dduchess%20swan%20doll HTTP/1.1" 200 26102 "-" "Mozilla/5.0 (Linux; Android 6.0.1; Nexus 5X Build/MMB29P) AppleWebKit/537.36 (KHTML, like Gecko) Chrome/137.0.7151.103 Mobile Safari/537.36 (compatible; GoogleOther)"
209.74.77.214 - - [12/Jul/2025:19:11:30 +0000] "POST /wp-cron.php?doing_wp_cron=1752347490.5567529201507568359375 HTTP/1.1" 200 - "-" "WordPress/6.8.1; https://cyber-secure.com.au"
66.249.64.129 - - [12/Jul/2025:19:11:30 +0000] "GET /?e=33174831001000&mod=bbe62ff5&uri=pin.php%3Fid%3D1107254-1028%26name%3Ddeep+v+neck+bridesmaid+dress HTTP/1.1" 301 - "-" "Mozilla/5.0 (Linux; Android 6.0.1; Nexus 5X Build/MMB29P) AppleWebKit/537.36 (KHTML, like Gecko) Chrome/137.0.7151.103 Mobile Safari/537.36 (compatible; GoogleOther)"
209.74.77.214 - - [12/Jul/2025:19:11:30 +0000] "POST /wp-admin/admin-ajax.php?action=async_litespeed&nonce=vduYMQTJZgOYTSKr7YNM7guLYM0LYD54&litespeed_type=imgoptm HTTP/1.1" 200 21 "-" "WordPress/6.8.1; https://cyber-secure.com.au"
66.249.64.128 - - [12/Jul/2025:19:11:44 +0000] "GET /?e=33174831001000&mod=bbe62ff5&uri=pin.php%3Fid%3D1107254-1028%26name%3Ddeep%20v%20neck%20bridesmaid%20dress HTTP/1.1" 200 26107 "-" "Mozilla/5.0 (Linux; Android 6.0.1; Nexus 5X Build/MMB29P) AppleWebKit/537.36 (KHTML, like Gecko) Chrome/137.0.7151.103 Mobile Safari/537.36 (compatible; GoogleOther)"
209.74.77.214 - - [12/Jul/2025:19:12:09 +0000] "POST /wp-cron.php?doing_wp_cron=1752347529.8826689720153808593750 HTTP/1.1" 200 - "-" "WordPress/6.8.1; https://cyber-secure.com.au"
66.249.64.128 - - [12/Jul/2025:19:12:09 +0000] "GET /?e=50608253061000&mod=e6b73239&uri=pin.php%3Fid%3D1688886-1274%26name%3Dchampion+advocate+backpack HTTP/1.1" 301 - "-" "Mozilla/5.0 (Linux; Android 6.0.1; Nexus 5X Build/MMB29P) AppleWebKit/537.36 (KHTML, like Gecko) Chrome/137.0.7151.103 Mobile Safari/537.36 (compatible; GoogleOther)"
209.74.77.214 - - [12/Jul/2025:19:12:18 +0000] "POST /wp-cron.php?doing_wp_cron=1752347538.0159790515899658203125 HTTP/1.1" 200 - "-" "WordPress/6.8.1; https://cyber-secure.com.au"
209.74.77.214 - - [12/Jul/2025:19:12:18 +0000] "POST /wp-admin/admin-ajax.php?action=async_litespeed&nonce=aPL7i7bB7cBn0PB46haZQdAmXqcf0rNX&litespeed_type=imgoptm HTTP/1.1" 200 21 "-" "WordPress/6.8.1; https://cyber-secure.com.au"
66.249.64.132 - - [12/Jul/2025:19:12:17 +0000] "GET /?e=50608253061000&mod=e6b73239&uri=pin.php%3Fid%3D1688886-1274%26name%3Dchampion%20advocate%20backpack HTTP/1.1" 200 26105 "-" "Mozilla/5.0 (Linux; Android 6.0.1; Nexus 5X Build/MMB29P) AppleWebKit/537.36 (KHTML, like Gecko) Chrome/137.0.7151.103 Mobile Safari/537.36 (compatible; GoogleOther)"
66.249.64.128 - - [12/Jul/2025:19:12:49 +0000] "GET /?e=33175851001000&mod=bbe62ff5&uri=pin.php%3Fid%3D1107288-1028%26name%3Ddeep+v+neck+flowy+dress HTTP/1.1" 301 - "-" "Mozilla/5.0 (Linux; Android 6.0.1; Nexus 5X Build/MMB29P) AppleWebKit/537.36 (KHTML, like Gecko) Chrome/137.0.7151.103 Mobile Safari/537.36 (compatible; GoogleOther)"
66.249.64.128 - - [12/Jul/2025:19:12:59 +0000] "GET /?e=104185245091000&mod=e0640c93&uri=form.php%3Fid%3D3476984-432%26name%3Dbest+backpacking+waterproof+jacket HTTP/1.1" 200 20836 "-" "Mozilla/5.0 (compatible; Googlebot/2.1; +http://www.google.com/bot.html)"
209.74.77.214 - - [12/Jul/2025:19:13:17 +0000] "POST /wp-cron.php?doing_wp_cron=1752347597.7548139095306396484375 HTTP/1.1" 200 - "-" "WordPress/6.8.1; https://cyber-secure.com.au"
209.74.77.214 - - [12/Jul/2025:19:13:17 +0000] "POST /wp-admin/admin-ajax.php?action=async_litespeed&nonce=k69onnC7pXh5D00yU6Stw20NhHLtXf2r&litespeed_type=imgoptm HTTP/1.1" 200 21 "-" "WordPress/6.8.1; https://cyber-secure.com.au"
66.249.64.128 - - [12/Jul/2025:19:13:17 +0000] "GET /?e=33175851001000&mod=bbe62ff5&uri=pin.php%3Fid%3D1107288-1028%26name%3Ddeep%20v%20neck%20flowy%20dress HTTP/1.1" 200 26104 "-" "Mozilla/5.0 (Linux; Android 6.0.1; Nexus 5X Build/MMB29P) AppleWebKit/537.36 (KHTML, like Gecko) Chrome/137.0.7151.103 Mobile Safari/537.36 (compatible; GoogleOther)"
66.249.64.132 - - [12/Jul/2025:19:13:32 +0000] "GET / HTTP/1.1" 200 21653 "-" "Mozilla/5.0 (Linux; Android 6.0.1; Nexus 5X Build/MMB29P) AppleWebKit/537.36 (KHTML, like Gecko) Chrome/137.0.7151.119 Mobile Safari/537.36 (compatible; Googlebot/2.1; +http://www.google.com/bot.html)"
66.249.64.132 - - [12/Jul/2025:19:14:09 +0000] "GET /?e=104294155031000&mod=748d6b6e&uri=products.php%3Fid%3D3480617-309%26name%3Damd+gpu+5000+series HTTP/1.1" 200 21670 "-" "Mozilla/5.0 (Linux; Android 6.0.1; Nexus 5X Build/MMB29P) AppleWebKit/537.36 (KHTML, like Gecko) Chrome/137.0.7151.103 Mobile Safari/537.36 (compatible; Googlebot/2.1; +http://www.google.com/bot.html)"
209.74.77.214 - - [12/Jul/2025:19:14:25 +0000] "POST /wp-cron.php?doing_wp_cron=1752347665.2367660999298095703125 HTTP/1.1" 200 - "-" "WordPress/6.8.1; https://cyber-secure.com.au"
66.249.64.129 - - [12/Jul/2025:19:14:24 +0000] "GET /?e=33191373131000&mod=281715ca&uri=news.php%3Fid%3D1107806-701%26name%3Dnike+air+max+jaune+fluo HTTP/1.1" 301 - "-" "Mozilla/5.0 (Linux; Android 6.0.1; Nexus 5X Build/MMB29P) AppleWebKit/537.36 (KHTML, like Gecko) Chrome/137.0.7151.103 Mobile Safari/537.36 (compatible; GoogleOther)"
209.74.77.214 - - [12/Jul/2025:19:14:25 +0000] "POST /wp-admin/admin-ajax.php?action=async_litespeed&nonce=M6ct5zdeXL9piLx5qZJpru5NXlDN4LAM&litespeed_type=imgoptm HTTP/1.1" 200 21 "-" "WordPress/6.8.1; https://cyber-secure.com.au"
66.249.64.129 - - [12/Jul/2025:19:14:31 +0000] "POST /get-message-notify HTTP/1.1" 200 21379 "https://cyber-secure.com.au/?e=104185245091000&mod=e0640c93&uri=form.php%3Fid%3D3476984-432%26name%3Dbest+backpacking+waterproof+jacket" "Mozilla/5.0 AppleWebKit/537.36 (KHTML, like Gecko; compatible; Googlebot/2.1; +http://www.google.com/bot.html) Chrome/137.0.7151.119 Safari/537.36"
66.249.64.128 - - [12/Jul/2025:19:14:43 +0000] "GET /?e=33191373131000&mod=281715ca&uri=news.php%3Fid%3D1107806-701%26name%3Dnike%20air%20max%20jaune%20fluo HTTP/1.1" 200 26111 "-" "Mozilla/5.0 (Linux; Android 6.0.1; Nexus 5X Build/MMB29P) AppleWebKit/537.36 (KHTML, like Gecko) Chrome/137.0.7151.103 Mobile Safari/537.36 (compatible; GoogleOther)"
209.74.77.214 - - [12/Jul/2025:19:15:43 +0000] "POST /wp-cron.php?doing_wp_cron=1752347743.0787730216979980468750 HTTP/1.1" 200 - "-" "WordPress/6.8.1; https://cyber-secure.com.au"
66.249.64.132 - - [12/Jul/2025:19:15:41 +0000] "GET /?e=50481545021000&mod=02ae6a78&uri=news.php%3Fid%3D1684661-381%26name%3Dscarpe+nike+promo HTTP/1.1" 301 - "-" "Mozilla/5.0 (Linux; Android 6.0.1; Nexus 5X Build/MMB29P) AppleWebKit/537.36 (KHTML, like Gecko) Chrome/137.0.7151.103 Mobile Safari/537.36 (compatible; GoogleOther)"
209.74.77.214 - - [12/Jul/2025:19:15:43 +0000] "POST /wp-admin/admin-ajax.php?action=async_litespeed&nonce=rZuVcljVLgCBVxm4Ga8EC8lWGA6Igcrv&litespeed_type=imgoptm HTTP/1.1" 200 21 "-" "WordPress/6.8.1; https://cyber-secure.com.au"
209.74.77.214 - - [12/Jul/2025:19:16:07 +0000] "POST /wp-cron.php?doing_wp_cron=1752347767.3859670162200927734375 HTTP/1.1" 200 - "-" "WordPress/6.8.1; https://cyber-secure.com.au"
66.249.64.129 - - [12/Jul/2025:19:16:07 +0000] "GET /?e=50481545021000&mod=02ae6a78&uri=news.php%3Fid%3D1684661-381%26name%3Dscarpe%20nike%20promo HTTP/1.1" 200 26107 "-" "Mozilla/5.0 (Linux; Android 6.0.1; Nexus 5X Build/MMB29P) AppleWebKit/537.36 (KHTML, like Gecko) Chrome/137.0.7151.103 Mobile Safari/537.36 (compatible; GoogleOther)"
66.249.64.132 - - [12/Jul/2025:19:16:35 +0000] "POST /wp-json/metform/v1/forms/views/2288 HTTP/1.1" 200 22330 "https://cyber-secure.com.au/?e=33191373131000&mod=281715ca&uri=news.php%3Fid%3D1107806-701%26name%3Dnike%20air%20max%20jaune%20fluo" "Mozilla/5.0 (Linux; Android 6.0.1; Nexus 5X Build/MMB29P) AppleWebKit/537.36 (KHTML, like Gecko) Chrome/137.0.7151.119 Mobile Safari/537.36 (compatible; Googlebot/2.1; +http://www.google.com/bot.html)"
209.74.77.214 - - [12/Jul/2025:19:16:47 +0000] "POST /wp-cron.php?doing_wp_cron=1752347807.4840691089630126953125 HTTP/1.1" 200 - "-" "WordPress/6.8.1; https://cyber-secure.com.au"
66.249.64.132 - - [12/Jul/2025:19:16:47 +0000] "GET /?e=3306826031000&mod=24917db1&uri=blog.php%3Fid%3D110379-215%26name%3Dpenalty+fever+champions+league HTTP/1.1" 301 - "-" "Mozilla/5.0 (Linux; Android 6.0.1; Nexus 5X Build/MMB29P) AppleWebKit/537.36 (KHTML, like Gecko) Chrome/137.0.7151.103 Mobile Safari/537.36 (compatible; GoogleOther)"
209.74.77.214 - - [12/Jul/2025:19:16:47 +0000] "POST /wp-admin/admin-ajax.php?action=async_litespeed&nonce=I2n2NG8tHJm7k16a73O8Jf4GqhI44QJw&litespeed_type=imgoptm HTTP/1.1" 200 21 "-" "WordPress/6.8.1; https://cyber-secure.com.au"
66.249.64.128 - - [12/Jul/2025:19:16:51 +0000] "GET /?e=104220765001000&mod=e0bdb346&uri=dp.php%3Fid%3D3478168-1625%26name%3Dasics+gel+nimbus+donna+prezzo HTTP/1.1" 200 21889 "-" "Mozilla/5.0 (Linux; Android 6.0.1; Nexus 5X Build/MMB29P) AppleWebKit/537.36 (KHTML, like Gecko) Chrome/137.0.7151.103 Mobile Safari/537.36 (compatible; Googlebot/2.1; +http://www.google.com/bot.html)"
66.249.64.132 - - [12/Jul/2025:19:16:55 +0000] "GET /?e=3306826031000&mod=24917db1&uri=blog.php%3Fid%3D110379-215%26name%3Dpenalty%20fever%20champions%20league HTTP/1.1" 200 26109 "-" "Mozilla/5.0 (Linux; Android 6.0.1; Nexus 5X Build/MMB29P) AppleWebKit/537.36 (KHTML, like Gecko) Chrome/137.0.7151.103 Mobile Safari/537.36 (compatible; GoogleOther)"
209.74.77.214 - - [12/Jul/2025:19:18:12 +0000] "POST /wp-cron.php?doing_wp_cron=1752347892.4147620201110839843750 HTTP/1.1" 200 - "-" "WordPress/6.8.1; https://cyber-secure.com.au"
66.249.64.132 - - [12/Jul/2025:19:18:11 +0000] "GET /?e=107511751051000&mod=32508f53&uri=article.php%3Fid%3D3588019-586%26name%3Dpantalon+de+cuisinier HTTP/1.1" 301 - "-" "Mozilla/5.0 (Linux; Android 6.0.1; Nexus 5X Build/MMB29P) AppleWebKit/537.36 (KHTML, like Gecko) Chrome/137.0.7151.103 Mobile Safari/537.36 (compatible; GoogleOther)"
209.74.77.214 - - [12/Jul/2025:19:18:12 +0000] "POST /wp-admin/admin-ajax.php?action=async_litespeed&nonce=lroBHCG5gb8ARG145SilwwlamhHf4Qqf&litespeed_type=imgoptm HTTP/1.1" 200 21 "-" "WordPress/6.8.1; https://cyber-secure.com.au"
209.74.77.214 - - [12/Jul/2025:19:18:30 +0000] "POST /wp-cron.php?doing_wp_cron=1752347910.7809031009674072265625 HTTP/1.1" 200 - "-" "WordPress/6.8.1; https://cyber-secure.com.au"
209.74.77.214 - - [12/Jul/2025:19:18:30 +0000] "POST /wp-admin/admin-ajax.php?action=async_litespeed&nonce=SV2DMLqNhuufyx5FRtUjrHCPYs89gLLn&litespeed_type=imgoptm HTTP/1.1" 200 21 "-" "WordPress/6.8.1; https://cyber-secure.com.au"
66.249.64.128 - - [12/Jul/2025:19:18:30 +0000] "GET /?e=107511751051000&mod=32508f53&uri=article.php%3Fid%3D3588019-586%26name%3Dpantalon%20de%20cuisinier HTTP/1.1" 200 26107 "-" "Mozilla/5.0 (Linux; Android 6.0.1; Nexus 5X Build/MMB29P) AppleWebKit/537.36 (KHTML, like Gecko) Chrome/137.0.7151.103 Mobile Safari/537.36 (compatible; GoogleOther)"
66.249.64.128 - - [12/Jul/2025:19:18:43 +0000] "GET /?e=33132441071000&mod=b06b5541&uri=category-info.php%3Fid%3D1105841-248%26name%3Dvictoria+secret+seduction+perfume HTTP/1.1" 301 - "-" "Mozilla/5.0 (Linux; Android 6.0.1; Nexus 5X Build/MMB29P) AppleWebKit/537.36 (KHTML, like Gecko) Chrome/137.0.7151.103 Mobile Safari/537.36 (compatible; GoogleOther)"
66.249.64.129 - - [12/Jul/2025:19:19:03 +0000] "GET /?e=104181045041000&mod=7183145a&uri=info.php%3Fid%3D3476844-1127%26name%3Dmacys+white+jean+jacket HTTP/1.1" 200 21141 "-" "Mozilla/5.0 (compatible; Googlebot/2.1; +http://www.google.com/bot.html)"
209.74.77.214 - - [12/Jul/2025:19:19:08 +0000] "POST /wp-cron.php?doing_wp_cron=1752347948.2361009120941162109375 HTTP/1.1" 200 - "-" "WordPress/6.8.1; https://cyber-secure.com.au"
66.249.64.132 - - [12/Jul/2025:19:19:08 +0000] "GET /?e=33132441071000&mod=b06b5541&uri=category-info.php%3Fid%3D1105841-248%26name%3Dvictoria%20secret%20seduction%20perfume HTTP/1.1" 200 26107 "-" "Mozilla/5.0 (Linux; Android 6.0.1; Nexus 5X Build/MMB29P) AppleWebKit/537.36 (KHTML, like Gecko) Chrome/137.0.7151.103 Mobile Safari/537.36 (compatible; GoogleOther)"
209.74.77.214 - - [12/Jul/2025:19:19:27 +0000] "POST /wp-cron.php?doing_wp_cron=1752347967.3101820945739746093750 HTTP/1.1" 200 - "-" "WordPress/6.8.1; https://cyber-secure.com.au"
209.74.77.214 - - [12/Jul/2025:19:19:27 +0000] "POST /wp-admin/admin-ajax.php?action=async_litespeed&nonce=i3tAhNko6O3cU5e3a1Y1du1RGr40cGUG&litespeed_type=imgoptm HTTP/1.1" 200 21 "-" "WordPress/6.8.1; https://cyber-secure.com.au"
66.249.64.132 - - [12/Jul/2025:19:19:27 +0000] "GET /?e=119583049111000&mod=77ee3bc5&uri=search.php%3Fid%3D3990853-315%26name%3Dcarbonuhr HTTP/1.1" 200 26105 "-" "Mozilla/5.0 (Linux; Android 6.0.1; Nexus 5X Build/MMB29P) AppleWebKit/537.36 (KHTML, like Gecko) Chrome/137.0.7151.103 Mobile Safari/537.36 (compatible; GoogleOther)"
209.74.77.214 - - [12/Jul/2025:19:20:39 +0000] "POST /wp-cron.php?doing_wp_cron=1752348039.5014491081237792968750 HTTP/1.1" 200 - "-" "WordPress/6.8.1; https://cyber-secure.com.au"
66.249.64.129 - - [12/Jul/2025:19:20:38 +0000] "GET /?e=34454703071000&mod=a12f6949&uri=us.php%3Fid%3D1149969-1078%26name%3Dhuawei+band+pro+detalles HTTP/1.1" 301 - "-" "Mozilla/5.0 (Linux; Android 6.0.1; Nexus 5X Build/MMB29P) AppleWebKit/537.36 (KHTML, like Gecko) Chrome/137.0.7151.103 Mobile Safari/537.36 (compatible; GoogleOther)"
209.74.77.214 - - [12/Jul/2025:19:20:39 +0000] "POST /wp-admin/admin-ajax.php?action=async_litespeed&nonce=Lwhyl4ccPsLUCYAK8nbrQKQIycmhYAGF&litespeed_type=imgoptm HTTP/1.1" 200 21 "-" "WordPress/6.8.1; https://cyber-secure.com.au"
66.249.64.132 - - [12/Jul/2025:19:20:55 +0000] "GET /?e=34454703071000&mod=a12f6949&uri=us.php%3Fid%3D1149969-1078%26name%3Dhuawei%20band%20pro%20detalles HTTP/1.1" 200 26109 "-" "Mozilla/5.0 (Linux; Android 6.0.1; Nexus 5X Build/MMB29P) AppleWebKit/537.36 (KHTML, like Gecko) Chrome/137.0.7151.103 Mobile Safari/537.36 (compatible; GoogleOther)"
209.74.77.214 - - [12/Jul/2025:19:21:51 +0000] "POST /wp-cron.php?doing_wp_cron=1752348111.0348620414733886718750 HTTP/1.1" 200 - "-" "WordPress/6.8.1; https://cyber-secure.com.au"
66.249.64.132 - - [12/Jul/2025:19:21:49 +0000] "GET /?e=5914001031000&mod=643de7cf&uri=products.php%3Fid%3D197492-342%26name%3Dchair+breastfeeding HTTP/1.1" 301 - "-" "Mozilla/5.0 (Linux; Android 6.0.1; Nexus 5X Build/MMB29P) AppleWebKit/537.36 (KHTML, like Gecko) Chrome/137.0.7151.103 Mobile Safari/537.36 (compatible; GoogleOther)"
209.74.77.214 - - [12/Jul/2025:19:21:51 +0000] "POST /wp-admin/admin-ajax.php?action=async_litespeed&nonce=Sghg7hmlLDxRarJifoQ7pM4tzo9hEu0Y&litespeed_type=imgoptm HTTP/1.1" 200 21 "-" "WordPress/6.8.1; https://cyber-secure.com.au"
209.74.77.214 - - [12/Jul/2025:19:22:09 +0000] "POST /wp-cron.php?doing_wp_cron=1752348129.2652630805969238281250 HTTP/1.1" 200 - "-" "WordPress/6.8.1; https://cyber-secure.com.au"
66.249.64.128 - - [12/Jul/2025:19:22:09 +0000] "GET /?e=5914001031000&mod=643de7cf&uri=products.php%3Fid%3D197492-342%26name%3Dchair%20breastfeeding HTTP/1.1" 200 26107 "-" "Mozilla/5.0 (Linux; Android 6.0.1; Nexus 5X Build/MMB29P) AppleWebKit/537.36 (KHTML, like Gecko) Chrome/137.0.7151.103 Mobile Safari/537.36 (compatible; GoogleOther)"
66.249.64.129 - - [12/Jul/2025:19:22:54 +0000] "GET /?e=104289175031000&mod=b15974e8&uri=pin.php%3Fid%3D3480451-1638%26name%3Dleleyaja+dresses+reviews HTTP/1.1" 200 21455 "-" "Mozilla/5.0 (Linux; Android 6.0.1; Nexus 5X Build/MMB29P) AppleWebKit/537.36 (KHTML, like Gecko) Chrome/137.0.7151.103 Mobile Safari/537.36 (compatible; Googlebot/2.1; +http://www.google.com/bot.html)"
209.74.77.214 - - [12/Jul/2025:19:23:16 +0000] "POST /wp-cron.php?doing_wp_cron=1752348196.4929130077362060546875 HTTP/1.1" 200 - "-" "WordPress/6.8.1; https://cyber-secure.com.au"
66.249.64.129 - - [12/Jul/2025:19:23:15 +0000] "GET /?e=114576058021000&mod=a9b7ba70&uri=blog.php%3Fid%3D3823826-100%26name%3Ds99a+smartwatch HTTP/1.1" 301 - "-" "Mozilla/5.0 (Linux; Android 6.0.1; Nexus 5X Build/MMB29P) AppleWebKit/537.36 (KHTML, like Gecko) Chrome/137.0.7151.103 Mobile Safari/537.36 (compatible; GoogleOther)"
209.74.77.214 - - [12/Jul/2025:19:23:16 +0000] "POST /wp-admin/admin-ajax.php?action=async_litespeed&nonce=1otLwurCPxBbTmrVPPHdWHBfgwLDg57H&litespeed_type=imgoptm HTTP/1.1" 200 21 "-" "WordPress/6.8.1; https://cyber-secure.com.au"
66.249.64.128 - - [12/Jul/2025:19:23:29 +0000] "GET /?e=114576058021000&mod=a9b7ba70&uri=blog.php%3Fid%3D3823826-100%26name%3Ds99a%20smartwatch HTTP/1.1" 200 26110 "-" "Mozilla/5.0 (Linux; Android 6.0.1; Nexus 5X Build/MMB29P) AppleWebKit/537.36 (KHTML, like Gecko) Chrome/137.0.7151.103 Mobile Safari/537.36 (compatible; GoogleOther)"
209.74.77.214 - - [12/Jul/2025:19:24:29 +0000] "POST /wp-cron.php?doing_wp_cron=1752348269.7406349182128906250000 HTTP/1.1" 200 - "-" "WordPress/6.8.1; https://cyber-secure.com.au"
66.249.64.128 - - [12/Jul/2025:19:24:28 +0000] "GET /?e=70808222011000&mod=c7a19fe3&uri=dp.php%3Fid%3D2362933-1179%26name%3Ddiadora+vintage+bianche HTTP/1.1" 301 - "-" "Mozilla/5.0 (Linux; Android 6.0.1; Nexus 5X Build/MMB29P) AppleWebKit/537.36 (KHTML, like Gecko) Chrome/137.0.7151.103 Mobile Safari/537.36 (compatible; GoogleOther)"
209.74.77.214 - - [12/Jul/2025:19:24:29 +0000] "POST /wp-admin/admin-ajax.php?action=async_litespeed&nonce=nxihczOHFZ9HTxDYg8K1EkwyNaKg2Wsx&litespeed_type=imgoptm HTTP/1.1" 200 21 "-" "WordPress/6.8.1; https://cyber-secure.com.au"
66.249.64.129 - - [12/Jul/2025:19:24:38 +0000] "GET /wp-content/plugins/elementor/assets/css/widget-image.min.css?ver=3.29.2 HTTP/1.1" 200 165 "https://cyber-secure.com.au/?e=3306826031000&mod=24917db1&uri=blog.php%3Fid%3D110379-215%26name%3Dpenalty%20fever%20champions%20league" "Mozilla/5.0 (Linux; Android 6.0.1; Nexus 5X Build/MMB29P) AppleWebKit/537.36 (KHTML, like Gecko) Chrome/137.0.7151.119 Mobile Safari/537.36 (compatible; Googlebot/2.1; +http://www.google.com/bot.html)"
66.249.64.129 - - [12/Jul/2025:19:24:48 +0000] "GET /?e=70808222011000&mod=c7a19fe3&uri=dp.php%3Fid%3D2362933-1179%26name%3Ddiadora%20vintage%20bianche HTTP/1.1" 200 26105 "-" "Mozilla/5.0 (Linux; Android 6.0.1; Nexus 5X Build/MMB29P) AppleWebKit/537.36 (KHTML, like Gecko) Chrome/137.0.7151.103 Mobile Safari/537.36 (compatible; GoogleOther)"
66.249.64.129 - - [12/Jul/2025:19:25:05 +0000] "GET /?e=104164851041000&mod=a6ce9144&uri=search.php%3Fid%3D3476304-678%26name%3Dbose+sounddock+series+iii+digital+music+system+with+lightning+connector HTTP/1.1" 200 21812 "-" "Mozilla/5.0 (compatible; Googlebot/2.1; +http://www.google.com/bot.html)"
209.74.77.214 - - [12/Jul/2025:19:25:37 +0000] "POST /wp-cron.php?doing_wp_cron=1752348337.9067020416259765625000 HTTP/1.1" 200 - "-" "WordPress/6.8.1; https://cyber-secure.com.au"
66.249.64.128 - - [12/Jul/2025:19:25:36 +0000] "GET /?e=34350680021000&mod=1819932f&uri=blog.php%3Fid%3D1146496-216%26name%3Dprana+novelle+top HTTP/1.1" 301 - "-" "Mozilla/5.0 (Linux; Android 6.0.1; Nexus 5X Build/MMB29P) AppleWebKit/537.36 (KHTML, like Gecko) Chrome/137.0.7151.103 Mobile Safari/537.36 (compatible; GoogleOther)"
209.74.77.214 - - [12/Jul/2025:19:25:37 +0000] "POST /wp-admin/admin-ajax.php?action=async_litespeed&nonce=pwtD025a0Vs7QOKtiJerVWPFTtb2ZtLL&litespeed_type=imgoptm HTTP/1.1" 200 21 "-" "WordPress/6.8.1; https://cyber-secure.com.au"
66.249.64.129 - - [12/Jul/2025:19:25:48 +0000] "GET /?e=34350680021000&mod=1819932f&uri=blog.php%3Fid%3D1146496-216%26name%3Dprana%20novelle%20top HTTP/1.1" 200 26106 "-" "Mozilla/5.0 (Linux; Android 6.0.1; Nexus 5X Build/MMB29P) AppleWebKit/537.36 (KHTML, like Gecko) Chrome/137.0.7151.103 Mobile Safari/537.36 (compatible; GoogleOther)"
209.74.77.214 - - [12/Jul/2025:19:26:51 +0000] "POST /wp-cron.php?doing_wp_cron=1752348411.1286470890045166015625 HTTP/1.1" 200 - "-" "WordPress/6.8.1; https://cyber-secure.com.au"
66.249.64.132 - - [12/Jul/2025:19:26:49 +0000] "GET /?e=39559247021000&mod=45cef8e5&uri=category-info.php%3Fid%3D1320284-365%26name%3Dnew+balance+373+burgundy+blue HTTP/1.1" 301 - "-" "Mozilla/5.0 (Linux; Android 6.0.1; Nexus 5X Build/MMB29P) AppleWebKit/537.36 (KHTML, like Gecko) Chrome/137.0.7151.103 Mobile Safari/537.36 (compatible; GoogleOther)"
209.74.77.214 - - [12/Jul/2025:19:26:51 +0000] "POST /wp-admin/admin-ajax.php?action=async_litespeed&nonce=0SbRbgHztJXbn32KndTe2rj61LqkShiM&litespeed_type=imgoptm HTTP/1.1" 200 21 "-" "WordPress/6.8.1; https://cyber-secure.com.au"
209.74.77.214 - - [12/Jul/2025:19:27:08 +0000] "POST /wp-cron.php?doing_wp_cron=1752348428.5487499237060546875000 HTTP/1.1" 200 - "-" "WordPress/6.8.1; https://cyber-secure.com.au"
66.249.64.132 - - [12/Jul/2025:19:27:08 +0000] "GET /?e=39559247021000&mod=45cef8e5&uri=category-info.php%3Fid%3D1320284-365%26name%3Dnew%20balance%20373%20burgundy%20blue HTTP/1.1" 200 26111 "-" "Mozilla/5.0 (Linux; Android 6.0.1; Nexus 5X Build/MMB29P) AppleWebKit/537.36 (KHTML, like Gecko) Chrome/137.0.7151.103 Mobile Safari/537.36 (compatible; GoogleOther)"
66.249.64.128 - - [12/Jul/2025:19:27:56 +0000] "GET /?e=104287285021000&mod=b15974e8&uri=news.php%3Fid%3D3480388-1638%26name%3Dpink+snakeskin+romper HTTP/1.1" 200 21416 "-" "Mozilla/5.0 (Linux; Android 6.0.1; Nexus 5X Build/MMB29P) AppleWebKit/537.36 (KHTML, like Gecko) Chrome/137.0.7151.103 Mobile Safari/537.36 (compatible; Googlebot/2.1; +http://www.google.com/bot.html)"
209.74.77.214 - - [12/Jul/2025:19:28:06 +0000] "POST /wp-cron.php?doing_wp_cron=1752348486.8583610057830810546875 HTTP/1.1" 200 - "-" "WordPress/6.8.1; https://cyber-secure.com.au"
66.249.64.129 - - [12/Jul/2025:19:28:06 +0000] "GET /?e=19616628091000&mod=5812f924&uri=form.php%3Fid%3D654831-322%26name%3Dused+miele+dishwasher HTTP/1.1" 301 - "-" "Mozilla/5.0 (Linux; Android 6.0.1; Nexus 5X Build/MMB29P) AppleWebKit/537.36 (KHTML, like Gecko) Chrome/137.0.7151.103 Mobile Safari/537.36 (compatible; GoogleOther)"
209.74.77.214 - - [12/Jul/2025:19:28:06 +0000] "POST /wp-admin/admin-ajax.php?action=async_litespeed&nonce=nk0zN0so8euOEmXkLWBd33DbcGJBo6bP&litespeed_type=imgoptm HTTP/1.1" 200 21 "-" "WordPress/6.8.1; https://cyber-secure.com.au"
209.74.77.214 - - [12/Jul/2025:19:28:18 +0000] "POST /wp-cron.php?doing_wp_cron=1752348498.5252249240875244140625 HTTP/1.1" 200 - "-" "WordPress/6.8.1; https://cyber-secure.com.au"
209.74.77.214 - - [12/Jul/2025:19:28:18 +0000] "POST /wp-admin/admin-ajax.php?action=async_litespeed&nonce=MFnGX4g9PAkSZMfURd5Q1rX31mX7Adqo&litespeed_type=imgoptm HTTP/1.1" 200 21 "-" "WordPress/6.8.1; https://cyber-secure.com.au"
66.249.64.129 - - [12/Jul/2025:19:28:18 +0000] "GET /?e=19616628091000&mod=5812f924&uri=form.php%3Fid%3D654831-322%26name%3Dused%20miele%20dishwasher HTTP/1.1" 200 26106 "-" "Mozilla/5.0 (Linux; Android 6.0.1; Nexus 5X Build/MMB29P) AppleWebKit/537.36 (KHTML, like Gecko) Chrome/137.0.7151.103 Mobile Safari/537.36 (compatible; GoogleOther)"
66.249.64.128 - - [12/Jul/2025:19:28:53 +0000] "GET /?e=33099071011000&mod=bc6fe826&uri=blog.php%3Fid%3D1104728-843%26name%3Dmanolo+blahnik+zapatos+carrie HTTP/1.1" 301 - "-" "Mozilla/5.0 (Linux; Android 6.0.1; Nexus 5X Build/MMB29P) AppleWebKit/537.36 (KHTML, like Gecko) Chrome/137.0.7151.103 Mobile Safari/537.36 (compatible; GoogleOther)"
209.74.77.214 - - [12/Jul/2025:19:29:14 +0000] "POST /wp-cron.php?doing_wp_cron=1752348554.5021739006042480468750 HTTP/1.1" 200 - "-" "WordPress/6.8.1; https://cyber-secure.com.au"
209.74.77.214 - - [12/Jul/2025:19:29:14 +0000] "POST /wp-admin/admin-ajax.php?action=async_litespeed&nonce=IsE8NxMLoMg1O2VnNgh8TaE1oLBRanGO&litespeed_type=imgoptm HTTP/1.1" 200 21 "-" "WordPress/6.8.1; https://cyber-secure.com.au"
66.249.64.129 - - [12/Jul/2025:19:29:14 +0000] "GET /?e=33099071011000&mod=bc6fe826&uri=blog.php%3Fid%3D1104728-843%26name%3Dmanolo%20blahnik%20zapatos%20carrie HTTP/1.1" 200 26109 "-" "Mozilla/5.0 (Linux; Android 6.0.1; Nexus 5X Build/MMB29P) AppleWebKit/537.36 (KHTML, like Gecko) Chrome/137.0.7151.103 Mobile Safari/537.36 (compatible; GoogleOther)"
66.249.64.128 - - [12/Jul/2025:19:30:05 +0000] "GET /?e=104166651041000&mod=a6ce9144&uri=article.php%3Fid%3D3476364-678%26name%3Dthe+iphone+12+price HTTP/1.1" 200 21946 "-" "Mozilla/5.0 (compatible; Googlebot/2.1; +http://www.google.com/bot.html)"
209.74.77.214 - - [12/Jul/2025:19:30:40 +0000] "POST /wp-cron.php?doing_wp_cron=1752348640.3034551143646240234375 HTTP/1.1" 200 - "-" "WordPress/6.8.1; https://cyber-secure.com.au"
66.249.64.128 - - [12/Jul/2025:19:30:39 +0000] "GET /?e=22826401011000&mod=233f1dd0&uri=product.php%3Fid%3D761910-596%26name%3Dbarbie+tea+time HTTP/1.1" 301 - "-" "Mozilla/5.0 (Linux; Android 6.0.1; Nexus 5X Build/MMB29P) AppleWebKit/537.36 (KHTML, like Gecko) Chrome/137.0.7151.103 Mobile Safari/537.36 (compatible; GoogleOther)"
209.74.77.214 - - [12/Jul/2025:19:30:40 +0000] "POST /wp-admin/admin-ajax.php?action=async_litespeed&nonce=ITiAoBB5Tn1s3AaoDkqSTPF43gYeiRbW&litespeed_type=imgoptm HTTP/1.1" 200 21 "-" "WordPress/6.8.1; https://cyber-secure.com.au"
66.249.64.128 - - [12/Jul/2025:19:30:59 +0000] "GET /?e=22826401011000&mod=233f1dd0&uri=product.php%3Fid%3D761910-596%26name%3Dbarbie%20tea%20time HTTP/1.1" 200 26107 "-" "Mozilla/5.0 (Linux; Android 6.0.1; Nexus 5X Build/MMB29P) AppleWebKit/537.36 (KHTML, like Gecko) Chrome/137.0.7151.103 Mobile Safari/537.36 (compatible; GoogleOther)"
209.74.77.214 - - [12/Jul/2025:19:32:35 +0000] "POST /wp-cron.php?doing_wp_cron=1752348755.3268079757690429687500 HTTP/1.1" 200 - "-" "WordPress/6.8.1; https://cyber-secure.com.au"
66.249.64.132 - - [12/Jul/2025:19:32:34 +0000] "GET /?e=15197316021000&mod=75a7e9d8&uri=product.php%3Fid%3D507368-627%26name%3Djohn+starks+dunk+poster HTTP/1.1" 301 - "-" "Mozilla/5.0 (Linux; Android 6.0.1; Nexus 5X Build/MMB29P) AppleWebKit/537.36 (KHTML, like Gecko) Chrome/137.0.7151.103 Mobile Safari/537.36 (compatible; GoogleOther)"
209.74.77.214 - - [12/Jul/2025:19:32:35 +0000] "POST /wp-admin/admin-ajax.php?action=async_litespeed&nonce=3569pcYZFgnGJD74pCcPVPWFsyvz4wNu&litespeed_type=imgoptm HTTP/1.1" 200 21 "-" "WordPress/6.8.1; https://cyber-secure.com.au"
66.249.64.128 - - [12/Jul/2025:19:32:49 +0000] "GET /?e=15197316021000&mod=75a7e9d8&uri=product.php%3Fid%3D507368-627%26name%3Djohn%20starks%20dunk%20poster HTTP/1.1" 200 26113 "-" "Mozilla/5.0 (Linux; Android 6.0.1; Nexus 5X Build/MMB29P) AppleWebKit/537.36 (KHTML, like Gecko) Chrome/137.0.7151.103 Mobile Safari/537.36 (compatible; GoogleOther)"
66.249.64.132 - - [12/Jul/2025:19:33:01 +0000] "GET /?e=104185905001000&mod=7183145a&uri=shared.php%3Fid%3D3477006-1127%26name%3Dsuperdry+mens+field+jacket HTTP/1.1" 200 19981 "-" "Mozilla/5.0 (Linux; Android 6.0.1; Nexus 5X Build/MMB29P) AppleWebKit/537.36 (KHTML, like Gecko) Chrome/137.0.7151.103 Mobile Safari/537.36 (compatible; Googlebot/2.1; +http://www.google.com/bot.html)"
66.249.64.132 - - [12/Jul/2025:19:33:10 +0000] "POST /get-message-notify HTTP/1.1" 200 21375 "https://cyber-secure.com.au/?e=104185905001000&mod=7183145a&uri=shared.php%3Fid%3D3477006-1127%26name%3Dsuperdry+mens+field+jacket" "Mozilla/5.0 (Linux; Android 6.0.1; Nexus 5X Build/MMB29P) AppleWebKit/537.36 (KHTML, like Gecko) Chrome/137.0.7151.119 Mobile Safari/537.36 (compatible; Googlebot/2.1; +http://www.google.com/bot.html)"
209.74.77.214 - - [12/Jul/2025:19:33:34 +0000] "POST /wp-cron.php?doing_wp_cron=1752348814.1896688938140869140625 HTTP/1.1" 200 - "-" "WordPress/6.8.1; https://cyber-secure.com.au"
66.249.64.132 - - [12/Jul/2025:19:33:34 +0000] "GET /?e=50585603121000&mod=45b865d1&uri=shop.php%3Fid%3D1688131-1275%26name%3Dvalco+baby+adapter+maxi+cosi HTTP/1.1" 301 - "-" "Mozilla/5.0 (Linux; Android 6.0.1; Nexus 5X Build/MMB29P) AppleWebKit/537.36 (KHTML, like Gecko) Chrome/137.0.7151.103 Mobile Safari/537.36 (compatible; GoogleOther)"
209.74.77.214 - - [12/Jul/2025:19:33:34 +0000] "POST /wp-admin/admin-ajax.php?action=async_litespeed&nonce=e9ehuIvPdrq1typXl7hizae3KBCVTgdd&litespeed_type=imgoptm HTTP/1.1" 200 21 "-" "WordPress/6.8.1; https://cyber-secure.com.au"
66.249.64.128 - - [12/Jul/2025:19:33:48 +0000] "GET /?e=50585603121000&mod=45b865d1&uri=shop.php%3Fid%3D1688131-1275%26name%3Dvalco%20baby%20adapter%20maxi%20cosi HTTP/1.1" 200 26105 "-" "Mozilla/5.0 (Linux; Android 6.0.1; Nexus 5X Build/MMB29P) AppleWebKit/537.36 (KHTML, like Gecko) Chrome/137.0.7151.103 Mobile Safari/537.36 (compatible; GoogleOther)"
209.74.77.214 - - [12/Jul/2025:19:34:32 +0000] "POST /wp-cron.php?doing_wp_cron=1752348872.3162560462951660156250 HTTP/1.1" 200 - "-" "WordPress/6.8.1; https://cyber-secure.com.au"
66.249.64.129 - - [12/Jul/2025:19:34:30 +0000] "GET /?e=119855546021000&mod=62da5a6d&uri=news.php%3Fid%3D3999942-648%26name%3Dlouis+vuitton+tracolla+uomo HTTP/1.1" 301 - "-" "Mozilla/5.0 (Linux; Android 6.0.1; Nexus 5X Build/MMB29P) AppleWebKit/537.36 (KHTML, like Gecko) Chrome/137.0.7151.103 Mobile Safari/537.36 (compatible; GoogleOther)"
209.74.77.214 - - [12/Jul/2025:19:34:32 +0000] "POST /wp-admin/admin-ajax.php?action=async_litespeed&nonce=VdBAkYrdLXOFRZmvzrafDmnMCqC9lmNM&litespeed_type=imgoptm HTTP/1.1" 200 21 "-" "WordPress/6.8.1; https://cyber-secure.com.au"
66.249.64.128 - - [12/Jul/2025:19:34:46 +0000] "GET /?e=119855546021000&mod=62da5a6d&uri=news.php%3Fid%3D3999942-648%26name%3Dlouis%20vuitton%20tracolla%20uomo HTTP/1.1" 200 26105 "-" "Mozilla/5.0 (Linux; Android 6.0.1; Nexus 5X Build/MMB29P) AppleWebKit/537.36 (KHTML, like Gecko) Chrome/137.0.7151.103 Mobile Safari/537.36 (compatible; GoogleOther)"
66.249.64.129 - - [12/Jul/2025:19:34:59 +0000] "GET /?e=108001011041000&mod=a01a0380&uri=news.php%3Fid%3D3604350-39%26name%3Dwickes+garden+table+and+chairs HTTP/1.1" 301 - "-" "Mozilla/5.0 (Linux; Android 6.0.1; Nexus 5X Build/MMB29P) AppleWebKit/537.36 (KHTML, like Gecko) Chrome/137.0.7151.103 Mobile Safari/537.36 (compatible; GoogleOther)"
209.74.77.214 - - [12/Jul/2025:19:35:10 +0000] "POST /wp-cron.php?doing_wp_cron=1752348910.3283751010894775390625 HTTP/1.1" 200 - "-" "WordPress/6.8.1; https://cyber-secure.com.au"
66.249.64.128 - - [12/Jul/2025:19:35:10 +0000] "GET /?e=108001011041000&mod=a01a0380&uri=news.php%3Fid%3D3604350-39%26name%3Dwickes%20garden%20table%20and%20chairs HTTP/1.1" 200 26105 "-" "Mozilla/5.0 (Linux; Android 6.0.1; Nexus 5X Build/MMB29P) AppleWebKit/537.36 (KHTML, like Gecko) Chrome/137.0.7151.103 Mobile Safari/537.36 (compatible; GoogleOther)"
209.74.77.214 - - [12/Jul/2025:19:35:29 +0000] "POST /wp-cron.php?doing_wp_cron=1752348929.4512469768524169921875 HTTP/1.1" 200 - "-" "WordPress/6.8.1; https://cyber-secure.com.au"
66.249.64.132 - - [12/Jul/2025:19:35:29 +0000] "GET /?e=5797568001000&mod=900c563b&uri=pin.php%3Fid%3D193606-337%26name%3Dropa+de+shein+para+mujer+2021 HTTP/1.1" 301 - "-" "Mozilla/5.0 (Linux; Android 6.0.1; Nexus 5X Build/MMB29P) AppleWebKit/537.36 (KHTML, like Gecko) Chrome/137.0.7151.103 Mobile Safari/537.36 (compatible; GoogleOther)"
209.74.77.214 - - [12/Jul/2025:19:35:29 +0000] "POST /wp-admin/admin-ajax.php?action=async_litespeed&nonce=L1RZRmVODBEMt2T9lIg09boDDlUh5POy&litespeed_type=imgoptm HTTP/1.1" 200 21 "-" "WordPress/6.8.1; https://cyber-secure.com.au"
66.249.64.128 - - [12/Jul/2025:19:35:38 +0000] "GET /?e=5797568001000&mod=900c563b&uri=pin.php%3Fid%3D193606-337%26name%3Dropa%20de%20shein%20para%20mujer%202021 HTTP/1.1" 200 26111 "-" "Mozilla/5.0 (Linux; Android 6.0.1; Nexus 5X Build/MMB29P) AppleWebKit/537.36 (KHTML, like Gecko) Chrome/137.0.7151.103 Mobile Safari/537.36 (compatible; GoogleOther)"
66.249.64.132 - - [12/Jul/2025:19:36:12 +0000] "GET /?e=104172351141000&mod=69386f6b&uri=form.php%3Fid%3D3476554-331%26name%3Dslinky+30+black+steve+madden HTTP/1.1" 200 20832 "-" "Mozilla/5.0 (compatible; Googlebot/2.1; +http://www.google.com/bot.html)"
209.74.77.214 - - [12/Jul/2025:19:36:16 +0000] "POST /wp-cron.php?doing_wp_cron=1752348976.2492148876190185546875 HTTP/1.1" 200 - "-" "WordPress/6.8.1; https://cyber-secure.com.au"
66.249.64.128 - - [12/Jul/2025:19:36:15 +0000] "GET /?e=8714523061000&mod=ce052ea9&uri=pin.php%3Fid%3D290993-443%26name%3Ddog+food+for+dogs+allergic+to+chicken HTTP/1.1" 301 - "-" "Mozilla/5.0 (Linux; Android 6.0.1; Nexus 5X Build/MMB29P) AppleWebKit/537.36 (KHTML, like Gecko) Chrome/137.0.7151.103 Mobile Safari/537.36 (compatible; GoogleOther)"
209.74.77.214 - - [12/Jul/2025:19:36:16 +0000] "POST /wp-admin/admin-ajax.php?action=async_litespeed&nonce=iimVstTtzxIkXr5MOQmds8ivzddSvR5o&litespeed_type=imgoptm HTTP/1.1" 200 21 "-" "WordPress/6.8.1; https://cyber-secure.com.au"
66.249.64.132 - - [12/Jul/2025:19:36:33 +0000] "GET /?e=8714523061000&mod=ce052ea9&uri=pin.php%3Fid%3D290993-443%26name%3Ddog%20food%20for%20dogs%20allergic%20to%20chicken HTTP/1.1" 200 26107 "-" "Mozilla/5.0 (Linux; Android 6.0.1; Nexus 5X Build/MMB29P) AppleWebKit/537.36 (KHTML, like Gecko) Chrome/137.0.7151.103 Mobile Safari/537.36 (compatible; GoogleOther)"
66.249.64.132 - - [12/Jul/2025:19:37:02 +0000] "GET /?e=41055586011000&mod=233f1dd0&uri=search.php%3Fid%3D1370211-596%26name%3Dchatsters+gabby HTTP/1.1" 301 - "-" "Mozilla/5.0 (Linux; Android 6.0.1; Nexus 5X Build/MMB29P) AppleWebKit/537.36 (KHTML, like Gecko) Chrome/137.0.7151.103 Mobile Safari/537.36 (compatible; GoogleOther)"
209.74.77.214 - - [12/Jul/2025:19:37:11 +0000] "POST /wp-cron.php?doing_wp_cron=1752349031.0133500099182128906250 HTTP/1.1" 200 - "-" "WordPress/6.8.1; https://cyber-secure.com.au"
66.249.64.132 - - [12/Jul/2025:19:37:10 +0000] "GET /?e=41055586011000&mod=233f1dd0&uri=search.php%3Fid%3D1370211-596%26name%3Dchatsters%20gabby HTTP/1.1" 200 26107 "-" "Mozilla/5.0 (Linux; Android 6.0.1; Nexus 5X Build/MMB29P) AppleWebKit/537.36 (KHTML, like Gecko) Chrome/137.0.7151.103 Mobile Safari/537.36 (compatible; GoogleOther)"
209.74.77.214 - - [12/Jul/2025:19:38:30 +0000] "POST /wp-cron.php?doing_wp_cron=1752349110.4853720664978027343750 HTTP/1.1" 200 - "-" "WordPress/6.8.1; https://cyber-secure.com.au"
66.249.64.132 - - [12/Jul/2025:19:38:29 +0000] "GET /?e=33084078031000&mod=233f1dd0&uri=product.php%3Fid%3D1104220-596%26name%3Dfranklin+mint+heirloom+dolls HTTP/1.1" 301 - "-" "Mozilla/5.0 (Linux; Android 6.0.1; Nexus 5X Build/MMB29P) AppleWebKit/537.36 (KHTML, like Gecko) Chrome/137.0.7151.103 Mobile Safari/537.36 (compatible; GoogleOther)"
