209.74.77.214 - - [13/Jul/2025:00:28:38 +0000] "POST /wp-cron.php?doing_wp_cron=1752366518.0996921062469482421875 HTTP/1.1" 200 - "-" "WordPress/6.8.1; https://cyber-secure.com.au"
66.249.64.132 - - [13/Jul/2025:00:28:37 +0000] "GET /?e=119592790001000&mod=77ee3bc5&uri=itm.php%3Fid%3D3991178-315%26name%3Dmont+blanc+uhr+gr%C3%83%C2%BCn HTTP/1.1" 301 - "-" "Mozilla/5.0 (Linux; Android 6.0.1; Nexus 5X Build/MMB29P) AppleWebKit/537.36 (KHTML, like Gecko) Chrome/137.0.7151.103 Mobile Safari/537.36 (compatible; GoogleOther)"
209.74.77.214 - - [13/Jul/2025:00:28:38 +0000] "POST /wp-admin/admin-ajax.php?action=async_litespeed&nonce=Xw28FGaTSduadCsSNQuTkzUddXgN5Zos&litespeed_type=imgoptm HTTP/1.1" 200 21 "-" "WordPress/6.8.1; https://cyber-secure.com.au"
66.249.64.132 - - [13/Jul/2025:00:28:40 +0000] "POST /get-message-notify HTTP/1.1" 200 21398 "https://cyber-secure.com.au/?e=23247764041000&mod=c2ddc87b&uri=goods.php%3Fid%3D775968-833%26name%3D80s+party+outfit+guys" "Mozilla/5.0 (Linux; Android 6.0.1; Nexus 5X Build/MMB29P) AppleWebKit/537.36 (KHTML, like Gecko) Chrome/137.0.7151.119 Mobile Safari/537.36 (compatible; Googlebot/2.1; +http://www.google.com/bot.html)"
66.249.64.132 - - [13/Jul/2025:00:28:42 +0000] "GET /?e=28386754041000&mod=700a4d3e&uri=article.php%3Fid%3D947427-461%26name%3Dwhat+should+i+buy+iphone+x+or+xr HTTP/1.1" 200 22979 "-" "Mozilla/5.0 (Linux; Android 6.0.1; Nexus 5X Build/MMB29P) AppleWebKit/537.36 (KHTML, like Gecko) Chrome/137.0.7151.103 Mobile Safari/537.36 (compatible; Googlebot/2.1; +http://www.google.com/bot.html)"
66.249.64.132 - - [13/Jul/2025:00:28:48 +0000] "GET /?e=119592790001000&mod=77ee3bc5&uri=itm.php%3Fid%3D3991178-315%26name%3Dmont%20blanc%20uhr%20gr%C3%83%C2%BCn HTTP/1.1" 200 26108 "-" "Mozilla/5.0 (Linux; Android 6.0.1; Nexus 5X Build/MMB29P) AppleWebKit/537.36 (KHTML, like Gecko) Chrome/137.0.7151.103 Mobile Safari/537.36 (compatible; GoogleOther)"
66.249.64.129 - - [13/Jul/2025:00:29:31 +0000] "GET /?e=15445845011000&mod=9381fc93&uri=news.php%3Fid%3D515657-631%26name%3Dnike+vapor+13+blue HTTP/1.1" 200 21352 "-" "Mozilla/5.0 (Linux; Android 6.0.1; Nexus 5X Build/MMB29P) AppleWebKit/537.36 (KHTML, like Gecko) Chrome/137.0.7151.103 Mobile Safari/537.36 (compatible; Googlebot/2.1; +http://www.google.com/bot.html)"
66.249.64.132 - - [13/Jul/2025:00:29:44 +0000] "GET /?e=50391643021000&mod=d19544ae&uri=product.php%3Fid%3D1681660-465%26name%3Dbest+insoles+for+kids HTTP/1.1" 200 21633 "-" "Mozilla/5.0 (compatible; Googlebot/2.1; +http://www.google.com/bot.html)"
66.249.64.128 - - [13/Jul/2025:00:30:26 +0000] "GET /?e=41632037001000&mod=000e82a9&uri=info.php%3Fid%3D1389452-1161%26name%3Dnike+sb+diamond+collab HTTP/1.1" 200 21246 "-" "Mozilla/5.0 (Linux; Android 6.0.1; Nexus 5X Build/MMB29P) AppleWebKit/537.36 (KHTML, like Gecko) Chrome/137.0.7151.103 Mobile Safari/537.36 (compatible; Googlebot/2.1; +http://www.google.com/bot.html)"
66.249.64.129 - - [13/Jul/2025:00:31:49 +0000] "GET /?e=59253291101000&mod=27584e8c&uri=product.php%3Fid%3D1977316-429%26name%3Dbiker+jeans+men HTTP/1.1" 200 21865 "-" "Mozilla/5.0 (Linux; Android 6.0.1; Nexus 5X Build/MMB29P) AppleWebKit/537.36 (KHTML, like Gecko) Chrome/137.0.7151.103 Mobile Safari/537.36 (compatible; Googlebot/2.1; +http://www.google.com/bot.html)"
209.74.77.214 - - [13/Jul/2025:00:33:00 +0000] "POST /wp-cron.php?doing_wp_cron=1752366780.7690339088439941406250 HTTP/1.1" 200 - "-" "WordPress/6.8.1; https://cyber-secure.com.au"
66.249.64.128 - - [13/Jul/2025:00:32:59 +0000] "GET /?e=13494523011000&mod=a35fe7f7&uri=info.php%3Fid%3D450541-500%26name%3Dstroller+suspension HTTP/1.1" 301 - "-" "Mozilla/5.0 (Linux; Android 6.0.1; Nexus 5X Build/MMB29P) AppleWebKit/537.36 (KHTML, like Gecko) Chrome/137.0.7151.103 Mobile Safari/537.36 (compatible; GoogleOther)"
209.74.77.214 - - [13/Jul/2025:00:33:00 +0000] "POST /wp-admin/admin-ajax.php?action=async_litespeed&nonce=T4It2vBpfVHfF6SM5ujWKmUmG7dWTXV9&litespeed_type=imgoptm HTTP/1.1" 200 21 "-" "WordPress/6.8.1; https://cyber-secure.com.au"
66.249.64.132 - - [13/Jul/2025:00:33:13 +0000] "GET /?e=112637850021000&mod=8cb3522d&uri=products.php%3Fid%3D3759129-1262%26name%3Dcan+basketball+shoes+be+used+for+tennis HTTP/1.1" 200 21829 "-" "Mozilla/5.0 (Linux; Android 6.0.1; Nexus 5X Build/MMB29P) AppleWebKit/537.36 (KHTML, like Gecko) Chrome/137.0.7151.103 Mobile Safari/537.36 (compatible; Googlebot/2.1; +http://www.google.com/bot.html)"
66.249.64.132 - - [13/Jul/2025:00:33:22 +0000] "GET /?e=119495963061000&mod=b6edc1cd&uri=goods.php%3Fid%3D3987946-81%26name%3Dsedia+sospesa+vimini HTTP/1.1" 200 21418 "-" "Mozilla/5.0 (Linux; Android 6.0.1; Nexus 5X Build/MMB29P) AppleWebKit/537.36 (KHTML, like Gecko) Chrome/137.0.7151.103 Mobile Safari/537.36 (compatible; Googlebot/2.1; +http://www.google.com/bot.html)"
209.74.77.214 - - [13/Jul/2025:00:33:28 +0000] "POST /wp-cron.php?doing_wp_cron=1752366808.4867699146270751953125 HTTP/1.1" 200 - "-" "WordPress/6.8.1; https://cyber-secure.com.au"
209.74.77.214 - - [13/Jul/2025:00:33:28 +0000] "POST /wp-admin/admin-ajax.php?action=async_litespeed&nonce=h3dJt1Z1v3BqoEwMDlRT1XZalIqdLc2U&litespeed_type=imgoptm HTTP/1.1" 200 21 "-" "WordPress/6.8.1; https://cyber-secure.com.au"
66.249.64.132 - - [13/Jul/2025:00:33:28 +0000] "GET /?e=13494523011000&mod=a35fe7f7&uri=info.php%3Fid%3D450541-500%26name%3Dstroller%20suspension HTTP/1.1" 200 26107 "-" "Mozilla/5.0 (Linux; Android 6.0.1; Nexus 5X Build/MMB29P) AppleWebKit/537.36 (KHTML, like Gecko) Chrome/137.0.7151.103 Mobile Safari/537.36 (compatible; GoogleOther)"
66.249.64.132 - - [13/Jul/2025:00:33:31 +0000] "GET /?e=119622820031000&mod=e205ee2a&uri=article.php%3Fid%3D3992179-91%26name%3Dmountain+bikes+for+sale+gumtree HTTP/1.1" 200 22154 "-" "Mozilla/5.0 (Linux; Android 6.0.1; Nexus 5X Build/MMB29P) AppleWebKit/537.36 (KHTML, like Gecko) Chrome/137.0.7151.103 Mobile Safari/537.36 (compatible; Googlebot/2.1; +http://www.google.com/bot.html)"
66.249.64.132 - - [13/Jul/2025:00:33:34 +0000] "POST /get-message-notify HTTP/1.1" 200 21385 "https://cyber-secure.com.au/?e=119495963061000&mod=b6edc1cd&uri=goods.php%3Fid%3D3987946-81%26name%3Dsedia+sospesa+vimini" "Mozilla/5.0 (Linux; Android 6.0.1; Nexus 5X Build/MMB29P) AppleWebKit/537.36 (KHTML, like Gecko) Chrome/137.0.7151.119 Mobile Safari/537.36 (compatible; Googlebot/2.1; +http://www.google.com/bot.html)"
66.249.64.132 - - [13/Jul/2025:00:33:43 +0000] "GET /?e=52852488101000&mod=e9fb2eda&uri=search.php%3Fid%3D1763735-311%26name%3Dbarbie+extra+at+walmart HTTP/1.1" 200 21324 "-" "Mozilla/5.0 (Linux; Android 6.0.1; Nexus 5X Build/MMB29P) AppleWebKit/537.36 (KHTML, like Gecko) Chrome/137.0.7151.103 Mobile Safari/537.36 (compatible; Googlebot/2.1; +http://www.google.com/bot.html)"
66.249.64.132 - - [13/Jul/2025:00:33:45 +0000] "GET /?e=72259437031000&mod=ec8ce6ab&uri=form.php%3Fid%3D2411379-22%26name%3Dswatch+uhren+unisex HTTP/1.1" 200 21546 "-" "Mozilla/5.0 (Linux; Android 6.0.1; Nexus 5X Build/MMB29P) AppleWebKit/537.36 (KHTML, like Gecko) Chrome/137.0.7151.103 Mobile Safari/537.36 (compatible; Googlebot/2.1; +http://www.google.com/bot.html)"
66.249.64.132 - - [13/Jul/2025:00:33:51 +0000] "GET /?e=35106195081000&mod=fcac695d&uri=itm.php%3Fid%3D1171720-425%26name%3Ddivvy+up+pet+socks HTTP/1.1" 200 21593 "-" "Mozilla/5.0 (Linux; Android 6.0.1; Nexus 5X Build/MMB29P) AppleWebKit/537.36 (KHTML, like Gecko) Chrome/137.0.7151.103 Mobile Safari/537.36 (compatible; Googlebot/2.1; +http://www.google.com/bot.html)"
66.249.64.132 - - [13/Jul/2025:00:33:54 +0000] "GET /?e=50567603051000&mod=08740852&uri=news.php%3Fid%3D1687531-51%26name%3Dreiss+aideen+dress HTTP/1.1" 301 - "-" "Mozilla/5.0 (Linux; Android 6.0.1; Nexus 5X Build/MMB29P) AppleWebKit/537.36 (KHTML, like Gecko) Chrome/137.0.7151.103 Mobile Safari/537.36 (compatible; GoogleOther)"
66.249.64.132 - - [13/Jul/2025:00:34:03 +0000] "GET /?e=50567603051000&mod=08740852&uri=news.php%3Fid%3D1687531-51%26name%3Dreiss%20aideen%20dress HTTP/1.1" 200 26109 "-" "Mozilla/5.0 (Linux; Android 6.0.1; Nexus 5X Build/MMB29P) AppleWebKit/537.36 (KHTML, like Gecko) Chrome/137.0.7151.103 Mobile Safari/537.36 (compatible; GoogleOther)"
66.249.64.132 - - [13/Jul/2025:00:34:05 +0000] "GET /?e=74321659021000&mod=ac9768a5&uri=itm.php%3Fid%3D2480165-1461%26name%3Dpolo+trifold+wallets+for+mens HTTP/1.1" 200 20925 "-" "Mozilla/5.0 (Linux; Android 6.0.1; Nexus 5X Build/MMB29P) AppleWebKit/537.36 (KHTML, like Gecko) Chrome/137.0.7151.103 Mobile Safari/537.36 (compatible; Googlebot/2.1; +http://www.google.com/bot.html)"
209.74.77.214 - - [13/Jul/2025:00:34:33 +0000] "POST /wp-cron.php?doing_wp_cron=1752366873.3092880249023437500000 HTTP/1.1" 200 - "-" "WordPress/6.8.1; https://cyber-secure.com.au"
66.249.64.132 - - [13/Jul/2025:00:34:33 +0000] "GET /?e=50455732021000&mod=a35fe7f7&uri=dp.php%3Fid%3D1683799-500%26name%3Dbaby+gate+on+metal+railing HTTP/1.1" 301 - "-" "Mozilla/5.0 (Linux; Android 6.0.1; Nexus 5X Build/MMB29P) AppleWebKit/537.36 (KHTML, like Gecko) Chrome/137.0.7151.103 Mobile Safari/537.36 (compatible; GoogleOther)"
209.74.77.214 - - [13/Jul/2025:00:34:33 +0000] "POST /wp-admin/admin-ajax.php?action=async_litespeed&nonce=dUQYsfGMlvsyHcVBaVYXpWKSH7nRow36&litespeed_type=imgoptm HTTP/1.1" 200 21 "-" "WordPress/6.8.1; https://cyber-secure.com.au"
66.249.64.132 - - [13/Jul/2025:00:34:51 +0000] "GET /?e=1258522041000&mod=b6edc1cd&uri=shared.php%3Fid%3D42016-81%26name%3Ddivano+angolare+rotondo HTTP/1.1" 200 22191 "-" "Mozilla/5.0 (Linux; Android 6.0.1; Nexus 5X Build/MMB29P) AppleWebKit/537.36 (KHTML, like Gecko) Chrome/137.0.7151.103 Mobile Safari/537.36 (compatible; Googlebot/2.1; +http://www.google.com/bot.html)"
66.249.64.132 - - [13/Jul/2025:00:34:53 +0000] "GET /?e=50455732021000&mod=a35fe7f7&uri=dp.php%3Fid%3D1683799-500%26name%3Dbaby%20gate%20on%20metal%20railing HTTP/1.1" 200 26110 "-" "Mozilla/5.0 (Linux; Android 6.0.1; Nexus 5X Build/MMB29P) AppleWebKit/537.36 (KHTML, like Gecko) Chrome/137.0.7151.103 Mobile Safari/537.36 (compatible; GoogleOther)"
66.249.64.132 - - [13/Jul/2025:00:34:58 +0000] "POST /get-message-notify HTTP/1.1" 200 21392 "https://cyber-secure.com.au/?e=35106195081000&mod=fcac695d&uri=itm.php%3Fid%3D1171720-425%26name%3Ddivvy+up+pet+socks" "Mozilla/5.0 (Linux; Android 6.0.1; Nexus 5X Build/MMB29P) AppleWebKit/537.36 (KHTML, like Gecko) Chrome/137.0.7151.119 Mobile Safari/537.36 (compatible; Googlebot/2.1; +http://www.google.com/bot.html)"
209.74.77.214 - - [13/Jul/2025:00:35:11 +0000] "POST /wp-cron.php?doing_wp_cron=1752366911.3597190380096435546875 HTTP/1.1" 200 - "-" "WordPress/6.8.1; https://cyber-secure.com.au"
66.249.64.132 - - [13/Jul/2025:00:35:11 +0000] "GET /?e=50455552011000&mod=99902887&uri=search.php%3Fid%3D1683793-501%26name%3Drudolph+the+red+nosed+reindeer+spotted+elephant HTTP/1.1" 301 - "-" "Mozilla/5.0 (Linux; Android 6.0.1; Nexus 5X Build/MMB29P) AppleWebKit/537.36 (KHTML, like Gecko) Chrome/137.0.7151.103 Mobile Safari/537.36 (compatible; GoogleOther)"
209.74.77.214 - - [13/Jul/2025:00:35:22 +0000] "POST /wp-cron.php?doing_wp_cron=1752366922.5467410087585449218750 HTTP/1.1" 200 - "-" "WordPress/6.8.1; https://cyber-secure.com.au"
209.74.77.214 - - [13/Jul/2025:00:35:22 +0000] "POST /wp-admin/admin-ajax.php?action=async_litespeed&nonce=1e7dC1x0KuTwlnEVVEyGfdxZb4mbwgYD&litespeed_type=imgoptm HTTP/1.1" 200 21 "-" "WordPress/6.8.1; https://cyber-secure.com.au"
66.249.64.132 - - [13/Jul/2025:00:35:16 +0000] "GET /?e=50455552011000&mod=99902887&uri=search.php%3Fid%3D1683793-501%26name%3Drudolph%20the%20red%20nosed%20reindeer%20spotted%20elephant HTTP/1.1" 200 26105 "-" "Mozilla/5.0 (Linux; Android 6.0.1; Nexus 5X Build/MMB29P) AppleWebKit/537.36 (KHTML, like Gecko) Chrome/137.0.7151.103 Mobile Safari/537.36 (compatible; GoogleOther)"
66.249.64.132 - - [13/Jul/2025:00:35:38 +0000] "GET /?e=50406283041000&mod=aa6b7ad9&uri=dp.php%3Fid%3D1682148-298%26name%3Dbaby+is+fussier+than+usual HTTP/1.1" 200 22259 "-" "Mozilla/5.0 (compatible; Googlebot/2.1; +http://www.google.com/bot.html)"
66.249.64.132 - - [13/Jul/2025:00:35:56 +0000] "GET /?e=107525369041000&mod=32508f53&uri=blog.php%3Fid%3D3588476-586%26name%3Dbomber+femme+wax HTTP/1.1" 200 21374 "-" "Mozilla/5.0 (Linux; Android 6.0.1; Nexus 5X Build/MMB29P) AppleWebKit/537.36 (KHTML, like Gecko) Chrome/137.0.7151.103 Mobile Safari/537.36 (compatible; Googlebot/2.1; +http://www.google.com/bot.html)"
66.249.64.132 - - [13/Jul/2025:00:35:59 +0000] "GET /?e=119586735001000&mod=77ee3bc5&uri=product.php%3Fid%3D3990976-315%26name%3Dhamilton+ventura+uhr HTTP/1.1" 200 22148 "-" "Mozilla/5.0 (Linux; Android 6.0.1; Nexus 5X Build/MMB29P) AppleWebKit/537.36 (KHTML, like Gecko) Chrome/137.0.7151.103 Mobile Safari/537.36 (compatible; Googlebot/2.1; +http://www.google.com/bot.html)"
66.249.64.132 - - [13/Jul/2025:00:36:04 +0000] "GET /?e=42876462001000&mod=4ea06fbc&uri=pin.php%3Fid%3D1430951-77%26name%3Dboots+mid HTTP/1.1" 200 22094 "-" "Mozilla/5.0 (Linux; Android 6.0.1; Nexus 5X Build/MMB29P) AppleWebKit/537.36 (KHTML, like Gecko) Chrome/137.0.7151.103 Mobile Safari/537.36 (compatible; Googlebot/2.1; +http://www.google.com/bot.html)"
66.249.64.128 - - [13/Jul/2025:00:37:11 +0000] "GET /?e=34636092041000&mod=7cc23420&uri=article.php%3Fid%3D1156034-247%26name%3Dgoogle+pixel+silicone+case HTTP/1.1" 200 21822 "-" "Mozilla/5.0 (Linux; Android 6.0.1; Nexus 5X Build/MMB29P) AppleWebKit/537.36 (KHTML, like Gecko) Chrome/137.0.7151.103 Mobile Safari/537.36 (compatible; Googlebot/2.1; +http://www.google.com/bot.html)"
209.74.77.214 - - [13/Jul/2025:00:37:36 +0000] "POST /wp-cron.php?doing_wp_cron=1752367056.2496869564056396484375 HTTP/1.1" 200 - "-" "WordPress/6.8.1; https://cyber-secure.com.au"
66.249.64.132 - - [13/Jul/2025:00:37:35 +0000] "GET /?e=38493770101000&mod=9ee70b79&uri=products.php%3Fid%3D1284737-437%26name%3Dcrochet+sheepskin+slippers+pattern HTTP/1.1" 301 - "-" "Mozilla/5.0 (Linux; Android 6.0.1; Nexus 5X Build/MMB29P) AppleWebKit/537.36 (KHTML, like Gecko) Chrome/137.0.7151.103 Mobile Safari/537.36 (compatible; GoogleOther)"
209.74.77.214 - - [13/Jul/2025:00:37:36 +0000] "POST /wp-admin/admin-ajax.php?action=async_litespeed&nonce=4KgeBLKHNuxBZnLwCINFuw19S7jWEyCL&litespeed_type=imgoptm HTTP/1.1" 200 21 "-" "WordPress/6.8.1; https://cyber-secure.com.au"
66.249.64.132 - - [13/Jul/2025:00:37:41 +0000] "GET /?e=38493770101000&mod=9ee70b79&uri=products.php%3Fid%3D1284737-437%26name%3Dcrochet%20sheepskin%20slippers%20pattern HTTP/1.1" 200 26106 "-" "Mozilla/5.0 (Linux; Android 6.0.1; Nexus 5X Build/MMB29P) AppleWebKit/537.36 (KHTML, like Gecko) Chrome/137.0.7151.103 Mobile Safari/537.36 (compatible; GoogleOther)"
66.249.64.128 - - [13/Jul/2025:00:38:52 +0000] "GET /?e=77513401001000&mod=e205ee2a&uri=products.php%3Fid%3D2586692-91%26name%3Dridley+helium+slx+disc HTTP/1.1" 200 21602 "-" "Mozilla/5.0 (Linux; Android 6.0.1; Nexus 5X Build/MMB29P) AppleWebKit/537.36 (KHTML, like Gecko) Chrome/137.0.7151.103 Mobile Safari/537.36 (compatible; Googlebot/2.1; +http://www.google.com/bot.html)"
66.249.64.129 - - [13/Jul/2025:00:39:14 +0000] "GET /?e=13051917041000&mod=fc95fa57&uri=pin.php%3Fid%3D435784-589%26name%3Dprecio+de+vans+de+mujer HTTP/1.1" 200 20323 "-" "Mozilla/5.0 (Linux; Android 6.0.1; Nexus 5X Build/MMB29P) AppleWebKit/537.36 (KHTML, like Gecko) Chrome/137.0.7151.103 Mobile Safari/537.36 (compatible; Googlebot/2.1; +http://www.google.com/bot.html)"
66.249.64.129 - - [13/Jul/2025:00:40:07 +0000] "GET /?e=107679604041000&mod=a01a0380&uri=form.php%3Fid%3D3593626-39%26name%3Datlas+headrest+review HTTP/1.1" 200 23055 "-" "Mozilla/5.0 (Linux; Android 6.0.1; Nexus 5X Build/MMB29P) AppleWebKit/537.36 (KHTML, like Gecko) Chrome/137.0.7151.103 Mobile Safari/537.36 (compatible; Googlebot/2.1; +http://www.google.com/bot.html)"
104.210.140.138 - - [13/Jul/2025:00:41:27 +0000] "GET /robots.txt HTTP/1.1" 200 88 "-" "Mozilla/5.0 (Macintosh; Intel Mac OS X 10_15_7) AppleWebKit/537.36 (KHTML, like Gecko) Chrome/131.0.0.0 Safari/537.36; compatible; OAI-SearchBot/1.0; +https://openai.com/searchbot"
66.249.64.132 - - [13/Jul/2025:00:41:35 +0000] "GET /?e=15950223001000&mod=77cdfc1e&uri=news.php%3Fid%3D532488-419%26name%3Dropas+para+mujeres+cristianas HTTP/1.1" 200 21839 "-" "Mozilla/5.0 (Linux; Android 6.0.1; Nexus 5X Build/MMB29P) AppleWebKit/537.36 (KHTML, like Gecko) Chrome/137.0.7151.103 Mobile Safari/537.36 (compatible; Googlebot/2.1; +http://www.google.com/bot.html)"
66.249.64.132 - - [13/Jul/2025:00:41:39 +0000] "GET /?e=50455432101000&mod=a35fe7f7&uri=form.php%3Fid%3D1683789-500%26name%3Dgate+for+stairs+with+metal+railing HTTP/1.1" 200 21725 "-" "Mozilla/5.0 (compatible; Googlebot/2.1; +http://www.google.com/bot.html)"
66.249.64.132 - - [13/Jul/2025:00:41:57 +0000] "POST /wp-json/metform/v1/forms/views/2288 HTTP/1.1" 200 22325 "https://cyber-secure.com.au/?e=50600873011000&mod=e6b73239&uri=news.php%3Fid%3D1688640-1274%26name%3Dname%20brand%20pink%20backpacks" "Mozilla/5.0 (Linux; Android 6.0.1; Nexus 5X Build/MMB29P) AppleWebKit/537.36 (KHTML, like Gecko) Chrome/137.0.7151.119 Mobile Safari/537.36 (compatible; Googlebot/2.1; +http://www.google.com/bot.html)"
209.74.77.214 - - [13/Jul/2025:00:42:07 +0000] "POST /wp-cron.php?doing_wp_cron=1752367327.0797429084777832031250 HTTP/1.1" 200 - "-" "WordPress/6.8.1; https://cyber-secure.com.au"
66.249.64.128 - - [13/Jul/2025:00:42:06 +0000] "GET /?e=104036367001000&mod=3d387d26&uri=info.php%3Fid%3D3471969-649%26name%3Dwall+dish+rack HTTP/1.1" 301 - "-" "Mozilla/5.0 (Linux; Android 6.0.1; Nexus 5X Build/MMB29P) AppleWebKit/537.36 (KHTML, like Gecko) Chrome/137.0.7151.103 Mobile Safari/537.36 (compatible; GoogleOther)"
209.74.77.214 - - [13/Jul/2025:00:42:07 +0000] "POST /wp-admin/admin-ajax.php?action=async_litespeed&nonce=P7sqmIRRcJoi5jBFRA0TD2qZQDpMqO2M&litespeed_type=imgoptm HTTP/1.1" 200 21 "-" "WordPress/6.8.1; https://cyber-secure.com.au"
209.74.77.214 - - [13/Jul/2025:00:42:16 +0000] "POST /wp-cron.php?doing_wp_cron=1752367336.4284958839416503906250 HTTP/1.1" 200 - "-" "WordPress/6.8.1; https://cyber-secure.com.au"
209.74.77.214 - - [13/Jul/2025:00:42:16 +0000] "POST /wp-admin/admin-ajax.php?action=async_litespeed&nonce=0ZgpAwUw5MO4vmkFCfovLrHIwMdjAqBI&litespeed_type=imgoptm HTTP/1.1" 200 21 "-" "WordPress/6.8.1; https://cyber-secure.com.au"
66.249.64.132 - - [13/Jul/2025:00:42:13 +0000] "GET /?e=104036367001000&mod=3d387d26&uri=info.php%3Fid%3D3471969-649%26name%3Dwall%20dish%20rack HTTP/1.1" 200 26105 "-" "Mozilla/5.0 (Linux; Android 6.0.1; Nexus 5X Build/MMB29P) AppleWebKit/537.36 (KHTML, like Gecko) Chrome/137.0.7151.103 Mobile Safari/537.36 (compatible; GoogleOther)"
209.74.77.214 - - [13/Jul/2025:00:43:49 +0000] "POST /wp-cron.php?doing_wp_cron=1752367429.0828640460968017578125 HTTP/1.1" 200 - "-" "WordPress/6.8.1; https://cyber-secure.com.au"
66.249.64.128 - - [13/Jul/2025:00:43:47 +0000] "GET /?e=1262055061000&mod=b6edc1cd&uri=news.php%3Fid%3D42134-81%26name%3Dsgabello+kartell+trasparente HTTP/1.1" 301 - "-" "Mozilla/5.0 (Linux; Android 6.0.1; Nexus 5X Build/MMB29P) AppleWebKit/537.36 (KHTML, like Gecko) Chrome/137.0.7151.103 Mobile Safari/537.36 (compatible; GoogleOther)"
209.74.77.214 - - [13/Jul/2025:00:43:49 +0000] "POST /wp-admin/admin-ajax.php?action=async_litespeed&nonce=7KOcylkNUZbGqBGzd1XMm9Z8LlGvld8v&litespeed_type=imgoptm HTTP/1.1" 200 21 "-" "WordPress/6.8.1; https://cyber-secure.com.au"
66.249.64.132 - - [13/Jul/2025:00:43:58 +0000] "GET /?e=1262055061000&mod=b6edc1cd&uri=news.php%3Fid%3D42134-81%26name%3Dsgabello%20kartell%20trasparente HTTP/1.1" 200 26109 "-" "Mozilla/5.0 (Linux; Android 6.0.1; Nexus 5X Build/MMB29P) AppleWebKit/537.36 (KHTML, like Gecko) Chrome/137.0.7151.103 Mobile Safari/537.36 (compatible; GoogleOther)"
209.74.77.214 - - [13/Jul/2025:00:44:23 +0000] "POST /wp-cron.php?doing_wp_cron=1752367463.7503890991210937500000 HTTP/1.1" 200 - "-" "WordPress/6.8.1; https://cyber-secure.com.au"
66.249.64.132 - - [13/Jul/2025:00:44:23 +0000] "GET /?e=50607683111000&mod=45b865d1&uri=shared.php%3Fid%3D1688867-1275%26name%3Dmosquito+net+for+pram+stroller HTTP/1.1" 301 - "-" "Mozilla/5.0 (Linux; Android 6.0.1; Nexus 5X Build/MMB29P) AppleWebKit/537.36 (KHTML, like Gecko) Chrome/137.0.7151.103 Mobile Safari/537.36 (compatible; GoogleOther)"
209.74.77.214 - - [13/Jul/2025:00:44:23 +0000] "POST /wp-admin/admin-ajax.php?action=async_litespeed&nonce=XWMWX1hjDBHsjc5tWSGROn5QXsvyol0x&litespeed_type=imgoptm HTTP/1.1" 200 21 "-" "WordPress/6.8.1; https://cyber-secure.com.au"
66.249.64.132 - - [13/Jul/2025:00:44:31 +0000] "GET /?e=50607683111000&mod=45b865d1&uri=shared.php%3Fid%3D1688867-1275%26name%3Dmosquito%20net%20for%20pram%20stroller HTTP/1.1" 200 26107 "-" "Mozilla/5.0 (Linux; Android 6.0.1; Nexus 5X Build/MMB29P) AppleWebKit/537.36 (KHTML, like Gecko) Chrome/137.0.7151.103 Mobile Safari/537.36 (compatible; GoogleOther)"
209.74.77.214 - - [13/Jul/2025:00:46:05 +0000] "POST /wp-cron.php?doing_wp_cron=1752367565.8452761173248291015625 HTTP/1.1" 200 - "-" "WordPress/6.8.1; https://cyber-secure.com.au"
66.249.64.128 - - [13/Jul/2025:00:46:04 +0000] "GET /?e=54761320071000&mod=b7ee0d0d&uri=info.php%3Fid%3D1827433-335%26name%3Dhestia+goods+switch+carrying+case HTTP/1.1" 301 - "-" "Mozilla/5.0 (Linux; Android 6.0.1; Nexus 5X Build/MMB29P) AppleWebKit/537.36 (KHTML, like Gecko) Chrome/137.0.7151.103 Mobile Safari/537.36 (compatible; GoogleOther)"
209.74.77.214 - - [13/Jul/2025:00:46:05 +0000] "POST /wp-admin/admin-ajax.php?action=async_litespeed&nonce=0GJtkRTfXVNgTr90K5IX9mNSW4dGIDHS&litespeed_type=imgoptm HTTP/1.1" 200 21 "-" "WordPress/6.8.1; https://cyber-secure.com.au"
209.74.77.214 - - [13/Jul/2025:00:46:12 +0000] "POST /wp-cron.php?doing_wp_cron=1752367572.5813479423522949218750 HTTP/1.1" 200 - "-" "WordPress/6.8.1; https://cyber-secure.com.au"
66.249.64.132 - - [13/Jul/2025:00:46:12 +0000] "GET /?e=54761320071000&mod=b7ee0d0d&uri=info.php%3Fid%3D1827433-335%26name%3Dhestia%20goods%20switch%20carrying%20case HTTP/1.1" 200 26114 "-" "Mozilla/5.0 (Linux; Android 6.0.1; Nexus 5X Build/MMB29P) AppleWebKit/537.36 (KHTML, like Gecko) Chrome/137.0.7151.103 Mobile Safari/537.36 (compatible; GoogleOther)"
209.74.77.214 - - [13/Jul/2025:00:46:35 +0000] "POST /wp-cron.php?doing_wp_cron=1752367595.3173658847808837890625 HTTP/1.1" 200 - "-" "WordPress/6.8.1; https://cyber-secure.com.au"
66.249.64.132 - - [13/Jul/2025:00:46:35 +0000] "GET /?e=52859628031000&mod=e9fb2eda&uri=product.php%3Fid%3D1763973-311%26name%3Dbarbie+styling+head+deluxe HTTP/1.1" 301 - "-" "Mozilla/5.0 (Linux; Android 6.0.1; Nexus 5X Build/MMB29P) AppleWebKit/537.36 (KHTML, like Gecko) Chrome/137.0.7151.103 Mobile Safari/537.36 (compatible; GoogleOther)"
209.74.77.214 - - [13/Jul/2025:00:46:35 +0000] "POST /wp-admin/admin-ajax.php?action=async_litespeed&nonce=8tud9ibIq4bYGEaaX6JcQnZAoTuOX6Ca&litespeed_type=imgoptm HTTP/1.1" 200 21 "-" "WordPress/6.8.1; https://cyber-secure.com.au"
66.249.64.132 - - [13/Jul/2025:00:46:41 +0000] "GET /?e=22807351061000&mod=d19544ae&uri=article.php%3Fid%3D761275-465%26name%3Dclimbing+shoe+comparison+chart HTTP/1.1" 301 - "-" "Mozilla/5.0 (Linux; Android 6.0.1; Nexus 5X Build/MMB29P) AppleWebKit/537.36 (KHTML, like Gecko) Chrome/137.0.7151.103 Mobile Safari/537.36 (compatible; GoogleOther)"
66.249.64.132 - - [13/Jul/2025:00:46:48 +0000] "GET /?e=52859628031000&mod=e9fb2eda&uri=product.php%3Fid%3D1763973-311%26name%3Dbarbie%20styling%20head%20deluxe HTTP/1.1" 200 26110 "-" "Mozilla/5.0 (Linux; Android 6.0.1; Nexus 5X Build/MMB29P) AppleWebKit/537.36 (KHTML, like Gecko) Chrome/137.0.7151.103 Mobile Safari/537.36 (compatible; GoogleOther)"
66.249.64.132 - - [13/Jul/2025:00:46:53 +0000] "GET /?e=22807351061000&mod=d19544ae&uri=article.php%3Fid%3D761275-465%26name%3Dclimbing%20shoe%20comparison%20chart HTTP/1.1" 200 26105 "-" "Mozilla/5.0 (Linux; Android 6.0.1; Nexus 5X Build/MMB29P) AppleWebKit/537.36 (KHTML, like Gecko) Chrome/137.0.7151.103 Mobile Safari/537.36 (compatible; GoogleOther)"
209.74.77.214 - - [13/Jul/2025:00:47:12 +0000] "POST /wp-cron.php?doing_wp_cron=1752367632.3416800498962402343750 HTTP/1.1" 200 - "-" "WordPress/6.8.1; https://cyber-secure.com.au"
66.249.64.132 - - [13/Jul/2025:00:47:12 +0000] "GET /?e=13474214041000&mod=a8c6dd98&uri=news.php%3Fid%3D449864-600%26name%3Dwatch+band+too+long HTTP/1.1" 301 - "-" "Mozilla/5.0 (Linux; Android 6.0.1; Nexus 5X Build/MMB29P) AppleWebKit/537.36 (KHTML, like Gecko) Chrome/137.0.7151.103 Mobile Safari/537.36 (compatible; GoogleOther)"
209.74.77.214 - - [13/Jul/2025:00:47:17 +0000] "POST /wp-cron.php?doing_wp_cron=1752367637.5811259746551513671875 HTTP/1.1" 200 - "-" "WordPress/6.8.1; https://cyber-secure.com.au"
209.74.77.214 - - [13/Jul/2025:00:47:17 +0000] "POST /wp-admin/admin-ajax.php?action=async_litespeed&nonce=uwNhJwtM2eBoLOJLWZjhP9vsry9xLPIW&litespeed_type=imgoptm HTTP/1.1" 200 21 "-" "WordPress/6.8.1; https://cyber-secure.com.au"
66.249.64.132 - - [13/Jul/2025:00:47:17 +0000] "GET /?e=13474214041000&mod=a8c6dd98&uri=news.php%3Fid%3D449864-600%26name%3Dwatch%20band%20too%20long HTTP/1.1" 200 26114 "-" "Mozilla/5.0 (Linux; Android 6.0.1; Nexus 5X Build/MMB29P) AppleWebKit/537.36 (KHTML, like Gecko) Chrome/137.0.7151.103 Mobile Safari/537.36 (compatible; GoogleOther)"
66.249.64.132 - - [13/Jul/2025:00:47:23 +0000] "GET /?e=19663621001000&mod=b7c13b0a&uri=us.php%3Fid%3D656398-751%26name%3Dcapazo+bugaboo+bee HTTP/1.1" 301 - "-" "Mozilla/5.0 (Linux; Android 6.0.1; Nexus 5X Build/MMB29P) AppleWebKit/537.36 (KHTML, like Gecko) Chrome/137.0.7151.103 Mobile Safari/537.36 (compatible; GoogleOther)"
66.249.64.132 - - [13/Jul/2025:00:47:27 +0000] "GET /?e=19663621001000&mod=b7c13b0a&uri=us.php%3Fid%3D656398-751%26name%3Dcapazo%20bugaboo%20bee HTTP/1.1" 200 26107 "-" "Mozilla/5.0 (Linux; Android 6.0.1; Nexus 5X Build/MMB29P) AppleWebKit/537.36 (KHTML, like Gecko) Chrome/137.0.7151.103 Mobile Safari/537.36 (compatible; GoogleOther)"
66.249.64.132 - - [13/Jul/2025:00:47:40 +0000] "GET /?e=50447992071000&mod=f15d337c&uri=article.php%3Fid%3D1683541-213%26name%3Dvestido+para+usar+depois+do+casamento HTTP/1.1" 200 22416 "-" "Mozilla/5.0 (compatible; Googlebot/2.1; +http://www.google.com/bot.html)"
66.249.64.132 - - [13/Jul/2025:00:47:44 +0000] "GET /?e=72259437031000&mod=ec8ce6ab&uri=form.php%3Fid%3D2411379-22%26name%3Dswatch+uhren+unisex HTTP/1.1" 301 - "-" "Mozilla/5.0 (Linux; Android 6.0.1; Nexus 5X Build/MMB29P) AppleWebKit/537.36 (KHTML, like Gecko) Chrome/137.0.7151.103 Mobile Safari/537.36 (compatible; GoogleOther)"
66.249.64.132 - - [13/Jul/2025:00:47:52 +0000] "GET /?e=72259437031000&mod=ec8ce6ab&uri=form.php%3Fid%3D2411379-22%26name%3Dswatch%20uhren%20unisex HTTP/1.1" 200 26109 "-" "Mozilla/5.0 (Linux; Android 6.0.1; Nexus 5X Build/MMB29P) AppleWebKit/537.36 (KHTML, like Gecko) Chrome/137.0.7151.103 Mobile Safari/537.36 (compatible; GoogleOther)"
209.74.77.214 - - [13/Jul/2025:00:48:57 +0000] "POST /wp-cron.php?doing_wp_cron=1752367737.1010301113128662109375 HTTP/1.1" 200 - "-" "WordPress/6.8.1; https://cyber-secure.com.au"
66.249.64.132 - - [13/Jul/2025:00:48:55 +0000] "GET /?e=116578415021000&mod=fe51510c&uri=search.php%3Fid%3D3890630-133%26name%3Dsonex+ladies+watch HTTP/1.1" 301 - "-" "Mozilla/5.0 (Linux; Android 6.0.1; Nexus 5X Build/MMB29P) AppleWebKit/537.36 (KHTML, like Gecko) Chrome/137.0.7151.103 Mobile Safari/537.36 (compatible; GoogleOther)"
209.74.77.214 - - [13/Jul/2025:00:48:57 +0000] "POST /wp-admin/admin-ajax.php?action=async_litespeed&nonce=jMwDKk07QlUtYpp4pfcrb0xc6OZMU5vm&litespeed_type=imgoptm HTTP/1.1" 200 21 "-" "WordPress/6.8.1; https://cyber-secure.com.au"
66.249.64.128 - - [13/Jul/2025:00:49:04 +0000] "GET /?e=116578415021000&mod=fe51510c&uri=search.php%3Fid%3D3890630-133%26name%3Dsonex%20ladies%20watch HTTP/1.1" 200 26109 "-" "Mozilla/5.0 (Linux; Android 6.0.1; Nexus 5X Build/MMB29P) AppleWebKit/537.36 (KHTML, like Gecko) Chrome/137.0.7151.103 Mobile Safari/537.36 (compatible; GoogleOther)"
209.74.77.214 - - [13/Jul/2025:00:49:21 +0000] "POST /wp-cron.php?doing_wp_cron=1752367761.6649310588836669921875 HTTP/1.1" 200 - "-" "WordPress/6.8.1; https://cyber-secure.com.au"
66.249.64.132 - - [13/Jul/2025:00:49:21 +0000] "GET /?e=100184931021000&mod=a01a0380&uri=products.php%3Fid%3D3343428-39%26name%3Dchairs+on+pepperfry HTTP/1.1" 301 - "-" "Mozilla/5.0 (Linux; Android 6.0.1; Nexus 5X Build/MMB29P) AppleWebKit/537.36 (KHTML, like Gecko) Chrome/137.0.7151.103 Mobile Safari/537.36 (compatible; GoogleOther)"
209.74.77.214 - - [13/Jul/2025:00:49:21 +0000] "POST /wp-admin/admin-ajax.php?action=async_litespeed&nonce=x8dYPkwTtwi8KIWykLirR8Vg1NfHsbwW&litespeed_type=imgoptm HTTP/1.1" 200 21 "-" "WordPress/6.8.1; https://cyber-secure.com.au"
66.249.64.132 - - [13/Jul/2025:00:49:29 +0000] "GET /?e=100184931021000&mod=a01a0380&uri=products.php%3Fid%3D3343428-39%26name%3Dchairs%20on%20pepperfry HTTP/1.1" 200 26107 "-" "Mozilla/5.0 (Linux; Android 6.0.1; Nexus 5X Build/MMB29P) AppleWebKit/537.36 (KHTML, like Gecko) Chrome/137.0.7151.103 Mobile Safari/537.36 (compatible; GoogleOther)"
209.74.77.214 - - [13/Jul/2025:00:55:39 +0000] "POST /wp-cron.php?doing_wp_cron=1752368139.2733991146087646484375 HTTP/1.1" 200 - "-" "WordPress/6.8.1; https://cyber-secure.com.au"
66.249.64.128 - - [13/Jul/2025:00:55:37 +0000] "GET /?e=99612607081000&mod=b4e62d56&uri=blog.php%3Fid%3D3324326-1050%26name%3Duga+vinyl+decals HTTP/1.1" 301 - "-" "Mozilla/5.0 (Linux; Android 6.0.1; Nexus 5X Build/MMB29P) AppleWebKit/537.36 (KHTML, like Gecko) Chrome/137.0.7151.103 Mobile Safari/537.36 (compatible; GoogleOther)"
209.74.77.214 - - [13/Jul/2025:00:55:39 +0000] "POST /wp-admin/admin-ajax.php?action=async_litespeed&nonce=aPUW4fZscYRzjyybmK2ScOtLBudNkCd4&litespeed_type=imgoptm HTTP/1.1" 200 21 "-" "WordPress/6.8.1; https://cyber-secure.com.au"
66.249.64.132 - - [13/Jul/2025:00:55:54 +0000] "GET /?e=107501583041000&mod=91bc333f&uri=article.php%3Fid%3D3587680-510%26name%3Dweber+grill+starter+set HTTP/1.1" 301 - "-" "Mozilla/5.0 (Linux; Android 6.0.1; Nexus 5X Build/MMB29P) AppleWebKit/537.36 (KHTML, like Gecko) Chrome/137.0.7151.103 Mobile Safari/537.36 (compatible; GoogleOther)"
209.74.77.214 - - [13/Jul/2025:00:56:39 +0000] "POST /wp-cron.php?doing_wp_cron=1752368199.2646269798278808593750 HTTP/1.1" 200 - "-" "WordPress/6.8.1; https://cyber-secure.com.au"
209.74.77.214 - - [13/Jul/2025:00:56:39 +0000] "POST /wp-admin/admin-ajax.php?action=async_litespeed&nonce=ZhncbtkD0KjhFBK2A5Qa2328QV4K1spm&litespeed_type=imgoptm HTTP/1.1" 200 21 "-" "WordPress/6.8.1; https://cyber-secure.com.au"
66.249.64.132 - - [13/Jul/2025:00:56:38 +0000] "GET /?e=99612607081000&mod=b4e62d56&uri=blog.php%3Fid%3D3324326-1050%26name%3Duga%20vinyl%20decals HTTP/1.1" 200 26108 "-" "Mozilla/5.0 (Linux; Android 6.0.1; Nexus 5X Build/MMB29P) AppleWebKit/537.36 (KHTML, like Gecko) Chrome/137.0.7151.103 Mobile Safari/537.36 (compatible; GoogleOther)"
66.249.64.132 - - [13/Jul/2025:00:56:50 +0000] "GET /?e=107501583041000&mod=91bc333f&uri=article.php%3Fid%3D3587680-510%26name%3Dweber%20grill%20starter%20set HTTP/1.1" 200 26106 "-" "Mozilla/5.0 (Linux; Android 6.0.1; Nexus 5X Build/MMB29P) AppleWebKit/537.36 (KHTML, like Gecko) Chrome/137.0.7151.103 Mobile Safari/537.36 (compatible; GoogleOther)"
66.249.64.128 - - [13/Jul/2025:00:57:02 +0000] "GET /?e=22692156041000&mod=72f67e70&uri=blog.php%3Fid%3D757432-349%26name%3Dchaine+or+maille+serpent HTTP/1.1" 301 - "-" "Mozilla/5.0 (Linux; Android 6.0.1; Nexus 5X Build/MMB29P) AppleWebKit/537.36 (KHTML, like Gecko) Chrome/137.0.7151.103 Mobile Safari/537.36 (compatible; GoogleOther)"
209.74.77.214 - - [13/Jul/2025:00:57:11 +0000] "POST /wp-cron.php?doing_wp_cron=1752368231.6746499538421630859375 HTTP/1.1" 200 - "-" "WordPress/6.8.1; https://cyber-secure.com.au"
66.249.64.132 - - [13/Jul/2025:00:57:11 +0000] "GET /?e=17045508021000&mod=e7ac288b&uri=article.php%3Fid%3D569026-667%26name%3Dadidas+toddler+sandals+nz HTTP/1.1" 301 - "-" "Mozilla/5.0 (Linux; Android 6.0.1; Nexus 5X Build/MMB29P) AppleWebKit/537.36 (KHTML, like Gecko) Chrome/137.0.7151.103 Mobile Safari/537.36 (compatible; GoogleOther)"
66.249.64.132 - - [13/Jul/2025:00:57:27 +0000] "POST /wp-json/metform/v1/forms/views/2288 HTTP/1.1" 200 22341 "https://cyber-secure.com.au/?e=119622820031000&mod=e205ee2a&uri=article.php%3Fid%3D3992179-91%26name%3Dmountain%20bikes%20for%20sale%20gumtree" "Mozilla/5.0 (Linux; Android 6.0.1; Nexus 5X Build/MMB29P) AppleWebKit/537.36 (KHTML, like Gecko) Chrome/137.0.7151.119 Mobile Safari/537.36 (compatible; Googlebot/2.1; +http://www.google.com/bot.html)"
209.74.77.214 - - [13/Jul/2025:00:57:33 +0000] "POST /wp-cron.php?doing_wp_cron=1752368253.6613719463348388671875 HTTP/1.1" 200 - "-" "WordPress/6.8.1; https://cyber-secure.com.au"
66.249.64.132 - - [13/Jul/2025:00:57:33 +0000] "GET /?e=16988871071000&mod=a6ce9144&uri=goods.php%3Fid%3D567137-678%26name%3Dat+and+t+booster HTTP/1.1" 301 - "-" "Mozilla/5.0 (Linux; Android 6.0.1; Nexus 5X Build/MMB29P) AppleWebKit/537.36 (KHTML, like Gecko) Chrome/137.0.7151.103 Mobile Safari/537.36 (compatible; GoogleOther)"
209.74.77.214 - - [13/Jul/2025:00:57:33 +0000] "POST /wp-admin/admin-ajax.php?action=async_litespeed&nonce=R1vN0ElEFReHOGBXZDtZHxIryU6m32ig&litespeed_type=imgoptm HTTP/1.1" 200 21 "-" "WordPress/6.8.1; https://cyber-secure.com.au"
66.249.64.132 - - [13/Jul/2025:00:57:48 +0000] "GET /?e=107679604041000&mod=a01a0380&uri=form.php%3Fid%3D3593626-39%26name%3Datlas+headrest+review HTTP/1.1" 301 - "-" "Mozilla/5.0 (Linux; Android 6.0.1; Nexus 5X Build/MMB29P) AppleWebKit/537.36 (KHTML, like Gecko) Chrome/137.0.7151.103 Mobile Safari/537.36 (compatible; GoogleOther)"
66.249.64.132 - - [13/Jul/2025:00:57:57 +0000] "GET /?e=1179681011000&mod=4ea06fbc&uri=news.php%3Fid%3D39385-77%26name%3Dgh+bass+outlet+store+locations HTTP/1.1" 301 - "-" "Mozilla/5.0 (Linux; Android 6.0.1; Nexus 5X Build/MMB29P) AppleWebKit/537.36 (KHTML, like Gecko) Chrome/137.0.7151.103 Mobile Safari/537.36 (compatible; GoogleOther)"
209.74.77.214 - - [13/Jul/2025:00:58:14 +0000] "POST /wp-cron.php?doing_wp_cron=1752368293.9906959533691406250000 HTTP/1.1" 200 - "-" "WordPress/6.8.1; https://cyber-secure.com.au"
209.74.77.214 - - [13/Jul/2025:00:58:14 +0000] "POST /wp-admin/admin-ajax.php?action=async_litespeed&nonce=ufc9eZX4zGgLQjPt1l1TZUPCjurkgRfO&litespeed_type=imgoptm HTTP/1.1" 200 21 "-" "WordPress/6.8.1; https://cyber-secure.com.au"
66.249.64.129 - - [13/Jul/2025:00:58:13 +0000] "GET /?e=22692156041000&mod=72f67e70&uri=blog.php%3Fid%3D757432-349%26name%3Dchaine%20or%20maille%20serpent HTTP/1.1" 200 26109 "-" "Mozilla/5.0 (Linux; Android 6.0.1; Nexus 5X Build/MMB29P) AppleWebKit/537.36 (KHTML, like Gecko) Chrome/137.0.7151.103 Mobile Safari/537.36 (compatible; GoogleOther)"
66.249.64.128 - - [13/Jul/2025:00:58:27 +0000] "GET /?e=62495476011000&mod=ccbaefcc&uri=product.php%3Fid%3D2085547-1370%26name%3Dring+rapper+ug HTTP/1.1" 200 21299 "-" "Mozilla/5.0 (Linux; Android 6.0.1; Nexus 5X Build/MMB29P) AppleWebKit/537.36 (KHTML, like Gecko) Chrome/137.0.7151.103 Mobile Safari/537.36 (compatible; Googlebot/2.1; +http://www.google.com/bot.html)"
66.249.64.132 - - [13/Jul/2025:00:58:43 +0000] "GET /?e=17045508021000&mod=e7ac288b&uri=article.php%3Fid%3D569026-667%26name%3Dadidas%20toddler%20sandals%20nz HTTP/1.1" 200 26111 "-" "Mozilla/5.0 (Linux; Android 6.0.1; Nexus 5X Build/MMB29P) AppleWebKit/537.36 (KHTML, like Gecko) Chrome/137.0.7151.103 Mobile Safari/537.36 (compatible; GoogleOther)"
66.249.64.132 - - [13/Jul/2025:00:59:04 +0000] "GET /?e=50457832051000&mod=0f65caf0&uri=goods.php%3Fid%3D1683869-454%26name%3Dfunko+venompool HTTP/1.1" 200 22363 "-" "Mozilla/5.0 (compatible; Googlebot/2.1; +http://www.google.com/bot.html)"
209.74.77.214 - - [13/Jul/2025:00:59:25 +0000] "POST /wp-cron.php?doing_wp_cron=1752368365.6629850864410400390625 HTTP/1.1" 200 - "-" "WordPress/6.8.1; https://cyber-secure.com.au"
209.74.77.214 - - [13/Jul/2025:00:59:25 +0000] "POST /wp-admin/admin-ajax.php?action=async_litespeed&nonce=Z1PDR2eEAdI50RAb69lUUENUHQjh9My9&litespeed_type=imgoptm HTTP/1.1" 200 21 "-" "WordPress/6.8.1; https://cyber-secure.com.au"
66.249.64.128 - - [13/Jul/2025:00:59:25 +0000] "GET /?e=16988871071000&mod=a6ce9144&uri=goods.php%3Fid%3D567137-678%26name%3Dat%20and%20t%20booster HTTP/1.1" 200 26106 "-" "Mozilla/5.0 (Linux; Android 6.0.1; Nexus 5X Build/MMB29P) AppleWebKit/537.36 (KHTML, like Gecko) Chrome/137.0.7151.103 Mobile Safari/537.36 (compatible; GoogleOther)"
66.249.64.132 - - [13/Jul/2025:00:59:48 +0000] "GET /?e=107679604041000&mod=a01a0380&uri=form.php%3Fid%3D3593626-39%26name%3Datlas%20headrest%20review HTTP/1.1" 200 26106 "-" "Mozilla/5.0 (Linux; Android 6.0.1; Nexus 5X Build/MMB29P) AppleWebKit/537.36 (KHTML, like Gecko) Chrome/137.0.7151.103 Mobile Safari/537.36 (compatible; GoogleOther)"
209.74.77.214 - - [13/Jul/2025:01:00:31 +0000] "POST /wp-cron.php?doing_wp_cron=1752368431.7767219543457031250000 HTTP/1.1" 200 - "-" "WordPress/6.8.1; https://cyber-secure.com.au"
209.74.77.214 - - [13/Jul/2025:01:00:31 +0000] "POST /wp-admin/admin-ajax.php?action=async_litespeed&nonce=m9ezkDCLeJCOoTXNuTTwC9xYKWWkzt4d&litespeed_type=imgoptm HTTP/1.1" 200 21 "-" "WordPress/6.8.1; https://cyber-secure.com.au"
66.249.64.132 - - [13/Jul/2025:01:00:30 +0000] "GET /?e=1179681011000&mod=4ea06fbc&uri=news.php%3Fid%3D39385-77%26name%3Dgh%20bass%20outlet%20store%20locations HTTP/1.1" 200 26112 "-" "Mozilla/5.0 (Linux; Android 6.0.1; Nexus 5X Build/MMB29P) AppleWebKit/537.36 (KHTML, like Gecko) Chrome/137.0.7151.103 Mobile Safari/537.36 (compatible; GoogleOther)"
209.74.77.214 - - [13/Jul/2025:01:01:27 +0000] "POST /wp-cron.php?doing_wp_cron=1752368487.1363921165466308593750 HTTP/1.1" 200 - "-" "WordPress/6.8.1; https://cyber-secure.com.au"
66.249.64.132 - - [13/Jul/2025:01:01:25 +0000] "GET /?e=72391223031000&mod=0d5bd023&uri=search.php%3Fid%3D2415777-433%26name%3Dcozette+ugg HTTP/1.1" 301 - "-" "Mozilla/5.0 (Linux; Android 6.0.1; Nexus 5X Build/MMB29P) AppleWebKit/537.36 (KHTML, like Gecko) Chrome/137.0.7151.103 Mobile Safari/537.36 (compatible; GoogleOther)"
209.74.77.214 - - [13/Jul/2025:01:01:27 +0000] "POST /wp-admin/admin-ajax.php?action=async_litespeed&nonce=GvWYBvqSPGHK6kISFxM4RSU0YnZYOHwD&litespeed_type=imgoptm HTTP/1.1" 200 21 "-" "WordPress/6.8.1; https://cyber-secure.com.au"
66.249.64.128 - - [13/Jul/2025:01:01:50 +0000] "GET /?e=72391223031000&mod=0d5bd023&uri=search.php%3Fid%3D2415777-433%26name%3Dcozette%20ugg HTTP/1.1" 200 26104 "-" "Mozilla/5.0 (Linux; Android 6.0.1; Nexus 5X Build/MMB29P) AppleWebKit/537.36 (KHTML, like Gecko) Chrome/137.0.7151.103 Mobile Safari/537.36 (compatible; GoogleOther)"
209.74.77.214 - - [13/Jul/2025:01:02:24 +0000] "POST /wp-cron.php?doing_wp_cron=1752368544.4143500328063964843750 HTTP/1.1" 200 - "-" "WordPress/6.8.1; https://cyber-secure.com.au"
66.249.64.129 - - [13/Jul/2025:01:02:24 +0000] "GET /?e=1120537071000&mod=5f2c22cb&uri=blog.php%3Fid%3D37411-72%26name%3Dviking+tree+of+life+necklace HTTP/1.1" 301 - "-" "Mozilla/5.0 (Linux; Android 6.0.1; Nexus 5X Build/MMB29P) AppleWebKit/537.36 (KHTML, like Gecko) Chrome/137.0.7151.103 Mobile Safari/537.36 (compatible; GoogleOther)"
209.74.77.214 - - [13/Jul/2025:01:02:24 +0000] "POST /wp-admin/admin-ajax.php?action=async_litespeed&nonce=YDNdIACFbMNN2lpTAjBb2NPZYVUU4gmT&litespeed_type=imgoptm HTTP/1.1" 200 21 "-" "WordPress/6.8.1; https://cyber-secure.com.au"
66.249.64.128 - - [13/Jul/2025:01:02:40 +0000] "GET /?e=1120537071000&mod=5f2c22cb&uri=blog.php%3Fid%3D37411-72%26name%3Dviking%20tree%20of%20life%20necklace HTTP/1.1" 200 26104 "-" "Mozilla/5.0 (Linux; Android 6.0.1; Nexus 5X Build/MMB29P) AppleWebKit/537.36 (KHTML, like Gecko) Chrome/137.0.7151.103 Mobile Safari/537.36 (compatible; GoogleOther)"
66.249.64.129 - - [13/Jul/2025:01:03:06 +0000] "GET /?e=19686408141000&mod=b06b5541&uri=itm.php%3Fid%3D657158-248%26name%3Dattar+al+nuaim HTTP/1.1" 301 - "-" "Mozilla/5.0 (Linux; Android 6.0.1; Nexus 5X Build/MMB29P) AppleWebKit/537.36 (KHTML, like Gecko) Chrome/137.0.7151.103 Mobile Safari/537.36 (compatible; GoogleOther)"
209.74.77.214 - - [13/Jul/2025:01:03:13 +0000] "POST /wp-cron.php?doing_wp_cron=1752368593.3094699382781982421875 HTTP/1.1" 200 - "-" "WordPress/6.8.1; https://cyber-secure.com.au"
66.249.64.128 - - [13/Jul/2025:01:03:13 +0000] "GET /?e=19686408141000&mod=b06b5541&uri=itm.php%3Fid%3D657158-248%26name%3Dattar%20al%20nuaim HTTP/1.1" 200 26111 "-" "Mozilla/5.0 (Linux; Android 6.0.1; Nexus 5X Build/MMB29P) AppleWebKit/537.36 (KHTML, like Gecko) Chrome/137.0.7151.103 Mobile Safari/537.36 (compatible; GoogleOther)"
66.249.64.132 - - [13/Jul/2025:01:03:39 +0000] "GET /?e=4228082061000&mod=9de6d14f&uri=shop.php%3Fid%3D141120-35%26name%3D1135g7+mx350 HTTP/1.1" 200 22102 "-" "Mozilla/5.0 (Linux; Android 6.0.1; Nexus 5X Build/MMB29P) AppleWebKit/537.36 (KHTML, like Gecko) Chrome/137.0.7151.103 Mobile Safari/537.36 (compatible; Googlebot/2.1; +http://www.google.com/bot.html)"
66.249.64.129 - - [13/Jul/2025:01:04:07 +0000] "GET /pcmypage?callback=/product%2Fdetail%2F50461912052000 HTTP/1.1" 200 22403 "-" "Mozilla/5.0 (compatible; Googlebot/2.1; +http://www.google.com/bot.html)"
209.74.77.214 - - [13/Jul/2025:01:04:59 +0000] "POST /wp-cron.php?doing_wp_cron=1752368699.1047430038452148437500 HTTP/1.1" 200 - "-" "WordPress/6.8.1; https://cyber-secure.com.au"
66.249.64.132 - - [13/Jul/2025:01:04:57 +0000] "GET /?e=52851858041000&mod=e9fb2eda&uri=dp.php%3Fid%3D1763714-311%26name%3Dpopstar+keira+barbie HTTP/1.1" 301 - "-" "Mozilla/5.0 (Linux; Android 6.0.1; Nexus 5X Build/MMB29P) AppleWebKit/537.36 (KHTML, like Gecko) Chrome/137.0.7151.103 Mobile Safari/537.36 (compatible; GoogleOther)"
209.74.77.214 - - [13/Jul/2025:01:04:59 +0000] "POST /wp-admin/admin-ajax.php?action=async_litespeed&nonce=GrOrCmVtW3a40GdXhf5tMrVZ5CvEsYcK&litespeed_type=imgoptm HTTP/1.1" 200 21 "-" "WordPress/6.8.1; https://cyber-secure.com.au"
209.74.77.214 - - [13/Jul/2025:01:05:10 +0000] "POST /wp-cron.php?doing_wp_cron=1752368710.1458361148834228515625 HTTP/1.1" 200 - "-" "WordPress/6.8.1; https://cyber-secure.com.au"
66.249.64.132 - - [13/Jul/2025:01:05:09 +0000] "GET /?e=52851858041000&mod=e9fb2eda&uri=dp.php%3Fid%3D1763714-311%26name%3Dpopstar%20keira%20barbie HTTP/1.1" 200 26103 "-" "Mozilla/5.0 (Linux; Android 6.0.1; Nexus 5X Build/MMB29P) AppleWebKit/537.36 (KHTML, like Gecko) Chrome/137.0.7151.103 Mobile Safari/537.36 (compatible; GoogleOther)"
66.249.64.128 - - [13/Jul/2025:01:05:43 +0000] "POST /wp-json/metform/v1/forms/views/2288 HTTP/1.1" 200 22349 "https://cyber-secure.com.au/?e=72259437031000&mod=ec8ce6ab&uri=form.php%3Fid%3D2411379-22%26name%3Dswatch%20uhren%20unisex" "Mozilla/5.0 (Linux; Android 6.0.1; Nexus 5X Build/MMB29P) AppleWebKit/537.36 (KHTML, like Gecko) Chrome/137.0.7151.119 Mobile Safari/537.36 (compatible; Googlebot/2.1; +http://www.google.com/bot.html)"
66.249.64.132 - - [13/Jul/2025:01:05:48 +0000] "GET /?e=52827591031000&mod=080c993f&uri=info.php%3Fid%3D1762905-464%26name%3Dddram HTTP/1.1" 200 22275 "-" "Mozilla/5.0 (Linux; Android 6.0.1; Nexus 5X Build/MMB29P) AppleWebKit/537.36 (KHTML, like Gecko) Chrome/137.0.7151.103 Mobile Safari/537.36 (compatible; Googlebot/2.1; +http://www.google.com/bot.html)"
66.249.64.128 - - [13/Jul/2025:01:06:28 +0000] "POST /wp-json/metform/v1/forms/views/2288 HTTP/1.1" 200 22327 "https://cyber-secure.com.au/?e=13565858001000&mod=6c9882bb&uri=info.php%3Fid%3D452922-25%26name%3Dtenchu%20ps4" "Mozilla/5.0 (Linux; Android 6.0.1; Nexus 5X Build/MMB29P) AppleWebKit/537.36 (KHTML, like Gecko) Chrome/137.0.7151.119 Mobile Safari/537.36 (compatible; Googlebot/2.1; +http://www.google.com/bot.html)"
209.74.77.214 - - [13/Jul/2025:01:07:23 +0000] "POST /wp-cron.php?doing_wp_cron=1752368843.9491629600524902343750 HTTP/1.1" 200 - "-" "WordPress/6.8.1; https://cyber-secure.com.au"
66.249.64.128 - - [13/Jul/2025:01:07:22 +0000] "GET /?e=19567029051000&mod=96c5c28b&uri=info.php%3Fid%3D653177-186%26name%3Demporio+armani+handbag HTTP/1.1" 301 - "-" "Mozilla/5.0 (Linux; Android 6.0.1; Nexus 5X Build/MMB29P) AppleWebKit/537.36 (KHTML, like Gecko) Chrome/137.0.7151.103 Mobile Safari/537.36 (compatible; GoogleOther)"
209.74.77.214 - - [13/Jul/2025:01:07:24 +0000] "POST /wp-admin/admin-ajax.php?action=async_litespeed&nonce=MtlvaNtffaJi4yRJLDLZlktAc8EK6xwT&litespeed_type=imgoptm HTTP/1.1" 200 21 "-" "WordPress/6.8.1; https://cyber-secure.com.au"
66.249.64.132 - - [13/Jul/2025:01:07:36 +0000] "GET /?e=19567029051000&mod=96c5c28b&uri=info.php%3Fid%3D653177-186%26name%3Demporio%20armani%20handbag HTTP/1.1" 200 26108 "-" "Mozilla/5.0 (Linux; Android 6.0.1; Nexus 5X Build/MMB29P) AppleWebKit/537.36 (KHTML, like Gecko) Chrome/137.0.7151.103 Mobile Safari/537.36 (compatible; GoogleOther)"
66.249.64.132 - - [13/Jul/2025:01:07:44 +0000] "POST /wp-json/metform/v1/forms/views/2288 HTTP/1.1" 200 22323 "https://cyber-secure.com.au/?e=119495963061000&mod=b6edc1cd&uri=goods.php%3Fid%3D3987946-81%26name%3Dsedia%20sospesa%20vimini" "Mozilla/5.0 (Linux; Android 6.0.1; Nexus 5X Build/MMB29P) AppleWebKit/537.36 (KHTML, like Gecko) Chrome/137.0.7151.119 Mobile Safari/537.36 (compatible; Googlebot/2.1; +http://www.google.com/bot.html)"
66.249.64.129 - - [13/Jul/2025:01:08:07 +0000] "GET /?e=34569109081000&mod=3b9be7e1&uri=dp.php%3Fid%3D1153801-408%26name%3Dcolumbia+pullover+sweater HTTP/1.1" 200 21468 "-" "Mozilla/5.0 (Linux; Android 6.0.1; Nexus 5X Build/MMB29P) AppleWebKit/537.36 (KHTML, like Gecko) Chrome/137.0.7151.103 Mobile Safari/537.36 (compatible; Googlebot/2.1; +http://www.google.com/bot.html)"
66.249.64.128 - - [13/Jul/2025:01:08:21 +0000] "GET /?e=72242911031000&mod=39b8f721&uri=products.php%3Fid%3D2410824-427%26name%3Dyz+250+targata HTTP/1.1" 200 22121 "-" "Mozilla/5.0 (Linux; Android 6.0.1; Nexus 5X Build/MMB29P) AppleWebKit/537.36 (KHTML, like Gecko) Chrome/137.0.7151.103 Mobile Safari/537.36 (compatible; Googlebot/2.1; +http://www.google.com/bot.html)"
66.249.64.132 - - [13/Jul/2025:01:08:47 +0000] "POST /get-message-notify HTTP/1.1" 200 21399 "https://cyber-secure.com.au/?e=72242911031000&mod=39b8f721&uri=products.php%3Fid%3D2410824-427%26name%3Dyz+250+targata" "Mozilla/5.0 (Linux; Android 6.0.1; Nexus 5X Build/MMB29P) AppleWebKit/537.36 (KHTML, like Gecko) Chrome/137.0.7151.119 Mobile Safari/537.36 (compatible; Googlebot/2.1; +http://www.google.com/bot.html)"
66.249.64.132 - - [13/Jul/2025:01:09:27 +0000] "GET /?e=53029615031000&mod=080c993f&uri=blog.php%3Fid%3D1769647-464%26name%3Dpsd416g26662h HTTP/1.1" 200 21572 "-" "Mozilla/5.0 (Linux; Android 6.0.1; Nexus 5X Build/MMB29P) AppleWebKit/537.36 (KHTML, like Gecko) Chrome/137.0.7151.103 Mobile Safari/537.36 (compatible; Googlebot/2.1; +http://www.google.com/bot.html)"
209.74.77.214 - - [13/Jul/2025:01:09:30 +0000] "POST /wp-cron.php?doing_wp_cron=1752368970.5919079780578613281250 HTTP/1.1" 200 - "-" "WordPress/6.8.1; https://cyber-secure.com.au"
66.249.64.132 - - [13/Jul/2025:01:09:30 +0000] "GET /?e=108001011041000&mod=a01a0380&uri=news.php%3Fid%3D3604350-39%26name%3Dwickes+garden+table+and+chairs HTTP/1.1" 301 - "-" "Mozilla/5.0 (Linux; Android 6.0.1; Nexus 5X Build/MMB29P) AppleWebKit/537.36 (KHTML, like Gecko) Chrome/137.0.7151.103 Mobile Safari/537.36 (compatible; GoogleOther)"
209.74.77.214 - - [13/Jul/2025:01:09:30 +0000] "POST /wp-admin/admin-ajax.php?action=async_litespeed&nonce=gWiTfWvAuR52tLgDR3LELIRbG53cDEQD&litespeed_type=imgoptm HTTP/1.1" 200 21 "-" "WordPress/6.8.1; https://cyber-secure.com.au"
66.249.64.128 - - [13/Jul/2025:01:09:44 +0000] "GET /?e=108001011041000&mod=a01a0380&uri=news.php%3Fid%3D3604350-39%26name%3Dwickes%20garden%20table%20and%20chairs HTTP/1.1" 200 26104 "-" "Mozilla/5.0 (Linux; Android 6.0.1; Nexus 5X Build/MMB29P) AppleWebKit/537.36 (KHTML, like Gecko) Chrome/137.0.7151.103 Mobile Safari/537.36 (compatible; GoogleOther)"
66.249.64.132 - - [13/Jul/2025:01:10:05 +0000] "POST /wp-json/metform/v1/forms/views/2288 HTTP/1.1" 200 22328 "https://cyber-secure.com.au/?e=56530915051000&mod=e148bbf8&uri=blog.php%3Fid%3D1886469-595%26name%3Dbaseball%20shirt%20blanks" "Mozilla/5.0 (Linux; Android 6.0.1; Nexus 5X Build/MMB29P) AppleWebKit/537.36 (KHTML, like Gecko) Chrome/137.0.7151.119 Mobile Safari/537.36 (compatible; Googlebot/2.1; +http://www.google.com/bot.html)"
66.249.64.132 - - [13/Jul/2025:01:10:07 +0000] "GET /?e=50443672031000&mod=a35fe7f7&uri=shop.php%3Fid%3D1683397-500%26name%3Dbest+child+safety+gates+for+stairs HTTP/1.1" 200 21619 "-" "Mozilla/5.0 (compatible; Googlebot/2.1; +http://www.google.com/bot.html)"
209.74.77.214 - - [13/Jul/2025:01:13:37 +0000] "POST /wp-cron.php?doing_wp_cron=1752369217.0857629776000976562500 HTTP/1.1" 200 - "-" "WordPress/6.8.1; https://cyber-secure.com.au"
66.249.64.128 - - [13/Jul/2025:01:13:35 +0000] "GET /?e=4096398011000&mod=e9412ee5&uri=news.php%3Fid%3D136727-246%26name%3Dshower+head+spy+cameras+wireless HTTP/1.1" 301 - "-" "Mozilla/5.0 (Linux; Android 6.0.1; Nexus 5X Build/MMB29P) AppleWebKit/537.36 (KHTML, like Gecko) Chrome/137.0.7151.103 Mobile Safari/537.36 (compatible; GoogleOther)"
209.74.77.214 - - [13/Jul/2025:01:13:37 +0000] "POST /wp-admin/admin-ajax.php?action=async_litespeed&nonce=wN13Af6GYcS59uz3LP4NGVsTtsBqxwIe&litespeed_type=imgoptm HTTP/1.1" 200 21 "-" "WordPress/6.8.1; https://cyber-secure.com.au"
66.249.64.132 - - [13/Jul/2025:01:13:47 +0000] "GET /?e=4096398011000&mod=e9412ee5&uri=news.php%3Fid%3D136727-246%26name%3Dshower%20head%20spy%20cameras%20wireless HTTP/1.1" 200 26106 "-" "Mozilla/5.0 (Linux; Android 6.0.1; Nexus 5X Build/MMB29P) AppleWebKit/537.36 (KHTML, like Gecko) Chrome/137.0.7151.103 Mobile Safari/537.36 (compatible; GoogleOther)"
66.249.64.132 - - [13/Jul/2025:01:13:56 +0000] "GET /?e=98966292021000&mod=b301bbff&uri=shared.php%3Fid%3D3302754-1602%26name%3Doff+white+tee+mirror+mirror HTTP/1.1" 200 21097 "-" "Mozilla/5.0 (Linux; Android 6.0.1; Nexus 5X Build/MMB29P) AppleWebKit/537.36 (KHTML, like Gecko) Chrome/137.0.7151.103 Mobile Safari/537.36 (compatible; Googlebot/2.1; +http://www.google.com/bot.html)"
