66.249.64.132 - - [12/Jul/2025:13:13:30 +0000] "GET /?e=1131666021000&mod=edfbe1af&uri=pin.php%3Fid%3D37782-74%26name%3Dasics+gel+cumulus+15+femme+paris HTTP/1.1" 200 21706 "-" "Mozilla/5.0 (Linux; Android 6.0.1; Nexus 5X Build/MMB29P) AppleWebKit/537.36 (KHTML, like Gecko) Chrome/137.0.7151.103 Mobile Safari/537.36 (compatible; Googlebot/2.1; +http://www.google.com/bot.html)"
66.249.64.132 - - [12/Jul/2025:13:13:31 +0000] "GET /?e=1195011131000&mod=4ea06fbc&uri=pin.php%3Fid%3D39896-77%26name%3D98s+blue HTTP/1.1" 200 21639 "-" "Mozilla/5.0 (Linux; Android 6.0.1; Nexus 5X Build/MMB29P) AppleWebKit/537.36 (KHTML, like Gecko) Chrome/137.0.7151.103 Mobile Safari/537.36 (compatible; Googlebot/2.1; +http://www.google.com/bot.html)"
66.249.64.132 - - [12/Jul/2025:13:13:34 +0000] "GET /?e=1178481031000&mod=4ea06fbc&uri=pin.php%3Fid%3D39345-77%26name%3Dconverse+low+top+shoelace+length HTTP/1.1" 200 21712 "-" "Mozilla/5.0 (Linux; Android 6.0.1; Nexus 5X Build/MMB29P) AppleWebKit/537.36 (KHTML, like Gecko) Chrome/137.0.7151.103 Mobile Safari/537.36 (compatible; Googlebot/2.1; +http://www.google.com/bot.html)"
66.249.64.132 - - [12/Jul/2025:13:13:39 +0000] "GET /?e=107613329021000&mod=299a23a2&uri=pin.php%3Fid%3D3591411-106%26name%3Dnordstrom+paul+green+sneakers HTTP/1.1" 200 22427 "-" "Mozilla/5.0 (Linux; Android 6.0.1; Nexus 5X Build/MMB29P) AppleWebKit/537.36 (KHTML, like Gecko) Chrome/137.0.7151.103 Mobile Safari/537.36 (compatible; Googlebot/2.1; +http://www.google.com/bot.html)"
209.74.77.214 - - [12/Jul/2025:13:13:44 +0000] "POST /wp-cron.php?doing_wp_cron=1752326024.2209639549255371093750 HTTP/1.1" 200 - "-" "WordPress/6.8.1; https://cyber-secure.com.au"
66.249.64.132 - - [12/Jul/2025:13:13:44 +0000] "GET /?e=19692647021000&mod=b06b5541&uri=search.php%3Fid%3D657366-248%26name%3Dal+nuaim+midnight+oud HTTP/1.1" 301 - "-" "Mozilla/5.0 (Linux; Android 6.0.1; Nexus 5X Build/MMB29P) AppleWebKit/537.36 (KHTML, like Gecko) Chrome/137.0.7151.103 Mobile Safari/537.36 (compatible; GoogleOther)"
209.74.77.214 - - [12/Jul/2025:13:13:44 +0000] "POST /wp-admin/admin-ajax.php?action=async_litespeed&nonce=2KDZxmjehCVg72vRm7MmlenqGbmkCkm0&litespeed_type=imgoptm HTTP/1.1" 200 21 "-" "WordPress/6.8.1; https://cyber-secure.com.au"
66.249.64.132 - - [12/Jul/2025:13:13:45 +0000] "GET /?e=108986942031000&mod=1cbd0a83&uri=info.php%3Fid%3D3637240-1429%26name%3Dzalando+scarpe+adidas+in+saldo HTTP/1.1" 200 21391 "-" "Mozilla/5.0 (Linux; Android 6.0.1; Nexus 5X Build/MMB29P) AppleWebKit/537.36 (KHTML, like Gecko) Chrome/137.0.7151.103 Mobile Safari/537.36 (compatible; Googlebot/2.1; +http://www.google.com/bot.html)"
66.249.64.132 - - [12/Jul/2025:13:13:42 +0000] "GET /?e=1194831021000&mod=4ea06fbc&uri=pin.php%3Fid%3D39890-77%26name%3Ddance+shoes+boots HTTP/1.1" 200 22116 "-" "Mozilla/5.0 (Linux; Android 6.0.1; Nexus 5X Build/MMB29P) AppleWebKit/537.36 (KHTML, like Gecko) Chrome/137.0.7151.103 Mobile Safari/537.36 (compatible; Googlebot/2.1; +http://www.google.com/bot.html)"
66.249.64.132 - - [12/Jul/2025:13:13:54 +0000] "GET /?e=19692647021000&mod=b06b5541&uri=search.php%3Fid%3D657366-248%26name%3Dal%20nuaim%20midnight%20oud HTTP/1.1" 200 26104 "-" "Mozilla/5.0 (Linux; Android 6.0.1; Nexus 5X Build/MMB29P) AppleWebKit/537.36 (KHTML, like Gecko) Chrome/137.0.7151.103 Mobile Safari/537.36 (compatible; GoogleOther)"
66.249.64.128 - - [12/Jul/2025:13:13:57 +0000] "GET /?e=1095157011000&mod=5f2c22cb&uri=brands.php%3Fid%3D36565-72%26name%3Deffy+bolo+bracelet HTTP/1.1" 200 21408 "-" "Mozilla/5.0 (Linux; Android 6.0.1; Nexus 5X Build/MMB29P) AppleWebKit/537.36 (KHTML, like Gecko) Chrome/137.0.7151.103 Mobile Safari/537.36 (compatible; Googlebot/2.1; +http://www.google.com/bot.html)"
66.249.64.129 - - [12/Jul/2025:13:14:01 +0000] "GET /?e=17122577091000&mod=c0f52c66&uri=shared.php%3Fid%3D571595-682%26name%3Dpython+tool+bag HTTP/1.1" 200 21168 "-" "Mozilla/5.0 (Linux; Android 6.0.1; Nexus 5X Build/MMB29P) AppleWebKit/537.36 (KHTML, like Gecko) Chrome/137.0.7151.103 Mobile Safari/537.36 (compatible; Googlebot/2.1; +http://www.google.com/bot.html)"
66.249.64.132 - - [12/Jul/2025:13:14:04 +0000] "GET /?e=1197891021000&mod=4ea06fbc&uri=pin.php%3Fid%3D39992-77%26name%3Dflamenco+shoes+in+stock HTTP/1.1" 200 21476 "-" "Mozilla/5.0 (Linux; Android 6.0.1; Nexus 5X Build/MMB29P) AppleWebKit/537.36 (KHTML, like Gecko) Chrome/137.0.7151.103 Mobile Safari/537.36 (compatible; Googlebot/2.1; +http://www.google.com/bot.html)"
66.249.64.132 - - [12/Jul/2025:13:14:05 +0000] "POST /get-message-notify HTTP/1.1" 200 21390 "https://cyber-secure.com.au/?e=1194831021000&mod=4ea06fbc&uri=pin.php%3Fid%3D39890-77%26name%3Ddance+shoes+boots" "Mozilla/5.0 (Linux; Android 6.0.1; Nexus 5X Build/MMB29P) AppleWebKit/537.36 (KHTML, like Gecko) Chrome/137.0.7151.119 Mobile Safari/537.36 (compatible; Googlebot/2.1; +http://www.google.com/bot.html)"
209.74.77.214 - - [12/Jul/2025:13:14:09 +0000] "POST /wp-cron.php?doing_wp_cron=1752326049.1573340892791748046875 HTTP/1.1" 200 - "-" "WordPress/6.8.1; https://cyber-secure.com.au"
66.249.64.128 - - [12/Jul/2025:13:14:09 +0000] "GET /?e=1131666021000&mod=edfbe1af&uri=pin.php%3Fid%3D37782-74%26name%3Dasics+gel+cumulus+15+femme+paris HTTP/1.1" 301 - "-" "Mozilla/5.0 (Linux; Android 6.0.1; Nexus 5X Build/MMB29P) AppleWebKit/537.36 (KHTML, like Gecko) Chrome/137.0.7151.103 Mobile Safari/537.36 (compatible; GoogleOther)"
66.249.64.132 - - [12/Jul/2025:13:14:13 +0000] "GET /?e=1111837001000&mod=edfbe1af&uri=pin.php%3Fid%3D37121-74%26name%3Dasics+gt+4000+bordeaux HTTP/1.1" 200 21453 "-" "Mozilla/5.0 (Linux; Android 6.0.1; Nexus 5X Build/MMB29P) AppleWebKit/537.36 (KHTML, like Gecko) Chrome/137.0.7151.103 Mobile Safari/537.36 (compatible; Googlebot/2.1; +http://www.google.com/bot.html)"
209.74.77.214 - - [12/Jul/2025:13:14:18 +0000] "POST /wp-cron.php?doing_wp_cron=1752326058.4061400890350341796875 HTTP/1.1" 200 - "-" "WordPress/6.8.1; https://cyber-secure.com.au"
209.74.77.214 - - [12/Jul/2025:13:14:18 +0000] "POST /wp-admin/admin-ajax.php?action=async_litespeed&nonce=68fNJXj4EIKPyH1Ej0TH5sTmkS33JgcD&litespeed_type=imgoptm HTTP/1.1" 200 21 "-" "WordPress/6.8.1; https://cyber-secure.com.au"
66.249.64.132 - - [12/Jul/2025:13:14:18 +0000] "GET /?e=1131666021000&mod=edfbe1af&uri=pin.php%3Fid%3D37782-74%26name%3Dasics%20gel%20cumulus%2015%20femme%20paris HTTP/1.1" 200 26104 "-" "Mozilla/5.0 (Linux; Android 6.0.1; Nexus 5X Build/MMB29P) AppleWebKit/537.36 (KHTML, like Gecko) Chrome/137.0.7151.103 Mobile Safari/537.36 (compatible; GoogleOther)"
66.249.64.132 - - [12/Jul/2025:13:14:19 +0000] "GET /?e=17011191131000&mod=a01a0380&uri=pin.php%3Fid%3D567882-39%26name%3Deno+air+pod+hanging+chair HTTP/1.1" 200 21675 "-" "Mozilla/5.0 (Linux; Android 6.0.1; Nexus 5X Build/MMB29P) AppleWebKit/537.36 (KHTML, like Gecko) Chrome/137.0.7151.103 Mobile Safari/537.36 (compatible; Googlebot/2.1; +http://www.google.com/bot.html)"
66.249.64.132 - - [12/Jul/2025:13:14:21 +0000] "GET /?e=17053848021000&mod=3214a6d8&uri=pin.php%3Fid%3D569304-188%26name%3Dbear+fur+coat+workaholics HTTP/1.1" 200 22269 "-" "Mozilla/5.0 (Linux; Android 6.0.1; Nexus 5X Build/MMB29P) AppleWebKit/537.36 (KHTML, like Gecko) Chrome/137.0.7151.103 Mobile Safari/537.36 (compatible; Googlebot/2.1; +http://www.google.com/bot.html)"
66.249.64.132 - - [12/Jul/2025:13:14:22 +0000] "GET /?e=17010531011000&mod=a01a0380&uri=pin.php%3Fid%3D567860-39%26name%3Dlazy+boy+air+executive+chair HTTP/1.1" 200 22241 "-" "Mozilla/5.0 (Linux; Android 6.0.1; Nexus 5X Build/MMB29P) AppleWebKit/537.36 (KHTML, like Gecko) Chrome/137.0.7151.103 Mobile Safari/537.36 (compatible; Googlebot/2.1; +http://www.google.com/bot.html)"
66.249.64.132 - - [12/Jul/2025:13:14:27 +0000] "GET /?e=107292554021000&mod=a01a0380&uri=pin.php%3Fid%3D3580701-39%26name%3Dbox+cushion+armchair+slipcover HTTP/1.1" 200 21784 "-" "Mozilla/5.0 (Linux; Android 6.0.1; Nexus 5X Build/MMB29P) AppleWebKit/537.36 (KHTML, like Gecko) Chrome/137.0.7151.103 Mobile Safari/537.36 (compatible; Googlebot/2.1; +http://www.google.com/bot.html)"
66.249.64.132 - - [12/Jul/2025:13:14:36 +0000] "GET /?e=17069087041000&mod=3214a6d8&uri=pin.php%3Fid%3D569812-188%26name%3Dasda+mustard+jacket HTTP/1.1" 200 22368 "-" "Mozilla/5.0 (Linux; Android 6.0.1; Nexus 5X Build/MMB29P) AppleWebKit/537.36 (KHTML, like Gecko) Chrome/137.0.7151.103 Mobile Safari/537.36 (compatible; Googlebot/2.1; +http://www.google.com/bot.html)"
66.249.64.132 - - [12/Jul/2025:13:14:42 +0000] "GET /?e=107297654021000&mod=a01a0380&uri=pin.php%3Fid%3D3580871-39%26name%3Dmcm+walnut+dining+chairs HTTP/1.1" 200 21533 "-" "Mozilla/5.0 (Linux; Android 6.0.1; Nexus 5X Build/MMB29P) AppleWebKit/537.36 (KHTML, like Gecko) Chrome/137.0.7151.103 Mobile Safari/537.36 (compatible; Googlebot/2.1; +http://www.google.com/bot.html)"
66.249.64.132 - - [12/Jul/2025:13:14:44 +0000] "POST /wp-json/metform/v1/forms/views/2288 HTTP/1.1" 200 22328 "https://cyber-secure.com.au/?e=19692647021000&mod=b06b5541&uri=search.php%3Fid%3D657366-248%26name%3Dal%20nuaim%20midnight%20oud" "Mozilla/5.0 (Linux; Android 6.0.1; Nexus 5X Build/MMB29P) AppleWebKit/537.36 (KHTML, like Gecko) Chrome/137.0.7151.119 Mobile Safari/537.36 (compatible; Googlebot/2.1; +http://www.google.com/bot.html)"
66.249.64.132 - - [12/Jul/2025:13:14:45 +0000] "GET /?e=17122577031000&mod=c0f52c66&uri=goods.php%3Fid%3D571595-682%26name%3Dpython+tool+bag HTTP/1.1" 200 20980 "-" "Mozilla/5.0 (Linux; Android 6.0.1; Nexus 5X Build/MMB29P) AppleWebKit/537.36 (KHTML, like Gecko) Chrome/137.0.7151.103 Mobile Safari/537.36 (compatible; Googlebot/2.1; +http://www.google.com/bot.html)"
66.249.64.132 - - [12/Jul/2025:13:14:49 +0000] "GET /pcmypage?callback=/product%2Fdetail%2F116614610002000 HTTP/1.1" 404 18280 "-" "Mozilla/5.0 (Linux; Android 6.0.1; Nexus 5X Build/MMB29P) AppleWebKit/537.36 (KHTML, like Gecko) Chrome/137.0.7151.103 Mobile Safari/537.36 (compatible; GoogleOther)"
66.249.64.128 - - [12/Jul/2025:13:14:52 +0000] "GET /?e=17147751071000&mod=5e9fb672&uri=blog.php%3Fid%3D572435-683%26name%3Dfotos+de+vestidos+de+novia+mexicanos HTTP/1.1" 200 21048 "-" "Mozilla/5.0 (Linux; Android 6.0.1; Nexus 5X Build/MMB29P) AppleWebKit/537.36 (KHTML, like Gecko) Chrome/137.0.7151.103 Mobile Safari/537.36 (compatible; Googlebot/2.1; +http://www.google.com/bot.html)"
66.249.64.132 - - [12/Jul/2025:13:14:56 +0000] "GET /?e=17000643041000&mod=a01a0380&uri=products.php%3Fid%3D567530-39%26name%3Dronda+barrel+chair HTTP/1.1" 200 21668 "-" "Mozilla/5.0 (Linux; Android 6.0.1; Nexus 5X Build/MMB29P) AppleWebKit/537.36 (KHTML, like Gecko) Chrome/137.0.7151.103 Mobile Safari/537.36 (compatible; Googlebot/2.1; +http://www.google.com/bot.html)"
66.249.64.132 - - [12/Jul/2025:13:15:07 +0000] "GET /?e=111454856051000&mod=a01a0380&uri=goods.php%3Fid%3D3719619-39%26name%3Dgrey+velvet+dining+chairs+with+wooden+legs HTTP/1.1" 200 22517 "-" "Mozilla/5.0 (Linux; Android 6.0.1; Nexus 5X Build/MMB29P) AppleWebKit/537.36 (KHTML, like Gecko) Chrome/137.0.7151.103 Mobile Safari/537.36 (compatible; Googlebot/2.1; +http://www.google.com/bot.html)"
66.249.64.132 - - [12/Jul/2025:13:15:09 +0000] "POST /get-message-notify HTTP/1.1" 200 21396 "https://cyber-secure.com.au/?e=17000643041000&mod=a01a0380&uri=products.php%3Fid%3D567530-39%26name%3Dronda+barrel+chair" "Mozilla/5.0 (Linux; Android 6.0.1; Nexus 5X Build/MMB29P) AppleWebKit/537.36 (KHTML, like Gecko) Chrome/137.0.7151.119 Mobile Safari/537.36 (compatible; Googlebot/2.1; +http://www.google.com/bot.html)"
66.249.64.132 - - [12/Jul/2025:13:15:13 +0000] "GET /?e=17006403031000&mod=a01a0380&uri=pin.php%3Fid%3D567722-39%26name%3Dwayfair+farmhouse+bar+stools HTTP/1.1" 200 22353 "-" "Mozilla/5.0 (Linux; Android 6.0.1; Nexus 5X Build/MMB29P) AppleWebKit/537.36 (KHTML, like Gecko) Chrome/137.0.7151.103 Mobile Safari/537.36 (compatible; Googlebot/2.1; +http://www.google.com/bot.html)"
66.249.64.132 - - [12/Jul/2025:13:15:15 +0000] "GET /?e=17125697031000&mod=c0f52c66&uri=shop.php%3Fid%3D571699-682%26name%3Dalps+outdoorz+matrix+backpack HTTP/1.1" 200 21490 "-" "Mozilla/5.0 (Linux; Android 6.0.1; Nexus 5X Build/MMB29P) AppleWebKit/537.36 (KHTML, like Gecko) Chrome/137.0.7151.103 Mobile Safari/537.36 (compatible; Googlebot/2.1; +http://www.google.com/bot.html)"
66.249.64.132 - - [12/Jul/2025:13:15:17 +0000] "GET /?e=17046228011000&mod=f74909ac&uri=pin.php%3Fid%3D569050-43%26name%3Dstone+mountain+handbags+amazon HTTP/1.1" 200 22031 "-" "Mozilla/5.0 (Linux; Android 6.0.1; Nexus 5X Build/MMB29P) AppleWebKit/537.36 (KHTML, like Gecko) Chrome/137.0.7151.103 Mobile Safari/537.36 (compatible; Googlebot/2.1; +http://www.google.com/bot.html)"
66.249.64.132 - - [12/Jul/2025:13:15:21 +0000] "GET /?e=17122577071000&mod=c0f52c66&uri=us.php%3Fid%3D571595-682%26name%3Dpython+tool+bag HTTP/1.1" 200 21995 "-" "Mozilla/5.0 (Linux; Android 6.0.1; Nexus 5X Build/MMB29P) AppleWebKit/537.36 (KHTML, like Gecko) Chrome/137.0.7151.103 Mobile Safari/537.36 (compatible; Googlebot/2.1; +http://www.google.com/bot.html)"
66.249.64.132 - - [12/Jul/2025:13:15:24 +0000] "GET /?e=52946909031000&mod=2b8f7198&uri=pin.php%3Fid%3D1766885-1242%26name%3Dcanada+goose+x+ovo+jacket+nordstrom HTTP/1.1" 200 21559 "-" "Mozilla/5.0 (Linux; Android 6.0.1; Nexus 5X Build/MMB29P) AppleWebKit/537.36 (KHTML, like Gecko) Chrome/137.0.7151.103 Mobile Safari/537.36 (compatible; Googlebot/2.1; +http://www.google.com/bot.html)"
66.249.64.132 - - [12/Jul/2025:13:15:27 +0000] "GET /?e=52895678071000&mod=55057122&uri=article.php%3Fid%3D1765175-371%26name%3Dkevin+costner+yellowstone+sunglasses HTTP/1.1" 200 21733 "-" "Mozilla/5.0 (Linux; Android 6.0.1; Nexus 5X Build/MMB29P) AppleWebKit/537.36 (KHTML, like Gecko) Chrome/137.0.7151.103 Mobile Safari/537.36 (compatible; Googlebot/2.1; +http://www.google.com/bot.html)"
66.249.64.132 - - [12/Jul/2025:13:15:29 +0000] "GET /?e=26602591031000&mod=ce65f40e&uri=shared.php%3Fid%3D887869-899%26name%3Dpolo+original+marines HTTP/1.1" 200 21398 "-" "Mozilla/5.0 (Linux; Android 6.0.1; Nexus 5X Build/MMB29P) AppleWebKit/537.36 (KHTML, like Gecko) Chrome/137.0.7151.103 Mobile Safari/537.36 (compatible; Googlebot/2.1; +http://www.google.com/bot.html)"
66.249.64.132 - - [12/Jul/2025:13:15:30 +0000] "GET /?e=53036215031000&mod=080c993f&uri=form.php%3Fid%3D1769867-464%26name%3D7410+i7 HTTP/1.1" 200 21728 "-" "Mozilla/5.0 (Linux; Android 6.0.1; Nexus 5X Build/MMB29P) AppleWebKit/537.36 (KHTML, like Gecko) Chrome/137.0.7151.103 Mobile Safari/537.36 (compatible; Googlebot/2.1; +http://www.google.com/bot.html)"
66.249.64.132 - - [12/Jul/2025:13:15:32 +0000] "GET /?e=53031715031000&mod=080c993f&uri=itm.php%3Fid%3D1769717-464%26name%3Dmxwv2ze HTTP/1.1" 200 21096 "-" "Mozilla/5.0 (Linux; Android 6.0.1; Nexus 5X Build/MMB29P) AppleWebKit/537.36 (KHTML, like Gecko) Chrome/137.0.7151.103 Mobile Safari/537.36 (compatible; Googlebot/2.1; +http://www.google.com/bot.html)"
209.74.77.214 - - [12/Jul/2025:13:15:38 +0000] "POST /wp-cron.php?doing_wp_cron=1752326138.2749810218811035156250 HTTP/1.1" 200 - "-" "WordPress/6.8.1; https://cyber-secure.com.au"
66.249.64.132 - - [12/Jul/2025:13:15:38 +0000] "GET /?e=113442047021000&mod=11a32152&uri=article.php%3Fid%3D3785970-1103%26name%3Dsteps+robe HTTP/1.1" 301 - "-" "Mozilla/5.0 (Linux; Android 6.0.1; Nexus 5X Build/MMB29P) AppleWebKit/537.36 (KHTML, like Gecko) Chrome/137.0.7151.103 Mobile Safari/537.36 (compatible; GoogleOther)"
209.74.77.214 - - [12/Jul/2025:13:15:38 +0000] "POST /wp-admin/admin-ajax.php?action=async_litespeed&nonce=axZunHvv9Wp048NH7WwvUXRD3Gdw5n1f&litespeed_type=imgoptm HTTP/1.1" 200 21 "-" "WordPress/6.8.1; https://cyber-secure.com.au"
66.249.64.132 - - [12/Jul/2025:13:15:39 +0000] "POST /get-message-notify HTTP/1.1" 200 21382 "https://cyber-secure.com.au/?e=52946909031000&mod=2b8f7198&uri=pin.php%3Fid%3D1766885-1242%26name%3Dcanada+goose+x+ovo+jacket+nordstrom" "Mozilla/5.0 (Linux; Android 6.0.1; Nexus 5X Build/MMB29P) AppleWebKit/537.36 (KHTML, like Gecko) Chrome/137.0.7151.119 Mobile Safari/537.36 (compatible; Googlebot/2.1; +http://www.google.com/bot.html)"
66.249.64.132 - - [12/Jul/2025:13:15:40 +0000] "GET /?e=53033215081000&mod=080c993f&uri=goods.php%3Fid%3D1769767-464%26name%3Dpvlr416g300c5k HTTP/1.1" 200 21219 "-" "Mozilla/5.0 (Linux; Android 6.0.1; Nexus 5X Build/MMB29P) AppleWebKit/537.36 (KHTML, like Gecko) Chrome/137.0.7151.103 Mobile Safari/537.36 (compatible; Googlebot/2.1; +http://www.google.com/bot.html)"
66.249.64.132 - - [12/Jul/2025:13:15:42 +0000] "GET /?e=53035915051000&mod=080c993f&uri=shop.php%3Fid%3D1769857-464%26name%3Dpredator+16 HTTP/1.1" 200 21457 "-" "Mozilla/5.0 (Linux; Android 6.0.1; Nexus 5X Build/MMB29P) AppleWebKit/537.36 (KHTML, like Gecko) Chrome/137.0.7151.103 Mobile Safari/537.36 (compatible; Googlebot/2.1; +http://www.google.com/bot.html)"
66.249.64.128 - - [12/Jul/2025:13:15:46 +0000] "GET /?e=113442047021000&mod=11a32152&uri=article.php%3Fid%3D3785970-1103%26name%3Dsteps%20robe HTTP/1.1" 200 26110 "-" "Mozilla/5.0 (Linux; Android 6.0.1; Nexus 5X Build/MMB29P) AppleWebKit/537.36 (KHTML, like Gecko) Chrome/137.0.7151.103 Mobile Safari/537.36 (compatible; GoogleOther)"
66.249.64.128 - - [12/Jul/2025:13:15:48 +0000] "GET /?e=53032015031000&mod=080c993f&uri=shared.php%3Fid%3D1769727-464%26name%3Dpsd48g2400k HTTP/1.1" 200 21331 "-" "Mozilla/5.0 (Linux; Android 6.0.1; Nexus 5X Build/MMB29P) AppleWebKit/537.36 (KHTML, like Gecko) Chrome/137.0.7151.103 Mobile Safari/537.36 (compatible; Googlebot/2.1; +http://www.google.com/bot.html)"
66.249.64.128 - - [12/Jul/2025:13:15:52 +0000] "GET /?e=53032315081000&mod=080c993f&uri=us.php%3Fid%3D1769737-464%26name%3D3410+i7 HTTP/1.1" 200 20686 "-" "Mozilla/5.0 (Linux; Android 6.0.1; Nexus 5X Build/MMB29P) AppleWebKit/537.36 (KHTML, like Gecko) Chrome/137.0.7151.103 Mobile Safari/537.36 (compatible; Googlebot/2.1; +http://www.google.com/bot.html)"
66.249.64.128 - - [12/Jul/2025:13:15:56 +0000] "GET /?e=53031415051000&mod=080c993f&uri=search.php%3Fid%3D1769707-464%26name%3Dcmr16gx4m2f4000c19 HTTP/1.1" 200 21195 "-" "Mozilla/5.0 (Linux; Android 6.0.1; Nexus 5X Build/MMB29P) AppleWebKit/537.36 (KHTML, like Gecko) Chrome/137.0.7151.103 Mobile Safari/537.36 (compatible; Googlebot/2.1; +http://www.google.com/bot.html)"
66.249.64.129 - - [12/Jul/2025:13:16:01 +0000] "GET /?e=52843458041000&mod=080c993f&uri=us.php%3Fid%3D1763434-464%26name%3Dhp+dw0071tu HTTP/1.1" 200 22169 "-" "Mozilla/5.0 (Linux; Android 6.0.1; Nexus 5X Build/MMB29P) AppleWebKit/537.36 (KHTML, like Gecko) Chrome/137.0.7151.103 Mobile Safari/537.36 (compatible; Googlebot/2.1; +http://www.google.com/bot.html)"
66.249.64.129 - - [12/Jul/2025:13:16:02 +0000] "GET /?e=73656148031000&mod=65cc2c82&uri=search.php%3Fid%3D2457971-102%26name%3Dbluetooth+running+watch HTTP/1.1" 301 - "-" "Mozilla/5.0 (Linux; Android 6.0.1; Nexus 5X Build/MMB29P) AppleWebKit/537.36 (KHTML, like Gecko) Chrome/137.0.7151.103 Mobile Safari/537.36 (compatible; GoogleOther)"
66.249.64.132 - - [12/Jul/2025:13:16:03 +0000] "POST /get-message-notify HTTP/1.1" 200 21395 "https://cyber-secure.com.au/?e=53032315081000&mod=080c993f&uri=us.php%3Fid%3D1769737-464%26name%3D3410+i7" "Mozilla/5.0 (Linux; Android 6.0.1; Nexus 5X Build/MMB29P) AppleWebKit/537.36 (KHTML, like Gecko) Chrome/137.0.7151.119 Mobile Safari/537.36 (compatible; Googlebot/2.1; +http://www.google.com/bot.html)"
66.249.64.132 - - [12/Jul/2025:13:16:08 +0000] "GET /?e=119453132031000&mod=c255c052&uri=itm.php%3Fid%3D3986517-387%26name%3Dweek+dumbbell+workout HTTP/1.1" 200 22153 "-" "Mozilla/5.0 (compatible; Googlebot/2.1; +http://www.google.com/bot.html)"
66.249.64.128 - - [12/Jul/2025:13:16:09 +0000] "GET /?e=52844178041000&mod=080c993f&uri=blog.php%3Fid%3D1763458-464%26name%3D64+gb+ram+rgb HTTP/1.1" 200 22700 "-" "Mozilla/5.0 (Linux; Android 6.0.1; Nexus 5X Build/MMB29P) AppleWebKit/537.36 (KHTML, like Gecko) Chrome/137.0.7151.103 Mobile Safari/537.36 (compatible; Googlebot/2.1; +http://www.google.com/bot.html)"
209.74.77.214 - - [12/Jul/2025:13:16:11 +0000] "POST /wp-cron.php?doing_wp_cron=1752326171.2483499050140380859375 HTTP/1.1" 200 - "-" "WordPress/6.8.1; https://cyber-secure.com.au"
66.249.64.128 - - [12/Jul/2025:13:16:11 +0000] "GET /?e=73656148031000&mod=65cc2c82&uri=search.php%3Fid%3D2457971-102%26name%3Dbluetooth%20running%20watch HTTP/1.1" 200 26111 "-" "Mozilla/5.0 (Linux; Android 6.0.1; Nexus 5X Build/MMB29P) AppleWebKit/537.36 (KHTML, like Gecko) Chrome/137.0.7151.103 Mobile Safari/537.36 (compatible; GoogleOther)"
66.249.64.132 - - [12/Jul/2025:13:16:19 +0000] "GET /?e=53041273041000&mod=080c993f&uri=form.php%3Fid%3D1770036-464%26name%3Dddr4+16+3200 HTTP/1.1" 200 21326 "-" "Mozilla/5.0 (Linux; Android 6.0.1; Nexus 5X Build/MMB29P) AppleWebKit/537.36 (KHTML, like Gecko) Chrome/137.0.7151.103 Mobile Safari/537.36 (compatible; Googlebot/2.1; +http://www.google.com/bot.html)"
66.249.64.132 - - [12/Jul/2025:13:16:23 +0000] "GET /?e=52825971041000&mod=080c993f&uri=products.php%3Fid%3D1762851-464%26name%3Dmac+mini+8c+cpu HTTP/1.1" 200 22128 "-" "Mozilla/5.0 (Linux; Android 6.0.1; Nexus 5X Build/MMB29P) AppleWebKit/537.36 (KHTML, like Gecko) Chrome/137.0.7151.103 Mobile Safari/537.36 (compatible; Googlebot/2.1; +http://www.google.com/bot.html)"
66.249.64.132 - - [12/Jul/2025:13:16:26 +0000] "GET /?e=53040373001000&mod=080c993f&uri=form.php%3Fid%3D1770006-464%26name%3Dvostro+14+5402 HTTP/1.1" 200 21373 "-" "Mozilla/5.0 (Linux; Android 6.0.1; Nexus 5X Build/MMB29P) AppleWebKit/537.36 (KHTML, like Gecko) Chrome/137.0.7151.103 Mobile Safari/537.36 (compatible; Googlebot/2.1; +http://www.google.com/bot.html)"
66.249.64.132 - - [12/Jul/2025:13:16:31 +0000] "GET /?e=10002115041000&mod=faad9525&uri=products.php%3Fid%3D333984-503%26name%3Dyeezy+triple+white+2019 HTTP/1.1" 200 20616 "-" "Mozilla/5.0 (Linux; Android 6.0.1; Nexus 5X Build/MMB29P) AppleWebKit/537.36 (KHTML, like Gecko) Chrome/137.0.7151.103 Mobile Safari/537.36 (compatible; Googlebot/2.1; +http://www.google.com/bot.html)"
209.74.77.214 - - [12/Jul/2025:13:16:35 +0000] "POST /wp-cron.php?doing_wp_cron=1752326195.4538140296936035156250 HTTP/1.1" 200 - "-" "WordPress/6.8.1; https://cyber-secure.com.au"
66.249.64.132 - - [12/Jul/2025:13:16:35 +0000] "GET /?e=13437585011000&mod=851300ee&uri=news.php%3Fid%3D448643-173%26name%3Dstep+two+play+kitchen HTTP/1.1" 301 - "-" "Mozilla/5.0 (Linux; Android 6.0.1; Nexus 5X Build/MMB29P) AppleWebKit/537.36 (KHTML, like Gecko) Chrome/137.0.7151.103 Mobile Safari/537.36 (compatible; GoogleOther)"
209.74.77.214 - - [12/Jul/2025:13:16:35 +0000] "POST /wp-admin/admin-ajax.php?action=async_litespeed&nonce=j7lk0iqTkZftdzAmbmFeN5eGquzF7j9f&litespeed_type=imgoptm HTTP/1.1" 200 21 "-" "WordPress/6.8.1; https://cyber-secure.com.au"
66.249.64.132 - - [12/Jul/2025:13:16:36 +0000] "GET /?e=53025090061000&mod=080c993f&uri=products.php%3Fid%3D1769496-464%26name%3Dfake+g+skill+ram HTTP/1.1" 200 21259 "-" "Mozilla/5.0 (Linux; Android 6.0.1; Nexus 5X Build/MMB29P) AppleWebKit/537.36 (KHTML, like Gecko) Chrome/137.0.7151.103 Mobile Safari/537.36 (compatible; Googlebot/2.1; +http://www.google.com/bot.html)"
66.249.64.132 - - [12/Jul/2025:13:16:39 +0000] "GET /?e=52843668031000&mod=080c993f&uri=form.php%3Fid%3D1763441-464%26name%3D3888+mt HTTP/1.1" 200 21673 "-" "Mozilla/5.0 (Linux; Android 6.0.1; Nexus 5X Build/MMB29P) AppleWebKit/537.36 (KHTML, like Gecko) Chrome/137.0.7151.103 Mobile Safari/537.36 (compatible; Googlebot/2.1; +http://www.google.com/bot.html)"
66.249.64.132 - - [12/Jul/2025:13:16:42 +0000] "GET /?e=53031385011000&mod=080c993f&uri=goods.php%3Fid%3D1769706-464%26name%3Dcmt64gx4m4k3600c16 HTTP/1.1" 200 21593 "-" "Mozilla/5.0 (Linux; Android 6.0.1; Nexus 5X Build/MMB29P) AppleWebKit/537.36 (KHTML, like Gecko) Chrome/137.0.7151.103 Mobile Safari/537.36 (compatible; Googlebot/2.1; +http://www.google.com/bot.html)"
66.249.64.132 - - [12/Jul/2025:13:16:44 +0000] "GET /?e=13437585011000&mod=851300ee&uri=news.php%3Fid%3D448643-173%26name%3Dstep%20two%20play%20kitchen HTTP/1.1" 200 26107 "-" "Mozilla/5.0 (Linux; Android 6.0.1; Nexus 5X Build/MMB29P) AppleWebKit/537.36 (KHTML, like Gecko) Chrome/137.0.7151.103 Mobile Safari/537.36 (compatible; GoogleOther)"
66.249.64.132 - - [12/Jul/2025:13:16:48 +0000] "GET /?e=52889898021000&mod=55057122&uri=pin.php%3Fid%3D1764982-371%26name%3Dd+franklin+sunglasses+greece HTTP/1.1" 200 22038 "-" "Mozilla/5.0 (Linux; Android 6.0.1; Nexus 5X Build/MMB29P) AppleWebKit/537.36 (KHTML, like Gecko) Chrome/137.0.7151.103 Mobile Safari/537.36 (compatible; Googlebot/2.1; +http://www.google.com/bot.html)"
66.249.64.132 - - [12/Jul/2025:13:16:53 +0000] "GET /?e=53033785021000&mod=080c993f&uri=itm.php%3Fid%3D1769786-464%26name%3Dviper+4400 HTTP/1.1" 200 21391 "-" "Mozilla/5.0 (Linux; Android 6.0.1; Nexus 5X Build/MMB29P) AppleWebKit/537.36 (KHTML, like Gecko) Chrome/137.0.7151.103 Mobile Safari/537.36 (compatible; Googlebot/2.1; +http://www.google.com/bot.html)"
66.249.64.132 - - [12/Jul/2025:13:16:56 +0000] "GET /?e=52880778001000&mod=55057122&uri=pin.php%3Fid%3D1764678-371%26name%3Dsunglasses+sarah+connor+terminator HTTP/1.1" 301 - "-" "Mozilla/5.0 (Linux; Android 6.0.1; Nexus 5X Build/MMB29P) AppleWebKit/537.36 (KHTML, like Gecko) Chrome/137.0.7151.103 Mobile Safari/537.36 (compatible; GoogleOther)"
66.249.64.128 - - [12/Jul/2025:13:16:58 +0000] "GET /?e=53035585011000&mod=080c993f&uri=us.php%3Fid%3D1769846-464%26name%3Dg+skill+ripjaws+reddit HTTP/1.1" 200 21555 "-" "Mozilla/5.0 (Linux; Android 6.0.1; Nexus 5X Build/MMB29P) AppleWebKit/537.36 (KHTML, like Gecko) Chrome/137.0.7151.103 Mobile Safari/537.36 (compatible; Googlebot/2.1; +http://www.google.com/bot.html)"
66.249.64.132 - - [12/Jul/2025:13:17:02 +0000] "GET /?e=58091038011000&mod=30fad467&uri=blog.php%3Fid%3D1938527-1333%26name%3Dtommy+jeans+technical+jacket HTTP/1.1" 200 21317 "-" "Mozilla/5.0 (Linux; Android 6.0.1; Nexus 5X Build/MMB29P) AppleWebKit/537.36 (KHTML, like Gecko) Chrome/137.0.7151.103 Mobile Safari/537.36 (compatible; Googlebot/2.1; +http://www.google.com/bot.html)"
66.249.64.132 - - [12/Jul/2025:13:17:03 +0000] "GET /?e=52844718041000&mod=080c993f&uri=dp.php%3Fid%3D1763476-464%26name%3D231t2pa HTTP/1.1" 200 22780 "-" "Mozilla/5.0 (Linux; Android 6.0.1; Nexus 5X Build/MMB29P) AppleWebKit/537.36 (KHTML, like Gecko) Chrome/137.0.7151.103 Mobile Safari/537.36 (compatible; Googlebot/2.1; +http://www.google.com/bot.html)"
66.249.64.129 - - [12/Jul/2025:13:17:05 +0000] "GET /?e=52880778001000&mod=55057122&uri=pin.php%3Fid%3D1764678-371%26name%3Dsunglasses%20sarah%20connor%20terminator HTTP/1.1" 200 26112 "-" "Mozilla/5.0 (Linux; Android 6.0.1; Nexus 5X Build/MMB29P) AppleWebKit/537.36 (KHTML, like Gecko) Chrome/137.0.7151.103 Mobile Safari/537.36 (compatible; GoogleOther)"
66.249.64.128 - - [12/Jul/2025:13:17:10 +0000] "GET /?e=52934068101000&mod=1a551829&uri=shared.php%3Fid%3D1766456-363%26name%3Dinternational+ring+size+chart+pdf HTTP/1.1" 200 21594 "-" "Mozilla/5.0 (Linux; Android 6.0.1; Nexus 5X Build/MMB29P) AppleWebKit/537.36 (KHTML, like Gecko) Chrome/137.0.7151.103 Mobile Safari/537.36 (compatible; Googlebot/2.1; +http://www.google.com/bot.html)"
66.249.64.132 - - [12/Jul/2025:13:17:13 +0000] "POST /get-message-notify HTTP/1.1" 200 21381 "https://cyber-secure.com.au/?e=53040373001000&mod=080c993f&uri=form.php%3Fid%3D1770006-464%26name%3Dvostro+14+5402" "Mozilla/5.0 (Linux; Android 6.0.1; Nexus 5X Build/MMB29P) AppleWebKit/537.36 (KHTML, like Gecko) Chrome/137.0.7151.119 Mobile Safari/537.36 (compatible; Googlebot/2.1; +http://www.google.com/bot.html)"
66.249.64.132 - - [12/Jul/2025:13:17:15 +0000] "GET /?e=53031055001000&mod=080c993f&uri=search.php%3Fid%3D1769695-464%26name%3Dcmu32gx4m2c3200c16b HTTP/1.1" 200 21465 "-" "Mozilla/5.0 (Linux; Android 6.0.1; Nexus 5X Build/MMB29P) AppleWebKit/537.36 (KHTML, like Gecko) Chrome/137.0.7151.103 Mobile Safari/537.36 (compatible; Googlebot/2.1; +http://www.google.com/bot.html)"
66.249.64.132 - - [12/Jul/2025:13:17:25 +0000] "GET /?e=53034055001000&mod=080c993f&uri=pin.php%3Fid%3D1769795-464%26name%3Dhyperx+sd+card HTTP/1.1" 200 21427 "-" "Mozilla/5.0 (Linux; Android 6.0.1; Nexus 5X Build/MMB29P) AppleWebKit/537.36 (KHTML, like Gecko) Chrome/137.0.7151.103 Mobile Safari/537.36 (compatible; Googlebot/2.1; +http://www.google.com/bot.html)"
209.74.77.214 - - [12/Jul/2025:13:17:27 +0000] "POST /wp-cron.php?doing_wp_cron=1752326247.1002330780029296875000 HTTP/1.1" 200 - "-" "WordPress/6.8.1; https://cyber-secure.com.au"
66.249.64.132 - - [12/Jul/2025:13:17:26 +0000] "GET /?e=107509323011000&mod=91bc333f&uri=article.php%3Fid%3D3587938-510%26name%3Dweber+silver+grill+grates HTTP/1.1" 301 - "-" "Mozilla/5.0 (Linux; Android 6.0.1; Nexus 5X Build/MMB29P) AppleWebKit/537.36 (KHTML, like Gecko) Chrome/137.0.7151.103 Mobile Safari/537.36 (compatible; GoogleOther)"
209.74.77.214 - - [12/Jul/2025:13:17:27 +0000] "POST /wp-admin/admin-ajax.php?action=async_litespeed&nonce=iEwLNVRmIk9pXTDFxZ1sf5TCHgPAtVJb&litespeed_type=imgoptm HTTP/1.1" 200 21 "-" "WordPress/6.8.1; https://cyber-secure.com.au"
66.249.64.132 - - [12/Jul/2025:13:17:28 +0000] "GET /?e=53031655051000&mod=080c993f&uri=itm.php%3Fid%3D1769715-464%26name%3Dpatriot+3200 HTTP/1.1" 200 21801 "-" "Mozilla/5.0 (Linux; Android 6.0.1; Nexus 5X Build/MMB29P) AppleWebKit/537.36 (KHTML, like Gecko) Chrome/137.0.7151.103 Mobile Safari/537.36 (compatible; Googlebot/2.1; +http://www.google.com/bot.html)"
66.249.64.132 - - [12/Jul/2025:13:17:28 +0000] "GET /?e=53025360011000&mod=080c993f&uri=pin.php%3Fid%3D1769505-464%26name%3Dmac+mini+2020+m1+ram+upgrade HTTP/1.1" 200 20796 "-" "Mozilla/5.0 (Linux; Android 6.0.1; Nexus 5X Build/MMB29P) AppleWebKit/537.36 (KHTML, like Gecko) Chrome/137.0.7151.103 Mobile Safari/537.36 (compatible; Googlebot/2.1; +http://www.google.com/bot.html)"
66.249.64.132 - - [12/Jul/2025:13:17:35 +0000] "GET /?e=44938703091000&mod=080c993f&uri=blog.php%3Fid%3D1499749-464%26name%3Dteamgroup+cx1 HTTP/1.1" 200 21725 "-" "Mozilla/5.0 (Linux; Android 6.0.1; Nexus 5X Build/MMB29P) AppleWebKit/537.36 (KHTML, like Gecko) Chrome/137.0.7151.103 Mobile Safari/537.36 (compatible; Googlebot/2.1; +http://www.google.com/bot.html)"
66.249.64.132 - - [12/Jul/2025:13:17:37 +0000] "GET /?e=107509323011000&mod=91bc333f&uri=article.php%3Fid%3D3587938-510%26name%3Dweber%20silver%20grill%20grates HTTP/1.1" 200 26109 "-" "Mozilla/5.0 (Linux; Android 6.0.1; Nexus 5X Build/MMB29P) AppleWebKit/537.36 (KHTML, like Gecko) Chrome/137.0.7151.103 Mobile Safari/537.36 (compatible; GoogleOther)"
66.249.64.132 - - [12/Jul/2025:13:17:38 +0000] "GET /?e=52834971071000&mod=080c993f&uri=itm.php%3Fid%3D1763151-464%26name%3Daa101752 HTTP/1.1" 200 21495 "-" "Mozilla/5.0 (Linux; Android 6.0.1; Nexus 5X Build/MMB29P) AppleWebKit/537.36 (KHTML, like Gecko) Chrome/137.0.7151.103 Mobile Safari/537.36 (compatible; Googlebot/2.1; +http://www.google.com/bot.html)"
66.249.64.132 - - [12/Jul/2025:13:17:41 +0000] "POST /get-message-notify HTTP/1.1" 200 21380 "https://cyber-secure.com.au/?e=53025360011000&mod=080c993f&uri=pin.php%3Fid%3D1769505-464%26name%3Dmac+mini+2020+m1+ram+upgrade" "Mozilla/5.0 (Linux; Android 6.0.1; Nexus 5X Build/MMB29P) AppleWebKit/537.36 (KHTML, like Gecko) Chrome/137.0.7151.119 Mobile Safari/537.36 (compatible; Googlebot/2.1; +http://www.google.com/bot.html)"
66.249.64.132 - - [12/Jul/2025:13:17:44 +0000] "GET /?e=53035495131000&mod=080c993f&uri=itm.php%3Fid%3D1769843-464%26name%3D9d00y HTTP/1.1" 200 21892 "-" "Mozilla/5.0 (Linux; Android 6.0.1; Nexus 5X Build/MMB29P) AppleWebKit/537.36 (KHTML, like Gecko) Chrome/137.0.7151.103 Mobile Safari/537.36 (compatible; Googlebot/2.1; +http://www.google.com/bot.html)"
66.249.64.132 - - [12/Jul/2025:13:17:47 +0000] "GET /?e=53030695031000&mod=080c993f&uri=itm.php%3Fid%3D1769683-464%26name%3Dct16g4dfd8213 HTTP/1.1" 200 22246 "-" "Mozilla/5.0 (Linux; Android 6.0.1; Nexus 5X Build/MMB29P) AppleWebKit/537.36 (KHTML, like Gecko) Chrome/137.0.7151.103 Mobile Safari/537.36 (compatible; Googlebot/2.1; +http://www.google.com/bot.html)"
66.249.64.132 - - [12/Jul/2025:13:17:56 +0000] "GET /?e=34571119001000&mod=d01eeca8&uri=pin.php%3Fid%3D1153868-407%26name%3Dbest+champion+collabs HTTP/1.1" 200 22444 "-" "Mozilla/5.0 (Linux; Android 6.0.1; Nexus 5X Build/MMB29P) AppleWebKit/537.36 (KHTML, like Gecko) Chrome/137.0.7151.103 Mobile Safari/537.36 (compatible; Googlebot/2.1; +http://www.google.com/bot.html)"
66.249.64.128 - - [12/Jul/2025:13:17:58 +0000] "GET /?e=34479278041000&mod=c922de9e&uri=shared.php%3Fid%3D1150790-313%26name%3Dprada+beuteltasche HTTP/1.1" 200 20623 "-" "Mozilla/5.0 (Linux; Android 6.0.1; Nexus 5X Build/MMB29P) AppleWebKit/537.36 (KHTML, like Gecko) Chrome/137.0.7151.103 Mobile Safari/537.36 (compatible; Googlebot/2.1; +http://www.google.com/bot.html)"
66.249.64.128 - - [12/Jul/2025:13:18:04 +0000] "GET /?e=34480058041000&mod=c922de9e&uri=product.php%3Fid%3D1150816-313%26name%3Dmcm+taschen+billig+kaufen HTTP/1.1" 200 21707 "-" "Mozilla/5.0 (Linux; Android 6.0.1; Nexus 5X Build/MMB29P) AppleWebKit/537.36 (KHTML, like Gecko) Chrome/137.0.7151.103 Mobile Safari/537.36 (compatible; Googlebot/2.1; +http://www.google.com/bot.html)"
66.249.64.132 - - [12/Jul/2025:13:18:06 +0000] "GET /?e=19233367041000&mod=e5a90182&uri=us.php%3Fid%3D642046-731%26name%3Dmen%27s+canyonlands+zip+fleece HTTP/1.1" 200 21228 "-" "Mozilla/5.0 (Linux; Android 6.0.1; Nexus 5X Build/MMB29P) AppleWebKit/537.36 (KHTML, like Gecko) Chrome/137.0.7151.103 Mobile Safari/537.36 (compatible; Googlebot/2.1; +http://www.google.com/bot.html)"
66.249.64.132 - - [12/Jul/2025:13:18:07 +0000] "GET /?e=113965688001000&mod=251e16a2&uri=products.php%3Fid%3D3803450-963%26name%3Dorologio+da+polso+uomo+prezzi HTTP/1.1" 200 21415 "-" "Mozilla/5.0 (Linux; Android 6.0.1; Nexus 5X Build/MMB29P) AppleWebKit/537.36 (KHTML, like Gecko) Chrome/137.0.7151.103 Mobile Safari/537.36 (compatible; Googlebot/2.1; +http://www.google.com/bot.html)"
66.249.64.128 - - [12/Jul/2025:13:18:10 +0000] "POST /get-message-notify HTTP/1.1" 200 21389 "https://cyber-secure.com.au/?e=34479278041000&mod=c922de9e&uri=shared.php%3Fid%3D1150790-313%26name%3Dprada+beuteltasche" "Mozilla/5.0 (Linux; Android 6.0.1; Nexus 5X Build/MMB29P) AppleWebKit/537.36 (KHTML, like Gecko) Chrome/137.0.7151.119 Mobile Safari/537.36 (compatible; Googlebot/2.1; +http://www.google.com/bot.html)"
66.249.64.132 - - [12/Jul/2025:13:18:16 +0000] "GET /?e=34483088011000&mod=c922de9e&uri=dp.php%3Fid%3D1150918-313%26name%3Dklatsch+taschen+kaufen HTTP/1.1" 200 21589 "-" "Mozilla/5.0 (Linux; Android 6.0.1; Nexus 5X Build/MMB29P) AppleWebKit/537.36 (KHTML, like Gecko) Chrome/137.0.7151.103 Mobile Safari/537.36 (compatible; Googlebot/2.1; +http://www.google.com/bot.html)"
66.249.64.132 - - [12/Jul/2025:13:18:19 +0000] "GET /?e=34516612041000&mod=31a6b556&uri=itm.php%3Fid%3D1152038-686%26name%3Dbotas+cowboy+blancas HTTP/1.1" 200 21558 "-" "Mozilla/5.0 (Linux; Android 6.0.1; Nexus 5X Build/MMB29P) AppleWebKit/537.36 (KHTML, like Gecko) Chrome/137.0.7151.103 Mobile Safari/537.36 (compatible; Googlebot/2.1; +http://www.google.com/bot.html)"
66.249.64.132 - - [12/Jul/2025:13:18:30 +0000] "GET /?e=91640556001000&mod=a12f6949&uri=news.php%3Fid%3D3058212-1078%26name%3Dquitar+pantalla+siempre+encendida+apple+watch HTTP/1.1" 200 21936 "-" "Mozilla/5.0 (Linux; Android 6.0.1; Nexus 5X Build/MMB29P) AppleWebKit/537.36 (KHTML, like Gecko) Chrome/137.0.7151.103 Mobile Safari/537.36 (compatible; Googlebot/2.1; +http://www.google.com/bot.html)"
66.249.64.132 - - [12/Jul/2025:13:18:32 +0000] "GET /?e=34556601021000&mod=36ed197b&uri=dp.php%3Fid%3D1153382-332%26name%3Dbest+iphone+oximeter+app HTTP/1.1" 200 21001 "-" "Mozilla/5.0 (Linux; Android 6.0.1; Nexus 5X Build/MMB29P) AppleWebKit/537.36 (KHTML, like Gecko) Chrome/137.0.7151.103 Mobile Safari/537.36 (compatible; Googlebot/2.1; +http://www.google.com/bot.html)"
66.249.64.132 - - [12/Jul/2025:13:18:36 +0000] "GET /?e=34587379021000&mod=3b9be7e1&uri=pin.php%3Fid%3D1154410-408%26name%3Dlauren+conrad+flamingo+sweater HTTP/1.1" 200 21413 "-" "Mozilla/5.0 (Linux; Android 6.0.1; Nexus 5X Build/MMB29P) AppleWebKit/537.36 (KHTML, like Gecko) Chrome/137.0.7151.103 Mobile Safari/537.36 (compatible; Googlebot/2.1; +http://www.google.com/bot.html)"
66.249.64.132 - - [12/Jul/2025:13:18:39 +0000] "POST /get-message-notify HTTP/1.1" 200 21384 "https://cyber-secure.com.au/?e=34516612041000&mod=31a6b556&uri=itm.php%3Fid%3D1152038-686%26name%3Dbotas+cowboy+blancas" "Mozilla/5.0 (Linux; Android 6.0.1; Nexus 5X Build/MMB29P) AppleWebKit/537.36 (KHTML, like Gecko) Chrome/137.0.7151.119 Mobile Safari/537.36 (compatible; Googlebot/2.1; +http://www.google.com/bot.html)"
66.249.64.132 - - [12/Jul/2025:13:18:44 +0000] "GET /?e=34621512031000&mod=4e77c1b0&uri=pin.php%3Fid%3D1155548-1079%26name%3Dair+max+95s+office HTTP/1.1" 200 21044 "-" "Mozilla/5.0 (Linux; Android 6.0.1; Nexus 5X Build/MMB29P) AppleWebKit/537.36 (KHTML, like Gecko) Chrome/137.0.7151.103 Mobile Safari/537.36 (compatible; Googlebot/2.1; +http://www.google.com/bot.html)"
66.249.64.132 - - [12/Jul/2025:13:18:47 +0000] "GET /?e=63842649031000&mod=d4dcf709&uri=news.php%3Fid%3D2130485-1386%26name%3Dpuma+drift+cat+homme HTTP/1.1" 200 20883 "-" "Mozilla/5.0 (Linux; Android 6.0.1; Nexus 5X Build/MMB29P) AppleWebKit/537.36 (KHTML, like Gecko) Chrome/137.0.7151.103 Mobile Safari/537.36 (compatible; Googlebot/2.1; +http://www.google.com/bot.html)"
66.249.64.132 - - [12/Jul/2025:13:18:49 +0000] "GET /?e=50086274011000&mod=437d7d1d&uri=pin.php%3Fid%3D1671466-96%26name%3Ddan+henry+1939+chronograph HTTP/1.1" 200 22279 "-" "Mozilla/5.0 (Linux; Android 6.0.1; Nexus 5X Build/MMB29P) AppleWebKit/537.36 (KHTML, like Gecko) Chrome/137.0.7151.103 Mobile Safari/537.36 (compatible; Googlebot/2.1; +http://www.google.com/bot.html)"
66.249.64.132 - - [12/Jul/2025:13:18:54 +0000] "GET /?e=3320929001000&mod=24917db1&uri=pin.php%3Fid%3D110850-215%26name%3Dlosc+lille+champions+league HTTP/1.1" 200 20772 "-" "Mozilla/5.0 (Linux; Android 6.0.1; Nexus 5X Build/MMB29P) AppleWebKit/537.36 (KHTML, like Gecko) Chrome/137.0.7151.103 Mobile Safari/537.36 (compatible; Googlebot/2.1; +http://www.google.com/bot.html)"
66.249.64.132 - - [12/Jul/2025:13:18:57 +0000] "GET /?e=3375249031000&mod=1819932f&uri=pin.php%3Fid%3D112666-216%26name%3Dopen+shirt+with+bralette HTTP/1.1" 200 22380 "-" "Mozilla/5.0 (Linux; Android 6.0.1; Nexus 5X Build/MMB29P) AppleWebKit/537.36 (KHTML, like Gecko) Chrome/137.0.7151.103 Mobile Safari/537.36 (compatible; Googlebot/2.1; +http://www.google.com/bot.html)"
66.249.64.129 - - [12/Jul/2025:13:19:04 +0000] "GET /?e=119479433021000&mod=a3ec6dd8&uri=search.php%3Fid%3D3987394-410%26name%3Diron+man+mark+33+silver+centurion+lego HTTP/1.1" 200 21896 "-" "Mozilla/5.0 (Linux; Android 6.0.1; Nexus 5X Build/MMB29P) AppleWebKit/537.36 (KHTML, like Gecko) Chrome/137.0.7151.103 Mobile Safari/537.36 (compatible; Googlebot/2.1; +http://www.google.com/bot.html)"
66.249.64.129 - - [12/Jul/2025:13:19:04 +0000] "GET /?e=3365349061000&mod=1819932f&uri=products.php%3Fid%3D112336-216%26name%3Dsilk+triangle+bralette HTTP/1.1" 200 22163 "-" "Mozilla/5.0 (Linux; Android 6.0.1; Nexus 5X Build/MMB29P) AppleWebKit/537.36 (KHTML, like Gecko) Chrome/137.0.7151.103 Mobile Safari/537.36 (compatible; Googlebot/2.1; +http://www.google.com/bot.html)"
209.74.77.214 - - [12/Jul/2025:13:19:13 +0000] "POST /wp-cron.php?doing_wp_cron=1752326353.6774690151214599609375 HTTP/1.1" 200 - "-" "WordPress/6.8.1; https://cyber-secure.com.au"
66.249.64.128 - - [12/Jul/2025:13:19:13 +0000] "GET /?e=52946969121000&mod=2b8f7198&uri=article.php%3Fid%3D1766887-1242%26name%3Dnew+balance+690+jacket HTTP/1.1" 301 - "-" "Mozilla/5.0 (Linux; Android 6.0.1; Nexus 5X Build/MMB29P) AppleWebKit/537.36 (KHTML, like Gecko) Chrome/137.0.7151.103 Mobile Safari/537.36 (compatible; GoogleOther)"
209.74.77.214 - - [12/Jul/2025:13:19:13 +0000] "POST /wp-admin/admin-ajax.php?action=async_litespeed&nonce=VPIllC06amrdujgWfRO98umf851DHUfZ&litespeed_type=imgoptm HTTP/1.1" 200 21 "-" "WordPress/6.8.1; https://cyber-secure.com.au"
66.249.64.128 - - [12/Jul/2025:13:19:14 +0000] "GET /?e=99515109031000&mod=ee3bf295&uri=goods.php%3Fid%3D3321073-1514%26name%3Dout+n+about+pushchair HTTP/1.1" 200 22135 "-" "Mozilla/5.0 (Linux; Android 6.0.1; Nexus 5X Build/MMB29P) AppleWebKit/537.36 (KHTML, like Gecko) Chrome/137.0.7151.103 Mobile Safari/537.36 (compatible; Googlebot/2.1; +http://www.google.com/bot.html)"
66.249.64.128 - - [12/Jul/2025:13:19:16 +0000] "GET /?e=3378849021000&mod=1819932f&uri=pin.php%3Fid%3D112786-216%26name%3Dmustard+color+bralette HTTP/1.1" 200 22856 "-" "Mozilla/5.0 (Linux; Android 6.0.1; Nexus 5X Build/MMB29P) AppleWebKit/537.36 (KHTML, like Gecko) Chrome/137.0.7151.103 Mobile Safari/537.36 (compatible; Googlebot/2.1; +http://www.google.com/bot.html)"
66.249.64.132 - - [12/Jul/2025:13:19:18 +0000] "GET /?e=3369759051000&mod=1819932f&uri=brands.php%3Fid%3D112483-216%26name%3Dbest+winter+inner HTTP/1.1" 200 22090 "-" "Mozilla/5.0 (Linux; Android 6.0.1; Nexus 5X Build/MMB29P) AppleWebKit/537.36 (KHTML, like Gecko) Chrome/137.0.7151.103 Mobile Safari/537.36 (compatible; Googlebot/2.1; +http://www.google.com/bot.html)"
66.249.64.132 - - [12/Jul/2025:13:19:19 +0000] "GET /?e=119479193041000&mod=d4a973e3&uri=products.php%3Fid%3D3987386-808%26name%3Dsueter+rosa+mexicano HTTP/1.1" 200 22305 "-" "Mozilla/5.0 (Linux; Android 6.0.1; Nexus 5X Build/MMB29P) AppleWebKit/537.36 (KHTML, like Gecko) Chrome/137.0.7151.103 Mobile Safari/537.36 (compatible; Googlebot/2.1; +http://www.google.com/bot.html)"
209.74.77.214 - - [12/Jul/2025:13:19:21 +0000] "POST /wp-cron.php?doing_wp_cron=1752326361.6468670368194580078125 HTTP/1.1" 200 - "-" "WordPress/6.8.1; https://cyber-secure.com.au"
209.74.77.214 - - [12/Jul/2025:13:19:21 +0000] "POST /wp-admin/admin-ajax.php?action=async_litespeed&nonce=lp9ENHxjUGqiwDjfZI5w9nbTvk0aoHxY&litespeed_type=imgoptm HTTP/1.1" 200 21 "-" "WordPress/6.8.1; https://cyber-secure.com.au"
66.249.64.132 - - [12/Jul/2025:13:19:21 +0000] "GET /?e=52946969121000&mod=2b8f7198&uri=article.php%3Fid%3D1766887-1242%26name%3Dnew%20balance%20690%20jacket HTTP/1.1" 200 26108 "-" "Mozilla/5.0 (Linux; Android 6.0.1; Nexus 5X Build/MMB29P) AppleWebKit/537.36 (KHTML, like Gecko) Chrome/137.0.7151.103 Mobile Safari/537.36 (compatible; GoogleOther)"
66.249.64.132 - - [12/Jul/2025:13:19:23 +0000] "GET /?e=119480033071000&mod=a3ec6dd8&uri=itm.php%3Fid%3D3987414-410%26name%3Dlego+part+30150 HTTP/1.1" 200 21331 "-" "Mozilla/5.0 (Linux; Android 6.0.1; Nexus 5X Build/MMB29P) AppleWebKit/537.36 (KHTML, like Gecko) Chrome/137.0.7151.103 Mobile Safari/537.36 (compatible; Googlebot/2.1; +http://www.google.com/bot.html)"
66.249.64.132 - - [12/Jul/2025:13:19:24 +0000] "GET /?e=119480273001000&mod=a3ec6dd8&uri=article.php%3Fid%3D3987422-410%26name%3Dspinosauro+giocattolo+jurassic+park HTTP/1.1" 200 21973 "-" "Mozilla/5.0 (Linux; Android 6.0.1; Nexus 5X Build/MMB29P) AppleWebKit/537.36 (KHTML, like Gecko) Chrome/137.0.7151.103 Mobile Safari/537.36 (compatible; Googlebot/2.1; +http://www.google.com/bot.html)"
66.249.64.132 - - [12/Jul/2025:13:19:28 +0000] "GET /?e=3375219091000&mod=1819932f&uri=category-info.php%3Fid%3D112665-216%26name%3Dbuy+cute+tops HTTP/1.1" 200 21987 "-" "Mozilla/5.0 (Linux; Android 6.0.1; Nexus 5X Build/MMB29P) AppleWebKit/537.36 (KHTML, like Gecko) Chrome/137.0.7151.103 Mobile Safari/537.36 (compatible; Googlebot/2.1; +http://www.google.com/bot.html)"
66.249.64.132 - - [12/Jul/2025:13:19:30 +0000] "GET /?e=119479553061000&mod=d4a973e3&uri=itm.php%3Fid%3D3987398-808%26name%3Dtalla+grande+mujer+en+numero HTTP/1.1" 200 22247 "-" "Mozilla/5.0 (Linux; Android 6.0.1; Nexus 5X Build/MMB29P) AppleWebKit/537.36 (KHTML, like Gecko) Chrome/137.0.7151.103 Mobile Safari/537.36 (compatible; Googlebot/2.1; +http://www.google.com/bot.html)"
66.249.64.132 - - [12/Jul/2025:13:19:31 +0000] "GET /?e=3252118071000&mod=54ff9e9e&uri=form.php%3Fid%3D108555-208%26name%3Dlubitel+166+lomography HTTP/1.1" 200 20284 "-" "Mozilla/5.0 (Linux; Android 6.0.1; Nexus 5X Build/MMB29P) AppleWebKit/537.36 (KHTML, like Gecko) Chrome/137.0.7151.103 Mobile Safari/537.36 (compatible; Googlebot/2.1; +http://www.google.com/bot.html)"
66.249.64.132 - - [12/Jul/2025:13:19:33 +0000] "POST /get-message-notify HTTP/1.1" 200 21401 "https://cyber-secure.com.au/?e=119480033071000&mod=a3ec6dd8&uri=itm.php%3Fid%3D3987414-410%26name%3Dlego+part+30150" "Mozilla/5.0 (Linux; Android 6.0.1; Nexus 5X Build/MMB29P) AppleWebKit/537.36 (KHTML, like Gecko) Chrome/137.0.7151.119 Mobile Safari/537.36 (compatible; Googlebot/2.1; +http://www.google.com/bot.html)"
66.249.64.132 - - [12/Jul/2025:13:19:36 +0000] "GET /?e=119480543071000&mod=a3ec6dd8&uri=itm.php%3Fid%3D3987431-410%26name%3Dacu+trooper+lego+dimensions HTTP/1.1" 200 21329 "-" "Mozilla/5.0 (Linux; Android 6.0.1; Nexus 5X Build/MMB29P) AppleWebKit/537.36 (KHTML, like Gecko) Chrome/137.0.7151.103 Mobile Safari/537.36 (compatible; Googlebot/2.1; +http://www.google.com/bot.html)"
66.249.64.132 - - [12/Jul/2025:13:19:38 +0000] "GET /?e=3377949031000&mod=1819932f&uri=category-info.php%3Fid%3D112756-216%26name%3Dzebra+print+bralette HTTP/1.1" 200 22293 "-" "Mozilla/5.0 (Linux; Android 6.0.1; Nexus 5X Build/MMB29P) AppleWebKit/537.36 (KHTML, like Gecko) Chrome/137.0.7151.103 Mobile Safari/537.36 (compatible; Googlebot/2.1; +http://www.google.com/bot.html)"
66.249.64.128 - - [12/Jul/2025:13:19:42 +0000] "GET /?e=119479973001000&mod=a3ec6dd8&uri=us.php%3Fid%3D3987412-410%26name%3Dminecraft+nether+portal+toy HTTP/1.1" 200 21985 "-" "Mozilla/5.0 (Linux; Android 6.0.1; Nexus 5X Build/MMB29P) AppleWebKit/537.36 (KHTML, like Gecko) Chrome/137.0.7151.103 Mobile Safari/537.36 (compatible; Googlebot/2.1; +http://www.google.com/bot.html)"
66.249.64.128 - - [12/Jul/2025:13:19:43 +0000] "GET /?e=52946909031000&mod=2b8f7198&uri=pin.php%3Fid%3D1766885-1242%26name%3Dcanada+goose+x+ovo+jacket+nordstrom HTTP/1.1" 301 - "-" "Mozilla/5.0 (Linux; Android 6.0.1; Nexus 5X Build/MMB29P) AppleWebKit/537.36 (KHTML, like Gecko) Chrome/137.0.7151.103 Mobile Safari/537.36 (compatible; GoogleOther)"
66.249.64.132 - - [12/Jul/2025:13:19:45 +0000] "GET /?e=102447461021000&mod=c6829ca2&uri=products.php%3Fid%3D3418959-1624%26name%3Dmagliette+fila+bambino+porpora HTTP/1.1" 200 21100 "-" "Mozilla/5.0 (Linux; Android 6.0.1; Nexus 5X Build/MMB29P) AppleWebKit/537.36 (KHTML, like Gecko) Chrome/137.0.7151.103 Mobile Safari/537.36 (compatible; Googlebot/2.1; +http://www.google.com/bot.html)"
66.249.64.132 - - [12/Jul/2025:13:19:47 +0000] "GET /?e=19597774021000&mod=62ac9cd1&uri=pin.php%3Fid%3D654202-748%26name%3Drolex+daytona+116520+seriale+p HTTP/1.1" 200 21445 "-" "Mozilla/5.0 (Linux; Android 6.0.1; Nexus 5X Build/MMB29P) AppleWebKit/537.36 (KHTML, like Gecko) Chrome/137.0.7151.103 Mobile Safari/537.36 (compatible; Googlebot/2.1; +http://www.google.com/bot.html)"
66.249.64.132 - - [12/Jul/2025:13:19:48 +0000] "GET /?e=48522041000&mod=c0c7c76d&uri=pin.php%3Fid%3D1621-5%26name%3Drobe+de+mari%C3%83%C2%A9e+midi HTTP/1.1" 200 21676 "-" "Mozilla/5.0 (Linux; Android 6.0.1; Nexus 5X Build/MMB29P) AppleWebKit/537.36 (KHTML, like Gecko) Chrome/137.0.7151.103 Mobile Safari/537.36 (compatible; Googlebot/2.1; +http://www.google.com/bot.html)"
66.249.64.132 - - [12/Jul/2025:13:19:50 +0000] "GET /?e=52946909031000&mod=2b8f7198&uri=pin.php%3Fid%3D1766885-1242%26name%3Dcanada%20goose%20x%20ovo%20jacket%20nordstrom HTTP/1.1" 200 26110 "-" "Mozilla/5.0 (Linux; Android 6.0.1; Nexus 5X Build/MMB29P) AppleWebKit/537.36 (KHTML, like Gecko) Chrome/137.0.7151.103 Mobile Safari/537.36 (compatible; GoogleOther)"
66.249.64.132 - - [12/Jul/2025:13:19:52 +0000] "GET /?e=119479343041000&mod=a3ec6dd8&uri=us.php%3Fid%3D3987391-410%26name%3Dphase+commander+fox+lego HTTP/1.1" 200 22319 "-" "Mozilla/5.0 (Linux; Android 6.0.1; Nexus 5X Build/MMB29P) AppleWebKit/537.36 (KHTML, like Gecko) Chrome/137.0.7151.103 Mobile Safari/537.36 (compatible; Googlebot/2.1; +http://www.google.com/bot.html)"
66.249.64.128 - - [12/Jul/2025:13:19:54 +0000] "GET /?e=19662421051000&mod=b7c13b0a&uri=pin.php%3Fid%3D656358-751%26name%3Dbolso+shopper+adidas HTTP/1.1" 200 21065 "-" "Mozilla/5.0 (Linux; Android 6.0.1; Nexus 5X Build/MMB29P) AppleWebKit/537.36 (KHTML, like Gecko) Chrome/137.0.7151.103 Mobile Safari/537.36 (compatible; Googlebot/2.1; +http://www.google.com/bot.html)"
66.249.77.13 - - [12/Jul/2025:13:19:55 +0000] "GET /?e=99379963041000&mod=f816dc0a&uri=article.php%3Fid%3D3316564-416%26name%3Dpeto+pantalon+corto+mujer HTTP/1.1" 200 21569 "-" "Mozilla/5.0 (Linux; Android 6.0.1; Nexus 5X Build/MMB29P) AppleWebKit/537.36 (KHTML, like Gecko) Chrome/137.0.7151.103 Mobile Safari/537.36 (compatible; Googlebot/2.1; +http://www.google.com/bot.html)"
66.249.64.132 - - [12/Jul/2025:13:19:57 +0000] "GET /?e=119480933021000&mod=a3ec6dd8&uri=us.php%3Fid%3D3987444-410%26name%3Dlego+41164+disney+frozen+ii+enchanted+treehouse+toy+set HTTP/1.1" 200 22086 "-" "Mozilla/5.0 (Linux; Android 6.0.1; Nexus 5X Build/MMB29P) AppleWebKit/537.36 (KHTML, like Gecko) Chrome/137.0.7151.103 Mobile Safari/537.36 (compatible; Googlebot/2.1; +http://www.google.com/bot.html)"
66.249.64.128 - - [12/Jul/2025:13:19:59 +0000] "GET /?e=19674567011000&mod=b06b5541&uri=itm.php%3Fid%3D656763-248%26name%3Davon+life+parfem HTTP/1.1" 200 21321 "-" "Mozilla/5.0 (Linux; Android 6.0.1; Nexus 5X Build/MMB29P) AppleWebKit/537.36 (KHTML, like Gecko) Chrome/137.0.7151.103 Mobile Safari/537.36 (compatible; Googlebot/2.1; +http://www.google.com/bot.html)"
66.249.64.128 - - [12/Jul/2025:13:20:02 +0000] "GET /?e=119480783021000&mod=a3ec6dd8&uri=products.php%3Fid%3D3987439-410%26name%3Dlego+metropolitana HTTP/1.1" 200 21806 "-" "Mozilla/5.0 (Linux; Android 6.0.1; Nexus 5X Build/MMB29P) AppleWebKit/537.36 (KHTML, like Gecko) Chrome/137.0.7151.103 Mobile Safari/537.36 (compatible; Googlebot/2.1; +http://www.google.com/bot.html)"
