66.249.64.132 - - [12/Jul/2025:18:14:08 +0000] "GET /?e=81105713001000&mod=084a8a9a&uri=brands.php%3Fid%3D2706620-403%26name%3Dslingpumps+blau+leder HTTP/1.1" 301 - "-" "Mozilla/5.0 (Linux; Android 6.0.1; Nexus 5X Build/MMB29P) AppleWebKit/537.36 (KHTML, like Gecko) Chrome/137.0.7151.103 Mobile Safari/537.36 (compatible; GoogleOther)"
66.249.64.128 - - [12/Jul/2025:18:14:11 +0000] "GET /?e=17003763021000&mod=a01a0380&uri=products.php%3Fid%3D567634-39%26name%3Dwaiting+chair HTTP/1.1" 200 22452 "-" "Mozilla/5.0 (Linux; Android 6.0.1; Nexus 5X Build/MMB29P) AppleWebKit/537.36 (KHTML, like Gecko) Chrome/137.0.7151.103 Mobile Safari/537.36 (compatible; Googlebot/2.1; +http://www.google.com/bot.html)"
209.74.77.214 - - [12/Jul/2025:18:14:27 +0000] "POST /wp-cron.php?doing_wp_cron=1752344067.5357749462127685546875 HTTP/1.1" 200 - "-" "WordPress/6.8.1; https://cyber-secure.com.au"
209.74.77.214 - - [12/Jul/2025:18:14:27 +0000] "POST /wp-admin/admin-ajax.php?action=async_litespeed&nonce=cZnLnaoUjSqRnHMYgF8JSt9ItPm5dxY6&litespeed_type=imgoptm HTTP/1.1" 200 21 "-" "WordPress/6.8.1; https://cyber-secure.com.au"
66.249.64.128 - - [12/Jul/2025:18:14:27 +0000] "GET /?e=81105713001000&mod=084a8a9a&uri=brands.php%3Fid%3D2706620-403%26name%3Dslingpumps%20blau%20leder HTTP/1.1" 200 26106 "-" "Mozilla/5.0 (Linux; Android 6.0.1; Nexus 5X Build/MMB29P) AppleWebKit/537.36 (KHTML, like Gecko) Chrome/137.0.7151.103 Mobile Safari/537.36 (compatible; GoogleOther)"
66.249.64.128 - - [12/Jul/2025:18:14:45 +0000] "GET /?e=13592223001000&mod=512c5cad&uri=article.php%3Fid%3D453802-141%26name%3Dtraje+mujer+satinado HTTP/1.1" 301 - "-" "Mozilla/5.0 (Linux; Android 6.0.1; Nexus 5X Build/MMB29P) AppleWebKit/537.36 (KHTML, like Gecko) Chrome/137.0.7151.103 Mobile Safari/537.36 (compatible; GoogleOther)"
66.249.64.128 - - [12/Jul/2025:18:14:53 +0000] "GET /?e=45720554051000&mod=c1e247e2&uri=itm.php%3Fid%3D1525833-1221%26name%3Dhyperlapse+phantom+pro HTTP/1.1" 301 - "-" "Mozilla/5.0 (Linux; Android 6.0.1; Nexus 5X Build/MMB29P) AppleWebKit/537.36 (KHTML, like Gecko) Chrome/137.0.7151.103 Mobile Safari/537.36 (compatible; GoogleOther)"
66.249.64.129 - - [12/Jul/2025:18:14:59 +0000] "GET /?e=13592223001000&mod=512c5cad&uri=article.php%3Fid%3D453802-141%26name%3Dtraje%20mujer%20satinado HTTP/1.1" 200 26106 "-" "Mozilla/5.0 (Linux; Android 6.0.1; Nexus 5X Build/MMB29P) AppleWebKit/537.36 (KHTML, like Gecko) Chrome/137.0.7151.103 Mobile Safari/537.36 (compatible; GoogleOther)"
66.249.64.129 - - [12/Jul/2025:18:15:04 +0000] "GET /?e=45720554051000&mod=c1e247e2&uri=itm.php%3Fid%3D1525833-1221%26name%3Dhyperlapse%20phantom%20pro HTTP/1.1" 200 26108 "-" "Mozilla/5.0 (Linux; Android 6.0.1; Nexus 5X Build/MMB29P) AppleWebKit/537.36 (KHTML, like Gecko) Chrome/137.0.7151.103 Mobile Safari/537.36 (compatible; GoogleOther)"
209.74.77.214 - - [12/Jul/2025:18:15:19 +0000] "POST /wp-cron.php?doing_wp_cron=1752344119.4991478919982910156250 HTTP/1.1" 200 - "-" "WordPress/6.8.1; https://cyber-secure.com.au"
66.249.64.128 - - [12/Jul/2025:18:15:19 +0000] "GET /?e=52929868041000&mod=3fa14621&uri=itm.php%3Fid%3D1766316-394%26name%3Dsmeg+red+espresso+machine HTTP/1.1" 301 - "-" "Mozilla/5.0 (Linux; Android 6.0.1; Nexus 5X Build/MMB29P) AppleWebKit/537.36 (KHTML, like Gecko) Chrome/137.0.7151.103 Mobile Safari/537.36 (compatible; GoogleOther)"
209.74.77.214 - - [12/Jul/2025:18:15:19 +0000] "POST /wp-admin/admin-ajax.php?action=async_litespeed&nonce=DS8mmLVSUCQm3HLznkHfglFl5Smo4WHH&litespeed_type=imgoptm HTTP/1.1" 200 21 "-" "WordPress/6.8.1; https://cyber-secure.com.au"
66.249.64.132 - - [12/Jul/2025:18:15:30 +0000] "GET /?e=52929868041000&mod=3fa14621&uri=itm.php%3Fid%3D1766316-394%26name%3Dsmeg%20red%20espresso%20machine HTTP/1.1" 200 26107 "-" "Mozilla/5.0 (Linux; Android 6.0.1; Nexus 5X Build/MMB29P) AppleWebKit/537.36 (KHTML, like Gecko) Chrome/137.0.7151.103 Mobile Safari/537.36 (compatible; GoogleOther)"
66.249.64.128 - - [12/Jul/2025:18:15:33 +0000] "GET /?e=17144400091000&mod=5e9fb672&uri=pin.php%3Fid%3D572323-683%26name%3Ddavid+vidal+vestidos+de+novia HTTP/1.1" 200 21131 "-" "Mozilla/5.0 (Linux; Android 6.0.1; Nexus 5X Build/MMB29P) AppleWebKit/537.36 (KHTML, like Gecko) Chrome/137.0.7151.103 Mobile Safari/537.36 (compatible; Googlebot/2.1; +http://www.google.com/bot.html)"
66.249.64.128 - - [12/Jul/2025:18:15:49 +0000] "GET /?e=116578415021000&mod=fe51510c&uri=search.php%3Fid%3D3890630-133%26name%3Dsonex+ladies+watch HTTP/1.1" 200 20669 "-" "Mozilla/5.0 (Linux; Android 6.0.1; Nexus 5X Build/MMB29P) AppleWebKit/537.36 (KHTML, like Gecko) Chrome/137.0.7151.103 Mobile Safari/537.36 (compatible; Googlebot/2.1; +http://www.google.com/bot.html)"
66.249.64.132 - - [12/Jul/2025:18:16:02 +0000] "GET /?e=104007387031000&mod=bcf00598&uri=news.php%3Fid%3D3471003-1637%26name%3Doutfits+summer+2019 HTTP/1.1" 200 20527 "-" "Mozilla/5.0 (compatible; Googlebot/2.1; +http://www.google.com/bot.html)"
209.74.77.214 - - [12/Jul/2025:18:16:14 +0000] "POST /wp-cron.php?doing_wp_cron=1752344174.6848900318145751953125 HTTP/1.1" 200 - "-" "WordPress/6.8.1; https://cyber-secure.com.au"
66.249.64.129 - - [12/Jul/2025:18:16:14 +0000] "GET /?e=116474960041000&mod=c255c052&uri=news.php%3Fid%3D3887179-387%26name%3Dproform+zt HTTP/1.1" 301 - "-" "Mozilla/5.0 (Linux; Android 6.0.1; Nexus 5X Build/MMB29P) AppleWebKit/537.36 (KHTML, like Gecko) Chrome/137.0.7151.103 Mobile Safari/537.36 (compatible; GoogleOther)"
209.74.77.214 - - [12/Jul/2025:18:16:14 +0000] "POST /wp-admin/admin-ajax.php?action=async_litespeed&nonce=Hlf9N3NITMGHLYE02Dy97bglwDkBKUT1&litespeed_type=imgoptm HTTP/1.1" 200 21 "-" "WordPress/6.8.1; https://cyber-secure.com.au"
66.249.64.128 - - [12/Jul/2025:18:16:24 +0000] "GET /?e=46355675031000&mod=71b9e42f&uri=products.php%3Fid%3D1547020-811%26name%3Djordan+legacy+aj+fleece+hoodie HTTP/1.1" 301 - "-" "Mozilla/5.0 (Linux; Android 6.0.1; Nexus 5X Build/MMB29P) AppleWebKit/537.36 (KHTML, like Gecko) Chrome/137.0.7151.103 Mobile Safari/537.36 (compatible; GoogleOther)"
66.249.64.129 - - [12/Jul/2025:18:16:27 +0000] "GET /?e=27940542001000&mod=851300ee&uri=search.php%3Fid%3D932530-173%26name%3Dmicro+rc+boat HTTP/1.1" 200 22077 "-" "Mozilla/5.0 (Linux; Android 6.0.1; Nexus 5X Build/MMB29P) AppleWebKit/537.36 (KHTML, like Gecko) Chrome/137.0.7151.103 Mobile Safari/537.36 (compatible; Googlebot/2.1; +http://www.google.com/bot.html)"
66.249.64.128 - - [12/Jul/2025:18:16:35 +0000] "GET /?e=116474960041000&mod=c255c052&uri=news.php%3Fid%3D3887179-387%26name%3Dproform%20zt HTTP/1.1" 200 26102 "-" "Mozilla/5.0 (Linux; Android 6.0.1; Nexus 5X Build/MMB29P) AppleWebKit/537.36 (KHTML, like Gecko) Chrome/137.0.7151.103 Mobile Safari/537.36 (compatible; GoogleOther)"
66.249.64.129 - - [12/Jul/2025:18:16:53 +0000] "GET /?e=46355675031000&mod=71b9e42f&uri=products.php%3Fid%3D1547020-811%26name%3Djordan%20legacy%20aj%20fleece%20hoodie HTTP/1.1" 200 26104 "-" "Mozilla/5.0 (Linux; Android 6.0.1; Nexus 5X Build/MMB29P) AppleWebKit/537.36 (KHTML, like Gecko) Chrome/137.0.7151.103 Mobile Safari/537.36 (compatible; GoogleOther)"
66.249.64.129 - - [12/Jul/2025:18:16:58 +0000] "GET /?e=19650961001000&mod=f4f1f13c&uri=news.php%3Fid%3D655976-750%26name%3Dbolso+imitacion+ysl HTTP/1.1" 200 20776 "-" "Mozilla/5.0 (Linux; Android 6.0.1; Nexus 5X Build/MMB29P) AppleWebKit/537.36 (KHTML, like Gecko) Chrome/137.0.7151.103 Mobile Safari/537.36 (compatible; Googlebot/2.1; +http://www.google.com/bot.html)"
66.249.64.129 - - [12/Jul/2025:18:17:04 +0000] "GET /?e=13543298021000&mod=43e4e6a6&uri=products.php%3Fid%3D452170-234%26name%3Dpullover+bedrucken+king+queen HTTP/1.1" 200 22077 "-" "Mozilla/5.0 (Linux; Android 6.0.1; Nexus 5X Build/MMB29P) AppleWebKit/537.36 (KHTML, like Gecko) Chrome/137.0.7151.103 Mobile Safari/537.36 (compatible; Googlebot/2.1; +http://www.google.com/bot.html)"
66.249.64.132 - - [12/Jul/2025:18:17:09 +0000] "POST /get-message-notify HTTP/1.1" 200 21400 "https://cyber-secure.com.au/?e=19650961001000&mod=f4f1f13c&uri=news.php%3Fid%3D655976-750%26name%3Dbolso+imitacion+ysl" "Mozilla/5.0 (Linux; Android 6.0.1; Nexus 5X Build/MMB29P) AppleWebKit/537.36 (KHTML, like Gecko) Chrome/137.0.7151.119 Mobile Safari/537.36 (compatible; Googlebot/2.1; +http://www.google.com/bot.html)"
66.249.64.132 - - [12/Jul/2025:18:17:17 +0000] "GET /?e=34496218031000&mod=a8abb4bb&uri=form.php%3Fid%3D1151356-44%26name%3Dadidas+hard+court+herren HTTP/1.1" 200 21265 "-" "Mozilla/5.0 (Linux; Android 6.0.1; Nexus 5X Build/MMB29P) AppleWebKit/537.36 (KHTML, like Gecko) Chrome/137.0.7151.103 Mobile Safari/537.36 (compatible; Googlebot/2.1; +http://www.google.com/bot.html)"
209.74.77.214 - - [12/Jul/2025:18:17:22 +0000] "POST /wp-cron.php?doing_wp_cron=1752344242.8421070575714111328125 HTTP/1.1" 200 - "-" "WordPress/6.8.1; https://cyber-secure.com.au"
66.249.64.129 - - [12/Jul/2025:18:17:22 +0000] "GET /?e=116472740051000&mod=a01a0380&uri=shop.php%3Fid%3D3887105-39%26name%3Dkandinsky+in+grey HTTP/1.1" 301 - "-" "Mozilla/5.0 (Linux; Android 6.0.1; Nexus 5X Build/MMB29P) AppleWebKit/537.36 (KHTML, like Gecko) Chrome/137.0.7151.103 Mobile Safari/537.36 (compatible; GoogleOther)"
209.74.77.214 - - [12/Jul/2025:18:17:22 +0000] "POST /wp-admin/admin-ajax.php?action=async_litespeed&nonce=LpWOYWDK7lX52h6B1HqeiitiOBaeGXzZ&litespeed_type=imgoptm HTTP/1.1" 200 21 "-" "WordPress/6.8.1; https://cyber-secure.com.au"
66.249.64.132 - - [12/Jul/2025:18:17:28 +0000] "GET /?e=116472740051000&mod=a01a0380&uri=shop.php%3Fid%3D3887105-39%26name%3Dkandinsky%20in%20grey HTTP/1.1" 200 26106 "-" "Mozilla/5.0 (Linux; Android 6.0.1; Nexus 5X Build/MMB29P) AppleWebKit/537.36 (KHTML, like Gecko) Chrome/137.0.7151.103 Mobile Safari/537.36 (compatible; GoogleOther)"
66.249.64.128 - - [12/Jul/2025:18:17:30 +0000] "POST /get-message-notify HTTP/1.1" 200 21396 "https://cyber-secure.com.au/?e=34496218031000&mod=a8abb4bb&uri=form.php%3Fid%3D1151356-44%26name%3Dadidas+hard+court+herren" "Mozilla/5.0 (Linux; Android 6.0.1; Nexus 5X Build/MMB29P) AppleWebKit/537.36 (KHTML, like Gecko) Chrome/137.0.7151.119 Mobile Safari/537.36 (compatible; Googlebot/2.1; +http://www.google.com/bot.html)"
209.74.77.214 - - [12/Jul/2025:18:18:13 +0000] "POST /wp-cron.php?doing_wp_cron=1752344293.4918029308319091796875 HTTP/1.1" 200 - "-" "WordPress/6.8.1; https://cyber-secure.com.au"
66.249.64.129 - - [12/Jul/2025:18:18:12 +0000] "GET /?e=107597031071000&mod=a30bc83d&uri=category-info.php%3Fid%3D3590867-1031%26name%3Dst+activate+softfoam%2B+sneakers HTTP/1.1" 301 - "-" "Mozilla/5.0 (Linux; Android 6.0.1; Nexus 5X Build/MMB29P) AppleWebKit/537.36 (KHTML, like Gecko) Chrome/137.0.7151.103 Mobile Safari/537.36 (compatible; GoogleOther)"
209.74.77.214 - - [12/Jul/2025:18:18:17 +0000] "POST /wp-cron.php?doing_wp_cron=1752344297.6179931163787841796875 HTTP/1.1" 200 - "-" "WordPress/6.8.1; https://cyber-secure.com.au"
209.74.77.214 - - [12/Jul/2025:18:18:17 +0000] "POST /wp-admin/admin-ajax.php?action=async_litespeed&nonce=Gdo1Yru7WjdGluEL0rLoh7TVZKL0ZZBZ&litespeed_type=imgoptm HTTP/1.1" 200 21 "-" "WordPress/6.8.1; https://cyber-secure.com.au"
66.249.64.128 - - [12/Jul/2025:18:18:17 +0000] "GET /?e=107597031071000&mod=a30bc83d&uri=category-info.php%3Fid%3D3590867-1031%26name%3Dst%20activate%20softfoam%2B%20sneakers HTTP/1.1" 200 26109 "-" "Mozilla/5.0 (Linux; Android 6.0.1; Nexus 5X Build/MMB29P) AppleWebKit/537.36 (KHTML, like Gecko) Chrome/137.0.7151.103 Mobile Safari/537.36 (compatible; GoogleOther)"
66.249.64.128 - - [12/Jul/2025:18:18:22 +0000] "GET /?e=6429746061000&mod=5249ee8e&uri=brands.php%3Fid%3D214754-220%26name%3Draincoat+pvc HTTP/1.1" 301 - "-" "Mozilla/5.0 (Linux; Android 6.0.1; Nexus 5X Build/MMB29P) AppleWebKit/537.36 (KHTML, like Gecko) Chrome/137.0.7151.103 Mobile Safari/537.36 (compatible; GoogleOther)"
66.249.64.129 - - [12/Jul/2025:18:18:33 +0000] "GET /?e=6429746061000&mod=5249ee8e&uri=brands.php%3Fid%3D214754-220%26name%3Draincoat%20pvc HTTP/1.1" 200 26103 "-" "Mozilla/5.0 (Linux; Android 6.0.1; Nexus 5X Build/MMB29P) AppleWebKit/537.36 (KHTML, like Gecko) Chrome/137.0.7151.103 Mobile Safari/537.36 (compatible; GoogleOther)"
66.249.64.129 - - [12/Jul/2025:18:18:56 +0000] "GET /?e=16981521021000&mod=a6ce9144&uri=search.php%3Fid%3D566892-678%26name%3Damazon+samsung+tab+a+case HTTP/1.1" 200 22773 "-" "Mozilla/5.0 (Linux; Android 6.0.1; Nexus 5X Build/MMB29P) AppleWebKit/537.36 (KHTML, like Gecko) Chrome/137.0.7151.103 Mobile Safari/537.36 (compatible; Googlebot/2.1; +http://www.google.com/bot.html)"
66.249.64.129 - - [12/Jul/2025:18:18:58 +0000] "GET /?e=13473164011000&mod=a8c6dd98&uri=pin.php%3Fid%3D449829-600%26name%3Dpanerai+art+deco HTTP/1.1" 200 22850 "-" "Mozilla/5.0 (Linux; Android 6.0.1; Nexus 5X Build/MMB29P) AppleWebKit/537.36 (KHTML, like Gecko) Chrome/137.0.7151.103 Mobile Safari/537.36 (compatible; Googlebot/2.1; +http://www.google.com/bot.html)"
209.74.77.214 - - [12/Jul/2025:18:19:17 +0000] "POST /wp-cron.php?doing_wp_cron=1752344357.9015269279479980468750 HTTP/1.1" 200 - "-" "WordPress/6.8.1; https://cyber-secure.com.au"
66.249.64.132 - - [12/Jul/2025:18:19:17 +0000] "GET /?e=1197351131000&mod=4ea06fbc&uri=itm.php%3Fid%3D39974-77%26name%3Djordan+chameleon+laces HTTP/1.1" 301 - "-" "Mozilla/5.0 (Linux; Android 6.0.1; Nexus 5X Build/MMB29P) AppleWebKit/537.36 (KHTML, like Gecko) Chrome/137.0.7151.103 Mobile Safari/537.36 (compatible; GoogleOther)"
209.74.77.214 - - [12/Jul/2025:18:19:17 +0000] "POST /wp-admin/admin-ajax.php?action=async_litespeed&nonce=0mkrZsph0mFKOUl1rBU3yMp4aIZmNWf8&litespeed_type=imgoptm HTTP/1.1" 200 21 "-" "WordPress/6.8.1; https://cyber-secure.com.au"
66.249.64.129 - - [12/Jul/2025:18:19:24 +0000] "GET /?e=1197351131000&mod=4ea06fbc&uri=itm.php%3Fid%3D39974-77%26name%3Djordan%20chameleon%20laces HTTP/1.1" 200 26108 "-" "Mozilla/5.0 (Linux; Android 6.0.1; Nexus 5X Build/MMB29P) AppleWebKit/537.36 (KHTML, like Gecko) Chrome/137.0.7151.103 Mobile Safari/537.36 (compatible; GoogleOther)"
66.249.64.132 - - [12/Jul/2025:18:19:26 +0000] "GET /?e=19659721041000&mod=f4f1f13c&uri=article.php%3Fid%3D656268-750%26name%3Dcartera+cyzone+negra HTTP/1.1" 200 21392 "-" "Mozilla/5.0 (Linux; Android 6.0.1; Nexus 5X Build/MMB29P) AppleWebKit/537.36 (KHTML, like Gecko) Chrome/137.0.7151.103 Mobile Safari/537.36 (compatible; Googlebot/2.1; +http://www.google.com/bot.html)"
66.249.64.128 - - [12/Jul/2025:18:20:05 +0000] "GET /?e=109430732031000&mod=747d3443&uri=shop.php%3Fid%3D3652048-314%26name%3Dbaumwollstoff+mit+regenbogen HTTP/1.1" 301 - "-" "Mozilla/5.0 (Linux; Android 6.0.1; Nexus 5X Build/MMB29P) AppleWebKit/537.36 (KHTML, like Gecko) Chrome/137.0.7151.103 Mobile Safari/537.36 (compatible; GoogleOther)"
209.74.77.214 - - [12/Jul/2025:18:20:10 +0000] "POST /wp-cron.php?doing_wp_cron=1752344410.5626120567321777343750 HTTP/1.1" 200 - "-" "WordPress/6.8.1; https://cyber-secure.com.au"
66.249.64.132 - - [12/Jul/2025:18:20:10 +0000] "GET /?e=109430732031000&mod=747d3443&uri=shop.php%3Fid%3D3652048-314%26name%3Dbaumwollstoff%20mit%20regenbogen HTTP/1.1" 200 26108 "-" "Mozilla/5.0 (Linux; Android 6.0.1; Nexus 5X Build/MMB29P) AppleWebKit/537.36 (KHTML, like Gecko) Chrome/137.0.7151.103 Mobile Safari/537.36 (compatible; GoogleOther)"
66.249.64.129 - - [12/Jul/2025:18:20:28 +0000] "GET /?e=16999113091000&mod=a01a0380&uri=us.php%3Fid%3D567479-39%26name%3Dsmall+kitchen+table HTTP/1.1" 200 22239 "-" "Mozilla/5.0 (Linux; Android 6.0.1; Nexus 5X Build/MMB29P) AppleWebKit/537.36 (KHTML, like Gecko) Chrome/137.0.7151.103 Mobile Safari/537.36 (compatible; Googlebot/2.1; +http://www.google.com/bot.html)"
209.74.77.214 - - [12/Jul/2025:18:20:34 +0000] "POST /wp-cron.php?doing_wp_cron=1752344434.4720330238342285156250 HTTP/1.1" 200 - "-" "WordPress/6.8.1; https://cyber-secure.com.au"
66.249.64.129 - - [12/Jul/2025:18:20:32 +0000] "GET /?e=4248766041000&mod=55a988df&uri=form.php%3Fid%3D141810-253%26name%3Dnintendo+eshop+jurassic+world HTTP/1.1" 301 - "-" "Mozilla/5.0 (Linux; Android 6.0.1; Nexus 5X Build/MMB29P) AppleWebKit/537.36 (KHTML, like Gecko) Chrome/137.0.7151.103 Mobile Safari/537.36 (compatible; GoogleOther)"
209.74.77.214 - - [12/Jul/2025:18:20:34 +0000] "POST /wp-admin/admin-ajax.php?action=async_litespeed&nonce=MlVOIMRcvN5fbdxcQNbtwwTDKVLTJZEK&litespeed_type=imgoptm HTTP/1.1" 200 21 "-" "WordPress/6.8.1; https://cyber-secure.com.au"
66.249.64.129 - - [12/Jul/2025:18:20:41 +0000] "POST /get-message-notify HTTP/1.1" 200 21387 "https://cyber-secure.com.au/?e=16999113091000&mod=a01a0380&uri=us.php%3Fid%3D567479-39%26name%3Dsmall+kitchen+table" "Mozilla/5.0 (Linux; Android 6.0.1; Nexus 5X Build/MMB29P) AppleWebKit/537.36 (KHTML, like Gecko) Chrome/137.0.7151.119 Mobile Safari/537.36 (compatible; Googlebot/2.1; +http://www.google.com/bot.html)"
66.249.64.129 - - [12/Jul/2025:18:20:46 +0000] "GET /?e=116505519111000&mod=11bcd3c1&uri=article.php%3Fid%3D3888199-397%26name%3Dwalmart+ugg+like+boots HTTP/1.1" 200 21791 "-" "Mozilla/5.0 (Linux; Android 6.0.1; Nexus 5X Build/MMB29P) AppleWebKit/537.36 (KHTML, like Gecko) Chrome/137.0.7151.103 Mobile Safari/537.36 (compatible; Googlebot/2.1; +http://www.google.com/bot.html)"
66.249.64.128 - - [12/Jul/2025:18:20:48 +0000] "GET /?e=4248766041000&mod=55a988df&uri=form.php%3Fid%3D141810-253%26name%3Dnintendo%20eshop%20jurassic%20world HTTP/1.1" 200 26106 "-" "Mozilla/5.0 (Linux; Android 6.0.1; Nexus 5X Build/MMB29P) AppleWebKit/537.36 (KHTML, like Gecko) Chrome/137.0.7151.103 Mobile Safari/537.36 (compatible; GoogleOther)"
66.249.64.129 - - [12/Jul/2025:18:20:50 +0000] "GET /?e=49999538041000&mod=3214a6d8&uri=us.php%3Fid%3D1668574-188%26name%3Dbomber+jacket+decathlon HTTP/1.1" 200 21973 "-" "Mozilla/5.0 (Linux; Android 6.0.1; Nexus 5X Build/MMB29P) AppleWebKit/537.36 (KHTML, like Gecko) Chrome/137.0.7151.103 Mobile Safari/537.36 (compatible; Googlebot/2.1; +http://www.google.com/bot.html)"
66.249.64.128 - - [12/Jul/2025:18:20:55 +0000] "GET /?e=45729842121000&mod=c1e247e2&uri=news.php%3Fid%3D1526143-1221%26name%3Dmejores+marcas+de+drones+2020 HTTP/1.1" 301 - "-" "Mozilla/5.0 (Linux; Android 6.0.1; Nexus 5X Build/MMB29P) AppleWebKit/537.36 (KHTML, like Gecko) Chrome/137.0.7151.103 Mobile Safari/537.36 (compatible; GoogleOther)"
66.249.64.129 - - [12/Jul/2025:18:21:01 +0000] "GET /?e=45729842121000&mod=c1e247e2&uri=news.php%3Fid%3D1526143-1221%26name%3Dmejores%20marcas%20de%20drones%202020 HTTP/1.1" 200 26108 "-" "Mozilla/5.0 (Linux; Android 6.0.1; Nexus 5X Build/MMB29P) AppleWebKit/537.36 (KHTML, like Gecko) Chrome/137.0.7151.103 Mobile Safari/537.36 (compatible; GoogleOther)"
66.249.64.132 - - [12/Jul/2025:18:21:02 +0000] "GET /?e=104162751041000&mod=a6ce9144&uri=pin.php%3Fid%3D3476234-678%26name%3Diphone+12mini+colour HTTP/1.1" 200 21535 "-" "Mozilla/5.0 (compatible; Googlebot/2.1; +http://www.google.com/bot.html)"
209.74.77.214 - - [12/Jul/2025:18:21:09 +0000] "POST /wp-cron.php?doing_wp_cron=1752344469.7233130931854248046875 HTTP/1.1" 200 - "-" "WordPress/6.8.1; https://cyber-secure.com.au"
66.249.64.132 - - [12/Jul/2025:18:21:09 +0000] "GET /?e=63834789031000&mod=d3f010d6&uri=goods.php%3Fid%3D2130223-1385%26name%3Dmaillot+puma+personnalis%C3%83%C2%A9 HTTP/1.1" 301 - "-" "Mozilla/5.0 (Linux; Android 6.0.1; Nexus 5X Build/MMB29P) AppleWebKit/537.36 (KHTML, like Gecko) Chrome/137.0.7151.103 Mobile Safari/537.36 (compatible; GoogleOther)"
66.249.64.132 - - [12/Jul/2025:18:21:12 +0000] "POST /get-message-notify HTTP/1.1" 200 21381 "https://cyber-secure.com.au/?e=49999538041000&mod=3214a6d8&uri=us.php%3Fid%3D1668574-188%26name%3Dbomber+jacket+decathlon" "Mozilla/5.0 (Linux; Android 6.0.1; Nexus 5X Build/MMB29P) AppleWebKit/537.36 (KHTML, like Gecko) Chrome/137.0.7151.119 Mobile Safari/537.36 (compatible; Googlebot/2.1; +http://www.google.com/bot.html)"
209.74.77.214 - - [12/Jul/2025:18:21:17 +0000] "POST /wp-cron.php?doing_wp_cron=1752344477.4825088977813720703125 HTTP/1.1" 200 - "-" "WordPress/6.8.1; https://cyber-secure.com.au"
209.74.77.214 - - [12/Jul/2025:18:21:17 +0000] "POST /wp-admin/admin-ajax.php?action=async_litespeed&nonce=hZBGKQwmbzMoENAo8TQdl5aIu3avXhOf&litespeed_type=imgoptm HTTP/1.1" 200 21 "-" "WordPress/6.8.1; https://cyber-secure.com.au"
66.249.64.128 - - [12/Jul/2025:18:21:17 +0000] "GET /?e=63834789031000&mod=d3f010d6&uri=goods.php%3Fid%3D2130223-1385%26name%3Dmaillot%20puma%20personnalis%C3%83%C2%A9 HTTP/1.1" 200 26108 "-" "Mozilla/5.0 (Linux; Android 6.0.1; Nexus 5X Build/MMB29P) AppleWebKit/537.36 (KHTML, like Gecko) Chrome/137.0.7151.103 Mobile Safari/537.36 (compatible; GoogleOther)"
66.249.64.129 - - [12/Jul/2025:18:22:01 +0000] "GET /?e=1268474071000&mod=b6edc1cd&uri=shop.php%3Fid%3D42349-81%26name%3Dufficio+avvocato+arredamento HTTP/1.1" 301 - "-" "Mozilla/5.0 (Linux; Android 6.0.1; Nexus 5X Build/MMB29P) AppleWebKit/537.36 (KHTML, like Gecko) Chrome/137.0.7151.103 Mobile Safari/537.36 (compatible; GoogleOther)"
209.74.77.214 - - [12/Jul/2025:18:22:07 +0000] "POST /wp-cron.php?doing_wp_cron=1752344527.3367609977722167968750 HTTP/1.1" 200 - "-" "WordPress/6.8.1; https://cyber-secure.com.au"
66.249.64.129 - - [12/Jul/2025:18:22:07 +0000] "GET /?e=1268474071000&mod=b6edc1cd&uri=shop.php%3Fid%3D42349-81%26name%3Dufficio%20avvocato%20arredamento HTTP/1.1" 200 26108 "-" "Mozilla/5.0 (Linux; Android 6.0.1; Nexus 5X Build/MMB29P) AppleWebKit/537.36 (KHTML, like Gecko) Chrome/137.0.7151.103 Mobile Safari/537.36 (compatible; GoogleOther)"
66.249.64.132 - - [12/Jul/2025:18:22:13 +0000] "POST /wp-json/metform/v1/forms/views/2288 HTTP/1.1" 200 22323 "https://cyber-secure.com.au/?e=45729842121000&mod=c1e247e2&uri=news.php%3Fid%3D1526143-1221%26name%3Dmejores%20marcas%20de%20drones%202020" "Mozilla/5.0 (Linux; Android 6.0.1; Nexus 5X Build/MMB29P) AppleWebKit/537.36 (KHTML, like Gecko) Chrome/137.0.7151.119 Mobile Safari/537.36 (compatible; Googlebot/2.1; +http://www.google.com/bot.html)"
66.249.64.129 - - [12/Jul/2025:18:22:32 +0000] "GET /?e=119762364021000&mod=512c5cad&uri=form.php%3Fid%3D3996834-141%26name%3Dvestido+limonada+rosa HTTP/1.1" 200 21899 "-" "Mozilla/5.0 (Linux; Android 6.0.1; Nexus 5X Build/MMB29P) AppleWebKit/537.36 (KHTML, like Gecko) Chrome/137.0.7151.103 Mobile Safari/537.36 (compatible; Googlebot/2.1; +http://www.google.com/bot.html)"
66.249.64.128 - - [12/Jul/2025:18:22:34 +0000] "GET /?e=53024190061000&mod=8466a2b4&uri=pin.php%3Fid%3D1769466-540%26name%3Dbague+cartier+homme+diamant HTTP/1.1" 200 20594 "-" "Mozilla/5.0 (Linux; Android 6.0.1; Nexus 5X Build/MMB29P) AppleWebKit/537.36 (KHTML, like Gecko) Chrome/137.0.7151.103 Mobile Safari/537.36 (compatible; Googlebot/2.1; +http://www.google.com/bot.html)"
209.74.77.214 - - [12/Jul/2025:18:22:43 +0000] "POST /wp-cron.php?doing_wp_cron=1752344563.7839770317077636718750 HTTP/1.1" 200 - "-" "WordPress/6.8.1; https://cyber-secure.com.au"
66.249.64.132 - - [12/Jul/2025:18:22:43 +0000] "GET /?e=4192099051000&mod=070dbb60&uri=news.php%3Fid%3D139919-252%26name%3Dgrey+chinos HTTP/1.1" 301 - "-" "Mozilla/5.0 (Linux; Android 6.0.1; Nexus 5X Build/MMB29P) AppleWebKit/537.36 (KHTML, like Gecko) Chrome/137.0.7151.103 Mobile Safari/537.36 (compatible; GoogleOther)"
209.74.77.214 - - [12/Jul/2025:18:22:43 +0000] "POST /wp-admin/admin-ajax.php?action=async_litespeed&nonce=ZAHdrVrta7W0vcpP0OTwahtPyswBXCCf&litespeed_type=imgoptm HTTP/1.1" 200 21 "-" "WordPress/6.8.1; https://cyber-secure.com.au"
66.249.64.129 - - [12/Jul/2025:18:22:53 +0000] "GET /?e=4192099051000&mod=070dbb60&uri=news.php%3Fid%3D139919-252%26name%3Dgrey%20chinos HTTP/1.1" 200 26103 "-" "Mozilla/5.0 (Linux; Android 6.0.1; Nexus 5X Build/MMB29P) AppleWebKit/537.36 (KHTML, like Gecko) Chrome/137.0.7151.103 Mobile Safari/537.36 (compatible; GoogleOther)"
66.249.64.129 - - [12/Jul/2025:18:22:58 +0000] "GET /?e=99443476011000&mod=90e71551&uri=news.php%3Fid%3D3318685-1052%26name%3Dliverpool+new+shirt+2019 HTTP/1.1" 200 21277 "-" "Mozilla/5.0 (Linux; Android 6.0.1; Nexus 5X Build/MMB29P) AppleWebKit/537.36 (KHTML, like Gecko) Chrome/137.0.7151.103 Mobile Safari/537.36 (compatible; Googlebot/2.1; +http://www.google.com/bot.html)"
66.249.64.129 - - [12/Jul/2025:18:23:06 +0000] "GET /?e=43655844081000&mod=6ffcc0d3&uri=dp.php%3Fid%3D1456945-637%26name%3Dchaussures+gar%C3%83%C2%A7on+besson HTTP/1.1" 301 - "-" "Mozilla/5.0 (Linux; Android 6.0.1; Nexus 5X Build/MMB29P) AppleWebKit/537.36 (KHTML, like Gecko) Chrome/137.0.7151.103 Mobile Safari/537.36 (compatible; GoogleOther)"
209.74.77.214 - - [12/Jul/2025:18:23:20 +0000] "POST /wp-cron.php?doing_wp_cron=1752344600.0396730899810791015625 HTTP/1.1" 200 - "-" "WordPress/6.8.1; https://cyber-secure.com.au"
209.74.77.214 - - [12/Jul/2025:18:23:20 +0000] "POST /wp-admin/admin-ajax.php?action=async_litespeed&nonce=wSQ5QAxTWN9wChGnznxNgALMPhlGVEBz&litespeed_type=imgoptm HTTP/1.1" 200 21 "-" "WordPress/6.8.1; https://cyber-secure.com.au"
66.249.64.128 - - [12/Jul/2025:18:23:19 +0000] "GET /?e=43655844081000&mod=6ffcc0d3&uri=dp.php%3Fid%3D1456945-637%26name%3Dchaussures%20gar%C3%83%C2%A7on%20besson HTTP/1.1" 200 26108 "-" "Mozilla/5.0 (Linux; Android 6.0.1; Nexus 5X Build/MMB29P) AppleWebKit/537.36 (KHTML, like Gecko) Chrome/137.0.7151.103 Mobile Safari/537.36 (compatible; GoogleOther)"
66.249.64.129 - - [12/Jul/2025:18:23:53 +0000] "GET /?e=61763831051000&mod=1e4dc58a&uri=us.php%3Fid%3D2061120-1280%26name%3Dadidas+euro+2016+qualifiers+match+ball HTTP/1.1" 301 - "-" "Mozilla/5.0 (Linux; Android 6.0.1; Nexus 5X Build/MMB29P) AppleWebKit/537.36 (KHTML, like Gecko) Chrome/137.0.7151.103 Mobile Safari/537.36 (compatible; GoogleOther)"
66.249.64.129 - - [12/Jul/2025:18:23:54 +0000] "GET /?e=6179387061000&mod=d1c373ab&uri=product.php%3Fid%3D206362-296%26name%3Dpuri+gana+bhojpuri+gana HTTP/1.1" 200 21350 "-" "Mozilla/5.0 (Linux; Android 6.0.1; Nexus 5X Build/MMB29P) AppleWebKit/537.36 (KHTML, like Gecko) Chrome/137.0.7151.103 Mobile Safari/537.36 (compatible; Googlebot/2.1; +http://www.google.com/bot.html)"
209.74.77.214 - - [12/Jul/2025:18:24:07 +0000] "POST /wp-cron.php?doing_wp_cron=1752344647.9138050079345703125000 HTTP/1.1" 200 - "-" "WordPress/6.8.1; https://cyber-secure.com.au"
66.249.64.128 - - [12/Jul/2025:18:24:07 +0000] "GET /?e=61763831051000&mod=1e4dc58a&uri=us.php%3Fid%3D2061120-1280%26name%3Dadidas%20euro%202016%20qualifiers%20match%20ball HTTP/1.1" 200 26111 "-" "Mozilla/5.0 (Linux; Android 6.0.1; Nexus 5X Build/MMB29P) AppleWebKit/537.36 (KHTML, like Gecko) Chrome/137.0.7151.103 Mobile Safari/537.36 (compatible; GoogleOther)"
66.249.64.128 - - [12/Jul/2025:18:24:12 +0000] "GET /?e=4919730061000&mod=f6b5f8c3&uri=us.php%3Fid%3D164242-299%26name%3Dtobi+slip+dress HTTP/1.1" 200 21851 "-" "Mozilla/5.0 (Linux; Android 6.0.1; Nexus 5X Build/MMB29P) AppleWebKit/537.36 (KHTML, like Gecko) Chrome/137.0.7151.103 Mobile Safari/537.36 (compatible; Googlebot/2.1; +http://www.google.com/bot.html)"
66.249.64.128 - - [12/Jul/2025:18:24:27 +0000] "GET /?e=4109298011000&mod=149e9677&uri=dp.php%3Fid%3D137157-17%26name%3Droom+heater+under+1000 HTTP/1.1" 200 21519 "-" "Mozilla/5.0 (Linux; Android 6.0.1; Nexus 5X Build/MMB29P) AppleWebKit/537.36 (KHTML, like Gecko) Chrome/137.0.7151.103 Mobile Safari/537.36 (compatible; Googlebot/2.1; +http://www.google.com/bot.html)"
209.74.77.214 - - [12/Jul/2025:18:25:49 +0000] "POST /wp-cron.php?doing_wp_cron=1752344749.7945830821990966796875 HTTP/1.1" 200 - "-" "WordPress/6.8.1; https://cyber-secure.com.au"
66.249.64.128 - - [12/Jul/2025:18:25:48 +0000] "GET /?e=98419835031000&mod=6a26c75d&uri=pin.php%3Fid%3D3284526-1036%26name%3Dmercer+medium+michael+kors HTTP/1.1" 301 - "-" "Mozilla/5.0 (Linux; Android 6.0.1; Nexus 5X Build/MMB29P) AppleWebKit/537.36 (KHTML, like Gecko) Chrome/137.0.7151.103 Mobile Safari/537.36 (compatible; GoogleOther)"
209.74.77.214 - - [12/Jul/2025:18:25:49 +0000] "POST /wp-admin/admin-ajax.php?action=async_litespeed&nonce=GWWu9eQ9JbPf3miyhcDjhGZMg3TXmOGO&litespeed_type=imgoptm HTTP/1.1" 200 21 "-" "WordPress/6.8.1; https://cyber-secure.com.au"
66.249.64.129 - - [12/Jul/2025:18:25:55 +0000] "GET /?e=116525792071000&mod=11bcd3c1&uri=shared.php%3Fid%3D3888875-397%26name%3Dfitted+knee+high+boots HTTP/1.1" 200 21580 "-" "Mozilla/5.0 (Linux; Android 6.0.1; Nexus 5X Build/MMB29P) AppleWebKit/537.36 (KHTML, like Gecko) Chrome/137.0.7151.103 Mobile Safari/537.36 (compatible; Googlebot/2.1; +http://www.google.com/bot.html)"
66.249.64.132 - - [12/Jul/2025:18:26:00 +0000] "GET /?e=1179681011000&mod=4ea06fbc&uri=news.php%3Fid%3D39385-77%26name%3Dgh+bass+outlet+store+locations HTTP/1.1" 200 22095 "-" "Mozilla/5.0 (Linux; Android 6.0.1; Nexus 5X Build/MMB29P) AppleWebKit/537.36 (KHTML, like Gecko) Chrome/137.0.7151.103 Mobile Safari/537.36 (compatible; Googlebot/2.1; +http://www.google.com/bot.html)"
209.74.77.214 - - [12/Jul/2025:18:26:11 +0000] "POST /wp-cron.php?doing_wp_cron=1752344770.9952099323272705078125 HTTP/1.1" 200 - "-" "WordPress/6.8.1; https://cyber-secure.com.au"
66.249.64.132 - - [12/Jul/2025:18:26:10 +0000] "GET /?e=98419835031000&mod=6a26c75d&uri=pin.php%3Fid%3D3284526-1036%26name%3Dmercer%20medium%20michael%20kors HTTP/1.1" 200 26108 "-" "Mozilla/5.0 (Linux; Android 6.0.1; Nexus 5X Build/MMB29P) AppleWebKit/537.36 (KHTML, like Gecko) Chrome/137.0.7151.103 Mobile Safari/537.36 (compatible; GoogleOther)"
209.74.77.214 - - [12/Jul/2025:18:26:37 +0000] "POST /wp-cron.php?doing_wp_cron=1752344797.3665909767150878906250 HTTP/1.1" 200 - "-" "WordPress/6.8.1; https://cyber-secure.com.au"
66.249.64.132 - - [12/Jul/2025:18:26:37 +0000] "GET /?e=77570083041000&mod=5460b9ea&uri=shared.php%3Fid%3D2588582-611%26name%3Ddelsey+55 HTTP/1.1" 301 - "-" "Mozilla/5.0 (Linux; Android 6.0.1; Nexus 5X Build/MMB29P) AppleWebKit/537.36 (KHTML, like Gecko) Chrome/137.0.7151.103 Mobile Safari/537.36 (compatible; GoogleOther)"
209.74.77.214 - - [12/Jul/2025:18:26:37 +0000] "POST /wp-admin/admin-ajax.php?action=async_litespeed&nonce=2e8lE6TYleoGrUmRvlQrShe6gqeF8RAZ&litespeed_type=imgoptm HTTP/1.1" 200 21 "-" "WordPress/6.8.1; https://cyber-secure.com.au"
66.249.64.132 - - [12/Jul/2025:18:26:40 +0000] "GET /?e=77570083041000&mod=5460b9ea&uri=shared.php%3Fid%3D2588582-611%26name%3Ddelsey%2055 HTTP/1.1" 200 26108 "-" "Mozilla/5.0 (Linux; Android 6.0.1; Nexus 5X Build/MMB29P) AppleWebKit/537.36 (KHTML, like Gecko) Chrome/137.0.7151.103 Mobile Safari/537.36 (compatible; GoogleOther)"
209.74.77.214 - - [12/Jul/2025:18:26:48 +0000] "POST /wp-cron.php?doing_wp_cron=1752344808.9042448997497558593750 HTTP/1.1" 200 - "-" "WordPress/6.8.1; https://cyber-secure.com.au"
66.249.64.128 - - [12/Jul/2025:18:26:48 +0000] "GET /?e=64584087001000&mod=9be681ea&uri=pin.php%3Fid%3D2155219-574%26name%3Dnew+balance+311+2014 HTTP/1.1" 301 - "-" "Mozilla/5.0 (Linux; Android 6.0.1; Nexus 5X Build/MMB29P) AppleWebKit/537.36 (KHTML, like Gecko) Chrome/137.0.7151.103 Mobile Safari/537.36 (compatible; GoogleOther)"
66.249.64.129 - - [12/Jul/2025:18:26:59 +0000] "GET /?e=64584087001000&mod=9be681ea&uri=pin.php%3Fid%3D2155219-574%26name%3Dnew%20balance%20311%202014 HTTP/1.1" 200 26107 "-" "Mozilla/5.0 (Linux; Android 6.0.1; Nexus 5X Build/MMB29P) AppleWebKit/537.36 (KHTML, like Gecko) Chrome/137.0.7151.103 Mobile Safari/537.36 (compatible; GoogleOther)"
66.249.64.128 - - [12/Jul/2025:18:27:04 +0000] "GET /?e=104169351041000&mod=a6ce9144&uri=shop.php%3Fid%3D3476454-678%26name%3Dadapter+usb+to+macbook HTTP/1.1" 200 22249 "-" "Mozilla/5.0 (compatible; Googlebot/2.1; +http://www.google.com/bot.html)"
66.249.64.129 - - [12/Jul/2025:18:27:09 +0000] "GET /?e=104169051091000&mod=69386f6b&uri=article.php%3Fid%3D3476444-331%26name%3Dantora+rainbow HTTP/1.1" 200 21210 "-" "Mozilla/5.0 (compatible; Googlebot/2.1; +http://www.google.com/bot.html)"
66.249.64.132 - - [12/Jul/2025:18:27:22 +0000] "GET /?e=104167551041000&mod=a6ce9144&uri=form.php%3Fid%3D3476394-678%26name%3Dmac+micro+usb+adapter HTTP/1.1" 200 22006 "-" "Mozilla/5.0 (compatible; Googlebot/2.1; +http://www.google.com/bot.html)"
209.74.77.214 - - [12/Jul/2025:18:27:26 +0000] "POST /wp-cron.php?doing_wp_cron=1752344846.1144139766693115234375 HTTP/1.1" 200 - "-" "WordPress/6.8.1; https://cyber-secure.com.au"
209.74.77.214 - - [12/Jul/2025:18:27:26 +0000] "POST /wp-admin/admin-ajax.php?action=async_litespeed&nonce=MuawZzTaVX49JKZ71V6thbITi6xwld5H&litespeed_type=imgoptm HTTP/1.1" 200 21 "-" "WordPress/6.8.1; https://cyber-secure.com.au"
66.249.64.132 - - [12/Jul/2025:18:27:25 +0000] "GET /?e=55267737071000&mod=cc3d69ed&uri=article.php%3Fid%3D1844327-310%26name%3Dx570 HTTP/1.1" 200 26108 "-" "Mozilla/5.0 (Linux; Android 6.0.1; Nexus 5X Build/MMB29P) AppleWebKit/537.36 (KHTML, like Gecko) Chrome/137.0.7151.103 Mobile Safari/537.36 (compatible; GoogleOther)"
66.249.64.129 - - [12/Jul/2025:18:27:28 +0000] "GET /?e=104168151001000&mod=a6ce9144&uri=brands.php%3Fid%3D3476414-678%26name%3Diphone+x+iphone+12+mini+size+comparison HTTP/1.1" 200 22471 "-" "Mozilla/5.0 (compatible; Googlebot/2.1; +http://www.google.com/bot.html)"
66.249.64.132 - - [12/Jul/2025:18:27:31 +0000] "GET /?e=104166051141000&mod=a6ce9144&uri=us.php%3Fid%3D3476344-678%26name%3Diphone+pro+max+12+best+buy HTTP/1.1" 200 21409 "-" "Mozilla/5.0 (compatible; Googlebot/2.1; +http://www.google.com/bot.html)"
66.249.64.129 - - [12/Jul/2025:18:27:35 +0000] "GET /?e=6439046041000&mod=5249ee8e&uri=blog.php%3Fid%3D215064-220%26name%3Dmoncler+yellow HTTP/1.1" 200 22127 "-" "Mozilla/5.0 (Linux; Android 6.0.1; Nexus 5X Build/MMB29P) AppleWebKit/537.36 (KHTML, like Gecko) Chrome/137.0.7151.103 Mobile Safari/537.36 (compatible; Googlebot/2.1; +http://www.google.com/bot.html)"
66.249.64.129 - - [12/Jul/2025:18:27:44 +0000] "GET /?e=19678640051000&mod=b7c13b0a&uri=goods.php%3Fid%3D656899-751%26name%3Dbolsos+carrito+bebe+tuc+tuc HTTP/1.1" 200 20770 "-" "Mozilla/5.0 (Linux; Android 6.0.1; Nexus 5X Build/MMB29P) AppleWebKit/537.36 (KHTML, like Gecko) Chrome/137.0.7151.103 Mobile Safari/537.36 (compatible; Googlebot/2.1; +http://www.google.com/bot.html)"
66.249.64.128 - - [12/Jul/2025:18:27:55 +0000] "GET /?e=95176634011000&mod=3f74a886&uri=shop.php%3Fid%3D3176271-1500%26name%3Dmen%27s+nike+black+and+white+shoes HTTP/1.1" 301 - "-" "Mozilla/5.0 (Linux; Android 6.0.1; Nexus 5X Build/MMB29P) AppleWebKit/537.36 (KHTML, like Gecko) Chrome/137.0.7151.103 Mobile Safari/537.36 (compatible; GoogleOther)"
66.249.64.128 - - [12/Jul/2025:18:27:58 +0000] "GET /?e=95176634011000&mod=3f74a886&uri=shop.php%3Fid%3D3176271-1500%26name%3Dmen%27s%20nike%20black%20and%20white%20shoes HTTP/1.1" 200 26107 "-" "Mozilla/5.0 (Linux; Android 6.0.1; Nexus 5X Build/MMB29P) AppleWebKit/537.36 (KHTML, like Gecko) Chrome/137.0.7151.103 Mobile Safari/537.36 (compatible; GoogleOther)"
209.74.77.214 - - [12/Jul/2025:18:28:40 +0000] "POST /wp-cron.php?doing_wp_cron=1752344920.1963748931884765625000 HTTP/1.1" 200 - "-" "WordPress/6.8.1; https://cyber-secure.com.au"
66.249.64.129 - - [12/Jul/2025:18:28:38 +0000] "GET /?e=61514773001000&mod=163fd77a&uri=itm.php%3Fid%3D2052804-1368%26name%3Dadidas+climacool+coca+cola+uk HTTP/1.1" 301 - "-" "Mozilla/5.0 (Linux; Android 6.0.1; Nexus 5X Build/MMB29P) AppleWebKit/537.36 (KHTML, like Gecko) Chrome/137.0.7151.103 Mobile Safari/537.36 (compatible; GoogleOther)"
209.74.77.214 - - [12/Jul/2025:18:28:40 +0000] "POST /wp-admin/admin-ajax.php?action=async_litespeed&nonce=iaPw1JJBvjfn3DGeXwsrtwfaxqXjhlbY&litespeed_type=imgoptm HTTP/1.1" 200 21 "-" "WordPress/6.8.1; https://cyber-secure.com.au"
66.249.64.132 - - [12/Jul/2025:18:28:47 +0000] "GET /?e=61514773001000&mod=163fd77a&uri=itm.php%3Fid%3D2052804-1368%26name%3Dadidas%20climacool%20coca%20cola%20uk HTTP/1.1" 200 26112 "-" "Mozilla/5.0 (Linux; Android 6.0.1; Nexus 5X Build/MMB29P) AppleWebKit/537.36 (KHTML, like Gecko) Chrome/137.0.7151.103 Mobile Safari/537.36 (compatible; GoogleOther)"
66.249.64.128 - - [12/Jul/2025:18:29:04 +0000] "GET /?e=104182245041000&mod=7183145a&uri=news.php%3Fid%3D3476884-1127%26name%3Drab+men%27s+microlight+down+vest HTTP/1.1" 200 21075 "-" "Mozilla/5.0 (compatible; Googlebot/2.1; +http://www.google.com/bot.html)"
66.249.64.128 - - [12/Jul/2025:18:29:05 +0000] "GET /?e=104181345141000&mod=4b5739d4&uri=us.php%3Fid%3D3476854-1508%26name%3Dshoes+all+star+2020 HTTP/1.1" 200 20849 "-" "Mozilla/5.0 (compatible; Googlebot/2.1; +http://www.google.com/bot.html)"
66.249.64.132 - - [12/Jul/2025:18:29:07 +0000] "GET /?e=104166951141000&mod=a6ce9144&uri=goods.php%3Fid%3D3476374-678%26name%3Dcase+power+bank+samsung HTTP/1.1" 200 21679 "-" "Mozilla/5.0 (compatible; Googlebot/2.1; +http://www.google.com/bot.html)"
66.249.64.128 - - [12/Jul/2025:18:29:09 +0000] "GET /?e=104174745041000&mod=e0640c93&uri=dp.php%3Fid%3D3476634-432%26name%3Dbest+budget+rain+gear HTTP/1.1" 200 22249 "-" "Mozilla/5.0 (compatible; Googlebot/2.1; +http://www.google.com/bot.html)"
66.249.64.128 - - [12/Jul/2025:18:29:14 +0000] "GET /?e=50447272051000&mod=99902887&uri=search.php%3Fid%3D1683517-501%26name%3Dostheimer+bears HTTP/1.1" 200 21895 "-" "Mozilla/5.0 (compatible; Googlebot/2.1; +http://www.google.com/bot.html)"
66.249.64.132 - - [12/Jul/2025:18:29:22 +0000] "GET /?e=115897244021000&mod=a01a0380&uri=article.php%3Fid%3D3867910-39%26name%3Dikea+valfred+sibben HTTP/1.1" 200 22318 "-" "Mozilla/5.0 (Linux; Android 6.0.1; Nexus 5X Build/MMB29P) AppleWebKit/537.36 (KHTML, like Gecko) Chrome/137.0.7151.103 Mobile Safari/537.36 (compatible; Googlebot/2.1; +http://www.google.com/bot.html)"
209.74.77.214 - - [12/Jul/2025:18:29:33 +0000] "POST /wp-cron.php?doing_wp_cron=1752344973.1883299350738525390625 HTTP/1.1" 200 - "-" "WordPress/6.8.1; https://cyber-secure.com.au"
66.249.64.129 - - [12/Jul/2025:18:29:33 +0000] "GET /?e=77477311041000&mod=5a5eab21&uri=news.php%3Fid%3D2585489-386%26name%3Dstetson+flat+cap HTTP/1.1" 301 - "-" "Mozilla/5.0 (Linux; Android 6.0.1; Nexus 5X Build/MMB29P) AppleWebKit/537.36 (KHTML, like Gecko) Chrome/137.0.7151.103 Mobile Safari/537.36 (compatible; GoogleOther)"
209.74.77.214 - - [12/Jul/2025:18:29:33 +0000] "POST /wp-admin/admin-ajax.php?action=async_litespeed&nonce=MkvwXDWU7OP05LupOEr0YBjyOSOMBOzh&litespeed_type=imgoptm HTTP/1.1" 200 21 "-" "WordPress/6.8.1; https://cyber-secure.com.au"
66.249.64.132 - - [12/Jul/2025:18:29:35 +0000] "GET /?e=17158407071000&mod=5e9fb672&uri=form.php%3Fid%3D572791-683%26name%3Dplayera+dinosaurio+google HTTP/1.1" 200 20965 "-" "Mozilla/5.0 (Linux; Android 6.0.1; Nexus 5X Build/MMB29P) AppleWebKit/537.36 (KHTML, like Gecko) Chrome/137.0.7151.103 Mobile Safari/537.36 (compatible; Googlebot/2.1; +http://www.google.com/bot.html)"
66.249.64.129 - - [12/Jul/2025:18:29:40 +0000] "POST /get-message-notify HTTP/1.1" 200 21394 "https://cyber-secure.com.au/?e=115897244021000&mod=a01a0380&uri=article.php%3Fid%3D3867910-39%26name%3Dikea+valfred+sibben" "Mozilla/5.0 (Linux; Android 6.0.1; Nexus 5X Build/MMB29P) AppleWebKit/537.36 (KHTML, like Gecko) Chrome/137.0.7151.119 Mobile Safari/537.36 (compatible; Googlebot/2.1; +http://www.google.com/bot.html)"
66.249.64.132 - - [12/Jul/2025:18:29:46 +0000] "GET /?e=77477311041000&mod=5a5eab21&uri=news.php%3Fid%3D2585489-386%26name%3Dstetson%20flat%20cap HTTP/1.1" 200 26103 "-" "Mozilla/5.0 (Linux; Android 6.0.1; Nexus 5X Build/MMB29P) AppleWebKit/537.36 (KHTML, like Gecko) Chrome/137.0.7151.103 Mobile Safari/537.36 (compatible; GoogleOther)"
66.249.64.132 - - [12/Jul/2025:18:29:58 +0000] "GET /?e=75764494041000&mod=8eddb379&uri=goods.php%3Fid%3D2528328-1024%26name%3Dpuma+tracksuit+price+list HTTP/1.1" 301 - "-" "Mozilla/5.0 (Linux; Android 6.0.1; Nexus 5X Build/MMB29P) AppleWebKit/537.36 (KHTML, like Gecko) Chrome/137.0.7151.103 Mobile Safari/537.36 (compatible; GoogleOther)"
66.249.64.128 - - [12/Jul/2025:18:30:05 +0000] "GET /?e=75764494041000&mod=8eddb379&uri=goods.php%3Fid%3D2528328-1024%26name%3Dpuma%20tracksuit%20price%20list HTTP/1.1" 200 26105 "-" "Mozilla/5.0 (Linux; Android 6.0.1; Nexus 5X Build/MMB29P) AppleWebKit/537.36 (KHTML, like Gecko) Chrome/137.0.7151.103 Mobile Safari/537.36 (compatible; GoogleOther)"
209.74.77.214 - - [12/Jul/2025:18:30:33 +0000] "POST /wp-cron.php?doing_wp_cron=1752345033.3923540115356445312500 HTTP/1.1" 200 - "-" "WordPress/6.8.1; https://cyber-secure.com.au"
66.249.64.129 - - [12/Jul/2025:18:30:33 +0000] "GET /?e=4581949081000&mod=de594ef5&uri=goods.php%3Fid%3D152931-271%26name%3Dpuma+nrgy+for+running HTTP/1.1" 301 - "-" "Mozilla/5.0 (Linux; Android 6.0.1; Nexus 5X Build/MMB29P) AppleWebKit/537.36 (KHTML, like Gecko) Chrome/137.0.7151.103 Mobile Safari/537.36 (compatible; GoogleOther)"
209.74.77.214 - - [12/Jul/2025:18:30:33 +0000] "POST /wp-admin/admin-ajax.php?action=async_litespeed&nonce=Gt3QeGRIYfMlrFzUcm1eP5zmbknHtt5U&litespeed_type=imgoptm HTTP/1.1" 200 21 "-" "WordPress/6.8.1; https://cyber-secure.com.au"
66.249.64.129 - - [12/Jul/2025:18:30:35 +0000] "GET /?e=4581949081000&mod=de594ef5&uri=goods.php%3Fid%3D152931-271%26name%3Dpuma%20nrgy%20for%20running HTTP/1.1" 200 26108 "-" "Mozilla/5.0 (Linux; Android 6.0.1; Nexus 5X Build/MMB29P) AppleWebKit/537.36 (KHTML, like Gecko) Chrome/137.0.7151.103 Mobile Safari/537.36 (compatible; GoogleOther)"
66.249.64.128 - - [12/Jul/2025:18:30:53 +0000] "GET /?e=19665961061000&mod=b7c13b0a&uri=pin.php%3Fid%3D656476-751%26name%3Dloncheras+plaza+vea HTTP/1.1" 200 21477 "-" "Mozilla/5.0 (Linux; Android 6.0.1; Nexus 5X Build/MMB29P) AppleWebKit/537.36 (KHTML, like Gecko) Chrome/137.0.7151.103 Mobile Safari/537.36 (compatible; Googlebot/2.1; +http://www.google.com/bot.html)"
66.249.64.128 - - [12/Jul/2025:18:30:59 +0000] "POST /get-message-notify HTTP/1.1" 200 21387 "https://cyber-secure.com.au/?e=19665961061000&mod=b7c13b0a&uri=pin.php%3Fid%3D656476-751%26name%3Dloncheras+plaza+vea" "Mozilla/5.0 (Linux; Android 6.0.1; Nexus 5X Build/MMB29P) AppleWebKit/537.36 (KHTML, like Gecko) Chrome/137.0.7151.119 Mobile Safari/537.36 (compatible; Googlebot/2.1; +http://www.google.com/bot.html)"
66.249.64.129 - - [12/Jul/2025:18:31:06 +0000] "GET /?e=19645711071000&mod=f4f1f13c&uri=brands.php%3Fid%3D655801-750%26name%3Dbolsas+coach+en+liverpool HTTP/1.1" 200 20633 "-" "Mozilla/5.0 (Linux; Android 6.0.1; Nexus 5X Build/MMB29P) AppleWebKit/537.36 (KHTML, like Gecko) Chrome/137.0.7151.103 Mobile Safari/537.36 (compatible; Googlebot/2.1; +http://www.google.com/bot.html)"
209.74.77.214 - - [12/Jul/2025:18:31:36 +0000] "POST /wp-cron.php?doing_wp_cron=1752345096.2113230228424072265625 HTTP/1.1" 200 - "-" "WordPress/6.8.1; https://cyber-secure.com.au"
66.249.64.128 - - [12/Jul/2025:18:31:36 +0000] "GET /?e=78244161041000&mod=62da5a6d&uri=dp.php%3Fid%3D2611096-648%26name%3Dzaino+scuola+elementare+con+ruote HTTP/1.1" 301 - "-" "Mozilla/5.0 (Linux; Android 6.0.1; Nexus 5X Build/MMB29P) AppleWebKit/537.36 (KHTML, like Gecko) Chrome/137.0.7151.103 Mobile Safari/537.36 (compatible; GoogleOther)"
209.74.77.214 - - [12/Jul/2025:18:31:36 +0000] "POST /wp-admin/admin-ajax.php?action=async_litespeed&nonce=yUINbh86n9PbFpFdQTKNEvklV8HSQNC5&litespeed_type=imgoptm HTTP/1.1" 200 21 "-" "WordPress/6.8.1; https://cyber-secure.com.au"
66.249.64.128 - - [12/Jul/2025:18:31:39 +0000] "GET /?e=91627684041000&mod=4e4f8804&uri=shared.php%3Fid%3D3057782-1526%26name%3Dfloral+ruffle+top+and+mini+skirt+set HTTP/1.1" 301 - "-" "Mozilla/5.0 (Linux; Android 6.0.1; Nexus 5X Build/MMB29P) AppleWebKit/537.36 (KHTML, like Gecko) Chrome/137.0.7151.103 Mobile Safari/537.36 (compatible; GoogleOther)"
66.249.64.128 - - [12/Jul/2025:18:31:42 +0000] "GET /?e=78244161041000&mod=62da5a6d&uri=dp.php%3Fid%3D2611096-648%26name%3Dzaino%20scuola%20elementare%20con%20ruote HTTP/1.1" 200 26103 "-" "Mozilla/5.0 (Linux; Android 6.0.1; Nexus 5X Build/MMB29P) AppleWebKit/537.36 (KHTML, like Gecko) Chrome/137.0.7151.103 Mobile Safari/537.36 (compatible; GoogleOther)"
66.249.64.128 - - [12/Jul/2025:18:31:47 +0000] "GET /?e=91627684041000&mod=4e4f8804&uri=shared.php%3Fid%3D3057782-1526%26name%3Dfloral%20ruffle%20top%20and%20mini%20skirt%20set HTTP/1.1" 200 26109 "-" "Mozilla/5.0 (Linux; Android 6.0.1; Nexus 5X Build/MMB29P) AppleWebKit/537.36 (KHTML, like Gecko) Chrome/137.0.7151.103 Mobile Safari/537.36 (compatible; GoogleOther)"
209.74.77.214 - - [12/Jul/2025:18:32:29 +0000] "POST /wp-cron.php?doing_wp_cron=1752345149.0437669754028320312500 HTTP/1.1" 200 - "-" "WordPress/6.8.1; https://cyber-secure.com.au"
66.249.64.129 - - [12/Jul/2025:18:32:27 +0000] "GET /?e=100073404071000&mod=a01a0380&uri=shop.php%3Fid%3D3339703-39%26name%3Dchair+seat+booster HTTP/1.1" 301 - "-" "Mozilla/5.0 (Linux; Android 6.0.1; Nexus 5X Build/MMB29P) AppleWebKit/537.36 (KHTML, like Gecko) Chrome/137.0.7151.103 Mobile Safari/537.36 (compatible; GoogleOther)"
209.74.77.214 - - [12/Jul/2025:18:32:29 +0000] "POST /wp-admin/admin-ajax.php?action=async_litespeed&nonce=R1RARzg3Bq5e4x0Kr29QoLaGpHI1hL28&litespeed_type=imgoptm HTTP/1.1" 200 21 "-" "WordPress/6.8.1; https://cyber-secure.com.au"
66.249.64.132 - - [12/Jul/2025:18:32:32 +0000] "GET /?e=100073404071000&mod=a01a0380&uri=shop.php%3Fid%3D3339703-39%26name%3Dchair%20seat%20booster HTTP/1.1" 200 26104 "-" "Mozilla/5.0 (Linux; Android 6.0.1; Nexus 5X Build/MMB29P) AppleWebKit/537.36 (KHTML, like Gecko) Chrome/137.0.7151.103 Mobile Safari/537.36 (compatible; GoogleOther)"
66.249.64.128 - - [12/Jul/2025:18:32:49 +0000] "GET /?e=104279588031000&mod=b15974e8&uri=search.php%3Fid%3D3480130-1638%26name%3Daventura+clothing+reviews HTTP/1.1" 301 - "-" "Mozilla/5.0 (Linux; Android 6.0.1; Nexus 5X Build/MMB29P) AppleWebKit/537.36 (KHTML, like Gecko) Chrome/137.0.7151.103 Mobile Safari/537.36 (compatible; GoogleOther)"
66.249.64.129 - - [12/Jul/2025:18:32:56 +0000] "GET /?e=104279588031000&mod=b15974e8&uri=search.php%3Fid%3D3480130-1638%26name%3Daventura%20clothing%20reviews HTTP/1.1" 200 26103 "-" "Mozilla/5.0 (Linux; Android 6.0.1; Nexus 5X Build/MMB29P) AppleWebKit/537.36 (KHTML, like Gecko) Chrome/137.0.7151.103 Mobile Safari/537.36 (compatible; GoogleOther)"
66.249.64.128 - - [12/Jul/2025:18:33:10 +0000] "GET /?e=104172951041000&mod=a6ce9144&uri=pin.php%3Fid%3D3476574-678%26name%3Dintex+cloud+style+4g+back+cover HTTP/1.1" 200 22146 "-" "Mozilla/5.0 (compatible; Googlebot/2.1; +http://www.google.com/bot.html)"
66.249.64.128 - - [12/Jul/2025:18:33:13 +0000] "GET /?e=50319223061000&mod=bdffc797&uri=shop.php%3Fid%3D1679246-1270%26name%3Dparfum+moschino+couture+original HTTP/1.1" 200 20727 "-" "Mozilla/5.0 (compatible; Googlebot/2.1; +http://www.google.com/bot.html)"
66.249.64.128 - - [12/Jul/2025:18:33:21 +0000] "GET /?e=50443912011000&mod=0f65caf0&uri=category-info.php%3Fid%3D1683405-454%26name%3Dfunko+pop+venomized+ghost+rider HTTP/1.1" 200 22078 "-" "Mozilla/5.0 (compatible; Googlebot/2.1; +http://www.google.com/bot.html)"
66.249.64.132 - - [12/Jul/2025:18:33:37 +0000] "GET /?e=50461672031000&mod=99902887&uri=news.php%3Fid%3D1683997-501%26name%3Ddog+and+human+years HTTP/1.1" 200 22583 "-" "Mozilla/5.0 (compatible; Googlebot/2.1; +http://www.google.com/bot.html)"
209.74.77.214 - - [12/Jul/2025:18:33:41 +0000] "POST /wp-cron.php?doing_wp_cron=1752345221.5457320213317871093750 HTTP/1.1" 200 - "-" "WordPress/6.8.1; https://cyber-secure.com.au"
66.249.64.128 - - [12/Jul/2025:18:33:41 +0000] "GET /?e=99605197011000&mod=b4e62d56&uri=dp.php%3Fid%3D3324079-1050%26name%3Dneck+gaiter+for+dogs HTTP/1.1" 301 - "-" "Mozilla/5.0 (Linux; Android 6.0.1; Nexus 5X Build/MMB29P) AppleWebKit/537.36 (KHTML, like Gecko) Chrome/137.0.7151.103 Mobile Safari/537.36 (compatible; GoogleOther)"
209.74.77.214 - - [12/Jul/2025:18:33:41 +0000] "POST /wp-admin/admin-ajax.php?action=async_litespeed&nonce=FxG7xMxqnzEI2hYsm3pv3gXBjvtBMUfn&litespeed_type=imgoptm HTTP/1.1" 200 21 "-" "WordPress/6.8.1; https://cyber-secure.com.au"
66.249.64.129 - - [12/Jul/2025:18:33:44 +0000] "GET /?e=50456872131000&mod=0f65caf0&uri=form.php%3Fid%3D1683837-454%26name%3Deddie+brock+venom+funko+pop HTTP/1.1" 200 22035 "-" "Mozilla/5.0 (compatible; Googlebot/2.1; +http://www.google.com/bot.html)"
66.249.64.129 - - [12/Jul/2025:18:33:47 +0000] "GET /?e=50454712011000&mod=a35fe7f7&uri=blog.php%3Fid%3D1683765-500%26name%3Dlittle+me+essentials HTTP/1.1" 200 21767 "-" "Mozilla/5.0 (compatible; Googlebot/2.1; +http://www.google.com/bot.html)"
66.249.64.132 - - [12/Jul/2025:18:33:50 +0000] "GET /?e=116474600081000&mod=9657c1ff&uri=products.php%3Fid%3D3887167-254%26name%3Ddrawing+of+motherboard+with+label HTTP/1.1" 301 - "-" "Mozilla/5.0 (Linux; Android 6.0.1; Nexus 5X Build/MMB29P) AppleWebKit/537.36 (KHTML, like Gecko) Chrome/137.0.7151.103 Mobile Safari/537.36 (compatible; GoogleOther)"
66.249.64.129 - - [12/Jul/2025:18:33:52 +0000] "GET /?e=50447032051000&mod=99902887&uri=article.php%3Fid%3D1683509-501%26name%3Dbeanie+boos+glitzy HTTP/1.1" 200 21994 "-" "Mozilla/5.0 (compatible; Googlebot/2.1; +http://www.google.com/bot.html)"
66.249.64.128 - - [12/Jul/2025:18:33:56 +0000] "GET /?e=50448712111000&mod=a35fe7f7&uri=category-info.php%3Fid%3D1683565-500%26name%3Dpressure+fit+extra+wide+stair+gate HTTP/1.1" 200 21620 "-" "Mozilla/5.0 (compatible; Googlebot/2.1; +http://www.google.com/bot.html)"
66.249.64.128 - - [12/Jul/2025:18:34:00 +0000] "GET /?e=99605197011000&mod=b4e62d56&uri=dp.php%3Fid%3D3324079-1050%26name%3Dneck%20gaiter%20for%20dogs HTTP/1.1" 200 26104 "-" "Mozilla/5.0 (Linux; Android 6.0.1; Nexus 5X Build/MMB29P) AppleWebKit/537.36 (KHTML, like Gecko) Chrome/137.0.7151.103 Mobile Safari/537.36 (compatible; GoogleOther)"
66.249.64.128 - - [12/Jul/2025:18:34:05 +0000] "GET /?e=50456152091000&mod=99902887&uri=products.php%3Fid%3D1683813-501%26name%3D13+years+in+dog+years HTTP/1.1" 200 21920 "-" "Mozilla/5.0 (compatible; Googlebot/2.1; +http://www.google.com/bot.html)"
66.249.64.129 - - [12/Jul/2025:18:34:10 +0000] "GET /?e=50449912051000&mod=a35fe7f7&uri=category-info.php%3Fid%3D1683605-500%26name%3D1st+baby+must+haves HTTP/1.1" 200 21941 "-" "Mozilla/5.0 (compatible; Googlebot/2.1; +http://www.google.com/bot.html)"
66.249.64.129 - - [12/Jul/2025:18:34:17 +0000] "GET /?e=50449192021000&mod=a35fe7f7&uri=product.php%3Fid%3D1683581-500%26name%3Dmothercare+baby+essentials HTTP/1.1" 200 22263 "-" "Mozilla/5.0 (compatible; Googlebot/2.1; +http://www.google.com/bot.html)"
