66.249.64.132 - - [12/Jul/2025:22:39:27 +0000] "GET /?e=22775276011000&mod=233f1dd0&uri=form.php%3Fid%3D760205-596%26name%3Dkameko+reborn HTTP/1.1" 200 22094 "-" "Mozilla/5.0 (Linux; Android 6.0.1; Nexus 5X Build/MMB29P) AppleWebKit/537.36 (KHTML, like Gecko) Chrome/137.0.7151.103 Mobile Safari/537.36 (compatible; Googlebot/2.1; +http://www.google.com/bot.html)"
66.249.64.128 - - [12/Jul/2025:22:39:29 +0000] "POST /get-message-notify HTTP/1.1" 200 21394 "https://cyber-secure.com.au/?e=29847418041000&mod=c3f4db3a&uri=shared.php%3Fid%3D996226-824%26name%3Dreusable+toaster+bags" "Mozilla/5.0 (Linux; Android 6.0.1; Nexus 5X Build/MMB29P) AppleWebKit/537.36 (KHTML, like Gecko) Chrome/137.0.7151.119 Mobile Safari/537.36 (compatible; Googlebot/2.1; +http://www.google.com/bot.html)"
66.249.64.132 - - [12/Jul/2025:22:39:31 +0000] "GET /?e=22681932051000&mod=c3f4db3a&uri=blog.php%3Fid%3D757091-824%26name%3Ddaisy+cake+pan HTTP/1.1" 200 21136 "-" "Mozilla/5.0 (Linux; Android 6.0.1; Nexus 5X Build/MMB29P) AppleWebKit/537.36 (KHTML, like Gecko) Chrome/137.0.7151.103 Mobile Safari/537.36 (compatible; Googlebot/2.1; +http://www.google.com/bot.html)"
66.249.64.132 - - [12/Jul/2025:22:39:32 +0000] "GET /?e=19650511031000&mod=b7c13b0a&uri=dp.php%3Fid%3D655961-751%26name%3Dcarrito%20beb%C3%83%C2%A9%20piezas%20jan%C3%83%C2%A9 HTTP/1.1" 200 26110 "-" "Mozilla/5.0 (Linux; Android 6.0.1; Nexus 5X Build/MMB29P) AppleWebKit/537.36 (KHTML, like Gecko) Chrome/137.0.7151.103 Mobile Safari/537.36 (compatible; GoogleOther)"
66.249.64.132 - - [12/Jul/2025:22:39:34 +0000] "GET /?e=99485049021000&mod=5c645cc1&uri=goods.php%3Fid%3D3320071-469%26name%3Dair+tuned+max HTTP/1.1" 200 22552 "-" "Mozilla/5.0 (Linux; Android 6.0.1; Nexus 5X Build/MMB29P) AppleWebKit/537.36 (KHTML, like Gecko) Chrome/137.0.7151.103 Mobile Safari/537.36 (compatible; Googlebot/2.1; +http://www.google.com/bot.html)"
66.249.64.128 - - [12/Jul/2025:22:39:36 +0000] "GET /?e=98871930061000&mod=1f9f9d8f&uri=search.php%3Fid%3D3299604-666%26name%3Dghd+paddle+straighteners HTTP/1.1" 200 19349 "-" "Mozilla/5.0 (Linux; Android 6.0.1; Nexus 5X Build/MMB29P) AppleWebKit/537.36 (KHTML, like Gecko) Chrome/137.0.7151.103 Mobile Safari/537.36 (compatible; Googlebot/2.1; +http://www.google.com/bot.html)"
66.249.64.132 - - [12/Jul/2025:22:39:38 +0000] "GET /?e=99570490091000&mod=8a1df180&uri=info.php%3Fid%3D3322921-1439%26name%3Ddjeco+cheval+a+bascule HTTP/1.1" 200 20720 "-" "Mozilla/5.0 (Linux; Android 6.0.1; Nexus 5X Build/MMB29P) AppleWebKit/537.36 (KHTML, like Gecko) Chrome/137.0.7151.103 Mobile Safari/537.36 (compatible; Googlebot/2.1; +http://www.google.com/bot.html)"
66.249.64.128 - - [12/Jul/2025:22:39:40 +0000] "GET /wp-includes/js/dist/escape-html.min.js?ver=6561a406d2d232a6fbd2 HTTP/1.1" 200 532 "https://cyber-secure.com.au/?e=13471094001000&mod=a8c6dd98&uri=info.php%3Fid%3D449760-600%26name%3Dfitbit%20charge%20pulse%20oximeter" "Mozilla/5.0 (Linux; Android 6.0.1; Nexus 5X Build/MMB29P) AppleWebKit/537.36 (KHTML, like Gecko) Chrome/137.0.7151.119 Mobile Safari/537.36 (compatible; Googlebot/2.1; +http://www.google.com/bot.html)"
66.249.64.128 - - [12/Jul/2025:22:39:41 +0000] "POST /get-message-notify HTTP/1.1" 200 21388 "https://cyber-secure.com.au/?e=98871930061000&mod=1f9f9d8f&uri=search.php%3Fid%3D3299604-666%26name%3Dghd+paddle+straighteners" "Mozilla/5.0 (Linux; Android 6.0.1; Nexus 5X Build/MMB29P) AppleWebKit/537.36 (KHTML, like Gecko) Chrome/137.0.7151.119 Mobile Safari/537.36 (compatible; Googlebot/2.1; +http://www.google.com/bot.html)"
66.249.64.128 - - [12/Jul/2025:22:39:43 +0000] "GET /?e=99619747021000&mod=a3a8185b&uri=search.php%3Fid%3D3324564-1316%26name%3Dtrajes+de+boda+para+hombres+2018 HTTP/1.1" 200 21720 "-" "Mozilla/5.0 (Linux; Android 6.0.1; Nexus 5X Build/MMB29P) AppleWebKit/537.36 (KHTML, like Gecko) Chrome/137.0.7151.103 Mobile Safari/537.36 (compatible; Googlebot/2.1; +http://www.google.com/bot.html)"
66.249.64.128 - - [12/Jul/2025:22:39:45 +0000] "GET /?e=46355675031000&mod=71b9e42f&uri=products.php%3Fid%3D1547020-811%26name%3Djordan+legacy+aj+fleece+hoodie HTTP/1.1" 200 21480 "-" "Mozilla/5.0 (Linux; Android 6.0.1; Nexus 5X Build/MMB29P) AppleWebKit/537.36 (KHTML, like Gecko) Chrome/137.0.7151.103 Mobile Safari/537.36 (compatible; Googlebot/2.1; +http://www.google.com/bot.html)"
66.249.64.128 - - [12/Jul/2025:22:39:48 +0000] "GET /?e=99524589071000&mod=ee3bf295&uri=article.php%3Fid%3D3321389-1514%26name%3Duppababy+vista+in HTTP/1.1" 200 20466 "-" "Mozilla/5.0 (Linux; Android 6.0.1; Nexus 5X Build/MMB29P) AppleWebKit/537.36 (KHTML, like Gecko) Chrome/137.0.7151.103 Mobile Safari/537.36 (compatible; Googlebot/2.1; +http://www.google.com/bot.html)"
66.249.64.128 - - [12/Jul/2025:22:39:50 +0000] "GET /?e=74588627031000&mod=326fb04c&uri=article.php%3Fid%3D2489073-325%26name%3Dhow+to+connect+switch+to+tv+without+hdmi HTTP/1.1" 200 21807 "-" "Mozilla/5.0 (Linux; Android 6.0.1; Nexus 5X Build/MMB29P) AppleWebKit/537.36 (KHTML, like Gecko) Chrome/137.0.7151.103 Mobile Safari/537.36 (compatible; Googlebot/2.1; +http://www.google.com/bot.html)"
66.249.64.132 - - [12/Jul/2025:22:39:52 +0000] "GET /?e=39556487001000&mod=45cef8e5&uri=products.php%3Fid%3D1320192-365%26name%3Dcyber+monday+2016+new+balance HTTP/1.1" 200 21086 "-" "Mozilla/5.0 (Linux; Android 6.0.1; Nexus 5X Build/MMB29P) AppleWebKit/537.36 (KHTML, like Gecko) Chrome/137.0.7151.103 Mobile Safari/537.36 (compatible; Googlebot/2.1; +http://www.google.com/bot.html)"
66.249.64.128 - - [12/Jul/2025:22:39:54 +0000] "POST /get-message-notify HTTP/1.1" 200 21395 "https://cyber-secure.com.au/?e=99570490091000&mod=8a1df180&uri=info.php%3Fid%3D3322921-1439%26name%3Ddjeco+cheval+a+bascule" "Mozilla/5.0 (Linux; Android 6.0.1; Nexus 5X Build/MMB29P) AppleWebKit/537.36 (KHTML, like Gecko) Chrome/137.0.7151.119 Mobile Safari/537.36 (compatible; Googlebot/2.1; +http://www.google.com/bot.html)"
66.249.64.132 - - [12/Jul/2025:22:39:55 +0000] "GET /?e=99516219041000&mod=ee3bf295&uri=us.php%3Fid%3D3321110-1514%26name%3Dbritax+cow+print HTTP/1.1" 200 21778 "-" "Mozilla/5.0 (Linux; Android 6.0.1; Nexus 5X Build/MMB29P) AppleWebKit/537.36 (KHTML, like Gecko) Chrome/137.0.7151.103 Mobile Safari/537.36 (compatible; Googlebot/2.1; +http://www.google.com/bot.html)"
66.249.64.129 - - [12/Jul/2025:22:39:57 +0000] "GET /?e=99428836001000&mod=90e71551&uri=blog.php%3Fid%3D3318197-1052%26name%3Dman+city+charity+shield+shirt HTTP/1.1" 200 22247 "-" "Mozilla/5.0 (Linux; Android 6.0.1; Nexus 5X Build/MMB29P) AppleWebKit/537.36 (KHTML, like Gecko) Chrome/137.0.7151.103 Mobile Safari/537.36 (compatible; Googlebot/2.1; +http://www.google.com/bot.html)"
66.249.64.132 - - [12/Jul/2025:22:39:59 +0000] "GET /?e=71931619011000&mod=90e71551&uri=goods.php%3Fid%3D2400423-1052%26name%3Dsachin+tendulkar+india+jersey HTTP/1.1" 200 22252 "-" "Mozilla/5.0 (Linux; Android 6.0.1; Nexus 5X Build/MMB29P) AppleWebKit/537.36 (KHTML, like Gecko) Chrome/137.0.7151.103 Mobile Safari/537.36 (compatible; Googlebot/2.1; +http://www.google.com/bot.html)"
209.74.77.214 - - [12/Jul/2025:22:40:10 +0000] "POST /wp-cron.php?doing_wp_cron=1752360010.5946199893951416015625 HTTP/1.1" 200 - "-" "WordPress/6.8.1; https://cyber-secure.com.au"
66.249.64.132 - - [12/Jul/2025:22:40:10 +0000] "GET /?e=29694301011000&mod=29405e2a&uri=article.php%3Fid%3D991120-950%26name%3Dsecond+hand+motorbike+jackets HTTP/1.1" 301 - "-" "Mozilla/5.0 (Linux; Android 6.0.1; Nexus 5X Build/MMB29P) AppleWebKit/537.36 (KHTML, like Gecko) Chrome/137.0.7151.103 Mobile Safari/537.36 (compatible; GoogleOther)"
66.249.64.132 - - [12/Jul/2025:22:40:13 +0000] "GET /?e=99613207081000&mod=b4e62d56&uri=article.php%3Fid%3D3324346-1050%26name%3Dgerman+shepherd+on+board+sticker HTTP/1.1" 200 20898 "-" "Mozilla/5.0 (Linux; Android 6.0.1; Nexus 5X Build/MMB29P) AppleWebKit/537.36 (KHTML, like Gecko) Chrome/137.0.7151.103 Mobile Safari/537.36 (compatible; Googlebot/2.1; +http://www.google.com/bot.html)"
66.249.64.132 - - [12/Jul/2025:22:40:15 +0000] "GET /?e=99503169051000&mod=ee3bf295&uri=dp.php%3Fid%3D3320675-1514%26name%3Dmaxi+cosi+cabrio HTTP/1.1" 200 20749 "-" "Mozilla/5.0 (Linux; Android 6.0.1; Nexus 5X Build/MMB29P) AppleWebKit/537.36 (KHTML, like Gecko) Chrome/137.0.7151.103 Mobile Safari/537.36 (compatible; Googlebot/2.1; +http://www.google.com/bot.html)"
66.249.64.132 - - [12/Jul/2025:22:40:17 +0000] "GET /?e=99558801061000&mod=9ee70b79&uri=product.php%3Fid%3D3322530-437%26name%3Dtie+dye+crocs+for+girls HTTP/1.1" 200 22024 "-" "Mozilla/5.0 (Linux; Android 6.0.1; Nexus 5X Build/MMB29P) AppleWebKit/537.36 (KHTML, like Gecko) Chrome/137.0.7151.103 Mobile Safari/537.36 (compatible; Googlebot/2.1; +http://www.google.com/bot.html)"
209.74.77.214 - - [12/Jul/2025:22:40:20 +0000] "POST /wp-cron.php?doing_wp_cron=1752360020.0335450172424316406250 HTTP/1.1" 200 - "-" "WordPress/6.8.1; https://cyber-secure.com.au"
209.74.77.214 - - [12/Jul/2025:22:40:20 +0000] "POST /wp-admin/admin-ajax.php?action=async_litespeed&nonce=ND7uCc9J0eR7jCvMMMnaMPdyqrKAdSto&litespeed_type=imgoptm HTTP/1.1" 200 21 "-" "WordPress/6.8.1; https://cyber-secure.com.au"
66.249.64.132 - - [12/Jul/2025:22:40:19 +0000] "GET /?e=29694301011000&mod=29405e2a&uri=article.php%3Fid%3D991120-950%26name%3Dsecond%20hand%20motorbike%20jackets HTTP/1.1" 200 26105 "-" "Mozilla/5.0 (Linux; Android 6.0.1; Nexus 5X Build/MMB29P) AppleWebKit/537.36 (KHTML, like Gecko) Chrome/137.0.7151.103 Mobile Safari/537.36 (compatible; GoogleOther)"
66.249.64.132 - - [12/Jul/2025:22:40:21 +0000] "GET /?e=50446072051000&mod=0f65caf0&uri=products.php%3Fid%3D1683477-454%26name%3Dall+toys HTTP/1.1" 200 21998 "-" "Mozilla/5.0 (compatible; Googlebot/2.1; +http://www.google.com/bot.html)"
66.249.64.132 - - [12/Jul/2025:22:40:23 +0000] "GET /?e=99537189121000&mod=ee3bf295&uri=article.php%3Fid%3D3321809-1514%26name%3Dcybex+priam+board HTTP/1.1" 200 20765 "-" "Mozilla/5.0 (Linux; Android 6.0.1; Nexus 5X Build/MMB29P) AppleWebKit/537.36 (KHTML, like Gecko) Chrome/137.0.7151.103 Mobile Safari/537.36 (compatible; Googlebot/2.1; +http://www.google.com/bot.html)"
66.249.64.132 - - [12/Jul/2025:22:40:24 +0000] "GET /?e=99422296011000&mod=90e71551&uri=product.php%3Fid%3D3317979-1052%26name%3Dleroy+sane+kit HTTP/1.1" 200 22289 "-" "Mozilla/5.0 (Linux; Android 6.0.1; Nexus 5X Build/MMB29P) AppleWebKit/537.36 (KHTML, like Gecko) Chrome/137.0.7151.103 Mobile Safari/537.36 (compatible; Googlebot/2.1; +http://www.google.com/bot.html)"
66.249.64.132 - - [12/Jul/2025:22:40:26 +0000] "GET /?e=119855426031000&mod=62da5a6d&uri=us.php%3Fid%3D3999938-648%26name%3Dpochette+monogram+vuitton HTTP/1.1" 200 19663 "-" "Mozilla/5.0 (Linux; Android 6.0.1; Nexus 5X Build/MMB29P) AppleWebKit/537.36 (KHTML, like Gecko) Chrome/137.0.7151.103 Mobile Safari/537.36 (compatible; Googlebot/2.1; +http://www.google.com/bot.html)"
66.249.64.132 - - [12/Jul/2025:22:40:27 +0000] "GET /?e=119855576031000&mod=62da5a6d&uri=brands.php%3Fid%3D3999943-648%26name%3Dborse+da+viaggio+a+tracolla HTTP/1.1" 200 20245 "-" "Mozilla/5.0 (Linux; Android 6.0.1; Nexus 5X Build/MMB29P) AppleWebKit/537.36 (KHTML, like Gecko) Chrome/137.0.7151.103 Mobile Safari/537.36 (compatible; Googlebot/2.1; +http://www.google.com/bot.html)"
66.249.64.132 - - [12/Jul/2025:22:40:29 +0000] "GET /?e=13469924011000&mod=a8c6dd98&uri=article.php%3Fid%3D449721-600%26name%3Damazfit+gts+email+notifications HTTP/1.1" 200 21937 "-" "Mozilla/5.0 (Linux; Android 6.0.1; Nexus 5X Build/MMB29P) AppleWebKit/537.36 (KHTML, like Gecko) Chrome/137.0.7151.103 Mobile Safari/537.36 (compatible; Googlebot/2.1; +http://www.google.com/bot.html)"
66.249.64.132 - - [12/Jul/2025:22:40:30 +0000] "POST /wp-json/metform/v1/forms/views/2288 HTTP/1.1" 200 22312 "https://cyber-secure.com.au/?e=77461593011000&mod=28b9f8aa&uri=news.php%3Fid%3D2584965-523%26name%3Dnike%20getasandal%2042" "Mozilla/5.0 (Linux; Android 6.0.1; Nexus 5X Build/MMB29P) AppleWebKit/537.36 (KHTML, like Gecko) Chrome/137.0.7151.119 Mobile Safari/537.36 (compatible; Googlebot/2.1; +http://www.google.com/bot.html)"
66.249.64.132 - - [12/Jul/2025:22:40:32 +0000] "GET /?e=13471094001000&mod=a8c6dd98&uri=info.php%3Fid%3D449760-600%26name%3Dfitbit+charge+pulse+oximeter HTTP/1.1" 200 22578 "-" "Mozilla/5.0 (Linux; Android 6.0.1; Nexus 5X Build/MMB29P) AppleWebKit/537.36 (KHTML, like Gecko) Chrome/137.0.7151.103 Mobile Safari/537.36 (compatible; Googlebot/2.1; +http://www.google.com/bot.html)"
66.249.64.132 - - [12/Jul/2025:22:40:34 +0000] "GET /?e=13456935031000&mod=851300ee&uri=category-info.php%3Fid%3D449288-173%26name%3Dmelissa+and+doug+wooden+vehicles HTTP/1.1" 200 22751 "-" "Mozilla/5.0 (Linux; Android 6.0.1; Nexus 5X Build/MMB29P) AppleWebKit/537.36 (KHTML, like Gecko) Chrome/137.0.7151.103 Mobile Safari/537.36 (compatible; Googlebot/2.1; +http://www.google.com/bot.html)"
66.249.64.132 - - [12/Jul/2025:22:40:36 +0000] "GET /?e=13563638021000&mod=6c9882bb&uri=article.php%3Fid%3D452848-25%26name%3Diracing+ps4 HTTP/1.1" 200 21722 "-" "Mozilla/5.0 (Linux; Android 6.0.1; Nexus 5X Build/MMB29P) AppleWebKit/537.36 (KHTML, like Gecko) Chrome/137.0.7151.103 Mobile Safari/537.36 (compatible; Googlebot/2.1; +http://www.google.com/bot.html)"
66.249.64.132 - - [12/Jul/2025:22:40:38 +0000] "GET /?e=13457355081000&mod=a8c6dd98&uri=form.php%3Fid%3D449302-600%26name%3Dsync+apple+watch+with+peloton HTTP/1.1" 200 22074 "-" "Mozilla/5.0 (Linux; Android 6.0.1; Nexus 5X Build/MMB29P) AppleWebKit/537.36 (KHTML, like Gecko) Chrome/137.0.7151.103 Mobile Safari/537.36 (compatible; Googlebot/2.1; +http://www.google.com/bot.html)"
66.249.64.132 - - [12/Jul/2025:22:40:39 +0000] "POST /get-message-notify HTTP/1.1" 200 21385 "https://cyber-secure.com.au/?e=119855576031000&mod=62da5a6d&uri=brands.php%3Fid%3D3999943-648%26name%3Dborse+da+viaggio+a+tracolla" "Mozilla/5.0 (Linux; Android 6.0.1; Nexus 5X Build/MMB29P) AppleWebKit/537.36 (KHTML, like Gecko) Chrome/137.0.7151.119 Mobile Safari/537.36 (compatible; Googlebot/2.1; +http://www.google.com/bot.html)"
66.249.64.132 - - [12/Jul/2025:22:40:41 +0000] "GET /?e=13516601001000&mod=a35fe7f7&uri=shared.php%3Fid%3D451278-500%26name%3Djohnson+baby+lotion+jungkook HTTP/1.1" 200 21769 "-" "Mozilla/5.0 (Linux; Android 6.0.1; Nexus 5X Build/MMB29P) AppleWebKit/537.36 (KHTML, like Gecko) Chrome/137.0.7151.103 Mobile Safari/537.36 (compatible; Googlebot/2.1; +http://www.google.com/bot.html)"
66.249.64.132 - - [12/Jul/2025:22:40:43 +0000] "GET /?e=13592043061000&mod=512c5cad&uri=article.php%3Fid%3D453796-141%26name%3Dvestimenta+de+moda+hombre HTTP/1.1" 200 21576 "-" "Mozilla/5.0 (Linux; Android 6.0.1; Nexus 5X Build/MMB29P) AppleWebKit/537.36 (KHTML, like Gecko) Chrome/137.0.7151.103 Mobile Safari/537.36 (compatible; Googlebot/2.1; +http://www.google.com/bot.html)"
66.249.64.128 - - [12/Jul/2025:22:40:45 +0000] "GET /?e=13569188041000&mod=6c9882bb&uri=article.php%3Fid%3D453033-25%26name%3Dnintendo+switch+hori HTTP/1.1" 200 22240 "-" "Mozilla/5.0 (Linux; Android 6.0.1; Nexus 5X Build/MMB29P) AppleWebKit/537.36 (KHTML, like Gecko) Chrome/137.0.7151.103 Mobile Safari/537.36 (compatible; Googlebot/2.1; +http://www.google.com/bot.html)"
66.249.64.128 - - [12/Jul/2025:22:40:46 +0000] "POST /get-message-notify HTTP/1.1" 200 21388 "https://cyber-secure.com.au/?e=99503169051000&mod=ee3bf295&uri=dp.php%3Fid%3D3320675-1514%26name%3Dmaxi+cosi+cabrio" "Mozilla/5.0 (Linux; Android 6.0.1; Nexus 5X Build/MMB29P) AppleWebKit/537.36 (KHTML, like Gecko) Chrome/137.0.7151.119 Mobile Safari/537.36 (compatible; Googlebot/2.1; +http://www.google.com/bot.html)"
66.249.64.132 - - [12/Jul/2025:22:40:48 +0000] "GET /?e=13573138031000&mod=512c5cad&uri=brands.php%3Fid%3D453165-141%26name%3Dvestido+verde+con+volantes HTTP/1.1" 200 21865 "-" "Mozilla/5.0 (Linux; Android 6.0.1; Nexus 5X Build/MMB29P) AppleWebKit/537.36 (KHTML, like Gecko) Chrome/137.0.7151.103 Mobile Safari/537.36 (compatible; Googlebot/2.1; +http://www.google.com/bot.html)"
66.249.64.128 - - [12/Jul/2025:22:40:50 +0000] "GET /?e=119855336011000&mod=62da5a6d&uri=products.php%3Fid%3D3999935-648%26name%3Dpochette+mare+zalando HTTP/1.1" 200 20004 "-" "Mozilla/5.0 (Linux; Android 6.0.1; Nexus 5X Build/MMB29P) AppleWebKit/537.36 (KHTML, like Gecko) Chrome/137.0.7151.103 Mobile Safari/537.36 (compatible; Googlebot/2.1; +http://www.google.com/bot.html)"
66.249.64.128 - - [12/Jul/2025:22:40:52 +0000] "GET /?e=13565858001000&mod=6c9882bb&uri=info.php%3Fid%3D452922-25%26name%3Dtenchu+ps4 HTTP/1.1" 200 22102 "-" "Mozilla/5.0 (Linux; Android 6.0.1; Nexus 5X Build/MMB29P) AppleWebKit/537.36 (KHTML, like Gecko) Chrome/137.0.7151.103 Mobile Safari/537.36 (compatible; Googlebot/2.1; +http://www.google.com/bot.html)"
66.249.64.132 - - [12/Jul/2025:22:40:54 +0000] "POST /get-message-notify HTTP/1.1" 200 21403 "https://cyber-secure.com.au/?e=13516601001000&mod=a35fe7f7&uri=shared.php%3Fid%3D451278-500%26name%3Djohnson+baby+lotion+jungkook" "Mozilla/5.0 (Linux; Android 6.0.1; Nexus 5X Build/MMB29P) AppleWebKit/537.36 (KHTML, like Gecko) Chrome/137.0.7151.119 Mobile Safari/537.36 (compatible; Googlebot/2.1; +http://www.google.com/bot.html)"
66.249.64.132 - - [12/Jul/2025:22:40:55 +0000] "GET /?e=13478354021000&mod=a8c6dd98&uri=news.php%3Fid%3D450002-600%26name%3Dmido+pulse+oximeter HTTP/1.1" 200 22145 "-" "Mozilla/5.0 (Linux; Android 6.0.1; Nexus 5X Build/MMB29P) AppleWebKit/537.36 (KHTML, like Gecko) Chrome/137.0.7151.103 Mobile Safari/537.36 (compatible; Googlebot/2.1; +http://www.google.com/bot.html)"
66.249.64.132 - - [12/Jul/2025:22:40:57 +0000] "GET /?e=107509353051000&mod=32508f53&uri=shop.php%3Fid%3D3587939-586%26name%3Dmaillot+basket+flocage+personnalis%C3%83%C2%A9 HTTP/1.1" 200 21540 "-" "Mozilla/5.0 (Linux; Android 6.0.1; Nexus 5X Build/MMB29P) AppleWebKit/537.36 (KHTML, like Gecko) Chrome/137.0.7151.103 Mobile Safari/537.36 (compatible; Googlebot/2.1; +http://www.google.com/bot.html)"
66.249.64.132 - - [12/Jul/2025:22:41:08 +0000] "GET /?e=107677804141000&mod=a01a0380&uri=blog.php%3Fid%3D3593566-39%26name%3Dlucca+high+back+managers+chair+in+charcoal HTTP/1.1" 200 22490 "-" "Mozilla/5.0 (Linux; Android 6.0.1; Nexus 5X Build/MMB29P) AppleWebKit/537.36 (KHTML, like Gecko) Chrome/137.0.7151.103 Mobile Safari/537.36 (compatible; Googlebot/2.1; +http://www.google.com/bot.html)"
66.249.64.132 - - [12/Jul/2025:22:41:11 +0000] "GET /?e=107491383041000&mod=91bc333f&uri=article.php%3Fid%3D3587340-510%26name%3Dceramic+indoor+grill HTTP/1.1" 200 22171 "-" "Mozilla/5.0 (Linux; Android 6.0.1; Nexus 5X Build/MMB29P) AppleWebKit/537.36 (KHTML, like Gecko) Chrome/137.0.7151.103 Mobile Safari/537.36 (compatible; Googlebot/2.1; +http://www.google.com/bot.html)"
66.249.64.132 - - [12/Jul/2025:22:41:14 +0000] "GET /?e=107679694071000&mod=a01a0380&uri=products.php%3Fid%3D3593629-39%26name%3Dstudy+chair+urban+ladder HTTP/1.1" 200 21898 "-" "Mozilla/5.0 (Linux; Android 6.0.1; Nexus 5X Build/MMB29P) AppleWebKit/537.36 (KHTML, like Gecko) Chrome/137.0.7151.103 Mobile Safari/537.36 (compatible; Googlebot/2.1; +http://www.google.com/bot.html)"
66.249.64.132 - - [12/Jul/2025:22:41:19 +0000] "GET /?e=107625794011000&mod=8b406655&uri=blog.php%3Fid%3D3591828-109%26name%3Dbone+head+boots HTTP/1.1" 200 22679 "-" "Mozilla/5.0 (Linux; Android 6.0.1; Nexus 5X Build/MMB29P) AppleWebKit/537.36 (KHTML, like Gecko) Chrome/137.0.7151.103 Mobile Safari/537.36 (compatible; Googlebot/2.1; +http://www.google.com/bot.html)"
66.249.64.132 - - [12/Jul/2025:22:41:21 +0000] "GET /?e=107679304041000&mod=a01a0380&uri=goods.php%3Fid%3D3593616-39%26name%3Dmaze+rattan+la+seater+grey HTTP/1.1" 200 22216 "-" "Mozilla/5.0 (Linux; Android 6.0.1; Nexus 5X Build/MMB29P) AppleWebKit/537.36 (KHTML, like Gecko) Chrome/137.0.7151.103 Mobile Safari/537.36 (compatible; Googlebot/2.1; +http://www.google.com/bot.html)"
209.74.77.214 - - [12/Jul/2025:22:41:25 +0000] "POST /wp-cron.php?doing_wp_cron=1752360085.2866399288177490234375 HTTP/1.1" 200 - "-" "WordPress/6.8.1; https://cyber-secure.com.au"
66.249.64.132 - - [12/Jul/2025:22:41:25 +0000] "GET /?e=10276330111000&mod=cb8a08a2&uri=shared.php%3Fid%3D343130-516%26name%3Dtallas+payless+ni%C3%83%C2%B1os HTTP/1.1" 301 - "-" "Mozilla/5.0 (Linux; Android 6.0.1; Nexus 5X Build/MMB29P) AppleWebKit/537.36 (KHTML, like Gecko) Chrome/137.0.7151.103 Mobile Safari/537.36 (compatible; GoogleOther)"
209.74.77.214 - - [12/Jul/2025:22:41:25 +0000] "POST /wp-admin/admin-ajax.php?action=async_litespeed&nonce=PYKRnMuXvwIe1WEw4nIf8dQg0K7e99Q9&litespeed_type=imgoptm HTTP/1.1" 200 21 "-" "WordPress/6.8.1; https://cyber-secure.com.au"
66.249.64.132 - - [12/Jul/2025:22:41:26 +0000] "GET /?e=107597031071000&mod=a30bc83d&uri=category-info.php%3Fid%3D3590867-1031%26name%3Dst+activate+softfoam%2B+sneakers HTTP/1.1" 200 20869 "-" "Mozilla/5.0 (Linux; Android 6.0.1; Nexus 5X Build/MMB29P) AppleWebKit/537.36 (KHTML, like Gecko) Chrome/137.0.7151.103 Mobile Safari/537.36 (compatible; Googlebot/2.1; +http://www.google.com/bot.html)"
66.249.64.132 - - [12/Jul/2025:22:41:28 +0000] "POST /get-message-notify HTTP/1.1" 200 21389 "https://cyber-secure.com.au/?e=74588627031000&mod=326fb04c&uri=article.php%3Fid%3D2489073-325%26name%3Dhow+to+connect+switch+to+tv+without+hdmi" "Mozilla/5.0 (Linux; Android 6.0.1; Nexus 5X Build/MMB29P) AppleWebKit/537.36 (KHTML, like Gecko) Chrome/137.0.7151.119 Mobile Safari/537.36 (compatible; Googlebot/2.1; +http://www.google.com/bot.html)"
66.249.64.132 - - [12/Jul/2025:22:41:29 +0000] "GET /?e=107605011041000&mod=0fcee95c&uri=products.php%3Fid%3D3591133-609%26name%3Dasics+store+chadstone HTTP/1.1" 200 22656 "-" "Mozilla/5.0 (Linux; Android 6.0.1; Nexus 5X Build/MMB29P) AppleWebKit/537.36 (KHTML, like Gecko) Chrome/137.0.7151.103 Mobile Safari/537.36 (compatible; Googlebot/2.1; +http://www.google.com/bot.html)"
66.249.64.132 - - [12/Jul/2025:22:41:31 +0000] "GET /?e=10276330111000&mod=cb8a08a2&uri=shared.php%3Fid%3D343130-516%26name%3Dtallas%20payless%20ni%C3%83%C2%B1os HTTP/1.1" 200 26109 "-" "Mozilla/5.0 (Linux; Android 6.0.1; Nexus 5X Build/MMB29P) AppleWebKit/537.36 (KHTML, like Gecko) Chrome/137.0.7151.103 Mobile Safari/537.36 (compatible; GoogleOther)"
66.249.64.132 - - [12/Jul/2025:22:41:32 +0000] "GET /?e=107654795031000&mod=b06b5541&uri=product.php%3Fid%3D3592799-248%26name%3Dcreed+erwin HTTP/1.1" 200 22368 "-" "Mozilla/5.0 (Linux; Android 6.0.1; Nexus 5X Build/MMB29P) AppleWebKit/537.36 (KHTML, like Gecko) Chrome/137.0.7151.103 Mobile Safari/537.36 (compatible; Googlebot/2.1; +http://www.google.com/bot.html)"
66.249.64.132 - - [12/Jul/2025:22:41:34 +0000] "GET /?e=107513566101000&mod=32508f53&uri=dp.php%3Fid%3D3588080-586%26name%3Dbig+bill+chemise HTTP/1.1" 200 21758 "-" "Mozilla/5.0 (Linux; Android 6.0.1; Nexus 5X Build/MMB29P) AppleWebKit/537.36 (KHTML, like Gecko) Chrome/137.0.7151.103 Mobile Safari/537.36 (compatible; Googlebot/2.1; +http://www.google.com/bot.html)"
66.249.64.132 - - [12/Jul/2025:22:41:36 +0000] "GET /?e=1263675061000&mod=b6edc1cd&uri=form.php%3Fid%3D42188-81%26name%3Dvolantino+eurospin+divano+letto HTTP/1.1" 200 22012 "-" "Mozilla/5.0 (Linux; Android 6.0.1; Nexus 5X Build/MMB29P) AppleWebKit/537.36 (KHTML, like Gecko) Chrome/137.0.7151.103 Mobile Safari/537.36 (compatible; Googlebot/2.1; +http://www.google.com/bot.html)"
66.249.64.132 - - [12/Jul/2025:22:41:38 +0000] "POST /get-message-notify HTTP/1.1" 200 21382 "https://cyber-secure.com.au/?e=107605011041000&mod=0fcee95c&uri=products.php%3Fid%3D3591133-609%26name%3Dasics+store+chadstone" "Mozilla/5.0 (Linux; Android 6.0.1; Nexus 5X Build/MMB29P) AppleWebKit/537.36 (KHTML, like Gecko) Chrome/137.0.7151.119 Mobile Safari/537.36 (compatible; Googlebot/2.1; +http://www.google.com/bot.html)"
66.249.64.132 - - [12/Jul/2025:22:41:40 +0000] "GET /?e=107509862001000&mod=91bc333f&uri=article.php%3Fid%3D3587956-510%26name%3Dlowes+grill+parts HTTP/1.1" 200 21384 "-" "Mozilla/5.0 (Linux; Android 6.0.1; Nexus 5X Build/MMB29P) AppleWebKit/537.36 (KHTML, like Gecko) Chrome/137.0.7151.103 Mobile Safari/537.36 (compatible; Googlebot/2.1; +http://www.google.com/bot.html)"
66.249.64.128 - - [12/Jul/2025:22:41:42 +0000] "GET /?e=1232743011000&mod=7a53928f&uri=brands.php%3Fid%3D41155-80%26name%3Dtarget+quadcopter HTTP/1.1" 200 21558 "-" "Mozilla/5.0 (Linux; Android 6.0.1; Nexus 5X Build/MMB29P) AppleWebKit/537.36 (KHTML, like Gecko) Chrome/137.0.7151.103 Mobile Safari/537.36 (compatible; Googlebot/2.1; +http://www.google.com/bot.html)"
66.249.64.128 - - [12/Jul/2025:22:41:44 +0000] "GET /?e=107687416031000&mod=a01a0380&uri=product.php%3Fid%3D3593887-39%26name%3Drolling+chair+staples HTTP/1.1" 200 22436 "-" "Mozilla/5.0 (Linux; Android 6.0.1; Nexus 5X Build/MMB29P) AppleWebKit/537.36 (KHTML, like Gecko) Chrome/137.0.7151.103 Mobile Safari/537.36 (compatible; Googlebot/2.1; +http://www.google.com/bot.html)"
66.249.64.132 - - [12/Jul/2025:22:41:47 +0000] "GET /?e=1268474071000&mod=b6edc1cd&uri=shop.php%3Fid%3D42349-81%26name%3Dufficio+avvocato+arredamento HTTP/1.1" 200 21486 "-" "Mozilla/5.0 (Linux; Android 6.0.1; Nexus 5X Build/MMB29P) AppleWebKit/537.36 (KHTML, like Gecko) Chrome/137.0.7151.103 Mobile Safari/537.36 (compatible; Googlebot/2.1; +http://www.google.com/bot.html)"
66.249.64.132 - - [12/Jul/2025:22:41:49 +0000] "GET /?e=1195641031000&mod=4ea06fbc&uri=article.php%3Fid%3D39917-77%26name%3Dchuck+taylor+shoe+lace+length HTTP/1.1" 200 21924 "-" "Mozilla/5.0 (Linux; Android 6.0.1; Nexus 5X Build/MMB29P) AppleWebKit/537.36 (KHTML, like Gecko) Chrome/137.0.7151.103 Mobile Safari/537.36 (compatible; Googlebot/2.1; +http://www.google.com/bot.html)"
66.249.64.132 - - [12/Jul/2025:22:41:51 +0000] "POST /get-message-notify HTTP/1.1" 200 21395 "https://cyber-secure.com.au/?e=107679694071000&mod=a01a0380&uri=products.php%3Fid%3D3593629-39%26name%3Dstudy+chair+urban+ladder" "Mozilla/5.0 (Linux; Android 6.0.1; Nexus 5X Build/MMB29P) AppleWebKit/537.36 (KHTML, like Gecko) Chrome/137.0.7151.119 Mobile Safari/537.36 (compatible; Googlebot/2.1; +http://www.google.com/bot.html)"
66.249.64.132 - - [12/Jul/2025:22:41:55 +0000] "GET /?e=1255613051000&mod=b6edc1cd&uri=dp.php%3Fid%3D41919-81%26name%3Damaca+a+seduta HTTP/1.1" 200 22196 "-" "Mozilla/5.0 (Linux; Android 6.0.1; Nexus 5X Build/MMB29P) AppleWebKit/537.36 (KHTML, like Gecko) Chrome/137.0.7151.103 Mobile Safari/537.36 (compatible; Googlebot/2.1; +http://www.google.com/bot.html)"
66.249.64.132 - - [12/Jul/2025:22:41:57 +0000] "GET /?e=1255133041000&mod=b6edc1cd&uri=dp.php%3Fid%3D41903-81%26name%3Ddivanetti+di+pedane HTTP/1.1" 200 21394 "-" "Mozilla/5.0 (Linux; Android 6.0.1; Nexus 5X Build/MMB29P) AppleWebKit/537.36 (KHTML, like Gecko) Chrome/137.0.7151.103 Mobile Safari/537.36 (compatible; Googlebot/2.1; +http://www.google.com/bot.html)"
66.249.64.128 - - [12/Jul/2025:22:41:58 +0000] "POST /get-message-notify HTTP/1.1" 200 21386 "https://cyber-secure.com.au/?e=107687416031000&mod=a01a0380&uri=product.php%3Fid%3D3593887-39%26name%3Drolling+chair+staples" "Mozilla/5.0 (Linux; Android 6.0.1; Nexus 5X Build/MMB29P) AppleWebKit/537.36 (KHTML, like Gecko) Chrome/137.0.7151.119 Mobile Safari/537.36 (compatible; Googlebot/2.1; +http://www.google.com/bot.html)"
66.249.64.132 - - [12/Jul/2025:22:42:00 +0000] "GET /?e=1255133091000&mod=b6edc1cd&uri=goods.php%3Fid%3D41903-81%26name%3Ddivanetti+di+pedane HTTP/1.1" 200 21372 "-" "Mozilla/5.0 (Linux; Android 6.0.1; Nexus 5X Build/MMB29P) AppleWebKit/537.36 (KHTML, like Gecko) Chrome/137.0.7151.103 Mobile Safari/537.36 (compatible; Googlebot/2.1; +http://www.google.com/bot.html)"
66.249.64.132 - - [12/Jul/2025:22:42:02 +0000] "GET /?e=1098307011000&mod=d5cfead9&uri=dp.php%3Fid%3D36670-73%26name%3Dom+allah+jesus+locket HTTP/1.1" 200 21841 "-" "Mozilla/5.0 (Linux; Android 6.0.1; Nexus 5X Build/MMB29P) AppleWebKit/537.36 (KHTML, like Gecko) Chrome/137.0.7151.103 Mobile Safari/537.36 (compatible; Googlebot/2.1; +http://www.google.com/bot.html)"
66.249.64.132 - - [12/Jul/2025:22:42:12 +0000] "POST /get-message-notify HTTP/1.1" 200 21374 "https://cyber-secure.com.au/?e=1255133041000&mod=b6edc1cd&uri=dp.php%3Fid%3D41903-81%26name%3Ddivanetti+di+pedane" "Mozilla/5.0 (Linux; Android 6.0.1; Nexus 5X Build/MMB29P) AppleWebKit/537.36 (KHTML, like Gecko) Chrome/137.0.7151.119 Mobile Safari/537.36 (compatible; Googlebot/2.1; +http://www.google.com/bot.html)"
66.249.64.132 - - [12/Jul/2025:22:42:15 +0000] "POST /get-message-notify HTTP/1.1" 200 21386 "https://cyber-secure.com.au/?e=1255133091000&mod=b6edc1cd&uri=goods.php%3Fid%3D41903-81%26name%3Ddivanetti+di+pedane" "Mozilla/5.0 (Linux; Android 6.0.1; Nexus 5X Build/MMB29P) AppleWebKit/537.36 (KHTML, like Gecko) Chrome/137.0.7151.119 Mobile Safari/537.36 (compatible; Googlebot/2.1; +http://www.google.com/bot.html)"
66.249.64.132 - - [12/Jul/2025:22:42:18 +0000] "GET /?e=100186821011000&mod=a01a0380&uri=form.php%3Fid%3D3343491-39%26name%3Dfolding+kitchen+stools HTTP/1.1" 200 22579 "-" "Mozilla/5.0 (Linux; Android 6.0.1; Nexus 5X Build/MMB29P) AppleWebKit/537.36 (KHTML, like Gecko) Chrome/137.0.7151.103 Mobile Safari/537.36 (compatible; Googlebot/2.1; +http://www.google.com/bot.html)"
66.249.64.132 - - [12/Jul/2025:22:42:21 +0000] "GET /?e=1236865011000&mod=7a53928f&uri=blog.php%3Fid%3D41293-80%26name%3Dcgo2+camera HTTP/1.1" 200 21952 "-" "Mozilla/5.0 (Linux; Android 6.0.1; Nexus 5X Build/MMB29P) AppleWebKit/537.36 (KHTML, like Gecko) Chrome/137.0.7151.103 Mobile Safari/537.36 (compatible; Googlebot/2.1; +http://www.google.com/bot.html)"
66.249.64.132 - - [12/Jul/2025:22:42:25 +0000] "GET /?e=1254349001000&mod=b6edc1cd&uri=product.php%3Fid%3D41876-81%26name%3Damazon+sedie+in+pelle HTTP/1.1" 200 21856 "-" "Mozilla/5.0 (Linux; Android 6.0.1; Nexus 5X Build/MMB29P) AppleWebKit/537.36 (KHTML, like Gecko) Chrome/137.0.7151.103 Mobile Safari/537.36 (compatible; Googlebot/2.1; +http://www.google.com/bot.html)"
66.249.64.132 - - [12/Jul/2025:22:42:27 +0000] "GET /?e=1197351131000&mod=4ea06fbc&uri=itm.php%3Fid%3D39974-77%26name%3Djordan+chameleon+laces HTTP/1.1" 200 21408 "-" "Mozilla/5.0 (Linux; Android 6.0.1; Nexus 5X Build/MMB29P) AppleWebKit/537.36 (KHTML, like Gecko) Chrome/137.0.7151.103 Mobile Safari/537.36 (compatible; Googlebot/2.1; +http://www.google.com/bot.html)"
66.249.64.132 - - [12/Jul/2025:22:42:30 +0000] "GET /?e=100174971001000&mod=a01a0380&uri=search.php%3Fid%3D3343096-39%26name%3Dgame+throttle+gaming+chair+extreme+360 HTTP/1.1" 200 22315 "-" "Mozilla/5.0 (Linux; Android 6.0.1; Nexus 5X Build/MMB29P) AppleWebKit/537.36 (KHTML, like Gecko) Chrome/137.0.7151.103 Mobile Safari/537.36 (compatible; Googlebot/2.1; +http://www.google.com/bot.html)"
66.249.64.132 - - [12/Jul/2025:22:42:39 +0000] "GET /?e=16991661111000&mod=a01a0380&uri=dp.php%3Fid%3D567230-39%26name%3Dchair+price+for+office HTTP/1.1" 200 21667 "-" "Mozilla/5.0 (Linux; Android 6.0.1; Nexus 5X Build/MMB29P) AppleWebKit/537.36 (KHTML, like Gecko) Chrome/137.0.7151.103 Mobile Safari/537.36 (compatible; Googlebot/2.1; +http://www.google.com/bot.html)"
66.249.64.132 - - [12/Jul/2025:22:42:41 +0000] "GET /?e=17003163001000&mod=a01a0380&uri=blog.php%3Fid%3D567614-39%26name%3Dsimple+chair HTTP/1.1" 200 22341 "-" "Mozilla/5.0 (Linux; Android 6.0.1; Nexus 5X Build/MMB29P) AppleWebKit/537.36 (KHTML, like Gecko) Chrome/137.0.7151.103 Mobile Safari/537.36 (compatible; Googlebot/2.1; +http://www.google.com/bot.html)"
66.249.64.132 - - [12/Jul/2025:22:42:43 +0000] "GET /?e=16982721031000&mod=a6ce9144&uri=dp.php%3Fid%3D566932-678%26name%3Dsamsung+galaxy+xcover+5g HTTP/1.1" 200 22397 "-" "Mozilla/5.0 (Linux; Android 6.0.1; Nexus 5X Build/MMB29P) AppleWebKit/537.36 (KHTML, like Gecko) Chrome/137.0.7151.103 Mobile Safari/537.36 (compatible; Googlebot/2.1; +http://www.google.com/bot.html)"
66.249.64.132 - - [12/Jul/2025:22:42:44 +0000] "GET /?e=17009761061000&mod=a01a0380&uri=products.php%3Fid%3D567834-39%26name%3Djordan+gas+lift+bar+stool HTTP/1.1" 200 22043 "-" "Mozilla/5.0 (Linux; Android 6.0.1; Nexus 5X Build/MMB29P) AppleWebKit/537.36 (KHTML, like Gecko) Chrome/137.0.7151.103 Mobile Safari/537.36 (compatible; Googlebot/2.1; +http://www.google.com/bot.html)"
209.74.77.214 - - [12/Jul/2025:22:42:57 +0000] "POST /wp-cron.php?doing_wp_cron=1752360177.6442759037017822265625 HTTP/1.1" 200 - "-" "WordPress/6.8.1; https://cyber-secure.com.au"
66.249.64.132 - - [12/Jul/2025:22:42:57 +0000] "GET /?e=73205495021000&mod=03e03424&uri=goods.php%3Fid%3D2442939-1455%26name%3Dfreebird+bela+sandals HTTP/1.1" 301 - "-" "Mozilla/5.0 (Linux; Android 6.0.1; Nexus 5X Build/MMB29P) AppleWebKit/537.36 (KHTML, like Gecko) Chrome/137.0.7151.103 Mobile Safari/537.36 (compatible; GoogleOther)"
209.74.77.214 - - [12/Jul/2025:22:42:57 +0000] "POST /wp-admin/admin-ajax.php?action=async_litespeed&nonce=PO5b13Uy5AbafIv5CVIccCoVs3bnVQ9z&litespeed_type=imgoptm HTTP/1.1" 200 21 "-" "WordPress/6.8.1; https://cyber-secure.com.au"
66.249.64.128 - - [12/Jul/2025:22:43:05 +0000] "GET /?e=100073404071000&mod=a01a0380&uri=shop.php%3Fid%3D3339703-39%26name%3Dchair+seat+booster HTTP/1.1" 200 21765 "-" "Mozilla/5.0 (Linux; Android 6.0.1; Nexus 5X Build/MMB29P) AppleWebKit/537.36 (KHTML, like Gecko) Chrome/137.0.7151.103 Mobile Safari/537.36 (compatible; Googlebot/2.1; +http://www.google.com/bot.html)"
209.74.77.214 - - [12/Jul/2025:22:43:07 +0000] "POST /wp-cron.php?doing_wp_cron=1752360187.5953800678253173828125 HTTP/1.1" 200 - "-" "WordPress/6.8.1; https://cyber-secure.com.au"
66.249.64.132 - - [12/Jul/2025:22:43:07 +0000] "GET /?e=73205495021000&mod=03e03424&uri=goods.php%3Fid%3D2442939-1455%26name%3Dfreebird%20bela%20sandals HTTP/1.1" 200 26108 "-" "Mozilla/5.0 (Linux; Android 6.0.1; Nexus 5X Build/MMB29P) AppleWebKit/537.36 (KHTML, like Gecko) Chrome/137.0.7151.103 Mobile Safari/537.36 (compatible; GoogleOther)"
66.249.64.132 - - [12/Jul/2025:22:43:09 +0000] "GET /?e=17015901031000&mod=a01a0380&uri=article.php%3Fid%3D568039-39%26name%3Dfursys+t50+price HTTP/1.1" 200 22603 "-" "Mozilla/5.0 (Linux; Android 6.0.1; Nexus 5X Build/MMB29P) AppleWebKit/537.36 (KHTML, like Gecko) Chrome/137.0.7151.103 Mobile Safari/537.36 (compatible; Googlebot/2.1; +http://www.google.com/bot.html)"
66.249.64.132 - - [12/Jul/2025:22:43:11 +0000] "GET /?e=108001011041000&mod=a01a0380&uri=news.php%3Fid%3D3604350-39%26name%3Dwickes+garden+table+and+chairs HTTP/1.1" 200 22415 "-" "Mozilla/5.0 (Linux; Android 6.0.1; Nexus 5X Build/MMB29P) AppleWebKit/537.36 (KHTML, like Gecko) Chrome/137.0.7151.103 Mobile Safari/537.36 (compatible; Googlebot/2.1; +http://www.google.com/bot.html)"
66.249.64.128 - - [12/Jul/2025:22:43:12 +0000] "GET /?e=107292734071000&mod=a01a0380&uri=article.php%3Fid%3D3580707-39%26name%3Doutdoor+cafe+tables+and+chairs+for+sale HTTP/1.1" 200 21236 "-" "Mozilla/5.0 (Linux; Android 6.0.1; Nexus 5X Build/MMB29P) AppleWebKit/537.36 (KHTML, like Gecko) Chrome/137.0.7151.103 Mobile Safari/537.36 (compatible; Googlebot/2.1; +http://www.google.com/bot.html)"
66.249.64.132 - - [12/Jul/2025:22:43:14 +0000] "GET /?e=17083787011000&mod=cfe912f5&uri=article.php%3Fid%3D570302-459%26name%3Dgrand+seiko+sbgr089 HTTP/1.1" 200 21678 "-" "Mozilla/5.0 (Linux; Android 6.0.1; Nexus 5X Build/MMB29P) AppleWebKit/537.36 (KHTML, like Gecko) Chrome/137.0.7151.103 Mobile Safari/537.36 (compatible; Googlebot/2.1; +http://www.google.com/bot.html)"
66.249.64.132 - - [12/Jul/2025:22:43:18 +0000] "GET /?e=100183851021000&mod=a01a0380&uri=article.php%3Fid%3D3343392-39%26name%3Dcoastal+club+chairs HTTP/1.1" 200 22104 "-" "Mozilla/5.0 (Linux; Android 6.0.1; Nexus 5X Build/MMB29P) AppleWebKit/537.36 (KHTML, like Gecko) Chrome/137.0.7151.103 Mobile Safari/537.36 (compatible; Googlebot/2.1; +http://www.google.com/bot.html)"
66.249.64.132 - - [12/Jul/2025:22:43:20 +0000] "GET /?e=107296064021000&mod=a01a0380&uri=info.php%3Fid%3D3580818-39%26name%3Dplastic+vanity+stool HTTP/1.1" 200 21588 "-" "Mozilla/5.0 (Linux; Android 6.0.1; Nexus 5X Build/MMB29P) AppleWebKit/537.36 (KHTML, like Gecko) Chrome/137.0.7151.103 Mobile Safari/537.36 (compatible; Googlebot/2.1; +http://www.google.com/bot.html)"
66.249.64.132 - - [12/Jul/2025:22:43:22 +0000] "GET /?e=17172867051000&mod=0f65caf0&uri=article.php%3Fid%3D573273-454%26name%3Dtech+deck+ryan+sheckler+warehouse HTTP/1.1" 200 21846 "-" "Mozilla/5.0 (Linux; Android 6.0.1; Nexus 5X Build/MMB29P) AppleWebKit/537.36 (KHTML, like Gecko) Chrome/137.0.7151.103 Mobile Safari/537.36 (compatible; Googlebot/2.1; +http://www.google.com/bot.html)"
66.249.64.132 - - [12/Jul/2025:22:43:24 +0000] "GET /?e=17085557051000&mod=4f1927ff&uri=brands.php%3Fid%3D570361-681%26name%3Ds1+4g+smartwatch HTTP/1.1" 200 21466 "-" "Mozilla/5.0 (Linux; Android 6.0.1; Nexus 5X Build/MMB29P) AppleWebKit/537.36 (KHTML, like Gecko) Chrome/137.0.7151.103 Mobile Safari/537.36 (compatible; Googlebot/2.1; +http://www.google.com/bot.html)"
66.249.64.132 - - [12/Jul/2025:22:43:26 +0000] "POST /get-message-notify HTTP/1.1" 200 21381 "https://cyber-secure.com.au/?e=108001011041000&mod=a01a0380&uri=news.php%3Fid%3D3604350-39%26name%3Dwickes+garden+table+and+chairs" "Mozilla/5.0 (Linux; Android 6.0.1; Nexus 5X Build/MMB29P) AppleWebKit/537.36 (KHTML, like Gecko) Chrome/137.0.7151.119 Mobile Safari/537.36 (compatible; Googlebot/2.1; +http://www.google.com/bot.html)"
66.249.64.132 - - [12/Jul/2025:22:43:29 +0000] "GET /?e=108006321051000&mod=a01a0380&uri=product.php%3Fid%3D3604527-39%26name%3Dketer+harmony+table+and+chairs HTTP/1.1" 200 23016 "-" "Mozilla/5.0 (Linux; Android 6.0.1; Nexus 5X Build/MMB29P) AppleWebKit/537.36 (KHTML, like Gecko) Chrome/137.0.7151.103 Mobile Safari/537.36 (compatible; Googlebot/2.1; +http://www.google.com/bot.html)"
66.249.64.132 - - [12/Jul/2025:22:43:31 +0000] "GET /?e=107525549131000&mod=a01a0380&uri=brands.php%3Fid%3D3588482-39%26name%3Dfunky+reading+chair HTTP/1.1" 200 22467 "-" "Mozilla/5.0 (Linux; Android 6.0.1; Nexus 5X Build/MMB29P) AppleWebKit/537.36 (KHTML, like Gecko) Chrome/137.0.7151.103 Mobile Safari/537.36 (compatible; Googlebot/2.1; +http://www.google.com/bot.html)"
66.249.64.132 - - [12/Jul/2025:22:43:33 +0000] "GET /?e=100077454001000&mod=a01a0380&uri=blog.php%3Fid%3D3339838-39%26name%3Dclear+modern+chair HTTP/1.1" 200 21797 "-" "Mozilla/5.0 (Linux; Android 6.0.1; Nexus 5X Build/MMB29P) AppleWebKit/537.36 (KHTML, like Gecko) Chrome/137.0.7151.103 Mobile Safari/537.36 (compatible; Googlebot/2.1; +http://www.google.com/bot.html)"
66.249.64.132 - - [12/Jul/2025:22:43:35 +0000] "GET /?e=100072384071000&mod=a01a0380&uri=shop.php%3Fid%3D3339669-39%26name%3Dclear+chair+set HTTP/1.1" 200 22529 "-" "Mozilla/5.0 (Linux; Android 6.0.1; Nexus 5X Build/MMB29P) AppleWebKit/537.36 (KHTML, like Gecko) Chrome/137.0.7151.103 Mobile Safari/537.36 (compatible; Googlebot/2.1; +http://www.google.com/bot.html)"
66.249.64.128 - - [12/Jul/2025:22:43:39 +0000] "GET /?e=104176785041000&mod=a6ce9144&uri=dp.php%3Fid%3D3476702-678%26name%3Diphone+12+pro+used+price HTTP/1.1" 200 22209 "-" "Mozilla/5.0 (Linux; Android 6.0.1; Nexus 5X Build/MMB29P) AppleWebKit/537.36 (KHTML, like Gecko) Chrome/137.0.7151.103 Mobile Safari/537.36 (compatible; Googlebot/2.1; +http://www.google.com/bot.html)"
66.249.64.128 - - [12/Jul/2025:22:43:42 +0000] "GET /?e=17003373041000&mod=a01a0380&uri=search.php%3Fid%3D567621-39%26name%3Dwalmart+nursery+gliders HTTP/1.1" 200 22535 "-" "Mozilla/5.0 (Linux; Android 6.0.1; Nexus 5X Build/MMB29P) AppleWebKit/537.36 (KHTML, like Gecko) Chrome/137.0.7151.103 Mobile Safari/537.36 (compatible; Googlebot/2.1; +http://www.google.com/bot.html)"
66.249.64.128 - - [12/Jul/2025:22:43:43 +0000] "GET /?e=52851858041000&mod=e9fb2eda&uri=dp.php%3Fid%3D1763714-311%26name%3Dpopstar+keira+barbie HTTP/1.1" 200 21679 "-" "Mozilla/5.0 (Linux; Android 6.0.1; Nexus 5X Build/MMB29P) AppleWebKit/537.36 (KHTML, like Gecko) Chrome/137.0.7151.103 Mobile Safari/537.36 (compatible; Googlebot/2.1; +http://www.google.com/bot.html)"
66.249.64.128 - - [12/Jul/2025:22:43:46 +0000] "GET /?e=52850748021000&mod=e9fb2eda&uri=news.php%3Fid%3D1763677-311%26name%3Dbarbie+straightener HTTP/1.1" 200 21459 "-" "Mozilla/5.0 (Linux; Android 6.0.1; Nexus 5X Build/MMB29P) AppleWebKit/537.36 (KHTML, like Gecko) Chrome/137.0.7151.103 Mobile Safari/537.36 (compatible; Googlebot/2.1; +http://www.google.com/bot.html)"
66.249.64.132 - - [12/Jul/2025:22:43:48 +0000] "GET /?e=34496818041000&mod=a8abb4bb&uri=article.php%3Fid%3D1151376-44%26name%3Ddie+neue+adidas+schuhe HTTP/1.1" 200 20698 "-" "Mozilla/5.0 (Linux; Android 6.0.1; Nexus 5X Build/MMB29P) AppleWebKit/537.36 (KHTML, like Gecko) Chrome/137.0.7151.103 Mobile Safari/537.36 (compatible; Googlebot/2.1; +http://www.google.com/bot.html)"
66.249.64.132 - - [12/Jul/2025:22:43:50 +0000] "GET /?e=34601899021000&mod=b86b2dbd&uri=blog.php%3Fid%3D1154894-1081%26name%3Dpanther+cap HTTP/1.1" 200 22281 "-" "Mozilla/5.0 (Linux; Android 6.0.1; Nexus 5X Build/MMB29P) AppleWebKit/537.36 (KHTML, like Gecko) Chrome/137.0.7151.103 Mobile Safari/537.36 (compatible; Googlebot/2.1; +http://www.google.com/bot.html)"
66.249.64.132 - - [12/Jul/2025:22:43:52 +0000] "GET /?e=34473591031000&mod=a12f6949&uri=info.php%3Fid%3D1150599-1078%26name%3Dcomo+configurar+la+hora+en+un+reloj+smart+bracelet HTTP/1.1" 200 22179 "-" "Mozilla/5.0 (Linux; Android 6.0.1; Nexus 5X Build/MMB29P) AppleWebKit/537.36 (KHTML, like Gecko) Chrome/137.0.7151.103 Mobile Safari/537.36 (compatible; Googlebot/2.1; +http://www.google.com/bot.html)"
66.249.64.128 - - [12/Jul/2025:22:43:54 +0000] "GET /?e=3383889041000&mod=1819932f&uri=pin.php%3Fid%3D112954-216%26name%3Dyellow+glitter+top HTTP/1.1" 200 21802 "-" "Mozilla/5.0 (Linux; Android 6.0.1; Nexus 5X Build/MMB29P) AppleWebKit/537.36 (KHTML, like Gecko) Chrome/137.0.7151.103 Mobile Safari/537.36 (compatible; Googlebot/2.1; +http://www.google.com/bot.html)"
66.249.64.132 - - [12/Jul/2025:22:43:56 +0000] "GET /?e=5697567021000&mod=29969626&uri=search.php%3Fid%3D190240-333%26name%3Dring+sizer+set HTTP/1.1" 200 22094 "-" "Mozilla/5.0 (Linux; Android 6.0.1; Nexus 5X Build/MMB29P) AppleWebKit/537.36 (KHTML, like Gecko) Chrome/137.0.7151.103 Mobile Safari/537.36 (compatible; Googlebot/2.1; +http://www.google.com/bot.html)"
66.249.64.132 - - [12/Jul/2025:22:44:01 +0000] "POST /get-message-notify HTTP/1.1" 200 21381 "https://cyber-secure.com.au/?e=34496818041000&mod=a8abb4bb&uri=article.php%3Fid%3D1151376-44%26name%3Ddie+neue+adidas+schuhe" "Mozilla/5.0 (Linux; Android 6.0.1; Nexus 5X Build/MMB29P) AppleWebKit/537.36 (KHTML, like Gecko) Chrome/137.0.7151.119 Mobile Safari/537.36 (compatible; Googlebot/2.1; +http://www.google.com/bot.html)"
66.249.64.129 - - [12/Jul/2025:22:44:03 +0000] "GET /?e=19664281041000&mod=b7c13b0a&uri=itm.php%3Fid%3D656420-751%26name%3Dcomputrabajo+electricistas HTTP/1.1" 200 21437 "-" "Mozilla/5.0 (Linux; Android 6.0.1; Nexus 5X Build/MMB29P) AppleWebKit/537.36 (KHTML, like Gecko) Chrome/137.0.7151.103 Mobile Safari/537.36 (compatible; Googlebot/2.1; +http://www.google.com/bot.html)"
66.249.64.132 - - [12/Jul/2025:22:44:05 +0000] "GET /?e=19646611071000&mod=f4f1f13c&uri=search.php%3Fid%3D655831-750%26name%3Dbolsos+de+anillas+y+ganchillo HTTP/1.1" 200 20891 "-" "Mozilla/5.0 (Linux; Android 6.0.1; Nexus 5X Build/MMB29P) AppleWebKit/537.36 (KHTML, like Gecko) Chrome/137.0.7151.103 Mobile Safari/537.36 (compatible; Googlebot/2.1; +http://www.google.com/bot.html)"
66.249.64.128 - - [12/Jul/2025:22:44:07 +0000] "GET /?e=19650031051000&mod=f4f1f13c&uri=product.php%3Fid%3D655945-750%26name%3Dbolsos+acosta+outlet HTTP/1.1" 200 21206 "-" "Mozilla/5.0 (Linux; Android 6.0.1; Nexus 5X Build/MMB29P) AppleWebKit/537.36 (KHTML, like Gecko) Chrome/137.0.7151.103 Mobile Safari/537.36 (compatible; Googlebot/2.1; +http://www.google.com/bot.html)"
66.249.64.132 - - [12/Jul/2025:22:44:09 +0000] "GET /?e=116538002071000&mod=54ff9e9e&uri=search.php%3Fid%3D3889282-208%26name%3Dsirui+anamorphic+blackmagic+6k HTTP/1.1" 200 21611 "-" "Mozilla/5.0 (Linux; Android 6.0.1; Nexus 5X Build/MMB29P) AppleWebKit/537.36 (KHTML, like Gecko) Chrome/137.0.7151.103 Mobile Safari/537.36 (compatible; Googlebot/2.1; +http://www.google.com/bot.html)"
66.249.64.132 - - [12/Jul/2025:22:44:11 +0000] "GET /?e=5592845021000&mod=63bfd6e8&uri=blog.php%3Fid%3D186710-330%26name%3Dhoneywell+rth2300+programming HTTP/1.1" 200 21968 "-" "Mozilla/5.0 (Linux; Android 6.0.1; Nexus 5X Build/MMB29P) AppleWebKit/537.36 (KHTML, like Gecko) Chrome/137.0.7151.103 Mobile Safari/537.36 (compatible; Googlebot/2.1; +http://www.google.com/bot.html)"
209.74.77.214 - - [12/Jul/2025:22:44:13 +0000] "POST /wp-cron.php?doing_wp_cron=1752360253.9502360820770263671875 HTTP/1.1" 200 - "-" "WordPress/6.8.1; https://cyber-secure.com.au"
66.249.77.12 - - [12/Jul/2025:22:44:13 +0000] "GET /?e=34105131021000&mod=f3e0eb8f&uri=article.php%3Fid%3D1138305-1053%26name%3Dadidas+boxing+training+shoes HTTP/1.1" 301 - "-" "Mozilla/5.0 (Linux; Android 6.0.1; Nexus 5X Build/MMB29P) AppleWebKit/537.36 (KHTML, like Gecko) Chrome/137.0.7151.103 Mobile Safari/537.36 (compatible; GoogleOther)"
209.74.77.214 - - [12/Jul/2025:22:44:14 +0000] "POST /wp-admin/admin-ajax.php?action=async_litespeed&nonce=h6ZGAgjd4k6ZtZc3yF3EF3oXyhi6F7dQ&litespeed_type=imgoptm HTTP/1.1" 200 21 "-" "WordPress/6.8.1; https://cyber-secure.com.au"
66.249.64.132 - - [12/Jul/2025:22:44:15 +0000] "GET /?e=116510709001000&mod=11bcd3c1&uri=shared.php%3Fid%3D3888372-397%26name%3Dnike+mercurial+vapor+superfly HTTP/1.1" 200 22314 "-" "Mozilla/5.0 (Linux; Android 6.0.1; Nexus 5X Build/MMB29P) AppleWebKit/537.36 (KHTML, like Gecko) Chrome/137.0.7151.103 Mobile Safari/537.36 (compatible; Googlebot/2.1; +http://www.google.com/bot.html)"
66.249.64.132 - - [12/Jul/2025:22:44:23 +0000] "POST /get-message-notify HTTP/1.1" 200 21380 "https://cyber-secure.com.au/?e=19646611071000&mod=f4f1f13c&uri=search.php%3Fid%3D655831-750%26name%3Dbolsos+de+anillas+y+ganchillo" "Mozilla/5.0 (Linux; Android 6.0.1; Nexus 5X Build/MMB29P) AppleWebKit/537.36 (KHTML, like Gecko) Chrome/137.0.7151.119 Mobile Safari/537.36 (compatible; Googlebot/2.1; +http://www.google.com/bot.html)"
66.249.64.132 - - [12/Jul/2025:22:44:25 +0000] "GET /?e=34105131021000&mod=f3e0eb8f&uri=article.php%3Fid%3D1138305-1053%26name%3Dadidas%20boxing%20training%20shoes HTTP/1.1" 200 26105 "-" "Mozilla/5.0 (Linux; Android 6.0.1; Nexus 5X Build/MMB29P) AppleWebKit/537.36 (KHTML, like Gecko) Chrome/137.0.7151.103 Mobile Safari/537.36 (compatible; GoogleOther)"
66.249.64.132 - - [12/Jul/2025:22:44:27 +0000] "GET /?e=116492873021000&mod=c255c052&uri=category-info.php%3Fid%3D3887777-387%26name%3Dshops+selling+treadmills HTTP/1.1" 200 21501 "-" "Mozilla/5.0 (Linux; Android 6.0.1; Nexus 5X Build/MMB29P) AppleWebKit/537.36 (KHTML, like Gecko) Chrome/137.0.7151.103 Mobile Safari/537.36 (compatible; Googlebot/2.1; +http://www.google.com/bot.html)"
66.249.64.132 - - [12/Jul/2025:22:44:29 +0000] "GET /?e=116601489021000&mod=a3ec6dd8&uri=form.php%3Fid%3D3891400-410%26name%3Dcatalogo+italeri+2019+pdf HTTP/1.1" 200 22298 "-" "Mozilla/5.0 (Linux; Android 6.0.1; Nexus 5X Build/MMB29P) AppleWebKit/537.36 (KHTML, like Gecko) Chrome/137.0.7151.103 Mobile Safari/537.36 (compatible; Googlebot/2.1; +http://www.google.com/bot.html)"
66.249.64.132 - - [12/Jul/2025:22:44:31 +0000] "GET /?e=117022424011000&mod=3c69ccff&uri=category-info.php%3Fid%3D3905441-635%26name%3Dsposa+favola HTTP/1.1" 200 20757 "-" "Mozilla/5.0 (Linux; Android 6.0.1; Nexus 5X Build/MMB29P) AppleWebKit/537.36 (KHTML, like Gecko) Chrome/137.0.7151.103 Mobile Safari/537.36 (compatible; Googlebot/2.1; +http://www.google.com/bot.html)"
66.249.64.132 - - [12/Jul/2025:22:44:32 +0000] "GET /?e=65382550021000&mod=d8bf84be&uri=brands.php%3Fid%3D2181862-265%26name%3Dnike+jordan+preto HTTP/1.1" 200 22930 "-" "Mozilla/5.0 (Linux; Android 6.0.1; Nexus 5X Build/MMB29P) AppleWebKit/537.36 (KHTML, like Gecko) Chrome/137.0.7151.103 Mobile Safari/537.36 (compatible; Googlebot/2.1; +http://www.google.com/bot.html)"
66.249.64.132 - - [12/Jul/2025:22:44:34 +0000] "GET /?e=23906554051000&mod=49e863b1&uri=us.php%3Fid%3D797935-791%26name%3Dverset+radiance+smells+like HTTP/1.1" 200 22250 "-" "Mozilla/5.0 (Linux; Android 6.0.1; Nexus 5X Build/MMB29P) AppleWebKit/537.36 (KHTML, like Gecko) Chrome/137.0.7151.103 Mobile Safari/537.36 (compatible; Googlebot/2.1; +http://www.google.com/bot.html)"
66.249.64.132 - - [12/Jul/2025:22:44:36 +0000] "GET /?e=51412599031000&mod=cd7214aa&uri=products.php%3Fid%3D1715711-1248%26name%3Dvam+dior HTTP/1.1" 200 20746 "-" "Mozilla/5.0 (Linux; Android 6.0.1; Nexus 5X Build/MMB29P) AppleWebKit/537.36 (KHTML, like Gecko) Chrome/137.0.7151.103 Mobile Safari/537.36 (compatible; Googlebot/2.1; +http://www.google.com/bot.html)"
66.249.64.132 - - [12/Jul/2025:22:44:39 +0000] "POST /get-message-notify HTTP/1.1" 200 21396 "https://cyber-secure.com.au/?e=19664281041000&mod=b7c13b0a&uri=itm.php%3Fid%3D656420-751%26name%3Dcomputrabajo+electricistas" "Mozilla/5.0 (Linux; Android 6.0.1; Nexus 5X Build/MMB29P) AppleWebKit/537.36 (KHTML, like Gecko) Chrome/137.0.7151.119 Mobile Safari/537.36 (compatible; Googlebot/2.1; +http://www.google.com/bot.html)"
66.249.64.128 - - [12/Jul/2025:22:44:41 +0000] "GET /?e=99073894041000&mod=1e50a717&uri=blog.php%3Fid%3D3306344-478%26name%3Dmerida+register+bike HTTP/1.1" 200 21844 "-" "Mozilla/5.0 (Linux; Android 6.0.1; Nexus 5X Build/MMB29P) AppleWebKit/537.36 (KHTML, like Gecko) Chrome/137.0.7151.103 Mobile Safari/537.36 (compatible; Googlebot/2.1; +http://www.google.com/bot.html)"
66.249.64.128 - - [12/Jul/2025:22:44:43 +0000] "GET /?e=72246443011000&mod=747d3443&uri=article.php%3Fid%3D2410943-314%26name%3Dfire+and+ice+daunenmantel HTTP/1.1" 200 21704 "-" "Mozilla/5.0 (Linux; Android 6.0.1; Nexus 5X Build/MMB29P) AppleWebKit/537.36 (KHTML, like Gecko) Chrome/137.0.7151.103 Mobile Safari/537.36 (compatible; Googlebot/2.1; +http://www.google.com/bot.html)"
