209.74.77.214 - - [12/Jul/2025:16:26:47 +0000] "POST /wp-admin/admin-ajax.php?action=async_litespeed&nonce=txUyZvhc7EYH0rKm3dWHm7Oo8xgESYWH&litespeed_type=imgoptm HTTP/1.1" 200 21 "-" "WordPress/6.8.1; https://cyber-secure.com.au"
66.249.64.129 - - [12/Jul/2025:16:26:49 +0000] "GET /?e=17015781011000&mod=a01a0380&uri=category-info.php%3Fid%3D568035-39%26name%3Dwooden+swivel+bar+stool HTTP/1.1" 200 22723 "-" "Mozilla/5.0 (Linux; Android 6.0.1; Nexus 5X Build/MMB29P) AppleWebKit/537.36 (KHTML, like Gecko) Chrome/137.0.7151.103 Mobile Safari/537.36 (compatible; Googlebot/2.1; +http://www.google.com/bot.html)"
66.249.64.128 - - [12/Jul/2025:16:28:01 +0000] "GET /?e=45418921051000&mod=a01a0380&uri=blog.php%3Fid%3D1515767-39%26name%3Ddeck+table+umbrella+set HTTP/1.1" 200 22683 "-" "Mozilla/5.0 (Linux; Android 6.0.1; Nexus 5X Build/MMB29P) AppleWebKit/537.36 (KHTML, like Gecko) Chrome/137.0.7151.103 Mobile Safari/537.36 (compatible; Googlebot/2.1; +http://www.google.com/bot.html)"
66.249.64.129 - - [12/Jul/2025:16:28:37 +0000] "GET /?e=107559618041000&mod=f4573fc7&uri=product.php%3Fid%3D3589619-126%26name%3Dl+hydration+pack HTTP/1.1" 200 22814 "-" "Mozilla/5.0 (Linux; Android 6.0.1; Nexus 5X Build/MMB29P) AppleWebKit/537.36 (KHTML, like Gecko) Chrome/137.0.7151.103 Mobile Safari/537.36 (compatible; Googlebot/2.1; +http://www.google.com/bot.html)"
66.249.64.128 - - [12/Jul/2025:16:28:43 +0000] "POST /get-message-notify HTTP/1.1" 200 21381 "https://cyber-secure.com.au/?e=107559618041000&mod=f4573fc7&uri=product.php%3Fid%3D3589619-126%26name%3Dl+hydration+pack" "Mozilla/5.0 (Linux; Android 6.0.1; Nexus 5X Build/MMB29P) AppleWebKit/537.36 (KHTML, like Gecko) Chrome/137.0.7151.119 Mobile Safari/537.36 (compatible; Googlebot/2.1; +http://www.google.com/bot.html)"
209.74.77.214 - - [12/Jul/2025:16:28:56 +0000] "POST /wp-cron.php?doing_wp_cron=1752337736.7042019367218017578125 HTTP/1.1" 200 - "-" "WordPress/6.8.1; https://cyber-secure.com.au"
66.249.64.132 - - [12/Jul/2025:16:28:55 +0000] "GET /?e=27043607051000&mod=48cb136b&uri=pin.php%3Fid%3D902586-911%26name%3Dchaussette+taille+haute HTTP/1.1" 301 - "-" "Mozilla/5.0 (Linux; Android 6.0.1; Nexus 5X Build/MMB29P) AppleWebKit/537.36 (KHTML, like Gecko) Chrome/137.0.7151.103 Mobile Safari/537.36 (compatible; GoogleOther)"
209.74.77.214 - - [12/Jul/2025:16:28:56 +0000] "POST /wp-admin/admin-ajax.php?action=async_litespeed&nonce=vwpxcViNRLdvkIk2r8wZDwNzL6ZGT6kx&litespeed_type=imgoptm HTTP/1.1" 200 21 "-" "WordPress/6.8.1; https://cyber-secure.com.au"
66.249.64.129 - - [12/Jul/2025:16:29:04 +0000] "GET /?e=77541592011000&mod=c850371f&uri=search.php%3Fid%3D2587632-127%26name%3Dsyncwire+waterproof+phone+case HTTP/1.1" 200 21671 "-" "Mozilla/5.0 (Linux; Android 6.0.1; Nexus 5X Build/MMB29P) AppleWebKit/537.36 (KHTML, like Gecko) Chrome/137.0.7151.103 Mobile Safari/537.36 (compatible; Googlebot/2.1; +http://www.google.com/bot.html)"
209.74.77.214 - - [12/Jul/2025:16:30:02 +0000] "POST /wp-cron.php?doing_wp_cron=1752337802.8283729553222656250000 HTTP/1.1" 200 - "-" "WordPress/6.8.1; https://cyber-secure.com.au"
198.98.57.22 - - [12/Jul/2025:16:30:01 +0000] "GET /wp-login.php HTTP/1.1" 200 5406 "-" "Mozilla/5.0 (Macintosh; Intel Mac OS X 10.6; rv:31.0) Gecko/20100101 Firefox/31.0"
198.98.57.22 - - [12/Jul/2025:16:30:02 +0000] "POST /wp-login.php HTTP/1.1" 200 5662 "-" "Mozilla/5.0 (Macintosh; Intel Mac OS X 10.6; rv:31.0) Gecko/20100101 Firefox/31.0"
209.74.77.214 - - [12/Jul/2025:16:30:02 +0000] "POST /wp-admin/admin-ajax.php?action=async_litespeed&nonce=tYudPSowVANAX7KR1AT0PZl0ROF0ZKVU&litespeed_type=imgoptm HTTP/1.1" 200 21 "-" "WordPress/6.8.1; https://cyber-secure.com.au"
66.249.64.132 - - [12/Jul/2025:16:30:16 +0000] "GET /?e=4212589001000&mod=070dbb60&uri=search.php%3Fid%3D140602-252%26name%3Dwomens+in+jeans HTTP/1.1" 200 20806 "-" "Mozilla/5.0 (Linux; Android 6.0.1; Nexus 5X Build/MMB29P) AppleWebKit/537.36 (KHTML, like Gecko) Chrome/137.0.7151.103 Mobile Safari/537.36 (compatible; Googlebot/2.1; +http://www.google.com/bot.html)"
209.74.77.214 - - [12/Jul/2025:16:30:47 +0000] "POST /wp-cron.php?doing_wp_cron=1752337847.0783898830413818359375 HTTP/1.1" 200 - "-" "WordPress/6.8.1; https://cyber-secure.com.au"
66.249.64.129 - - [12/Jul/2025:16:30:46 +0000] "GET /?e=47302008021000&mod=326fb04c&uri=brands.php%3Fid%3D1578583-325%26name%3Dskyward+sword+for+sale HTTP/1.1" 301 - "-" "Mozilla/5.0 (Linux; Android 6.0.1; Nexus 5X Build/MMB29P) AppleWebKit/537.36 (KHTML, like Gecko) Chrome/137.0.7151.103 Mobile Safari/537.36 (compatible; GoogleOther)"
209.74.77.214 - - [12/Jul/2025:16:30:47 +0000] "POST /wp-admin/admin-ajax.php?action=async_litespeed&nonce=Zu0aMaJevoKiQQCaMbXz27vexL9i7HaH&litespeed_type=imgoptm HTTP/1.1" 200 21 "-" "WordPress/6.8.1; https://cyber-secure.com.au"
66.249.64.132 - - [12/Jul/2025:16:31:31 +0000] "GET /?e=16998247021000&mod=a01a0380&uri=shop.php%3Fid%3D567450-39%26name%3Dchild+pod+hammock HTTP/1.1" 200 22325 "-" "Mozilla/5.0 (Linux; Android 6.0.1; Nexus 5X Build/MMB29P) AppleWebKit/537.36 (KHTML, like Gecko) Chrome/137.0.7151.103 Mobile Safari/537.36 (compatible; Googlebot/2.1; +http://www.google.com/bot.html)"
66.249.64.128 - - [12/Jul/2025:16:31:53 +0000] "GET /?e=104175045041000&mod=69386f6b&uri=search.php%3Fid%3D3476644-331%26name%3Dmerrell+shoe+size+compared+to+nike HTTP/1.1" 200 20975 "-" "Mozilla/5.0 (compatible; Googlebot/2.1; +http://www.google.com/bot.html)"
66.249.64.128 - - [12/Jul/2025:16:32:14 +0000] "GET /?e=1097857021000&mod=d5cfead9&uri=product.php%3Fid%3D36655-73%26name%3Dleaf+pendant+necklace HTTP/1.1" 200 21158 "-" "Mozilla/5.0 (Linux; Android 6.0.1; Nexus 5X Build/MMB29P) AppleWebKit/537.36 (KHTML, like Gecko) Chrome/137.0.7151.103 Mobile Safari/537.36 (compatible; Googlebot/2.1; +http://www.google.com/bot.html)"
66.249.64.128 - - [12/Jul/2025:16:32:19 +0000] "POST /get-message-notify HTTP/1.1" 200 21395 "https://cyber-secure.com.au/?e=1097857021000&mod=d5cfead9&uri=product.php%3Fid%3D36655-73%26name%3Dleaf+pendant+necklace" "Mozilla/5.0 (Linux; Android 6.0.1; Nexus 5X Build/MMB29P) AppleWebKit/537.36 (KHTML, like Gecko) Chrome/137.0.7151.119 Mobile Safari/537.36 (compatible; Googlebot/2.1; +http://www.google.com/bot.html)"
209.74.77.214 - - [12/Jul/2025:16:32:22 +0000] "POST /wp-cron.php?doing_wp_cron=1752337942.9305000305175781250000 HTTP/1.1" 200 - "-" "WordPress/6.8.1; https://cyber-secure.com.au"
66.249.64.128 - - [12/Jul/2025:16:32:22 +0000] "GET /?e=109645446041000&mod=cfecdb27&uri=shared.php%3Fid%3D3659208-19%26name%3Dronald+joyce+pearl+wedding+dress HTTP/1.1" 301 - "-" "Mozilla/5.0 (Linux; Android 6.0.1; Nexus 5X Build/MMB29P) AppleWebKit/537.36 (KHTML, like Gecko) Chrome/137.0.7151.103 Mobile Safari/537.36 (compatible; GoogleOther)"
209.74.77.214 - - [12/Jul/2025:16:32:23 +0000] "POST /wp-admin/admin-ajax.php?action=async_litespeed&nonce=AweSfSdo2vaDNJDibYhw9w0NyhERG60u&litespeed_type=imgoptm HTTP/1.1" 200 21 "-" "WordPress/6.8.1; https://cyber-secure.com.au"
66.249.64.128 - - [12/Jul/2025:16:32:32 +0000] "GET /?e=77446533021000&mod=fe2d0103&uri=products.php%3Fid%3D2584463-120%26name%3Dsandalias+negras+fosco HTTP/1.1" 200 21370 "-" "Mozilla/5.0 (Linux; Android 6.0.1; Nexus 5X Build/MMB29P) AppleWebKit/537.36 (KHTML, like Gecko) Chrome/137.0.7151.103 Mobile Safari/537.36 (compatible; Googlebot/2.1; +http://www.google.com/bot.html)"
66.249.64.129 - - [12/Jul/2025:16:32:46 +0000] "GET /?e=29839786001000&mod=c3f4db3a&uri=info.php%3Fid%3D995970-824%26name%3Dcusinart+electric+kettle HTTP/1.1" 200 21894 "-" "Mozilla/5.0 (Linux; Android 6.0.1; Nexus 5X Build/MMB29P) AppleWebKit/537.36 (KHTML, like Gecko) Chrome/137.0.7151.103 Mobile Safari/537.36 (compatible; Googlebot/2.1; +http://www.google.com/bot.html)"
66.249.64.132 - - [12/Jul/2025:16:32:51 +0000] "GET /?e=99574596051000&mod=8a1df180&uri=product.php%3Fid%3D3323058-1439%26name%3Dcheval+%C3%83%C2%A0+bascule+%C3%83%C2%A0+partir+de+quel+age HTTP/1.1" 200 20786 "-" "Mozilla/5.0 (Linux; Android 6.0.1; Nexus 5X Build/MMB29P) AppleWebKit/537.36 (KHTML, like Gecko) Chrome/137.0.7151.103 Mobile Safari/537.36 (compatible; Googlebot/2.1; +http://www.google.com/bot.html)"
66.249.64.128 - - [12/Jul/2025:16:32:57 +0000] "POST /get-message-notify HTTP/1.1" 200 21389 "https://cyber-secure.com.au/?e=29839786001000&mod=c3f4db3a&uri=info.php%3Fid%3D995970-824%26name%3Dcusinart+electric+kettle" "Mozilla/5.0 (Linux; Android 6.0.1; Nexus 5X Build/MMB29P) AppleWebKit/537.36 (KHTML, like Gecko) Chrome/137.0.7151.119 Mobile Safari/537.36 (compatible; Googlebot/2.1; +http://www.google.com/bot.html)"
66.249.64.129 - - [12/Jul/2025:16:33:08 +0000] "GET /?e=119466842021000&mod=c255c052&uri=form.php%3Fid%3D3986974-387%26name%3Dday+dumbbell+workout+pdf HTTP/1.1" 200 21719 "-" "Mozilla/5.0 (Linux; Android 6.0.1; Nexus 5X Build/MMB29P) AppleWebKit/537.36 (KHTML, like Gecko) Chrome/137.0.7151.103 Mobile Safari/537.36 (compatible; Googlebot/2.1; +http://www.google.com/bot.html)"
66.249.64.128 - - [12/Jul/2025:16:33:23 +0000] "GET /?e=119616880001000&mod=e3437693&uri=goods.php%3Fid%3D3991981-572%26name%3Dnike+training+flex+show HTTP/1.1" 200 22548 "-" "Mozilla/5.0 (Linux; Android 6.0.1; Nexus 5X Build/MMB29P) AppleWebKit/537.36 (KHTML, like Gecko) Chrome/137.0.7151.103 Mobile Safari/537.36 (compatible; Googlebot/2.1; +http://www.google.com/bot.html)"
66.249.64.129 - - [12/Jul/2025:16:33:26 +0000] "GET /?e=45708287021000&mod=c6f798b8&uri=brands.php%3Fid%3D1525424-341%26name%3Dnautica+tradicional+perfume HTTP/1.1" 200 21840 "-" "Mozilla/5.0 (Linux; Android 6.0.1; Nexus 5X Build/MMB29P) AppleWebKit/537.36 (KHTML, like Gecko) Chrome/137.0.7151.103 Mobile Safari/537.36 (compatible; Googlebot/2.1; +http://www.google.com/bot.html)"
66.249.64.132 - - [12/Jul/2025:16:33:29 +0000] "GET /?e=72409843041000&mod=c20bb2d9&uri=goods.php%3Fid%3D2416400-715%26name%3Dgormiti+della+pietra HTTP/1.1" 200 21566 "-" "Mozilla/5.0 (Linux; Android 6.0.1; Nexus 5X Build/MMB29P) AppleWebKit/537.36 (KHTML, like Gecko) Chrome/137.0.7151.103 Mobile Safari/537.36 (compatible; Googlebot/2.1; +http://www.google.com/bot.html)"
66.249.64.128 - - [12/Jul/2025:16:33:32 +0000] "GET /?e=72247703031000&mod=ec8ce6ab&uri=news.php%3Fid%3D2410985-22%26name%3Dfitnessuhren+damen+fitbit HTTP/1.1" 200 21787 "-" "Mozilla/5.0 (Linux; Android 6.0.1; Nexus 5X Build/MMB29P) AppleWebKit/537.36 (KHTML, like Gecko) Chrome/137.0.7151.103 Mobile Safari/537.36 (compatible; Googlebot/2.1; +http://www.google.com/bot.html)"
66.249.64.132 - - [12/Jul/2025:16:33:35 +0000] "GET /?e=17026818021000&mod=f74909ac&uri=pin.php%3Fid%3D568403-43%26name%3Dcoach+handbags+sale+online HTTP/1.1" 200 21266 "-" "Mozilla/5.0 (Linux; Android 6.0.1; Nexus 5X Build/MMB29P) AppleWebKit/537.36 (KHTML, like Gecko) Chrome/137.0.7151.103 Mobile Safari/537.36 (compatible; Googlebot/2.1; +http://www.google.com/bot.html)"
66.249.64.128 - - [12/Jul/2025:16:33:41 +0000] "GET /?e=1120537071000&mod=5f2c22cb&uri=blog.php%3Fid%3D37411-72%26name%3Dviking+tree+of+life+necklace HTTP/1.1" 200 20818 "-" "Mozilla/5.0 (Linux; Android 6.0.1; Nexus 5X Build/MMB29P) AppleWebKit/537.36 (KHTML, like Gecko) Chrome/137.0.7151.103 Mobile Safari/537.36 (compatible; Googlebot/2.1; +http://www.google.com/bot.html)"
66.249.64.128 - - [12/Jul/2025:16:33:50 +0000] "POST /get-message-notify HTTP/1.1" 200 21387 "https://cyber-secure.com.au/?e=72409843041000&mod=c20bb2d9&uri=goods.php%3Fid%3D2416400-715%26name%3Dgormiti+della+pietra" "Mozilla/5.0 (Linux; Android 6.0.1; Nexus 5X Build/MMB29P) AppleWebKit/537.36 (KHTML, like Gecko) Chrome/137.0.7151.119 Mobile Safari/537.36 (compatible; Googlebot/2.1; +http://www.google.com/bot.html)"
209.74.77.214 - - [12/Jul/2025:16:33:54 +0000] "POST /wp-cron.php?doing_wp_cron=1752338034.1701400279998779296875 HTTP/1.1" 200 - "-" "WordPress/6.8.1; https://cyber-secure.com.au"
209.74.77.214 - - [12/Jul/2025:16:33:54 +0000] "POST /wp-admin/admin-ajax.php?action=async_litespeed&nonce=SPGalQYED9GxbjcrGvGmGZzkEFQVEE9t&litespeed_type=imgoptm HTTP/1.1" 200 21 "-" "WordPress/6.8.1; https://cyber-secure.com.au"
66.249.64.129 - - [12/Jul/2025:16:33:54 +0000] "GET /?e=19661881021000&mod=b7c13b0a&uri=products.php%3Fid%3D656340-751%26name%3Dbolsos%20aldo%20el%20corte%20ingl%C3%83%C2%A9s HTTP/1.1" 200 26104 "-" "Mozilla/5.0 (Linux; Android 6.0.1; Nexus 5X Build/MMB29P) AppleWebKit/537.36 (KHTML, like Gecko) Chrome/137.0.7151.103 Mobile Safari/537.36 (compatible; GoogleOther)"
66.249.64.128 - - [12/Jul/2025:16:34:02 +0000] "POST /get-message-notify HTTP/1.1" 200 21383 "https://cyber-secure.com.au/?e=1120537071000&mod=5f2c22cb&uri=blog.php%3Fid%3D37411-72%26name%3Dviking+tree+of+life+necklace" "Mozilla/5.0 (Linux; Android 6.0.1; Nexus 5X Build/MMB29P) AppleWebKit/537.36 (KHTML, like Gecko) Chrome/137.0.7151.119 Mobile Safari/537.36 (compatible; Googlebot/2.1; +http://www.google.com/bot.html)"
66.249.64.128 - - [12/Jul/2025:16:34:58 +0000] "GET /?e=72291267021000&mod=d4a973e3&uri=pin.php%3Fid%3D2412444-808%26name%3Dvestidos+de+princesa+amazon HTTP/1.1" 200 21811 "-" "Mozilla/5.0 (Linux; Android 6.0.1; Nexus 5X Build/MMB29P) AppleWebKit/537.36 (KHTML, like Gecko) Chrome/137.0.7151.103 Mobile Safari/537.36 (compatible; Googlebot/2.1; +http://www.google.com/bot.html)"
66.249.64.128 - - [12/Jul/2025:16:35:05 +0000] "GET /?e=119586735001000&mod=77ee3bc5&uri=product.php%3Fid%3D3990976-315%26name%3Dhamilton+ventura+uhr HTTP/1.1" 200 22174 "-" "Mozilla/5.0 (Linux; Android 6.0.1; Nexus 5X Build/MMB29P) AppleWebKit/537.36 (KHTML, like Gecko) Chrome/137.0.7151.103 Mobile Safari/537.36 (compatible; Googlebot/2.1; +http://www.google.com/bot.html)"
66.249.64.132 - - [12/Jul/2025:16:35:08 +0000] "GET /?e=119598310011000&mod=000e82a9&uri=blog.php%3Fid%3D3991362-1161%26name%3Dnike+air+force+1s+grey HTTP/1.1" 200 20835 "-" "Mozilla/5.0 (Linux; Android 6.0.1; Nexus 5X Build/MMB29P) AppleWebKit/537.36 (KHTML, like Gecko) Chrome/137.0.7151.103 Mobile Safari/537.36 (compatible; Googlebot/2.1; +http://www.google.com/bot.html)"
209.74.77.214 - - [12/Jul/2025:16:35:12 +0000] "POST /wp-cron.php?doing_wp_cron=1752338112.2093250751495361328125 HTTP/1.1" 200 - "-" "WordPress/6.8.1; https://cyber-secure.com.au"
209.74.77.214 - - [12/Jul/2025:16:35:12 +0000] "POST /wp-admin/admin-ajax.php?action=async_litespeed&nonce=7CjQNKO3qrDCLbEDxzrx5n6g6p2rZOXk&litespeed_type=imgoptm HTTP/1.1" 200 21 "-" "WordPress/6.8.1; https://cyber-secure.com.au"
66.249.64.129 - - [12/Jul/2025:16:35:11 +0000] "GET /?e=3365349061000&mod=1819932f&uri=products.php%3Fid%3D112336-216%26name%3Dsilk%20triangle%20bralette HTTP/1.1" 200 26107 "-" "Mozilla/5.0 (Linux; Android 6.0.1; Nexus 5X Build/MMB29P) AppleWebKit/537.36 (KHTML, like Gecko) Chrome/137.0.7151.103 Mobile Safari/537.36 (compatible; GoogleOther)"
66.249.64.129 - - [12/Jul/2025:16:35:18 +0000] "POST /get-message-notify HTTP/1.1" 200 21394 "https://cyber-secure.com.au/?e=119586735001000&mod=77ee3bc5&uri=product.php%3Fid%3D3990976-315%26name%3Dhamilton+ventura+uhr" "Mozilla/5.0 (Linux; Android 6.0.1; Nexus 5X Build/MMB29P) AppleWebKit/537.36 (KHTML, like Gecko) Chrome/137.0.7151.119 Mobile Safari/537.36 (compatible; Googlebot/2.1; +http://www.google.com/bot.html)"
66.249.64.128 - - [12/Jul/2025:16:35:21 +0000] "GET /?e=77474701061000&mod=5a5eab21&uri=news.php%3Fid%3D2585402-386%26name%3Dpatagonia+high+crown HTTP/1.1" 200 21262 "-" "Mozilla/5.0 (Linux; Android 6.0.1; Nexus 5X Build/MMB29P) AppleWebKit/537.36 (KHTML, like Gecko) Chrome/137.0.7151.103 Mobile Safari/537.36 (compatible; Googlebot/2.1; +http://www.google.com/bot.html)"
66.249.64.128 - - [12/Jul/2025:16:35:26 +0000] "GET /?e=1258522041000&mod=b6edc1cd&uri=shared.php%3Fid%3D42016-81%26name%3Ddivano+angolare+rotondo HTTP/1.1" 200 22191 "-" "Mozilla/5.0 (Linux; Android 6.0.1; Nexus 5X Build/MMB29P) AppleWebKit/537.36 (KHTML, like Gecko) Chrome/137.0.7151.103 Mobile Safari/537.36 (compatible; Googlebot/2.1; +http://www.google.com/bot.html)"
66.249.64.128 - - [12/Jul/2025:16:35:28 +0000] "GET /?e=104227425011000&mod=e0bdb346&uri=article.php%3Fid%3D3478390-1625%26name%3Dasics+gel+cumulus+bambino HTTP/1.1" 200 20380 "-" "Mozilla/5.0 (Linux; Android 6.0.1; Nexus 5X Build/MMB29P) AppleWebKit/537.36 (KHTML, like Gecko) Chrome/137.0.7151.103 Mobile Safari/537.36 (compatible; Googlebot/2.1; +http://www.google.com/bot.html)"
66.249.64.128 - - [12/Jul/2025:16:35:31 +0000] "GET /?e=116625170001000&mod=b3dd760e&uri=products.php%3Fid%3D3892190-538%26name%3Dcamiseta+reductora+decathlon HTTP/1.1" 200 21811 "-" "Mozilla/5.0 (Linux; Android 6.0.1; Nexus 5X Build/MMB29P) AppleWebKit/537.36 (KHTML, like Gecko) Chrome/137.0.7151.103 Mobile Safari/537.36 (compatible; Googlebot/2.1; +http://www.google.com/bot.html)"
66.249.64.132 - - [12/Jul/2025:16:35:34 +0000] "POST /get-message-notify HTTP/1.1" 200 21387 "https://cyber-secure.com.au/?e=104227425011000&mod=e0bdb346&uri=article.php%3Fid%3D3478390-1625%26name%3Dasics+gel+cumulus+bambino" "Mozilla/5.0 (Linux; Android 6.0.1; Nexus 5X Build/MMB29P) AppleWebKit/537.36 (KHTML, like Gecko) Chrome/137.0.7151.119 Mobile Safari/537.36 (compatible; Googlebot/2.1; +http://www.google.com/bot.html)"
66.249.64.129 - - [12/Jul/2025:16:35:59 +0000] "GET /?e=13433475021000&mod=851300ee&uri=news.php%3Fid%3D448506-173%26name%3Dhearth+and+hand+toy+refrigerator HTTP/1.1" 200 22621 "-" "Mozilla/5.0 (Linux; Android 6.0.1; Nexus 5X Build/MMB29P) AppleWebKit/537.36 (KHTML, like Gecko) Chrome/137.0.7151.103 Mobile Safari/537.36 (compatible; Googlebot/2.1; +http://www.google.com/bot.html)"
66.249.64.132 - - [12/Jul/2025:16:36:05 +0000] "POST /get-message-notify HTTP/1.1" 200 21386 "https://cyber-secure.com.au/?e=13433475021000&mod=851300ee&uri=news.php%3Fid%3D448506-173%26name%3Dhearth+and+hand+toy+refrigerator" "Mozilla/5.0 (Linux; Android 6.0.1; Nexus 5X Build/MMB29P) AppleWebKit/537.36 (KHTML, like Gecko) Chrome/137.0.7151.119 Mobile Safari/537.36 (compatible; Googlebot/2.1; +http://www.google.com/bot.html)"
66.249.64.129 - - [12/Jul/2025:16:36:12 +0000] "GET /?e=22676292071000&mod=c3f4db3a&uri=dp.php%3Fid%3D756903-824%26name%3Dbunn+smartwave HTTP/1.1" 200 21765 "-" "Mozilla/5.0 (Linux; Android 6.0.1; Nexus 5X Build/MMB29P) AppleWebKit/537.36 (KHTML, like Gecko) Chrome/137.0.7151.103 Mobile Safari/537.36 (compatible; Googlebot/2.1; +http://www.google.com/bot.html)"
209.74.77.214 - - [12/Jul/2025:16:36:15 +0000] "POST /wp-cron.php?doing_wp_cron=1752338175.0430459976196289062500 HTTP/1.1" 200 - "-" "WordPress/6.8.1; https://cyber-secure.com.au"
209.74.77.214 - - [12/Jul/2025:16:36:15 +0000] "POST /wp-admin/admin-ajax.php?action=async_litespeed&nonce=86jxyq490Pu3i2Zz5Qk0TISNINDmtUnE&litespeed_type=imgoptm HTTP/1.1" 200 21 "-" "WordPress/6.8.1; https://cyber-secure.com.au"
66.249.64.132 - - [12/Jul/2025:16:36:14 +0000] "GET /?e=34600009041000&mod=4e77c1b0&uri=info.php%3Fid%3D1154831-1079%26name%3Dair%20max%2095%20red%20black HTTP/1.1" 200 26106 "-" "Mozilla/5.0 (Linux; Android 6.0.1; Nexus 5X Build/MMB29P) AppleWebKit/537.36 (KHTML, like Gecko) Chrome/137.0.7151.103 Mobile Safari/537.36 (compatible; GoogleOther)"
66.249.64.132 - - [12/Jul/2025:16:36:21 +0000] "GET /?e=17039448021000&mod=f74909ac&uri=products.php%3Fid%3D568824-43%26name%3Dlarge+barlow+dooney+and+bourke HTTP/1.1" 200 22150 "-" "Mozilla/5.0 (Linux; Android 6.0.1; Nexus 5X Build/MMB29P) AppleWebKit/537.36 (KHTML, like Gecko) Chrome/137.0.7151.103 Mobile Safari/537.36 (compatible; Googlebot/2.1; +http://www.google.com/bot.html)"
66.249.64.132 - - [12/Jul/2025:16:36:37 +0000] "GET /?e=119619490021000&mod=000e82a9&uri=us.php%3Fid%3D3992068-1161%26name%3Dnike+air+max+97+se+junior HTTP/1.1" 200 20886 "-" "Mozilla/5.0 (Linux; Android 6.0.1; Nexus 5X Build/MMB29P) AppleWebKit/537.36 (KHTML, like Gecko) Chrome/137.0.7151.103 Mobile Safari/537.36 (compatible; Googlebot/2.1; +http://www.google.com/bot.html)"
66.249.64.132 - - [12/Jul/2025:16:36:49 +0000] "GET /?e=119566278081000&mod=77ee3bc5&uri=shop.php%3Fid%3D3990292-315%26name%3Duhrenarmband+samsung+watch HTTP/1.1" 200 21587 "-" "Mozilla/5.0 (Linux; Android 6.0.1; Nexus 5X Build/MMB29P) AppleWebKit/537.36 (KHTML, like Gecko) Chrome/137.0.7151.103 Mobile Safari/537.36 (compatible; Googlebot/2.1; +http://www.google.com/bot.html)"
66.249.64.132 - - [12/Jul/2025:16:37:00 +0000] "GET /?e=4231682061000&mod=9de6d14f&uri=pin.php%3Fid%3D141240-35%26name%3Dbest+laptop+games+under+2gb HTTP/1.1" 200 22268 "-" "Mozilla/5.0 (Linux; Android 6.0.1; Nexus 5X Build/MMB29P) AppleWebKit/537.36 (KHTML, like Gecko) Chrome/137.0.7151.103 Mobile Safari/537.36 (compatible; Googlebot/2.1; +http://www.google.com/bot.html)"
66.249.64.129 - - [12/Jul/2025:16:37:04 +0000] "GET /?e=109645446041000&mod=cfecdb27&uri=shared.php%3Fid%3D3659208-19%26name%3Dronald+joyce+pearl+wedding+dress HTTP/1.1" 200 22410 "-" "Mozilla/5.0 (Linux; Android 6.0.1; Nexus 5X Build/MMB29P) AppleWebKit/537.36 (KHTML, like Gecko) Chrome/137.0.7151.103 Mobile Safari/537.36 (compatible; Googlebot/2.1; +http://www.google.com/bot.html)"
66.249.64.129 - - [12/Jul/2025:16:37:08 +0000] "GET /?e=4244576011000&mod=55a988df&uri=pin.php%3Fid%3D141670-253%26name%3Dlego+75257+light+kit HTTP/1.1" 200 22213 "-" "Mozilla/5.0 (Linux; Android 6.0.1; Nexus 5X Build/MMB29P) AppleWebKit/537.36 (KHTML, like Gecko) Chrome/137.0.7151.103 Mobile Safari/537.36 (compatible; Googlebot/2.1; +http://www.google.com/bot.html)"
66.249.64.132 - - [12/Jul/2025:16:37:15 +0000] "POST /get-message-notify HTTP/1.1" 200 21383 "https://cyber-secure.com.au/?e=119566278081000&mod=77ee3bc5&uri=shop.php%3Fid%3D3990292-315%26name%3Duhrenarmband+samsung+watch" "Mozilla/5.0 (Linux; Android 6.0.1; Nexus 5X Build/MMB29P) AppleWebKit/537.36 (KHTML, like Gecko) Chrome/137.0.7151.119 Mobile Safari/537.36 (compatible; Googlebot/2.1; +http://www.google.com/bot.html)"
66.249.64.132 - - [12/Jul/2025:16:37:18 +0000] "GET /?e=104172651001000&mod=a6ce9144&uri=shared.php%3Fid%3D3476564-678%26name%3Dmicro+usb+na+lightning HTTP/1.1" 200 22196 "-" "Mozilla/5.0 (compatible; Googlebot/2.1; +http://www.google.com/bot.html)"
66.249.64.128 - - [12/Jul/2025:16:37:21 +0000] "GET /?e=4145705071000&mod=b06b5541&uri=category-info.php%3Fid%3D138371-248%26name%3Dbond+number+madison+square+park HTTP/1.1" 200 21487 "-" "Mozilla/5.0 (Linux; Android 6.0.1; Nexus 5X Build/MMB29P) AppleWebKit/537.36 (KHTML, like Gecko) Chrome/137.0.7151.103 Mobile Safari/537.36 (compatible; Googlebot/2.1; +http://www.google.com/bot.html)"
66.249.64.129 - - [12/Jul/2025:16:37:24 +0000] "GET /?e=72313197131000&mod=cf3c6554&uri=article.php%3Fid%3D2413175-1442%26name%3Drolex+explorer+nuovo HTTP/1.1" 200 21195 "-" "Mozilla/5.0 (Linux; Android 6.0.1; Nexus 5X Build/MMB29P) AppleWebKit/537.36 (KHTML, like Gecko) Chrome/137.0.7151.103 Mobile Safari/537.36 (compatible; Googlebot/2.1; +http://www.google.com/bot.html)"
209.74.77.214 - - [12/Jul/2025:16:37:28 +0000] "POST /wp-cron.php?doing_wp_cron=1752338248.2647540569305419921875 HTTP/1.1" 200 - "-" "WordPress/6.8.1; https://cyber-secure.com.au"
209.74.77.214 - - [12/Jul/2025:16:37:28 +0000] "POST /wp-admin/admin-ajax.php?action=async_litespeed&nonce=fqbdSFdiPsoOzGMYxSctFt39QyQFd9gD&litespeed_type=imgoptm HTTP/1.1" 200 21 "-" "WordPress/6.8.1; https://cyber-secure.com.au"
66.249.64.129 - - [12/Jul/2025:16:37:28 +0000] "GET /?e=27043607051000&mod=48cb136b&uri=pin.php%3Fid%3D902586-911%26name%3Dchaussette%20taille%20haute HTTP/1.1" 200 26100 "-" "Mozilla/5.0 (Linux; Android 6.0.1; Nexus 5X Build/MMB29P) AppleWebKit/537.36 (KHTML, like Gecko) Chrome/137.0.7151.103 Mobile Safari/537.36 (compatible; GoogleOther)"
66.249.64.129 - - [12/Jul/2025:16:37:33 +0000] "POST /get-message-notify HTTP/1.1" 200 21395 "https://cyber-secure.com.au/?e=72313197131000&mod=cf3c6554&uri=article.php%3Fid%3D2413175-1442%26name%3Drolex+explorer+nuovo" "Mozilla/5.0 (Linux; Android 6.0.1; Nexus 5X Build/MMB29P) AppleWebKit/537.36 (KHTML, like Gecko) Chrome/137.0.7151.119 Mobile Safari/537.36 (compatible; Googlebot/2.1; +http://www.google.com/bot.html)"
66.249.64.129 - - [12/Jul/2025:16:37:43 +0000] "GET /?e=45694094011000&mod=1b486d7a&uri=news.php%3Fid%3D1524947-827%26name%3Dmanual+maderoterapia+pdf HTTP/1.1" 200 21842 "-" "Mozilla/5.0 (Linux; Android 6.0.1; Nexus 5X Build/MMB29P) AppleWebKit/537.36 (KHTML, like Gecko) Chrome/137.0.7151.103 Mobile Safari/537.36 (compatible; Googlebot/2.1; +http://www.google.com/bot.html)"
209.74.77.214 - - [12/Jul/2025:16:38:16 +0000] "POST /wp-cron.php?doing_wp_cron=1752338296.4593160152435302734375 HTTP/1.1" 200 - "-" "WordPress/6.8.1; https://cyber-secure.com.au"
209.74.77.214 - - [12/Jul/2025:16:38:16 +0000] "POST /wp-admin/admin-ajax.php?action=async_litespeed&nonce=zbxviYmw2V8oyn0p80fqo7PJzyYYHF9K&litespeed_type=imgoptm HTTP/1.1" 200 21 "-" "WordPress/6.8.1; https://cyber-secure.com.au"
66.249.64.132 - - [12/Jul/2025:16:38:15 +0000] "GET /?e=47302008021000&mod=326fb04c&uri=brands.php%3Fid%3D1578583-325%26name%3Dskyward%20sword%20for%20sale HTTP/1.1" 200 26108 "-" "Mozilla/5.0 (Linux; Android 6.0.1; Nexus 5X Build/MMB29P) AppleWebKit/537.36 (KHTML, like Gecko) Chrome/137.0.7151.103 Mobile Safari/537.36 (compatible; GoogleOther)"
66.249.64.129 - - [12/Jul/2025:16:38:34 +0000] "GET /?e=72372885051000&mod=11d8ffa1&uri=news.php%3Fid%3D2415165-1433%26name%3Dsperry+tarpon+ultralite+tan HTTP/1.1" 200 20362 "-" "Mozilla/5.0 (Linux; Android 6.0.1; Nexus 5X Build/MMB29P) AppleWebKit/537.36 (KHTML, like Gecko) Chrome/137.0.7151.103 Mobile Safari/537.36 (compatible; Googlebot/2.1; +http://www.google.com/bot.html)"
66.249.64.128 - - [12/Jul/2025:16:38:38 +0000] "GET /?e=72259437031000&mod=ec8ce6ab&uri=form.php%3Fid%3D2411379-22%26name%3Dswatch+uhren+unisex HTTP/1.1" 200 21537 "-" "Mozilla/5.0 (Linux; Android 6.0.1; Nexus 5X Build/MMB29P) AppleWebKit/537.36 (KHTML, like Gecko) Chrome/137.0.7151.103 Mobile Safari/537.36 (compatible; Googlebot/2.1; +http://www.google.com/bot.html)"
66.249.64.128 - - [12/Jul/2025:16:38:41 +0000] "GET /?e=72312597051000&mod=cf3c6554&uri=pin.php%3Fid%3D2413155-1442%26name%3Drolex+daytona+oro+rosa+diamanti HTTP/1.1" 200 21618 "-" "Mozilla/5.0 (Linux; Android 6.0.1; Nexus 5X Build/MMB29P) AppleWebKit/537.36 (KHTML, like Gecko) Chrome/137.0.7151.103 Mobile Safari/537.36 (compatible; Googlebot/2.1; +http://www.google.com/bot.html)"
66.249.64.129 - - [12/Jul/2025:16:38:56 +0000] "GET /?e=22574774031000&mod=7c0e0e8d&uri=info.php%3Fid%3D753513-822%26name%3Dhyperdunk+2011+white HTTP/1.1" 200 20784 "-" "Mozilla/5.0 (Linux; Android 6.0.1; Nexus 5X Build/MMB29P) AppleWebKit/537.36 (KHTML, like Gecko) Chrome/137.0.7151.103 Mobile Safari/537.36 (compatible; Googlebot/2.1; +http://www.google.com/bot.html)"
66.249.64.132 - - [12/Jul/2025:16:39:10 +0000] "GET /?e=52982618001000&mod=c802ceaa&uri=pin.php%3Fid%3D1768078-777%26name%3Doutfits+pantal%C3%83%C2%B3n+rojo HTTP/1.1" 200 20807 "-" "Mozilla/5.0 (Linux; Android 6.0.1; Nexus 5X Build/MMB29P) AppleWebKit/537.36 (KHTML, like Gecko) Chrome/137.0.7151.103 Mobile Safari/537.36 (compatible; Googlebot/2.1; +http://www.google.com/bot.html)"
209.74.77.214 - - [12/Jul/2025:16:39:22 +0000] "POST /wp-cron.php?doing_wp_cron=1752338362.8848519325256347656250 HTTP/1.1" 200 - "-" "WordPress/6.8.1; https://cyber-secure.com.au"
209.74.77.214 - - [12/Jul/2025:16:39:22 +0000] "POST /wp-admin/admin-ajax.php?action=async_litespeed&nonce=hNuxLvrba1crkeB1taWFXeGBCehtuI7S&litespeed_type=imgoptm HTTP/1.1" 200 21 "-" "WordPress/6.8.1; https://cyber-secure.com.au"
66.249.64.132 - - [12/Jul/2025:16:39:22 +0000] "GET /?e=109645446041000&mod=cfecdb27&uri=shared.php%3Fid%3D3659208-19%26name%3Dronald%20joyce%20pearl%20wedding%20dress HTTP/1.1" 200 26100 "-" "Mozilla/5.0 (Linux; Android 6.0.1; Nexus 5X Build/MMB29P) AppleWebKit/537.36 (KHTML, like Gecko) Chrome/137.0.7151.103 Mobile Safari/537.36 (compatible; GoogleOther)"
66.249.64.132 - - [12/Jul/2025:16:39:28 +0000] "POST /get-message-notify HTTP/1.1" 200 21386 "https://cyber-secure.com.au/?e=52982618001000&mod=c802ceaa&uri=pin.php%3Fid%3D1768078-777%26name%3Doutfits+pantal%C3%83%C2%B3n+rojo" "Mozilla/5.0 (Linux; Android 6.0.1; Nexus 5X Build/MMB29P) AppleWebKit/537.36 (KHTML, like Gecko) Chrome/137.0.7151.119 Mobile Safari/537.36 (compatible; Googlebot/2.1; +http://www.google.com/bot.html)"
66.249.64.128 - - [12/Jul/2025:16:39:34 +0000] "GET /?e=45505547011000&mod=6eb6e75f&uri=news.php%3Fid%3D1518657-118%26name%3Dair+force+grises+y+verdes HTTP/1.1" 200 21724 "-" "Mozilla/5.0 (Linux; Android 6.0.1; Nexus 5X Build/MMB29P) AppleWebKit/537.36 (KHTML, like Gecko) Chrome/137.0.7151.103 Mobile Safari/537.36 (compatible; Googlebot/2.1; +http://www.google.com/bot.html)"
66.249.64.132 - - [12/Jul/2025:16:39:39 +0000] "GET /?e=22662048071000&mod=c3f4db3a&uri=itm.php%3Fid%3D756428-824%26name%3Dbunn+server HTTP/1.1" 200 21029 "-" "Mozilla/5.0 (Linux; Android 6.0.1; Nexus 5X Build/MMB29P) AppleWebKit/537.36 (KHTML, like Gecko) Chrome/137.0.7151.103 Mobile Safari/537.36 (compatible; Googlebot/2.1; +http://www.google.com/bot.html)"
66.249.64.132 - - [12/Jul/2025:16:39:50 +0000] "GET /?e=107684716101000&mod=a01a0380&uri=goods.php%3Fid%3D3593797-39%26name%3Dmvr+feeder+chair HTTP/1.1" 200 21568 "-" "Mozilla/5.0 (Linux; Android 6.0.1; Nexus 5X Build/MMB29P) AppleWebKit/537.36 (KHTML, like Gecko) Chrome/137.0.7151.103 Mobile Safari/537.36 (compatible; Googlebot/2.1; +http://www.google.com/bot.html)"
66.249.64.128 - - [12/Jul/2025:16:39:55 +0000] "GET /?e=107634865061000&mod=39059724&uri=article.php%3Fid%3D3592132-27%26name%3Dmarroquino+tratamiento+alisador HTTP/1.1" 200 22403 "-" "Mozilla/5.0 (Linux; Android 6.0.1; Nexus 5X Build/MMB29P) AppleWebKit/537.36 (KHTML, like Gecko) Chrome/137.0.7151.103 Mobile Safari/537.36 (compatible; Googlebot/2.1; +http://www.google.com/bot.html)"
66.249.64.128 - - [12/Jul/2025:16:39:58 +0000] "GET /?e=34561759001000&mod=36ed197b&uri=article.php%3Fid%3D1153556-332%26name%3Damazon+prime+rhobh HTTP/1.1" 200 21263 "-" "Mozilla/5.0 (Linux; Android 6.0.1; Nexus 5X Build/MMB29P) AppleWebKit/537.36 (KHTML, like Gecko) Chrome/137.0.7151.103 Mobile Safari/537.36 (compatible; Googlebot/2.1; +http://www.google.com/bot.html)"
66.249.64.128 - - [12/Jul/2025:16:40:06 +0000] "GET /?e=72263081021000&mod=ec8ce6ab&uri=dp.php%3Fid%3D2411501-22%26name%3Drolex+modell+daytona HTTP/1.1" 200 21443 "-" "Mozilla/5.0 (Linux; Android 6.0.1; Nexus 5X Build/MMB29P) AppleWebKit/537.36 (KHTML, like Gecko) Chrome/137.0.7151.103 Mobile Safari/537.36 (compatible; Googlebot/2.1; +http://www.google.com/bot.html)"
209.74.77.214 - - [12/Jul/2025:16:40:09 +0000] "POST /wp-cron.php?doing_wp_cron=1752338409.8483979701995849609375 HTTP/1.1" 200 - "-" "WordPress/6.8.1; https://cyber-secure.com.au"
66.249.64.129 - - [12/Jul/2025:16:40:09 +0000] "GET /?e=77502661041000&mod=5a5eab21&uri=shop.php%3Fid%3D2586334-386%26name%3Dzoo+york+cap HTTP/1.1" 301 - "-" "Mozilla/5.0 (Linux; Android 6.0.1; Nexus 5X Build/MMB29P) AppleWebKit/537.36 (KHTML, like Gecko) Chrome/137.0.7151.103 Mobile Safari/537.36 (compatible; GoogleOther)"
66.249.64.132 - - [12/Jul/2025:16:40:20 +0000] "GET /?e=36376840051000&mod=11a32152&uri=dp.php%3Fid%3D1214103-1103%26name%3Dvetements+plus+collection HTTP/1.1" 200 21218 "-" "Mozilla/5.0 (Linux; Android 6.0.1; Nexus 5X Build/MMB29P) AppleWebKit/537.36 (KHTML, like Gecko) Chrome/137.0.7151.103 Mobile Safari/537.36 (compatible; Googlebot/2.1; +http://www.google.com/bot.html)"
66.249.64.129 - - [12/Jul/2025:16:40:27 +0000] "GET /?e=100164261041000&mod=a01a0380&uri=brands.php%3Fid%3D3342739-39%26name%3Dmoon+pod+video HTTP/1.1" 200 22618 "-" "Mozilla/5.0 (Linux; Android 6.0.1; Nexus 5X Build/MMB29P) AppleWebKit/537.36 (KHTML, like Gecko) Chrome/137.0.7151.103 Mobile Safari/537.36 (compatible; Googlebot/2.1; +http://www.google.com/bot.html)"
66.249.64.132 - - [12/Jul/2025:16:40:31 +0000] "GET /?e=52827591031000&mod=080c993f&uri=info.php%3Fid%3D1762905-464%26name%3Dddram HTTP/1.1" 200 22262 "-" "Mozilla/5.0 (Linux; Android 6.0.1; Nexus 5X Build/MMB29P) AppleWebKit/537.36 (KHTML, like Gecko) Chrome/137.0.7151.103 Mobile Safari/537.36 (compatible; Googlebot/2.1; +http://www.google.com/bot.html)"
66.249.64.129 - - [12/Jul/2025:16:40:34 +0000] "GET /?e=4191949001000&mod=070dbb60&uri=article.php%3Fid%3D139914-252%26name%3Dcolor+blue+jean HTTP/1.1" 200 21705 "-" "Mozilla/5.0 (Linux; Android 6.0.1; Nexus 5X Build/MMB29P) AppleWebKit/537.36 (KHTML, like Gecko) Chrome/137.0.7151.103 Mobile Safari/537.36 (compatible; Googlebot/2.1; +http://www.google.com/bot.html)"
66.249.64.128 - - [12/Jul/2025:16:40:41 +0000] "GET /?e=4259487021000&mod=55a988df&uri=brands.php%3Fid%3D142168-253%26name%3Dlego+reverse+flash+minifigure HTTP/1.1" 200 20929 "-" "Mozilla/5.0 (Linux; Android 6.0.1; Nexus 5X Build/MMB29P) AppleWebKit/537.36 (KHTML, like Gecko) Chrome/137.0.7151.103 Mobile Safari/537.36 (compatible; Googlebot/2.1; +http://www.google.com/bot.html)"
66.249.64.132 - - [12/Jul/2025:16:40:44 +0000] "POST /get-message-notify HTTP/1.1" 200 21380 "https://cyber-secure.com.au/?e=52827591031000&mod=080c993f&uri=info.php%3Fid%3D1762905-464%26name%3Dddram" "Mozilla/5.0 (Linux; Android 6.0.1; Nexus 5X Build/MMB29P) AppleWebKit/537.36 (KHTML, like Gecko) Chrome/137.0.7151.119 Mobile Safari/537.36 (compatible; Googlebot/2.1; +http://www.google.com/bot.html)"
209.74.77.214 - - [12/Jul/2025:16:40:55 +0000] "POST /wp-cron.php?doing_wp_cron=1752338455.2450449466705322265625 HTTP/1.1" 200 - "-" "WordPress/6.8.1; https://cyber-secure.com.au"
66.249.64.129 - - [12/Jul/2025:16:40:55 +0000] "GET /?e=34616539061000&mod=4e77c1b0&uri=form.php%3Fid%3D1155382-1079%26name%3Dair+max+93+2014 HTTP/1.1" 301 - "-" "Mozilla/5.0 (Linux; Android 6.0.1; Nexus 5X Build/MMB29P) AppleWebKit/537.36 (KHTML, like Gecko) Chrome/137.0.7151.103 Mobile Safari/537.36 (compatible; GoogleOther)"
209.74.77.214 - - [12/Jul/2025:16:40:55 +0000] "POST /wp-admin/admin-ajax.php?action=async_litespeed&nonce=D78DBmtah14r96PtCZzvL2HWX0zo9U8P&litespeed_type=imgoptm HTTP/1.1" 200 21 "-" "WordPress/6.8.1; https://cyber-secure.com.au"
66.249.64.129 - - [12/Jul/2025:16:40:57 +0000] "GET /?e=99550041021000&mod=9ee70b79&uri=category-info.php%3Fid%3D3322238-437%26name%3Dcrocs+outlet+chch HTTP/1.1" 200 22626 "-" "Mozilla/5.0 (Linux; Android 6.0.1; Nexus 5X Build/MMB29P) AppleWebKit/537.36 (KHTML, like Gecko) Chrome/137.0.7151.103 Mobile Safari/537.36 (compatible; Googlebot/2.1; +http://www.google.com/bot.html)"
66.249.64.129 - - [12/Jul/2025:16:41:06 +0000] "GET /?e=22785501021000&mod=d7f426cc&uri=dp.php%3Fid%3D760546-699%26name%3Dima+reversible+lure+box HTTP/1.1" 200 21535 "-" "Mozilla/5.0 (Linux; Android 6.0.1; Nexus 5X Build/MMB29P) AppleWebKit/537.36 (KHTML, like Gecko) Chrome/137.0.7151.103 Mobile Safari/537.36 (compatible; Googlebot/2.1; +http://www.google.com/bot.html)"
66.249.64.128 - - [12/Jul/2025:16:41:16 +0000] "POST /get-message-notify HTTP/1.1" 200 21391 "https://cyber-secure.com.au/?e=99550041021000&mod=9ee70b79&uri=category-info.php%3Fid%3D3322238-437%26name%3Dcrocs+outlet+chch" "Mozilla/5.0 (Linux; Android 6.0.1; Nexus 5X Build/MMB29P) AppleWebKit/537.36 (KHTML, like Gecko) Chrome/137.0.7151.119 Mobile Safari/537.36 (compatible; Googlebot/2.1; +http://www.google.com/bot.html)"
209.74.77.214 - - [12/Jul/2025:16:41:22 +0000] "POST /wp-cron.php?doing_wp_cron=1752338482.2120399475097656250000 HTTP/1.1" 200 - "-" "WordPress/6.8.1; https://cyber-secure.com.au"
66.249.64.132 - - [12/Jul/2025:16:41:22 +0000] "GET /?e=119466842021000&mod=c255c052&uri=form.php%3Fid%3D3986974-387%26name%3Dday+dumbbell+workout+pdf HTTP/1.1" 301 - "-" "Mozilla/5.0 (Linux; Android 6.0.1; Nexus 5X Build/MMB29P) AppleWebKit/537.36 (KHTML, like Gecko) Chrome/137.0.7151.103 Mobile Safari/537.36 (compatible; GoogleOther)"
209.74.77.214 - - [12/Jul/2025:16:41:22 +0000] "POST /wp-admin/admin-ajax.php?action=async_litespeed&nonce=P3uGkFCRMztfNEGQLIFwYxROZIP2jTva&litespeed_type=imgoptm HTTP/1.1" 200 21 "-" "WordPress/6.8.1; https://cyber-secure.com.au"
66.249.64.129 - - [12/Jul/2025:16:41:46 +0000] "GET /?e=34566619021000&mod=3b9be7e1&uri=category-info.php%3Fid%3D1153718-408%26name%3Dmaje+cardigan+sale HTTP/1.1" 301 - "-" "Mozilla/5.0 (Linux; Android 6.0.1; Nexus 5X Build/MMB29P) AppleWebKit/537.36 (KHTML, like Gecko) Chrome/137.0.7151.103 Mobile Safari/537.36 (compatible; GoogleOther)"
66.249.64.128 - - [12/Jul/2025:16:41:52 +0000] "GET /?e=4261647041000&mod=55a988df&uri=product.php%3Fid%3D142240-253%26name%3Ddc+super+villains+nintendo+switch HTTP/1.1" 200 22061 "-" "Mozilla/5.0 (Linux; Android 6.0.1; Nexus 5X Build/MMB29P) AppleWebKit/537.36 (KHTML, like Gecko) Chrome/137.0.7151.103 Mobile Safari/537.36 (compatible; Googlebot/2.1; +http://www.google.com/bot.html)"
66.249.64.128 - - [12/Jul/2025:16:42:01 +0000] "GET /?e=109645896031000&mod=cfecdb27&uri=pin.php%3Fid%3D3659223-19%26name%3Ddress+for+garden+party+wedding HTTP/1.1" 200 22238 "-" "Mozilla/5.0 (Linux; Android 6.0.1; Nexus 5X Build/MMB29P) AppleWebKit/537.36 (KHTML, like Gecko) Chrome/137.0.7151.103 Mobile Safari/537.36 (compatible; Googlebot/2.1; +http://www.google.com/bot.html)"
66.249.64.129 - - [12/Jul/2025:16:42:03 +0000] "GET /?e=90938991011000&mod=16bb35ba&uri=pin.php%3Fid%3D3034781-819%26name%3Dbonbon+spring+summer+2018 HTTP/1.1" 200 21357 "-" "Mozilla/5.0 (Linux; Android 6.0.1; Nexus 5X Build/MMB29P) AppleWebKit/537.36 (KHTML, like Gecko) Chrome/137.0.7151.103 Mobile Safari/537.36 (compatible; Googlebot/2.1; +http://www.google.com/bot.html)"
66.249.64.129 - - [12/Jul/2025:16:42:06 +0000] "GET /?e=116436234011000&mod=d1ee59e2&uri=us.php%3Fid%3D3885887-137%26name%3Dscarpe+adidas+stan+smith+personalizzate HTTP/1.1" 301 - "-" "Mozilla/5.0 (Linux; Android 6.0.1; Nexus 5X Build/MMB29P) AppleWebKit/537.36 (KHTML, like Gecko) Chrome/137.0.7151.103 Mobile Safari/537.36 (compatible; GoogleOther)"
66.249.64.129 - - [12/Jul/2025:16:42:16 +0000] "GET /?e=22826671091000&mod=d19544ae&uri=product.php%3Fid%3D761919-465%26name%3Dnike+air+lifestyle HTTP/1.1" 200 22110 "-" "Mozilla/5.0 (Linux; Android 6.0.1; Nexus 5X Build/MMB29P) AppleWebKit/537.36 (KHTML, like Gecko) Chrome/137.0.7151.103 Mobile Safari/537.36 (compatible; Googlebot/2.1; +http://www.google.com/bot.html)"
66.249.64.132 - - [12/Jul/2025:16:42:19 +0000] "GET /?e=107679604041000&mod=a01a0380&uri=form.php%3Fid%3D3593626-39%26name%3Datlas+headrest+review HTTP/1.1" 200 23046 "-" "Mozilla/5.0 (Linux; Android 6.0.1; Nexus 5X Build/MMB29P) AppleWebKit/537.36 (KHTML, like Gecko) Chrome/137.0.7151.103 Mobile Safari/537.36 (compatible; Googlebot/2.1; +http://www.google.com/bot.html)"
209.74.77.214 - - [12/Jul/2025:16:42:24 +0000] "POST /wp-cron.php?doing_wp_cron=1752338544.3409390449523925781250 HTTP/1.1" 200 - "-" "WordPress/6.8.1; https://cyber-secure.com.au"
209.74.77.214 - - [12/Jul/2025:16:42:24 +0000] "POST /wp-admin/admin-ajax.php?action=async_litespeed&nonce=VkQNDqQCBQmxYBM2MDJlOS2oYrkfw81J&litespeed_type=imgoptm HTTP/1.1" 200 21 "-" "WordPress/6.8.1; https://cyber-secure.com.au"
66.249.64.129 - - [12/Jul/2025:16:42:24 +0000] "GET /?e=77502661041000&mod=5a5eab21&uri=shop.php%3Fid%3D2586334-386%26name%3Dzoo%20york%20cap HTTP/1.1" 200 26105 "-" "Mozilla/5.0 (Linux; Android 6.0.1; Nexus 5X Build/MMB29P) AppleWebKit/537.36 (KHTML, like Gecko) Chrome/137.0.7151.103 Mobile Safari/537.36 (compatible; GoogleOther)"
66.249.64.128 - - [12/Jul/2025:16:42:29 +0000] "GET /?e=22802071011000&mod=233f1dd0&uri=pin.php%3Fid%3D761099-596%26name%3Dcabbage+patch+1990 HTTP/1.1" 200 22072 "-" "Mozilla/5.0 (Linux; Android 6.0.1; Nexus 5X Build/MMB29P) AppleWebKit/537.36 (KHTML, like Gecko) Chrome/137.0.7151.103 Mobile Safari/537.36 (compatible; Googlebot/2.1; +http://www.google.com/bot.html)"
66.249.64.128 - - [12/Jul/2025:16:42:32 +0000] "POST /wp-json/metform/v1/forms/views/2288 HTTP/1.1" 200 22341 "https://cyber-secure.com.au/?e=77502661041000&mod=5a5eab21&uri=shop.php%3Fid%3D2586334-386%26name%3Dzoo%20york%20cap" "Mozilla/5.0 (Linux; Android 6.0.1; Nexus 5X Build/MMB29P) AppleWebKit/537.36 (KHTML, like Gecko) Chrome/137.0.7151.119 Mobile Safari/537.36 (compatible; Googlebot/2.1; +http://www.google.com/bot.html)"
66.249.64.129 - - [12/Jul/2025:16:42:41 +0000] "GET /?e=34616539061000&mod=4e77c1b0&uri=form.php%3Fid%3D1155382-1079%26name%3Dair%20max%2093%202014 HTTP/1.1" 200 26107 "-" "Mozilla/5.0 (Linux; Android 6.0.1; Nexus 5X Build/MMB29P) AppleWebKit/537.36 (KHTML, like Gecko) Chrome/137.0.7151.103 Mobile Safari/537.36 (compatible; GoogleOther)"
66.249.64.128 - - [12/Jul/2025:16:42:46 +0000] "POST /get-message-notify HTTP/1.1" 200 21385 "https://cyber-secure.com.au/?e=90938991011000&mod=16bb35ba&uri=pin.php%3Fid%3D3034781-819%26name%3Dbonbon+spring+summer+2018" "Mozilla/5.0 (Linux; Android 6.0.1; Nexus 5X Build/MMB29P) AppleWebKit/537.36 (KHTML, like Gecko) Chrome/137.0.7151.119 Mobile Safari/537.36 (compatible; Googlebot/2.1; +http://www.google.com/bot.html)"
66.249.64.129 - - [12/Jul/2025:16:42:55 +0000] "GET /?e=119466842021000&mod=c255c052&uri=form.php%3Fid%3D3986974-387%26name%3Dday%20dumbbell%20workout%20pdf HTTP/1.1" 200 26106 "-" "Mozilla/5.0 (Linux; Android 6.0.1; Nexus 5X Build/MMB29P) AppleWebKit/537.36 (KHTML, like Gecko) Chrome/137.0.7151.103 Mobile Safari/537.36 (compatible; GoogleOther)"
66.249.64.129 - - [12/Jul/2025:16:42:57 +0000] "GET /?e=16973391101000&mod=a6ce9144&uri=article.php%3Fid%3D566621-678%26name%3Dred+magic+5g+cover HTTP/1.1" 200 21837 "-" "Mozilla/5.0 (Linux; Android 6.0.1; Nexus 5X Build/MMB29P) AppleWebKit/537.36 (KHTML, like Gecko) Chrome/137.0.7151.103 Mobile Safari/537.36 (compatible; Googlebot/2.1; +http://www.google.com/bot.html)"
209.74.77.214 - - [12/Jul/2025:16:43:09 +0000] "POST /wp-cron.php?doing_wp_cron=1752338589.0383250713348388671875 HTTP/1.1" 200 - "-" "WordPress/6.8.1; https://cyber-secure.com.au"
66.249.64.128 - - [12/Jul/2025:16:43:08 +0000] "GET /?e=34566619021000&mod=3b9be7e1&uri=category-info.php%3Fid%3D1153718-408%26name%3Dmaje%20cardigan%20sale HTTP/1.1" 200 26108 "-" "Mozilla/5.0 (Linux; Android 6.0.1; Nexus 5X Build/MMB29P) AppleWebKit/537.36 (KHTML, like Gecko) Chrome/137.0.7151.103 Mobile Safari/537.36 (compatible; GoogleOther)"
66.249.64.128 - - [12/Jul/2025:16:43:11 +0000] "GET /?e=17096657071000&mod=4f1927ff&uri=news.php%3Fid%3D570731-681%26name%3Dstrava+on+apple+watch+series HTTP/1.1" 200 20942 "-" "Mozilla/5.0 (Linux; Android 6.0.1; Nexus 5X Build/MMB29P) AppleWebKit/537.36 (KHTML, like Gecko) Chrome/137.0.7151.103 Mobile Safari/537.36 (compatible; Googlebot/2.1; +http://www.google.com/bot.html)"
66.249.64.128 - - [12/Jul/2025:16:43:14 +0000] "GET /?e=4797616041000&mod=1f50893f&uri=product.php%3Fid%3D160124-88%26name%3Dintex+purespa+bubble+hot+tub+and+pool+combo HTTP/1.1" 200 22592 "-" "Mozilla/5.0 (Linux; Android 6.0.1; Nexus 5X Build/MMB29P) AppleWebKit/537.36 (KHTML, like Gecko) Chrome/137.0.7151.103 Mobile Safari/537.36 (compatible; Googlebot/2.1; +http://www.google.com/bot.html)"
209.74.77.214 - - [12/Jul/2025:16:43:20 +0000] "POST /wp-cron.php?doing_wp_cron=1752338600.7612469196319580078125 HTTP/1.1" 200 - "-" "WordPress/6.8.1; https://cyber-secure.com.au"
209.74.77.214 - - [12/Jul/2025:16:43:20 +0000] "POST /wp-admin/admin-ajax.php?action=async_litespeed&nonce=OyO7eI1zoBjDoNpZDulfVQ2K8RPy6aKJ&litespeed_type=imgoptm HTTP/1.1" 200 21 "-" "WordPress/6.8.1; https://cyber-secure.com.au"
66.249.64.129 - - [12/Jul/2025:16:43:20 +0000] "GET /?e=116436234011000&mod=d1ee59e2&uri=us.php%3Fid%3D3885887-137%26name%3Dscarpe%20adidas%20stan%20smith%20personalizzate HTTP/1.1" 200 26108 "-" "Mozilla/5.0 (Linux; Android 6.0.1; Nexus 5X Build/MMB29P) AppleWebKit/537.36 (KHTML, like Gecko) Chrome/137.0.7151.103 Mobile Safari/537.36 (compatible; GoogleOther)"
66.249.64.129 - - [12/Jul/2025:16:43:23 +0000] "GET /?e=104175645001000&mod=a6ce9144&uri=us.php%3Fid%3D3476664-678%26name%3Dapple+iphone+12+pro+hands+on HTTP/1.1" 200 21820 "-" "Mozilla/5.0 (compatible; Googlebot/2.1; +http://www.google.com/bot.html)"
66.249.64.128 - - [12/Jul/2025:16:43:30 +0000] "POST /get-message-notify HTTP/1.1" 200 21394 "https://cyber-secure.com.au/?e=17096657071000&mod=4f1927ff&uri=news.php%3Fid%3D570731-681%26name%3Dstrava+on+apple+watch+series" "Mozilla/5.0 (Linux; Android 6.0.1; Nexus 5X Build/MMB29P) AppleWebKit/537.36 (KHTML, like Gecko) Chrome/137.0.7151.119 Mobile Safari/537.36 (compatible; Googlebot/2.1; +http://www.google.com/bot.html)"
66.249.64.129 - - [12/Jul/2025:16:43:33 +0000] "GET /?e=77502661041000&mod=5a5eab21&uri=shop.php%3Fid%3D2586334-386%26name%3Dzoo+york+cap HTTP/1.1" 200 21475 "-" "Mozilla/5.0 (Linux; Android 6.0.1; Nexus 5X Build/MMB29P) AppleWebKit/537.36 (KHTML, like Gecko) Chrome/137.0.7151.103 Mobile Safari/537.36 (compatible; Googlebot/2.1; +http://www.google.com/bot.html)"
66.249.64.128 - - [12/Jul/2025:16:43:39 +0000] "GET /?e=4253926041000&mod=55a988df&uri=dp.php%3Fid%3D141982-253%26name%3Dlego+friends+base HTTP/1.1" 301 - "-" "Mozilla/5.0 (Linux; Android 6.0.1; Nexus 5X Build/MMB29P) AppleWebKit/537.36 (KHTML, like Gecko) Chrome/137.0.7151.103 Mobile Safari/537.36 (compatible; GoogleOther)"
66.249.64.129 - - [12/Jul/2025:16:43:43 +0000] "POST /get-message-notify HTTP/1.1" 200 21392 "https://cyber-secure.com.au/?e=77502661041000&mod=5a5eab21&uri=shop.php%3Fid%3D2586334-386%26name%3Dzoo+york+cap" "Mozilla/5.0 (Linux; Android 6.0.1; Nexus 5X Build/MMB29P) AppleWebKit/537.36 (KHTML, like Gecko) Chrome/137.0.7151.119 Mobile Safari/537.36 (compatible; Googlebot/2.1; +http://www.google.com/bot.html)"
66.249.64.128 - - [12/Jul/2025:16:43:49 +0000] "GET /?e=22678512031000&mod=c3f4db3a&uri=article.php%3Fid%3D756977-824%26name%3Dvitamix+hot+soup HTTP/1.1" 200 21235 "-" "Mozilla/5.0 (Linux; Android 6.0.1; Nexus 5X Build/MMB29P) AppleWebKit/537.36 (KHTML, like Gecko) Chrome/137.0.7151.103 Mobile Safari/537.36 (compatible; Googlebot/2.1; +http://www.google.com/bot.html)"
66.249.64.128 - - [12/Jul/2025:16:43:52 +0000] "GET /?e=94575814001000&mod=45e81409&uri=shop.php%3Fid%3D3156178-452%26name%3Dadidas+nemeziz+pink+and+black HTTP/1.1" 301 - "-" "Mozilla/5.0 (Linux; Android 6.0.1; Nexus 5X Build/MMB29P) AppleWebKit/537.36 (KHTML, like Gecko) Chrome/137.0.7151.103 Mobile Safari/537.36 (compatible; GoogleOther)"
66.249.64.132 - - [12/Jul/2025:16:43:55 +0000] "GET /?e=39556127011000&mod=45cef8e5&uri=search.php%3Fid%3D1320180-365%26name%3Dhypebeast+new+balance+580 HTTP/1.1" 200 21351 "-" "Mozilla/5.0 (Linux; Android 6.0.1; Nexus 5X Build/MMB29P) AppleWebKit/537.36 (KHTML, like Gecko) Chrome/137.0.7151.103 Mobile Safari/537.36 (compatible; Googlebot/2.1; +http://www.google.com/bot.html)"
66.249.64.128 - - [12/Jul/2025:16:43:59 +0000] "GET /?e=22822621041000&mod=d19544ae&uri=blog.php%3Fid%3D761784-465%26name%3Dtenaya+tarifa+reddit HTTP/1.1" 200 22291 "-" "Mozilla/5.0 (Linux; Android 6.0.1; Nexus 5X Build/MMB29P) AppleWebKit/537.36 (KHTML, like Gecko) Chrome/137.0.7151.103 Mobile Safari/537.36 (compatible; Googlebot/2.1; +http://www.google.com/bot.html)"
66.249.64.129 - - [12/Jul/2025:16:44:02 +0000] "GET /?e=104170551001000&mod=a6ce9144&uri=us.php%3Fid%3D3476494-678%26name%3Danti+glare+computer+screen+cover HTTP/1.1" 200 21729 "-" "Mozilla/5.0 (Linux; Android 6.0.1; Nexus 5X Build/MMB29P) AppleWebKit/537.36 (KHTML, like Gecko) Chrome/137.0.7151.103 Mobile Safari/537.36 (compatible; Googlebot/2.1; +http://www.google.com/bot.html)"
66.249.64.129 - - [12/Jul/2025:16:44:05 +0000] "GET /?e=4253926041000&mod=55a988df&uri=dp.php%3Fid%3D141982-253%26name%3Dlego%20friends%20base HTTP/1.1" 200 26105 "-" "Mozilla/5.0 (Linux; Android 6.0.1; Nexus 5X Build/MMB29P) AppleWebKit/537.36 (KHTML, like Gecko) Chrome/137.0.7151.103 Mobile Safari/537.36 (compatible; GoogleOther)"
66.249.64.128 - - [12/Jul/2025:16:44:11 +0000] "GET /?e=99581528041000&mod=9a4b930f&uri=category-info.php%3Fid%3D3323290-1438%26name%3Dkevin+durant+yellow HTTP/1.1" 200 20823 "-" "Mozilla/5.0 (Linux; Android 6.0.1; Nexus 5X Build/MMB29P) AppleWebKit/537.36 (KHTML, like Gecko) Chrome/137.0.7151.103 Mobile Safari/537.36 (compatible; Googlebot/2.1; +http://www.google.com/bot.html)"
66.249.64.128 - - [12/Jul/2025:16:44:21 +0000] "GET /?e=13582157041000&mod=512c5cad&uri=search.php%3Fid%3D453466-141%26name%3Dregalos+san+valentin+corte+ingles HTTP/1.1" 200 22215 "-" "Mozilla/5.0 (Linux; Android 6.0.1; Nexus 5X Build/MMB29P) AppleWebKit/537.36 (KHTML, like Gecko) Chrome/137.0.7151.103 Mobile Safari/537.36 (compatible; Googlebot/2.1; +http://www.google.com/bot.html)"
209.74.77.214 - - [12/Jul/2025:16:44:24 +0000] "POST /wp-cron.php?doing_wp_cron=1752338664.7115991115570068359375 HTTP/1.1" 200 - "-" "WordPress/6.8.1; https://cyber-secure.com.au"
209.74.77.214 - - [12/Jul/2025:16:44:24 +0000] "POST /wp-admin/admin-ajax.php?action=async_litespeed&nonce=juurecy6fs8ImzvrkWLFwh2l2FUNf9FI&litespeed_type=imgoptm HTTP/1.1" 200 21 "-" "WordPress/6.8.1; https://cyber-secure.com.au"
66.249.64.132 - - [12/Jul/2025:16:44:24 +0000] "GET /?e=94575814001000&mod=45e81409&uri=shop.php%3Fid%3D3156178-452%26name%3Dadidas%20nemeziz%20pink%20and%20black HTTP/1.1" 200 26106 "-" "Mozilla/5.0 (Linux; Android 6.0.1; Nexus 5X Build/MMB29P) AppleWebKit/537.36 (KHTML, like Gecko) Chrome/137.0.7151.103 Mobile Safari/537.36 (compatible; GoogleOther)"
66.249.64.128 - - [12/Jul/2025:16:44:34 +0000] "GET /?e=50609813041000&mod=e6b73239&uri=shop.php%3Fid%3D1688938-1274%26name%3Dchampion+transparent+backpack HTTP/1.1" 301 - "-" "Mozilla/5.0 (Linux; Android 6.0.1; Nexus 5X Build/MMB29P) AppleWebKit/537.36 (KHTML, like Gecko) Chrome/137.0.7151.103 Mobile Safari/537.36 (compatible; GoogleOther)"
66.249.64.128 - - [12/Jul/2025:16:44:37 +0000] "GET /?e=1272934011000&mod=b6edc1cd&uri=brands.php%3Fid%3D42498-81%26name%3Ddivano+bancale+di+legno HTTP/1.1" 200 21974 "-" "Mozilla/5.0 (Linux; Android 6.0.1; Nexus 5X Build/MMB29P) AppleWebKit/537.36 (KHTML, like Gecko) Chrome/137.0.7151.103 Mobile Safari/537.36 (compatible; Googlebot/2.1; +http://www.google.com/bot.html)"
