66.249.64.128 - - [12/Jul/2025:17:15:30 +0000] "GET /?e=76766108051000&mod=55a988df&uri=us.php%3Fid%3D2561753-253%26name%3Dlego%20excalibur%20batman HTTP/1.1" 200 26108 "-" "Mozilla/5.0 (Linux; Android 6.0.1; Nexus 5X Build/MMB29P) AppleWebKit/537.36 (KHTML, like Gecko) Chrome/137.0.7151.103 Mobile Safari/537.36 (compatible; GoogleOther)"
66.249.64.132 - - [12/Jul/2025:17:15:35 +0000] "GET /?e=16978071131000&mod=a6ce9144&uri=pin.php%3Fid%3D566777-678%26name%3Dweboost+competitors HTTP/1.1" 200 21669 "-" "Mozilla/5.0 (Linux; Android 6.0.1; Nexus 5X Build/MMB29P) AppleWebKit/537.36 (KHTML, like Gecko) Chrome/137.0.7151.103 Mobile Safari/537.36 (compatible; Googlebot/2.1; +http://www.google.com/bot.html)"
209.74.77.214 - - [12/Jul/2025:17:16:20 +0000] "POST /wp-cron.php?doing_wp_cron=1752340580.8633310794830322265625 HTTP/1.1" 200 - "-" "WordPress/6.8.1; https://cyber-secure.com.au"
66.249.64.129 - - [12/Jul/2025:17:16:19 +0000] "GET /?e=4254867061000&mod=55a988df&uri=dp.php%3Fid%3D142014-253%26name%3Dlego+city+7741+police+helicopter HTTP/1.1" 301 - "-" "Mozilla/5.0 (Linux; Android 6.0.1; Nexus 5X Build/MMB29P) AppleWebKit/537.36 (KHTML, like Gecko) Chrome/137.0.7151.103 Mobile Safari/537.36 (compatible; GoogleOther)"
209.74.77.214 - - [12/Jul/2025:17:16:20 +0000] "POST /wp-admin/admin-ajax.php?action=async_litespeed&nonce=uLRlc3G4h4NzqmsYUaPHhrUfYkJue1a1&litespeed_type=imgoptm HTTP/1.1" 200 21 "-" "WordPress/6.8.1; https://cyber-secure.com.au"
66.249.64.129 - - [12/Jul/2025:17:16:22 +0000] "GET /?e=104314485011000&mod=748d6b6e&uri=dp.php%3Fid%3D3481295-309%26name%3Dvalorant+940mx HTTP/1.1" 200 21784 "-" "Mozilla/5.0 (Linux; Android 6.0.1; Nexus 5X Build/MMB29P) AppleWebKit/537.36 (KHTML, like Gecko) Chrome/137.0.7151.103 Mobile Safari/537.36 (compatible; Googlebot/2.1; +http://www.google.com/bot.html)"
66.249.64.129 - - [12/Jul/2025:17:16:27 +0000] "GET /?e=4254867061000&mod=55a988df&uri=dp.php%3Fid%3D142014-253%26name%3Dlego%20city%207741%20police%20helicopter HTTP/1.1" 200 26106 "-" "Mozilla/5.0 (Linux; Android 6.0.1; Nexus 5X Build/MMB29P) AppleWebKit/537.36 (KHTML, like Gecko) Chrome/137.0.7151.103 Mobile Safari/537.36 (compatible; GoogleOther)"
66.249.64.132 - - [12/Jul/2025:17:16:40 +0000] "GET /?e=53029615031000&mod=080c993f&uri=blog.php%3Fid%3D1769647-464%26name%3Dpsd416g26662h HTTP/1.1" 200 21553 "-" "Mozilla/5.0 (Linux; Android 6.0.1; Nexus 5X Build/MMB29P) AppleWebKit/537.36 (KHTML, like Gecko) Chrome/137.0.7151.103 Mobile Safari/537.36 (compatible; Googlebot/2.1; +http://www.google.com/bot.html)"
66.249.64.129 - - [12/Jul/2025:17:16:44 +0000] "GET /?e=53031355011000&mod=080c993f&uri=products.php%3Fid%3D1769705-464%26name%3Dpatriot+viper+2666mhz HTTP/1.1" 200 22074 "-" "Mozilla/5.0 (Linux; Android 6.0.1; Nexus 5X Build/MMB29P) AppleWebKit/537.36 (KHTML, like Gecko) Chrome/137.0.7151.103 Mobile Safari/537.36 (compatible; Googlebot/2.1; +http://www.google.com/bot.html)"
66.249.64.128 - - [12/Jul/2025:17:16:56 +0000] "POST /get-message-notify HTTP/1.1" 200 21389 "https://cyber-secure.com.au/?e=104314485011000&mod=748d6b6e&uri=dp.php%3Fid%3D3481295-309%26name%3Dvalorant+940mx" "Mozilla/5.0 (Linux; Android 6.0.1; Nexus 5X Build/MMB29P) AppleWebKit/537.36 (KHTML, like Gecko) Chrome/137.0.7151.119 Mobile Safari/537.36 (compatible; Googlebot/2.1; +http://www.google.com/bot.html)"
66.249.64.128 - - [12/Jul/2025:17:17:01 +0000] "GET /?e=99533589071000&mod=ee3bf295&uri=category-info.php%3Fid%3D3321689-1514%26name%3Dbuggy+up+to+25kg HTTP/1.1" 200 20725 "-" "Mozilla/5.0 (Linux; Android 6.0.1; Nexus 5X Build/MMB29P) AppleWebKit/537.36 (KHTML, like Gecko) Chrome/137.0.7151.103 Mobile Safari/537.36 (compatible; Googlebot/2.1; +http://www.google.com/bot.html)"
66.249.64.128 - - [12/Jul/2025:17:17:13 +0000] "GET /?e=104297155011000&mod=748d6b6e&uri=dp.php%3Fid%3D3480717-309%26name%3Dnew+gen+amd+gpu HTTP/1.1" 200 21582 "-" "Mozilla/5.0 (Linux; Android 6.0.1; Nexus 5X Build/MMB29P) AppleWebKit/537.36 (KHTML, like Gecko) Chrome/137.0.7151.103 Mobile Safari/537.36 (compatible; Googlebot/2.1; +http://www.google.com/bot.html)"
209.74.77.214 - - [12/Jul/2025:17:17:19 +0000] "POST /wp-cron.php?doing_wp_cron=1752340639.4502151012420654296875 HTTP/1.1" 200 - "-" "WordPress/6.8.1; https://cyber-secure.com.au"
66.249.64.132 - - [12/Jul/2025:17:17:19 +0000] "GET /?e=17045508021000&mod=e7ac288b&uri=article.php%3Fid%3D569026-667%26name%3Dadidas+toddler+sandals+nz HTTP/1.1" 301 - "-" "Mozilla/5.0 (Linux; Android 6.0.1; Nexus 5X Build/MMB29P) AppleWebKit/537.36 (KHTML, like Gecko) Chrome/137.0.7151.103 Mobile Safari/537.36 (compatible; GoogleOther)"
209.74.77.214 - - [12/Jul/2025:17:17:19 +0000] "POST /wp-admin/admin-ajax.php?action=async_litespeed&nonce=jYviHB4txmtoUOnWzs7OhiiGJtWHiZk8&litespeed_type=imgoptm HTTP/1.1" 200 21 "-" "WordPress/6.8.1; https://cyber-secure.com.au"
66.249.64.129 - - [12/Jul/2025:17:17:24 +0000] "GET /?e=17045508021000&mod=e7ac288b&uri=article.php%3Fid%3D569026-667%26name%3Dadidas%20toddler%20sandals%20nz HTTP/1.1" 200 26107 "-" "Mozilla/5.0 (Linux; Android 6.0.1; Nexus 5X Build/MMB29P) AppleWebKit/537.36 (KHTML, like Gecko) Chrome/137.0.7151.103 Mobile Safari/537.36 (compatible; GoogleOther)"
66.249.64.128 - - [12/Jul/2025:17:17:30 +0000] "GET /?e=104178045091000&mod=4b5739d4&uri=category-info.php%3Fid%3D3476744-1508%26name%3Dbotas+estilo+militar+mujer+zara HTTP/1.1" 200 20979 "-" "Mozilla/5.0 (compatible; Googlebot/2.1; +http://www.google.com/bot.html)"
66.249.64.132 - - [12/Jul/2025:17:17:33 +0000] "GET /?e=45406953011000&mod=a01a0380&uri=products.php%3Fid%3D1515368-39%26name%3Doztent+burke+chair HTTP/1.1" 200 22348 "-" "Mozilla/5.0 (Linux; Android 6.0.1; Nexus 5X Build/MMB29P) AppleWebKit/537.36 (KHTML, like Gecko) Chrome/137.0.7151.103 Mobile Safari/537.36 (compatible; Googlebot/2.1; +http://www.google.com/bot.html)"
66.249.64.132 - - [12/Jul/2025:17:18:00 +0000] "GET /?e=13543298041000&mod=43e4e6a6&uri=info.php%3Fid%3D452170-234%26name%3Dpullover+bedrucken+king+queen HTTP/1.1" 200 22167 "-" "Mozilla/5.0 (Linux; Android 6.0.1; Nexus 5X Build/MMB29P) AppleWebKit/537.36 (KHTML, like Gecko) Chrome/137.0.7151.103 Mobile Safari/537.36 (compatible; Googlebot/2.1; +http://www.google.com/bot.html)"
209.74.77.214 - - [12/Jul/2025:17:18:13 +0000] "POST /wp-cron.php?doing_wp_cron=1752340693.4454159736633300781250 HTTP/1.1" 200 - "-" "WordPress/6.8.1; https://cyber-secure.com.au"
66.249.64.129 - - [12/Jul/2025:17:18:13 +0000] "GET /?e=100070944011000&mod=a01a0380&uri=products.php%3Fid%3D3339621-39%26name%3Dsmall+cheap+dining+set HTTP/1.1" 301 - "-" "Mozilla/5.0 (Linux; Android 6.0.1; Nexus 5X Build/MMB29P) AppleWebKit/537.36 (KHTML, like Gecko) Chrome/137.0.7151.103 Mobile Safari/537.36 (compatible; GoogleOther)"
209.74.77.214 - - [12/Jul/2025:17:18:19 +0000] "POST /wp-cron.php?doing_wp_cron=1752340699.0793790817260742187500 HTTP/1.1" 200 - "-" "WordPress/6.8.1; https://cyber-secure.com.au"
209.74.77.214 - - [12/Jul/2025:17:18:19 +0000] "POST /wp-admin/admin-ajax.php?action=async_litespeed&nonce=irbTHgfchLcXBF9PCpHCOuJM7ORXPqPi&litespeed_type=imgoptm HTTP/1.1" 200 21 "-" "WordPress/6.8.1; https://cyber-secure.com.au"
66.249.64.128 - - [12/Jul/2025:17:18:18 +0000] "GET /?e=100070944011000&mod=a01a0380&uri=products.php%3Fid%3D3339621-39%26name%3Dsmall%20cheap%20dining%20set HTTP/1.1" 200 26103 "-" "Mozilla/5.0 (Linux; Android 6.0.1; Nexus 5X Build/MMB29P) AppleWebKit/537.36 (KHTML, like Gecko) Chrome/137.0.7151.103 Mobile Safari/537.36 (compatible; GoogleOther)"
66.249.64.129 - - [12/Jul/2025:17:19:04 +0000] "GET /?e=116576975081000&mod=fe51510c&uri=article.php%3Fid%3D3890582-133%26name%3Dbarclay+watch+company HTTP/1.1" 301 - "-" "Mozilla/5.0 (Linux; Android 6.0.1; Nexus 5X Build/MMB29P) AppleWebKit/537.36 (KHTML, like Gecko) Chrome/137.0.7151.103 Mobile Safari/537.36 (compatible; GoogleOther)"
209.74.77.214 - - [12/Jul/2025:17:19:10 +0000] "POST /wp-cron.php?doing_wp_cron=1752340750.1304810047149658203125 HTTP/1.1" 200 - "-" "WordPress/6.8.1; https://cyber-secure.com.au"
66.249.64.129 - - [12/Jul/2025:17:19:09 +0000] "GET /?e=116576975081000&mod=fe51510c&uri=article.php%3Fid%3D3890582-133%26name%3Dbarclay%20watch%20company HTTP/1.1" 200 26103 "-" "Mozilla/5.0 (Linux; Android 6.0.1; Nexus 5X Build/MMB29P) AppleWebKit/537.36 (KHTML, like Gecko) Chrome/137.0.7151.103 Mobile Safari/537.36 (compatible; GoogleOther)"
209.74.77.214 - - [12/Jul/2025:17:19:15 +0000] "POST /wp-cron.php?doing_wp_cron=1752340755.5789968967437744140625 HTTP/1.1" 200 - "-" "WordPress/6.8.1; https://cyber-secure.com.au"
66.249.64.132 - - [12/Jul/2025:17:19:15 +0000] "GET /?e=25731226001000&mod=376d41c3&uri=pin.php%3Fid%3D858799-883%26name%3Dhipercor+batas+ni%C3%83%C2%B1a HTTP/1.1" 301 - "-" "Mozilla/5.0 (Linux; Android 6.0.1; Nexus 5X Build/MMB29P) AppleWebKit/537.36 (KHTML, like Gecko) Chrome/137.0.7151.103 Mobile Safari/537.36 (compatible; GoogleOther)"
209.74.77.214 - - [12/Jul/2025:17:19:15 +0000] "POST /wp-admin/admin-ajax.php?action=async_litespeed&nonce=QTvAvGtaQ3oudGDlyvZvBtpxfYBe3OD0&litespeed_type=imgoptm HTTP/1.1" 200 21 "-" "WordPress/6.8.1; https://cyber-secure.com.au"
66.249.64.128 - - [12/Jul/2025:17:19:20 +0000] "GET /?e=25731226001000&mod=376d41c3&uri=pin.php%3Fid%3D858799-883%26name%3Dhipercor%20batas%20ni%C3%83%C2%B1a HTTP/1.1" 200 26104 "-" "Mozilla/5.0 (Linux; Android 6.0.1; Nexus 5X Build/MMB29P) AppleWebKit/537.36 (KHTML, like Gecko) Chrome/137.0.7151.103 Mobile Safari/537.36 (compatible; GoogleOther)"
66.249.64.129 - - [12/Jul/2025:17:19:42 +0000] "GET /?e=16978221021000&mod=a6ce9144&uri=article.php%3Fid%3D566782-678%26name%3Dmobile+signal+booster+three HTTP/1.1" 200 22287 "-" "Mozilla/5.0 (Linux; Android 6.0.1; Nexus 5X Build/MMB29P) AppleWebKit/537.36 (KHTML, like Gecko) Chrome/137.0.7151.103 Mobile Safari/537.36 (compatible; Googlebot/2.1; +http://www.google.com/bot.html)"
66.249.64.129 - - [12/Jul/2025:17:19:56 +0000] "GET /?e=34569109081000&mod=3b9be7e1&uri=dp.php%3Fid%3D1153801-408%26name%3Dcolumbia+pullover+sweater HTTP/1.1" 200 21475 "-" "Mozilla/5.0 (Linux; Android 6.0.1; Nexus 5X Build/MMB29P) AppleWebKit/537.36 (KHTML, like Gecko) Chrome/137.0.7151.103 Mobile Safari/537.36 (compatible; Googlebot/2.1; +http://www.google.com/bot.html)"
66.249.64.132 - - [12/Jul/2025:17:20:05 +0000] "GET /?e=4253926041000&mod=55a988df&uri=dp.php%3Fid%3D141982-253%26name%3Dlego+friends+base HTTP/1.1" 200 21796 "-" "Mozilla/5.0 (Linux; Android 6.0.1; Nexus 5X Build/MMB29P) AppleWebKit/537.36 (KHTML, like Gecko) Chrome/137.0.7151.103 Mobile Safari/537.36 (compatible; Googlebot/2.1; +http://www.google.com/bot.html)"
209.74.77.214 - - [12/Jul/2025:17:20:13 +0000] "POST /wp-cron.php?doing_wp_cron=1752340813.4355330467224121093750 HTTP/1.1" 200 - "-" "WordPress/6.8.1; https://cyber-secure.com.au"
66.249.64.129 - - [12/Jul/2025:17:20:13 +0000] "GET /?e=100077454001000&mod=a01a0380&uri=blog.php%3Fid%3D3339838-39%26name%3Dclear+modern+chair HTTP/1.1" 301 - "-" "Mozilla/5.0 (Linux; Android 6.0.1; Nexus 5X Build/MMB29P) AppleWebKit/537.36 (KHTML, like Gecko) Chrome/137.0.7151.103 Mobile Safari/537.36 (compatible; GoogleOther)"
66.249.64.132 - - [12/Jul/2025:17:20:15 +0000] "POST /get-message-notify HTTP/1.1" 200 21399 "https://cyber-secure.com.au/?e=34569109081000&mod=3b9be7e1&uri=dp.php%3Fid%3D1153801-408%26name%3Dcolumbia+pullover+sweater" "Mozilla/5.0 (Linux; Android 6.0.1; Nexus 5X Build/MMB29P) AppleWebKit/537.36 (KHTML, like Gecko) Chrome/137.0.7151.119 Mobile Safari/537.36 (compatible; Googlebot/2.1; +http://www.google.com/bot.html)"
209.74.77.214 - - [12/Jul/2025:17:20:18 +0000] "POST /wp-cron.php?doing_wp_cron=1752340818.4602949619293212890625 HTTP/1.1" 200 - "-" "WordPress/6.8.1; https://cyber-secure.com.au"
209.74.77.214 - - [12/Jul/2025:17:20:18 +0000] "POST /wp-admin/admin-ajax.php?action=async_litespeed&nonce=n8IUwljjI113VEAkrRQRoKpBPL673o1z&litespeed_type=imgoptm HTTP/1.1" 200 21 "-" "WordPress/6.8.1; https://cyber-secure.com.au"
66.249.64.132 - - [12/Jul/2025:17:20:18 +0000] "GET /?e=100077454001000&mod=a01a0380&uri=blog.php%3Fid%3D3339838-39%26name%3Dclear%20modern%20chair HTTP/1.1" 200 26110 "-" "Mozilla/5.0 (Linux; Android 6.0.1; Nexus 5X Build/MMB29P) AppleWebKit/537.36 (KHTML, like Gecko) Chrome/137.0.7151.103 Mobile Safari/537.36 (compatible; GoogleOther)"
66.249.64.128 - - [12/Jul/2025:17:20:38 +0000] "GET /?e=116505519111000&mod=11bcd3c1&uri=article.php%3Fid%3D3888199-397%26name%3Dwalmart+ugg+like+boots HTTP/1.1" 301 - "-" "Mozilla/5.0 (Linux; Android 6.0.1; Nexus 5X Build/MMB29P) AppleWebKit/537.36 (KHTML, like Gecko) Chrome/137.0.7151.103 Mobile Safari/537.36 (compatible; GoogleOther)"
66.249.64.132 - - [12/Jul/2025:17:20:46 +0000] "GET /?e=34616539061000&mod=4e77c1b0&uri=form.php%3Fid%3D1155382-1079%26name%3Dair+max+93+2014 HTTP/1.1" 200 20615 "-" "Mozilla/5.0 (Linux; Android 6.0.1; Nexus 5X Build/MMB29P) AppleWebKit/537.36 (KHTML, like Gecko) Chrome/137.0.7151.103 Mobile Safari/537.36 (compatible; Googlebot/2.1; +http://www.google.com/bot.html)"
66.249.64.132 - - [12/Jul/2025:17:20:49 +0000] "GET /?e=116505519111000&mod=11bcd3c1&uri=article.php%3Fid%3D3888199-397%26name%3Dwalmart%20ugg%20like%20boots HTTP/1.1" 200 26111 "-" "Mozilla/5.0 (Linux; Android 6.0.1; Nexus 5X Build/MMB29P) AppleWebKit/537.36 (KHTML, like Gecko) Chrome/137.0.7151.103 Mobile Safari/537.36 (compatible; GoogleOther)"
66.249.64.128 - - [12/Jul/2025:17:21:01 +0000] "POST /wp-json/metform/v1/forms/views/2288 HTTP/1.1" 200 22331 "https://cyber-secure.com.au/?e=100098058061000&mod=a01a0380&uri=form.php%3Fid%3D3340528-39%26name%3Dbeige%20dining%20chairs%20with%20nailheads" "Mozilla/5.0 (Linux; Android 6.0.1; Nexus 5X Build/MMB29P) AppleWebKit/537.36 (KHTML, like Gecko) Chrome/137.0.7151.119 Mobile Safari/537.36 (compatible; Googlebot/2.1; +http://www.google.com/bot.html)"
66.249.64.129 - - [12/Jul/2025:17:21:09 +0000] "GET /?e=104307766011000&mod=748d6b6e&uri=brands.php%3Fid%3D3481071-309%26name%3D3070+price+founders+edition HTTP/1.1" 200 21827 "-" "Mozilla/5.0 (Linux; Android 6.0.1; Nexus 5X Build/MMB29P) AppleWebKit/537.36 (KHTML, like Gecko) Chrome/137.0.7151.103 Mobile Safari/537.36 (compatible; Googlebot/2.1; +http://www.google.com/bot.html)"
66.249.64.132 - - [12/Jul/2025:17:21:13 +0000] "GET /?e=104176245011000&mod=69386f6b&uri=category-info.php%3Fid%3D3476684-331%26name%3Dcoconuts+by+matisse+del+mar+natural+platform+slide HTTP/1.1" 200 21715 "-" "Mozilla/5.0 (Linux; Android 6.0.1; Nexus 5X Build/MMB29P) AppleWebKit/537.36 (KHTML, like Gecko) Chrome/137.0.7151.103 Mobile Safari/537.36 (compatible; Googlebot/2.1; +http://www.google.com/bot.html)"
209.74.77.214 - - [12/Jul/2025:17:21:25 +0000] "POST /wp-cron.php?doing_wp_cron=1752340885.9514269828796386718750 HTTP/1.1" 200 - "-" "WordPress/6.8.1; https://cyber-secure.com.au"
66.249.64.132 - - [12/Jul/2025:17:21:25 +0000] "GET /?e=13340432041000&mod=028ee724&uri=products.php%3Fid%3D445402-267%26name%3Drayban+modele HTTP/1.1" 301 - "-" "Mozilla/5.0 (Linux; Android 6.0.1; Nexus 5X Build/MMB29P) AppleWebKit/537.36 (KHTML, like Gecko) Chrome/137.0.7151.103 Mobile Safari/537.36 (compatible; GoogleOther)"
209.74.77.214 - - [12/Jul/2025:17:21:26 +0000] "POST /wp-admin/admin-ajax.php?action=async_litespeed&nonce=YOjToEWjfvnPLDzlWatVHsL6ogOJKYf7&litespeed_type=imgoptm HTTP/1.1" 200 21 "-" "WordPress/6.8.1; https://cyber-secure.com.au"
66.249.64.128 - - [12/Jul/2025:17:21:35 +0000] "GET /?e=1170531041000&mod=4ea06fbc&uri=blog.php%3Fid%3D39080-77%26name%3Ddecathlon+499+shoes HTTP/1.1" 301 - "-" "Mozilla/5.0 (Linux; Android 6.0.1; Nexus 5X Build/MMB29P) AppleWebKit/537.36 (KHTML, like Gecko) Chrome/137.0.7151.103 Mobile Safari/537.36 (compatible; GoogleOther)"
66.249.64.132 - - [12/Jul/2025:17:21:41 +0000] "GET /?e=107596311051000&mod=dc58e3a3&uri=products.php%3Fid%3D3590843-107%26name%3Dnike+impulse+pack HTTP/1.1" 200 20981 "-" "Mozilla/5.0 (Linux; Android 6.0.1; Nexus 5X Build/MMB29P) AppleWebKit/537.36 (KHTML, like Gecko) Chrome/137.0.7151.103 Mobile Safari/537.36 (compatible; Googlebot/2.1; +http://www.google.com/bot.html)"
66.249.64.128 - - [12/Jul/2025:17:21:47 +0000] "GET /?e=13340432041000&mod=028ee724&uri=products.php%3Fid%3D445402-267%26name%3Drayban%20modele HTTP/1.1" 200 26105 "-" "Mozilla/5.0 (Linux; Android 6.0.1; Nexus 5X Build/MMB29P) AppleWebKit/537.36 (KHTML, like Gecko) Chrome/137.0.7151.103 Mobile Safari/537.36 (compatible; GoogleOther)"
66.249.64.128 - - [12/Jul/2025:17:22:01 +0000] "GET /?e=1170531041000&mod=4ea06fbc&uri=blog.php%3Fid%3D39080-77%26name%3Ddecathlon%20499%20shoes HTTP/1.1" 200 26107 "-" "Mozilla/5.0 (Linux; Android 6.0.1; Nexus 5X Build/MMB29P) AppleWebKit/537.36 (KHTML, like Gecko) Chrome/137.0.7151.103 Mobile Safari/537.36 (compatible; GoogleOther)"
66.249.64.128 - - [12/Jul/2025:17:22:16 +0000] "GET /?e=52859628031000&mod=e9fb2eda&uri=product.php%3Fid%3D1763973-311%26name%3Dbarbie+styling+head+deluxe HTTP/1.1" 200 21224 "-" "Mozilla/5.0 (Linux; Android 6.0.1; Nexus 5X Build/MMB29P) AppleWebKit/537.36 (KHTML, like Gecko) Chrome/137.0.7151.103 Mobile Safari/537.36 (compatible; Googlebot/2.1; +http://www.google.com/bot.html)"
209.74.77.214 - - [12/Jul/2025:17:22:19 +0000] "POST /wp-cron.php?doing_wp_cron=1752340939.0031220912933349609375 HTTP/1.1" 200 - "-" "WordPress/6.8.1; https://cyber-secure.com.au"
66.249.64.128 - - [12/Jul/2025:17:22:18 +0000] "GET /?e=45575251011000&mod=4e4f5237&uri=pin.php%3Fid%3D1520982-951%26name%3Dmoonstone+gore+tex+rain+jacket HTTP/1.1" 301 - "-" "Mozilla/5.0 (Linux; Android 6.0.1; Nexus 5X Build/MMB29P) AppleWebKit/537.36 (KHTML, like Gecko) Chrome/137.0.7151.103 Mobile Safari/537.36 (compatible; GoogleOther)"
209.74.77.214 - - [12/Jul/2025:17:22:19 +0000] "POST /wp-admin/admin-ajax.php?action=async_litespeed&nonce=hQ0DOxOTXcnSwBNApWwir48iLxXiL50r&litespeed_type=imgoptm HTTP/1.1" 200 21 "-" "WordPress/6.8.1; https://cyber-secure.com.au"
66.249.64.129 - - [12/Jul/2025:17:22:30 +0000] "GET /?e=45575251011000&mod=4e4f5237&uri=pin.php%3Fid%3D1520982-951%26name%3Dmoonstone%20gore%20tex%20rain%20jacket HTTP/1.1" 200 26107 "-" "Mozilla/5.0 (Linux; Android 6.0.1; Nexus 5X Build/MMB29P) AppleWebKit/537.36 (KHTML, like Gecko) Chrome/137.0.7151.103 Mobile Safari/537.36 (compatible; GoogleOther)"
66.249.64.128 - - [12/Jul/2025:17:22:35 +0000] "GET /?e=52982024041000&mod=c802ceaa&uri=us.php%3Fid%3D1768058-777%26name%3Dvestimenta+ochentosa HTTP/1.1" 301 - "-" "Mozilla/5.0 (Linux; Android 6.0.1; Nexus 5X Build/MMB29P) AppleWebKit/537.36 (KHTML, like Gecko) Chrome/137.0.7151.103 Mobile Safari/537.36 (compatible; GoogleOther)"
66.249.64.128 - - [12/Jul/2025:17:22:43 +0000] "GET /?e=52982024041000&mod=c802ceaa&uri=us.php%3Fid%3D1768058-777%26name%3Dvestimenta%20ochentosa HTTP/1.1" 200 26106 "-" "Mozilla/5.0 (Linux; Android 6.0.1; Nexus 5X Build/MMB29P) AppleWebKit/537.36 (KHTML, like Gecko) Chrome/137.0.7151.103 Mobile Safari/537.36 (compatible; GoogleOther)"
66.249.64.129 - - [12/Jul/2025:17:22:54 +0000] "GET /?e=119598310011000&mod=000e82a9&uri=blog.php%3Fid%3D3991362-1161%26name%3Dnike+air+force+1s+grey HTTP/1.1" 301 - "-" "Mozilla/5.0 (Linux; Android 6.0.1; Nexus 5X Build/MMB29P) AppleWebKit/537.36 (KHTML, like Gecko) Chrome/137.0.7151.103 Mobile Safari/537.36 (compatible; GoogleOther)"
66.249.64.129 - - [12/Jul/2025:17:23:00 +0000] "GET /?e=119598310011000&mod=000e82a9&uri=blog.php%3Fid%3D3991362-1161%26name%3Dnike%20air%20force%201s%20grey HTTP/1.1" 200 26109 "-" "Mozilla/5.0 (Linux; Android 6.0.1; Nexus 5X Build/MMB29P) AppleWebKit/537.36 (KHTML, like Gecko) Chrome/137.0.7151.103 Mobile Safari/537.36 (compatible; GoogleOther)"
66.249.64.132 - - [12/Jul/2025:17:23:03 +0000] "GET /?e=13552418001000&mod=335f5352&uri=dp.php%3Fid%3D452474-24%26name%3Dgiant+defy+canada HTTP/1.1" 301 - "-" "Mozilla/5.0 (Linux; Android 6.0.1; Nexus 5X Build/MMB29P) AppleWebKit/537.36 (KHTML, like Gecko) Chrome/137.0.7151.103 Mobile Safari/537.36 (compatible; GoogleOther)"
209.74.77.214 - - [12/Jul/2025:17:23:08 +0000] "POST /wp-cron.php?doing_wp_cron=1752340988.3448610305786132812500 HTTP/1.1" 200 - "-" "WordPress/6.8.1; https://cyber-secure.com.au"
66.249.64.128 - - [12/Jul/2025:17:23:08 +0000] "GET /?e=13552418001000&mod=335f5352&uri=dp.php%3Fid%3D452474-24%26name%3Dgiant%20defy%20canada HTTP/1.1" 200 26105 "-" "Mozilla/5.0 (Linux; Android 6.0.1; Nexus 5X Build/MMB29P) AppleWebKit/537.36 (KHTML, like Gecko) Chrome/137.0.7151.103 Mobile Safari/537.36 (compatible; GoogleOther)"
66.249.64.132 - - [12/Jul/2025:17:23:36 +0000] "GET /?e=104164551041000&mod=a6ce9144&uri=dp.php%3Fid%3D3476294-678%26name%3Diphone+12+specs+camera HTTP/1.1" 200 22500 "-" "Mozilla/5.0 (compatible; Googlebot/2.1; +http://www.google.com/bot.html)"
209.74.77.214 - - [12/Jul/2025:17:23:40 +0000] "POST /wp-cron.php?doing_wp_cron=1752341020.2359280586242675781250 HTTP/1.1" 200 - "-" "WordPress/6.8.1; https://cyber-secure.com.au"
66.249.64.132 - - [12/Jul/2025:17:23:40 +0000] "GET /?e=1161157011000&mod=2ca65f58&uri=info.php%3Fid%3D38767-76%26name%3Dcasco+modular+norauto HTTP/1.1" 301 - "-" "Mozilla/5.0 (Linux; Android 6.0.1; Nexus 5X Build/MMB29P) AppleWebKit/537.36 (KHTML, like Gecko) Chrome/137.0.7151.103 Mobile Safari/537.36 (compatible; GoogleOther)"
209.74.77.214 - - [12/Jul/2025:17:23:40 +0000] "POST /wp-admin/admin-ajax.php?action=async_litespeed&nonce=gbThKkhQST5lMY9YiwMXQCncMllVJFPa&litespeed_type=imgoptm HTTP/1.1" 200 21 "-" "WordPress/6.8.1; https://cyber-secure.com.au"
66.249.64.132 - - [12/Jul/2025:17:23:43 +0000] "GET /?e=1168011081000&mod=4ea06fbc&uri=products.php%3Fid%3D38996-77%26name%3Djersey+basketball+nike HTTP/1.1" 200 22282 "-" "Mozilla/5.0 (Linux; Android 6.0.1; Nexus 5X Build/MMB29P) AppleWebKit/537.36 (KHTML, like Gecko) Chrome/137.0.7151.103 Mobile Safari/537.36 (compatible; Googlebot/2.1; +http://www.google.com/bot.html)"
66.249.64.129 - - [12/Jul/2025:17:23:51 +0000] "GET /?e=1161157011000&mod=2ca65f58&uri=info.php%3Fid%3D38767-76%26name%3Dcasco%20modular%20norauto HTTP/1.1" 200 26106 "-" "Mozilla/5.0 (Linux; Android 6.0.1; Nexus 5X Build/MMB29P) AppleWebKit/537.36 (KHTML, like Gecko) Chrome/137.0.7151.103 Mobile Safari/537.36 (compatible; GoogleOther)"
66.249.64.132 - - [12/Jul/2025:17:23:53 +0000] "GET /?e=34481678031000&mod=c922de9e&uri=info.php%3Fid%3D1150871-313%26name%3Dhandtaschen+guenstig+kaufen HTTP/1.1" 200 22173 "-" "Mozilla/5.0 (Linux; Android 6.0.1; Nexus 5X Build/MMB29P) AppleWebKit/537.36 (KHTML, like Gecko) Chrome/137.0.7151.103 Mobile Safari/537.36 (compatible; Googlebot/2.1; +http://www.google.com/bot.html)"
66.249.64.129 - - [12/Jul/2025:17:23:56 +0000] "GET /?e=49631692001000&mod=220a7f49&uri=shared.php%3Fid%3D1656306-268%26name%3Drolex+onyx+dial HTTP/1.1" 200 21820 "-" "Mozilla/5.0 (Linux; Android 6.0.1; Nexus 5X Build/MMB29P) AppleWebKit/537.36 (KHTML, like Gecko) Chrome/137.0.7151.103 Mobile Safari/537.36 (compatible; Googlebot/2.1; +http://www.google.com/bot.html)"
209.74.77.214 - - [12/Jul/2025:17:24:07 +0000] "POST /wp-cron.php?doing_wp_cron=1752341047.3127570152282714843750 HTTP/1.1" 200 - "-" "WordPress/6.8.1; https://cyber-secure.com.au"
66.249.64.132 - - [12/Jul/2025:17:24:07 +0000] "GET /?e=45708287021000&mod=c6f798b8&uri=brands.php%3Fid%3D1525424-341%26name%3Dnautica+tradicional+perfume HTTP/1.1" 301 - "-" "Mozilla/5.0 (Linux; Android 6.0.1; Nexus 5X Build/MMB29P) AppleWebKit/537.36 (KHTML, like Gecko) Chrome/137.0.7151.103 Mobile Safari/537.36 (compatible; GoogleOther)"
66.249.64.128 - - [12/Jul/2025:17:24:23 +0000] "POST /get-message-notify HTTP/1.1" 200 21378 "https://cyber-secure.com.au/?e=49631692001000&mod=220a7f49&uri=shared.php%3Fid%3D1656306-268%26name%3Drolex+onyx+dial" "Mozilla/5.0 (Linux; Android 6.0.1; Nexus 5X Build/MMB29P) AppleWebKit/537.36 (KHTML, like Gecko) Chrome/137.0.7151.119 Mobile Safari/537.36 (compatible; Googlebot/2.1; +http://www.google.com/bot.html)"
209.74.77.214 - - [12/Jul/2025:17:24:26 +0000] "POST /wp-cron.php?doing_wp_cron=1752341066.5989100933074951171875 HTTP/1.1" 200 - "-" "WordPress/6.8.1; https://cyber-secure.com.au"
66.249.64.129 - - [12/Jul/2025:17:24:26 +0000] "GET /?e=36376840051000&mod=11a32152&uri=dp.php%3Fid%3D1214103-1103%26name%3Dvetements+plus+collection HTTP/1.1" 301 - "-" "Mozilla/5.0 (Linux; Android 6.0.1; Nexus 5X Build/MMB29P) AppleWebKit/537.36 (KHTML, like Gecko) Chrome/137.0.7151.103 Mobile Safari/537.36 (compatible; GoogleOther)"
209.74.77.214 - - [12/Jul/2025:17:24:26 +0000] "POST /wp-admin/admin-ajax.php?action=async_litespeed&nonce=rh3P7R4FX5FsoubfNjnx4rAAmPA2E62W&litespeed_type=imgoptm HTTP/1.1" 200 21 "-" "WordPress/6.8.1; https://cyber-secure.com.au"
66.249.64.132 - - [12/Jul/2025:17:24:28 +0000] "POST /wp-json/metform/v1/forms/views/2288 HTTP/1.1" 200 22326 "https://cyber-secure.com.au/?e=1161157011000&mod=2ca65f58&uri=info.php%3Fid%3D38767-76%26name%3Dcasco%20modular%20norauto" "Mozilla/5.0 (Linux; Android 6.0.1; Nexus 5X Build/MMB29P) AppleWebKit/537.36 (KHTML, like Gecko) Chrome/137.0.7151.119 Mobile Safari/537.36 (compatible; Googlebot/2.1; +http://www.google.com/bot.html)"
66.249.64.129 - - [12/Jul/2025:17:24:36 +0000] "GET /?e=45708287021000&mod=c6f798b8&uri=brands.php%3Fid%3D1525424-341%26name%3Dnautica%20tradicional%20perfume HTTP/1.1" 200 26102 "-" "Mozilla/5.0 (Linux; Android 6.0.1; Nexus 5X Build/MMB29P) AppleWebKit/537.36 (KHTML, like Gecko) Chrome/137.0.7151.103 Mobile Safari/537.36 (compatible; GoogleOther)"
66.249.64.129 - - [12/Jul/2025:17:24:40 +0000] "GET /?e=104305846081000&mod=748d6b6e&uri=pin.php%3Fid%3D3481007-309%26name%3Dasus+dual+rtx+2060+oc+evo HTTP/1.1" 200 21897 "-" "Mozilla/5.0 (Linux; Android 6.0.1; Nexus 5X Build/MMB29P) AppleWebKit/537.36 (KHTML, like Gecko) Chrome/137.0.7151.103 Mobile Safari/537.36 (compatible; Googlebot/2.1; +http://www.google.com/bot.html)"
66.249.64.128 - - [12/Jul/2025:17:24:45 +0000] "GET /?e=16996207001000&mod=a01a0380&uri=goods.php%3Fid%3D567382-39%26name%3Dgray+rocker+glider HTTP/1.1" 200 22391 "-" "Mozilla/5.0 (Linux; Android 6.0.1; Nexus 5X Build/MMB29P) AppleWebKit/537.36 (KHTML, like Gecko) Chrome/137.0.7151.103 Mobile Safari/537.36 (compatible; Googlebot/2.1; +http://www.google.com/bot.html)"
66.249.64.128 - - [12/Jul/2025:17:24:48 +0000] "GET /?e=3377499071000&mod=1819932f&uri=article.php%3Fid%3D112741-216%26name%3Dneon+mesh+top+long+sleeve HTTP/1.1" 200 21951 "-" "Mozilla/5.0 (Linux; Android 6.0.1; Nexus 5X Build/MMB29P) AppleWebKit/537.36 (KHTML, like Gecko) Chrome/137.0.7151.103 Mobile Safari/537.36 (compatible; Googlebot/2.1; +http://www.google.com/bot.html)"
66.249.64.129 - - [12/Jul/2025:17:24:51 +0000] "GET /?e=36376840051000&mod=11a32152&uri=dp.php%3Fid%3D1214103-1103%26name%3Dvetements%20plus%20collection HTTP/1.1" 200 26104 "-" "Mozilla/5.0 (Linux; Android 6.0.1; Nexus 5X Build/MMB29P) AppleWebKit/537.36 (KHTML, like Gecko) Chrome/137.0.7151.103 Mobile Safari/537.36 (compatible; GoogleOther)"
209.74.77.214 - - [12/Jul/2025:17:25:09 +0000] "POST /wp-cron.php?doing_wp_cron=1752341109.9585618972778320312500 HTTP/1.1" 200 - "-" "WordPress/6.8.1; https://cyber-secure.com.au"
66.249.64.129 - - [12/Jul/2025:17:25:09 +0000] "GET /?e=43807810121000&mod=fc49306d&uri=pin.php%3Fid%3D1462015-86%26name%3Dtutine+bambina HTTP/1.1" 301 - "-" "Mozilla/5.0 (Linux; Android 6.0.1; Nexus 5X Build/MMB29P) AppleWebKit/537.36 (KHTML, like Gecko) Chrome/137.0.7151.103 Mobile Safari/537.36 (compatible; GoogleOther)"
66.249.64.129 - - [12/Jul/2025:17:25:14 +0000] "GET /?e=111464513031000&mod=a01a0380&uri=article.php%3Fid%3D3719941-39%26name%3Dergonomic+chair+back+support+cushion HTTP/1.1" 200 22277 "-" "Mozilla/5.0 (Linux; Android 6.0.1; Nexus 5X Build/MMB29P) AppleWebKit/537.36 (KHTML, like Gecko) Chrome/137.0.7151.103 Mobile Safari/537.36 (compatible; Googlebot/2.1; +http://www.google.com/bot.html)"
209.74.77.214 - - [12/Jul/2025:17:25:17 +0000] "POST /wp-cron.php?doing_wp_cron=1752341117.7164559364318847656250 HTTP/1.1" 200 - "-" "WordPress/6.8.1; https://cyber-secure.com.au"
209.74.77.214 - - [12/Jul/2025:17:25:17 +0000] "POST /wp-admin/admin-ajax.php?action=async_litespeed&nonce=TtrOQudwd5FMhOjjAoO0J9GxZ5M9jhlq&litespeed_type=imgoptm HTTP/1.1" 200 21 "-" "WordPress/6.8.1; https://cyber-secure.com.au"
66.249.64.128 - - [12/Jul/2025:17:25:17 +0000] "GET /?e=43807810121000&mod=fc49306d&uri=pin.php%3Fid%3D1462015-86%26name%3Dtutine%20bambina HTTP/1.1" 200 26106 "-" "Mozilla/5.0 (Linux; Android 6.0.1; Nexus 5X Build/MMB29P) AppleWebKit/537.36 (KHTML, like Gecko) Chrome/137.0.7151.103 Mobile Safari/537.36 (compatible; GoogleOther)"
66.249.64.132 - - [12/Jul/2025:17:25:25 +0000] "POST /get-message-notify HTTP/1.1" 200 21376 "https://cyber-secure.com.au/?e=111464513031000&mod=a01a0380&uri=article.php%3Fid%3D3719941-39%26name%3Dergonomic+chair+back+support+cushion" "Mozilla/5.0 (Linux; Android 6.0.1; Nexus 5X Build/MMB29P) AppleWebKit/537.36 (KHTML, like Gecko) Chrome/137.0.7151.119 Mobile Safari/537.36 (compatible; Googlebot/2.1; +http://www.google.com/bot.html)"
66.249.64.129 - - [12/Jul/2025:17:25:50 +0000] "GET /?e=73429737061000&mod=d15426b9&uri=pin.php%3Fid%3D2450418-324%26name%3Ddunkin+donuts+dunkaccino+k+cups HTTP/1.1" 301 - "-" "Mozilla/5.0 (Linux; Android 6.0.1; Nexus 5X Build/MMB29P) AppleWebKit/537.36 (KHTML, like Gecko) Chrome/137.0.7151.103 Mobile Safari/537.36 (compatible; GoogleOther)"
66.249.64.128 - - [12/Jul/2025:17:25:55 +0000] "GET /?e=73429737061000&mod=d15426b9&uri=pin.php%3Fid%3D2450418-324%26name%3Ddunkin%20donuts%20dunkaccino%20k%20cups HTTP/1.1" 200 26108 "-" "Mozilla/5.0 (Linux; Android 6.0.1; Nexus 5X Build/MMB29P) AppleWebKit/537.36 (KHTML, like Gecko) Chrome/137.0.7151.103 Mobile Safari/537.36 (compatible; GoogleOther)"
66.249.64.132 - - [12/Jul/2025:17:26:35 +0000] "POST /wp-json/metform/v1/forms/views/2288 HTTP/1.1" 200 22330 "https://cyber-secure.com.au/?e=77452143031000&mod=28b9f8aa&uri=goods.php%3Fid%3D2584650-523%26name%3Dadidas%20zaino%20pelle" "Mozilla/5.0 (Linux; Android 6.0.1; Nexus 5X Build/MMB29P) AppleWebKit/537.36 (KHTML, like Gecko) Chrome/137.0.7151.119 Mobile Safari/537.36 (compatible; Googlebot/2.1; +http://www.google.com/bot.html)"
209.74.77.214 - - [12/Jul/2025:17:26:48 +0000] "POST /wp-cron.php?doing_wp_cron=1752341208.6426260471343994140625 HTTP/1.1" 200 - "-" "WordPress/6.8.1; https://cyber-secure.com.au"
66.249.64.128 - - [12/Jul/2025:17:26:47 +0000] "GET /?e=43686063031000&mod=bd380c81&uri=dp.php%3Fid%3D1457953-530%26name%3Dpijama+mujer+woman+secret+invierno HTTP/1.1" 301 - "-" "Mozilla/5.0 (Linux; Android 6.0.1; Nexus 5X Build/MMB29P) AppleWebKit/537.36 (KHTML, like Gecko) Chrome/137.0.7151.103 Mobile Safari/537.36 (compatible; GoogleOther)"
209.74.77.214 - - [12/Jul/2025:17:26:48 +0000] "POST /wp-admin/admin-ajax.php?action=async_litespeed&nonce=hNSdo5PSFxUMMNKs705mokF5zXIQB8yA&litespeed_type=imgoptm HTTP/1.1" 200 21 "-" "WordPress/6.8.1; https://cyber-secure.com.au"
66.249.64.129 - - [12/Jul/2025:17:26:49 +0000] "GET /?e=34445829071000&mod=8e03849e&uri=article.php%3Fid%3D1149673-1076%26name%3Dlola+rey+botas+agua HTTP/1.1" 200 20508 "-" "Mozilla/5.0 (Linux; Android 6.0.1; Nexus 5X Build/MMB29P) AppleWebKit/537.36 (KHTML, like Gecko) Chrome/137.0.7151.103 Mobile Safari/537.36 (compatible; Googlebot/2.1; +http://www.google.com/bot.html)"
66.249.64.128 - - [12/Jul/2025:17:26:59 +0000] "GET /?e=43686063031000&mod=bd380c81&uri=dp.php%3Fid%3D1457953-530%26name%3Dpijama%20mujer%20woman%20secret%20invierno HTTP/1.1" 200 26106 "-" "Mozilla/5.0 (Linux; Android 6.0.1; Nexus 5X Build/MMB29P) AppleWebKit/537.36 (KHTML, like Gecko) Chrome/137.0.7151.103 Mobile Safari/537.36 (compatible; GoogleOther)"
66.249.64.129 - - [12/Jul/2025:17:27:04 +0000] "GET /?e=1092217021000&mod=d5cfead9&uri=article.php%3Fid%3D36467-73%26name%3Djesus+face+gold HTTP/1.1" 200 20617 "-" "Mozilla/5.0 (Linux; Android 6.0.1; Nexus 5X Build/MMB29P) AppleWebKit/537.36 (KHTML, like Gecko) Chrome/137.0.7151.103 Mobile Safari/537.36 (compatible; Googlebot/2.1; +http://www.google.com/bot.html)"
66.249.64.128 - - [12/Jul/2025:17:27:33 +0000] "GET /?e=116518172051000&mod=11bcd3c1&uri=search.php%3Fid%3D3888621-397%26name%3Ddoc+martens+146+ben HTTP/1.1" 200 21526 "-" "Mozilla/5.0 (Linux; Android 6.0.1; Nexus 5X Build/MMB29P) AppleWebKit/537.36 (KHTML, like Gecko) Chrome/137.0.7151.103 Mobile Safari/537.36 (compatible; Googlebot/2.1; +http://www.google.com/bot.html)"
209.74.77.214 - - [12/Jul/2025:17:27:44 +0000] "POST /wp-cron.php?doing_wp_cron=1752341264.0591208934783935546875 HTTP/1.1" 200 - "-" "WordPress/6.8.1; https://cyber-secure.com.au"
66.249.64.128 - - [12/Jul/2025:17:27:43 +0000] "GET /?e=52183942051000&mod=b1d3a8fb&uri=pin.php%3Fid%3D1741434-1297%26name%3Dcoin+longchamp HTTP/1.1" 301 - "-" "Mozilla/5.0 (Linux; Android 6.0.1; Nexus 5X Build/MMB29P) AppleWebKit/537.36 (KHTML, like Gecko) Chrome/137.0.7151.103 Mobile Safari/537.36 (compatible; GoogleOther)"
209.74.77.214 - - [12/Jul/2025:17:27:44 +0000] "POST /wp-admin/admin-ajax.php?action=async_litespeed&nonce=eQQAgbAszfxb7LhHreiqr3g0Vt76YzG1&litespeed_type=imgoptm HTTP/1.1" 200 21 "-" "WordPress/6.8.1; https://cyber-secure.com.au"
66.249.64.128 - - [12/Jul/2025:17:27:46 +0000] "GET /?e=52183942051000&mod=b1d3a8fb&uri=pin.php%3Fid%3D1741434-1297%26name%3Dcoin%20longchamp HTTP/1.1" 200 26105 "-" "Mozilla/5.0 (Linux; Android 6.0.1; Nexus 5X Build/MMB29P) AppleWebKit/537.36 (KHTML, like Gecko) Chrome/137.0.7151.103 Mobile Safari/537.36 (compatible; GoogleOther)"
66.249.64.129 - - [12/Jul/2025:17:27:49 +0000] "GET /?e=34532840131000&mod=31a6b556&uri=shop.php%3Fid%3D1152579-686%26name%3Dforce+one+rojos HTTP/1.1" 200 21565 "-" "Mozilla/5.0 (Linux; Android 6.0.1; Nexus 5X Build/MMB29P) AppleWebKit/537.36 (KHTML, like Gecko) Chrome/137.0.7151.103 Mobile Safari/537.36 (compatible; Googlebot/2.1; +http://www.google.com/bot.html)"
66.249.64.128 - - [12/Jul/2025:17:27:54 +0000] "GET /?e=116473250001000&mod=6c9882bb&uri=article.php%3Fid%3D3887122-25%26name%3Dwireless+bluetooth+headphones+ps4 HTTP/1.1" 301 - "-" "Mozilla/5.0 (Linux; Android 6.0.1; Nexus 5X Build/MMB29P) AppleWebKit/537.36 (KHTML, like Gecko) Chrome/137.0.7151.103 Mobile Safari/537.36 (compatible; GoogleOther)"
66.249.64.128 - - [12/Jul/2025:17:27:57 +0000] "GET /?e=116473250001000&mod=6c9882bb&uri=article.php%3Fid%3D3887122-25%26name%3Dwireless%20bluetooth%20headphones%20ps4 HTTP/1.1" 200 26108 "-" "Mozilla/5.0 (Linux; Android 6.0.1; Nexus 5X Build/MMB29P) AppleWebKit/537.36 (KHTML, like Gecko) Chrome/137.0.7151.103 Mobile Safari/537.36 (compatible; GoogleOther)"
66.249.64.132 - - [12/Jul/2025:17:28:11 +0000] "GET /?e=104271784031000&mod=b15974e8&uri=products.php%3Fid%3D3479869-1638%26name%3Dbuy+wholesale+designer+clothing HTTP/1.1" 200 21285 "-" "Mozilla/5.0 (Linux; Android 6.0.1; Nexus 5X Build/MMB29P) AppleWebKit/537.36 (KHTML, like Gecko) Chrome/137.0.7151.103 Mobile Safari/537.36 (compatible; Googlebot/2.1; +http://www.google.com/bot.html)"
66.249.64.129 - - [12/Jul/2025:17:28:16 +0000] "GET /?e=100165491021000&mod=a01a0380&uri=article.php%3Fid%3D3342780-39%26name%3Dsingle+seater+recliner+sofa+online HTTP/1.1" 200 21953 "-" "Mozilla/5.0 (Linux; Android 6.0.1; Nexus 5X Build/MMB29P) AppleWebKit/537.36 (KHTML, like Gecko) Chrome/137.0.7151.103 Mobile Safari/537.36 (compatible; Googlebot/2.1; +http://www.google.com/bot.html)"
66.249.64.128 - - [12/Jul/2025:17:28:28 +0000] "POST /get-message-notify HTTP/1.1" 200 21379 "https://cyber-secure.com.au/?e=100165491021000&mod=a01a0380&uri=article.php%3Fid%3D3342780-39%26name%3Dsingle+seater+recliner+sofa+online" "Mozilla/5.0 (Linux; Android 6.0.1; Nexus 5X Build/MMB29P) AppleWebKit/537.36 (KHTML, like Gecko) Chrome/137.0.7151.119 Mobile Safari/537.36 (compatible; Googlebot/2.1; +http://www.google.com/bot.html)"
209.74.77.214 - - [12/Jul/2025:17:28:42 +0000] "POST /wp-cron.php?doing_wp_cron=1752341322.6298320293426513671875 HTTP/1.1" 200 - "-" "WordPress/6.8.1; https://cyber-secure.com.au"
66.249.64.128 - - [12/Jul/2025:17:28:42 +0000] "GET /?e=50825767071000&mod=6db291ac&uri=itm.php%3Fid%3D1696137-297%26name%3Dindian+dog+breeds+list+with+pictures HTTP/1.1" 301 - "-" "Mozilla/5.0 (Linux; Android 6.0.1; Nexus 5X Build/MMB29P) AppleWebKit/537.36 (KHTML, like Gecko) Chrome/137.0.7151.103 Mobile Safari/537.36 (compatible; GoogleOther)"
209.74.77.214 - - [12/Jul/2025:17:28:42 +0000] "POST /wp-admin/admin-ajax.php?action=async_litespeed&nonce=CjHH6saQ60k8nlrkBh5AOktb9ZvBK4R4&litespeed_type=imgoptm HTTP/1.1" 200 21 "-" "WordPress/6.8.1; https://cyber-secure.com.au"
66.249.64.128 - - [12/Jul/2025:17:28:44 +0000] "GET /?e=76766108051000&mod=55a988df&uri=us.php%3Fid%3D2561753-253%26name%3Dlego+excalibur+batman HTTP/1.1" 200 21654 "-" "Mozilla/5.0 (Linux; Android 6.0.1; Nexus 5X Build/MMB29P) AppleWebKit/537.36 (KHTML, like Gecko) Chrome/137.0.7151.103 Mobile Safari/537.36 (compatible; Googlebot/2.1; +http://www.google.com/bot.html)"
66.249.64.129 - - [12/Jul/2025:17:28:57 +0000] "GET /?e=50825767071000&mod=6db291ac&uri=itm.php%3Fid%3D1696137-297%26name%3Dindian%20dog%20breeds%20list%20with%20pictures HTTP/1.1" 200 26107 "-" "Mozilla/5.0 (Linux; Android 6.0.1; Nexus 5X Build/MMB29P) AppleWebKit/537.36 (KHTML, like Gecko) Chrome/137.0.7151.103 Mobile Safari/537.36 (compatible; GoogleOther)"
66.249.64.132 - - [12/Jul/2025:17:29:03 +0000] "GET /?e=17111777031000&mod=c0f52c66&uri=article.php%3Fid%3D571235-682%26name%3Dcheap+rolling+tool+bag HTTP/1.1" 200 22330 "-" "Mozilla/5.0 (Linux; Android 6.0.1; Nexus 5X Build/MMB29P) AppleWebKit/537.36 (KHTML, like Gecko) Chrome/137.0.7151.103 Mobile Safari/537.36 (compatible; Googlebot/2.1; +http://www.google.com/bot.html)"
66.249.64.129 - - [12/Jul/2025:17:29:34 +0000] "GET /?e=104177145021000&mod=4b5739d4&uri=search.php%3Fid%3D3476714-1508%26name%3Dadidas+2017+pupos HTTP/1.1" 200 21979 "-" "Mozilla/5.0 (compatible; Googlebot/2.1; +http://www.google.com/bot.html)"
209.74.77.214 - - [12/Jul/2025:17:29:39 +0000] "POST /wp-cron.php?doing_wp_cron=1752341378.9902210235595703125000 HTTP/1.1" 200 - "-" "WordPress/6.8.1; https://cyber-secure.com.au"
66.249.64.129 - - [12/Jul/2025:17:29:38 +0000] "GET /?e=81032356001000&mod=f80ebff1&uri=pin.php%3Fid%3D2704166-845%26name%3Dwomen%27s+zoom+kiger+off+white HTTP/1.1" 301 - "-" "Mozilla/5.0 (Linux; Android 6.0.1; Nexus 5X Build/MMB29P) AppleWebKit/537.36 (KHTML, like Gecko) Chrome/137.0.7151.103 Mobile Safari/537.36 (compatible; GoogleOther)"
209.74.77.214 - - [12/Jul/2025:17:29:39 +0000] "POST /wp-admin/admin-ajax.php?action=async_litespeed&nonce=Ybfoyadi2Wy3JjLyw9t4bs89y3c0O4Gu&litespeed_type=imgoptm HTTP/1.1" 200 21 "-" "WordPress/6.8.1; https://cyber-secure.com.au"
66.249.64.129 - - [12/Jul/2025:17:29:43 +0000] "GET /?e=81032356001000&mod=f80ebff1&uri=pin.php%3Fid%3D2704166-845%26name%3Dwomen%27s%20zoom%20kiger%20off%20white HTTP/1.1" 200 26109 "-" "Mozilla/5.0 (Linux; Android 6.0.1; Nexus 5X Build/MMB29P) AppleWebKit/537.36 (KHTML, like Gecko) Chrome/137.0.7151.103 Mobile Safari/537.36 (compatible; GoogleOther)"
66.249.64.128 - - [12/Jul/2025:17:30:02 +0000] "GET /?e=13506343031000&mod=99902887&uri=shared.php%3Fid%3D450935-501%26name%3Dacd+puppies HTTP/1.1" 301 - "-" "Mozilla/5.0 (Linux; Android 6.0.1; Nexus 5X Build/MMB29P) AppleWebKit/537.36 (KHTML, like Gecko) Chrome/137.0.7151.103 Mobile Safari/537.36 (compatible; GoogleOther)"
66.249.64.129 - - [12/Jul/2025:17:30:05 +0000] "GET /?e=13506343031000&mod=99902887&uri=shared.php%3Fid%3D450935-501%26name%3Dacd%20puppies HTTP/1.1" 200 26104 "-" "Mozilla/5.0 (Linux; Android 6.0.1; Nexus 5X Build/MMB29P) AppleWebKit/537.36 (KHTML, like Gecko) Chrome/137.0.7151.103 Mobile Safari/537.36 (compatible; GoogleOther)"
66.249.64.128 - - [12/Jul/2025:17:30:27 +0000] "GET /?e=16996807041000&mod=a01a0380&uri=news.php%3Fid%3D567402-39%26name%3Dsmall+kitchen+table+for HTTP/1.1" 200 22214 "-" "Mozilla/5.0 (Linux; Android 6.0.1; Nexus 5X Build/MMB29P) AppleWebKit/537.36 (KHTML, like Gecko) Chrome/137.0.7151.103 Mobile Safari/537.36 (compatible; Googlebot/2.1; +http://www.google.com/bot.html)"
209.74.77.214 - - [12/Jul/2025:17:30:37 +0000] "POST /wp-cron.php?doing_wp_cron=1752341437.8348340988159179687500 HTTP/1.1" 200 - "-" "WordPress/6.8.1; https://cyber-secure.com.au"
66.249.64.129 - - [12/Jul/2025:17:30:37 +0000] "GET /?e=100073584051000&mod=a01a0380&uri=shared.php%3Fid%3D3339709-39%26name%3Dextra+large+dining+chair+covers HTTP/1.1" 301 - "-" "Mozilla/5.0 (Linux; Android 6.0.1; Nexus 5X Build/MMB29P) AppleWebKit/537.36 (KHTML, like Gecko) Chrome/137.0.7151.103 Mobile Safari/537.36 (compatible; GoogleOther)"
209.74.77.214 - - [12/Jul/2025:17:30:37 +0000] "POST /wp-admin/admin-ajax.php?action=async_litespeed&nonce=zZBk80Z8xfWee0QOc9SG12tvN3rUcAxF&litespeed_type=imgoptm HTTP/1.1" 200 21 "-" "WordPress/6.8.1; https://cyber-secure.com.au"
66.249.64.132 - - [12/Jul/2025:17:30:44 +0000] "GET /?e=100073584051000&mod=a01a0380&uri=shared.php%3Fid%3D3339709-39%26name%3Dextra%20large%20dining%20chair%20covers HTTP/1.1" 200 26107 "-" "Mozilla/5.0 (Linux; Android 6.0.1; Nexus 5X Build/MMB29P) AppleWebKit/537.36 (KHTML, like Gecko) Chrome/137.0.7151.103 Mobile Safari/537.36 (compatible; GoogleOther)"
66.249.64.132 - - [12/Jul/2025:17:31:23 +0000] "GET /?e=98966292021000&mod=b301bbff&uri=shared.php%3Fid%3D3302754-1602%26name%3Doff+white+tee+mirror+mirror HTTP/1.1" 200 21099 "-" "Mozilla/5.0 (Linux; Android 6.0.1; Nexus 5X Build/MMB29P) AppleWebKit/537.36 (KHTML, like Gecko) Chrome/137.0.7151.103 Mobile Safari/537.36 (compatible; Googlebot/2.1; +http://www.google.com/bot.html)"
66.249.64.128 - - [12/Jul/2025:17:31:36 +0000] "POST /get-message-notify HTTP/1.1" 200 21386 "https://cyber-secure.com.au/?e=98966292021000&mod=b301bbff&uri=shared.php%3Fid%3D3302754-1602%26name%3Doff+white+tee+mirror+mirror" "Mozilla/5.0 (Linux; Android 6.0.1; Nexus 5X Build/MMB29P) AppleWebKit/537.36 (KHTML, like Gecko) Chrome/137.0.7151.119 Mobile Safari/537.36 (compatible; Googlebot/2.1; +http://www.google.com/bot.html)"
209.74.77.214 - - [12/Jul/2025:17:31:41 +0000] "POST /wp-cron.php?doing_wp_cron=1752341501.4879140853881835937500 HTTP/1.1" 200 - "-" "WordPress/6.8.1; https://cyber-secure.com.au"
66.249.64.129 - - [12/Jul/2025:17:31:40 +0000] "GET /?e=34532840131000&mod=31a6b556&uri=shop.php%3Fid%3D1152579-686%26name%3Dforce+one+rojos HTTP/1.1" 301 - "-" "Mozilla/5.0 (Linux; Android 6.0.1; Nexus 5X Build/MMB29P) AppleWebKit/537.36 (KHTML, like Gecko) Chrome/137.0.7151.103 Mobile Safari/537.36 (compatible; GoogleOther)"
209.74.77.214 - - [12/Jul/2025:17:31:41 +0000] "POST /wp-admin/admin-ajax.php?action=async_litespeed&nonce=ekaTRzPnNCydORyizSRGiHmZNSZWWiDn&litespeed_type=imgoptm HTTP/1.1" 200 21 "-" "WordPress/6.8.1; https://cyber-secure.com.au"
66.249.64.132 - - [12/Jul/2025:17:31:53 +0000] "GET /?e=15138986051000&mod=a9a6653e&uri=blog.php%3Fid%3D505423-56%26name%3Djustfab+satchel HTTP/1.1" 301 - "-" "Mozilla/5.0 (Linux; Android 6.0.1; Nexus 5X Build/MMB29P) AppleWebKit/537.36 (KHTML, like Gecko) Chrome/137.0.7151.103 Mobile Safari/537.36 (compatible; GoogleOther)"
66.249.64.132 - - [12/Jul/2025:17:32:00 +0000] "GET /?e=19619798091000&mod=5812f924&uri=article.php%3Fid%3D654937-322%26name%3Dzanker+dishwasher HTTP/1.1" 200 21355 "-" "Mozilla/5.0 (Linux; Android 6.0.1; Nexus 5X Build/MMB29P) AppleWebKit/537.36 (KHTML, like Gecko) Chrome/137.0.7151.103 Mobile Safari/537.36 (compatible; Googlebot/2.1; +http://www.google.com/bot.html)"
66.249.64.132 - - [12/Jul/2025:17:32:02 +0000] "GET /?e=34532840131000&mod=31a6b556&uri=shop.php%3Fid%3D1152579-686%26name%3Dforce%20one%20rojos HTTP/1.1" 200 26108 "-" "Mozilla/5.0 (Linux; Android 6.0.1; Nexus 5X Build/MMB29P) AppleWebKit/537.36 (KHTML, like Gecko) Chrome/137.0.7151.103 Mobile Safari/537.36 (compatible; GoogleOther)"
66.249.64.128 - - [12/Jul/2025:17:32:04 +0000] "GET /?e=111463673071000&mod=a01a0380&uri=news.php%3Fid%3D3719913-39%26name%3Dalpine+cream+leather+dining+chairs HTTP/1.1" 200 21489 "-" "Mozilla/5.0 (Linux; Android 6.0.1; Nexus 5X Build/MMB29P) AppleWebKit/537.36 (KHTML, like Gecko) Chrome/137.0.7151.103 Mobile Safari/537.36 (compatible; Googlebot/2.1; +http://www.google.com/bot.html)"
66.249.64.132 - - [12/Jul/2025:17:32:06 +0000] "GET /?e=104276271011000&mod=b15974e8&uri=blog.php%3Fid%3D3480019-1638%26name%3Dpink+short+sleeve+jumpsuit HTTP/1.1" 200 20927 "-" "Mozilla/5.0 (Linux; Android 6.0.1; Nexus 5X Build/MMB29P) AppleWebKit/537.36 (KHTML, like Gecko) Chrome/137.0.7151.103 Mobile Safari/537.36 (compatible; Googlebot/2.1; +http://www.google.com/bot.html)"
209.74.77.214 - - [12/Jul/2025:17:32:17 +0000] "POST /wp-cron.php?doing_wp_cron=1752341537.7362699508666992187500 HTTP/1.1" 200 - "-" "WordPress/6.8.1; https://cyber-secure.com.au"
209.74.77.214 - - [12/Jul/2025:17:32:17 +0000] "POST /wp-admin/admin-ajax.php?action=async_litespeed&nonce=koKiep9ONUp1sv1RE1TWjpqGFz7ZFd2i&litespeed_type=imgoptm HTTP/1.1" 200 21 "-" "WordPress/6.8.1; https://cyber-secure.com.au"
66.249.64.129 - - [12/Jul/2025:17:32:17 +0000] "GET /?e=15138986051000&mod=a9a6653e&uri=blog.php%3Fid%3D505423-56%26name%3Djustfab%20satchel HTTP/1.1" 200 26108 "-" "Mozilla/5.0 (Linux; Android 6.0.1; Nexus 5X Build/MMB29P) AppleWebKit/537.36 (KHTML, like Gecko) Chrome/137.0.7151.103 Mobile Safari/537.36 (compatible; GoogleOther)"
66.249.64.129 - - [12/Jul/2025:17:32:33 +0000] "GET /?e=104309686011000&mod=748d6b6e&uri=search.php%3Fid%3D3481135-309%26name%3Dasus+dual+rtx+2060+oc+6gb HTTP/1.1" 200 22019 "-" "Mozilla/5.0 (Linux; Android 6.0.1; Nexus 5X Build/MMB29P) AppleWebKit/537.36 (KHTML, like Gecko) Chrome/137.0.7151.103 Mobile Safari/537.36 (compatible; Googlebot/2.1; +http://www.google.com/bot.html)"
66.249.64.128 - - [12/Jul/2025:17:32:37 +0000] "GET /?e=22487902001000&mod=c37f9e12&uri=news.php%3Fid%3D750615-817%26name%3Dadidas+spring+collection+2019 HTTP/1.1" 301 - "-" "Mozilla/5.0 (Linux; Android 6.0.1; Nexus 5X Build/MMB29P) AppleWebKit/537.36 (KHTML, like Gecko) Chrome/137.0.7151.103 Mobile Safari/537.36 (compatible; GoogleOther)"
66.249.64.132 - - [12/Jul/2025:17:32:40 +0000] "GET /?e=52852488001000&mod=e9fb2eda&uri=dp.php%3Fid%3D1763735-311%26name%3Dbarbie+extra+at+walmart HTTP/1.1" 200 21661 "-" "Mozilla/5.0 (Linux; Android 6.0.1; Nexus 5X Build/MMB29P) AppleWebKit/537.36 (KHTML, like Gecko) Chrome/137.0.7151.103 Mobile Safari/537.36 (compatible; Googlebot/2.1; +http://www.google.com/bot.html)"
66.249.64.129 - - [12/Jul/2025:17:32:47 +0000] "GET /?e=4149365031000&mod=b06b5541&uri=news.php%3Fid%3D138493-248%26name%3Dazzaro+intense+fragrantica HTTP/1.1" 301 - "-" "Mozilla/5.0 (Linux; Android 6.0.1; Nexus 5X Build/MMB29P) AppleWebKit/537.36 (KHTML, like Gecko) Chrome/137.0.7151.103 Mobile Safari/537.36 (compatible; GoogleOther)"
66.249.64.129 - - [12/Jul/2025:17:32:55 +0000] "GET /?e=22487902001000&mod=c37f9e12&uri=news.php%3Fid%3D750615-817%26name%3Dadidas%20spring%20collection%202019 HTTP/1.1" 200 26105 "-" "Mozilla/5.0 (Linux; Android 6.0.1; Nexus 5X Build/MMB29P) AppleWebKit/537.36 (KHTML, like Gecko) Chrome/137.0.7151.103 Mobile Safari/537.36 (compatible; GoogleOther)"
66.249.64.129 - - [12/Jul/2025:17:33:06 +0000] "GET /?e=4149365031000&mod=b06b5541&uri=news.php%3Fid%3D138493-248%26name%3Dazzaro%20intense%20fragrantica HTTP/1.1" 200 26111 "-" "Mozilla/5.0 (Linux; Android 6.0.1; Nexus 5X Build/MMB29P) AppleWebKit/537.36 (KHTML, like Gecko) Chrome/137.0.7151.103 Mobile Safari/537.36 (compatible; GoogleOther)"
209.74.77.214 - - [12/Jul/2025:17:33:36 +0000] "POST /wp-cron.php?doing_wp_cron=1752341616.3089768886566162109375 HTTP/1.1" 200 - "-" "WordPress/6.8.1; https://cyber-secure.com.au"
66.249.64.132 - - [12/Jul/2025:17:33:36 +0000] "GET /?e=17119937091000&mod=c0f52c66&uri=pin.php%3Fid%3D571507-682%26name%3Dvegan+tote+bag+with+zipper HTTP/1.1" 301 - "-" "Mozilla/5.0 (Linux; Android 6.0.1; Nexus 5X Build/MMB29P) AppleWebKit/537.36 (KHTML, like Gecko) Chrome/137.0.7151.103 Mobile Safari/537.36 (compatible; GoogleOther)"
209.74.77.214 - - [12/Jul/2025:17:33:36 +0000] "POST /wp-admin/admin-ajax.php?action=async_litespeed&nonce=X5RyCQiYXnESEDYSvD7FhlOXdQ0HOK0x&litespeed_type=imgoptm HTTP/1.1" 200 21 "-" "WordPress/6.8.1; https://cyber-secure.com.au"
66.249.64.129 - - [12/Jul/2025:17:33:45 +0000] "GET /?e=17119937091000&mod=c0f52c66&uri=pin.php%3Fid%3D571507-682%26name%3Dvegan%20tote%20bag%20with%20zipper HTTP/1.1" 200 26105 "-" "Mozilla/5.0 (Linux; Android 6.0.1; Nexus 5X Build/MMB29P) AppleWebKit/537.36 (KHTML, like Gecko) Chrome/137.0.7151.103 Mobile Safari/537.36 (compatible; GoogleOther)"
209.74.77.214 - - [12/Jul/2025:17:34:24 +0000] "POST /wp-cron.php?doing_wp_cron=1752341664.7926208972930908203125 HTTP/1.1" 200 - "-" "WordPress/6.8.1; https://cyber-secure.com.au"
66.249.64.132 - - [12/Jul/2025:17:34:23 +0000] "GET /?e=4062216041000&mod=49d4b2fa&uri=shared.php%3Fid%3D135584-245%26name%3Dair+force+nike+verde HTTP/1.1" 301 - "-" "Mozilla/5.0 (Linux; Android 6.0.1; Nexus 5X Build/MMB29P) AppleWebKit/537.36 (KHTML, like Gecko) Chrome/137.0.7151.103 Mobile Safari/537.36 (compatible; GoogleOther)"
209.74.77.214 - - [12/Jul/2025:17:34:24 +0000] "POST /wp-admin/admin-ajax.php?action=async_litespeed&nonce=p3ss3i5AjcB3j8wW9oYTcIzaLmspvRgP&litespeed_type=imgoptm HTTP/1.1" 200 21 "-" "WordPress/6.8.1; https://cyber-secure.com.au"
66.249.64.128 - - [12/Jul/2025:17:34:30 +0000] "GET /?e=1131666001000&mod=edfbe1af&uri=info.php%3Fid%3D37782-74%26name%3Dasics+gel+cumulus+15+femme+paris HTTP/1.1" 301 - "-" "Mozilla/5.0 (Linux; Android 6.0.1; Nexus 5X Build/MMB29P) AppleWebKit/537.36 (KHTML, like Gecko) Chrome/137.0.7151.103 Mobile Safari/537.36 (compatible; GoogleOther)"
66.249.64.129 - - [12/Jul/2025:17:34:34 +0000] "GET /?e=4062216041000&mod=49d4b2fa&uri=shared.php%3Fid%3D135584-245%26name%3Dair%20force%20nike%20verde HTTP/1.1" 200 26105 "-" "Mozilla/5.0 (Linux; Android 6.0.1; Nexus 5X Build/MMB29P) AppleWebKit/537.36 (KHTML, like Gecko) Chrome/137.0.7151.103 Mobile Safari/537.36 (compatible; GoogleOther)"
