66.249.64.132 - - [12/Jul/2025:16:44:40 +0000] "POST /get-message-notify HTTP/1.1" 200 21396 "https://cyber-secure.com.au/?e=13582157041000&mod=512c5cad&uri=search.php%3Fid%3D453466-141%26name%3Dregalos+san+valentin+corte+ingles" "Mozilla/5.0 (Linux; Android 6.0.1; Nexus 5X Build/MMB29P) AppleWebKit/537.36 (KHTML, like Gecko) Chrome/137.0.7151.119 Mobile Safari/537.36 (compatible; Googlebot/2.1; +http://www.google.com/bot.html)"
66.249.64.128 - - [12/Jul/2025:16:44:43 +0000] "GET /?e=107550348041000&mod=f4573fc7&uri=dp.php%3Fid%3D3589310-126%26name%3Dbest+hydration+pack+for+dirt+bike+riding HTTP/1.1" 301 - "-" "Mozilla/5.0 (Linux; Android 6.0.1; Nexus 5X Build/MMB29P) AppleWebKit/537.36 (KHTML, like Gecko) Chrome/137.0.7151.103 Mobile Safari/537.36 (compatible; GoogleOther)"
66.249.64.128 - - [12/Jul/2025:16:44:49 +0000] "GET /?e=50609813041000&mod=e6b73239&uri=shop.php%3Fid%3D1688938-1274%26name%3Dchampion%20transparent%20backpack HTTP/1.1" 200 26106 "-" "Mozilla/5.0 (Linux; Android 6.0.1; Nexus 5X Build/MMB29P) AppleWebKit/537.36 (KHTML, like Gecko) Chrome/137.0.7151.103 Mobile Safari/537.36 (compatible; GoogleOther)"
66.249.64.132 - - [12/Jul/2025:16:44:52 +0000] "POST /get-message-notify HTTP/1.1" 200 21397 "https://cyber-secure.com.au/?e=1272934011000&mod=b6edc1cd&uri=brands.php%3Fid%3D42498-81%26name%3Ddivano+bancale+di+legno" "Mozilla/5.0 (Linux; Android 6.0.1; Nexus 5X Build/MMB29P) AppleWebKit/537.36 (KHTML, like Gecko) Chrome/137.0.7151.119 Mobile Safari/537.36 (compatible; Googlebot/2.1; +http://www.google.com/bot.html)"
66.249.64.132 - - [12/Jul/2025:16:44:58 +0000] "GET /?e=107550348041000&mod=f4573fc7&uri=dp.php%3Fid%3D3589310-126%26name%3Dbest%20hydration%20pack%20for%20dirt%20bike%20riding HTTP/1.1" 200 26108 "-" "Mozilla/5.0 (Linux; Android 6.0.1; Nexus 5X Build/MMB29P) AppleWebKit/537.36 (KHTML, like Gecko) Chrome/137.0.7151.103 Mobile Safari/537.36 (compatible; GoogleOther)"
209.74.77.214 - - [12/Jul/2025:16:45:15 +0000] "POST /wp-cron.php?doing_wp_cron=1752338715.6152350902557373046875 HTTP/1.1" 200 - "-" "WordPress/6.8.1; https://cyber-secure.com.au"
66.249.64.129 - - [12/Jul/2025:16:45:15 +0000] "GET /?e=13263171011000&mod=335f5352&uri=us.php%3Fid%3D442826-24%26name%3Dbest+looking+road+bikes+2020 HTTP/1.1" 301 - "-" "Mozilla/5.0 (Linux; Android 6.0.1; Nexus 5X Build/MMB29P) AppleWebKit/537.36 (KHTML, like Gecko) Chrome/137.0.7151.103 Mobile Safari/537.36 (compatible; GoogleOther)"
209.74.77.214 - - [12/Jul/2025:16:45:15 +0000] "POST /wp-admin/admin-ajax.php?action=async_litespeed&nonce=9JEMvyWdMWZSS6WQHJfLphPw41NYMfvy&litespeed_type=imgoptm HTTP/1.1" 200 21 "-" "WordPress/6.8.1; https://cyber-secure.com.au"
66.249.64.132 - - [12/Jul/2025:16:45:20 +0000] "GET /?e=13263171011000&mod=335f5352&uri=us.php%3Fid%3D442826-24%26name%3Dbest%20looking%20road%20bikes%202020 HTTP/1.1" 200 26110 "-" "Mozilla/5.0 (Linux; Android 6.0.1; Nexus 5X Build/MMB29P) AppleWebKit/537.36 (KHTML, like Gecko) Chrome/137.0.7151.103 Mobile Safari/537.36 (compatible; GoogleOther)"
66.249.64.132 - - [12/Jul/2025:16:45:27 +0000] "GET /?e=22575944021000&mod=7c0e0e8d&uri=search.php%3Fid%3D753552-822%26name%3Dnike+hyperdunk+2015+release HTTP/1.1" 200 20902 "-" "Mozilla/5.0 (Linux; Android 6.0.1; Nexus 5X Build/MMB29P) AppleWebKit/537.36 (KHTML, like Gecko) Chrome/137.0.7151.103 Mobile Safari/537.36 (compatible; Googlebot/2.1; +http://www.google.com/bot.html)"
66.249.64.132 - - [12/Jul/2025:16:45:29 +0000] "GET /?e=17015661001000&mod=a01a0380&uri=pin.php%3Fid%3D568031-39%26name%3Dadjustable+bar+stools+with+wheels HTTP/1.1" 200 21970 "-" "Mozilla/5.0 (Linux; Android 6.0.1; Nexus 5X Build/MMB29P) AppleWebKit/537.36 (KHTML, like Gecko) Chrome/137.0.7151.103 Mobile Safari/537.36 (compatible; Googlebot/2.1; +http://www.google.com/bot.html)"
66.249.64.129 - - [12/Jul/2025:16:45:41 +0000] "POST /get-message-notify HTTP/1.1" 200 21388 "https://cyber-secure.com.au/?e=99581528041000&mod=9a4b930f&uri=category-info.php%3Fid%3D3323290-1438%26name%3Dkevin+durant+yellow" "Mozilla/5.0 (Linux; Android 6.0.1; Nexus 5X Build/MMB29P) AppleWebKit/537.36 (KHTML, like Gecko) Chrome/137.0.7151.119 Mobile Safari/537.36 (compatible; Googlebot/2.1; +http://www.google.com/bot.html)"
66.249.64.128 - - [12/Jul/2025:16:45:44 +0000] "GET /?e=4243016021000&mod=55a988df&uri=pin.php%3Fid%3D141618-253%26name%3Dlego+man+clock HTTP/1.1" 200 22067 "-" "Mozilla/5.0 (Linux; Android 6.0.1; Nexus 5X Build/MMB29P) AppleWebKit/537.36 (KHTML, like Gecko) Chrome/137.0.7151.103 Mobile Safari/537.36 (compatible; Googlebot/2.1; +http://www.google.com/bot.html)"
66.249.64.128 - - [12/Jul/2025:16:45:47 +0000] "POST /get-message-notify HTTP/1.1" 200 21396 "https://cyber-secure.com.au/?e=17015661001000&mod=a01a0380&uri=pin.php%3Fid%3D568031-39%26name%3Dadjustable+bar+stools+with+wheels" "Mozilla/5.0 (Linux; Android 6.0.1; Nexus 5X Build/MMB29P) AppleWebKit/537.36 (KHTML, like Gecko) Chrome/137.0.7151.119 Mobile Safari/537.36 (compatible; Googlebot/2.1; +http://www.google.com/bot.html)"
66.249.64.129 - - [12/Jul/2025:16:45:58 +0000] "GET /?e=13561628021000&mod=335f5352&uri=product.php%3Fid%3D452781-24%26name%3Dcycle+lab+online+sale HTTP/1.1" 200 21875 "-" "Mozilla/5.0 (Linux; Android 6.0.1; Nexus 5X Build/MMB29P) AppleWebKit/537.36 (KHTML, like Gecko) Chrome/137.0.7151.103 Mobile Safari/537.36 (compatible; Googlebot/2.1; +http://www.google.com/bot.html)"
66.249.64.132 - - [12/Jul/2025:16:46:01 +0000] "GET /?e=34636092041000&mod=7cc23420&uri=article.php%3Fid%3D1156034-247%26name%3Dgoogle+pixel+silicone+case HTTP/1.1" 200 21833 "-" "Mozilla/5.0 (Linux; Android 6.0.1; Nexus 5X Build/MMB29P) AppleWebKit/537.36 (KHTML, like Gecko) Chrome/137.0.7151.103 Mobile Safari/537.36 (compatible; Googlebot/2.1; +http://www.google.com/bot.html)"
66.249.64.132 - - [12/Jul/2025:16:46:04 +0000] "GET /?e=45697729031000&mod=c6f798b8&uri=dp.php%3Fid%3D1525069-341%26name%3Dcasco+xr1100 HTTP/1.1" 200 22474 "-" "Mozilla/5.0 (Linux; Android 6.0.1; Nexus 5X Build/MMB29P) AppleWebKit/537.36 (KHTML, like Gecko) Chrome/137.0.7151.103 Mobile Safari/537.36 (compatible; Googlebot/2.1; +http://www.google.com/bot.html)"
209.74.77.214 - - [12/Jul/2025:16:46:13 +0000] "POST /wp-cron.php?doing_wp_cron=1752338773.8756299018859863281250 HTTP/1.1" 200 - "-" "WordPress/6.8.1; https://cyber-secure.com.au"
66.249.64.129 - - [12/Jul/2025:16:46:13 +0000] "GET /?e=97069224001000&mod=67e8858b&uri=pin.php%3Fid%3D3239428-1592%26name%3Dyeezy+350+v2+black+non+reflective+stockx HTTP/1.1" 301 - "-" "Mozilla/5.0 (Linux; Android 6.0.1; Nexus 5X Build/MMB29P) AppleWebKit/537.36 (KHTML, like Gecko) Chrome/137.0.7151.103 Mobile Safari/537.36 (compatible; GoogleOther)"
209.74.77.214 - - [12/Jul/2025:16:46:18 +0000] "POST /wp-cron.php?doing_wp_cron=1752338778.8000109195709228515625 HTTP/1.1" 200 - "-" "WordPress/6.8.1; https://cyber-secure.com.au"
66.249.64.128 - - [12/Jul/2025:16:46:18 +0000] "GET /?e=3390098041000&mod=ec8ce6ab&uri=shared.php%3Fid%3D113161-22%26name%3Dsternglas+naos+automatik+edition+bauhaus HTTP/1.1" 301 - "-" "Mozilla/5.0 (Linux; Android 6.0.1; Nexus 5X Build/MMB29P) AppleWebKit/537.36 (KHTML, like Gecko) Chrome/137.0.7151.103 Mobile Safari/537.36 (compatible; GoogleOther)"
209.74.77.214 - - [12/Jul/2025:16:46:18 +0000] "POST /wp-admin/admin-ajax.php?action=async_litespeed&nonce=WEMb2e03lI3WSsKnNfDxpErEhtXjFbuo&litespeed_type=imgoptm HTTP/1.1" 200 21 "-" "WordPress/6.8.1; https://cyber-secure.com.au"
66.249.64.129 - - [12/Jul/2025:16:46:23 +0000] "GET /?e=97069224001000&mod=67e8858b&uri=pin.php%3Fid%3D3239428-1592%26name%3Dyeezy%20350%20v2%20black%20non%20reflective%20stockx HTTP/1.1" 200 26110 "-" "Mozilla/5.0 (Linux; Android 6.0.1; Nexus 5X Build/MMB29P) AppleWebKit/537.36 (KHTML, like Gecko) Chrome/137.0.7151.103 Mobile Safari/537.36 (compatible; GoogleOther)"
66.249.64.128 - - [12/Jul/2025:16:46:29 +0000] "GET /?e=100074484031000&mod=a01a0380&uri=goods.php%3Fid%3D3339739-39%26name%3Dpepperfry+dining+table+seater+glass+top HTTP/1.1" 200 22214 "-" "Mozilla/5.0 (Linux; Android 6.0.1; Nexus 5X Build/MMB29P) AppleWebKit/537.36 (KHTML, like Gecko) Chrome/137.0.7151.103 Mobile Safari/537.36 (compatible; Googlebot/2.1; +http://www.google.com/bot.html)"
66.249.64.128 - - [12/Jul/2025:16:46:32 +0000] "GET /?e=3390098041000&mod=ec8ce6ab&uri=shared.php%3Fid%3D113161-22%26name%3Dsternglas%20naos%20automatik%20edition%20bauhaus HTTP/1.1" 200 26109 "-" "Mozilla/5.0 (Linux; Android 6.0.1; Nexus 5X Build/MMB29P) AppleWebKit/537.36 (KHTML, like Gecko) Chrome/137.0.7151.103 Mobile Safari/537.36 (compatible; GoogleOther)"
66.249.64.129 - - [12/Jul/2025:16:46:42 +0000] "GET /?e=34558438141000&mod=36ed197b&uri=info.php%3Fid%3D1153444-332%26name%3Damazon+watch+on+xbox HTTP/1.1" 200 21206 "-" "Mozilla/5.0 (Linux; Android 6.0.1; Nexus 5X Build/MMB29P) AppleWebKit/537.36 (KHTML, like Gecko) Chrome/137.0.7151.103 Mobile Safari/537.36 (compatible; Googlebot/2.1; +http://www.google.com/bot.html)"
66.249.64.128 - - [12/Jul/2025:16:46:45 +0000] "GET /?e=19688328021000&mod=b06b5541&uri=article.php%3Fid%3D657222-248%26name%3Dittars HTTP/1.1" 200 22150 "-" "Mozilla/5.0 (Linux; Android 6.0.1; Nexus 5X Build/MMB29P) AppleWebKit/537.36 (KHTML, like Gecko) Chrome/137.0.7151.103 Mobile Safari/537.36 (compatible; Googlebot/2.1; +http://www.google.com/bot.html)"
66.249.64.128 - - [12/Jul/2025:16:46:54 +0000] "GET /?e=107654795031000&mod=b06b5541&uri=product.php%3Fid%3D3592799-248%26name%3Dcreed+erwin HTTP/1.1" 301 - "-" "Mozilla/5.0 (Linux; Android 6.0.1; Nexus 5X Build/MMB29P) AppleWebKit/537.36 (KHTML, like Gecko) Chrome/137.0.7151.103 Mobile Safari/537.36 (compatible; GoogleOther)"
66.249.64.128 - - [12/Jul/2025:16:46:59 +0000] "GET /?e=107654795031000&mod=b06b5541&uri=product.php%3Fid%3D3592799-248%26name%3Dcreed%20erwin HTTP/1.1" 200 26102 "-" "Mozilla/5.0 (Linux; Android 6.0.1; Nexus 5X Build/MMB29P) AppleWebKit/537.36 (KHTML, like Gecko) Chrome/137.0.7151.103 Mobile Safari/537.36 (compatible; GoogleOther)"
66.249.64.129 - - [12/Jul/2025:16:47:00 +0000] "GET /?e=4261407061000&mod=55a988df&uri=brands.php%3Fid%3D142232-253%26name%3Dlego+blackbeard+ship HTTP/1.1" 200 21119 "-" "Mozilla/5.0 (Linux; Android 6.0.1; Nexus 5X Build/MMB29P) AppleWebKit/537.36 (KHTML, like Gecko) Chrome/137.0.7151.103 Mobile Safari/537.36 (compatible; Googlebot/2.1; +http://www.google.com/bot.html)"
66.249.64.129 - - [12/Jul/2025:16:47:15 +0000] "GET /?e=116512022041000&mod=11bcd3c1&uri=pin.php%3Fid%3D3888416-397%26name%3Dsam+edelman+hai+boots HTTP/1.1" 200 22023 "-" "Mozilla/5.0 (Linux; Android 6.0.1; Nexus 5X Build/MMB29P) AppleWebKit/537.36 (KHTML, like Gecko) Chrome/137.0.7151.103 Mobile Safari/537.36 (compatible; Googlebot/2.1; +http://www.google.com/bot.html)"
66.249.64.132 - - [12/Jul/2025:16:47:17 +0000] "GET /?e=99605197011000&mod=b4e62d56&uri=dp.php%3Fid%3D3324079-1050%26name%3Dneck+gaiter+for+dogs HTTP/1.1" 200 22349 "-" "Mozilla/5.0 (Linux; Android 6.0.1; Nexus 5X Build/MMB29P) AppleWebKit/537.36 (KHTML, like Gecko) Chrome/137.0.7151.103 Mobile Safari/537.36 (compatible; Googlebot/2.1; +http://www.google.com/bot.html)"
66.249.64.128 - - [12/Jul/2025:16:47:20 +0000] "GET /?e=19683078071000&mod=b06b5541&uri=article.php%3Fid%3D657047-248%26name%3Dastin+attar HTTP/1.1" 200 21207 "-" "Mozilla/5.0 (Linux; Android 6.0.1; Nexus 5X Build/MMB29P) AppleWebKit/537.36 (KHTML, like Gecko) Chrome/137.0.7151.103 Mobile Safari/537.36 (compatible; Googlebot/2.1; +http://www.google.com/bot.html)"
66.249.64.132 - - [12/Jul/2025:16:47:25 +0000] "POST /get-message-notify HTTP/1.1" 200 21393 "https://cyber-secure.com.au/?e=19683078071000&mod=b06b5541&uri=article.php%3Fid%3D657047-248%26name%3Dastin+attar" "Mozilla/5.0 (Linux; Android 6.0.1; Nexus 5X Build/MMB29P) AppleWebKit/537.36 (KHTML, like Gecko) Chrome/137.0.7151.119 Mobile Safari/537.36 (compatible; Googlebot/2.1; +http://www.google.com/bot.html)"
66.249.64.128 - - [12/Jul/2025:16:47:38 +0000] "GET /?e=19692167101000&mod=b06b5541&uri=article.php%3Fid%3D657350-248%26name%3Dmitti+attar+fragrance HTTP/1.1" 200 22079 "-" "Mozilla/5.0 (Linux; Android 6.0.1; Nexus 5X Build/MMB29P) AppleWebKit/537.36 (KHTML, like Gecko) Chrome/137.0.7151.103 Mobile Safari/537.36 (compatible; Googlebot/2.1; +http://www.google.com/bot.html)"
209.74.77.214 - - [12/Jul/2025:16:47:44 +0000] "POST /wp-cron.php?doing_wp_cron=1752338864.5888121128082275390625 HTTP/1.1" 200 - "-" "WordPress/6.8.1; https://cyber-secure.com.au"
66.249.64.128 - - [12/Jul/2025:16:47:44 +0000] "GET /?e=1058303001000&mod=e5841df2&uri=pin.php%3Fid%3D35336-70%26name%3Dairwrap+black+friday+sale HTTP/1.1" 301 - "-" "Mozilla/5.0 (Linux; Android 6.0.1; Nexus 5X Build/MMB29P) AppleWebKit/537.36 (KHTML, like Gecko) Chrome/137.0.7151.103 Mobile Safari/537.36 (compatible; GoogleOther)"
209.74.77.214 - - [12/Jul/2025:16:47:44 +0000] "POST /wp-admin/admin-ajax.php?action=async_litespeed&nonce=oKlZ6qMPypXRYdL4NdoDeWu7AzvJgt7T&litespeed_type=imgoptm HTTP/1.1" 200 21 "-" "WordPress/6.8.1; https://cyber-secure.com.au"
66.249.64.132 - - [12/Jul/2025:16:47:47 +0000] "GET /?e=1058303001000&mod=e5841df2&uri=pin.php%3Fid%3D35336-70%26name%3Dairwrap%20black%20friday%20sale HTTP/1.1" 200 26106 "-" "Mozilla/5.0 (Linux; Android 6.0.1; Nexus 5X Build/MMB29P) AppleWebKit/537.36 (KHTML, like Gecko) Chrome/137.0.7151.103 Mobile Safari/537.36 (compatible; GoogleOther)"
66.249.64.128 - - [12/Jul/2025:16:47:56 +0000] "GET /?e=13568918041000&mod=d1c373ab&uri=search.php%3Fid%3D453024-296%26name%3Dgarmin+venu+compatible+phones HTTP/1.1" 200 22617 "-" "Mozilla/5.0 (Linux; Android 6.0.1; Nexus 5X Build/MMB29P) AppleWebKit/537.36 (KHTML, like Gecko) Chrome/137.0.7151.103 Mobile Safari/537.36 (compatible; Googlebot/2.1; +http://www.google.com/bot.html)"
66.249.64.129 - - [12/Jul/2025:16:48:05 +0000] "POST /get-message-notify HTTP/1.1" 200 21375 "https://cyber-secure.com.au/?e=13568918041000&mod=d1c373ab&uri=search.php%3Fid%3D453024-296%26name%3Dgarmin+venu+compatible+phones" "Mozilla/5.0 (Linux; Android 6.0.1; Nexus 5X Build/MMB29P) AppleWebKit/537.36 (KHTML, like Gecko) Chrome/137.0.7151.119 Mobile Safari/537.36 (compatible; Googlebot/2.1; +http://www.google.com/bot.html)"
66.249.64.129 - - [12/Jul/2025:16:48:08 +0000] "GET /?e=25199528041000&mod=a8c6dd98&uri=pin.php%3Fid%3D841064-600%26name%3Dmicrosplit+370 HTTP/1.1" 200 22193 "-" "Mozilla/5.0 (Linux; Android 6.0.1; Nexus 5X Build/MMB29P) AppleWebKit/537.36 (KHTML, like Gecko) Chrome/137.0.7151.103 Mobile Safari/537.36 (compatible; Googlebot/2.1; +http://www.google.com/bot.html)"
209.74.77.214 - - [12/Jul/2025:16:48:34 +0000] "POST /wp-cron.php?doing_wp_cron=1752338914.9362869262695312500000 HTTP/1.1" 200 - "-" "WordPress/6.8.1; https://cyber-secure.com.au"
66.249.64.132 - - [12/Jul/2025:16:48:34 +0000] "GET /?e=100072144051000&mod=a01a0380&uri=brands.php%3Fid%3D3339661-39%26name%3Dsummer+infant+chair+straps HTTP/1.1" 301 - "-" "Mozilla/5.0 (Linux; Android 6.0.1; Nexus 5X Build/MMB29P) AppleWebKit/537.36 (KHTML, like Gecko) Chrome/137.0.7151.103 Mobile Safari/537.36 (compatible; GoogleOther)"
209.74.77.214 - - [12/Jul/2025:16:48:35 +0000] "POST /wp-admin/admin-ajax.php?action=async_litespeed&nonce=v8OIBUEBgg1PkbUVWBmGRUxTksTEqszE&litespeed_type=imgoptm HTTP/1.1" 200 21 "-" "WordPress/6.8.1; https://cyber-secure.com.au"
66.249.64.132 - - [12/Jul/2025:16:48:36 +0000] "GET /?e=107676304001000&mod=a01a0380&uri=product.php%3Fid%3D3593516-39%26name%3Dstep+chair HTTP/1.1" 200 22831 "-" "Mozilla/5.0 (Linux; Android 6.0.1; Nexus 5X Build/MMB29P) AppleWebKit/537.36 (KHTML, like Gecko) Chrome/137.0.7151.103 Mobile Safari/537.36 (compatible; Googlebot/2.1; +http://www.google.com/bot.html)"
66.249.64.129 - - [12/Jul/2025:16:48:39 +0000] "GET /?e=100072144051000&mod=a01a0380&uri=brands.php%3Fid%3D3339661-39%26name%3Dsummer%20infant%20chair%20straps HTTP/1.1" 200 26105 "-" "Mozilla/5.0 (Linux; Android 6.0.1; Nexus 5X Build/MMB29P) AppleWebKit/537.36 (KHTML, like Gecko) Chrome/137.0.7151.103 Mobile Safari/537.36 (compatible; GoogleOther)"
66.249.64.128 - - [12/Jul/2025:16:48:45 +0000] "GET /?e=16988871071000&mod=a6ce9144&uri=goods.php%3Fid%3D567137-678%26name%3Dat+and+t+booster HTTP/1.1" 301 - "-" "Mozilla/5.0 (Linux; Android 6.0.1; Nexus 5X Build/MMB29P) AppleWebKit/537.36 (KHTML, like Gecko) Chrome/137.0.7151.103 Mobile Safari/537.36 (compatible; GoogleOther)"
66.249.64.132 - - [12/Jul/2025:16:48:47 +0000] "GET /?e=16988871071000&mod=a6ce9144&uri=goods.php%3Fid%3D567137-678%26name%3Dat%20and%20t%20booster HTTP/1.1" 200 26104 "-" "Mozilla/5.0 (Linux; Android 6.0.1; Nexus 5X Build/MMB29P) AppleWebKit/537.36 (KHTML, like Gecko) Chrome/137.0.7151.103 Mobile Safari/537.36 (compatible; GoogleOther)"
66.249.64.132 - - [12/Jul/2025:16:49:09 +0000] "GET /?e=4248256051000&mod=55a988df&uri=blog.php%3Fid%3D141793-253%26name%3Dlego+snoke+ship HTTP/1.1" 200 21800 "-" "Mozilla/5.0 (Linux; Android 6.0.1; Nexus 5X Build/MMB29P) AppleWebKit/537.36 (KHTML, like Gecko) Chrome/137.0.7151.103 Mobile Safari/537.36 (compatible; Googlebot/2.1; +http://www.google.com/bot.html)"
66.249.64.129 - - [12/Jul/2025:16:49:21 +0000] "POST /get-message-notify HTTP/1.1" 200 21390 "https://cyber-secure.com.au/?e=107676304001000&mod=a01a0380&uri=product.php%3Fid%3D3593516-39%26name%3Dstep+chair" "Mozilla/5.0 (Linux; Android 6.0.1; Nexus 5X Build/MMB29P) AppleWebKit/537.36 (KHTML, like Gecko) Chrome/137.0.7151.119 Mobile Safari/537.36 (compatible; Googlebot/2.1; +http://www.google.com/bot.html)"
66.249.64.128 - - [12/Jul/2025:16:49:24 +0000] "GET /?e=104163051041000&mod=a6ce9144&uri=itm.php%3Fid%3D3476244-678%26name%3Diphone+12+best+buy+price HTTP/1.1" 200 22004 "-" "Mozilla/5.0 (compatible; Googlebot/2.1; +http://www.google.com/bot.html)"
66.249.64.128 - - [12/Jul/2025:16:49:28 +0000] "GET /?e=72240472021000&mod=1abf005e&uri=info.php%3Fid%3D2410742-738%26name%3Dveste+de+ski+alpine+pro HTTP/1.1" 200 22037 "-" "Mozilla/5.0 (Linux; Android 6.0.1; Nexus 5X Build/MMB29P) AppleWebKit/537.36 (KHTML, like Gecko) Chrome/137.0.7151.103 Mobile Safari/537.36 (compatible; Googlebot/2.1; +http://www.google.com/bot.html)"
66.249.64.132 - - [12/Jul/2025:16:49:31 +0000] "GET /?e=22653981011000&mod=069654d5&uri=form.php%3Fid%3D756159-183%26name%3Dused+xpulse HTTP/1.1" 200 22022 "-" "Mozilla/5.0 (Linux; Android 6.0.1; Nexus 5X Build/MMB29P) AppleWebKit/537.36 (KHTML, like Gecko) Chrome/137.0.7151.103 Mobile Safari/537.36 (compatible; Googlebot/2.1; +http://www.google.com/bot.html)"
66.249.64.129 - - [12/Jul/2025:16:49:33 +0000] "GET /?e=1132626071000&mod=edfbe1af&uri=shared.php%3Fid%3D37814-74%26name%3Dasics+gel+kinsei+homme+paris HTTP/1.1" 200 21441 "-" "Mozilla/5.0 (Linux; Android 6.0.1; Nexus 5X Build/MMB29P) AppleWebKit/537.36 (KHTML, like Gecko) Chrome/137.0.7151.103 Mobile Safari/537.36 (compatible; Googlebot/2.1; +http://www.google.com/bot.html)"
66.249.64.129 - - [12/Jul/2025:16:49:35 +0000] "GET /?e=119467322021000&mod=c255c052&uri=brands.php%3Fid%3D3986990-387%26name%3Dlifepro+turbo+3d+vibration+plate+reviews HTTP/1.1" 200 22081 "-" "Mozilla/5.0 (Linux; Android 6.0.1; Nexus 5X Build/MMB29P) AppleWebKit/537.36 (KHTML, like Gecko) Chrome/137.0.7151.103 Mobile Safari/537.36 (compatible; Googlebot/2.1; +http://www.google.com/bot.html)"
66.249.64.132 - - [12/Jul/2025:16:49:38 +0000] "POST /get-message-notify HTTP/1.1" 200 21389 "https://cyber-secure.com.au/?e=72240472021000&mod=1abf005e&uri=info.php%3Fid%3D2410742-738%26name%3Dveste+de+ski+alpine+pro" "Mozilla/5.0 (Linux; Android 6.0.1; Nexus 5X Build/MMB29P) AppleWebKit/537.36 (KHTML, like Gecko) Chrome/137.0.7151.119 Mobile Safari/537.36 (compatible; Googlebot/2.1; +http://www.google.com/bot.html)"
209.74.77.214 - - [12/Jul/2025:16:49:40 +0000] "POST /wp-cron.php?doing_wp_cron=1752338980.4136929512023925781250 HTTP/1.1" 200 - "-" "WordPress/6.8.1; https://cyber-secure.com.au"
66.249.64.129 - - [12/Jul/2025:16:49:40 +0000] "GET /?e=107677804141000&mod=a01a0380&uri=blog.php%3Fid%3D3593566-39%26name%3Dlucca+high+back+managers+chair+in+charcoal HTTP/1.1" 301 - "-" "Mozilla/5.0 (Linux; Android 6.0.1; Nexus 5X Build/MMB29P) AppleWebKit/537.36 (KHTML, like Gecko) Chrome/137.0.7151.103 Mobile Safari/537.36 (compatible; GoogleOther)"
209.74.77.214 - - [12/Jul/2025:16:49:40 +0000] "POST /wp-admin/admin-ajax.php?action=async_litespeed&nonce=tzTLktVeBNTecGGLleEwCwBUeEUlwMLI&litespeed_type=imgoptm HTTP/1.1" 200 21 "-" "WordPress/6.8.1; https://cyber-secure.com.au"
66.249.64.129 - - [12/Jul/2025:16:49:48 +0000] "GET /?e=52852488101000&mod=e9fb2eda&uri=search.php%3Fid%3D1763735-311%26name%3Dbarbie+extra+at+walmart HTTP/1.1" 200 21331 "-" "Mozilla/5.0 (Linux; Android 6.0.1; Nexus 5X Build/MMB29P) AppleWebKit/537.36 (KHTML, like Gecko) Chrome/137.0.7151.103 Mobile Safari/537.36 (compatible; Googlebot/2.1; +http://www.google.com/bot.html)"
66.249.64.128 - - [12/Jul/2025:16:49:51 +0000] "GET /?e=3175611031000&mod=9fdb62f9&uri=us.php%3Fid%3D106003-190%26name%3Dspadri+mini+foot HTTP/1.1" 301 - "-" "Mozilla/5.0 (Linux; Android 6.0.1; Nexus 5X Build/MMB29P) AppleWebKit/537.36 (KHTML, like Gecko) Chrome/137.0.7151.103 Mobile Safari/537.36 (compatible; GoogleOther)"
66.249.64.128 - - [12/Jul/2025:16:49:54 +0000] "GET /?e=107677804141000&mod=a01a0380&uri=blog.php%3Fid%3D3593566-39%26name%3Dlucca%20high%20back%20managers%20chair%20in%20charcoal HTTP/1.1" 200 26106 "-" "Mozilla/5.0 (Linux; Android 6.0.1; Nexus 5X Build/MMB29P) AppleWebKit/537.36 (KHTML, like Gecko) Chrome/137.0.7151.103 Mobile Safari/537.36 (compatible; GoogleOther)"
66.249.64.132 - - [12/Jul/2025:16:49:57 +0000] "GET /?e=3175611031000&mod=9fdb62f9&uri=us.php%3Fid%3D106003-190%26name%3Dspadri%20mini%20foot HTTP/1.1" 200 26103 "-" "Mozilla/5.0 (Linux; Android 6.0.1; Nexus 5X Build/MMB29P) AppleWebKit/537.36 (KHTML, like Gecko) Chrome/137.0.7151.103 Mobile Safari/537.36 (compatible; GoogleOther)"
66.249.64.128 - - [12/Jul/2025:16:50:10 +0000] "GET /?e=116592502001000&mod=437d7d1d&uri=article.php%3Fid%3D3891100-96%26name%3Dmiyota+9015+reliability HTTP/1.1" 200 22294 "-" "Mozilla/5.0 (Linux; Android 6.0.1; Nexus 5X Build/MMB29P) AppleWebKit/537.36 (KHTML, like Gecko) Chrome/137.0.7151.103 Mobile Safari/537.36 (compatible; Googlebot/2.1; +http://www.google.com/bot.html)"
66.249.64.128 - - [12/Jul/2025:16:50:35 +0000] "GET /?e=45702912001000&mod=c6f798b8&uri=article.php%3Fid%3D1525244-341%26name%3Dls2+pioneer+evo+opiniones HTTP/1.1" 200 22381 "-" "Mozilla/5.0 (Linux; Android 6.0.1; Nexus 5X Build/MMB29P) AppleWebKit/537.36 (KHTML, like Gecko) Chrome/137.0.7151.103 Mobile Safari/537.36 (compatible; Googlebot/2.1; +http://www.google.com/bot.html)"
209.74.77.214 - - [12/Jul/2025:16:50:38 +0000] "POST /wp-cron.php?doing_wp_cron=1752339038.0183959007263183593750 HTTP/1.1" 200 - "-" "WordPress/6.8.1; https://cyber-secure.com.au"
66.249.64.129 - - [12/Jul/2025:16:50:37 +0000] "GET /?e=96787596021000&mod=fd0a5a5e&uri=shop.php%3Fid%3D3230024-535%26name%3Dpoupon+louise HTTP/1.1" 301 - "-" "Mozilla/5.0 (Linux; Android 6.0.1; Nexus 5X Build/MMB29P) AppleWebKit/537.36 (KHTML, like Gecko) Chrome/137.0.7151.103 Mobile Safari/537.36 (compatible; GoogleOther)"
209.74.77.214 - - [12/Jul/2025:16:50:38 +0000] "POST /wp-admin/admin-ajax.php?action=async_litespeed&nonce=oZtlSLXnxjFQlSLvCb0dwk5i5IiNugXG&litespeed_type=imgoptm HTTP/1.1" 200 21 "-" "WordPress/6.8.1; https://cyber-secure.com.au"
66.249.64.129 - - [12/Jul/2025:16:50:41 +0000] "GET /?e=96787596021000&mod=fd0a5a5e&uri=shop.php%3Fid%3D3230024-535%26name%3Dpoupon%20louise HTTP/1.1" 200 26110 "-" "Mozilla/5.0 (Linux; Android 6.0.1; Nexus 5X Build/MMB29P) AppleWebKit/537.36 (KHTML, like Gecko) Chrome/137.0.7151.103 Mobile Safari/537.36 (compatible; GoogleOther)"
66.249.64.128 - - [12/Jul/2025:16:50:46 +0000] "GET /?e=36709058061000&mod=220a7f49&uri=article.php%3Fid%3D1225205-268%26name%3Dbreguet+aeronavale HTTP/1.1" 301 - "-" "Mozilla/5.0 (Linux; Android 6.0.1; Nexus 5X Build/MMB29P) AppleWebKit/537.36 (KHTML, like Gecko) Chrome/137.0.7151.103 Mobile Safari/537.36 (compatible; GoogleOther)"
66.249.64.132 - - [12/Jul/2025:16:50:48 +0000] "GET /?e=1303581011000&mod=e2a2dcc3&uri=blog.php%3Fid%3D43520-82%26name%3Dciabatte+yoox HTTP/1.1" 200 21392 "-" "Mozilla/5.0 (Linux; Android 6.0.1; Nexus 5X Build/MMB29P) AppleWebKit/537.36 (KHTML, like Gecko) Chrome/137.0.7151.103 Mobile Safari/537.36 (compatible; Googlebot/2.1; +http://www.google.com/bot.html)"
66.249.64.129 - - [12/Jul/2025:16:50:55 +0000] "GET /?e=36709058061000&mod=220a7f49&uri=article.php%3Fid%3D1225205-268%26name%3Dbreguet%20aeronavale HTTP/1.1" 200 26106 "-" "Mozilla/5.0 (Linux; Android 6.0.1; Nexus 5X Build/MMB29P) AppleWebKit/537.36 (KHTML, like Gecko) Chrome/137.0.7151.103 Mobile Safari/537.36 (compatible; GoogleOther)"
66.249.64.132 - - [12/Jul/2025:16:50:57 +0000] "GET /?e=17159247031000&mod=5e9fb672&uri=goods.php%3Fid%3D572819-683%26name%3Dbuzo+ropa+bebe HTTP/1.1" 200 21153 "-" "Mozilla/5.0 (Linux; Android 6.0.1; Nexus 5X Build/MMB29P) AppleWebKit/537.36 (KHTML, like Gecko) Chrome/137.0.7151.103 Mobile Safari/537.36 (compatible; Googlebot/2.1; +http://www.google.com/bot.html)"
66.249.64.128 - - [12/Jul/2025:16:50:59 +0000] "POST /get-message-notify HTTP/1.1" 200 21387 "https://cyber-secure.com.au/?e=1303581011000&mod=e2a2dcc3&uri=blog.php%3Fid%3D43520-82%26name%3Dciabatte+yoox" "Mozilla/5.0 (Linux; Android 6.0.1; Nexus 5X Build/MMB29P) AppleWebKit/537.36 (KHTML, like Gecko) Chrome/137.0.7151.119 Mobile Safari/537.36 (compatible; Googlebot/2.1; +http://www.google.com/bot.html)"
66.249.64.132 - - [12/Jul/2025:16:51:01 +0000] "GET /?e=98786900071000&mod=5f2c22cb&uri=form.php%3Fid%3D3296769-72%26name%3Djtv+stackable+rings HTTP/1.1" 200 21189 "-" "Mozilla/5.0 (Linux; Android 6.0.1; Nexus 5X Build/MMB29P) AppleWebKit/537.36 (KHTML, like Gecko) Chrome/137.0.7151.103 Mobile Safari/537.36 (compatible; Googlebot/2.1; +http://www.google.com/bot.html)"
66.249.64.132 - - [12/Jul/2025:16:51:03 +0000] "GET /?e=4245296051000&mod=55a988df&uri=article.php%3Fid%3D141694-253%26name%3Ddc+lego+super+villains+ps4 HTTP/1.1" 200 21371 "-" "Mozilla/5.0 (Linux; Android 6.0.1; Nexus 5X Build/MMB29P) AppleWebKit/537.36 (KHTML, like Gecko) Chrome/137.0.7151.103 Mobile Safari/537.36 (compatible; Googlebot/2.1; +http://www.google.com/bot.html)"
66.249.64.128 - - [12/Jul/2025:16:51:15 +0000] "POST /get-message-notify HTTP/1.1" 200 21391 "https://cyber-secure.com.au/?e=98786900071000&mod=5f2c22cb&uri=form.php%3Fid%3D3296769-72%26name%3Djtv+stackable+rings" "Mozilla/5.0 (Linux; Android 6.0.1; Nexus 5X Build/MMB29P) AppleWebKit/537.36 (KHTML, like Gecko) Chrome/137.0.7151.119 Mobile Safari/537.36 (compatible; Googlebot/2.1; +http://www.google.com/bot.html)"
66.249.64.132 - - [12/Jul/2025:16:51:25 +0000] "GET /?e=104176245041000&mod=69386f6b&uri=blog.php%3Fid%3D3476684-331%26name%3Dcoconuts+by+matisse+del+mar+natural+platform+slide HTTP/1.1" 200 21413 "-" "Mozilla/5.0 (compatible; Googlebot/2.1; +http://www.google.com/bot.html)"
66.249.64.129 - - [12/Jul/2025:16:51:26 +0000] "GET /?e=104174151021000&mod=a6ce9144&uri=news.php%3Fid%3D3476614-678%26name%3Dfoxconn+kabel+iphone HTTP/1.1" 200 22434 "-" "Mozilla/5.0 (compatible; Googlebot/2.1; +http://www.google.com/bot.html)"
66.249.64.129 - - [12/Jul/2025:16:51:28 +0000] "GET /?e=104180445141000&mod=7183145a&uri=category-info.php%3Fid%3D3476824-1127%26name%3Dfluffy+jacket+urban+outfitters HTTP/1.1" 200 20654 "-" "Mozilla/5.0 (compatible; Googlebot/2.1; +http://www.google.com/bot.html)"
66.249.64.132 - - [12/Jul/2025:16:51:31 +0000] "GET /?e=104054067031000&mod=3b199f42&uri=products.php%3Fid%3D3472559-593%26name%3Dgo+colors+palazzo+denim HTTP/1.1" 200 21578 "-" "Mozilla/5.0 (compatible; Googlebot/2.1; +http://www.google.com/bot.html)"
209.74.77.214 - - [12/Jul/2025:16:51:34 +0000] "POST /wp-cron.php?doing_wp_cron=1752339094.1796619892120361328125 HTTP/1.1" 200 - "-" "WordPress/6.8.1; https://cyber-secure.com.au"
66.249.64.129 - - [12/Jul/2025:16:51:34 +0000] "GET /?e=25017705031000&mod=5aaffbae&uri=pin.php%3Fid%3D834996-864%26name%3Dskechers+slip+on+walking+shoe+gray HTTP/1.1" 301 - "-" "Mozilla/5.0 (Linux; Android 6.0.1; Nexus 5X Build/MMB29P) AppleWebKit/537.36 (KHTML, like Gecko) Chrome/137.0.7151.103 Mobile Safari/537.36 (compatible; GoogleOther)"
209.74.77.214 - - [12/Jul/2025:16:51:34 +0000] "POST /wp-admin/admin-ajax.php?action=async_litespeed&nonce=Gh7roLjHyv2HPDG7WJrX3QNXQYctyVRx&litespeed_type=imgoptm HTTP/1.1" 200 21 "-" "WordPress/6.8.1; https://cyber-secure.com.au"
66.249.64.132 - - [12/Jul/2025:16:51:39 +0000] "GET /?e=104167251001000&mod=a6ce9144&uri=itm.php%3Fid%3D3476384-678%26name%3Dmonitor+screen+cover+to+protect+eyes HTTP/1.1" 200 22454 "-" "Mozilla/5.0 (compatible; Googlebot/2.1; +http://www.google.com/bot.html)"
66.249.64.129 - - [12/Jul/2025:16:51:41 +0000] "GET /?e=107586146001000&mod=32b991e5&uri=dp.php%3Fid%3D3590504-260%26name%3Dcanada+goose+paris+outlet HTTP/1.1" 200 22376 "-" "Mozilla/5.0 (Linux; Android 6.0.1; Nexus 5X Build/MMB29P) AppleWebKit/537.36 (KHTML, like Gecko) Chrome/137.0.7151.103 Mobile Safari/537.36 (compatible; Googlebot/2.1; +http://www.google.com/bot.html)"
66.249.64.129 - - [12/Jul/2025:16:51:44 +0000] "GET /?e=25017705031000&mod=5aaffbae&uri=pin.php%3Fid%3D834996-864%26name%3Dskechers%20slip%20on%20walking%20shoe%20gray HTTP/1.1" 200 26110 "-" "Mozilla/5.0 (Linux; Android 6.0.1; Nexus 5X Build/MMB29P) AppleWebKit/537.36 (KHTML, like Gecko) Chrome/137.0.7151.103 Mobile Safari/537.36 (compatible; GoogleOther)"
66.249.64.129 - - [12/Jul/2025:16:51:47 +0000] "GET /?e=104100496011000&mod=e7d4c8d4&uri=brands.php%3Fid%3D3474135-521%26name%3Dtiendas+de+running+online+baratas HTTP/1.1" 200 21169 "-" "Mozilla/5.0 (compatible; Googlebot/2.1; +http://www.google.com/bot.html)"
66.249.64.129 - - [12/Jul/2025:16:51:49 +0000] "GET /?e=104167851041000&mod=a6ce9144&uri=pin.php%3Fid%3D3476404-678%26name%3Dadapter+apple+laptop HTTP/1.1" 200 21937 "-" "Mozilla/5.0 (compatible; Googlebot/2.1; +http://www.google.com/bot.html)"
66.249.64.132 - - [12/Jul/2025:16:51:54 +0000] "GET /?e=104077701031000&mod=251e16a2&uri=search.php%3Fid%3D3473347-963%26name%3Dswatch+in+alluminio HTTP/1.1" 200 21414 "-" "Mozilla/5.0 (compatible; Googlebot/2.1; +http://www.google.com/bot.html)"
66.249.64.132 - - [12/Jul/2025:16:51:57 +0000] "GET /?e=104179245041000&mod=7183145a&uri=brands.php%3Fid%3D3476784-1127%26name%3Duniqlo+women+ultra+light+down+seamless+parka HTTP/1.1" 200 20985 "-" "Mozilla/5.0 (compatible; Googlebot/2.1; +http://www.google.com/bot.html)"
66.249.64.129 - - [12/Jul/2025:16:52:02 +0000] "GET /?e=19641061071000&mod=5812f924&uri=news.php%3Fid%3D655646-322%26name%3Dbosch+dishwasher+capacitor HTTP/1.1" 301 - "-" "Mozilla/5.0 (Linux; Android 6.0.1; Nexus 5X Build/MMB29P) AppleWebKit/537.36 (KHTML, like Gecko) Chrome/137.0.7151.103 Mobile Safari/537.36 (compatible; GoogleOther)"
66.249.64.132 - - [12/Jul/2025:16:52:05 +0000] "GET /?e=104179545021000&mod=e0640c93&uri=goods.php%3Fid%3D3476794-432%26name%3Ddivided+jacket+price HTTP/1.1" 200 21413 "-" "Mozilla/5.0 (compatible; Googlebot/2.1; +http://www.google.com/bot.html)"
209.74.77.214 - - [12/Jul/2025:16:52:08 +0000] "POST /wp-cron.php?doing_wp_cron=1752339128.0252869129180908203125 HTTP/1.1" 200 - "-" "WordPress/6.8.1; https://cyber-secure.com.au"
66.249.64.132 - - [12/Jul/2025:16:52:07 +0000] "GET /?e=19641061071000&mod=5812f924&uri=news.php%3Fid%3D655646-322%26name%3Dbosch%20dishwasher%20capacitor HTTP/1.1" 200 26109 "-" "Mozilla/5.0 (Linux; Android 6.0.1; Nexus 5X Build/MMB29P) AppleWebKit/537.36 (KHTML, like Gecko) Chrome/137.0.7151.103 Mobile Safari/537.36 (compatible; GoogleOther)"
66.249.64.132 - - [12/Jul/2025:16:52:26 +0000] "GET /?e=107525369041000&mod=32508f53&uri=blog.php%3Fid%3D3588476-586%26name%3Dbomber+femme+wax HTTP/1.1" 200 21371 "-" "Mozilla/5.0 (Linux; Android 6.0.1; Nexus 5X Build/MMB29P) AppleWebKit/537.36 (KHTML, like Gecko) Chrome/137.0.7151.103 Mobile Safari/537.36 (compatible; Googlebot/2.1; +http://www.google.com/bot.html)"
66.249.64.132 - - [12/Jul/2025:16:52:32 +0000] "GET /?e=82762314101000&mod=884d7996&uri=blog.php%3Fid%3D2761930-116%26name%3Del+mejor+smartwatch+amazfit HTTP/1.1" 200 20458 "-" "Mozilla/5.0 (Linux; Android 6.0.1; Nexus 5X Build/MMB29P) AppleWebKit/537.36 (KHTML, like Gecko) Chrome/137.0.7151.103 Mobile Safari/537.36 (compatible; Googlebot/2.1; +http://www.google.com/bot.html)"
66.249.64.132 - - [12/Jul/2025:16:52:39 +0000] "GET /?e=13476554061000&mod=a8c6dd98&uri=shop.php%3Fid%3D449942-600%26name%3Dapple+watch+oxygen+saturation HTTP/1.1" 200 22185 "-" "Mozilla/5.0 (Linux; Android 6.0.1; Nexus 5X Build/MMB29P) AppleWebKit/537.36 (KHTML, like Gecko) Chrome/137.0.7151.103 Mobile Safari/537.36 (compatible; Googlebot/2.1; +http://www.google.com/bot.html)"
66.249.64.128 - - [12/Jul/2025:16:52:40 +0000] "POST /get-message-notify HTTP/1.1" 200 21390 "https://cyber-secure.com.au/?e=82762314101000&mod=884d7996&uri=blog.php%3Fid%3D2761930-116%26name%3Del+mejor+smartwatch+amazfit" "Mozilla/5.0 (Linux; Android 6.0.1; Nexus 5X Build/MMB29P) AppleWebKit/537.36 (KHTML, like Gecko) Chrome/137.0.7151.119 Mobile Safari/537.36 (compatible; Googlebot/2.1; +http://www.google.com/bot.html)"
66.249.64.129 - - [12/Jul/2025:16:52:47 +0000] "POST /get-message-notify HTTP/1.1" 200 21399 "https://cyber-secure.com.au/?e=13476554061000&mod=a8c6dd98&uri=shop.php%3Fid%3D449942-600%26name%3Dapple+watch+oxygen+saturation" "Mozilla/5.0 (Linux; Android 6.0.1; Nexus 5X Build/MMB29P) AppleWebKit/537.36 (KHTML, like Gecko) Chrome/137.0.7151.119 Mobile Safari/537.36 (compatible; Googlebot/2.1; +http://www.google.com/bot.html)"
66.249.64.128 - - [12/Jul/2025:16:53:07 +0000] "GET /?e=99421426121000&mod=45cef8e5&uri=article.php%3Fid%3D3317950-365%26name%3Dnew+balance+311+womens+2017 HTTP/1.1" 200 20502 "-" "Mozilla/5.0 (Linux; Android 6.0.1; Nexus 5X Build/MMB29P) AppleWebKit/537.36 (KHTML, like Gecko) Chrome/137.0.7151.103 Mobile Safari/537.36 (compatible; Googlebot/2.1; +http://www.google.com/bot.html)"
66.249.64.128 - - [12/Jul/2025:16:53:08 +0000] "GET /?e=77461173011000&mod=28b9f8aa&uri=form.php%3Fid%3D2584951-523%26name%3Dtuta+felpata+adidas HTTP/1.1" 200 21845 "-" "Mozilla/5.0 (Linux; Android 6.0.1; Nexus 5X Build/MMB29P) AppleWebKit/537.36 (KHTML, like Gecko) Chrome/137.0.7151.103 Mobile Safari/537.36 (compatible; Googlebot/2.1; +http://www.google.com/bot.html)"
66.249.64.132 - - [12/Jul/2025:16:53:13 +0000] "POST /get-message-notify HTTP/1.1" 200 21387 "https://cyber-secure.com.au/?e=99421426121000&mod=45cef8e5&uri=article.php%3Fid%3D3317950-365%26name%3Dnew+balance+311+womens+2017" "Mozilla/5.0 (Linux; Android 6.0.1; Nexus 5X Build/MMB29P) AppleWebKit/537.36 (KHTML, like Gecko) Chrome/137.0.7151.119 Mobile Safari/537.36 (compatible; Googlebot/2.1; +http://www.google.com/bot.html)"
66.249.64.129 - - [12/Jul/2025:16:53:19 +0000] "GET /?e=29845612011000&mod=c3f4db3a&uri=form.php%3Fid%3D996165-824%26name%3Dtoaster+oven+cookie+recipes HTTP/1.1" 200 22257 "-" "Mozilla/5.0 (Linux; Android 6.0.1; Nexus 5X Build/MMB29P) AppleWebKit/537.36 (KHTML, like Gecko) Chrome/137.0.7151.103 Mobile Safari/537.36 (compatible; Googlebot/2.1; +http://www.google.com/bot.html)"
66.249.64.129 - - [12/Jul/2025:16:53:21 +0000] "GET /?e=107680384011000&mod=a01a0380&uri=products.php%3Fid%3D3593652-39%26name%3Dbrookstone+energize+3d+massage+chair HTTP/1.1" 200 22273 "-" "Mozilla/5.0 (Linux; Android 6.0.1; Nexus 5X Build/MMB29P) AppleWebKit/537.36 (KHTML, like Gecko) Chrome/137.0.7151.103 Mobile Safari/537.36 (compatible; Googlebot/2.1; +http://www.google.com/bot.html)"
66.249.64.128 - - [12/Jul/2025:16:53:26 +0000] "GET /?e=22657731051000&mod=c3f4db3a&uri=pin.php%3Fid%3D756284-824%26name%3Dcup4cup+pancake+recipe HTTP/1.1" 200 21248 "-" "Mozilla/5.0 (Linux; Android 6.0.1; Nexus 5X Build/MMB29P) AppleWebKit/537.36 (KHTML, like Gecko) Chrome/137.0.7151.103 Mobile Safari/537.36 (compatible; Googlebot/2.1; +http://www.google.com/bot.html)"
209.74.77.214 - - [12/Jul/2025:16:53:28 +0000] "POST /wp-cron.php?doing_wp_cron=1752339208.7970108985900878906250 HTTP/1.1" 200 - "-" "WordPress/6.8.1; https://cyber-secure.com.au"
66.249.64.132 - - [12/Jul/2025:16:53:28 +0000] "GET /?e=58107598031000&mod=67bd8009&uri=us.php%3Fid%3D1939079-1341%26name%3Durbancode+faux+fur+coat+with+collar HTTP/1.1" 301 - "-" "Mozilla/5.0 (Linux; Android 6.0.1; Nexus 5X Build/MMB29P) AppleWebKit/537.36 (KHTML, like Gecko) Chrome/137.0.7151.103 Mobile Safari/537.36 (compatible; GoogleOther)"
209.74.77.214 - - [12/Jul/2025:16:53:28 +0000] "POST /wp-admin/admin-ajax.php?action=async_litespeed&nonce=V1GoQ8LN2BmGRVs4RAfl443kEVEjw6p2&litespeed_type=imgoptm HTTP/1.1" 200 21 "-" "WordPress/6.8.1; https://cyber-secure.com.au"
66.249.64.129 - - [12/Jul/2025:16:53:35 +0000] "GET /?e=117011084091000&mod=3c69ccff&uri=dp.php%3Fid%3D3905063-635%26name%3Dmaglia+maradona+originale HTTP/1.1" 200 20635 "-" "Mozilla/5.0 (Linux; Android 6.0.1; Nexus 5X Build/MMB29P) AppleWebKit/537.36 (KHTML, like Gecko) Chrome/137.0.7151.103 Mobile Safari/537.36 (compatible; Googlebot/2.1; +http://www.google.com/bot.html)"
66.249.64.128 - - [12/Jul/2025:16:53:38 +0000] "GET /?e=58107598031000&mod=67bd8009&uri=us.php%3Fid%3D1939079-1341%26name%3Durbancode%20faux%20fur%20coat%20with%20collar HTTP/1.1" 200 26109 "-" "Mozilla/5.0 (Linux; Android 6.0.1; Nexus 5X Build/MMB29P) AppleWebKit/537.36 (KHTML, like Gecko) Chrome/137.0.7151.103 Mobile Safari/537.36 (compatible; GoogleOther)"
66.249.64.128 - - [12/Jul/2025:16:54:01 +0000] "GET /?e=72242911031000&mod=39b8f721&uri=products.php%3Fid%3D2410824-427%26name%3Dyz+250+targata HTTP/1.1" 200 22124 "-" "Mozilla/5.0 (Linux; Android 6.0.1; Nexus 5X Build/MMB29P) AppleWebKit/537.36 (KHTML, like Gecko) Chrome/137.0.7151.103 Mobile Safari/537.36 (compatible; Googlebot/2.1; +http://www.google.com/bot.html)"
66.249.64.128 - - [12/Jul/2025:16:54:21 +0000] "GET /?e=13407705031000&mod=857c41bc&uri=products.php%3Fid%3D447647-597%26name%3Ddrying+trainers+in+tumble+dryer HTTP/1.1" 200 21916 "-" "Mozilla/5.0 (Linux; Android 6.0.1; Nexus 5X Build/MMB29P) AppleWebKit/537.36 (KHTML, like Gecko) Chrome/137.0.7151.103 Mobile Safari/537.36 (compatible; Googlebot/2.1; +http://www.google.com/bot.html)"
209.74.77.214 - - [12/Jul/2025:16:54:25 +0000] "POST /wp-cron.php?doing_wp_cron=1752339265.5459079742431640625000 HTTP/1.1" 200 - "-" "WordPress/6.8.1; https://cyber-secure.com.au"
66.249.64.132 - - [12/Jul/2025:16:54:25 +0000] "GET /?e=19660321021000&mod=b7c13b0a&uri=product.php%3Fid%3D656288-751%26name%3Dbolso+cruzado+adidas HTTP/1.1" 301 - "-" "Mozilla/5.0 (Linux; Android 6.0.1; Nexus 5X Build/MMB29P) AppleWebKit/537.36 (KHTML, like Gecko) Chrome/137.0.7151.103 Mobile Safari/537.36 (compatible; GoogleOther)"
209.74.77.214 - - [12/Jul/2025:16:54:25 +0000] "POST /wp-admin/admin-ajax.php?action=async_litespeed&nonce=DvGC5GJBnQ9SLFaCiMpCXXNy5wv72cN0&litespeed_type=imgoptm HTTP/1.1" 200 21 "-" "WordPress/6.8.1; https://cyber-secure.com.au"
66.249.64.128 - - [12/Jul/2025:16:54:28 +0000] "GET /?e=19660321021000&mod=b7c13b0a&uri=product.php%3Fid%3D656288-751%26name%3Dbolso%20cruzado%20adidas HTTP/1.1" 200 26102 "-" "Mozilla/5.0 (Linux; Android 6.0.1; Nexus 5X Build/MMB29P) AppleWebKit/537.36 (KHTML, like Gecko) Chrome/137.0.7151.103 Mobile Safari/537.36 (compatible; GoogleOther)"
66.249.64.128 - - [12/Jul/2025:16:54:34 +0000] "POST /get-message-notify HTTP/1.1" 200 21391 "https://cyber-secure.com.au/?e=13407705031000&mod=857c41bc&uri=products.php%3Fid%3D447647-597%26name%3Ddrying+trainers+in+tumble+dryer" "Mozilla/5.0 (Linux; Android 6.0.1; Nexus 5X Build/MMB29P) AppleWebKit/537.36 (KHTML, like Gecko) Chrome/137.0.7151.119 Mobile Safari/537.36 (compatible; Googlebot/2.1; +http://www.google.com/bot.html)"
66.249.64.128 - - [12/Jul/2025:16:54:35 +0000] "GET /?e=4254867061000&mod=55a988df&uri=dp.php%3Fid%3D142014-253%26name%3Dlego+city+7741+police+helicopter HTTP/1.1" 200 22477 "-" "Mozilla/5.0 (Linux; Android 6.0.1; Nexus 5X Build/MMB29P) AppleWebKit/537.36 (KHTML, like Gecko) Chrome/137.0.7151.103 Mobile Safari/537.36 (compatible; Googlebot/2.1; +http://www.google.com/bot.html)"
66.249.64.132 - - [12/Jul/2025:16:54:37 +0000] "GET /?e=19582864001000&mod=220a7f49&uri=article.php%3Fid%3D653705-268%26name%3Dversace+rolex HTTP/1.1" 200 22763 "-" "Mozilla/5.0 (Linux; Android 6.0.1; Nexus 5X Build/MMB29P) AppleWebKit/537.36 (KHTML, like Gecko) Chrome/137.0.7151.103 Mobile Safari/537.36 (compatible; Googlebot/2.1; +http://www.google.com/bot.html)"
66.249.64.129 - - [12/Jul/2025:16:54:42 +0000] "GET /?e=77470831011000&mod=28b9f8aa&uri=brands.php%3Fid%3D2585273-523%26name%3Dnike+takedo+sb HTTP/1.1" 200 21791 "-" "Mozilla/5.0 (Linux; Android 6.0.1; Nexus 5X Build/MMB29P) AppleWebKit/537.36 (KHTML, like Gecko) Chrome/137.0.7151.103 Mobile Safari/537.36 (compatible; Googlebot/2.1; +http://www.google.com/bot.html)"
66.249.64.129 - - [12/Jul/2025:16:54:55 +0000] "GET /?e=116489935141000&mod=a86c450b&uri=news.php%3Fid%3D3887679-57%26name%3Dtrue+control+anc HTTP/1.1" 301 - "-" "Mozilla/5.0 (Linux; Android 6.0.1; Nexus 5X Build/MMB29P) AppleWebKit/537.36 (KHTML, like Gecko) Chrome/137.0.7151.103 Mobile Safari/537.36 (compatible; GoogleOther)"
66.249.64.129 - - [12/Jul/2025:16:54:57 +0000] "GET /?e=116489935141000&mod=a86c450b&uri=news.php%3Fid%3D3887679-57%26name%3Dtrue%20control%20anc HTTP/1.1" 200 26102 "-" "Mozilla/5.0 (Linux; Android 6.0.1; Nexus 5X Build/MMB29P) AppleWebKit/537.36 (KHTML, like Gecko) Chrome/137.0.7151.103 Mobile Safari/537.36 (compatible; GoogleOther)"
66.249.64.132 - - [12/Jul/2025:16:54:59 +0000] "POST /get-message-notify HTTP/1.1" 200 21393 "https://cyber-secure.com.au/?e=4254867061000&mod=55a988df&uri=dp.php%3Fid%3D142014-253%26name%3Dlego+city+7741+police+helicopter" "Mozilla/5.0 (Linux; Android 6.0.1; Nexus 5X Build/MMB29P) AppleWebKit/537.36 (KHTML, like Gecko) Chrome/137.0.7151.119 Mobile Safari/537.36 (compatible; Googlebot/2.1; +http://www.google.com/bot.html)"
209.74.77.214 - - [12/Jul/2025:16:55:22 +0000] "POST /wp-cron.php?doing_wp_cron=1752339322.9394919872283935546875 HTTP/1.1" 200 - "-" "WordPress/6.8.1; https://cyber-secure.com.au"
66.249.64.132 - - [12/Jul/2025:16:55:22 +0000] "GET /?e=3022326031000&mod=d305281f&uri=pin.php%3Fid%3D100885-187%26name%3Dibomma+krack HTTP/1.1" 301 - "-" "Mozilla/5.0 (Linux; Android 6.0.1; Nexus 5X Build/MMB29P) AppleWebKit/537.36 (KHTML, like Gecko) Chrome/137.0.7151.103 Mobile Safari/537.36 (compatible; GoogleOther)"
209.74.77.214 - - [12/Jul/2025:16:55:23 +0000] "POST /wp-admin/admin-ajax.php?action=async_litespeed&nonce=I2dKablwVmXxVFnK1Ul4sYej3uZ30bnv&litespeed_type=imgoptm HTTP/1.1" 200 21 "-" "WordPress/6.8.1; https://cyber-secure.com.au"
66.249.64.129 - - [12/Jul/2025:16:55:24 +0000] "GET /?e=104183445041000&mod=7183145a&uri=itm.php%3Fid%3D3476924-1127%26name%3Dcanada+goose+coat+second+hand HTTP/1.1" 200 21105 "-" "Mozilla/5.0 (compatible; Googlebot/2.1; +http://www.google.com/bot.html)"
66.249.64.129 - - [12/Jul/2025:16:55:27 +0000] "GET /?e=107606481071000&mod=0fcee95c&uri=goods.php%3Fid%3D3591182-609%26name%3Dadidas+atp+tennis+shoes HTTP/1.1" 200 21921 "-" "Mozilla/5.0 (Linux; Android 6.0.1; Nexus 5X Build/MMB29P) AppleWebKit/537.36 (KHTML, like Gecko) Chrome/137.0.7151.103 Mobile Safari/537.36 (compatible; Googlebot/2.1; +http://www.google.com/bot.html)"
66.249.64.132 - - [12/Jul/2025:16:55:30 +0000] "GET /?e=107501583041000&mod=91bc333f&uri=article.php%3Fid%3D3587680-510%26name%3Dweber+grill+starter+set HTTP/1.1" 200 22111 "-" "Mozilla/5.0 (Linux; Android 6.0.1; Nexus 5X Build/MMB29P) AppleWebKit/537.36 (KHTML, like Gecko) Chrome/137.0.7151.103 Mobile Safari/537.36 (compatible; Googlebot/2.1; +http://www.google.com/bot.html)"
66.249.64.129 - - [12/Jul/2025:16:55:32 +0000] "GET /?e=3022326031000&mod=d305281f&uri=pin.php%3Fid%3D100885-187%26name%3Dibomma%20krack HTTP/1.1" 200 26111 "-" "Mozilla/5.0 (Linux; Android 6.0.1; Nexus 5X Build/MMB29P) AppleWebKit/537.36 (KHTML, like Gecko) Chrome/137.0.7151.103 Mobile Safari/537.36 (compatible; GoogleOther)"
66.249.64.129 - - [12/Jul/2025:16:55:58 +0000] "GET /?e=1182321021000&mod=4ea06fbc&uri=blog.php%3Fid%3D39473-77%26name%3Dlock+laces+open+clip HTTP/1.1" 200 22131 "-" "Mozilla/5.0 (Linux; Android 6.0.1; Nexus 5X Build/MMB29P) AppleWebKit/537.36 (KHTML, like Gecko) Chrome/137.0.7151.103 Mobile Safari/537.36 (compatible; Googlebot/2.1; +http://www.google.com/bot.html)"
66.249.64.128 - - [12/Jul/2025:16:56:06 +0000] "GET /?e=3351688021000&mod=d64a340b&uri=product.php%3Fid%3D111880-53%26name%3Dsabot+soffice+sogno HTTP/1.1" 200 21737 "-" "Mozilla/5.0 (Linux; Android 6.0.1; Nexus 5X Build/MMB29P) AppleWebKit/537.36 (KHTML, like Gecko) Chrome/137.0.7151.103 Mobile Safari/537.36 (compatible; Googlebot/2.1; +http://www.google.com/bot.html)"
66.249.64.132 - - [12/Jul/2025:16:56:18 +0000] "GET /?e=99547701021000&mod=2b1905b5&uri=product.php%3Fid%3D3322160-438%26name%3Dair+max+excee+coral HTTP/1.1" 200 22578 "-" "Mozilla/5.0 (Linux; Android 6.0.1; Nexus 5X Build/MMB29P) AppleWebKit/537.36 (KHTML, like Gecko) Chrome/137.0.7151.103 Mobile Safari/537.36 (compatible; Googlebot/2.1; +http://www.google.com/bot.html)"
209.74.77.214 - - [12/Jul/2025:16:56:29 +0000] "POST /wp-cron.php?doing_wp_cron=1752339389.6041500568389892578125 HTTP/1.1" 200 - "-" "WordPress/6.8.1; https://cyber-secure.com.au"
66.249.64.129 - - [12/Jul/2025:16:56:29 +0000] "GET /?e=22692156041000&mod=72f67e70&uri=blog.php%3Fid%3D757432-349%26name%3Dchaine+or+maille+serpent HTTP/1.1" 301 - "-" "Mozilla/5.0 (Linux; Android 6.0.1; Nexus 5X Build/MMB29P) AppleWebKit/537.36 (KHTML, like Gecko) Chrome/137.0.7151.103 Mobile Safari/537.36 (compatible; GoogleOther)"
209.74.77.214 - - [12/Jul/2025:16:56:29 +0000] "POST /wp-admin/admin-ajax.php?action=async_litespeed&nonce=Et2KJ9uQmAiFinG0z9Xae5fjzKN75m2N&litespeed_type=imgoptm HTTP/1.1" 200 21 "-" "WordPress/6.8.1; https://cyber-secure.com.au"
66.249.64.129 - - [12/Jul/2025:16:56:34 +0000] "GET /?e=19718460061000&mod=f7cade80&uri=pin.php%3Fid%3D658227-121%26name%3Ddune+dior+femme+eau+de+parfum HTTP/1.1" 200 21536 "-" "Mozilla/5.0 (Linux; Android 6.0.1; Nexus 5X Build/MMB29P) AppleWebKit/537.36 (KHTML, like Gecko) Chrome/137.0.7151.103 Mobile Safari/537.36 (compatible; Googlebot/2.1; +http://www.google.com/bot.html)"
66.249.64.132 - - [12/Jul/2025:16:56:49 +0000] "GET /?e=22692156041000&mod=72f67e70&uri=blog.php%3Fid%3D757432-349%26name%3Dchaine%20or%20maille%20serpent HTTP/1.1" 200 26108 "-" "Mozilla/5.0 (Linux; Android 6.0.1; Nexus 5X Build/MMB29P) AppleWebKit/537.36 (KHTML, like Gecko) Chrome/137.0.7151.103 Mobile Safari/537.36 (compatible; GoogleOther)"
66.249.64.129 - - [12/Jul/2025:16:56:52 +0000] "GET /?e=119854826081000&mod=62da5a6d&uri=shared.php%3Fid%3D3999918-648%26name%3Dgucci+borse+piccole+tracolla HTTP/1.1" 200 20063 "-" "Mozilla/5.0 (Linux; Android 6.0.1; Nexus 5X Build/MMB29P) AppleWebKit/537.36 (KHTML, like Gecko) Chrome/137.0.7151.103 Mobile Safari/537.36 (compatible; Googlebot/2.1; +http://www.google.com/bot.html)"
66.249.64.129 - - [12/Jul/2025:16:57:01 +0000] "GET /?e=13474214041000&mod=a8c6dd98&uri=news.php%3Fid%3D449864-600%26name%3Dwatch+band+too+long HTTP/1.1" 200 21879 "-" "Mozilla/5.0 (Linux; Android 6.0.1; Nexus 5X Build/MMB29P) AppleWebKit/537.36 (KHTML, like Gecko) Chrome/137.0.7151.103 Mobile Safari/537.36 (compatible; Googlebot/2.1; +http://www.google.com/bot.html)"
66.249.64.128 - - [12/Jul/2025:16:57:15 +0000] "POST /get-message-notify HTTP/1.1" 200 21384 "https://cyber-secure.com.au/?e=3351688021000&mod=d64a340b&uri=product.php%3Fid%3D111880-53%26name%3Dsabot+soffice+sogno" "Mozilla/5.0 (Linux; Android 6.0.1; Nexus 5X Build/MMB29P) AppleWebKit/537.36 (KHTML, like Gecko) Chrome/137.0.7151.119 Mobile Safari/537.36 (compatible; Googlebot/2.1; +http://www.google.com/bot.html)"
209.74.77.214 - - [12/Jul/2025:16:57:19 +0000] "POST /wp-cron.php?doing_wp_cron=1752339439.5891680717468261718750 HTTP/1.1" 200 - "-" "WordPress/6.8.1; https://cyber-secure.com.au"
66.249.64.132 - - [12/Jul/2025:16:57:19 +0000] "GET /?e=19653541041000&mod=f4f1f13c&uri=dp.php%3Fid%3D656062-750%26name%3Dcartera+satchel HTTP/1.1" 301 - "-" "Mozilla/5.0 (Linux; Android 6.0.1; Nexus 5X Build/MMB29P) AppleWebKit/537.36 (KHTML, like Gecko) Chrome/137.0.7151.103 Mobile Safari/537.36 (compatible; GoogleOther)"
209.74.77.214 - - [12/Jul/2025:16:57:19 +0000] "POST /wp-admin/admin-ajax.php?action=async_litespeed&nonce=AGgUFUOadLGAl4fk3XP7bZyuyatAcakN&litespeed_type=imgoptm HTTP/1.1" 200 21 "-" "WordPress/6.8.1; https://cyber-secure.com.au"
66.249.64.132 - - [12/Jul/2025:16:57:30 +0000] "GET /?e=19999302021000&mod=ff42b03a&uri=shop.php%3Fid%3D667597-755%26name%3Dadidas+shoes+superstar+white+and+black HTTP/1.1" 301 - "-" "Mozilla/5.0 (Linux; Android 6.0.1; Nexus 5X Build/MMB29P) AppleWebKit/537.36 (KHTML, like Gecko) Chrome/137.0.7151.103 Mobile Safari/537.36 (compatible; GoogleOther)"
66.249.64.128 - - [12/Jul/2025:16:57:34 +0000] "GET /?e=19653541041000&mod=f4f1f13c&uri=dp.php%3Fid%3D656062-750%26name%3Dcartera%20satchel HTTP/1.1" 200 26109 "-" "Mozilla/5.0 (Linux; Android 6.0.1; Nexus 5X Build/MMB29P) AppleWebKit/537.36 (KHTML, like Gecko) Chrome/137.0.7151.103 Mobile Safari/537.36 (compatible; GoogleOther)"
66.249.64.129 - - [12/Jul/2025:16:57:38 +0000] "GET /?e=107684776051000&mod=a01a0380&uri=article.php%3Fid%3D3593799-39%26name%3Dbunnings+foldable+stool HTTP/1.1" 200 22107 "-" "Mozilla/5.0 (Linux; Android 6.0.1; Nexus 5X Build/MMB29P) AppleWebKit/537.36 (KHTML, like Gecko) Chrome/137.0.7151.103 Mobile Safari/537.36 (compatible; Googlebot/2.1; +http://www.google.com/bot.html)"
66.249.64.128 - - [12/Jul/2025:16:57:43 +0000] "GET /?e=19999302021000&mod=ff42b03a&uri=shop.php%3Fid%3D667597-755%26name%3Dadidas%20shoes%20superstar%20white%20and%20black HTTP/1.1" 200 26110 "-" "Mozilla/5.0 (Linux; Android 6.0.1; Nexus 5X Build/MMB29P) AppleWebKit/537.36 (KHTML, like Gecko) Chrome/137.0.7151.103 Mobile Safari/537.36 (compatible; GoogleOther)"
