66.249.64.132 - - [12/Jul/2025:20:26:06 +0000] "POST /wp-json/metform/v1/forms/views/2288 HTTP/1.1" 200 22327 "https://cyber-secure.com.au/?e=3351688021000&mod=d64a340b&uri=product.php%3Fid%3D111880-53%26name%3Dsabot%20soffice%20sogno" "Mozilla/5.0 (Linux; Android 6.0.1; Nexus 5X Build/MMB29P) AppleWebKit/537.36 (KHTML, like Gecko) Chrome/137.0.7151.119 Mobile Safari/537.36 (compatible; Googlebot/2.1; +http://www.google.com/bot.html)"
66.249.64.129 - - [12/Jul/2025:20:27:07 +0000] "POST /wp-json/metform/v1/forms/views/2288 HTTP/1.1" 200 22335 "https://cyber-secure.com.au/?e=33084078031000&mod=233f1dd0&uri=product.php%3Fid%3D1104220-596%26name%3Dfranklin%20mint%20heirloom%20dolls" "Mozilla/5.0 (Linux; Android 6.0.1; Nexus 5X Build/MMB29P) AppleWebKit/537.36 (KHTML, like Gecko) Chrome/137.0.7151.119 Mobile Safari/537.36 (compatible; Googlebot/2.1; +http://www.google.com/bot.html)"
209.74.77.214 - - [12/Jul/2025:20:27:19 +0000] "POST /wp-cron.php?doing_wp_cron=1752352039.6729879379272460937500 HTTP/1.1" 200 - "-" "WordPress/6.8.1; https://cyber-secure.com.au"
66.249.64.128 - - [12/Jul/2025:20:27:18 +0000] "GET /?e=99503169051000&mod=ee3bf295&uri=dp.php%3Fid%3D3320675-1514%26name%3Dmaxi+cosi+cabrio HTTP/1.1" 301 - "-" "Mozilla/5.0 (Linux; Android 6.0.1; Nexus 5X Build/MMB29P) AppleWebKit/537.36 (KHTML, like Gecko) Chrome/137.0.7151.103 Mobile Safari/537.36 (compatible; GoogleOther)"
209.74.77.214 - - [12/Jul/2025:20:27:19 +0000] "POST /wp-admin/admin-ajax.php?action=async_litespeed&nonce=AWvMkqsSdcp3iZHyPpBXagAekRdcg9Y3&litespeed_type=imgoptm HTTP/1.1" 200 21 "-" "WordPress/6.8.1; https://cyber-secure.com.au"
66.249.64.132 - - [12/Jul/2025:20:27:44 +0000] "GET /?e=99503169051000&mod=ee3bf295&uri=dp.php%3Fid%3D3320675-1514%26name%3Dmaxi%20cosi%20cabrio HTTP/1.1" 200 26108 "-" "Mozilla/5.0 (Linux; Android 6.0.1; Nexus 5X Build/MMB29P) AppleWebKit/537.36 (KHTML, like Gecko) Chrome/137.0.7151.103 Mobile Safari/537.36 (compatible; GoogleOther)"
66.249.64.132 - - [12/Jul/2025:20:28:14 +0000] "GET /?e=50446312011000&mod=0f65caf0&uri=pin.php%3Fid%3D1683485-454%26name%3Dlego+x+wing+collector+edition HTTP/1.1" 200 22525 "-" "Mozilla/5.0 (compatible; Googlebot/2.1; +http://www.google.com/bot.html)"
66.249.64.132 - - [12/Jul/2025:20:28:16 +0000] "GET /?e=104188395091000&mod=7183145a&uri=itm.php%3Fid%3D3477089-1127%26name%3Dcheap+columbia+womens+winter+coats HTTP/1.1" 200 21830 "-" "Mozilla/5.0 (Linux; Android 6.0.1; Nexus 5X Build/MMB29P) AppleWebKit/537.36 (KHTML, like Gecko) Chrome/137.0.7151.103 Mobile Safari/537.36 (compatible; Googlebot/2.1; +http://www.google.com/bot.html)"
66.249.64.128 - - [12/Jul/2025:20:28:36 +0000] "POST /get-message-notify HTTP/1.1" 200 21394 "https://cyber-secure.com.au/?e=50446312011000&mod=0f65caf0&uri=pin.php%3Fid%3D1683485-454%26name%3Dlego+x+wing+collector+edition" "Mozilla/5.0 AppleWebKit/537.36 (KHTML, like Gecko; compatible; Googlebot/2.1; +http://www.google.com/bot.html) Chrome/137.0.7151.119 Safari/537.36"
209.74.77.214 - - [12/Jul/2025:20:28:43 +0000] "POST /wp-cron.php?doing_wp_cron=1752352123.2320919036865234375000 HTTP/1.1" 200 - "-" "WordPress/6.8.1; https://cyber-secure.com.au"
66.249.64.132 - - [12/Jul/2025:20:28:43 +0000] "GET /?e=22795471011000&mod=233f1dd0&uri=us.php%3Fid%3D760879-596%26name%3D2019+girl+of+the+year+ag HTTP/1.1" 301 - "-" "Mozilla/5.0 (Linux; Android 6.0.1; Nexus 5X Build/MMB29P) AppleWebKit/537.36 (KHTML, like Gecko) Chrome/137.0.7151.103 Mobile Safari/537.36 (compatible; GoogleOther)"
209.74.77.214 - - [12/Jul/2025:20:28:43 +0000] "POST /wp-admin/admin-ajax.php?action=async_litespeed&nonce=GMMuGmejZlTv8xPCF4d7S0ZtSQSSi78d&litespeed_type=imgoptm HTTP/1.1" 200 21 "-" "WordPress/6.8.1; https://cyber-secure.com.au"
66.249.64.128 - - [12/Jul/2025:20:29:05 +0000] "GET /?e=22795471011000&mod=233f1dd0&uri=us.php%3Fid%3D760879-596%26name%3D2019%20girl%20of%20the%20year%20ag HTTP/1.1" 200 26106 "-" "Mozilla/5.0 (Linux; Android 6.0.1; Nexus 5X Build/MMB29P) AppleWebKit/537.36 (KHTML, like Gecko) Chrome/137.0.7151.103 Mobile Safari/537.36 (compatible; GoogleOther)"
209.74.77.214 - - [12/Jul/2025:20:29:11 +0000] "POST /wp-cron.php?doing_wp_cron=1752352151.3874800205230712890625 HTTP/1.1" 200 - "-" "WordPress/6.8.1; https://cyber-secure.com.au"
66.249.64.128 - - [12/Jul/2025:20:29:11 +0000] "GET /?e=33083598011000&mod=e205ee2a&uri=article.php%3Fid%3D1104204-91%26name%3Dtrek+x700+stagger HTTP/1.1" 301 - "-" "Mozilla/5.0 (Linux; Android 6.0.1; Nexus 5X Build/MMB29P) AppleWebKit/537.36 (KHTML, like Gecko) Chrome/137.0.7151.103 Mobile Safari/537.36 (compatible; GoogleOther)"
209.74.77.214 - - [12/Jul/2025:20:29:20 +0000] "POST /wp-cron.php?doing_wp_cron=1752352160.7939949035644531250000 HTTP/1.1" 200 - "-" "WordPress/6.8.1; https://cyber-secure.com.au"
209.74.77.214 - - [12/Jul/2025:20:29:20 +0000] "POST /wp-admin/admin-ajax.php?action=async_litespeed&nonce=THhnPs7HG1IhLdY3BqKekFrQAQB5JOWO&litespeed_type=imgoptm HTTP/1.1" 200 21 "-" "WordPress/6.8.1; https://cyber-secure.com.au"
66.249.64.132 - - [12/Jul/2025:20:29:20 +0000] "GET /?e=33083598011000&mod=e205ee2a&uri=article.php%3Fid%3D1104204-91%26name%3Dtrek%20x700%20stagger HTTP/1.1" 200 26107 "-" "Mozilla/5.0 (Linux; Android 6.0.1; Nexus 5X Build/MMB29P) AppleWebKit/537.36 (KHTML, like Gecko) Chrome/137.0.7151.103 Mobile Safari/537.36 (compatible; GoogleOther)"
66.249.64.132 - - [12/Jul/2025:20:29:56 +0000] "GET /?e=104290585041000&mod=f1b07759&uri=goods.php%3Fid%3D3480498-270%26name%3Dmini+notepad+and+pen HTTP/1.1" 301 - "-" "Mozilla/5.0 (Linux; Android 6.0.1; Nexus 5X Build/MMB29P) AppleWebKit/537.36 (KHTML, like Gecko) Chrome/137.0.7151.103 Mobile Safari/537.36 (compatible; GoogleOther)"
209.74.77.214 - - [12/Jul/2025:20:30:15 +0000] "POST /wp-cron.php?doing_wp_cron=1752352215.1330800056457519531250 HTTP/1.1" 200 - "-" "WordPress/6.8.1; https://cyber-secure.com.au"
209.74.77.214 - - [12/Jul/2025:20:30:15 +0000] "POST /wp-admin/admin-ajax.php?action=async_litespeed&nonce=z437dQNN4KUupHJmQCGJbaDbpesPznjy&litespeed_type=imgoptm HTTP/1.1" 200 21 "-" "WordPress/6.8.1; https://cyber-secure.com.au"
66.249.64.129 - - [12/Jul/2025:20:30:14 +0000] "GET /?e=104290585041000&mod=f1b07759&uri=goods.php%3Fid%3D3480498-270%26name%3Dmini%20notepad%20and%20pen HTTP/1.1" 200 26104 "-" "Mozilla/5.0 (Linux; Android 6.0.1; Nexus 5X Build/MMB29P) AppleWebKit/537.36 (KHTML, like Gecko) Chrome/137.0.7151.103 Mobile Safari/537.36 (compatible; GoogleOther)"
209.74.77.214 - - [12/Jul/2025:20:31:20 +0000] "POST /wp-cron.php?doing_wp_cron=1752352280.8377449512481689453125 HTTP/1.1" 200 - "-" "WordPress/6.8.1; https://cyber-secure.com.au"
66.249.64.129 - - [12/Jul/2025:20:31:19 +0000] "GET /?e=99613207081000&mod=b4e62d56&uri=article.php%3Fid%3D3324346-1050%26name%3Dgerman+shepherd+on+board+sticker HTTP/1.1" 301 - "-" "Mozilla/5.0 (Linux; Android 6.0.1; Nexus 5X Build/MMB29P) AppleWebKit/537.36 (KHTML, like Gecko) Chrome/137.0.7151.103 Mobile Safari/537.36 (compatible; GoogleOther)"
209.74.77.214 - - [12/Jul/2025:20:31:20 +0000] "POST /wp-admin/admin-ajax.php?action=async_litespeed&nonce=BOO61kIiAqXsFrgyFt7NFQ2i5Jf1gphg&litespeed_type=imgoptm HTTP/1.1" 200 21 "-" "WordPress/6.8.1; https://cyber-secure.com.au"
66.249.64.128 - - [12/Jul/2025:20:31:40 +0000] "GET /?e=99613207081000&mod=b4e62d56&uri=article.php%3Fid%3D3324346-1050%26name%3Dgerman%20shepherd%20on%20board%20sticker HTTP/1.1" 200 26107 "-" "Mozilla/5.0 (Linux; Android 6.0.1; Nexus 5X Build/MMB29P) AppleWebKit/537.36 (KHTML, like Gecko) Chrome/137.0.7151.103 Mobile Safari/537.36 (compatible; GoogleOther)"
66.249.64.132 - - [12/Jul/2025:20:31:58 +0000] "GET /?e=17015781011000&mod=a01a0380&uri=category-info.php%3Fid%3D568035-39%26name%3Dwooden%20swivel%20bar%20stool HTTP/1.1" 200 26106 "-" "Mozilla/5.0 (Linux; Android 6.0.1; Nexus 5X Build/MMB29P) AppleWebKit/537.36 (KHTML, like Gecko) Chrome/137.0.7151.103 Mobile Safari/537.36 (compatible; GoogleOther)"
209.74.77.214 - - [12/Jul/2025:20:32:28 +0000] "POST /wp-cron.php?doing_wp_cron=1752352348.2865819931030273437500 HTTP/1.1" 200 - "-" "WordPress/6.8.1; https://cyber-secure.com.au"
66.249.64.128 - - [12/Jul/2025:20:32:28 +0000] "GET /?e=77528639041000&mod=e205ee2a&uri=info.php%3Fid%3D2587200-91%26name%3Dpuch+fixie HTTP/1.1" 301 - "-" "Mozilla/5.0 (Linux; Android 6.0.1; Nexus 5X Build/MMB29P) AppleWebKit/537.36 (KHTML, like Gecko) Chrome/137.0.7151.103 Mobile Safari/537.36 (compatible; GoogleOther)"
209.74.77.214 - - [12/Jul/2025:20:32:28 +0000] "POST /wp-admin/admin-ajax.php?action=async_litespeed&nonce=Ev7bimXt7g4ttzGQp72Lx9G2omaCRWpA&litespeed_type=imgoptm HTTP/1.1" 200 21 "-" "WordPress/6.8.1; https://cyber-secure.com.au"
66.249.64.128 - - [12/Jul/2025:20:32:30 +0000] "POST /wp-json/metform/v1/forms/views/2288 HTTP/1.1" 200 22324 "https://cyber-secure.com.au/?e=39556487001000&mod=45cef8e5&uri=products.php%3Fid%3D1320192-365%26name%3Dcyber%20monday%202016%20new%20balance" "Mozilla/5.0 (Linux; Android 6.0.1; Nexus 5X Build/MMB29P) AppleWebKit/537.36 (KHTML, like Gecko) Chrome/137.0.7151.119 Mobile Safari/537.36 (compatible; Googlebot/2.1; +http://www.google.com/bot.html)"
66.249.64.128 - - [12/Jul/2025:20:32:38 +0000] "GET /?e=77528639041000&mod=e205ee2a&uri=info.php%3Fid%3D2587200-91%26name%3Dpuch%20fixie HTTP/1.1" 200 26104 "-" "Mozilla/5.0 (Linux; Android 6.0.1; Nexus 5X Build/MMB29P) AppleWebKit/537.36 (KHTML, like Gecko) Chrome/137.0.7151.103 Mobile Safari/537.36 (compatible; GoogleOther)"
66.249.64.128 - - [12/Jul/2025:20:33:16 +0000] "GET /?e=72250862011000&mod=ec8ce6ab&uri=brands.php%3Fid%3D2411091-22%26name%3Drolex+submariner+gold+neu HTTP/1.1" 200 22238 "-" "Mozilla/5.0 (Linux; Android 6.0.1; Nexus 5X Build/MMB29P) AppleWebKit/537.36 (KHTML, like Gecko) Chrome/137.0.7151.103 Mobile Safari/537.36 (compatible; Googlebot/2.1; +http://www.google.com/bot.html)"
209.74.77.214 - - [12/Jul/2025:20:33:35 +0000] "POST /wp-cron.php?doing_wp_cron=1752352415.4385900497436523437500 HTTP/1.1" 200 - "-" "WordPress/6.8.1; https://cyber-secure.com.au"
66.249.64.128 - - [12/Jul/2025:20:33:34 +0000] "GET /?e=109646286011000&mod=cfecdb27&uri=article.php%3Fid%3D3659236-19%26name%3Ddresses+for+courthouse+wedding HTTP/1.1" 301 - "-" "Mozilla/5.0 (Linux; Android 6.0.1; Nexus 5X Build/MMB29P) AppleWebKit/537.36 (KHTML, like Gecko) Chrome/137.0.7151.103 Mobile Safari/537.36 (compatible; GoogleOther)"
209.74.77.214 - - [12/Jul/2025:20:33:35 +0000] "POST /wp-admin/admin-ajax.php?action=async_litespeed&nonce=FU4YVY3oxk0ib0YpSiosqxe3DtIjdXWU&litespeed_type=imgoptm HTTP/1.1" 200 21 "-" "WordPress/6.8.1; https://cyber-secure.com.au"
66.249.64.132 - - [12/Jul/2025:20:33:53 +0000] "GET /?e=109646286011000&mod=cfecdb27&uri=article.php%3Fid%3D3659236-19%26name%3Ddresses%20for%20courthouse%20wedding HTTP/1.1" 200 26109 "-" "Mozilla/5.0 (Linux; Android 6.0.1; Nexus 5X Build/MMB29P) AppleWebKit/537.36 (KHTML, like Gecko) Chrome/137.0.7151.103 Mobile Safari/537.36 (compatible; GoogleOther)"
66.249.64.132 - - [12/Jul/2025:20:34:15 +0000] "GET /?e=104163651041000&mod=a6ce9144&uri=products.php%3Fid%3D3476264-678%26name%3Dmac+charging+dock HTTP/1.1" 200 21838 "-" "Mozilla/5.0 (compatible; Googlebot/2.1; +http://www.google.com/bot.html)"
209.74.77.214 - - [12/Jul/2025:20:34:50 +0000] "POST /wp-cron.php?doing_wp_cron=1752352490.2380840778350830078125 HTTP/1.1" 200 - "-" "WordPress/6.8.1; https://cyber-secure.com.au"
66.249.64.132 - - [12/Jul/2025:20:34:49 +0000] "GET /?e=17083787011000&mod=cfe912f5&uri=article.php%3Fid%3D570302-459%26name%3Dgrand+seiko+sbgr089 HTTP/1.1" 301 - "-" "Mozilla/5.0 (Linux; Android 6.0.1; Nexus 5X Build/MMB29P) AppleWebKit/537.36 (KHTML, like Gecko) Chrome/137.0.7151.103 Mobile Safari/537.36 (compatible; GoogleOther)"
209.74.77.214 - - [12/Jul/2025:20:34:50 +0000] "POST /wp-admin/admin-ajax.php?action=async_litespeed&nonce=cx09Yi82aU89Q7hR24SbN44MpgMScsKC&litespeed_type=imgoptm HTTP/1.1" 200 21 "-" "WordPress/6.8.1; https://cyber-secure.com.au"
66.249.64.128 - - [12/Jul/2025:20:35:06 +0000] "GET /?e=17083787011000&mod=cfe912f5&uri=article.php%3Fid%3D570302-459%26name%3Dgrand%20seiko%20sbgr089 HTTP/1.1" 200 26105 "-" "Mozilla/5.0 (Linux; Android 6.0.1; Nexus 5X Build/MMB29P) AppleWebKit/537.36 (KHTML, like Gecko) Chrome/137.0.7151.103 Mobile Safari/537.36 (compatible; GoogleOther)"
209.74.77.214 - - [12/Jul/2025:20:36:07 +0000] "POST /wp-cron.php?doing_wp_cron=1752352567.0031580924987792968750 HTTP/1.1" 200 - "-" "WordPress/6.8.1; https://cyber-secure.com.au"
66.249.64.129 - - [12/Jul/2025:20:36:05 +0000] "GET /?e=13456935031000&mod=851300ee&uri=category-info.php%3Fid%3D449288-173%26name%3Dmelissa+and+doug+wooden+vehicles HTTP/1.1" 301 - "-" "Mozilla/5.0 (Linux; Android 6.0.1; Nexus 5X Build/MMB29P) AppleWebKit/537.36 (KHTML, like Gecko) Chrome/137.0.7151.103 Mobile Safari/537.36 (compatible; GoogleOther)"
209.74.77.214 - - [12/Jul/2025:20:36:07 +0000] "POST /wp-admin/admin-ajax.php?action=async_litespeed&nonce=wIWVR5ULlGYgx1jybd8ourCRnOEQsi3o&litespeed_type=imgoptm HTTP/1.1" 200 21 "-" "WordPress/6.8.1; https://cyber-secure.com.au"
209.74.77.214 - - [12/Jul/2025:20:36:31 +0000] "POST /wp-cron.php?doing_wp_cron=1752352591.6983261108398437500000 HTTP/1.1" 200 - "-" "WordPress/6.8.1; https://cyber-secure.com.au"
209.74.77.214 - - [12/Jul/2025:20:36:31 +0000] "POST /wp-admin/admin-ajax.php?action=async_litespeed&nonce=Z2Yn2CWjIPanimxO7dCSxzcmMebfCZGf&litespeed_type=imgoptm HTTP/1.1" 200 21 "-" "WordPress/6.8.1; https://cyber-secure.com.au"
66.249.64.128 - - [12/Jul/2025:20:36:31 +0000] "GET /?e=13456935031000&mod=851300ee&uri=category-info.php%3Fid%3D449288-173%26name%3Dmelissa%20and%20doug%20wooden%20vehicles HTTP/1.1" 200 26104 "-" "Mozilla/5.0 (Linux; Android 6.0.1; Nexus 5X Build/MMB29P) AppleWebKit/537.36 (KHTML, like Gecko) Chrome/137.0.7151.103 Mobile Safari/537.36 (compatible; GoogleOther)"
66.249.64.128 - - [12/Jul/2025:20:37:12 +0000] "POST /wp-json/metform/v1/forms/views/2288 HTTP/1.1" 200 22349 "https://cyber-secure.com.au/?e=5914001031000&mod=643de7cf&uri=products.php%3Fid%3D197492-342%26name%3Dchair%20breastfeeding" "Mozilla/5.0 (Linux; Android 6.0.1; Nexus 5X Build/MMB29P) AppleWebKit/537.36 (KHTML, like Gecko) Chrome/137.0.7151.119 Mobile Safari/537.36 (compatible; Googlebot/2.1; +http://www.google.com/bot.html)"
209.74.77.214 - - [12/Jul/2025:20:37:41 +0000] "POST /wp-cron.php?doing_wp_cron=1752352661.1217229366302490234375 HTTP/1.1" 200 - "-" "WordPress/6.8.1; https://cyber-secure.com.au"
66.249.64.132 - - [12/Jul/2025:20:37:40 +0000] "GET /?e=50450962001000&mod=a35fe7f7&uri=us.php%3Fid%3D1683640-500%26name%3Dextendable+safety+gates+pressure+fit HTTP/1.1" 301 - "-" "Mozilla/5.0 (Linux; Android 6.0.1; Nexus 5X Build/MMB29P) AppleWebKit/537.36 (KHTML, like Gecko) Chrome/137.0.7151.103 Mobile Safari/537.36 (compatible; GoogleOther)"
209.74.77.214 - - [12/Jul/2025:20:37:41 +0000] "POST /wp-admin/admin-ajax.php?action=async_litespeed&nonce=M6AfWcWJeHEou4FFGDAojyNzGlEvIAWp&litespeed_type=imgoptm HTTP/1.1" 200 21 "-" "WordPress/6.8.1; https://cyber-secure.com.au"
66.249.64.132 - - [12/Jul/2025:20:38:00 +0000] "GET /?e=50450962001000&mod=a35fe7f7&uri=us.php%3Fid%3D1683640-500%26name%3Dextendable%20safety%20gates%20pressure%20fit HTTP/1.1" 200 26107 "-" "Mozilla/5.0 (Linux; Android 6.0.1; Nexus 5X Build/MMB29P) AppleWebKit/537.36 (KHTML, like Gecko) Chrome/137.0.7151.103 Mobile Safari/537.36 (compatible; GoogleOther)"
209.74.77.214 - - [12/Jul/2025:20:38:38 +0000] "POST /wp-cron.php?doing_wp_cron=1752352718.9394528865814208984375 HTTP/1.1" 200 - "-" "WordPress/6.8.1; https://cyber-secure.com.au"
66.249.64.132 - - [12/Jul/2025:20:38:37 +0000] "GET /?e=50541833011000&mod=e0be0edc&uri=blog.php%3Fid%3D1686672-934%26name%3Dasics+road HTTP/1.1" 301 - "-" "Mozilla/5.0 (Linux; Android 6.0.1; Nexus 5X Build/MMB29P) AppleWebKit/537.36 (KHTML, like Gecko) Chrome/137.0.7151.103 Mobile Safari/537.36 (compatible; GoogleOther)"
209.74.77.214 - - [12/Jul/2025:20:38:39 +0000] "POST /wp-admin/admin-ajax.php?action=async_litespeed&nonce=Zuq5QbTpGJzfmpkhAiQY2U9zTCg6iPjg&litespeed_type=imgoptm HTTP/1.1" 200 21 "-" "WordPress/6.8.1; https://cyber-secure.com.au"
66.249.64.132 - - [12/Jul/2025:20:38:59 +0000] "GET /?e=50541833011000&mod=e0be0edc&uri=blog.php%3Fid%3D1686672-934%26name%3Dasics%20road HTTP/1.1" 200 26103 "-" "Mozilla/5.0 (Linux; Android 6.0.1; Nexus 5X Build/MMB29P) AppleWebKit/537.36 (KHTML, like Gecko) Chrome/137.0.7151.103 Mobile Safari/537.36 (compatible; GoogleOther)"
66.249.64.132 - - [12/Jul/2025:20:39:15 +0000] "GET /?e=104163951041000&mod=a6ce9144&uri=brands.php%3Fid%3D3476274-678%26name%3Diphone+12+pro+max+on+jumia HTTP/1.1" 200 22405 "-" "Mozilla/5.0 (compatible; Googlebot/2.1; +http://www.google.com/bot.html)"
209.74.77.214 - - [12/Jul/2025:20:39:53 +0000] "POST /wp-cron.php?doing_wp_cron=1752352793.3847529888153076171875 HTTP/1.1" 200 - "-" "WordPress/6.8.1; https://cyber-secure.com.au"
66.249.64.132 - - [12/Jul/2025:20:39:52 +0000] "GET /?e=33066419041000&mod=233f1dd0&uri=goods.php%3Fid%3D1103626-596%26name%3Dever+after+high+apple HTTP/1.1" 301 - "-" "Mozilla/5.0 (Linux; Android 6.0.1; Nexus 5X Build/MMB29P) AppleWebKit/537.36 (KHTML, like Gecko) Chrome/137.0.7151.103 Mobile Safari/537.36 (compatible; GoogleOther)"
209.74.77.214 - - [12/Jul/2025:20:39:53 +0000] "POST /wp-admin/admin-ajax.php?action=async_litespeed&nonce=sbFtzj1rJn8soOT5R7MOwC1Om4lVSkOV&litespeed_type=imgoptm HTTP/1.1" 200 21 "-" "WordPress/6.8.1; https://cyber-secure.com.au"
209.74.77.214 - - [12/Jul/2025:20:40:14 +0000] "POST /wp-cron.php?doing_wp_cron=1752352814.4652690887451171875000 HTTP/1.1" 200 - "-" "WordPress/6.8.1; https://cyber-secure.com.au"
209.74.77.214 - - [12/Jul/2025:20:40:14 +0000] "POST /wp-admin/admin-ajax.php?action=async_litespeed&nonce=At5a3W98SjVMdnZaes5oNNB5dAgaJaH5&litespeed_type=imgoptm HTTP/1.1" 200 21 "-" "WordPress/6.8.1; https://cyber-secure.com.au"
66.249.64.132 - - [12/Jul/2025:20:40:14 +0000] "GET /?e=33066419041000&mod=233f1dd0&uri=goods.php%3Fid%3D1103626-596%26name%3Dever%20after%20high%20apple HTTP/1.1" 200 26106 "-" "Mozilla/5.0 (Linux; Android 6.0.1; Nexus 5X Build/MMB29P) AppleWebKit/537.36 (KHTML, like Gecko) Chrome/137.0.7151.103 Mobile Safari/537.36 (compatible; GoogleOther)"
209.74.77.214 - - [12/Jul/2025:20:41:18 +0000] "POST /wp-cron.php?doing_wp_cron=1752352878.0978670120239257812500 HTTP/1.1" 200 - "-" "WordPress/6.8.1; https://cyber-secure.com.au"
66.249.64.132 - - [12/Jul/2025:20:41:16 +0000] "GET /?e=17015901031000&mod=a01a0380&uri=article.php%3Fid%3D568039-39%26name%3Dfursys+t50+price HTTP/1.1" 301 - "-" "Mozilla/5.0 (Linux; Android 6.0.1; Nexus 5X Build/MMB29P) AppleWebKit/537.36 (KHTML, like Gecko) Chrome/137.0.7151.103 Mobile Safari/537.36 (compatible; GoogleOther)"
209.74.77.214 - - [12/Jul/2025:20:41:18 +0000] "POST /wp-admin/admin-ajax.php?action=async_litespeed&nonce=4xYBPkqBueVupJQQ1aW8FV96ILqx5HGA&litespeed_type=imgoptm HTTP/1.1" 200 21 "-" "WordPress/6.8.1; https://cyber-secure.com.au"
66.249.64.132 - - [12/Jul/2025:20:41:39 +0000] "GET /?e=17015901031000&mod=a01a0380&uri=article.php%3Fid%3D568039-39%26name%3Dfursys%20t50%20price HTTP/1.1" 200 26105 "-" "Mozilla/5.0 (Linux; Android 6.0.1; Nexus 5X Build/MMB29P) AppleWebKit/537.36 (KHTML, like Gecko) Chrome/137.0.7151.103 Mobile Safari/537.36 (compatible; GoogleOther)"
209.74.77.214 - - [12/Jul/2025:20:42:30 +0000] "POST /wp-cron.php?doing_wp_cron=1752352950.8242199420928955078125 HTTP/1.1" 200 - "-" "WordPress/6.8.1; https://cyber-secure.com.au"
66.249.64.132 - - [12/Jul/2025:20:42:29 +0000] "GET /?e=50336503001000&mod=82273dfb&uri=blog.php%3Fid%3D1679822-739%26name%3Dmens+mirror+sunglasses HTTP/1.1" 301 - "-" "Mozilla/5.0 (Linux; Android 6.0.1; Nexus 5X Build/MMB29P) AppleWebKit/537.36 (KHTML, like Gecko) Chrome/137.0.7151.103 Mobile Safari/537.36 (compatible; GoogleOther)"
209.74.77.214 - - [12/Jul/2025:20:42:30 +0000] "POST /wp-admin/admin-ajax.php?action=async_litespeed&nonce=e37PeLdf4bkc5vb0ZPeOarL9Ya53KkTy&litespeed_type=imgoptm HTTP/1.1" 200 21 "-" "WordPress/6.8.1; https://cyber-secure.com.au"
66.249.64.132 - - [12/Jul/2025:20:42:50 +0000] "GET /?e=50336503001000&mod=82273dfb&uri=blog.php%3Fid%3D1679822-739%26name%3Dmens%20mirror%20sunglasses HTTP/1.1" 200 26113 "-" "Mozilla/5.0 (Linux; Android 6.0.1; Nexus 5X Build/MMB29P) AppleWebKit/537.36 (KHTML, like Gecko) Chrome/137.0.7151.103 Mobile Safari/537.36 (compatible; GoogleOther)"
66.249.64.128 - - [12/Jul/2025:20:43:11 +0000] "POST /wp-json/metform/v1/forms/views/2288 HTTP/1.1" 200 22329 "https://cyber-secure.com.au/?e=13456935031000&mod=851300ee&uri=category-info.php%3Fid%3D449288-173%26name%3Dmelissa%20and%20doug%20wooden%20vehicles" "Mozilla/5.0 (Linux; Android 6.0.1; Nexus 5X Build/MMB29P) AppleWebKit/537.36 (KHTML, like Gecko) Chrome/137.0.7151.119 Mobile Safari/537.36 (compatible; Googlebot/2.1; +http://www.google.com/bot.html)"
209.74.77.214 - - [12/Jul/2025:20:43:40 +0000] "POST /wp-cron.php?doing_wp_cron=1752353020.8518059253692626953125 HTTP/1.1" 200 - "-" "WordPress/6.8.1; https://cyber-secure.com.au"
66.249.64.132 - - [12/Jul/2025:20:43:40 +0000] "GET /?e=107687416031000&mod=a01a0380&uri=product.php%3Fid%3D3593887-39%26name%3Drolling+chair+staples HTTP/1.1" 301 - "-" "Mozilla/5.0 (Linux; Android 6.0.1; Nexus 5X Build/MMB29P) AppleWebKit/537.36 (KHTML, like Gecko) Chrome/137.0.7151.103 Mobile Safari/537.36 (compatible; GoogleOther)"
209.74.77.214 - - [12/Jul/2025:20:43:40 +0000] "POST /wp-admin/admin-ajax.php?action=async_litespeed&nonce=7cWgZZorbcxsliDOy06WhBcMYTM1IMS3&litespeed_type=imgoptm HTTP/1.1" 200 21 "-" "WordPress/6.8.1; https://cyber-secure.com.au"
66.249.64.132 - - [12/Jul/2025:20:43:45 +0000] "GET /?e=107687416031000&mod=a01a0380&uri=product.php%3Fid%3D3593887-39%26name%3Drolling%20chair%20staples HTTP/1.1" 200 26102 "-" "Mozilla/5.0 (Linux; Android 6.0.1; Nexus 5X Build/MMB29P) AppleWebKit/537.36 (KHTML, like Gecko) Chrome/137.0.7151.103 Mobile Safari/537.36 (compatible; GoogleOther)"
66.249.64.132 - - [12/Jul/2025:20:44:11 +0000] "POST /wp-json/metform/v1/forms/views/2288 HTTP/1.1" 200 22328 "https://cyber-secure.com.au/?e=33083598011000&mod=e205ee2a&uri=article.php%3Fid%3D1104204-91%26name%3Dtrek%20x700%20stagger" "Mozilla/5.0 (Linux; Android 6.0.1; Nexus 5X Build/MMB29P) AppleWebKit/537.36 (KHTML, like Gecko) Chrome/137.0.7151.119 Mobile Safari/537.36 (compatible; Googlebot/2.1; +http://www.google.com/bot.html)"
209.74.77.214 - - [12/Jul/2025:20:44:56 +0000] "POST /wp-cron.php?doing_wp_cron=1752353096.0162959098815917968750 HTTP/1.1" 200 - "-" "WordPress/6.8.1; https://cyber-secure.com.au"
66.249.64.132 - - [12/Jul/2025:20:44:54 +0000] "GET /?e=98871930061000&mod=1f9f9d8f&uri=search.php%3Fid%3D3299604-666%26name%3Dghd+paddle+straighteners HTTP/1.1" 301 - "-" "Mozilla/5.0 (Linux; Android 6.0.1; Nexus 5X Build/MMB29P) AppleWebKit/537.36 (KHTML, like Gecko) Chrome/137.0.7151.103 Mobile Safari/537.36 (compatible; GoogleOther)"
209.74.77.214 - - [12/Jul/2025:20:44:56 +0000] "POST /wp-admin/admin-ajax.php?action=async_litespeed&nonce=OPtgQZaDSuNAnwQARPgn7sgqMpWbzef6&litespeed_type=imgoptm HTTP/1.1" 200 21 "-" "WordPress/6.8.1; https://cyber-secure.com.au"
209.74.77.214 - - [12/Jul/2025:20:45:13 +0000] "POST /wp-cron.php?doing_wp_cron=1752353113.5761229991912841796875 HTTP/1.1" 200 - "-" "WordPress/6.8.1; https://cyber-secure.com.au"
66.249.64.129 - - [12/Jul/2025:20:45:13 +0000] "GET /?e=98871930061000&mod=1f9f9d8f&uri=search.php%3Fid%3D3299604-666%26name%3Dghd%20paddle%20straighteners HTTP/1.1" 200 26109 "-" "Mozilla/5.0 (Linux; Android 6.0.1; Nexus 5X Build/MMB29P) AppleWebKit/537.36 (KHTML, like Gecko) Chrome/137.0.7151.103 Mobile Safari/537.36 (compatible; GoogleOther)"
66.249.64.132 - - [12/Jul/2025:20:45:29 +0000] "GET /?e=50459272031000&mod=0f65caf0&uri=dp.php%3Fid%3D1683917-454%26name%3Dmetal+meccano+sets+for+sale HTTP/1.1" 200 21640 "-" "Mozilla/5.0 (compatible; Googlebot/2.1; +http://www.google.com/bot.html)"
209.74.77.214 - - [12/Jul/2025:20:47:17 +0000] "POST /wp-cron.php?doing_wp_cron=1752353237.0508151054382324218750 HTTP/1.1" 200 - "-" "WordPress/6.8.1; https://cyber-secure.com.au"
66.249.64.132 - - [12/Jul/2025:20:47:15 +0000] "GET /?e=4248256031000&mod=55a988df&uri=brands.php%3Fid%3D141793-253%26name%3Dlego+snoke+ship HTTP/1.1" 301 - "-" "Mozilla/5.0 (Linux; Android 6.0.1; Nexus 5X Build/MMB29P) AppleWebKit/537.36 (KHTML, like Gecko) Chrome/137.0.7151.103 Mobile Safari/537.36 (compatible; GoogleOther)"
209.74.77.214 - - [12/Jul/2025:20:47:17 +0000] "POST /wp-admin/admin-ajax.php?action=async_litespeed&nonce=rNIsz7I6zSR2xK9fYS74UUgFIrNXYrng&litespeed_type=imgoptm HTTP/1.1" 200 21 "-" "WordPress/6.8.1; https://cyber-secure.com.au"
66.249.64.132 - - [12/Jul/2025:20:47:46 +0000] "GET /?e=32923358041000&mod=4c4e5249&uri=article.php%3Fid%3D1098846-536%26name%3Dstriped+high+low+dress HTTP/1.1" 301 - "-" "Mozilla/5.0 (Linux; Android 6.0.1; Nexus 5X Build/MMB29P) AppleWebKit/537.36 (KHTML, like Gecko) Chrome/137.0.7151.103 Mobile Safari/537.36 (compatible; GoogleOther)"
209.74.77.214 - - [12/Jul/2025:20:48:07 +0000] "POST /wp-cron.php?doing_wp_cron=1752353287.3371679782867431640625 HTTP/1.1" 200 - "-" "WordPress/6.8.1; https://cyber-secure.com.au"
66.249.64.128 - - [12/Jul/2025:20:48:07 +0000] "GET /?e=16996807031000&mod=a01a0380&uri=shared.php%3Fid%3D567402-39%26name%3Dsmall+kitchen+table+for HTTP/1.1" 301 - "-" "Mozilla/5.0 (Linux; Android 6.0.1; Nexus 5X Build/MMB29P) AppleWebKit/537.36 (KHTML, like Gecko) Chrome/137.0.7151.103 Mobile Safari/537.36 (compatible; GoogleOther)"
209.74.77.214 - - [12/Jul/2025:20:48:24 +0000] "POST /wp-cron.php?doing_wp_cron=1752353304.0143499374389648437500 HTTP/1.1" 200 - "-" "WordPress/6.8.1; https://cyber-secure.com.au"
66.249.64.132 - - [12/Jul/2025:20:48:23 +0000] "GET /?e=19669021001000&mod=b7c13b0a&uri=article.php%3Fid%3D656578-751%26name%3Dmochila+fidella+opiniones HTTP/1.1" 301 - "-" "Mozilla/5.0 (Linux; Android 6.0.1; Nexus 5X Build/MMB29P) AppleWebKit/537.36 (KHTML, like Gecko) Chrome/137.0.7151.103 Mobile Safari/537.36 (compatible; GoogleOther)"
209.74.77.214 - - [12/Jul/2025:20:48:24 +0000] "POST /wp-admin/admin-ajax.php?action=async_litespeed&nonce=qcjqls49r02NdLAoN4hyKldquh08uDVS&litespeed_type=imgoptm HTTP/1.1" 200 21 "-" "WordPress/6.8.1; https://cyber-secure.com.au"
66.249.64.132 - - [12/Jul/2025:20:48:41 +0000] "GET /?e=4248256031000&mod=55a988df&uri=brands.php%3Fid%3D141793-253%26name%3Dlego%20snoke%20ship HTTP/1.1" 200 26104 "-" "Mozilla/5.0 (Linux; Android 6.0.1; Nexus 5X Build/MMB29P) AppleWebKit/537.36 (KHTML, like Gecko) Chrome/137.0.7151.103 Mobile Safari/537.36 (compatible; GoogleOther)"
66.249.64.128 - - [12/Jul/2025:20:49:01 +0000] "GET /?e=32923358041000&mod=4c4e5249&uri=article.php%3Fid%3D1098846-536%26name%3Dstriped%20high%20low%20dress HTTP/1.1" 200 26102 "-" "Mozilla/5.0 (Linux; Android 6.0.1; Nexus 5X Build/MMB29P) AppleWebKit/537.36 (KHTML, like Gecko) Chrome/137.0.7151.103 Mobile Safari/537.36 (compatible; GoogleOther)"
209.74.77.214 - - [12/Jul/2025:20:49:24 +0000] "POST /wp-cron.php?doing_wp_cron=1752353364.7347729206085205078125 HTTP/1.1" 200 - "-" "WordPress/6.8.1; https://cyber-secure.com.au"
209.74.77.214 - - [12/Jul/2025:20:49:24 +0000] "POST /wp-admin/admin-ajax.php?action=async_litespeed&nonce=vOXzSKcCsI3dI0fcaONWOCmoJHck8nnj&litespeed_type=imgoptm HTTP/1.1" 200 21 "-" "WordPress/6.8.1; https://cyber-secure.com.au"
66.249.64.132 - - [12/Jul/2025:20:49:24 +0000] "GET /?e=16996807031000&mod=a01a0380&uri=shared.php%3Fid%3D567402-39%26name%3Dsmall%20kitchen%20table%20for HTTP/1.1" 200 26105 "-" "Mozilla/5.0 (Linux; Android 6.0.1; Nexus 5X Build/MMB29P) AppleWebKit/537.36 (KHTML, like Gecko) Chrome/137.0.7151.103 Mobile Safari/537.36 (compatible; GoogleOther)"
66.249.64.132 - - [12/Jul/2025:20:49:37 +0000] "GET /?e=19669021001000&mod=b7c13b0a&uri=article.php%3Fid%3D656578-751%26name%3Dmochila%20fidella%20opiniones HTTP/1.1" 200 26104 "-" "Mozilla/5.0 (Linux; Android 6.0.1; Nexus 5X Build/MMB29P) AppleWebKit/537.36 (KHTML, like Gecko) Chrome/137.0.7151.103 Mobile Safari/537.36 (compatible; GoogleOther)"
66.249.64.132 - - [12/Jul/2025:20:49:53 +0000] "GET /?e=116493623061000&mod=a86c450b&uri=pin.php%3Fid%3D3887802-57%26name%3Dconico+wireless+earbuds HTTP/1.1" 301 - "-" "Mozilla/5.0 (Linux; Android 6.0.1; Nexus 5X Build/MMB29P) AppleWebKit/537.36 (KHTML, like Gecko) Chrome/137.0.7151.103 Mobile Safari/537.36 (compatible; GoogleOther)"
66.249.64.132 - - [12/Jul/2025:20:50:02 +0000] "GET /?e=4062576041000&mod=49d4b2fa&uri=info.php%3Fid%3D135596-245%26name%3Dair+force+sfera HTTP/1.1" 301 - "-" "Mozilla/5.0 (Linux; Android 6.0.1; Nexus 5X Build/MMB29P) AppleWebKit/537.36 (KHTML, like Gecko) Chrome/137.0.7151.103 Mobile Safari/537.36 (compatible; GoogleOther)"
209.74.77.214 - - [12/Jul/2025:20:50:16 +0000] "POST /wp-cron.php?doing_wp_cron=1752353416.2461268901824951171875 HTTP/1.1" 200 - "-" "WordPress/6.8.1; https://cyber-secure.com.au"
209.74.77.214 - - [12/Jul/2025:20:50:16 +0000] "POST /wp-admin/admin-ajax.php?action=async_litespeed&nonce=i077N5J9gBaqYYpy0sMQ5IE6bIcH9epM&litespeed_type=imgoptm HTTP/1.1" 200 21 "-" "WordPress/6.8.1; https://cyber-secure.com.au"
66.249.64.128 - - [12/Jul/2025:20:50:16 +0000] "GET /?e=77471731021000&mod=28b9f8aa&uri=shared.php%3Fid%3D2585303-523%26name%3Db47359%20adidas HTTP/1.1" 200 26106 "-" "Mozilla/5.0 (Linux; Android 6.0.1; Nexus 5X Build/MMB29P) AppleWebKit/537.36 (KHTML, like Gecko) Chrome/137.0.7151.103 Mobile Safari/537.36 (compatible; GoogleOther)"
66.249.64.132 - - [12/Jul/2025:20:50:26 +0000] "GET /?e=116493623061000&mod=a86c450b&uri=pin.php%3Fid%3D3887802-57%26name%3Dconico%20wireless%20earbuds HTTP/1.1" 200 26102 "-" "Mozilla/5.0 (Linux; Android 6.0.1; Nexus 5X Build/MMB29P) AppleWebKit/537.36 (KHTML, like Gecko) Chrome/137.0.7151.103 Mobile Safari/537.36 (compatible; GoogleOther)"
66.249.64.132 - - [12/Jul/2025:20:50:42 +0000] "GET /?e=4062576041000&mod=49d4b2fa&uri=info.php%3Fid%3D135596-245%26name%3Dair%20force%20sfera HTTP/1.1" 200 26105 "-" "Mozilla/5.0 (Linux; Android 6.0.1; Nexus 5X Build/MMB29P) AppleWebKit/537.36 (KHTML, like Gecko) Chrome/137.0.7151.103 Mobile Safari/537.36 (compatible; GoogleOther)"
66.249.64.132 - - [12/Jul/2025:20:50:57 +0000] "GET /?e=4247026041000&mod=55a988df&uri=pin.php%3Fid%3D141752-253%26name%3Dlego+avengers+hall+of+armor HTTP/1.1" 301 - "-" "Mozilla/5.0 (Linux; Android 6.0.1; Nexus 5X Build/MMB29P) AppleWebKit/537.36 (KHTML, like Gecko) Chrome/137.0.7151.103 Mobile Safari/537.36 (compatible; GoogleOther)"
209.74.77.214 - - [12/Jul/2025:20:51:08 +0000] "POST /wp-cron.php?doing_wp_cron=1752353468.6542840003967285156250 HTTP/1.1" 200 - "-" "WordPress/6.8.1; https://cyber-secure.com.au"
66.249.64.128 - - [12/Jul/2025:20:51:08 +0000] "GET /?e=111464513031000&mod=a01a0380&uri=article.php%3Fid%3D3719941-39%26name%3Dergonomic+chair+back+support+cushion HTTP/1.1" 301 - "-" "Mozilla/5.0 (Linux; Android 6.0.1; Nexus 5X Build/MMB29P) AppleWebKit/537.36 (KHTML, like Gecko) Chrome/137.0.7151.103 Mobile Safari/537.36 (compatible; GoogleOther)"
209.74.77.214 - - [12/Jul/2025:20:51:16 +0000] "POST /wp-cron.php?doing_wp_cron=1752353476.5851149559020996093750 HTTP/1.1" 200 - "-" "WordPress/6.8.1; https://cyber-secure.com.au"
209.74.77.214 - - [12/Jul/2025:20:51:16 +0000] "POST /wp-admin/admin-ajax.php?action=async_litespeed&nonce=TF4MHkP8u5nfLD2t25hhtL7dHFTZhe5j&litespeed_type=imgoptm HTTP/1.1" 200 21 "-" "WordPress/6.8.1; https://cyber-secure.com.au"
66.249.64.132 - - [12/Jul/2025:20:51:16 +0000] "GET /?e=4247026041000&mod=55a988df&uri=pin.php%3Fid%3D141752-253%26name%3Dlego%20avengers%20hall%20of%20armor HTTP/1.1" 200 26103 "-" "Mozilla/5.0 (Linux; Android 6.0.1; Nexus 5X Build/MMB29P) AppleWebKit/537.36 (KHTML, like Gecko) Chrome/137.0.7151.103 Mobile Safari/537.36 (compatible; GoogleOther)"
66.249.64.128 - - [12/Jul/2025:20:51:18 +0000] "GET /?e=50446792071000&mod=99902887&uri=category-info.php%3Fid%3D1683501-501%26name%3Dmonths+in+dog+years HTTP/1.1" 200 21797 "-" "Mozilla/5.0 (compatible; Googlebot/2.1; +http://www.google.com/bot.html)"
66.249.64.132 - - [12/Jul/2025:20:51:33 +0000] "GET /?e=111464513031000&mod=a01a0380&uri=article.php%3Fid%3D3719941-39%26name%3Dergonomic%20chair%20back%20support%20cushion HTTP/1.1" 200 26105 "-" "Mozilla/5.0 (Linux; Android 6.0.1; Nexus 5X Build/MMB29P) AppleWebKit/537.36 (KHTML, like Gecko) Chrome/137.0.7151.103 Mobile Safari/537.36 (compatible; GoogleOther)"
66.249.64.132 - - [12/Jul/2025:20:51:47 +0000] "GET /?e=107292554021000&mod=a01a0380&uri=pin.php%3Fid%3D3580701-39%26name%3Dbox+cushion+armchair+slipcover HTTP/1.1" 301 - "-" "Mozilla/5.0 (Linux; Android 6.0.1; Nexus 5X Build/MMB29P) AppleWebKit/537.36 (KHTML, like Gecko) Chrome/137.0.7151.103 Mobile Safari/537.36 (compatible; GoogleOther)"
66.249.64.132 - - [12/Jul/2025:20:51:58 +0000] "GET /?e=50549393081000&mod=e0be0edc&uri=product.php%3Fid%3D1686924-934%26name%3Ddoudoune+timberland+bebe HTTP/1.1" 301 - "-" "Mozilla/5.0 (Linux; Android 6.0.1; Nexus 5X Build/MMB29P) AppleWebKit/537.36 (KHTML, like Gecko) Chrome/137.0.7151.103 Mobile Safari/537.36 (compatible; GoogleOther)"
209.74.77.214 - - [12/Jul/2025:20:52:08 +0000] "POST /wp-cron.php?doing_wp_cron=1752353528.0916280746459960937500 HTTP/1.1" 200 - "-" "WordPress/6.8.1; https://cyber-secure.com.au"
66.249.64.128 - - [12/Jul/2025:20:52:07 +0000] "GET /?e=107292554021000&mod=a01a0380&uri=pin.php%3Fid%3D3580701-39%26name%3Dbox%20cushion%20armchair%20slipcover HTTP/1.1" 200 26106 "-" "Mozilla/5.0 (Linux; Android 6.0.1; Nexus 5X Build/MMB29P) AppleWebKit/537.36 (KHTML, like Gecko) Chrome/137.0.7151.103 Mobile Safari/537.36 (compatible; GoogleOther)"
209.74.77.214 - - [12/Jul/2025:20:52:24 +0000] "POST /wp-cron.php?doing_wp_cron=1752353544.8196239471435546875000 HTTP/1.1" 200 - "-" "WordPress/6.8.1; https://cyber-secure.com.au"
209.74.77.214 - - [12/Jul/2025:20:52:24 +0000] "POST /wp-admin/admin-ajax.php?action=async_litespeed&nonce=hjjpCwDHtyIqRT54asoOiclSE5NO6Kvx&litespeed_type=imgoptm HTTP/1.1" 200 21 "-" "WordPress/6.8.1; https://cyber-secure.com.au"
66.249.64.132 - - [12/Jul/2025:20:52:24 +0000] "GET /?e=50549393081000&mod=e0be0edc&uri=product.php%3Fid%3D1686924-934%26name%3Ddoudoune%20timberland%20bebe HTTP/1.1" 200 26105 "-" "Mozilla/5.0 (Linux; Android 6.0.1; Nexus 5X Build/MMB29P) AppleWebKit/537.36 (KHTML, like Gecko) Chrome/137.0.7151.103 Mobile Safari/537.36 (compatible; GoogleOther)"
66.249.64.132 - - [12/Jul/2025:20:52:38 +0000] "GET /?e=107679304041000&mod=a01a0380&uri=goods.php%3Fid%3D3593616-39%26name%3Dmaze+rattan+la+seater+grey HTTP/1.1" 301 - "-" "Mozilla/5.0 (Linux; Android 6.0.1; Nexus 5X Build/MMB29P) AppleWebKit/537.36 (KHTML, like Gecko) Chrome/137.0.7151.103 Mobile Safari/537.36 (compatible; GoogleOther)"
66.249.64.132 - - [12/Jul/2025:20:52:48 +0000] "GET /?e=107679304041000&mod=a01a0380&uri=goods.php%3Fid%3D3593616-39%26name%3Dmaze%20rattan%20la%20seater%20grey HTTP/1.1" 200 26106 "-" "Mozilla/5.0 (Linux; Android 6.0.1; Nexus 5X Build/MMB29P) AppleWebKit/537.36 (KHTML, like Gecko) Chrome/137.0.7151.103 Mobile Safari/537.36 (compatible; GoogleOther)"
209.74.77.214 - - [12/Jul/2025:20:53:24 +0000] "POST /wp-cron.php?doing_wp_cron=1752353604.5466740131378173828125 HTTP/1.1" 200 - "-" "WordPress/6.8.1; https://cyber-secure.com.au"
66.249.64.132 - - [12/Jul/2025:20:53:23 +0000] "GET /?e=99537189121000&mod=ee3bf295&uri=article.php%3Fid%3D3321809-1514%26name%3Dcybex+priam+board HTTP/1.1" 301 - "-" "Mozilla/5.0 (Linux; Android 6.0.1; Nexus 5X Build/MMB29P) AppleWebKit/537.36 (KHTML, like Gecko) Chrome/137.0.7151.103 Mobile Safari/537.36 (compatible; GoogleOther)"
209.74.77.214 - - [12/Jul/2025:20:53:24 +0000] "POST /wp-admin/admin-ajax.php?action=async_litespeed&nonce=JzPcGZ9qNWgcgaX4bojuIXibPUSZSKCE&litespeed_type=imgoptm HTTP/1.1" 200 21 "-" "WordPress/6.8.1; https://cyber-secure.com.au"
66.249.64.128 - - [12/Jul/2025:20:53:35 +0000] "POST /wp-json/metform/v1/forms/views/2288 HTTP/1.1" 200 22338 "https://cyber-secure.com.au/?e=100077454001000&mod=a01a0380&uri=blog.php%3Fid%3D3339838-39%26name%3Dclear%20modern%20chair" "Mozilla/5.0 (Linux; Android 6.0.1; Nexus 5X Build/MMB29P) AppleWebKit/537.36 (KHTML, like Gecko) Chrome/137.0.7151.119 Mobile Safari/537.36 (compatible; Googlebot/2.1; +http://www.google.com/bot.html)"
66.249.64.132 - - [12/Jul/2025:20:53:50 +0000] "GET /?e=99537189121000&mod=ee3bf295&uri=article.php%3Fid%3D3321809-1514%26name%3Dcybex%20priam%20board HTTP/1.1" 200 26110 "-" "Mozilla/5.0 (Linux; Android 6.0.1; Nexus 5X Build/MMB29P) AppleWebKit/537.36 (KHTML, like Gecko) Chrome/137.0.7151.103 Mobile Safari/537.36 (compatible; GoogleOther)"
209.74.77.214 - - [12/Jul/2025:20:54:49 +0000] "POST /wp-cron.php?doing_wp_cron=1752353689.3096659183502197265625 HTTP/1.1" 200 - "-" "WordPress/6.8.1; https://cyber-secure.com.au"
66.249.64.128 - - [12/Jul/2025:20:54:47 +0000] "GET /?e=33065579001000&mod=233f1dd0&uri=shop.php%3Fid%3D1103598-596%26name%3Dfurreal+ragdolls HTTP/1.1" 301 - "-" "Mozilla/5.0 (Linux; Android 6.0.1; Nexus 5X Build/MMB29P) AppleWebKit/537.36 (KHTML, like Gecko) Chrome/137.0.7151.103 Mobile Safari/537.36 (compatible; GoogleOther)"
209.74.77.214 - - [12/Jul/2025:20:54:49 +0000] "POST /wp-admin/admin-ajax.php?action=async_litespeed&nonce=Rn5DEWZxKuRbsi6zAXsD7iC4J3dVLSXw&litespeed_type=imgoptm HTTP/1.1" 200 21 "-" "WordPress/6.8.1; https://cyber-secure.com.au"
209.74.77.214 - - [12/Jul/2025:20:55:09 +0000] "POST /wp-cron.php?doing_wp_cron=1752353709.3832430839538574218750 HTTP/1.1" 200 - "-" "WordPress/6.8.1; https://cyber-secure.com.au"
66.249.64.132 - - [12/Jul/2025:20:55:09 +0000] "GET /?e=33065579001000&mod=233f1dd0&uri=shop.php%3Fid%3D1103598-596%26name%3Dfurreal%20ragdolls HTTP/1.1" 200 26109 "-" "Mozilla/5.0 (Linux; Android 6.0.1; Nexus 5X Build/MMB29P) AppleWebKit/537.36 (KHTML, like Gecko) Chrome/137.0.7151.103 Mobile Safari/537.36 (compatible; GoogleOther)"
209.74.77.214 - - [12/Jul/2025:20:55:37 +0000] "POST /wp-cron.php?doing_wp_cron=1752353737.5026481151580810546875 HTTP/1.1" 200 - "-" "WordPress/6.8.1; https://cyber-secure.com.au"
66.249.64.132 - - [12/Jul/2025:20:55:37 +0000] "GET /?e=33153831021000&mod=b06b5541&uri=shop.php%3Fid%3D1106554-248%26name%3Dyuja+cologne HTTP/1.1" 301 - "-" "Mozilla/5.0 (Linux; Android 6.0.1; Nexus 5X Build/MMB29P) AppleWebKit/537.36 (KHTML, like Gecko) Chrome/137.0.7151.103 Mobile Safari/537.36 (compatible; GoogleOther)"
209.74.77.214 - - [12/Jul/2025:20:55:37 +0000] "POST /wp-admin/admin-ajax.php?action=async_litespeed&nonce=7rYg4YgISK3frpVCvkpnQndY1DrEBsw7&litespeed_type=imgoptm HTTP/1.1" 200 21 "-" "WordPress/6.8.1; https://cyber-secure.com.au"
66.249.64.132 - - [12/Jul/2025:20:55:53 +0000] "GET /?e=33153831021000&mod=b06b5541&uri=shop.php%3Fid%3D1106554-248%26name%3Dyuja%20cologne HTTP/1.1" 200 26111 "-" "Mozilla/5.0 (Linux; Android 6.0.1; Nexus 5X Build/MMB29P) AppleWebKit/537.36 (KHTML, like Gecko) Chrome/137.0.7151.103 Mobile Safari/537.36 (compatible; GoogleOther)"
209.74.77.214 - - [12/Jul/2025:20:56:32 +0000] "POST /wp-cron.php?doing_wp_cron=1752353792.5523700714111328125000 HTTP/1.1" 200 - "-" "WordPress/6.8.1; https://cyber-secure.com.au"
66.249.64.132 - - [12/Jul/2025:20:56:31 +0000] "GET /?e=36379090001000&mod=8466a2b4&uri=article.php%3Fid%3D1214178-540%26name%3Dgravure+chevaliere+homme HTTP/1.1" 301 - "-" "Mozilla/5.0 (Linux; Android 6.0.1; Nexus 5X Build/MMB29P) AppleWebKit/537.36 (KHTML, like Gecko) Chrome/137.0.7151.103 Mobile Safari/537.36 (compatible; GoogleOther)"
209.74.77.214 - - [12/Jul/2025:20:56:32 +0000] "POST /wp-admin/admin-ajax.php?action=async_litespeed&nonce=xGi9ahr2WSKF3ihH7eYB9UrYZ5LMaLJu&litespeed_type=imgoptm HTTP/1.1" 200 21 "-" "WordPress/6.8.1; https://cyber-secure.com.au"
66.249.64.132 - - [12/Jul/2025:20:56:50 +0000] "POST /wp-json/metform/v1/forms/views/2288 HTTP/1.1" 200 22331 "https://cyber-secure.com.au/?e=99537189121000&mod=ee3bf295&uri=article.php%3Fid%3D3321809-1514%26name%3Dcybex%20priam%20board" "Mozilla/5.0 (Linux; Android 6.0.1; Nexus 5X Build/MMB29P) AppleWebKit/537.36 (KHTML, like Gecko) Chrome/137.0.7151.119 Mobile Safari/537.36 (compatible; Googlebot/2.1; +http://www.google.com/bot.html)"
66.249.64.132 - - [12/Jul/2025:20:56:53 +0000] "GET /?e=36379090001000&mod=8466a2b4&uri=article.php%3Fid%3D1214178-540%26name%3Dgravure%20chevaliere%20homme HTTP/1.1" 200 26108 "-" "Mozilla/5.0 (Linux; Android 6.0.1; Nexus 5X Build/MMB29P) AppleWebKit/537.36 (KHTML, like Gecko) Chrome/137.0.7151.103 Mobile Safari/537.36 (compatible; GoogleOther)"
66.249.64.128 - - [12/Jul/2025:21:03:02 +0000] "GET /?e=50445352011000&mod=0f65caf0&uri=search.php%3Fid%3D1683453-454%26name%3Dlego+star+wars+2019+ucs+sets HTTP/1.1" 503 19659 "-" "Mozilla/5.0 (compatible; Googlebot/2.1; +http://www.google.com/bot.html)"
66.249.64.132 - - [12/Jul/2025:21:03:03 +0000] "GET /?e=107509353051000&mod=32508f53&uri=shop.php%3Fid%3D3587939-586%26name%3Dmaillot+basket+flocage+personnalis%C3%83%C2%A9 HTTP/1.1" 500 1004 "-" "Mozilla/5.0 (Linux; Android 6.0.1; Nexus 5X Build/MMB29P) AppleWebKit/537.36 (KHTML, like Gecko) Chrome/137.0.7151.103 Mobile Safari/537.36 (compatible; GoogleOther)"
209.74.77.214 - - [12/Jul/2025:21:03:13 +0000] "POST /wp-cron.php?doing_wp_cron=1752354193.6403689384460449218750 HTTP/1.1" 200 - "-" "WordPress/6.8.1; https://cyber-secure.com.au"
66.249.64.132 - - [12/Jul/2025:21:03:12 +0000] "GET /?e=48439558061000&mod=9d27fdf2&uri=pin.php%3Fid%3D1616534-759%26name%3Darmani+exchange+jurk HTTP/1.1" 301 - "-" "Mozilla/5.0 (Linux; Android 6.0.1; Nexus 5X Build/MMB29P) AppleWebKit/537.36 (KHTML, like Gecko) Chrome/137.0.7151.103 Mobile Safari/537.36 (compatible; GoogleOther)"
209.74.77.214 - - [12/Jul/2025:21:03:13 +0000] "POST /wp-admin/admin-ajax.php?action=async_litespeed&nonce=jOUYqS4kMIQlXkFzQDACzVNViOotdLkX&litespeed_type=imgoptm HTTP/1.1" 200 21 "-" "WordPress/6.8.1; https://cyber-secure.com.au"
209.74.77.214 - - [12/Jul/2025:21:03:20 +0000] "POST /wp-cron.php?doing_wp_cron=1752354200.5411710739135742187500 HTTP/1.1" 200 - "-" "WordPress/6.8.1; https://cyber-secure.com.au"
66.249.64.132 - - [12/Jul/2025:21:03:20 +0000] "GET /?e=1255133041000&mod=b6edc1cd&uri=dp.php%3Fid%3D41903-81%26name%3Ddivanetti+di+pedane HTTP/1.1" 301 - "-" "Mozilla/5.0 (Linux; Android 6.0.1; Nexus 5X Build/MMB29P) AppleWebKit/537.36 (KHTML, like Gecko) Chrome/137.0.7151.103 Mobile Safari/537.36 (compatible; GoogleOther)"
209.74.77.214 - - [12/Jul/2025:21:03:20 +0000] "POST /wp-admin/admin-ajax.php?action=async_litespeed&nonce=BRr2NY07sfPSuSyXRMvAPr4Con7E1dFc&litespeed_type=imgoptm HTTP/1.1" 200 21 "-" "WordPress/6.8.1; https://cyber-secure.com.au"
66.249.64.132 - - [12/Jul/2025:21:03:27 +0000] "GET /?e=48439558061000&mod=9d27fdf2&uri=pin.php%3Fid%3D1616534-759%26name%3Darmani%20exchange%20jurk HTTP/1.1" 200 26106 "-" "Mozilla/5.0 (Linux; Android 6.0.1; Nexus 5X Build/MMB29P) AppleWebKit/537.36 (KHTML, like Gecko) Chrome/137.0.7151.103 Mobile Safari/537.36 (compatible; GoogleOther)"
66.249.64.132 - - [12/Jul/2025:21:03:42 +0000] "GET /?e=1255133041000&mod=b6edc1cd&uri=dp.php%3Fid%3D41903-81%26name%3Ddivanetti%20di%20pedane HTTP/1.1" 200 26103 "-" "Mozilla/5.0 (Linux; Android 6.0.1; Nexus 5X Build/MMB29P) AppleWebKit/537.36 (KHTML, like Gecko) Chrome/137.0.7151.103 Mobile Safari/537.36 (compatible; GoogleOther)"
209.74.77.214 - - [12/Jul/2025:21:04:10 +0000] "POST /wp-cron.php?doing_wp_cron=1752354250.1356379985809326171875 HTTP/1.1" 200 - "-" "WordPress/6.8.1; https://cyber-secure.com.au"
66.249.64.128 - - [12/Jul/2025:21:04:09 +0000] "GET /?e=119855576031000&mod=62da5a6d&uri=brands.php%3Fid%3D3999943-648%26name%3Dborse+da+viaggio+a+tracolla HTTP/1.1" 301 - "-" "Mozilla/5.0 (Linux; Android 6.0.1; Nexus 5X Build/MMB29P) AppleWebKit/537.36 (KHTML, like Gecko) Chrome/137.0.7151.103 Mobile Safari/537.36 (compatible; GoogleOther)"
209.74.77.214 - - [12/Jul/2025:21:04:21 +0000] "POST /wp-cron.php?doing_wp_cron=1752354261.3873910903930664062500 HTTP/1.1" 200 - "-" "WordPress/6.8.1; https://cyber-secure.com.au"
209.74.77.214 - - [12/Jul/2025:21:04:21 +0000] "POST /wp-admin/admin-ajax.php?action=async_litespeed&nonce=KigcotMW2EDTc7mOz602qqh6VbIehtQ7&litespeed_type=imgoptm HTTP/1.1" 200 21 "-" "WordPress/6.8.1; https://cyber-secure.com.au"
66.249.64.132 - - [12/Jul/2025:21:04:21 +0000] "GET /?e=119855576031000&mod=62da5a6d&uri=brands.php%3Fid%3D3999943-648%26name%3Dborse%20da%20viaggio%20a%20tracolla HTTP/1.1" 200 26107 "-" "Mozilla/5.0 (Linux; Android 6.0.1; Nexus 5X Build/MMB29P) AppleWebKit/537.36 (KHTML, like Gecko) Chrome/137.0.7151.103 Mobile Safari/537.36 (compatible; GoogleOther)"
209.74.77.214 - - [12/Jul/2025:21:05:11 +0000] "POST /wp-cron.php?doing_wp_cron=1752354311.2603800296783447265625 HTTP/1.1" 200 - "-" "WordPress/6.8.1; https://cyber-secure.com.au"
66.249.64.132 - - [12/Jul/2025:21:05:09 +0000] "GET /?e=107491383041000&mod=91bc333f&uri=article.php%3Fid%3D3587340-510%26name%3Dceramic+indoor+grill HTTP/1.1" 301 - "-" "Mozilla/5.0 (Linux; Android 6.0.1; Nexus 5X Build/MMB29P) AppleWebKit/537.36 (KHTML, like Gecko) Chrome/137.0.7151.103 Mobile Safari/537.36 (compatible; GoogleOther)"
209.74.77.214 - - [12/Jul/2025:21:05:33 +0000] "POST /wp-cron.php?doing_wp_cron=1752354333.2845759391784667968750 HTTP/1.1" 200 - "-" "WordPress/6.8.1; https://cyber-secure.com.au"
209.74.77.214 - - [12/Jul/2025:21:05:33 +0000] "POST /wp-admin/admin-ajax.php?action=async_litespeed&nonce=eSuqu89OfmJEPbvUsvgKOJ2oqtbOXiWc&litespeed_type=imgoptm HTTP/1.1" 200 21 "-" "WordPress/6.8.1; https://cyber-secure.com.au"
66.249.64.128 - - [12/Jul/2025:21:05:33 +0000] "GET /?e=107491383041000&mod=91bc333f&uri=article.php%3Fid%3D3587340-510%26name%3Dceramic%20indoor%20grill HTTP/1.1" 200 26112 "-" "Mozilla/5.0 (Linux; Android 6.0.1; Nexus 5X Build/MMB29P) AppleWebKit/537.36 (KHTML, like Gecko) Chrome/137.0.7151.103 Mobile Safari/537.36 (compatible; GoogleOther)"
66.249.64.132 - - [12/Jul/2025:21:05:47 +0000] "GET /?e=50475690031000&mod=02ae6a78&uri=products.php%3Fid%3D1684465-381%26name%3Dbalenciaga+track+saldi HTTP/1.1" 301 - "-" "Mozilla/5.0 (Linux; Android 6.0.1; Nexus 5X Build/MMB29P) AppleWebKit/537.36 (KHTML, like Gecko) Chrome/137.0.7151.103 Mobile Safari/537.36 (compatible; GoogleOther)"
66.249.64.128 - - [12/Jul/2025:21:06:01 +0000] "GET /?e=50475690031000&mod=02ae6a78&uri=products.php%3Fid%3D1684465-381%26name%3Dbalenciaga%20track%20saldi HTTP/1.1" 200 26105 "-" "Mozilla/5.0 (Linux; Android 6.0.1; Nexus 5X Build/MMB29P) AppleWebKit/537.36 (KHTML, like Gecko) Chrome/137.0.7151.103 Mobile Safari/537.36 (compatible; GoogleOther)"
209.74.77.214 - - [12/Jul/2025:21:06:39 +0000] "POST /wp-cron.php?doing_wp_cron=1752354399.0713019371032714843750 HTTP/1.1" 200 - "-" "WordPress/6.8.1; https://cyber-secure.com.au"
66.249.64.132 - - [12/Jul/2025:21:06:38 +0000] "GET /?e=13478354021000&mod=a8c6dd98&uri=news.php%3Fid%3D450002-600%26name%3Dmido+pulse+oximeter HTTP/1.1" 301 - "-" "Mozilla/5.0 (Linux; Android 6.0.1; Nexus 5X Build/MMB29P) AppleWebKit/537.36 (KHTML, like Gecko) Chrome/137.0.7151.103 Mobile Safari/537.36 (compatible; GoogleOther)"
209.74.77.214 - - [12/Jul/2025:21:06:39 +0000] "POST /wp-admin/admin-ajax.php?action=async_litespeed&nonce=6FH2tNQH91s8yKoIjW5J20IO5rpQTtfd&litespeed_type=imgoptm HTTP/1.1" 200 21 "-" "WordPress/6.8.1; https://cyber-secure.com.au"
66.249.64.132 - - [12/Jul/2025:21:06:51 +0000] "GET /?e=13478354021000&mod=a8c6dd98&uri=news.php%3Fid%3D450002-600%26name%3Dmido%20pulse%20oximeter HTTP/1.1" 200 26109 "-" "Mozilla/5.0 (Linux; Android 6.0.1; Nexus 5X Build/MMB29P) AppleWebKit/537.36 (KHTML, like Gecko) Chrome/137.0.7151.103 Mobile Safari/537.36 (compatible; GoogleOther)"
66.249.64.128 - - [12/Jul/2025:21:08:24 +0000] "GET /?e=50458072081000&mod=0f65caf0&uri=blog.php%3Fid%3D1683877-454%26name%3Dnew+venom+funko+pop HTTP/1.1" 200 21430 "-" "Mozilla/5.0 (compatible; Googlebot/2.1; +http://www.google.com/bot.html)"
209.74.77.214 - - [12/Jul/2025:21:09:12 +0000] "POST /wp-cron.php?doing_wp_cron=1752354552.4113090038299560546875 HTTP/1.1" 200 - "-" "WordPress/6.8.1; https://cyber-secure.com.au"
66.249.64.129 - - [12/Jul/2025:21:09:11 +0000] "GET /?e=99516219041000&mod=ee3bf295&uri=us.php%3Fid%3D3321110-1514%26name%3Dbritax+cow+print HTTP/1.1" 301 - "-" "Mozilla/5.0 (Linux; Android 6.0.1; Nexus 5X Build/MMB29P) AppleWebKit/537.36 (KHTML, like Gecko) Chrome/137.0.7151.103 Mobile Safari/537.36 (compatible; GoogleOther)"
209.74.77.214 - - [12/Jul/2025:21:09:12 +0000] "POST /wp-admin/admin-ajax.php?action=async_litespeed&nonce=HeYEQxieqcqn1n1GjzM0Qr0fRqlSnmZ2&litespeed_type=imgoptm HTTP/1.1" 200 21 "-" "WordPress/6.8.1; https://cyber-secure.com.au"
209.74.77.214 - - [12/Jul/2025:21:09:28 +0000] "POST /wp-cron.php?doing_wp_cron=1752354568.1954369544982910156250 HTTP/1.1" 200 - "-" "WordPress/6.8.1; https://cyber-secure.com.au"
209.74.77.214 - - [12/Jul/2025:21:09:28 +0000] "POST /wp-admin/admin-ajax.php?action=async_litespeed&nonce=lNcNGliZO6Kkwjvyup7AxmqU9WypkS0H&litespeed_type=imgoptm HTTP/1.1" 200 21 "-" "WordPress/6.8.1; https://cyber-secure.com.au"
66.249.64.128 - - [12/Jul/2025:21:09:28 +0000] "GET /?e=99516219041000&mod=ee3bf295&uri=us.php%3Fid%3D3321110-1514%26name%3Dbritax%20cow%20print HTTP/1.1" 200 26106 "-" "Mozilla/5.0 (Linux; Android 6.0.1; Nexus 5X Build/MMB29P) AppleWebKit/537.36 (KHTML, like Gecko) Chrome/137.0.7151.103 Mobile Safari/537.36 (compatible; GoogleOther)"
209.74.77.214 - - [12/Jul/2025:21:10:42 +0000] "POST /wp-cron.php?doing_wp_cron=1752354642.4258739948272705078125 HTTP/1.1" 200 - "-" "WordPress/6.8.1; https://cyber-secure.com.au"
66.249.64.132 - - [12/Jul/2025:21:10:41 +0000] "GET /?e=13457355081000&mod=a8c6dd98&uri=form.php%3Fid%3D449302-600%26name%3Dsync+apple+watch+with+peloton HTTP/1.1" 301 - "-" "Mozilla/5.0 (Linux; Android 6.0.1; Nexus 5X Build/MMB29P) AppleWebKit/537.36 (KHTML, like Gecko) Chrome/137.0.7151.103 Mobile Safari/537.36 (compatible; GoogleOther)"
