66.249.64.132 - - [12/Jul/2025:12:26:56 +0000] "GET /?e=20516179031000&mod=dc16622d&uri=article.php%3Fid%3D684846-228%26name%3Dzapatos+skechers+mujer+costa+rica+50 HTTP/1.1" 200 21084 "-" "Mozilla/5.0 (Linux; Android 6.0.1; Nexus 5X Build/MMB29P) AppleWebKit/537.36 (KHTML, like Gecko) Chrome/137.0.7151.103 Mobile Safari/537.36 (compatible; Googlebot/2.1; +http://www.google.com/bot.html)"
66.249.64.132 - - [12/Jul/2025:12:26:57 +0000] "POST /get-message-notify HTTP/1.1" 200 21385 "https://cyber-secure.com.au/?e=64613207031000&mod=4641f63d&uri=category-info.php%3Fid%3D2156190-1397%26name%3Darmani+cufflinks" "Mozilla/5.0 (Linux; Android 6.0.1; Nexus 5X Build/MMB29P) AppleWebKit/537.36 (KHTML, like Gecko) Chrome/137.0.7151.119 Mobile Safari/537.36 (compatible; Googlebot/2.1; +http://www.google.com/bot.html)"
66.249.64.129 - - [12/Jul/2025:12:27:05 +0000] "GET /?e=34335500051000&mod=94e0f06f&uri=info.php%3Fid%3D1145990-1075%26name%3Dfila+official+store+online HTTP/1.1" 200 20502 "-" "Mozilla/5.0 (Linux; Android 6.0.1; Nexus 5X Build/MMB29P) AppleWebKit/537.36 (KHTML, like Gecko) Chrome/137.0.7151.103 Mobile Safari/537.36 (compatible; Googlebot/2.1; +http://www.google.com/bot.html)"
66.249.64.129 - - [12/Jul/2025:12:27:08 +0000] "GET /?e=23393804121000&mod=29d74915&uri=article.php%3Fid%3D780836-835%26name%3Dbd+speed+30 HTTP/1.1" 200 20589 "-" "Mozilla/5.0 (Linux; Android 6.0.1; Nexus 5X Build/MMB29P) AppleWebKit/537.36 (KHTML, like Gecko) Chrome/137.0.7151.103 Mobile Safari/537.36 (compatible; Googlebot/2.1; +http://www.google.com/bot.html)"
209.74.77.214 - - [12/Jul/2025:12:27:10 +0000] "POST /wp-cron.php?doing_wp_cron=1752323230.5272569656372070312500 HTTP/1.1" 200 - "-" "WordPress/6.8.1; https://cyber-secure.com.au"
66.249.64.132 - - [12/Jul/2025:12:27:10 +0000] "GET /?e=34483088011000&mod=c922de9e&uri=dp.php%3Fid%3D1150918-313%26name%3Dklatsch+taschen+kaufen HTTP/1.1" 301 - "-" "Mozilla/5.0 (Linux; Android 6.0.1; Nexus 5X Build/MMB29P) AppleWebKit/537.36 (KHTML, like Gecko) Chrome/137.0.7151.103 Mobile Safari/537.36 (compatible; GoogleOther)"
66.249.64.132 - - [12/Jul/2025:12:27:11 +0000] "GET /?e=2602554001000&mod=11d0e628&uri=info.php%3Fid%3D86878-168%26name%3Dgiant+anthem+29er+2018+review HTTP/1.1" 200 21300 "-" "Mozilla/5.0 (Linux; Android 6.0.1; Nexus 5X Build/MMB29P) AppleWebKit/537.36 (KHTML, like Gecko) Chrome/137.0.7151.103 Mobile Safari/537.36 (compatible; Googlebot/2.1; +http://www.google.com/bot.html)"
66.249.64.132 - - [12/Jul/2025:12:27:13 +0000] "GET /?e=34483088011000&mod=c922de9e&uri=dp.php%3Fid%3D1150918-313%26name%3Dklatsch%20taschen%20kaufen HTTP/1.1" 200 26102 "-" "Mozilla/5.0 (Linux; Android 6.0.1; Nexus 5X Build/MMB29P) AppleWebKit/537.36 (KHTML, like Gecko) Chrome/137.0.7151.103 Mobile Safari/537.36 (compatible; GoogleOther)"
66.249.64.132 - - [12/Jul/2025:12:27:16 +0000] "GET /?e=107332864001000&mod=e9f54fe5&uri=shop.php%3Fid%3D3582045-1170%26name%3Dvarley+berkeley+bra HTTP/1.1" 200 20924 "-" "Mozilla/5.0 (Linux; Android 6.0.1; Nexus 5X Build/MMB29P) AppleWebKit/537.36 (KHTML, like Gecko) Chrome/137.0.7151.103 Mobile Safari/537.36 (compatible; Googlebot/2.1; +http://www.google.com/bot.html)"
209.74.77.214 - - [12/Jul/2025:12:27:17 +0000] "POST /wp-cron.php?doing_wp_cron=1752323237.3963699340820312500000 HTTP/1.1" 200 - "-" "WordPress/6.8.1; https://cyber-secure.com.au"
66.249.64.132 - - [12/Jul/2025:12:27:17 +0000] "GET /?e=99422716091000&mod=fc79f856&uri=pin.php%3Fid%3D3317993-1251%26name%3Dveste+chauffante+warm+plus HTTP/1.1" 301 - "-" "Mozilla/5.0 (Linux; Android 6.0.1; Nexus 5X Build/MMB29P) AppleWebKit/537.36 (KHTML, like Gecko) Chrome/137.0.7151.103 Mobile Safari/537.36 (compatible; GoogleOther)"
209.74.77.214 - - [12/Jul/2025:12:27:17 +0000] "POST /wp-admin/admin-ajax.php?action=async_litespeed&nonce=9hWRNa4LztoIZexfOaxGnPe9OJ8xsImc&litespeed_type=imgoptm HTTP/1.1" 200 21 "-" "WordPress/6.8.1; https://cyber-secure.com.au"
66.249.64.132 - - [12/Jul/2025:12:27:20 +0000] "GET /?e=99422716091000&mod=fc79f856&uri=pin.php%3Fid%3D3317993-1251%26name%3Dveste%20chauffante%20warm%20plus HTTP/1.1" 200 26106 "-" "Mozilla/5.0 (Linux; Android 6.0.1; Nexus 5X Build/MMB29P) AppleWebKit/537.36 (KHTML, like Gecko) Chrome/137.0.7151.103 Mobile Safari/537.36 (compatible; GoogleOther)"
66.249.64.132 - - [12/Jul/2025:12:27:21 +0000] "GET /?e=50312383021000&mod=9fa8671d&uri=category-info.php%3Fid%3D1679018-1269%26name%3Dbowler+satchel HTTP/1.1" 200 21171 "-" "Mozilla/5.0 (Linux; Android 6.0.1; Nexus 5X Build/MMB29P) AppleWebKit/537.36 (KHTML, like Gecko) Chrome/137.0.7151.103 Mobile Safari/537.36 (compatible; Googlebot/2.1; +http://www.google.com/bot.html)"
66.249.64.132 - - [12/Jul/2025:12:27:25 +0000] "POST /get-message-notify HTTP/1.1" 200 21396 "https://cyber-secure.com.au/?e=50312383021000&mod=9fa8671d&uri=category-info.php%3Fid%3D1679018-1269%26name%3Dbowler+satchel" "Mozilla/5.0 (Linux; Android 6.0.1; Nexus 5X Build/MMB29P) AppleWebKit/537.36 (KHTML, like Gecko) Chrome/137.0.7151.119 Mobile Safari/537.36 (compatible; Googlebot/2.1; +http://www.google.com/bot.html)"
66.249.64.132 - - [12/Jul/2025:12:27:33 +0000] "GET /?e=76509740061000&mod=a1d2b0ef&uri=category-info.php%3Fid%3D2553205-753%26name%3Dultimi+modelli+nike+shox HTTP/1.1" 200 20596 "-" "Mozilla/5.0 (Linux; Android 6.0.1; Nexus 5X Build/MMB29P) AppleWebKit/537.36 (KHTML, like Gecko) Chrome/137.0.7151.103 Mobile Safari/537.36 (compatible; Googlebot/2.1; +http://www.google.com/bot.html)"
66.249.64.132 - - [12/Jul/2025:12:27:37 +0000] "GET /?e=32514754031000&mod=f65854da&uri=product.php%3Fid%3D1085214-1018%26name%3Dsilver+bullion+dealers+near+me HTTP/1.1" 200 21918 "-" "Mozilla/5.0 (Linux; Android 6.0.1; Nexus 5X Build/MMB29P) AppleWebKit/537.36 (KHTML, like Gecko) Chrome/137.0.7151.103 Mobile Safari/537.36 (compatible; Googlebot/2.1; +http://www.google.com/bot.html)"
66.249.64.132 - - [12/Jul/2025:12:27:39 +0000] "GET /?e=111448046031000&mod=ce840aa9&uri=brands.php%3Fid%3D3719392-860%26name%3Dray+ban+rx5184+new+wayfarer HTTP/1.1" 200 22408 "-" "Mozilla/5.0 (Linux; Android 6.0.1; Nexus 5X Build/MMB29P) AppleWebKit/537.36 (KHTML, like Gecko) Chrome/137.0.7151.103 Mobile Safari/537.36 (compatible; Googlebot/2.1; +http://www.google.com/bot.html)"
66.249.64.132 - - [12/Jul/2025:12:27:43 +0000] "POST /get-message-notify HTTP/1.1" 200 21390 "https://cyber-secure.com.au/?e=111448046031000&mod=ce840aa9&uri=brands.php%3Fid%3D3719392-860%26name%3Dray+ban+rx5184+new+wayfarer" "Mozilla/5.0 (Linux; Android 6.0.1; Nexus 5X Build/MMB29P) AppleWebKit/537.36 (KHTML, like Gecko) Chrome/137.0.7151.119 Mobile Safari/537.36 (compatible; Googlebot/2.1; +http://www.google.com/bot.html)"
66.249.64.132 - - [12/Jul/2025:12:27:50 +0000] "GET /?e=52069599011000&mod=30f0641c&uri=dp.php%3Fid%3D1737622-1187%26name%3Dvans+sk8+hi+run+big HTTP/1.1" 200 21311 "-" "Mozilla/5.0 (Linux; Android 6.0.1; Nexus 5X Build/MMB29P) AppleWebKit/537.36 (KHTML, like Gecko) Chrome/137.0.7151.103 Mobile Safari/537.36 (compatible; Googlebot/2.1; +http://www.google.com/bot.html)"
66.249.64.132 - - [12/Jul/2025:12:27:53 +0000] "GET /?e=12465544011000&mod=fe2d0103&uri=category-info.php%3Fid%3D416225-120%26name%3Dbotitas+de+tejido HTTP/1.1" 200 21747 "-" "Mozilla/5.0 (Linux; Android 6.0.1; Nexus 5X Build/MMB29P) AppleWebKit/537.36 (KHTML, like Gecko) Chrome/137.0.7151.103 Mobile Safari/537.36 (compatible; Googlebot/2.1; +http://www.google.com/bot.html)"
66.249.64.132 - - [12/Jul/2025:12:27:53 +0000] "POST /wp-json/metform/v1/forms/views/2288 HTTP/1.1" 200 22332 "https://cyber-secure.com.au/?e=116493143041000&mod=c255c052&uri=shop.php%3Fid%3D3887786-387%26name%3Dproform%20630ds%20treadmill%20price" "Mozilla/5.0 (Linux; Android 6.0.1; Nexus 5X Build/MMB29P) AppleWebKit/537.36 (KHTML, like Gecko) Chrome/137.0.7151.119 Mobile Safari/537.36 (compatible; Googlebot/2.1; +http://www.google.com/bot.html)"
66.249.64.132 - - [12/Jul/2025:12:27:57 +0000] "GET /wp-content/plugins/elementor/assets/css/widget-image.min.css?ver=3.29.2 HTTP/1.1" 200 165 "https://cyber-secure.com.au/?e=99422716091000&mod=fc79f856&uri=pin.php%3Fid%3D3317993-1251%26name%3Dveste%20chauffante%20warm%20plus" "Mozilla/5.0 (Linux; Android 6.0.1; Nexus 5X Build/MMB29P) AppleWebKit/537.36 (KHTML, like Gecko) Chrome/137.0.7151.119 Mobile Safari/537.36 (compatible; Googlebot/2.1; +http://www.google.com/bot.html)"
66.249.64.128 - - [12/Jul/2025:12:28:02 +0000] "GET /?e=44448188041000&mod=e7d161ac&uri=category-info.php%3Fid%3D1483380-476%26name%3Dreloj+correa+de+tela+hombre HTTP/1.1" 200 21034 "-" "Mozilla/5.0 (Linux; Android 6.0.1; Nexus 5X Build/MMB29P) AppleWebKit/537.36 (KHTML, like Gecko) Chrome/137.0.7151.103 Mobile Safari/537.36 (compatible; Googlebot/2.1; +http://www.google.com/bot.html)"
66.249.64.132 - - [12/Jul/2025:12:28:02 +0000] "GET /?e=99565213091000&mod=8a1df180&uri=dp.php%3Fid%3D3322745-1439%26name%3Dsafety+porte+b%C3%83%C2%A9b%C3%83%C2%A9 HTTP/1.1" 301 - "-" "Mozilla/5.0 (Linux; Android 6.0.1; Nexus 5X Build/MMB29P) AppleWebKit/537.36 (KHTML, like Gecko) Chrome/137.0.7151.103 Mobile Safari/537.36 (compatible; GoogleOther)"
66.249.64.129 - - [12/Jul/2025:12:28:03 +0000] "GET /?e=104220165071000&mod=e0bdb346&uri=products.php%3Fid%3D3478148-1625%26name%3Dasics+gel+nimbus+bambino+2016 HTTP/1.1" 200 20711 "-" "Mozilla/5.0 (Linux; Android 6.0.1; Nexus 5X Build/MMB29P) AppleWebKit/537.36 (KHTML, like Gecko) Chrome/137.0.7151.103 Mobile Safari/537.36 (compatible; Googlebot/2.1; +http://www.google.com/bot.html)"
66.249.64.128 - - [12/Jul/2025:12:28:04 +0000] "GET /?e=99565213091000&mod=8a1df180&uri=dp.php%3Fid%3D3322745-1439%26name%3Dsafety%20porte%20b%C3%83%C2%A9b%C3%83%C2%A9 HTTP/1.1" 200 26108 "-" "Mozilla/5.0 (Linux; Android 6.0.1; Nexus 5X Build/MMB29P) AppleWebKit/537.36 (KHTML, like Gecko) Chrome/137.0.7151.103 Mobile Safari/537.36 (compatible; GoogleOther)"
66.249.64.129 - - [12/Jul/2025:12:28:06 +0000] "POST /get-message-notify HTTP/1.1" 200 21388 "https://cyber-secure.com.au/?e=12465544011000&mod=fe2d0103&uri=category-info.php%3Fid%3D416225-120%26name%3Dbotitas+de+tejido" "Mozilla/5.0 (Linux; Android 6.0.1; Nexus 5X Build/MMB29P) AppleWebKit/537.36 (KHTML, like Gecko) Chrome/137.0.7151.119 Mobile Safari/537.36 (compatible; Googlebot/2.1; +http://www.google.com/bot.html)"
66.249.64.132 - - [12/Jul/2025:12:28:10 +0000] "GET /?e=34483687041000&mod=a8abb4bb&uri=info.php%3Fid%3D1150938-44%26name%3Dleasing+ford+transit+custom HTTP/1.1" 200 21660 "-" "Mozilla/5.0 (Linux; Android 6.0.1; Nexus 5X Build/MMB29P) AppleWebKit/537.36 (KHTML, like Gecko) Chrome/137.0.7151.103 Mobile Safari/537.36 (compatible; Googlebot/2.1; +http://www.google.com/bot.html)"
66.249.64.132 - - [12/Jul/2025:12:28:15 +0000] "GET /?e=2750823101000&mod=54f5f407&uri=news.php%3Fid%3D91821-174%26name%3Dadidas+yeezy+jd+instagram HTTP/1.1" 200 20999 "-" "Mozilla/5.0 (Linux; Android 6.0.1; Nexus 5X Build/MMB29P) AppleWebKit/537.36 (KHTML, like Gecko) Chrome/137.0.7151.103 Mobile Safari/537.36 (compatible; Googlebot/2.1; +http://www.google.com/bot.html)"
66.249.64.132 - - [12/Jul/2025:12:28:25 +0000] "GET /?e=112218964021000&mod=63ab39b1&uri=pin.php%3Fid%3D3745142-1615%26name%3Dasics+stability+running HTTP/1.1" 200 21026 "-" "Mozilla/5.0 (Linux; Android 6.0.1; Nexus 5X Build/MMB29P) AppleWebKit/537.36 (KHTML, like Gecko) Chrome/137.0.7151.103 Mobile Safari/537.36 (compatible; Googlebot/2.1; +http://www.google.com/bot.html)"
66.249.64.132 - - [12/Jul/2025:12:28:29 +0000] "POST /get-message-notify HTTP/1.1" 200 21384 "https://cyber-secure.com.au/?e=112218964021000&mod=63ab39b1&uri=pin.php%3Fid%3D3745142-1615%26name%3Dasics+stability+running" "Mozilla/5.0 (Linux; Android 6.0.1; Nexus 5X Build/MMB29P) AppleWebKit/537.36 (KHTML, like Gecko) Chrome/137.0.7151.119 Mobile Safari/537.36 (compatible; Googlebot/2.1; +http://www.google.com/bot.html)"
66.249.64.132 - - [12/Jul/2025:12:28:30 +0000] "GET /?e=58662702031000&mod=4c322963&uri=blog.php%3Fid%3D1957599-1336%26name%3Darmy+green+suit+jacket HTTP/1.1" 200 21126 "-" "Mozilla/5.0 (Linux; Android 6.0.1; Nexus 5X Build/MMB29P) AppleWebKit/537.36 (KHTML, like Gecko) Chrome/137.0.7151.103 Mobile Safari/537.36 (compatible; Googlebot/2.1; +http://www.google.com/bot.html)"
66.249.64.132 - - [12/Jul/2025:12:28:33 +0000] "GET /?e=97039495031000&mod=0d056cb6&uri=info.php%3Fid%3D3238437-1590%26name%3Dcharlotte+olympia+havaianas HTTP/1.1" 200 21192 "-" "Mozilla/5.0 (Linux; Android 6.0.1; Nexus 5X Build/MMB29P) AppleWebKit/537.36 (KHTML, like Gecko) Chrome/137.0.7151.103 Mobile Safari/537.36 (compatible; Googlebot/2.1; +http://www.google.com/bot.html)"
66.249.64.132 - - [12/Jul/2025:12:28:35 +0000] "POST /get-message-notify HTTP/1.1" 200 21391 "https://cyber-secure.com.au/?e=34483687041000&mod=a8abb4bb&uri=info.php%3Fid%3D1150938-44%26name%3Dleasing+ford+transit+custom" "Mozilla/5.0 (Linux; Android 6.0.1; Nexus 5X Build/MMB29P) AppleWebKit/537.36 (KHTML, like Gecko) Chrome/137.0.7151.119 Mobile Safari/537.36 (compatible; Googlebot/2.1; +http://www.google.com/bot.html)"
66.249.64.132 - - [12/Jul/2025:12:28:36 +0000] "GET /?e=54228596031000&mod=4f7b884f&uri=us.php%3Fid%3D1809658-689%26name%3Dbone+spur+treatment+heel HTTP/1.1" 200 21973 "-" "Mozilla/5.0 (Linux; Android 6.0.1; Nexus 5X Build/MMB29P) AppleWebKit/537.36 (KHTML, like Gecko) Chrome/137.0.7151.103 Mobile Safari/537.36 (compatible; Googlebot/2.1; +http://www.google.com/bot.html)"
66.249.64.132 - - [12/Jul/2025:12:28:39 +0000] "GET /?e=114919594031000&mod=55057122&uri=shop.php%3Fid%3D3835291-371%26name%3Dsunglasses+wholesale+distributors+usa HTTP/1.1" 200 21461 "-" "Mozilla/5.0 (Linux; Android 6.0.1; Nexus 5X Build/MMB29P) AppleWebKit/537.36 (KHTML, like Gecko) Chrome/137.0.7151.103 Mobile Safari/537.36 (compatible; Googlebot/2.1; +http://www.google.com/bot.html)"
66.249.64.132 - - [12/Jul/2025:12:28:42 +0000] "POST /get-message-notify HTTP/1.1" 200 21385 "https://cyber-secure.com.au/?e=54228596031000&mod=4f7b884f&uri=us.php%3Fid%3D1809658-689%26name%3Dbone+spur+treatment+heel" "Mozilla/5.0 (Linux; Android 6.0.1; Nexus 5X Build/MMB29P) AppleWebKit/537.36 (KHTML, like Gecko) Chrome/137.0.7151.119 Mobile Safari/537.36 (compatible; Googlebot/2.1; +http://www.google.com/bot.html)"
66.249.64.132 - - [12/Jul/2025:12:28:45 +0000] "POST /get-message-notify HTTP/1.1" 200 21393 "https://cyber-secure.com.au/?e=114919594031000&mod=55057122&uri=shop.php%3Fid%3D3835291-371%26name%3Dsunglasses+wholesale+distributors+usa" "Mozilla/5.0 (Linux; Android 6.0.1; Nexus 5X Build/MMB29P) AppleWebKit/537.36 (KHTML, like Gecko) Chrome/137.0.7151.119 Mobile Safari/537.36 (compatible; Googlebot/2.1; +http://www.google.com/bot.html)"
66.249.64.128 - - [12/Jul/2025:12:28:46 +0000] "GET /?e=42634458101000&mod=4baf54f3&uri=products.php%3Fid%3D1422879-362%26name%3Dvsx+yoga+pants HTTP/1.1" 200 20470 "-" "Mozilla/5.0 (Linux; Android 6.0.1; Nexus 5X Build/MMB29P) AppleWebKit/537.36 (KHTML, like Gecko) Chrome/137.0.7151.103 Mobile Safari/537.36 (compatible; Googlebot/2.1; +http://www.google.com/bot.html)"
66.249.64.128 - - [12/Jul/2025:12:28:52 +0000] "GET /?e=49366979051000&mod=b673ed01&uri=product.php%3Fid%3D1647470-1264%26name%3D16+inch+front+hub+motor HTTP/1.1" 200 21084 "-" "Mozilla/5.0 (Linux; Android 6.0.1; Nexus 5X Build/MMB29P) AppleWebKit/537.36 (KHTML, like Gecko) Chrome/137.0.7151.103 Mobile Safari/537.36 (compatible; Googlebot/2.1; +http://www.google.com/bot.html)"
209.74.77.214 - - [12/Jul/2025:12:28:57 +0000] "POST /wp-cron.php?doing_wp_cron=1752323337.1197640895843505859375 HTTP/1.1" 200 - "-" "WordPress/6.8.1; https://cyber-secure.com.au"
66.249.64.132 - - [12/Jul/2025:12:28:56 +0000] "GET /?e=17096657071000&mod=4f1927ff&uri=news.php%3Fid%3D570731-681%26name%3Dstrava+on+apple+watch+series HTTP/1.1" 301 - "-" "Mozilla/5.0 (Linux; Android 6.0.1; Nexus 5X Build/MMB29P) AppleWebKit/537.36 (KHTML, like Gecko) Chrome/137.0.7151.103 Mobile Safari/537.36 (compatible; GoogleOther)"
209.74.77.214 - - [12/Jul/2025:12:28:57 +0000] "POST /wp-admin/admin-ajax.php?action=async_litespeed&nonce=U0RkRAe4tHF8l8DYTWA4kjswoO4xRath&litespeed_type=imgoptm HTTP/1.1" 200 21 "-" "WordPress/6.8.1; https://cyber-secure.com.au"
66.249.64.128 - - [12/Jul/2025:12:28:57 +0000] "GET /?e=59186283011000&mod=2fe5a27c&uri=article.php%3Fid%3D1975080-488%26name%3Dsamsung+watch+calorie+accuracy HTTP/1.1" 200 22597 "-" "Mozilla/5.0 (Linux; Android 6.0.1; Nexus 5X Build/MMB29P) AppleWebKit/537.36 (KHTML, like Gecko) Chrome/137.0.7151.103 Mobile Safari/537.36 (compatible; Googlebot/2.1; +http://www.google.com/bot.html)"
66.249.64.132 - - [12/Jul/2025:12:28:58 +0000] "GET /?e=17096657071000&mod=4f1927ff&uri=news.php%3Fid%3D570731-681%26name%3Dstrava%20on%20apple%20watch%20series HTTP/1.1" 200 26104 "-" "Mozilla/5.0 (Linux; Android 6.0.1; Nexus 5X Build/MMB29P) AppleWebKit/537.36 (KHTML, like Gecko) Chrome/137.0.7151.103 Mobile Safari/537.36 (compatible; GoogleOther)"
66.249.64.132 - - [12/Jul/2025:12:29:01 +0000] "GET /?e=26695125031000&mod=8248a99e&uri=info.php%3Fid%3D890958-114%26name%3Dzapatillas+wilson+kaos+comp HTTP/1.1" 200 20971 "-" "Mozilla/5.0 (Linux; Android 6.0.1; Nexus 5X Build/MMB29P) AppleWebKit/537.36 (KHTML, like Gecko) Chrome/137.0.7151.103 Mobile Safari/537.36 (compatible; Googlebot/2.1; +http://www.google.com/bot.html)"
66.249.64.132 - - [12/Jul/2025:12:29:03 +0000] "POST /get-message-notify HTTP/1.1" 200 21390 "https://cyber-secure.com.au/?e=59186283011000&mod=2fe5a27c&uri=article.php%3Fid%3D1975080-488%26name%3Dsamsung+watch+calorie+accuracy" "Mozilla/5.0 (Linux; Android 6.0.1; Nexus 5X Build/MMB29P) AppleWebKit/537.36 (KHTML, like Gecko) Chrome/137.0.7151.119 Mobile Safari/537.36 (compatible; Googlebot/2.1; +http://www.google.com/bot.html)"
66.249.64.128 - - [12/Jul/2025:12:29:08 +0000] "GET /?e=3591852011000&mod=cd0f74b5&uri=products.php%3Fid%3D119889-227%26name%3Doriginals+eqt+equipment+support+adv+adventure+%27winter+pack%27 HTTP/1.1" 200 20698 "-" "Mozilla/5.0 (Linux; Android 6.0.1; Nexus 5X Build/MMB29P) AppleWebKit/537.36 (KHTML, like Gecko) Chrome/137.0.7151.103 Mobile Safari/537.36 (compatible; Googlebot/2.1; +http://www.google.com/bot.html)"
209.74.77.214 - - [12/Jul/2025:12:29:19 +0000] "POST /wp-cron.php?doing_wp_cron=1752323359.4230239391326904296875 HTTP/1.1" 200 - "-" "WordPress/6.8.1; https://cyber-secure.com.au"
66.249.64.132 - - [12/Jul/2025:12:29:19 +0000] "GET /?e=72243331011000&mod=ec8ce6ab&uri=blog.php%3Fid%3D2410838-22%26name%3Dskagen+uhr+mit+datum HTTP/1.1" 301 - "-" "Mozilla/5.0 (Linux; Android 6.0.1; Nexus 5X Build/MMB29P) AppleWebKit/537.36 (KHTML, like Gecko) Chrome/137.0.7151.103 Mobile Safari/537.36 (compatible; GoogleOther)"
209.74.77.214 - - [12/Jul/2025:12:29:19 +0000] "POST /wp-admin/admin-ajax.php?action=async_litespeed&nonce=RsxHKLbhDjvqNf172HKrnPRNt0YtAcQ7&litespeed_type=imgoptm HTTP/1.1" 200 21 "-" "WordPress/6.8.1; https://cyber-secure.com.au"
66.249.64.132 - - [12/Jul/2025:12:29:21 +0000] "GET /?e=51480155071000&mod=d7f426cc&uri=dp.php%3Fid%3D1717964-699%26name%3Dnew+home+water+heater HTTP/1.1" 200 22364 "-" "Mozilla/5.0 (Linux; Android 6.0.1; Nexus 5X Build/MMB29P) AppleWebKit/537.36 (KHTML, like Gecko) Chrome/137.0.7151.103 Mobile Safari/537.36 (compatible; Googlebot/2.1; +http://www.google.com/bot.html)"
66.249.64.132 - - [12/Jul/2025:12:29:21 +0000] "GET /?e=72243331011000&mod=ec8ce6ab&uri=blog.php%3Fid%3D2410838-22%26name%3Dskagen%20uhr%20mit%20datum HTTP/1.1" 200 26107 "-" "Mozilla/5.0 (Linux; Android 6.0.1; Nexus 5X Build/MMB29P) AppleWebKit/537.36 (KHTML, like Gecko) Chrome/137.0.7151.103 Mobile Safari/537.36 (compatible; GoogleOther)"
66.249.64.132 - - [12/Jul/2025:12:29:25 +0000] "GET /?e=97193722031000&mod=7ac52e3f&uri=form.php%3Fid%3D3243580-880%26name%3Dvera+wang+pear+engagement+rings HTTP/1.1" 200 21235 "-" "Mozilla/5.0 (Linux; Android 6.0.1; Nexus 5X Build/MMB29P) AppleWebKit/537.36 (KHTML, like Gecko) Chrome/137.0.7151.103 Mobile Safari/537.36 (compatible; Googlebot/2.1; +http://www.google.com/bot.html)"
66.249.64.132 - - [12/Jul/2025:12:29:36 +0000] "POST /get-message-notify HTTP/1.1" 200 21398 "https://cyber-secure.com.au/?e=3591852011000&mod=cd0f74b5&uri=products.php%3Fid%3D119889-227%26name%3Doriginals+eqt+equipment+support+adv+adventure+%27winter+pack%27" "Mozilla/5.0 (Linux; Android 6.0.1; Nexus 5X Build/MMB29P) AppleWebKit/537.36 (KHTML, like Gecko) Chrome/137.0.7151.119 Mobile Safari/537.36 (compatible; Googlebot/2.1; +http://www.google.com/bot.html)"
66.249.64.132 - - [12/Jul/2025:12:29:32 +0000] "GET /?e=20826337011000&mod=85c4ef2f&uri=pin.php%3Fid%3D695190-772%26name%3Dbalenciaga+camel HTTP/1.1" 200 20772 "-" "Mozilla/5.0 (Linux; Android 6.0.1; Nexus 5X Build/MMB29P) AppleWebKit/537.36 (KHTML, like Gecko) Chrome/137.0.7151.103 Mobile Safari/537.36 (compatible; Googlebot/2.1; +http://www.google.com/bot.html)"
66.249.64.132 - - [12/Jul/2025:12:29:37 +0000] "GET /?e=36508704101000&mod=dd5c2581&uri=goods.php%3Fid%3D1218523-1104%26name%3Dnew+balance+fresh+foam+ladies HTTP/1.1" 200 20905 "-" "Mozilla/5.0 (Linux; Android 6.0.1; Nexus 5X Build/MMB29P) AppleWebKit/537.36 (KHTML, like Gecko) Chrome/137.0.7151.103 Mobile Safari/537.36 (compatible; Googlebot/2.1; +http://www.google.com/bot.html)"
66.249.64.132 - - [12/Jul/2025:12:29:43 +0000] "GET /?e=57460260021000&mod=9afbe998&uri=news.php%3Fid%3D1917476-713%26name%3Dadidas+yeezy+guia+de+tallas+online HTTP/1.1" 200 20946 "-" "Mozilla/5.0 (Linux; Android 6.0.1; Nexus 5X Build/MMB29P) AppleWebKit/537.36 (KHTML, like Gecko) Chrome/137.0.7151.103 Mobile Safari/537.36 (compatible; Googlebot/2.1; +http://www.google.com/bot.html)"
66.249.64.132 - - [12/Jul/2025:12:29:46 +0000] "GET /?e=91612273001000&mod=696f61d7&uri=product.php%3Fid%3D3057268-1567%26name%3Dhogan+383 HTTP/1.1" 200 20807 "-" "Mozilla/5.0 (Linux; Android 6.0.1; Nexus 5X Build/MMB29P) AppleWebKit/537.36 (KHTML, like Gecko) Chrome/137.0.7151.103 Mobile Safari/537.36 (compatible; Googlebot/2.1; +http://www.google.com/bot.html)"
66.249.64.132 - - [12/Jul/2025:12:29:47 +0000] "POST /get-message-notify HTTP/1.1" 200 21389 "https://cyber-secure.com.au/?e=57460260021000&mod=9afbe998&uri=news.php%3Fid%3D1917476-713%26name%3Dadidas+yeezy+guia+de+tallas+online" "Mozilla/5.0 (Linux; Android 6.0.1; Nexus 5X Build/MMB29P) AppleWebKit/537.36 (KHTML, like Gecko) Chrome/137.0.7151.119 Mobile Safari/537.36 (compatible; Googlebot/2.1; +http://www.google.com/bot.html)"
66.249.64.132 - - [12/Jul/2025:12:29:48 +0000] "GET /?e=19675704121000&mod=b06b5541&uri=blog.php%3Fid%3D656801-248%26name%3Dal+nuaim+attar+online HTTP/1.1" 301 - "-" "Mozilla/5.0 (Linux; Android 6.0.1; Nexus 5X Build/MMB29P) AppleWebKit/537.36 (KHTML, like Gecko) Chrome/137.0.7151.103 Mobile Safari/537.36 (compatible; GoogleOther)"
66.249.64.132 - - [12/Jul/2025:12:29:49 +0000] "GET /?e=19675704121000&mod=b06b5541&uri=blog.php%3Fid%3D656801-248%26name%3Dal%20nuaim%20attar%20online HTTP/1.1" 200 26108 "-" "Mozilla/5.0 (Linux; Android 6.0.1; Nexus 5X Build/MMB29P) AppleWebKit/537.36 (KHTML, like Gecko) Chrome/137.0.7151.103 Mobile Safari/537.36 (compatible; GoogleOther)"
66.249.64.132 - - [12/Jul/2025:12:29:51 +0000] "GET /?e=71220338111000&mod=60bba735&uri=product.php%3Fid%3D2376696-1423%26name%3Deagles+sneakers HTTP/1.1" 200 21014 "-" "Mozilla/5.0 (Linux; Android 6.0.1; Nexus 5X Build/MMB29P) AppleWebKit/537.36 (KHTML, like Gecko) Chrome/137.0.7151.103 Mobile Safari/537.36 (compatible; Googlebot/2.1; +http://www.google.com/bot.html)"
66.249.64.128 - - [12/Jul/2025:12:29:57 +0000] "GET /?e=30066210001000&mod=e614f646&uri=news.php%3Fid%3D1003524-982%26name%3Dgrey+toddler+nike+shoes HTTP/1.1" 200 22029 "-" "Mozilla/5.0 (Linux; Android 6.0.1; Nexus 5X Build/MMB29P) AppleWebKit/537.36 (KHTML, like Gecko) Chrome/137.0.7151.103 Mobile Safari/537.36 (compatible; Googlebot/2.1; +http://www.google.com/bot.html)"
66.249.64.132 - - [12/Jul/2025:12:30:01 +0000] "GET /?e=73217075041000&mod=8b557865&uri=article.php%3Fid%3D2443325-1457%26name%3Dvirgule+nike HTTP/1.1" 200 20237 "-" "Mozilla/5.0 (Linux; Android 6.0.1; Nexus 5X Build/MMB29P) AppleWebKit/537.36 (KHTML, like Gecko) Chrome/137.0.7151.103 Mobile Safari/537.36 (compatible; Googlebot/2.1; +http://www.google.com/bot.html)"
66.249.64.132 - - [12/Jul/2025:12:30:05 +0000] "GET /?e=119462312031000&mod=c255c052&uri=itm.php%3Fid%3D3986823-387%26name%3Ddumbbell+only+crossfit+workout HTTP/1.1" 200 22126 "-" "Mozilla/5.0 (compatible; Googlebot/2.1; +http://www.google.com/bot.html)"
66.249.64.132 - - [12/Jul/2025:12:30:05 +0000] "POST /get-message-notify HTTP/1.1" 200 21390 "https://cyber-secure.com.au/?e=97193722031000&mod=7ac52e3f&uri=form.php%3Fid%3D3243580-880%26name%3Dvera+wang+pear+engagement+rings" "Mozilla/5.0 (Linux; Android 6.0.1; Nexus 5X Build/MMB29P) AppleWebKit/537.36 (KHTML, like Gecko) Chrome/137.0.7151.119 Mobile Safari/537.36 (compatible; Googlebot/2.1; +http://www.google.com/bot.html)"
66.249.64.132 - - [12/Jul/2025:12:30:06 +0000] "GET /?e=1197891021000&mod=4ea06fbc&uri=pin.php%3Fid%3D39992-77%26name%3Dflamenco+shoes+in+stock HTTP/1.1" 301 - "-" "Mozilla/5.0 (Linux; Android 6.0.1; Nexus 5X Build/MMB29P) AppleWebKit/537.36 (KHTML, like Gecko) Chrome/137.0.7151.103 Mobile Safari/537.36 (compatible; GoogleOther)"
66.249.64.132 - - [12/Jul/2025:12:30:07 +0000] "POST /get-message-notify HTTP/1.1" 200 21378 "https://cyber-secure.com.au/?e=91612273001000&mod=696f61d7&uri=product.php%3Fid%3D3057268-1567%26name%3Dhogan+383" "Mozilla/5.0 (Linux; Android 6.0.1; Nexus 5X Build/MMB29P) AppleWebKit/537.36 (KHTML, like Gecko) Chrome/137.0.7151.119 Mobile Safari/537.36 (compatible; Googlebot/2.1; +http://www.google.com/bot.html)"
66.249.64.132 - - [12/Jul/2025:12:30:08 +0000] "GET /?e=3198928141000&mod=95e6834d&uri=dp.php%3Fid%3D106782-194%26name%3Dgivenchy+t+shirt+star HTTP/1.1" 200 20581 "-" "Mozilla/5.0 (Linux; Android 6.0.1; Nexus 5X Build/MMB29P) AppleWebKit/537.36 (KHTML, like Gecko) Chrome/137.0.7151.103 Mobile Safari/537.36 (compatible; Googlebot/2.1; +http://www.google.com/bot.html)"
209.74.77.214 - - [12/Jul/2025:12:30:09 +0000] "POST /wp-cron.php?doing_wp_cron=1752323409.0181388854980468750000 HTTP/1.1" 200 - "-" "WordPress/6.8.1; https://cyber-secure.com.au"
66.249.64.132 - - [12/Jul/2025:12:30:08 +0000] "GET /?e=1197891021000&mod=4ea06fbc&uri=pin.php%3Fid%3D39992-77%26name%3Dflamenco%20shoes%20in%20stock HTTP/1.1" 200 26110 "-" "Mozilla/5.0 (Linux; Android 6.0.1; Nexus 5X Build/MMB29P) AppleWebKit/537.36 (KHTML, like Gecko) Chrome/137.0.7151.103 Mobile Safari/537.36 (compatible; GoogleOther)"
66.249.64.132 - - [12/Jul/2025:12:30:10 +0000] "GET /?e=113757498041000&mod=bcff3f63&uri=pin.php%3Fid%3D3796497-801%26name%3Ddark+grey+gym+shorts HTTP/1.1" 200 21995 "-" "Mozilla/5.0 (Linux; Android 6.0.1; Nexus 5X Build/MMB29P) AppleWebKit/537.36 (KHTML, like Gecko) Chrome/137.0.7151.103 Mobile Safari/537.36 (compatible; Googlebot/2.1; +http://www.google.com/bot.html)"
66.249.64.132 - - [12/Jul/2025:12:30:11 +0000] "POST /get-message-notify HTTP/1.1" 200 21390 "https://cyber-secure.com.au/?e=73217075041000&mod=8b557865&uri=article.php%3Fid%3D2443325-1457%26name%3Dvirgule+nike" "Mozilla/5.0 (Linux; Android 6.0.1; Nexus 5X Build/MMB29P) AppleWebKit/537.36 (KHTML, like Gecko) Chrome/137.0.7151.119 Mobile Safari/537.36 (compatible; Googlebot/2.1; +http://www.google.com/bot.html)"
66.249.64.132 - - [12/Jul/2025:12:30:13 +0000] "GET /?e=87638882061000&mod=39b8f721&uri=info.php%3Fid%3D2924665-427%26name%3Dmini+moto+cross+usate HTTP/1.1" 200 21754 "-" "Mozilla/5.0 (Linux; Android 6.0.1; Nexus 5X Build/MMB29P) AppleWebKit/537.36 (KHTML, like Gecko) Chrome/137.0.7151.103 Mobile Safari/537.36 (compatible; Googlebot/2.1; +http://www.google.com/bot.html)"
66.249.64.132 - - [12/Jul/2025:12:30:14 +0000] "GET /wp-content/uploads/elementor/google-fonts/css/abhayalibre.css?ver=1742321262 HTTP/1.1" 200 582 "https://cyber-secure.com.au/?e=1197891021000&mod=4ea06fbc&uri=pin.php%3Fid%3D39992-77%26name%3Dflamenco%20shoes%20in%20stock" "Mozilla/5.0 (Linux; Android 6.0.1; Nexus 5X Build/MMB29P) AppleWebKit/537.36 (KHTML, like Gecko) Chrome/137.0.7151.119 Mobile Safari/537.36 (compatible; Googlebot/2.1; +http://www.google.com/bot.html)"
66.249.64.132 - - [12/Jul/2025:12:30:15 +0000] "GET /wp-content/plugins/elementor/assets/css/widget-image.min.css?ver=3.29.2 HTTP/1.1" 200 165 "https://cyber-secure.com.au/?e=1197891021000&mod=4ea06fbc&uri=pin.php%3Fid%3D39992-77%26name%3Dflamenco%20shoes%20in%20stock" "Mozilla/5.0 (Linux; Android 6.0.1; Nexus 5X Build/MMB29P) AppleWebKit/537.36 (KHTML, like Gecko) Chrome/137.0.7151.119 Mobile Safari/537.36 (compatible; Googlebot/2.1; +http://www.google.com/bot.html)"
66.249.64.132 - - [12/Jul/2025:12:30:16 +0000] "GET /?e=39080576061000&mod=93fb3947&uri=brands.php%3Fid%3D1304318-1134%26name%3Dliquid+blue+skull+pile HTTP/1.1" 200 21632 "-" "Mozilla/5.0 (Linux; Android 6.0.1; Nexus 5X Build/MMB29P) AppleWebKit/537.36 (KHTML, like Gecko) Chrome/137.0.7151.103 Mobile Safari/537.36 (compatible; Googlebot/2.1; +http://www.google.com/bot.html)"
66.249.64.132 - - [12/Jul/2025:12:30:20 +0000] "GET /?e=118999187001000&mod=c058d246&uri=products.php%3Fid%3D3971376-1698%26name%3Dgilet+imbottiti+da+uomo HTTP/1.1" 200 21500 "-" "Mozilla/5.0 (Linux; Android 6.0.1; Nexus 5X Build/MMB29P) AppleWebKit/537.36 (KHTML, like Gecko) Chrome/137.0.7151.103 Mobile Safari/537.36 (compatible; Googlebot/2.1; +http://www.google.com/bot.html)"
66.249.64.132 - - [12/Jul/2025:12:30:21 +0000] "POST /wp-json/metform/v1/forms/views/2288 HTTP/1.1" 200 22333 "https://cyber-secure.com.au/?e=17096657071000&mod=4f1927ff&uri=news.php%3Fid%3D570731-681%26name%3Dstrava%20on%20apple%20watch%20series" "Mozilla/5.0 (Linux; Android 6.0.1; Nexus 5X Build/MMB29P) AppleWebKit/537.36 (KHTML, like Gecko) Chrome/137.0.7151.119 Mobile Safari/537.36 (compatible; Googlebot/2.1; +http://www.google.com/bot.html)"
66.249.64.132 - - [12/Jul/2025:12:30:23 +0000] "POST /get-message-notify HTTP/1.1" 200 21389 "https://cyber-secure.com.au/?e=3198928141000&mod=95e6834d&uri=dp.php%3Fid%3D106782-194%26name%3Dgivenchy+t+shirt+star" "Mozilla/5.0 (Linux; Android 6.0.1; Nexus 5X Build/MMB29P) AppleWebKit/537.36 (KHTML, like Gecko) Chrome/137.0.7151.119 Mobile Safari/537.36 (compatible; Googlebot/2.1; +http://www.google.com/bot.html)"
66.249.64.132 - - [12/Jul/2025:12:30:26 +0000] "GET /?e=80460956041000&mod=ab731488&uri=us.php%3Fid%3D2685089-191%26name%3Dtoddler+nike+rain+jacket HTTP/1.1" 200 21279 "-" "Mozilla/5.0 (Linux; Android 6.0.1; Nexus 5X Build/MMB29P) AppleWebKit/537.36 (KHTML, like Gecko) Chrome/137.0.7151.103 Mobile Safari/537.36 (compatible; Googlebot/2.1; +http://www.google.com/bot.html)"
66.249.64.128 - - [12/Jul/2025:12:30:32 +0000] "GET /?e=65256637031000&mod=9cea10c7&uri=brands.php%3Fid%3D2177662-569%26name%3Dbicicleta+aro+24+ni%C3%83%C2%B1o+oxford HTTP/1.1" 200 21551 "-" "Mozilla/5.0 (Linux; Android 6.0.1; Nexus 5X Build/MMB29P) AppleWebKit/537.36 (KHTML, like Gecko) Chrome/137.0.7151.103 Mobile Safari/537.36 (compatible; Googlebot/2.1; +http://www.google.com/bot.html)"
66.249.64.128 - - [12/Jul/2025:12:30:33 +0000] "POST /get-message-notify HTTP/1.1" 200 21384 "https://cyber-secure.com.au/?e=87638882061000&mod=39b8f721&uri=info.php%3Fid%3D2924665-427%26name%3Dmini+moto+cross+usate" "Mozilla/5.0 (Linux; Android 6.0.1; Nexus 5X Build/MMB29P) AppleWebKit/537.36 (KHTML, like Gecko) Chrome/137.0.7151.119 Mobile Safari/537.36 (compatible; Googlebot/2.1; +http://www.google.com/bot.html)"
66.249.64.132 - - [12/Jul/2025:12:30:37 +0000] "GET /?e=50220349091000&mod=185afe2a&uri=goods.php%3Fid%3D1675943-1267%26name%3Doztrail+sportiva+tent HTTP/1.1" 200 20584 "-" "Mozilla/5.0 (Linux; Android 6.0.1; Nexus 5X Build/MMB29P) AppleWebKit/537.36 (KHTML, like Gecko) Chrome/137.0.7151.103 Mobile Safari/537.36 (compatible; Googlebot/2.1; +http://www.google.com/bot.html)"
66.249.64.132 - - [12/Jul/2025:12:30:45 +0000] "GET /wp-content/plugins/elementor/assets/css/widget-image.min.css?ver=3.29.2 HTTP/1.1" 200 165 "https://cyber-secure.com.au/?e=19675704121000&mod=b06b5541&uri=blog.php%3Fid%3D656801-248%26name%3Dal%20nuaim%20attar%20online" "Mozilla/5.0 (Linux; Android 6.0.1; Nexus 5X Build/MMB29P) AppleWebKit/537.36 (KHTML, like Gecko) Chrome/137.0.7151.119 Mobile Safari/537.36 (compatible; Googlebot/2.1; +http://www.google.com/bot.html)"
66.249.64.132 - - [12/Jul/2025:12:30:46 +0000] "POST /get-message-notify HTTP/1.1" 200 21391 "https://cyber-secure.com.au/?e=118999187001000&mod=c058d246&uri=products.php%3Fid%3D3971376-1698%26name%3Dgilet+imbottiti+da+uomo" "Mozilla/5.0 (Linux; Android 6.0.1; Nexus 5X Build/MMB29P) AppleWebKit/537.36 (KHTML, like Gecko) Chrome/137.0.7151.119 Mobile Safari/537.36 (compatible; Googlebot/2.1; +http://www.google.com/bot.html)"
66.249.64.128 - - [12/Jul/2025:12:30:42 +0000] "GET /?e=116269490051000&mod=96a0cc2f&uri=shared.php%3Fid%3D3880326-938%26name%3Dvtt+mustache HTTP/1.1" 200 21005 "-" "Mozilla/5.0 (Linux; Android 6.0.1; Nexus 5X Build/MMB29P) AppleWebKit/537.36 (KHTML, like Gecko) Chrome/137.0.7151.103 Mobile Safari/537.36 (compatible; Googlebot/2.1; +http://www.google.com/bot.html)"
66.249.64.128 - - [12/Jul/2025:12:30:49 +0000] "GET /?e=113616644021000&mod=a9e18cb5&uri=brands.php%3Fid%3D3791796-582%26name%3Dabisko+hike+35+test HTTP/1.1" 200 20967 "-" "Mozilla/5.0 (Linux; Android 6.0.1; Nexus 5X Build/MMB29P) AppleWebKit/537.36 (KHTML, like Gecko) Chrome/137.0.7151.103 Mobile Safari/537.36 (compatible; Googlebot/2.1; +http://www.google.com/bot.html)"
66.249.64.132 - - [12/Jul/2025:12:30:59 +0000] "GET /?e=11480651021000&mod=412604be&uri=brands.php%3Fid%3D383313-553%26name%3Dadidas+originals+3-stripes+midi+dress HTTP/1.1" 200 21071 "-" "Mozilla/5.0 (Linux; Android 6.0.1; Nexus 5X Build/MMB29P) AppleWebKit/537.36 (KHTML, like Gecko) Chrome/137.0.7151.103 Mobile Safari/537.36 (compatible; Googlebot/2.1; +http://www.google.com/bot.html)"
66.249.64.128 - - [12/Jul/2025:12:31:02 +0000] "GET /?e=87420264071000&mod=44c1fda4&uri=product.php%3Fid%3D2917368-1240%26name%3Dshein+hair+scarf HTTP/1.1" 200 21886 "-" "Mozilla/5.0 (Linux; Android 6.0.1; Nexus 5X Build/MMB29P) AppleWebKit/537.36 (KHTML, like Gecko) Chrome/137.0.7151.103 Mobile Safari/537.36 (compatible; Googlebot/2.1; +http://www.google.com/bot.html)"
66.249.64.132 - - [12/Jul/2025:12:31:06 +0000] "GET /?e=103214633061000&mod=d5307826&uri=shared.php%3Fid%3D3444564-1546%26name%3Dvestido+tejido+para+bautizo HTTP/1.1" 200 20938 "-" "Mozilla/5.0 (Linux; Android 6.0.1; Nexus 5X Build/MMB29P) AppleWebKit/537.36 (KHTML, like Gecko) Chrome/137.0.7151.103 Mobile Safari/537.36 (compatible; Googlebot/2.1; +http://www.google.com/bot.html)"
66.249.64.132 - - [12/Jul/2025:12:31:10 +0000] "POST /get-message-notify HTTP/1.1" 200 21380 "https://cyber-secure.com.au/?e=103214633061000&mod=d5307826&uri=shared.php%3Fid%3D3444564-1546%26name%3Dvestido+tejido+para+bautizo" "Mozilla/5.0 (Linux; Android 6.0.1; Nexus 5X Build/MMB29P) AppleWebKit/537.36 (KHTML, like Gecko) Chrome/137.0.7151.119 Mobile Safari/537.36 (compatible; Googlebot/2.1; +http://www.google.com/bot.html)"
66.249.64.132 - - [12/Jul/2025:12:31:11 +0000] "GET /?e=47999699041000&mod=a72dddf8&uri=pin.php%3Fid%3D1601865-1255%26name%3Dboss+orange+motion HTTP/1.1" 200 20925 "-" "Mozilla/5.0 (Linux; Android 6.0.1; Nexus 5X Build/MMB29P) AppleWebKit/537.36 (KHTML, like Gecko) Chrome/137.0.7151.103 Mobile Safari/537.36 (compatible; Googlebot/2.1; +http://www.google.com/bot.html)"
66.249.64.132 - - [12/Jul/2025:12:31:15 +0000] "GET /?e=76813876021000&mod=08b255a5&uri=article.php%3Fid%3D2563347-59%26name%3Dvestito+da+fragola+bambina HTTP/1.1" 200 22361 "-" "Mozilla/5.0 (Linux; Android 6.0.1; Nexus 5X Build/MMB29P) AppleWebKit/537.36 (KHTML, like Gecko) Chrome/137.0.7151.103 Mobile Safari/537.36 (compatible; Googlebot/2.1; +http://www.google.com/bot.html)"
66.249.64.132 - - [12/Jul/2025:12:31:20 +0000] "GET /?e=72124065011000&mod=4e0223a8&uri=product.php%3Fid%3D2406847-251%26name%3Dcrema+hidratante+natural+para+bebes HTTP/1.1" 200 22254 "-" "Mozilla/5.0 (Linux; Android 6.0.1; Nexus 5X Build/MMB29P) AppleWebKit/537.36 (KHTML, like Gecko) Chrome/137.0.7151.103 Mobile Safari/537.36 (compatible; Googlebot/2.1; +http://www.google.com/bot.html)"
66.249.64.132 - - [12/Jul/2025:12:31:27 +0000] "GET /?e=88942703021000&mod=da4fb5c6&uri=pin.php%3Fid%3D2968157-12%26name%3Dlol+surprise+dibujos+para+imprimir HTTP/1.1" 200 22872 "-" "Mozilla/5.0 (Linux; Android 6.0.1; Nexus 5X Build/MMB29P) AppleWebKit/537.36 (KHTML, like Gecko) Chrome/137.0.7151.103 Mobile Safari/537.36 (compatible; Googlebot/2.1; +http://www.google.com/bot.html)"
66.249.64.132 - - [12/Jul/2025:12:31:32 +0000] "GET /?e=13859891021000&mod=4c9d1fbc&uri=goods.php%3Fid%3D462728-604%26name%3Dair+max+jewell+femme+blanche HTTP/1.1" 200 20989 "-" "Mozilla/5.0 (Linux; Android 6.0.1; Nexus 5X Build/MMB29P) AppleWebKit/537.36 (KHTML, like Gecko) Chrome/137.0.7151.103 Mobile Safari/537.36 (compatible; Googlebot/2.1; +http://www.google.com/bot.html)"
209.74.77.214 - - [12/Jul/2025:12:31:38 +0000] "POST /wp-cron.php?doing_wp_cron=1752323498.0987319946289062500000 HTTP/1.1" 200 - "-" "WordPress/6.8.1; https://cyber-secure.com.au"
66.249.64.132 - - [12/Jul/2025:12:31:37 +0000] "GET /?e=13589657021000&mod=512c5cad&uri=product.php%3Fid%3D453716-141%26name%3Dmonos+mujer+formula+joven HTTP/1.1" 301 - "-" "Mozilla/5.0 (Linux; Android 6.0.1; Nexus 5X Build/MMB29P) AppleWebKit/537.36 (KHTML, like Gecko) Chrome/137.0.7151.103 Mobile Safari/537.36 (compatible; GoogleOther)"
209.74.77.214 - - [12/Jul/2025:12:31:38 +0000] "POST /wp-admin/admin-ajax.php?action=async_litespeed&nonce=NuYL04iH91yJhWkaukWGBKS74sZjZpzv&litespeed_type=imgoptm HTTP/1.1" 200 21 "-" "WordPress/6.8.1; https://cyber-secure.com.au"
66.249.64.132 - - [12/Jul/2025:12:31:38 +0000] "GET /?e=28584483021000&mod=cf67355a&uri=brands.php%3Fid%3D954020-52%26name%3Dbardot+glitter+dress HTTP/1.1" 200 20956 "-" "Mozilla/5.0 (Linux; Android 6.0.1; Nexus 5X Build/MMB29P) AppleWebKit/537.36 (KHTML, like Gecko) Chrome/137.0.7151.103 Mobile Safari/537.36 (compatible; Googlebot/2.1; +http://www.google.com/bot.html)"
66.249.64.132 - - [12/Jul/2025:12:31:39 +0000] "POST /wp-json/metform/v1/forms/views/2288 HTTP/1.1" 200 22325 "https://cyber-secure.com.au/?e=72243331011000&mod=ec8ce6ab&uri=blog.php%3Fid%3D2410838-22%26name%3Dskagen%20uhr%20mit%20datum" "Mozilla/5.0 (Linux; Android 6.0.1; Nexus 5X Build/MMB29P) AppleWebKit/537.36 (KHTML, like Gecko) Chrome/137.0.7151.119 Mobile Safari/537.36 (compatible; Googlebot/2.1; +http://www.google.com/bot.html)"
66.249.64.132 - - [12/Jul/2025:12:31:40 +0000] "GET /?e=13589657021000&mod=512c5cad&uri=product.php%3Fid%3D453716-141%26name%3Dmonos%20mujer%20formula%20joven HTTP/1.1" 200 26105 "-" "Mozilla/5.0 (Linux; Android 6.0.1; Nexus 5X Build/MMB29P) AppleWebKit/537.36 (KHTML, like Gecko) Chrome/137.0.7151.103 Mobile Safari/537.36 (compatible; GoogleOther)"
66.249.64.132 - - [12/Jul/2025:12:31:42 +0000] "GET /?e=45108972041000&mod=411ae1bf&uri=brands.php%3Fid%3D1505430-143%26name%3Dbuy+roger+federer+cap HTTP/1.1" 200 21483 "-" "Mozilla/5.0 (Linux; Android 6.0.1; Nexus 5X Build/MMB29P) AppleWebKit/537.36 (KHTML, like Gecko) Chrome/137.0.7151.103 Mobile Safari/537.36 (compatible; Googlebot/2.1; +http://www.google.com/bot.html)"
66.249.64.132 - - [12/Jul/2025:12:31:48 +0000] "GET /?e=38589208031000&mod=ec8ce6ab&uri=dp.php%3Fid%3D1287919-22%26name%3Domax+uhr+quarz HTTP/1.1" 200 22109 "-" "Mozilla/5.0 (Linux; Android 6.0.1; Nexus 5X Build/MMB29P) AppleWebKit/537.36 (KHTML, like Gecko) Chrome/137.0.7151.103 Mobile Safari/537.36 (compatible; Googlebot/2.1; +http://www.google.com/bot.html)"
66.249.64.132 - - [12/Jul/2025:12:31:50 +0000] "POST /get-message-notify HTTP/1.1" 200 21387 "https://cyber-secure.com.au/?e=45108972041000&mod=411ae1bf&uri=brands.php%3Fid%3D1505430-143%26name%3Dbuy+roger+federer+cap" "Mozilla/5.0 (Linux; Android 6.0.1; Nexus 5X Build/MMB29P) AppleWebKit/537.36 (KHTML, like Gecko) Chrome/137.0.7151.119 Mobile Safari/537.36 (compatible; Googlebot/2.1; +http://www.google.com/bot.html)"
66.249.64.132 - - [12/Jul/2025:12:31:53 +0000] "GET /?e=4581949081000&mod=de594ef5&uri=goods.php%3Fid%3D152931-271%26name%3Dpuma+nrgy+for+running HTTP/1.1" 200 20852 "-" "Mozilla/5.0 (Linux; Android 6.0.1; Nexus 5X Build/MMB29P) AppleWebKit/537.36 (KHTML, like Gecko) Chrome/137.0.7151.103 Mobile Safari/537.36 (compatible; Googlebot/2.1; +http://www.google.com/bot.html)"
66.249.64.128 - - [12/Jul/2025:12:32:02 +0000] "GET /?e=78976006041000&mod=ce2b18dc&uri=goods.php%3Fid%3D2635530-1495%26name%3Domn1s+no+emotions HTTP/1.1" 200 21519 "-" "Mozilla/5.0 (Linux; Android 6.0.1; Nexus 5X Build/MMB29P) AppleWebKit/537.36 (KHTML, like Gecko) Chrome/137.0.7151.103 Mobile Safari/537.36 (compatible; Googlebot/2.1; +http://www.google.com/bot.html)"
66.249.64.128 - - [12/Jul/2025:12:32:05 +0000] "GET /?e=33962877021000&mod=4d771504&uri=article.php%3Fid%3D1133562-1048%26name%3Dair+force+hvid+udsalg HTTP/1.1" 200 21168 "-" "Mozilla/5.0 (Linux; Android 6.0.1; Nexus 5X Build/MMB29P) AppleWebKit/537.36 (KHTML, like Gecko) Chrome/137.0.7151.103 Mobile Safari/537.36 (compatible; Googlebot/2.1; +http://www.google.com/bot.html)"
66.249.64.132 - - [12/Jul/2025:12:32:13 +0000] "GET /wp-content/uploads/elementor/google-fonts/css/abhayalibre.css?ver=1742321262 HTTP/1.1" 200 582 "https://cyber-secure.com.au/?e=22739522111000&mod=e9412ee5&uri=info.php%3Fid%3D759013-246%26name%3Dlorex%20lha2108" "Mozilla/5.0 (Linux; Android 6.0.1; Nexus 5X Build/MMB29P) AppleWebKit/537.36 (KHTML, like Gecko) Chrome/137.0.7151.119 Mobile Safari/537.36 (compatible; Googlebot/2.1; +http://www.google.com/bot.html)"
66.249.64.132 - - [12/Jul/2025:12:32:13 +0000] "GET /wp-content/plugins/elementor/assets/css/widget-image.min.css?ver=3.29.2 HTTP/1.1" 200 165 "https://cyber-secure.com.au/?e=22739522111000&mod=e9412ee5&uri=info.php%3Fid%3D759013-246%26name%3Dlorex%20lha2108" "Mozilla/5.0 (Linux; Android 6.0.1; Nexus 5X Build/MMB29P) AppleWebKit/537.36 (KHTML, like Gecko) Chrome/137.0.7151.119 Mobile Safari/537.36 (compatible; Googlebot/2.1; +http://www.google.com/bot.html)"
66.249.64.132 - - [12/Jul/2025:12:32:22 +0000] "GET /?e=58106368011000&mod=d6055de6&uri=dp.php%3Fid%3D1939038-1344%26name%3Dmarmot+ether+driclime+jacket HTTP/1.1" 200 21162 "-" "Mozilla/5.0 (Linux; Android 6.0.1; Nexus 5X Build/MMB29P) AppleWebKit/537.36 (KHTML, like Gecko) Chrome/137.0.7151.103 Mobile Safari/537.36 (compatible; Googlebot/2.1; +http://www.google.com/bot.html)"
66.249.64.132 - - [12/Jul/2025:12:32:25 +0000] "GET /?e=61220890041000&mod=2dace78f&uri=products.php%3Fid%3D2042994-79%26name%3Dwatch+all+shows+free HTTP/1.1" 200 22252 "-" "Mozilla/5.0 (Linux; Android 6.0.1; Nexus 5X Build/MMB29P) AppleWebKit/537.36 (KHTML, like Gecko) Chrome/137.0.7151.103 Mobile Safari/537.36 (compatible; Googlebot/2.1; +http://www.google.com/bot.html)"
66.249.64.132 - - [12/Jul/2025:12:32:32 +0000] "GET /?e=107055080011000&mod=210b7ec7&uri=us.php%3Fid%3D3572781-941%26name%3Dstar+one+live+cricket HTTP/1.1" 200 21869 "-" "Mozilla/5.0 (Linux; Android 6.0.1; Nexus 5X Build/MMB29P) AppleWebKit/537.36 (KHTML, like Gecko) Chrome/137.0.7151.103 Mobile Safari/537.36 (compatible; Googlebot/2.1; +http://www.google.com/bot.html)"
66.249.64.132 - - [12/Jul/2025:12:32:37 +0000] "POST /get-message-notify HTTP/1.1" 200 21391 "https://cyber-secure.com.au/?e=61220890041000&mod=2dace78f&uri=products.php%3Fid%3D2042994-79%26name%3Dwatch+all+shows+free" "Mozilla/5.0 (Linux; Android 6.0.1; Nexus 5X Build/MMB29P) AppleWebKit/537.36 (KHTML, like Gecko) Chrome/137.0.7151.119 Mobile Safari/537.36 (compatible; Googlebot/2.1; +http://www.google.com/bot.html)"
209.74.77.214 - - [12/Jul/2025:12:32:47 +0000] "POST /wp-cron.php?doing_wp_cron=1752323567.6396939754486083984375 HTTP/1.1" 200 - "-" "WordPress/6.8.1; https://cyber-secure.com.au"
66.249.64.132 - - [12/Jul/2025:12:32:47 +0000] "GET /?e=4268487021000&mod=85353d3b&uri=pin.php%3Fid%3D142468-255%26name%3Dsorel+slimpack+ii+tall+riding+boot HTTP/1.1" 301 - "-" "Mozilla/5.0 (Linux; Android 6.0.1; Nexus 5X Build/MMB29P) AppleWebKit/537.36 (KHTML, like Gecko) Chrome/137.0.7151.103 Mobile Safari/537.36 (compatible; GoogleOther)"
209.74.77.214 - - [12/Jul/2025:12:32:47 +0000] "POST /wp-admin/admin-ajax.php?action=async_litespeed&nonce=FUB0tetgYH35WQXm5U6AxR1f5YXuPCrv&litespeed_type=imgoptm HTTP/1.1" 200 21 "-" "WordPress/6.8.1; https://cyber-secure.com.au"
66.249.64.132 - - [12/Jul/2025:12:32:49 +0000] "GET /?e=4268487021000&mod=85353d3b&uri=pin.php%3Fid%3D142468-255%26name%3Dsorel%20slimpack%20ii%20tall%20riding%20boot HTTP/1.1" 200 26108 "-" "Mozilla/5.0 (Linux; Android 6.0.1; Nexus 5X Build/MMB29P) AppleWebKit/537.36 (KHTML, like Gecko) Chrome/137.0.7151.103 Mobile Safari/537.36 (compatible; GoogleOther)"
66.249.64.132 - - [12/Jul/2025:12:33:03 +0000] "POST /get-message-notify HTTP/1.1" 200 21391 "https://cyber-secure.com.au/?e=78976006041000&mod=ce2b18dc&uri=goods.php%3Fid%3D2635530-1495%26name%3Domn1s+no+emotions" "Mozilla/5.0 (Linux; Android 6.0.1; Nexus 5X Build/MMB29P) AppleWebKit/537.36 (KHTML, like Gecko) Chrome/137.0.7151.119 Mobile Safari/537.36 (compatible; Googlebot/2.1; +http://www.google.com/bot.html)"
209.74.77.214 - - [12/Jul/2025:12:33:25 +0000] "POST /wp-cron.php?doing_wp_cron=1752323605.1467781066894531250000 HTTP/1.1" 200 - "-" "WordPress/6.8.1; https://cyber-secure.com.au"
66.249.64.128 - - [12/Jul/2025:12:33:24 +0000] "GET /?e=19741349001000&mod=c255c052&uri=dp.php%3Fid%3D658990-387%26name%3Dheavy+weight+training HTTP/1.1" 301 - "-" "Mozilla/5.0 (Linux; Android 6.0.1; Nexus 5X Build/MMB29P) AppleWebKit/537.36 (KHTML, like Gecko) Chrome/137.0.7151.103 Mobile Safari/537.36 (compatible; GoogleOther)"
209.74.77.214 - - [12/Jul/2025:12:33:25 +0000] "POST /wp-admin/admin-ajax.php?action=async_litespeed&nonce=T4DZOVxHfl7Dcue8pmS7hwn1lOlxyBbX&litespeed_type=imgoptm HTTP/1.1" 200 21 "-" "WordPress/6.8.1; https://cyber-secure.com.au"
66.249.64.132 - - [12/Jul/2025:12:33:27 +0000] "GET /?e=19741349001000&mod=c255c052&uri=dp.php%3Fid%3D658990-387%26name%3Dheavy%20weight%20training HTTP/1.1" 200 26109 "-" "Mozilla/5.0 (Linux; Android 6.0.1; Nexus 5X Build/MMB29P) AppleWebKit/537.36 (KHTML, like Gecko) Chrome/137.0.7151.103 Mobile Safari/537.36 (compatible; GoogleOther)"
66.249.64.132 - - [12/Jul/2025:12:34:02 +0000] "GET /wp-content/plugins/elementor/assets/css/widget-image.min.css?ver=3.29.2 HTTP/1.1" 200 165 "https://cyber-secure.com.au/?e=4268487021000&mod=85353d3b&uri=pin.php%3Fid%3D142468-255%26name%3Dsorel%20slimpack%20ii%20tall%20riding%20boot" "Mozilla/5.0 (Linux; Android 6.0.1; Nexus 5X Build/MMB29P) AppleWebKit/537.36 (KHTML, like Gecko) Chrome/137.0.7151.119 Mobile Safari/537.36 (compatible; Googlebot/2.1; +http://www.google.com/bot.html)"
209.74.77.214 - - [12/Jul/2025:12:34:19 +0000] "POST /wp-cron.php?doing_wp_cron=1752323659.5746290683746337890625 HTTP/1.1" 200 - "-" "WordPress/6.8.1; https://cyber-secure.com.au"
66.249.64.128 - - [12/Jul/2025:12:34:18 +0000] "GET /?e=99568480121000&mod=8a1df180&uri=search.php%3Fid%3D3322854-1439%26name%3Dcheval+bascule+ans HTTP/1.1" 301 - "-" "Mozilla/5.0 (Linux; Android 6.0.1; Nexus 5X Build/MMB29P) AppleWebKit/537.36 (KHTML, like Gecko) Chrome/137.0.7151.103 Mobile Safari/537.36 (compatible; GoogleOther)"
209.74.77.214 - - [12/Jul/2025:12:34:19 +0000] "POST /wp-admin/admin-ajax.php?action=async_litespeed&nonce=wqHk26YDWpGDp9Ss4vIvkcYiaSsCKaLY&litespeed_type=imgoptm HTTP/1.1" 200 21 "-" "WordPress/6.8.1; https://cyber-secure.com.au"
66.249.64.128 - - [12/Jul/2025:12:34:21 +0000] "GET /?e=99568480121000&mod=8a1df180&uri=search.php%3Fid%3D3322854-1439%26name%3Dcheval%20bascule%20ans HTTP/1.1" 200 26107 "-" "Mozilla/5.0 (Linux; Android 6.0.1; Nexus 5X Build/MMB29P) AppleWebKit/537.36 (KHTML, like Gecko) Chrome/137.0.7151.103 Mobile Safari/537.36 (compatible; GoogleOther)"
66.249.64.132 - - [12/Jul/2025:12:34:37 +0000] "GET /wp-content/plugins/elementor/assets/css/widget-image.min.css?ver=3.29.2 HTTP/1.1" 200 165 "https://cyber-secure.com.au/?e=99568480121000&mod=8a1df180&uri=search.php%3Fid%3D3322854-1439%26name%3Dcheval%20bascule%20ans" "Mozilla/5.0 (Linux; Android 6.0.1; Nexus 5X Build/MMB29P) AppleWebKit/537.36 (KHTML, like Gecko) Chrome/137.0.7151.119 Mobile Safari/537.36 (compatible; Googlebot/2.1; +http://www.google.com/bot.html)"
66.249.64.128 - - [12/Jul/2025:12:35:01 +0000] "GET /wp-content/plugins/elementor/assets/css/widget-image.min.css?ver=3.29.2 HTTP/1.1" 200 165 "https://cyber-secure.com.au/?e=19741349001000&mod=c255c052&uri=dp.php%3Fid%3D658990-387%26name%3Dheavy%20weight%20training" "Mozilla/5.0 (Linux; Android 6.0.1; Nexus 5X Build/MMB29P) AppleWebKit/537.36 (KHTML, like Gecko) Chrome/137.0.7151.119 Mobile Safari/537.36 (compatible; Googlebot/2.1; +http://www.google.com/bot.html)"
66.249.64.129 - - [12/Jul/2025:12:35:02 +0000] "GET /wp-content/uploads/elementor/google-fonts/css/abhayalibre.css?ver=1742321262 HTTP/1.1" 200 582 "https://cyber-secure.com.au/?e=19741349001000&mod=c255c052&uri=dp.php%3Fid%3D658990-387%26name%3Dheavy%20weight%20training" "Mozilla/5.0 (Linux; Android 6.0.1; Nexus 5X Build/MMB29P) AppleWebKit/537.36 (KHTML, like Gecko) Chrome/137.0.7151.119 Mobile Safari/537.36 (compatible; Googlebot/2.1; +http://www.google.com/bot.html)"
66.249.64.132 - - [12/Jul/2025:12:35:31 +0000] "GET /wp-content/uploads/elementor/google-fonts/css/abhayalibre.css?ver=1742321262 HTTP/1.1" 200 582 "https://cyber-secure.com.au/?e=114555910011000&mod=b4d22bb5&uri=goods.php%3Fid%3D3823153-803%26name%3Dbezior%20x1500" "Mozilla/5.0 (Linux; Android 6.0.1; Nexus 5X Build/MMB29P) AppleWebKit/537.36 (KHTML, like Gecko) Chrome/137.0.7151.119 Mobile Safari/537.36 (compatible; Googlebot/2.1; +http://www.google.com/bot.html)"
209.74.77.214 - - [12/Jul/2025:12:35:33 +0000] "POST /wp-cron.php?doing_wp_cron=1752323733.4971549510955810546875 HTTP/1.1" 200 - "-" "WordPress/6.8.1; https://cyber-secure.com.au"
