66.249.64.128 - - [12/Jul/2025:12:53:05 +0000] "GET /?e=46316114031000&mod=8e3308c8&uri=us.php%3Fid%3D1545699-1234%26name%3Dle+pliage+classic HTTP/1.1" 301 - "-" "Mozilla/5.0 (Linux; Android 6.0.1; Nexus 5X Build/MMB29P) AppleWebKit/537.36 (KHTML, like Gecko) Chrome/137.0.7151.103 Mobile Safari/537.36 (compatible; GoogleOther)"
66.249.64.128 - - [12/Jul/2025:12:53:06 +0000] "POST /get-message-notify HTTP/1.1" 200 21385 "https://cyber-secure.com.au/?e=22269853041000&mod=e9412ee5&uri=dp.php%3Fid%3D743340-246%26name%3Dfirefox+foscam" "Mozilla/5.0 (Linux; Android 6.0.1; Nexus 5X Build/MMB29P) AppleWebKit/537.36 (KHTML, like Gecko) Chrome/137.0.7151.119 Mobile Safari/537.36 (compatible; Googlebot/2.1; +http://www.google.com/bot.html)"
209.74.77.214 - - [12/Jul/2025:12:53:09 +0000] "POST /wp-cron.php?doing_wp_cron=1752324789.1132791042327880859375 HTTP/1.1" 200 - "-" "WordPress/6.8.1; https://cyber-secure.com.au"
66.249.64.128 - - [12/Jul/2025:12:53:08 +0000] "GET /?e=46316114031000&mod=8e3308c8&uri=us.php%3Fid%3D1545699-1234%26name%3Dle%20pliage%20classic HTTP/1.1" 200 26100 "-" "Mozilla/5.0 (Linux; Android 6.0.1; Nexus 5X Build/MMB29P) AppleWebKit/537.36 (KHTML, like Gecko) Chrome/137.0.7151.103 Mobile Safari/537.36 (compatible; GoogleOther)"
66.249.64.132 - - [12/Jul/2025:12:53:10 +0000] "POST /get-message-notify HTTP/1.1" 200 21380 "https://cyber-secure.com.au/?e=119463032031000&mod=c255c052&uri=pin.php%3Fid%3D3986847-387%26name%3Dis+it+good+to+exercise+at+night+after+dinner" "Mozilla/5.0 AppleWebKit/537.36 (KHTML, like Gecko; compatible; Googlebot/2.1; +http://www.google.com/bot.html) Chrome/137.0.7151.119 Safari/537.36"
66.249.64.132 - - [12/Jul/2025:12:53:11 +0000] "GET /?e=22626220121000&mod=71b9e42f&uri=category-info.php%3Fid%3D755228-811%26name%3Djordan+august+31 HTTP/1.1" 200 21830 "-" "Mozilla/5.0 (Linux; Android 6.0.1; Nexus 5X Build/MMB29P) AppleWebKit/537.36 (KHTML, like Gecko) Chrome/137.0.7151.103 Mobile Safari/537.36 (compatible; Googlebot/2.1; +http://www.google.com/bot.html)"
66.249.64.132 - - [12/Jul/2025:12:53:14 +0000] "GET /?e=22214577001000&mod=0f9a0878&uri=goods.php%3Fid%3D741496-568%26name%3Dmens+winter+socks+amazon HTTP/1.1" 200 21931 "-" "Mozilla/5.0 (Linux; Android 6.0.1; Nexus 5X Build/MMB29P) AppleWebKit/537.36 (KHTML, like Gecko) Chrome/137.0.7151.103 Mobile Safari/537.36 (compatible; Googlebot/2.1; +http://www.google.com/bot.html)"
66.249.64.132 - - [12/Jul/2025:12:53:16 +0000] "GET /?e=60227722061000&mod=71b9e42f&uri=shop.php%3Fid%3D2009862-811%26name%3Druby+red+converse HTTP/1.1" 200 21636 "-" "Mozilla/5.0 (Linux; Android 6.0.1; Nexus 5X Build/MMB29P) AppleWebKit/537.36 (KHTML, like Gecko) Chrome/137.0.7151.103 Mobile Safari/537.36 (compatible; Googlebot/2.1; +http://www.google.com/bot.html)"
66.249.64.132 - - [12/Jul/2025:12:53:16 +0000] "GET /wp-content/plugins/elementor/assets/js/shared-frontend-handlers.30dc2f9c080845a413a6.bundle.min.js HTTP/1.1" 200 2681 "https://cyber-secure.com.au/?e=19671657001000&mod=b06b5541&uri=goods.php%3Fid%3D656666-248%26name%3Dattar%20al%20boruzz" "Mozilla/5.0 (Linux; Android 6.0.1; Nexus 5X Build/MMB29P) AppleWebKit/537.36 (KHTML, like Gecko) Chrome/137.0.7151.119 Mobile Safari/537.36 (compatible; Googlebot/2.1; +http://www.google.com/bot.html)"
66.249.64.132 - - [12/Jul/2025:12:53:17 +0000] "POST /get-message-notify HTTP/1.1" 200 21399 "https://cyber-secure.com.au/?e=22626220121000&mod=71b9e42f&uri=category-info.php%3Fid%3D755228-811%26name%3Djordan+august+31" "Mozilla/5.0 (Linux; Android 6.0.1; Nexus 5X Build/MMB29P) AppleWebKit/537.36 (KHTML, like Gecko) Chrome/137.0.7151.119 Mobile Safari/537.36 (compatible; Googlebot/2.1; +http://www.google.com/bot.html)"
66.249.64.132 - - [12/Jul/2025:12:53:19 +0000] "GET /?e=22214127001000&mod=8909a6e3&uri=shop.php%3Fid%3D741481-567%26name%3Da+and+d+doors HTTP/1.1" 200 21435 "-" "Mozilla/5.0 (Linux; Android 6.0.1; Nexus 5X Build/MMB29P) AppleWebKit/537.36 (KHTML, like Gecko) Chrome/137.0.7151.103 Mobile Safari/537.36 (compatible; Googlebot/2.1; +http://www.google.com/bot.html)"
66.249.64.132 - - [12/Jul/2025:12:53:27 +0000] "POST /get-message-notify HTTP/1.1" 200 21396 "https://cyber-secure.com.au/?e=60227722061000&mod=71b9e42f&uri=shop.php%3Fid%3D2009862-811%26name%3Druby+red+converse" "Mozilla/5.0 (Linux; Android 6.0.1; Nexus 5X Build/MMB29P) AppleWebKit/537.36 (KHTML, like Gecko) Chrome/137.0.7151.119 Mobile Safari/537.36 (compatible; Googlebot/2.1; +http://www.google.com/bot.html)"
66.249.64.132 - - [12/Jul/2025:12:53:29 +0000] "GET /?e=22189887031000&mod=069654d5&uri=itm.php%3Fid%3D740673-183%26name%3Dpleasure+latest+model HTTP/1.1" 200 22141 "-" "Mozilla/5.0 (Linux; Android 6.0.1; Nexus 5X Build/MMB29P) AppleWebKit/537.36 (KHTML, like Gecko) Chrome/137.0.7151.103 Mobile Safari/537.36 (compatible; Googlebot/2.1; +http://www.google.com/bot.html)"
66.249.64.132 - - [12/Jul/2025:12:53:30 +0000] "GET /?e=22167057021000&mod=71b9e42f&uri=products.php%3Fid%3D739912-811%26name%3D218+concord+11+box HTTP/1.1" 200 21759 "-" "Mozilla/5.0 (Linux; Android 6.0.1; Nexus 5X Build/MMB29P) AppleWebKit/537.36 (KHTML, like Gecko) Chrome/137.0.7151.103 Mobile Safari/537.36 (compatible; Googlebot/2.1; +http://www.google.com/bot.html)"
66.249.64.132 - - [12/Jul/2025:12:53:35 +0000] "GET /?e=46366235061000&mod=71b9e42f&uri=article.php%3Fid%3D1547372-811%26name%3Dloafer+shoes+design HTTP/1.1" 200 21497 "-" "Mozilla/5.0 (Linux; Android 6.0.1; Nexus 5X Build/MMB29P) AppleWebKit/537.36 (KHTML, like Gecko) Chrome/137.0.7151.103 Mobile Safari/537.36 (compatible; Googlebot/2.1; +http://www.google.com/bot.html)"
66.249.64.132 - - [12/Jul/2025:12:53:40 +0000] "GET /?e=22178457011000&mod=54843973&uri=us.php%3Fid%3D740292-462%26name%3Dsell+ps4+console HTTP/1.1" 200 20406 "-" "Mozilla/5.0 (Linux; Android 6.0.1; Nexus 5X Build/MMB29P) AppleWebKit/537.36 (KHTML, like Gecko) Chrome/137.0.7151.103 Mobile Safari/537.36 (compatible; Googlebot/2.1; +http://www.google.com/bot.html)"
66.249.64.132 - - [12/Jul/2025:12:53:46 +0000] "GET /?e=51819442111000&mod=71b9e42f&uri=dp.php%3Fid%3D1729282-811%26name%3Ddaraz+chappal HTTP/1.1" 200 21477 "-" "Mozilla/5.0 (Linux; Android 6.0.1; Nexus 5X Build/MMB29P) AppleWebKit/537.36 (KHTML, like Gecko) Chrome/137.0.7151.103 Mobile Safari/537.36 (compatible; Googlebot/2.1; +http://www.google.com/bot.html)"
66.249.64.128 - - [12/Jul/2025:12:53:55 +0000] "POST /get-message-notify HTTP/1.1" 200 21398 "https://cyber-secure.com.au/?e=22214487021000&mod=0f9a0878&uri=products.php%3Fid%3D741493-568%26name%3Drate+of+surgical+gloves" "Mozilla/5.0 (Linux; Android 6.0.1; Nexus 5X Build/MMB29P) AppleWebKit/537.36 (KHTML, like Gecko) Chrome/137.0.7151.119 Mobile Safari/537.36 (compatible; Googlebot/2.1; +http://www.google.com/bot.html)"
209.74.77.214 - - [12/Jul/2025:12:53:59 +0000] "POST /wp-cron.php?doing_wp_cron=1752324839.0836300849914550781250 HTTP/1.1" 200 - "-" "WordPress/6.8.1; https://cyber-secure.com.au"
66.249.64.132 - - [12/Jul/2025:12:53:58 +0000] "GET /?e=119452592031000&mod=c255c052&uri=dp.php%3Fid%3D3986499-387%26name%3Ddumbbell+workout+coachmag HTTP/1.1" 301 - "-" "Mozilla/5.0 (Linux; Android 6.0.1; Nexus 5X Build/MMB29P) AppleWebKit/537.36 (KHTML, like Gecko) Chrome/137.0.7151.103 Mobile Safari/537.36 (compatible; GoogleOther)"
209.74.77.214 - - [12/Jul/2025:12:53:59 +0000] "POST /wp-admin/admin-ajax.php?action=async_litespeed&nonce=y2WzK9SAVUJ2OMz3ZW8X5KSkpJ0ki5XW&litespeed_type=imgoptm HTTP/1.1" 200 21 "-" "WordPress/6.8.1; https://cyber-secure.com.au"
66.249.64.132 - - [12/Jul/2025:12:54:13 +0000] "GET /?e=119583139051000&mod=77ee3bc5&uri=shop.php%3Fid%3D3990856-315%26name%3Dseniorenuhr+mit+wochentag HTTP/1.1" 200 21362 "-" "Mozilla/5.0 (Linux; Android 6.0.1; Nexus 5X Build/MMB29P) AppleWebKit/537.36 (KHTML, like Gecko) Chrome/137.0.7151.103 Mobile Safari/537.36 (compatible; Googlebot/2.1; +http://www.google.com/bot.html)"
209.74.77.214 - - [12/Jul/2025:12:54:17 +0000] "POST /wp-cron.php?doing_wp_cron=1752324857.2800960540771484375000 HTTP/1.1" 200 - "-" "WordPress/6.8.1; https://cyber-secure.com.au"
66.249.64.128 - - [12/Jul/2025:12:54:17 +0000] "GET /?e=81110475001000&mod=084a8a9a&uri=products.php%3Fid%3D2706780-403%26name%3Dschuhweite+e+damen HTTP/1.1" 301 - "-" "Mozilla/5.0 (Linux; Android 6.0.1; Nexus 5X Build/MMB29P) AppleWebKit/537.36 (KHTML, like Gecko) Chrome/137.0.7151.103 Mobile Safari/537.36 (compatible; GoogleOther)"
209.74.77.214 - - [12/Jul/2025:12:54:17 +0000] "POST /wp-admin/admin-ajax.php?action=async_litespeed&nonce=oXY0VKDD4N4YtXX7UeHtNhCMdKIrxpZy&litespeed_type=imgoptm HTTP/1.1" 200 21 "-" "WordPress/6.8.1; https://cyber-secure.com.au"
66.249.64.132 - - [12/Jul/2025:12:54:18 +0000] "GET /?e=81110475001000&mod=084a8a9a&uri=products.php%3Fid%3D2706780-403%26name%3Dschuhweite%20e%20damen HTTP/1.1" 200 26107 "-" "Mozilla/5.0 (Linux; Android 6.0.1; Nexus 5X Build/MMB29P) AppleWebKit/537.36 (KHTML, like Gecko) Chrome/137.0.7151.103 Mobile Safari/537.36 (compatible; GoogleOther)"
66.249.64.128 - - [12/Jul/2025:12:54:19 +0000] "GET /?e=119583616061000&mod=77ee3bc5&uri=shop.php%3Fid%3D3990872-315%26name%3Dmichael+kors+uhr+verkaufen HTTP/1.1" 200 21337 "-" "Mozilla/5.0 (Linux; Android 6.0.1; Nexus 5X Build/MMB29P) AppleWebKit/537.36 (KHTML, like Gecko) Chrome/137.0.7151.103 Mobile Safari/537.36 (compatible; Googlebot/2.1; +http://www.google.com/bot.html)"
198.98.58.59 - - [12/Jul/2025:12:54:20 +0000] "GET /wp-login.php HTTP/1.1" 200 5406 "-" "Mozilla/5.0 (iPhone; CPU iPhone OS 7_1_1 like Mac OS X) AppleWebKit/537.51.2 (KHTML, like Gecko) Version/7.0 Mobile/11D201 Safari/9537.53"
66.249.64.132 - - [12/Jul/2025:12:54:22 +0000] "GET /?e=119581939001000&mod=77ee3bc5&uri=category-info.php%3Fid%3D3990816-315%26name%3Djowissa+damenuhr+blau HTTP/1.1" 200 21549 "-" "Mozilla/5.0 (Linux; Android 6.0.1; Nexus 5X Build/MMB29P) AppleWebKit/537.36 (KHTML, like Gecko) Chrome/137.0.7151.103 Mobile Safari/537.36 (compatible; Googlebot/2.1; +http://www.google.com/bot.html)"
66.249.64.132 - - [12/Jul/2025:12:54:25 +0000] "GET /?e=119584575081000&mod=77ee3bc5&uri=shop.php%3Fid%3D3990904-315%26name%3Dfirefox+herrenuhren HTTP/1.1" 200 21711 "-" "Mozilla/5.0 (Linux; Android 6.0.1; Nexus 5X Build/MMB29P) AppleWebKit/537.36 (KHTML, like Gecko) Chrome/137.0.7151.103 Mobile Safari/537.36 (compatible; Googlebot/2.1; +http://www.google.com/bot.html)"
66.249.64.132 - - [12/Jul/2025:12:54:26 +0000] "POST /get-message-notify HTTP/1.1" 200 21398 "https://cyber-secure.com.au/?e=119581939001000&mod=77ee3bc5&uri=category-info.php%3Fid%3D3990816-315%26name%3Djowissa+damenuhr+blau" "Mozilla/5.0 (Linux; Android 6.0.1; Nexus 5X Build/MMB29P) AppleWebKit/537.36 (KHTML, like Gecko) Chrome/137.0.7151.119 Mobile Safari/537.36 (compatible; Googlebot/2.1; +http://www.google.com/bot.html)"
66.249.64.132 - - [12/Jul/2025:12:54:26 +0000] "GET /?e=50506708031000&mod=c255c052&uri=article.php%3Fid%3D1685500-387%26name%3Ds0712az HTTP/1.1" 200 26109 "-" "Mozilla/5.0 (Linux; Android 6.0.1; Nexus 5X Build/MMB29P) AppleWebKit/537.36 (KHTML, like Gecko) Chrome/137.0.7151.103 Mobile Safari/537.36 (compatible; GoogleOther)"
66.249.64.132 - - [12/Jul/2025:12:54:28 +0000] "GET /?e=119582419061000&mod=77ee3bc5&uri=itm.php%3Fid%3D3990832-315%26name%3Djapanische+uhren HTTP/1.1" 200 21251 "-" "Mozilla/5.0 (Linux; Android 6.0.1; Nexus 5X Build/MMB29P) AppleWebKit/537.36 (KHTML, like Gecko) Chrome/137.0.7151.103 Mobile Safari/537.36 (compatible; Googlebot/2.1; +http://www.google.com/bot.html)"
66.249.64.132 - - [12/Jul/2025:12:54:33 +0000] "GET /?e=119585055091000&mod=77ee3bc5&uri=shop.php%3Fid%3D3990920-315%26name%3Dgrosse+wanduhren+aus+holz HTTP/1.1" 200 21441 "-" "Mozilla/5.0 (Linux; Android 6.0.1; Nexus 5X Build/MMB29P) AppleWebKit/537.36 (KHTML, like Gecko) Chrome/137.0.7151.103 Mobile Safari/537.36 (compatible; Googlebot/2.1; +http://www.google.com/bot.html)"
66.249.64.132 - - [12/Jul/2025:12:54:39 +0000] "GET /?e=119590090021000&mod=77ee3bc5&uri=form.php%3Fid%3D3991088-315%26name%3Dastron+uhr+vergoldet HTTP/1.1" 200 21856 "-" "Mozilla/5.0 (Linux; Android 6.0.1; Nexus 5X Build/MMB29P) AppleWebKit/537.36 (KHTML, like Gecko) Chrome/137.0.7151.103 Mobile Safari/537.36 (compatible; Googlebot/2.1; +http://www.google.com/bot.html)"
66.249.64.132 - - [12/Jul/2025:12:54:43 +0000] "GET /?e=119577884091000&mod=77ee3bc5&uri=goods.php%3Fid%3D3990680-315%26name%3Dbergmann+uhr+cor+copper HTTP/1.1" 200 21914 "-" "Mozilla/5.0 (Linux; Android 6.0.1; Nexus 5X Build/MMB29P) AppleWebKit/537.36 (KHTML, like Gecko) Chrome/137.0.7151.103 Mobile Safari/537.36 (compatible; Googlebot/2.1; +http://www.google.com/bot.html)"
66.249.64.132 - - [12/Jul/2025:12:54:45 +0000] "GET /?e=119592250041000&mod=77ee3bc5&uri=products.php%3Fid%3D3991160-315%26name%3Dwecker+ruhla+ddr HTTP/1.1" 200 21949 "-" "Mozilla/5.0 (Linux; Android 6.0.1; Nexus 5X Build/MMB29P) AppleWebKit/537.36 (KHTML, like Gecko) Chrome/137.0.7151.103 Mobile Safari/537.36 (compatible; Googlebot/2.1; +http://www.google.com/bot.html)"
66.249.64.132 - - [12/Jul/2025:12:54:46 +0000] "GET /?e=4244576011000&mod=55a988df&uri=pin.php%3Fid%3D141670-253%26name%3Dlego+75257+light+kit HTTP/1.1" 301 - "-" "Mozilla/5.0 (Linux; Android 6.0.1; Nexus 5X Build/MMB29P) AppleWebKit/537.36 (KHTML, like Gecko) Chrome/137.0.7151.103 Mobile Safari/537.36 (compatible; GoogleOther)"
66.249.64.132 - - [12/Jul/2025:12:54:47 +0000] "GET /?e=17539748001000&mod=4122cb13&uri=article.php%3Fid%3D585518-123%26name%3Drockrider+xc940+ltd HTTP/1.1" 301 - "-" "Mozilla/5.0 (Linux; Android 6.0.1; Nexus 5X Build/MMB29P) AppleWebKit/537.36 (KHTML, like Gecko) Chrome/137.0.7151.103 Mobile Safari/537.36 (compatible; GoogleOther)"
66.249.64.132 - - [12/Jul/2025:12:54:49 +0000] "GET /?e=4244576011000&mod=55a988df&uri=pin.php%3Fid%3D141670-253%26name%3Dlego%2075257%20light%20kit HTTP/1.1" 200 26112 "-" "Mozilla/5.0 (Linux; Android 6.0.1; Nexus 5X Build/MMB29P) AppleWebKit/537.36 (KHTML, like Gecko) Chrome/137.0.7151.103 Mobile Safari/537.36 (compatible; GoogleOther)"
66.249.64.132 - - [12/Jul/2025:12:54:50 +0000] "GET /?e=17539748001000&mod=4122cb13&uri=article.php%3Fid%3D585518-123%26name%3Drockrider%20xc940%20ltd HTTP/1.1" 200 26110 "-" "Mozilla/5.0 (Linux; Android 6.0.1; Nexus 5X Build/MMB29P) AppleWebKit/537.36 (KHTML, like Gecko) Chrome/137.0.7151.103 Mobile Safari/537.36 (compatible; GoogleOther)"
66.249.64.132 - - [12/Jul/2025:12:54:53 +0000] "GET /?e=102447461021000&mod=c6829ca2&uri=products.php%3Fid%3D3418959-1624%26name%3Dmagliette+fila+bambino+porpora HTTP/1.1" 301 - "-" "Mozilla/5.0 (Linux; Android 6.0.1; Nexus 5X Build/MMB29P) AppleWebKit/537.36 (KHTML, like Gecko) Chrome/137.0.7151.103 Mobile Safari/537.36 (compatible; GoogleOther)"
66.249.64.128 - - [12/Jul/2025:12:54:54 +0000] "GET /?e=102447461021000&mod=c6829ca2&uri=products.php%3Fid%3D3418959-1624%26name%3Dmagliette%20fila%20bambino%20porpora HTTP/1.1" 200 26108 "-" "Mozilla/5.0 (Linux; Android 6.0.1; Nexus 5X Build/MMB29P) AppleWebKit/537.36 (KHTML, like Gecko) Chrome/137.0.7151.103 Mobile Safari/537.36 (compatible; GoogleOther)"
66.249.64.132 - - [12/Jul/2025:12:54:52 +0000] "GET /?e=119584815041000&mod=77ee3bc5&uri=shared.php%3Fid%3D3990912-315%26name%3Dsamsung+gear+s3+zifferblatt+breitling HTTP/1.1" 200 22079 "-" "Mozilla/5.0 (Linux; Android 6.0.1; Nexus 5X Build/MMB29P) AppleWebKit/537.36 (KHTML, like Gecko) Chrome/137.0.7151.103 Mobile Safari/537.36 (compatible; Googlebot/2.1; +http://www.google.com/bot.html)"
66.249.64.132 - - [12/Jul/2025:12:54:56 +0000] "GET /?e=119591290021000&mod=77ee3bc5&uri=products.php%3Fid%3D3991128-315%26name%3Dtissot+t+touch+zeiger+synchronisieren HTTP/1.1" 200 22058 "-" "Mozilla/5.0 (Linux; Android 6.0.1; Nexus 5X Build/MMB29P) AppleWebKit/537.36 (KHTML, like Gecko) Chrome/137.0.7151.103 Mobile Safari/537.36 (compatible; Googlebot/2.1; +http://www.google.com/bot.html)"
66.249.64.132 - - [12/Jul/2025:12:55:01 +0000] "GET /?e=119583379081000&mod=77ee3bc5&uri=itm.php%3Fid%3D3990864-315%26name%3Dfossil+touch+uhr HTTP/1.1" 200 21069 "-" "Mozilla/5.0 (Linux; Android 6.0.1; Nexus 5X Build/MMB29P) AppleWebKit/537.36 (KHTML, like Gecko) Chrome/137.0.7151.103 Mobile Safari/537.36 (compatible; Googlebot/2.1; +http://www.google.com/bot.html)"
66.249.64.132 - - [12/Jul/2025:12:55:03 +0000] "GET /?e=119589850041000&mod=77ee3bc5&uri=us.php%3Fid%3D3991080-315%26name%3Dbetriebsanleitung+casio+uhren HTTP/1.1" 200 21869 "-" "Mozilla/5.0 (Linux; Android 6.0.1; Nexus 5X Build/MMB29P) AppleWebKit/537.36 (KHTML, like Gecko) Chrome/137.0.7151.103 Mobile Safari/537.36 (compatible; Googlebot/2.1; +http://www.google.com/bot.html)"
66.249.64.132 - - [12/Jul/2025:12:55:04 +0000] "POST /get-message-notify HTTP/1.1" 200 21385 "https://cyber-secure.com.au/?e=119591290021000&mod=77ee3bc5&uri=products.php%3Fid%3D3991128-315%26name%3Dtissot+t+touch+zeiger+synchronisieren" "Mozilla/5.0 (Linux; Android 6.0.1; Nexus 5X Build/MMB29P) AppleWebKit/537.36 (KHTML, like Gecko) Chrome/137.0.7151.119 Mobile Safari/537.36 (compatible; Googlebot/2.1; +http://www.google.com/bot.html)"
66.249.64.132 - - [12/Jul/2025:12:55:05 +0000] "POST /get-message-notify HTTP/1.1" 200 21393 "https://cyber-secure.com.au/?e=119583379081000&mod=77ee3bc5&uri=itm.php%3Fid%3D3990864-315%26name%3Dfossil+touch+uhr" "Mozilla/5.0 (Linux; Android 6.0.1; Nexus 5X Build/MMB29P) AppleWebKit/537.36 (KHTML, like Gecko) Chrome/137.0.7151.119 Mobile Safari/537.36 (compatible; Googlebot/2.1; +http://www.google.com/bot.html)"
66.249.64.132 - - [12/Jul/2025:12:55:08 +0000] "POST /get-message-notify HTTP/1.1" 200 21398 "https://cyber-secure.com.au/?e=119589850041000&mod=77ee3bc5&uri=us.php%3Fid%3D3991080-315%26name%3Dbetriebsanleitung+casio+uhren" "Mozilla/5.0 (Linux; Android 6.0.1; Nexus 5X Build/MMB29P) AppleWebKit/537.36 (KHTML, like Gecko) Chrome/137.0.7151.119 Mobile Safari/537.36 (compatible; Googlebot/2.1; +http://www.google.com/bot.html)"
66.249.64.132 - - [12/Jul/2025:12:55:08 +0000] "GET /?e=119593210061000&mod=77ee3bc5&uri=products.php%3Fid%3D3991192-315%26name%3Dwanduhren+aus+holz+kaufen HTTP/1.1" 200 21526 "-" "Mozilla/5.0 (Linux; Android 6.0.1; Nexus 5X Build/MMB29P) AppleWebKit/537.36 (KHTML, like Gecko) Chrome/137.0.7151.103 Mobile Safari/537.36 (compatible; Googlebot/2.1; +http://www.google.com/bot.html)"
66.249.64.132 - - [12/Jul/2025:12:55:14 +0000] "GET /?e=119592730101000&mod=77ee3bc5&uri=us.php%3Fid%3D3991176-315%26name%3Dsinn+uhr+blau HTTP/1.1" 200 21407 "-" "Mozilla/5.0 (Linux; Android 6.0.1; Nexus 5X Build/MMB29P) AppleWebKit/537.36 (KHTML, like Gecko) Chrome/137.0.7151.103 Mobile Safari/537.36 (compatible; Googlebot/2.1; +http://www.google.com/bot.html)"
66.249.64.132 - - [12/Jul/2025:12:55:20 +0000] "GET /?e=119085209051000&mod=080c993f&uri=shop.php%3Fid%3D3974247-464%26name%3D1650+dota HTTP/1.1" 200 21062 "-" "Mozilla/5.0 (Linux; Android 6.0.1; Nexus 5X Build/MMB29P) AppleWebKit/537.36 (KHTML, like Gecko) Chrome/137.0.7151.103 Mobile Safari/537.36 (compatible; Googlebot/2.1; +http://www.google.com/bot.html)"
66.249.64.132 - - [12/Jul/2025:12:55:28 +0000] "GET /?e=119599690061000&mod=000e82a9&uri=blog.php%3Fid%3D3991408-1161%26name%3Dnike+leopard+tennis+shoes HTTP/1.1" 200 20917 "-" "Mozilla/5.0 (Linux; Android 6.0.1; Nexus 5X Build/MMB29P) AppleWebKit/537.36 (KHTML, like Gecko) Chrome/137.0.7151.103 Mobile Safari/537.36 (compatible; Googlebot/2.1; +http://www.google.com/bot.html)"
66.249.64.132 - - [12/Jul/2025:12:55:31 +0000] "GET /?e=119084309011000&mod=080c993f&uri=shop.php%3Fid%3D3974217-464%26name%3Dryzen+5600x+motherboard+chipset HTTP/1.1" 200 21361 "-" "Mozilla/5.0 (Linux; Android 6.0.1; Nexus 5X Build/MMB29P) AppleWebKit/537.36 (KHTML, like Gecko) Chrome/137.0.7151.103 Mobile Safari/537.36 (compatible; Googlebot/2.1; +http://www.google.com/bot.html)"
66.249.64.132 - - [12/Jul/2025:12:55:32 +0000] "POST /get-message-notify HTTP/1.1" 200 21379 "https://cyber-secure.com.au/?e=119599690061000&mod=000e82a9&uri=blog.php%3Fid%3D3991408-1161%26name%3Dnike+leopard+tennis+shoes" "Mozilla/5.0 (Linux; Android 6.0.1; Nexus 5X Build/MMB29P) AppleWebKit/537.36 (KHTML, like Gecko) Chrome/137.0.7151.119 Mobile Safari/537.36 (compatible; Googlebot/2.1; +http://www.google.com/bot.html)"
66.249.64.132 - - [12/Jul/2025:12:55:36 +0000] "GET /?e=119084759041000&mod=080c993f&uri=pin.php%3Fid%3D3974232-464%26name%3Dhow+to+install+a+graphics+card+windows HTTP/1.1" 200 21408 "-" "Mozilla/5.0 (Linux; Android 6.0.1; Nexus 5X Build/MMB29P) AppleWebKit/537.36 (KHTML, like Gecko) Chrome/137.0.7151.103 Mobile Safari/537.36 (compatible; Googlebot/2.1; +http://www.google.com/bot.html)"
66.249.64.132 - - [12/Jul/2025:12:55:46 +0000] "GET /?e=119084009031000&mod=080c993f&uri=blog.php%3Fid%3D3974207-464%26name%3Dcan+i+add+graphics+card+to+my+dell+laptop HTTP/1.1" 200 22209 "-" "Mozilla/5.0 (Linux; Android 6.0.1; Nexus 5X Build/MMB29P) AppleWebKit/537.36 (KHTML, like Gecko) Chrome/137.0.7151.103 Mobile Safari/537.36 (compatible; Googlebot/2.1; +http://www.google.com/bot.html)"
66.249.64.132 - - [12/Jul/2025:12:55:47 +0000] "GET /?e=119602810001000&mod=000e82a9&uri=news.php%3Fid%3D3991512-1161%26name%3Dnike+slip+on+slides HTTP/1.1" 200 21133 "-" "Mozilla/5.0 (Linux; Android 6.0.1; Nexus 5X Build/MMB29P) AppleWebKit/537.36 (KHTML, like Gecko) Chrome/137.0.7151.103 Mobile Safari/537.36 (compatible; Googlebot/2.1; +http://www.google.com/bot.html)"
66.249.64.132 - - [12/Jul/2025:12:55:48 +0000] "POST /wp-json/metform/v1/forms/views/2288 HTTP/1.1" 200 22317 "https://cyber-secure.com.au/?e=16998247021000&mod=a01a0380&uri=shop.php%3Fid%3D567450-39%26name%3Dchild%20pod%20hammock" "Mozilla/5.0 (Linux; Android 6.0.1; Nexus 5X Build/MMB29P) AppleWebKit/537.36 (KHTML, like Gecko) Chrome/137.0.7151.119 Mobile Safari/537.36 (compatible; Googlebot/2.1; +http://www.google.com/bot.html)"
209.74.77.214 - - [12/Jul/2025:12:55:49 +0000] "POST /wp-cron.php?doing_wp_cron=1752324949.2761418819427490234375 HTTP/1.1" 200 - "-" "WordPress/6.8.1; https://cyber-secure.com.au"
66.249.64.132 - - [12/Jul/2025:12:55:49 +0000] "GET /?e=34474018001000&mod=a12f6949&uri=itm.php%3Fid%3D1150614-1078%26name%3Dcomo+poner+en+hora+un+reloj+analogico HTTP/1.1" 301 - "-" "Mozilla/5.0 (Linux; Android 6.0.1; Nexus 5X Build/MMB29P) AppleWebKit/537.36 (KHTML, like Gecko) Chrome/137.0.7151.103 Mobile Safari/537.36 (compatible; GoogleOther)"
209.74.77.214 - - [12/Jul/2025:12:55:49 +0000] "POST /wp-admin/admin-ajax.php?action=async_litespeed&nonce=DHcM1YNq31LLHseUrhw6nwlSoEomF6CF&litespeed_type=imgoptm HTTP/1.1" 200 21 "-" "WordPress/6.8.1; https://cyber-secure.com.au"
66.249.64.132 - - [12/Jul/2025:12:55:50 +0000] "GET /?e=34474018001000&mod=a12f6949&uri=itm.php%3Fid%3D1150614-1078%26name%3Dcomo%20poner%20en%20hora%20un%20reloj%20analogico HTTP/1.1" 200 26104 "-" "Mozilla/5.0 (Linux; Android 6.0.1; Nexus 5X Build/MMB29P) AppleWebKit/537.36 (KHTML, like Gecko) Chrome/137.0.7151.103 Mobile Safari/537.36 (compatible; GoogleOther)"
66.249.64.128 - - [12/Jul/2025:12:55:51 +0000] "POST /get-message-notify HTTP/1.1" 200 21396 "https://cyber-secure.com.au/?e=119602810001000&mod=000e82a9&uri=news.php%3Fid%3D3991512-1161%26name%3Dnike+slip+on+slides" "Mozilla/5.0 (Linux; Android 6.0.1; Nexus 5X Build/MMB29P) AppleWebKit/537.36 (KHTML, like Gecko) Chrome/137.0.7151.119 Mobile Safari/537.36 (compatible; Googlebot/2.1; +http://www.google.com/bot.html)"
66.249.64.132 - - [12/Jul/2025:12:55:52 +0000] "GET /?e=119085509001000&mod=080c993f&uri=news.php%3Fid%3D3974257-464%26name%3Dsocket+1155+i7+processors HTTP/1.1" 200 21664 "-" "Mozilla/5.0 (Linux; Android 6.0.1; Nexus 5X Build/MMB29P) AppleWebKit/537.36 (KHTML, like Gecko) Chrome/137.0.7151.103 Mobile Safari/537.36 (compatible; Googlebot/2.1; +http://www.google.com/bot.html)"
66.249.64.132 - - [12/Jul/2025:12:55:54 +0000] "GET /?e=78694919041000&mod=299a23a2&uri=shop.php%3Fid%3D2626148-106%26name%3Doff+white+sneakers+lyst HTTP/1.1" 301 - "-" "Mozilla/5.0 (Linux; Android 6.0.1; Nexus 5X Build/MMB29P) AppleWebKit/537.36 (KHTML, like Gecko) Chrome/137.0.7151.103 Mobile Safari/537.36 (compatible; GoogleOther)"
66.249.64.132 - - [12/Jul/2025:12:55:56 +0000] "GET /?e=78694919041000&mod=299a23a2&uri=shop.php%3Fid%3D2626148-106%26name%3Doff%20white%20sneakers%20lyst HTTP/1.1" 200 26103 "-" "Mozilla/5.0 (Linux; Android 6.0.1; Nexus 5X Build/MMB29P) AppleWebKit/537.36 (KHTML, like Gecko) Chrome/137.0.7151.103 Mobile Safari/537.36 (compatible; GoogleOther)"
66.249.64.128 - - [12/Jul/2025:12:55:58 +0000] "GET /?e=119084609001000&mod=6b8eba43&uri=blog.php%3Fid%3D3974227-155%26name%3Ddenon+sound+base HTTP/1.1" 200 22566 "-" "Mozilla/5.0 (Linux; Android 6.0.1; Nexus 5X Build/MMB29P) AppleWebKit/537.36 (KHTML, like Gecko) Chrome/137.0.7151.103 Mobile Safari/537.36 (compatible; Googlebot/2.1; +http://www.google.com/bot.html)"
66.249.64.132 - - [12/Jul/2025:12:56:03 +0000] "GET /?e=119084909031000&mod=080c993f&uri=news.php%3Fid%3D3974237-464%26name%3Dbest+am3%2B+cpu+for+gaming+2020 HTTP/1.1" 200 21389 "-" "Mozilla/5.0 (Linux; Android 6.0.1; Nexus 5X Build/MMB29P) AppleWebKit/537.36 (KHTML, like Gecko) Chrome/137.0.7151.103 Mobile Safari/537.36 (compatible; Googlebot/2.1; +http://www.google.com/bot.html)"
66.249.64.132 - - [12/Jul/2025:12:56:06 +0000] "GET /?e=110327719041000&mod=1cf44d79&uri=products.php%3Fid%3D3681981-837%26name%3Djordan+jd+mujer HTTP/1.1" 200 21963 "-" "Mozilla/5.0 (Linux; Android 6.0.1; Nexus 5X Build/MMB29P) AppleWebKit/537.36 (KHTML, like Gecko) Chrome/137.0.7151.103 Mobile Safari/537.36 (compatible; Googlebot/2.1; +http://www.google.com/bot.html)"
66.249.64.132 - - [12/Jul/2025:12:56:07 +0000] "POST /get-message-notify HTTP/1.1" 200 21386 "https://cyber-secure.com.au/?e=119084909031000&mod=080c993f&uri=news.php%3Fid%3D3974237-464%26name%3Dbest+am3%2B+cpu+for+gaming+2020" "Mozilla/5.0 (Linux; Android 6.0.1; Nexus 5X Build/MMB29P) AppleWebKit/537.36 (KHTML, like Gecko) Chrome/137.0.7151.119 Mobile Safari/537.36 (compatible; Googlebot/2.1; +http://www.google.com/bot.html)"
66.249.64.128 - - [12/Jul/2025:12:56:09 +0000] "GET /?e=119085359001000&mod=080c993f&uri=shop.php%3Fid%3D3974252-464%26name%3Damd+sempron+sdx130hbk12gm HTTP/1.1" 200 21919 "-" "Mozilla/5.0 (Linux; Android 6.0.1; Nexus 5X Build/MMB29P) AppleWebKit/537.36 (KHTML, like Gecko) Chrome/137.0.7151.103 Mobile Safari/537.36 (compatible; Googlebot/2.1; +http://www.google.com/bot.html)"
66.249.64.132 - - [12/Jul/2025:12:56:14 +0000] "POST /get-message-notify HTTP/1.1" 200 21385 "https://cyber-secure.com.au/?e=119085359001000&mod=080c993f&uri=shop.php%3Fid%3D3974252-464%26name%3Damd+sempron+sdx130hbk12gm" "Mozilla/5.0 (Linux; Android 6.0.1; Nexus 5X Build/MMB29P) AppleWebKit/537.36 (KHTML, like Gecko) Chrome/137.0.7151.119 Mobile Safari/537.36 (compatible; Googlebot/2.1; +http://www.google.com/bot.html)"
66.249.64.132 - - [12/Jul/2025:12:56:18 +0000] "GET /?e=119604250081000&mod=000e82a9&uri=dp.php%3Fid%3D3991560-1161%26name%3Dair+max+97+premium+pink HTTP/1.1" 200 20526 "-" "Mozilla/5.0 (Linux; Android 6.0.1; Nexus 5X Build/MMB29P) AppleWebKit/537.36 (KHTML, like Gecko) Chrome/137.0.7151.103 Mobile Safari/537.36 (compatible; Googlebot/2.1; +http://www.google.com/bot.html)"
66.249.64.132 - - [12/Jul/2025:12:56:20 +0000] "GET /?e=119084459001000&mod=080c993f&uri=shared.php%3Fid%3D3974222-464%26name%3Di5+6500k+socket HTTP/1.1" 200 21210 "-" "Mozilla/5.0 (Linux; Android 6.0.1; Nexus 5X Build/MMB29P) AppleWebKit/537.36 (KHTML, like Gecko) Chrome/137.0.7151.103 Mobile Safari/537.36 (compatible; Googlebot/2.1; +http://www.google.com/bot.html)"
66.249.64.132 - - [12/Jul/2025:12:56:23 +0000] "POST /get-message-notify HTTP/1.1" 200 21402 "https://cyber-secure.com.au/?e=110327719041000&mod=1cf44d79&uri=products.php%3Fid%3D3681981-837%26name%3Djordan+jd+mujer" "Mozilla/5.0 (Linux; Android 6.0.1; Nexus 5X Build/MMB29P) AppleWebKit/537.36 (KHTML, like Gecko) Chrome/137.0.7151.119 Mobile Safari/537.36 (compatible; Googlebot/2.1; +http://www.google.com/bot.html)"
66.249.64.132 - - [12/Jul/2025:12:56:25 +0000] "GET /?e=119085059001000&mod=080c993f&uri=brands.php%3Fid%3D3974242-464%26name%3Ddell+xps+15+with+graphics+card HTTP/1.1" 200 21327 "-" "Mozilla/5.0 (Linux; Android 6.0.1; Nexus 5X Build/MMB29P) AppleWebKit/537.36 (KHTML, like Gecko) Chrome/137.0.7151.103 Mobile Safari/537.36 (compatible; Googlebot/2.1; +http://www.google.com/bot.html)"
66.249.64.132 - - [12/Jul/2025:12:56:30 +0000] "GET /?e=119569687021000&mod=77ee3bc5&uri=category-info.php%3Fid%3D3990406-315%26name%3Dlilienthal+berlin+l1+all+black HTTP/1.1" 200 21421 "-" "Mozilla/5.0 (Linux; Android 6.0.1; Nexus 5X Build/MMB29P) AppleWebKit/537.36 (KHTML, like Gecko) Chrome/137.0.7151.103 Mobile Safari/537.36 (compatible; Googlebot/2.1; +http://www.google.com/bot.html)"
209.74.77.214 - - [12/Jul/2025:12:56:34 +0000] "POST /wp-cron.php?doing_wp_cron=1752324994.2544939517974853515625 HTTP/1.1" 200 - "-" "WordPress/6.8.1; https://cyber-secure.com.au"
66.249.64.132 - - [12/Jul/2025:12:56:34 +0000] "GET /?e=116601489021000&mod=a3ec6dd8&uri=form.php%3Fid%3D3891400-410%26name%3Dcatalogo+italeri+2019+pdf HTTP/1.1" 301 - "-" "Mozilla/5.0 (Linux; Android 6.0.1; Nexus 5X Build/MMB29P) AppleWebKit/537.36 (KHTML, like Gecko) Chrome/137.0.7151.103 Mobile Safari/537.36 (compatible; GoogleOther)"
209.74.77.214 - - [12/Jul/2025:12:56:34 +0000] "POST /wp-admin/admin-ajax.php?action=async_litespeed&nonce=fcsdOWfU0fe6FwKaZtoNes0JJh5qE5uR&litespeed_type=imgoptm HTTP/1.1" 200 21 "-" "WordPress/6.8.1; https://cyber-secure.com.au"
66.249.64.132 - - [12/Jul/2025:12:56:36 +0000] "GET /?e=86118364001000&mod=c255c052&uri=blog.php%3Fid%3D2873902-387%26name%3Dupper+body+strength+exercises HTTP/1.1" 200 21820 "-" "Mozilla/5.0 (Linux; Android 6.0.1; Nexus 5X Build/MMB29P) AppleWebKit/537.36 (KHTML, like Gecko) Chrome/137.0.7151.103 Mobile Safari/537.36 (compatible; Googlebot/2.1; +http://www.google.com/bot.html)"
66.249.64.132 - - [12/Jul/2025:12:56:36 +0000] "GET /?e=116601489021000&mod=a3ec6dd8&uri=form.php%3Fid%3D3891400-410%26name%3Dcatalogo%20italeri%202019%20pdf HTTP/1.1" 200 26105 "-" "Mozilla/5.0 (Linux; Android 6.0.1; Nexus 5X Build/MMB29P) AppleWebKit/537.36 (KHTML, like Gecko) Chrome/137.0.7151.103 Mobile Safari/537.36 (compatible; GoogleOther)"
66.249.64.132 - - [12/Jul/2025:12:56:37 +0000] "POST /get-message-notify HTTP/1.1" 200 21385 "https://cyber-secure.com.au/?e=119569687021000&mod=77ee3bc5&uri=category-info.php%3Fid%3D3990406-315%26name%3Dlilienthal+berlin+l1+all+black" "Mozilla/5.0 (Linux; Android 6.0.1; Nexus 5X Build/MMB29P) AppleWebKit/537.36 (KHTML, like Gecko) Chrome/137.0.7151.119 Mobile Safari/537.36 (compatible; Googlebot/2.1; +http://www.google.com/bot.html)"
66.249.64.132 - - [12/Jul/2025:12:56:41 +0000] "GET /?e=33954023021000&mod=4e4551a3&uri=shared.php%3Fid%3D1133265-1047%26name%3Dlutv+leeds+v+charlton HTTP/1.1" 301 - "-" "Mozilla/5.0 (Linux; Android 6.0.1; Nexus 5X Build/MMB29P) AppleWebKit/537.36 (KHTML, like Gecko) Chrome/137.0.7151.103 Mobile Safari/537.36 (compatible; GoogleOther)"
66.249.64.132 - - [12/Jul/2025:12:56:44 +0000] "GET /?e=33954023021000&mod=4e4551a3&uri=shared.php%3Fid%3D1133265-1047%26name%3Dlutv%20leeds%20v%20charlton HTTP/1.1" 200 26111 "-" "Mozilla/5.0 (Linux; Android 6.0.1; Nexus 5X Build/MMB29P) AppleWebKit/537.36 (KHTML, like Gecko) Chrome/137.0.7151.103 Mobile Safari/537.36 (compatible; GoogleOther)"
66.249.64.132 - - [12/Jul/2025:12:56:53 +0000] "GET /?e=119571157011000&mod=77ee3bc5&uri=search.php%3Fid%3D3990455-315%26name%3Deinzeigeruhr+slow HTTP/1.1" 200 21920 "-" "Mozilla/5.0 (Linux; Android 6.0.1; Nexus 5X Build/MMB29P) AppleWebKit/537.36 (KHTML, like Gecko) Chrome/137.0.7151.103 Mobile Safari/537.36 (compatible; Googlebot/2.1; +http://www.google.com/bot.html)"
66.249.64.132 - - [12/Jul/2025:12:56:55 +0000] "GET /?e=119469092051000&mod=c255c052&uri=pin.php%3Fid%3D3987049-387%26name%3Dtotal+gym+1800 HTTP/1.1" 200 21759 "-" "Mozilla/5.0 (Linux; Android 6.0.1; Nexus 5X Build/MMB29P) AppleWebKit/537.36 (KHTML, like Gecko) Chrome/137.0.7151.103 Mobile Safari/537.36 (compatible; Googlebot/2.1; +http://www.google.com/bot.html)"
66.249.64.132 - - [12/Jul/2025:12:56:58 +0000] "GET /?e=119580559011000&mod=77ee3bc5&uri=article.php%3Fid%3D3990770-315%26name%3Djunghans+meister+armbanduhr HTTP/1.1" 200 22434 "-" "Mozilla/5.0 (Linux; Android 6.0.1; Nexus 5X Build/MMB29P) AppleWebKit/537.36 (KHTML, like Gecko) Chrome/137.0.7151.103 Mobile Safari/537.36 (compatible; Googlebot/2.1; +http://www.google.com/bot.html)"
66.249.64.128 - - [12/Jul/2025:12:57:01 +0000] "POST /get-message-notify HTTP/1.1" 200 21393 "https://cyber-secure.com.au/?e=119469092051000&mod=c255c052&uri=pin.php%3Fid%3D3987049-387%26name%3Dtotal+gym+1800" "Mozilla/5.0 (Linux; Android 6.0.1; Nexus 5X Build/MMB29P) AppleWebKit/537.36 (KHTML, like Gecko) Chrome/137.0.7151.119 Mobile Safari/537.36 (compatible; Googlebot/2.1; +http://www.google.com/bot.html)"
66.249.64.132 - - [12/Jul/2025:12:57:03 +0000] "GET /?e=78045536011000&mod=c255c052&uri=itm.php%3Fid%3D2604470-387%26name%3Dtrojan+10mm+yoga+mat HTTP/1.1" 200 22725 "-" "Mozilla/5.0 (Linux; Android 6.0.1; Nexus 5X Build/MMB29P) AppleWebKit/537.36 (KHTML, like Gecko) Chrome/137.0.7151.103 Mobile Safari/537.36 (compatible; Googlebot/2.1; +http://www.google.com/bot.html)"
66.249.64.132 - - [12/Jul/2025:12:57:05 +0000] "GET /?e=119580769031000&mod=77ee3bc5&uri=shared.php%3Fid%3D3990777-315%26name%3Darmbanduhr+amida+digitrend HTTP/1.1" 200 22419 "-" "Mozilla/5.0 (Linux; Android 6.0.1; Nexus 5X Build/MMB29P) AppleWebKit/537.36 (KHTML, like Gecko) Chrome/137.0.7151.103 Mobile Safari/537.36 (compatible; Googlebot/2.1; +http://www.google.com/bot.html)"
66.249.64.132 - - [12/Jul/2025:12:57:12 +0000] "GET /?e=119513711001000&mod=1b486d7a&uri=brands.php%3Fid%3D3988539-827%26name%3Dmasajes+para+quitar+colicos+bebes HTTP/1.1" 200 22942 "-" "Mozilla/5.0 (Linux; Android 6.0.1; Nexus 5X Build/MMB29P) AppleWebKit/537.36 (KHTML, like Gecko) Chrome/137.0.7151.103 Mobile Safari/537.36 (compatible; Googlebot/2.1; +http://www.google.com/bot.html)"
66.249.64.132 - - [12/Jul/2025:12:57:19 +0000] "GET /?e=119570527001000&mod=77ee3bc5&uri=goods.php%3Fid%3D3990434-315%26name%3Duhr+gr%C3%83%C2%BCn HTTP/1.1" 200 22444 "-" "Mozilla/5.0 (Linux; Android 6.0.1; Nexus 5X Build/MMB29P) AppleWebKit/537.36 (KHTML, like Gecko) Chrome/137.0.7151.103 Mobile Safari/537.36 (compatible; Googlebot/2.1; +http://www.google.com/bot.html)"
66.249.64.132 - - [12/Jul/2025:12:57:21 +0000] "GET /?e=119570947021000&mod=77ee3bc5&uri=products.php%3Fid%3D3990448-315%26name%3Dice+watch+rot HTTP/1.1" 200 22128 "-" "Mozilla/5.0 (Linux; Android 6.0.1; Nexus 5X Build/MMB29P) AppleWebKit/537.36 (KHTML, like Gecko) Chrome/137.0.7151.103 Mobile Safari/537.36 (compatible; Googlebot/2.1; +http://www.google.com/bot.html)"
66.249.64.132 - - [12/Jul/2025:12:57:24 +0000] "POST /get-message-notify HTTP/1.1" 200 21385 "https://cyber-secure.com.au/?e=119513711001000&mod=1b486d7a&uri=brands.php%3Fid%3D3988539-827%26name%3Dmasajes+para+quitar+colicos+bebes" "Mozilla/5.0 (Linux; Android 6.0.1; Nexus 5X Build/MMB29P) AppleWebKit/537.36 (KHTML, like Gecko) Chrome/137.0.7151.119 Mobile Safari/537.36 (compatible; Googlebot/2.1; +http://www.google.com/bot.html)"
66.249.64.132 - - [12/Jul/2025:12:57:28 +0000] "GET /?e=119578470061000&mod=77ee3bc5&uri=goods.php%3Fid%3D3990700-315%26name%3Dnotruf+uhr+mit+fallsensor HTTP/1.1" 200 22158 "-" "Mozilla/5.0 (Linux; Android 6.0.1; Nexus 5X Build/MMB29P) AppleWebKit/537.36 (KHTML, like Gecko) Chrome/137.0.7151.103 Mobile Safari/537.36 (compatible; Googlebot/2.1; +http://www.google.com/bot.html)"
66.249.64.132 - - [12/Jul/2025:12:57:31 +0000] "GET /?e=119576804001000&mod=77ee3bc5&uri=shared.php%3Fid%3D3990644-315%26name%3Duhr+25+jahre+nva HTTP/1.1" 200 22391 "-" "Mozilla/5.0 (Linux; Android 6.0.1; Nexus 5X Build/MMB29P) AppleWebKit/537.36 (KHTML, like Gecko) Chrome/137.0.7151.103 Mobile Safari/537.36 (compatible; Googlebot/2.1; +http://www.google.com/bot.html)"
209.74.77.214 - - [12/Jul/2025:12:57:34 +0000] "POST /wp-cron.php?doing_wp_cron=1752325054.0555551052093505859375 HTTP/1.1" 200 - "-" "WordPress/6.8.1; https://cyber-secure.com.au"
66.249.64.132 - - [12/Jul/2025:12:57:33 +0000] "GET /?e=107558808021000&mod=f4573fc7&uri=pin.php%3Fid%3D3589592-126%26name%3Dsammies+by+samsonite+turtle HTTP/1.1" 301 - "-" "Mozilla/5.0 (Linux; Android 6.0.1; Nexus 5X Build/MMB29P) AppleWebKit/537.36 (KHTML, like Gecko) Chrome/137.0.7151.103 Mobile Safari/537.36 (compatible; GoogleOther)"
209.74.77.214 - - [12/Jul/2025:12:57:34 +0000] "POST /wp-admin/admin-ajax.php?action=async_litespeed&nonce=bqRHU1b28C6SJsUM8NbpJwFerM7nv31i&litespeed_type=imgoptm HTTP/1.1" 200 21 "-" "WordPress/6.8.1; https://cyber-secure.com.au"
66.249.64.132 - - [12/Jul/2025:12:57:34 +0000] "POST /get-message-notify HTTP/1.1" 200 21389 "https://cyber-secure.com.au/?e=119578470061000&mod=77ee3bc5&uri=goods.php%3Fid%3D3990700-315%26name%3Dnotruf+uhr+mit+fallsensor" "Mozilla/5.0 (Linux; Android 6.0.1; Nexus 5X Build/MMB29P) AppleWebKit/537.36 (KHTML, like Gecko) Chrome/137.0.7151.119 Mobile Safari/537.36 (compatible; Googlebot/2.1; +http://www.google.com/bot.html)"
66.249.64.132 - - [12/Jul/2025:12:57:36 +0000] "GET /?e=34559095041000&mod=36ed197b&uri=itm.php%3Fid%3D1153466-332%26name%3Dthe+family+amazon+prime HTTP/1.1" 301 - "-" "Mozilla/5.0 (Linux; Android 6.0.1; Nexus 5X Build/MMB29P) AppleWebKit/537.36 (KHTML, like Gecko) Chrome/137.0.7151.103 Mobile Safari/537.36 (compatible; GoogleOther)"
66.249.64.132 - - [12/Jul/2025:12:57:37 +0000] "GET /?e=107558808021000&mod=f4573fc7&uri=pin.php%3Fid%3D3589592-126%26name%3Dsammies%20by%20samsonite%20turtle HTTP/1.1" 200 26111 "-" "Mozilla/5.0 (Linux; Android 6.0.1; Nexus 5X Build/MMB29P) AppleWebKit/537.36 (KHTML, like Gecko) Chrome/137.0.7151.103 Mobile Safari/537.36 (compatible; GoogleOther)"
66.249.64.132 - - [12/Jul/2025:12:57:38 +0000] "POST /get-message-notify HTTP/1.1" 200 21390 "https://cyber-secure.com.au/?e=119576804001000&mod=77ee3bc5&uri=shared.php%3Fid%3D3990644-315%26name%3Duhr+25+jahre+nva" "Mozilla/5.0 (Linux; Android 6.0.1; Nexus 5X Build/MMB29P) AppleWebKit/537.36 (KHTML, like Gecko) Chrome/137.0.7151.119 Mobile Safari/537.36 (compatible; Googlebot/2.1; +http://www.google.com/bot.html)"
66.249.64.132 - - [12/Jul/2025:12:57:39 +0000] "GET /?e=34559095041000&mod=36ed197b&uri=itm.php%3Fid%3D1153466-332%26name%3Dthe%20family%20amazon%20prime HTTP/1.1" 200 26106 "-" "Mozilla/5.0 (Linux; Android 6.0.1; Nexus 5X Build/MMB29P) AppleWebKit/537.36 (KHTML, like Gecko) Chrome/137.0.7151.103 Mobile Safari/537.36 (compatible; GoogleOther)"
66.249.64.132 - - [12/Jul/2025:12:57:41 +0000] "GET /?e=119573235071000&mod=77ee3bc5&uri=itm.php%3Fid%3D3990525-315%26name%3Dfossil+led+uhr HTTP/1.1" 200 21716 "-" "Mozilla/5.0 (Linux; Android 6.0.1; Nexus 5X Build/MMB29P) AppleWebKit/537.36 (KHTML, like Gecko) Chrome/137.0.7151.103 Mobile Safari/537.36 (compatible; Googlebot/2.1; +http://www.google.com/bot.html)"
66.249.64.132 - - [12/Jul/2025:12:57:43 +0000] "GET /?e=119579719031000&mod=77ee3bc5&uri=search.php%3Fid%3D3990742-315%26name%3Dglash%C3%83%C2%BCtte+original+sixties+blau HTTP/1.1" 200 22001 "-" "Mozilla/5.0 (Linux; Android 6.0.1; Nexus 5X Build/MMB29P) AppleWebKit/537.36 (KHTML, like Gecko) Chrome/137.0.7151.103 Mobile Safari/537.36 (compatible; Googlebot/2.1; +http://www.google.com/bot.html)"
66.249.64.132 - - [12/Jul/2025:12:57:56 +0000] "GET /?e=74792173041000&mod=c255c052&uri=form.php%3Fid%3D2495868-387%26name%3Dweider+4950+pro HTTP/1.1" 200 21488 "-" "Mozilla/5.0 (Linux; Android 6.0.1; Nexus 5X Build/MMB29P) AppleWebKit/537.36 (KHTML, like Gecko) Chrome/137.0.7151.103 Mobile Safari/537.36 (compatible; Googlebot/2.1; +http://www.google.com/bot.html)"
66.249.64.128 - - [12/Jul/2025:12:57:59 +0000] "GET /?e=119495873141000&mod=b6edc1cd&uri=search.php%3Fid%3D3987943-81%26name%3Di+divani+di+mondo+convenienza+sono+sfoderabili HTTP/1.1" 200 22234 "-" "Mozilla/5.0 (Linux; Android 6.0.1; Nexus 5X Build/MMB29P) AppleWebKit/537.36 (KHTML, like Gecko) Chrome/137.0.7151.103 Mobile Safari/537.36 (compatible; Googlebot/2.1; +http://www.google.com/bot.html)"
66.249.64.132 - - [12/Jul/2025:12:58:06 +0000] "POST /get-message-notify HTTP/1.1" 200 21388 "https://cyber-secure.com.au/?e=119495873141000&mod=b6edc1cd&uri=search.php%3Fid%3D3987943-81%26name%3Di+divani+di+mondo+convenienza+sono+sfoderabili" "Mozilla/5.0 (Linux; Android 6.0.1; Nexus 5X Build/MMB29P) AppleWebKit/537.36 (KHTML, like Gecko) Chrome/137.0.7151.119 Mobile Safari/537.36 (compatible; Googlebot/2.1; +http://www.google.com/bot.html)"
66.249.64.132 - - [12/Jul/2025:12:58:11 +0000] "GET /?e=119577854011000&mod=77ee3bc5&uri=category-info.php%3Fid%3D3990679-315%26name%3Duhr+mk HTTP/1.1" 200 21428 "-" "Mozilla/5.0 (Linux; Android 6.0.1; Nexus 5X Build/MMB29P) AppleWebKit/537.36 (KHTML, like Gecko) Chrome/137.0.7151.103 Mobile Safari/537.36 (compatible; Googlebot/2.1; +http://www.google.com/bot.html)"
66.249.64.132 - - [12/Jul/2025:12:58:16 +0000] "GET /?e=78055693051000&mod=c255c052&uri=products.php%3Fid%3D2604809-387%26name%3Dbest+power+barbells HTTP/1.1" 200 22171 "-" "Mozilla/5.0 (Linux; Android 6.0.1; Nexus 5X Build/MMB29P) AppleWebKit/537.36 (KHTML, like Gecko) Chrome/137.0.7151.103 Mobile Safari/537.36 (compatible; Googlebot/2.1; +http://www.google.com/bot.html)"
66.249.64.132 - - [12/Jul/2025:12:58:21 +0000] "GET /?e=119585385051000&mod=77ee3bc5&uri=brands.php%3Fid%3D3990931-315%26name%3Dgesundheitsuhr+f%C3%83%C2%BCr+senioren HTTP/1.1" 200 21715 "-" "Mozilla/5.0 (Linux; Android 6.0.1; Nexus 5X Build/MMB29P) AppleWebKit/537.36 (KHTML, like Gecko) Chrome/137.0.7151.103 Mobile Safari/537.36 (compatible; Googlebot/2.1; +http://www.google.com/bot.html)"
66.249.64.132 - - [12/Jul/2025:12:58:26 +0000] "GET /?e=119578274041000&mod=77ee3bc5&uri=category-info.php%3Fid%3D3990693-315%26name%3Dglash%C3%83%C2%BCtte+uhren+gebraucht+ddr HTTP/1.1" 200 22662 "-" "Mozilla/5.0 (Linux; Android 6.0.1; Nexus 5X Build/MMB29P) AppleWebKit/537.36 (KHTML, like Gecko) Chrome/137.0.7151.103 Mobile Safari/537.36 (compatible; Googlebot/2.1; +http://www.google.com/bot.html)"
209.74.77.214 - - [12/Jul/2025:12:58:30 +0000] "POST /wp-cron.php?doing_wp_cron=1752325110.8123190402984619140625 HTTP/1.1" 200 - "-" "WordPress/6.8.1; https://cyber-secure.com.au"
66.249.64.132 - - [12/Jul/2025:12:58:30 +0000] "GET /?e=66984481061000&mod=54843973&uri=shop.php%3Fid%3D2235316-462%26name%3Dnew+walking+dead+video+game HTTP/1.1" 301 - "-" "Mozilla/5.0 (Linux; Android 6.0.1; Nexus 5X Build/MMB29P) AppleWebKit/537.36 (KHTML, like Gecko) Chrome/137.0.7151.103 Mobile Safari/537.36 (compatible; GoogleOther)"
209.74.77.214 - - [12/Jul/2025:12:58:30 +0000] "POST /wp-admin/admin-ajax.php?action=async_litespeed&nonce=WAneFS6lySqwFStWcV0CxJS0sXmtuUfZ&litespeed_type=imgoptm HTTP/1.1" 200 21 "-" "WordPress/6.8.1; https://cyber-secure.com.au"
66.249.64.132 - - [12/Jul/2025:12:58:34 +0000] "GET /?e=119576384061000&mod=77ee3bc5&uri=product.php%3Fid%3D3990630-315%26name%3Diwc+pilot+blau HTTP/1.1" 200 21593 "-" "Mozilla/5.0 (Linux; Android 6.0.1; Nexus 5X Build/MMB29P) AppleWebKit/537.36 (KHTML, like Gecko) Chrome/137.0.7151.103 Mobile Safari/537.36 (compatible; Googlebot/2.1; +http://www.google.com/bot.html)"
66.249.64.132 - - [12/Jul/2025:12:58:36 +0000] "GET /?e=66984481061000&mod=54843973&uri=shop.php%3Fid%3D2235316-462%26name%3Dnew%20walking%20dead%20video%20game HTTP/1.1" 200 26106 "-" "Mozilla/5.0 (Linux; Android 6.0.1; Nexus 5X Build/MMB29P) AppleWebKit/537.36 (KHTML, like Gecko) Chrome/137.0.7151.103 Mobile Safari/537.36 (compatible; GoogleOther)"
66.249.64.132 - - [12/Jul/2025:12:58:38 +0000] "GET /?e=119580349141000&mod=77ee3bc5&uri=pin.php%3Fid%3D3990763-315%26name%3Dcamel+active+armbanduhr HTTP/1.1" 200 21717 "-" "Mozilla/5.0 (Linux; Android 6.0.1; Nexus 5X Build/MMB29P) AppleWebKit/537.36 (KHTML, like Gecko) Chrome/137.0.7151.103 Mobile Safari/537.36 (compatible; Googlebot/2.1; +http://www.google.com/bot.html)"
66.249.64.132 - - [12/Jul/2025:12:58:46 +0000] "GET /?e=119580139021000&mod=77ee3bc5&uri=info.php%3Fid%3D3990756-315%26name%3Duhren+aus+der+ddr HTTP/1.1" 200 22160 "-" "Mozilla/5.0 (Linux; Android 6.0.1; Nexus 5X Build/MMB29P) AppleWebKit/537.36 (KHTML, like Gecko) Chrome/137.0.7151.103 Mobile Safari/537.36 (compatible; Googlebot/2.1; +http://www.google.com/bot.html)"
198.98.58.59 - - [12/Jul/2025:12:58:47 +0000] "POST /wp-login.php HTTP/1.1" 200 5662 "-" "Mozilla/5.0 (iPhone; CPU iPhone OS 7_1_1 like Mac OS X) AppleWebKit/537.51.2 (KHTML, like Gecko) Version/7.0 Mobile/11D201 Safari/9537.53"
66.249.64.132 - - [12/Jul/2025:12:58:50 +0000] "GET /?e=119571975041000&mod=77ee3bc5&uri=shop.php%3Fid%3D3990483-315%26name%3Dcitizen+eco+drive+gr%C3%83%C2%BCn HTTP/1.1" 200 21281 "-" "Mozilla/5.0 (Linux; Android 6.0.1; Nexus 5X Build/MMB29P) AppleWebKit/537.36 (KHTML, like Gecko) Chrome/137.0.7151.103 Mobile Safari/537.36 (compatible; Googlebot/2.1; +http://www.google.com/bot.html)"
66.249.64.132 - - [12/Jul/2025:12:58:53 +0000] "GET /?e=119460152011000&mod=c255c052&uri=news.php%3Fid%3D3986751-387%26name%3Dexercise+for+skinny+girl+at+home HTTP/1.1" 200 22067 "-" "Mozilla/5.0 (Linux; Android 6.0.1; Nexus 5X Build/MMB29P) AppleWebKit/537.36 (KHTML, like Gecko) Chrome/137.0.7151.103 Mobile Safari/537.36 (compatible; Googlebot/2.1; +http://www.google.com/bot.html)"
66.249.64.132 - - [12/Jul/2025:12:58:56 +0000] "GET /?e=119575545031000&mod=77ee3bc5&uri=info.php%3Fid%3D3990602-315%26name%3Dhamilton+khaki+uhr HTTP/1.1" 200 21729 "-" "Mozilla/5.0 (Linux; Android 6.0.1; Nexus 5X Build/MMB29P) AppleWebKit/537.36 (KHTML, like Gecko) Chrome/137.0.7151.103 Mobile Safari/537.36 (compatible; Googlebot/2.1; +http://www.google.com/bot.html)"
66.249.64.132 - - [12/Jul/2025:12:58:59 +0000] "GET /?e=119569897031000&mod=77ee3bc5&uri=products.php%3Fid%3D3990413-315%26name%3Dportas+uhr+gold HTTP/1.1" 200 22085 "-" "Mozilla/5.0 (Linux; Android 6.0.1; Nexus 5X Build/MMB29P) AppleWebKit/537.36 (KHTML, like Gecko) Chrome/137.0.7151.103 Mobile Safari/537.36 (compatible; Googlebot/2.1; +http://www.google.com/bot.html)"
66.249.64.132 - - [12/Jul/2025:12:59:01 +0000] "POST /get-message-notify HTTP/1.1" 200 21388 "https://cyber-secure.com.au/?e=119460152011000&mod=c255c052&uri=news.php%3Fid%3D3986751-387%26name%3Dexercise+for+skinny+girl+at+home" "Mozilla/5.0 (Linux; Android 6.0.1; Nexus 5X Build/MMB29P) AppleWebKit/537.36 (KHTML, like Gecko) Chrome/137.0.7151.119 Mobile Safari/537.36 (compatible; Googlebot/2.1; +http://www.google.com/bot.html)"
66.249.64.132 - - [12/Jul/2025:12:59:02 +0000] "GET /?e=119571345041000&mod=77ee3bc5&uri=product.php%3Fid%3D3990462-315%26name%3Dsenioren+damenuhr HTTP/1.1" 200 22388 "-" "Mozilla/5.0 (Linux; Android 6.0.1; Nexus 5X Build/MMB29P) AppleWebKit/537.36 (KHTML, like Gecko) Chrome/137.0.7151.103 Mobile Safari/537.36 (compatible; Googlebot/2.1; +http://www.google.com/bot.html)"
66.249.64.132 - - [12/Jul/2025:12:59:07 +0000] "GET /?e=119460332031000&mod=c255c052&uri=product.php%3Fid%3D3986757-387%26name%3Dday+dumbbell+workout+routine HTTP/1.1" 200 21740 "-" "Mozilla/5.0 (compatible; Googlebot/2.1; +http://www.google.com/bot.html)"
66.249.64.132 - - [12/Jul/2025:12:59:07 +0000] "GET /?e=119579929001000&mod=77ee3bc5&uri=brands.php%3Fid%3D3990749-315%26name%3Dnotfalluhr+f%C3%83%C2%BCr+senioren HTTP/1.1" 200 21508 "-" "Mozilla/5.0 (Linux; Android 6.0.1; Nexus 5X Build/MMB29P) AppleWebKit/537.36 (KHTML, like Gecko) Chrome/137.0.7151.103 Mobile Safari/537.36 (compatible; Googlebot/2.1; +http://www.google.com/bot.html)"
66.249.64.132 - - [12/Jul/2025:12:59:10 +0000] "GET /?e=119582659061000&mod=77ee3bc5&uri=us.php%3Fid%3D3990840-315%26name%3Dlilienthal+berlin+uhren HTTP/1.1" 200 21407 "-" "Mozilla/5.0 (Linux; Android 6.0.1; Nexus 5X Build/MMB29P) AppleWebKit/537.36 (KHTML, like Gecko) Chrome/137.0.7151.103 Mobile Safari/537.36 (compatible; Googlebot/2.1; +http://www.google.com/bot.html)"
66.249.64.132 - - [12/Jul/2025:12:59:15 +0000] "GET /?e=119572605021000&mod=77ee3bc5&uri=us.php%3Fid%3D3990504-315%26name%3Darmbanduhr+gruen HTTP/1.1" 200 22270 "-" "Mozilla/5.0 (Linux; Android 6.0.1; Nexus 5X Build/MMB29P) AppleWebKit/537.36 (KHTML, like Gecko) Chrome/137.0.7151.103 Mobile Safari/537.36 (compatible; Googlebot/2.1; +http://www.google.com/bot.html)"
66.249.64.132 - - [12/Jul/2025:12:59:21 +0000] "GET /?e=119578680051000&mod=77ee3bc5&uri=shared.php%3Fid%3D3990707-315%26name%3Dstainless+steel+uhren HTTP/1.1" 200 22116 "-" "Mozilla/5.0 (Linux; Android 6.0.1; Nexus 5X Build/MMB29P) AppleWebKit/537.36 (KHTML, like Gecko) Chrome/137.0.7151.103 Mobile Safari/537.36 (compatible; Googlebot/2.1; +http://www.google.com/bot.html)"
66.249.64.132 - - [12/Jul/2025:12:59:22 +0000] "POST /get-message-notify HTTP/1.1" 200 21380 "https://cyber-secure.com.au/?e=119572605021000&mod=77ee3bc5&uri=us.php%3Fid%3D3990504-315%26name%3Darmbanduhr+gruen" "Mozilla/5.0 (Linux; Android 6.0.1; Nexus 5X Build/MMB29P) AppleWebKit/537.36 (KHTML, like Gecko) Chrome/137.0.7151.119 Mobile Safari/537.36 (compatible; Googlebot/2.1; +http://www.google.com/bot.html)"
209.74.77.214 - - [12/Jul/2025:12:59:24 +0000] "POST /wp-cron.php?doing_wp_cron=1752325164.3418910503387451171875 HTTP/1.1" 200 - "-" "WordPress/6.8.1; https://cyber-secure.com.au"
66.249.64.132 - - [12/Jul/2025:12:59:24 +0000] "GET /?e=116493143021000&mod=c255c052&uri=goods.php%3Fid%3D3887786-387%26name%3Dproform+630ds+treadmill+price HTTP/1.1" 301 - "-" "Mozilla/5.0 (Linux; Android 6.0.1; Nexus 5X Build/MMB29P) AppleWebKit/537.36 (KHTML, like Gecko) Chrome/137.0.7151.103 Mobile Safari/537.36 (compatible; GoogleOther)"
209.74.77.214 - - [12/Jul/2025:12:59:24 +0000] "POST /wp-admin/admin-ajax.php?action=async_litespeed&nonce=3f50islX4Mt0XCkra5AFgiz0hKyDea8n&litespeed_type=imgoptm HTTP/1.1" 200 21 "-" "WordPress/6.8.1; https://cyber-secure.com.au"
