66.249.64.128 - - [12/Jul/2025:18:34:22 +0000] "GET /?e=50455672051000&mod=a35fe7f7&uri=itm.php%3Fid%3D1683797-500%26name%3Dmonth+old+essentials HTTP/1.1" 200 22229 "-" "Mozilla/5.0 (compatible; Googlebot/2.1; +http://www.google.com/bot.html)"
209.74.77.214 - - [12/Jul/2025:18:34:24 +0000] "POST /wp-cron.php?doing_wp_cron=1752345264.9108650684356689453125 HTTP/1.1" 200 - "-" "WordPress/6.8.1; https://cyber-secure.com.au"
209.74.77.214 - - [12/Jul/2025:18:34:24 +0000] "POST /wp-admin/admin-ajax.php?action=async_litespeed&nonce=8Ctr3cFc8ML4VRlWaYbL72JYNE3FUehp&litespeed_type=imgoptm HTTP/1.1" 200 21 "-" "WordPress/6.8.1; https://cyber-secure.com.au"
66.249.64.132 - - [12/Jul/2025:18:34:24 +0000] "GET /?e=116474600081000&mod=9657c1ff&uri=products.php%3Fid%3D3887167-254%26name%3Ddrawing%20of%20motherboard%20with%20label HTTP/1.1" 200 26105 "-" "Mozilla/5.0 (Linux; Android 6.0.1; Nexus 5X Build/MMB29P) AppleWebKit/537.36 (KHTML, like Gecko) Chrome/137.0.7151.103 Mobile Safari/537.36 (compatible; GoogleOther)"
66.249.64.129 - - [12/Jul/2025:18:34:32 +0000] "GET /?e=119763504081000&mod=512c5cad&uri=pin.php%3Fid%3D3996872-141%26name%3Dvestidos+de+tela+lycra HTTP/1.1" 200 21557 "-" "Mozilla/5.0 (compatible; Googlebot/2.1; +http://www.google.com/bot.html)"
66.249.64.128 - - [12/Jul/2025:18:34:34 +0000] "POST /get-message-notify HTTP/1.1" 200 21401 "https://cyber-secure.com.au/?e=50449192021000&mod=a35fe7f7&uri=product.php%3Fid%3D1683581-500%26name%3Dmothercare+baby+essentials" "Mozilla/5.0 AppleWebKit/537.36 (KHTML, like Gecko; compatible; Googlebot/2.1; +http://www.google.com/bot.html) Chrome/137.0.7151.119 Safari/537.36"
66.249.64.132 - - [12/Jul/2025:18:34:41 +0000] "GET /?e=52852488001000&mod=e9fb2eda&uri=dp.php%3Fid%3D1763735-311%26name%3Dbarbie+extra+at+walmart HTTP/1.1" 301 - "-" "Mozilla/5.0 (Linux; Android 6.0.1; Nexus 5X Build/MMB29P) AppleWebKit/537.36 (KHTML, like Gecko) Chrome/137.0.7151.103 Mobile Safari/537.36 (compatible; GoogleOther)"
66.249.64.129 - - [12/Jul/2025:18:34:43 +0000] "GET /?e=50461192011000&mod=a35fe7f7&uri=shared.php%3Fid%3D1683981-500%26name%3Dmust+haves+for+baby+nursery HTTP/1.1" 200 22293 "-" "Mozilla/5.0 (compatible; Googlebot/2.1; +http://www.google.com/bot.html)"
66.249.64.132 - - [12/Jul/2025:18:34:50 +0000] "GET /?e=50447512011000&mod=0f65caf0&uri=brands.php%3Fid%3D1683525-454%26name%3Dvenomized+ghost+rider+release+date HTTP/1.1" 200 22644 "-" "Mozilla/5.0 (compatible; Googlebot/2.1; +http://www.google.com/bot.html)"
66.249.64.129 - - [12/Jul/2025:18:34:53 +0000] "GET /?e=52852488001000&mod=e9fb2eda&uri=dp.php%3Fid%3D1763735-311%26name%3Dbarbie%20extra%20at%20walmart HTTP/1.1" 200 26105 "-" "Mozilla/5.0 (Linux; Android 6.0.1; Nexus 5X Build/MMB29P) AppleWebKit/537.36 (KHTML, like Gecko) Chrome/137.0.7151.103 Mobile Safari/537.36 (compatible; GoogleOther)"
66.249.64.128 - - [12/Jul/2025:18:34:57 +0000] "GET /?e=50450152051000&mod=a35fe7f7&uri=products.php%3Fid%3D1683613-500%26name%3Dbaby+bath+necessities HTTP/1.1" 200 22468 "-" "Mozilla/5.0 (compatible; Googlebot/2.1; +http://www.google.com/bot.html)"
66.249.64.129 - - [12/Jul/2025:18:35:05 +0000] "GET /?e=50459752041000&mod=99902887&uri=dp.php%3Fid%3D1683933-501%26name%3D18+in+dog+years HTTP/1.1" 200 22529 "-" "Mozilla/5.0 (compatible; Googlebot/2.1; +http://www.google.com/bot.html)"
66.249.64.128 - - [12/Jul/2025:18:35:09 +0000] "GET /?e=50457112061000&mod=a35fe7f7&uri=blog.php%3Fid%3D1683845-500%26name%3Dbaby+aveeno+gift+sets HTTP/1.1" 200 21857 "-" "Mozilla/5.0 (compatible; Googlebot/2.1; +http://www.google.com/bot.html)"
66.249.64.132 - - [12/Jul/2025:18:35:19 +0000] "GET /?e=50460232051000&mod=a35fe7f7&uri=dp.php%3Fid%3D1683949-500%26name%3Dbaby+gates+for+glass+banisters HTTP/1.1" 200 21374 "-" "Mozilla/5.0 (compatible; Googlebot/2.1; +http://www.google.com/bot.html)"
66.249.64.129 - - [12/Jul/2025:18:35:23 +0000] "GET /?e=50446552091000&mod=a35fe7f7&uri=shop.php%3Fid%3D1683493-500%26name%3Dessentials+you+need+for+a+newborn HTTP/1.1" 200 21551 "-" "Mozilla/5.0 (compatible; Googlebot/2.1; +http://www.google.com/bot.html)"
66.249.64.129 - - [12/Jul/2025:18:35:28 +0000] "GET /?e=119806942031000&mod=70222949&uri=shop.php%3Fid%3D3998321-129%26name%3Diphone+specs+battery+mah HTTP/1.1" 200 21761 "-" "Mozilla/5.0 (compatible; Googlebot/2.1; +http://www.google.com/bot.html)"
66.249.64.128 - - [12/Jul/2025:18:35:33 +0000] "GET /?e=50318023021000&mod=bdffc797&uri=brands.php%3Fid%3D1679206-1270%26name%3Di+love+you+moschino HTTP/1.1" 200 21998 "-" "Mozilla/5.0 (compatible; Googlebot/2.1; +http://www.google.com/bot.html)"
209.74.77.214 - - [12/Jul/2025:18:35:37 +0000] "POST /wp-cron.php?doing_wp_cron=1752345337.8744359016418457031250 HTTP/1.1" 200 - "-" "WordPress/6.8.1; https://cyber-secure.com.au"
66.249.64.129 - - [12/Jul/2025:18:35:37 +0000] "GET /?e=13573138031000&mod=512c5cad&uri=brands.php%3Fid%3D453165-141%26name%3Dvestido+verde+con+volantes HTTP/1.1" 301 - "-" "Mozilla/5.0 (Linux; Android 6.0.1; Nexus 5X Build/MMB29P) AppleWebKit/537.36 (KHTML, like Gecko) Chrome/137.0.7151.103 Mobile Safari/537.36 (compatible; GoogleOther)"
209.74.77.214 - - [12/Jul/2025:18:35:37 +0000] "POST /wp-admin/admin-ajax.php?action=async_litespeed&nonce=zGlDmulOUi1rPfAlN4a5GXVZkjAEOvhN&litespeed_type=imgoptm HTTP/1.1" 200 21 "-" "WordPress/6.8.1; https://cyber-secure.com.au"
66.249.64.128 - - [12/Jul/2025:18:35:42 +0000] "GET /?e=50305243011000&mod=bdffc797&uri=news.php%3Fid%3D1678780-1270%26name%3Dbikini+moschino+2019 HTTP/1.1" 200 21269 "-" "Mozilla/5.0 (compatible; Googlebot/2.1; +http://www.google.com/bot.html)"
66.249.64.129 - - [12/Jul/2025:18:35:54 +0000] "GET /?e=13573138031000&mod=512c5cad&uri=brands.php%3Fid%3D453165-141%26name%3Dvestido%20verde%20con%20volantes HTTP/1.1" 200 26104 "-" "Mozilla/5.0 (Linux; Android 6.0.1; Nexus 5X Build/MMB29P) AppleWebKit/537.36 (KHTML, like Gecko) Chrome/137.0.7151.103 Mobile Safari/537.36 (compatible; GoogleOther)"
66.249.64.132 - - [12/Jul/2025:18:36:19 +0000] "GET /?e=50452072031000&mod=0f65caf0&uri=form.php%3Fid%3D1683677-454%26name%3Dall+princess+toys HTTP/1.1" 200 22176 "-" "Mozilla/5.0 (compatible; Googlebot/2.1; +http://www.google.com/bot.html)"
66.249.64.132 - - [12/Jul/2025:18:36:22 +0000] "GET /?e=50458312011000&mod=a35fe7f7&uri=dp.php%3Fid%3D1683885-500%26name%3Dmodern+baby+essentials HTTP/1.1" 200 22500 "-" "Mozilla/5.0 (compatible; Googlebot/2.1; +http://www.google.com/bot.html)"
209.74.77.214 - - [12/Jul/2025:18:36:47 +0000] "POST /wp-cron.php?doing_wp_cron=1752345407.7478969097137451171875 HTTP/1.1" 200 - "-" "WordPress/6.8.1; https://cyber-secure.com.au"
66.249.64.128 - - [12/Jul/2025:18:36:47 +0000] "GET /?e=4261407061000&mod=55a988df&uri=brands.php%3Fid%3D142232-253%26name%3Dlego+blackbeard+ship HTTP/1.1" 301 - "-" "Mozilla/5.0 (Linux; Android 6.0.1; Nexus 5X Build/MMB29P) AppleWebKit/537.36 (KHTML, like Gecko) Chrome/137.0.7151.103 Mobile Safari/537.36 (compatible; GoogleOther)"
209.74.77.214 - - [12/Jul/2025:18:36:47 +0000] "POST /wp-admin/admin-ajax.php?action=async_litespeed&nonce=XK5PzB45vJ1JqgPihcv86bcaE0jAEfkq&litespeed_type=imgoptm HTTP/1.1" 200 21 "-" "WordPress/6.8.1; https://cyber-secure.com.au"
66.249.64.129 - - [12/Jul/2025:18:37:02 +0000] "GET /?e=4261407061000&mod=55a988df&uri=brands.php%3Fid%3D142232-253%26name%3Dlego%20blackbeard%20ship HTTP/1.1" 200 26110 "-" "Mozilla/5.0 (Linux; Android 6.0.1; Nexus 5X Build/MMB29P) AppleWebKit/537.36 (KHTML, like Gecko) Chrome/137.0.7151.103 Mobile Safari/537.36 (compatible; GoogleOther)"
209.74.77.214 - - [12/Jul/2025:18:37:28 +0000] "POST /wp-cron.php?doing_wp_cron=1752345448.9202370643615722656250 HTTP/1.1" 200 - "-" "WordPress/6.8.1; https://cyber-secure.com.au"
66.249.64.129 - - [12/Jul/2025:18:37:28 +0000] "GET /?e=84011704001000&mod=018d335e&uri=shared.php%3Fid%3D2803619-1096%26name%3Dboho+beaded+choker HTTP/1.1" 301 - "-" "Mozilla/5.0 (Linux; Android 6.0.1; Nexus 5X Build/MMB29P) AppleWebKit/537.36 (KHTML, like Gecko) Chrome/137.0.7151.103 Mobile Safari/537.36 (compatible; GoogleOther)"
209.74.77.214 - - [12/Jul/2025:18:37:29 +0000] "POST /wp-admin/admin-ajax.php?action=async_litespeed&nonce=M5VsOaPAujTmluxAZo8kgVwhHKqMnakX&litespeed_type=imgoptm HTTP/1.1" 200 21 "-" "WordPress/6.8.1; https://cyber-secure.com.au"
66.249.64.129 - - [12/Jul/2025:18:37:36 +0000] "GET /?e=84011704001000&mod=018d335e&uri=shared.php%3Fid%3D2803619-1096%26name%3Dboho%20beaded%20choker HTTP/1.1" 200 26104 "-" "Mozilla/5.0 (Linux; Android 6.0.1; Nexus 5X Build/MMB29P) AppleWebKit/537.36 (KHTML, like Gecko) Chrome/137.0.7151.103 Mobile Safari/537.36 (compatible; GoogleOther)"
66.249.64.132 - - [12/Jul/2025:18:37:59 +0000] "GET /?e=50435482001000&mod=0f65caf0&uri=product.php%3Fid%3D1683124-454%26name%3Dmeccano+junior+truckin+tractor HTTP/1.1" 200 22061 "-" "Mozilla/5.0 (compatible; Googlebot/2.1; +http://www.google.com/bot.html)"
66.249.64.129 - - [12/Jul/2025:18:38:07 +0000] "GET /?e=50453032001000&mod=a35fe7f7&uri=search.php%3Fid%3D1683709-500%26name%3Dbaby+gates+for+awkward+angles HTTP/1.1" 200 22037 "-" "Mozilla/5.0 (compatible; Googlebot/2.1; +http://www.google.com/bot.html)"
66.249.64.132 - - [12/Jul/2025:18:38:16 +0000] "GET /?e=32932838081000&mod=20bcff97&uri=blog.php%3Fid%3D1099162-1015%26name%3Drolex+datejust+41mm+fluted+bezel HTTP/1.1" 200 21007 "-" "Mozilla/5.0 (compatible; Googlebot/2.1; +http://www.google.com/bot.html)"
66.249.64.132 - - [12/Jul/2025:18:38:21 +0000] "GET /?e=33061859001000&mod=233f1dd0&uri=article.php%3Fid%3D1103474-596%26name%3Dmy+little+pony+rainbow+rocks+games HTTP/1.1" 200 21694 "-" "Mozilla/5.0 (compatible; Googlebot/2.1; +http://www.google.com/bot.html)"
66.249.64.132 - - [12/Jul/2025:18:38:34 +0000] "GET /?e=33059159001000&mod=233f1dd0&uri=brands.php%3Fid%3D1103384-596%26name%3Dseaquestria+castle+playset HTTP/1.1" 200 22256 "-" "Mozilla/5.0 (compatible; Googlebot/2.1; +http://www.google.com/bot.html)"
209.74.77.214 - - [12/Jul/2025:18:38:37 +0000] "POST /wp-cron.php?doing_wp_cron=1752345517.0151159763336181640625 HTTP/1.1" 200 - "-" "WordPress/6.8.1; https://cyber-secure.com.au"
66.249.64.132 - - [12/Jul/2025:18:38:36 +0000] "GET /?e=107686516051000&mod=a01a0380&uri=us.php%3Fid%3D3593857-39%26name%3Dgaming+chair+student+discount HTTP/1.1" 301 - "-" "Mozilla/5.0 (Linux; Android 6.0.1; Nexus 5X Build/MMB29P) AppleWebKit/537.36 (KHTML, like Gecko) Chrome/137.0.7151.103 Mobile Safari/537.36 (compatible; GoogleOther)"
209.74.77.214 - - [12/Jul/2025:18:38:37 +0000] "POST /wp-admin/admin-ajax.php?action=async_litespeed&nonce=apMmIQ5TWTuajGO94K7a3f7UGIAoMfQY&litespeed_type=imgoptm HTTP/1.1" 200 21 "-" "WordPress/6.8.1; https://cyber-secure.com.au"
66.249.64.128 - - [12/Jul/2025:18:38:41 +0000] "GET /?e=107605431011000&mod=0fcee95c&uri=form.php%3Fid%3D3591147-609%26name%3Dadidas+stycon+laceless+tokyo HTTP/1.1" 301 - "-" "Mozilla/5.0 (Linux; Android 6.0.1; Nexus 5X Build/MMB29P) AppleWebKit/537.36 (KHTML, like Gecko) Chrome/137.0.7151.103 Mobile Safari/537.36 (compatible; GoogleOther)"
66.249.64.128 - - [12/Jul/2025:18:38:43 +0000] "GET /?e=33053219021000&mod=233f1dd0&uri=goods.php%3Fid%3D1103186-596%26name%3Dpersonalized+look+alike+dolls HTTP/1.1" 200 22069 "-" "Mozilla/5.0 (compatible; Googlebot/2.1; +http://www.google.com/bot.html)"
66.249.64.129 - - [12/Jul/2025:18:38:57 +0000] "GET /?e=104290885061000&mod=b15974e8&uri=dp.php%3Fid%3D3480508-1638%26name%3Dsara+dresses+reviews HTTP/1.1" 301 - "-" "Mozilla/5.0 (Linux; Android 6.0.1; Nexus 5X Build/MMB29P) AppleWebKit/537.36 (KHTML, like Gecko) Chrome/137.0.7151.103 Mobile Safari/537.36 (compatible; GoogleOther)"
66.249.64.128 - - [12/Jul/2025:18:39:06 +0000] "GET /?e=107686516051000&mod=a01a0380&uri=us.php%3Fid%3D3593857-39%26name%3Dgaming%20chair%20student%20discount HTTP/1.1" 200 26109 "-" "Mozilla/5.0 (Linux; Android 6.0.1; Nexus 5X Build/MMB29P) AppleWebKit/537.36 (KHTML, like Gecko) Chrome/137.0.7151.103 Mobile Safari/537.36 (compatible; GoogleOther)"
209.74.77.214 - - [12/Jul/2025:18:39:26 +0000] "POST /wp-cron.php?doing_wp_cron=1752345566.7405788898468017578125 HTTP/1.1" 200 - "-" "WordPress/6.8.1; https://cyber-secure.com.au"
209.74.77.214 - - [12/Jul/2025:18:39:26 +0000] "POST /wp-admin/admin-ajax.php?action=async_litespeed&nonce=OWbleLbOupm34Pv0pH23oondkEIRPaTT&litespeed_type=imgoptm HTTP/1.1" 200 21 "-" "WordPress/6.8.1; https://cyber-secure.com.au"
66.249.64.132 - - [12/Jul/2025:18:39:26 +0000] "GET /?e=104290885061000&mod=b15974e8&uri=dp.php%3Fid%3D3480508-1638%26name%3Dsara%20dresses%20reviews HTTP/1.1" 200 26106 "-" "Mozilla/5.0 (Linux; Android 6.0.1; Nexus 5X Build/MMB29P) AppleWebKit/537.36 (KHTML, like Gecko) Chrome/137.0.7151.103 Mobile Safari/537.36 (compatible; GoogleOther)"
66.249.64.132 - - [12/Jul/2025:18:39:32 +0000] "GET /?e=104181945041000&mod=7183145a&uri=article.php%3Fid%3D3476874-1127%26name%3Dunicorn+coat+next HTTP/1.1" 200 20383 "-" "Mozilla/5.0 (compatible; Googlebot/2.1; +http://www.google.com/bot.html)"
66.249.64.129 - - [12/Jul/2025:18:39:40 +0000] "GET /?e=104178345041000&mod=4b5739d4&uri=itm.php%3Fid%3D3476754-1508%26name%3Dbota+militar+antelina HTTP/1.1" 200 21004 "-" "Mozilla/5.0 (compatible; Googlebot/2.1; +http://www.google.com/bot.html)"
66.249.64.129 - - [12/Jul/2025:18:39:51 +0000] "GET /?e=52423136131000&mod=f9c1b5bf&uri=pin.php%3Fid%3D1749416-1299%26name%3Dparfem+24+faubourg HTTP/1.1" 301 - "-" "Mozilla/5.0 (Linux; Android 6.0.1; Nexus 5X Build/MMB29P) AppleWebKit/537.36 (KHTML, like Gecko) Chrome/137.0.7151.103 Mobile Safari/537.36 (compatible; GoogleOther)"
66.249.64.129 - - [12/Jul/2025:18:39:53 +0000] "GET /?e=104173551091000&mod=69386f6b&uri=blog.php%3Fid%3D3476594-331%26name%3Dmichael+kors+flora+platform HTTP/1.1" 200 21129 "-" "Mozilla/5.0 (compatible; Googlebot/2.1; +http://www.google.com/bot.html)"
66.249.64.128 - - [12/Jul/2025:18:40:01 +0000] "GET /?e=33062669031000&mod=233f1dd0&uri=form.php%3Fid%3D1103501-596%26name%3Dour+generation+movie+theater+playset HTTP/1.1" 200 22047 "-" "Mozilla/5.0 (compatible; Googlebot/2.1; +http://www.google.com/bot.html)"
66.249.64.132 - - [12/Jul/2025:18:40:04 +0000] "GET /?e=52423136131000&mod=f9c1b5bf&uri=pin.php%3Fid%3D1749416-1299%26name%3Dparfem%2024%20faubourg HTTP/1.1" 200 26113 "-" "Mozilla/5.0 (Linux; Android 6.0.1; Nexus 5X Build/MMB29P) AppleWebKit/537.36 (KHTML, like Gecko) Chrome/137.0.7151.103 Mobile Safari/537.36 (compatible; GoogleOther)"
66.249.64.129 - - [12/Jul/2025:18:40:12 +0000] "GET /?e=104175345091000&mod=69386f6b&uri=pin.php%3Fid%3D3476654-331%26name%3Dbarefoot+merrell+vapor+glove HTTP/1.1" 200 21341 "-" "Mozilla/5.0 (compatible; Googlebot/2.1; +http://www.google.com/bot.html)"
66.249.64.129 - - [12/Jul/2025:18:40:20 +0000] "GET /?e=33066719021000&mod=233f1dd0&uri=category-info.php%3Fid%3D1103636-596%26name%3Dbarbie+cartoon+in+english+full+movie HTTP/1.1" 200 21384 "-" "Mozilla/5.0 (compatible; Googlebot/2.1; +http://www.google.com/bot.html)"
209.74.77.214 - - [12/Jul/2025:18:40:36 +0000] "POST /wp-cron.php?doing_wp_cron=1752345636.2328341007232666015625 HTTP/1.1" 200 - "-" "WordPress/6.8.1; https://cyber-secure.com.au"
66.249.64.129 - - [12/Jul/2025:18:40:36 +0000] "GET /?e=100073374031000&mod=a01a0380&uri=article.php%3Fid%3D3339702-39%26name%3Dlight+tan+leather+dining+chairs HTTP/1.1" 301 - "-" "Mozilla/5.0 (Linux; Android 6.0.1; Nexus 5X Build/MMB29P) AppleWebKit/537.36 (KHTML, like Gecko) Chrome/137.0.7151.103 Mobile Safari/537.36 (compatible; GoogleOther)"
209.74.77.214 - - [12/Jul/2025:18:40:36 +0000] "POST /wp-admin/admin-ajax.php?action=async_litespeed&nonce=CKMjdBV6vNuTP2En2Fv5qNnRh9jvkVPx&litespeed_type=imgoptm HTTP/1.1" 200 21 "-" "WordPress/6.8.1; https://cyber-secure.com.au"
66.249.64.128 - - [12/Jul/2025:18:40:42 +0000] "GET /?e=5864170141000&mod=c6f798b8&uri=dp.php%3Fid%3D195828-341%26name%3Ddecoupage+platos+cristal HTTP/1.1" 301 - "-" "Mozilla/5.0 (Linux; Android 6.0.1; Nexus 5X Build/MMB29P) AppleWebKit/537.36 (KHTML, like Gecko) Chrome/137.0.7151.103 Mobile Safari/537.36 (compatible; GoogleOther)"
66.249.64.129 - - [12/Jul/2025:18:40:53 +0000] "GET /?e=100073374031000&mod=a01a0380&uri=article.php%3Fid%3D3339702-39%26name%3Dlight%20tan%20leather%20dining%20chairs HTTP/1.1" 200 26109 "-" "Mozilla/5.0 (Linux; Android 6.0.1; Nexus 5X Build/MMB29P) AppleWebKit/537.36 (KHTML, like Gecko) Chrome/137.0.7151.103 Mobile Safari/537.36 (compatible; GoogleOther)"
66.249.64.128 - - [12/Jul/2025:18:41:05 +0000] "GET /?e=33064559021000&mod=233f1dd0&uri=us.php%3Fid%3D1103564-596%26name%3Dragdoll+kijiji HTTP/1.1" 200 21777 "-" "Mozilla/5.0 (compatible; Googlebot/2.1; +http://www.google.com/bot.html)"
209.74.77.214 - - [12/Jul/2025:18:41:08 +0000] "POST /wp-cron.php?doing_wp_cron=1752345668.5707321166992187500000 HTTP/1.1" 200 - "-" "WordPress/6.8.1; https://cyber-secure.com.au"
66.249.64.128 - - [12/Jul/2025:18:41:08 +0000] "GET /?e=5864170141000&mod=c6f798b8&uri=dp.php%3Fid%3D195828-341%26name%3Ddecoupage%20platos%20cristal HTTP/1.1" 200 26110 "-" "Mozilla/5.0 (Linux; Android 6.0.1; Nexus 5X Build/MMB29P) AppleWebKit/537.36 (KHTML, like Gecko) Chrome/137.0.7151.103 Mobile Safari/537.36 (compatible; GoogleOther)"
66.249.64.128 - - [12/Jul/2025:18:41:16 +0000] "GET /?e=33063749051000&mod=233f1dd0&uri=article.php%3Fid%3D1103537-596%26name%3Dmy+little+pony+equestria+girls+starlight HTTP/1.1" 200 22066 "-" "Mozilla/5.0 (compatible; Googlebot/2.1; +http://www.google.com/bot.html)"
66.249.64.132 - - [12/Jul/2025:18:41:20 +0000] "GET /?e=33060509031000&mod=233f1dd0&uri=shared.php%3Fid%3D1103429-596%26name%3Dlol+surprise+pencil+case HTTP/1.1" 200 22184 "-" "Mozilla/5.0 (compatible; Googlebot/2.1; +http://www.google.com/bot.html)"
209.74.77.214 - - [12/Jul/2025:18:41:26 +0000] "POST /wp-cron.php?doing_wp_cron=1752345686.2201120853424072265625 HTTP/1.1" 200 - "-" "WordPress/6.8.1; https://cyber-secure.com.au"
66.249.64.129 - - [12/Jul/2025:18:41:26 +0000] "GET /?e=4228082061000&mod=9de6d14f&uri=shop.php%3Fid%3D141120-35%26name%3D1135g7+mx350 HTTP/1.1" 301 - "-" "Mozilla/5.0 (Linux; Android 6.0.1; Nexus 5X Build/MMB29P) AppleWebKit/537.36 (KHTML, like Gecko) Chrome/137.0.7151.103 Mobile Safari/537.36 (compatible; GoogleOther)"
209.74.77.214 - - [12/Jul/2025:18:41:26 +0000] "POST /wp-admin/admin-ajax.php?action=async_litespeed&nonce=shxoaWNAgOlWoEkee1TPKqNIU5X9XsDL&litespeed_type=imgoptm HTTP/1.1" 200 21 "-" "WordPress/6.8.1; https://cyber-secure.com.au"
66.249.64.129 - - [12/Jul/2025:18:41:28 +0000] "GET /?e=32892431011000&mod=d01eeca8&uri=goods.php%3Fid%3D1097815-407%26name%3Dreal+supreme+hoodie+tag HTTP/1.1" 200 20813 "-" "Mozilla/5.0 (compatible; Googlebot/2.1; +http://www.google.com/bot.html)"
66.249.64.129 - - [12/Jul/2025:18:41:43 +0000] "GET /?e=33053759001000&mod=233f1dd0&uri=products.php%3Fid%3D1103204-596%26name%3Dhug+time+branch HTTP/1.1" 200 22053 "-" "Mozilla/5.0 (compatible; Googlebot/2.1; +http://www.google.com/bot.html)"
66.249.64.132 - - [12/Jul/2025:18:41:46 +0000] "GET /?e=4228082061000&mod=9de6d14f&uri=shop.php%3Fid%3D141120-35%26name%3D1135g7%20mx350 HTTP/1.1" 200 26108 "-" "Mozilla/5.0 (Linux; Android 6.0.1; Nexus 5X Build/MMB29P) AppleWebKit/537.36 (KHTML, like Gecko) Chrome/137.0.7151.103 Mobile Safari/537.36 (compatible; GoogleOther)"
66.249.64.129 - - [12/Jul/2025:18:41:49 +0000] "GET /?e=51234771041000&mod=d01eeca8&uri=goods.php%3Fid%3D1709778-407%26name%3Ddsquared+multi+tape+sweatshirt HTTP/1.1" 200 21886 "-" "Mozilla/5.0 (compatible; Googlebot/2.1; +http://www.google.com/bot.html)"
66.249.64.132 - - [12/Jul/2025:18:41:52 +0000] "GET /?e=33048901031000&mod=233f1dd0&uri=form.php%3Fid%3D1103042-596%26name%3Dbaby%27s+first+brand+doll HTTP/1.1" 200 22542 "-" "Mozilla/5.0 (compatible; Googlebot/2.1; +http://www.google.com/bot.html)"
66.249.64.129 - - [12/Jul/2025:18:41:54 +0000] "GET /?e=33051329141000&mod=233f1dd0&uri=goods.php%3Fid%3D1103123-596%26name%3Dsunny+bunnies+doll HTTP/1.1" 200 21741 "-" "Mozilla/5.0 (compatible; Googlebot/2.1; +http://www.google.com/bot.html)"
66.249.64.128 - - [12/Jul/2025:18:41:58 +0000] "GET /?e=33049171011000&mod=233f1dd0&uri=goods.php%3Fid%3D1103051-596%26name%3Daladdin+dolls+live+action HTTP/1.1" 200 22093 "-" "Mozilla/5.0 (compatible; Googlebot/2.1; +http://www.google.com/bot.html)"
66.249.64.132 - - [12/Jul/2025:18:42:07 +0000] "GET /?e=32924558071000&mod=4f3d7d38&uri=shared.php%3Fid%3D1098886-537%26name%3Dbuy+smock+dress HTTP/1.1" 200 21393 "-" "Mozilla/5.0 (compatible; Googlebot/2.1; +http://www.google.com/bot.html)"
66.249.64.128 - - [12/Jul/2025:18:42:12 +0000] "GET /?e=33051869021000&mod=233f1dd0&uri=shared.php%3Fid%3D1103141-596%26name%3Dpinkie+pie+playset HTTP/1.1" 200 22421 "-" "Mozilla/5.0 (compatible; Googlebot/2.1; +http://www.google.com/bot.html)"
66.249.64.132 - - [12/Jul/2025:18:42:18 +0000] "GET /?e=33061319021000&mod=233f1dd0&uri=product.php%3Fid%3D1103456-596%26name%3Dmoxie+girlz+monet HTTP/1.1" 200 21831 "-" "Mozilla/5.0 (compatible; Googlebot/2.1; +http://www.google.com/bot.html)"
209.74.77.214 - - [12/Jul/2025:18:42:23 +0000] "POST /wp-cron.php?doing_wp_cron=1752345743.8505959510803222656250 HTTP/1.1" 200 - "-" "WordPress/6.8.1; https://cyber-secure.com.au"
66.249.64.129 - - [12/Jul/2025:18:42:23 +0000] "GET /?e=35677158071000&mod=1a16abf2&uri=info.php%3Fid%3D1190766-1090%26name%3Dsurvetement+adidas+velours+femme HTTP/1.1" 301 - "-" "Mozilla/5.0 (Linux; Android 6.0.1; Nexus 5X Build/MMB29P) AppleWebKit/537.36 (KHTML, like Gecko) Chrome/137.0.7151.103 Mobile Safari/537.36 (compatible; GoogleOther)"
209.74.77.214 - - [12/Jul/2025:18:42:23 +0000] "POST /wp-admin/admin-ajax.php?action=async_litespeed&nonce=Q0lGNPOfgMt3Qo70hp1NmCBDPv51VShi&litespeed_type=imgoptm HTTP/1.1" 200 21 "-" "WordPress/6.8.1; https://cyber-secure.com.au"
66.249.64.129 - - [12/Jul/2025:18:42:36 +0000] "GET /?e=33058349051000&mod=233f1dd0&uri=us.php%3Fid%3D1103357-596%26name%3Dannalee+dolls+easter HTTP/1.1" 200 21871 "-" "Mozilla/5.0 (compatible; Googlebot/2.1; +http://www.google.com/bot.html)"
66.249.64.128 - - [12/Jul/2025:18:42:39 +0000] "GET /?e=35677158071000&mod=1a16abf2&uri=info.php%3Fid%3D1190766-1090%26name%3Dsurvetement%20adidas%20velours%20femme HTTP/1.1" 200 26106 "-" "Mozilla/5.0 (Linux; Android 6.0.1; Nexus 5X Build/MMB29P) AppleWebKit/537.36 (KHTML, like Gecko) Chrome/137.0.7151.103 Mobile Safari/537.36 (compatible; GoogleOther)"
66.249.64.128 - - [12/Jul/2025:18:42:42 +0000] "GET /?e=34584319041000&mod=d01eeca8&uri=search.php%3Fid%3D1154308-407%26name%3Dlevis+hood HTTP/1.1" 200 21743 "-" "Mozilla/5.0 (compatible; Googlebot/2.1; +http://www.google.com/bot.html)"
66.249.64.129 - - [12/Jul/2025:18:42:44 +0000] "GET /?e=33063209051000&mod=233f1dd0&uri=itm.php%3Fid%3D1103519-596%26name%3Dbratz+friends+are+everything HTTP/1.1" 200 22165 "-" "Mozilla/5.0 (compatible; Googlebot/2.1; +http://www.google.com/bot.html)"
66.249.64.132 - - [12/Jul/2025:18:42:48 +0000] "GET /?e=34573189081000&mod=d01eeca8&uri=dp.php%3Fid%3D1153937-407%26name%3Dhoodie+with+long+neck HTTP/1.1" 200 22074 "-" "Mozilla/5.0 (compatible; Googlebot/2.1; +http://www.google.com/bot.html)"
66.249.64.132 - - [12/Jul/2025:18:42:56 +0000] "GET /?e=33065369051000&mod=233f1dd0&uri=goods.php%3Fid%3D1103591-596%26name%3Dhawaiian+troll+doll HTTP/1.1" 200 21769 "-" "Mozilla/5.0 (compatible; Googlebot/2.1; +http://www.google.com/bot.html)"
66.249.64.128 - - [12/Jul/2025:18:43:02 +0000] "GET /?e=33055919021000&mod=233f1dd0&uri=search.php%3Fid%3D1103276-596%26name%3Dlol+surprise+toys+center HTTP/1.1" 200 22012 "-" "Mozilla/5.0 (compatible; Googlebot/2.1; +http://www.google.com/bot.html)"
66.249.64.129 - - [12/Jul/2025:18:43:10 +0000] "GET /?e=33060239061000&mod=233f1dd0&uri=goods.php%3Fid%3D1103420-596%26name%3Dgrinch+nesting+dolls HTTP/1.1" 200 21491 "-" "Mozilla/5.0 (compatible; Googlebot/2.1; +http://www.google.com/bot.html)"
66.249.64.132 - - [12/Jul/2025:18:43:16 +0000] "GET /?e=33048361001000&mod=233f1dd0&uri=shared.php%3Fid%3D1103024-596%26name%3Dbaby+annabell+play+gym HTTP/1.1" 200 21950 "-" "Mozilla/5.0 (compatible; Googlebot/2.1; +http://www.google.com/bot.html)"
209.74.77.214 - - [12/Jul/2025:18:43:57 +0000] "POST /wp-cron.php?doing_wp_cron=1752345837.8908619880676269531250 HTTP/1.1" 200 - "-" "WordPress/6.8.1; https://cyber-secure.com.au"
66.249.64.129 - - [12/Jul/2025:18:43:57 +0000] "GET /?e=119854826081000&mod=62da5a6d&uri=shared.php%3Fid%3D3999918-648%26name%3Dgucci+borse+piccole+tracolla HTTP/1.1" 301 - "-" "Mozilla/5.0 (Linux; Android 6.0.1; Nexus 5X Build/MMB29P) AppleWebKit/537.36 (KHTML, like Gecko) Chrome/137.0.7151.103 Mobile Safari/537.36 (compatible; GoogleOther)"
209.74.77.214 - - [12/Jul/2025:18:43:57 +0000] "POST /wp-admin/admin-ajax.php?action=async_litespeed&nonce=CIqPRWmvRDKt2MmkprpZ1x6vjECQ3alM&litespeed_type=imgoptm HTTP/1.1" 200 21 "-" "WordPress/6.8.1; https://cyber-secure.com.au"
66.249.64.128 - - [12/Jul/2025:18:44:01 +0000] "GET /?e=72250862011000&mod=ec8ce6ab&uri=brands.php%3Fid%3D2411091-22%26name%3Drolex+submariner+gold+neu HTTP/1.1" 301 - "-" "Mozilla/5.0 (Linux; Android 6.0.1; Nexus 5X Build/MMB29P) AppleWebKit/537.36 (KHTML, like Gecko) Chrome/137.0.7151.103 Mobile Safari/537.36 (compatible; GoogleOther)"
66.249.64.128 - - [12/Jul/2025:18:44:05 +0000] "GET /?e=119854826081000&mod=62da5a6d&uri=shared.php%3Fid%3D3999918-648%26name%3Dgucci%20borse%20piccole%20tracolla HTTP/1.1" 200 26112 "-" "Mozilla/5.0 (Linux; Android 6.0.1; Nexus 5X Build/MMB29P) AppleWebKit/537.36 (KHTML, like Gecko) Chrome/137.0.7151.103 Mobile Safari/537.36 (compatible; GoogleOther)"
209.74.77.214 - - [12/Jul/2025:18:44:25 +0000] "POST /wp-cron.php?doing_wp_cron=1752345865.0387599468231201171875 HTTP/1.1" 200 - "-" "WordPress/6.8.1; https://cyber-secure.com.au"
66.249.64.129 - - [12/Jul/2025:18:44:24 +0000] "GET /?e=22665318011000&mod=c3f4db3a&uri=article.php%3Fid%3D756537-824%26name%3Dbonavita+1900td HTTP/1.1" 301 - "-" "Mozilla/5.0 (Linux; Android 6.0.1; Nexus 5X Build/MMB29P) AppleWebKit/537.36 (KHTML, like Gecko) Chrome/137.0.7151.103 Mobile Safari/537.36 (compatible; GoogleOther)"
209.74.77.214 - - [12/Jul/2025:18:44:25 +0000] "POST /wp-admin/admin-ajax.php?action=async_litespeed&nonce=PRBuzdz6Nd9rkT0KijvZueizBEwfWbyj&litespeed_type=imgoptm HTTP/1.1" 200 21 "-" "WordPress/6.8.1; https://cyber-secure.com.au"
66.249.64.132 - - [12/Jul/2025:18:44:46 +0000] "GET /?e=72250862011000&mod=ec8ce6ab&uri=brands.php%3Fid%3D2411091-22%26name%3Drolex%20submariner%20gold%20neu HTTP/1.1" 200 26102 "-" "Mozilla/5.0 (Linux; Android 6.0.1; Nexus 5X Build/MMB29P) AppleWebKit/537.36 (KHTML, like Gecko) Chrome/137.0.7151.103 Mobile Safari/537.36 (compatible; GoogleOther)"
66.249.64.128 - - [12/Jul/2025:18:44:52 +0000] "GET /?e=33058619041000&mod=233f1dd0&uri=dp.php%3Fid%3D1103366-596%26name%3Dblack+baby+dolla HTTP/1.1" 200 22194 "-" "Mozilla/5.0 (compatible; Googlebot/2.1; +http://www.google.com/bot.html)"
66.249.64.129 - - [12/Jul/2025:18:45:12 +0000] "GET /?e=33064829051000&mod=233f1dd0&uri=products.php%3Fid%3D1103573-596%26name%3Dminute+crafts+girly+barbie+doll HTTP/1.1" 200 22385 "-" "Mozilla/5.0 (compatible; Googlebot/2.1; +http://www.google.com/bot.html)"
209.74.77.214 - - [12/Jul/2025:18:45:16 +0000] "POST /wp-cron.php?doing_wp_cron=1752345916.2220339775085449218750 HTTP/1.1" 200 - "-" "WordPress/6.8.1; https://cyber-secure.com.au"
66.249.64.132 - - [12/Jul/2025:18:45:16 +0000] "GET /?e=51411039021000&mod=18d80423&uri=article.php%3Fid%3D1715659-40%26name%3Dcarburetor+on+push+mower HTTP/1.1" 301 - "-" "Mozilla/5.0 (Linux; Android 6.0.1; Nexus 5X Build/MMB29P) AppleWebKit/537.36 (KHTML, like Gecko) Chrome/137.0.7151.103 Mobile Safari/537.36 (compatible; GoogleOther)"
209.74.77.214 - - [12/Jul/2025:18:45:16 +0000] "POST /wp-admin/admin-ajax.php?action=async_litespeed&nonce=P7Rw6b8eXgJcjuzre7qBf1JvZ9mtIf7h&litespeed_type=imgoptm HTTP/1.1" 200 21 "-" "WordPress/6.8.1; https://cyber-secure.com.au"
66.249.64.129 - - [12/Jul/2025:18:45:18 +0000] "GET /?e=56390527001000&mod=d01eeca8&uri=category-info.php%3Fid%3D1881779-407%26name%3Dmens+designer+black+hoodie HTTP/1.1" 200 22423 "-" "Mozilla/5.0 (compatible; Googlebot/2.1; +http://www.google.com/bot.html)"
66.249.64.129 - - [12/Jul/2025:18:45:23 +0000] "GET /?e=22665318011000&mod=c3f4db3a&uri=article.php%3Fid%3D756537-824%26name%3Dbonavita%201900td HTTP/1.1" 200 26109 "-" "Mozilla/5.0 (Linux; Android 6.0.1; Nexus 5X Build/MMB29P) AppleWebKit/537.36 (KHTML, like Gecko) Chrome/137.0.7151.103 Mobile Safari/537.36 (compatible; GoogleOther)"
66.249.64.132 - - [12/Jul/2025:18:45:35 +0000] "GET /?e=33065909051000&mod=233f1dd0&uri=info.php%3Fid%3D1103609-596%26name%3Damerican+doll+emma HTTP/1.1" 200 22101 "-" "Mozilla/5.0 (compatible; Googlebot/2.1; +http://www.google.com/bot.html)"
66.249.64.128 - - [12/Jul/2025:18:46:03 +0000] "GET /?e=99524589071000&mod=ee3bf295&uri=article.php%3Fid%3D3321389-1514%26name%3Duppababy+vista+in HTTP/1.1" 301 - "-" "Mozilla/5.0 (Linux; Android 6.0.1; Nexus 5X Build/MMB29P) AppleWebKit/537.36 (KHTML, like Gecko) Chrome/137.0.7151.103 Mobile Safari/537.36 (compatible; GoogleOther)"
209.74.77.214 - - [12/Jul/2025:18:46:17 +0000] "POST /wp-cron.php?doing_wp_cron=1752345977.7138009071350097656250 HTTP/1.1" 200 - "-" "WordPress/6.8.1; https://cyber-secure.com.au"
209.74.77.214 - - [12/Jul/2025:18:46:17 +0000] "POST /wp-admin/admin-ajax.php?action=async_litespeed&nonce=qOqUk4BDWAVf4gxTm5FnjKXzQx9GSTBF&litespeed_type=imgoptm HTTP/1.1" 200 21 "-" "WordPress/6.8.1; https://cyber-secure.com.au"
66.249.64.129 - - [12/Jul/2025:18:46:17 +0000] "GET /?e=51411039021000&mod=18d80423&uri=article.php%3Fid%3D1715659-40%26name%3Dcarburetor%20on%20push%20mower HTTP/1.1" 200 26112 "-" "Mozilla/5.0 (Linux; Android 6.0.1; Nexus 5X Build/MMB29P) AppleWebKit/537.36 (KHTML, like Gecko) Chrome/137.0.7151.103 Mobile Safari/537.36 (compatible; GoogleOther)"
66.249.64.132 - - [12/Jul/2025:18:46:40 +0000] "GET /?e=72389513011000&mod=11d8ffa1&uri=article.php%3Fid%3D2415720-1433%26name%3Dsperry+fathom+mens HTTP/1.1" 301 - "-" "Mozilla/5.0 (Linux; Android 6.0.1; Nexus 5X Build/MMB29P) AppleWebKit/537.36 (KHTML, like Gecko) Chrome/137.0.7151.103 Mobile Safari/537.36 (compatible; GoogleOther)"
66.249.64.128 - - [12/Jul/2025:18:46:49 +0000] "GET /?e=99524589071000&mod=ee3bf295&uri=article.php%3Fid%3D3321389-1514%26name%3Duppababy%20vista%20in HTTP/1.1" 200 26109 "-" "Mozilla/5.0 (Linux; Android 6.0.1; Nexus 5X Build/MMB29P) AppleWebKit/537.36 (KHTML, like Gecko) Chrome/137.0.7151.103 Mobile Safari/537.36 (compatible; GoogleOther)"
66.249.64.129 - - [12/Jul/2025:18:47:04 +0000] "GET /?e=19647421061000&mod=b7c13b0a&uri=article.php%3Fid%3D655858-751%26name%3Dmaleta+convertible HTTP/1.1" 301 - "-" "Mozilla/5.0 (Linux; Android 6.0.1; Nexus 5X Build/MMB29P) AppleWebKit/537.36 (KHTML, like Gecko) Chrome/137.0.7151.103 Mobile Safari/537.36 (compatible; GoogleOther)"
209.74.77.214 - - [12/Jul/2025:18:47:16 +0000] "POST /wp-cron.php?doing_wp_cron=1752346036.3852009773254394531250 HTTP/1.1" 200 - "-" "WordPress/6.8.1; https://cyber-secure.com.au"
66.249.64.129 - - [12/Jul/2025:18:47:16 +0000] "GET /?e=100074484031000&mod=a01a0380&uri=goods.php%3Fid%3D3339739-39%26name%3Dpepperfry+dining+table+seater+glass+top HTTP/1.1" 301 - "-" "Mozilla/5.0 (Linux; Android 6.0.1; Nexus 5X Build/MMB29P) AppleWebKit/537.36 (KHTML, like Gecko) Chrome/137.0.7151.103 Mobile Safari/537.36 (compatible; GoogleOther)"
209.74.77.214 - - [12/Jul/2025:18:47:16 +0000] "POST /wp-admin/admin-ajax.php?action=async_litespeed&nonce=pBLtJdSB6675vAoMLggY0Hk8cYODBZti&litespeed_type=imgoptm HTTP/1.1" 200 21 "-" "WordPress/6.8.1; https://cyber-secure.com.au"
66.249.64.128 - - [12/Jul/2025:18:47:27 +0000] "GET /?e=72389513011000&mod=11d8ffa1&uri=article.php%3Fid%3D2415720-1433%26name%3Dsperry%20fathom%20mens HTTP/1.1" 200 26107 "-" "Mozilla/5.0 (Linux; Android 6.0.1; Nexus 5X Build/MMB29P) AppleWebKit/537.36 (KHTML, like Gecko) Chrome/137.0.7151.103 Mobile Safari/537.36 (compatible; GoogleOther)"
66.249.64.132 - - [12/Jul/2025:18:47:45 +0000] "GET /?e=33048631091000&mod=233f1dd0&uri=news.php%3Fid%3D1103033-596%26name%3Dvintage+bunny+doll HTTP/1.1" 200 21512 "-" "Mozilla/5.0 (compatible; Googlebot/2.1; +http://www.google.com/bot.html)"
66.249.64.128 - - [12/Jul/2025:18:47:53 +0000] "GET /?e=33064019021000&mod=233f1dd0&uri=pin.php%3Fid%3D1103546-596%26name%3Dtaylor+swift+singing+doll HTTP/1.1" 200 21287 "-" "Mozilla/5.0 (compatible; Googlebot/2.1; +http://www.google.com/bot.html)"
66.249.64.132 - - [12/Jul/2025:18:47:56 +0000] "GET /?e=19647421061000&mod=b7c13b0a&uri=article.php%3Fid%3D655858-751%26name%3Dmaleta%20convertible HTTP/1.1" 200 26109 "-" "Mozilla/5.0 (Linux; Android 6.0.1; Nexus 5X Build/MMB29P) AppleWebKit/537.36 (KHTML, like Gecko) Chrome/137.0.7151.103 Mobile Safari/537.36 (compatible; GoogleOther)"
66.249.64.128 - - [12/Jul/2025:18:48:06 +0000] "GET /?e=104177445041000&mod=a6ce9144&uri=goods.php%3Fid%3D3476724-678%26name%3Deneloop+storage+case HTTP/1.1" 200 21387 "-" "Mozilla/5.0 (compatible; Googlebot/2.1; +http://www.google.com/bot.html)"
66.249.64.128 - - [12/Jul/2025:18:48:08 +0000] "GET /?e=33055649051000&mod=233f1dd0&uri=products.php%3Fid%3D1103267-596%26name%3Dcath+kidston+doll HTTP/1.1" 200 22128 "-" "Mozilla/5.0 (compatible; Googlebot/2.1; +http://www.google.com/bot.html)"
66.249.64.132 - - [12/Jul/2025:18:48:13 +0000] "GET /?e=33050519021000&mod=233f1dd0&uri=dp.php%3Fid%3D1103096-596%26name%3Dbarbie+slime+bath HTTP/1.1" 200 21857 "-" "Mozilla/5.0 (compatible; Googlebot/2.1; +http://www.google.com/bot.html)"
209.74.77.214 - - [12/Jul/2025:18:48:30 +0000] "POST /wp-cron.php?doing_wp_cron=1752346110.8846778869628906250000 HTTP/1.1" 200 - "-" "WordPress/6.8.1; https://cyber-secure.com.au"
66.249.64.132 - - [12/Jul/2025:18:48:30 +0000] "GET /?e=22574774031000&mod=7c0e0e8d&uri=info.php%3Fid%3D753513-822%26name%3Dhyperdunk+2011+white HTTP/1.1" 301 - "-" "Mozilla/5.0 (Linux; Android 6.0.1; Nexus 5X Build/MMB29P) AppleWebKit/537.36 (KHTML, like Gecko) Chrome/137.0.7151.103 Mobile Safari/537.36 (compatible; GoogleOther)"
209.74.77.214 - - [12/Jul/2025:18:48:30 +0000] "POST /wp-admin/admin-ajax.php?action=async_litespeed&nonce=ECMoDlQrmY2efzKxiJNdkGYow7FF8wVU&litespeed_type=imgoptm HTTP/1.1" 200 21 "-" "WordPress/6.8.1; https://cyber-secure.com.au"
66.249.64.132 - - [12/Jul/2025:18:48:50 +0000] "GET /?e=100074484031000&mod=a01a0380&uri=goods.php%3Fid%3D3339739-39%26name%3Dpepperfry%20dining%20table%20seater%20glass%20top HTTP/1.1" 200 26104 "-" "Mozilla/5.0 (Linux; Android 6.0.1; Nexus 5X Build/MMB29P) AppleWebKit/537.36 (KHTML, like Gecko) Chrome/137.0.7151.103 Mobile Safari/537.36 (compatible; GoogleOther)"
66.249.64.128 - - [12/Jul/2025:18:48:55 +0000] "GET /?e=52850448021000&mod=e9fb2eda&uri=article.php%3Fid%3D1763667-311%26name%3Dbarbie+gmw07 HTTP/1.1" 301 - "-" "Mozilla/5.0 (Linux; Android 6.0.1; Nexus 5X Build/MMB29P) AppleWebKit/537.36 (KHTML, like Gecko) Chrome/137.0.7151.103 Mobile Safari/537.36 (compatible; GoogleOther)"
209.74.77.214 - - [12/Jul/2025:18:49:07 +0000] "POST /wp-cron.php?doing_wp_cron=1752346147.5162129402160644531250 HTTP/1.1" 200 - "-" "WordPress/6.8.1; https://cyber-secure.com.au"
66.249.64.129 - - [12/Jul/2025:18:49:07 +0000] "GET /?e=113065024021000&mod=1dacb10f&uri=article.php%3Fid%3D3773390-580%26name%3Dstylish+mens+snow+boots HTTP/1.1" 301 - "-" "Mozilla/5.0 (Linux; Android 6.0.1; Nexus 5X Build/MMB29P) AppleWebKit/537.36 (KHTML, like Gecko) Chrome/137.0.7151.103 Mobile Safari/537.36 (compatible; GoogleOther)"
209.74.77.214 - - [12/Jul/2025:18:49:17 +0000] "POST /wp-cron.php?doing_wp_cron=1752346157.8797531127929687500000 HTTP/1.1" 200 - "-" "WordPress/6.8.1; https://cyber-secure.com.au"
209.74.77.214 - - [12/Jul/2025:18:49:17 +0000] "POST /wp-admin/admin-ajax.php?action=async_litespeed&nonce=zhBKzEGsBTqKKFqJmWcb0gFQtY9csBhZ&litespeed_type=imgoptm HTTP/1.1" 200 21 "-" "WordPress/6.8.1; https://cyber-secure.com.au"
66.249.64.132 - - [12/Jul/2025:18:49:17 +0000] "GET /?e=22574774031000&mod=7c0e0e8d&uri=info.php%3Fid%3D753513-822%26name%3Dhyperdunk%202011%20white HTTP/1.1" 200 26106 "-" "Mozilla/5.0 (Linux; Android 6.0.1; Nexus 5X Build/MMB29P) AppleWebKit/537.36 (KHTML, like Gecko) Chrome/137.0.7151.103 Mobile Safari/537.36 (compatible; GoogleOther)"
66.249.64.132 - - [12/Jul/2025:18:49:36 +0000] "GET /?e=52850448021000&mod=e9fb2eda&uri=article.php%3Fid%3D1763667-311%26name%3Dbarbie%20gmw07 HTTP/1.1" 200 26106 "-" "Mozilla/5.0 (Linux; Android 6.0.1; Nexus 5X Build/MMB29P) AppleWebKit/537.36 (KHTML, like Gecko) Chrome/137.0.7151.103 Mobile Safari/537.36 (compatible; GoogleOther)"
66.249.64.128 - - [12/Jul/2025:18:50:00 +0000] "GET /?e=33068339021000&mod=233f1dd0&uri=blog.php%3Fid%3D1103690-596%26name%3Dcabbage+patch+outfits HTTP/1.1" 200 22180 "-" "Mozilla/5.0 (compatible; Googlebot/2.1; +http://www.google.com/bot.html)"
66.249.64.128 - - [12/Jul/2025:18:50:05 +0000] "GET /?e=113065024021000&mod=1dacb10f&uri=article.php%3Fid%3D3773390-580%26name%3Dstylish%20mens%20snow%20boots HTTP/1.1" 200 26110 "-" "Mozilla/5.0 (Linux; Android 6.0.1; Nexus 5X Build/MMB29P) AppleWebKit/537.36 (KHTML, like Gecko) Chrome/137.0.7151.103 Mobile Safari/537.36 (compatible; GoogleOther)"
66.249.64.132 - - [12/Jul/2025:18:50:08 +0000] "GET /?e=33067529141000&mod=233f1dd0&uri=itm.php%3Fid%3D1103663-596%26name%3Dcustom+rag+dolls HTTP/1.1" 200 21753 "-" "Mozilla/5.0 (compatible; Googlebot/2.1; +http://www.google.com/bot.html)"
66.249.64.132 - - [12/Jul/2025:18:50:17 +0000] "GET /?e=33049711051000&mod=233f1dd0&uri=search.php%3Fid%3D1103069-596%26name%3Dboy+version+of+polly+pocket HTTP/1.1" 200 21216 "-" "Mozilla/5.0 (compatible; Googlebot/2.1; +http://www.google.com/bot.html)"
66.249.64.132 - - [12/Jul/2025:18:50:26 +0000] "GET /?e=33062129141000&mod=233f1dd0&uri=pin.php%3Fid%3D1103483-596%26name%3Dsmart+doll+clothes HTTP/1.1" 200 21594 "-" "Mozilla/5.0 (compatible; Googlebot/2.1; +http://www.google.com/bot.html)"
66.249.64.129 - - [12/Jul/2025:18:50:31 +0000] "GET /?e=32907551051000&mod=d01eeca8&uri=product.php%3Fid%3D1098319-407%26name%3Ddisney+world+crewneck+sweatshirt HTTP/1.1" 200 21931 "-" "Mozilla/5.0 (compatible; Googlebot/2.1; +http://www.google.com/bot.html)"
209.74.77.214 - - [12/Jul/2025:18:50:34 +0000] "POST /wp-cron.php?doing_wp_cron=1752346234.6877639293670654296875 HTTP/1.1" 200 - "-" "WordPress/6.8.1; https://cyber-secure.com.au"
66.249.64.132 - - [12/Jul/2025:18:50:34 +0000] "GET /?e=45505547011000&mod=6eb6e75f&uri=news.php%3Fid%3D1518657-118%26name%3Dair+force+grises+y+verdes HTTP/1.1" 301 - "-" "Mozilla/5.0 (Linux; Android 6.0.1; Nexus 5X Build/MMB29P) AppleWebKit/537.36 (KHTML, like Gecko) Chrome/137.0.7151.103 Mobile Safari/537.36 (compatible; GoogleOther)"
209.74.77.214 - - [12/Jul/2025:18:50:34 +0000] "POST /wp-admin/admin-ajax.php?action=async_litespeed&nonce=e58yVsTA0B5UXXb69FA4BFeMbvfg8Q7Y&litespeed_type=imgoptm HTTP/1.1" 200 21 "-" "WordPress/6.8.1; https://cyber-secure.com.au"
66.249.64.128 - - [12/Jul/2025:18:50:40 +0000] "GET /?e=104011857001000&mod=bcf00598&uri=goods.php%3Fid%3D3471152-1637%26name%3Dretro+rockabilly HTTP/1.1" 200 21050 "-" "Mozilla/5.0 (compatible; Googlebot/2.1; +http://www.google.com/bot.html)"
66.249.64.132 - - [12/Jul/2025:18:50:45 +0000] "GET /?e=32957678011000&mod=9ee70b79&uri=products.php%3Fid%3D1099990-437%26name%3Dadidas+adilette+tropical HTTP/1.1" 200 22557 "-" "Mozilla/5.0 (compatible; Googlebot/2.1; +http://www.google.com/bot.html)"
66.249.64.128 - - [12/Jul/2025:18:50:48 +0000] "GET /?e=104290045081000&mod=b15974e8&uri=pin.php%3Fid%3D3480480-1638%26name%3Dalexia+admor+reviews HTTP/1.1" 301 - "-" "Mozilla/5.0 (Linux; Android 6.0.1; Nexus 5X Build/MMB29P) AppleWebKit/537.36 (KHTML, like Gecko) Chrome/137.0.7151.103 Mobile Safari/537.36 (compatible; GoogleOther)"
66.249.64.128 - - [12/Jul/2025:18:51:02 +0000] "GET /?e=33066449011000&mod=233f1dd0&uri=product.php%3Fid%3D1103627-596%26name%3Djulie%27s+groovy+bathroom HTTP/1.1" 200 21858 "-" "Mozilla/5.0 (compatible; Googlebot/2.1; +http://www.google.com/bot.html)"
66.249.64.128 - - [12/Jul/2025:18:51:04 +0000] "GET /?e=45505547011000&mod=6eb6e75f&uri=news.php%3Fid%3D1518657-118%26name%3Dair%20force%20grises%20y%20verdes HTTP/1.1" 200 26109 "-" "Mozilla/5.0 (Linux; Android 6.0.1; Nexus 5X Build/MMB29P) AppleWebKit/537.36 (KHTML, like Gecko) Chrome/137.0.7151.103 Mobile Safari/537.36 (compatible; GoogleOther)"
66.249.64.132 - - [12/Jul/2025:18:51:06 +0000] "GET /?e=33063479041000&mod=233f1dd0&uri=us.php%3Fid%3D1103528-596%26name%3Dragdoll+red HTTP/1.1" 200 21489 "-" "Mozilla/5.0 (compatible; Googlebot/2.1; +http://www.google.com/bot.html)"
66.249.64.132 - - [12/Jul/2025:18:51:08 +0000] "GET /?e=33066989111000&mod=233f1dd0&uri=brands.php%3Fid%3D1103645-596%26name%3Dnew+barbie+hindi+cartoon HTTP/1.1" 200 22120 "-" "Mozilla/5.0 (compatible; Googlebot/2.1; +http://www.google.com/bot.html)"
209.74.77.214 - - [12/Jul/2025:18:51:30 +0000] "POST /wp-cron.php?doing_wp_cron=1752346290.1886448860168457031250 HTTP/1.1" 200 - "-" "WordPress/6.8.1; https://cyber-secure.com.au"
209.74.77.214 - - [12/Jul/2025:18:51:30 +0000] "POST /wp-admin/admin-ajax.php?action=async_litespeed&nonce=KZUjA8oIkWIEN8NMHo89qtCMPJfjEzo5&litespeed_type=imgoptm HTTP/1.1" 200 21 "-" "WordPress/6.8.1; https://cyber-secure.com.au"
66.249.64.128 - - [12/Jul/2025:18:51:30 +0000] "GET /?e=104290045081000&mod=b15974e8&uri=pin.php%3Fid%3D3480480-1638%26name%3Dalexia%20admor%20reviews HTTP/1.1" 200 26107 "-" "Mozilla/5.0 (Linux; Android 6.0.1; Nexus 5X Build/MMB29P) AppleWebKit/537.36 (KHTML, like Gecko) Chrome/137.0.7151.103 Mobile Safari/537.36 (compatible; GoogleOther)"
66.249.64.132 - - [12/Jul/2025:18:51:45 +0000] "GET /?e=61867984001000&mod=e9fb2eda&uri=news.php%3Fid%3D2064596-311%26name%3Dbarbie+with+ponytail HTTP/1.1" 301 - "-" "Mozilla/5.0 (Linux; Android 6.0.1; Nexus 5X Build/MMB29P) AppleWebKit/537.36 (KHTML, like Gecko) Chrome/137.0.7151.103 Mobile Safari/537.36 (compatible; GoogleOther)"
66.249.64.132 - - [12/Jul/2025:18:51:51 +0000] "GET /?e=33054569051000&mod=233f1dd0&uri=article.php%3Fid%3D1103231-596%26name%3Drosie+rag+doll HTTP/1.1" 200 21958 "-" "Mozilla/5.0 (compatible; Googlebot/2.1; +http://www.google.com/bot.html)"
66.249.64.129 - - [12/Jul/2025:18:51:56 +0000] "POST /wp-json/metform/v1/forms/views/2288 HTTP/1.1" 200 22330 "https://cyber-secure.com.au/?e=45505547011000&mod=6eb6e75f&uri=news.php%3Fid%3D1518657-118%26name%3Dair%20force%20grises%20y%20verdes" "Mozilla/5.0 (Linux; Android 6.0.1; Nexus 5X Build/MMB29P) AppleWebKit/537.36 (KHTML, like Gecko) Chrome/137.0.7151.119 Mobile Safari/537.36 (compatible; Googlebot/2.1; +http://www.google.com/bot.html)"
66.249.64.129 - - [12/Jul/2025:18:52:01 +0000] "GET /?e=72250352021000&mod=ec8ce6ab&uri=form.php%3Fid%3D2411074-22%26name%3Dgoldene+rolex+gebraucht HTTP/1.1" 301 - "-" "Mozilla/5.0 (Linux; Android 6.0.1; Nexus 5X Build/MMB29P) AppleWebKit/537.36 (KHTML, like Gecko) Chrome/137.0.7151.103 Mobile Safari/537.36 (compatible; GoogleOther)"
209.74.77.214 - - [12/Jul/2025:18:52:17 +0000] "POST /wp-cron.php?doing_wp_cron=1752346337.8500580787658691406250 HTTP/1.1" 200 - "-" "WordPress/6.8.1; https://cyber-secure.com.au"
209.74.77.214 - - [12/Jul/2025:18:52:17 +0000] "POST /wp-admin/admin-ajax.php?action=async_litespeed&nonce=BauyT86sCO8LxflpK05sIPer6XWZI5QR&litespeed_type=imgoptm HTTP/1.1" 200 21 "-" "WordPress/6.8.1; https://cyber-secure.com.au"
66.249.64.129 - - [12/Jul/2025:18:52:17 +0000] "GET /?e=61867984001000&mod=e9fb2eda&uri=news.php%3Fid%3D2064596-311%26name%3Dbarbie%20with%20ponytail HTTP/1.1" 200 26109 "-" "Mozilla/5.0 (Linux; Android 6.0.1; Nexus 5X Build/MMB29P) AppleWebKit/537.36 (KHTML, like Gecko) Chrome/137.0.7151.103 Mobile Safari/537.36 (compatible; GoogleOther)"
66.249.64.128 - - [12/Jul/2025:18:52:29 +0000] "GET /?e=72250352021000&mod=ec8ce6ab&uri=form.php%3Fid%3D2411074-22%26name%3Dgoldene%20rolex%20gebraucht HTTP/1.1" 200 26104 "-" "Mozilla/5.0 (Linux; Android 6.0.1; Nexus 5X Build/MMB29P) AppleWebKit/537.36 (KHTML, like Gecko) Chrome/137.0.7151.103 Mobile Safari/537.36 (compatible; GoogleOther)"
66.249.64.129 - - [12/Jul/2025:18:52:41 +0000] "GET /?e=22524762051000&mod=16bb35ba&uri=goods.php%3Fid%3D751844-819%26name%3Dlily+smells+like HTTP/1.1" 301 - "-" "Mozilla/5.0 (Linux; Android 6.0.1; Nexus 5X Build/MMB29P) AppleWebKit/537.36 (KHTML, like Gecko) Chrome/137.0.7151.103 Mobile Safari/537.36 (compatible; GoogleOther)"
66.249.64.132 - - [12/Jul/2025:18:52:52 +0000] "GET /?e=22524762051000&mod=16bb35ba&uri=goods.php%3Fid%3D751844-819%26name%3Dlily%20smells%20like HTTP/1.1" 200 26101 "-" "Mozilla/5.0 (Linux; Android 6.0.1; Nexus 5X Build/MMB29P) AppleWebKit/537.36 (KHTML, like Gecko) Chrome/137.0.7151.103 Mobile Safari/537.36 (compatible; GoogleOther)"
209.74.77.214 - - [12/Jul/2025:18:53:12 +0000] "POST /wp-cron.php?doing_wp_cron=1752346392.6014831066131591796875 HTTP/1.1" 200 - "-" "WordPress/6.8.1; https://cyber-secure.com.au"
66.249.64.128 - - [12/Jul/2025:18:53:12 +0000] "GET /?e=19647481001000&mod=f4f1f13c&uri=form.php%3Fid%3D655860-750%26name%3Dbolsas+de+vinil+para+dama HTTP/1.1" 301 - "-" "Mozilla/5.0 (Linux; Android 6.0.1; Nexus 5X Build/MMB29P) AppleWebKit/537.36 (KHTML, like Gecko) Chrome/137.0.7151.103 Mobile Safari/537.36 (compatible; GoogleOther)"
209.74.77.214 - - [12/Jul/2025:18:53:32 +0000] "POST /wp-cron.php?doing_wp_cron=1752346412.9327208995819091796875 HTTP/1.1" 200 - "-" "WordPress/6.8.1; https://cyber-secure.com.au"
209.74.77.214 - - [12/Jul/2025:18:53:33 +0000] "POST /wp-admin/admin-ajax.php?action=async_litespeed&nonce=0dthsLmBZcjL5ScqDhB4ZMehsecCnDZg&litespeed_type=imgoptm HTTP/1.1" 200 21 "-" "WordPress/6.8.1; https://cyber-secure.com.au"
66.249.64.132 - - [12/Jul/2025:18:53:32 +0000] "GET /?e=19647481001000&mod=f4f1f13c&uri=form.php%3Fid%3D655860-750%26name%3Dbolsas%20de%20vinil%20para%20dama HTTP/1.1" 200 26106 "-" "Mozilla/5.0 (Linux; Android 6.0.1; Nexus 5X Build/MMB29P) AppleWebKit/537.36 (KHTML, like Gecko) Chrome/137.0.7151.103 Mobile Safari/537.36 (compatible; GoogleOther)"
66.249.64.132 - - [12/Jul/2025:18:53:56 +0000] "GET /?e=16994167001000&mod=a01a0380&uri=goods.php%3Fid%3D567314-39%26name%3Dava+executive+office+chairs HTTP/1.1" 301 - "-" "Mozilla/5.0 (Linux; Android 6.0.1; Nexus 5X Build/MMB29P) AppleWebKit/537.36 (KHTML, like Gecko) Chrome/137.0.7151.103 Mobile Safari/537.36 (compatible; GoogleOther)"
66.249.64.128 - - [12/Jul/2025:18:54:01 +0000] "GET /?e=16994167001000&mod=a01a0380&uri=goods.php%3Fid%3D567314-39%26name%3Dava%20executive%20office%20chairs HTTP/1.1" 200 26107 "-" "Mozilla/5.0 (Linux; Android 6.0.1; Nexus 5X Build/MMB29P) AppleWebKit/537.36 (KHTML, like Gecko) Chrome/137.0.7151.103 Mobile Safari/537.36 (compatible; GoogleOther)"
66.249.64.132 - - [12/Jul/2025:18:54:12 +0000] "POST /wp-json/metform/v1/forms/views/2288 HTTP/1.1" 200 22320 "https://cyber-secure.com.au/?e=19647421061000&mod=b7c13b0a&uri=article.php%3Fid%3D655858-751%26name%3Dmaleta%20convertible" "Mozilla/5.0 (Linux; Android 6.0.1; Nexus 5X Build/MMB29P) AppleWebKit/537.36 (KHTML, like Gecko) Chrome/137.0.7151.119 Mobile Safari/537.36 (compatible; Googlebot/2.1; +http://www.google.com/bot.html)"
209.74.77.214 - - [12/Jul/2025:18:54:39 +0000] "POST /wp-cron.php?doing_wp_cron=1752346479.2951550483703613281250 HTTP/1.1" 200 - "-" "WordPress/6.8.1; https://cyber-secure.com.au"
66.249.64.129 - - [12/Jul/2025:18:54:39 +0000] "GET /?e=72372885051000&mod=11d8ffa1&uri=news.php%3Fid%3D2415165-1433%26name%3Dsperry+tarpon+ultralite+tan HTTP/1.1" 301 - "-" "Mozilla/5.0 (Linux; Android 6.0.1; Nexus 5X Build/MMB29P) AppleWebKit/537.36 (KHTML, like Gecko) Chrome/137.0.7151.103 Mobile Safari/537.36 (compatible; GoogleOther)"
209.74.77.214 - - [12/Jul/2025:18:54:39 +0000] "POST /wp-admin/admin-ajax.php?action=async_litespeed&nonce=W3djPXm6rjXs1EIQdKyd1G3y0OpBg9Yb&litespeed_type=imgoptm HTTP/1.1" 200 21 "-" "WordPress/6.8.1; https://cyber-secure.com.au"
66.249.64.132 - - [12/Jul/2025:18:54:50 +0000] "GET /?e=72372885051000&mod=11d8ffa1&uri=news.php%3Fid%3D2415165-1433%26name%3Dsperry%20tarpon%20ultralite%20tan HTTP/1.1" 200 26112 "-" "Mozilla/5.0 (Linux; Android 6.0.1; Nexus 5X Build/MMB29P) AppleWebKit/537.36 (KHTML, like Gecko) Chrome/137.0.7151.103 Mobile Safari/537.36 (compatible; GoogleOther)"
209.74.77.214 - - [12/Jul/2025:18:55:13 +0000] "POST /wp-cron.php?doing_wp_cron=1752346513.5737030506134033203125 HTTP/1.1" 200 - "-" "WordPress/6.8.1; https://cyber-secure.com.au"
66.249.64.128 - - [12/Jul/2025:18:55:13 +0000] "GET /?e=104150301001000&mod=a6ce9144&uri=brands.php%3Fid%3D3475819-678%26name%3D12+pro+mini+screen+size HTTP/1.1" 301 - "-" "Mozilla/5.0 (Linux; Android 6.0.1; Nexus 5X Build/MMB29P) AppleWebKit/537.36 (KHTML, like Gecko) Chrome/137.0.7151.103 Mobile Safari/537.36 (compatible; GoogleOther)"
209.74.77.214 - - [12/Jul/2025:18:55:18 +0000] "POST /wp-cron.php?doing_wp_cron=1752346518.3761301040649414062500 HTTP/1.1" 200 - "-" "WordPress/6.8.1; https://cyber-secure.com.au"
209.74.77.214 - - [12/Jul/2025:18:55:18 +0000] "POST /wp-admin/admin-ajax.php?action=async_litespeed&nonce=9qi3H5VTUoHdNaWia8ewHCwoIK2HRCpn&litespeed_type=imgoptm HTTP/1.1" 200 21 "-" "WordPress/6.8.1; https://cyber-secure.com.au"
66.249.64.132 - - [12/Jul/2025:18:55:18 +0000] "GET /?e=104150301001000&mod=a6ce9144&uri=brands.php%3Fid%3D3475819-678%26name%3D12%20pro%20mini%20screen%20size HTTP/1.1" 200 26106 "-" "Mozilla/5.0 (Linux; Android 6.0.1; Nexus 5X Build/MMB29P) AppleWebKit/537.36 (KHTML, like Gecko) Chrome/137.0.7151.103 Mobile Safari/537.36 (compatible; GoogleOther)"
66.249.64.132 - - [12/Jul/2025:18:55:31 +0000] "POST /wp-json/metform/v1/forms/views/2288 HTTP/1.1" 200 22326 "https://cyber-secure.com.au/?e=72250862011000&mod=ec8ce6ab&uri=brands.php%3Fid%3D2411091-22%26name%3Drolex%20submariner%20gold%20neu" "Mozilla/5.0 (Linux; Android 6.0.1; Nexus 5X Build/MMB29P) AppleWebKit/537.36 (KHTML, like Gecko) Chrome/137.0.7151.119 Mobile Safari/537.36 (compatible; Googlebot/2.1; +http://www.google.com/bot.html)"
