209.74.77.214 - - [12/Jul/2025:21:10:42 +0000] "POST /wp-admin/admin-ajax.php?action=async_litespeed&nonce=c37Yyb8U1YYfv7K55WSGXqTryAuNgX6S&litespeed_type=imgoptm HTTP/1.1" 200 21 "-" "WordPress/6.8.1; https://cyber-secure.com.au"
209.74.77.214 - - [12/Jul/2025:21:11:17 +0000] "POST /wp-cron.php?doing_wp_cron=1752354677.2537860870361328125000 HTTP/1.1" 200 - "-" "WordPress/6.8.1; https://cyber-secure.com.au"
209.74.77.214 - - [12/Jul/2025:21:11:17 +0000] "POST /wp-admin/admin-ajax.php?action=async_litespeed&nonce=JQ5G7sc2iXhjopmMPVbLMExxMaituRBi&litespeed_type=imgoptm HTTP/1.1" 200 21 "-" "WordPress/6.8.1; https://cyber-secure.com.au"
66.249.64.132 - - [12/Jul/2025:21:11:16 +0000] "GET /?e=13457355081000&mod=a8c6dd98&uri=form.php%3Fid%3D449302-600%26name%3Dsync%20apple%20watch%20with%20peloton HTTP/1.1" 200 26103 "-" "Mozilla/5.0 (Linux; Android 6.0.1; Nexus 5X Build/MMB29P) AppleWebKit/537.36 (KHTML, like Gecko) Chrome/137.0.7151.103 Mobile Safari/537.36 (compatible; GoogleOther)"
209.74.77.214 - - [12/Jul/2025:21:12:29 +0000] "POST /wp-cron.php?doing_wp_cron=1752354749.3370358943939208984375 HTTP/1.1" 200 - "-" "WordPress/6.8.1; https://cyber-secure.com.au"
66.249.64.128 - - [12/Jul/2025:21:12:28 +0000] "GET /?e=28429594001000&mod=233f1dd0&uri=form.php%3Fid%3D948855-596%26name%3Dsylvanian+persian+cat+family HTTP/1.1" 301 - "-" "Mozilla/5.0 (Linux; Android 6.0.1; Nexus 5X Build/MMB29P) AppleWebKit/537.36 (KHTML, like Gecko) Chrome/137.0.7151.103 Mobile Safari/537.36 (compatible; GoogleOther)"
209.74.77.214 - - [12/Jul/2025:21:12:29 +0000] "POST /wp-admin/admin-ajax.php?action=async_litespeed&nonce=2ARMaeNxd9xzWstqa6VLGL0R3pYegalu&litespeed_type=imgoptm HTTP/1.1" 200 21 "-" "WordPress/6.8.1; https://cyber-secure.com.au"
66.249.64.132 - - [12/Jul/2025:21:12:59 +0000] "GET /?e=28429594001000&mod=233f1dd0&uri=form.php%3Fid%3D948855-596%26name%3Dsylvanian%20persian%20cat%20family HTTP/1.1" 200 26109 "-" "Mozilla/5.0 (Linux; Android 6.0.1; Nexus 5X Build/MMB29P) AppleWebKit/537.36 (KHTML, like Gecko) Chrome/137.0.7151.103 Mobile Safari/537.36 (compatible; GoogleOther)"
209.74.77.214 - - [12/Jul/2025:21:13:25 +0000] "POST /wp-cron.php?doing_wp_cron=1752354805.5695860385894775390625 HTTP/1.1" 200 - "-" "WordPress/6.8.1; https://cyber-secure.com.au"
66.249.64.132 - - [12/Jul/2025:21:13:25 +0000] "GET /?e=17172867051000&mod=0f65caf0&uri=article.php%3Fid%3D573273-454%26name%3Dtech+deck+ryan+sheckler+warehouse HTTP/1.1" 301 - "-" "Mozilla/5.0 (Linux; Android 6.0.1; Nexus 5X Build/MMB29P) AppleWebKit/537.36 (KHTML, like Gecko) Chrome/137.0.7151.103 Mobile Safari/537.36 (compatible; GoogleOther)"
209.74.77.214 - - [12/Jul/2025:21:13:25 +0000] "POST /wp-admin/admin-ajax.php?action=async_litespeed&nonce=h5cxmYktrG7jUZnue9x8lbPLLWbT3W9x&litespeed_type=imgoptm HTTP/1.1" 200 21 "-" "WordPress/6.8.1; https://cyber-secure.com.au"
66.249.64.132 - - [12/Jul/2025:21:13:42 +0000] "GET /?e=17172867051000&mod=0f65caf0&uri=article.php%3Fid%3D573273-454%26name%3Dtech%20deck%20ryan%20sheckler%20warehouse HTTP/1.1" 200 26111 "-" "Mozilla/5.0 (Linux; Android 6.0.1; Nexus 5X Build/MMB29P) AppleWebKit/537.36 (KHTML, like Gecko) Chrome/137.0.7151.103 Mobile Safari/537.36 (compatible; GoogleOther)"
209.74.77.214 - - [12/Jul/2025:21:14:11 +0000] "POST /wp-cron.php?doing_wp_cron=1752354851.7062070369720458984375 HTTP/1.1" 200 - "-" "WordPress/6.8.1; https://cyber-secure.com.au"
66.249.64.129 - - [12/Jul/2025:21:14:04 +0000] "GET /?e=100174971001000&mod=a01a0380&uri=search.php%3Fid%3D3343096-39%26name%3Dgame+throttle+gaming+chair+extreme+360 HTTP/1.1" 301 - "-" "Mozilla/5.0 (Linux; Android 6.0.1; Nexus 5X Build/MMB29P) AppleWebKit/537.36 (KHTML, like Gecko) Chrome/137.0.7151.103 Mobile Safari/537.36 (compatible; GoogleOther)"
66.249.64.128 - - [12/Jul/2025:21:14:25 +0000] "GET /?e=50457592051000&mod=99902887&uri=brands.php%3Fid%3D1683861-501%26name%3D14+years+in+dog+years HTTP/1.1" 200 21820 "-" "Mozilla/5.0 (compatible; Googlebot/2.1; +http://www.google.com/bot.html)"
209.74.77.214 - - [12/Jul/2025:21:15:06 +0000] "POST /wp-cron.php?doing_wp_cron=1752354906.9764530658721923828125 HTTP/1.1" 200 - "-" "WordPress/6.8.1; https://cyber-secure.com.au"
209.74.77.214 - - [12/Jul/2025:21:15:07 +0000] "POST /wp-admin/admin-ajax.php?action=async_litespeed&nonce=0kZ7J8shbf7c335eEtPYusJI6VKpBlM1&litespeed_type=imgoptm HTTP/1.1" 200 21 "-" "WordPress/6.8.1; https://cyber-secure.com.au"
66.249.64.128 - - [12/Jul/2025:21:15:05 +0000] "GET /?e=100174971001000&mod=a01a0380&uri=search.php%3Fid%3D3343096-39%26name%3Dgame%20throttle%20gaming%20chair%20extreme%20360 HTTP/1.1" 200 26108 "-" "Mozilla/5.0 (Linux; Android 6.0.1; Nexus 5X Build/MMB29P) AppleWebKit/537.36 (KHTML, like Gecko) Chrome/137.0.7151.103 Mobile Safari/537.36 (compatible; GoogleOther)"
209.74.77.214 - - [12/Jul/2025:21:15:37 +0000] "POST /wp-cron.php?doing_wp_cron=1752354937.6245360374450683593750 HTTP/1.1" 200 - "-" "WordPress/6.8.1; https://cyber-secure.com.au"
66.249.64.132 - - [12/Jul/2025:21:15:37 +0000] "GET /?e=4245826041000&mod=55a988df&uri=article.php%3Fid%3D141712-253%26name%3Dglowing+lego+bricks HTTP/1.1" 301 - "-" "Mozilla/5.0 (Linux; Android 6.0.1; Nexus 5X Build/MMB29P) AppleWebKit/537.36 (KHTML, like Gecko) Chrome/137.0.7151.103 Mobile Safari/537.36 (compatible; GoogleOther)"
209.74.77.214 - - [12/Jul/2025:21:15:37 +0000] "POST /wp-admin/admin-ajax.php?action=async_litespeed&nonce=arTjzlGg53hqFi5k0oabL20dtQP8ejuo&litespeed_type=imgoptm HTTP/1.1" 200 21 "-" "WordPress/6.8.1; https://cyber-secure.com.au"
66.249.64.132 - - [12/Jul/2025:21:16:06 +0000] "GET /?e=4245826041000&mod=55a988df&uri=article.php%3Fid%3D141712-253%26name%3Dglowing%20lego%20bricks HTTP/1.1" 200 26109 "-" "Mozilla/5.0 (Linux; Android 6.0.1; Nexus 5X Build/MMB29P) AppleWebKit/537.36 (KHTML, like Gecko) Chrome/137.0.7151.103 Mobile Safari/537.36 (compatible; GoogleOther)"
209.74.77.214 - - [12/Jul/2025:21:16:38 +0000] "POST /wp-cron.php?doing_wp_cron=1752354998.0531160831451416015625 HTTP/1.1" 200 - "-" "WordPress/6.8.1; https://cyber-secure.com.au"
66.249.64.132 - - [12/Jul/2025:21:16:37 +0000] "GET /?e=77313479011000&mod=db0d4963&uri=form.php%3Fid%3D2580021-1485%26name%3Dcalvin+klein+cooling HTTP/1.1" 301 - "-" "Mozilla/5.0 (Linux; Android 6.0.1; Nexus 5X Build/MMB29P) AppleWebKit/537.36 (KHTML, like Gecko) Chrome/137.0.7151.103 Mobile Safari/537.36 (compatible; GoogleOther)"
209.74.77.214 - - [12/Jul/2025:21:16:38 +0000] "POST /wp-admin/admin-ajax.php?action=async_litespeed&nonce=iL8Kt4qUvBZWBYiGT3mZ2q6arVdtrSoa&litespeed_type=imgoptm HTTP/1.1" 200 21 "-" "WordPress/6.8.1; https://cyber-secure.com.au"
66.249.64.132 - - [12/Jul/2025:21:16:52 +0000] "GET /?e=77313479011000&mod=db0d4963&uri=form.php%3Fid%3D2580021-1485%26name%3Dcalvin%20klein%20cooling HTTP/1.1" 200 26108 "-" "Mozilla/5.0 (Linux; Android 6.0.1; Nexus 5X Build/MMB29P) AppleWebKit/537.36 (KHTML, like Gecko) Chrome/137.0.7151.103 Mobile Safari/537.36 (compatible; GoogleOther)"
209.74.77.214 - - [12/Jul/2025:21:18:38 +0000] "POST /wp-cron.php?doing_wp_cron=1752355118.5113670825958251953125 HTTP/1.1" 200 - "-" "WordPress/6.8.1; https://cyber-secure.com.au"
66.249.64.132 - - [12/Jul/2025:21:18:37 +0000] "GET /?e=33066419021000&mod=233f1dd0&uri=product.php%3Fid%3D1103626-596%26name%3Dever+after+high+apple HTTP/1.1" 301 - "-" "Mozilla/5.0 (Linux; Android 6.0.1; Nexus 5X Build/MMB29P) AppleWebKit/537.36 (KHTML, like Gecko) Chrome/137.0.7151.103 Mobile Safari/537.36 (compatible; GoogleOther)"
209.74.77.214 - - [12/Jul/2025:21:18:38 +0000] "POST /wp-admin/admin-ajax.php?action=async_litespeed&nonce=FvhKjaCzWK07nYtAmwByTSS0ejbB2Hbm&litespeed_type=imgoptm HTTP/1.1" 200 21 "-" "WordPress/6.8.1; https://cyber-secure.com.au"
66.249.64.129 - - [12/Jul/2025:21:19:02 +0000] "GET /?e=33066419021000&mod=233f1dd0&uri=product.php%3Fid%3D1103626-596%26name%3Dever%20after%20high%20apple HTTP/1.1" 200 26105 "-" "Mozilla/5.0 (Linux; Android 6.0.1; Nexus 5X Build/MMB29P) AppleWebKit/537.36 (KHTML, like Gecko) Chrome/137.0.7151.103 Mobile Safari/537.36 (compatible; GoogleOther)"
66.249.64.128 - - [12/Jul/2025:21:19:28 +0000] "GET /?e=50460712011000&mod=a35fe7f7&uri=news.php%3Fid%3D1683965-500%26name%3Dbaby+proof+stairs+without+railing HTTP/1.1" 200 22238 "-" "Mozilla/5.0 (compatible; Googlebot/2.1; +http://www.google.com/bot.html)"
209.74.77.214 - - [12/Jul/2025:21:19:31 +0000] "POST /wp-cron.php?doing_wp_cron=1752355171.3628120422363281250000 HTTP/1.1" 200 - "-" "WordPress/6.8.1; https://cyber-secure.com.au"
66.249.64.132 - - [12/Jul/2025:21:19:31 +0000] "GET /?e=77461533071000&mod=28b9f8aa&uri=blog.php%3Fid%3D2584963-523%26name%3Dnike+air+43 HTTP/1.1" 301 - "-" "Mozilla/5.0 (Linux; Android 6.0.1; Nexus 5X Build/MMB29P) AppleWebKit/537.36 (KHTML, like Gecko) Chrome/137.0.7151.103 Mobile Safari/537.36 (compatible; GoogleOther)"
209.74.77.214 - - [12/Jul/2025:21:19:31 +0000] "POST /wp-admin/admin-ajax.php?action=async_litespeed&nonce=gutz9iQnU60iRfAKdPrlpv0ryj9xRtVs&litespeed_type=imgoptm HTTP/1.1" 200 21 "-" "WordPress/6.8.1; https://cyber-secure.com.au"
66.249.64.132 - - [12/Jul/2025:21:19:41 +0000] "POST /wp-json/metform/v1/forms/views/2288 HTTP/1.1" 200 22334 "https://cyber-secure.com.au/?e=100174971001000&mod=a01a0380&uri=search.php%3Fid%3D3343096-39%26name%3Dgame%20throttle%20gaming%20chair%20extreme%20360" "Mozilla/5.0 (Linux; Android 6.0.1; Nexus 5X Build/MMB29P) AppleWebKit/537.36 (KHTML, like Gecko) Chrome/137.0.7151.119 Mobile Safari/537.36 (compatible; Googlebot/2.1; +http://www.google.com/bot.html)"
66.249.64.132 - - [12/Jul/2025:21:19:44 +0000] "GET /?e=77461533071000&mod=28b9f8aa&uri=blog.php%3Fid%3D2584963-523%26name%3Dnike%20air%2043 HTTP/1.1" 200 26107 "-" "Mozilla/5.0 (Linux; Android 6.0.1; Nexus 5X Build/MMB29P) AppleWebKit/537.36 (KHTML, like Gecko) Chrome/137.0.7151.103 Mobile Safari/537.36 (compatible; GoogleOther)"
66.249.64.128 - - [12/Jul/2025:21:21:05 +0000] "POST /wp-json/metform/v1/forms/views/2288 HTTP/1.1" 200 22326 "https://cyber-secure.com.au/?e=119855576031000&mod=62da5a6d&uri=brands.php%3Fid%3D3999943-648%26name%3Dborse%20da%20viaggio%20a%20tracolla" "Mozilla/5.0 (Linux; Android 6.0.1; Nexus 5X Build/MMB29P) AppleWebKit/537.36 (KHTML, like Gecko) Chrome/137.0.7151.119 Mobile Safari/537.36 (compatible; Googlebot/2.1; +http://www.google.com/bot.html)"
209.74.77.214 - - [12/Jul/2025:21:23:37 +0000] "POST /wp-cron.php?doing_wp_cron=1752355417.9754300117492675781250 HTTP/1.1" 200 - "-" "WordPress/6.8.1; https://cyber-secure.com.au"
66.249.64.129 - - [12/Jul/2025:21:23:36 +0000] "GET /?e=1232743011000&mod=7a53928f&uri=brands.php%3Fid%3D41155-80%26name%3Dtarget+quadcopter HTTP/1.1" 301 - "-" "Mozilla/5.0 (Linux; Android 6.0.1; Nexus 5X Build/MMB29P) AppleWebKit/537.36 (KHTML, like Gecko) Chrome/137.0.7151.103 Mobile Safari/537.36 (compatible; GoogleOther)"
209.74.77.214 - - [12/Jul/2025:21:23:38 +0000] "POST /wp-admin/admin-ajax.php?action=async_litespeed&nonce=oovC8YocdxK1AA4VfCrlCdbMO0dCxrC6&litespeed_type=imgoptm HTTP/1.1" 200 21 "-" "WordPress/6.8.1; https://cyber-secure.com.au"
66.249.64.132 - - [12/Jul/2025:21:24:02 +0000] "GET /?e=1232743011000&mod=7a53928f&uri=brands.php%3Fid%3D41155-80%26name%3Dtarget%20quadcopter HTTP/1.1" 200 26104 "-" "Mozilla/5.0 (Linux; Android 6.0.1; Nexus 5X Build/MMB29P) AppleWebKit/537.36 (KHTML, like Gecko) Chrome/137.0.7151.103 Mobile Safari/537.36 (compatible; GoogleOther)"
209.74.77.214 - - [12/Jul/2025:21:25:04 +0000] "POST /wp-cron.php?doing_wp_cron=1752355503.9856638908386230468750 HTTP/1.1" 200 - "-" "WordPress/6.8.1; https://cyber-secure.com.au"
66.249.64.129 - - [12/Jul/2025:21:25:03 +0000] "GET /?e=13592043061000&mod=512c5cad&uri=article.php%3Fid%3D453796-141%26name%3Dvestimenta+de+moda+hombre HTTP/1.1" 301 - "-" "Mozilla/5.0 (Linux; Android 6.0.1; Nexus 5X Build/MMB29P) AppleWebKit/537.36 (KHTML, like Gecko) Chrome/137.0.7151.103 Mobile Safari/537.36 (compatible; GoogleOther)"
209.74.77.214 - - [12/Jul/2025:21:25:04 +0000] "POST /wp-admin/admin-ajax.php?action=async_litespeed&nonce=Aqbm8bw4AXMg5svlPgrd7ri8skDg5Q2D&litespeed_type=imgoptm HTTP/1.1" 200 21 "-" "WordPress/6.8.1; https://cyber-secure.com.au"
66.249.64.132 - - [12/Jul/2025:21:25:24 +0000] "GET /?e=50461432051000&mod=99902887&uri=info.php%3Fid%3D1683989-501%26name%3Dthe+doll+on+the+island+of+misfit+toys HTTP/1.1" 200 22139 "-" "Mozilla/5.0 (compatible; Googlebot/2.1; +http://www.google.com/bot.html)"
209.74.77.214 - - [12/Jul/2025:21:25:35 +0000] "POST /wp-cron.php?doing_wp_cron=1752355535.2091979980468750000000 HTTP/1.1" 200 - "-" "WordPress/6.8.1; https://cyber-secure.com.au"
209.74.77.214 - - [12/Jul/2025:21:25:35 +0000] "POST /wp-admin/admin-ajax.php?action=async_litespeed&nonce=GwuwPpkY2khdO8KEP5bTkikDbXFJ5hRZ&litespeed_type=imgoptm HTTP/1.1" 200 21 "-" "WordPress/6.8.1; https://cyber-secure.com.au"
66.249.64.132 - - [12/Jul/2025:21:25:35 +0000] "GET /?e=13592043061000&mod=512c5cad&uri=article.php%3Fid%3D453796-141%26name%3Dvestimenta%20de%20moda%20hombre HTTP/1.1" 200 26107 "-" "Mozilla/5.0 (Linux; Android 6.0.1; Nexus 5X Build/MMB29P) AppleWebKit/537.36 (KHTML, like Gecko) Chrome/137.0.7151.103 Mobile Safari/537.36 (compatible; GoogleOther)"
66.249.64.132 - - [12/Jul/2025:21:25:49 +0000] "GET /?e=33219278051000&mod=851300ee&uri=dp.php%3Fid%3D1108737-173%26name%3Dhw+flames+hot+wheels HTTP/1.1" 301 - "-" "Mozilla/5.0 (Linux; Android 6.0.1; Nexus 5X Build/MMB29P) AppleWebKit/537.36 (KHTML, like Gecko) Chrome/137.0.7151.103 Mobile Safari/537.36 (compatible; GoogleOther)"
66.249.64.128 - - [12/Jul/2025:21:26:02 +0000] "GET /?e=33219278051000&mod=851300ee&uri=dp.php%3Fid%3D1108737-173%26name%3Dhw%20flames%20hot%20wheels HTTP/1.1" 200 26111 "-" "Mozilla/5.0 (Linux; Android 6.0.1; Nexus 5X Build/MMB29P) AppleWebKit/537.36 (KHTML, like Gecko) Chrome/137.0.7151.103 Mobile Safari/537.36 (compatible; GoogleOther)"
209.74.77.214 - - [12/Jul/2025:21:26:38 +0000] "POST /wp-cron.php?doing_wp_cron=1752355598.6210000514984130859375 HTTP/1.1" 200 - "-" "WordPress/6.8.1; https://cyber-secure.com.au"
66.249.64.132 - - [12/Jul/2025:21:26:37 +0000] "GET /?e=1255133091000&mod=b6edc1cd&uri=goods.php%3Fid%3D41903-81%26name%3Ddivanetti+di+pedane HTTP/1.1" 301 - "-" "Mozilla/5.0 (Linux; Android 6.0.1; Nexus 5X Build/MMB29P) AppleWebKit/537.36 (KHTML, like Gecko) Chrome/137.0.7151.103 Mobile Safari/537.36 (compatible; GoogleOther)"
209.74.77.214 - - [12/Jul/2025:21:26:38 +0000] "POST /wp-admin/admin-ajax.php?action=async_litespeed&nonce=kIMwuSD3WuFsk3EYf4irylNZoUUdwUbm&litespeed_type=imgoptm HTTP/1.1" 200 21 "-" "WordPress/6.8.1; https://cyber-secure.com.au"
209.74.77.214 - - [12/Jul/2025:21:26:58 +0000] "POST /wp-cron.php?doing_wp_cron=1752355618.7962510585784912109375 HTTP/1.1" 200 - "-" "WordPress/6.8.1; https://cyber-secure.com.au"
66.249.64.132 - - [12/Jul/2025:21:26:58 +0000] "GET /?e=1255133091000&mod=b6edc1cd&uri=goods.php%3Fid%3D41903-81%26name%3Ddivanetti%20di%20pedane HTTP/1.1" 200 26111 "-" "Mozilla/5.0 (Linux; Android 6.0.1; Nexus 5X Build/MMB29P) AppleWebKit/537.36 (KHTML, like Gecko) Chrome/137.0.7151.103 Mobile Safari/537.36 (compatible; GoogleOther)"
209.74.77.214 - - [12/Jul/2025:21:27:55 +0000] "POST /wp-cron.php?doing_wp_cron=1752355675.3594200611114501953125 HTTP/1.1" 200 - "-" "WordPress/6.8.1; https://cyber-secure.com.au"
66.249.64.129 - - [12/Jul/2025:21:27:54 +0000] "GET /?e=4269027021000&mod=55a988df&uri=us.php%3Fid%3D142486-253%26name%3Dlego+41900+dots+rainbow+bracelet HTTP/1.1" 301 - "-" "Mozilla/5.0 (Linux; Android 6.0.1; Nexus 5X Build/MMB29P) AppleWebKit/537.36 (KHTML, like Gecko) Chrome/137.0.7151.103 Mobile Safari/537.36 (compatible; GoogleOther)"
209.74.77.214 - - [12/Jul/2025:21:27:55 +0000] "POST /wp-admin/admin-ajax.php?action=async_litespeed&nonce=0OD4srNqJTjfqbiSxdCa9R85aYAYhRtG&litespeed_type=imgoptm HTTP/1.1" 200 21 "-" "WordPress/6.8.1; https://cyber-secure.com.au"
209.74.77.214 - - [12/Jul/2025:21:28:28 +0000] "POST /wp-cron.php?doing_wp_cron=1752355708.7831380367279052734375 HTTP/1.1" 200 - "-" "WordPress/6.8.1; https://cyber-secure.com.au"
209.74.77.214 - - [12/Jul/2025:21:28:28 +0000] "POST /wp-admin/admin-ajax.php?action=async_litespeed&nonce=nai3mmRO0VV8u02dcrYL6B7X00fquR5E&litespeed_type=imgoptm HTTP/1.1" 200 21 "-" "WordPress/6.8.1; https://cyber-secure.com.au"
66.249.64.128 - - [12/Jul/2025:21:28:27 +0000] "GET /?e=4269027021000&mod=55a988df&uri=us.php%3Fid%3D142486-253%26name%3Dlego%2041900%20dots%20rainbow%20bracelet HTTP/1.1" 200 26106 "-" "Mozilla/5.0 (Linux; Android 6.0.1; Nexus 5X Build/MMB29P) AppleWebKit/537.36 (KHTML, like Gecko) Chrome/137.0.7151.103 Mobile Safari/537.36 (compatible; GoogleOther)"
209.74.77.214 - - [12/Jul/2025:21:29:42 +0000] "POST /wp-cron.php?doing_wp_cron=1752355782.3394529819488525390625 HTTP/1.1" 200 - "-" "WordPress/6.8.1; https://cyber-secure.com.au"
66.249.64.129 - - [12/Jul/2025:21:29:41 +0000] "GET /?e=43571725011000&mod=229aeb9e&uri=shared.php%3Fid%3D1454141-766%26name%3Dbabyliss+curling+iron+reviews HTTP/1.1" 301 - "-" "Mozilla/5.0 (Linux; Android 6.0.1; Nexus 5X Build/MMB29P) AppleWebKit/537.36 (KHTML, like Gecko) Chrome/137.0.7151.103 Mobile Safari/537.36 (compatible; GoogleOther)"
209.74.77.214 - - [12/Jul/2025:21:29:42 +0000] "POST /wp-admin/admin-ajax.php?action=async_litespeed&nonce=p3KDAJjg75TW2rPBUCdmjFzSQU3mcEd7&litespeed_type=imgoptm HTTP/1.1" 200 21 "-" "WordPress/6.8.1; https://cyber-secure.com.au"
209.74.77.214 - - [12/Jul/2025:21:30:09 +0000] "POST /wp-cron.php?doing_wp_cron=1752355809.5669870376586914062500 HTTP/1.1" 200 - "-" "WordPress/6.8.1; https://cyber-secure.com.au"
66.249.64.132 - - [12/Jul/2025:21:30:09 +0000] "GET /?e=43571725011000&mod=229aeb9e&uri=shared.php%3Fid%3D1454141-766%26name%3Dbabyliss%20curling%20iron%20reviews HTTP/1.1" 200 26109 "-" "Mozilla/5.0 (Linux; Android 6.0.1; Nexus 5X Build/MMB29P) AppleWebKit/537.36 (KHTML, like Gecko) Chrome/137.0.7151.103 Mobile Safari/537.36 (compatible; GoogleOther)"
209.74.77.214 - - [12/Jul/2025:21:30:47 +0000] "POST /wp-cron.php?doing_wp_cron=1752355847.8206129074096679687500 HTTP/1.1" 200 - "-" "WordPress/6.8.1; https://cyber-secure.com.au"
66.249.64.132 - - [12/Jul/2025:21:30:46 +0000] "GET /?e=1098307011000&mod=d5cfead9&uri=dp.php%3Fid%3D36670-73%26name%3Dom+allah+jesus+locket HTTP/1.1" 301 - "-" "Mozilla/5.0 (Linux; Android 6.0.1; Nexus 5X Build/MMB29P) AppleWebKit/537.36 (KHTML, like Gecko) Chrome/137.0.7151.103 Mobile Safari/537.36 (compatible; GoogleOther)"
209.74.77.214 - - [12/Jul/2025:21:30:47 +0000] "POST /wp-admin/admin-ajax.php?action=async_litespeed&nonce=Or5ov9ZndIeXKhNt2tm6wGSNejkd04AL&litespeed_type=imgoptm HTTP/1.1" 200 21 "-" "WordPress/6.8.1; https://cyber-secure.com.au"
209.74.77.214 - - [12/Jul/2025:21:31:12 +0000] "POST /wp-cron.php?doing_wp_cron=1752355872.0207319259643554687500 HTTP/1.1" 200 - "-" "WordPress/6.8.1; https://cyber-secure.com.au"
66.249.64.132 - - [12/Jul/2025:21:31:11 +0000] "GET /?e=1098307011000&mod=d5cfead9&uri=dp.php%3Fid%3D36670-73%26name%3Dom%20allah%20jesus%20locket HTTP/1.1" 200 26103 "-" "Mozilla/5.0 (Linux; Android 6.0.1; Nexus 5X Build/MMB29P) AppleWebKit/537.36 (KHTML, like Gecko) Chrome/137.0.7151.103 Mobile Safari/537.36 (compatible; GoogleOther)"
66.249.64.128 - - [12/Jul/2025:21:31:26 +0000] "GET /?e=50462392051000&mod=99902887&uri=products.php%3Fid%3D1684021-501%26name%3Dbuy+beagle+puppy+online HTTP/1.1" 200 21886 "-" "Mozilla/5.0 (compatible; Googlebot/2.1; +http://www.google.com/bot.html)"
209.74.77.214 - - [12/Jul/2025:21:32:04 +0000] "POST /wp-cron.php?doing_wp_cron=1752355924.4188690185546875000000 HTTP/1.1" 200 - "-" "WordPress/6.8.1; https://cyber-secure.com.au"
66.249.64.128 - - [12/Jul/2025:21:32:03 +0000] "GET /?e=33145401051000&mod=b06b5541&uri=itm.php%3Fid%3D1106273-248%26name%3Dariana+grande+perfume+rating HTTP/1.1" 301 - "-" "Mozilla/5.0 (Linux; Android 6.0.1; Nexus 5X Build/MMB29P) AppleWebKit/537.36 (KHTML, like Gecko) Chrome/137.0.7151.103 Mobile Safari/537.36 (compatible; GoogleOther)"
209.74.77.214 - - [12/Jul/2025:21:32:04 +0000] "POST /wp-admin/admin-ajax.php?action=async_litespeed&nonce=wwB3sjnFoIT5Ff3FJqKqMP6Tlzk3gg4R&litespeed_type=imgoptm HTTP/1.1" 200 21 "-" "WordPress/6.8.1; https://cyber-secure.com.au"
209.74.77.214 - - [12/Jul/2025:21:32:25 +0000] "POST /wp-cron.php?doing_wp_cron=1752355945.9256050586700439453125 HTTP/1.1" 200 - "-" "WordPress/6.8.1; https://cyber-secure.com.au"
209.74.77.214 - - [12/Jul/2025:21:32:26 +0000] "POST /wp-admin/admin-ajax.php?action=async_litespeed&nonce=U5qbYttuJqjvG7X1UfEprGDtPKfY8Hcr&litespeed_type=imgoptm HTTP/1.1" 200 21 "-" "WordPress/6.8.1; https://cyber-secure.com.au"
66.249.64.132 - - [12/Jul/2025:21:32:25 +0000] "GET /?e=33145401051000&mod=b06b5541&uri=itm.php%3Fid%3D1106273-248%26name%3Dariana%20grande%20perfume%20rating HTTP/1.1" 200 26106 "-" "Mozilla/5.0 (Linux; Android 6.0.1; Nexus 5X Build/MMB29P) AppleWebKit/537.36 (KHTML, like Gecko) Chrome/137.0.7151.103 Mobile Safari/537.36 (compatible; GoogleOther)"
66.249.64.132 - - [12/Jul/2025:21:32:43 +0000] "GET /?e=13516601001000&mod=a35fe7f7&uri=shared.php%3Fid%3D451278-500%26name%3Djohnson+baby+lotion+jungkook HTTP/1.1" 301 - "-" "Mozilla/5.0 (Linux; Android 6.0.1; Nexus 5X Build/MMB29P) AppleWebKit/537.36 (KHTML, like Gecko) Chrome/137.0.7151.103 Mobile Safari/537.36 (compatible; GoogleOther)"
66.249.64.132 - - [12/Jul/2025:21:32:58 +0000] "GET /?e=13516601001000&mod=a35fe7f7&uri=shared.php%3Fid%3D451278-500%26name%3Djohnson%20baby%20lotion%20jungkook HTTP/1.1" 200 26110 "-" "Mozilla/5.0 (Linux; Android 6.0.1; Nexus 5X Build/MMB29P) AppleWebKit/537.36 (KHTML, like Gecko) Chrome/137.0.7151.103 Mobile Safari/537.36 (compatible; GoogleOther)"
66.249.64.129 - - [12/Jul/2025:21:33:13 +0000] "POST /wp-json/metform/v1/forms/views/2288 HTTP/1.1" 200 22331 "https://cyber-secure.com.au/?e=4245826041000&mod=55a988df&uri=article.php%3Fid%3D141712-253%26name%3Dglowing%20lego%20bricks" "Mozilla/5.0 (Linux; Android 6.0.1; Nexus 5X Build/MMB29P) AppleWebKit/537.36 (KHTML, like Gecko) Chrome/137.0.7151.119 Mobile Safari/537.36 (compatible; Googlebot/2.1; +http://www.google.com/bot.html)"
209.74.77.214 - - [12/Jul/2025:21:33:40 +0000] "POST /wp-cron.php?doing_wp_cron=1752356020.6263670921325683593750 HTTP/1.1" 200 - "-" "WordPress/6.8.1; https://cyber-secure.com.au"
66.249.64.128 - - [12/Jul/2025:21:33:40 +0000] "GET /?e=50494228041000&mod=2b8f7198&uri=news.php%3Fid%3D1685084-1242%26name%3Dadidas+shoes+offer+in+riyadh HTTP/1.1" 301 - "-" "Mozilla/5.0 (Linux; Android 6.0.1; Nexus 5X Build/MMB29P) AppleWebKit/537.36 (KHTML, like Gecko) Chrome/137.0.7151.103 Mobile Safari/537.36 (compatible; GoogleOther)"
209.74.77.214 - - [12/Jul/2025:21:33:40 +0000] "POST /wp-admin/admin-ajax.php?action=async_litespeed&nonce=Eq0PtMrkOte7QhWfFFwYsPj85Jbvotof&litespeed_type=imgoptm HTTP/1.1" 200 21 "-" "WordPress/6.8.1; https://cyber-secure.com.au"
66.249.64.132 - - [12/Jul/2025:21:33:45 +0000] "POST /wp-json/metform/v1/forms/views/2288 HTTP/1.1" 200 22329 "https://cyber-secure.com.au/?e=77461533071000&mod=28b9f8aa&uri=blog.php%3Fid%3D2584963-523%26name%3Dnike%20air%2043" "Mozilla/5.0 (Linux; Android 6.0.1; Nexus 5X Build/MMB29P) AppleWebKit/537.36 (KHTML, like Gecko) Chrome/137.0.7151.119 Mobile Safari/537.36 (compatible; Googlebot/2.1; +http://www.google.com/bot.html)"
66.249.64.132 - - [12/Jul/2025:21:33:48 +0000] "GET /?e=50494228041000&mod=2b8f7198&uri=news.php%3Fid%3D1685084-1242%26name%3Dadidas%20shoes%20offer%20in%20riyadh HTTP/1.1" 200 26102 "-" "Mozilla/5.0 (Linux; Android 6.0.1; Nexus 5X Build/MMB29P) AppleWebKit/537.36 (KHTML, like Gecko) Chrome/137.0.7151.103 Mobile Safari/537.36 (compatible; GoogleOther)"
209.74.77.214 - - [12/Jul/2025:21:35:07 +0000] "POST /wp-cron.php?doing_wp_cron=1752356107.4223210811614990234375 HTTP/1.1" 200 - "-" "WordPress/6.8.1; https://cyber-secure.com.au"
66.249.64.132 - - [12/Jul/2025:21:35:06 +0000] "GET /?e=16981701021000&mod=a6ce9144&uri=blog.php%3Fid%3D566898-678%26name%3Dairtel+4g+signal+booster+for+home HTTP/1.1" 301 - "-" "Mozilla/5.0 (Linux; Android 6.0.1; Nexus 5X Build/MMB29P) AppleWebKit/537.36 (KHTML, like Gecko) Chrome/137.0.7151.103 Mobile Safari/537.36 (compatible; GoogleOther)"
209.74.77.214 - - [12/Jul/2025:21:35:07 +0000] "POST /wp-admin/admin-ajax.php?action=async_litespeed&nonce=R3dCmIH1HxDo5Pp5lUTeMK5lPR3NoXsW&litespeed_type=imgoptm HTTP/1.1" 200 21 "-" "WordPress/6.8.1; https://cyber-secure.com.au"
209.74.77.214 - - [12/Jul/2025:21:35:30 +0000] "POST /wp-cron.php?doing_wp_cron=1752356130.2302160263061523437500 HTTP/1.1" 200 - "-" "WordPress/6.8.1; https://cyber-secure.com.au"
209.74.77.214 - - [12/Jul/2025:21:35:30 +0000] "POST /wp-admin/admin-ajax.php?action=async_litespeed&nonce=GW78D4wMYN12IsUxAmhzFn5AvgLFFdEv&litespeed_type=imgoptm HTTP/1.1" 200 21 "-" "WordPress/6.8.1; https://cyber-secure.com.au"
66.249.64.132 - - [12/Jul/2025:21:35:30 +0000] "GET /?e=16981701021000&mod=a6ce9144&uri=blog.php%3Fid%3D566898-678%26name%3Dairtel%204g%20signal%20booster%20for%20home HTTP/1.1" 200 26108 "-" "Mozilla/5.0 (Linux; Android 6.0.1; Nexus 5X Build/MMB29P) AppleWebKit/537.36 (KHTML, like Gecko) Chrome/137.0.7151.103 Mobile Safari/537.36 (compatible; GoogleOther)"
209.74.77.214 - - [12/Jul/2025:21:36:33 +0000] "POST /wp-cron.php?doing_wp_cron=1752356193.4804880619049072265625 HTTP/1.1" 200 - "-" "WordPress/6.8.1; https://cyber-secure.com.au"
66.249.64.129 - - [12/Jul/2025:21:36:32 +0000] "GET /?e=108006321051000&mod=a01a0380&uri=product.php%3Fid%3D3604527-39%26name%3Dketer+harmony+table+and+chairs HTTP/1.1" 301 - "-" "Mozilla/5.0 (Linux; Android 6.0.1; Nexus 5X Build/MMB29P) AppleWebKit/537.36 (KHTML, like Gecko) Chrome/137.0.7151.103 Mobile Safari/537.36 (compatible; GoogleOther)"
209.74.77.214 - - [12/Jul/2025:21:36:33 +0000] "POST /wp-admin/admin-ajax.php?action=async_litespeed&nonce=cel3kCmYJgU5PnnwG9ZpY19GntZI7ld3&litespeed_type=imgoptm HTTP/1.1" 200 21 "-" "WordPress/6.8.1; https://cyber-secure.com.au"
66.249.64.128 - - [12/Jul/2025:21:36:43 +0000] "GET /?e=108006321051000&mod=a01a0380&uri=product.php%3Fid%3D3604527-39%26name%3Dketer%20harmony%20table%20and%20chairs HTTP/1.1" 200 26105 "-" "Mozilla/5.0 (Linux; Android 6.0.1; Nexus 5X Build/MMB29P) AppleWebKit/537.36 (KHTML, like Gecko) Chrome/137.0.7151.103 Mobile Safari/537.36 (compatible; GoogleOther)"
66.249.64.128 - - [12/Jul/2025:21:37:29 +0000] "GET /?e=50347723021000&mod=b3838cfd&uri=itm.php%3Fid%3D1680196-1273%26name%3Daaliyah+tommy+hilfiger+outfit HTTP/1.1" 200 21223 "-" "Mozilla/5.0 (compatible; Googlebot/2.1; +http://www.google.com/bot.html)"
209.74.77.214 - - [12/Jul/2025:21:37:58 +0000] "POST /wp-cron.php?doing_wp_cron=1752356278.9561750888824462890625 HTTP/1.1" 200 - "-" "WordPress/6.8.1; https://cyber-secure.com.au"
66.249.64.132 - - [12/Jul/2025:21:37:58 +0000] "GET /?e=4106748001000&mod=149e9677&uri=blog.php%3Fid%3D137072-17%26name%3Dindoor+heaters+non+electric HTTP/1.1" 301 - "-" "Mozilla/5.0 (Linux; Android 6.0.1; Nexus 5X Build/MMB29P) AppleWebKit/537.36 (KHTML, like Gecko) Chrome/137.0.7151.103 Mobile Safari/537.36 (compatible; GoogleOther)"
209.74.77.214 - - [12/Jul/2025:21:37:59 +0000] "POST /wp-admin/admin-ajax.php?action=async_litespeed&nonce=MOyagTCalMxjEir0Efn4ICvIiQ1hOaEm&litespeed_type=imgoptm HTTP/1.1" 200 21 "-" "WordPress/6.8.1; https://cyber-secure.com.au"
209.74.77.214 - - [12/Jul/2025:21:38:11 +0000] "POST /wp-cron.php?doing_wp_cron=1752356291.8275179862976074218750 HTTP/1.1" 200 - "-" "WordPress/6.8.1; https://cyber-secure.com.au"
66.249.64.128 - - [12/Jul/2025:21:38:11 +0000] "GET /?e=4106748001000&mod=149e9677&uri=blog.php%3Fid%3D137072-17%26name%3Dindoor%20heaters%20non%20electric HTTP/1.1" 200 26101 "-" "Mozilla/5.0 (Linux; Android 6.0.1; Nexus 5X Build/MMB29P) AppleWebKit/537.36 (KHTML, like Gecko) Chrome/137.0.7151.103 Mobile Safari/537.36 (compatible; GoogleOther)"
209.74.77.214 - - [12/Jul/2025:21:38:35 +0000] "POST /wp-cron.php?doing_wp_cron=1752356315.3050239086151123046875 HTTP/1.1" 200 - "-" "WordPress/6.8.1; https://cyber-secure.com.au"
66.249.64.128 - - [12/Jul/2025:21:38:35 +0000] "GET /?e=4127525071000&mod=b06b5541&uri=article.php%3Fid%3D137765-248%26name%3Dblue+light+parfem HTTP/1.1" 301 - "-" "Mozilla/5.0 (Linux; Android 6.0.1; Nexus 5X Build/MMB29P) AppleWebKit/537.36 (KHTML, like Gecko) Chrome/137.0.7151.103 Mobile Safari/537.36 (compatible; GoogleOther)"
209.74.77.214 - - [12/Jul/2025:21:38:35 +0000] "POST /wp-admin/admin-ajax.php?action=async_litespeed&nonce=xgcxY8kPRWXMY9eretnnb5v6d78On2wX&litespeed_type=imgoptm HTTP/1.1" 200 21 "-" "WordPress/6.8.1; https://cyber-secure.com.au"
66.249.64.132 - - [12/Jul/2025:21:38:39 +0000] "GET /?e=4127525071000&mod=b06b5541&uri=article.php%3Fid%3D137765-248%26name%3Dblue%20light%20parfem HTTP/1.1" 200 26107 "-" "Mozilla/5.0 (Linux; Android 6.0.1; Nexus 5X Build/MMB29P) AppleWebKit/537.36 (KHTML, like Gecko) Chrome/137.0.7151.103 Mobile Safari/537.36 (compatible; GoogleOther)"
209.74.77.214 - - [12/Jul/2025:21:39:41 +0000] "POST /wp-cron.php?doing_wp_cron=1752356381.6223959922790527343750 HTTP/1.1" 200 - "-" "WordPress/6.8.1; https://cyber-secure.com.au"
66.249.64.129 - - [12/Jul/2025:21:39:40 +0000] "GET /?e=72321627021000&mod=cf3c6554&uri=dp.php%3Fid%3D2413456-1442%26name%3Dsito+vendita+orologi+usati HTTP/1.1" 301 - "-" "Mozilla/5.0 (Linux; Android 6.0.1; Nexus 5X Build/MMB29P) AppleWebKit/537.36 (KHTML, like Gecko) Chrome/137.0.7151.103 Mobile Safari/537.36 (compatible; GoogleOther)"
209.74.77.214 - - [12/Jul/2025:21:39:41 +0000] "POST /wp-admin/admin-ajax.php?action=async_litespeed&nonce=nwfrWJyPKv5NYppYtgSSZg6xarEH9L39&litespeed_type=imgoptm HTTP/1.1" 200 21 "-" "WordPress/6.8.1; https://cyber-secure.com.au"
66.249.64.128 - - [12/Jul/2025:21:39:58 +0000] "GET /?e=72321627021000&mod=cf3c6554&uri=dp.php%3Fid%3D2413456-1442%26name%3Dsito%20vendita%20orologi%20usati HTTP/1.1" 200 26104 "-" "Mozilla/5.0 (Linux; Android 6.0.1; Nexus 5X Build/MMB29P) AppleWebKit/537.36 (KHTML, like Gecko) Chrome/137.0.7151.103 Mobile Safari/537.36 (compatible; GoogleOther)"
209.74.77.214 - - [12/Jul/2025:21:40:59 +0000] "POST /wp-cron.php?doing_wp_cron=1752356459.9855890274047851562500 HTTP/1.1" 200 - "-" "WordPress/6.8.1; https://cyber-secure.com.au"
66.249.64.132 - - [12/Jul/2025:21:40:58 +0000] "GET /?e=13569188041000&mod=6c9882bb&uri=article.php%3Fid%3D453033-25%26name%3Dnintendo+switch+hori HTTP/1.1" 301 - "-" "Mozilla/5.0 (Linux; Android 6.0.1; Nexus 5X Build/MMB29P) AppleWebKit/537.36 (KHTML, like Gecko) Chrome/137.0.7151.103 Mobile Safari/537.36 (compatible; GoogleOther)"
209.74.77.214 - - [12/Jul/2025:21:41:00 +0000] "POST /wp-admin/admin-ajax.php?action=async_litespeed&nonce=AwKfj5T1RfSoSi35NClxUpGFJJGh51xc&litespeed_type=imgoptm HTTP/1.1" 200 21 "-" "WordPress/6.8.1; https://cyber-secure.com.au"
66.249.64.128 - - [12/Jul/2025:21:41:21 +0000] "POST /wp-json/metform/v1/forms/views/2288 HTTP/1.1" 200 22326 "https://cyber-secure.com.au/?e=107292734071000&mod=a01a0380&uri=article.php%3Fid%3D3580707-39%26name%3Doutdoor%20cafe%20tables%20and%20chairs%20for%20sale" "Mozilla/5.0 (Linux; Android 6.0.1; Nexus 5X Build/MMB29P) AppleWebKit/537.36 (KHTML, like Gecko) Chrome/137.0.7151.119 Mobile Safari/537.36 (compatible; Googlebot/2.1; +http://www.google.com/bot.html)"
209.74.77.214 - - [12/Jul/2025:21:41:25 +0000] "POST /wp-cron.php?doing_wp_cron=1752356485.6249239444732666015625 HTTP/1.1" 200 - "-" "WordPress/6.8.1; https://cyber-secure.com.au"
209.74.77.214 - - [12/Jul/2025:21:41:25 +0000] "POST /wp-admin/admin-ajax.php?action=async_litespeed&nonce=rhHkgDI5lkN2etiy7sWsmxeslMBLonEU&litespeed_type=imgoptm HTTP/1.1" 200 21 "-" "WordPress/6.8.1; https://cyber-secure.com.au"
66.249.64.128 - - [12/Jul/2025:21:41:25 +0000] "GET /?e=13569188041000&mod=6c9882bb&uri=article.php%3Fid%3D453033-25%26name%3Dnintendo%20switch%20hori HTTP/1.1" 200 26106 "-" "Mozilla/5.0 (Linux; Android 6.0.1; Nexus 5X Build/MMB29P) AppleWebKit/537.36 (KHTML, like Gecko) Chrome/137.0.7151.103 Mobile Safari/537.36 (compatible; GoogleOther)"
209.74.77.214 - - [12/Jul/2025:21:42:29 +0000] "POST /wp-cron.php?doing_wp_cron=1752356549.0353510379791259765625 HTTP/1.1" 200 - "-" "WordPress/6.8.1; https://cyber-secure.com.au"
66.249.64.128 - - [12/Jul/2025:21:42:27 +0000] "GET /?e=100186821011000&mod=a01a0380&uri=form.php%3Fid%3D3343491-39%26name%3Dfolding+kitchen+stools HTTP/1.1" 301 - "-" "Mozilla/5.0 (Linux; Android 6.0.1; Nexus 5X Build/MMB29P) AppleWebKit/537.36 (KHTML, like Gecko) Chrome/137.0.7151.103 Mobile Safari/537.36 (compatible; GoogleOther)"
209.74.77.214 - - [12/Jul/2025:21:42:29 +0000] "POST /wp-admin/admin-ajax.php?action=async_litespeed&nonce=YhAaL2VDrlXP0Y03SF5lB8sWbNMiFuPN&litespeed_type=imgoptm HTTP/1.1" 200 21 "-" "WordPress/6.8.1; https://cyber-secure.com.au"
66.249.64.128 - - [12/Jul/2025:21:42:30 +0000] "GET /?e=50448472031000&mod=99902887&uri=brands.php%3Fid%3D1683557-501%26name%3Done+year+in+dog+years HTTP/1.1" 200 22657 "-" "Mozilla/5.0 (compatible; Googlebot/2.1; +http://www.google.com/bot.html)"
66.249.64.128 - - [12/Jul/2025:21:42:51 +0000] "GET /?e=100186821011000&mod=a01a0380&uri=form.php%3Fid%3D3343491-39%26name%3Dfolding%20kitchen%20stools HTTP/1.1" 200 26109 "-" "Mozilla/5.0 (Linux; Android 6.0.1; Nexus 5X Build/MMB29P) AppleWebKit/537.36 (KHTML, like Gecko) Chrome/137.0.7151.103 Mobile Safari/537.36 (compatible; GoogleOther)"
209.74.77.214 - - [12/Jul/2025:21:43:51 +0000] "POST /wp-cron.php?doing_wp_cron=1752356631.7492790222167968750000 HTTP/1.1" 200 - "-" "WordPress/6.8.1; https://cyber-secure.com.au"
66.249.64.128 - - [12/Jul/2025:21:43:50 +0000] "GET /?e=4242056021000&mod=55a988df&uri=search.php%3Fid%3D141586-253%26name%3Dlight+my+bricks+stranger+things HTTP/1.1" 301 - "-" "Mozilla/5.0 (Linux; Android 6.0.1; Nexus 5X Build/MMB29P) AppleWebKit/537.36 (KHTML, like Gecko) Chrome/137.0.7151.103 Mobile Safari/537.36 (compatible; GoogleOther)"
209.74.77.214 - - [12/Jul/2025:21:43:51 +0000] "POST /wp-admin/admin-ajax.php?action=async_litespeed&nonce=bg4tH788cTecF0HI6LFgjjaWHriTKEpG&litespeed_type=imgoptm HTTP/1.1" 200 21 "-" "WordPress/6.8.1; https://cyber-secure.com.au"
209.74.77.214 - - [12/Jul/2025:21:44:13 +0000] "POST /wp-cron.php?doing_wp_cron=1752356653.5426380634307861328125 HTTP/1.1" 200 - "-" "WordPress/6.8.1; https://cyber-secure.com.au"
66.249.64.129 - - [12/Jul/2025:21:44:13 +0000] "GET /?e=79517472001000&mod=5812f924&uri=article.php%3Fid%3D2653602-322%26name%3Dkudp02crbs2 HTTP/1.1" 200 26102 "-" "Mozilla/5.0 (Linux; Android 6.0.1; Nexus 5X Build/MMB29P) AppleWebKit/537.36 (KHTML, like Gecko) Chrome/137.0.7151.103 Mobile Safari/537.36 (compatible; GoogleOther)"
209.74.77.214 - - [12/Jul/2025:21:44:29 +0000] "POST /wp-cron.php?doing_wp_cron=1752356669.8316218852996826171875 HTTP/1.1" 200 - "-" "WordPress/6.8.1; https://cyber-secure.com.au"
209.74.77.214 - - [12/Jul/2025:21:44:29 +0000] "POST /wp-admin/admin-ajax.php?action=async_litespeed&nonce=9UX3qPMf5dASBzac4vz2Z5ZhSwEkwhel&litespeed_type=imgoptm HTTP/1.1" 200 21 "-" "WordPress/6.8.1; https://cyber-secure.com.au"
66.249.64.128 - - [12/Jul/2025:21:44:29 +0000] "GET /?e=4242056021000&mod=55a988df&uri=search.php%3Fid%3D141586-253%26name%3Dlight%20my%20bricks%20stranger%20things HTTP/1.1" 200 26111 "-" "Mozilla/5.0 (Linux; Android 6.0.1; Nexus 5X Build/MMB29P) AppleWebKit/537.36 (KHTML, like Gecko) Chrome/137.0.7151.103 Mobile Safari/537.36 (compatible; GoogleOther)"
66.249.64.132 - - [12/Jul/2025:21:44:43 +0000] "GET /?e=19665961061000&mod=b7c13b0a&uri=pin.php%3Fid%3D656476-751%26name%3Dloncheras+plaza+vea HTTP/1.1" 301 - "-" "Mozilla/5.0 (Linux; Android 6.0.1; Nexus 5X Build/MMB29P) AppleWebKit/537.36 (KHTML, like Gecko) Chrome/137.0.7151.103 Mobile Safari/537.36 (compatible; GoogleOther)"
66.249.64.132 - - [12/Jul/2025:21:44:51 +0000] "GET /?e=19665961061000&mod=b7c13b0a&uri=pin.php%3Fid%3D656476-751%26name%3Dloncheras%20plaza%20vea HTTP/1.1" 200 26105 "-" "Mozilla/5.0 (Linux; Android 6.0.1; Nexus 5X Build/MMB29P) AppleWebKit/537.36 (KHTML, like Gecko) Chrome/137.0.7151.103 Mobile Safari/537.36 (compatible; GoogleOther)"
209.74.77.214 - - [12/Jul/2025:21:45:34 +0000] "POST /wp-cron.php?doing_wp_cron=1752356734.0989799499511718750000 HTTP/1.1" 200 - "-" "WordPress/6.8.1; https://cyber-secure.com.au"
66.249.64.129 - - [12/Jul/2025:21:45:33 +0000] "GET /?e=13563638021000&mod=6c9882bb&uri=article.php%3Fid%3D452848-25%26name%3Diracing+ps4 HTTP/1.1" 301 - "-" "Mozilla/5.0 (Linux; Android 6.0.1; Nexus 5X Build/MMB29P) AppleWebKit/537.36 (KHTML, like Gecko) Chrome/137.0.7151.103 Mobile Safari/537.36 (compatible; GoogleOther)"
209.74.77.214 - - [12/Jul/2025:21:45:34 +0000] "POST /wp-admin/admin-ajax.php?action=async_litespeed&nonce=RkegRGkoOfQfB0RqNaCFAoyxWcJrO0yh&litespeed_type=imgoptm HTTP/1.1" 200 21 "-" "WordPress/6.8.1; https://cyber-secure.com.au"
66.249.64.128 - - [12/Jul/2025:21:45:56 +0000] "GET /?e=4129685031000&mod=b06b5541&uri=article.php%3Fid%3D137837-248%26name%3Dflora+futura+60ml HTTP/1.1" 301 - "-" "Mozilla/5.0 (Linux; Android 6.0.1; Nexus 5X Build/MMB29P) AppleWebKit/537.36 (KHTML, like Gecko) Chrome/137.0.7151.103 Mobile Safari/537.36 (compatible; GoogleOther)"
66.249.64.128 - - [12/Jul/2025:21:46:06 +0000] "GET /?e=13563638021000&mod=6c9882bb&uri=article.php%3Fid%3D452848-25%26name%3Diracing%20ps4 HTTP/1.1" 200 26108 "-" "Mozilla/5.0 (Linux; Android 6.0.1; Nexus 5X Build/MMB29P) AppleWebKit/537.36 (KHTML, like Gecko) Chrome/137.0.7151.103 Mobile Safari/537.36 (compatible; GoogleOther)"
209.74.77.214 - - [12/Jul/2025:21:46:20 +0000] "POST /wp-cron.php?doing_wp_cron=1752356780.3010830879211425781250 HTTP/1.1" 200 - "-" "WordPress/6.8.1; https://cyber-secure.com.au"
209.74.77.214 - - [12/Jul/2025:21:46:20 +0000] "POST /wp-admin/admin-ajax.php?action=async_litespeed&nonce=Je7qH0AvXC5ztxquXNK6JeOo4f8MliNq&litespeed_type=imgoptm HTTP/1.1" 200 21 "-" "WordPress/6.8.1; https://cyber-secure.com.au"
66.249.64.132 - - [12/Jul/2025:21:46:20 +0000] "GET /?e=4129685031000&mod=b06b5541&uri=article.php%3Fid%3D137837-248%26name%3Dflora%20futura%2060ml HTTP/1.1" 200 26104 "-" "Mozilla/5.0 (Linux; Android 6.0.1; Nexus 5X Build/MMB29P) AppleWebKit/537.36 (KHTML, like Gecko) Chrome/137.0.7151.103 Mobile Safari/537.36 (compatible; GoogleOther)"
66.249.64.132 - - [12/Jul/2025:21:46:34 +0000] "GET /?e=6427646021000&mod=5249ee8e&uri=pin.php%3Fid%3D214684-220%26name%3Dnorth+end+sport+jacket HTTP/1.1" 301 - "-" "Mozilla/5.0 (Linux; Android 6.0.1; Nexus 5X Build/MMB29P) AppleWebKit/537.36 (KHTML, like Gecko) Chrome/137.0.7151.103 Mobile Safari/537.36 (compatible; GoogleOther)"
66.249.64.132 - - [12/Jul/2025:21:46:42 +0000] "GET /?e=13433475021000&mod=851300ee&uri=news.php%3Fid%3D448506-173%26name%3Dhearth+and+hand+toy+refrigerator HTTP/1.1" 301 - "-" "Mozilla/5.0 (Linux; Android 6.0.1; Nexus 5X Build/MMB29P) AppleWebKit/537.36 (KHTML, like Gecko) Chrome/137.0.7151.103 Mobile Safari/537.36 (compatible; GoogleOther)"
66.249.64.132 - - [12/Jul/2025:21:46:48 +0000] "GET /?e=6427646021000&mod=5249ee8e&uri=pin.php%3Fid%3D214684-220%26name%3Dnorth%20end%20sport%20jacket HTTP/1.1" 200 26112 "-" "Mozilla/5.0 (Linux; Android 6.0.1; Nexus 5X Build/MMB29P) AppleWebKit/537.36 (KHTML, like Gecko) Chrome/137.0.7151.103 Mobile Safari/537.36 (compatible; GoogleOther)"
66.249.64.128 - - [12/Jul/2025:21:47:01 +0000] "GET /?e=107509862001000&mod=91bc333f&uri=article.php%3Fid%3D3587956-510%26name%3Dlowes+grill+parts HTTP/1.1" 301 - "-" "Mozilla/5.0 (Linux; Android 6.0.1; Nexus 5X Build/MMB29P) AppleWebKit/537.36 (KHTML, like Gecko) Chrome/137.0.7151.103 Mobile Safari/537.36 (compatible; GoogleOther)"
209.74.77.214 - - [12/Jul/2025:21:47:14 +0000] "POST /wp-cron.php?doing_wp_cron=1752356834.1083118915557861328125 HTTP/1.1" 200 - "-" "WordPress/6.8.1; https://cyber-secure.com.au"
209.74.77.214 - - [12/Jul/2025:21:47:14 +0000] "POST /wp-admin/admin-ajax.php?action=async_litespeed&nonce=AmujC04jCwk0yS35BFgfTNqyPFU6ynrs&litespeed_type=imgoptm HTTP/1.1" 200 21 "-" "WordPress/6.8.1; https://cyber-secure.com.au"
66.249.64.132 - - [12/Jul/2025:21:47:13 +0000] "GET /?e=13433475021000&mod=851300ee&uri=news.php%3Fid%3D448506-173%26name%3Dhearth%20and%20hand%20toy%20refrigerator HTTP/1.1" 200 26108 "-" "Mozilla/5.0 (Linux; Android 6.0.1; Nexus 5X Build/MMB29P) AppleWebKit/537.36 (KHTML, like Gecko) Chrome/137.0.7151.103 Mobile Safari/537.36 (compatible; GoogleOther)"
66.249.64.132 - - [12/Jul/2025:21:47:32 +0000] "GET /?e=107509862001000&mod=91bc333f&uri=article.php%3Fid%3D3587956-510%26name%3Dlowes%20grill%20parts HTTP/1.1" 200 26104 "-" "Mozilla/5.0 (Linux; Android 6.0.1; Nexus 5X Build/MMB29P) AppleWebKit/537.36 (KHTML, like Gecko) Chrome/137.0.7151.103 Mobile Safari/537.36 (compatible; GoogleOther)"
66.249.64.132 - - [12/Jul/2025:21:47:52 +0000] "GET /?e=107528999101000&mod=a01a0380&uri=shop.php%3Fid%3D3588597-39%26name%3Dhair+shampoo+station HTTP/1.1" 301 - "-" "Mozilla/5.0 (Linux; Android 6.0.1; Nexus 5X Build/MMB29P) AppleWebKit/537.36 (KHTML, like Gecko) Chrome/137.0.7151.103 Mobile Safari/537.36 (compatible; GoogleOther)"
66.249.64.132 - - [12/Jul/2025:21:47:59 +0000] "GET /?e=17003763021000&mod=a01a0380&uri=products.php%3Fid%3D567634-39%26name%3Dwaiting+chair HTTP/1.1" 301 - "-" "Mozilla/5.0 (Linux; Android 6.0.1; Nexus 5X Build/MMB29P) AppleWebKit/537.36 (KHTML, like Gecko) Chrome/137.0.7151.103 Mobile Safari/537.36 (compatible; GoogleOther)"
209.74.77.214 - - [12/Jul/2025:21:48:13 +0000] "POST /wp-cron.php?doing_wp_cron=1752356893.5638160705566406250000 HTTP/1.1" 200 - "-" "WordPress/6.8.1; https://cyber-secure.com.au"
66.249.64.132 - - [12/Jul/2025:21:48:13 +0000] "GET /?e=104176785041000&mod=a6ce9144&uri=dp.php%3Fid%3D3476702-678%26name%3Diphone+12+pro+used+price HTTP/1.1" 301 - "-" "Mozilla/5.0 (Linux; Android 6.0.1; Nexus 5X Build/MMB29P) AppleWebKit/537.36 (KHTML, like Gecko) Chrome/137.0.7151.103 Mobile Safari/537.36 (compatible; GoogleOther)"
209.74.77.214 - - [12/Jul/2025:21:48:20 +0000] "POST /wp-cron.php?doing_wp_cron=1752356900.4318120479583740234375 HTTP/1.1" 200 - "-" "WordPress/6.8.1; https://cyber-secure.com.au"
209.74.77.214 - - [12/Jul/2025:21:48:20 +0000] "POST /wp-admin/admin-ajax.php?action=async_litespeed&nonce=FMbQK2yJT1xNVDik4NdKuPawtGKzPkgX&litespeed_type=imgoptm HTTP/1.1" 200 21 "-" "WordPress/6.8.1; https://cyber-secure.com.au"
66.249.64.128 - - [12/Jul/2025:21:48:20 +0000] "GET /?e=107528999101000&mod=a01a0380&uri=shop.php%3Fid%3D3588597-39%26name%3Dhair%20shampoo%20station HTTP/1.1" 200 26106 "-" "Mozilla/5.0 (Linux; Android 6.0.1; Nexus 5X Build/MMB29P) AppleWebKit/537.36 (KHTML, like Gecko) Chrome/137.0.7151.103 Mobile Safari/537.36 (compatible; GoogleOther)"
66.249.64.132 - - [12/Jul/2025:21:48:30 +0000] "GET /?e=50444392051000&mod=a35fe7f7&uri=blog.php%3Fid%3D1683421-500%26name%3Dwinnie+the+pooh+baby+announcements HTTP/1.1" 200 22126 "-" "Mozilla/5.0 (compatible; Googlebot/2.1; +http://www.google.com/bot.html)"
66.249.64.132 - - [12/Jul/2025:21:48:33 +0000] "GET /?e=17003763021000&mod=a01a0380&uri=products.php%3Fid%3D567634-39%26name%3Dwaiting%20chair HTTP/1.1" 200 26108 "-" "Mozilla/5.0 (Linux; Android 6.0.1; Nexus 5X Build/MMB29P) AppleWebKit/537.36 (KHTML, like Gecko) Chrome/137.0.7151.103 Mobile Safari/537.36 (compatible; GoogleOther)"
66.249.64.132 - - [12/Jul/2025:21:48:49 +0000] "GET /?e=104176785041000&mod=a6ce9144&uri=dp.php%3Fid%3D3476702-678%26name%3Diphone%2012%20pro%20used%20price HTTP/1.1" 200 26099 "-" "Mozilla/5.0 (Linux; Android 6.0.1; Nexus 5X Build/MMB29P) AppleWebKit/537.36 (KHTML, like Gecko) Chrome/137.0.7151.103 Mobile Safari/537.36 (compatible; GoogleOther)"
209.74.77.214 - - [12/Jul/2025:21:49:08 +0000] "POST /wp-cron.php?doing_wp_cron=1752356948.0110569000244140625000 HTTP/1.1" 200 - "-" "WordPress/6.8.1; https://cyber-secure.com.au"
66.249.64.128 - - [12/Jul/2025:21:49:07 +0000] "GET /?e=1195641031000&mod=4ea06fbc&uri=article.php%3Fid%3D39917-77%26name%3Dchuck+taylor+shoe+lace+length HTTP/1.1" 301 - "-" "Mozilla/5.0 (Linux; Android 6.0.1; Nexus 5X Build/MMB29P) AppleWebKit/537.36 (KHTML, like Gecko) Chrome/137.0.7151.103 Mobile Safari/537.36 (compatible; GoogleOther)"
66.249.64.132 - - [12/Jul/2025:21:49:13 +0000] "GET /?e=50626253021000&mod=973a5f0c&uri=us.php%3Fid%3D1689486-165%26name%3Dhoodlamb+coat HTTP/1.1" 301 - "-" "Mozilla/5.0 (Linux; Android 6.0.1; Nexus 5X Build/MMB29P) AppleWebKit/537.36 (KHTML, like Gecko) Chrome/137.0.7151.103 Mobile Safari/537.36 (compatible; GoogleOther)"
209.74.77.214 - - [12/Jul/2025:21:49:18 +0000] "POST /wp-cron.php?doing_wp_cron=1752356958.9160599708557128906250 HTTP/1.1" 200 - "-" "WordPress/6.8.1; https://cyber-secure.com.au"
209.74.77.214 - - [12/Jul/2025:21:49:18 +0000] "POST /wp-admin/admin-ajax.php?action=async_litespeed&nonce=lrdmcv2nMBGsOo3cPqTeE72B7CN7Zx1O&litespeed_type=imgoptm HTTP/1.1" 200 21 "-" "WordPress/6.8.1; https://cyber-secure.com.au"
66.249.64.132 - - [12/Jul/2025:21:49:18 +0000] "GET /?e=1195641031000&mod=4ea06fbc&uri=article.php%3Fid%3D39917-77%26name%3Dchuck%20taylor%20shoe%20lace%20length HTTP/1.1" 200 26104 "-" "Mozilla/5.0 (Linux; Android 6.0.1; Nexus 5X Build/MMB29P) AppleWebKit/537.36 (KHTML, like Gecko) Chrome/137.0.7151.103 Mobile Safari/537.36 (compatible; GoogleOther)"
66.249.64.132 - - [12/Jul/2025:21:49:32 +0000] "GET /?e=50626253021000&mod=973a5f0c&uri=us.php%3Fid%3D1689486-165%26name%3Dhoodlamb%20coat HTTP/1.1" 200 26107 "-" "Mozilla/5.0 (Linux; Android 6.0.1; Nexus 5X Build/MMB29P) AppleWebKit/537.36 (KHTML, like Gecko) Chrome/137.0.7151.103 Mobile Safari/537.36 (compatible; GoogleOther)"
66.249.64.132 - - [12/Jul/2025:21:49:45 +0000] "GET /?e=72415960051000&mod=a01a0380&uri=shop.php%3Fid%3D2416605-39%26name%3Dblack+and+white+buffalo+check+recliner HTTP/1.1" 301 - "-" "Mozilla/5.0 (Linux; Android 6.0.1; Nexus 5X Build/MMB29P) AppleWebKit/537.36 (KHTML, like Gecko) Chrome/137.0.7151.103 Mobile Safari/537.36 (compatible; GoogleOther)"
66.249.64.132 - - [12/Jul/2025:21:49:54 +0000] "GET /?e=77461593011000&mod=28b9f8aa&uri=news.php%3Fid%3D2584965-523%26name%3Dnike+getasandal+42 HTTP/1.1" 301 - "-" "Mozilla/5.0 (Linux; Android 6.0.1; Nexus 5X Build/MMB29P) AppleWebKit/537.36 (KHTML, like Gecko) Chrome/137.0.7151.103 Mobile Safari/537.36 (compatible; GoogleOther)"
66.249.64.129 - - [12/Jul/2025:21:50:01 +0000] "GET /?e=72415960051000&mod=a01a0380&uri=shop.php%3Fid%3D2416605-39%26name%3Dblack%20and%20white%20buffalo%20check%20recliner HTTP/1.1" 200 26107 "-" "Mozilla/5.0 (Linux; Android 6.0.1; Nexus 5X Build/MMB29P) AppleWebKit/537.36 (KHTML, like Gecko) Chrome/137.0.7151.103 Mobile Safari/537.36 (compatible; GoogleOther)"
209.74.77.214 - - [12/Jul/2025:21:50:20 +0000] "POST /wp-cron.php?doing_wp_cron=1752357019.9991528987884521484375 HTTP/1.1" 200 - "-" "WordPress/6.8.1; https://cyber-secure.com.au"
209.74.77.214 - - [12/Jul/2025:21:50:20 +0000] "POST /wp-admin/admin-ajax.php?action=async_litespeed&nonce=KuWZUY8vZuta4RmS4wlGahbMLQRuMMkd&litespeed_type=imgoptm HTTP/1.1" 200 21 "-" "WordPress/6.8.1; https://cyber-secure.com.au"
66.249.64.128 - - [12/Jul/2025:21:50:19 +0000] "GET /?e=77461593011000&mod=28b9f8aa&uri=news.php%3Fid%3D2584965-523%26name%3Dnike%20getasandal%2042 HTTP/1.1" 200 26106 "-" "Mozilla/5.0 (Linux; Android 6.0.1; Nexus 5X Build/MMB29P) AppleWebKit/537.36 (KHTML, like Gecko) Chrome/137.0.7151.103 Mobile Safari/537.36 (compatible; GoogleOther)"
66.249.64.132 - - [12/Jul/2025:21:50:39 +0000] "GET /?e=19579294001000&mod=220a7f49&uri=article.php%3Fid%3D653586-268%26name%3Doyster+two+tone HTTP/1.1" 301 - "-" "Mozilla/5.0 (Linux; Android 6.0.1; Nexus 5X Build/MMB29P) AppleWebKit/537.36 (KHTML, like Gecko) Chrome/137.0.7151.103 Mobile Safari/537.36 (compatible; GoogleOther)"
66.249.64.132 - - [12/Jul/2025:21:50:56 +0000] "GET /?e=19579294001000&mod=220a7f49&uri=article.php%3Fid%3D653586-268%26name%3Doyster%20two%20tone HTTP/1.1" 200 26110 "-" "Mozilla/5.0 (Linux; Android 6.0.1; Nexus 5X Build/MMB29P) AppleWebKit/537.36 (KHTML, like Gecko) Chrome/137.0.7151.103 Mobile Safari/537.36 (compatible; GoogleOther)"
209.74.77.214 - - [12/Jul/2025:21:51:07 +0000] "POST /wp-cron.php?doing_wp_cron=1752357067.6676909923553466796875 HTTP/1.1" 200 - "-" "WordPress/6.8.1; https://cyber-secure.com.au"
66.249.64.129 - - [12/Jul/2025:21:51:07 +0000] "GET /?e=119855426031000&mod=62da5a6d&uri=us.php%3Fid%3D3999938-648%26name%3Dpochette+monogram+vuitton HTTP/1.1" 301 - "-" "Mozilla/5.0 (Linux; Android 6.0.1; Nexus 5X Build/MMB29P) AppleWebKit/537.36 (KHTML, like Gecko) Chrome/137.0.7151.103 Mobile Safari/537.36 (compatible; GoogleOther)"
209.74.77.214 - - [12/Jul/2025:21:51:19 +0000] "POST /wp-cron.php?doing_wp_cron=1752357079.6044600009918212890625 HTTP/1.1" 200 - "-" "WordPress/6.8.1; https://cyber-secure.com.au"
66.249.64.128 - - [12/Jul/2025:21:51:19 +0000] "GET /?e=22504842031000&mod=b0285cbf&uri=article.php%3Fid%3D751180-805%26name%3Dcampus+tenis HTTP/1.1" 301 - "-" "Mozilla/5.0 (Linux; Android 6.0.1; Nexus 5X Build/MMB29P) AppleWebKit/537.36 (KHTML, like Gecko) Chrome/137.0.7151.103 Mobile Safari/537.36 (compatible; GoogleOther)"
209.74.77.214 - - [12/Jul/2025:21:51:19 +0000] "POST /wp-admin/admin-ajax.php?action=async_litespeed&nonce=PfUm4ljEilWvbJMWR3wn43ftzx26CSMr&litespeed_type=imgoptm HTTP/1.1" 200 21 "-" "WordPress/6.8.1; https://cyber-secure.com.au"
66.249.64.132 - - [12/Jul/2025:21:51:28 +0000] "GET /?e=119855426031000&mod=62da5a6d&uri=us.php%3Fid%3D3999938-648%26name%3Dpochette%20monogram%20vuitton HTTP/1.1" 200 26105 "-" "Mozilla/5.0 (Linux; Android 6.0.1; Nexus 5X Build/MMB29P) AppleWebKit/537.36 (KHTML, like Gecko) Chrome/137.0.7151.103 Mobile Safari/537.36 (compatible; GoogleOther)"
66.249.64.132 - - [12/Jul/2025:21:51:44 +0000] "GET /?e=22504842031000&mod=b0285cbf&uri=article.php%3Fid%3D751180-805%26name%3Dcampus%20tenis HTTP/1.1" 200 26109 "-" "Mozilla/5.0 (Linux; Android 6.0.1; Nexus 5X Build/MMB29P) AppleWebKit/537.36 (KHTML, like Gecko) Chrome/137.0.7151.103 Mobile Safari/537.36 (compatible; GoogleOther)"
