Current File : /home/kelaby89/access-logs/jrncommunityhousing.charity.sixpack.studio-ssl_log |
69.171.249.1 - - [12/Jul/2025:12:51:00 +0000] "GET /robots.txt HTTP/1.1" 200 81 "-" "facebookexternalhit/1.1 (+http://www.facebook.com/externalhit_uatext.php)"
85.208.96.210 - - [12/Jul/2025:12:51:32 +0000] "GET /robots.txt HTTP/1.1" 200 95 "-" "Mozilla/5.0 (compatible; SemrushBot/7~bl; +http://www.semrush.com/bot.html)"
209.74.77.214 - - [12/Jul/2025:12:51:36 +0000] "POST /wp-cron.php?doing_wp_cron=1752324696.8631989955902099609375 HTTP/1.1" 200 - "-" "WordPress/6.8.1; https://jrncommunityhousing.charity"
185.191.171.5 - - [12/Jul/2025:12:51:35 +0000] "GET /donations/givewp-donation-form/ HTTP/1.1" 200 2008 "-" "Mozilla/5.0 (compatible; SemrushBot/7~bl; +http://www.semrush.com/bot.html)"
173.208.198.210 - - [12/Jul/2025:13:04:14 +0000] "GET /?testPage HTTP/1.1" 200 2000 "-" "Mozilla/5.0 (Windows NT 10.0; Win64; x64) AppleWebKit/537.36 (KHTML, like Gecko) Chrome/125.0.0.0 Safari/537.36"
209.74.77.214 - - [12/Jul/2025:13:23:44 +0000] "POST /wp-cron.php?doing_wp_cron=1752326624.8554520606994628906250 HTTP/1.1" 200 - "-" "WordPress/6.8.1; https://jrncommunityhousing.charity"
205.185.120.235 - - [12/Jul/2025:13:23:42 +0000] "GET /wp-login.php HTTP/1.1" 200 110732 "-" "Mozilla/5.0 (Macintosh; Intel Mac OS X 10.6; rv:31.0) Gecko/20100101 Firefox/31.0"
205.185.120.235 - - [12/Jul/2025:13:23:48 +0000] "POST /wp-login.php HTTP/1.1" 200 110988 "-" "Mozilla/5.0 (Macintosh; Intel Mac OS X 10.6; rv:31.0) Gecko/20100101 Firefox/31.0"
209.74.77.214 - - [12/Jul/2025:13:33:29 +0000] "POST /wp-cron.php?doing_wp_cron=1752327209.1545450687408447265625 HTTP/1.1" 200 - "-" "WordPress/6.8.1; https://jrncommunityhousing.charity"
103.179.191.51 - - [12/Jul/2025:13:33:26 +0000] "POST /xmlrpc.php HTTP/1.1" 200 403 "-" "Mozilla/5.0 (Windows NT 10.0; Win64; x64) AppleWebKit/537.36 (KHTML, like Gecko) Chrome/79.0.3945.117 Safari/537.36"
209.74.77.214 - - [12/Jul/2025:13:34:20 +0000] "POST /wp-cron.php?doing_wp_cron=1752327260.3710510730743408203125 HTTP/1.1" 200 - "-" "WordPress/6.8.1; https://jrncommunityhousing.charity"
178.128.239.177 - - [12/Jul/2025:13:34:18 +0000] "POST /xmlrpc.php HTTP/1.1" 200 403 "-" "Mozilla/5.0 (Windows NT 6.1; Win64; x64; rv:58.0) Gecko/20100101 Firefox/58.0"
209.74.77.214 - - [12/Jul/2025:14:17:11 +0000] "POST /wp-cron.php?doing_wp_cron=1752329831.5351469516754150390625 HTTP/1.1" 200 - "-" "WordPress/6.8.1; https://jrncommunityhousing.charity"
199.195.253.169 - - [12/Jul/2025:14:17:09 +0000] "GET /wp-login.php HTTP/1.1" 200 110732 "-" "Mozilla/5.0 (Windows NT 6.1; rv:30.0) Gecko/20100101 Firefox/30.0"
209.74.77.214 - - [12/Jul/2025:14:18:04 +0000] "POST /wp-cron.php?doing_wp_cron=1752329884.8743278980255126953125 HTTP/1.1" 200 - "-" "WordPress/6.8.1; https://jrncommunityhousing.charity"
199.195.253.169 - - [12/Jul/2025:14:18:03 +0000] "POST /wp-login.php HTTP/1.1" 200 110988 "-" "Mozilla/5.0 (Windows NT 6.1; rv:30.0) Gecko/20100101 Firefox/30.0"
173.252.87.1 - - [12/Jul/2025:14:21:21 +0000] "GET /robots.txt HTTP/1.1" 200 81 "-" "facebookexternalhit/1.1 (+http://www.facebook.com/externalhit_uatext.php)"
173.252.87.116 - - [12/Jul/2025:14:21:21 +0000] "GET / HTTP/1.1" 200 6340 "-" "facebookexternalhit/1.1 (+http://www.facebook.com/externalhit_uatext.php)"
173.252.87.6 - - [12/Jul/2025:14:21:22 +0000] "GET / HTTP/1.1" 200 6340 "-" "facebookexternalhit/1.1 (+http://www.facebook.com/externalhit_uatext.php)"
173.252.87.6 - - [12/Jul/2025:14:21:23 +0000] "GET / HTTP/1.1" 200 6340 "-" "facebookexternalhit/1.1 (+http://www.facebook.com/externalhit_uatext.php)"
173.252.127.9 - - [12/Jul/2025:14:23:46 +0000] "GET /?fbclid=IwZXh0bgNhZW0CMTEAAR4FjdlT0o717i-quxCRJ72kWZDrMagTwaA4Ie1y8x5n0HejMi5sBDdACZsOkQ_aem_CtoWqELzaJ7Bnw54vQf3zQ HTTP/1.1" 200 2105 "-" "Mozilla/5.0 (X11; Linux x86_64) AppleWebKit/537.36 (KHTML, like Gecko) Chrome/138.0.0.0 Safari/537.36"
173.252.127.9 - - [12/Jul/2025:14:23:47 +0000] "GET /wp-content/plugins/maintenance/load/css/style.css?ver=1741733776 HTTP/1.1" 200 3400 "https://jrncommunityhousing.charity/?fbclid=IwZXh0bgNhZW0CMTEAAR4FjdlT0o717i-quxCRJ72kWZDrMagTwaA4Ie1y8x5n0HejMi5sBDdACZsOkQ_aem_CtoWqELzaJ7Bnw54vQf3zQ" "Mozilla/5.0 (X11; Linux x86_64) AppleWebKit/537.36 (KHTML, like Gecko) Chrome/138.0.0.0 Safari/537.36"
173.252.127.9 - - [12/Jul/2025:14:23:47 +0000] "GET /wp-content/plugins/maintenance/load/css/fonts.css?ver=1741733776 HTTP/1.1" 200 10398 "https://jrncommunityhousing.charity/?fbclid=IwZXh0bgNhZW0CMTEAAR4FjdlT0o717i-quxCRJ72kWZDrMagTwaA4Ie1y8x5n0HejMi5sBDdACZsOkQ_aem_CtoWqELzaJ7Bnw54vQf3zQ" "Mozilla/5.0 (X11; Linux x86_64) AppleWebKit/537.36 (KHTML, like Gecko) Chrome/138.0.0.0 Safari/537.36"
173.252.127.9 - - [12/Jul/2025:14:23:47 +0000] "GET /wp-includes/js/jquery/jquery.min.js?ver=3.7.1 HTTP/1.1" 200 30368 "https://jrncommunityhousing.charity/?fbclid=IwZXh0bgNhZW0CMTEAAR4FjdlT0o717i-quxCRJ72kWZDrMagTwaA4Ie1y8x5n0HejMi5sBDdACZsOkQ_aem_CtoWqELzaJ7Bnw54vQf3zQ" "Mozilla/5.0 (X11; Linux x86_64) AppleWebKit/537.36 (KHTML, like Gecko) Chrome/138.0.0.0 Safari/537.36"
173.252.127.9 - - [12/Jul/2025:14:23:47 +0000] "GET /wp-content/uploads/2025/03/mt-sample-background.jpg HTTP/1.1" 200 217593 "https://jrncommunityhousing.charity/?fbclid=IwZXh0bgNhZW0CMTEAAR4FjdlT0o717i-quxCRJ72kWZDrMagTwaA4Ie1y8x5n0HejMi5sBDdACZsOkQ_aem_CtoWqELzaJ7Bnw54vQf3zQ" "Mozilla/5.0 (X11; Linux x86_64) AppleWebKit/537.36 (KHTML, like Gecko) Chrome/138.0.0.0 Safari/537.36"
173.252.127.9 - - [12/Jul/2025:14:23:47 +0000] "GET /wp-includes/js/jquery/jquery-migrate.min.js?ver=3.4.1 HTTP/1.1" 200 4872 "https://jrncommunityhousing.charity/?fbclid=IwZXh0bgNhZW0CMTEAAR4FjdlT0o717i-quxCRJ72kWZDrMagTwaA4Ie1y8x5n0HejMi5sBDdACZsOkQ_aem_CtoWqELzaJ7Bnw54vQf3zQ" "Mozilla/5.0 (X11; Linux x86_64) AppleWebKit/537.36 (KHTML, like Gecko) Chrome/138.0.0.0 Safari/537.36"
173.252.127.18 - - [12/Jul/2025:14:23:47 +0000] "GET /wp-content/plugins/maintenance/load/js/jquery.frontend.js?ver=1741733776 HTTP/1.1" 200 638 "https://jrncommunityhousing.charity/?fbclid=IwZXh0bgNhZW0CMTEAAR4FjdlT0o717i-quxCRJ72kWZDrMagTwaA4Ie1y8x5n0HejMi5sBDdACZsOkQ_aem_CtoWqELzaJ7Bnw54vQf3zQ" "Mozilla/5.0 (X11; Linux x86_64) AppleWebKit/537.36 (KHTML, like Gecko) Chrome/138.0.0.0 Safari/537.36"
173.252.127.9 - - [12/Jul/2025:14:23:48 +0000] "GET /wp-content/plugins/maintenance/load/fonts/foundation-icons.woff HTTP/1.1" 200 31683 "https://jrncommunityhousing.charity/wp-content/plugins/maintenance/load/css/fonts.css?ver=1741733776" "Mozilla/5.0 (X11; Linux x86_64) AppleWebKit/537.36 (KHTML, like Gecko) Chrome/138.0.0.0 Safari/537.36"
173.252.127.9 - - [12/Jul/2025:14:23:48 +0000] "GET /wp-content/uploads/2024/10/cropped-jrn_logo-32x32.png HTTP/1.1" 200 1138 "https://jrncommunityhousing.charity/?fbclid=IwZXh0bgNhZW0CMTEAAR4FjdlT0o717i-quxCRJ72kWZDrMagTwaA4Ie1y8x5n0HejMi5sBDdACZsOkQ_aem_CtoWqELzaJ7Bnw54vQf3zQ" "Mozilla/5.0 (X11; Linux x86_64) AppleWebKit/537.36 (KHTML, like Gecko) Chrome/138.0.0.0 Safari/537.36"
69.171.231.116 - - [12/Jul/2025:14:24:27 +0000] "GET /wp-content/uploads/2025/03/mt-sample-background.jpg HTTP/1.1" 200 217593 "-" "facebookexternalhit/1.1 (+http://www.facebook.com/externalhit_uatext.php)"
66.220.149.27 - - [12/Jul/2025:14:26:15 +0000] "GET /wp-content/uploads/2025/03/mt-sample-background.jpg HTTP/1.1" 200 217593 "-" "facebookexternalhit/1.1 (+http://www.facebook.com/externalhit_uatext.php)"
209.74.77.214 - - [12/Jul/2025:15:05:32 +0000] "POST /wp-cron.php?doing_wp_cron=1752332732.6674458980560302734375 HTTP/1.1" 200 - "-" "WordPress/6.8.1; https://jrncommunityhousing.charity"
134.17.14.12 - - [12/Jul/2025:15:05:30 +0000] "GET /wp-content/plugins/yanierin/akc.php?p= HTTP/1.1" 301 - "-" "Mozilla/5.0 (Windows NT 10.0; Win64; x64; rv:140.0) Gecko/20100101 Firefox/140.0"
134.17.14.12 - - [12/Jul/2025:15:05:33 +0000] "GET /wp-content/plugins/yanierin/akc.php HTTP/1.1" 404 2003 "-" "Mozilla/5.0 (Windows NT 10.0; Win64; x64; rv:140.0) Gecko/20100101 Firefox/140.0"
209.74.77.214 - - [12/Jul/2025:15:18:31 +0000] "POST /wp-cron.php?doing_wp_cron=1752333511.1761460304260253906250 HTTP/1.1" 200 - "-" "WordPress/6.8.1; https://jrncommunityhousing.charity"
185.89.4.202 - - [12/Jul/2025:15:18:28 +0000] "POST /xmlrpc.php HTTP/1.1" 200 403 "-" "Mozilla/5.0 (Windows NT 10.0; Win64; x64) AppleWebKit/537.36 (KHTML, like Gecko) Chrome/90.0.4430.93 Safari/537.36"
209.74.77.214 - - [12/Jul/2025:15:18:33 +0000] "POST /wp-cron.php?doing_wp_cron=1752333513.0971729755401611328125 HTTP/1.1" 200 - "-" "WordPress/6.8.1; https://jrncommunityhousing.charity"
51.178.146.199 - - [12/Jul/2025:15:18:32 +0000] "POST /xmlrpc.php HTTP/1.1" 200 403 "-" "Mozilla/5.0 (Linux; Android 6.0.1; RedMi Note 5 Build/RB3N5C; wv) AppleWebKit/537.36 (KHTML, like Gecko) Version/4.0 Chrome/68.0.3440.91 Mobile Safari/537.36"
86.110.243.240 - - [12/Jul/2025:15:18:42 +0000] "POST /xmlrpc.php HTTP/1.1" 200 403 "-" "Mozilla/5.0 (Windows NT 10.0; Win64; x64; rv:63.0) Gecko/20100101 Firefox/63.0"
205.210.31.21 - - [12/Jul/2025:15:30:51 +0000] "GET / HTTP/1.1" 200 6340 "http://209.74.77.214:80/" "-"
85.208.96.198 - - [12/Jul/2025:17:03:38 +0000] "GET /robots.txt HTTP/1.1" 200 95 "-" "Mozilla/5.0 (compatible; SemrushBot/7~bl; +http://www.semrush.com/bot.html)"
209.74.77.214 - - [12/Jul/2025:17:03:41 +0000] "POST /wp-cron.php?doing_wp_cron=1752339821.5082099437713623046875 HTTP/1.1" 200 - "-" "WordPress/6.8.1; https://jrncommunityhousing.charity"
185.191.171.2 - - [12/Jul/2025:17:03:39 +0000] "GET /category/climate-change/ HTTP/1.1" 200 2009 "-" "Mozilla/5.0 (compatible; SemrushBot/7~bl; +http://www.semrush.com/bot.html)"
209.74.77.214 - - [12/Jul/2025:17:14:22 +0000] "POST /wp-cron.php?doing_wp_cron=1752340462.2864589691162109375000 HTTP/1.1" 200 - "-" "WordPress/6.8.1; https://jrncommunityhousing.charity"
85.208.96.204 - - [12/Jul/2025:17:14:20 +0000] "GET /?i=44455957041970&mod=be9243a7&uri=news.php%3Fid%3D1483639-476%26name%3Dreloj%2Bdeportivo%2Bpara%2Bpadel HTTP/1.1" 200 2081 "-" "Mozilla/5.0 (compatible; SemrushBot/7~bl; +http://www.semrush.com/bot.html)"
209.74.77.214 - - [12/Jul/2025:17:16:17 +0000] "POST /wp-cron.php?doing_wp_cron=1752340577.3144860267639160156250 HTTP/1.1" 200 - "-" "WordPress/6.8.1; https://jrncommunityhousing.charity"
185.191.171.17 - - [12/Jul/2025:17:16:15 +0000] "GET /?i=44464602001970&mod=be9243a7&uri=pin.php%3Fid%3D1483928-476%26name%3Dlemfo%2Bm1%2Bamazon HTTP/1.1" 200 2073 "-" "Mozilla/5.0 (compatible; SemrushBot/7~bl; +http://www.semrush.com/bot.html)"
209.74.77.214 - - [12/Jul/2025:17:17:00 +0000] "POST /wp-cron.php?doing_wp_cron=1752340620.0745589733123779296875 HTTP/1.1" 200 - "-" "WordPress/6.8.1; https://jrncommunityhousing.charity"
185.191.171.11 - - [12/Jul/2025:17:16:58 +0000] "GET /?i=88704856041970&mod=aeb677b9&uri=product.php%3Fid%3D2960216-362%26name%3Dhigh%2Bwaisted%2Bsports%2Bleggings%2Buk HTTP/1.1" 200 2087 "-" "Mozilla/5.0 (compatible; SemrushBot/7~bl; +http://www.semrush.com/bot.html)"
209.74.77.214 - - [12/Jul/2025:17:18:35 +0000] "POST /wp-cron.php?doing_wp_cron=1752340715.7306320667266845703125 HTTP/1.1" 200 - "-" "WordPress/6.8.1; https://jrncommunityhousing.charity"
185.191.171.17 - - [12/Jul/2025:17:18:33 +0000] "GET /?i=99346877021970&mod=75a8e1da&uri=category-info.php%3Fid%3D3315460-1235%26name%3Doakley%2Bharmony%2Bfade%2Bgoggles HTTP/1.1" 200 2090 "-" "Mozilla/5.0 (compatible; SemrushBot/7~bl; +http://www.semrush.com/bot.html)"
209.74.77.214 - - [12/Jul/2025:17:19:44 +0000] "POST /wp-cron.php?doing_wp_cron=1752340784.7678120136260986328125 HTTP/1.1" 200 - "-" "WordPress/6.8.1; https://jrncommunityhousing.charity"
185.191.171.16 - - [12/Jul/2025:17:19:42 +0000] "GET /?i=104455536051970&mod=cab0c140&uri=shared.php%3Fid%3D3485999-482%26name%3Dbest%2Bmen%27s%2Bquarter%2Bzip%2Bpullover HTTP/1.1" 200 2090 "-" "Mozilla/5.0 (compatible; SemrushBot/7~bl; +http://www.semrush.com/bot.html)"
209.74.77.214 - - [12/Jul/2025:17:21:31 +0000] "POST /wp-cron.php?doing_wp_cron=1752340891.6498880386352539062500 HTTP/1.1" 200 - "-" "WordPress/6.8.1; https://jrncommunityhousing.charity"
185.191.171.2 - - [12/Jul/2025:17:21:29 +0000] "GET /?i=4669609041970&mod=46a62c34&uri=news.php%3Fid%3D155854-286%26name%3Dair%2Bforce%2Ball%2Bblack%2Bon%2Bfeet HTTP/1.1" 200 2082 "-" "Mozilla/5.0 (compatible; SemrushBot/7~bl; +http://www.semrush.com/bot.html)"
209.74.77.214 - - [12/Jul/2025:17:21:58 +0000] "POST /wp-cron.php?doing_wp_cron=1752340918.7419750690460205078125 HTTP/1.1" 200 - "-" "WordPress/6.8.1; https://jrncommunityhousing.charity"
85.208.96.202 - - [12/Jul/2025:17:21:58 +0000] "GET /?i=99183364001970&mod=a222da7a&uri=shop.php%3Fid%3D3309999-1606%26name%3Dyeezy%2B500%2Benflame%2Braffle HTTP/1.1" 200 2083 "-" "Mozilla/5.0 (compatible; SemrushBot/7~bl; +http://www.semrush.com/bot.html)"
209.74.77.214 - - [12/Jul/2025:17:24:25 +0000] "POST /wp-cron.php?doing_wp_cron=1752341065.2947149276733398437500 HTTP/1.1" 200 - "-" "WordPress/6.8.1; https://jrncommunityhousing.charity"
185.191.171.4 - - [12/Jul/2025:17:24:23 +0000] "GET /?i=18264480091970&mod=74a7ac36&uri=blog.php%3Fid%3D609702-398%26name%3Dlouis%2Bvuitton%2Bshoes%2Bshop%2Bonline HTTP/1.1" 200 2082 "-" "Mozilla/5.0 (compatible; SemrushBot/7~bl; +http://www.semrush.com/bot.html)"
209.74.77.214 - - [12/Jul/2025:17:25:06 +0000] "POST /wp-cron.php?doing_wp_cron=1752341106.4250049591064453125000 HTTP/1.1" 200 - "-" "WordPress/6.8.1; https://jrncommunityhousing.charity"
185.191.171.2 - - [12/Jul/2025:17:25:04 +0000] "GET /?i=28949144091970&mod=fe8946bd&uri=article.php%3Fid%3D966195-214%26name%3Dcores%2Bde%2Bcal%C3%83%C2%A7ados%2Bver%C3%83%C2%A3o%2B2019 HTTP/1.1" 200 2102 "-" "Mozilla/5.0 (compatible; SemrushBot/7~bl; +http://www.semrush.com/bot.html)"
209.74.77.214 - - [12/Jul/2025:17:27:09 +0000] "POST /wp-cron.php?doing_wp_cron=1752341229.8770039081573486328125 HTTP/1.1" 200 - "-" "WordPress/6.8.1; https://jrncommunityhousing.charity"
185.191.171.3 - - [12/Jul/2025:17:27:07 +0000] "GET /?i=96809453011970&mod=275d9158&uri=dp.php%3Fid%3D3230754-1587%26name%3Dnike%2Boscar%2Bfreire HTTP/1.1" 200 2075 "-" "Mozilla/5.0 (compatible; SemrushBot/7~bl; +http://www.semrush.com/bot.html)"
209.74.77.214 - - [12/Jul/2025:17:28:07 +0000] "POST /wp-cron.php?doing_wp_cron=1752341286.9893870353698730468750 HTTP/1.1" 200 - "-" "WordPress/6.8.1; https://jrncommunityhousing.charity"
85.208.96.209 - - [12/Jul/2025:17:28:05 +0000] "GET /?i=105710989001970&mod=dedec3aa&uri=brands.php%3Fid%3D3527929-1644%26name%3Dair%2Bforce%2Bones%2Bplatypus HTTP/1.1" 200 2082 "-" "Mozilla/5.0 (compatible; SemrushBot/7~bl; +http://www.semrush.com/bot.html)"
209.74.77.214 - - [12/Jul/2025:17:31:12 +0000] "POST /wp-cron.php?doing_wp_cron=1752341472.8014750480651855468750 HTTP/1.1" 200 - "-" "WordPress/6.8.1; https://jrncommunityhousing.charity"
85.208.96.203 - - [12/Jul/2025:17:31:10 +0000] "GET /?i=45683884011970&mod=6bdd63fb&uri=goods.php%3Fid%3D1524605-827%26name%3Dcortes%2Ben%2Bcapas%2Bcortas%2B2021 HTTP/1.1" 200 2084 "-" "Mozilla/5.0 (compatible; SemrushBot/7~bl; +http://www.semrush.com/bot.html)"
209.74.77.214 - - [12/Jul/2025:17:32:16 +0000] "POST /wp-cron.php?doing_wp_cron=1752341536.4086880683898925781250 HTTP/1.1" 200 - "-" "WordPress/6.8.1; https://jrncommunityhousing.charity"
85.208.96.212 - - [12/Jul/2025:17:32:14 +0000] "GET /?i=6957514001970&mod=36a53079&uri=news.php%3Fid%3D232358-392%26name%3Dhazard%2Bboots%2B2019 HTTP/1.1" 200 2073 "-" "Mozilla/5.0 (compatible; SemrushBot/7~bl; +http://www.semrush.com/bot.html)"
209.74.77.214 - - [12/Jul/2025:17:33:04 +0000] "POST /wp-cron.php?doing_wp_cron=1752341584.5912699699401855468750 HTTP/1.1" 200 - "-" "WordPress/6.8.1; https://jrncommunityhousing.charity"
185.191.171.7 - - [12/Jul/2025:17:33:02 +0000] "GET /?i=78264516061970&mod=7d436a10&uri=category-info.php%3Fid%3D2611775-1492%26name%3Dnike%2Bzoom%2Bvomero%2Brunning%2Bwarehouse HTTP/1.1" 200 2096 "-" "Mozilla/5.0 (compatible; SemrushBot/7~bl; +http://www.semrush.com/bot.html)"
209.74.77.214 - - [12/Jul/2025:17:37:41 +0000] "POST /wp-cron.php?doing_wp_cron=1752341861.4127800464630126953125 HTTP/1.1" 200 - "-" "WordPress/6.8.1; https://jrncommunityhousing.charity"
185.191.171.6 - - [12/Jul/2025:17:37:39 +0000] "GET /?i=36235629041970&mod=66f8c984&uri=shared.php%3Fid%3D1209394-99%26name%3Dadidas%2Bzx%2Bblack HTTP/1.1" 200 2073 "-" "Mozilla/5.0 (compatible; SemrushBot/7~bl; +http://www.semrush.com/bot.html)"
209.74.77.214 - - [12/Jul/2025:17:38:59 +0000] "POST /wp-cron.php?doing_wp_cron=1752341938.9897511005401611328125 HTTP/1.1" 200 - "-" "WordPress/6.8.1; https://jrncommunityhousing.charity"
85.208.96.193 - - [12/Jul/2025:17:38:57 +0000] "GET /?i=52815718001970&mod=6a14ada8&uri=search.php%3Fid%3D1762509-1301%26name%3Decco%2Bcanada%2Bchaussures HTTP/1.1" 200 2080 "-" "Mozilla/5.0 (compatible; SemrushBot/7~bl; +http://www.semrush.com/bot.html)"
209.74.77.214 - - [12/Jul/2025:17:39:43 +0000] "POST /wp-cron.php?doing_wp_cron=1752341983.0274589061737060546875 HTTP/1.1" 200 - "-" "WordPress/6.8.1; https://jrncommunityhousing.charity"
185.191.171.14 - - [12/Jul/2025:17:39:41 +0000] "GET /?i=51391719011970&mod=0178671b&uri=form.php%3Fid%3D1715015-1287%26name%3Dtory%2Bburch%2Bsport%2Bdress HTTP/1.1" 200 2079 "-" "Mozilla/5.0 (compatible; SemrushBot/7~bl; +http://www.semrush.com/bot.html)"
209.74.77.214 - - [12/Jul/2025:17:41:42 +0000] "POST /wp-cron.php?doing_wp_cron=1752342102.8515210151672363281250 HTTP/1.1" 200 - "-" "WordPress/6.8.1; https://jrncommunityhousing.charity"
185.191.171.19 - - [12/Jul/2025:17:41:40 +0000] "GET /?i=116144531001970&mod=df9e078b&uri=brands.php%3Fid%3D3876157-959%26name%3Dmercurial%2Bvapor%2Bx%2Bweight HTTP/1.1" 200 2081 "-" "Mozilla/5.0 (compatible; SemrushBot/7~bl; +http://www.semrush.com/bot.html)"
85.208.96.209 - - [12/Jul/2025:17:41:46 +0000] "GET /?i=73209395011970&mod=e6be7865&uri=search.php%3Fid%3D2443069-1456%26name%3Dr%2Bmax%2B95 HTTP/1.1" 200 2073 "-" "Mozilla/5.0 (compatible; SemrushBot/7~bl; +http://www.semrush.com/bot.html)"
209.74.77.214 - - [12/Jul/2025:17:43:46 +0000] "POST /wp-cron.php?doing_wp_cron=1752342226.1169760227203369140625 HTTP/1.1" 200 - "-" "WordPress/6.8.1; https://jrncommunityhousing.charity"
185.191.171.5 - - [12/Jul/2025:17:43:44 +0000] "GET /?i=49779704021970&mod=0e2f5008&uri=news.php%3Fid%3D1661240-466%26name%3Dvionic%2Bpacific%2Bcapitola HTTP/1.1" 200 2078 "-" "Mozilla/5.0 (compatible; SemrushBot/7~bl; +http://www.semrush.com/bot.html)"
216.73.216.81 - - [12/Jul/2025:17:44:01 +0000] "GET /robots.txt HTTP/1.1" 200 95 "-" "Mozilla/5.0 AppleWebKit/537.36 (KHTML, like Gecko; compatible; ClaudeBot/1.0; [email protected])"
209.74.77.214 - - [12/Jul/2025:17:44:02 +0000] "POST /wp-cron.php?doing_wp_cron=1752342242.0424430370330810546875 HTTP/1.1" 200 - "-" "WordPress/6.8.1; https://jrncommunityhousing.charity"
216.73.216.81 - - [12/Jul/2025:17:44:01 +0000] "GET / HTTP/1.1" 200 1993 "-" "Mozilla/5.0 AppleWebKit/537.36 (KHTML, like Gecko; compatible; ClaudeBot/1.0; [email protected])"
85.208.96.202 - - [12/Jul/2025:17:44:08 +0000] "GET /?i=16271786021970&mod=838d65ca&uri=blog.php%3Fid%3D543222-654%26name%3Dhugo%2Bboss%2Bpolyester%2Bpolo HTTP/1.1" 200 2078 "-" "Mozilla/5.0 (compatible; SemrushBot/7~bl; +http://www.semrush.com/bot.html)"
209.74.77.214 - - [12/Jul/2025:17:44:23 +0000] "POST /wp-cron.php?doing_wp_cron=1752342263.2500760555267333984375 HTTP/1.1" 200 - "-" "WordPress/6.8.1; https://jrncommunityhousing.charity"
185.191.171.14 - - [12/Jul/2025:17:44:22 +0000] "GET /?i=29415975021970&mod=6c1941a1&uri=shared.php%3Fid%3D981800-565%26name%3Dadidas%2Bzx%2B700%2Blacivert HTTP/1.1" 200 2079 "-" "Mozilla/5.0 (compatible; SemrushBot/7~bl; +http://www.semrush.com/bot.html)"
209.74.77.214 - - [12/Jul/2025:17:46:07 +0000] "POST /wp-cron.php?doing_wp_cron=1752342367.6664850711822509765625 HTTP/1.1" 200 - "-" "WordPress/6.8.1; https://jrncommunityhousing.charity"
85.208.96.204 - - [12/Jul/2025:17:46:05 +0000] "GET /?i=31948038021970&mod=ba882f2e&uri=form.php%3Fid%3D1066311-1008%26name%3Dzapatos%2Bpuma%2Bultima%2Bcoleccion%2Bquito HTTP/1.1" 200 2087 "-" "Mozilla/5.0 (compatible; SemrushBot/7~bl; +http://www.semrush.com/bot.html)"
209.74.77.214 - - [12/Jul/2025:17:49:00 +0000] "POST /wp-cron.php?doing_wp_cron=1752342540.6820960044860839843750 HTTP/1.1" 200 - "-" "WordPress/6.8.1; https://jrncommunityhousing.charity"
185.191.171.3 - - [12/Jul/2025:17:48:58 +0000] "GET /?i=108666402141970&mod=7ecc65d5&uri=form.php%3Fid%3D3626550-1659%26name%3Dbirkenstock%2Bflorida%2Bred HTTP/1.1" 200 2079 "-" "Mozilla/5.0 (compatible; SemrushBot/7~bl; +http://www.semrush.com/bot.html)"
185.191.171.13 - - [12/Jul/2025:17:49:15 +0000] "GET /?i=4592659091970&mod=34ac42f1&uri=itm.php%3Fid%3D153288-275%26name%3Dsize%2Bin%2Beu%2Bwomen%27s HTTP/1.1" 200 2077 "-" "Mozilla/5.0 (compatible; SemrushBot/7~bl; +http://www.semrush.com/bot.html)"
209.74.77.214 - - [12/Jul/2025:17:52:36 +0000] "POST /wp-cron.php?doing_wp_cron=1752342756.7339179515838623046875 HTTP/1.1" 200 - "-" "WordPress/6.8.1; https://jrncommunityhousing.charity"
85.208.96.203 - - [12/Jul/2025:17:52:34 +0000] "GET /?i=57246502101970&mod=8c8da38b&uri=pin.php%3Fid%3D1910346-876%26name%3D90s%2Bgangster%2Bclothes HTTP/1.1" 200 2078 "-" "Mozilla/5.0 (compatible; SemrushBot/7~bl; +http://www.semrush.com/bot.html)"
85.208.96.193 - - [12/Jul/2025:17:52:46 +0000] "GET /?i=22969529091970&mod=877d4d21&uri=shop.php%3Fid%3D766688-817%26name%3Dadidas%2Bspzl%2Bgilbraith%2Bovershirt HTTP/1.1" 200 2087 "-" "Mozilla/5.0 (compatible; SemrushBot/7~bl; +http://www.semrush.com/bot.html)"
205.185.118.101 - - [12/Jul/2025:17:55:05 +0000] "GET /wp-login.php HTTP/1.1" 200 110732 "-" "Mozilla/5.0 (Windows NT 6.0) AppleWebKit/537.36 (KHTML, like Gecko) Chrome/36.0.1985.125 Safari/537.36"
205.185.118.101 - - [12/Jul/2025:17:55:12 +0000] "POST /wp-login.php HTTP/1.1" 200 110988 "-" "Mozilla/5.0 (Windows NT 6.0) AppleWebKit/537.36 (KHTML, like Gecko) Chrome/36.0.1985.125 Safari/537.36"
209.74.77.214 - - [12/Jul/2025:17:56:51 +0000] "POST /wp-cron.php?doing_wp_cron=1752343011.0718059539794921875000 HTTP/1.1" 200 - "-" "WordPress/6.8.1; https://jrncommunityhousing.charity"
85.208.96.206 - - [12/Jul/2025:17:56:49 +0000] "GET /?i=72389393021970&mod=30c1e24d&uri=shared.php%3Fid%3D2415716-1433%26name%3Dtwo%2Bbirds%2Bshoes HTTP/1.1" 200 2076 "-" "Mozilla/5.0 (compatible; SemrushBot/7~bl; +http://www.semrush.com/bot.html)"
209.74.77.214 - - [12/Jul/2025:17:57:17 +0000] "POST /wp-cron.php?doing_wp_cron=1752343037.4064290523529052734375 HTTP/1.1" 200 - "-" "WordPress/6.8.1; https://jrncommunityhousing.charity"
185.191.171.8 - - [12/Jul/2025:17:57:17 +0000] "GET /?i=106940810021970&mod=23192426&uri=brands.php%3Fid%3D3568965-1649%26name%3Dpink%2Bgazelle%2Bsize HTTP/1.1" 200 2080 "-" "Mozilla/5.0 (compatible; SemrushBot/7~bl; +http://www.semrush.com/bot.html)"
209.74.77.214 - - [12/Jul/2025:17:57:33 +0000] "POST /wp-cron.php?doing_wp_cron=1752343053.6133799552917480468750 HTTP/1.1" 200 - "-" "WordPress/6.8.1; https://jrncommunityhousing.charity"
185.191.171.4 - - [12/Jul/2025:17:57:33 +0000] "GET /?i=47575990051970&mod=94d09ba9&uri=goods.php%3Fid%3D1587722-1247%26name%3Daerie%2Bsleep%2Bleggings HTTP/1.1" 200 2079 "-" "Mozilla/5.0 (compatible; SemrushBot/7~bl; +http://www.semrush.com/bot.html)"
185.191.171.10 - - [12/Jul/2025:17:57:41 +0000] "GET /?i=59447584001970&mod=4d731861&uri=news.php%3Fid%3D1983800-1357%26name%3Dgold%2Bring%2Bdesign%2Bfor%2Bman%2Bwithout%2Bstone HTTP/1.1" 200 2094 "-" "Mozilla/5.0 (compatible; SemrushBot/7~bl; +http://www.semrush.com/bot.html)"
85.208.96.206 - - [12/Jul/2025:17:57:43 +0000] "GET /?i=42205713121970&mod=2ddc0a2f&uri=dp.php%3Fid%3D1408581-1177%26name%3Dburberry%2Bfactory%2Boutlet%2B46 HTTP/1.1" 200 2081 "-" "Mozilla/5.0 (compatible; SemrushBot/7~bl; +http://www.semrush.com/bot.html)"
209.74.77.214 - - [12/Jul/2025:17:59:13 +0000] "POST /wp-cron.php?doing_wp_cron=1752343153.7904651165008544921875 HTTP/1.1" 200 - "-" "WordPress/6.8.1; https://jrncommunityhousing.charity"
85.208.96.211 - - [12/Jul/2025:17:59:11 +0000] "GET /?i=90341162021970&mod=1fa70a46&uri=dp.php%3Fid%3D3014819-1553%26name%3Done%2Bshoulder%2Bmother%2Bof%2Bthe%2Bbride%2Bdresses%2Blong HTTP/1.1" 200 2097 "-" "Mozilla/5.0 (compatible; SemrushBot/7~bl; +http://www.semrush.com/bot.html)"
209.74.77.214 - - [12/Jul/2025:18:00:18 +0000] "POST /wp-cron.php?doing_wp_cron=1752343218.2653191089630126953125 HTTP/1.1" 200 - "-" "WordPress/6.8.1; https://jrncommunityhousing.charity"
185.191.171.1 - - [12/Jul/2025:18:00:16 +0000] "GET /?i=82196374011970&mod=8e564e3d&uri=product.php%3Fid%3D2743044-708%26name%3Ddame%2Bweartesters HTTP/1.1" 200 2074 "-" "Mozilla/5.0 (compatible; SemrushBot/7~bl; +http://www.semrush.com/bot.html)"
209.74.77.214 - - [12/Jul/2025:18:00:37 +0000] "POST /wp-cron.php?doing_wp_cron=1752343237.8498709201812744140625 HTTP/1.1" 200 - "-" "WordPress/6.8.1; https://jrncommunityhousing.charity"
185.191.171.3 - - [12/Jul/2025:18:00:37 +0000] "GET /?i=34311020031970&mod=f685f0de&uri=blog.php%3Fid%3D1145174-1056%26name%3Dvestiti%2Bbianchi%2Bguess HTTP/1.1" 200 2078 "-" "Mozilla/5.0 (compatible; SemrushBot/7~bl; +http://www.semrush.com/bot.html)"
85.208.96.201 - - [12/Jul/2025:18:00:52 +0000] "GET /?i=65059801031970&mod=0c1a2e4f&uri=article.php%3Fid%3D2171093-568%26name%3Dbest%2Bfingerless%2Bgloves%2Bfor%2Barthritis HTTP/1.1" 200 2091 "-" "Mozilla/5.0 (compatible; SemrushBot/7~bl; +http://www.semrush.com/bot.html)"
209.74.77.214 - - [12/Jul/2025:18:01:06 +0000] "POST /wp-cron.php?doing_wp_cron=1752343266.2364709377288818359375 HTTP/1.1" 200 - "-" "WordPress/6.8.1; https://jrncommunityhousing.charity"
185.191.171.5 - - [12/Jul/2025:18:01:05 +0000] "GET /?i=25868906041970&mod=d860560a&uri=news.php%3Fid%3D863394-888%26name%3Dauriculares%2Bi14 HTTP/1.1" 200 2071 "-" "Mozilla/5.0 (compatible; SemrushBot/7~bl; +http://www.semrush.com/bot.html)"
85.208.96.204 - - [12/Jul/2025:18:01:14 +0000] "GET /?i=59457964021970&mod=724a3443&uri=product.php%3Fid%3D1984146-1074%26name%3Dprada%2Bss19%2Bmen HTTP/1.1" 200 2077 "-" "Mozilla/5.0 (compatible; SemrushBot/7~bl; +http://www.semrush.com/bot.html)"
85.208.96.203 - - [12/Jul/2025:18:01:15 +0000] "GET /?i=65344547031970&mod=f5aa66ea&uri=dp.php%3Fid%3D2180594-779%26name%3Dguess%2Bchaussures%2Bcompens%C3%83%C2%A9es HTTP/1.1" 200 2090 "-" "Mozilla/5.0 (compatible; SemrushBot/7~bl; +http://www.semrush.com/bot.html)"
209.74.77.214 - - [12/Jul/2025:18:02:15 +0000] "POST /wp-cron.php?doing_wp_cron=1752343335.9632189273834228515625 HTTP/1.1" 200 - "-" "WordPress/6.8.1; https://jrncommunityhousing.charity"
185.191.171.19 - - [12/Jul/2025:18:02:14 +0000] "GET /?i=92552383011970&mod=07ff22f6&uri=us.php%3Fid%3D3088643-1573%26name%3Dhugo%2Bboss%2Bclothing%2Bgateway HTTP/1.1" 200 2083 "-" "Mozilla/5.0 (compatible; SemrushBot/7~bl; +http://www.semrush.com/bot.html)"
209.74.77.214 - - [12/Jul/2025:18:02:37 +0000] "POST /wp-cron.php?doing_wp_cron=1752343357.6771090030670166015625 HTTP/1.1" 200 - "-" "WordPress/6.8.1; https://jrncommunityhousing.charity"
185.191.171.19 - - [12/Jul/2025:18:02:37 +0000] "GET /?i=56671089091970&mod=ec05906f&uri=blog.php%3Fid%3D1891145-1322%26name%3Dgreen%2Bbay%2Bpackers%2Bdavante%2Badams%2Bjersey HTTP/1.1" 200 2092 "-" "Mozilla/5.0 (compatible; SemrushBot/7~bl; +http://www.semrush.com/bot.html)"
209.74.77.214 - - [12/Jul/2025:18:03:16 +0000] "POST /wp-cron.php?doing_wp_cron=1752343396.5114629268646240234375 HTTP/1.1" 200 - "-" "WordPress/6.8.1; https://jrncommunityhousing.charity"
85.208.96.210 - - [12/Jul/2025:18:03:14 +0000] "GET /?i=78822565001970&mod=3f26de52&uri=shared.php%3Fid%3D2630411-155%26name%3Dbose%2Bhome%2Bspeaker%2B5000 HTTP/1.1" 200 2081 "-" "Mozilla/5.0 (compatible; SemrushBot/7~bl; +http://www.semrush.com/bot.html)"
85.208.96.210 - - [12/Jul/2025:18:03:28 +0000] "GET /?i=105069817011970&mod=7c29074c&uri=goods.php%3Fid%3D3506499-1353%26name%3Dhyperdunk%2B2017%2Blow%2Bblack%2Bwhite%2Bgum HTTP/1.1" 200 2092 "-" "Mozilla/5.0 (compatible; SemrushBot/7~bl; +http://www.semrush.com/bot.html)"
85.208.96.205 - - [12/Jul/2025:18:03:39 +0000] "GET /robots.txt HTTP/1.1" 200 95 "-" "Mozilla/5.0 (compatible; SemrushBot/7~bl; +http://www.semrush.com/bot.html)"
209.74.77.214 - - [12/Jul/2025:18:03:40 +0000] "POST /wp-cron.php?doing_wp_cron=1752343420.3320729732513427734375 HTTP/1.1" 200 - "-" "WordPress/6.8.1; https://jrncommunityhousing.charity"
185.191.171.5 - - [12/Jul/2025:18:03:40 +0000] "GET /?i=4519779041970&mod=d1c1a2da&uri=news.php%3Fid%3D150856-269%26name%3Drode%2Bvlog%2Bkit HTTP/1.1" 200 2069 "-" "Mozilla/5.0 (compatible; SemrushBot/7~bl; +http://www.semrush.com/bot.html)"
209.74.77.214 - - [12/Jul/2025:18:04:19 +0000] "POST /wp-cron.php?doing_wp_cron=1752343459.4065690040588378906250 HTTP/1.1" 200 - "-" "WordPress/6.8.1; https://jrncommunityhousing.charity"
185.191.171.14 - - [12/Jul/2025:18:04:17 +0000] "GET /?i=25038579041970&mod=d1c1a2da&uri=product.php%3Fid%3D835692-269%26name%3Dhikvision%2Bfever%2Bscreening HTTP/1.1" 200 2081 "-" "Mozilla/5.0 (compatible; SemrushBot/7~bl; +http://www.semrush.com/bot.html)"
185.191.171.2 - - [12/Jul/2025:18:04:22 +0000] "GET /?i=42838884001970&mod=dab41742&uri=pin.php%3Fid%3D1429698-212%26name%3Dcool%2Bflat%2Bsandals HTTP/1.1" 200 2074 "-" "Mozilla/5.0 (compatible; SemrushBot/7~bl; +http://www.semrush.com/bot.html)"
209.74.77.214 - - [12/Jul/2025:18:04:43 +0000] "POST /wp-cron.php?doing_wp_cron=1752343483.1133430004119873046875 HTTP/1.1" 200 - "-" "WordPress/6.8.1; https://jrncommunityhousing.charity"
85.208.96.210 - - [12/Jul/2025:18:04:42 +0000] "GET /?i=65859913061970&mod=d6aa10b8&uri=goods.php%3Fid%3D2197800-432%26name%3Dnavy%2Bleather%2Bcoat HTTP/1.1" 200 2074 "-" "Mozilla/5.0 (compatible; SemrushBot/7~bl; +http://www.semrush.com/bot.html)"
209.74.77.214 - - [12/Jul/2025:18:05:07 +0000] "POST /wp-cron.php?doing_wp_cron=1752343507.2302470207214355468750 HTTP/1.1" 200 - "-" "WordPress/6.8.1; https://jrncommunityhousing.charity"
185.191.171.17 - - [12/Jul/2025:18:05:06 +0000] "GET /?i=109882091011970&mod=5ef66e30&uri=us.php%3Fid%3D3667102-837%26name%3Dbotas%2Bmilitares%2Bmujer%2Bcoppel HTTP/1.1" 200 2082 "-" "Mozilla/5.0 (compatible; SemrushBot/7~bl; +http://www.semrush.com/bot.html)"
85.208.96.204 - - [12/Jul/2025:18:05:11 +0000] "GET /?i=90516117061970&mod=72f05a42&uri=category-info.php%3Fid%3D3020659-1556%26name%3Dm1500jkk%2Bblack HTTP/1.1" 200 2082 "-" "Mozilla/5.0 (compatible; SemrushBot/7~bl; +http://www.semrush.com/bot.html)"
209.74.77.214 - - [12/Jul/2025:18:05:54 +0000] "POST /wp-cron.php?doing_wp_cron=1752343554.2429630756378173828125 HTTP/1.1" 200 - "-" "WordPress/6.8.1; https://jrncommunityhousing.charity"
85.208.96.202 - - [12/Jul/2025:18:05:52 +0000] "GET /?i=46454134091970&mod=6fc3d5c1&uri=shop.php%3Fid%3D1550303-116%26name%3Dsmartwatch%2Bmujer%2Bvestir HTTP/1.1" 200 2080 "-" "Mozilla/5.0 (compatible; SemrushBot/7~bl; +http://www.semrush.com/bot.html)"
209.74.77.214 - - [12/Jul/2025:18:06:36 +0000] "POST /wp-cron.php?doing_wp_cron=1752343596.6966879367828369140625 HTTP/1.1" 200 - "-" "WordPress/6.8.1; https://jrncommunityhousing.charity"
185.191.171.2 - - [12/Jul/2025:18:06:34 +0000] "GET /?i=32912078021970&mod=798d8981&uri=search.php%3Fid%3D1098470-537%26name%3Drevolve%2Bneon%2Bdress HTTP/1.1" 200 2080 "-" "Mozilla/5.0 (compatible; SemrushBot/7~bl; +http://www.semrush.com/bot.html)"
85.208.96.202 - - [12/Jul/2025:18:06:43 +0000] "GET /?i=4918386011970&mod=4cc15183&uri=goods.php%3Fid%3D164197-299%26name%3Dsleeveless%2Bnightdress%2Bfor%2Bladies HTTP/1.1" 200 2080 "-" "Mozilla/5.0 (compatible; SemrushBot/7~bl; +http://www.semrush.com/bot.html)"
185.191.171.14 - - [12/Jul/2025:18:06:47 +0000] "GET /?i=38545154041970&mod=8b97b70a&uri=info.php%3Fid%3D1286450-1126%26name%3Ddachshund%2Blong%2Bhair%2Bfor%2Bsale%2Bnear%2Bme HTTP/1.1" 200 2094 "-" "Mozilla/5.0 (compatible; SemrushBot/7~bl; +http://www.semrush.com/bot.html)"
209.74.77.214 - - [12/Jul/2025:18:07:30 +0000] "POST /wp-cron.php?doing_wp_cron=1752343650.7052519321441650390625 HTTP/1.1" 200 - "-" "WordPress/6.8.1; https://jrncommunityhousing.charity"
185.191.171.17 - - [12/Jul/2025:18:07:28 +0000] "GET /?i=99309971081970&mod=d48dacaa&uri=news.php%3Fid%3D3314229-1536%26name%3Dfranchi%2Bborse HTTP/1.1" 200 2072 "-" "Mozilla/5.0 (compatible; SemrushBot/7~bl; +http://www.semrush.com/bot.html)"
209.74.77.214 - - [12/Jul/2025:18:07:42 +0000] "POST /wp-cron.php?doing_wp_cron=1752343662.4158558845520019531250 HTTP/1.1" 200 - "-" "WordPress/6.8.1; https://jrncommunityhousing.charity"
85.208.96.202 - - [12/Jul/2025:18:07:42 +0000] "GET /?i=41688731021970&mod=60df7a6c&uri=shop.php%3Fid%3D1391343-1166%26name%3Dsalomon%2Bsense%2Bride%2Bopinioni HTTP/1.1" 200 2082 "-" "Mozilla/5.0 (compatible; SemrushBot/7~bl; +http://www.semrush.com/bot.html)"
209.74.77.214 - - [12/Jul/2025:18:07:56 +0000] "POST /wp-cron.php?doing_wp_cron=1752343676.6907789707183837890625 HTTP/1.1" 200 - "-" "WordPress/6.8.1; https://jrncommunityhousing.charity"
185.191.171.6 - - [12/Jul/2025:18:07:56 +0000] "GET /?i=94396915041970&mod=4b660edb&uri=pin.php%3Fid%3D3150213-1260%26name%3Db%2Bwidth%2Brunning%2Bshoes HTTP/1.1" 200 2077 "-" "Mozilla/5.0 (compatible; SemrushBot/7~bl; +http://www.semrush.com/bot.html)"
85.208.96.202 - - [12/Jul/2025:18:07:58 +0000] "GET /?i=105602574021970&mod=2eb2f30c&uri=product.php%3Fid%3D3524312-1313%26name%3Dsaucony%2Bdunkin%2Bkinvara HTTP/1.1" 200 2083 "-" "Mozilla/5.0 (compatible; SemrushBot/7~bl; +http://www.semrush.com/bot.html)"
209.74.77.214 - - [12/Jul/2025:18:08:34 +0000] "POST /wp-cron.php?doing_wp_cron=1752343714.6381809711456298828125 HTTP/1.1" 200 - "-" "WordPress/6.8.1; https://jrncommunityhousing.charity"
85.208.96.196 - - [12/Jul/2025:18:08:32 +0000] "GET /?i=39067016061970&mod=9e9cb136&uri=blog.php%3Fid%3D1303866-624%26name%3Dtaos%2Bfootwear%2Bmoc%2Bstar HTTP/1.1" 200 2078 "-" "Mozilla/5.0 (compatible; SemrushBot/7~bl; +http://www.semrush.com/bot.html)"
85.208.96.202 - - [12/Jul/2025:18:08:36 +0000] "GET /?i=72028162121970&mod=b4a31eef&uri=goods.php%3Fid%3D2403647-1094%26name%3Dchargers%2Bhelmet%2B2021 HTTP/1.1" 200 2077 "-" "Mozilla/5.0 (compatible; SemrushBot/7~bl; +http://www.semrush.com/bot.html)"
209.74.77.214 - - [12/Jul/2025:18:08:55 +0000] "POST /wp-cron.php?doing_wp_cron=1752343735.9016530513763427734375 HTTP/1.1" 200 - "-" "WordPress/6.8.1; https://jrncommunityhousing.charity"
85.208.96.210 - - [12/Jul/2025:18:08:55 +0000] "GET /?i=1811967011970&mod=c6dfc6b7&uri=shop.php%3Fid%3D60482-110%26name%3Dt%2Bshirt%2Barmani%2Brouge HTTP/1.1" 200 2074 "-" "Mozilla/5.0 (compatible; SemrushBot/7~bl; +http://www.semrush.com/bot.html)"
209.74.77.214 - - [12/Jul/2025:18:09:19 +0000] "POST /wp-cron.php?doing_wp_cron=1752343759.5197029113769531250000 HTTP/1.1" 200 - "-" "WordPress/6.8.1; https://jrncommunityhousing.charity"
85.208.96.202 - - [12/Jul/2025:18:09:19 +0000] "GET /?i=107148281051970&mod=2a3b24ea&uri=info.php%3Fid%3D3575890-504%26name%3Dbalenciaga%2Bspeed%2Btrainer%2Bnoir%2Bet%2Bblanc HTTP/1.1" 200 2092 "-" "Mozilla/5.0 (compatible; SemrushBot/7~bl; +http://www.semrush.com/bot.html)"
209.74.77.214 - - [12/Jul/2025:18:09:39 +0000] "POST /wp-cron.php?doing_wp_cron=1752343779.9351000785827636718750 HTTP/1.1" 200 - "-" "WordPress/6.8.1; https://jrncommunityhousing.charity"
85.208.96.201 - - [12/Jul/2025:18:09:39 +0000] "GET /?i=104220585001970&mod=6426bbca&uri=info.php%3Fid%3D3478162-1625%26name%3Dasics%2Bgel%2Bnimbus%2Bdonna%2Bonline HTTP/1.1" 200 2086 "-" "Mozilla/5.0 (compatible; SemrushBot/7~bl; +http://www.semrush.com/bot.html)"
185.191.171.14 - - [12/Jul/2025:18:09:52 +0000] "GET /?i=23982542011970&mod=cfefe028&uri=product.php%3Fid%3D800471-331%26name%3Dnike%2Bcortez%2Bultra%2Bmoire%2Bnavy%2Bblue HTTP/1.1" 200 2089 "-" "Mozilla/5.0 (compatible; SemrushBot/7~bl; +http://www.semrush.com/bot.html)"
209.74.77.214 - - [12/Jul/2025:18:10:02 +0000] "POST /wp-cron.php?doing_wp_cron=1752343802.5872728824615478515625 HTTP/1.1" 200 - "-" "WordPress/6.8.1; https://jrncommunityhousing.charity"
185.191.171.6 - - [12/Jul/2025:18:10:02 +0000] "GET /?i=115872192071970&mod=1ebc8b1e&uri=brands.php%3Fid%3D3867072-1693%26name%3Dbasket%2Bnike%2Bair%2Bmax%2Bfemme%2B2019 HTTP/1.1" 200 2090 "-" "Mozilla/5.0 (compatible; SemrushBot/7~bl; +http://www.semrush.com/bot.html)"
209.74.77.214 - - [12/Jul/2025:18:10:22 +0000] "POST /wp-cron.php?doing_wp_cron=1752343822.2557220458984375000000 HTTP/1.1" 200 - "-" "WordPress/6.8.1; https://jrncommunityhousing.charity"
85.208.96.195 - - [12/Jul/2025:18:10:22 +0000] "GET /?i=41868118131970&mod=4b7c04fd&uri=form.php%3Fid%3D1397324-417%26name%3Dmayorista%2Bropa%2Binterior%2Bflores HTTP/1.1" 200 2083 "-" "Mozilla/5.0 (compatible; SemrushBot/7~bl; +http://www.semrush.com/bot.html)"
209.74.77.214 - - [12/Jul/2025:18:10:43 +0000] "POST /wp-cron.php?doing_wp_cron=1752343843.8984990119934082031250 HTTP/1.1" 200 - "-" "WordPress/6.8.1; https://jrncommunityhousing.charity"
85.208.96.212 - - [12/Jul/2025:18:10:43 +0000] "GET /?i=52179532041970&mod=512b4b85&uri=pin.php%3Fid%3D1741287-1297%26name%3Dblanchardstown%2Bh%26m HTTP/1.1" 200 2075 "-" "Mozilla/5.0 (compatible; SemrushBot/7~bl; +http://www.semrush.com/bot.html)"
185.191.171.14 - - [12/Jul/2025:18:10:50 +0000] "GET /?i=191277011970&mod=673271cc&uri=goods.php%3Fid%3D6386-16%26name%3Dbright%2Bcoloured%2Bshorts%2Bfor%2Bwomens HTTP/1.1" 200 2083 "-" "Mozilla/5.0 (compatible; SemrushBot/7~bl; +http://www.semrush.com/bot.html)"
209.74.77.214 - - [12/Jul/2025:18:10:56 +0000] "POST /wp-cron.php?doing_wp_cron=1752343856.6704800128936767578125 HTTP/1.1" 200 - "-" "WordPress/6.8.1; https://jrncommunityhousing.charity"
85.208.96.212 - - [12/Jul/2025:18:10:56 +0000] "GET /?i=68970494101970&mod=1f1b4648&uri=category-info.php%3Fid%3D2301606-1012%26name%3Dfancy%2Bfeast%2Bbroths%2Bbulk HTTP/1.1" 200 2086 "-" "Mozilla/5.0 (compatible; SemrushBot/7~bl; +http://www.semrush.com/bot.html)"
209.74.77.214 - - [12/Jul/2025:18:11:38 +0000] "POST /wp-cron.php?doing_wp_cron=1752343898.0833060741424560546875 HTTP/1.1" 200 - "-" "WordPress/6.8.1; https://jrncommunityhousing.charity"
85.208.96.207 - - [12/Jul/2025:18:11:34 +0000] "GET /?i=11351286031970&mod=865acded&uri=brands.php%3Fid%3D378999-381%26name%3Dsandali%2Bgeox%2B23 HTTP/1.1" 200 2075 "-" "Mozilla/5.0 (compatible; SemrushBot/7~bl; +http://www.semrush.com/bot.html)"
209.74.77.214 - - [12/Jul/2025:18:11:54 +0000] "POST /wp-cron.php?doing_wp_cron=1752343914.3306319713592529296875 HTTP/1.1" 200 - "-" "WordPress/6.8.1; https://jrncommunityhousing.charity"
185.191.171.8 - - [12/Jul/2025:18:11:54 +0000] "GET /?i=114590046011970&mod=00b76fdd&uri=article.php%3Fid%3D3824294-44%26name%3Dnike%2Bair%2Bforce%2Bchrome HTTP/1.1" 200 2081 "-" "Mozilla/5.0 (compatible; SemrushBot/7~bl; +http://www.semrush.com/bot.html)"
185.191.171.16 - - [12/Jul/2025:18:11:57 +0000] "GET /?i=52057449001970&mod=89edfde6&uri=brands.php%3Fid%3D1737217-1132%26name%3Dred%2Btoddler%2Bvans HTTP/1.1" 200 2076 "-" "Mozilla/5.0 (compatible; SemrushBot/7~bl; +http://www.semrush.com/bot.html)"
209.74.77.214 - - [12/Jul/2025:18:12:25 +0000] "POST /wp-cron.php?doing_wp_cron=1752343945.2321350574493408203125 HTTP/1.1" 200 - "-" "WordPress/6.8.1; https://jrncommunityhousing.charity"
185.191.171.8 - - [12/Jul/2025:18:12:25 +0000] "GET /?i=19970518011970&mod=6440e1d3&uri=shop.php%3Fid%3D666634-725%26name%3Dleggings%2Btrail%2Brunning HTTP/1.1" 200 2075 "-" "Mozilla/5.0 (compatible; SemrushBot/7~bl; +http://www.semrush.com/bot.html)"
209.74.77.214 - - [12/Jul/2025:18:12:33 +0000] "POST /wp-cron.php?doing_wp_cron=1752343953.1275749206542968750000 HTTP/1.1" 200 - "-" "WordPress/6.8.1; https://jrncommunityhousing.charity"
85.208.96.202 - - [12/Jul/2025:18:12:32 +0000] "GET /?i=63135457011970&mod=7acbfca3&uri=shared.php%3Fid%3D2106895-1379%26name%3Dsaucony%2Bfreedom%2Biso%2Bopiniones HTTP/1.1" 200 2087 "-" "Mozilla/5.0 (compatible; SemrushBot/7~bl; +http://www.semrush.com/bot.html)"
209.74.77.214 - - [12/Jul/2025:18:12:42 +0000] "POST /wp-cron.php?doing_wp_cron=1752343962.2871859073638916015625 HTTP/1.1" 200 - "-" "WordPress/6.8.1; https://jrncommunityhousing.charity"
85.208.96.203 - - [12/Jul/2025:18:12:42 +0000] "GET /?i=112756992071970&mod=99da854c&uri=itm.php%3Fid%3D3763104-1442%26name%3Dorologi%2Bcitizen%2Beconomici HTTP/1.1" 200 2082 "-" "Mozilla/5.0 (compatible; SemrushBot/7~bl; +http://www.semrush.com/bot.html)"
209.74.77.214 - - [12/Jul/2025:18:12:57 +0000] "POST /wp-cron.php?doing_wp_cron=1752343977.0907280445098876953125 HTTP/1.1" 200 - "-" "WordPress/6.8.1; https://jrncommunityhousing.charity"
185.191.171.14 - - [12/Jul/2025:18:12:56 +0000] "GET /?i=54842275061970&mod=e16bc403&uri=brands.php%3Fid%3D1830133-800%26name%3Dcamiseta%2Bde%2Bmetallica%2Bhombre HTTP/1.1" 200 2085 "-" "Mozilla/5.0 (compatible; SemrushBot/7~bl; +http://www.semrush.com/bot.html)"
185.191.171.12 - - [12/Jul/2025:18:13:03 +0000] "GET /?i=92113427031970&mod=dde31f49&uri=article.php%3Fid%3D3073997-524%26name%3Dmens%2Bnavy%2Bdriving%2Bshoes HTTP/1.1" 200 2082 "-" "Mozilla/5.0 (compatible; SemrushBot/7~bl; +http://www.semrush.com/bot.html)"
209.74.77.214 - - [12/Jul/2025:18:13:20 +0000] "POST /wp-cron.php?doing_wp_cron=1752344000.8940238952636718750000 HTTP/1.1" 200 - "-" "WordPress/6.8.1; https://jrncommunityhousing.charity"
185.191.171.15 - - [12/Jul/2025:18:13:20 +0000] "GET /?i=44544790041970&mod=8e5f8684&uri=itm.php%3Fid%3D1486603-699%26name%3Dshakespeare%2Bugly%2Bstik%2Bcatfish%2Bcombo HTTP/1.1" 200 2091 "-" "Mozilla/5.0 (compatible; SemrushBot/7~bl; +http://www.semrush.com/bot.html)"
209.74.77.214 - - [12/Jul/2025:18:13:32 +0000] "POST /wp-cron.php?doing_wp_cron=1752344012.2223680019378662109375 HTTP/1.1" 200 - "-" "WordPress/6.8.1; https://jrncommunityhousing.charity"
85.208.96.196 - - [12/Jul/2025:18:13:31 +0000] "GET /?i=114553570011970&mod=232937ae&uri=shop.php%3Fid%3D3823075-803%26name%3Dpedale%2Bshanmashi HTTP/1.1" 200 2075 "-" "Mozilla/5.0 (compatible; SemrushBot/7~bl; +http://www.semrush.com/bot.html)"
85.208.96.211 - - [12/Jul/2025:18:13:45 +0000] "GET /?i=114083332001970&mod=3ab8ead9&uri=article.php%3Fid%3D3807380-334%26name%3Dullu%2Bweb%2Bseries%2Bimdb HTTP/1.1" 200 2079 "-" "Mozilla/5.0 (compatible; SemrushBot/7~bl; +http://www.semrush.com/bot.html)"
209.74.77.214 - - [12/Jul/2025:18:14:06 +0000] "POST /wp-cron.php?doing_wp_cron=1752344046.0730719566345214843750 HTTP/1.1" 200 - "-" "WordPress/6.8.1; https://jrncommunityhousing.charity"
185.191.171.5 - - [12/Jul/2025:18:14:05 +0000] "GET /?i=80555229071970&mod=e33d974a&uri=goods.php%3Fid%3D2688232-119%26name%3Dtendencias%2B2021%2Ben%2Bzapatos HTTP/1.1" 200 2083 "-" "Mozilla/5.0 (compatible; SemrushBot/7~bl; +http://www.semrush.com/bot.html)"
185.191.171.19 - - [12/Jul/2025:18:14:10 +0000] "GET /?i=41143855001970&mod=fa28c122&uri=brands.php%3Fid%3D1373162-226%26name%3Dzapatos%2Breebok%2Bbucaramanga%2Bbuenos%2Baires HTTP/1.1" 200 2091 "-" "Mozilla/5.0 (compatible; SemrushBot/7~bl; +http://www.semrush.com/bot.html)"
209.74.77.214 - - [12/Jul/2025:18:14:54 +0000] "POST /wp-cron.php?doing_wp_cron=1752344094.3419530391693115234375 HTTP/1.1" 200 - "-" "WordPress/6.8.1; https://jrncommunityhousing.charity"
85.208.96.194 - - [12/Jul/2025:18:14:52 +0000] "GET /?i=118111720001970&mod=8e452e79&uri=brands.php%3Fid%3D3941777-153%26name%3Done%2Bstar%2Bleather%2Box HTTP/1.1" 200 2078 "-" "Mozilla/5.0 (compatible; SemrushBot/7~bl; +http://www.semrush.com/bot.html)"
85.208.96.206 - - [12/Jul/2025:18:14:59 +0000] "GET /?i=3536592061970&mod=96b4fe54&uri=form.php%3Fid%3D118047-223%26name%3Dasics%2Bgel%2Bnimbus%2Brunning HTTP/1.1" 200 2078 "-" "Mozilla/5.0 (compatible; SemrushBot/7~bl; +http://www.semrush.com/bot.html)"
85.208.96.206 - - [12/Jul/2025:18:15:06 +0000] "GET /?i=36326917071970&mod=6fd223e9&uri=form.php%3Fid%3D1212438-1101%26name%3Dhoka%2Bone%2Bone%2Bgaviota%2Bavis HTTP/1.1" 200 2078 "-" "Mozilla/5.0 (compatible; SemrushBot/7~bl; +http://www.semrush.com/bot.html)"
185.191.171.14 - - [12/Jul/2025:18:15:10 +0000] "GET /?i=84139498051970&mod=0b3be39b&uri=products.php%3Fid%3D2807879-1098%26name%3Dladies%2Bbag%2Boffer HTTP/1.1" 200 2080 "-" "Mozilla/5.0 (compatible; SemrushBot/7~bl; +http://www.semrush.com/bot.html)"
209.74.77.214 - - [12/Jul/2025:18:15:22 +0000] "POST /wp-cron.php?doing_wp_cron=1752344121.9982089996337890625000 HTTP/1.1" 200 - "-" "WordPress/6.8.1; https://jrncommunityhousing.charity"
185.191.171.15 - - [12/Jul/2025:18:15:21 +0000] "GET /?i=82064447001970&mod=53b923dd&uri=info.php%3Fid%3D2738645-1515%26name%3Djoules%2Bburghley%2Bhoody HTTP/1.1" 200 2080 "-" "Mozilla/5.0 (compatible; SemrushBot/7~bl; +http://www.semrush.com/bot.html)"
209.74.77.214 - - [12/Jul/2025:18:15:46 +0000] "POST /wp-cron.php?doing_wp_cron=1752344146.2070899009704589843750 HTTP/1.1" 200 - "-" "WordPress/6.8.1; https://jrncommunityhousing.charity"
185.191.171.4 - - [12/Jul/2025:18:15:45 +0000] "GET /?i=16074848011970&mod=e32cc80b&uri=form.php%3Fid%3D536643-68%26name%3Dsurvetement%2Boff%2Bwhite%2Bpnl HTTP/1.1" 200 2079 "-" "Mozilla/5.0 (compatible; SemrushBot/7~bl; +http://www.semrush.com/bot.html)"
209.74.77.214 - - [12/Jul/2025:18:16:22 +0000] "POST /wp-cron.php?doing_wp_cron=1752344182.3734738826751708984375 HTTP/1.1" 200 - "-" "WordPress/6.8.1; https://jrncommunityhousing.charity"
185.191.171.14 - - [12/Jul/2025:18:16:19 +0000] "GET /?i=105069337011970&mod=7c29074c&uri=info.php%3Fid%3D3506483-1353%26name%3Dair%2Bmax%2Bthea%2Bleather%2Bsneakers%2Bdesert%2Bcamo HTTP/1.1" 200 2095 "-" "Mozilla/5.0 (compatible; SemrushBot/7~bl; +http://www.semrush.com/bot.html)"
209.74.77.214 - - [12/Jul/2025:18:16:36 +0000] "POST /wp-cron.php?doing_wp_cron=1752344196.4421710968017578125000 HTTP/1.1" 200 - "-" "WordPress/6.8.1; https://jrncommunityhousing.charity"
185.191.171.16 - - [12/Jul/2025:18:16:36 +0000] "GET /?i=58116898011970&mod=d81f5b20&uri=info.php%3Fid%3D1939389-1343%26name%3Dcolor%2Bblock%2Blumbar%2Bpillow HTTP/1.1" 200 2080 "-" "Mozilla/5.0 (compatible; SemrushBot/7~bl; +http://www.semrush.com/bot.html)"
185.191.171.14 - - [12/Jul/2025:18:16:47 +0000] "GET /?i=114940744081970&mod=9b79719f&uri=form.php%3Fid%3D3835996-813%26name%3Dthe%2Bflash%2B1990%2Bfull%2Bepisodes HTTP/1.1" 200 2085 "-" "Mozilla/5.0 (compatible; SemrushBot/7~bl; +http://www.semrush.com/bot.html)"
209.74.77.214 - - [12/Jul/2025:18:17:11 +0000] "POST /wp-cron.php?doing_wp_cron=1752344231.0297029018402099609375 HTTP/1.1" 200 - "-" "WordPress/6.8.1; https://jrncommunityhousing.charity"
85.208.96.200 - - [12/Jul/2025:18:17:10 +0000] "GET /?i=34328240031970&mod=097146a0&uri=news.php%3Fid%3D1145748-1066%26name%3Dclaude%2Bbernard%2Bwatches%2Bswitzerland HTTP/1.1" 200 2088 "-" "Mozilla/5.0 (compatible; SemrushBot/7~bl; +http://www.semrush.com/bot.html)"
209.74.77.214 - - [12/Jul/2025:18:17:27 +0000] "POST /wp-cron.php?doing_wp_cron=1752344247.4458599090576171875000 HTTP/1.1" 200 - "-" "WordPress/6.8.1; https://jrncommunityhousing.charity"
85.208.96.201 - - [12/Jul/2025:18:17:27 +0000] "GET /?i=41637137001970&mod=7bbf0ad2&uri=itm.php%3Fid%3D1389622-1162%26name%3Dt%C3%83%C2%AAnis%2Basics%2Bgel%2Bsaga HTTP/1.1" 200 2086 "-" "Mozilla/5.0 (compatible; SemrushBot/7~bl; +http://www.semrush.com/bot.html)"
209.74.77.214 - - [12/Jul/2025:18:17:39 +0000] "POST /wp-cron.php?doing_wp_cron=1752344259.9740500450134277343750 HTTP/1.1" 200 - "-" "WordPress/6.8.1; https://jrncommunityhousing.charity"
85.208.96.197 - - [12/Jul/2025:18:17:39 +0000] "GET /?i=32979094031970&mod=36ea5476&uri=itm.php%3Fid%3D1100704-1024%26name%3Dceo%2Bof%2Bnike HTTP/1.1" 200 2072 "-" "Mozilla/5.0 (compatible; SemrushBot/7~bl; +http://www.semrush.com/bot.html)"
85.208.96.197 - - [12/Jul/2025:18:17:45 +0000] "GET /?i=106823548041970&mod=e598039f&uri=brands.php%3Fid%3D3565053-606%26name%3Dward%2Blo%2Bvs%2Bold%2Bskool HTTP/1.1" 200 2082 "-" "Mozilla/5.0 (compatible; SemrushBot/7~bl; +http://www.semrush.com/bot.html)"
209.74.77.214 - - [12/Jul/2025:18:18:02 +0000] "POST /wp-cron.php?doing_wp_cron=1752344282.8803060054779052734375 HTTP/1.1" 200 - "-" "WordPress/6.8.1; https://jrncommunityhousing.charity"
85.208.96.201 - - [12/Jul/2025:18:18:02 +0000] "GET /?i=96293486011970&mod=6f23153f&uri=category-info.php%3Fid%3D3213529-777%26name%3Dventa%2Bx%2Bmayor%2Baccesorios%2Bpara%2Bmujer HTTP/1.1" 200 2098 "-" "Mozilla/5.0 (compatible; SemrushBot/7~bl; +http://www.semrush.com/bot.html)"
209.74.77.214 - - [12/Jul/2025:18:18:18 +0000] "POST /wp-cron.php?doing_wp_cron=1752344298.1522049903869628906250 HTTP/1.1" 200 - "-" "WordPress/6.8.1; https://jrncommunityhousing.charity"
185.191.171.3 - - [12/Jul/2025:18:18:17 +0000] "GET /?i=2759387041970&mod=95f8a41d&uri=form.php%3Fid%3D92107-176%26name%3Dchampion%2Bsweater%2Bmontreal%2B40 HTTP/1.1" 200 2080 "-" "Mozilla/5.0 (compatible; SemrushBot/7~bl; +http://www.semrush.com/bot.html)"
185.191.171.12 - - [12/Jul/2025:18:18:20 +0000] "GET /?i=108556915001970&mod=890e62e5&uri=product.php%3Fid%3D3622897-386%26name%3Dcute%2Bwomens%2Bball%2Bcaps HTTP/1.1" 200 2082 "-" "Mozilla/5.0 (compatible; SemrushBot/7~bl; +http://www.semrush.com/bot.html)"
209.74.77.214 - - [12/Jul/2025:18:19:04 +0000] "POST /wp-cron.php?doing_wp_cron=1752344344.2712130546569824218750 HTTP/1.1" 200 - "-" "WordPress/6.8.1; https://jrncommunityhousing.charity"
85.208.96.198 - - [12/Jul/2025:18:19:02 +0000] "GET /?i=113886335011970&mod=bf596c85&uri=news.php%3Fid%3D3800793-1321%26name%3Dunder%2Barmour%2Bphone%2Bcase%2Bxs%2Bmax HTTP/1.1" 200 2088 "-" "Mozilla/5.0 (compatible; SemrushBot/7~bl; +http://www.semrush.com/bot.html)"
185.191.171.12 - - [12/Jul/2025:18:19:11 +0000] "GET /?i=104498413021970&mod=43a90564&uri=shared.php%3Fid%3D3487430-343%26name%3Djolly%2Bjumper%2Bport%2Ba%2Bstand HTTP/1.1" 200 2085 "-" "Mozilla/5.0 (compatible; SemrushBot/7~bl; +http://www.semrush.com/bot.html)"
209.74.77.214 - - [12/Jul/2025:18:20:04 +0000] "POST /wp-cron.php?doing_wp_cron=1752344403.9987730979919433593750 HTTP/1.1" 200 - "-" "WordPress/6.8.1; https://jrncommunityhousing.charity"
