45.61.187.246 - - [17/Jul/2025:18:34:38 +0000] "GET /wp-login.php?wp_lang=e HTTP/1.1" 302 - "-" "Mozilla/5.0 (Windows NT 6.1; WOW64) AppleWebKit/537.36 (KHTML, like Gecko) Chrome/36.0.1985.125 Safari/537.36"
20.171.207.57 - - [17/Jul/2025:18:34:41 +0000] "GET /detail/903780176 HTTP/1.1" 404 16431 "-" "Mozilla/5.0 AppleWebKit/537.36 (KHTML, like Gecko; compatible; GPTBot/1.2; +https://openai.com/gptbot)"
20.171.207.57 - - [17/Jul/2025:18:34:44 +0000] "GET /detail/903866009 HTTP/1.1" 404 16431 "-" "Mozilla/5.0 AppleWebKit/537.36 (KHTML, like Gecko; compatible; GPTBot/1.2; +https://openai.com/gptbot)"
45.61.187.246 - - [17/Jul/2025:18:34:45 +0000] "POST /wp-login.php?wp_lang=e HTTP/1.1" 302 - "-" "Mozilla/5.0 (Windows NT 6.1; WOW64) AppleWebKit/537.36 (KHTML, like Gecko) Chrome/36.0.1985.125 Safari/537.36"
20.171.207.57 - - [17/Jul/2025:18:34:52 +0000] "GET /detail/903874503 HTTP/1.1" 404 16431 "-" "Mozilla/5.0 AppleWebKit/537.36 (KHTML, like Gecko; compatible; GPTBot/1.2; +https://openai.com/gptbot)"
20.171.207.57 - - [17/Jul/2025:18:34:55 +0000] "GET /detail/904059627 HTTP/1.1" 404 16432 "-" "Mozilla/5.0 AppleWebKit/537.36 (KHTML, like Gecko; compatible; GPTBot/1.2; +https://openai.com/gptbot)"
20.171.207.57 - - [17/Jul/2025:18:34:58 +0000] "GET /detail/903972368 HTTP/1.1" 404 16432 "-" "Mozilla/5.0 AppleWebKit/537.36 (KHTML, like Gecko; compatible; GPTBot/1.2; +https://openai.com/gptbot)"
209.74.77.214 - - [17/Jul/2025:18:35:01 +0000] "POST /wp-cron.php?doing_wp_cron=1752777301.0807509422302246093750 HTTP/1.1" 200 - "-" "WordPress/6.8.2; https://kelaby.company"
20.171.207.57 - - [17/Jul/2025:18:35:00 +0000] "GET /detail/903960055 HTTP/1.1" 404 16432 "-" "Mozilla/5.0 AppleWebKit/537.36 (KHTML, like Gecko; compatible; GPTBot/1.2; +https://openai.com/gptbot)"
20.171.207.57 - - [17/Jul/2025:18:35:03 +0000] "GET /detail/903752530 HTTP/1.1" 404 16432 "-" "Mozilla/5.0 AppleWebKit/537.36 (KHTML, like Gecko; compatible; GPTBot/1.2; +https://openai.com/gptbot)"
20.171.207.57 - - [17/Jul/2025:18:35:12 +0000] "GET /detail/903935284 HTTP/1.1" 404 16432 "-" "Mozilla/5.0 AppleWebKit/537.36 (KHTML, like Gecko; compatible; GPTBot/1.2; +https://openai.com/gptbot)"
20.171.207.57 - - [17/Jul/2025:18:35:15 +0000] "GET /detail/903541597 HTTP/1.1" 404 16432 "-" "Mozilla/5.0 AppleWebKit/537.36 (KHTML, like Gecko; compatible; GPTBot/1.2; +https://openai.com/gptbot)"
209.74.77.214 - - [17/Jul/2025:18:35:17 +0000] "POST /wp-cron.php?doing_wp_cron=1752777317.8863279819488525390625 HTTP/1.1" 200 - "-" "WordPress/6.8.2; https://kelaby.company"
20.171.207.57 - - [17/Jul/2025:18:35:17 +0000] "GET /detail/903973133 HTTP/1.1" 404 16432 "-" "Mozilla/5.0 AppleWebKit/537.36 (KHTML, like Gecko; compatible; GPTBot/1.2; +https://openai.com/gptbot)"
20.171.207.57 - - [17/Jul/2025:18:35:23 +0000] "GET /detail/903576439 HTTP/1.1" 404 16432 "-" "Mozilla/5.0 AppleWebKit/537.36 (KHTML, like Gecko; compatible; GPTBot/1.2; +https://openai.com/gptbot)"
20.171.207.57 - - [17/Jul/2025:18:35:26 +0000] "GET /detail/903605449 HTTP/1.1" 404 16432 "-" "Mozilla/5.0 AppleWebKit/537.36 (KHTML, like Gecko; compatible; GPTBot/1.2; +https://openai.com/gptbot)"
20.171.207.57 - - [17/Jul/2025:18:35:28 +0000] "GET /detail/903599844 HTTP/1.1" 404 16432 "-" "Mozilla/5.0 AppleWebKit/537.36 (KHTML, like Gecko; compatible; GPTBot/1.2; +https://openai.com/gptbot)"
20.171.207.57 - - [17/Jul/2025:18:35:31 +0000] "GET /detail/903929258 HTTP/1.1" 404 16432 "-" "Mozilla/5.0 AppleWebKit/537.36 (KHTML, like Gecko; compatible; GPTBot/1.2; +https://openai.com/gptbot)"
20.171.207.57 - - [17/Jul/2025:18:35:37 +0000] "GET /detail/903534209 HTTP/1.1" 404 16432 "-" "Mozilla/5.0 AppleWebKit/537.36 (KHTML, like Gecko; compatible; GPTBot/1.2; +https://openai.com/gptbot)"
20.171.207.57 - - [17/Jul/2025:18:35:40 +0000] "GET /detail/903893735 HTTP/1.1" 404 16432 "-" "Mozilla/5.0 AppleWebKit/537.36 (KHTML, like Gecko; compatible; GPTBot/1.2; +https://openai.com/gptbot)"
20.171.207.57 - - [17/Jul/2025:18:35:51 +0000] "GET /detail/903830710 HTTP/1.1" 404 16432 "-" "Mozilla/5.0 AppleWebKit/537.36 (KHTML, like Gecko; compatible; GPTBot/1.2; +https://openai.com/gptbot)"
20.171.207.57 - - [17/Jul/2025:18:35:57 +0000] "GET /detail/903992898 HTTP/1.1" 404 16432 "-" "Mozilla/5.0 AppleWebKit/537.36 (KHTML, like Gecko; compatible; GPTBot/1.2; +https://openai.com/gptbot)"
20.171.207.57 - - [17/Jul/2025:18:36:00 +0000] "GET /detail/904043608 HTTP/1.1" 404 16432 "-" "Mozilla/5.0 AppleWebKit/537.36 (KHTML, like Gecko; compatible; GPTBot/1.2; +https://openai.com/gptbot)"
20.171.207.57 - - [17/Jul/2025:18:36:02 +0000] "GET /detail/903627490 HTTP/1.1" 404 16432 "-" "Mozilla/5.0 AppleWebKit/537.36 (KHTML, like Gecko; compatible; GPTBot/1.2; +https://openai.com/gptbot)"
20.171.207.57 - - [17/Jul/2025:18:36:05 +0000] "GET /detail/903922078 HTTP/1.1" 404 16432 "-" "Mozilla/5.0 AppleWebKit/537.36 (KHTML, like Gecko; compatible; GPTBot/1.2; +https://openai.com/gptbot)"
20.171.207.57 - - [17/Jul/2025:18:36:08 +0000] "GET /detail/903933008 HTTP/1.1" 404 16432 "-" "Mozilla/5.0 AppleWebKit/537.36 (KHTML, like Gecko; compatible; GPTBot/1.2; +https://openai.com/gptbot)"
209.74.77.214 - - [17/Jul/2025:18:36:17 +0000] "POST /wp-cron.php?doing_wp_cron=1752777377.2078039646148681640625 HTTP/1.1" 200 - "-" "WordPress/6.8.2; https://kelaby.company"
20.171.207.57 - - [17/Jul/2025:18:36:17 +0000] "GET /detail/903926998 HTTP/1.1" 404 16432 "-" "Mozilla/5.0 AppleWebKit/537.36 (KHTML, like Gecko; compatible; GPTBot/1.2; +https://openai.com/gptbot)"
20.171.207.57 - - [17/Jul/2025:18:36:19 +0000] "GET /detail/903730910 HTTP/1.1" 404 16431 "-" "Mozilla/5.0 AppleWebKit/537.36 (KHTML, like Gecko; compatible; GPTBot/1.2; +https://openai.com/gptbot)"
20.171.207.57 - - [17/Jul/2025:18:36:22 +0000] "GET /detail/903868964 HTTP/1.1" 404 16432 "-" "Mozilla/5.0 AppleWebKit/537.36 (KHTML, like Gecko; compatible; GPTBot/1.2; +https://openai.com/gptbot)"
20.171.207.57 - - [17/Jul/2025:18:36:25 +0000] "GET /detail/903969493 HTTP/1.1" 404 16432 "-" "Mozilla/5.0 AppleWebKit/537.36 (KHTML, like Gecko; compatible; GPTBot/1.2; +https://openai.com/gptbot)"
20.171.207.57 - - [17/Jul/2025:18:36:45 +0000] "GET /detail/903864300 HTTP/1.1" 404 16432 "-" "Mozilla/5.0 AppleWebKit/537.36 (KHTML, like Gecko; compatible; GPTBot/1.2; +https://openai.com/gptbot)"
20.171.207.57 - - [17/Jul/2025:18:36:48 +0000] "GET /detail/903615390 HTTP/1.1" 404 16432 "-" "Mozilla/5.0 AppleWebKit/537.36 (KHTML, like Gecko; compatible; GPTBot/1.2; +https://openai.com/gptbot)"
20.171.207.57 - - [17/Jul/2025:18:36:57 +0000] "GET /detail/904021373 HTTP/1.1" 404 16432 "-" "Mozilla/5.0 AppleWebKit/537.36 (KHTML, like Gecko; compatible; GPTBot/1.2; +https://openai.com/gptbot)"
20.171.207.57 - - [17/Jul/2025:18:37:00 +0000] "GET /detail/903650835 HTTP/1.1" 404 16432 "-" "Mozilla/5.0 AppleWebKit/537.36 (KHTML, like Gecko; compatible; GPTBot/1.2; +https://openai.com/gptbot)"
20.171.207.57 - - [17/Jul/2025:18:37:11 +0000] "GET /detail/904005699 HTTP/1.1" 404 16432 "-" "Mozilla/5.0 AppleWebKit/537.36 (KHTML, like Gecko; compatible; GPTBot/1.2; +https://openai.com/gptbot)"
20.171.207.57 - - [17/Jul/2025:18:37:13 +0000] "GET /detail/903829458 HTTP/1.1" 404 16432 "-" "Mozilla/5.0 AppleWebKit/537.36 (KHTML, like Gecko; compatible; GPTBot/1.2; +https://openai.com/gptbot)"
20.171.207.57 - - [17/Jul/2025:18:37:19 +0000] "GET /detail/903542833 HTTP/1.1" 404 16432 "-" "Mozilla/5.0 AppleWebKit/537.36 (KHTML, like Gecko; compatible; GPTBot/1.2; +https://openai.com/gptbot)"
20.171.207.57 - - [17/Jul/2025:18:37:25 +0000] "GET /detail/903886539 HTTP/1.1" 404 16432 "-" "Mozilla/5.0 AppleWebKit/537.36 (KHTML, like Gecko; compatible; GPTBot/1.2; +https://openai.com/gptbot)"
20.171.207.57 - - [17/Jul/2025:18:37:27 +0000] "GET /detail/903980505 HTTP/1.1" 404 16432 "-" "Mozilla/5.0 AppleWebKit/537.36 (KHTML, like Gecko; compatible; GPTBot/1.2; +https://openai.com/gptbot)"
20.171.207.57 - - [17/Jul/2025:18:37:30 +0000] "GET /detail/903967107 HTTP/1.1" 404 16431 "-" "Mozilla/5.0 AppleWebKit/537.36 (KHTML, like Gecko; compatible; GPTBot/1.2; +https://openai.com/gptbot)"
20.171.207.57 - - [17/Jul/2025:18:37:33 +0000] "GET /detail/903975519 HTTP/1.1" 404 16431 "-" "Mozilla/5.0 AppleWebKit/537.36 (KHTML, like Gecko; compatible; GPTBot/1.2; +https://openai.com/gptbot)"
20.171.207.57 - - [17/Jul/2025:18:37:42 +0000] "GET /detail/903550562 HTTP/1.1" 404 16432 "-" "Mozilla/5.0 AppleWebKit/537.36 (KHTML, like Gecko; compatible; GPTBot/1.2; +https://openai.com/gptbot)"
20.171.207.57 - - [17/Jul/2025:18:37:44 +0000] "GET /detail/903927407 HTTP/1.1" 404 16432 "-" "Mozilla/5.0 AppleWebKit/537.36 (KHTML, like Gecko; compatible; GPTBot/1.2; +https://openai.com/gptbot)"
20.171.207.57 - - [17/Jul/2025:18:37:50 +0000] "GET /detail/903801958 HTTP/1.1" 404 16432 "-" "Mozilla/5.0 AppleWebKit/537.36 (KHTML, like Gecko; compatible; GPTBot/1.2; +https://openai.com/gptbot)"
20.171.207.57 - - [17/Jul/2025:18:37:53 +0000] "GET /detail/903583210 HTTP/1.1" 404 16431 "-" "Mozilla/5.0 AppleWebKit/537.36 (KHTML, like Gecko; compatible; GPTBot/1.2; +https://openai.com/gptbot)"
20.171.207.57 - - [17/Jul/2025:18:37:56 +0000] "GET /detail/903994004 HTTP/1.1" 404 16432 "-" "Mozilla/5.0 AppleWebKit/537.36 (KHTML, like Gecko; compatible; GPTBot/1.2; +https://openai.com/gptbot)"
20.171.207.57 - - [17/Jul/2025:18:37:59 +0000] "GET /detail/903634201 HTTP/1.1" 404 16432 "-" "Mozilla/5.0 AppleWebKit/537.36 (KHTML, like Gecko; compatible; GPTBot/1.2; +https://openai.com/gptbot)"
20.171.207.57 - - [17/Jul/2025:18:38:04 +0000] "GET /detail/903775939 HTTP/1.1" 404 16432 "-" "Mozilla/5.0 AppleWebKit/537.36 (KHTML, like Gecko; compatible; GPTBot/1.2; +https://openai.com/gptbot)"
20.171.207.57 - - [17/Jul/2025:18:38:07 +0000] "GET /detail/903869905 HTTP/1.1" 404 16432 "-" "Mozilla/5.0 AppleWebKit/537.36 (KHTML, like Gecko; compatible; GPTBot/1.2; +https://openai.com/gptbot)"
20.171.207.57 - - [17/Jul/2025:18:38:10 +0000] "GET /detail/903902149 HTTP/1.1" 404 16432 "-" "Mozilla/5.0 AppleWebKit/537.36 (KHTML, like Gecko; compatible; GPTBot/1.2; +https://openai.com/gptbot)"
20.171.207.57 - - [17/Jul/2025:18:38:12 +0000] "GET /detail/903616121 HTTP/1.1" 404 16431 "-" "Mozilla/5.0 AppleWebKit/537.36 (KHTML, like Gecko; compatible; GPTBot/1.2; +https://openai.com/gptbot)"
20.171.207.57 - - [17/Jul/2025:18:38:15 +0000] "GET /detail/903839124 HTTP/1.1" 404 16432 "-" "Mozilla/5.0 AppleWebKit/537.36 (KHTML, like Gecko; compatible; GPTBot/1.2; +https://openai.com/gptbot)"
209.74.77.214 - - [17/Jul/2025:18:38:19 +0000] "POST /wp-cron.php?doing_wp_cron=1752777499.0100409984588623046875 HTTP/1.1" 200 - "-" "WordPress/6.8.2; https://kelaby.company"
20.171.207.57 - - [17/Jul/2025:18:38:18 +0000] "GET /detail/903909265 HTTP/1.1" 404 16431 "-" "Mozilla/5.0 AppleWebKit/537.36 (KHTML, like Gecko; compatible; GPTBot/1.2; +https://openai.com/gptbot)"
20.171.207.57 - - [17/Jul/2025:18:38:21 +0000] "GET /detail/903570413 HTTP/1.1" 404 16431 "-" "Mozilla/5.0 AppleWebKit/537.36 (KHTML, like Gecko; compatible; GPTBot/1.2; +https://openai.com/gptbot)"
20.171.207.57 - - [17/Jul/2025:18:38:27 +0000] "GET /detail/903753782 HTTP/1.1" 404 16431 "-" "Mozilla/5.0 AppleWebKit/537.36 (KHTML, like Gecko; compatible; GPTBot/1.2; +https://openai.com/gptbot)"
20.171.207.57 - - [17/Jul/2025:18:38:32 +0000] "GET /detail/903733170 HTTP/1.1" 404 16432 "-" "Mozilla/5.0 AppleWebKit/537.36 (KHTML, like Gecko; compatible; GPTBot/1.2; +https://openai.com/gptbot)"
20.171.207.57 - - [17/Jul/2025:18:38:35 +0000] "GET /detail/903533183 HTTP/1.1" 404 16432 "-" "Mozilla/5.0 AppleWebKit/537.36 (KHTML, like Gecko; compatible; GPTBot/1.2; +https://openai.com/gptbot)"
20.171.207.57 - - [17/Jul/2025:18:38:47 +0000] "GET /detail/903640632 HTTP/1.1" 404 16432 "-" "Mozilla/5.0 AppleWebKit/537.36 (KHTML, like Gecko; compatible; GPTBot/1.2; +https://openai.com/gptbot)"
20.171.207.57 - - [17/Jul/2025:18:38:50 +0000] "GET /detail/903658031 HTTP/1.1" 404 16432 "-" "Mozilla/5.0 AppleWebKit/537.36 (KHTML, like Gecko; compatible; GPTBot/1.2; +https://openai.com/gptbot)"
157.55.39.223 - - [17/Jul/2025:19:42:40 +0000] "GET /robots.txt HTTP/1.1" 304 - "-" "Mozilla/5.0 AppleWebKit/537.36 (KHTML, like Gecko; compatible; bingbot/2.0; +http://www.bing.com/bingbot.htm) Chrome/116.0.1938.76 Safari/537.36"
52.167.144.206 - - [17/Jul/2025:19:42:46 +0000] "GET / HTTP/1.1" 200 18973 "-" "Mozilla/5.0 AppleWebKit/537.36 (KHTML, like Gecko; compatible; bingbot/2.0; +http://www.bing.com/bingbot.htm) Chrome/116.0.1938.76 Safari/537.36"
157.230.44.64 - - [17/Jul/2025:20:02:43 +0000] "GET /wp-login.php HTTP/1.1" 302 - "" "Mozilla/5.0 (Windows NT 10.0; Win64; x64; rv:137.0) Gecko/20100101 Firefox/137.0"
66.249.79.236 - - [17/Jul/2025:20:25:12 +0000] "GET /robots.txt HTTP/1.1" 304 - "-" "Mozilla/5.0 (compatible; Googlebot/2.1; +http://www.google.com/bot.html)"
66.249.79.236 - - [17/Jul/2025:20:25:12 +0000] "GET /?h=109901815041960&mod=e22d90e1&uri=info.php?toreka/figure_menu.html HTTP/1.1" 200 19786 "-" "Mozilla/5.0 (Linux; Android 6.0.1; Nexus 5X Build/MMB29P) AppleWebKit/537.36 (KHTML, like Gecko) Chrome/137.0.7151.103 Mobile Safari/537.36 (compatible; Googlebot/2.1; +http://www.google.com/bot.html)"
66.249.79.237 - - [17/Jul/2025:20:25:23 +0000] "POST /get-message-notify HTTP/1.1" 200 19473 "http://www.kelaby.company/?h=109901815041960&mod=e22d90e1&uri=info.php?toreka/figure_menu.html" "Mozilla/5.0 (Linux; Android 6.0.1; Nexus 5X Build/MMB29P) AppleWebKit/537.36 (KHTML, like Gecko) Chrome/137.0.7151.119 Mobile Safari/537.36 (compatible; Googlebot/2.1; +http://www.google.com/bot.html)"
209.74.77.214 - - [17/Jul/2025:20:46:43 +0000] "POST /wp-cron.php?doing_wp_cron=1752785203.6582250595092773437500 HTTP/1.1" 200 - "-" "WordPress/6.8.2; https://kelaby.company"
202.4.60.52 - - [17/Jul/2025:20:46:42 +0000] "GET /wp-login.php HTTP/1.1" 302 - "" "Mozilla/5.0 (Windows NT 10.0; Win64; x64; rv:137.0) Gecko/20100101 Firefox/137.0"
124.222.142.44 - - [17/Jul/2025:21:01:00 +0000] "GET / HTTP/1.1" 301 - "-" "Mozilla/5.0 (iPhone; CPU iPhone OS 13_2_3 like Mac OS X) AppleWebKit/605.1.15 (KHTML, like Gecko) Version/13.0.3 Mobile/15E148 Safari/604.1"
47.79.225.95 - - [17/Jul/2025:21:37:59 +0000] "GET / HTTP/1.1" 301 - "http://www.kelaby.company" "Mozilla/5.0 (Windows NT 10.0; Win64; x64) AppleWebKit/537.36 (KHTML, like Gecko) Chrome/114.0.0.0 Safari/537.36 Edg/114.0.1823.43"
103.146.203.227 - - [17/Jul/2025:21:45:22 +0000] "GET /wp-login.php HTTP/1.1" 302 - "" "Mozilla/5.0 (Windows NT 10.0; Win64; x64; rv:137.0) Gecko/20100101 Firefox/137.0"
209.74.77.214 - - [17/Jul/2025:21:55:30 +0000] "POST /wp-cron.php?doing_wp_cron=1752789330.4339659214019775390625 HTTP/1.1" 200 - "-" "WordPress/6.8.2; https://kelaby.company"
43.159.138.217 - - [17/Jul/2025:21:55:30 +0000] "GET / HTTP/1.1" 301 - "-" "Mozilla/5.0 (iPhone; CPU iPhone OS 13_2_3 like Mac OS X) AppleWebKit/605.1.15 (KHTML, like Gecko) Version/13.0.3 Mobile/15E148 Safari/604.1"
202.4.60.52 - - [17/Jul/2025:22:20:59 +0000] "GET /wp-login.php HTTP/1.1" 302 - "" "Mozilla/5.0 (Windows NT 10.0; Win64; x64; rv:137.0) Gecko/20100101 Firefox/137.0"
66.249.79.226 - - [17/Jul/2025:22:42:21 +0000] "GET /?h=5697237011960&mod=2076b5ab&uri=us.php%3Fid%3D190229-333%26name%3Dgold+balloon+dog+necklace HTTP/1.1" 200 21304 "-" "Mozilla/5.0 (Linux; Android 6.0.1; Nexus 5X Build/MMB29P) AppleWebKit/537.36 (KHTML, like Gecko) Chrome/137.0.7151.103 Mobile Safari/537.36 (compatible; Googlebot/2.1; +http://www.google.com/bot.html)"
66.249.79.226 - - [17/Jul/2025:22:42:37 +0000] "POST /get-message-notify HTTP/1.1" 200 19473 "http://www.kelaby.company/?h=5697237011960&mod=2076b5ab&uri=us.php%3Fid%3D190229-333%26name%3Dgold+balloon+dog+necklace" "Mozilla/5.0 (Linux; Android 6.0.1; Nexus 5X Build/MMB29P) AppleWebKit/537.36 (KHTML, like Gecko) Chrome/137.0.7151.119 Mobile Safari/537.36 (compatible; Googlebot/2.1; +http://www.google.com/bot.html)"
110.238.119.101 - - [17/Jul/2025:22:49:57 +0000] "GET /wp-login.php HTTP/1.1" 302 - "" "Mozilla/5.0 (Windows NT 10.0; Win64; x64; rv:137.0) Gecko/20100101 Firefox/137.0"
Page not found – Hello World !