Current File : /home/kelaby89/access-logs/kelaby.sixpack.studio-ssl_log |
209.74.77.214 - - [13/Jul/2025:12:16:05 +0000] "POST /wp-cron.php?doing_wp_cron=1752408965.0517280101776123046875 HTTP/1.1" 200 - "-" "WordPress/6.8.1; https://kelaby.company"
66.249.79.233 - - [13/Jul/2025:12:16:03 +0000] "GET /?h=30710461021960&mod=879d44be&uri=shop.php%3Fid%3D1025011-991%26name%3Dclear+shoes+size+10 HTTP/1.1" 301 - "-" "Mozilla/5.0 (Linux; Android 6.0.1; Nexus 5X Build/MMB29P) AppleWebKit/537.36 (KHTML, like Gecko) Chrome/137.0.7151.103 Mobile Safari/537.36 (compatible; GoogleOther)"
66.249.79.33 - - [13/Jul/2025:12:16:06 +0000] "GET /?h=30710461021960&mod=879d44be&uri=shop.php%3Fid%3D1025011-991%26name%3Dclear%20shoes%20size%2010 HTTP/1.1" 200 26420 "-" "Mozilla/5.0 (Linux; Android 6.0.1; Nexus 5X Build/MMB29P) AppleWebKit/537.36 (KHTML, like Gecko) Chrome/137.0.7151.103 Mobile Safari/537.36 (compatible; GoogleOther)"
52.167.144.16 - - [13/Jul/2025:12:16:17 +0000] "GET /wp-sitemap.xml HTTP/1.1" 200 66672 "-" "Mozilla/5.0 AppleWebKit/537.36 (KHTML, like Gecko; compatible; bingbot/2.0; +http://www.bing.com/bingbot.htm) Chrome/116.0.1938.76 Safari/537.36"
209.74.77.214 - - [13/Jul/2025:12:18:50 +0000] "POST /wp-cron.php?doing_wp_cron=1752409129.9465410709381103515625 HTTP/1.1" 200 - "-" "WordPress/6.8.1; https://kelaby.company"
66.249.79.232 - - [13/Jul/2025:12:18:48 +0000] "GET /?h=113354741011960&mod=35b0b52c&uri=shop.php%3Fid%3D3783058-1682%26name%3Dvance+and+hines+v+star+650 HTTP/1.1" 301 - "-" "Mozilla/5.0 (Linux; Android 6.0.1; Nexus 5X Build/MMB29P) AppleWebKit/537.36 (KHTML, like Gecko) Chrome/137.0.7151.103 Mobile Safari/537.36 (compatible; GoogleOther)"
66.249.79.33 - - [13/Jul/2025:12:18:51 +0000] "GET /?h=113354741011960&mod=35b0b52c&uri=shop.php%3Fid%3D3783058-1682%26name%3Dvance%20and%20hines%20v%20star%20650 HTTP/1.1" 200 26425 "-" "Mozilla/5.0 (Linux; Android 6.0.1; Nexus 5X Build/MMB29P) AppleWebKit/537.36 (KHTML, like Gecko) Chrome/137.0.7151.103 Mobile Safari/537.36 (compatible; GoogleOther)"
209.74.77.214 - - [13/Jul/2025:12:20:02 +0000] "POST /wp-cron.php?doing_wp_cron=1752409202.2040369510650634765625 HTTP/1.1" 200 - "-" "WordPress/6.8.1; https://kelaby.company"
114.117.233.112 - - [13/Jul/2025:12:20:02 +0000] "GET / HTTP/1.1" 200 26424 "http://www.kelaby.company" "Mozilla/5.0 (iPhone; CPU iPhone OS 13_2_3 like Mac OS X) AppleWebKit/605.1.15 (KHTML, like Gecko) Version/13.0.3 Mobile/15E148 Safari/604.1"
209.74.77.214 - - [13/Jul/2025:12:21:39 +0000] "POST /wp-cron.php?doing_wp_cron=1752409298.9099779129028320312500 HTTP/1.1" 200 - "-" "WordPress/6.8.1; https://kelaby.company"
66.249.79.232 - - [13/Jul/2025:12:21:36 +0000] "GET /?h=46591999111960&mod=26799da5&uri=brands.php%3Fid%3D1554899-1222%26name%3Dzx+flux+rosa+fluor HTTP/1.1" 301 - "-" "Mozilla/5.0 (Linux; Android 6.0.1; Nexus 5X Build/MMB29P) AppleWebKit/537.36 (KHTML, like Gecko) Chrome/137.0.7151.103 Mobile Safari/537.36 (compatible; GoogleOther)"
66.249.79.34 - - [13/Jul/2025:12:21:41 +0000] "GET /?h=46591999111960&mod=26799da5&uri=brands.php%3Fid%3D1554899-1222%26name%3Dzx%20flux%20rosa%20fluor HTTP/1.1" 200 26421 "-" "Mozilla/5.0 (Linux; Android 6.0.1; Nexus 5X Build/MMB29P) AppleWebKit/537.36 (KHTML, like Gecko) Chrome/137.0.7151.103 Mobile Safari/537.36 (compatible; GoogleOther)"
209.74.77.214 - - [13/Jul/2025:12:23:29 +0000] "POST /wp-cron.php?doing_wp_cron=1752409409.0286018848419189453125 HTTP/1.1" 200 - "-" "WordPress/6.8.1; https://kelaby.company"
66.249.79.232 - - [13/Jul/2025:12:23:27 +0000] "GET /?h=8763727051960&mod=09d84d6a&uri=search.php%3Fid%3D292634-448%26name%3Dpuffer+jacket+mens+near+me HTTP/1.1" 301 - "-" "Mozilla/5.0 (Linux; Android 6.0.1; Nexus 5X Build/MMB29P) AppleWebKit/537.36 (KHTML, like Gecko) Chrome/137.0.7151.103 Mobile Safari/537.36 (compatible; GoogleOther)"
66.249.79.32 - - [13/Jul/2025:12:23:31 +0000] "GET /?h=8763727051960&mod=09d84d6a&uri=search.php%3Fid%3D292634-448%26name%3Dpuffer%20jacket%20mens%20near%20me HTTP/1.1" 200 26422 "-" "Mozilla/5.0 (Linux; Android 6.0.1; Nexus 5X Build/MMB29P) AppleWebKit/537.36 (KHTML, like Gecko) Chrome/137.0.7151.103 Mobile Safari/537.36 (compatible; GoogleOther)"
209.74.77.214 - - [13/Jul/2025:12:24:23 +0000] "POST /wp-cron.php?doing_wp_cron=1752409463.3708589076995849609375 HTTP/1.1" 200 - "-" "WordPress/6.8.1; https://kelaby.company"
66.249.79.231 - - [13/Jul/2025:12:24:22 +0000] "GET /?h=72340580041960&mod=65ebbda5&uri=blog.php%3Fid%3D2414088-1443%26name%3Dchicago+bulls+men%27s+clothing HTTP/1.1" 301 - "-" "Mozilla/5.0 (Linux; Android 6.0.1; Nexus 5X Build/MMB29P) AppleWebKit/537.36 (KHTML, like Gecko) Chrome/137.0.7151.103 Mobile Safari/537.36 (compatible; GoogleOther)"
66.249.79.34 - - [13/Jul/2025:12:24:25 +0000] "GET /?h=72340580041960&mod=65ebbda5&uri=blog.php%3Fid%3D2414088-1443%26name%3Dchicago%20bulls%20men%27s%20clothing HTTP/1.1" 200 26420 "-" "Mozilla/5.0 (Linux; Android 6.0.1; Nexus 5X Build/MMB29P) AppleWebKit/537.36 (KHTML, like Gecko) Chrome/137.0.7151.103 Mobile Safari/537.36 (compatible; GoogleOther)"
66.249.79.232 - - [13/Jul/2025:12:25:05 +0000] "GET /?h=35193585051960&mod=49856ed4&uri=form.php%3Fid%3D1174633-57%26name%3Dbest+bluetooth+transmitter+for+tv+2020 HTTP/1.1" 200 21974 "-" "Mozilla/5.0 (Linux; Android 6.0.1; Nexus 5X Build/MMB29P) AppleWebKit/537.36 (KHTML, like Gecko) Chrome/137.0.7151.103 Mobile Safari/537.36 (compatible; Googlebot/2.1; +http://www.google.com/bot.html)"
66.249.79.230 - - [13/Jul/2025:12:25:11 +0000] "POST /get-message-notify HTTP/1.1" 200 20945 "https://www.kelaby.company/?h=35193585051960&mod=49856ed4&uri=form.php%3Fid%3D1174633-57%26name%3Dbest+bluetooth+transmitter+for+tv+2020" "Mozilla/5.0 (Linux; Android 6.0.1; Nexus 5X Build/MMB29P) AppleWebKit/537.36 (KHTML, like Gecko) Chrome/137.0.7151.119 Mobile Safari/537.36 (compatible; Googlebot/2.1; +http://www.google.com/bot.html)"
66.249.79.231 - - [13/Jul/2025:12:26:08 +0000] "GET /?h=35306103041960&mod=2b736f73&uri=search.php%3Fid%3D1178386-410%26name%3Dbambole+reborn+passeggino HTTP/1.1" 200 22310 "-" "Mozilla/5.0 (Linux; Android 6.0.1; Nexus 5X Build/MMB29P) AppleWebKit/537.36 (KHTML, like Gecko) Chrome/137.0.7151.103 Mobile Safari/537.36 (compatible; Googlebot/2.1; +http://www.google.com/bot.html)"
209.74.77.214 - - [13/Jul/2025:12:27:14 +0000] "POST /wp-cron.php?doing_wp_cron=1752409633.9225769042968750000000 HTTP/1.1" 200 - "-" "WordPress/6.8.1; https://kelaby.company"
66.249.79.232 - - [13/Jul/2025:12:27:12 +0000] "GET /?h=11531616061960&mod=02567caa&uri=news.php%3Fid%3D385013-556%26name%3Dgenii+pillow HTTP/1.1" 301 - "-" "Mozilla/5.0 (Linux; Android 6.0.1; Nexus 5X Build/MMB29P) AppleWebKit/537.36 (KHTML, like Gecko) Chrome/137.0.7151.103 Mobile Safari/537.36 (compatible; GoogleOther)"
66.249.79.37 - - [13/Jul/2025:12:27:15 +0000] "GET /?h=11531616061960&mod=02567caa&uri=news.php%3Fid%3D385013-556%26name%3Dgenii%20pillow HTTP/1.1" 200 26428 "-" "Mozilla/5.0 (Linux; Android 6.0.1; Nexus 5X Build/MMB29P) AppleWebKit/537.36 (KHTML, like Gecko) Chrome/137.0.7151.103 Mobile Safari/537.36 (compatible; GoogleOther)"
209.74.77.214 - - [13/Jul/2025:12:29:55 +0000] "POST /wp-cron.php?doing_wp_cron=1752409795.0168399810791015625000 HTTP/1.1" 200 - "-" "WordPress/6.8.1; https://kelaby.company"
66.249.79.232 - - [13/Jul/2025:12:29:53 +0000] "GET /?h=28253994031960&mod=4ed0bf47&uri=blog.php%3Fid%3D942994-937%26name%3Dchaussure+canadienne+homme HTTP/1.1" 301 - "-" "Mozilla/5.0 (Linux; Android 6.0.1; Nexus 5X Build/MMB29P) AppleWebKit/537.36 (KHTML, like Gecko) Chrome/137.0.7151.103 Mobile Safari/537.36 (compatible; GoogleOther)"
66.249.79.32 - - [13/Jul/2025:12:29:56 +0000] "GET /?h=28253994031960&mod=4ed0bf47&uri=blog.php%3Fid%3D942994-937%26name%3Dchaussure%20canadienne%20homme HTTP/1.1" 200 26421 "-" "Mozilla/5.0 (Linux; Android 6.0.1; Nexus 5X Build/MMB29P) AppleWebKit/537.36 (KHTML, like Gecko) Chrome/137.0.7151.103 Mobile Safari/537.36 (compatible; GoogleOther)"
209.74.77.214 - - [13/Jul/2025:12:32:42 +0000] "POST /wp-cron.php?doing_wp_cron=1752409962.6807219982147216796875 HTTP/1.1" 200 - "-" "WordPress/6.8.1; https://kelaby.company"
66.249.79.32 - - [13/Jul/2025:12:32:39 +0000] "GET /?h=76024068011960&mod=e2333078&uri=pin.php%3Fid%3D2536993-101%26name%3Dmini%20backpack%20purse%20jcpenney HTTP/1.1" 200 26421 "-" "Mozilla/5.0 (Linux; Android 6.0.1; Nexus 5X Build/MMB29P) AppleWebKit/537.36 (KHTML, like Gecko) Chrome/137.0.7151.103 Mobile Safari/537.36 (compatible; GoogleOther)"
209.74.77.214 - - [13/Jul/2025:12:35:27 +0000] "POST /wp-cron.php?doing_wp_cron=1752410127.1225500106811523437500 HTTP/1.1" 200 - "-" "WordPress/6.8.1; https://kelaby.company"
66.249.79.230 - - [13/Jul/2025:12:35:25 +0000] "GET /?h=22568414021960&mod=0fb6e518&uri=pin.php%3Fid%3D753301-820%26name%3Dall+white+lebron+15s HTTP/1.1" 301 - "-" "Mozilla/5.0 (Linux; Android 6.0.1; Nexus 5X Build/MMB29P) AppleWebKit/537.36 (KHTML, like Gecko) Chrome/137.0.7151.103 Mobile Safari/537.36 (compatible; GoogleOther)"
66.249.79.33 - - [13/Jul/2025:12:35:28 +0000] "GET /?h=22568414021960&mod=0fb6e518&uri=pin.php%3Fid%3D753301-820%26name%3Dall%20white%20lebron%2015s HTTP/1.1" 200 26418 "-" "Mozilla/5.0 (Linux; Android 6.0.1; Nexus 5X Build/MMB29P) AppleWebKit/537.36 (KHTML, like Gecko) Chrome/137.0.7151.103 Mobile Safari/537.36 (compatible; GoogleOther)"
66.249.79.230 - - [13/Jul/2025:12:35:36 +0000] "GET /?h=118066533031960&mod=7543630a&uri=goods.php%3Fid%3D3940270-1626%26name%3Dred+christmas+dog+jumper HTTP/1.1" 301 - "-" "Mozilla/5.0 (Linux; Android 6.0.1; Nexus 5X Build/MMB29P) AppleWebKit/537.36 (KHTML, like Gecko) Chrome/137.0.7151.103 Mobile Safari/537.36 (compatible; GoogleOther)"
66.249.79.32 - - [13/Jul/2025:12:35:38 +0000] "GET /?h=118066533031960&mod=7543630a&uri=goods.php%3Fid%3D3940270-1626%26name%3Dred%20christmas%20dog%20jumper HTTP/1.1" 200 26423 "-" "Mozilla/5.0 (Linux; Android 6.0.1; Nexus 5X Build/MMB29P) AppleWebKit/537.36 (KHTML, like Gecko) Chrome/137.0.7151.103 Mobile Safari/537.36 (compatible; GoogleOther)"
66.249.79.232 - - [13/Jul/2025:12:36:58 +0000] "GET /?h=40050443071960&mod=49856ed4&uri=form.php%3Fid%3D1336675-57%26name%3Dgrado+gold HTTP/1.1" 200 21250 "-" "Mozilla/5.0 (Linux; Android 6.0.1; Nexus 5X Build/MMB29P) AppleWebKit/537.36 (KHTML, like Gecko) Chrome/137.0.7151.103 Mobile Safari/537.36 (compatible; Googlebot/2.1; +http://www.google.com/bot.html)"
66.249.79.231 - - [13/Jul/2025:12:37:24 +0000] "POST /get-message-notify HTTP/1.1" 200 20944 "https://www.kelaby.company/?h=40050443071960&mod=49856ed4&uri=form.php%3Fid%3D1336675-57%26name%3Dgrado+gold" "Mozilla/5.0 (Linux; Android 6.0.1; Nexus 5X Build/MMB29P) AppleWebKit/537.36 (KHTML, like Gecko) Chrome/137.0.7151.119 Mobile Safari/537.36 (compatible; Googlebot/2.1; +http://www.google.com/bot.html)"
209.74.77.214 - - [13/Jul/2025:12:38:13 +0000] "POST /wp-cron.php?doing_wp_cron=1752410293.1121900081634521484375 HTTP/1.1" 200 - "-" "WordPress/6.8.1; https://kelaby.company"
66.249.79.231 - - [13/Jul/2025:12:38:11 +0000] "GET /?h=361648011960&mod=6c4bb406&uri=blog.php%3Fid%3D12076-31%26name%3Dpantalon+homme+gstar HTTP/1.1" 301 - "-" "Mozilla/5.0 (Linux; Android 6.0.1; Nexus 5X Build/MMB29P) AppleWebKit/537.36 (KHTML, like Gecko) Chrome/137.0.7151.103 Mobile Safari/537.36 (compatible; GoogleOther)"
66.249.79.34 - - [13/Jul/2025:12:38:14 +0000] "GET /?h=361648011960&mod=6c4bb406&uri=blog.php%3Fid%3D12076-31%26name%3Dpantalon%20homme%20gstar HTTP/1.1" 200 26426 "-" "Mozilla/5.0 (Linux; Android 6.0.1; Nexus 5X Build/MMB29P) AppleWebKit/537.36 (KHTML, like Gecko) Chrome/137.0.7151.103 Mobile Safari/537.36 (compatible; GoogleOther)"
209.74.77.214 - - [13/Jul/2025:12:40:59 +0000] "POST /wp-cron.php?doing_wp_cron=1752410459.4109330177307128906250 HTTP/1.1" 200 - "-" "WordPress/6.8.1; https://kelaby.company"
66.249.79.232 - - [13/Jul/2025:12:40:57 +0000] "GET /?h=39585947141960&mod=e18b1ce9&uri=pin.php%3Fid%3D1321174-209%26name%3Dare+beef+kidneys+good+for+dogs HTTP/1.1" 301 - "-" "Mozilla/5.0 (Linux; Android 6.0.1; Nexus 5X Build/MMB29P) AppleWebKit/537.36 (KHTML, like Gecko) Chrome/137.0.7151.103 Mobile Safari/537.36 (compatible; GoogleOther)"
209.74.77.214 - - [13/Jul/2025:12:41:01 +0000] "POST /wp-cron.php?doing_wp_cron=1752410461.4740939140319824218750 HTTP/1.1" 200 - "-" "WordPress/6.8.1; https://kelaby.company"
66.249.79.33 - - [13/Jul/2025:12:41:01 +0000] "GET /?h=39585947141960&mod=e18b1ce9&uri=pin.php%3Fid%3D1321174-209%26name%3Dare%20beef%20kidneys%20good%20for%20dogs HTTP/1.1" 200 26425 "-" "Mozilla/5.0 (Linux; Android 6.0.1; Nexus 5X Build/MMB29P) AppleWebKit/537.36 (KHTML, like Gecko) Chrome/137.0.7151.103 Mobile Safari/537.36 (compatible; GoogleOther)"
209.74.77.214 - - [13/Jul/2025:12:43:45 +0000] "POST /wp-cron.php?doing_wp_cron=1752410625.2987608909606933593750 HTTP/1.1" 200 - "-" "WordPress/6.8.1; https://kelaby.company"
66.249.79.230 - - [13/Jul/2025:12:43:44 +0000] "GET /?h=63720615031960&mod=6f8cc45b&uri=blog.php%3Fid%3D2126415-1242%26name%3Dropa+adidas+hombre+medellin HTTP/1.1" 301 - "-" "Mozilla/5.0 (Linux; Android 6.0.1; Nexus 5X Build/MMB29P) AppleWebKit/537.36 (KHTML, like Gecko) Chrome/137.0.7151.103 Mobile Safari/537.36 (compatible; GoogleOther)"
66.249.79.32 - - [13/Jul/2025:12:43:46 +0000] "GET /?h=63720615031960&mod=6f8cc45b&uri=blog.php%3Fid%3D2126415-1242%26name%3Dropa%20adidas%20hombre%20medellin HTTP/1.1" 200 26418 "-" "Mozilla/5.0 (Linux; Android 6.0.1; Nexus 5X Build/MMB29P) AppleWebKit/537.36 (KHTML, like Gecko) Chrome/137.0.7151.103 Mobile Safari/537.36 (compatible; GoogleOther)"
209.74.77.214 - - [13/Jul/2025:12:44:42 +0000] "POST /wp-cron.php?doing_wp_cron=1752410681.9512898921966552734375 HTTP/1.1" 200 - "-" "WordPress/6.8.1; https://kelaby.company"
54.36.148.165 - - [13/Jul/2025:12:44:40 +0000] "GET / HTTP/1.1" 200 26419 "-" "Mozilla/5.0 (compatible; AhrefsBot/7.0; +http://ahrefs.com/robot/)"
209.74.77.214 - - [13/Jul/2025:12:46:31 +0000] "POST /wp-cron.php?doing_wp_cron=1752410791.5873539447784423828125 HTTP/1.1" 200 - "-" "WordPress/6.8.1; https://kelaby.company"
66.249.79.231 - - [13/Jul/2025:12:46:30 +0000] "GET /?h=85475736031960&mod=f2a8c236&uri=form.php%3Fid%3D2852467-949%26name%3Dblack+yak+caracu HTTP/1.1" 301 - "-" "Mozilla/5.0 (Linux; Android 6.0.1; Nexus 5X Build/MMB29P) AppleWebKit/537.36 (KHTML, like Gecko) Chrome/137.0.7151.103 Mobile Safari/537.36 (compatible; GoogleOther)"
66.249.79.34 - - [13/Jul/2025:12:46:33 +0000] "GET /?h=85475736031960&mod=f2a8c236&uri=form.php%3Fid%3D2852467-949%26name%3Dblack%20yak%20caracu HTTP/1.1" 200 26425 "-" "Mozilla/5.0 (Linux; Android 6.0.1; Nexus 5X Build/MMB29P) AppleWebKit/537.36 (KHTML, like Gecko) Chrome/137.0.7151.103 Mobile Safari/537.36 (compatible; GoogleOther)"
209.74.77.214 - - [13/Jul/2025:12:47:09 +0000] "POST /wp-cron.php?doing_wp_cron=1752410829.0721609592437744140625 HTTP/1.1" 200 - "-" "WordPress/6.8.1; https://kelaby.company"
20.74.85.78 - - [13/Jul/2025:12:47:07 +0000] "GET /.env HTTP/1.1" 404 16356 "-" "Mozilla/5.0 (Windows NT 10.0; Win64; x64) AppleWebKit/537.36 (KHTML, like Gecko) Chrome/112.0.0.0 Safari/537.36"
209.74.77.214 - - [13/Jul/2025:12:47:46 +0000] "POST /wp-cron.php?doing_wp_cron=1752410866.8128368854522705078125 HTTP/1.1" 200 - "-" "WordPress/6.8.1; https://kelaby.company"
66.249.79.231 - - [13/Jul/2025:12:47:45 +0000] "GET /?h=106413016061960&mod=2a1a7152&uri=shop.php%3Fid%3D3551360-609%26name%3Dst+john%27s+sb+dunk+low HTTP/1.1" 301 - "-" "Mozilla/5.0 (Linux; Android 6.0.1; Nexus 5X Build/MMB29P) AppleWebKit/537.36 (KHTML, like Gecko) Chrome/137.0.7151.103 Mobile Safari/537.36 (compatible; GoogleOther)"
66.249.79.34 - - [13/Jul/2025:12:47:48 +0000] "GET /?h=106413016061960&mod=2a1a7152&uri=shop.php%3Fid%3D3551360-609%26name%3Dst%20john%27s%20sb%20dunk%20low HTTP/1.1" 200 26418 "-" "Mozilla/5.0 (Linux; Android 6.0.1; Nexus 5X Build/MMB29P) AppleWebKit/537.36 (KHTML, like Gecko) Chrome/137.0.7151.103 Mobile Safari/537.36 (compatible; GoogleOther)"
66.249.79.231 - - [13/Jul/2025:12:48:59 +0000] "GET /?h=40002134041960&mod=49856ed4&uri=blog.php%3Fid%3D1335064-57%26name%3Dtrue+wireless+earbuds+for+sleeping HTTP/1.1" 200 22408 "-" "Mozilla/5.0 (Linux; Android 6.0.1; Nexus 5X Build/MMB29P) AppleWebKit/537.36 (KHTML, like Gecko) Chrome/137.0.7151.103 Mobile Safari/537.36 (compatible; Googlebot/2.1; +http://www.google.com/bot.html)"
209.74.77.214 - - [13/Jul/2025:12:49:17 +0000] "POST /wp-cron.php?doing_wp_cron=1752410957.1452150344848632812500 HTTP/1.1" 200 - "-" "WordPress/6.8.1; https://kelaby.company"
66.249.79.230 - - [13/Jul/2025:12:49:16 +0000] "GET /?h=115949289101960&mod=b8cfbf77&uri=goods.php%3Fid%3D3869645-56%26name%3Dgrecian+blue+michael+kors HTTP/1.1" 301 - "-" "Mozilla/5.0 (Linux; Android 6.0.1; Nexus 5X Build/MMB29P) AppleWebKit/537.36 (KHTML, like Gecko) Chrome/137.0.7151.103 Mobile Safari/537.36 (compatible; GoogleOther)"
66.249.79.32 - - [13/Jul/2025:12:49:18 +0000] "GET /?h=115949289101960&mod=b8cfbf77&uri=goods.php%3Fid%3D3869645-56%26name%3Dgrecian%20blue%20michael%20kors HTTP/1.1" 200 26420 "-" "Mozilla/5.0 (Linux; Android 6.0.1; Nexus 5X Build/MMB29P) AppleWebKit/537.36 (KHTML, like Gecko) Chrome/137.0.7151.103 Mobile Safari/537.36 (compatible; GoogleOther)"
209.74.77.214 - - [13/Jul/2025:12:52:04 +0000] "POST /wp-cron.php?doing_wp_cron=1752411123.9864740371704101562500 HTTP/1.1" 200 - "-" "WordPress/6.8.1; https://kelaby.company"
66.249.79.232 - - [13/Jul/2025:12:52:02 +0000] "GET /?h=100682152021960&mod=8b1bf458&uri=dp.php%3Fid%3D3360039-469%26name%3Dskechers+head+turner+trainers HTTP/1.1" 301 - "-" "Mozilla/5.0 (Linux; Android 6.0.1; Nexus 5X Build/MMB29P) AppleWebKit/537.36 (KHTML, like Gecko) Chrome/137.0.7151.103 Mobile Safari/537.36 (compatible; GoogleOther)"
66.249.79.33 - - [13/Jul/2025:12:52:05 +0000] "GET /?h=100682152021960&mod=8b1bf458&uri=dp.php%3Fid%3D3360039-469%26name%3Dskechers%20head%20turner%20trainers HTTP/1.1" 200 26425 "-" "Mozilla/5.0 (Linux; Android 6.0.1; Nexus 5X Build/MMB29P) AppleWebKit/537.36 (KHTML, like Gecko) Chrome/137.0.7151.103 Mobile Safari/537.36 (compatible; GoogleOther)"
66.249.79.33 - - [13/Jul/2025:12:54:15 +0000] "POST /get-message-notify HTTP/1.1" 200 21718 "https://kelaby.company/?h=6086959021960&mod=f7efa4f8&uri=pin.php%3Fid%3D203266-40%26name%3Dsmall+handheld+paint+sprayer" "Mozilla/5.0 (Linux; Android 6.0.1; Nexus 5X Build/MMB29P) AppleWebKit/537.36 (KHTML, like Gecko) Chrome/137.0.7151.119 Mobile Safari/537.36 (compatible; Googlebot/2.1; +http://www.google.com/bot.html)"
66.249.79.231 - - [13/Jul/2025:12:54:49 +0000] "GET /?h=6959614041960&mod=8bdb666d&uri=dp.php%3Fid%3D232428-392%26name%3Dthursday+boots+brown HTTP/1.1" 301 - "-" "Mozilla/5.0 (Linux; Android 6.0.1; Nexus 5X Build/MMB29P) AppleWebKit/537.36 (KHTML, like Gecko) Chrome/137.0.7151.103 Mobile Safari/537.36 (compatible; GoogleOther)"
66.249.79.37 - - [13/Jul/2025:12:54:55 +0000] "GET /?h=6959614041960&mod=8bdb666d&uri=dp.php%3Fid%3D232428-392%26name%3Dthursday%20boots%20brown HTTP/1.1" 200 26424 "-" "Mozilla/5.0 (Linux; Android 6.0.1; Nexus 5X Build/MMB29P) AppleWebKit/537.36 (KHTML, like Gecko) Chrome/137.0.7151.103 Mobile Safari/537.36 (compatible; GoogleOther)"
209.74.77.214 - - [13/Jul/2025:12:57:37 +0000] "POST /wp-cron.php?doing_wp_cron=1752411457.2970600128173828125000 HTTP/1.1" 200 - "-" "WordPress/6.8.1; https://kelaby.company"
66.249.79.234 - - [13/Jul/2025:12:57:36 +0000] "GET /?h=68072071960&mod=061412e4&uri=shared.php%3Fid%3D2273-8%26name%3Dnepa+windbreaker HTTP/1.1" 301 - "-" "Mozilla/5.0 (Linux; Android 6.0.1; Nexus 5X Build/MMB29P) AppleWebKit/537.36 (KHTML, like Gecko) Chrome/137.0.7151.103 Mobile Safari/537.36 (compatible; GoogleOther)"
66.249.79.33 - - [13/Jul/2025:12:57:39 +0000] "GET /?h=68072071960&mod=061412e4&uri=shared.php%3Fid%3D2273-8%26name%3Dnepa%20windbreaker HTTP/1.1" 200 26418 "-" "Mozilla/5.0 (Linux; Android 6.0.1; Nexus 5X Build/MMB29P) AppleWebKit/537.36 (KHTML, like Gecko) Chrome/137.0.7151.103 Mobile Safari/537.36 (compatible; GoogleOther)"
209.74.77.214 - - [13/Jul/2025:12:59:59 +0000] "POST /wp-cron.php?doing_wp_cron=1752411599.3875410556793212890625 HTTP/1.1" 200 - "-" "WordPress/6.8.1; https://kelaby.company"
66.249.79.232 - - [13/Jul/2025:12:59:56 +0000] "GET /?h=57449399101960&mod=4144ac11&uri=pin.php%3Fid%3D1917113-713%26name%3Dburberry+silk+trench+dress HTTP/1.1" 301 - "-" "Mozilla/5.0 (Linux; Android 6.0.1; Nexus 5X Build/MMB29P) AppleWebKit/537.36 (KHTML, like Gecko) Chrome/137.0.7151.103 Mobile Safari/537.36 (compatible; GoogleOther)"
209.74.77.214 - - [13/Jul/2025:13:00:03 +0000] "POST /wp-cron.php?doing_wp_cron=1752411602.9441199302673339843750 HTTP/1.1" 200 - "-" "WordPress/6.8.1; https://kelaby.company"
66.249.79.33 - - [13/Jul/2025:13:00:02 +0000] "GET /?h=57449399101960&mod=4144ac11&uri=pin.php%3Fid%3D1917113-713%26name%3Dburberry%20silk%20trench%20dress HTTP/1.1" 200 26425 "-" "Mozilla/5.0 (Linux; Android 6.0.1; Nexus 5X Build/MMB29P) AppleWebKit/537.36 (KHTML, like Gecko) Chrome/137.0.7151.103 Mobile Safari/537.36 (compatible; GoogleOther)"
209.74.77.214 - - [13/Jul/2025:13:00:22 +0000] "POST /wp-cron.php?doing_wp_cron=1752411622.3407568931579589843750 HTTP/1.1" 200 - "-" "WordPress/6.8.1; https://kelaby.company"
66.249.79.233 - - [13/Jul/2025:13:00:21 +0000] "GET /?h=108340964011960&mod=84ea3a79&uri=goods.php%3Fid%3D3615691-465%26name%3Dcamel+active+shoes HTTP/1.1" 301 - "-" "Mozilla/5.0 (Linux; Android 6.0.1; Nexus 5X Build/MMB29P) AppleWebKit/537.36 (KHTML, like Gecko) Chrome/137.0.7151.103 Mobile Safari/537.36 (compatible; GoogleOther)"
66.249.79.32 - - [13/Jul/2025:13:00:26 +0000] "GET /?h=108340964011960&mod=84ea3a79&uri=goods.php%3Fid%3D3615691-465%26name%3Dcamel%20active%20shoes HTTP/1.1" 200 26424 "-" "Mozilla/5.0 (Linux; Android 6.0.1; Nexus 5X Build/MMB29P) AppleWebKit/537.36 (KHTML, like Gecko) Chrome/137.0.7151.103 Mobile Safari/537.36 (compatible; GoogleOther)"
66.249.79.34 - - [13/Jul/2025:13:01:01 +0000] "GET /?h=6227041061960&mod=9b425b22&uri=shared.php%3Fid%3D207974-359%26name%3Dnew+balance+801+prata HTTP/1.1" 200 21418 "-" "Mozilla/5.0 (Linux; Android 6.0.1; Nexus 5X Build/MMB29P) AppleWebKit/537.36 (KHTML, like Gecko) Chrome/137.0.7151.103 Mobile Safari/537.36 (compatible; Googlebot/2.1; +http://www.google.com/bot.html)"
66.249.79.34 - - [13/Jul/2025:13:01:02 +0000] "GET /?h=5869359001960&mod=7530b57b&uri=itm.php%3Fid%3D196002-341%26name%3Doster+xpert+potencia HTTP/1.1" 200 22065 "-" "Mozilla/5.0 (Linux; Android 6.0.1; Nexus 5X Build/MMB29P) AppleWebKit/537.36 (KHTML, like Gecko) Chrome/137.0.7151.103 Mobile Safari/537.36 (compatible; Googlebot/2.1; +http://www.google.com/bot.html)"
66.249.79.232 - - [13/Jul/2025:13:01:01 +0000] "GET /?h=119426940011960&mod=bcfcd283&uri=product.php%3Fid%3D3985643-323%26name%3Dpink+yeti+mug+with+handle HTTP/1.1" 200 21675 "-" "Mozilla/5.0 (Linux; Android 6.0.1; Nexus 5X Build/MMB29P) AppleWebKit/537.36 (KHTML, like Gecko) Chrome/137.0.7151.103 Mobile Safari/537.36 (compatible; Googlebot/2.1; +http://www.google.com/bot.html)"
66.249.79.233 - - [13/Jul/2025:13:01:04 +0000] "GET /?h=65421283041960&mod=f8cd71b7&uri=search.php%3Fid%3D2183154-328%26name%3Dbirkenstock+geschlossene+sandalen+damen HTTP/1.1" 200 21920 "-" "Mozilla/5.0 (Linux; Android 6.0.1; Nexus 5X Build/MMB29P) AppleWebKit/537.36 (KHTML, like Gecko) Chrome/137.0.7151.103 Mobile Safari/537.36 (compatible; Googlebot/2.1; +http://www.google.com/bot.html)"
66.249.79.33 - - [13/Jul/2025:13:01:06 +0000] "GET /?h=36358690021960&mod=4b3da53a&uri=form.php%3Fid%3D1213498-308%26name%3Dwomens+designer+pyjamas+set HTTP/1.1" 200 21995 "-" "Mozilla/5.0 (Linux; Android 6.0.1; Nexus 5X Build/MMB29P) AppleWebKit/537.36 (KHTML, like Gecko) Chrome/137.0.7151.103 Mobile Safari/537.36 (compatible; Googlebot/2.1; +http://www.google.com/bot.html)"
66.249.79.33 - - [13/Jul/2025:13:01:09 +0000] "GET /?h=5696187001960&mod=2076b5ab&uri=shop.php%3Fid%3D190194-333%26name%3Drare+vintage+rings HTTP/1.1" 200 22325 "-" "Mozilla/5.0 (Linux; Android 6.0.1; Nexus 5X Build/MMB29P) AppleWebKit/537.36 (KHTML, like Gecko) Chrome/137.0.7151.103 Mobile Safari/537.36 (compatible; Googlebot/2.1; +http://www.google.com/bot.html)"
66.249.79.32 - - [13/Jul/2025:13:01:28 +0000] "POST /get-message-notify HTTP/1.1" 200 21692 "https://kelaby.company/?h=5869359001960&mod=7530b57b&uri=itm.php%3Fid%3D196002-341%26name%3Doster+xpert+potencia" "Mozilla/5.0 (Linux; Android 6.0.1; Nexus 5X Build/MMB29P) AppleWebKit/537.36 (KHTML, like Gecko) Chrome/137.0.7151.119 Mobile Safari/537.36 (compatible; Googlebot/2.1; +http://www.google.com/bot.html)"
66.249.79.232 - - [13/Jul/2025:13:01:43 +0000] "POST /get-message-notify HTTP/1.1" 200 20936 "https://www.kelaby.company/?h=119426940011960&mod=bcfcd283&uri=product.php%3Fid%3D3985643-323%26name%3Dpink+yeti+mug+with+handle" "Mozilla/5.0 (Linux; Android 6.0.1; Nexus 5X Build/MMB29P) AppleWebKit/537.36 (KHTML, like Gecko) Chrome/137.0.7151.119 Mobile Safari/537.36 (compatible; Googlebot/2.1; +http://www.google.com/bot.html)"
66.249.79.34 - - [13/Jul/2025:13:02:12 +0000] "POST /get-message-notify HTTP/1.1" 200 21709 "https://kelaby.company/?h=6227041061960&mod=9b425b22&uri=shared.php%3Fid%3D207974-359%26name%3Dnew+balance+801+prata" "Mozilla/5.0 (Linux; Android 6.0.1; Nexus 5X Build/MMB29P) AppleWebKit/537.36 (KHTML, like Gecko) Chrome/137.0.7151.119 Mobile Safari/537.36 (compatible; Googlebot/2.1; +http://www.google.com/bot.html)"
45.4.172.194 - - [13/Jul/2025:13:02:38 +0000] "GET /wp-login.php HTTP/1.1" 200 2013 "http://kelaby.company/wp-login.php" "Mozilla/5.0 (Windows NT 10.0; Win64; x64; rv:137.0) Gecko/20100101 Firefox/137.0"
45.4.172.194 - - [13/Jul/2025:13:02:38 +0000] "GET /wp-json/wp/v2/users HTTP/1.1" 200 428 "http://kelaby.company/wp-login.php" "Mozilla/5.0 (Windows NT 10.0; Win64; x64; rv:137.0) Gecko/20100101 Firefox/137.0"
45.4.172.194 - - [13/Jul/2025:13:02:38 +0000] "POST /wp-login.php HTTP/1.1" 200 2135 "https://kelaby.company/wp-login.php?redirect_to=https%3A%2F%2Fkelaby.company%2Fwp-admin%2F" "Mozilla/5.0 (Windows NT 10.0; Win64; x64; rv:137.0) Gecko/20100101 Firefox/137.0"
45.4.172.194 - - [13/Jul/2025:13:02:39 +0000] "POST /wp-login.php HTTP/1.1" 200 2162 "https://kelaby.company/wp-login.php?redirect_to=https%3A%2F%2Fkelaby.company%2Fwp-admin%2F" "Mozilla/5.0 (Windows NT 10.0; Win64; x64; rv:137.0) Gecko/20100101 Firefox/137.0"
209.74.77.214 - - [13/Jul/2025:13:03:08 +0000] "POST /wp-cron.php?doing_wp_cron=1752411788.7642469406127929687500 HTTP/1.1" 200 - "-" "WordPress/6.8.1; https://kelaby.company"
66.249.79.32 - - [13/Jul/2025:13:03:08 +0000] "GET /about-us/ HTTP/1.1" 200 22269 "-" "Mozilla/5.0 (Linux; Android 6.0.1; Nexus 5X Build/MMB29P) AppleWebKit/537.36 (KHTML, like Gecko) Chrome/137.0.7151.103 Mobile Safari/537.36 (compatible; GoogleOther)"
209.74.77.214 - - [13/Jul/2025:13:03:45 +0000] "POST /wp-cron.php?doing_wp_cron=1752411825.3607249259948730468750 HTTP/1.1" 200 - "-" "WordPress/6.8.1; https://kelaby.company"
45.135.232.178 - - [13/Jul/2025:13:03:44 +0000] "GET /wp-login.php?wp_lang=en_US HTTP/1.1" 200 2013 "https://kelaby.company/wp-login.php" "Mozilla/5.0 (Windows NT 10.0; Win64; x64; rv:136.0) Gecko/20100101 Firefox/136.0"
45.135.232.178 - - [13/Jul/2025:13:03:51 +0000] "POST /wp-login.php?wp_lang=en_US HTTP/1.1" 200 2162 "https://kelaby.company/wp-login.php" "Mozilla/5.0 (Windows NT 10.0; Win64; x64; rv:136.0) Gecko/20100101 Firefox/136.0"
209.74.77.214 - - [13/Jul/2025:13:05:56 +0000] "POST /wp-cron.php?doing_wp_cron=1752411955.9583339691162109375000 HTTP/1.1" 200 - "-" "WordPress/6.8.1; https://kelaby.company"
66.249.79.234 - - [13/Jul/2025:13:05:54 +0000] "GET /?h=81951680031960&mod=26203c6a&uri=product.php%3Fid%3D2734883-364%26name%3Dlong+camel+color+coat HTTP/1.1" 301 - "-" "Mozilla/5.0 (Linux; Android 6.0.1; Nexus 5X Build/MMB29P) AppleWebKit/537.36 (KHTML, like Gecko) Chrome/137.0.7151.103 Mobile Safari/537.36 (compatible; GoogleOther)"
66.249.79.33 - - [13/Jul/2025:13:05:57 +0000] "GET /robots.txt HTTP/1.1" 200 84 "-" "Mozilla/5.0 (compatible; Googlebot/2.1; +http://www.google.com/bot.html)"
66.249.79.34 - - [13/Jul/2025:13:05:57 +0000] "GET /?h=81951680031960&mod=26203c6a&uri=product.php%3Fid%3D2734883-364%26name%3Dlong%20camel%20color%20coat HTTP/1.1" 200 26421 "-" "Mozilla/5.0 (Linux; Android 6.0.1; Nexus 5X Build/MMB29P) AppleWebKit/537.36 (KHTML, like Gecko) Chrome/137.0.7151.103 Mobile Safari/537.36 (compatible; GoogleOther)"
66.249.79.32 - - [13/Jul/2025:13:07:34 +0000] "GET /wp-content/uploads/elementor/css/post-921.css?ver=1752130550 HTTP/1.1" 200 6252 "https://kelaby.company/about-us/" "Mozilla/5.0 (Linux; Android 6.0.1; Nexus 5X Build/MMB29P) AppleWebKit/537.36 (KHTML, like Gecko) Chrome/137.0.7151.119 Mobile Safari/537.36 (compatible; Googlebot/2.1; +http://www.google.com/bot.html)"
66.249.79.33 - - [13/Jul/2025:13:07:34 +0000] "GET /wp-content/plugins/jeg-elementor-kit/assets/js/elements/progress-bar.js?ver=2.6.13 HTTP/1.1" 200 940 "https://kelaby.company/about-us/" "Mozilla/5.0 (Linux; Android 6.0.1; Nexus 5X Build/MMB29P) AppleWebKit/537.36 (KHTML, like Gecko) Chrome/137.0.7151.119 Mobile Safari/537.36 (compatible; Googlebot/2.1; +http://www.google.com/bot.html)"
66.249.79.32 - - [13/Jul/2025:13:07:34 +0000] "GET /wp-content/plugins/elementor/assets/lib/animations/styles/fadeInLeft.min.css?ver=3.30.2 HTTP/1.1" 200 120 "https://kelaby.company/about-us/" "Mozilla/5.0 (Linux; Android 6.0.1; Nexus 5X Build/MMB29P) AppleWebKit/537.36 (KHTML, like Gecko) Chrome/137.0.7151.119 Mobile Safari/537.36 (compatible; Googlebot/2.1; +http://www.google.com/bot.html)"
209.74.77.214 - - [13/Jul/2025:13:08:41 +0000] "POST /wp-cron.php?doing_wp_cron=1752412120.9366230964660644531250 HTTP/1.1" 200 - "-" "WordPress/6.8.1; https://kelaby.company"
66.249.79.233 - - [13/Jul/2025:13:08:39 +0000] "GET /?h=78248181051960&mod=9dc15211&uri=search.php%3Fid%3D2611230-1490%26name%3Dpaul+smith+hooded+down+jacket HTTP/1.1" 301 - "-" "Mozilla/5.0 (Linux; Android 6.0.1; Nexus 5X Build/MMB29P) AppleWebKit/537.36 (KHTML, like Gecko) Chrome/137.0.7151.103 Mobile Safari/537.36 (compatible; GoogleOther)"
66.249.79.32 - - [13/Jul/2025:13:08:41 +0000] "GET /robots.txt HTTP/1.1" 200 84 "-" "Mozilla/5.0 (compatible; Googlebot/2.1; +http://www.google.com/bot.html)"
66.249.79.34 - - [13/Jul/2025:13:08:42 +0000] "GET /?h=78248181051960&mod=9dc15211&uri=search.php%3Fid%3D2611230-1490%26name%3Dpaul%20smith%20hooded%20down%20jacket HTTP/1.1" 200 26417 "-" "Mozilla/5.0 (Linux; Android 6.0.1; Nexus 5X Build/MMB29P) AppleWebKit/537.36 (KHTML, like Gecko) Chrome/137.0.7151.103 Mobile Safari/537.36 (compatible; GoogleOther)"
209.74.77.214 - - [13/Jul/2025:13:11:27 +0000] "POST /wp-cron.php?doing_wp_cron=1752412287.1059000492095947265625 HTTP/1.1" 200 - "-" "WordPress/6.8.1; https://kelaby.company"
66.249.79.232 - - [13/Jul/2025:13:11:25 +0000] "GET /?h=77282888001960&mod=dc2b6905&uri=goods.php%3Fid%3D2578998-26%26name%3Ddeteccion+prenatal+de+anomalias+cromosomicas HTTP/1.1" 301 - "-" "Mozilla/5.0 (Linux; Android 6.0.1; Nexus 5X Build/MMB29P) AppleWebKit/537.36 (KHTML, like Gecko) Chrome/137.0.7151.103 Mobile Safari/537.36 (compatible; GoogleOther)"
66.249.79.32 - - [13/Jul/2025:13:11:27 +0000] "GET /robots.txt HTTP/1.1" 200 84 "-" "Mozilla/5.0 (compatible; Googlebot/2.1; +http://www.google.com/bot.html)"
66.249.79.33 - - [13/Jul/2025:13:11:28 +0000] "GET /?h=77282888001960&mod=dc2b6905&uri=goods.php%3Fid%3D2578998-26%26name%3Ddeteccion%20prenatal%20de%20anomalias%20cromosomicas HTTP/1.1" 200 26417 "-" "Mozilla/5.0 (Linux; Android 6.0.1; Nexus 5X Build/MMB29P) AppleWebKit/537.36 (KHTML, like Gecko) Chrome/137.0.7151.103 Mobile Safari/537.36 (compatible; GoogleOther)"
66.249.79.231 - - [13/Jul/2025:13:13:12 +0000] "GET / HTTP/1.1" 200 21795 "-" "Mozilla/5.0 (Linux; Android 6.0.1; Nexus 5X Build/MMB29P) AppleWebKit/537.36 (KHTML, like Gecko) Chrome/137.0.7151.103 Mobile Safari/537.36 (compatible; Googlebot/2.1; +http://www.google.com/bot.html)"
66.249.79.231 - - [13/Jul/2025:13:13:12 +0000] "GET /?h=35306733031960&mod=cc02d42b&uri=category-info.php%3Fid%3D1178407-81%26name%3Dsedia+sacco HTTP/1.1" 200 21775 "-" "Mozilla/5.0 (Linux; Android 6.0.1; Nexus 5X Build/MMB29P) AppleWebKit/537.36 (KHTML, like Gecko) Chrome/137.0.7151.103 Mobile Safari/537.36 (compatible; Googlebot/2.1; +http://www.google.com/bot.html)"
66.249.79.231 - - [13/Jul/2025:13:13:12 +0000] "GET /pcmypage?callback=/product%2Fdetail%2F5996470072960 HTTP/1.1" 200 22350 "-" "Mozilla/5.0 (Linux; Android 6.0.1; Nexus 5X Build/MMB29P) AppleWebKit/537.36 (KHTML, like Gecko) Chrome/137.0.7151.103 Mobile Safari/537.36 (compatible; Googlebot/2.1; +http://www.google.com/bot.html)"
66.249.79.230 - - [13/Jul/2025:13:13:23 +0000] "POST /get-message-notify HTTP/1.1" 200 20940 "https://www.kelaby.company/?h=35306733031960&mod=cc02d42b&uri=category-info.php%3Fid%3D1178407-81%26name%3Dsedia+sacco" "Mozilla/5.0 (Linux; Android 6.0.1; Nexus 5X Build/MMB29P) AppleWebKit/537.36 (KHTML, like Gecko) Chrome/137.0.7151.119 Mobile Safari/537.36 (compatible; Googlebot/2.1; +http://www.google.com/bot.html)"
209.74.77.214 - - [13/Jul/2025:13:14:13 +0000] "POST /wp-cron.php?doing_wp_cron=1752412453.6890070438385009765625 HTTP/1.1" 200 - "-" "WordPress/6.8.1; https://kelaby.company"
66.249.79.231 - - [13/Jul/2025:13:14:12 +0000] "GET /?h=88912039001960&mod=e3d52f18&uri=shared.php%3Fid%3D2967131-1543%26name%3Dh+and+m+shaping+jeans HTTP/1.1" 301 - "-" "Mozilla/5.0 (Linux; Android 6.0.1; Nexus 5X Build/MMB29P) AppleWebKit/537.36 (KHTML, like Gecko) Chrome/137.0.7151.103 Mobile Safari/537.36 (compatible; GoogleOther)"
66.249.79.33 - - [13/Jul/2025:13:14:15 +0000] "GET /?h=88912039001960&mod=e3d52f18&uri=shared.php%3Fid%3D2967131-1543%26name%3Dh%20and%20m%20shaping%20jeans HTTP/1.1" 200 26422 "-" "Mozilla/5.0 (Linux; Android 6.0.1; Nexus 5X Build/MMB29P) AppleWebKit/537.36 (KHTML, like Gecko) Chrome/137.0.7151.103 Mobile Safari/537.36 (compatible; GoogleOther)"
209.74.77.214 - - [13/Jul/2025:13:16:59 +0000] "POST /wp-cron.php?doing_wp_cron=1752412619.2105178833007812500000 HTTP/1.1" 200 - "-" "WordPress/6.8.1; https://kelaby.company"
66.249.79.232 - - [13/Jul/2025:13:16:57 +0000] "GET /?h=29228581091960&mod=29c0b482&uri=dp.php%3Fid%3D975510-961%26name%3Dalphabounce+beyond+reviews HTTP/1.1" 301 - "-" "Mozilla/5.0 (Linux; Android 6.0.1; Nexus 5X Build/MMB29P) AppleWebKit/537.36 (KHTML, like Gecko) Chrome/137.0.7151.103 Mobile Safari/537.36 (compatible; GoogleOther)"
209.74.77.214 - - [13/Jul/2025:13:17:01 +0000] "POST /wp-cron.php?doing_wp_cron=1752412621.5729019641876220703125 HTTP/1.1" 200 - "-" "WordPress/6.8.1; https://kelaby.company"
66.249.79.32 - - [13/Jul/2025:13:17:01 +0000] "GET /?h=29228581091960&mod=29c0b482&uri=dp.php%3Fid%3D975510-961%26name%3Dalphabounce%20beyond%20reviews HTTP/1.1" 200 26421 "-" "Mozilla/5.0 (Linux; Android 6.0.1; Nexus 5X Build/MMB29P) AppleWebKit/537.36 (KHTML, like Gecko) Chrome/137.0.7151.103 Mobile Safari/537.36 (compatible; GoogleOther)"
209.74.77.214 - - [13/Jul/2025:13:18:56 +0000] "POST /wp-cron.php?doing_wp_cron=1752412736.1099441051483154296875 HTTP/1.1" 200 - "-" "WordPress/6.8.1; https://kelaby.company"
52.3.104.214 - - [13/Jul/2025:13:18:54 +0000] "GET / HTTP/1.1" 200 26419 "-" "Mozilla/5.0 AppleWebKit/537.36 (KHTML, like Gecko; compatible; Amazonbot/0.1; +https://developer.amazon.com/support/amazonbot) Chrome/119.0.6045.214 Safari/537.36"
209.74.77.214 - - [13/Jul/2025:13:19:46 +0000] "POST /wp-cron.php?doing_wp_cron=1752412785.8654611110687255859375 HTTP/1.1" 200 - "-" "WordPress/6.8.1; https://kelaby.company"
66.249.79.232 - - [13/Jul/2025:13:19:44 +0000] "GET /?h=4331663011960&mod=af6e15cf&uri=blog.php%3Fid%3D144574-258%26name%3Ddr+martens+chelsea+boot+vs+blundstone HTTP/1.1" 301 - "-" "Mozilla/5.0 (Linux; Android 6.0.1; Nexus 5X Build/MMB29P) AppleWebKit/537.36 (KHTML, like Gecko) Chrome/137.0.7151.103 Mobile Safari/537.36 (compatible; GoogleOther)"
66.249.79.37 - - [13/Jul/2025:13:19:47 +0000] "GET /?h=4331663011960&mod=af6e15cf&uri=blog.php%3Fid%3D144574-258%26name%3Ddr%20martens%20chelsea%20boot%20vs%20blundstone HTTP/1.1" 200 26421 "-" "Mozilla/5.0 (Linux; Android 6.0.1; Nexus 5X Build/MMB29P) AppleWebKit/537.36 (KHTML, like Gecko) Chrome/137.0.7151.103 Mobile Safari/537.36 (compatible; GoogleOther)"
66.249.79.234 - - [13/Jul/2025:13:22:14 +0000] "GET /?h=3527502081960&mod=00755a54&uri=article.php%3Fid%3D117744-148%26name%3Dnew+balance+574+sport+white+red HTTP/1.1" 200 20637 "-" "Mozilla/5.0 (Linux; Android 6.0.1; Nexus 5X Build/MMB29P) AppleWebKit/537.36 (KHTML, like Gecko) Chrome/137.0.7151.103 Mobile Safari/537.36 (compatible; Googlebot/2.1; +http://www.google.com/bot.html)"
209.74.77.214 - - [13/Jul/2025:13:22:31 +0000] "POST /wp-cron.php?doing_wp_cron=1752412951.6417028903961181640625 HTTP/1.1" 200 - "-" "WordPress/6.8.1; https://kelaby.company"
66.249.79.232 - - [13/Jul/2025:13:22:30 +0000] "GET /?h=114217526041960&mod=5d7d91ec&uri=dp.php%3Fid%3D3811863-1685%26name%3Dtenue+avec+blazer+gris+femme HTTP/1.1" 301 - "-" "Mozilla/5.0 (Linux; Android 6.0.1; Nexus 5X Build/MMB29P) AppleWebKit/537.36 (KHTML, like Gecko) Chrome/137.0.7151.103 Mobile Safari/537.36 (compatible; GoogleOther)"
66.249.79.34 - - [13/Jul/2025:13:22:32 +0000] "GET /?h=114217526041960&mod=5d7d91ec&uri=dp.php%3Fid%3D3811863-1685%26name%3Dtenue%20avec%20blazer%20gris%20femme HTTP/1.1" 200 26427 "-" "Mozilla/5.0 (Linux; Android 6.0.1; Nexus 5X Build/MMB29P) AppleWebKit/537.36 (KHTML, like Gecko) Chrome/137.0.7151.103 Mobile Safari/537.36 (compatible; GoogleOther)"
66.249.79.33 - - [13/Jul/2025:13:23:15 +0000] "GET /?h=5698527031960&mod=4b3da53a&uri=product.php%3Fid%3D190272-308%26name%3Dthe+north+face+women%27s+graphic+pullover+hoodie HTTP/1.1" 200 22682 "-" "Mozilla/5.0 (Linux; Android 6.0.1; Nexus 5X Build/MMB29P) AppleWebKit/537.36 (KHTML, like Gecko) Chrome/137.0.7151.103 Mobile Safari/537.36 (compatible; Googlebot/2.1; +http://www.google.com/bot.html)"
66.249.79.233 - - [13/Jul/2025:13:23:20 +0000] "GET /?h=5883725001960&mod=8c76acf2&uri=goods.php%3Fid%3D196482-155%26name%3Doffice+pa+system HTTP/1.1" 200 21576 "-" "Mozilla/5.0 (Linux; Android 6.0.1; Nexus 5X Build/MMB29P) AppleWebKit/537.36 (KHTML, like Gecko) Chrome/137.0.7151.103 Mobile Safari/537.36 (compatible; Googlebot/2.1; +http://www.google.com/bot.html)"
66.249.79.33 - - [13/Jul/2025:13:23:20 +0000] "GET /?h=5089927021960&mod=32776512&uri=blog.php%3Fid%3D169920-309%26name%3Dasrock+b365+pro4+atx+lga1151+motherboard HTTP/1.1" 200 21947 "-" "Mozilla/5.0 (Linux; Android 6.0.1; Nexus 5X Build/MMB29P) AppleWebKit/537.36 (KHTML, like Gecko) Chrome/137.0.7151.103 Mobile Safari/537.36 (compatible; Googlebot/2.1; +http://www.google.com/bot.html)"
66.249.79.234 - - [13/Jul/2025:13:23:21 +0000] "GET /safe_search/config?return_url=%2Fproduct%2Fdetail%2F6143195030960 HTTP/1.1" 200 21418 "-" "Mozilla/5.0 (Linux; Android 6.0.1; Nexus 5X Build/MMB29P) AppleWebKit/537.36 (KHTML, like Gecko) Chrome/137.0.7151.103 Mobile Safari/537.36 (compatible; Googlebot/2.1; +http://www.google.com/bot.html)"
66.249.79.33 - - [13/Jul/2025:13:24:34 +0000] "POST /get-message-notify HTTP/1.1" 200 21707 "https://kelaby.company/?h=5698527031960&mod=4b3da53a&uri=product.php%3Fid%3D190272-308%26name%3Dthe+north+face+women%27s+graphic+pullover+hoodie" "Mozilla/5.0 (Linux; Android 6.0.1; Nexus 5X Build/MMB29P) AppleWebKit/537.36 (KHTML, like Gecko) Chrome/137.0.7151.119 Mobile Safari/537.36 (compatible; Googlebot/2.1; +http://www.google.com/bot.html)"
209.74.77.214 - - [13/Jul/2025:13:25:17 +0000] "POST /wp-cron.php?doing_wp_cron=1752413117.7897469997406005859375 HTTP/1.1" 200 - "-" "WordPress/6.8.1; https://kelaby.company"
66.249.79.232 - - [13/Jul/2025:13:25:16 +0000] "GET /?h=36922632041960&mod=effffa8d&uri=news.php%3Fid%3D1232329-53%26name%3Dlavaggio+converse+lavatrice HTTP/1.1" 301 - "-" "Mozilla/5.0 (Linux; Android 6.0.1; Nexus 5X Build/MMB29P) AppleWebKit/537.36 (KHTML, like Gecko) Chrome/137.0.7151.103 Mobile Safari/537.36 (compatible; GoogleOther)"
66.249.79.32 - - [13/Jul/2025:13:25:19 +0000] "GET /?h=36922632041960&mod=effffa8d&uri=news.php%3Fid%3D1232329-53%26name%3Dlavaggio%20converse%20lavatrice HTTP/1.1" 200 26423 "-" "Mozilla/5.0 (Linux; Android 6.0.1; Nexus 5X Build/MMB29P) AppleWebKit/537.36 (KHTML, like Gecko) Chrome/137.0.7151.103 Mobile Safari/537.36 (compatible; GoogleOther)"
66.249.79.34 - - [13/Jul/2025:13:26:54 +0000] "POST /get-message-notify HTTP/1.1" 200 21708 "https://kelaby.company/?h=5089927021960&mod=32776512&uri=blog.php%3Fid%3D169920-309%26name%3Dasrock+b365+pro4+atx+lga1151+motherboard" "Mozilla/5.0 (Linux; Android 6.0.1; Nexus 5X Build/MMB29P) AppleWebKit/537.36 (KHTML, like Gecko) Chrome/137.0.7151.119 Mobile Safari/537.36 (compatible; Googlebot/2.1; +http://www.google.com/bot.html)"
209.74.77.214 - - [13/Jul/2025:13:28:03 +0000] "POST /wp-cron.php?doing_wp_cron=1752413283.8059620857238769531250 HTTP/1.1" 200 - "-" "WordPress/6.8.1; https://kelaby.company"
66.249.79.232 - - [13/Jul/2025:13:28:02 +0000] "GET /?h=19390413081960&mod=e2463e1d&uri=shared.php%3Fid%3D647286-241%26name%3Dnvidia+geforce+drive HTTP/1.1" 301 - "-" "Mozilla/5.0 (Linux; Android 6.0.1; Nexus 5X Build/MMB29P) AppleWebKit/537.36 (KHTML, like Gecko) Chrome/137.0.7151.103 Mobile Safari/537.36 (compatible; GoogleOther)"
66.249.79.32 - - [13/Jul/2025:13:28:05 +0000] "GET /?h=19390413081960&mod=e2463e1d&uri=shared.php%3Fid%3D647286-241%26name%3Dnvidia%20geforce%20drive HTTP/1.1" 200 26425 "-" "Mozilla/5.0 (Linux; Android 6.0.1; Nexus 5X Build/MMB29P) AppleWebKit/537.36 (KHTML, like Gecko) Chrome/137.0.7151.103 Mobile Safari/537.36 (compatible; GoogleOther)"
209.74.77.214 - - [13/Jul/2025:13:30:50 +0000] "POST /wp-cron.php?doing_wp_cron=1752413449.9808928966522216796875 HTTP/1.1" 200 - "-" "WordPress/6.8.1; https://kelaby.company"
66.249.79.234 - - [13/Jul/2025:13:30:48 +0000] "GET /?h=89708492001960&mod=d956458b&uri=blog.php%3Fid%3D2993707-404%26name%3Dvestito+serpeverde+ballo+del+ceppo HTTP/1.1" 301 - "-" "Mozilla/5.0 (Linux; Android 6.0.1; Nexus 5X Build/MMB29P) AppleWebKit/537.36 (KHTML, like Gecko) Chrome/137.0.7151.103 Mobile Safari/537.36 (compatible; GoogleOther)"
66.249.79.37 - - [13/Jul/2025:13:30:51 +0000] "GET /?h=89708492001960&mod=d956458b&uri=blog.php%3Fid%3D2993707-404%26name%3Dvestito%20serpeverde%20ballo%20del%20ceppo HTTP/1.1" 200 26425 "-" "Mozilla/5.0 (Linux; Android 6.0.1; Nexus 5X Build/MMB29P) AppleWebKit/537.36 (KHTML, like Gecko) Chrome/137.0.7151.103 Mobile Safari/537.36 (compatible; GoogleOther)"
66.249.79.232 - - [13/Jul/2025:13:30:58 +0000] "GET /?h=31833967111960&mod=0422e835&uri=info.php%3Fid%3D1062503-165%26name%3Dgreen+down+parka+women%27s HTTP/1.1" 301 - "-" "Mozilla/5.0 (Linux; Android 6.0.1; Nexus 5X Build/MMB29P) AppleWebKit/537.36 (KHTML, like Gecko) Chrome/137.0.7151.103 Mobile Safari/537.36 (compatible; GoogleOther)"
66.249.79.233 - - [13/Jul/2025:13:30:58 +0000] "GET /?h=35260151001960&mod=88fc4e7d&uri=article.php%3Fid%3D1176852-716%26name%3Dsciarpa+in+lana+donna HTTP/1.1" 200 21884 "-" "Mozilla/5.0 (Linux; Android 6.0.1; Nexus 5X Build/MMB29P) AppleWebKit/537.36 (KHTML, like Gecko) Chrome/137.0.7151.103 Mobile Safari/537.36 (compatible; Googlebot/2.1; +http://www.google.com/bot.html)"
66.249.79.37 - - [13/Jul/2025:13:30:59 +0000] "GET /?h=6193562091960&mod=e50bea89&uri=brands.php%3Fid%3D206852-296%26name%3Dmere+naam+tu+lyrics+in+hindi HTTP/1.1" 200 22096 "-" "Mozilla/5.0 (Linux; Android 6.0.1; Nexus 5X Build/MMB29P) AppleWebKit/537.36 (KHTML, like Gecko) Chrome/137.0.7151.103 Mobile Safari/537.36 (compatible; Googlebot/2.1; +http://www.google.com/bot.html)"
66.249.79.32 - - [13/Jul/2025:13:30:59 +0000] "GET /?h=5694807041960&mod=2076b5ab&uri=blog.php%3Fid%3D190148-333%26name%3Dprouds+plenty+valley HTTP/1.1" 200 22243 "-" "Mozilla/5.0 (Linux; Android 6.0.1; Nexus 5X Build/MMB29P) AppleWebKit/537.36 (KHTML, like Gecko) Chrome/137.0.7151.103 Mobile Safari/537.36 (compatible; Googlebot/2.1; +http://www.google.com/bot.html)"
209.74.77.214 - - [13/Jul/2025:13:31:01 +0000] "POST /wp-cron.php?doing_wp_cron=1752413461.5258600711822509765625 HTTP/1.1" 200 - "-" "WordPress/6.8.1; https://kelaby.company"
66.249.79.32 - - [13/Jul/2025:13:31:01 +0000] "GET /?h=31833967111960&mod=0422e835&uri=info.php%3Fid%3D1062503-165%26name%3Dgreen%20down%20parka%20women%27s HTTP/1.1" 200 26427 "-" "Mozilla/5.0 (Linux; Android 6.0.1; Nexus 5X Build/MMB29P) AppleWebKit/537.36 (KHTML, like Gecko) Chrome/137.0.7151.103 Mobile Safari/537.36 (compatible; GoogleOther)"
66.249.79.233 - - [13/Jul/2025:13:31:01 +0000] "GET /pcmypage?callback=/product%2Fdetail%2F5987279042960 HTTP/1.1" 200 20560 "-" "Mozilla/5.0 (Linux; Android 6.0.1; Nexus 5X Build/MMB29P) AppleWebKit/537.36 (KHTML, like Gecko) Chrome/137.0.7151.103 Mobile Safari/537.36 (compatible; Googlebot/2.1; +http://www.google.com/bot.html)"
209.74.77.214 - - [13/Jul/2025:13:33:36 +0000] "POST /wp-cron.php?doing_wp_cron=1752413616.3646628856658935546875 HTTP/1.1" 200 - "-" "WordPress/6.8.1; https://kelaby.company"
66.249.79.232 - - [13/Jul/2025:13:33:34 +0000] "GET /?h=63999151081960&mod=d71039c8&uri=blog.php%3Fid%3D2135709-1389%26name%3Dpayless+shoes+liquidation HTTP/1.1" 301 - "-" "Mozilla/5.0 (Linux; Android 6.0.1; Nexus 5X Build/MMB29P) AppleWebKit/537.36 (KHTML, like Gecko) Chrome/137.0.7151.103 Mobile Safari/537.36 (compatible; GoogleOther)"
66.249.79.37 - - [13/Jul/2025:13:33:38 +0000] "GET /?h=63999151081960&mod=d71039c8&uri=blog.php%3Fid%3D2135709-1389%26name%3Dpayless%20shoes%20liquidation HTTP/1.1" 200 26426 "-" "Mozilla/5.0 (Linux; Android 6.0.1; Nexus 5X Build/MMB29P) AppleWebKit/537.36 (KHTML, like Gecko) Chrome/137.0.7151.103 Mobile Safari/537.36 (compatible; GoogleOther)"
209.74.77.214 - - [13/Jul/2025:13:36:45 +0000] "POST /wp-cron.php?doing_wp_cron=1752413805.5400929450988769531250 HTTP/1.1" 200 - "-" "WordPress/6.8.1; https://kelaby.company"
66.249.79.234 - - [13/Jul/2025:13:36:44 +0000] "GET /?h=31530937001960&mod=49856ed4&uri=blog.php%3Fid%3D1052392-57%26name%3Dunder+2000+best+headphones HTTP/1.1" 301 - "-" "Mozilla/5.0 (Linux; Android 6.0.1; Nexus 5X Build/MMB29P) AppleWebKit/537.36 (KHTML, like Gecko) Chrome/137.0.7151.103 Mobile Safari/537.36 (compatible; GoogleOther)"
66.249.79.37 - - [13/Jul/2025:13:36:47 +0000] "GET /?h=31530937001960&mod=49856ed4&uri=blog.php%3Fid%3D1052392-57%26name%3Dunder%202000%20best%20headphones HTTP/1.1" 200 26420 "-" "Mozilla/5.0 (Linux; Android 6.0.1; Nexus 5X Build/MMB29P) AppleWebKit/537.36 (KHTML, like Gecko) Chrome/137.0.7151.103 Mobile Safari/537.36 (compatible; GoogleOther)"
209.74.77.214 - - [13/Jul/2025:13:38:23 +0000] "POST /wp-cron.php?doing_wp_cron=1752413902.9470019340515136718750 HTTP/1.1" 200 - "-" "WordPress/6.8.1; https://kelaby.company"
66.249.79.233 - - [13/Jul/2025:13:38:20 +0000] "GET /?h=104184495021960&mod=98314ec4&uri=shared.php%3Fid%3D3476959-1127%26name%3Dbest+waterproof+puffer+jacket+women%27s HTTP/1.1" 301 - "-" "Mozilla/5.0 (Linux; Android 6.0.1; Nexus 5X Build/MMB29P) AppleWebKit/537.36 (KHTML, like Gecko) Chrome/137.0.7151.103 Mobile Safari/537.36 (compatible; GoogleOther)"
66.249.79.33 - - [13/Jul/2025:13:38:24 +0000] "GET /?h=104184495021960&mod=98314ec4&uri=shared.php%3Fid%3D3476959-1127%26name%3Dbest%20waterproof%20puffer%20jacket%20women%27s HTTP/1.1" 200 26422 "-" "Mozilla/5.0 (Linux; Android 6.0.1; Nexus 5X Build/MMB29P) AppleWebKit/537.36 (KHTML, like Gecko) Chrome/137.0.7151.103 Mobile Safari/537.36 (compatible; GoogleOther)"
52.169.26.33 - - [13/Jul/2025:13:39:51 +0000] "GET / HTTP/1.1" 200 26417 "-" "-"
66.249.79.234 - - [13/Jul/2025:13:39:53 +0000] "GET /?h=38838970011960&mod=5005979f&uri=product.php%3Fid%3D1296260-1130%26name%3Dcostume+tezenis+viola HTTP/1.1" 301 - "-" "Mozilla/5.0 (Linux; Android 6.0.1; Nexus 5X Build/MMB29P) AppleWebKit/537.36 (KHTML, like Gecko) Chrome/137.0.7151.103 Mobile Safari/537.36 (compatible; GoogleOther)"
66.249.79.33 - - [13/Jul/2025:13:39:54 +0000] "GET /?h=38838970011960&mod=5005979f&uri=product.php%3Fid%3D1296260-1130%26name%3Dcostume%20tezenis%20viola HTTP/1.1" 200 26421 "-" "Mozilla/5.0 (Linux; Android 6.0.1; Nexus 5X Build/MMB29P) AppleWebKit/537.36 (KHTML, like Gecko) Chrome/137.0.7151.103 Mobile Safari/537.36 (compatible; GoogleOther)"
52.169.26.33 - - [13/Jul/2025:13:40:04 +0000] "GET /wp-login.php HTTP/1.1" 200 2013 "-" "-"
52.169.26.33 - - [13/Jul/2025:13:40:07 +0000] "GET /wp-login.php?action=register HTTP/1.1" 302 - "-" "-"
52.169.26.33 - - [13/Jul/2025:13:40:08 +0000] "GET /wp-login.php?registration=disabled HTTP/1.1" 200 2086 "-" "-"
52.169.26.33 - - [13/Jul/2025:13:40:10 +0000] "GET /wp-login.php?action=register HTTP/1.1" 302 - "-" "-"
52.169.26.33 - - [13/Jul/2025:13:40:10 +0000] "GET /wp-login.php?registration=disabled HTTP/1.1" 200 2086 "-" "-"
52.169.26.33 - - [13/Jul/2025:13:40:20 +0000] "GET /wp-admin/network/index.php HTTP/1.1" 302 - "-" "-"
52.169.26.33 - - [13/Jul/2025:13:40:20 +0000] "GET /wp-login.php?redirect_to=https%3A%2F%2Fkelaby.company%2Fwp-admin%2Fnetwork%2Findex.php&reauth=1 HTTP/1.1" 200 2023 "-" "-"
66.249.79.232 - - [13/Jul/2025:13:40:27 +0000] "GET /?h=40073891091960&mod=23590e6f&uri=dp.php%3Fid%3D1337457-1142%26name%3Dadidas+stan+smith+tress%C3%83%C2%A9 HTTP/1.1" 200 21106 "-" "Mozilla/5.0 (Linux; Android 6.0.1; Nexus 5X Build/MMB29P) AppleWebKit/537.36 (KHTML, like Gecko) Chrome/137.0.7151.103 Mobile Safari/537.36 (compatible; Googlebot/2.1; +http://www.google.com/bot.html)"
52.169.26.33 - - [13/Jul/2025:13:40:52 +0000] "GET /wp-admin/user/index.php HTTP/1.1" 302 - "-" "-"
52.169.26.33 - - [13/Jul/2025:13:40:53 +0000] "GET /wp-login.php?redirect_to=https%3A%2F%2Fkelaby.company%2Fwp-admin%2Fuser%2Findex.php&reauth=1 HTTP/1.1" 200 2020 "-" "-"
209.74.77.214 - - [13/Jul/2025:13:43:04 +0000] "POST /wp-cron.php?doing_wp_cron=1752414184.5099720954895019531250 HTTP/1.1" 200 - "-" "WordPress/6.8.1; https://kelaby.company"
