66.249.79.233 - - [13/Jul/2025:13:43:03 +0000] "GET /?h=44987134111960&mod=9f2c99c4&uri=blog.php%3Fid%3D1501368-1214%26name%3Descuela+peppa HTTP/1.1" 301 - "-" "Mozilla/5.0 (Linux; Android 6.0.1; Nexus 5X Build/MMB29P) AppleWebKit/537.36 (KHTML, like Gecko) Chrome/137.0.7151.103 Mobile Safari/537.36 (compatible; GoogleOther)"
66.249.79.34 - - [13/Jul/2025:13:43:06 +0000] "GET /?h=44987134111960&mod=9f2c99c4&uri=blog.php%3Fid%3D1501368-1214%26name%3Descuela%20peppa HTTP/1.1" 200 26421 "-" "Mozilla/5.0 (Linux; Android 6.0.1; Nexus 5X Build/MMB29P) AppleWebKit/537.36 (KHTML, like Gecko) Chrome/137.0.7151.103 Mobile Safari/537.36 (compatible; GoogleOther)"
209.74.77.214 - - [13/Jul/2025:13:45:37 +0000] "POST /wp-cron.php?doing_wp_cron=1752414337.0967841148376464843750 HTTP/1.1" 200 - "-" "WordPress/6.8.1; https://kelaby.company"
94.103.185.72 - - [13/Jul/2025:13:45:35 +0000] "POST /xmlrpc.php HTTP/1.1" 200 206 "-" "Mozilla/5.0 (Windows NT 10.0; Win64; x64) AppleWebKit/537.36 (KHTML, like Gecko) Chrome/60.0.3112.113 Safari/537.36"
94.103.185.72 - - [13/Jul/2025:13:45:40 +0000] "POST /xmlrpc.php HTTP/1.1" 200 206 "-" "Mozilla/5.0 (Windows NT 10.0; Win64; x64; rv:66.0) Gecko/20100101 Firefox/66.0"
66.249.79.230 - - [13/Jul/2025:13:45:42 +0000] "GET /?h=34085001051960&mod=c5aebfaf&uri=pin.php%3Fid%3D1137634-507%26name%3Dsnow+white+and+the+gucci+stiletto HTTP/1.1" 301 - "-" "Mozilla/5.0 (Linux; Android 6.0.1; Nexus 5X Build/MMB29P) AppleWebKit/537.36 (KHTML, like Gecko) Chrome/137.0.7151.103 Mobile Safari/537.36 (compatible; GoogleOther)"
66.249.79.34 - - [13/Jul/2025:13:45:43 +0000] "GET /?h=34085001051960&mod=c5aebfaf&uri=pin.php%3Fid%3D1137634-507%26name%3Dsnow%20white%20and%20the%20gucci%20stiletto HTTP/1.1" 200 26417 "-" "Mozilla/5.0 (Linux; Android 6.0.1; Nexus 5X Build/MMB29P) AppleWebKit/537.36 (KHTML, like Gecko) Chrome/137.0.7151.103 Mobile Safari/537.36 (compatible; GoogleOther)"
103.72.98.80 - - [13/Jul/2025:13:45:45 +0000] "POST /xmlrpc.php HTTP/1.1" 200 206 "-" "Mozilla/5.0 (Windows NT 6.2; Win64; x64) AppleWebKit/537.36 (KHTML, like Gecko) Chrome/60.0.3112.90 Safari/537.36"
194.233.64.197 - - [13/Jul/2025:13:45:47 +0000] "POST /xmlrpc.php HTTP/1.1" 200 206 "-" "Mozilla/5.0 (Windows NT 10.0; WOW64; rv:54.0) Gecko/20100101 Firefox/54.0"
54.78.115.243 - - [13/Jul/2025:13:45:48 +0000] "POST /xmlrpc.php HTTP/1.1" 200 206 "-" "Mozilla/5.0 (X11; Linux x86_64) AppleWebKit/537.36 (KHTML, like Gecko) Chrome/44.0.2403.157 Safari/537.36"
220.158.233.180 - - [13/Jul/2025:13:45:51 +0000] "POST /xmlrpc.php HTTP/1.1" 200 206 "-" "Mozilla/5.0 (X11; Linux x86_64) AppleWebKit/537.36 (KHTML, like Gecko) Chrome/91.0.4472.114 Safari/537.36"
103.72.98.80 - - [13/Jul/2025:13:45:54 +0000] "POST /xmlrpc.php HTTP/1.1" 200 206 "-" "Mozilla/5.0 (Windows NT 6.1; Win64; x64) AppleWebKit/537.36 (KHTML, like Gecko) Chrome/69.0.3497.100 Safari/537.36"
2607:f298:5:114b::841:ffd0 - - [13/Jul/2025:13:45:59 +0000] "POST /xmlrpc.php HTTP/1.1" 200 206 "-" "Mozilla/5.0 (Windows NT 10.0; Win64; x64) AppleWebKit/537.36 (KHTML, like Gecko) Chrome/65.0.3325.181 Safari/537.36"
209.74.77.214 - - [13/Jul/2025:13:46:03 +0000] "POST /wp-cron.php?doing_wp_cron=1752414363.0493619441986083984375 HTTP/1.1" 200 - "-" "WordPress/6.8.1; https://kelaby.company"
194.233.64.197 - - [13/Jul/2025:13:46:02 +0000] "POST /xmlrpc.php HTTP/1.1" 200 206 "-" "Mozilla/5.0 (Windows NT 10.0; Win64; x64; rv:85.0) Gecko/20100101 Firefox/85.0"
191.252.51.33 - - [13/Jul/2025:13:46:04 +0000] "POST /xmlrpc.php HTTP/1.1" 200 206 "-" "Mozilla/5.0 (Windows NT 10.0; Win64; x64; rv:61.0) Gecko/20100101 Firefox/61.0"
31.186.11.183 - - [13/Jul/2025:13:46:10 +0000] "POST /xmlrpc.php HTTP/1.1" 200 206 "-" "Mozilla/5.0 (Windows NT 10.0; Win64; x64; rv:60.0) Gecko/20100101 Firefox/60.0"
66.249.79.231 - - [13/Jul/2025:13:46:12 +0000] "GET /?h=56217508021960&mod=0dada571&uri=product.php%3Fid%3D1876010-1319%26name%3Dmd+runner+749794+410 HTTP/1.1" 301 - "-" "Mozilla/5.0 (Linux; Android 6.0.1; Nexus 5X Build/MMB29P) AppleWebKit/537.36 (KHTML, like Gecko) Chrome/137.0.7151.103 Mobile Safari/537.36 (compatible; GoogleOther)"
66.249.79.33 - - [13/Jul/2025:13:46:13 +0000] "GET /?h=56217508021960&mod=0dada571&uri=product.php%3Fid%3D1876010-1319%26name%3Dmd%20runner%20749794%20410 HTTP/1.1" 200 26416 "-" "Mozilla/5.0 (Linux; Android 6.0.1; Nexus 5X Build/MMB29P) AppleWebKit/537.36 (KHTML, like Gecko) Chrome/137.0.7151.103 Mobile Safari/537.36 (compatible; GoogleOther)"
66.249.79.34 - - [13/Jul/2025:13:48:18 +0000] "POST /get-message-notify HTTP/1.1" 200 21704 "https://kelaby.company/safe_search/config?return_url=%2Fproduct%2Fdetail%2F6172595040960" "Mozilla/5.0 (Linux; Android 6.0.1; Nexus 5X Build/MMB29P) AppleWebKit/537.36 (KHTML, like Gecko) Chrome/137.0.7151.119 Mobile Safari/537.36 (compatible; Googlebot/2.1; +http://www.google.com/bot.html)"
209.74.77.214 - - [13/Jul/2025:13:49:23 +0000] "POST /wp-cron.php?doing_wp_cron=1752414563.6262359619140625000000 HTTP/1.1" 200 - "-" "WordPress/6.8.1; https://kelaby.company"
66.249.79.232 - - [13/Jul/2025:13:49:22 +0000] "GET /?h=110937624051960&mod=9de5e5ca&uri=search.php%3Fid%3D3702341-860%26name%3Dcat+eye+frames+for+small+faces HTTP/1.1" 301 - "-" "Mozilla/5.0 (Linux; Android 6.0.1; Nexus 5X Build/MMB29P) AppleWebKit/537.36 (KHTML, like Gecko) Chrome/137.0.7151.103 Mobile Safari/537.36 (compatible; GoogleOther)"
66.249.79.34 - - [13/Jul/2025:13:49:25 +0000] "GET /?h=110937624051960&mod=9de5e5ca&uri=search.php%3Fid%3D3702341-860%26name%3Dcat%20eye%20frames%20for%20small%20faces HTTP/1.1" 200 26418 "-" "Mozilla/5.0 (Linux; Android 6.0.1; Nexus 5X Build/MMB29P) AppleWebKit/537.36 (KHTML, like Gecko) Chrome/137.0.7151.103 Mobile Safari/537.36 (compatible; GoogleOther)"
66.249.79.33 - - [13/Jul/2025:13:51:14 +0000] "GET /?h=40073891091960&mod=23590e6f&uri=dp.php%3Fid%3D1337457-1142%26name%3Dadidas%20stan%20smith%20tress%C3%83%C2%A9 HTTP/1.1" 200 20697 "-" "Mozilla/5.0 (Linux; Android 6.0.1; Nexus 5X Build/MMB29P) AppleWebKit/537.36 (KHTML, like Gecko) Chrome/137.0.7151.103 Mobile Safari/537.36 (compatible; Googlebot/2.1; +http://www.google.com/bot.html)"
66.249.79.32 - - [13/Jul/2025:13:51:38 +0000] "POST /get-message-notify HTTP/1.1" 200 21709 "https://kelaby.company/?h=40073891091960&mod=23590e6f&uri=dp.php%3Fid%3D1337457-1142%26name%3Dadidas%20stan%20smith%20tress%C3%83%C2%A9" "Mozilla/5.0 (Linux; Android 6.0.1; Nexus 5X Build/MMB29P) AppleWebKit/537.36 (KHTML, like Gecko) Chrome/137.0.7151.119 Mobile Safari/537.36 (compatible; Googlebot/2.1; +http://www.google.com/bot.html)"
209.74.77.214 - - [13/Jul/2025:13:52:33 +0000] "POST /wp-cron.php?doing_wp_cron=1752414752.8730309009552001953125 HTTP/1.1" 200 - "-" "WordPress/6.8.1; https://kelaby.company"
66.249.79.230 - - [13/Jul/2025:13:52:31 +0000] "GET /?h=32630088001960&mod=33acaba9&uri=brands.php%3Fid%3D1089059-348%26name%3Dbon+prix+peignoir HTTP/1.1" 301 - "-" "Mozilla/5.0 (Linux; Android 6.0.1; Nexus 5X Build/MMB29P) AppleWebKit/537.36 (KHTML, like Gecko) Chrome/137.0.7151.103 Mobile Safari/537.36 (compatible; GoogleOther)"
66.249.79.33 - - [13/Jul/2025:13:52:34 +0000] "GET /?h=32630088001960&mod=33acaba9&uri=brands.php%3Fid%3D1089059-348%26name%3Dbon%20prix%20peignoir HTTP/1.1" 200 26430 "-" "Mozilla/5.0 (Linux; Android 6.0.1; Nexus 5X Build/MMB29P) AppleWebKit/537.36 (KHTML, like Gecko) Chrome/137.0.7151.103 Mobile Safari/537.36 (compatible; GoogleOther)"
66.249.79.232 - - [13/Jul/2025:13:54:06 +0000] "GET /?h=35303591001960&mod=2b736f73&uri=shop.php%3Fid%3D1178302-410%26name%3Dmoto+della+lego HTTP/1.1" 200 21937 "-" "Mozilla/5.0 (Linux; Android 6.0.1; Nexus 5X Build/MMB29P) AppleWebKit/537.36 (KHTML, like Gecko) Chrome/137.0.7151.103 Mobile Safari/537.36 (compatible; Googlebot/2.1; +http://www.google.com/bot.html)"
209.74.77.214 - - [13/Jul/2025:13:55:42 +0000] "POST /wp-cron.php?doing_wp_cron=1752414942.6693029403686523437500 HTTP/1.1" 200 - "-" "WordPress/6.8.1; https://kelaby.company"
66.249.79.230 - - [13/Jul/2025:13:55:41 +0000] "GET /?h=681603011960&mod=c96ebeee&uri=news.php%3Fid%3D22765-47%26name%3Dkobe+ad+mid+2018 HTTP/1.1" 301 - "-" "Mozilla/5.0 (Linux; Android 6.0.1; Nexus 5X Build/MMB29P) AppleWebKit/537.36 (KHTML, like Gecko) Chrome/137.0.7151.103 Mobile Safari/537.36 (compatible; GoogleOther)"
66.249.79.33 - - [13/Jul/2025:13:55:44 +0000] "GET /?h=681603011960&mod=c96ebeee&uri=news.php%3Fid%3D22765-47%26name%3Dkobe%20ad%20mid%202018 HTTP/1.1" 200 26420 "-" "Mozilla/5.0 (Linux; Android 6.0.1; Nexus 5X Build/MMB29P) AppleWebKit/537.36 (KHTML, like Gecko) Chrome/137.0.7151.103 Mobile Safari/537.36 (compatible; GoogleOther)"
209.74.77.214 - - [13/Jul/2025:13:58:37 +0000] "POST /wp-cron.php?doing_wp_cron=1752415117.5826070308685302734375 HTTP/1.1" 200 - "-" "WordPress/6.8.1; https://kelaby.company"
66.249.79.232 - - [13/Jul/2025:13:58:36 +0000] "GET /?h=66359609091960&mod=b42c3ddb&uri=product.php%3Fid%3D2214473-1285%26name%3Dlebron+16+multicolor+footlocker HTTP/1.1" 301 - "-" "Mozilla/5.0 (Linux; Android 6.0.1; Nexus 5X Build/MMB29P) AppleWebKit/537.36 (KHTML, like Gecko) Chrome/137.0.7151.103 Mobile Safari/537.36 (compatible; GoogleOther)"
66.249.79.230 - - [13/Jul/2025:13:58:39 +0000] "GET /?h=78180832011960&mod=b6980eb1&uri=article.php%3Fid%3D2608982-665%26name%3Dmens+retro+jordan HTTP/1.1" 301 - "-" "Mozilla/5.0 (Linux; Android 6.0.1; Nexus 5X Build/MMB29P) AppleWebKit/537.36 (KHTML, like Gecko) Chrome/137.0.7151.103 Mobile Safari/537.36 (compatible; GoogleOther)"
66.249.79.34 - - [13/Jul/2025:13:58:42 +0000] "GET /?h=66359609091960&mod=b42c3ddb&uri=product.php%3Fid%3D2214473-1285%26name%3Dlebron%2016%20multicolor%20footlocker HTTP/1.1" 200 26418 "-" "Mozilla/5.0 (Linux; Android 6.0.1; Nexus 5X Build/MMB29P) AppleWebKit/537.36 (KHTML, like Gecko) Chrome/137.0.7151.103 Mobile Safari/537.36 (compatible; GoogleOther)"
66.249.79.32 - - [13/Jul/2025:13:58:49 +0000] "GET /?h=78180832011960&mod=b6980eb1&uri=article.php%3Fid%3D2608982-665%26name%3Dmens%20retro%20jordan HTTP/1.1" 200 26418 "-" "Mozilla/5.0 (Linux; Android 6.0.1; Nexus 5X Build/MMB29P) AppleWebKit/537.36 (KHTML, like Gecko) Chrome/137.0.7151.103 Mobile Safari/537.36 (compatible; GoogleOther)"
66.249.79.230 - - [13/Jul/2025:13:58:52 +0000] "GET /?h=12996768021960&mod=8af0a1fd&uri=brands.php%3Fid%3D433945-559%26name%3Doversized+patterned+jumper HTTP/1.1" 301 - "-" "Mozilla/5.0 (Linux; Android 6.0.1; Nexus 5X Build/MMB29P) AppleWebKit/537.36 (KHTML, like Gecko) Chrome/137.0.7151.103 Mobile Safari/537.36 (compatible; GoogleOther)"
66.249.79.230 - - [13/Jul/2025:13:58:56 +0000] "GET /?h=9389385041960&mod=dead87a4&uri=pin.php%3Fid%3D313509-480%26name%3Dleder+lehrer+tasche HTTP/1.1" 301 - "-" "Mozilla/5.0 (Linux; Android 6.0.1; Nexus 5X Build/MMB29P) AppleWebKit/537.36 (KHTML, like Gecko) Chrome/137.0.7151.103 Mobile Safari/537.36 (compatible; GoogleOther)"
209.74.77.214 - - [13/Jul/2025:13:59:01 +0000] "POST /wp-cron.php?doing_wp_cron=1752415141.4470911026000976562500 HTTP/1.1" 200 - "-" "WordPress/6.8.1; https://kelaby.company"
66.249.79.231 - - [13/Jul/2025:13:59:01 +0000] "GET /?h=16104163021960&mod=7a9a322c&uri=shop.php%3Fid%3D537621-48%26name%3Daur+force+pixel HTTP/1.1" 301 - "-" "Mozilla/5.0 (Linux; Android 6.0.1; Nexus 5X Build/MMB29P) AppleWebKit/537.36 (KHTML, like Gecko) Chrome/137.0.7151.103 Mobile Safari/537.36 (compatible; GoogleOther)"
66.249.79.33 - - [13/Jul/2025:13:59:04 +0000] "GET /?h=12996768021960&mod=8af0a1fd&uri=brands.php%3Fid%3D433945-559%26name%3Doversized%20patterned%20jumper HTTP/1.1" 200 26422 "-" "Mozilla/5.0 (Linux; Android 6.0.1; Nexus 5X Build/MMB29P) AppleWebKit/537.36 (KHTML, like Gecko) Chrome/137.0.7151.103 Mobile Safari/537.36 (compatible; GoogleOther)"
66.249.79.34 - - [13/Jul/2025:13:59:07 +0000] "GET /?h=9389385041960&mod=dead87a4&uri=pin.php%3Fid%3D313509-480%26name%3Dleder%20lehrer%20tasche HTTP/1.1" 200 26416 "-" "Mozilla/5.0 (Linux; Android 6.0.1; Nexus 5X Build/MMB29P) AppleWebKit/537.36 (KHTML, like Gecko) Chrome/137.0.7151.103 Mobile Safari/537.36 (compatible; GoogleOther)"
66.249.79.33 - - [13/Jul/2025:13:59:10 +0000] "GET /?h=16104163021960&mod=7a9a322c&uri=shop.php%3Fid%3D537621-48%26name%3Daur%20force%20pixel HTTP/1.1" 200 26422 "-" "Mozilla/5.0 (Linux; Android 6.0.1; Nexus 5X Build/MMB29P) AppleWebKit/537.36 (KHTML, like Gecko) Chrome/137.0.7151.103 Mobile Safari/537.36 (compatible; GoogleOther)"
66.249.79.230 - - [13/Jul/2025:13:59:12 +0000] "GET /?h=39698047021960&mod=a98bf9c1&uri=search.php%3Fid%3D1324911-117%26name%3Dsmart+watch+t500%2B+plus HTTP/1.1" 301 - "-" "Mozilla/5.0 (Linux; Android 6.0.1; Nexus 5X Build/MMB29P) AppleWebKit/537.36 (KHTML, like Gecko) Chrome/137.0.7151.103 Mobile Safari/537.36 (compatible; GoogleOther)"
66.249.79.231 - - [13/Jul/2025:13:59:15 +0000] "GET /?h=12222330021960&mod=9839d8ac&uri=category-info.php%3Fid%3D408104-569%26name%3Dcon+la+bici+haces+gluteos HTTP/1.1" 301 - "-" "Mozilla/5.0 (Linux; Android 6.0.1; Nexus 5X Build/MMB29P) AppleWebKit/537.36 (KHTML, like Gecko) Chrome/137.0.7151.103 Mobile Safari/537.36 (compatible; GoogleOther)"
209.74.77.214 - - [13/Jul/2025:13:59:17 +0000] "POST /wp-cron.php?doing_wp_cron=1752415157.3096930980682373046875 HTTP/1.1" 200 - "-" "WordPress/6.8.1; https://kelaby.company"
66.249.79.230 - - [13/Jul/2025:13:59:17 +0000] "GET /?h=37547830021960&mod=ccb0cae1&uri=shop.php%3Fid%3D1253185-749%26name%3Dkapuzenshirt+orange HTTP/1.1" 301 - "-" "Mozilla/5.0 (Linux; Android 6.0.1; Nexus 5X Build/MMB29P) AppleWebKit/537.36 (KHTML, like Gecko) Chrome/137.0.7151.103 Mobile Safari/537.36 (compatible; GoogleOther)"
66.249.79.32 - - [13/Jul/2025:13:59:19 +0000] "GET /?h=39698047021960&mod=a98bf9c1&uri=search.php%3Fid%3D1324911-117%26name%3Dsmart%20watch%20t500%2B%20plus HTTP/1.1" 200 26427 "-" "Mozilla/5.0 (Linux; Android 6.0.1; Nexus 5X Build/MMB29P) AppleWebKit/537.36 (KHTML, like Gecko) Chrome/137.0.7151.103 Mobile Safari/537.36 (compatible; GoogleOther)"
66.249.79.32 - - [13/Jul/2025:13:59:20 +0000] "GET /?h=12222330021960&mod=9839d8ac&uri=category-info.php%3Fid%3D408104-569%26name%3Dcon%20la%20bici%20haces%20gluteos HTTP/1.1" 200 26420 "-" "Mozilla/5.0 (Linux; Android 6.0.1; Nexus 5X Build/MMB29P) AppleWebKit/537.36 (KHTML, like Gecko) Chrome/137.0.7151.103 Mobile Safari/537.36 (compatible; GoogleOther)"
66.249.79.32 - - [13/Jul/2025:13:59:22 +0000] "GET /?h=37547830021960&mod=ccb0cae1&uri=shop.php%3Fid%3D1253185-749%26name%3Dkapuzenshirt%20orange HTTP/1.1" 200 26422 "-" "Mozilla/5.0 (Linux; Android 6.0.1; Nexus 5X Build/MMB29P) AppleWebKit/537.36 (KHTML, like Gecko) Chrome/137.0.7151.103 Mobile Safari/537.36 (compatible; GoogleOther)"
66.249.79.230 - - [13/Jul/2025:13:59:57 +0000] "GET /?h=42743024051960&mod=deedcd3e&uri=us.php%3Fid%3D1426499-630%26name%3Damazon+evening+wraps HTTP/1.1" 301 - "-" "Mozilla/5.0 (Linux; Android 6.0.1; Nexus 5X Build/MMB29P) AppleWebKit/537.36 (KHTML, like Gecko) Chrome/137.0.7151.103 Mobile Safari/537.36 (compatible; GoogleOther)"
66.249.79.32 - - [13/Jul/2025:13:59:59 +0000] "GET /?h=42743024051960&mod=deedcd3e&uri=us.php%3Fid%3D1426499-630%26name%3Damazon%20evening%20wraps HTTP/1.1" 200 26423 "-" "Mozilla/5.0 (Linux; Android 6.0.1; Nexus 5X Build/MMB29P) AppleWebKit/537.36 (KHTML, like Gecko) Chrome/137.0.7151.103 Mobile Safari/537.36 (compatible; GoogleOther)"
66.249.79.32 - - [13/Jul/2025:14:00:07 +0000] "GET /?h=5697987001960&mod=2076b5ab&uri=blog.php%3Fid%3D190254-333%26name%3Dargos+sterling+silver+bangles HTTP/1.1" 200 21848 "-" "Mozilla/5.0 (Linux; Android 6.0.1; Nexus 5X Build/MMB29P) AppleWebKit/537.36 (KHTML, like Gecko) Chrome/137.0.7151.103 Mobile Safari/537.36 (compatible; Googlebot/2.1; +http://www.google.com/bot.html)"
66.249.79.231 - - [13/Jul/2025:14:00:13 +0000] "GET /?h=49326512031960&mod=52c409f1&uri=products.php%3Fid%3D1646119-35%26name%3Dmontech+flyer+black+case HTTP/1.1" 200 21860 "-" "Mozilla/5.0 (Linux; Android 6.0.1; Nexus 5X Build/MMB29P) AppleWebKit/537.36 (KHTML, like Gecko) Chrome/137.0.7151.103 Mobile Safari/537.36 (compatible; Googlebot/2.1; +http://www.google.com/bot.html)"
209.74.77.214 - - [13/Jul/2025:14:02:03 +0000] "POST /wp-cron.php?doing_wp_cron=1752415323.1644799709320068359375 HTTP/1.1" 200 - "-" "WordPress/6.8.1; https://kelaby.company"
66.249.79.230 - - [13/Jul/2025:14:02:01 +0000] "GET /?h=40151004021960&mod=8a467964&uri=brands.php%3Fid%3D1340028-536%26name%3Dlace+dress+size+24 HTTP/1.1" 301 - "-" "Mozilla/5.0 (Linux; Android 6.0.1; Nexus 5X Build/MMB29P) AppleWebKit/537.36 (KHTML, like Gecko) Chrome/137.0.7151.103 Mobile Safari/537.36 (compatible; GoogleOther)"
66.249.79.34 - - [13/Jul/2025:14:02:04 +0000] "GET /?h=40151004021960&mod=8a467964&uri=brands.php%3Fid%3D1340028-536%26name%3Dlace%20dress%20size%2024 HTTP/1.1" 200 26421 "-" "Mozilla/5.0 (Linux; Android 6.0.1; Nexus 5X Build/MMB29P) AppleWebKit/537.36 (KHTML, like Gecko) Chrome/137.0.7151.103 Mobile Safari/537.36 (compatible; GoogleOther)"
209.74.77.214 - - [13/Jul/2025:14:05:11 +0000] "POST /wp-cron.php?doing_wp_cron=1752415511.4370939731597900390625 HTTP/1.1" 200 - "-" "WordPress/6.8.1; https://kelaby.company"
66.249.79.232 - - [13/Jul/2025:14:05:09 +0000] "GET /?h=116970374141960&mod=cddd1763&uri=article.php%3Fid%3D3903706-1124%26name%3Dstan+smith+shoes+vancouver HTTP/1.1" 301 - "-" "Mozilla/5.0 (Linux; Android 6.0.1; Nexus 5X Build/MMB29P) AppleWebKit/537.36 (KHTML, like Gecko) Chrome/137.0.7151.103 Mobile Safari/537.36 (compatible; GoogleOther)"
66.249.79.32 - - [13/Jul/2025:14:05:13 +0000] "GET /?h=116970374141960&mod=cddd1763&uri=article.php%3Fid%3D3903706-1124%26name%3Dstan%20smith%20shoes%20vancouver HTTP/1.1" 200 26428 "-" "Mozilla/5.0 (Linux; Android 6.0.1; Nexus 5X Build/MMB29P) AppleWebKit/537.36 (KHTML, like Gecko) Chrome/137.0.7151.103 Mobile Safari/537.36 (compatible; GoogleOther)"
164.92.122.126 - - [13/Jul/2025:14:08:11 +0000] "GET / HTTP/1.1" 200 26429 "-" "Mozilla/5.0 (X11; Linux x86_64) AppleWebKit/537.36 (KHTML, like Gecko) Chrome/137.0.0.0 Safari/537.36"
164.92.122.126 - - [13/Jul/2025:14:08:12 +0000] "GET /wp-content/uploads/2024/08/cropped-android-chrome-512x512-1-32x32.png HTTP/1.1" 200 832 "https://kelaby.company/" "Mozilla/5.0 (X11; Linux x86_64) AppleWebKit/537.36 (KHTML, like Gecko) Chrome/137.0.0.0 Safari/537.36"
209.74.77.214 - - [13/Jul/2025:14:08:20 +0000] "POST /wp-cron.php?doing_wp_cron=1752415700.1346950531005859375000 HTTP/1.1" 200 - "-" "WordPress/6.8.1; https://kelaby.company"
66.249.79.234 - - [13/Jul/2025:14:08:19 +0000] "GET /?h=26710735041960&mod=dbcceae1&uri=news.php%3Fid%3D891479-902%26name%3Dcrocs+batman HTTP/1.1" 301 - "-" "Mozilla/5.0 (Linux; Android 6.0.1; Nexus 5X Build/MMB29P) AppleWebKit/537.36 (KHTML, like Gecko) Chrome/137.0.7151.103 Mobile Safari/537.36 (compatible; GoogleOther)"
66.249.79.32 - - [13/Jul/2025:14:08:21 +0000] "GET /?h=26710735041960&mod=dbcceae1&uri=news.php%3Fid%3D891479-902%26name%3Dcrocs%20batman HTTP/1.1" 200 26422 "-" "Mozilla/5.0 (Linux; Android 6.0.1; Nexus 5X Build/MMB29P) AppleWebKit/537.36 (KHTML, like Gecko) Chrome/137.0.7151.103 Mobile Safari/537.36 (compatible; GoogleOther)"
209.74.77.214 - - [13/Jul/2025:14:11:30 +0000] "POST /wp-cron.php?doing_wp_cron=1752415890.8868160247802734375000 HTTP/1.1" 200 - "-" "WordPress/6.8.1; https://kelaby.company"
66.249.79.232 - - [13/Jul/2025:14:11:29 +0000] "GET /?h=45590881041960&mod=dc0ac6b5&uri=blog.php%3Fid%3D1521503-955%26name%3Dsecurity+windbreaker HTTP/1.1" 301 - "-" "Mozilla/5.0 (Linux; Android 6.0.1; Nexus 5X Build/MMB29P) AppleWebKit/537.36 (KHTML, like Gecko) Chrome/137.0.7151.103 Mobile Safari/537.36 (compatible; GoogleOther)"
66.249.79.33 - - [13/Jul/2025:14:11:32 +0000] "GET /?h=45590881041960&mod=dc0ac6b5&uri=blog.php%3Fid%3D1521503-955%26name%3Dsecurity%20windbreaker HTTP/1.1" 200 26417 "-" "Mozilla/5.0 (Linux; Android 6.0.1; Nexus 5X Build/MMB29P) AppleWebKit/537.36 (KHTML, like Gecko) Chrome/137.0.7151.103 Mobile Safari/537.36 (compatible; GoogleOther)"
209.74.77.214 - - [13/Jul/2025:14:14:39 +0000] "POST /wp-cron.php?doing_wp_cron=1752416079.3381159305572509765625 HTTP/1.1" 200 - "-" "WordPress/6.8.1; https://kelaby.company"
66.249.79.233 - - [13/Jul/2025:14:14:37 +0000] "GET /?h=66754240001960&mod=7ffee02a&uri=article.php%3Fid%3D2227639-947%26name%3Dskechers+steel+toe+mujer+purpura HTTP/1.1" 301 - "-" "Mozilla/5.0 (Linux; Android 6.0.1; Nexus 5X Build/MMB29P) AppleWebKit/537.36 (KHTML, like Gecko) Chrome/137.0.7151.103 Mobile Safari/537.36 (compatible; GoogleOther)"
66.249.79.34 - - [13/Jul/2025:14:14:41 +0000] "GET /?h=66754240001960&mod=7ffee02a&uri=article.php%3Fid%3D2227639-947%26name%3Dskechers%20steel%20toe%20mujer%20purpura HTTP/1.1" 200 26421 "-" "Mozilla/5.0 (Linux; Android 6.0.1; Nexus 5X Build/MMB29P) AppleWebKit/537.36 (KHTML, like Gecko) Chrome/137.0.7151.103 Mobile Safari/537.36 (compatible; GoogleOther)"
66.249.79.233 - - [13/Jul/2025:14:15:58 +0000] "GET /?h=35222115021960&mod=a95aa4e6&uri=shared.php%3Fid%3D1175584-80%26name%3Dmavic+air+video+modes HTTP/1.1" 200 22187 "-" "Mozilla/5.0 (Linux; Android 6.0.1; Nexus 5X Build/MMB29P) AppleWebKit/537.36 (KHTML, like Gecko) Chrome/137.0.7151.103 Mobile Safari/537.36 (compatible; Googlebot/2.1; +http://www.google.com/bot.html)"
209.74.77.214 - - [13/Jul/2025:14:17:49 +0000] "POST /wp-cron.php?doing_wp_cron=1752416268.9993150234222412109375 HTTP/1.1" 200 - "-" "WordPress/6.8.1; https://kelaby.company"
66.249.79.234 - - [13/Jul/2025:14:17:47 +0000] "GET /?h=50733369041960&mod=b25b013e&uri=info.php%3Fid%3D1693057-1279%26name%3Dred+sox+championship+jacket HTTP/1.1" 301 - "-" "Mozilla/5.0 (Linux; Android 6.0.1; Nexus 5X Build/MMB29P) AppleWebKit/537.36 (KHTML, like Gecko) Chrome/137.0.7151.103 Mobile Safari/537.36 (compatible; GoogleOther)"
66.249.79.33 - - [13/Jul/2025:14:17:50 +0000] "GET /?h=50733369041960&mod=b25b013e&uri=info.php%3Fid%3D1693057-1279%26name%3Dred%20sox%20championship%20jacket HTTP/1.1" 200 26422 "-" "Mozilla/5.0 (Linux; Android 6.0.1; Nexus 5X Build/MMB29P) AppleWebKit/537.36 (KHTML, like Gecko) Chrome/137.0.7151.103 Mobile Safari/537.36 (compatible; GoogleOther)"
45.138.16.130 - - [13/Jul/2025:14:18:36 +0000] "GET / HTTP/1.1" 200 26417 "-" "Mozlila/5.0 (Linux; Android 7.0; SM-G892A Bulid/NRD90M; wv) AppleWebKit/537.36 (KHTML, like Gecko) Version/4.0 Chrome/60.0.3112.107 Moblie Safari/537.36"
45.138.16.130 - - [13/Jul/2025:14:18:37 +0000] "GET /wp-content/themes/seotheme/db.php?u HTTP/1.1" 404 16355 "www.google.com" "Mozlila/5.0 (Linux; Android 7.0; SM-G892A Bulid/NRD90M; wv) AppleWebKit/537.36 (KHTML, like Gecko) Version/4.0 Chrome/60.0.3112.107 Moblie Safari/537.36"
45.138.16.130 - - [13/Jul/2025:14:18:38 +0000] "GET /wp-content/plugins/apikey/apikey.php?test=hello HTTP/1.1" 404 16356 "-" "Mozlila/5.0 (Linux; Android 7.0; SM-G892A Bulid/NRD90M; wv) AppleWebKit/537.36 (KHTML, like Gecko) Version/4.0 Chrome/60.0.3112.107 Moblie Safari/537.36"
45.138.16.130 - - [13/Jul/2025:14:18:38 +0000] "POST /wp-plain.php HTTP/1.1" 404 16355 "www.google.com" "Mozilla/5.0 (Linux; Android 7.0; SM-G892A Bulid/NRD90M; wv) AppleWebKit/537.36 (KHTML, like Gecko) Version/4.0 Chrome/60.0.3112.107 Moblie Safari/537.36"
45.138.16.130 - - [13/Jul/2025:14:18:38 +0000] "GET /plugins/content/apismtp/apismtp.php?test=hello HTTP/1.1" 404 16356 "-" "Mozlila/5.0 (Linux; Android 7.0; SM-G892A Bulid/NRD90M; wv) AppleWebKit/537.36 (KHTML, like Gecko) Version/4.0 Chrome/60.0.3112.107 Moblie Safari/537.36"
45.138.16.130 - - [13/Jul/2025:14:18:39 +0000] "GET /frnnqcnx.php?Fox=d3wL7 HTTP/1.1" 404 16356 "www.google.com" "Mozilla/5.0 (Linux; Android 7.0; SM-G892A Bulid/NRD90M; wv) AppleWebKit/537.36 (KHTML, like Gecko) Version/4.0 Chrome/60.0.3112.107 Moblie Safari/537.36"
45.138.16.130 - - [13/Jul/2025:14:18:39 +0000] "GET /plugins/content/apismtp/apismtp.php.suspected?test=hello HTTP/1.1" 404 16356 "-" "Mozlila/5.0 (Linux; Android 7.0; SM-G892A Bulid/NRD90M; wv) AppleWebKit/537.36 (KHTML, like Gecko) Version/4.0 Chrome/60.0.3112.107 Moblie Safari/537.36"
209.74.77.214 - - [13/Jul/2025:14:20:58 +0000] "POST /wp-cron.php?doing_wp_cron=1752416458.4046568870544433593750 HTTP/1.1" 200 - "-" "WordPress/6.8.1; https://kelaby.company"
66.249.79.233 - - [13/Jul/2025:14:20:56 +0000] "GET /?h=40756003031960&mod=31ab328e&uri=dp.php%3Fid%3D1360209-135%26name%3Dstoff+rosa+wei%C3%83%C2%9Fe+punkte HTTP/1.1" 301 - "-" "Mozilla/5.0 (Linux; Android 6.0.1; Nexus 5X Build/MMB29P) AppleWebKit/537.36 (KHTML, like Gecko) Chrome/137.0.7151.103 Mobile Safari/537.36 (compatible; GoogleOther)"
66.249.79.34 - - [13/Jul/2025:14:21:00 +0000] "GET /?h=40756003031960&mod=31ab328e&uri=dp.php%3Fid%3D1360209-135%26name%3Dstoff%20rosa%20wei%C3%83%C2%9Fe%20punkte HTTP/1.1" 200 26419 "-" "Mozilla/5.0 (Linux; Android 6.0.1; Nexus 5X Build/MMB29P) AppleWebKit/537.36 (KHTML, like Gecko) Chrome/137.0.7151.103 Mobile Safari/537.36 (compatible; GoogleOther)"
209.74.77.214 - - [13/Jul/2025:14:24:07 +0000] "POST /wp-cron.php?doing_wp_cron=1752416647.8821439743041992187500 HTTP/1.1" 200 - "-" "WordPress/6.8.1; https://kelaby.company"
66.249.79.234 - - [13/Jul/2025:14:24:06 +0000] "GET /?h=12458072041960&mod=b1f6c0ad&uri=brands.php%3Fid%3D415974-123%26name%3Dv%C3%83%C2%A9lo+%C3%83%C2%A9lectrique+hybride+rechargeable HTTP/1.1" 301 - "-" "Mozilla/5.0 (Linux; Android 6.0.1; Nexus 5X Build/MMB29P) AppleWebKit/537.36 (KHTML, like Gecko) Chrome/137.0.7151.103 Mobile Safari/537.36 (compatible; GoogleOther)"
66.249.79.33 - - [13/Jul/2025:14:24:09 +0000] "GET /?h=12458072041960&mod=b1f6c0ad&uri=brands.php%3Fid%3D415974-123%26name%3Dv%C3%83%C2%A9lo%20%C3%83%C2%A9lectrique%20hybride%20rechargeable HTTP/1.1" 200 26421 "-" "Mozilla/5.0 (Linux; Android 6.0.1; Nexus 5X Build/MMB29P) AppleWebKit/537.36 (KHTML, like Gecko) Chrome/137.0.7151.103 Mobile Safari/537.36 (compatible; GoogleOther)"
209.74.77.214 - - [13/Jul/2025:14:27:17 +0000] "POST /wp-cron.php?doing_wp_cron=1752416837.3088989257812500000000 HTTP/1.1" 200 - "-" "WordPress/6.8.1; https://kelaby.company"
66.249.79.234 - - [13/Jul/2025:14:27:15 +0000] "GET /?h=112594144041960&mod=c8c3e560&uri=brands.php%3Fid%3D3757664-450%26name%3Dbig+lots+gray+recliner HTTP/1.1" 301 - "-" "Mozilla/5.0 (Linux; Android 6.0.1; Nexus 5X Build/MMB29P) AppleWebKit/537.36 (KHTML, like Gecko) Chrome/137.0.7151.103 Mobile Safari/537.36 (compatible; GoogleOther)"
66.249.79.33 - - [13/Jul/2025:14:27:19 +0000] "GET /?h=112594144041960&mod=c8c3e560&uri=brands.php%3Fid%3D3757664-450%26name%3Dbig%20lots%20gray%20recliner HTTP/1.1" 200 26421 "-" "Mozilla/5.0 (Linux; Android 6.0.1; Nexus 5X Build/MMB29P) AppleWebKit/537.36 (KHTML, like Gecko) Chrome/137.0.7151.103 Mobile Safari/537.36 (compatible; GoogleOther)"
209.74.77.214 - - [13/Jul/2025:14:30:27 +0000] "POST /wp-cron.php?doing_wp_cron=1752417026.9050641059875488281250 HTTP/1.1" 200 - "-" "WordPress/6.8.1; https://kelaby.company"
66.249.79.232 - - [13/Jul/2025:14:30:25 +0000] "GET /?h=1640073041960&mod=812649f8&uri=shop.php%3Fid%3D54751-99%26name%3Dadidas+yeezy+boost+malaysia HTTP/1.1" 301 - "-" "Mozilla/5.0 (Linux; Android 6.0.1; Nexus 5X Build/MMB29P) AppleWebKit/537.36 (KHTML, like Gecko) Chrome/137.0.7151.103 Mobile Safari/537.36 (compatible; GoogleOther)"
66.249.79.34 - - [13/Jul/2025:14:30:28 +0000] "GET /?h=1640073041960&mod=812649f8&uri=shop.php%3Fid%3D54751-99%26name%3Dadidas%20yeezy%20boost%20malaysia HTTP/1.1" 200 26424 "-" "Mozilla/5.0 (Linux; Android 6.0.1; Nexus 5X Build/MMB29P) AppleWebKit/537.36 (KHTML, like Gecko) Chrome/137.0.7151.103 Mobile Safari/537.36 (compatible; GoogleOther)"
54.36.148.80 - - [13/Jul/2025:14:32:11 +0000] "GET /robots.txt HTTP/1.1" 200 88 "-" "Mozilla/5.0 (compatible; AhrefsBot/7.0; +http://ahrefs.com/robot/)"
209.74.77.214 - - [13/Jul/2025:14:32:14 +0000] "POST /wp-cron.php?doing_wp_cron=1752417134.6391179561614990234375 HTTP/1.1" 200 - "-" "WordPress/6.8.1; https://kelaby.company"
54.36.148.75 - - [13/Jul/2025:14:32:13 +0000] "GET / HTTP/1.1" 301 - "-" "Mozilla/5.0 (compatible; AhrefsBot/7.0; +http://ahrefs.com/robot/)"
209.74.77.214 - - [13/Jul/2025:14:33:36 +0000] "POST /wp-cron.php?doing_wp_cron=1752417216.4511430263519287109375 HTTP/1.1" 200 - "-" "WordPress/6.8.1; https://kelaby.company"
66.249.79.232 - - [13/Jul/2025:14:33:35 +0000] "GET /?h=34918983001960&mod=6ad68e97&uri=news.php%3Fid%3D1165472-481%26name%3Dvivo+mobile+back+cover+price HTTP/1.1" 301 - "-" "Mozilla/5.0 (Linux; Android 6.0.1; Nexus 5X Build/MMB29P) AppleWebKit/537.36 (KHTML, like Gecko) Chrome/137.0.7151.103 Mobile Safari/537.36 (compatible; GoogleOther)"
66.249.79.34 - - [13/Jul/2025:14:33:37 +0000] "GET /?h=34918983001960&mod=6ad68e97&uri=news.php%3Fid%3D1165472-481%26name%3Dvivo%20mobile%20back%20cover%20price HTTP/1.1" 200 26418 "-" "Mozilla/5.0 (Linux; Android 6.0.1; Nexus 5X Build/MMB29P) AppleWebKit/537.36 (KHTML, like Gecko) Chrome/137.0.7151.103 Mobile Safari/537.36 (compatible; GoogleOther)"
66.249.79.232 - - [13/Jul/2025:14:34:59 +0000] "GET /pcmypage?callback=/product%2Fdetail%2F6055175132960 HTTP/1.1" 200 21444 "-" "Mozilla/5.0 (Linux; Android 6.0.1; Nexus 5X Build/MMB29P) AppleWebKit/537.36 (KHTML, like Gecko) Chrome/137.0.7151.103 Mobile Safari/537.36 (compatible; Googlebot/2.1; +http://www.google.com/bot.html)"
209.74.77.214 - - [13/Jul/2025:14:38:41 +0000] "POST /wp-cron.php?doing_wp_cron=1752417521.4483070373535156250000 HTTP/1.1" 200 - "-" "WordPress/6.8.1; https://kelaby.company"
51.222.253.9 - - [13/Jul/2025:14:38:40 +0000] "GET / HTTP/1.1" 200 26419 "-" "Mozilla/5.0 (compatible; AhrefsBot/7.0; +http://ahrefs.com/robot/)"
51.222.71.146 - - [13/Jul/2025:14:38:51 +0000] "POST /xmlrpc.php HTTP/1.1" 200 225 "-" "Mozilla/5.0 (X11; Ubuntu; Linux x86_64; rv:85.0) Gecko/20100101 Firefox/91.0"
51.222.253.1 - - [13/Jul/2025:14:39:01 +0000] "GET /wp-content/uploads/2024/06/Artboard-3-e1613655852657.jpg HTTP/1.1" 304 - "-" "Mozilla/5.0 (compatible; AhrefsBot/7.0; +http://ahrefs.com/robot/)"
66.249.79.232 - - [13/Jul/2025:14:39:02 +0000] "GET /?h=35305893071960&mod=2b736f73&uri=info.php%3Fid%3D1178379-410%26name%3Dpasseggino+gemellare+per+bambole+reborn HTTP/1.1" 200 21554 "-" "Mozilla/5.0 (Linux; Android 6.0.1; Nexus 5X Build/MMB29P) AppleWebKit/537.36 (KHTML, like Gecko) Chrome/137.0.7151.103 Mobile Safari/537.36 (compatible; Googlebot/2.1; +http://www.google.com/bot.html)"
51.222.253.11 - - [13/Jul/2025:14:39:03 +0000] "GET /wp-content/uploads/2024/06/Artboard-2-e1612884492853.jpg HTTP/1.1" 200 167942 "-" "Mozilla/5.0 (compatible; AhrefsBot/7.0; +http://ahrefs.com/robot/)"
51.222.253.12 - - [13/Jul/2025:14:39:05 +0000] "GET /wp-content/uploads/2024/06/portrait-2-2.jpg HTTP/1.1" 200 293457 "-" "Mozilla/5.0 (compatible; AhrefsBot/7.0; +http://ahrefs.com/robot/)"
51.222.253.9 - - [13/Jul/2025:14:39:08 +0000] "GET /wp-content/uploads/elementor/thumbs/gonzalo-esteguy-11MRJs0NHNI-unsplash-2-e1613656101914-qqdlut3er5xwwffmsslzqpkagzezz3449pustzvqqo.jpg HTTP/1.1" 200 53491 "-" "Mozilla/5.0 (compatible; AhrefsBot/7.0; +http://ahrefs.com/robot/)"
51.222.253.19 - - [13/Jul/2025:14:39:09 +0000] "GET /wp-content/uploads/elementor/thumbs/jakob-owens-O_bhy3TnSYU-unsplash-2-e1613656088469-qqdlur7qdhvc97id3rsqlq1da7o9jownlgjtvfyj34.jpg HTTP/1.1" 304 - "-" "Mozilla/5.0 (compatible; AhrefsBot/7.0; +http://ahrefs.com/robot/)"
51.222.253.20 - - [13/Jul/2025:14:39:11 +0000] "GET /wp-content/uploads/2024/06/portrait-4-2.jpg HTTP/1.1" 304 - "-" "Mozilla/5.0 (compatible; AhrefsBot/7.0; +http://ahrefs.com/robot/)"
51.222.253.17 - - [13/Jul/2025:14:39:13 +0000] "GET /wp-content/uploads/2024/06/7Artboard-1.png HTTP/1.1" 304 - "-" "Mozilla/5.0 (compatible; AhrefsBot/7.0; +http://ahrefs.com/robot/)"
51.222.253.7 - - [13/Jul/2025:14:39:14 +0000] "GET /wp-content/uploads/2024/07/APC.png HTTP/1.1" 304 - "-" "Mozilla/5.0 (compatible; AhrefsBot/7.0; +http://ahrefs.com/robot/)"
51.222.253.3 - - [13/Jul/2025:14:39:15 +0000] "GET /wp-content/uploads/2024/06/portrait-1-2.jpg HTTP/1.1" 200 306653 "-" "Mozilla/5.0 (compatible; AhrefsBot/7.0; +http://ahrefs.com/robot/)"
51.222.253.5 - - [13/Jul/2025:14:39:17 +0000] "GET /wp-content/uploads/2024/07/BeQuran.png HTTP/1.1" 200 74150 "-" "Mozilla/5.0 (compatible; AhrefsBot/7.0; +http://ahrefs.com/robot/)"
51.222.253.11 - - [13/Jul/2025:14:39:19 +0000] "GET /wp-content/uploads/elementor/thumbs/balazs-ketyi-LPWl2pEVGKc-unsplash-e1613656414380-qqdluuz34u0hjncwhtf8vp37nr5qehbkxz5rsjsye8.jpg HTTP/1.1" 304 - "-" "Mozilla/5.0 (compatible; AhrefsBot/7.0; +http://ahrefs.com/robot/)"
51.222.253.1 - - [13/Jul/2025:14:39:21 +0000] "GET /wp-content/uploads/2024/06/portrait-of-business-woman_2.jpg HTTP/1.1" 304 - "-" "Mozilla/5.0 (compatible; AhrefsBot/7.0; +http://ahrefs.com/robot/)"
51.222.253.6 - - [13/Jul/2025:14:39:23 +0000] "GET /wp-content/uploads/elementor/thumbs/omid-armin-UtuGfdUwdRg-unsplash-e1612884266490-qqdluwurii326va66u8i0om4uiwgtvj1m8gqr3q61s.jpg HTTP/1.1" 304 - "-" "Mozilla/5.0 (compatible; AhrefsBot/7.0; +http://ahrefs.com/robot/)"
51.222.253.17 - - [13/Jul/2025:14:39:24 +0000] "GET /wp-content/uploads/2024/06/Artboard-1-e1613655894102.jpg HTTP/1.1" 304 - "-" "Mozilla/5.0 (compatible; AhrefsBot/7.0; +http://ahrefs.com/robot/)"
51.222.253.20 - - [13/Jul/2025:14:39:26 +0000] "GET /wp-content/uploads/2024/07/KO.png HTTP/1.1" 200 42387 "-" "Mozilla/5.0 (compatible; AhrefsBot/7.0; +http://ahrefs.com/robot/)"
51.222.253.17 - - [13/Jul/2025:14:39:29 +0000] "GET /wp-content/uploads/elementor/thumbs/lloyd-dirks-0vsk2_9dkqo-unsplash-2-qqdlumijfbown5p6v7rlr982babfh7dzwtaeh25hy8.jpg HTTP/1.1" 304 - "-" "Mozilla/5.0 (compatible; AhrefsBot/7.0; +http://ahrefs.com/robot/)"
51.222.253.1 - - [13/Jul/2025:14:39:30 +0000] "GET /wp-content/uploads/2024/06/3Artboard-1.png HTTP/1.1" 304 - "-" "Mozilla/5.0 (compatible; AhrefsBot/7.0; +http://ahrefs.com/robot/)"
51.222.253.5 - - [13/Jul/2025:14:39:31 +0000] "GET /wp-content/uploads/2024/07/MF.png HTTP/1.1" 304 - "-" "Mozilla/5.0 (compatible; AhrefsBot/7.0; +http://ahrefs.com/robot/)"
51.222.253.13 - - [13/Jul/2025:14:39:39 +0000] "GET /wp-content/uploads/2024/06/6Artboard-1-e1614058592918.png HTTP/1.1" 304 - "-" "Mozilla/5.0 (compatible; AhrefsBot/7.0; +http://ahrefs.com/robot/)"
51.222.253.19 - - [13/Jul/2025:14:39:41 +0000] "GET /wp-content/uploads/elementor/thumbs/nimble-made-kMGX6UK06Ps-unsplash-2-e1613656119707-qqdluoe7szrhadmgk8kuw8qzi225wllgl2ldfm2pls.jpg HTTP/1.1" 304 - "-" "Mozilla/5.0 (compatible; AhrefsBot/7.0; +http://ahrefs.com/robot/)"
51.222.253.8 - - [13/Jul/2025:14:39:43 +0000] "GET /wp-content/uploads/2024/07/Untitled-design-3.png HTTP/1.1" 304 - "-" "Mozilla/5.0 (compatible; AhrefsBot/7.0; +http://ahrefs.com/robot/)"
51.222.253.10 - - [13/Jul/2025:14:39:44 +0000] "GET /wp-content/uploads/elementor/thumbs/david-svihovec-bk7BYXWJcwM-unsplash-e1612884410662-qqdluq9w6nu1xljq99e4189wotswbzsx9bwce5zx9c.jpg HTTP/1.1" 200 83742 "-" "Mozilla/5.0 (compatible; AhrefsBot/7.0; +http://ahrefs.com/robot/)"
51.222.253.11 - - [13/Jul/2025:14:39:46 +0000] "GET /wp-content/uploads/2024/06/portrait-of-entrepreneur-2.jpg HTTP/1.1" 200 275248 "-" "Mozilla/5.0 (compatible; AhrefsBot/7.0; +http://ahrefs.com/robot/)"
51.222.253.12 - - [13/Jul/2025:14:44:16 +0000] "GET /wp-sitemap.xml HTTP/1.1" 200 66753 "-" "Mozilla/5.0 (compatible; AhrefsBot/7.0; +http://ahrefs.com/robot/)"
209.74.77.214 - - [13/Jul/2025:14:49:56 +0000] "POST /wp-cron.php?doing_wp_cron=1752418196.1819500923156738281250 HTTP/1.1" 200 - "-" "WordPress/6.8.1; https://kelaby.company"
51.222.253.5 - - [13/Jul/2025:14:49:54 +0000] "GET /?h=102338056071960&mod=06aee742&uri=search.php%3Fid%3D3415311-384%26name%3D2yr+baby+dress HTTP/1.1" 301 - "-" "Mozilla/5.0 (compatible; AhrefsBot/7.0; +http://ahrefs.com/robot/)"
51.222.253.12 - - [13/Jul/2025:14:54:58 +0000] "GET /?h=102788374081960&mod=47280546&uri=dp.php%3Fid%3D3430328-1628%26name%3Dasics+gel+excite+reviews HTTP/1.1" 301 - "-" "Mozilla/5.0 (compatible; AhrefsBot/7.0; +http://ahrefs.com/robot/)"
209.74.77.214 - - [13/Jul/2025:14:59:33 +0000] "POST /wp-cron.php?doing_wp_cron=1752418773.8013119697570800781250 HTTP/1.1" 200 - "-" "WordPress/6.8.1; https://kelaby.company"
51.222.253.6 - - [13/Jul/2025:14:59:32 +0000] "GET /?h=10343102001960&mod=fb6ff7ed&uri=search.php%3Fid%3D345356-517%26name%3Dhow+to+heal+a+new+ear+piercing HTTP/1.1" 301 - "-" "Mozilla/5.0 (compatible; AhrefsBot/7.0; +http://ahrefs.com/robot/)"
66.249.79.234 - - [13/Jul/2025:15:01:02 +0000] "GET /robots.txt HTTP/1.1" 200 88 "-" "Mozilla/5.0 (compatible; Googlebot/2.1; +http://www.google.com/bot.html)"
66.249.79.232 - - [13/Jul/2025:15:01:03 +0000] "GET /?h=35303798011960&mod=2b736f73&uri=form.php%3Fid%3D1178309-410%26name%3Dscaffale+portagiochi+frozen HTTP/1.1" 200 21988 "-" "Mozilla/5.0 (Linux; Android 6.0.1; Nexus 5X Build/MMB29P) AppleWebKit/537.36 (KHTML, like Gecko) Chrome/137.0.7151.103 Mobile Safari/537.36 (compatible; Googlebot/2.1; +http://www.google.com/bot.html)"
66.249.79.232 - - [13/Jul/2025:15:01:20 +0000] "POST /get-message-notify HTTP/1.1" 200 20941 "https://www.kelaby.company/?h=35303798011960&mod=2b736f73&uri=form.php%3Fid%3D1178309-410%26name%3Dscaffale+portagiochi+frozen" "Mozilla/5.0 (Linux; Android 6.0.1; Nexus 5X Build/MMB29P) AppleWebKit/537.36 (KHTML, like Gecko) Chrome/137.0.7151.119 Mobile Safari/537.36 (compatible; Googlebot/2.1; +http://www.google.com/bot.html)"
209.74.77.214 - - [13/Jul/2025:15:04:05 +0000] "POST /wp-cron.php?doing_wp_cron=1752419045.3994259834289550781250 HTTP/1.1" 200 - "-" "WordPress/6.8.1; https://kelaby.company"
51.222.253.9 - - [13/Jul/2025:15:04:03 +0000] "GET /?h=103459624001960&mod=ec7b159c&uri=category-info.php%3Fid%3D3452738-1339%26name%3Dkappa+shopping+online HTTP/1.1" 301 - "-" "Mozilla/5.0 (compatible; AhrefsBot/7.0; +http://ahrefs.com/robot/)"
209.74.77.214 - - [13/Jul/2025:15:07:07 +0000] "POST /wp-cron.php?doing_wp_cron=1752419227.1540110111236572265625 HTTP/1.1" 200 - "-" "WordPress/6.8.1; https://kelaby.company"
47.128.120.31 - - [13/Jul/2025:15:07:05 +0000] "GET / HTTP/1.1" 200 26417 "-" "Mozilla/5.0 (Linux; Android 5.0) AppleWebKit/537.36 (KHTML, like Gecko) Mobile Safari/537.36 (compatible; Bytespider; [email protected])"
47.128.120.31 - - [13/Jul/2025:15:07:09 +0000] "GET /wp-content/plugins/table-addons-for-elementor/public/css/table-addons-for-elementor-public.css?ver=2.1.4 HTTP/1.1" 304 - "https://kelaby.company/" "Mozilla/5.0 (Linux; Android 5.0) AppleWebKit/537.36 (KHTML, like Gecko) Mobile Safari/537.36 (compatible; Bytespider; [email protected])"
47.128.120.31 - - [13/Jul/2025:15:07:09 +0000] "GET /wp-content/plugins/elementor/assets/css/widget-heading.min.css?ver=3.30.2 HTTP/1.1" 304 - "https://kelaby.company/" "Mozilla/5.0 (Linux; Android 5.0) AppleWebKit/537.36 (KHTML, like Gecko) Mobile Safari/537.36 (compatible; Bytespider; [email protected])"
47.128.120.31 - - [13/Jul/2025:15:07:09 +0000] "GET /wp-content/plugins/elementor/assets/css/frontend.min.css?ver=3.30.2 HTTP/1.1" 200 7117 "https://kelaby.company/" "Mozilla/5.0 (Linux; Android 5.0) AppleWebKit/537.36 (KHTML, like Gecko) Mobile Safari/537.36 (compatible; Bytespider; [email protected])"
47.128.120.31 - - [13/Jul/2025:15:07:09 +0000] "GET /wp-content/plugins/elementor/assets/lib/animations/styles/fadeIn.min.css?ver=3.30.2 HTTP/1.1" 304 - "https://kelaby.company/" "Mozilla/5.0 (Linux; Android 5.0) AppleWebKit/537.36 (KHTML, like Gecko) Mobile Safari/537.36 (compatible; Bytespider; [email protected])"
47.128.120.31 - - [13/Jul/2025:15:07:09 +0000] "GET /wp-content/plugins/jeg-elementor-kit/assets/css/elements/main.css?ver=2.6.13 HTTP/1.1" 304 - "https://kelaby.company/" "Mozilla/5.0 (Linux; Android 5.0) AppleWebKit/537.36 (KHTML, like Gecko) Mobile Safari/537.36 (compatible; Bytespider; [email protected])"
47.128.120.31 - - [13/Jul/2025:15:07:09 +0000] "GET /wp-content/uploads/elementor/css/post-1022.css?ver=1752120154 HTTP/1.1" 304 - "https://kelaby.company/" "Mozilla/5.0 (Linux; Android 5.0) AppleWebKit/537.36 (KHTML, like Gecko) Mobile Safari/537.36 (compatible; Bytespider; [email protected])"
47.128.120.31 - - [13/Jul/2025:15:07:09 +0000] "GET /wp-content/plugins/elementor/assets/lib/animations/styles/fadeInUp.min.css?ver=3.30.2 HTTP/1.1" 304 - "https://kelaby.company/" "Mozilla/5.0 (Linux; Android 5.0) AppleWebKit/537.36 (KHTML, like Gecko) Mobile Safari/537.36 (compatible; Bytespider; [email protected])"
47.128.120.31 - - [13/Jul/2025:15:07:09 +0000] "GET /wp-content/uploads/elementor/google-fonts/css/poppins.css?ver=1742270347 HTTP/1.1" 304 - "https://kelaby.company/" "Mozilla/5.0 (Linux; Android 5.0) AppleWebKit/537.36 (KHTML, like Gecko) Mobile Safari/537.36 (compatible; Bytespider; [email protected])"
47.128.120.31 - - [13/Jul/2025:15:07:09 +0000] "GET /wp-content/themes/hello-elementor/assets/css/reset.css?ver=3.4.4 HTTP/1.1" 304 - "https://kelaby.company/" "Mozilla/5.0 (Linux; Android 5.0) AppleWebKit/537.36 (KHTML, like Gecko) Mobile Safari/537.36 (compatible; Bytespider; [email protected])"
47.128.120.31 - - [13/Jul/2025:15:07:09 +0000] "GET /wp-content/plugins/jeg-elementor-kit/assets/js/tiny-slider/tiny-slider.css?ver=2.9.3 HTTP/1.1" 304 - "https://kelaby.company/" "Mozilla/5.0 (Linux; Android 5.0) AppleWebKit/537.36 (KHTML, like Gecko) Mobile Safari/537.36 (compatible; Bytespider; [email protected])"
47.128.120.31 - - [13/Jul/2025:15:07:09 +0000] "GET /wp-content/uploads/2024/07/Asset-5-2.png HTTP/1.1" 304 - "https://kelaby.company/" "Mozilla/5.0 (Linux; Android 5.0) AppleWebKit/537.36 (KHTML, like Gecko) Mobile Safari/537.36 (compatible; Bytespider; [email protected])"
47.128.120.31 - - [13/Jul/2025:15:07:09 +0000] "GET /wp-content/uploads/elementor/google-fonts/css/roboto.css?ver=1742270391 HTTP/1.1" 304 - "https://kelaby.company/" "Mozilla/5.0 (Linux; Android 5.0) AppleWebKit/537.36 (KHTML, like Gecko) Mobile Safari/537.36 (compatible; Bytespider; [email protected])"
47.128.120.31 - - [13/Jul/2025:15:07:09 +0000] "GET /wp-content/themes/hello-elementor/assets/css/theme.css?ver=3.4.4 HTTP/1.1" 200 1271 "https://kelaby.company/" "Mozilla/5.0 (Linux; Android 5.0) AppleWebKit/537.36 (KHTML, like Gecko) Mobile Safari/537.36 (compatible; Bytespider; [email protected])"
47.128.120.31 - - [13/Jul/2025:15:07:09 +0000] "GET /wp-content/themes/hello-elementor/assets/css/header-footer.css?ver=3.4.4 HTTP/1.1" 304 - "https://kelaby.company/" "Mozilla/5.0 (Linux; Android 5.0) AppleWebKit/537.36 (KHTML, like Gecko) Mobile Safari/537.36 (compatible; Bytespider; [email protected])"
47.128.120.31 - - [13/Jul/2025:15:07:09 +0000] "GET /wp-content/uploads/elementor/css/post-1075.css?ver=1752120155 HTTP/1.1" 304 - "https://kelaby.company/" "Mozilla/5.0 (Linux; Android 5.0) AppleWebKit/537.36 (KHTML, like Gecko) Mobile Safari/537.36 (compatible; Bytespider; [email protected])"
47.128.120.31 - - [13/Jul/2025:15:07:09 +0000] "GET /wp-content/plugins/jeg-elementor-kit/assets/js/sweetalert2/sweetalert2.min.css?ver=11.6.16 HTTP/1.1" 304 - "https://kelaby.company/" "Mozilla/5.0 (Linux; Android 5.0) AppleWebKit/537.36 (KHTML, like Gecko) Mobile Safari/537.36 (compatible; Bytespider; [email protected])"
47.128.120.31 - - [13/Jul/2025:15:07:09 +0000] "GET /wp-content/plugins/jeg-elementor-kit/assets/fonts/jkiticon/jkiticon.css?ver=2.6.13 HTTP/1.1" 200 21477 "https://kelaby.company/" "Mozilla/5.0 (Linux; Android 5.0) AppleWebKit/537.36 (KHTML, like Gecko) Mobile Safari/537.36 (compatible; Bytespider; [email protected])"
47.128.120.31 - - [13/Jul/2025:15:07:09 +0000] "GET /wp-content/plugins/elementor/assets/css/widget-divider.min.css?ver=3.30.2 HTTP/1.1" 304 - "https://kelaby.company/" "Mozilla/5.0 (Linux; Android 5.0) AppleWebKit/537.36 (KHTML, like Gecko) Mobile Safari/537.36 (compatible; Bytespider; [email protected])"
47.128.120.31 - - [13/Jul/2025:15:07:09 +0000] "GET /wp-content/plugins/elementor/assets/css/widget-image.min.css?ver=3.30.2 HTTP/1.1" 304 - "https://kelaby.company/" "Mozilla/5.0 (Linux; Android 5.0) AppleWebKit/537.36 (KHTML, like Gecko) Mobile Safari/537.36 (compatible; Bytespider; [email protected])"
47.128.120.31 - - [13/Jul/2025:15:07:09 +0000] "GET /wp-content/plugins/elementor/assets/css/widget-spacer.min.css?ver=3.30.2 HTTP/1.1" 304 - "https://kelaby.company/" "Mozilla/5.0 (Linux; Android 5.0) AppleWebKit/537.36 (KHTML, like Gecko) Mobile Safari/537.36 (compatible; Bytespider; [email protected])"
47.128.120.31 - - [13/Jul/2025:15:07:10 +0000] "GET /wp-content/plugins/jeg-elementor-kit/lib/jeg-framework/assets/css/jeg-dynamic-styles.css?ver=1.3.0 HTTP/1.1" 304 - "https://kelaby.company/" "Mozilla/5.0 (Linux; Android 5.0) AppleWebKit/537.36 (KHTML, like Gecko) Mobile Safari/537.36 (compatible; Bytespider; [email protected])"
47.128.120.31 - - [13/Jul/2025:15:07:10 +0000] "GET /wp-content/plugins/elementor/assets/css/widget-icon-list.min.css?ver=3.30.2 HTTP/1.1" 304 - "https://kelaby.company/" "Mozilla/5.0 (Linux; Android 5.0) AppleWebKit/537.36 (KHTML, like Gecko) Mobile Safari/537.36 (compatible; Bytespider; [email protected])"
47.128.120.31 - - [13/Jul/2025:15:07:10 +0000] "GET /wp-content/uploads/elementor/css/post-926.css?ver=1752120155 HTTP/1.1" 304 - "https://kelaby.company/" "Mozilla/5.0 (Linux; Android 5.0) AppleWebKit/537.36 (KHTML, like Gecko) Mobile Safari/537.36 (compatible; Bytespider; [email protected])"
47.128.120.31 - - [13/Jul/2025:15:07:10 +0000] "GET /wp-content/plugins/elementor/assets/css/conditionals/apple-webkit.min.css?ver=3.30.2 HTTP/1.1" 304 - "https://kelaby.company/" "Mozilla/5.0 (Linux; Android 5.0) AppleWebKit/537.36 (KHTML, like Gecko) Mobile Safari/537.36 (compatible; Bytespider; [email protected])"
47.128.120.31 - - [13/Jul/2025:15:07:10 +0000] "GET /wp-content/uploads/2024/06/portrait-of-entrepreneur-2-768x767.jpg HTTP/1.1" 304 - "https://kelaby.company/" "Mozilla/5.0 (Linux; Android 5.0) AppleWebKit/537.36 (KHTML, like Gecko) Mobile Safari/537.36 (compatible; Bytespider; [email protected])"
47.128.120.31 - - [13/Jul/2025:15:07:10 +0000] "GET /wp-content/plugins/elementor/assets/css/widget-social-icons.min.css?ver=3.30.2 HTTP/1.1" 304 - "https://kelaby.company/" "Mozilla/5.0 (Linux; Android 5.0) AppleWebKit/537.36 (KHTML, like Gecko) Mobile Safari/537.36 (compatible; Bytespider; [email protected])"
47.128.120.31 - - [13/Jul/2025:15:07:10 +0000] "GET /wp-content/uploads/elementor/css/post-928.css?ver=1752120155 HTTP/1.1" 304 - "https://kelaby.company/" "Mozilla/5.0 (Linux; Android 5.0) AppleWebKit/537.36 (KHTML, like Gecko) Mobile Safari/537.36 (compatible; Bytespider; [email protected])"
47.128.120.31 - - [13/Jul/2025:15:07:10 +0000] "GET /wp-content/uploads/2024/07/cropped-Asset-5-2.png HTTP/1.1" 304 - "https://kelaby.company/" "Mozilla/5.0 (Linux; Android 5.0) AppleWebKit/537.36 (KHTML, like Gecko) Mobile Safari/537.36 (compatible; Bytespider; [email protected])"
47.128.120.31 - - [13/Jul/2025:15:07:10 +0000] "GET /wp-content/uploads/2024/07/kyle-brinker-0vVHYD3PcKo-unsplash_3-1.jpg HTTP/1.1" 304 - "https://kelaby.company/wp-content/uploads/elementor/css/post-1075.css?ver=1752120155" "Mozilla/5.0 (Linux; Android 5.0) AppleWebKit/537.36 (KHTML, like Gecko) Mobile Safari/537.36 (compatible; Bytespider; [email protected])"
47.128.120.31 - - [13/Jul/2025:15:07:11 +0000] "GET /wp-content/uploads/2024/07/Untitled-design-3.png HTTP/1.1" 304 - "https://kelaby.company/" "Mozilla/5.0 (Linux; Android 5.0) AppleWebKit/537.36 (KHTML, like Gecko) Mobile Safari/537.36 (compatible; Bytespider; [email protected])"
47.128.120.31 - - [13/Jul/2025:15:07:11 +0000] "GET /wp-content/uploads/2024/06/bg-footer2.jpg HTTP/1.1" 304 - "https://kelaby.company/" "Mozilla/5.0 (Linux; Android 5.0) AppleWebKit/537.36 (KHTML, like Gecko) Mobile Safari/537.36 (compatible; Bytespider; [email protected])"
47.128.120.31 - - [13/Jul/2025:15:07:11 +0000] "GET /wp-content/uploads/2024/07/MF.png HTTP/1.1" 304 - "https://kelaby.company/" "Mozilla/5.0 (Linux; Android 5.0) AppleWebKit/537.36 (KHTML, like Gecko) Mobile Safari/537.36 (compatible; Bytespider; [email protected])"
47.128.120.31 - - [13/Jul/2025:15:07:11 +0000] "GET /wp-content/uploads/2024/07/KO.png HTTP/1.1" 304 - "https://kelaby.company/" "Mozilla/5.0 (Linux; Android 5.0) AppleWebKit/537.36 (KHTML, like Gecko) Mobile Safari/537.36 (compatible; Bytespider; [email protected])"
47.128.120.31 - - [13/Jul/2025:15:07:11 +0000] "GET /wp-content/uploads/2024/07/APC.png HTTP/1.1" 304 - "https://kelaby.company/" "Mozilla/5.0 (Linux; Android 5.0) AppleWebKit/537.36 (KHTML, like Gecko) Mobile Safari/537.36 (compatible; Bytespider; [email protected])"
209.74.77.214 - - [13/Jul/2025:15:08:37 +0000] "POST /wp-cron.php?doing_wp_cron=1752419317.7537200450897216796875 HTTP/1.1" 200 - "-" "WordPress/6.8.1; https://kelaby.company"
51.222.253.13 - - [13/Jul/2025:15:08:36 +0000] "GET /?h=104007867041960&mod=9a86162d&uri=info.php%3Fid%3D3471019-1342%26name%3Dscarpe+uomo+nero+giardini+saldi HTTP/1.1" 301 - "-" "Mozilla/5.0 (compatible; AhrefsBot/7.0; +http://ahrefs.com/robot/)"
47.128.34.9 - - [13/Jul/2025:15:11:09 +0000] "GET /robots.txt HTTP/1.1" 200 84 "-" "Mozilla/5.0 (Linux; Android 5.0) AppleWebKit/537.36 (KHTML, like Gecko) Mobile Safari/537.36 (compatible; Bytespider; [email protected])"
209.74.77.214 - - [13/Jul/2025:15:11:10 +0000] "POST /wp-cron.php?doing_wp_cron=1752419470.5948081016540527343750 HTTP/1.1" 200 - "-" "WordPress/6.8.1; https://kelaby.company"
47.128.32.41 - - [13/Jul/2025:15:11:09 +0000] "GET / HTTP/1.1" 200 26419 "-" "Mozilla/5.0 (Linux; Android 5.0) AppleWebKit/537.36 (KHTML, like Gecko) Mobile Safari/537.36 (compatible; Bytespider; [email protected])"
209.74.77.214 - - [13/Jul/2025:15:12:40 +0000] "POST /wp-cron.php?doing_wp_cron=1752419560.7008879184722900390625 HTTP/1.1" 200 - "-" "WordPress/6.8.1; https://kelaby.company"
51.222.253.13 - - [13/Jul/2025:15:12:39 +0000] "GET /?h=105012043111960&mod=571df53e&uri=product.php%3Fid%3D3504567-130%26name%3Diphone+11+pro+max+back+camera+replacement HTTP/1.1" 301 - "-" "Mozilla/5.0 (compatible; AhrefsBot/7.0; +http://ahrefs.com/robot/)"
135.148.100.196 - - [13/Jul/2025:15:12:48 +0000] "GET / HTTP/1.1" 200 26423 "-" "-"
