66.249.65.36 - - [16/Jul/2025:15:52:12 +0000] "GET /?x=31739894001800&mod=73634c1d&uri=dp.php?detail/175337455.htm HTTP/1.1" 301 - "-" "Mozilla/5.0 (Linux; Android 6.0.1; Nexus 5X Build/MMB29P) AppleWebKit/537.36 (KHTML, like Gecko) Chrome/137.0.7151.103 Mobile Safari/537.36 (compatible; Googlebot/2.1; +http://www.google.com/bot.html)"
66.249.65.37 - - [16/Jul/2025:15:52:13 +0000] "GET /?x=23967452021800&mod=6df18258&uri=shop.php?detail/2940542.htm HTTP/1.1" 301 - "-" "Mozilla/5.0 (Linux; Android 6.0.1; Nexus 5X Build/MMB29P) AppleWebKit/537.36 (KHTML, like Gecko) Chrome/137.0.7151.103 Mobile Safari/537.36 (compatible; Googlebot/2.1; +http://www.google.com/bot.html)"
66.249.65.36 - - [16/Jul/2025:15:52:13 +0000] "GET /?x=31739894001800&mod=73634c1d&uri=dp.php%3Fdetail%2F175337455.htm HTTP/1.1" 200 1916 "-" "Mozilla/5.0 (Linux; Android 6.0.1; Nexus 5X Build/MMB29P) AppleWebKit/537.36 (KHTML, like Gecko) Chrome/137.0.7151.103 Mobile Safari/537.36 (compatible; Googlebot/2.1; +http://www.google.com/bot.html)"
66.249.65.35 - - [16/Jul/2025:15:52:13 +0000] "GET /?x=23967452021800&mod=6df18258&uri=shop.php%3Fdetail%2F2940542.htm HTTP/1.1" 200 1913 "-" "Mozilla/5.0 (Linux; Android 6.0.1; Nexus 5X Build/MMB29P) AppleWebKit/537.36 (KHTML, like Gecko) Chrome/137.0.7151.103 Mobile Safari/537.36 (compatible; Googlebot/2.1; +http://www.google.com/bot.html)"
66.249.65.36 - - [16/Jul/2025:15:52:20 +0000] "GET /?x=6678667131800&mod=aaaccd27&uri=form.php%3Fid%3D223053-374%26name%3Dbombers+homme+celio HTTP/1.1" 301 - "-" "Mozilla/5.0 (Linux; Android 6.0.1; Nexus 5X Build/MMB29P) AppleWebKit/537.36 (KHTML, like Gecko) Chrome/137.0.7151.103 Mobile Safari/537.36 (compatible; Googlebot/2.1; +http://www.google.com/bot.html)"
66.249.65.36 - - [16/Jul/2025:15:52:20 +0000] "GET /?x=6678667131800&mod=aaaccd27&uri=form.php%3Fid%3D223053-374%26name%3Dbombers%20homme%20celio HTTP/1.1" 200 1929 "-" "Mozilla/5.0 (Linux; Android 6.0.1; Nexus 5X Build/MMB29P) AppleWebKit/537.36 (KHTML, like Gecko) Chrome/137.0.7151.103 Mobile Safari/537.36 (compatible; Googlebot/2.1; +http://www.google.com/bot.html)"
66.249.65.35 - - [16/Jul/2025:15:52:29 +0000] "GET /?x=35031472031800&mod=4496bf24&uri=shared.php%3Fid%3D1169228-182%26name%3Dplus+striped+pants HTTP/1.1" 301 - "-" "Mozilla/5.0 (Linux; Android 6.0.1; Nexus 5X Build/MMB29P) AppleWebKit/537.36 (KHTML, like Gecko) Chrome/137.0.7151.103 Mobile Safari/537.36 (compatible; Googlebot/2.1; +http://www.google.com/bot.html)"
66.249.65.35 - - [16/Jul/2025:15:52:29 +0000] "GET /?x=35031472031800&mod=4496bf24&uri=shared.php%3Fid%3D1169228-182%26name%3Dplus%20striped%20pants HTTP/1.1" 200 1933 "-" "Mozilla/5.0 (Linux; Android 6.0.1; Nexus 5X Build/MMB29P) AppleWebKit/537.36 (KHTML, like Gecko) Chrome/137.0.7151.103 Mobile Safari/537.36 (compatible; Googlebot/2.1; +http://www.google.com/bot.html)"
209.74.77.214 - - [16/Jul/2025:15:52:48 +0000] "POST /wp-cron.php?doing_wp_cron=1752681167.9893689155578613281250 HTTP/1.1" 200 - "-" "WordPress/6.8.2; https://kraft-court.cafe"
66.249.65.35 - - [16/Jul/2025:15:52:47 +0000] "GET /?x=59639009061800&mod=b6cda17a&uri=shop.php%3Fid%3D1990202-233%26name%3Dmejor+chaqueta+the+north+face HTTP/1.1" 301 - "-" "Mozilla/5.0 (Linux; Android 6.0.1; Nexus 5X Build/MMB29P) AppleWebKit/537.36 (KHTML, like Gecko) Chrome/137.0.7151.103 Mobile Safari/537.36 (compatible; Googlebot/2.1; +http://www.google.com/bot.html)"
66.249.65.35 - - [16/Jul/2025:15:52:48 +0000] "GET /?x=59639009061800&mod=b6cda17a&uri=shop.php%3Fid%3D1990202-233%26name%3Dmejor%20chaqueta%20the%20north%20face HTTP/1.1" 200 1941 "-" "Mozilla/5.0 (Linux; Android 6.0.1; Nexus 5X Build/MMB29P) AppleWebKit/537.36 (KHTML, like Gecko) Chrome/137.0.7151.103 Mobile Safari/537.36 (compatible; Googlebot/2.1; +http://www.google.com/bot.html)"
66.249.65.37 - - [16/Jul/2025:15:53:22 +0000] "GET /?x=111154978041800&mod=a8849b05&uri=form.php?detail/2926585.htm HTTP/1.1" 301 - "-" "Mozilla/5.0 (Linux; Android 6.0.1; Nexus 5X Build/MMB29P) AppleWebKit/537.36 (KHTML, like Gecko) Chrome/137.0.7151.103 Mobile Safari/537.36 (compatible; Googlebot/2.1; +http://www.google.com/bot.html)"
66.249.65.37 - - [16/Jul/2025:15:53:23 +0000] "GET /?x=111154978041800&mod=a8849b05&uri=form.php%3Fdetail%2F2926585.htm HTTP/1.1" 200 1914 "-" "Mozilla/5.0 (Linux; Android 6.0.1; Nexus 5X Build/MMB29P) AppleWebKit/537.36 (KHTML, like Gecko) Chrome/137.0.7151.103 Mobile Safari/537.36 (compatible; Googlebot/2.1; +http://www.google.com/bot.html)"
66.249.65.36 - - [16/Jul/2025:15:53:30 +0000] "GET /?x=5848851031800&mod=621fbd17&uri=category-info.php%3Fid%3D195317-338%26name%3Dzapatos+skechers+amazon+vectores HTTP/1.1" 301 - "-" "Mozilla/5.0 (Linux; Android 6.0.1; Nexus 5X Build/MMB29P) AppleWebKit/537.36 (KHTML, like Gecko) Chrome/137.0.7151.103 Mobile Safari/537.36 (compatible; Googlebot/2.1; +http://www.google.com/bot.html)"
66.249.65.35 - - [16/Jul/2025:15:53:30 +0000] "GET /?x=5848851031800&mod=621fbd17&uri=category-info.php%3Fid%3D195317-338%26name%3Dzapatos%20skechers%20amazon%20vectores HTTP/1.1" 200 1948 "-" "Mozilla/5.0 (Linux; Android 6.0.1; Nexus 5X Build/MMB29P) AppleWebKit/537.36 (KHTML, like Gecko) Chrome/137.0.7151.103 Mobile Safari/537.36 (compatible; Googlebot/2.1; +http://www.google.com/bot.html)"
209.74.77.214 - - [16/Jul/2025:15:53:36 +0000] "POST /wp-cron.php?doing_wp_cron=1752681216.3863561153411865234375 HTTP/1.1" 200 - "-" "WordPress/6.8.2; https://kraft-court.cafe"
66.249.65.35 - - [16/Jul/2025:15:53:36 +0000] "GET /?x=74120843041800&mod=28d43766&uri=news.php?detail/2900899.htm HTTP/1.1" 301 - "-" "Mozilla/5.0 (Linux; Android 6.0.1; Nexus 5X Build/MMB29P) AppleWebKit/537.36 (KHTML, like Gecko) Chrome/137.0.7151.103 Mobile Safari/537.36 (compatible; Googlebot/2.1; +http://www.google.com/bot.html)"
66.249.65.35 - - [16/Jul/2025:15:53:36 +0000] "GET /?x=74120843041800&mod=28d43766&uri=news.php%3Fdetail%2F2900899.htm HTTP/1.1" 200 1916 "-" "Mozilla/5.0 (Linux; Android 6.0.1; Nexus 5X Build/MMB29P) AppleWebKit/537.36 (KHTML, like Gecko) Chrome/137.0.7151.103 Mobile Safari/537.36 (compatible; Googlebot/2.1; +http://www.google.com/bot.html)"
66.249.65.35 - - [16/Jul/2025:15:53:37 +0000] "GET /?x=119662873041800&mod=6b9bb055&uri=goods.php?detail/4357971.htm HTTP/1.1" 301 - "-" "Mozilla/5.0 (Linux; Android 6.0.1; Nexus 5X Build/MMB29P) AppleWebKit/537.36 (KHTML, like Gecko) Chrome/137.0.7151.103 Mobile Safari/537.36 (compatible; Googlebot/2.1; +http://www.google.com/bot.html)"
66.249.65.35 - - [16/Jul/2025:15:53:38 +0000] "GET /?x=119662873041800&mod=6b9bb055&uri=goods.php%3Fdetail%2F4357971.htm HTTP/1.1" 200 1918 "-" "Mozilla/5.0 (Linux; Android 6.0.1; Nexus 5X Build/MMB29P) AppleWebKit/537.36 (KHTML, like Gecko) Chrome/137.0.7151.103 Mobile Safari/537.36 (compatible; Googlebot/2.1; +http://www.google.com/bot.html)"
66.249.65.35 - - [16/Jul/2025:15:53:42 +0000] "GET /?x=90536606071800&mod=333cb763&uri=goods.php?detail/4371589.htm HTTP/1.1" 301 - "-" "Mozilla/5.0 (Linux; Android 6.0.1; Nexus 5X Build/MMB29P) AppleWebKit/537.36 (KHTML, like Gecko) Chrome/137.0.7151.103 Mobile Safari/537.36 (compatible; Googlebot/2.1; +http://www.google.com/bot.html)"
66.249.65.35 - - [16/Jul/2025:15:53:42 +0000] "GET /?x=90536606071800&mod=333cb763&uri=goods.php%3Fdetail%2F4371589.htm HTTP/1.1" 200 1916 "-" "Mozilla/5.0 (Linux; Android 6.0.1; Nexus 5X Build/MMB29P) AppleWebKit/537.36 (KHTML, like Gecko) Chrome/137.0.7151.103 Mobile Safari/537.36 (compatible; Googlebot/2.1; +http://www.google.com/bot.html)"
209.74.77.214 - - [16/Jul/2025:15:53:54 +0000] "POST /wp-cron.php?doing_wp_cron=1752681234.4781680107116699218750 HTTP/1.1" 200 - "-" "WordPress/6.8.2; https://kraft-court.cafe"
66.249.65.35 - - [16/Jul/2025:15:53:54 +0000] "GET /?x=34736965031800&mod=18ad9899&uri=us.php%3Fid%3D1159400-265%26name%3Dtenis+feminino+adidas+slip+on HTTP/1.1" 301 - "-" "Mozilla/5.0 (Linux; Android 6.0.1; Nexus 5X Build/MMB29P) AppleWebKit/537.36 (KHTML, like Gecko) Chrome/137.0.7151.103 Mobile Safari/537.36 (compatible; Googlebot/2.1; +http://www.google.com/bot.html)"
66.249.65.35 - - [16/Jul/2025:15:53:54 +0000] "GET /?x=31840970051800&mod=c0560792&uri=search.php?detail/2921451.htm HTTP/1.1" 301 - "-" "Mozilla/5.0 (Linux; Android 6.0.1; Nexus 5X Build/MMB29P) AppleWebKit/537.36 (KHTML, like Gecko) Chrome/137.0.7151.103 Mobile Safari/537.36 (compatible; Googlebot/2.1; +http://www.google.com/bot.html)"
66.249.65.35 - - [16/Jul/2025:15:53:54 +0000] "GET /?x=34736965031800&mod=18ad9899&uri=us.php%3Fid%3D1159400-265%26name%3Dtenis%20feminino%20adidas%20slip%20on HTTP/1.1" 200 1941 "-" "Mozilla/5.0 (Linux; Android 6.0.1; Nexus 5X Build/MMB29P) AppleWebKit/537.36 (KHTML, like Gecko) Chrome/137.0.7151.103 Mobile Safari/537.36 (compatible; Googlebot/2.1; +http://www.google.com/bot.html)"
66.249.65.35 - - [16/Jul/2025:15:53:54 +0000] "GET /?x=31840970051800&mod=c0560792&uri=search.php%3Fdetail%2F2921451.htm HTTP/1.1" 200 1917 "-" "Mozilla/5.0 (Linux; Android 6.0.1; Nexus 5X Build/MMB29P) AppleWebKit/537.36 (KHTML, like Gecko) Chrome/137.0.7151.103 Mobile Safari/537.36 (compatible; Googlebot/2.1; +http://www.google.com/bot.html)"
143.198.229.0 - - [16/Jul/2025:15:54:20 +0000] "GET /files.php HTTP/1.1" 404 1854 "https://www.google.com" "Mozilla/5.0 (Linux; Android 7.0; SM-G892A Build/NRD90M; wv) AppleWebKit/537.36 (KHTML, like Gecko) Version/4.0 Chrome/60.0.3112.107 Mobile Safari/537.36"
45.227.253.15 - - [16/Jul/2025:15:55:14 +0000] "GET /images/images/index.php?ARRAY=7o2230223n313735323638353032302p2231223n22687474703n5p2s5p2s7n7334383376313373752r746s6566612r626p6s675p2s3s6p633q7068705s636s64655s6n6326743q313735323638313432302q3833396433633038393933653532356331623865313935616366633465323331222p2232223n223533613461666661636365666438343066643863333931386539313733303535222p2233223n226630633834306462643437326464376133373338326237636638383235333233222p2262696r675s70617373223n2232342q34352q35362q36322q37382q38332q3232227q HTTP/1.1" 200 102 "-" "Mozilla/5.0 (Macintosh; Intel Mac OS X 10.14; rv:103.0) Gecko/20100101 Firefox/103.0"
66.249.65.37 - - [16/Jul/2025:15:55:20 +0000] "GET /?x=47561320031800&mod=b7b16ecf&uri=product.php?cargo/detail HTTP/1.1" 301 - "-" "Mozilla/5.0 (Linux; Android 6.0.1; Nexus 5X Build/MMB29P) AppleWebKit/537.36 (KHTML, like Gecko) Chrome/137.0.7151.103 Mobile Safari/537.36 (compatible; Googlebot/2.1; +http://www.google.com/bot.html)"
66.249.65.36 - - [16/Jul/2025:15:55:20 +0000] "GET /?x=47565040021800&mod=b7b16ecf&uri=shop.php?detail/2884244.htm HTTP/1.1" 301 - "-" "Mozilla/5.0 (Linux; Android 6.0.1; Nexus 5X Build/MMB29P) AppleWebKit/537.36 (KHTML, like Gecko) Chrome/137.0.7151.103 Mobile Safari/537.36 (compatible; Googlebot/2.1; +http://www.google.com/bot.html)"
66.249.65.36 - - [16/Jul/2025:15:55:20 +0000] "GET /?x=77788585111800&mod=333cb763&uri=shared.php?detail/2893067.htm HTTP/1.1" 301 - "-" "Mozilla/5.0 (Linux; Android 6.0.1; Nexus 5X Build/MMB29P) AppleWebKit/537.36 (KHTML, like Gecko) Chrome/137.0.7151.103 Mobile Safari/537.36 (compatible; Googlebot/2.1; +http://www.google.com/bot.html)"
66.249.65.37 - - [16/Jul/2025:15:55:20 +0000] "GET /?x=31840970051800&mod=c0560792&uri=search.php?detail/2941056.htm HTTP/1.1" 301 - "-" "Mozilla/5.0 (Linux; Android 6.0.1; Nexus 5X Build/MMB29P) AppleWebKit/537.36 (KHTML, like Gecko) Chrome/137.0.7151.103 Mobile Safari/537.36 (compatible; Googlebot/2.1; +http://www.google.com/bot.html)"
66.249.65.37 - - [16/Jul/2025:15:55:20 +0000] "GET /?x=34671899081800&mod=9854d7af&uri=itm.php?detail/2929317.htm HTTP/1.1" 301 - "-" "Mozilla/5.0 (Linux; Android 6.0.1; Nexus 5X Build/MMB29P) AppleWebKit/537.36 (KHTML, like Gecko) Chrome/137.0.7151.103 Mobile Safari/537.36 (compatible; Googlebot/2.1; +http://www.google.com/bot.html)"
66.249.65.36 - - [16/Jul/2025:15:55:20 +0000] "GET /?x=47565040021800&mod=b7b16ecf&uri=shop.php?detail/2942069.htm HTTP/1.1" 301 - "-" "Mozilla/5.0 (Linux; Android 6.0.1; Nexus 5X Build/MMB29P) AppleWebKit/537.36 (KHTML, like Gecko) Chrome/137.0.7151.103 Mobile Safari/537.36 (compatible; Googlebot/2.1; +http://www.google.com/bot.html)"
66.249.65.35 - - [16/Jul/2025:15:55:21 +0000] "GET /?x=47561320031800&mod=b7b16ecf&uri=product.php%3Fcargo%2Fdetail HTTP/1.1" 200 1911 "-" "Mozilla/5.0 (Linux; Android 6.0.1; Nexus 5X Build/MMB29P) AppleWebKit/537.36 (KHTML, like Gecko) Chrome/137.0.7151.103 Mobile Safari/537.36 (compatible; Googlebot/2.1; +http://www.google.com/bot.html)"
66.249.65.37 - - [16/Jul/2025:15:55:21 +0000] "GET /?x=47565040021800&mod=b7b16ecf&uri=shop.php%3Fdetail%2F2884244.htm HTTP/1.1" 200 1915 "-" "Mozilla/5.0 (Linux; Android 6.0.1; Nexus 5X Build/MMB29P) AppleWebKit/537.36 (KHTML, like Gecko) Chrome/137.0.7151.103 Mobile Safari/537.36 (compatible; Googlebot/2.1; +http://www.google.com/bot.html)"
66.249.65.37 - - [16/Jul/2025:15:55:21 +0000] "GET /?x=77788585111800&mod=333cb763&uri=shared.php%3Fdetail%2F2893067.htm HTTP/1.1" 200 1917 "-" "Mozilla/5.0 (Linux; Android 6.0.1; Nexus 5X Build/MMB29P) AppleWebKit/537.36 (KHTML, like Gecko) Chrome/137.0.7151.103 Mobile Safari/537.36 (compatible; Googlebot/2.1; +http://www.google.com/bot.html)"
66.249.65.35 - - [16/Jul/2025:15:55:21 +0000] "GET /?x=31840970051800&mod=c0560792&uri=search.php%3Fdetail%2F2941056.htm HTTP/1.1" 200 1915 "-" "Mozilla/5.0 (Linux; Android 6.0.1; Nexus 5X Build/MMB29P) AppleWebKit/537.36 (KHTML, like Gecko) Chrome/137.0.7151.103 Mobile Safari/537.36 (compatible; Googlebot/2.1; +http://www.google.com/bot.html)"
66.249.65.35 - - [16/Jul/2025:15:55:21 +0000] "GET /?x=34671899081800&mod=9854d7af&uri=itm.php%3Fdetail%2F2929317.htm HTTP/1.1" 200 1915 "-" "Mozilla/5.0 (Linux; Android 6.0.1; Nexus 5X Build/MMB29P) AppleWebKit/537.36 (KHTML, like Gecko) Chrome/137.0.7151.103 Mobile Safari/537.36 (compatible; Googlebot/2.1; +http://www.google.com/bot.html)"
66.249.65.35 - - [16/Jul/2025:15:55:21 +0000] "GET /?x=47565040021800&mod=b7b16ecf&uri=shop.php%3Fdetail%2F2942069.htm HTTP/1.1" 200 1915 "-" "Mozilla/5.0 (Linux; Android 6.0.1; Nexus 5X Build/MMB29P) AppleWebKit/537.36 (KHTML, like Gecko) Chrome/137.0.7151.103 Mobile Safari/537.36 (compatible; Googlebot/2.1; +http://www.google.com/bot.html)"
209.74.77.214 - - [16/Jul/2025:15:55:39 +0000] "POST /wp-cron.php?doing_wp_cron=1752681339.1499950885772705078125 HTTP/1.1" 200 - "-" "WordPress/6.8.2; https://kraft-court.cafe"
66.249.65.35 - - [16/Jul/2025:15:55:39 +0000] "GET /?x=91591933041800&mod=decc2e06&uri=dp.php%3Fid%3D3056590-700%26name%3Dridgeback+rodesiano HTTP/1.1" 301 - "-" "Mozilla/5.0 (Linux; Android 6.0.1; Nexus 5X Build/MMB29P) AppleWebKit/537.36 (KHTML, like Gecko) Chrome/137.0.7151.103 Mobile Safari/537.36 (compatible; Googlebot/2.1; +http://www.google.com/bot.html)"
66.249.65.36 - - [16/Jul/2025:15:55:39 +0000] "GET /?x=91591933041800&mod=decc2e06&uri=dp.php%3Fid%3D3056590-700%26name%3Dridgeback%20rodesiano HTTP/1.1" 200 1929 "-" "Mozilla/5.0 (Linux; Android 6.0.1; Nexus 5X Build/MMB29P) AppleWebKit/537.36 (KHTML, like Gecko) Chrome/137.0.7151.103 Mobile Safari/537.36 (compatible; Googlebot/2.1; +http://www.google.com/bot.html)"
209.74.77.214 - - [16/Jul/2025:15:55:46 +0000] "POST /wp-cron.php?doing_wp_cron=1752681346.5355589389801025390625 HTTP/1.1" 200 - "-" "WordPress/6.8.2; https://kraft-court.cafe"
66.249.65.35 - - [16/Jul/2025:15:55:46 +0000] "GET /?x=34742725001800&mod=18ad9899&uri=shared.php%3Fid%3D1159592-265%26name%3Dt%C3%83%C2%AAnis+nike+sb+preto HTTP/1.1" 301 - "-" "Mozilla/5.0 (Linux; Android 6.0.1; Nexus 5X Build/MMB29P) AppleWebKit/537.36 (KHTML, like Gecko) Chrome/137.0.7151.103 Mobile Safari/537.36 (compatible; Googlebot/2.1; +http://www.google.com/bot.html)"
66.249.65.35 - - [16/Jul/2025:15:55:46 +0000] "GET /?x=34742725001800&mod=18ad9899&uri=shared.php%3Fid%3D1159592-265%26name%3Dt%C3%83%C2%AAnis%20nike%20sb%20preto HTTP/1.1" 200 1949 "-" "Mozilla/5.0 (Linux; Android 6.0.1; Nexus 5X Build/MMB29P) AppleWebKit/537.36 (KHTML, like Gecko) Chrome/137.0.7151.103 Mobile Safari/537.36 (compatible; Googlebot/2.1; +http://www.google.com/bot.html)"
66.249.65.37 - - [16/Jul/2025:15:56:08 +0000] "GET /?x=40808954041800&mod=b72a5a09&uri=itm.php%3Fid%3D1361980-612%26name%3Dcappotto+elegante HTTP/1.1" 301 - "-" "Mozilla/5.0 (Linux; Android 6.0.1; Nexus 5X Build/MMB29P) AppleWebKit/537.36 (KHTML, like Gecko) Chrome/137.0.7151.103 Mobile Safari/537.36 (compatible; Googlebot/2.1; +http://www.google.com/bot.html)"
66.249.65.36 - - [16/Jul/2025:15:56:09 +0000] "GET /?x=40808954041800&mod=b72a5a09&uri=itm.php%3Fid%3D1361980-612%26name%3Dcappotto%20elegante HTTP/1.1" 200 1931 "-" "Mozilla/5.0 (Linux; Android 6.0.1; Nexus 5X Build/MMB29P) AppleWebKit/537.36 (KHTML, like Gecko) Chrome/137.0.7151.103 Mobile Safari/537.36 (compatible; Googlebot/2.1; +http://www.google.com/bot.html)"
66.249.65.36 - - [16/Jul/2025:15:56:31 +0000] "GET /?x=6667105011800&mod=460b491b&uri=pin.php?detail/2906331.htm HTTP/1.1" 301 - "-" "Mozilla/5.0 (Linux; Android 6.0.1; Nexus 5X Build/MMB29P) AppleWebKit/537.36 (KHTML, like Gecko) Chrome/137.0.7151.103 Mobile Safari/537.36 (compatible; Googlebot/2.1; +http://www.google.com/bot.html)"
66.249.65.35 - - [16/Jul/2025:15:56:32 +0000] "GET /?x=6667105011800&mod=460b491b&uri=pin.php%3Fdetail%2F2906331.htm HTTP/1.1" 200 1914 "-" "Mozilla/5.0 (Linux; Android 6.0.1; Nexus 5X Build/MMB29P) AppleWebKit/537.36 (KHTML, like Gecko) Chrome/137.0.7151.103 Mobile Safari/537.36 (compatible; Googlebot/2.1; +http://www.google.com/bot.html)"
209.74.77.214 - - [16/Jul/2025:15:56:36 +0000] "POST /wp-cron.php?doing_wp_cron=1752681396.3979089260101318359375 HTTP/1.1" 200 - "-" "WordPress/6.8.2; https://kraft-court.cafe"
66.249.65.35 - - [16/Jul/2025:15:56:36 +0000] "GET /?x=5647326041800&mod=55d99a37&uri=us.php?detail/55182082.htm HTTP/1.1" 301 - "-" "Mozilla/5.0 (Linux; Android 6.0.1; Nexus 5X Build/MMB29P) AppleWebKit/537.36 (KHTML, like Gecko) Chrome/137.0.7151.103 Mobile Safari/537.36 (compatible; Googlebot/2.1; +http://www.google.com/bot.html)"
66.249.65.35 - - [16/Jul/2025:15:56:36 +0000] "GET /?x=119581159021800&mod=55d99a37&uri=brands.php%3Fid%3D3990790-315%26name%3Dfossil+scarlette+mini+gr%C3%83%C2%BCn HTTP/1.1" 301 - "-" "Mozilla/5.0 (Linux; Android 6.0.1; Nexus 5X Build/MMB29P) AppleWebKit/537.36 (KHTML, like Gecko) Chrome/137.0.7151.103 Mobile Safari/537.36 (compatible; Googlebot/2.1; +http://www.google.com/bot.html)"
66.249.65.35 - - [16/Jul/2025:15:56:37 +0000] "GET /?x=119581159021800&mod=55d99a37&uri=brands.php%3Fid%3D3990790-315%26name%3Dfossil%20scarlette%20mini%20gr%C3%83%C2%BCn HTTP/1.1" 200 1954 "-" "Mozilla/5.0 (Linux; Android 6.0.1; Nexus 5X Build/MMB29P) AppleWebKit/537.36 (KHTML, like Gecko) Chrome/137.0.7151.103 Mobile Safari/537.36 (compatible; Googlebot/2.1; +http://www.google.com/bot.html)"
66.249.65.35 - - [16/Jul/2025:15:56:43 +0000] "GET /?x=5647326041800&mod=55d99a37&uri=us.php%3Fdetail%2F55182082.htm HTTP/1.1" 200 1914 "-" "Mozilla/5.0 (Linux; Android 6.0.1; Nexus 5X Build/MMB29P) AppleWebKit/537.36 (KHTML, like Gecko) Chrome/137.0.7151.103 Mobile Safari/537.36 (compatible; Googlebot/2.1; +http://www.google.com/bot.html)"
209.74.77.214 - - [16/Jul/2025:15:56:47 +0000] "POST /wp-cron.php?doing_wp_cron=1752681407.5266120433807373046875 HTTP/1.1" 200 - "-" "WordPress/6.8.2; https://kraft-court.cafe"
66.249.65.35 - - [16/Jul/2025:15:56:47 +0000] "GET /?x=5647326041800&mod=55d99a37&uri=us.php?detail/55200288.htm HTTP/1.1" 301 - "-" "Mozilla/5.0 (Linux; Android 6.0.1; Nexus 5X Build/MMB29P) AppleWebKit/537.36 (KHTML, like Gecko) Chrome/137.0.7151.103 Mobile Safari/537.36 (compatible; Googlebot/2.1; +http://www.google.com/bot.html)"
66.249.65.35 - - [16/Jul/2025:15:56:47 +0000] "GET /?x=5647326041800&mod=55d99a37&uri=us.php%3Fdetail%2F55200288.htm HTTP/1.1" 200 1914 "-" "Mozilla/5.0 (Linux; Android 6.0.1; Nexus 5X Build/MMB29P) AppleWebKit/537.36 (KHTML, like Gecko) Chrome/137.0.7151.103 Mobile Safari/537.36 (compatible; Googlebot/2.1; +http://www.google.com/bot.html)"
66.249.65.35 - - [16/Jul/2025:15:56:48 +0000] "GET /?x=47553190041800&mod=b7b16ecf&uri=goods.php?detail/2931729.htm HTTP/1.1" 301 - "-" "Mozilla/5.0 (Linux; Android 6.0.1; Nexus 5X Build/MMB29P) AppleWebKit/537.36 (KHTML, like Gecko) Chrome/137.0.7151.103 Mobile Safari/537.36 (compatible; Googlebot/2.1; +http://www.google.com/bot.html)"
66.249.65.35 - - [16/Jul/2025:15:56:48 +0000] "GET /?x=47553190041800&mod=b7b16ecf&uri=goods.php%3Fdetail%2F2931729.htm HTTP/1.1" 200 1916 "-" "Mozilla/5.0 (Linux; Android 6.0.1; Nexus 5X Build/MMB29P) AppleWebKit/537.36 (KHTML, like Gecko) Chrome/137.0.7151.103 Mobile Safari/537.36 (compatible; Googlebot/2.1; +http://www.google.com/bot.html)"
66.249.65.35 - - [16/Jul/2025:15:56:51 +0000] "GET /?x=6135485031800&mod=d3a7f48c&uri=us.php?dozin.html HTTP/1.1" 301 - "-" "Mozilla/5.0 (Linux; Android 6.0.1; Nexus 5X Build/MMB29P) AppleWebKit/537.36 (KHTML, like Gecko) Chrome/137.0.7151.103 Mobile Safari/537.36 (compatible; Googlebot/2.1; +http://www.google.com/bot.html)"
66.249.65.35 - - [16/Jul/2025:15:56:51 +0000] "GET /?x=6135485031800&mod=d3a7f48c&uri=us.php%3Fdozin.html HTTP/1.1" 200 1902 "-" "Mozilla/5.0 (Linux; Android 6.0.1; Nexus 5X Build/MMB29P) AppleWebKit/537.36 (KHTML, like Gecko) Chrome/137.0.7151.103 Mobile Safari/537.36 (compatible; Googlebot/2.1; +http://www.google.com/bot.html)"
66.249.65.36 - - [16/Jul/2025:15:57:05 +0000] "GET /?x=5906681041800&mod=29921001&uri=shop.php?detail/2940542.htm HTTP/1.1" 301 - "-" "Mozilla/5.0 (Linux; Android 6.0.1; Nexus 5X Build/MMB29P) AppleWebKit/537.36 (KHTML, like Gecko) Chrome/137.0.7151.103 Mobile Safari/537.36 (compatible; Googlebot/2.1; +http://www.google.com/bot.html)"
66.249.65.37 - - [16/Jul/2025:15:57:05 +0000] "GET /?x=119685163041800&mod=3e9f0fc9&uri=dp.php%3Fid%3D3994259-484%26name%3Dc+en+a+tankini HTTP/1.1" 301 - "-" "Mozilla/5.0 (Linux; Android 6.0.1; Nexus 5X Build/MMB29P) AppleWebKit/537.36 (KHTML, like Gecko) Chrome/137.0.7151.103 Mobile Safari/537.36 (compatible; Googlebot/2.1; +http://www.google.com/bot.html)"
66.249.65.35 - - [16/Jul/2025:15:57:05 +0000] "GET /?x=5906681041800&mod=29921001&uri=shop.php%3Fdetail%2F2940542.htm HTTP/1.1" 200 1915 "-" "Mozilla/5.0 (Linux; Android 6.0.1; Nexus 5X Build/MMB29P) AppleWebKit/537.36 (KHTML, like Gecko) Chrome/137.0.7151.103 Mobile Safari/537.36 (compatible; Googlebot/2.1; +http://www.google.com/bot.html)"
66.249.65.36 - - [16/Jul/2025:15:57:05 +0000] "GET /?x=119685163041800&mod=3e9f0fc9&uri=dp.php%3Fid%3D3994259-484%26name%3Dc%20en%20a%20tankini HTTP/1.1" 200 1930 "-" "Mozilla/5.0 (Linux; Android 6.0.1; Nexus 5X Build/MMB29P) AppleWebKit/537.36 (KHTML, like Gecko) Chrome/137.0.7151.103 Mobile Safari/537.36 (compatible; Googlebot/2.1; +http://www.google.com/bot.html)"
209.74.77.214 - - [16/Jul/2025:15:57:59 +0000] "POST /wp-cron.php?doing_wp_cron=1752681479.1354589462280273437500 HTTP/1.1" 200 - "-" "WordPress/6.8.2; https://kraft-court.cafe"
66.249.65.35 - - [16/Jul/2025:15:57:57 +0000] "GET /?x=34926813051800&mod=e88f243b&uri=product.php?detail/2917868.htm HTTP/1.1" 301 - "-" "Mozilla/5.0 (Linux; Android 6.0.1; Nexus 5X Build/MMB29P) AppleWebKit/537.36 (KHTML, like Gecko) Chrome/137.0.7151.103 Mobile Safari/537.36 (compatible; Googlebot/2.1; +http://www.google.com/bot.html)"
66.249.65.35 - - [16/Jul/2025:15:57:59 +0000] "GET /?x=34926813051800&mod=e88f243b&uri=product.php%3Fdetail%2F2917868.htm HTTP/1.1" 200 1917 "-" "Mozilla/5.0 (Linux; Android 6.0.1; Nexus 5X Build/MMB29P) AppleWebKit/537.36 (KHTML, like Gecko) Chrome/137.0.7151.103 Mobile Safari/537.36 (compatible; Googlebot/2.1; +http://www.google.com/bot.html)"
66.249.65.36 - - [16/Jul/2025:15:58:26 +0000] "GET /?x=31840970051800&mod=c0560792&uri=search.php?detail/2897316.htm HTTP/1.1" 301 - "-" "Mozilla/5.0 (Linux; Android 6.0.1; Nexus 5X Build/MMB29P) AppleWebKit/537.36 (KHTML, like Gecko) Chrome/137.0.7151.103 Mobile Safari/537.36 (compatible; Googlebot/2.1; +http://www.google.com/bot.html)"
66.249.65.35 - - [16/Jul/2025:15:58:26 +0000] "GET /?x=34671899081800&mod=9854d7af&uri=itm.php? HTTP/1.1" 301 - "-" "Mozilla/5.0 (Linux; Android 6.0.1; Nexus 5X Build/MMB29P) AppleWebKit/537.36 (KHTML, like Gecko) Chrome/137.0.7151.103 Mobile Safari/537.36 (compatible; Googlebot/2.1; +http://www.google.com/bot.html)"
66.249.65.37 - - [16/Jul/2025:15:58:26 +0000] "GET /?x=77788585111800&mod=333cb763&uri=shared.php?detail/2928112.htm HTTP/1.1" 301 - "-" "Mozilla/5.0 (Linux; Android 6.0.1; Nexus 5X Build/MMB29P) AppleWebKit/537.36 (KHTML, like Gecko) Chrome/137.0.7151.103 Mobile Safari/537.36 (compatible; Googlebot/2.1; +http://www.google.com/bot.html)"
66.249.65.35 - - [16/Jul/2025:15:58:26 +0000] "GET /?x=77788585111800&mod=333cb763&uri=shared.php?detail/2906331.htm HTTP/1.1" 301 - "-" "Mozilla/5.0 (Linux; Android 6.0.1; Nexus 5X Build/MMB29P) AppleWebKit/537.36 (KHTML, like Gecko) Chrome/137.0.7151.103 Mobile Safari/537.36 (compatible; Googlebot/2.1; +http://www.google.com/bot.html)"
66.249.65.36 - - [16/Jul/2025:15:58:26 +0000] "GET /?x=33567046011800&mod=342c472b&uri=shop.php?cd.html HTTP/1.1" 301 - "-" "Mozilla/5.0 (Linux; Android 6.0.1; Nexus 5X Build/MMB29P) AppleWebKit/537.36 (KHTML, like Gecko) Chrome/137.0.7151.103 Mobile Safari/537.36 (compatible; Googlebot/2.1; +http://www.google.com/bot.html)"
66.249.65.36 - - [16/Jul/2025:15:58:26 +0000] "GET /?x=111716893021800&mod=6e616e79&uri=products.php?detail/2919990.htm HTTP/1.1" 301 - "-" "Mozilla/5.0 (Linux; Android 6.0.1; Nexus 5X Build/MMB29P) AppleWebKit/537.36 (KHTML, like Gecko) Chrome/137.0.7151.103 Mobile Safari/537.36 (compatible; Googlebot/2.1; +http://www.google.com/bot.html)"
66.249.65.36 - - [16/Jul/2025:15:58:26 +0000] "GET /?x=31840970051800&mod=c0560792&uri=search.php%3Fdetail%2F2897316.htm HTTP/1.1" 200 1917 "-" "Mozilla/5.0 (Linux; Android 6.0.1; Nexus 5X Build/MMB29P) AppleWebKit/537.36 (KHTML, like Gecko) Chrome/137.0.7151.103 Mobile Safari/537.36 (compatible; Googlebot/2.1; +http://www.google.com/bot.html)"
66.249.65.36 - - [16/Jul/2025:15:58:26 +0000] "GET /?x=34671899081800&mod=9854d7af&uri=itm.php%3F HTTP/1.1" 200 1896 "-" "Mozilla/5.0 (Linux; Android 6.0.1; Nexus 5X Build/MMB29P) AppleWebKit/537.36 (KHTML, like Gecko) Chrome/137.0.7151.103 Mobile Safari/537.36 (compatible; Googlebot/2.1; +http://www.google.com/bot.html)"
66.249.65.35 - - [16/Jul/2025:15:58:27 +0000] "GET /?x=77788585111800&mod=333cb763&uri=shared.php%3Fdetail%2F2928112.htm HTTP/1.1" 200 1917 "-" "Mozilla/5.0 (Linux; Android 6.0.1; Nexus 5X Build/MMB29P) AppleWebKit/537.36 (KHTML, like Gecko) Chrome/137.0.7151.103 Mobile Safari/537.36 (compatible; Googlebot/2.1; +http://www.google.com/bot.html)"
66.249.65.37 - - [16/Jul/2025:15:58:27 +0000] "GET /?x=77788585111800&mod=333cb763&uri=shared.php%3Fdetail%2F2906331.htm HTTP/1.1" 200 1917 "-" "Mozilla/5.0 (Linux; Android 6.0.1; Nexus 5X Build/MMB29P) AppleWebKit/537.36 (KHTML, like Gecko) Chrome/137.0.7151.103 Mobile Safari/537.36 (compatible; Googlebot/2.1; +http://www.google.com/bot.html)"
66.249.65.35 - - [16/Jul/2025:15:58:27 +0000] "GET /?x=33567046011800&mod=342c472b&uri=shop.php%3Fcd.html HTTP/1.1" 200 1903 "-" "Mozilla/5.0 (Linux; Android 6.0.1; Nexus 5X Build/MMB29P) AppleWebKit/537.36 (KHTML, like Gecko) Chrome/137.0.7151.103 Mobile Safari/537.36 (compatible; Googlebot/2.1; +http://www.google.com/bot.html)"
66.249.65.35 - - [16/Jul/2025:15:58:27 +0000] "GET /?x=111716893021800&mod=6e616e79&uri=products.php%3Fdetail%2F2919990.htm HTTP/1.1" 200 1919 "-" "Mozilla/5.0 (Linux; Android 6.0.1; Nexus 5X Build/MMB29P) AppleWebKit/537.36 (KHTML, like Gecko) Chrome/137.0.7151.103 Mobile Safari/537.36 (compatible; Googlebot/2.1; +http://www.google.com/bot.html)"
209.74.77.214 - - [16/Jul/2025:15:58:50 +0000] "POST /wp-cron.php?doing_wp_cron=1752681530.1873090267181396484375 HTTP/1.1" 200 - "-" "WordPress/6.8.2; https://kraft-court.cafe"
66.249.65.36 - - [16/Jul/2025:15:58:50 +0000] "GET /?x=6748334071800&mod=c82836ed&uri=products.php%3Fid%3D225377-379%26name%3Dbaby+wardrobe+on+jumia HTTP/1.1" 301 - "-" "Mozilla/5.0 (Linux; Android 6.0.1; Nexus 5X Build/MMB29P) AppleWebKit/537.36 (KHTML, like Gecko) Chrome/137.0.7151.103 Mobile Safari/537.36 (compatible; Googlebot/2.1; +http://www.google.com/bot.html)"
66.249.65.36 - - [16/Jul/2025:15:58:50 +0000] "GET /?x=6748334071800&mod=c82836ed&uri=products.php%3Fid%3D225377-379%26name%3Dbaby%20wardrobe%20on%20jumia HTTP/1.1" 200 1939 "-" "Mozilla/5.0 (Linux; Android 6.0.1; Nexus 5X Build/MMB29P) AppleWebKit/537.36 (KHTML, like Gecko) Chrome/137.0.7151.103 Mobile Safari/537.36 (compatible; Googlebot/2.1; +http://www.google.com/bot.html)"
66.249.65.37 - - [16/Jul/2025:15:59:16 +0000] "GET /?x=35028832001800&mod=4496bf24&uri=goods.php%3Fid%3D1169140-182%26name%3Dmodest+swimwear+near+me HTTP/1.1" 301 - "-" "Mozilla/5.0 (Linux; Android 6.0.1; Nexus 5X Build/MMB29P) AppleWebKit/537.36 (KHTML, like Gecko) Chrome/137.0.7151.103 Mobile Safari/537.36 (compatible; Googlebot/2.1; +http://www.google.com/bot.html)"
66.249.65.36 - - [16/Jul/2025:15:59:17 +0000] "GET /?x=35028832001800&mod=4496bf24&uri=goods.php%3Fid%3D1169140-182%26name%3Dmodest%20swimwear%20near%20me HTTP/1.1" 200 1937 "-" "Mozilla/5.0 (Linux; Android 6.0.1; Nexus 5X Build/MMB29P) AppleWebKit/537.36 (KHTML, like Gecko) Chrome/137.0.7151.103 Mobile Safari/537.36 (compatible; Googlebot/2.1; +http://www.google.com/bot.html)"
209.74.77.214 - - [16/Jul/2025:15:59:39 +0000] "POST /wp-cron.php?doing_wp_cron=1752681579.4689819812774658203125 HTTP/1.1" 200 - "-" "WordPress/6.8.2; https://kraft-court.cafe"
66.249.65.35 - - [16/Jul/2025:15:59:39 +0000] "GET /?x=33564046061800&mod=342c472b&uri=brands.php?detail/2929317.htm HTTP/1.1" 301 - "-" "Mozilla/5.0 (Linux; Android 6.0.1; Nexus 5X Build/MMB29P) AppleWebKit/537.36 (KHTML, like Gecko) Chrome/137.0.7151.103 Mobile Safari/537.36 (compatible; Googlebot/2.1; +http://www.google.com/bot.html)"
66.249.65.35 - - [16/Jul/2025:15:59:39 +0000] "GET /?x=33564046061800&mod=342c472b&uri=brands.php%3Fdetail%2F2929317.htm HTTP/1.1" 200 1917 "-" "Mozilla/5.0 (Linux; Android 6.0.1; Nexus 5X Build/MMB29P) AppleWebKit/537.36 (KHTML, like Gecko) Chrome/137.0.7151.103 Mobile Safari/537.36 (compatible; Googlebot/2.1; +http://www.google.com/bot.html)"
66.249.65.36 - - [16/Jul/2025:15:59:41 +0000] "GET /?x=6667105011800&mod=460b491b&uri=pin.php?detail/2901776.htm HTTP/1.1" 301 - "-" "Mozilla/5.0 (Linux; Android 6.0.1; Nexus 5X Build/MMB29P) AppleWebKit/537.36 (KHTML, like Gecko) Chrome/137.0.7151.103 Mobile Safari/537.36 (compatible; Googlebot/2.1; +http://www.google.com/bot.html)"
66.249.65.36 - - [16/Jul/2025:15:59:41 +0000] "GET /?x=6667105011800&mod=460b491b&uri=pin.php%3Fdetail%2F2901776.htm HTTP/1.1" 200 1914 "-" "Mozilla/5.0 (Linux; Android 6.0.1; Nexus 5X Build/MMB29P) AppleWebKit/537.36 (KHTML, like Gecko) Chrome/137.0.7151.103 Mobile Safari/537.36 (compatible; Googlebot/2.1; +http://www.google.com/bot.html)"
209.74.77.214 - - [16/Jul/2025:15:59:49 +0000] "POST /wp-cron.php?doing_wp_cron=1752681589.2757070064544677734375 HTTP/1.1" 200 - "-" "WordPress/6.8.2; https://kraft-court.cafe"
66.249.65.35 - - [16/Jul/2025:15:59:49 +0000] "GET /?x=119792560091800&mod=cc099134&uri=dp.php%3Fid%3D3997841-242%26name%3Dbarsetto+espresso+machine+with+milk+frother+15+bar+pump HTTP/1.1" 301 - "-" "Mozilla/5.0 (Linux; Android 6.0.1; Nexus 5X Build/MMB29P) AppleWebKit/537.36 (KHTML, like Gecko) Chrome/137.0.7151.103 Mobile Safari/537.36 (compatible; Googlebot/2.1; +http://www.google.com/bot.html)"
66.249.65.35 - - [16/Jul/2025:15:59:49 +0000] "GET /?x=119792560091800&mod=cc099134&uri=dp.php%3Fid%3D3997841-242%26name%3Dbarsetto%20espresso%20machine%20with%20milk%20frother%2015%20bar%20pump HTTP/1.1" 200 1961 "-" "Mozilla/5.0 (Linux; Android 6.0.1; Nexus 5X Build/MMB29P) AppleWebKit/537.36 (KHTML, like Gecko) Chrome/137.0.7151.103 Mobile Safari/537.36 (compatible; Googlebot/2.1; +http://www.google.com/bot.html)"
66.249.65.35 - - [16/Jul/2025:15:59:54 +0000] "GET /?x=5783995101800&mod=a8849b05&uri=form.php?detail/2944671.htm HTTP/1.1" 301 - "-" "Mozilla/5.0 (Linux; Android 6.0.1; Nexus 5X Build/MMB29P) AppleWebKit/537.36 (KHTML, like Gecko) Chrome/137.0.7151.103 Mobile Safari/537.36 (compatible; Googlebot/2.1; +http://www.google.com/bot.html)"
66.249.65.35 - - [16/Jul/2025:15:59:54 +0000] "GET /?x=5783995101800&mod=a8849b05&uri=form.php%3Fdetail%2F2944671.htm HTTP/1.1" 200 1914 "-" "Mozilla/5.0 (Linux; Android 6.0.1; Nexus 5X Build/MMB29P) AppleWebKit/537.36 (KHTML, like Gecko) Chrome/137.0.7151.103 Mobile Safari/537.36 (compatible; Googlebot/2.1; +http://www.google.com/bot.html)"
66.249.65.35 - - [16/Jul/2025:15:59:56 +0000] "GET /?x=5647326041800&mod=55d99a37&uri=us.php?product/edit/K2242423433 HTTP/1.1" 301 - "-" "Mozilla/5.0 (Linux; Android 6.0.1; Nexus 5X Build/MMB29P) AppleWebKit/537.36 (KHTML, like Gecko) Chrome/137.0.7151.103 Mobile Safari/537.36 (compatible; Googlebot/2.1; +http://www.google.com/bot.html)"
66.249.65.35 - - [16/Jul/2025:15:59:57 +0000] "GET /?x=5647326041800&mod=55d99a37&uri=us.php%3Fproduct%2Fedit%2FK2242423433 HTTP/1.1" 200 1917 "-" "Mozilla/5.0 (Linux; Android 6.0.1; Nexus 5X Build/MMB29P) AppleWebKit/537.36 (KHTML, like Gecko) Chrome/137.0.7151.103 Mobile Safari/537.36 (compatible; Googlebot/2.1; +http://www.google.com/bot.html)"
66.249.65.36 - - [16/Jul/2025:16:00:00 +0000] "GET /?x=5915561001800&mod=4500e403&uri=search.php?detail/2906331.htm HTTP/1.1" 301 - "-" "Mozilla/5.0 (Linux; Android 6.0.1; Nexus 5X Build/MMB29P) AppleWebKit/537.36 (KHTML, like Gecko) Chrome/137.0.7151.103 Mobile Safari/537.36 (compatible; Googlebot/2.1; +http://www.google.com/bot.html)"
66.249.65.35 - - [16/Jul/2025:16:00:01 +0000] "GET /?x=5915561001800&mod=4500e403&uri=search.php%3Fdetail%2F2906331.htm HTTP/1.1" 200 1916 "-" "Mozilla/5.0 (Linux; Android 6.0.1; Nexus 5X Build/MMB29P) AppleWebKit/537.36 (KHTML, like Gecko) Chrome/137.0.7151.103 Mobile Safari/537.36 (compatible; Googlebot/2.1; +http://www.google.com/bot.html)"
66.249.65.35 - - [16/Jul/2025:16:00:13 +0000] "GET /?x=90463144051800&mod=770c0e7e&uri=products.php%3Fid%3D3018887-412%26name%3Dmaquinas+para+cortar+pelo+en+walmart HTTP/1.1" 301 - "-" "Mozilla/5.0 (Linux; Android 6.0.1; Nexus 5X Build/MMB29P) AppleWebKit/537.36 (KHTML, like Gecko) Chrome/137.0.7151.103 Mobile Safari/537.36 (compatible; Googlebot/2.1; +http://www.google.com/bot.html)"
66.249.65.36 - - [16/Jul/2025:16:00:13 +0000] "GET /?x=111154978041800&mod=a8849b05&uri=form.php?man/kaitori/ansin.html HTTP/1.1" 301 - "-" "Mozilla/5.0 (Linux; Android 6.0.1; Nexus 5X Build/MMB29P) AppleWebKit/537.36 (KHTML, like Gecko) Chrome/137.0.7151.103 Mobile Safari/537.36 (compatible; Googlebot/2.1; +http://www.google.com/bot.html)"
66.249.65.36 - - [16/Jul/2025:16:00:13 +0000] "GET /?x=90463144051800&mod=770c0e7e&uri=products.php%3Fid%3D3018887-412%26name%3Dmaquinas%20para%20cortar%20pelo%20en%20walmart HTTP/1.1" 200 1952 "-" "Mozilla/5.0 (Linux; Android 6.0.1; Nexus 5X Build/MMB29P) AppleWebKit/537.36 (KHTML, like Gecko) Chrome/137.0.7151.103 Mobile Safari/537.36 (compatible; Googlebot/2.1; +http://www.google.com/bot.html)"
66.249.65.36 - - [16/Jul/2025:16:00:13 +0000] "GET /?x=111154978041800&mod=a8849b05&uri=form.php%3Fman%2Fkaitori%2Fansin.html HTTP/1.1" 200 1914 "-" "Mozilla/5.0 (Linux; Android 6.0.1; Nexus 5X Build/MMB29P) AppleWebKit/537.36 (KHTML, like Gecko) Chrome/137.0.7151.103 Mobile Safari/537.36 (compatible; Googlebot/2.1; +http://www.google.com/bot.html)"
43.133.14.237 - - [16/Jul/2025:16:00:57 +0000] "GET / HTTP/1.1" 200 1850 "http://kraft-court.cafe" "Mozilla/5.0 (iPhone; CPU iPhone OS 13_2_3 like Mac OS X) AppleWebKit/605.1.15 (KHTML, like Gecko) Version/13.0.3 Mobile/15E148 Safari/604.1"
66.249.65.36 - - [16/Jul/2025:16:01:29 +0000] "GET /?x=74120843041800&mod=28d43766&uri=news.php?dozin.html HTTP/1.1" 301 - "-" "Mozilla/5.0 (Linux; Android 6.0.1; Nexus 5X Build/MMB29P) AppleWebKit/537.36 (KHTML, like Gecko) Chrome/137.0.7151.103 Mobile Safari/537.36 (compatible; Googlebot/2.1; +http://www.google.com/bot.html)"
66.249.65.37 - - [16/Jul/2025:16:01:29 +0000] "GET /?x=5647326041800&mod=55d99a37&uri=us.php?detail/5823261.htm HTTP/1.1" 301 - "-" "Mozilla/5.0 (Linux; Android 6.0.1; Nexus 5X Build/MMB29P) AppleWebKit/537.36 (KHTML, like Gecko) Chrome/137.0.7151.103 Mobile Safari/537.36 (compatible; Googlebot/2.1; +http://www.google.com/bot.html)"
66.249.65.36 - - [16/Jul/2025:16:01:29 +0000] "GET /?x=5753517041800&mod=97108695&uri=category-info.php?detail/4453797.htm HTTP/1.1" 301 - "-" "Mozilla/5.0 (Linux; Android 6.0.1; Nexus 5X Build/MMB29P) AppleWebKit/537.36 (KHTML, like Gecko) Chrome/137.0.7151.103 Mobile Safari/537.36 (compatible; Googlebot/2.1; +http://www.google.com/bot.html)"
66.249.65.37 - - [16/Jul/2025:16:01:29 +0000] "GET /?x=47565040021800&mod=b7b16ecf&uri=shop.php?detail/2887989.htm HTTP/1.1" 301 - "-" "Mozilla/5.0 (Linux; Android 6.0.1; Nexus 5X Build/MMB29P) AppleWebKit/537.36 (KHTML, like Gecko) Chrome/137.0.7151.103 Mobile Safari/537.36 (compatible; Googlebot/2.1; +http://www.google.com/bot.html)"
66.249.65.35 - - [16/Jul/2025:16:01:30 +0000] "GET /?x=5647326041800&mod=55d99a37&uri=us.php%3Fdetail%2F5823261.htm HTTP/1.1" 200 1912 "-" "Mozilla/5.0 (Linux; Android 6.0.1; Nexus 5X Build/MMB29P) AppleWebKit/537.36 (KHTML, like Gecko) Chrome/137.0.7151.103 Mobile Safari/537.36 (compatible; Googlebot/2.1; +http://www.google.com/bot.html)"
66.249.65.37 - - [16/Jul/2025:16:01:30 +0000] "GET /?x=5753517041800&mod=97108695&uri=category-info.php%3Fdetail%2F4453797.htm HTTP/1.1" 200 1922 "-" "Mozilla/5.0 (Linux; Android 6.0.1; Nexus 5X Build/MMB29P) AppleWebKit/537.36 (KHTML, like Gecko) Chrome/137.0.7151.103 Mobile Safari/537.36 (compatible; Googlebot/2.1; +http://www.google.com/bot.html)"
66.249.65.35 - - [16/Jul/2025:16:01:30 +0000] "GET /?x=74120843041800&mod=28d43766&uri=news.php%3Fdozin.html HTTP/1.1" 200 1905 "-" "Mozilla/5.0 (Linux; Android 6.0.1; Nexus 5X Build/MMB29P) AppleWebKit/537.36 (KHTML, like Gecko) Chrome/137.0.7151.103 Mobile Safari/537.36 (compatible; Googlebot/2.1; +http://www.google.com/bot.html)"
66.249.65.35 - - [16/Jul/2025:16:01:30 +0000] "GET /?x=47565040021800&mod=b7b16ecf&uri=shop.php%3Fdetail%2F2887989.htm HTTP/1.1" 200 1915 "-" "Mozilla/5.0 (Linux; Android 6.0.1; Nexus 5X Build/MMB29P) AppleWebKit/537.36 (KHTML, like Gecko) Chrome/137.0.7151.103 Mobile Safari/537.36 (compatible; Googlebot/2.1; +http://www.google.com/bot.html)"
66.249.65.36 - - [16/Jul/2025:16:01:30 +0000] "GET /?x=23967452021800&mod=6df18258&uri=shop.php?recruit HTTP/1.1" 301 - "-" "Mozilla/5.0 (Linux; Android 6.0.1; Nexus 5X Build/MMB29P) AppleWebKit/537.36 (KHTML, like Gecko) Chrome/137.0.7151.103 Mobile Safari/537.36 (compatible; Googlebot/2.1; +http://www.google.com/bot.html)"
66.249.65.36 - - [16/Jul/2025:16:01:30 +0000] "GET /?x=23967452021800&mod=6df18258&uri=shop.php%3Frecruit HTTP/1.1" 200 1901 "-" "Mozilla/5.0 (Linux; Android 6.0.1; Nexus 5X Build/MMB29P) AppleWebKit/537.36 (KHTML, like Gecko) Chrome/137.0.7151.103 Mobile Safari/537.36 (compatible; Googlebot/2.1; +http://www.google.com/bot.html)"
66.249.65.37 - - [16/Jul/2025:16:01:31 +0000] "GET /?x=34842766031800&mod=91394d0f&uri=product.php?feature/osu_main/index.html HTTP/1.1" 301 - "-" "Mozilla/5.0 (Linux; Android 6.0.1; Nexus 5X Build/MMB29P) AppleWebKit/537.36 (KHTML, like Gecko) Chrome/137.0.7151.103 Mobile Safari/537.36 (compatible; Googlebot/2.1; +http://www.google.com/bot.html)"
66.249.65.36 - - [16/Jul/2025:16:01:31 +0000] "GET /?x=34842766031800&mod=91394d0f&uri=product.php%3Ffeature%2Fosu_main%2Findex.html HTTP/1.1" 200 1922 "-" "Mozilla/5.0 (Linux; Android 6.0.1; Nexus 5X Build/MMB29P) AppleWebKit/537.36 (KHTML, like Gecko) Chrome/137.0.7151.103 Mobile Safari/537.36 (compatible; Googlebot/2.1; +http://www.google.com/bot.html)"
209.74.77.214 - - [16/Jul/2025:16:02:00 +0000] "POST /wp-cron.php?doing_wp_cron=1752681720.8833699226379394531250 HTTP/1.1" 200 - "-" "WordPress/6.8.2; https://kraft-court.cafe"
66.249.65.37 - - [16/Jul/2025:16:02:00 +0000] "GET /?x=59638169081800&mod=b6cda17a&uri=form.php%3Fid%3D1990174-233%26name%3Dchubasquero+juvenil HTTP/1.1" 301 - "-" "Mozilla/5.0 (Linux; Android 6.0.1; Nexus 5X Build/MMB29P) AppleWebKit/537.36 (KHTML, like Gecko) Chrome/137.0.7151.103 Mobile Safari/537.36 (compatible; Googlebot/2.1; +http://www.google.com/bot.html)"
66.249.65.36 - - [16/Jul/2025:16:02:01 +0000] "GET /?x=59638169081800&mod=b6cda17a&uri=form.php%3Fid%3D1990174-233%26name%3Dchubasquero%20juvenil HTTP/1.1" 200 1932 "-" "Mozilla/5.0 (Linux; Android 6.0.1; Nexus 5X Build/MMB29P) AppleWebKit/537.36 (KHTML, like Gecko) Chrome/137.0.7151.103 Mobile Safari/537.36 (compatible; Googlebot/2.1; +http://www.google.com/bot.html)"
209.74.77.214 - - [16/Jul/2025:16:02:45 +0000] "POST /wp-cron.php?doing_wp_cron=1752681765.5361471176147460937500 HTTP/1.1" 200 - "-" "WordPress/6.8.2; https://kraft-court.cafe"
209.74.77.214 - - [16/Jul/2025:16:02:45 +0000] "POST /wp-cron.php?doing_wp_cron=1752681765.5361580848693847656250 HTTP/1.1" 200 - "-" "WordPress/6.8.2; https://kraft-court.cafe"
66.249.65.35 - - [16/Jul/2025:16:02:44 +0000] "GET /?x=47694368041800&mod=293c3b96&uri=products.php?detail/48863746.htm HTTP/1.1" 301 - "-" "Mozilla/5.0 (Linux; Android 6.0.1; Nexus 5X Build/MMB29P) AppleWebKit/537.36 (KHTML, like Gecko) Chrome/137.0.7151.103 Mobile Safari/537.36 (compatible; Googlebot/2.1; +http://www.google.com/bot.html)"
66.249.65.35 - - [16/Jul/2025:16:02:44 +0000] "GET /?x=111717973061800&mod=9b70e8fe&uri=search.php?feature/akihabara_main/index.html HTTP/1.1" 301 - "-" "Mozilla/5.0 (Linux; Android 6.0.1; Nexus 5X Build/MMB29P) AppleWebKit/537.36 (KHTML, like Gecko) Chrome/137.0.7151.103 Mobile Safari/537.36 (compatible; Googlebot/2.1; +http://www.google.com/bot.html)"
66.249.65.35 - - [16/Jul/2025:16:02:45 +0000] "GET /?x=47694368041800&mod=293c3b96&uri=products.php%3Fdetail%2F48863746.htm HTTP/1.1" 200 1921 "-" "Mozilla/5.0 (Linux; Android 6.0.1; Nexus 5X Build/MMB29P) AppleWebKit/537.36 (KHTML, like Gecko) Chrome/137.0.7151.103 Mobile Safari/537.36 (compatible; Googlebot/2.1; +http://www.google.com/bot.html)"
66.249.65.35 - - [16/Jul/2025:16:02:45 +0000] "GET /?x=111717973061800&mod=9b70e8fe&uri=search.php%3Ffeature%2Fakihabara_main%2Findex.html HTTP/1.1" 200 1926 "-" "Mozilla/5.0 (Linux; Android 6.0.1; Nexus 5X Build/MMB29P) AppleWebKit/537.36 (KHTML, like Gecko) Chrome/137.0.7151.103 Mobile Safari/537.36 (compatible; Googlebot/2.1; +http://www.google.com/bot.html)"
66.249.65.35 - - [16/Jul/2025:16:02:55 +0000] "GET /?x=86522646021800&mod=9e246510&uri=itm.php%3Fid%3D2887392-1164%26name%3Dtuta+adidas+arancione+bambino HTTP/1.1" 301 - "-" "Mozilla/5.0 (Linux; Android 6.0.1; Nexus 5X Build/MMB29P) AppleWebKit/537.36 (KHTML, like Gecko) Chrome/137.0.7151.103 Mobile Safari/537.36 (compatible; Googlebot/2.1; +http://www.google.com/bot.html)"
66.249.65.35 - - [16/Jul/2025:16:02:56 +0000] "GET /?x=86522646021800&mod=9e246510&uri=itm.php%3Fid%3D2887392-1164%26name%3Dtuta%20adidas%20arancione%20bambino HTTP/1.1" 200 1940 "-" "Mozilla/5.0 (Linux; Android 6.0.1; Nexus 5X Build/MMB29P) AppleWebKit/537.36 (KHTML, like Gecko) Chrome/137.0.7151.103 Mobile Safari/537.36 (compatible; Googlebot/2.1; +http://www.google.com/bot.html)"
209.74.77.214 - - [16/Jul/2025:16:03:06 +0000] "POST /wp-cron.php?doing_wp_cron=1752681786.6152439117431640625000 HTTP/1.1" 200 - "-" "WordPress/6.8.2; https://kraft-court.cafe"
66.249.65.36 - - [16/Jul/2025:16:03:06 +0000] "GET /?x=77788585111800&mod=333cb763&uri=shared.php?detail/2898201.htm HTTP/1.1" 301 - "-" "Mozilla/5.0 (Linux; Android 6.0.1; Nexus 5X Build/MMB29P) AppleWebKit/537.36 (KHTML, like Gecko) Chrome/137.0.7151.103 Mobile Safari/537.36 (compatible; Googlebot/2.1; +http://www.google.com/bot.html)"
66.249.65.36 - - [16/Jul/2025:16:03:06 +0000] "GET /?x=77788585111800&mod=333cb763&uri=shared.php%3Fdetail%2F2898201.htm HTTP/1.1" 200 1917 "-" "Mozilla/5.0 (Linux; Android 6.0.1; Nexus 5X Build/MMB29P) AppleWebKit/537.36 (KHTML, like Gecko) Chrome/137.0.7151.103 Mobile Safari/537.36 (compatible; Googlebot/2.1; +http://www.google.com/bot.html)"
66.249.65.35 - - [16/Jul/2025:16:03:12 +0000] "GET /?x=84220116031800&mod=333cb763&uri=dp.php?detail/51036172.htm HTTP/1.1" 301 - "-" "Mozilla/5.0 (Linux; Android 6.0.1; Nexus 5X Build/MMB29P) AppleWebKit/537.36 (KHTML, like Gecko) Chrome/137.0.7151.103 Mobile Safari/537.36 (compatible; Googlebot/2.1; +http://www.google.com/bot.html)"
66.249.65.35 - - [16/Jul/2025:16:03:12 +0000] "GET /?x=84220116031800&mod=333cb763&uri=dp.php%3Fdetail%2F51036172.htm HTTP/1.1" 200 1914 "-" "Mozilla/5.0 (Linux; Android 6.0.1; Nexus 5X Build/MMB29P) AppleWebKit/537.36 (KHTML, like Gecko) Chrome/137.0.7151.103 Mobile Safari/537.36 (compatible; Googlebot/2.1; +http://www.google.com/bot.html)"
51.222.253.19 - - [16/Jul/2025:16:03:23 +0000] "GET /?x=91712075031800&uri=form.php%3Fid%3D3060601-629%26name%3Dshort%20jumpsuit%20for%20kids HTTP/1.1" 200 1923 "-" "Mozilla/5.0 (compatible; AhrefsBot/7.0; +http://ahrefs.com/robot/)"
66.249.65.35 - - [16/Jul/2025:16:03:24 +0000] "GET /?x=31854136061800&mod=42e77b63&uri=search.php%3Fid%3D1063178-62%26name%3Dmodern+family+documentary+watch+online HTTP/1.1" 301 - "-" "Mozilla/5.0 (Linux; Android 6.0.1; Nexus 5X Build/MMB29P) AppleWebKit/537.36 (KHTML, like Gecko) Chrome/137.0.7151.103 Mobile Safari/537.36 (compatible; Googlebot/2.1; +http://www.google.com/bot.html)"
66.249.65.35 - - [16/Jul/2025:16:03:24 +0000] "GET /?x=31854136061800&mod=42e77b63&uri=search.php%3Fid%3D1063178-62%26name%3Dmodern%20family%20documentary%20watch%20online HTTP/1.1" 200 1946 "-" "Mozilla/5.0 (Linux; Android 6.0.1; Nexus 5X Build/MMB29P) AppleWebKit/537.36 (KHTML, like Gecko) Chrome/137.0.7151.103 Mobile Safari/537.36 (compatible; Googlebot/2.1; +http://www.google.com/bot.html)"
209.74.77.214 - - [16/Jul/2025:16:04:37 +0000] "POST /wp-cron.php?doing_wp_cron=1752681877.1141428947448730468750 HTTP/1.1" 200 - "-" "WordPress/6.8.2; https://kraft-court.cafe"
209.74.77.214 - - [16/Jul/2025:16:04:37 +0000] "POST /wp-cron.php?doing_wp_cron=1752681877.1141550540924072265625 HTTP/1.1" 200 - "-" "WordPress/6.8.2; https://kraft-court.cafe"
66.249.65.35 - - [16/Jul/2025:16:04:36 +0000] "GET /?x=86516166021800&mod=b7b16ecf&uri=info.php?detail/2908541.htm HTTP/1.1" 301 - "-" "Mozilla/5.0 (Linux; Android 6.0.1; Nexus 5X Build/MMB29P) AppleWebKit/537.36 (KHTML, like Gecko) Chrome/137.0.7151.103 Mobile Safari/537.36 (compatible; Googlebot/2.1; +http://www.google.com/bot.html)"
66.249.65.36 - - [16/Jul/2025:16:04:35 +0000] "GET /?x=111716893021800&mod=6e616e79&uri=products.php?detail/2890977.htm HTTP/1.1" 301 - "-" "Mozilla/5.0 (Linux; Android 6.0.1; Nexus 5X Build/MMB29P) AppleWebKit/537.36 (KHTML, like Gecko) Chrome/137.0.7151.103 Mobile Safari/537.36 (compatible; Googlebot/2.1; +http://www.google.com/bot.html)"
66.249.65.36 - - [16/Jul/2025:16:04:37 +0000] "GET /?x=86516166021800&mod=b7b16ecf&uri=info.php%3Fdetail%2F2908541.htm HTTP/1.1" 200 1914 "-" "Mozilla/5.0 (Linux; Android 6.0.1; Nexus 5X Build/MMB29P) AppleWebKit/537.36 (KHTML, like Gecko) Chrome/137.0.7151.103 Mobile Safari/537.36 (compatible; Googlebot/2.1; +http://www.google.com/bot.html)"
66.249.65.36 - - [16/Jul/2025:16:04:37 +0000] "GET /?x=111716893021800&mod=6e616e79&uri=products.php%3Fdetail%2F2890977.htm HTTP/1.1" 200 1919 "-" "Mozilla/5.0 (Linux; Android 6.0.1; Nexus 5X Build/MMB29P) AppleWebKit/537.36 (KHTML, like Gecko) Chrome/137.0.7151.103 Mobile Safari/537.36 (compatible; Googlebot/2.1; +http://www.google.com/bot.html)"
209.74.77.214 - - [16/Jul/2025:16:05:07 +0000] "POST /wp-cron.php?doing_wp_cron=1752681907.5864500999450683593750 HTTP/1.1" 200 - "-" "WordPress/6.8.2; https://kraft-court.cafe"
66.249.65.37 - - [16/Jul/2025:16:05:07 +0000] "GET /?x=94665785021800&mod=e94fe9ac&uri=search.php%3Fid%3D3159214-332%26name%3Dkarpura+dharam+karunavtaram HTTP/1.1" 301 - "-" "Mozilla/5.0 (Linux; Android 6.0.1; Nexus 5X Build/MMB29P) AppleWebKit/537.36 (KHTML, like Gecko) Chrome/137.0.7151.103 Mobile Safari/537.36 (compatible; Googlebot/2.1; +http://www.google.com/bot.html)"
66.249.65.35 - - [16/Jul/2025:16:05:07 +0000] "GET /?x=94665785021800&mod=e94fe9ac&uri=search.php%3Fid%3D3159214-332%26name%3Dkarpura%20dharam%20karunavtaram HTTP/1.1" 200 1940 "-" "Mozilla/5.0 (Linux; Android 6.0.1; Nexus 5X Build/MMB29P) AppleWebKit/537.36 (KHTML, like Gecko) Chrome/137.0.7151.103 Mobile Safari/537.36 (compatible; Googlebot/2.1; +http://www.google.com/bot.html)"
209.74.77.214 - - [16/Jul/2025:16:06:06 +0000] "POST /wp-cron.php?doing_wp_cron=1752681966.8166189193725585937500 HTTP/1.1" 200 - "-" "WordPress/6.8.2; https://kraft-court.cafe"
66.249.65.37 - - [16/Jul/2025:16:06:05 +0000] "GET /?x=59738997021800&mod=5c376f6d&uri=shop.php%3Fid%3D1993538-863%26name%3Dscarponi+da+sci+bambino+decathlon HTTP/1.1" 301 - "-" "Mozilla/5.0 (Linux; Android 6.0.1; Nexus 5X Build/MMB29P) AppleWebKit/537.36 (KHTML, like Gecko) Chrome/137.0.7151.103 Mobile Safari/537.36 (compatible; Googlebot/2.1; +http://www.google.com/bot.html)"
66.249.65.37 - - [16/Jul/2025:16:06:07 +0000] "GET /?x=59738997021800&mod=5c376f6d&uri=shop.php%3Fid%3D1993538-863%26name%3Dscarponi%20da%20sci%20bambino%20decathlon HTTP/1.1" 200 1947 "-" "Mozilla/5.0 (Linux; Android 6.0.1; Nexus 5X Build/MMB29P) AppleWebKit/537.36 (KHTML, like Gecko) Chrome/137.0.7151.103 Mobile Safari/537.36 (compatible; Googlebot/2.1; +http://www.google.com/bot.html)"
66.249.65.36 - - [16/Jul/2025:16:06:12 +0000] "GET /?x=59714933011800&mod=9854d7af&uri=article.php%3Fid%3D1992735-387%26name%3D10+minute+senior+chair+workout HTTP/1.1" 301 - "-" "Mozilla/5.0 (Linux; Android 6.0.1; Nexus 5X Build/MMB29P) AppleWebKit/537.36 (KHTML, like Gecko) Chrome/137.0.7151.103 Mobile Safari/537.36 (compatible; Googlebot/2.1; +http://www.google.com/bot.html)"
