66.249.65.35 - - [16/Jul/2025:15:18:06 +0000] "GET /?x=119662873041800&mod=6b9bb055&uri=goods.php?feature/omiya_marui/index.html HTTP/1.1" 301 - "-" "Mozilla/5.0 (Linux; Android 6.0.1; Nexus 5X Build/MMB29P) AppleWebKit/537.36 (KHTML, like Gecko) Chrome/137.0.7151.103 Mobile Safari/537.36 (compatible; Googlebot/2.1; +http://www.google.com/bot.html)"
66.249.65.35 - - [16/Jul/2025:15:18:06 +0000] "GET /?x=45621712001800&mod=18fe8ebf&uri=dp.php%3Fid%3D1522531-951%26name%3Dhow+to+patch+a+puffy+coat HTTP/1.1" 301 - "-" "Mozilla/5.0 (Linux; Android 6.0.1; Nexus 5X Build/MMB29P) AppleWebKit/537.36 (KHTML, like Gecko) Chrome/137.0.7151.103 Mobile Safari/537.36 (compatible; Googlebot/2.1; +http://www.google.com/bot.html)"
66.249.65.35 - - [16/Jul/2025:15:18:06 +0000] "GET /?x=77788585111800&mod=333cb763&uri=shared.php?detail/2882855.htm HTTP/1.1" 301 - "-" "Mozilla/5.0 (Linux; Android 6.0.1; Nexus 5X Build/MMB29P) AppleWebKit/537.36 (KHTML, like Gecko) Chrome/137.0.7151.103 Mobile Safari/537.36 (compatible; Googlebot/2.1; +http://www.google.com/bot.html)"
66.249.65.35 - - [16/Jul/2025:15:18:06 +0000] "GET /?x=5799848071800&mod=165a59f7&uri=brands.php%3Fdetail%2F2935400.htm HTTP/1.1" 200 1917 "-" "Mozilla/5.0 (Linux; Android 6.0.1; Nexus 5X Build/MMB29P) AppleWebKit/537.36 (KHTML, like Gecko) Chrome/137.0.7151.103 Mobile Safari/537.36 (compatible; Googlebot/2.1; +http://www.google.com/bot.html)"
66.249.65.35 - - [16/Jul/2025:15:18:06 +0000] "GET /?x=119662873041800&mod=6b9bb055&uri=goods.php%3Ffeature%2Fomiya_marui%2Findex.html HTTP/1.1" 200 1925 "-" "Mozilla/5.0 (Linux; Android 6.0.1; Nexus 5X Build/MMB29P) AppleWebKit/537.36 (KHTML, like Gecko) Chrome/137.0.7151.103 Mobile Safari/537.36 (compatible; Googlebot/2.1; +http://www.google.com/bot.html)"
66.249.65.36 - - [16/Jul/2025:15:18:06 +0000] "GET /?x=45621712001800&mod=18fe8ebf&uri=dp.php%3Fid%3D1522531-951%26name%3Dhow%20to%20patch%20a%20puffy%20coat HTTP/1.1" 200 1937 "-" "Mozilla/5.0 (Linux; Android 6.0.1; Nexus 5X Build/MMB29P) AppleWebKit/537.36 (KHTML, like Gecko) Chrome/137.0.7151.103 Mobile Safari/537.36 (compatible; Googlebot/2.1; +http://www.google.com/bot.html)"
66.249.65.35 - - [16/Jul/2025:15:18:07 +0000] "GET /?x=77788585111800&mod=333cb763&uri=shared.php%3Fdetail%2F2882855.htm HTTP/1.1" 200 1916 "-" "Mozilla/5.0 (Linux; Android 6.0.1; Nexus 5X Build/MMB29P) AppleWebKit/537.36 (KHTML, like Gecko) Chrome/137.0.7151.103 Mobile Safari/537.36 (compatible; Googlebot/2.1; +http://www.google.com/bot.html)"
66.249.65.35 - - [16/Jul/2025:15:18:15 +0000] "GET /?x=31906065031800&mod=5bbf4a75&uri=products.php?detail/2925060.htm HTTP/1.1" 301 - "-" "Mozilla/5.0 (Linux; Android 6.0.1; Nexus 5X Build/MMB29P) AppleWebKit/537.36 (KHTML, like Gecko) Chrome/137.0.7151.103 Mobile Safari/537.36 (compatible; Googlebot/2.1; +http://www.google.com/bot.html)"
66.249.65.35 - - [16/Jul/2025:15:18:15 +0000] "GET /?x=31906065031800&mod=5bbf4a75&uri=products.php%3Fdetail%2F2925060.htm HTTP/1.1" 200 1918 "-" "Mozilla/5.0 (Linux; Android 6.0.1; Nexus 5X Build/MMB29P) AppleWebKit/537.36 (KHTML, like Gecko) Chrome/137.0.7151.103 Mobile Safari/537.36 (compatible; Googlebot/2.1; +http://www.google.com/bot.html)"
66.249.65.35 - - [16/Jul/2025:15:18:19 +0000] "GET /?x=31906065031800&mod=5bbf4a75&uri=products.php?hobby.html HTTP/1.1" 301 - "-" "Mozilla/5.0 (Linux; Android 6.0.1; Nexus 5X Build/MMB29P) AppleWebKit/537.36 (KHTML, like Gecko) Chrome/137.0.7151.103 Mobile Safari/537.36 (compatible; Googlebot/2.1; +http://www.google.com/bot.html)"
66.249.65.35 - - [16/Jul/2025:15:18:19 +0000] "GET /?x=31906065031800&mod=5bbf4a75&uri=products.php%3Fhobby.html HTTP/1.1" 200 1909 "-" "Mozilla/5.0 (Linux; Android 6.0.1; Nexus 5X Build/MMB29P) AppleWebKit/537.36 (KHTML, like Gecko) Chrome/137.0.7151.103 Mobile Safari/537.36 (compatible; Googlebot/2.1; +http://www.google.com/bot.html)"
66.249.65.35 - - [16/Jul/2025:15:18:19 +0000] "GET /?x=94664997101800&mod=e94fe9ac&uri=pin.php%3Fid%3D3159187-332%26name%3Dsinger+of+karpur+gauram HTTP/1.1" 301 - "-" "Mozilla/5.0 (Linux; Android 6.0.1; Nexus 5X Build/MMB29P) AppleWebKit/537.36 (KHTML, like Gecko) Chrome/137.0.7151.103 Mobile Safari/537.36 (compatible; Googlebot/2.1; +http://www.google.com/bot.html)"
66.249.65.35 - - [16/Jul/2025:15:18:19 +0000] "GET /?x=94664997101800&mod=e94fe9ac&uri=pin.php%3Fid%3D3159187-332%26name%3Dsinger%20of%20karpur%20gauram HTTP/1.1" 200 1935 "-" "Mozilla/5.0 (Linux; Android 6.0.1; Nexus 5X Build/MMB29P) AppleWebKit/537.36 (KHTML, like Gecko) Chrome/137.0.7151.103 Mobile Safari/537.36 (compatible; Googlebot/2.1; +http://www.google.com/bot.html)"
66.249.65.35 - - [16/Jul/2025:15:18:21 +0000] "GET /?x=31906065031800&mod=5bbf4a75&uri=products.php?detail/2941907.htm HTTP/1.1" 301 - "-" "Mozilla/5.0 (Linux; Android 6.0.1; Nexus 5X Build/MMB29P) AppleWebKit/537.36 (KHTML, like Gecko) Chrome/137.0.7151.103 Mobile Safari/537.36 (compatible; Googlebot/2.1; +http://www.google.com/bot.html)"
66.249.65.35 - - [16/Jul/2025:15:18:21 +0000] "GET /?x=31906065031800&mod=5bbf4a75&uri=products.php%3Fdetail%2F2941907.htm HTTP/1.1" 200 1918 "-" "Mozilla/5.0 (Linux; Android 6.0.1; Nexus 5X Build/MMB29P) AppleWebKit/537.36 (KHTML, like Gecko) Chrome/137.0.7151.103 Mobile Safari/537.36 (compatible; Googlebot/2.1; +http://www.google.com/bot.html)"
66.249.65.35 - - [16/Jul/2025:15:18:26 +0000] "GET /?x=31906065031800&mod=5bbf4a75&uri=products.php?kaden.html HTTP/1.1" 301 - "-" "Mozilla/5.0 (Linux; Android 6.0.1; Nexus 5X Build/MMB29P) AppleWebKit/537.36 (KHTML, like Gecko) Chrome/137.0.7151.103 Mobile Safari/537.36 (compatible; Googlebot/2.1; +http://www.google.com/bot.html)"
66.249.65.35 - - [16/Jul/2025:15:18:26 +0000] "GET /?x=31906065031800&mod=5bbf4a75&uri=products.php%3Fkaden.html HTTP/1.1" 200 1909 "-" "Mozilla/5.0 (Linux; Android 6.0.1; Nexus 5X Build/MMB29P) AppleWebKit/537.36 (KHTML, like Gecko) Chrome/137.0.7151.103 Mobile Safari/537.36 (compatible; Googlebot/2.1; +http://www.google.com/bot.html)"
209.74.77.214 - - [16/Jul/2025:15:18:34 +0000] "POST /wp-cron.php?doing_wp_cron=1752679114.5999031066894531250000 HTTP/1.1" 200 - "-" "WordPress/6.8.2; https://kraft-court.cafe"
66.249.65.35 - - [16/Jul/2025:15:18:34 +0000] "GET /?x=55301624011800&mod=decc2e06&uri=news.php?detail/2923863.htm HTTP/1.1" 301 - "-" "Mozilla/5.0 (Linux; Android 6.0.1; Nexus 5X Build/MMB29P) AppleWebKit/537.36 (KHTML, like Gecko) Chrome/137.0.7151.103 Mobile Safari/537.36 (compatible; Googlebot/2.1; +http://www.google.com/bot.html)"
66.249.65.35 - - [16/Jul/2025:15:18:34 +0000] "GET /?x=55301624011800&mod=decc2e06&uri=news.php%3Fdetail%2F2923863.htm HTTP/1.1" 200 1915 "-" "Mozilla/5.0 (Linux; Android 6.0.1; Nexus 5X Build/MMB29P) AppleWebKit/537.36 (KHTML, like Gecko) Chrome/137.0.7151.103 Mobile Safari/537.36 (compatible; Googlebot/2.1; +http://www.google.com/bot.html)"
66.249.65.35 - - [16/Jul/2025:15:18:37 +0000] "GET /?x=55301624011800&mod=decc2e06&uri=news.php?cd.html HTTP/1.1" 301 - "-" "Mozilla/5.0 (Linux; Android 6.0.1; Nexus 5X Build/MMB29P) AppleWebKit/537.36 (KHTML, like Gecko) Chrome/137.0.7151.103 Mobile Safari/537.36 (compatible; Googlebot/2.1; +http://www.google.com/bot.html)"
66.249.65.35 - - [16/Jul/2025:15:18:37 +0000] "GET /?x=55301624011800&mod=decc2e06&uri=news.php%3Fcd.html HTTP/1.1" 200 1902 "-" "Mozilla/5.0 (Linux; Android 6.0.1; Nexus 5X Build/MMB29P) AppleWebKit/537.36 (KHTML, like Gecko) Chrome/137.0.7151.103 Mobile Safari/537.36 (compatible; Googlebot/2.1; +http://www.google.com/bot.html)"
66.249.65.35 - - [16/Jul/2025:15:18:38 +0000] "GET /?x=111717973061800&mod=9b70e8fe&uri=search.php?detail/2889450.htm HTTP/1.1" 301 - "-" "Mozilla/5.0 (Linux; Android 6.0.1; Nexus 5X Build/MMB29P) AppleWebKit/537.36 (KHTML, like Gecko) Chrome/137.0.7151.103 Mobile Safari/537.36 (compatible; Googlebot/2.1; +http://www.google.com/bot.html)"
66.249.65.35 - - [16/Jul/2025:15:18:38 +0000] "GET /?x=111717973061800&mod=9b70e8fe&uri=search.php%3Fdetail%2F2889450.htm HTTP/1.1" 200 1918 "-" "Mozilla/5.0 (Linux; Android 6.0.1; Nexus 5X Build/MMB29P) AppleWebKit/537.36 (KHTML, like Gecko) Chrome/137.0.7151.103 Mobile Safari/537.36 (compatible; Googlebot/2.1; +http://www.google.com/bot.html)"
66.249.65.35 - - [16/Jul/2025:15:18:41 +0000] "GET /?x=55301624011800&mod=decc2e06&uri=news.php?detail/2913651.htm HTTP/1.1" 301 - "-" "Mozilla/5.0 (Linux; Android 6.0.1; Nexus 5X Build/MMB29P) AppleWebKit/537.36 (KHTML, like Gecko) Chrome/137.0.7151.103 Mobile Safari/537.36 (compatible; Googlebot/2.1; +http://www.google.com/bot.html)"
66.249.65.35 - - [16/Jul/2025:15:18:41 +0000] "GET /?x=55301624011800&mod=decc2e06&uri=news.php%3Fdetail%2F2913651.htm HTTP/1.1" 200 1915 "-" "Mozilla/5.0 (Linux; Android 6.0.1; Nexus 5X Build/MMB29P) AppleWebKit/537.36 (KHTML, like Gecko) Chrome/137.0.7151.103 Mobile Safari/537.36 (compatible; Googlebot/2.1; +http://www.google.com/bot.html)"
66.249.65.35 - - [16/Jul/2025:15:18:43 +0000] "GET /?x=90465223031800&mod=770c0e7e&uri=products.php%3Fid%3D3018957-412%26name%3Dmaquina+wahl+combo+coppel HTTP/1.1" 301 - "-" "Mozilla/5.0 (Linux; Android 6.0.1; Nexus 5X Build/MMB29P) AppleWebKit/537.36 (KHTML, like Gecko) Chrome/137.0.7151.103 Mobile Safari/537.36 (compatible; Googlebot/2.1; +http://www.google.com/bot.html)"
66.249.65.35 - - [16/Jul/2025:15:18:43 +0000] "GET /?x=90465223031800&mod=770c0e7e&uri=products.php%3Fid%3D3018957-412%26name%3Dmaquina%20wahl%20combo%20coppel HTTP/1.1" 200 1941 "-" "Mozilla/5.0 (Linux; Android 6.0.1; Nexus 5X Build/MMB29P) AppleWebKit/537.36 (KHTML, like Gecko) Chrome/137.0.7151.103 Mobile Safari/537.36 (compatible; Googlebot/2.1; +http://www.google.com/bot.html)"
209.74.77.214 - - [16/Jul/2025:15:18:46 +0000] "POST /wp-cron.php?doing_wp_cron=1752679126.8456060886383056640625 HTTP/1.1" 200 - "-" "WordPress/6.8.2; https://kraft-court.cafe"
66.249.65.35 - - [16/Jul/2025:15:18:46 +0000] "GET /?x=55301624011800&mod=decc2e06&uri=news.php?detail/2940542.htm HTTP/1.1" 301 - "-" "Mozilla/5.0 (Linux; Android 6.0.1; Nexus 5X Build/MMB29P) AppleWebKit/537.36 (KHTML, like Gecko) Chrome/137.0.7151.103 Mobile Safari/537.36 (compatible; Googlebot/2.1; +http://www.google.com/bot.html)"
66.249.65.35 - - [16/Jul/2025:15:18:46 +0000] "GET /?x=55301624011800&mod=decc2e06&uri=news.php%3Fdetail%2F2940542.htm HTTP/1.1" 200 1915 "-" "Mozilla/5.0 (Linux; Android 6.0.1; Nexus 5X Build/MMB29P) AppleWebKit/537.36 (KHTML, like Gecko) Chrome/137.0.7151.103 Mobile Safari/537.36 (compatible; Googlebot/2.1; +http://www.google.com/bot.html)"
66.249.65.35 - - [16/Jul/2025:15:18:52 +0000] "GET /?x=55301624011800&mod=decc2e06&uri=news.php?detail/2916415.htm HTTP/1.1" 301 - "-" "Mozilla/5.0 (Linux; Android 6.0.1; Nexus 5X Build/MMB29P) AppleWebKit/537.36 (KHTML, like Gecko) Chrome/137.0.7151.103 Mobile Safari/537.36 (compatible; Googlebot/2.1; +http://www.google.com/bot.html)"
66.249.65.35 - - [16/Jul/2025:15:18:52 +0000] "GET /?x=55301624011800&mod=decc2e06&uri=news.php%3Fdetail%2F2916415.htm HTTP/1.1" 200 1915 "-" "Mozilla/5.0 (Linux; Android 6.0.1; Nexus 5X Build/MMB29P) AppleWebKit/537.36 (KHTML, like Gecko) Chrome/137.0.7151.103 Mobile Safari/537.36 (compatible; Googlebot/2.1; +http://www.google.com/bot.html)"
66.249.65.35 - - [16/Jul/2025:15:18:53 +0000] "GET /?x=45609961031800&mod=b7b16ecf&uri=article.php%3Fid%3D1522139-39%26name%3Dlazy+boy+chairside+tables HTTP/1.1" 301 - "-" "Mozilla/5.0 (Linux; Android 6.0.1; Nexus 5X Build/MMB29P) AppleWebKit/537.36 (KHTML, like Gecko) Chrome/137.0.7151.103 Mobile Safari/537.36 (compatible; Googlebot/2.1; +http://www.google.com/bot.html)"
66.249.65.35 - - [16/Jul/2025:15:18:53 +0000] "GET /?x=45609961031800&mod=b7b16ecf&uri=article.php%3Fid%3D1522139-39%26name%3Dlazy%20boy%20chairside%20tables HTTP/1.1" 200 1939 "-" "Mozilla/5.0 (Linux; Android 6.0.1; Nexus 5X Build/MMB29P) AppleWebKit/537.36 (KHTML, like Gecko) Chrome/137.0.7151.103 Mobile Safari/537.36 (compatible; Googlebot/2.1; +http://www.google.com/bot.html)"
66.249.65.35 - - [16/Jul/2025:15:18:57 +0000] "GET /?x=55301624011800&mod=decc2e06&uri=news.php?detail/2938324.htm HTTP/1.1" 301 - "-" "Mozilla/5.0 (Linux; Android 6.0.1; Nexus 5X Build/MMB29P) AppleWebKit/537.36 (KHTML, like Gecko) Chrome/137.0.7151.103 Mobile Safari/537.36 (compatible; Googlebot/2.1; +http://www.google.com/bot.html)"
66.249.65.35 - - [16/Jul/2025:15:18:57 +0000] "GET /?x=55301624011800&mod=decc2e06&uri=news.php%3Fdetail%2F2938324.htm HTTP/1.1" 200 1915 "-" "Mozilla/5.0 (Linux; Android 6.0.1; Nexus 5X Build/MMB29P) AppleWebKit/537.36 (KHTML, like Gecko) Chrome/137.0.7151.103 Mobile Safari/537.36 (compatible; Googlebot/2.1; +http://www.google.com/bot.html)"
66.249.65.35 - - [16/Jul/2025:15:18:57 +0000] "GET /?x=111717973061800&mod=9b70e8fe&uri=search.php?detail/2904796.htm HTTP/1.1" 301 - "-" "Mozilla/5.0 (Linux; Android 6.0.1; Nexus 5X Build/MMB29P) AppleWebKit/537.36 (KHTML, like Gecko) Chrome/137.0.7151.103 Mobile Safari/537.36 (compatible; Googlebot/2.1; +http://www.google.com/bot.html)"
66.249.65.35 - - [16/Jul/2025:15:18:57 +0000] "GET /?x=111717973061800&mod=9b70e8fe&uri=search.php%3Fdetail%2F2904796.htm HTTP/1.1" 200 1918 "-" "Mozilla/5.0 (Linux; Android 6.0.1; Nexus 5X Build/MMB29P) AppleWebKit/537.36 (KHTML, like Gecko) Chrome/137.0.7151.103 Mobile Safari/537.36 (compatible; Googlebot/2.1; +http://www.google.com/bot.html)"
66.249.65.37 - - [16/Jul/2025:15:19:02 +0000] "GET /?x=55301624011800&mod=decc2e06&uri=news.php?detail/2936935.htm HTTP/1.1" 301 - "-" "Mozilla/5.0 (Linux; Android 6.0.1; Nexus 5X Build/MMB29P) AppleWebKit/537.36 (KHTML, like Gecko) Chrome/137.0.7151.103 Mobile Safari/537.36 (compatible; Googlebot/2.1; +http://www.google.com/bot.html)"
66.249.65.36 - - [16/Jul/2025:15:19:02 +0000] "GET /?x=55301624011800&mod=decc2e06&uri=news.php%3Fdetail%2F2936935.htm HTTP/1.1" 200 1915 "-" "Mozilla/5.0 (Linux; Android 6.0.1; Nexus 5X Build/MMB29P) AppleWebKit/537.36 (KHTML, like Gecko) Chrome/137.0.7151.103 Mobile Safari/537.36 (compatible; Googlebot/2.1; +http://www.google.com/bot.html)"
66.249.65.35 - - [16/Jul/2025:15:19:10 +0000] "GET /?x=55301624011800&mod=decc2e06&uri=news.php?feature/idol/gradol.html HTTP/1.1" 301 - "-" "Mozilla/5.0 (Linux; Android 6.0.1; Nexus 5X Build/MMB29P) AppleWebKit/537.36 (KHTML, like Gecko) Chrome/137.0.7151.103 Mobile Safari/537.36 (compatible; Googlebot/2.1; +http://www.google.com/bot.html)"
66.249.65.35 - - [16/Jul/2025:15:19:10 +0000] "GET /?x=47656540001800&mod=3a835d32&uri=category-info.php?hobby.html HTTP/1.1" 301 - "-" "Mozilla/5.0 (Linux; Android 6.0.1; Nexus 5X Build/MMB29P) AppleWebKit/537.36 (KHTML, like Gecko) Chrome/137.0.7151.103 Mobile Safari/537.36 (compatible; Googlebot/2.1; +http://www.google.com/bot.html)"
66.249.65.36 - - [16/Jul/2025:15:19:11 +0000] "GET /?x=84220116031800&mod=333cb763&uri=dp.php?detail/51029543.htm HTTP/1.1" 301 - "-" "Mozilla/5.0 (Linux; Android 6.0.1; Nexus 5X Build/MMB29P) AppleWebKit/537.36 (KHTML, like Gecko) Chrome/137.0.7151.103 Mobile Safari/537.36 (compatible; Googlebot/2.1; +http://www.google.com/bot.html)"
66.249.65.35 - - [16/Jul/2025:15:19:11 +0000] "GET /?x=55301624011800&mod=decc2e06&uri=news.php%3Ffeature%2Fidol%2Fgradol.html HTTP/1.1" 200 1917 "-" "Mozilla/5.0 (Linux; Android 6.0.1; Nexus 5X Build/MMB29P) AppleWebKit/537.36 (KHTML, like Gecko) Chrome/137.0.7151.103 Mobile Safari/537.36 (compatible; Googlebot/2.1; +http://www.google.com/bot.html)"
66.249.65.36 - - [16/Jul/2025:15:19:11 +0000] "GET /?x=47656540001800&mod=3a835d32&uri=category-info.php%3Fhobby.html HTTP/1.1" 200 1912 "-" "Mozilla/5.0 (Linux; Android 6.0.1; Nexus 5X Build/MMB29P) AppleWebKit/537.36 (KHTML, like Gecko) Chrome/137.0.7151.103 Mobile Safari/537.36 (compatible; Googlebot/2.1; +http://www.google.com/bot.html)"
66.249.65.36 - - [16/Jul/2025:15:19:11 +0000] "GET /?x=84220116031800&mod=333cb763&uri=dp.php%3Fdetail%2F51029543.htm HTTP/1.1" 200 1915 "-" "Mozilla/5.0 (Linux; Android 6.0.1; Nexus 5X Build/MMB29P) AppleWebKit/537.36 (KHTML, like Gecko) Chrome/137.0.7151.103 Mobile Safari/537.36 (compatible; Googlebot/2.1; +http://www.google.com/bot.html)"
66.249.65.35 - - [16/Jul/2025:15:19:13 +0000] "GET /?x=55301624011800&mod=decc2e06&uri=news.php?detail/2935986.htm HTTP/1.1" 301 - "-" "Mozilla/5.0 (Linux; Android 6.0.1; Nexus 5X Build/MMB29P) AppleWebKit/537.36 (KHTML, like Gecko) Chrome/137.0.7151.103 Mobile Safari/537.36 (compatible; Googlebot/2.1; +http://www.google.com/bot.html)"
66.249.65.36 - - [16/Jul/2025:15:19:13 +0000] "GET /?x=55301624011800&mod=decc2e06&uri=news.php%3Fdetail%2F2935986.htm HTTP/1.1" 200 1915 "-" "Mozilla/5.0 (Linux; Android 6.0.1; Nexus 5X Build/MMB29P) AppleWebKit/537.36 (KHTML, like Gecko) Chrome/137.0.7151.103 Mobile Safari/537.36 (compatible; Googlebot/2.1; +http://www.google.com/bot.html)"
66.249.65.35 - - [16/Jul/2025:15:19:21 +0000] "GET /?x=55301624011800&mod=decc2e06&uri=news.php?detail/2916245.htm HTTP/1.1" 301 - "-" "Mozilla/5.0 (Linux; Android 6.0.1; Nexus 5X Build/MMB29P) AppleWebKit/537.36 (KHTML, like Gecko) Chrome/137.0.7151.103 Mobile Safari/537.36 (compatible; Googlebot/2.1; +http://www.google.com/bot.html)"
66.249.65.35 - - [16/Jul/2025:15:19:21 +0000] "GET /?x=55301624011800&mod=decc2e06&uri=news.php%3Fdetail%2F2916245.htm HTTP/1.1" 200 1913 "-" "Mozilla/5.0 (Linux; Android 6.0.1; Nexus 5X Build/MMB29P) AppleWebKit/537.36 (KHTML, like Gecko) Chrome/137.0.7151.103 Mobile Safari/537.36 (compatible; Googlebot/2.1; +http://www.google.com/bot.html)"
66.249.65.35 - - [16/Jul/2025:15:19:23 +0000] "GET /?x=55301624011800&mod=decc2e06&uri=news.php?detail/2945612.htm HTTP/1.1" 301 - "-" "Mozilla/5.0 (Linux; Android 6.0.1; Nexus 5X Build/MMB29P) AppleWebKit/537.36 (KHTML, like Gecko) Chrome/137.0.7151.103 Mobile Safari/537.36 (compatible; Googlebot/2.1; +http://www.google.com/bot.html)"
66.249.65.35 - - [16/Jul/2025:15:19:23 +0000] "GET /?x=55301624011800&mod=decc2e06&uri=news.php%3Fdetail%2F2945612.htm HTTP/1.1" 200 1915 "-" "Mozilla/5.0 (Linux; Android 6.0.1; Nexus 5X Build/MMB29P) AppleWebKit/537.36 (KHTML, like Gecko) Chrome/137.0.7151.103 Mobile Safari/537.36 (compatible; Googlebot/2.1; +http://www.google.com/bot.html)"
66.249.65.35 - - [16/Jul/2025:15:19:27 +0000] "GET /?x=31840970051800&mod=c0560792&uri=search.php?feature/sale2411-5/index.html HTTP/1.1" 301 - "-" "Mozilla/5.0 (Linux; Android 6.0.1; Nexus 5X Build/MMB29P) AppleWebKit/537.36 (KHTML, like Gecko) Chrome/137.0.7151.103 Mobile Safari/537.36 (compatible; Googlebot/2.1; +http://www.google.com/bot.html)"
66.249.65.35 - - [16/Jul/2025:15:19:27 +0000] "GET /?x=31840970051800&mod=c0560792&uri=search.php%3Ffeature%2Fsale2411-5%2Findex.html HTTP/1.1" 200 1924 "-" "Mozilla/5.0 (Linux; Android 6.0.1; Nexus 5X Build/MMB29P) AppleWebKit/537.36 (KHTML, like Gecko) Chrome/137.0.7151.103 Mobile Safari/537.36 (compatible; Googlebot/2.1; +http://www.google.com/bot.html)"
209.74.77.214 - - [16/Jul/2025:15:19:35 +0000] "POST /wp-cron.php?doing_wp_cron=1752679175.7430479526519775390625 HTTP/1.1" 200 - "-" "WordPress/6.8.2; https://kraft-court.cafe"
66.249.65.35 - - [16/Jul/2025:15:19:35 +0000] "GET /?x=55301624011800&mod=decc2e06&uri=news.php?game.html HTTP/1.1" 301 - "-" "Mozilla/5.0 (Linux; Android 6.0.1; Nexus 5X Build/MMB29P) AppleWebKit/537.36 (KHTML, like Gecko) Chrome/137.0.7151.103 Mobile Safari/537.36 (compatible; Googlebot/2.1; +http://www.google.com/bot.html)"
66.249.65.35 - - [16/Jul/2025:15:19:35 +0000] "GET /?x=55301624011800&mod=decc2e06&uri=news.php%3Fgame.html HTTP/1.1" 200 1903 "-" "Mozilla/5.0 (Linux; Android 6.0.1; Nexus 5X Build/MMB29P) AppleWebKit/537.36 (KHTML, like Gecko) Chrome/137.0.7151.103 Mobile Safari/537.36 (compatible; Googlebot/2.1; +http://www.google.com/bot.html)"
66.249.65.35 - - [16/Jul/2025:15:19:38 +0000] "GET /?x=55301624011800&mod=decc2e06&uri=news.php?detail/2944671.htm HTTP/1.1" 301 - "-" "Mozilla/5.0 (Linux; Android 6.0.1; Nexus 5X Build/MMB29P) AppleWebKit/537.36 (KHTML, like Gecko) Chrome/137.0.7151.103 Mobile Safari/537.36 (compatible; Googlebot/2.1; +http://www.google.com/bot.html)"
66.249.65.35 - - [16/Jul/2025:15:19:38 +0000] "GET /?x=55301624011800&mod=decc2e06&uri=news.php%3Fdetail%2F2944671.htm HTTP/1.1" 200 1915 "-" "Mozilla/5.0 (Linux; Android 6.0.1; Nexus 5X Build/MMB29P) AppleWebKit/537.36 (KHTML, like Gecko) Chrome/137.0.7151.103 Mobile Safari/537.36 (compatible; Googlebot/2.1; +http://www.google.com/bot.html)"
209.74.77.214 - - [16/Jul/2025:15:19:44 +0000] "POST /wp-cron.php?doing_wp_cron=1752679184.2138938903808593750000 HTTP/1.1" 200 - "-" "WordPress/6.8.2; https://kraft-court.cafe"
66.249.65.35 - - [16/Jul/2025:15:19:44 +0000] "GET /?x=55301624011800&mod=decc2e06&uri=news.php?detail/2941907.htm HTTP/1.1" 301 - "-" "Mozilla/5.0 (Linux; Android 6.0.1; Nexus 5X Build/MMB29P) AppleWebKit/537.36 (KHTML, like Gecko) Chrome/137.0.7151.103 Mobile Safari/537.36 (compatible; Googlebot/2.1; +http://www.google.com/bot.html)"
66.249.65.35 - - [16/Jul/2025:15:19:44 +0000] "GET /?x=55301624011800&mod=decc2e06&uri=news.php%3Fdetail%2F2941907.htm HTTP/1.1" 200 1915 "-" "Mozilla/5.0 (Linux; Android 6.0.1; Nexus 5X Build/MMB29P) AppleWebKit/537.36 (KHTML, like Gecko) Chrome/137.0.7151.103 Mobile Safari/537.36 (compatible; Googlebot/2.1; +http://www.google.com/bot.html)"
66.249.65.35 - - [16/Jul/2025:15:19:46 +0000] "GET /?x=55301624011800&mod=decc2e06&uri=news.php?%3Fid%3D1845457-700%26name%3Dgerman+shorthaired+pointer+mix+for+sale HTTP/1.1" 301 - "-" "Mozilla/5.0 (Linux; Android 6.0.1; Nexus 5X Build/MMB29P) AppleWebKit/537.36 (KHTML, like Gecko) Chrome/137.0.7151.103 Mobile Safari/537.36 (compatible; Googlebot/2.1; +http://www.google.com/bot.html)"
66.249.65.35 - - [16/Jul/2025:15:19:46 +0000] "GET /?x=55301624011800&mod=decc2e06&uri=news.php%3F%3Fid%3D1845457-700%26name%3Dgerman%20shorthaired%20pointer%20mix%20for%20sale HTTP/1.1" 200 1950 "-" "Mozilla/5.0 (Linux; Android 6.0.1; Nexus 5X Build/MMB29P) AppleWebKit/537.36 (KHTML, like Gecko) Chrome/137.0.7151.103 Mobile Safari/537.36 (compatible; Googlebot/2.1; +http://www.google.com/bot.html)"
66.249.65.35 - - [16/Jul/2025:15:19:49 +0000] "GET /?x=77769811021800&mod=333cb763&uri=search.php?feature/sapporo/index.html HTTP/1.1" 301 - "-" "Mozilla/5.0 (Linux; Android 6.0.1; Nexus 5X Build/MMB29P) AppleWebKit/537.36 (KHTML, like Gecko) Chrome/137.0.7151.103 Mobile Safari/537.36 (compatible; Googlebot/2.1; +http://www.google.com/bot.html)"
66.249.65.35 - - [16/Jul/2025:15:19:49 +0000] "GET /?x=77769811021800&mod=333cb763&uri=search.php%3Ffeature%2Fsapporo%2Findex.html HTTP/1.1" 200 1921 "-" "Mozilla/5.0 (Linux; Android 6.0.1; Nexus 5X Build/MMB29P) AppleWebKit/537.36 (KHTML, like Gecko) Chrome/137.0.7151.103 Mobile Safari/537.36 (compatible; Googlebot/2.1; +http://www.google.com/bot.html)"
66.249.65.36 - - [16/Jul/2025:15:20:01 +0000] "GET /?x=88992072031800&mod=1755c118&uri=itm.php?detail/2928112.htm HTTP/1.1" 301 - "-" "Mozilla/5.0 (Linux; Android 6.0.1; Nexus 5X Build/MMB29P) AppleWebKit/537.36 (KHTML, like Gecko) Chrome/137.0.7151.103 Mobile Safari/537.36 (compatible; Googlebot/2.1; +http://www.google.com/bot.html)"
66.249.65.35 - - [16/Jul/2025:15:20:01 +0000] "GET /?x=77769811021800&mod=333cb763&uri=search.php?detail/2894584.htm HTTP/1.1" 301 - "-" "Mozilla/5.0 (Linux; Android 6.0.1; Nexus 5X Build/MMB29P) AppleWebKit/537.36 (KHTML, like Gecko) Chrome/137.0.7151.103 Mobile Safari/537.36 (compatible; Googlebot/2.1; +http://www.google.com/bot.html)"
66.249.65.37 - - [16/Jul/2025:15:20:01 +0000] "GET /?x=88992072031800&mod=1755c118&uri=itm.php%3Fdetail%2F2928112.htm HTTP/1.1" 200 1913 "-" "Mozilla/5.0 (Linux; Android 6.0.1; Nexus 5X Build/MMB29P) AppleWebKit/537.36 (KHTML, like Gecko) Chrome/137.0.7151.103 Mobile Safari/537.36 (compatible; Googlebot/2.1; +http://www.google.com/bot.html)"
66.249.65.37 - - [16/Jul/2025:15:20:01 +0000] "GET /?x=77769811021800&mod=333cb763&uri=search.php%3Fdetail%2F2894584.htm HTTP/1.1" 200 1917 "-" "Mozilla/5.0 (Linux; Android 6.0.1; Nexus 5X Build/MMB29P) AppleWebKit/537.36 (KHTML, like Gecko) Chrome/137.0.7151.103 Mobile Safari/537.36 (compatible; Googlebot/2.1; +http://www.google.com/bot.html)"
66.249.65.36 - - [16/Jul/2025:15:20:03 +0000] "GET /?x=77769811021800&mod=333cb763&uri=search.php?detail/2906331.htm HTTP/1.1" 301 - "-" "Mozilla/5.0 (Linux; Android 6.0.1; Nexus 5X Build/MMB29P) AppleWebKit/537.36 (KHTML, like Gecko) Chrome/137.0.7151.103 Mobile Safari/537.36 (compatible; Googlebot/2.1; +http://www.google.com/bot.html)"
66.249.65.37 - - [16/Jul/2025:15:20:03 +0000] "GET /?x=77769811021800&mod=333cb763&uri=search.php%3Fdetail%2F2906331.htm HTTP/1.1" 200 1916 "-" "Mozilla/5.0 (Linux; Android 6.0.1; Nexus 5X Build/MMB29P) AppleWebKit/537.36 (KHTML, like Gecko) Chrome/137.0.7151.103 Mobile Safari/537.36 (compatible; Googlebot/2.1; +http://www.google.com/bot.html)"
66.249.65.36 - - [16/Jul/2025:15:20:09 +0000] "GET /?x=77769811021800&mod=333cb763&uri=search.php?feature/yokohama_maruicity/index.html HTTP/1.1" 301 - "-" "Mozilla/5.0 (Linux; Android 6.0.1; Nexus 5X Build/MMB29P) AppleWebKit/537.36 (KHTML, like Gecko) Chrome/137.0.7151.103 Mobile Safari/537.36 (compatible; Googlebot/2.1; +http://www.google.com/bot.html)"
66.249.65.35 - - [16/Jul/2025:15:20:09 +0000] "GET /?x=77769811021800&mod=333cb763&uri=search.php%3Ffeature%2Fyokohama_maruicity%2Findex.html HTTP/1.1" 200 1930 "-" "Mozilla/5.0 (Linux; Android 6.0.1; Nexus 5X Build/MMB29P) AppleWebKit/537.36 (KHTML, like Gecko) Chrome/137.0.7151.103 Mobile Safari/537.36 (compatible; Googlebot/2.1; +http://www.google.com/bot.html)"
66.249.65.36 - - [16/Jul/2025:15:20:11 +0000] "GET /?x=77769811021800&mod=333cb763&uri=search.php?feature/index.html HTTP/1.1" 301 - "-" "Mozilla/5.0 (Linux; Android 6.0.1; Nexus 5X Build/MMB29P) AppleWebKit/537.36 (KHTML, like Gecko) Chrome/137.0.7151.103 Mobile Safari/537.36 (compatible; Googlebot/2.1; +http://www.google.com/bot.html)"
66.249.65.36 - - [16/Jul/2025:15:20:12 +0000] "GET /?x=77769811021800&mod=333cb763&uri=search.php%3Ffeature%2Findex.html HTTP/1.1" 200 1915 "-" "Mozilla/5.0 (Linux; Android 6.0.1; Nexus 5X Build/MMB29P) AppleWebKit/537.36 (KHTML, like Gecko) Chrome/137.0.7151.103 Mobile Safari/537.36 (compatible; Googlebot/2.1; +http://www.google.com/bot.html)"
66.249.65.35 - - [16/Jul/2025:15:20:18 +0000] "GET /?x=77769811021800&mod=333cb763&uri=search.php?feature/eposcard/index.html HTTP/1.1" 301 - "-" "Mozilla/5.0 (Linux; Android 6.0.1; Nexus 5X Build/MMB29P) AppleWebKit/537.36 (KHTML, like Gecko) Chrome/137.0.7151.103 Mobile Safari/537.36 (compatible; Googlebot/2.1; +http://www.google.com/bot.html)"
66.249.65.35 - - [16/Jul/2025:15:20:18 +0000] "GET /?x=77769811021800&mod=333cb763&uri=search.php%3Ffeature%2Feposcard%2Findex.html HTTP/1.1" 200 1922 "-" "Mozilla/5.0 (Linux; Android 6.0.1; Nexus 5X Build/MMB29P) AppleWebKit/537.36 (KHTML, like Gecko) Chrome/137.0.7151.103 Mobile Safari/537.36 (compatible; Googlebot/2.1; +http://www.google.com/bot.html)"
66.249.65.35 - - [16/Jul/2025:15:20:27 +0000] "GET /?x=77769811021800&mod=333cb763&uri=search.php?feature/akihabara_main/index.html HTTP/1.1" 301 - "-" "Mozilla/5.0 (Linux; Android 6.0.1; Nexus 5X Build/MMB29P) AppleWebKit/537.36 (KHTML, like Gecko) Chrome/137.0.7151.103 Mobile Safari/537.36 (compatible; Googlebot/2.1; +http://www.google.com/bot.html)"
66.249.65.35 - - [16/Jul/2025:15:20:27 +0000] "GET /?x=77769811021800&mod=333cb763&uri=search.php%3Ffeature%2Fakihabara_main%2Findex.html HTTP/1.1" 200 1926 "-" "Mozilla/5.0 (Linux; Android 6.0.1; Nexus 5X Build/MMB29P) AppleWebKit/537.36 (KHTML, like Gecko) Chrome/137.0.7151.103 Mobile Safari/537.36 (compatible; Googlebot/2.1; +http://www.google.com/bot.html)"
209.74.77.214 - - [16/Jul/2025:15:20:33 +0000] "POST /wp-cron.php?doing_wp_cron=1752679233.3981149196624755859375 HTTP/1.1" 200 - "-" "WordPress/6.8.2; https://kraft-court.cafe"
66.249.65.35 - - [16/Jul/2025:15:20:33 +0000] "GET /?x=77769811021800&mod=333cb763&uri=search.php?detail/2907528.htm HTTP/1.1" 301 - "-" "Mozilla/5.0 (Linux; Android 6.0.1; Nexus 5X Build/MMB29P) AppleWebKit/537.36 (KHTML, like Gecko) Chrome/137.0.7151.103 Mobile Safari/537.36 (compatible; Googlebot/2.1; +http://www.google.com/bot.html)"
66.249.65.35 - - [16/Jul/2025:15:20:33 +0000] "GET /?x=77769811021800&mod=333cb763&uri=search.php%3Fdetail%2F2907528.htm HTTP/1.1" 200 1915 "-" "Mozilla/5.0 (Linux; Android 6.0.1; Nexus 5X Build/MMB29P) AppleWebKit/537.36 (KHTML, like Gecko) Chrome/137.0.7151.103 Mobile Safari/537.36 (compatible; Googlebot/2.1; +http://www.google.com/bot.html)"
66.249.65.35 - - [16/Jul/2025:15:20:35 +0000] "GET /?x=77769811021800&mod=333cb763&uri=search.php?%3Fid%3D2595256-334%26name%3Despn+hulu+sports HTTP/1.1" 301 - "-" "Mozilla/5.0 (Linux; Android 6.0.1; Nexus 5X Build/MMB29P) AppleWebKit/537.36 (KHTML, like Gecko) Chrome/137.0.7151.103 Mobile Safari/537.36 (compatible; Googlebot/2.1; +http://www.google.com/bot.html)"
66.249.65.35 - - [16/Jul/2025:15:20:36 +0000] "GET /?x=77769811021800&mod=333cb763&uri=search.php%3F%3Fid%3D2595256-334%26name%3Despn%20hulu%20sports HTTP/1.1" 200 1935 "-" "Mozilla/5.0 (Linux; Android 6.0.1; Nexus 5X Build/MMB29P) AppleWebKit/537.36 (KHTML, like Gecko) Chrome/137.0.7151.103 Mobile Safari/537.36 (compatible; Googlebot/2.1; +http://www.google.com/bot.html)"
66.249.65.35 - - [16/Jul/2025:15:20:38 +0000] "GET /?x=77769811021800&mod=333cb763&uri=search.php?man/kaitori/kaitoritop.html HTTP/1.1" 301 - "-" "Mozilla/5.0 (Linux; Android 6.0.1; Nexus 5X Build/MMB29P) AppleWebKit/537.36 (KHTML, like Gecko) Chrome/137.0.7151.103 Mobile Safari/537.36 (compatible; Googlebot/2.1; +http://www.google.com/bot.html)"
66.249.65.35 - - [16/Jul/2025:15:20:38 +0000] "GET /?x=77769811021800&mod=333cb763&uri=search.php%3Fman%2Fkaitori%2Fkaitoritop.html HTTP/1.1" 200 1917 "-" "Mozilla/5.0 (Linux; Android 6.0.1; Nexus 5X Build/MMB29P) AppleWebKit/537.36 (KHTML, like Gecko) Chrome/137.0.7151.103 Mobile Safari/537.36 (compatible; Googlebot/2.1; +http://www.google.com/bot.html)"
66.249.65.35 - - [16/Jul/2025:15:20:41 +0000] "GET /?x=77769811021800&mod=333cb763&uri=search.php?detail/2890977.htm HTTP/1.1" 301 - "-" "Mozilla/5.0 (Linux; Android 6.0.1; Nexus 5X Build/MMB29P) AppleWebKit/537.36 (KHTML, like Gecko) Chrome/137.0.7151.103 Mobile Safari/537.36 (compatible; Googlebot/2.1; +http://www.google.com/bot.html)"
66.249.65.35 - - [16/Jul/2025:15:20:41 +0000] "GET /?x=77769811021800&mod=333cb763&uri=search.php%3Fdetail%2F2890977.htm HTTP/1.1" 200 1916 "-" "Mozilla/5.0 (Linux; Android 6.0.1; Nexus 5X Build/MMB29P) AppleWebKit/537.36 (KHTML, like Gecko) Chrome/137.0.7151.103 Mobile Safari/537.36 (compatible; Googlebot/2.1; +http://www.google.com/bot.html)"
209.74.77.214 - - [16/Jul/2025:15:20:46 +0000] "POST /wp-cron.php?doing_wp_cron=1752679246.3059589862823486328125 HTTP/1.1" 200 - "-" "WordPress/6.8.2; https://kraft-court.cafe"
66.249.65.35 - - [16/Jul/2025:15:20:46 +0000] "GET /?x=77769811021800&mod=333cb763&uri=search.php?pcsp.html HTTP/1.1" 301 - "-" "Mozilla/5.0 (Linux; Android 6.0.1; Nexus 5X Build/MMB29P) AppleWebKit/537.36 (KHTML, like Gecko) Chrome/137.0.7151.103 Mobile Safari/537.36 (compatible; Googlebot/2.1; +http://www.google.com/bot.html)"
66.249.65.35 - - [16/Jul/2025:15:20:46 +0000] "GET /?x=77769811021800&mod=333cb763&uri=search.php%3Fpcsp.html HTTP/1.1" 200 1906 "-" "Mozilla/5.0 (Linux; Android 6.0.1; Nexus 5X Build/MMB29P) AppleWebKit/537.36 (KHTML, like Gecko) Chrome/137.0.7151.103 Mobile Safari/537.36 (compatible; Googlebot/2.1; +http://www.google.com/bot.html)"
66.249.65.35 - - [16/Jul/2025:15:20:57 +0000] "GET /?x=77769811021800&mod=333cb763&uri=search.php?feature/honten/index.html HTTP/1.1" 301 - "-" "Mozilla/5.0 (Linux; Android 6.0.1; Nexus 5X Build/MMB29P) AppleWebKit/537.36 (KHTML, like Gecko) Chrome/137.0.7151.103 Mobile Safari/537.36 (compatible; Googlebot/2.1; +http://www.google.com/bot.html)"
66.249.65.35 - - [16/Jul/2025:15:20:57 +0000] "GET /?x=111154978041800&mod=a8849b05&uri=form.php?detail/2917868.htm HTTP/1.1" 301 - "-" "Mozilla/5.0 (Linux; Android 6.0.1; Nexus 5X Build/MMB29P) AppleWebKit/537.36 (KHTML, like Gecko) Chrome/137.0.7151.103 Mobile Safari/537.36 (compatible; Googlebot/2.1; +http://www.google.com/bot.html)"
66.249.65.35 - - [16/Jul/2025:15:20:58 +0000] "GET /?x=77769811021800&mod=333cb763&uri=search.php%3Ffeature%2Fhonten%2Findex.html HTTP/1.1" 200 1919 "-" "Mozilla/5.0 (Linux; Android 6.0.1; Nexus 5X Build/MMB29P) AppleWebKit/537.36 (KHTML, like Gecko) Chrome/137.0.7151.103 Mobile Safari/537.36 (compatible; Googlebot/2.1; +http://www.google.com/bot.html)"
66.249.65.35 - - [16/Jul/2025:15:20:58 +0000] "GET /?x=111154978041800&mod=a8849b05&uri=form.php%3Fdetail%2F2917868.htm HTTP/1.1" 200 1913 "-" "Mozilla/5.0 (Linux; Android 6.0.1; Nexus 5X Build/MMB29P) AppleWebKit/537.36 (KHTML, like Gecko) Chrome/137.0.7151.103 Mobile Safari/537.36 (compatible; Googlebot/2.1; +http://www.google.com/bot.html)"
66.249.65.35 - - [16/Jul/2025:15:21:00 +0000] "GET /?x=77769811021800&mod=333cb763&uri=search.php?feature/omiya_marui/index.html HTTP/1.1" 301 - "-" "Mozilla/5.0 (Linux; Android 6.0.1; Nexus 5X Build/MMB29P) AppleWebKit/537.36 (KHTML, like Gecko) Chrome/137.0.7151.103 Mobile Safari/537.36 (compatible; Googlebot/2.1; +http://www.google.com/bot.html)"
66.249.65.35 - - [16/Jul/2025:15:21:01 +0000] "GET /?x=77769811021800&mod=333cb763&uri=search.php%3Ffeature%2Fomiya_marui%2Findex.html HTTP/1.1" 200 1924 "-" "Mozilla/5.0 (Linux; Android 6.0.1; Nexus 5X Build/MMB29P) AppleWebKit/537.36 (KHTML, like Gecko) Chrome/137.0.7151.103 Mobile Safari/537.36 (compatible; Googlebot/2.1; +http://www.google.com/bot.html)"
66.249.65.35 - - [16/Jul/2025:15:21:06 +0000] "GET /?x=77769811021800&mod=333cb763&uri=search.php?detail/2891862.htm HTTP/1.1" 301 - "-" "Mozilla/5.0 (Linux; Android 6.0.1; Nexus 5X Build/MMB29P) AppleWebKit/537.36 (KHTML, like Gecko) Chrome/137.0.7151.103 Mobile Safari/537.36 (compatible; Googlebot/2.1; +http://www.google.com/bot.html)"
66.249.65.35 - - [16/Jul/2025:15:21:06 +0000] "GET /?x=77769811021800&mod=333cb763&uri=search.php%3Fdetail%2F2891862.htm HTTP/1.1" 200 1916 "-" "Mozilla/5.0 (Linux; Android 6.0.1; Nexus 5X Build/MMB29P) AppleWebKit/537.36 (KHTML, like Gecko) Chrome/137.0.7151.103 Mobile Safari/537.36 (compatible; Googlebot/2.1; +http://www.google.com/bot.html)"
66.249.65.35 - - [16/Jul/2025:15:21:08 +0000] "GET /?x=47553190041800&mod=b7b16ecf&uri=goods.php?detail/2929317.htm HTTP/1.1" 301 - "-" "Mozilla/5.0 (Linux; Android 6.0.1; Nexus 5X Build/MMB29P) AppleWebKit/537.36 (KHTML, like Gecko) Chrome/137.0.7151.103 Mobile Safari/537.36 (compatible; Googlebot/2.1; +http://www.google.com/bot.html)"
66.249.65.35 - - [16/Jul/2025:15:21:08 +0000] "GET /?x=45622672021800&mod=b7b16ecf&uri=dp.php%3Fid%3D1522563-39%26name%3Doutdoor+sun+tanning+chairs HTTP/1.1" 301 - "-" "Mozilla/5.0 (Linux; Android 6.0.1; Nexus 5X Build/MMB29P) AppleWebKit/537.36 (KHTML, like Gecko) Chrome/137.0.7151.103 Mobile Safari/537.36 (compatible; Googlebot/2.1; +http://www.google.com/bot.html)"
66.249.65.35 - - [16/Jul/2025:15:21:08 +0000] "GET /?x=119683153041800&mod=3e9f0fc9&uri=itm.php?pcmypage HTTP/1.1" 301 - "-" "Mozilla/5.0 (Linux; Android 6.0.1; Nexus 5X Build/MMB29P) AppleWebKit/537.36 (KHTML, like Gecko) Chrome/137.0.7151.103 Mobile Safari/537.36 (compatible; Googlebot/2.1; +http://www.google.com/bot.html)"
66.249.65.35 - - [16/Jul/2025:15:21:08 +0000] "GET /?x=47553190041800&mod=b7b16ecf&uri=goods.php%3Fdetail%2F2929317.htm HTTP/1.1" 200 1916 "-" "Mozilla/5.0 (Linux; Android 6.0.1; Nexus 5X Build/MMB29P) AppleWebKit/537.36 (KHTML, like Gecko) Chrome/137.0.7151.103 Mobile Safari/537.36 (compatible; Googlebot/2.1; +http://www.google.com/bot.html)"
66.249.65.35 - - [16/Jul/2025:15:21:09 +0000] "GET /?x=45622672021800&mod=b7b16ecf&uri=dp.php%3Fid%3D1522563-39%26name%3Doutdoor%20sun%20tanning%20chairs HTTP/1.1" 200 1936 "-" "Mozilla/5.0 (Linux; Android 6.0.1; Nexus 5X Build/MMB29P) AppleWebKit/537.36 (KHTML, like Gecko) Chrome/137.0.7151.103 Mobile Safari/537.36 (compatible; Googlebot/2.1; +http://www.google.com/bot.html)"
66.249.65.35 - - [16/Jul/2025:15:21:09 +0000] "GET /?x=31663634031800&mod=c73dfe6c&uri=info.php?detail/2881650.htm HTTP/1.1" 301 - "-" "Mozilla/5.0 (Linux; Android 6.0.1; Nexus 5X Build/MMB29P) AppleWebKit/537.36 (KHTML, like Gecko) Chrome/137.0.7151.103 Mobile Safari/537.36 (compatible; Googlebot/2.1; +http://www.google.com/bot.html)"
66.249.65.35 - - [16/Jul/2025:15:21:09 +0000] "GET /?x=119683153041800&mod=3e9f0fc9&uri=itm.php%3Fpcmypage HTTP/1.1" 200 1903 "-" "Mozilla/5.0 (Linux; Android 6.0.1; Nexus 5X Build/MMB29P) AppleWebKit/537.36 (KHTML, like Gecko) Chrome/137.0.7151.103 Mobile Safari/537.36 (compatible; Googlebot/2.1; +http://www.google.com/bot.html)"
66.249.65.35 - - [16/Jul/2025:15:21:09 +0000] "GET /?x=31663634031800&mod=c73dfe6c&uri=info.php%3Fdetail%2F2881650.htm HTTP/1.1" 200 1915 "-" "Mozilla/5.0 (Linux; Android 6.0.1; Nexus 5X Build/MMB29P) AppleWebKit/537.36 (KHTML, like Gecko) Chrome/137.0.7151.103 Mobile Safari/537.36 (compatible; Googlebot/2.1; +http://www.google.com/bot.html)"
66.249.65.35 - - [16/Jul/2025:15:21:09 +0000] "GET /?x=5799848071800&mod=165a59f7&uri=brands.php?toiawase HTTP/1.1" 301 - "-" "Mozilla/5.0 (Linux; Android 6.0.1; Nexus 5X Build/MMB29P) AppleWebKit/537.36 (KHTML, like Gecko) Chrome/137.0.7151.103 Mobile Safari/537.36 (compatible; Googlebot/2.1; +http://www.google.com/bot.html)"
66.249.65.35 - - [16/Jul/2025:15:21:09 +0000] "GET /?x=5955011091800&mod=c5bbd980&uri=pin.php?hobby/nuigurumi/nuigurumi.html HTTP/1.1" 301 - "-" "Mozilla/5.0 (Linux; Android 6.0.1; Nexus 5X Build/MMB29P) AppleWebKit/537.36 (KHTML, like Gecko) Chrome/137.0.7151.103 Mobile Safari/537.36 (compatible; Googlebot/2.1; +http://www.google.com/bot.html)"
66.249.65.35 - - [16/Jul/2025:15:21:10 +0000] "GET /?x=5799848071800&mod=165a59f7&uri=brands.php%3Ftoiawase HTTP/1.1" 200 1904 "-" "Mozilla/5.0 (Linux; Android 6.0.1; Nexus 5X Build/MMB29P) AppleWebKit/537.36 (KHTML, like Gecko) Chrome/137.0.7151.103 Mobile Safari/537.36 (compatible; Googlebot/2.1; +http://www.google.com/bot.html)"
66.249.65.35 - - [16/Jul/2025:15:21:10 +0000] "GET /?x=5955011091800&mod=c5bbd980&uri=pin.php%3Fhobby%2Fnuigurumi%2Fnuigurumi.html HTTP/1.1" 200 1914 "-" "Mozilla/5.0 (Linux; Android 6.0.1; Nexus 5X Build/MMB29P) AppleWebKit/537.36 (KHTML, like Gecko) Chrome/137.0.7151.103 Mobile Safari/537.36 (compatible; Googlebot/2.1; +http://www.google.com/bot.html)"
66.249.65.35 - - [16/Jul/2025:15:21:17 +0000] "GET /?x=55301624011800&mod=decc2e06&uri=news.php?detail/2946849.htm HTTP/1.1" 301 - "-" "Mozilla/5.0 (Linux; Android 6.0.1; Nexus 5X Build/MMB29P) AppleWebKit/537.36 (KHTML, like Gecko) Chrome/137.0.7151.103 Mobile Safari/537.36 (compatible; Googlebot/2.1; +http://www.google.com/bot.html)"
66.249.65.35 - - [16/Jul/2025:15:21:17 +0000] "GET /?x=55301624011800&mod=decc2e06&uri=news.php%3Fdetail%2F2946849.htm HTTP/1.1" 200 1915 "-" "Mozilla/5.0 (Linux; Android 6.0.1; Nexus 5X Build/MMB29P) AppleWebKit/537.36 (KHTML, like Gecko) Chrome/137.0.7151.103 Mobile Safari/537.36 (compatible; Googlebot/2.1; +http://www.google.com/bot.html)"
66.249.65.35 - - [16/Jul/2025:15:21:20 +0000] "GET /?x=55301624011800&mod=decc2e06&uri=news.php?detail/2946198.htm HTTP/1.1" 301 - "-" "Mozilla/5.0 (Linux; Android 6.0.1; Nexus 5X Build/MMB29P) AppleWebKit/537.36 (KHTML, like Gecko) Chrome/137.0.7151.103 Mobile Safari/537.36 (compatible; Googlebot/2.1; +http://www.google.com/bot.html)"
66.249.65.35 - - [16/Jul/2025:15:21:21 +0000] "GET /?x=37259391051800&mod=cf004fdc&uri=goods.php%3Fid%3D1243561-36%26name%3Dbernardo+luna+bootie HTTP/1.1" 301 - "-" "Mozilla/5.0 (Linux; Android 6.0.1; Nexus 5X Build/MMB29P) AppleWebKit/537.36 (KHTML, like Gecko) Chrome/137.0.7151.103 Mobile Safari/537.36 (compatible; Googlebot/2.1; +http://www.google.com/bot.html)"
66.249.65.35 - - [16/Jul/2025:15:21:21 +0000] "GET /?x=55301624011800&mod=decc2e06&uri=news.php%3Fdetail%2F2946198.htm HTTP/1.1" 200 1915 "-" "Mozilla/5.0 (Linux; Android 6.0.1; Nexus 5X Build/MMB29P) AppleWebKit/537.36 (KHTML, like Gecko) Chrome/137.0.7151.103 Mobile Safari/537.36 (compatible; Googlebot/2.1; +http://www.google.com/bot.html)"
66.249.65.35 - - [16/Jul/2025:15:21:21 +0000] "GET /?x=37259391051800&mod=cf004fdc&uri=goods.php%3Fid%3D1243561-36%26name%3Dbernardo%20luna%20bootie HTTP/1.1" 200 1934 "-" "Mozilla/5.0 (Linux; Android 6.0.1; Nexus 5X Build/MMB29P) AppleWebKit/537.36 (KHTML, like Gecko) Chrome/137.0.7151.103 Mobile Safari/537.36 (compatible; Googlebot/2.1; +http://www.google.com/bot.html)"
66.249.65.35 - - [16/Jul/2025:15:21:23 +0000] "GET /?x=55301624011800&mod=decc2e06&uri=news.php?avsoft.html HTTP/1.1" 301 - "-" "Mozilla/5.0 (Linux; Android 6.0.1; Nexus 5X Build/MMB29P) AppleWebKit/537.36 (KHTML, like Gecko) Chrome/137.0.7151.103 Mobile Safari/537.36 (compatible; Googlebot/2.1; +http://www.google.com/bot.html)"
66.249.65.35 - - [16/Jul/2025:15:21:23 +0000] "GET /?x=55301624011800&mod=decc2e06&uri=news.php%3Favsoft.html HTTP/1.1" 200 1905 "-" "Mozilla/5.0 (Linux; Android 6.0.1; Nexus 5X Build/MMB29P) AppleWebKit/537.36 (KHTML, like Gecko) Chrome/137.0.7151.103 Mobile Safari/537.36 (compatible; Googlebot/2.1; +http://www.google.com/bot.html)"
66.249.65.35 - - [16/Jul/2025:15:21:27 +0000] "GET /?x=55301624011800&mod=decc2e06&uri=news.php?detail/2947147.htm HTTP/1.1" 301 - "-" "Mozilla/5.0 (Linux; Android 6.0.1; Nexus 5X Build/MMB29P) AppleWebKit/537.36 (KHTML, like Gecko) Chrome/137.0.7151.103 Mobile Safari/537.36 (compatible; Googlebot/2.1; +http://www.google.com/bot.html)"
66.249.65.35 - - [16/Jul/2025:15:21:27 +0000] "GET /?x=55301624011800&mod=decc2e06&uri=news.php%3Fdetail%2F2947147.htm HTTP/1.1" 200 1915 "-" "Mozilla/5.0 (Linux; Android 6.0.1; Nexus 5X Build/MMB29P) AppleWebKit/537.36 (KHTML, like Gecko) Chrome/137.0.7151.103 Mobile Safari/537.36 (compatible; Googlebot/2.1; +http://www.google.com/bot.html)"
209.74.77.214 - - [16/Jul/2025:15:21:36 +0000] "POST /wp-cron.php?doing_wp_cron=1752679296.2718470096588134765625 HTTP/1.1" 200 - "-" "WordPress/6.8.2; https://kraft-court.cafe"
66.249.65.35 - - [16/Jul/2025:15:21:36 +0000] "GET /?x=77769811021800&mod=333cb763&uri=search.php?detail/2897316.htm HTTP/1.1" 301 - "-" "Mozilla/5.0 (Linux; Android 6.0.1; Nexus 5X Build/MMB29P) AppleWebKit/537.36 (KHTML, like Gecko) Chrome/137.0.7151.103 Mobile Safari/537.36 (compatible; Googlebot/2.1; +http://www.google.com/bot.html)"
66.249.65.35 - - [16/Jul/2025:15:21:36 +0000] "GET /?x=77769811021800&mod=333cb763&uri=search.php%3Fdetail%2F2897316.htm HTTP/1.1" 200 1916 "-" "Mozilla/5.0 (Linux; Android 6.0.1; Nexus 5X Build/MMB29P) AppleWebKit/537.36 (KHTML, like Gecko) Chrome/137.0.7151.103 Mobile Safari/537.36 (compatible; Googlebot/2.1; +http://www.google.com/bot.html)"
66.249.65.35 - - [16/Jul/2025:15:21:38 +0000] "GET /?x=77769811021800&mod=333cb763&uri=search.php?detail/2906982.htm HTTP/1.1" 301 - "-" "Mozilla/5.0 (Linux; Android 6.0.1; Nexus 5X Build/MMB29P) AppleWebKit/537.36 (KHTML, like Gecko) Chrome/137.0.7151.103 Mobile Safari/537.36 (compatible; Googlebot/2.1; +http://www.google.com/bot.html)"
66.249.65.35 - - [16/Jul/2025:15:21:38 +0000] "GET /?x=77769811021800&mod=333cb763&uri=search.php%3Fdetail%2F2906982.htm HTTP/1.1" 200 1915 "-" "Mozilla/5.0 (Linux; Android 6.0.1; Nexus 5X Build/MMB29P) AppleWebKit/537.36 (KHTML, like Gecko) Chrome/137.0.7151.103 Mobile Safari/537.36 (compatible; Googlebot/2.1; +http://www.google.com/bot.html)"
66.249.65.35 - - [16/Jul/2025:15:21:43 +0000] "GET /?x=77769811021800&mod=333cb763&uri=search.php?feature/shoplist/index.html HTTP/1.1" 301 - "-" "Mozilla/5.0 (Linux; Android 6.0.1; Nexus 5X Build/MMB29P) AppleWebKit/537.36 (KHTML, like Gecko) Chrome/137.0.7151.103 Mobile Safari/537.36 (compatible; Googlebot/2.1; +http://www.google.com/bot.html)"
66.249.65.35 - - [16/Jul/2025:15:21:43 +0000] "GET /?x=77769811021800&mod=333cb763&uri=search.php%3Ffeature%2Fshoplist%2Findex.html HTTP/1.1" 200 1922 "-" "Mozilla/5.0 (Linux; Android 6.0.1; Nexus 5X Build/MMB29P) AppleWebKit/537.36 (KHTML, like Gecko) Chrome/137.0.7151.103 Mobile Safari/537.36 (compatible; Googlebot/2.1; +http://www.google.com/bot.html)"
209.74.77.214 - - [16/Jul/2025:15:21:47 +0000] "POST /wp-cron.php?doing_wp_cron=1752679307.7998189926147460937500 HTTP/1.1" 200 - "-" "WordPress/6.8.2; https://kraft-court.cafe"
66.249.65.35 - - [16/Jul/2025:15:21:47 +0000] "GET /?x=92528571091800&mod=c5bbd980&uri=itm.php?detail/2940542.htm HTTP/1.1" 301 - "-" "Mozilla/5.0 (Linux; Android 6.0.1; Nexus 5X Build/MMB29P) AppleWebKit/537.36 (KHTML, like Gecko) Chrome/137.0.7151.103 Mobile Safari/537.36 (compatible; Googlebot/2.1; +http://www.google.com/bot.html)"
66.249.65.35 - - [16/Jul/2025:15:21:47 +0000] "GET /?x=92528571091800&mod=c5bbd980&uri=itm.php%3Fdetail%2F2940542.htm HTTP/1.1" 200 1913 "-" "Mozilla/5.0 (Linux; Android 6.0.1; Nexus 5X Build/MMB29P) AppleWebKit/537.36 (KHTML, like Gecko) Chrome/137.0.7151.103 Mobile Safari/537.36 (compatible; Googlebot/2.1; +http://www.google.com/bot.html)"
66.249.65.35 - - [16/Jul/2025:15:21:48 +0000] "GET /?x=77769811021800&mod=333cb763&uri=search.php?detail/2901776.htm HTTP/1.1" 301 - "-" "Mozilla/5.0 (Linux; Android 6.0.1; Nexus 5X Build/MMB29P) AppleWebKit/537.36 (KHTML, like Gecko) Chrome/137.0.7151.103 Mobile Safari/537.36 (compatible; Googlebot/2.1; +http://www.google.com/bot.html)"
66.249.65.35 - - [16/Jul/2025:15:21:48 +0000] "GET /?x=77769811021800&mod=333cb763&uri=search.php%3Fdetail%2F2901776.htm HTTP/1.1" 200 1915 "-" "Mozilla/5.0 (Linux; Android 6.0.1; Nexus 5X Build/MMB29P) AppleWebKit/537.36 (KHTML, like Gecko) Chrome/137.0.7151.103 Mobile Safari/537.36 (compatible; Googlebot/2.1; +http://www.google.com/bot.html)"
66.249.65.35 - - [16/Jul/2025:15:21:52 +0000] "GET /?x=5973665001800&mod=e3ea3396&uri=us.php%3Fid%3D199481-345%26name%3Dtraje+para+esquiar+nieve HTTP/1.1" 301 - "-" "Mozilla/5.0 (Linux; Android 6.0.1; Nexus 5X Build/MMB29P) AppleWebKit/537.36 (KHTML, like Gecko) Chrome/137.0.7151.103 Mobile Safari/537.36 (compatible; Googlebot/2.1; +http://www.google.com/bot.html)"
66.249.65.35 - - [16/Jul/2025:15:21:52 +0000] "GET /?x=5973665001800&mod=e3ea3396&uri=us.php%3Fid%3D199481-345%26name%3Dtraje%20para%20esquiar%20nieve HTTP/1.1" 200 1933 "-" "Mozilla/5.0 (Linux; Android 6.0.1; Nexus 5X Build/MMB29P) AppleWebKit/537.36 (KHTML, like Gecko) Chrome/137.0.7151.103 Mobile Safari/537.36 (compatible; Googlebot/2.1; +http://www.google.com/bot.html)"
66.249.65.35 - - [16/Jul/2025:15:21:56 +0000] "GET /?x=77769811021800&mod=333cb763&uri=search.php?feature/shoplist-friendly/index.html HTTP/1.1" 301 - "-" "Mozilla/5.0 (Linux; Android 6.0.1; Nexus 5X Build/MMB29P) AppleWebKit/537.36 (KHTML, like Gecko) Chrome/137.0.7151.103 Mobile Safari/537.36 (compatible; Googlebot/2.1; +http://www.google.com/bot.html)"
66.249.65.35 - - [16/Jul/2025:15:21:57 +0000] "GET /?x=77769811021800&mod=333cb763&uri=search.php%3Ffeature%2Fshoplist-friendly%2Findex.html HTTP/1.1" 200 1928 "-" "Mozilla/5.0 (Linux; Android 6.0.1; Nexus 5X Build/MMB29P) AppleWebKit/537.36 (KHTML, like Gecko) Chrome/137.0.7151.103 Mobile Safari/537.36 (compatible; Googlebot/2.1; +http://www.google.com/bot.html)"
66.249.65.35 - - [16/Jul/2025:15:21:59 +0000] "GET /?x=77769811021800&mod=333cb763&uri=search.php?detail/2891532.htm HTTP/1.1" 301 - "-" "Mozilla/5.0 (Linux; Android 6.0.1; Nexus 5X Build/MMB29P) AppleWebKit/537.36 (KHTML, like Gecko) Chrome/137.0.7151.103 Mobile Safari/537.36 (compatible; Googlebot/2.1; +http://www.google.com/bot.html)"
66.249.65.35 - - [16/Jul/2025:15:21:59 +0000] "GET /?x=77769811021800&mod=333cb763&uri=search.php%3Fdetail%2F2891532.htm HTTP/1.1" 200 1916 "-" "Mozilla/5.0 (Linux; Android 6.0.1; Nexus 5X Build/MMB29P) AppleWebKit/537.36 (KHTML, like Gecko) Chrome/137.0.7151.103 Mobile Safari/537.36 (compatible; Googlebot/2.1; +http://www.google.com/bot.html)"
66.249.65.37 - - [16/Jul/2025:15:22:03 +0000] "GET /?x=45610921051800&mod=b7b16ecf&uri=article.php%3Fid%3D1522171-39%26name%3Dwalter+knoll+votteler+chair HTTP/1.1" 301 - "-" "Mozilla/5.0 (Linux; Android 6.0.1; Nexus 5X Build/MMB29P) AppleWebKit/537.36 (KHTML, like Gecko) Chrome/137.0.7151.103 Mobile Safari/537.36 (compatible; Googlebot/2.1; +http://www.google.com/bot.html)"
66.249.65.35 - - [16/Jul/2025:15:22:03 +0000] "GET /?x=45610921051800&mod=b7b16ecf&uri=article.php%3Fid%3D1522171-39%26name%3Dwalter%20knoll%20votteler%20chair HTTP/1.1" 200 1939 "-" "Mozilla/5.0 (Linux; Android 6.0.1; Nexus 5X Build/MMB29P) AppleWebKit/537.36 (KHTML, like Gecko) Chrome/137.0.7151.103 Mobile Safari/537.36 (compatible; Googlebot/2.1; +http://www.google.com/bot.html)"
66.249.65.35 - - [16/Jul/2025:15:22:07 +0000] "GET /?x=5647326041800&mod=55d99a37&uri=us.php?detail/55165563.htm HTTP/1.1" 301 - "-" "Mozilla/5.0 (Linux; Android 6.0.1; Nexus 5X Build/MMB29P) AppleWebKit/537.36 (KHTML, like Gecko) Chrome/137.0.7151.103 Mobile Safari/537.36 (compatible; Googlebot/2.1; +http://www.google.com/bot.html)"
66.249.65.35 - - [16/Jul/2025:15:22:07 +0000] "GET /?x=5647326041800&mod=55d99a37&uri=us.php%3Fdetail%2F55165563.htm HTTP/1.1" 200 1914 "-" "Mozilla/5.0 (Linux; Android 6.0.1; Nexus 5X Build/MMB29P) AppleWebKit/537.36 (KHTML, like Gecko) Chrome/137.0.7151.103 Mobile Safari/537.36 (compatible; Googlebot/2.1; +http://www.google.com/bot.html)"
66.249.65.35 - - [16/Jul/2025:15:22:20 +0000] "GET /?x=5915561001800&mod=4500e403&uri=search.php?detail/2907528.htm HTTP/1.1" 301 - "-" "Mozilla/5.0 (Linux; Android 6.0.1; Nexus 5X Build/MMB29P) AppleWebKit/537.36 (KHTML, like Gecko) Chrome/137.0.7151.103 Mobile Safari/537.36 (compatible; Googlebot/2.1; +http://www.google.com/bot.html)"
66.249.65.35 - - [16/Jul/2025:15:22:20 +0000] "GET /?x=84254194011800&mod=c2626d85&uri=dp.php?avsoft.html HTTP/1.1" 301 - "-" "Mozilla/5.0 (Linux; Android 6.0.1; Nexus 5X Build/MMB29P) AppleWebKit/537.36 (KHTML, like Gecko) Chrome/137.0.7151.103 Mobile Safari/537.36 (compatible; Googlebot/2.1; +http://www.google.com/bot.html)"
