66.249.65.36 - - [16/Jul/2025:17:24:30 +0000] "GET /?x=34926003081800&mod=a0872cc5&uri=category-info.php%3Ftoreka%2Fgoods_menu.html HTTP/1.1" 200 1922 "-" "Mozilla/5.0 (Linux; Android 6.0.1; Nexus 5X Build/MMB29P) AppleWebKit/537.36 (KHTML, like Gecko) Chrome/137.0.7151.103 Mobile Safari/537.36 (compatible; Googlebot/2.1; +http://www.google.com/bot.html)"
66.249.65.35 - - [16/Jul/2025:17:24:31 +0000] "GET /?x=84220116031800&mod=333cb763&uri=dp.php%3Fdetail%2F51055751.htm HTTP/1.1" 200 1915 "-" "Mozilla/5.0 (Linux; Android 6.0.1; Nexus 5X Build/MMB29P) AppleWebKit/537.36 (KHTML, like Gecko) Chrome/137.0.7151.103 Mobile Safari/537.36 (compatible; Googlebot/2.1; +http://www.google.com/bot.html)"
209.74.77.214 - - [16/Jul/2025:17:24:42 +0000] "POST /wp-cron.php?doing_wp_cron=1752686682.7996850013732910156250 HTTP/1.1" 200 - "-" "WordPress/6.8.2; https://kraft-court.cafe"
66.249.65.35 - - [16/Jul/2025:17:24:42 +0000] "GET /?x=35001052001800&mod=1e056d2b&uri=brands.php?detail/2903407.htm HTTP/1.1" 301 - "-" "Mozilla/5.0 (Linux; Android 6.0.1; Nexus 5X Build/MMB29P) AppleWebKit/537.36 (KHTML, like Gecko) Chrome/137.0.7151.103 Mobile Safari/537.36 (compatible; Googlebot/2.1; +http://www.google.com/bot.html)"
66.249.65.35 - - [16/Jul/2025:17:24:42 +0000] "GET /?x=35001052001800&mod=1e056d2b&uri=brands.php%3Fdetail%2F2903407.htm HTTP/1.1" 200 1915 "-" "Mozilla/5.0 (Linux; Android 6.0.1; Nexus 5X Build/MMB29P) AppleWebKit/537.36 (KHTML, like Gecko) Chrome/137.0.7151.103 Mobile Safari/537.36 (compatible; Googlebot/2.1; +http://www.google.com/bot.html)"
209.74.77.214 - - [16/Jul/2025:17:26:06 +0000] "POST /wp-cron.php?doing_wp_cron=1752686766.9305870532989501953125 HTTP/1.1" 200 - "-" "WordPress/6.8.2; https://kraft-court.cafe"
209.74.77.214 - - [16/Jul/2025:17:26:06 +0000] "POST /wp-cron.php?doing_wp_cron=1752686766.9305970668792724609375 HTTP/1.1" 200 - "-" "WordPress/6.8.2; https://kraft-court.cafe"
209.74.77.214 - - [16/Jul/2025:17:26:06 +0000] "POST /wp-cron.php?doing_wp_cron=1752686766.9306008815765380859375 HTTP/1.1" 200 - "-" "WordPress/6.8.2; https://kraft-court.cafe"
66.249.65.36 - - [16/Jul/2025:17:26:05 +0000] "GET /?x=25233611121800&mod=d20be76a&uri=goods.php?man/kaitori/kaitoritop.html HTTP/1.1" 301 - "-" "Mozilla/5.0 (Linux; Android 6.0.1; Nexus 5X Build/MMB29P) AppleWebKit/537.36 (KHTML, like Gecko) Chrome/137.0.7151.103 Mobile Safari/537.36 (compatible; Googlebot/2.1; +http://www.google.com/bot.html)"
66.249.65.36 - - [16/Jul/2025:17:26:06 +0000] "GET /?x=111154978041800&mod=a8849b05&uri=form.php?detail/2946849.htm HTTP/1.1" 301 - "-" "Mozilla/5.0 (Linux; Android 6.0.1; Nexus 5X Build/MMB29P) AppleWebKit/537.36 (KHTML, like Gecko) Chrome/137.0.7151.103 Mobile Safari/537.36 (compatible; Googlebot/2.1; +http://www.google.com/bot.html)"
66.249.65.35 - - [16/Jul/2025:17:26:05 +0000] "GET /?x=34671899081800&mod=9854d7af&uri=itm.php?detail/2906331.htm HTTP/1.1" 301 - "-" "Mozilla/5.0 (Linux; Android 6.0.1; Nexus 5X Build/MMB29P) AppleWebKit/537.36 (KHTML, like Gecko) Chrome/137.0.7151.103 Mobile Safari/537.36 (compatible; Googlebot/2.1; +http://www.google.com/bot.html)"
66.249.65.36 - - [16/Jul/2025:17:26:07 +0000] "GET /?x=111154978041800&mod=a8849b05&uri=form.php%3Fdetail%2F2946849.htm HTTP/1.1" 200 1912 "-" "Mozilla/5.0 (Linux; Android 6.0.1; Nexus 5X Build/MMB29P) AppleWebKit/537.36 (KHTML, like Gecko) Chrome/137.0.7151.103 Mobile Safari/537.36 (compatible; Googlebot/2.1; +http://www.google.com/bot.html)"
66.249.65.35 - - [16/Jul/2025:17:26:07 +0000] "GET /?x=25233611121800&mod=d20be76a&uri=goods.php%3Fman%2Fkaitori%2Fkaitoritop.html HTTP/1.1" 200 1913 "-" "Mozilla/5.0 (Linux; Android 6.0.1; Nexus 5X Build/MMB29P) AppleWebKit/537.36 (KHTML, like Gecko) Chrome/137.0.7151.103 Mobile Safari/537.36 (compatible; Googlebot/2.1; +http://www.google.com/bot.html)"
66.249.65.37 - - [16/Jul/2025:17:26:07 +0000] "GET /?x=34671899081800&mod=9854d7af&uri=itm.php%3Fdetail%2F2906331.htm HTTP/1.1" 200 1915 "-" "Mozilla/5.0 (Linux; Android 6.0.1; Nexus 5X Build/MMB29P) AppleWebKit/537.36 (KHTML, like Gecko) Chrome/137.0.7151.103 Mobile Safari/537.36 (compatible; Googlebot/2.1; +http://www.google.com/bot.html)"
103.27.200.73 - - [16/Jul/2025:17:26:14 +0000] "POST /xmlrpc.php HTTP/1.1" 200 403 "-" "Mozilla/5.0 (Windows NT 5.1; rv:7.0.1) Gecko/20100101 Firefox/7.0.1"
66.249.65.35 - - [16/Jul/2025:17:26:19 +0000] "GET /?x=34926003081800&mod=a0872cc5&uri=category-info.php?detail/2912670.htm HTTP/1.1" 301 - "-" "Mozilla/5.0 (Linux; Android 6.0.1; Nexus 5X Build/MMB29P) AppleWebKit/537.36 (KHTML, like Gecko) Chrome/137.0.7151.103 Mobile Safari/537.36 (compatible; Googlebot/2.1; +http://www.google.com/bot.html)"
66.249.65.35 - - [16/Jul/2025:17:26:19 +0000] "GET /?x=34926003081800&mod=a0872cc5&uri=category-info.php%3Fdetail%2F2912670.htm HTTP/1.1" 200 1921 "-" "Mozilla/5.0 (Linux; Android 6.0.1; Nexus 5X Build/MMB29P) AppleWebKit/537.36 (KHTML, like Gecko) Chrome/137.0.7151.103 Mobile Safari/537.36 (compatible; Googlebot/2.1; +http://www.google.com/bot.html)"
5.78.78.176 - - [16/Jul/2025:17:26:24 +0000] "POST /xmlrpc.php HTTP/1.1" 200 403 "-" "Mozilla/5.0 (Windows NT 10.0; Win64; x64) AppleWebKit/537.36 (KHTML, like Gecko) Chrome/74.0.3729.131 Safari/537.36"
209.74.77.214 - - [16/Jul/2025:17:26:42 +0000] "POST /wp-cron.php?doing_wp_cron=1752686802.5499770641326904296875 HTTP/1.1" 200 - "-" "WordPress/6.8.2; https://kraft-court.cafe"
66.249.65.35 - - [16/Jul/2025:17:26:42 +0000] "GET /?x=34671899081800&mod=9854d7af&uri=itm.php?feature/campaign/index.html HTTP/1.1" 301 - "-" "Mozilla/5.0 (Linux; Android 6.0.1; Nexus 5X Build/MMB29P) AppleWebKit/537.36 (KHTML, like Gecko) Chrome/137.0.7151.103 Mobile Safari/537.36 (compatible; Googlebot/2.1; +http://www.google.com/bot.html)"
66.249.65.35 - - [16/Jul/2025:17:26:43 +0000] "GET /?x=34671899081800&mod=9854d7af&uri=itm.php%3Ffeature%2Fcampaign%2Findex.html HTTP/1.1" 200 1921 "-" "Mozilla/5.0 (Linux; Android 6.0.1; Nexus 5X Build/MMB29P) AppleWebKit/537.36 (KHTML, like Gecko) Chrome/137.0.7151.103 Mobile Safari/537.36 (compatible; Googlebot/2.1; +http://www.google.com/bot.html)"
209.74.77.214 - - [16/Jul/2025:17:26:55 +0000] "POST /wp-cron.php?doing_wp_cron=1752686815.2600510120391845703125 HTTP/1.1" 200 - "-" "WordPress/6.8.2; https://kraft-court.cafe"
51.222.253.4 - - [16/Jul/2025:17:26:55 +0000] "GET /?x=23263604001800&mod=81bc798a&uri=search.php%3Fid%3D776496-524%26name%3Dariat+engineer+boots HTTP/1.1" 301 - "-" "Mozilla/5.0 (compatible; AhrefsBot/7.0; +http://ahrefs.com/robot/)"
20.246.140.155 - - [16/Jul/2025:17:26:55 +0000] "POST /xmlrpc.php HTTP/1.1" 200 403 "-" "Mozilla/5.0 (Macintosh; Intel Mac OS X 10_10; rv:33.0) Gecko/20100101 Firefox/33.0"
103.117.121.46 - - [16/Jul/2025:17:27:03 +0000] "POST /xmlrpc.php HTTP/1.1" 200 403 "-" "Mozilla/5.0 (Windows NT 6.0; rv:34.0) Gecko/20100101 Firefox/34.0"
15.204.132.37 - - [16/Jul/2025:17:27:08 +0000] "POST /xmlrpc.php HTTP/1.1" 200 403 "-" "Mozilla/5.0 (Windows NT 6.1; WOW64; rv:44.0) Gecko/20100101 Firefox/44.0"
43.157.147.3 - - [16/Jul/2025:17:32:55 +0000] "GET / HTTP/1.1" 200 1850 "http://www.kraft-court.cafe" "Mozilla/5.0 (iPhone; CPU iPhone OS 13_2_3 like Mac OS X) AppleWebKit/605.1.15 (KHTML, like Gecko) Version/13.0.3 Mobile/15E148 Safari/604.1"
51.68.111.209 - - [16/Jul/2025:17:34:50 +0000] "GET /robots.txt HTTP/1.1" 200 96 "-" "Mozilla/5.0 (compatible; MJ12bot/v2.0.2; http://mj12bot.com/)"
51.68.111.209 - - [16/Jul/2025:17:34:50 +0000] "GET / HTTP/1.1" 200 1850 "-" "Mozilla/5.0 (compatible; MJ12bot/v2.0.2; http://mj12bot.com/)"
51.68.111.209 - - [16/Jul/2025:17:34:53 +0000] "GET / HTTP/1.1" 200 1850 "-" "Mozilla/5.0 (compatible; MJ12bot/v2.0.2; http://mj12bot.com/)"
209.74.77.214 - - [16/Jul/2025:17:36:24 +0000] "POST /wp-cron.php?doing_wp_cron=1752687384.2141671180725097656250 HTTP/1.1" 200 - "-" "WordPress/6.8.2; https://kraft-court.cafe"
51.222.253.10 - - [16/Jul/2025:17:36:22 +0000] "GET /?x=28589763021800&mod=fbdd9521&uri=shared.php%3Fid%3D954196-944%26name%3Dboutiques+canada+goose+paris HTTP/1.1" 301 - "-" "Mozilla/5.0 (compatible; AhrefsBot/7.0; +http://ahrefs.com/robot/)"
209.74.77.214 - - [16/Jul/2025:17:40:49 +0000] "POST /wp-cron.php?doing_wp_cron=1752687649.9543809890747070312500 HTTP/1.1" 200 - "-" "WordPress/6.8.2; https://kraft-court.cafe"
51.222.253.5 - - [16/Jul/2025:17:40:48 +0000] "GET /?x=31058039031800&mod=3e5190ee&uri=shop.php%3Fid%3D1036607-797%26name%3Dclearance+formal+dresses+under+%2450 HTTP/1.1" 301 - "-" "Mozilla/5.0 (compatible; AhrefsBot/7.0; +http://ahrefs.com/robot/)"
209.74.77.214 - - [16/Jul/2025:17:43:25 +0000] "POST /wp-cron.php?doing_wp_cron=1752687805.7426569461822509765625 HTTP/1.1" 200 - "-" "WordPress/6.8.2; https://kraft-court.cafe"
66.249.65.37 - - [16/Jul/2025:17:43:24 +0000] "GET /?x=47301108001800&mod=48584348&uri=shop.php?detail/2925742.htm HTTP/1.1" 301 - "-" "Mozilla/5.0 (Linux; Android 6.0.1; Nexus 5X Build/MMB29P) AppleWebKit/537.36 (KHTML, like Gecko) Chrome/137.0.7151.103 Mobile Safari/537.36 (compatible; Googlebot/2.1; +http://www.google.com/bot.html)"
66.249.65.37 - - [16/Jul/2025:17:43:25 +0000] "GET /?x=47301108001800&mod=48584348&uri=shop.php%3Fdetail%2F2925742.htm HTTP/1.1" 200 1913 "-" "Mozilla/5.0 (Linux; Android 6.0.1; Nexus 5X Build/MMB29P) AppleWebKit/537.36 (KHTML, like Gecko) Chrome/137.0.7151.103 Mobile Safari/537.36 (compatible; Googlebot/2.1; +http://www.google.com/bot.html)"
57.141.2.24 - - [16/Jul/2025:17:44:30 +0000] "GET /?x=76056910001800& HTTP/1.1" 301 - "-" "meta-externalagent/1.1 (+https://developers.facebook.com/docs/sharing/webmasters/crawler)"
57.141.2.23 - - [16/Jul/2025:17:44:30 +0000] "GET /?x=82406690061800& HTTP/1.1" 301 - "-" "meta-externalagent/1.1 (+https://developers.facebook.com/docs/sharing/webmasters/crawler)"
209.74.77.214 - - [16/Jul/2025:17:44:35 +0000] "POST /wp-cron.php?doing_wp_cron=1752687875.9070649147033691406250 HTTP/1.1" 200 - "-" "WordPress/6.8.2; https://kraft-court.cafe"
57.141.2.1 - - [16/Jul/2025:17:44:35 +0000] "GET /?x=3983035001800& HTTP/1.1" 301 - "-" "meta-externalagent/1.1 (+https://developers.facebook.com/docs/sharing/webmasters/crawler)"
57.141.2.11 - - [16/Jul/2025:17:44:39 +0000] "GET /?x=36576020071800& HTTP/1.1" 301 - "-" "meta-externalagent/1.1 (+https://developers.facebook.com/docs/sharing/webmasters/crawler)"
209.74.77.214 - - [16/Jul/2025:17:44:44 +0000] "POST /wp-cron.php?doing_wp_cron=1752687884.2432029247283935546875 HTTP/1.1" 200 - "-" "WordPress/6.8.2; https://kraft-court.cafe"
57.141.2.5 - - [16/Jul/2025:17:44:44 +0000] "GET /?x=110066171001800& HTTP/1.1" 301 - "-" "meta-externalagent/1.1 (+https://developers.facebook.com/docs/sharing/webmasters/crawler)"
57.141.2.21 - - [16/Jul/2025:17:44:45 +0000] "GET /?x=59649905011800& HTTP/1.1" 301 - "-" "meta-externalagent/1.1 (+https://developers.facebook.com/docs/sharing/webmasters/crawler)"
57.141.2.17 - - [16/Jul/2025:17:44:45 +0000] "GET /?x=118749759061800& HTTP/1.1" 301 - "-" "meta-externalagent/1.1 (+https://developers.facebook.com/docs/sharing/webmasters/crawler)"
57.141.2.6 - - [16/Jul/2025:17:44:49 +0000] "GET /?x=2792997031800& HTTP/1.1" 301 - "-" "meta-externalagent/1.1 (+https://developers.facebook.com/docs/sharing/webmasters/crawler)"
57.141.2.26 - - [16/Jul/2025:17:44:52 +0000] "GET /?x=5927051001800& HTTP/1.1" 301 - "-" "meta-externalagent/1.1 (+https://developers.facebook.com/docs/sharing/webmasters/crawler)"
57.141.2.5 - - [16/Jul/2025:17:44:53 +0000] "GET /?x=119076989001800& HTTP/1.1" 301 - "-" "meta-externalagent/1.1 (+https://developers.facebook.com/docs/sharing/webmasters/crawler)"
57.141.2.25 - - [16/Jul/2025:17:44:56 +0000] "GET /?x=41653157001800& HTTP/1.1" 301 - "-" "meta-externalagent/1.1 (+https://developers.facebook.com/docs/sharing/webmasters/crawler)"
57.141.2.13 - - [16/Jul/2025:17:44:57 +0000] "GET /?x=86171572041800& HTTP/1.1" 301 - "-" "meta-externalagent/1.1 (+https://developers.facebook.com/docs/sharing/webmasters/crawler)"
57.141.2.19 - - [16/Jul/2025:17:44:57 +0000] "GET /?x=18417418031800& HTTP/1.1" 301 - "-" "meta-externalagent/1.1 (+https://developers.facebook.com/docs/sharing/webmasters/crawler)"
57.141.2.7 - - [16/Jul/2025:17:45:00 +0000] "GET /?x=10099860001800& HTTP/1.1" 301 - "-" "meta-externalagent/1.1 (+https://developers.facebook.com/docs/sharing/webmasters/crawler)"
57.141.2.21 - - [16/Jul/2025:17:45:00 +0000] "GET /?x=63188485061800& HTTP/1.1" 301 - "-" "meta-externalagent/1.1 (+https://developers.facebook.com/docs/sharing/webmasters/crawler)"
57.141.2.27 - - [16/Jul/2025:17:45:04 +0000] "GET /?x=118781717001800& HTTP/1.1" 301 - "-" "meta-externalagent/1.1 (+https://developers.facebook.com/docs/sharing/webmasters/crawler)"
57.141.2.18 - - [16/Jul/2025:17:45:04 +0000] "GET /?x=82053857001800& HTTP/1.1" 301 - "-" "meta-externalagent/1.1 (+https://developers.facebook.com/docs/sharing/webmasters/crawler)"
57.141.2.22 - - [16/Jul/2025:17:45:07 +0000] "GET /?x=105624384071800& HTTP/1.1" 301 - "-" "meta-externalagent/1.1 (+https://developers.facebook.com/docs/sharing/webmasters/crawler)"
57.141.2.24 - - [16/Jul/2025:17:45:07 +0000] "GET /?x=101268122021800& HTTP/1.1" 301 - "-" "meta-externalagent/1.1 (+https://developers.facebook.com/docs/sharing/webmasters/crawler)"
57.141.2.7 - - [16/Jul/2025:17:45:08 +0000] "GET /?x=94025522061800& HTTP/1.1" 301 - "-" "meta-externalagent/1.1 (+https://developers.facebook.com/docs/sharing/webmasters/crawler)"
57.141.2.29 - - [16/Jul/2025:17:45:13 +0000] "GET /?x=109314593021800& HTTP/1.1" 301 - "-" "meta-externalagent/1.1 (+https://developers.facebook.com/docs/sharing/webmasters/crawler)"
57.141.2.26 - - [16/Jul/2025:17:45:15 +0000] "GET /?x=72417490061800& HTTP/1.1" 301 - "-" "meta-externalagent/1.1 (+https://developers.facebook.com/docs/sharing/webmasters/crawler)"
57.141.2.9 - - [16/Jul/2025:17:45:18 +0000] "GET /?x=103567817031800& HTTP/1.1" 301 - "-" "meta-externalagent/1.1 (+https://developers.facebook.com/docs/sharing/webmasters/crawler)"
57.141.2.1 - - [16/Jul/2025:17:45:20 +0000] "GET /?x=46299374031800& HTTP/1.1" 301 - "-" "meta-externalagent/1.1 (+https://developers.facebook.com/docs/sharing/webmasters/crawler)"
57.141.2.23 - - [16/Jul/2025:17:45:22 +0000] "GET /?x=49941399041800& HTTP/1.1" 301 - "-" "meta-externalagent/1.1 (+https://developers.facebook.com/docs/sharing/webmasters/crawler)"
57.141.2.22 - - [16/Jul/2025:17:45:28 +0000] "GET /?x=63188485061800 HTTP/1.1" 200 5469 "-" "meta-externalagent/1.1 (+https://developers.facebook.com/docs/sharing/webmasters/crawler)"
51.222.253.4 - - [16/Jul/2025:17:45:31 +0000] "GET /?x=31611363121800&mod=cff02a74&uri=product.php%3Fid%3D1055073-364%26name%3Dladies+lightweight+parka+coat HTTP/1.1" 301 - "-" "Mozilla/5.0 (compatible; AhrefsBot/7.0; +http://ahrefs.com/robot/)"
209.74.77.214 - - [16/Jul/2025:17:45:33 +0000] "POST /wp-cron.php?doing_wp_cron=1752687933.3079860210418701171875 HTTP/1.1" 200 - "-" "WordPress/6.8.2; https://kraft-court.cafe"
57.141.2.27 - - [16/Jul/2025:17:45:33 +0000] "GET /?x=103567817031800 HTTP/1.1" 200 5471 "-" "meta-externalagent/1.1 (+https://developers.facebook.com/docs/sharing/webmasters/crawler)"
57.141.2.29 - - [16/Jul/2025:17:45:34 +0000] "GET /?x=101268122021800 HTTP/1.1" 200 5471 "-" "meta-externalagent/1.1 (+https://developers.facebook.com/docs/sharing/webmasters/crawler)"
57.141.2.4 - - [16/Jul/2025:17:45:34 +0000] "GET /?x=41653157001800 HTTP/1.1" 200 5469 "-" "meta-externalagent/1.1 (+https://developers.facebook.com/docs/sharing/webmasters/crawler)"
57.141.2.10 - - [16/Jul/2025:17:45:35 +0000] "GET /?x=49941399041800 HTTP/1.1" 200 5469 "-" "meta-externalagent/1.1 (+https://developers.facebook.com/docs/sharing/webmasters/crawler)"
57.141.2.8 - - [16/Jul/2025:17:45:39 +0000] "GET /?x=105624384071800 HTTP/1.1" 200 5471 "-" "meta-externalagent/1.1 (+https://developers.facebook.com/docs/sharing/webmasters/crawler)"
57.141.2.11 - - [16/Jul/2025:17:45:40 +0000] "GET /?x=10099860001800 HTTP/1.1" 200 5469 "-" "meta-externalagent/1.1 (+https://developers.facebook.com/docs/sharing/webmasters/crawler)"
209.74.77.214 - - [16/Jul/2025:17:45:56 +0000] "POST /wp-cron.php?doing_wp_cron=1752687956.4698879718780517578125 HTTP/1.1" 200 - "-" "WordPress/6.8.2; https://kraft-court.cafe"
57.141.2.26 - - [16/Jul/2025:17:45:56 +0000] "GET /?x=5927051001800 HTTP/1.1" 200 5467 "-" "meta-externalagent/1.1 (+https://developers.facebook.com/docs/sharing/webmasters/crawler)"
57.141.2.22 - - [16/Jul/2025:17:45:59 +0000] "GET /?x=94025522061800 HTTP/1.1" 200 5469 "-" "meta-externalagent/1.1 (+https://developers.facebook.com/docs/sharing/webmasters/crawler)"
57.141.2.25 - - [16/Jul/2025:17:46:01 +0000] "GET /?x=86171572041800 HTTP/1.1" 200 5469 "-" "meta-externalagent/1.1 (+https://developers.facebook.com/docs/sharing/webmasters/crawler)"
66.249.65.37 - - [16/Jul/2025:17:46:07 +0000] "GET /?x=5665341041800&mod=dc6a7e65&uri=blog.php?detail/2900899.htm HTTP/1.1" 301 - "-" "Mozilla/5.0 (Linux; Android 6.0.1; Nexus 5X Build/MMB29P) AppleWebKit/537.36 (KHTML, like Gecko) Chrome/137.0.7151.103 Mobile Safari/537.36 (compatible; Googlebot/2.1; +http://www.google.com/bot.html)"
66.249.65.37 - - [16/Jul/2025:17:46:07 +0000] "GET /?x=5665341041800&mod=dc6a7e65&uri=blog.php%3Fdetail%2F2900899.htm HTTP/1.1" 200 1913 "-" "Mozilla/5.0 (Linux; Android 6.0.1; Nexus 5X Build/MMB29P) AppleWebKit/537.36 (KHTML, like Gecko) Chrome/137.0.7151.103 Mobile Safari/537.36 (compatible; Googlebot/2.1; +http://www.google.com/bot.html)"
57.141.2.27 - - [16/Jul/2025:17:46:16 +0000] "GET /?x=82053857001800 HTTP/1.1" 200 5469 "-" "meta-externalagent/1.1 (+https://developers.facebook.com/docs/sharing/webmasters/crawler)"
209.74.77.214 - - [16/Jul/2025:17:46:35 +0000] "POST /wp-cron.php?doing_wp_cron=1752687995.8936429023742675781250 HTTP/1.1" 200 - "-" "WordPress/6.8.2; https://kraft-court.cafe"
66.249.65.35 - - [16/Jul/2025:17:46:35 +0000] "GET /?x=47301108001800&mod=48584348&uri=shop.php?detail/2897316.htm HTTP/1.1" 301 - "-" "Mozilla/5.0 (Linux; Android 6.0.1; Nexus 5X Build/MMB29P) AppleWebKit/537.36 (KHTML, like Gecko) Chrome/137.0.7151.103 Mobile Safari/537.36 (compatible; Googlebot/2.1; +http://www.google.com/bot.html)"
66.249.65.36 - - [16/Jul/2025:17:46:36 +0000] "GET /?x=47301108001800&mod=48584348&uri=shop.php%3Fdetail%2F2897316.htm HTTP/1.1" 200 1913 "-" "Mozilla/5.0 (Linux; Android 6.0.1; Nexus 5X Build/MMB29P) AppleWebKit/537.36 (KHTML, like Gecko) Chrome/137.0.7151.103 Mobile Safari/537.36 (compatible; Googlebot/2.1; +http://www.google.com/bot.html)"
209.74.77.214 - - [16/Jul/2025:17:47:50 +0000] "POST /wp-cron.php?doing_wp_cron=1752688070.0662350654602050781250 HTTP/1.1" 200 - "-" "WordPress/6.8.2; https://kraft-court.cafe"
66.249.65.36 - - [16/Jul/2025:17:47:48 +0000] "GET /?x=34926003081800&mod=a0872cc5&uri=category-info.php?events/ HTTP/1.1" 301 - "-" "Mozilla/5.0 (Linux; Android 6.0.1; Nexus 5X Build/MMB29P) AppleWebKit/537.36 (KHTML, like Gecko) Chrome/137.0.7151.103 Mobile Safari/537.36 (compatible; Googlebot/2.1; +http://www.google.com/bot.html)"
66.249.65.36 - - [16/Jul/2025:17:47:50 +0000] "GET /?x=34926003081800&mod=a0872cc5&uri=category-info.php%3Fevents%2F HTTP/1.1" 200 1911 "-" "Mozilla/5.0 (Linux; Android 6.0.1; Nexus 5X Build/MMB29P) AppleWebKit/537.36 (KHTML, like Gecko) Chrome/137.0.7151.103 Mobile Safari/537.36 (compatible; Googlebot/2.1; +http://www.google.com/bot.html)"
209.74.77.214 - - [16/Jul/2025:17:49:14 +0000] "POST /wp-cron.php?doing_wp_cron=1752688154.6182138919830322265625 HTTP/1.1" 200 - "-" "WordPress/6.8.2; https://kraft-court.cafe"
66.249.65.35 - - [16/Jul/2025:17:49:13 +0000] "GET /?x=88955477031800&mod=76dc611d&uri=product.php?hobby/nuigurumi/nuigurumi.html HTTP/1.1" 301 - "-" "Mozilla/5.0 (Linux; Android 6.0.1; Nexus 5X Build/MMB29P) AppleWebKit/537.36 (KHTML, like Gecko) Chrome/137.0.7151.103 Mobile Safari/537.36 (compatible; Googlebot/2.1; +http://www.google.com/bot.html)"
66.249.65.37 - - [16/Jul/2025:17:49:14 +0000] "GET /?x=88955477031800&mod=76dc611d&uri=product.php%3Fhobby%2Fnuigurumi%2Fnuigurumi.html HTTP/1.1" 200 1920 "-" "Mozilla/5.0 (Linux; Android 6.0.1; Nexus 5X Build/MMB29P) AppleWebKit/537.36 (KHTML, like Gecko) Chrome/137.0.7151.103 Mobile Safari/537.36 (compatible; Googlebot/2.1; +http://www.google.com/bot.html)"
66.249.65.36 - - [16/Jul/2025:17:49:21 +0000] "GET /?x=5665341041800&mod=dc6a7e65&uri=blog.php?books.html HTTP/1.1" 301 - "-" "Mozilla/5.0 (Linux; Android 6.0.1; Nexus 5X Build/MMB29P) AppleWebKit/537.36 (KHTML, like Gecko) Chrome/137.0.7151.103 Mobile Safari/537.36 (compatible; Googlebot/2.1; +http://www.google.com/bot.html)"
66.249.65.35 - - [16/Jul/2025:17:49:21 +0000] "GET /?x=5665341041800&mod=dc6a7e65&uri=blog.php%3Fbooks.html HTTP/1.1" 200 1903 "-" "Mozilla/5.0 (Linux; Android 6.0.1; Nexus 5X Build/MMB29P) AppleWebKit/537.36 (KHTML, like Gecko) Chrome/137.0.7151.103 Mobile Safari/537.36 (compatible; Googlebot/2.1; +http://www.google.com/bot.html)"
209.74.77.214 - - [16/Jul/2025:17:49:43 +0000] "POST /wp-cron.php?doing_wp_cron=1752688183.5430800914764404296875 HTTP/1.1" 200 - "-" "WordPress/6.8.2; https://kraft-court.cafe"
66.249.65.35 - - [16/Jul/2025:17:49:43 +0000] "GET /?x=47301108001800&mod=48584348&uri=shop.php?man/kaitori/kantan.html HTTP/1.1" 301 - "-" "Mozilla/5.0 (Linux; Android 6.0.1; Nexus 5X Build/MMB29P) AppleWebKit/537.36 (KHTML, like Gecko) Chrome/137.0.7151.103 Mobile Safari/537.36 (compatible; Googlebot/2.1; +http://www.google.com/bot.html)"
66.249.65.35 - - [16/Jul/2025:17:49:43 +0000] "GET /?x=47301108001800&mod=48584348&uri=shop.php%3Fman%2Fkaitori%2Fkantan.html HTTP/1.1" 200 1913 "-" "Mozilla/5.0 (Linux; Android 6.0.1; Nexus 5X Build/MMB29P) AppleWebKit/537.36 (KHTML, like Gecko) Chrome/137.0.7151.103 Mobile Safari/537.36 (compatible; Googlebot/2.1; +http://www.google.com/bot.html)"
209.74.77.214 - - [16/Jul/2025:17:50:01 +0000] "POST /wp-cron.php?doing_wp_cron=1752688201.0842549800872802734375 HTTP/1.1" 200 - "-" "WordPress/6.8.2; https://kraft-court.cafe"
51.222.253.17 - - [16/Jul/2025:17:50:00 +0000] "GET /?x=31757474021800&mod=0f6b1f65&uri=search.php%3Fid%3D1059952-1003%26name%3Dlebron+15+flip+the+switch HTTP/1.1" 301 - "-" "Mozilla/5.0 (compatible; AhrefsBot/7.0; +http://ahrefs.com/robot/)"
209.74.77.214 - - [16/Jul/2025:17:50:50 +0000] "POST /wp-cron.php?doing_wp_cron=1752688250.8209910392761230468750 HTTP/1.1" 200 - "-" "WordPress/6.8.2; https://kraft-court.cafe"
66.249.65.37 - - [16/Jul/2025:17:50:49 +0000] "GET /?x=34926003081800&mod=a0872cc5&uri=category-info.php? HTTP/1.1" 301 - "-" "Mozilla/5.0 (Linux; Android 6.0.1; Nexus 5X Build/MMB29P) AppleWebKit/537.36 (KHTML, like Gecko) Chrome/137.0.7151.103 Mobile Safari/537.36 (compatible; Googlebot/2.1; +http://www.google.com/bot.html)"
66.249.65.37 - - [16/Jul/2025:17:50:50 +0000] "GET /?x=34926003081800&mod=a0872cc5&uri=category-info.php%3F HTTP/1.1" 200 1903 "-" "Mozilla/5.0 (Linux; Android 6.0.1; Nexus 5X Build/MMB29P) AppleWebKit/537.36 (KHTML, like Gecko) Chrome/137.0.7151.103 Mobile Safari/537.36 (compatible; Googlebot/2.1; +http://www.google.com/bot.html)"
209.74.77.214 - - [16/Jul/2025:17:52:00 +0000] "POST /wp-cron.php?doing_wp_cron=1752688320.3769309520721435546875 HTTP/1.1" 200 - "-" "WordPress/6.8.2; https://kraft-court.cafe"
66.249.65.35 - - [16/Jul/2025:17:51:59 +0000] "GET /?x=5665341041800&mod=dc6a7e65&uri=blog.php?detail/2880669.htm HTTP/1.1" 301 - "-" "Mozilla/5.0 (Linux; Android 6.0.1; Nexus 5X Build/MMB29P) AppleWebKit/537.36 (KHTML, like Gecko) Chrome/137.0.7151.103 Mobile Safari/537.36 (compatible; Googlebot/2.1; +http://www.google.com/bot.html)"
66.249.65.37 - - [16/Jul/2025:17:52:00 +0000] "GET /?x=5665341041800&mod=dc6a7e65&uri=blog.php%3Fdetail%2F2880669.htm HTTP/1.1" 200 1913 "-" "Mozilla/5.0 (Linux; Android 6.0.1; Nexus 5X Build/MMB29P) AppleWebKit/537.36 (KHTML, like Gecko) Chrome/137.0.7151.103 Mobile Safari/537.36 (compatible; Googlebot/2.1; +http://www.google.com/bot.html)"
66.249.65.36 - - [16/Jul/2025:17:52:19 +0000] "GET /?x=107517609061800&mod=c41dd99a&uri=products.php%3Fid%3D3588216-586%26name%3Dtenue+traditionnelle+kurde+femme HTTP/1.1" 301 - "-" "Mozilla/5.0 (Linux; Android 6.0.1; Nexus 5X Build/MMB29P) AppleWebKit/537.36 (KHTML, like Gecko) Chrome/137.0.7151.103 Mobile Safari/537.36 (compatible; Googlebot/2.1; +http://www.google.com/bot.html)"
66.249.65.35 - - [16/Jul/2025:17:52:19 +0000] "GET /?x=107517609061800&mod=c41dd99a&uri=products.php%3Fid%3D3588216-586%26name%3Dtenue%20traditionnelle%20kurde%20femme HTTP/1.1" 200 1948 "-" "Mozilla/5.0 (Linux; Android 6.0.1; Nexus 5X Build/MMB29P) AppleWebKit/537.36 (KHTML, like Gecko) Chrome/137.0.7151.103 Mobile Safari/537.36 (compatible; Googlebot/2.1; +http://www.google.com/bot.html)"
209.74.77.214 - - [16/Jul/2025:17:52:56 +0000] "POST /wp-cron.php?doing_wp_cron=1752688376.4367899894714355468750 HTTP/1.1" 200 - "-" "WordPress/6.8.2; https://kraft-court.cafe"
66.249.65.35 - - [16/Jul/2025:17:52:55 +0000] "GET /?x=5665341041800&mod=dc6a7e65&uri=blog.php?detail/2902458.htm HTTP/1.1" 301 - "-" "Mozilla/5.0 (Linux; Android 6.0.1; Nexus 5X Build/MMB29P) AppleWebKit/537.36 (KHTML, like Gecko) Chrome/137.0.7151.103 Mobile Safari/537.36 (compatible; Googlebot/2.1; +http://www.google.com/bot.html)"
66.249.65.35 - - [16/Jul/2025:17:52:56 +0000] "GET /?x=5665341041800&mod=dc6a7e65&uri=blog.php%3Fdetail%2F2902458.htm HTTP/1.1" 200 1912 "-" "Mozilla/5.0 (Linux; Android 6.0.1; Nexus 5X Build/MMB29P) AppleWebKit/537.36 (KHTML, like Gecko) Chrome/137.0.7151.103 Mobile Safari/537.36 (compatible; Googlebot/2.1; +http://www.google.com/bot.html)"
66.249.65.37 - - [16/Jul/2025:17:53:18 +0000] "GET /?x=88955777081800&mod=76dc611d&uri=itm.php?detail/2912670.htm HTTP/1.1" 301 - "-" "Mozilla/5.0 (Linux; Android 6.0.1; Nexus 5X Build/MMB29P) AppleWebKit/537.36 (KHTML, like Gecko) Chrome/137.0.7151.103 Mobile Safari/537.36 (compatible; Googlebot/2.1; +http://www.google.com/bot.html)"
66.249.65.37 - - [16/Jul/2025:17:53:18 +0000] "GET /?x=88955777081800&mod=76dc611d&uri=itm.php%3Fdetail%2F2912670.htm HTTP/1.1" 200 1914 "-" "Mozilla/5.0 (Linux; Android 6.0.1; Nexus 5X Build/MMB29P) AppleWebKit/537.36 (KHTML, like Gecko) Chrome/137.0.7151.103 Mobile Safari/537.36 (compatible; Googlebot/2.1; +http://www.google.com/bot.html)"
66.249.65.35 - - [16/Jul/2025:17:53:28 +0000] "GET /?x=34926003081800&mod=a0872cc5&uri=category-info.php?detail/2930202.htm HTTP/1.1" 301 - "-" "Mozilla/5.0 (Linux; Android 6.0.1; Nexus 5X Build/MMB29P) AppleWebKit/537.36 (KHTML, like Gecko) Chrome/137.0.7151.103 Mobile Safari/537.36 (compatible; Googlebot/2.1; +http://www.google.com/bot.html)"
66.249.65.36 - - [16/Jul/2025:17:53:28 +0000] "GET /?x=88955477031800&mod=76dc611d&uri=product.php?toreka/toreka_menu.html HTTP/1.1" 301 - "-" "Mozilla/5.0 (Linux; Android 6.0.1; Nexus 5X Build/MMB29P) AppleWebKit/537.36 (KHTML, like Gecko) Chrome/137.0.7151.103 Mobile Safari/537.36 (compatible; Googlebot/2.1; +http://www.google.com/bot.html)"
66.249.65.36 - - [16/Jul/2025:17:53:28 +0000] "GET /?x=34926003081800&mod=a0872cc5&uri=category-info.php%3Fdetail%2F2930202.htm HTTP/1.1" 200 1920 "-" "Mozilla/5.0 (Linux; Android 6.0.1; Nexus 5X Build/MMB29P) AppleWebKit/537.36 (KHTML, like Gecko) Chrome/137.0.7151.103 Mobile Safari/537.36 (compatible; Googlebot/2.1; +http://www.google.com/bot.html)"
66.249.65.36 - - [16/Jul/2025:17:53:28 +0000] "GET /?x=88955477031800&mod=76dc611d&uri=product.php%3Ftoreka%2Ftoreka_menu.html HTTP/1.1" 200 1916 "-" "Mozilla/5.0 (Linux; Android 6.0.1; Nexus 5X Build/MMB29P) AppleWebKit/537.36 (KHTML, like Gecko) Chrome/137.0.7151.103 Mobile Safari/537.36 (compatible; Googlebot/2.1; +http://www.google.com/bot.html)"
66.249.65.35 - - [16/Jul/2025:17:53:30 +0000] "GET /?x=5972285051800&mod=e3ea3396&uri=article.php?feature/campaign/index.html HTTP/1.1" 301 - "-" "Mozilla/5.0 (Linux; Android 6.0.1; Nexus 5X Build/MMB29P) AppleWebKit/537.36 (KHTML, like Gecko) Chrome/137.0.7151.103 Mobile Safari/537.36 (compatible; Googlebot/2.1; +http://www.google.com/bot.html)"
66.249.65.35 - - [16/Jul/2025:17:53:30 +0000] "GET /?x=5972285051800&mod=e3ea3396&uri=article.php%3Ffeature%2Fcampaign%2Findex.html HTTP/1.1" 200 1921 "-" "Mozilla/5.0 (Linux; Android 6.0.1; Nexus 5X Build/MMB29P) AppleWebKit/537.36 (KHTML, like Gecko) Chrome/137.0.7151.103 Mobile Safari/537.36 (compatible; Googlebot/2.1; +http://www.google.com/bot.html)"
209.74.77.214 - - [16/Jul/2025:17:53:55 +0000] "POST /wp-cron.php?doing_wp_cron=1752688435.1716439723968505859375 HTTP/1.1" 200 - "-" "WordPress/6.8.2; https://kraft-court.cafe"
66.249.65.35 - - [16/Jul/2025:17:53:55 +0000] "GET /?x=34926003081800&mod=a0872cc5&uri=category-info.php?detail/2916415.htm HTTP/1.1" 301 - "-" "Mozilla/5.0 (Linux; Android 6.0.1; Nexus 5X Build/MMB29P) AppleWebKit/537.36 (KHTML, like Gecko) Chrome/137.0.7151.103 Mobile Safari/537.36 (compatible; Googlebot/2.1; +http://www.google.com/bot.html)"
66.249.65.35 - - [16/Jul/2025:17:53:55 +0000] "GET /?x=34926003081800&mod=a0872cc5&uri=category-info.php%3Fdetail%2F2916415.htm HTTP/1.1" 200 1920 "-" "Mozilla/5.0 (Linux; Android 6.0.1; Nexus 5X Build/MMB29P) AppleWebKit/537.36 (KHTML, like Gecko) Chrome/137.0.7151.103 Mobile Safari/537.36 (compatible; Googlebot/2.1; +http://www.google.com/bot.html)"
51.222.253.8 - - [16/Jul/2025:17:54:24 +0000] "GET /?x=3190078131800&mod=98c72428&uri=itm.php%3Fid%3D106487-196%26name%3Dvans+mid+sale HTTP/1.1" 301 - "-" "Mozilla/5.0 (compatible; AhrefsBot/7.0; +http://ahrefs.com/robot/)"
66.249.65.37 - - [16/Jul/2025:17:54:32 +0000] "GET /?x=47656540001800&mod=3a835d32&uri=category-info.php?detail/2897316.htm HTTP/1.1" 301 - "-" "Mozilla/5.0 (Linux; Android 6.0.1; Nexus 5X Build/MMB29P) AppleWebKit/537.36 (KHTML, like Gecko) Chrome/137.0.7151.103 Mobile Safari/537.36 (compatible; Googlebot/2.1; +http://www.google.com/bot.html)"
209.74.77.214 - - [16/Jul/2025:17:54:33 +0000] "POST /wp-cron.php?doing_wp_cron=1752688473.1711819171905517578125 HTTP/1.1" 200 - "-" "WordPress/6.8.2; https://kraft-court.cafe"
66.249.65.36 - - [16/Jul/2025:17:54:33 +0000] "GET /?x=47656540001800&mod=3a835d32&uri=category-info.php%3Fdetail%2F2897316.htm HTTP/1.1" 200 1922 "-" "Mozilla/5.0 (Linux; Android 6.0.1; Nexus 5X Build/MMB29P) AppleWebKit/537.36 (KHTML, like Gecko) Chrome/137.0.7151.103 Mobile Safari/537.36 (compatible; Googlebot/2.1; +http://www.google.com/bot.html)"
209.74.77.214 - - [16/Jul/2025:17:55:07 +0000] "POST /wp-cron.php?doing_wp_cron=1752688507.6567850112915039062500 HTTP/1.1" 200 - "-" "WordPress/6.8.2; https://kraft-court.cafe"
66.249.65.35 - - [16/Jul/2025:17:55:06 +0000] "GET /?x=34687573031800&mod=040a99f2&uri=us.php%3Fid%3D1157751-322%26name%3Ddd24di9n HTTP/1.1" 200 1925 "-" "Mozilla/5.0 (Linux; Android 6.0.1; Nexus 5X Build/MMB29P) AppleWebKit/537.36 (KHTML, like Gecko) Chrome/137.0.7151.103 Mobile Safari/537.36 (compatible; Googlebot/2.1; +http://www.google.com/bot.html)"
66.249.65.36 - - [16/Jul/2025:17:55:17 +0000] "GET /?x=5972285051800&mod=e3ea3396&uri=article.php?detail/2912116.htm HTTP/1.1" 301 - "-" "Mozilla/5.0 (Linux; Android 6.0.1; Nexus 5X Build/MMB29P) AppleWebKit/537.36 (KHTML, like Gecko) Chrome/137.0.7151.103 Mobile Safari/537.36 (compatible; Googlebot/2.1; +http://www.google.com/bot.html)"
66.249.65.36 - - [16/Jul/2025:17:55:17 +0000] "GET /?x=5972285051800&mod=e3ea3396&uri=article.php%3Fdetail%2F2912116.htm HTTP/1.1" 200 1915 "-" "Mozilla/5.0 (Linux; Android 6.0.1; Nexus 5X Build/MMB29P) AppleWebKit/537.36 (KHTML, like Gecko) Chrome/137.0.7151.103 Mobile Safari/537.36 (compatible; Googlebot/2.1; +http://www.google.com/bot.html)"
66.249.65.35 - - [16/Jul/2025:17:55:26 +0000] "GET /?x=6107075131800&mod=0d0fd7c6&uri=shop.php?detail/2946198.htm HTTP/1.1" 301 - "-" "Mozilla/5.0 (Linux; Android 6.0.1; Nexus 5X Build/MMB29P) AppleWebKit/537.36 (KHTML, like Gecko) Chrome/137.0.7151.103 Mobile Safari/537.36 (compatible; Googlebot/2.1; +http://www.google.com/bot.html)"
66.249.65.35 - - [16/Jul/2025:17:55:26 +0000] "GET /?x=6107075131800&mod=0d0fd7c6&uri=shop.php%3Fdetail%2F2946198.htm HTTP/1.1" 200 1914 "-" "Mozilla/5.0 (Linux; Android 6.0.1; Nexus 5X Build/MMB29P) AppleWebKit/537.36 (KHTML, like Gecko) Chrome/137.0.7151.103 Mobile Safari/537.36 (compatible; Googlebot/2.1; +http://www.google.com/bot.html)"
209.74.77.214 - - [16/Jul/2025:17:56:05 +0000] "POST /wp-cron.php?doing_wp_cron=1752688565.0061080455780029296875 HTTP/1.1" 200 - "-" "WordPress/6.8.2; https://kraft-court.cafe"
66.249.65.37 - - [16/Jul/2025:17:56:03 +0000] "GET /?x=5665341041800&mod=dc6a7e65&uri=blog.php?toreka/figure_menu.html HTTP/1.1" 301 - "-" "Mozilla/5.0 (Linux; Android 6.0.1; Nexus 5X Build/MMB29P) AppleWebKit/537.36 (KHTML, like Gecko) Chrome/137.0.7151.103 Mobile Safari/537.36 (compatible; Googlebot/2.1; +http://www.google.com/bot.html)"
66.249.65.35 - - [16/Jul/2025:17:56:05 +0000] "GET /?x=5665341041800&mod=dc6a7e65&uri=blog.php%3Ftoreka%2Ffigure_menu.html HTTP/1.1" 200 1914 "-" "Mozilla/5.0 (Linux; Android 6.0.1; Nexus 5X Build/MMB29P) AppleWebKit/537.36 (KHTML, like Gecko) Chrome/137.0.7151.103 Mobile Safari/537.36 (compatible; Googlebot/2.1; +http://www.google.com/bot.html)"
209.74.77.214 - - [16/Jul/2025:17:56:52 +0000] "POST /wp-cron.php?doing_wp_cron=1752688612.6026020050048828125000 HTTP/1.1" 200 - "-" "WordPress/6.8.2; https://kraft-court.cafe"
66.249.65.36 - - [16/Jul/2025:17:56:51 +0000] "GET /?x=5972285051800&mod=e3ea3396&uri=article.php?detail/2945612.htm HTTP/1.1" 301 - "-" "Mozilla/5.0 (Linux; Android 6.0.1; Nexus 5X Build/MMB29P) AppleWebKit/537.36 (KHTML, like Gecko) Chrome/137.0.7151.103 Mobile Safari/537.36 (compatible; Googlebot/2.1; +http://www.google.com/bot.html)"
66.249.65.35 - - [16/Jul/2025:17:56:52 +0000] "GET /?x=5972285051800&mod=e3ea3396&uri=article.php%3Fdetail%2F2945612.htm HTTP/1.1" 200 1915 "-" "Mozilla/5.0 (Linux; Android 6.0.1; Nexus 5X Build/MMB29P) AppleWebKit/537.36 (KHTML, like Gecko) Chrome/137.0.7151.103 Mobile Safari/537.36 (compatible; Googlebot/2.1; +http://www.google.com/bot.html)"
209.74.77.214 - - [16/Jul/2025:17:57:42 +0000] "POST /wp-cron.php?doing_wp_cron=1752688662.0514678955078125000000 HTTP/1.1" 200 - "-" "WordPress/6.8.2; https://kraft-court.cafe"
66.249.65.35 - - [16/Jul/2025:17:57:40 +0000] "GET /?x=31840970051800&mod=c0560792&uri=search.php?feature/sapporo/index.html HTTP/1.1" 301 - "-" "Mozilla/5.0 (Linux; Android 6.0.1; Nexus 5X Build/MMB29P) AppleWebKit/537.36 (KHTML, like Gecko) Chrome/137.0.7151.103 Mobile Safari/537.36 (compatible; Googlebot/2.1; +http://www.google.com/bot.html)"
66.249.65.37 - - [16/Jul/2025:17:57:42 +0000] "GET /?x=31840970051800&mod=c0560792&uri=search.php%3Ffeature%2Fsapporo%2Findex.html HTTP/1.1" 200 1921 "-" "Mozilla/5.0 (Linux; Android 6.0.1; Nexus 5X Build/MMB29P) AppleWebKit/537.36 (KHTML, like Gecko) Chrome/137.0.7151.103 Mobile Safari/537.36 (compatible; Googlebot/2.1; +http://www.google.com/bot.html)"
45.227.253.15 - - [16/Jul/2025:18:02:52 +0000] "GET /index.php/jk HTTP/1.1" 301 - "-" "Mozilla/5.0 (Macintosh; Intel Mac OS X 10.12; rv:103.0) Gecko/20100101 Firefox/101.0"
104.155.20.12 - - [16/Jul/2025:18:02:53 +0000] "GET / HTTP/1.1" 200 1850 "-" "python-requests/2.32.4"
45.227.253.15 - - [16/Jul/2025:18:02:55 +0000] "GET /jk HTTP/1.1" 404 1852 "https://kraft-court.cafe/index.php/jk" "Mozilla/5.0 (Macintosh; Intel Mac OS X 10.12; rv:103.0) Gecko/20100101 Firefox/101.0"
209.74.77.214 - - [16/Jul/2025:18:03:33 +0000] "POST /wp-cron.php?doing_wp_cron=1752689013.3640429973602294921875 HTTP/1.1" 200 - "-" "WordPress/6.8.2; https://kraft-court.cafe"
45.227.253.15 - - [16/Jul/2025:18:03:31 +0000] "GET /?of=1 HTTP/1.1" 200 1855 "-" "Mozilla/5.0 (Windows NT 10.0; Win64; x64) AppleWebKit/537.36 (KHTML, like Gecko) Chrome/75.0.3780 Safari/537.36 Edg/75.0.139"
209.74.77.214 - - [16/Jul/2025:18:04:00 +0000] "POST /wp-cron.php?doing_wp_cron=1752689040.0873870849609375000000 HTTP/1.1" 200 - "-" "WordPress/6.8.2; https://kraft-court.cafe"
66.249.65.36 - - [16/Jul/2025:18:03:59 +0000] "GET /?x=85273862011800&mod=2ab56412&uri=products.php%3Fid%3D2845729-97%26name%3Di+want+to+buy+a+bag HTTP/1.1" 301 - "-" "Mozilla/5.0 (Linux; Android 6.0.1; Nexus 5X Build/MMB29P) AppleWebKit/537.36 (KHTML, like Gecko) Chrome/137.0.7151.103 Mobile Safari/537.36 (compatible; Googlebot/2.1; +http://www.google.com/bot.html)"
66.249.65.37 - - [16/Jul/2025:18:04:00 +0000] "GET /?x=85273862011800&mod=2ab56412&uri=products.php%3Fid%3D2845729-97%26name%3Di%20want%20to%20buy%20a%20bag HTTP/1.1" 200 1938 "-" "Mozilla/5.0 (Linux; Android 6.0.1; Nexus 5X Build/MMB29P) AppleWebKit/537.36 (KHTML, like Gecko) Chrome/137.0.7151.103 Mobile Safari/537.36 (compatible; Googlebot/2.1; +http://www.google.com/bot.html)"
209.74.77.214 - - [16/Jul/2025:18:07:12 +0000] "POST /wp-cron.php?doing_wp_cron=1752689232.0959808826446533203125 HTTP/1.1" 200 - "-" "WordPress/6.8.2; https://kraft-court.cafe"
209.74.77.214 - - [16/Jul/2025:18:07:12 +0000] "POST /wp-cron.php?doing_wp_cron=1752689232.0959808826446533203125 HTTP/1.1" 200 - "-" "WordPress/6.8.2; https://kraft-court.cafe"
66.249.65.36 - - [16/Jul/2025:18:07:10 +0000] "GET /?x=34926003081800&mod=a0872cc5&uri=category-info.php?toreka/toreka_menu.html HTTP/1.1" 301 - "-" "Mozilla/5.0 (Linux; Android 6.0.1; Nexus 5X Build/MMB29P) AppleWebKit/537.36 (KHTML, like Gecko) Chrome/137.0.7151.103 Mobile Safari/537.36 (compatible; Googlebot/2.1; +http://www.google.com/bot.html)"
66.249.65.35 - - [16/Jul/2025:18:07:11 +0000] "GET /?x=31840970051800&mod=c0560792&uri=search.php?avsoft.html HTTP/1.1" 301 - "-" "Mozilla/5.0 (Linux; Android 6.0.1; Nexus 5X Build/MMB29P) AppleWebKit/537.36 (KHTML, like Gecko) Chrome/137.0.7151.103 Mobile Safari/537.36 (compatible; Googlebot/2.1; +http://www.google.com/bot.html)"
209.74.77.214 - - [16/Jul/2025:18:07:12 +0000] "POST /wp-cron.php?doing_wp_cron=1752689232.3423860073089599609375 HTTP/1.1" 200 - "-" "WordPress/6.8.2; https://kraft-court.cafe"
66.249.65.36 - - [16/Jul/2025:18:07:12 +0000] "GET /?x=31840970051800&mod=c0560792&uri=search.php%3Favsoft.html HTTP/1.1" 200 1907 "-" "Mozilla/5.0 (Linux; Android 6.0.1; Nexus 5X Build/MMB29P) AppleWebKit/537.36 (KHTML, like Gecko) Chrome/137.0.7151.103 Mobile Safari/537.36 (compatible; Googlebot/2.1; +http://www.google.com/bot.html)"
66.249.65.36 - - [16/Jul/2025:18:07:12 +0000] "GET /?x=34926003081800&mod=a0872cc5&uri=category-info.php%3Ftoreka%2Ftoreka_menu.html HTTP/1.1" 200 1919 "-" "Mozilla/5.0 (Linux; Android 6.0.1; Nexus 5X Build/MMB29P) AppleWebKit/537.36 (KHTML, like Gecko) Chrome/137.0.7151.103 Mobile Safari/537.36 (compatible; Googlebot/2.1; +http://www.google.com/bot.html)"
209.74.77.214 - - [16/Jul/2025:18:07:51 +0000] "POST /wp-cron.php?doing_wp_cron=1752689271.7682120800018310546875 HTTP/1.1" 200 - "-" "WordPress/6.8.2; https://kraft-court.cafe"
66.249.65.35 - - [16/Jul/2025:18:07:51 +0000] "GET /?x=31846799041800&mod=42e77b63&uri=dp.php?detail/54593992.htm HTTP/1.1" 301 - "-" "Mozilla/5.0 (Linux; Android 6.0.1; Nexus 5X Build/MMB29P) AppleWebKit/537.36 (KHTML, like Gecko) Chrome/137.0.7151.103 Mobile Safari/537.36 (compatible; Googlebot/2.1; +http://www.google.com/bot.html)"
66.249.65.35 - - [16/Jul/2025:18:07:51 +0000] "GET /?x=31846799041800&mod=42e77b63&uri=dp.php%3Fdetail%2F54593992.htm HTTP/1.1" 200 1916 "-" "Mozilla/5.0 (Linux; Android 6.0.1; Nexus 5X Build/MMB29P) AppleWebKit/537.36 (KHTML, like Gecko) Chrome/137.0.7151.103 Mobile Safari/537.36 (compatible; Googlebot/2.1; +http://www.google.com/bot.html)"
66.249.65.35 - - [16/Jul/2025:18:07:56 +0000] "GET /?x=90532195051800&mod=333cb763&uri=pin.php?detail/2900899.htm HTTP/1.1" 301 - "-" "Mozilla/5.0 (Linux; Android 6.0.1; Nexus 5X Build/MMB29P) AppleWebKit/537.36 (KHTML, like Gecko) Chrome/137.0.7151.103 Mobile Safari/537.36 (compatible; Googlebot/2.1; +http://www.google.com/bot.html)"
66.249.65.35 - - [16/Jul/2025:18:07:56 +0000] "GET /?x=90532195051800&mod=333cb763&uri=pin.php%3Fdetail%2F2900899.htm HTTP/1.1" 200 1915 "-" "Mozilla/5.0 (Linux; Android 6.0.1; Nexus 5X Build/MMB29P) AppleWebKit/537.36 (KHTML, like Gecko) Chrome/137.0.7151.103 Mobile Safari/537.36 (compatible; Googlebot/2.1; +http://www.google.com/bot.html)"
209.74.77.214 - - [16/Jul/2025:18:09:12 +0000] "POST /wp-cron.php?doing_wp_cron=1752689352.9563210010528564453125 HTTP/1.1" 200 - "-" "WordPress/6.8.2; https://kraft-court.cafe"
51.222.253.20 - - [16/Jul/2025:18:09:11 +0000] "GET /?x=35530446031800&mod=3bbca1d2&uri=shared.php%3Fid%3D1185871-1089%26name%3Dlatest+trending+traditional+outfits HTTP/1.1" 301 - "-" "Mozilla/5.0 (compatible; AhrefsBot/7.0; +http://ahrefs.com/robot/)"
209.74.77.214 - - [16/Jul/2025:18:10:19 +0000] "POST /wp-cron.php?doing_wp_cron=1752689419.7110390663146972656250 HTTP/1.1" 200 - "-" "WordPress/6.8.2; https://kraft-court.cafe"
209.74.77.214 - - [16/Jul/2025:18:10:19 +0000] "POST /wp-cron.php?doing_wp_cron=1752689419.7110390663146972656250 HTTP/1.1" 200 - "-" "WordPress/6.8.2; https://kraft-court.cafe"
66.249.65.36 - - [16/Jul/2025:18:10:18 +0000] "GET /?x=5972285051800&mod=e3ea3396&uri=article.php?detail/2936797.htm HTTP/1.1" 301 - "-" "Mozilla/5.0 (Linux; Android 6.0.1; Nexus 5X Build/MMB29P) AppleWebKit/537.36 (KHTML, like Gecko) Chrome/137.0.7151.103 Mobile Safari/537.36 (compatible; Googlebot/2.1; +http://www.google.com/bot.html)"
66.249.65.37 - - [16/Jul/2025:18:10:18 +0000] "GET /?x=35001052001800&mod=1e056d2b&uri=brands.php?pcsp.html HTTP/1.1" 301 - "-" "Mozilla/5.0 (Linux; Android 6.0.1; Nexus 5X Build/MMB29P) AppleWebKit/537.36 (KHTML, like Gecko) Chrome/137.0.7151.103 Mobile Safari/537.36 (compatible; Googlebot/2.1; +http://www.google.com/bot.html)"
209.74.77.214 - - [16/Jul/2025:18:10:19 +0000] "POST /wp-cron.php?doing_wp_cron=1752689419.8911190032958984375000 HTTP/1.1" 200 - "-" "WordPress/6.8.2; https://kraft-court.cafe"
66.249.65.36 - - [16/Jul/2025:18:10:19 +0000] "GET /?x=5972285051800&mod=e3ea3396&uri=article.php%3Fdetail%2F2936797.htm HTTP/1.1" 200 1915 "-" "Mozilla/5.0 (Linux; Android 6.0.1; Nexus 5X Build/MMB29P) AppleWebKit/537.36 (KHTML, like Gecko) Chrome/137.0.7151.103 Mobile Safari/537.36 (compatible; Googlebot/2.1; +http://www.google.com/bot.html)"
66.249.65.36 - - [16/Jul/2025:18:10:19 +0000] "GET /?x=35001052001800&mod=1e056d2b&uri=brands.php%3Fpcsp.html HTTP/1.1" 200 1904 "-" "Mozilla/5.0 (Linux; Android 6.0.1; Nexus 5X Build/MMB29P) AppleWebKit/537.36 (KHTML, like Gecko) Chrome/137.0.7151.103 Mobile Safari/537.36 (compatible; Googlebot/2.1; +http://www.google.com/bot.html)"
209.74.77.214 - - [16/Jul/2025:18:10:59 +0000] "POST /wp-cron.php?doing_wp_cron=1752689459.1423759460449218750000 HTTP/1.1" 200 - "-" "WordPress/6.8.2; https://kraft-court.cafe"
66.249.65.35 - - [16/Jul/2025:18:10:57 +0000] "GET /?x=63937789001800&mod=384babc3&uri=form.php%3Fid%3D2133662-339%26name%3Dadidas+china+black+friday+review HTTP/1.1" 301 - "-" "Mozilla/5.0 (Linux; Android 6.0.1; Nexus 5X Build/MMB29P) AppleWebKit/537.36 (KHTML, like Gecko) Chrome/137.0.7151.103 Mobile Safari/537.36 (compatible; Googlebot/2.1; +http://www.google.com/bot.html)"
66.249.65.35 - - [16/Jul/2025:18:10:59 +0000] "GET /?x=63937789001800&mod=384babc3&uri=form.php%3Fid%3D2133662-339%26name%3Dadidas%20china%20black%20friday%20review HTTP/1.1" 200 1941 "-" "Mozilla/5.0 (Linux; Android 6.0.1; Nexus 5X Build/MMB29P) AppleWebKit/537.36 (KHTML, like Gecko) Chrome/137.0.7151.103 Mobile Safari/537.36 (compatible; Googlebot/2.1; +http://www.google.com/bot.html)"
66.249.65.35 - - [16/Jul/2025:18:11:30 +0000] "GET /?x=5665341041800&mod=dc6a7e65&uri=blog.php?man/kaitori/ansin.html HTTP/1.1" 301 - "-" "Mozilla/5.0 (Linux; Android 6.0.1; Nexus 5X Build/MMB29P) AppleWebKit/537.36 (KHTML, like Gecko) Chrome/137.0.7151.103 Mobile Safari/537.36 (compatible; Googlebot/2.1; +http://www.google.com/bot.html)"
66.249.65.35 - - [16/Jul/2025:18:11:31 +0000] "GET /?x=5665341041800&mod=dc6a7e65&uri=blog.php%3Fman%2Fkaitori%2Fansin.html HTTP/1.1" 200 1913 "-" "Mozilla/5.0 (Linux; Android 6.0.1; Nexus 5X Build/MMB29P) AppleWebKit/537.36 (KHTML, like Gecko) Chrome/137.0.7151.103 Mobile Safari/537.36 (compatible; Googlebot/2.1; +http://www.google.com/bot.html)"
209.74.77.214 - - [16/Jul/2025:18:12:53 +0000] "POST /wp-cron.php?doing_wp_cron=1752689573.3583719730377197265625 HTTP/1.1" 200 - "-" "WordPress/6.8.2; https://kraft-court.cafe"
57.141.2.10 - - [16/Jul/2025:18:12:52 +0000] "GET /sitemap.xml HTTP/1.1" 301 - "-" "meta-externalagent/1.1 (+https://developers.facebook.com/docs/sharing/webmasters/crawler)"
66.249.65.36 - - [16/Jul/2025:18:13:18 +0000] "GET /?x=107501673011800&mod=4eff0720&uri=search.php%3Fid%3D3587683-510%26name%3Dgrill+set HTTP/1.1" 301 - "-" "Mozilla/5.0 (Linux; Android 6.0.1; Nexus 5X Build/MMB29P) AppleWebKit/537.36 (KHTML, like Gecko) Chrome/137.0.7151.103 Mobile Safari/537.36 (compatible; Googlebot/2.1; +http://www.google.com/bot.html)"
66.249.65.35 - - [16/Jul/2025:18:13:18 +0000] "GET /?x=107501673011800&mod=4eff0720&uri=search.php%3Fid%3D3587683-510%26name%3Dgrill%20set HTTP/1.1" 200 1930 "-" "Mozilla/5.0 (Linux; Android 6.0.1; Nexus 5X Build/MMB29P) AppleWebKit/537.36 (KHTML, like Gecko) Chrome/137.0.7151.103 Mobile Safari/537.36 (compatible; Googlebot/2.1; +http://www.google.com/bot.html)"
66.249.65.36 - - [16/Jul/2025:18:13:27 +0000] "GET /?x=85274942011800&mod=2ab56412&uri=info.php%3Fid%3D2845765-97%26name%3Dcolorful+trolley+bags HTTP/1.1" 301 - "-" "Mozilla/5.0 (Linux; Android 6.0.1; Nexus 5X Build/MMB29P) AppleWebKit/537.36 (KHTML, like Gecko) Chrome/137.0.7151.103 Mobile Safari/537.36 (compatible; Googlebot/2.1; +http://www.google.com/bot.html)"
66.249.65.35 - - [16/Jul/2025:18:13:28 +0000] "GET /?x=47570080031800&mod=b7b16ecf&uri=info.php?feature/index.html HTTP/1.1" 301 - "-" "Mozilla/5.0 (Linux; Android 6.0.1; Nexus 5X Build/MMB29P) AppleWebKit/537.36 (KHTML, like Gecko) Chrome/137.0.7151.103 Mobile Safari/537.36 (compatible; Googlebot/2.1; +http://www.google.com/bot.html)"
66.249.65.35 - - [16/Jul/2025:18:13:28 +0000] "GET /?x=6745798021800&mod=c82836ed&uri=blog.php%3Fid%3D225292-379%26name%3Dtroll+sun+bedside+crib HTTP/1.1" 301 - "-" "Mozilla/5.0 (Linux; Android 6.0.1; Nexus 5X Build/MMB29P) AppleWebKit/537.36 (KHTML, like Gecko) Chrome/137.0.7151.103 Mobile Safari/537.36 (compatible; Googlebot/2.1; +http://www.google.com/bot.html)"
66.249.65.36 - - [16/Jul/2025:18:13:28 +0000] "GET /?x=85274942011800&mod=2ab56412&uri=info.php%3Fid%3D2845765-97%26name%3Dcolorful%20trolley%20bags HTTP/1.1" 200 1934 "-" "Mozilla/5.0 (Linux; Android 6.0.1; Nexus 5X Build/MMB29P) AppleWebKit/537.36 (KHTML, like Gecko) Chrome/137.0.7151.103 Mobile Safari/537.36 (compatible; Googlebot/2.1; +http://www.google.com/bot.html)"
66.249.65.36 - - [16/Jul/2025:18:13:28 +0000] "GET /?x=47570080031800&mod=b7b16ecf&uri=info.php%3Ffeature%2Findex.html HTTP/1.1" 200 1910 "-" "Mozilla/5.0 (Linux; Android 6.0.1; Nexus 5X Build/MMB29P) AppleWebKit/537.36 (KHTML, like Gecko) Chrome/137.0.7151.103 Mobile Safari/537.36 (compatible; Googlebot/2.1; +http://www.google.com/bot.html)"
66.249.65.35 - - [16/Jul/2025:18:13:28 +0000] "GET /?x=6745798021800&mod=c82836ed&uri=blog.php%3Fid%3D225292-379%26name%3Dtroll%20sun%20bedside%20crib HTTP/1.1" 200 1932 "-" "Mozilla/5.0 (Linux; Android 6.0.1; Nexus 5X Build/MMB29P) AppleWebKit/537.36 (KHTML, like Gecko) Chrome/137.0.7151.103 Mobile Safari/537.36 (compatible; Googlebot/2.1; +http://www.google.com/bot.html)"
209.74.77.214 - - [16/Jul/2025:18:13:37 +0000] "POST /wp-cron.php?doing_wp_cron=1752689617.6395399570465087890625 HTTP/1.1" 200 - "-" "WordPress/6.8.2; https://kraft-court.cafe"
66.249.65.35 - - [16/Jul/2025:18:13:37 +0000] "GET /?x=31846799041800&mod=42e77b63&uri=dp.php?detail/54583780.htm HTTP/1.1" 301 - "-" "Mozilla/5.0 (Linux; Android 6.0.1; Nexus 5X Build/MMB29P) AppleWebKit/537.36 (KHTML, like Gecko) Chrome/137.0.7151.103 Mobile Safari/537.36 (compatible; Googlebot/2.1; +http://www.google.com/bot.html)"
66.249.65.35 - - [16/Jul/2025:18:13:37 +0000] "GET /?x=31846799041800&mod=42e77b63&uri=dp.php%3Fdetail%2F54583780.htm HTTP/1.1" 200 1916 "-" "Mozilla/5.0 (Linux; Android 6.0.1; Nexus 5X Build/MMB29P) AppleWebKit/537.36 (KHTML, like Gecko) Chrome/137.0.7151.103 Mobile Safari/537.36 (compatible; Googlebot/2.1; +http://www.google.com/bot.html)"
209.74.77.214 - - [16/Jul/2025:18:14:03 +0000] "POST /wp-cron.php?doing_wp_cron=1752689643.1397309303283691406250 HTTP/1.1" 200 - "-" "WordPress/6.8.2; https://kraft-court.cafe"
66.249.65.36 - - [16/Jul/2025:18:14:03 +0000] "GET /?x=6667105011800&mod=460b491b&uri=pin.php?feature/omiya_marui/index.html HTTP/1.1" 301 - "-" "Mozilla/5.0 (Linux; Android 6.0.1; Nexus 5X Build/MMB29P) AppleWebKit/537.36 (KHTML, like Gecko) Chrome/137.0.7151.103 Mobile Safari/537.36 (compatible; Googlebot/2.1; +http://www.google.com/bot.html)"
66.249.65.35 - - [16/Jul/2025:18:14:03 +0000] "GET /?x=6667105011800&mod=460b491b&uri=pin.php%3Ffeature%2Fomiya_marui%2Findex.html HTTP/1.1" 200 1921 "-" "Mozilla/5.0 (Linux; Android 6.0.1; Nexus 5X Build/MMB29P) AppleWebKit/537.36 (KHTML, like Gecko) Chrome/137.0.7151.103 Mobile Safari/537.36 (compatible; Googlebot/2.1; +http://www.google.com/bot.html)"
51.222.253.2 - - [16/Jul/2025:18:14:16 +0000] "GET /?x=36690638101800&mod=b38e5ff5&uri=news.php%3Fid%3D1224591-268%26name%3Ddk+watch+company HTTP/1.1" 301 - "-" "Mozilla/5.0 (compatible; AhrefsBot/7.0; +http://ahrefs.com/robot/)"
209.74.77.214 - - [16/Jul/2025:18:15:08 +0000] "POST /wp-cron.php?doing_wp_cron=1752689708.5267910957336425781250 HTTP/1.1" 200 - "-" "WordPress/6.8.2; https://kraft-court.cafe"
66.249.65.35 - - [16/Jul/2025:18:15:06 +0000] "GET /?x=88955777081800&mod=76dc611d&uri=itm.php?detail/2901189.htm HTTP/1.1" 301 - "-" "Mozilla/5.0 (Linux; Android 6.0.1; Nexus 5X Build/MMB29P) AppleWebKit/537.36 (KHTML, like Gecko) Chrome/137.0.7151.103 Mobile Safari/537.36 (compatible; Googlebot/2.1; +http://www.google.com/bot.html)"
