66.249.65.36 - - [16/Jul/2025:17:06:12 +0000] "GET /?x=40273442021800&mod=170f22f2&uri=form.php%3Fdetail%2F2890335.htm HTTP/1.1" 200 1912 "-" "Mozilla/5.0 (Linux; Android 6.0.1; Nexus 5X Build/MMB29P) AppleWebKit/537.36 (KHTML, like Gecko) Chrome/137.0.7151.103 Mobile Safari/537.36 (compatible; Googlebot/2.1; +http://www.google.com/bot.html)"
209.74.77.214 - - [16/Jul/2025:17:06:42 +0000] "POST /wp-cron.php?doing_wp_cron=1752685602.6691811084747314453125 HTTP/1.1" 200 - "-" "WordPress/6.8.2; https://kraft-court.cafe"
66.249.65.35 - - [16/Jul/2025:17:06:42 +0000] "GET /?x=34926003081800&mod=a0872cc5&uri=category-info.php?detail/2899662.htm HTTP/1.1" 301 - "-" "Mozilla/5.0 (Linux; Android 6.0.1; Nexus 5X Build/MMB29P) AppleWebKit/537.36 (KHTML, like Gecko) Chrome/137.0.7151.103 Mobile Safari/537.36 (compatible; Googlebot/2.1; +http://www.google.com/bot.html)"
66.249.65.36 - - [16/Jul/2025:17:06:42 +0000] "GET /?x=34926003081800&mod=a0872cc5&uri=category-info.php%3Fdetail%2F2899662.htm HTTP/1.1" 200 1921 "-" "Mozilla/5.0 (Linux; Android 6.0.1; Nexus 5X Build/MMB29P) AppleWebKit/537.36 (KHTML, like Gecko) Chrome/137.0.7151.103 Mobile Safari/537.36 (compatible; Googlebot/2.1; +http://www.google.com/bot.html)"
209.74.77.214 - - [16/Jul/2025:17:06:49 +0000] "POST /wp-cron.php?doing_wp_cron=1752685609.3386619091033935546875 HTTP/1.1" 200 - "-" "WordPress/6.8.2; https://kraft-court.cafe"
66.249.65.35 - - [16/Jul/2025:17:06:49 +0000] "GET /?x=59680175011800&mod=41e7637e&uri=form.php?detail/2906982.htm HTTP/1.1" 301 - "-" "Mozilla/5.0 (Linux; Android 6.0.1; Nexus 5X Build/MMB29P) AppleWebKit/537.36 (KHTML, like Gecko) Chrome/137.0.7151.103 Mobile Safari/537.36 (compatible; Googlebot/2.1; +http://www.google.com/bot.html)"
66.249.65.35 - - [16/Jul/2025:17:06:49 +0000] "GET /?x=59680175011800&mod=41e7637e&uri=form.php%3Fdetail%2F2906982.htm HTTP/1.1" 200 1914 "-" "Mozilla/5.0 (Linux; Android 6.0.1; Nexus 5X Build/MMB29P) AppleWebKit/537.36 (KHTML, like Gecko) Chrome/137.0.7151.103 Mobile Safari/537.36 (compatible; Googlebot/2.1; +http://www.google.com/bot.html)"
66.249.65.37 - - [16/Jul/2025:17:07:09 +0000] "GET /?x=47301108001800&mod=48584348&uri=shop.php?dozin.html HTTP/1.1" 301 - "-" "Mozilla/5.0 (Linux; Android 6.0.1; Nexus 5X Build/MMB29P) AppleWebKit/537.36 (KHTML, like Gecko) Chrome/137.0.7151.103 Mobile Safari/537.36 (compatible; Googlebot/2.1; +http://www.google.com/bot.html)"
66.249.65.35 - - [16/Jul/2025:17:07:09 +0000] "GET /?x=34926003081800&mod=a0872cc5&uri=category-info.php?detail/2921485.htm HTTP/1.1" 301 - "-" "Mozilla/5.0 (Linux; Android 6.0.1; Nexus 5X Build/MMB29P) AppleWebKit/537.36 (KHTML, like Gecko) Chrome/137.0.7151.103 Mobile Safari/537.36 (compatible; Googlebot/2.1; +http://www.google.com/bot.html)"
66.249.65.35 - - [16/Jul/2025:17:07:09 +0000] "GET /?x=47301108001800&mod=48584348&uri=shop.php%3Fdozin.html HTTP/1.1" 200 1902 "-" "Mozilla/5.0 (Linux; Android 6.0.1; Nexus 5X Build/MMB29P) AppleWebKit/537.36 (KHTML, like Gecko) Chrome/137.0.7151.103 Mobile Safari/537.36 (compatible; Googlebot/2.1; +http://www.google.com/bot.html)"
66.249.65.37 - - [16/Jul/2025:17:07:09 +0000] "GET /?x=34926003081800&mod=a0872cc5&uri=category-info.php%3Fdetail%2F2921485.htm HTTP/1.1" 200 1920 "-" "Mozilla/5.0 (Linux; Android 6.0.1; Nexus 5X Build/MMB29P) AppleWebKit/537.36 (KHTML, like Gecko) Chrome/137.0.7151.103 Mobile Safari/537.36 (compatible; Googlebot/2.1; +http://www.google.com/bot.html)"
66.249.65.35 - - [16/Jul/2025:17:07:30 +0000] "GET /?x=47727385041800&mod=d25a34b9&uri=product.php?detail/2908541.htm HTTP/1.1" 301 - "-" "Mozilla/5.0 (Linux; Android 6.0.1; Nexus 5X Build/MMB29P) AppleWebKit/537.36 (KHTML, like Gecko) Chrome/137.0.7151.103 Mobile Safari/537.36 (compatible; Googlebot/2.1; +http://www.google.com/bot.html)"
66.249.65.36 - - [16/Jul/2025:17:07:30 +0000] "GET /?x=47727385041800&mod=d25a34b9&uri=product.php%3Fdetail%2F2908541.htm HTTP/1.1" 200 1918 "-" "Mozilla/5.0 (Linux; Android 6.0.1; Nexus 5X Build/MMB29P) AppleWebKit/537.36 (KHTML, like Gecko) Chrome/137.0.7151.103 Mobile Safari/537.36 (compatible; Googlebot/2.1; +http://www.google.com/bot.html)"
209.74.77.214 - - [16/Jul/2025:17:08:43 +0000] "POST /wp-cron.php?doing_wp_cron=1752685723.2603569030761718750000 HTTP/1.1" 200 - "-" "WordPress/6.8.2; https://kraft-court.cafe"
66.249.65.36 - - [16/Jul/2025:17:08:42 +0000] "GET /?x=47727385041800&mod=d25a34b9&uri=product.php?pcmypage/ HTTP/1.1" 301 - "-" "Mozilla/5.0 (Linux; Android 6.0.1; Nexus 5X Build/MMB29P) AppleWebKit/537.36 (KHTML, like Gecko) Chrome/137.0.7151.103 Mobile Safari/537.36 (compatible; Googlebot/2.1; +http://www.google.com/bot.html)"
66.249.65.37 - - [16/Jul/2025:17:08:43 +0000] "GET /?x=47727385041800&mod=d25a34b9&uri=product.php%3Fpcmypage%2F HTTP/1.1" 200 1908 "-" "Mozilla/5.0 (Linux; Android 6.0.1; Nexus 5X Build/MMB29P) AppleWebKit/537.36 (KHTML, like Gecko) Chrome/137.0.7151.103 Mobile Safari/537.36 (compatible; Googlebot/2.1; +http://www.google.com/bot.html)"
209.74.77.214 - - [16/Jul/2025:17:08:55 +0000] "POST /wp-cron.php?doing_wp_cron=1752685735.2584240436553955078125 HTTP/1.1" 200 - "-" "WordPress/6.8.2; https://kraft-court.cafe"
66.249.65.36 - - [16/Jul/2025:17:08:55 +0000] "GET /?x=5665341041800&mod=dc6a7e65&uri=blog.php?feature/honten/index.html HTTP/1.1" 301 - "-" "Mozilla/5.0 (Linux; Android 6.0.1; Nexus 5X Build/MMB29P) AppleWebKit/537.36 (KHTML, like Gecko) Chrome/137.0.7151.103 Mobile Safari/537.36 (compatible; Googlebot/2.1; +http://www.google.com/bot.html)"
66.249.65.36 - - [16/Jul/2025:17:08:55 +0000] "GET /?x=5665341041800&mod=dc6a7e65&uri=blog.php%3Ffeature%2Fhonten%2Findex.html HTTP/1.1" 200 1914 "-" "Mozilla/5.0 (Linux; Android 6.0.1; Nexus 5X Build/MMB29P) AppleWebKit/537.36 (KHTML, like Gecko) Chrome/137.0.7151.103 Mobile Safari/537.36 (compatible; Googlebot/2.1; +http://www.google.com/bot.html)"
66.249.65.36 - - [16/Jul/2025:17:09:14 +0000] "GET /?x=40273442021800&mod=170f22f2&uri=form.php?pcmypage HTTP/1.1" 301 - "-" "Mozilla/5.0 (Linux; Android 6.0.1; Nexus 5X Build/MMB29P) AppleWebKit/537.36 (KHTML, like Gecko) Chrome/137.0.7151.103 Mobile Safari/537.36 (compatible; Googlebot/2.1; +http://www.google.com/bot.html)"
66.249.65.35 - - [16/Jul/2025:17:09:14 +0000] "GET /?x=40273442021800&mod=170f22f2&uri=form.php%3Fpcmypage HTTP/1.1" 200 1900 "-" "Mozilla/5.0 (Linux; Android 6.0.1; Nexus 5X Build/MMB29P) AppleWebKit/537.36 (KHTML, like Gecko) Chrome/137.0.7151.103 Mobile Safari/537.36 (compatible; Googlebot/2.1; +http://www.google.com/bot.html)"
66.249.65.36 - - [16/Jul/2025:17:09:18 +0000] "GET /?x=47727385041800&mod=d25a34b9&uri=product.php?detail/2907528.htm HTTP/1.1" 301 - "-" "Mozilla/5.0 (Linux; Android 6.0.1; Nexus 5X Build/MMB29P) AppleWebKit/537.36 (KHTML, like Gecko) Chrome/137.0.7151.103 Mobile Safari/537.36 (compatible; Googlebot/2.1; +http://www.google.com/bot.html)"
66.249.65.36 - - [16/Jul/2025:17:09:18 +0000] "GET /?x=47727385041800&mod=d25a34b9&uri=product.php%3Fdetail%2F2907528.htm HTTP/1.1" 200 1917 "-" "Mozilla/5.0 (Linux; Android 6.0.1; Nexus 5X Build/MMB29P) AppleWebKit/537.36 (KHTML, like Gecko) Chrome/137.0.7151.103 Mobile Safari/537.36 (compatible; Googlebot/2.1; +http://www.google.com/bot.html)"
51.222.253.11 - - [16/Jul/2025:17:09:27 +0000] "GET /?x=20427390051800&mod=3133f88c&uri=shop.php%3Fid%3D681883-760%26name%3Dropa+de+mujer+zara+online HTTP/1.1" 301 - "-" "Mozilla/5.0 (compatible; AhrefsBot/7.0; +http://ahrefs.com/robot/)"
209.74.77.214 - - [16/Jul/2025:17:10:19 +0000] "POST /wp-cron.php?doing_wp_cron=1752685819.2811040878295898437500 HTTP/1.1" 200 - "-" "WordPress/6.8.2; https://kraft-court.cafe"
66.249.65.37 - - [16/Jul/2025:17:10:18 +0000] "GET /?x=5665341041800&mod=dc6a7e65&uri=blog.php?detail/2882855.htm HTTP/1.1" 301 - "-" "Mozilla/5.0 (Linux; Android 6.0.1; Nexus 5X Build/MMB29P) AppleWebKit/537.36 (KHTML, like Gecko) Chrome/137.0.7151.103 Mobile Safari/537.36 (compatible; Googlebot/2.1; +http://www.google.com/bot.html)"
66.249.65.36 - - [16/Jul/2025:17:10:18 +0000] "GET /?x=23967452021800&mod=6df18258&uri=shop.php?detail/2930876.htm HTTP/1.1" 301 - "-" "Mozilla/5.0 (Linux; Android 6.0.1; Nexus 5X Build/MMB29P) AppleWebKit/537.36 (KHTML, like Gecko) Chrome/137.0.7151.103 Mobile Safari/537.36 (compatible; Googlebot/2.1; +http://www.google.com/bot.html)"
66.249.65.37 - - [16/Jul/2025:17:10:18 +0000] "GET /?x=5665341041800&mod=dc6a7e65&uri=blog.php?detail/2894584.htm HTTP/1.1" 301 - "-" "Mozilla/5.0 (Linux; Android 6.0.1; Nexus 5X Build/MMB29P) AppleWebKit/537.36 (KHTML, like Gecko) Chrome/137.0.7151.103 Mobile Safari/537.36 (compatible; Googlebot/2.1; +http://www.google.com/bot.html)"
66.249.65.37 - - [16/Jul/2025:17:10:18 +0000] "GET /?x=5665341041800&mod=dc6a7e65&uri=blog.php?detail/2931729.htm HTTP/1.1" 301 - "-" "Mozilla/5.0 (Linux; Android 6.0.1; Nexus 5X Build/MMB29P) AppleWebKit/537.36 (KHTML, like Gecko) Chrome/137.0.7151.103 Mobile Safari/537.36 (compatible; Googlebot/2.1; +http://www.google.com/bot.html)"
66.249.65.37 - - [16/Jul/2025:17:10:19 +0000] "GET /?x=5665341041800&mod=dc6a7e65&uri=blog.php%3Fdetail%2F2894584.htm HTTP/1.1" 200 1913 "-" "Mozilla/5.0 (Linux; Android 6.0.1; Nexus 5X Build/MMB29P) AppleWebKit/537.36 (KHTML, like Gecko) Chrome/137.0.7151.103 Mobile Safari/537.36 (compatible; Googlebot/2.1; +http://www.google.com/bot.html)"
66.249.65.35 - - [16/Jul/2025:17:10:19 +0000] "GET /?x=5665341041800&mod=dc6a7e65&uri=blog.php%3Fdetail%2F2882855.htm HTTP/1.1" 200 1913 "-" "Mozilla/5.0 (Linux; Android 6.0.1; Nexus 5X Build/MMB29P) AppleWebKit/537.36 (KHTML, like Gecko) Chrome/137.0.7151.103 Mobile Safari/537.36 (compatible; Googlebot/2.1; +http://www.google.com/bot.html)"
66.249.65.35 - - [16/Jul/2025:17:10:19 +0000] "GET /?x=23967452021800&mod=6df18258&uri=shop.php%3Fdetail%2F2930876.htm HTTP/1.1" 200 1913 "-" "Mozilla/5.0 (Linux; Android 6.0.1; Nexus 5X Build/MMB29P) AppleWebKit/537.36 (KHTML, like Gecko) Chrome/137.0.7151.103 Mobile Safari/537.36 (compatible; Googlebot/2.1; +http://www.google.com/bot.html)"
66.249.65.36 - - [16/Jul/2025:17:10:19 +0000] "GET /?x=5665341041800&mod=dc6a7e65&uri=blog.php%3Fdetail%2F2931729.htm HTTP/1.1" 200 1913 "-" "Mozilla/5.0 (Linux; Android 6.0.1; Nexus 5X Build/MMB29P) AppleWebKit/537.36 (KHTML, like Gecko) Chrome/137.0.7151.103 Mobile Safari/537.36 (compatible; Googlebot/2.1; +http://www.google.com/bot.html)"
66.249.65.35 - - [16/Jul/2025:17:10:24 +0000] "GET /?x=47301108001800&mod=48584348&uri=shop.php?detail/2922978.htm HTTP/1.1" 301 - "-" "Mozilla/5.0 (Linux; Android 6.0.1; Nexus 5X Build/MMB29P) AppleWebKit/537.36 (KHTML, like Gecko) Chrome/137.0.7151.103 Mobile Safari/537.36 (compatible; Googlebot/2.1; +http://www.google.com/bot.html)"
66.249.65.35 - - [16/Jul/2025:17:10:24 +0000] "GET /?x=47301108001800&mod=48584348&uri=shop.php%3Fdetail%2F2922978.htm HTTP/1.1" 200 1913 "-" "Mozilla/5.0 (Linux; Android 6.0.1; Nexus 5X Build/MMB29P) AppleWebKit/537.36 (KHTML, like Gecko) Chrome/137.0.7151.103 Mobile Safari/537.36 (compatible; Googlebot/2.1; +http://www.google.com/bot.html)"
209.74.77.214 - - [16/Jul/2025:17:10:53 +0000] "POST /wp-cron.php?doing_wp_cron=1752685853.8182690143585205078125 HTTP/1.1" 200 - "-" "WordPress/6.8.2; https://kraft-court.cafe"
66.249.65.35 - - [16/Jul/2025:17:10:53 +0000] "GET /?x=59680175011800&mod=41e7637e&uri=form.php?detail/2949869.htm HTTP/1.1" 301 - "-" "Mozilla/5.0 (Linux; Android 6.0.1; Nexus 5X Build/MMB29P) AppleWebKit/537.36 (KHTML, like Gecko) Chrome/137.0.7151.103 Mobile Safari/537.36 (compatible; Googlebot/2.1; +http://www.google.com/bot.html)"
66.249.65.35 - - [16/Jul/2025:17:10:53 +0000] "GET /?x=59680175011800&mod=41e7637e&uri=form.php%3Fdetail%2F2949869.htm HTTP/1.1" 200 1915 "-" "Mozilla/5.0 (Linux; Android 6.0.1; Nexus 5X Build/MMB29P) AppleWebKit/537.36 (KHTML, like Gecko) Chrome/137.0.7151.103 Mobile Safari/537.36 (compatible; Googlebot/2.1; +http://www.google.com/bot.html)"
66.249.65.37 - - [16/Jul/2025:17:11:11 +0000] "GET /?x=34926003081800&mod=a0872cc5&uri=category-info.php?detail/2945612.htm HTTP/1.1" 301 - "-" "Mozilla/5.0 (Linux; Android 6.0.1; Nexus 5X Build/MMB29P) AppleWebKit/537.36 (KHTML, like Gecko) Chrome/137.0.7151.103 Mobile Safari/537.36 (compatible; Googlebot/2.1; +http://www.google.com/bot.html)"
66.249.65.37 - - [16/Jul/2025:17:11:11 +0000] "GET /?x=34926003081800&mod=a0872cc5&uri=category-info.php%3Fdetail%2F2945612.htm HTTP/1.1" 200 1920 "-" "Mozilla/5.0 (Linux; Android 6.0.1; Nexus 5X Build/MMB29P) AppleWebKit/537.36 (KHTML, like Gecko) Chrome/137.0.7151.103 Mobile Safari/537.36 (compatible; Googlebot/2.1; +http://www.google.com/bot.html)"
209.74.77.214 - - [16/Jul/2025:17:11:52 +0000] "POST /wp-cron.php?doing_wp_cron=1752685912.9196639060974121093750 HTTP/1.1" 200 - "-" "WordPress/6.8.2; https://kraft-court.cafe"
66.249.65.36 - - [16/Jul/2025:17:11:51 +0000] "GET /?x=47727385041800&mod=d25a34b9&uri=product.php?detail/2890335.htm HTTP/1.1" 301 - "-" "Mozilla/5.0 (Linux; Android 6.0.1; Nexus 5X Build/MMB29P) AppleWebKit/537.36 (KHTML, like Gecko) Chrome/137.0.7151.103 Mobile Safari/537.36 (compatible; Googlebot/2.1; +http://www.google.com/bot.html)"
66.249.65.36 - - [16/Jul/2025:17:11:53 +0000] "GET /?x=47727385041800&mod=d25a34b9&uri=product.php%3Fdetail%2F2890335.htm HTTP/1.1" 200 1917 "-" "Mozilla/5.0 (Linux; Android 6.0.1; Nexus 5X Build/MMB29P) AppleWebKit/537.36 (KHTML, like Gecko) Chrome/137.0.7151.103 Mobile Safari/537.36 (compatible; Googlebot/2.1; +http://www.google.com/bot.html)"
66.249.65.35 - - [16/Jul/2025:17:11:59 +0000] "GET /?x=5665341041800&mod=dc6a7e65&uri=blog.php?detail/2919990.htm HTTP/1.1" 301 - "-" "Mozilla/5.0 (Linux; Android 6.0.1; Nexus 5X Build/MMB29P) AppleWebKit/537.36 (KHTML, like Gecko) Chrome/137.0.7151.103 Mobile Safari/537.36 (compatible; Googlebot/2.1; +http://www.google.com/bot.html)"
66.249.65.35 - - [16/Jul/2025:17:11:59 +0000] "GET /?x=5665341041800&mod=dc6a7e65&uri=blog.php%3Fdetail%2F2919990.htm HTTP/1.1" 200 1913 "-" "Mozilla/5.0 (Linux; Android 6.0.1; Nexus 5X Build/MMB29P) AppleWebKit/537.36 (KHTML, like Gecko) Chrome/137.0.7151.103 Mobile Safari/537.36 (compatible; Googlebot/2.1; +http://www.google.com/bot.html)"
66.249.65.35 - - [16/Jul/2025:17:12:01 +0000] "GET /?x=47727385041800&mod=d25a34b9&uri=product.php?pcsp.html HTTP/1.1" 301 - "-" "Mozilla/5.0 (Linux; Android 6.0.1; Nexus 5X Build/MMB29P) AppleWebKit/537.36 (KHTML, like Gecko) Chrome/137.0.7151.103 Mobile Safari/537.36 (compatible; Googlebot/2.1; +http://www.google.com/bot.html)"
66.249.65.35 - - [16/Jul/2025:17:12:01 +0000] "GET /?x=47727385041800&mod=d25a34b9&uri=product.php%3Fpcsp.html HTTP/1.1" 200 1906 "-" "Mozilla/5.0 (Linux; Android 6.0.1; Nexus 5X Build/MMB29P) AppleWebKit/537.36 (KHTML, like Gecko) Chrome/137.0.7151.103 Mobile Safari/537.36 (compatible; Googlebot/2.1; +http://www.google.com/bot.html)"
66.249.65.35 - - [16/Jul/2025:17:12:19 +0000] "GET /?x=84220116031800&mod=333cb763&uri=dp.php?detail/51077564.htm HTTP/1.1" 301 - "-" "Mozilla/5.0 (Linux; Android 6.0.1; Nexus 5X Build/MMB29P) AppleWebKit/537.36 (KHTML, like Gecko) Chrome/137.0.7151.103 Mobile Safari/537.36 (compatible; Googlebot/2.1; +http://www.google.com/bot.html)"
66.249.65.35 - - [16/Jul/2025:17:12:19 +0000] "GET /?x=5665341041800&mod=dc6a7e65&uri=blog.php?product_archives HTTP/1.1" 301 - "-" "Mozilla/5.0 (Linux; Android 6.0.1; Nexus 5X Build/MMB29P) AppleWebKit/537.36 (KHTML, like Gecko) Chrome/137.0.7151.103 Mobile Safari/537.36 (compatible; Googlebot/2.1; +http://www.google.com/bot.html)"
66.249.65.35 - - [16/Jul/2025:17:12:19 +0000] "GET /?x=84220116031800&mod=333cb763&uri=dp.php%3Fdetail%2F51077564.htm HTTP/1.1" 200 1915 "-" "Mozilla/5.0 (Linux; Android 6.0.1; Nexus 5X Build/MMB29P) AppleWebKit/537.36 (KHTML, like Gecko) Chrome/137.0.7151.103 Mobile Safari/537.36 (compatible; Googlebot/2.1; +http://www.google.com/bot.html)"
66.249.65.35 - - [16/Jul/2025:17:12:19 +0000] "GET /?x=5665341041800&mod=dc6a7e65&uri=blog.php%3Fproduct_archives HTTP/1.1" 200 1907 "-" "Mozilla/5.0 (Linux; Android 6.0.1; Nexus 5X Build/MMB29P) AppleWebKit/537.36 (KHTML, like Gecko) Chrome/137.0.7151.103 Mobile Safari/537.36 (compatible; Googlebot/2.1; +http://www.google.com/bot.html)"
209.74.77.214 - - [16/Jul/2025:17:12:43 +0000] "POST /wp-cron.php?doing_wp_cron=1752685963.9149420261383056640625 HTTP/1.1" 200 - "-" "WordPress/6.8.2; https://kraft-court.cafe"
66.249.65.35 - - [16/Jul/2025:17:12:43 +0000] "GET /?x=47727385041800&mod=d25a34b9&uri=product.php?affiliate HTTP/1.1" 301 - "-" "Mozilla/5.0 (Linux; Android 6.0.1; Nexus 5X Build/MMB29P) AppleWebKit/537.36 (KHTML, like Gecko) Chrome/137.0.7151.103 Mobile Safari/537.36 (compatible; Googlebot/2.1; +http://www.google.com/bot.html)"
209.74.77.214 - - [16/Jul/2025:17:12:44 +0000] "POST /wp-cron.php?doing_wp_cron=1752685964.1080689430236816406250 HTTP/1.1" 200 - "-" "WordPress/6.8.2; https://kraft-court.cafe"
66.249.65.35 - - [16/Jul/2025:17:12:44 +0000] "GET /?x=47727385041800&mod=d25a34b9&uri=product.php%3Faffiliate HTTP/1.1" 200 1906 "-" "Mozilla/5.0 (Linux; Android 6.0.1; Nexus 5X Build/MMB29P) AppleWebKit/537.36 (KHTML, like Gecko) Chrome/137.0.7151.103 Mobile Safari/537.36 (compatible; Googlebot/2.1; +http://www.google.com/bot.html)"
66.249.65.37 - - [16/Jul/2025:17:13:28 +0000] "GET /?x=6107075131800&mod=0d0fd7c6&uri=shop.php?pcmypage HTTP/1.1" 301 - "-" "Mozilla/5.0 (Linux; Android 6.0.1; Nexus 5X Build/MMB29P) AppleWebKit/537.36 (KHTML, like Gecko) Chrome/137.0.7151.103 Mobile Safari/537.36 (compatible; Googlebot/2.1; +http://www.google.com/bot.html)"
66.249.65.36 - - [16/Jul/2025:17:13:28 +0000] "GET /?x=5665341041800&mod=dc6a7e65&uri=blog.php?feature/sale2411-5/index.html HTTP/1.1" 301 - "-" "Mozilla/5.0 (Linux; Android 6.0.1; Nexus 5X Build/MMB29P) AppleWebKit/537.36 (KHTML, like Gecko) Chrome/137.0.7151.103 Mobile Safari/537.36 (compatible; Googlebot/2.1; +http://www.google.com/bot.html)"
66.249.65.36 - - [16/Jul/2025:17:13:28 +0000] "GET /?x=86520426021800&mod=9e246510&uri=news.php%3Fid%3D2887318-1164%26name%3Dfelpe+diesel+uomo+in+saldo HTTP/1.1" 301 - "-" "Mozilla/5.0 (Linux; Android 6.0.1; Nexus 5X Build/MMB29P) AppleWebKit/537.36 (KHTML, like Gecko) Chrome/137.0.7151.103 Mobile Safari/537.36 (compatible; Googlebot/2.1; +http://www.google.com/bot.html)"
66.249.65.37 - - [16/Jul/2025:17:13:29 +0000] "GET /?x=86520426021800&mod=9e246510&uri=news.php%3Fid%3D2887318-1164%26name%3Dfelpe%20diesel%20uomo%20in%20saldo HTTP/1.1" 200 1939 "-" "Mozilla/5.0 (Linux; Android 6.0.1; Nexus 5X Build/MMB29P) AppleWebKit/537.36 (KHTML, like Gecko) Chrome/137.0.7151.103 Mobile Safari/537.36 (compatible; Googlebot/2.1; +http://www.google.com/bot.html)"
66.249.65.35 - - [16/Jul/2025:17:13:29 +0000] "GET /?x=6107075131800&mod=0d0fd7c6&uri=shop.php%3Fpcmypage HTTP/1.1" 200 1902 "-" "Mozilla/5.0 (Linux; Android 6.0.1; Nexus 5X Build/MMB29P) AppleWebKit/537.36 (KHTML, like Gecko) Chrome/137.0.7151.103 Mobile Safari/537.36 (compatible; Googlebot/2.1; +http://www.google.com/bot.html)"
66.249.65.37 - - [16/Jul/2025:17:13:29 +0000] "GET /?x=5665341041800&mod=dc6a7e65&uri=blog.php%3Ffeature%2Fsale2411-5%2Findex.html HTTP/1.1" 200 1920 "-" "Mozilla/5.0 (Linux; Android 6.0.1; Nexus 5X Build/MMB29P) AppleWebKit/537.36 (KHTML, like Gecko) Chrome/137.0.7151.103 Mobile Safari/537.36 (compatible; Googlebot/2.1; +http://www.google.com/bot.html)"
209.74.77.214 - - [16/Jul/2025:17:13:40 +0000] "POST /wp-cron.php?doing_wp_cron=1752686020.2396481037139892578125 HTTP/1.1" 200 - "-" "WordPress/6.8.2; https://kraft-court.cafe"
66.249.65.35 - - [16/Jul/2025:17:13:40 +0000] "GET /?x=5665341041800&mod=dc6a7e65&uri=blog.php?detail/2938324.htm HTTP/1.1" 301 - "-" "Mozilla/5.0 (Linux; Android 6.0.1; Nexus 5X Build/MMB29P) AppleWebKit/537.36 (KHTML, like Gecko) Chrome/137.0.7151.103 Mobile Safari/537.36 (compatible; Googlebot/2.1; +http://www.google.com/bot.html)"
66.249.65.35 - - [16/Jul/2025:17:13:40 +0000] "GET /?x=5665341041800&mod=dc6a7e65&uri=blog.php%3Fdetail%2F2938324.htm HTTP/1.1" 200 1913 "-" "Mozilla/5.0 (Linux; Android 6.0.1; Nexus 5X Build/MMB29P) AppleWebKit/537.36 (KHTML, like Gecko) Chrome/137.0.7151.103 Mobile Safari/537.36 (compatible; Googlebot/2.1; +http://www.google.com/bot.html)"
209.74.77.214 - - [16/Jul/2025:17:13:54 +0000] "POST /wp-cron.php?doing_wp_cron=1752686034.6596879959106445312500 HTTP/1.1" 200 - "-" "WordPress/6.8.2; https://kraft-court.cafe"
66.249.65.35 - - [16/Jul/2025:17:13:54 +0000] "GET /?x=5665341041800&mod=dc6a7e65&uri=blog.php?man/customer_guide HTTP/1.1" 301 - "-" "Mozilla/5.0 (Linux; Android 6.0.1; Nexus 5X Build/MMB29P) AppleWebKit/537.36 (KHTML, like Gecko) Chrome/137.0.7151.103 Mobile Safari/537.36 (compatible; Googlebot/2.1; +http://www.google.com/bot.html)"
66.249.65.35 - - [16/Jul/2025:17:13:54 +0000] "GET /?x=5665341041800&mod=dc6a7e65&uri=blog.php%3Fman%2Fcustomer_guide HTTP/1.1" 200 1908 "-" "Mozilla/5.0 (Linux; Android 6.0.1; Nexus 5X Build/MMB29P) AppleWebKit/537.36 (KHTML, like Gecko) Chrome/137.0.7151.103 Mobile Safari/537.36 (compatible; Googlebot/2.1; +http://www.google.com/bot.html)"
66.249.65.35 - - [16/Jul/2025:17:14:03 +0000] "GET /?x=47301108001800&mod=48584348&uri=shop.php?detail/2896119.htm HTTP/1.1" 301 - "-" "Mozilla/5.0 (Linux; Android 6.0.1; Nexus 5X Build/MMB29P) AppleWebKit/537.36 (KHTML, like Gecko) Chrome/137.0.7151.103 Mobile Safari/537.36 (compatible; Googlebot/2.1; +http://www.google.com/bot.html)"
66.249.65.36 - - [16/Jul/2025:17:14:03 +0000] "GET /?x=47301108001800&mod=48584348&uri=shop.php%3Fdetail%2F2896119.htm HTTP/1.1" 200 1913 "-" "Mozilla/5.0 (Linux; Android 6.0.1; Nexus 5X Build/MMB29P) AppleWebKit/537.36 (KHTML, like Gecko) Chrome/137.0.7151.103 Mobile Safari/537.36 (compatible; Googlebot/2.1; +http://www.google.com/bot.html)"
51.222.253.12 - - [16/Jul/2025:17:14:05 +0000] "GET /?x=21241550131800&mod=2b8501af&uri=goods.php%3Fid%3D709039-786%26name%3Dblundstone+585+classic HTTP/1.1" 301 - "-" "Mozilla/5.0 (compatible; AhrefsBot/7.0; +http://ahrefs.com/robot/)"
209.74.77.214 - - [16/Jul/2025:17:14:52 +0000] "POST /wp-cron.php?doing_wp_cron=1752686092.2779779434204101562500 HTTP/1.1" 200 - "-" "WordPress/6.8.2; https://kraft-court.cafe"
66.249.65.36 - - [16/Jul/2025:17:14:51 +0000] "GET /?x=5665341041800&mod=dc6a7e65&uri=blog.php?detail/2897316.htm HTTP/1.1" 301 - "-" "Mozilla/5.0 (Linux; Android 6.0.1; Nexus 5X Build/MMB29P) AppleWebKit/537.36 (KHTML, like Gecko) Chrome/137.0.7151.103 Mobile Safari/537.36 (compatible; Googlebot/2.1; +http://www.google.com/bot.html)"
66.249.65.35 - - [16/Jul/2025:17:14:52 +0000] "GET /?x=5665341041800&mod=dc6a7e65&uri=blog.php%3Fdetail%2F2897316.htm HTTP/1.1" 200 1913 "-" "Mozilla/5.0 (Linux; Android 6.0.1; Nexus 5X Build/MMB29P) AppleWebKit/537.36 (KHTML, like Gecko) Chrome/137.0.7151.103 Mobile Safari/537.36 (compatible; Googlebot/2.1; +http://www.google.com/bot.html)"
66.249.65.35 - - [16/Jul/2025:17:15:01 +0000] "GET /?x=47727385041800&mod=d25a34b9&uri=product.php?detail/2935400.htm HTTP/1.1" 301 - "-" "Mozilla/5.0 (Linux; Android 6.0.1; Nexus 5X Build/MMB29P) AppleWebKit/537.36 (KHTML, like Gecko) Chrome/137.0.7151.103 Mobile Safari/537.36 (compatible; Googlebot/2.1; +http://www.google.com/bot.html)"
66.249.65.35 - - [16/Jul/2025:17:15:02 +0000] "GET /?x=47727385041800&mod=d25a34b9&uri=product.php%3Fdetail%2F2935400.htm HTTP/1.1" 200 1917 "-" "Mozilla/5.0 (Linux; Android 6.0.1; Nexus 5X Build/MMB29P) AppleWebKit/537.36 (KHTML, like Gecko) Chrome/137.0.7151.103 Mobile Safari/537.36 (compatible; Googlebot/2.1; +http://www.google.com/bot.html)"
66.249.65.35 - - [16/Jul/2025:17:15:06 +0000] "GET /?x=5665341041800&mod=dc6a7e65&uri=blog.php?detail/2899662.htm HTTP/1.1" 301 - "-" "Mozilla/5.0 (Linux; Android 6.0.1; Nexus 5X Build/MMB29P) AppleWebKit/537.36 (KHTML, like Gecko) Chrome/137.0.7151.103 Mobile Safari/537.36 (compatible; Googlebot/2.1; +http://www.google.com/bot.html)"
66.249.65.36 - - [16/Jul/2025:17:15:06 +0000] "GET /?x=5665341041800&mod=dc6a7e65&uri=blog.php%3Fdetail%2F2899662.htm HTTP/1.1" 200 1913 "-" "Mozilla/5.0 (Linux; Android 6.0.1; Nexus 5X Build/MMB29P) AppleWebKit/537.36 (KHTML, like Gecko) Chrome/137.0.7151.103 Mobile Safari/537.36 (compatible; Googlebot/2.1; +http://www.google.com/bot.html)"
66.249.65.35 - - [16/Jul/2025:17:15:21 +0000] "GET /?x=40273442021800&mod=170f22f2&uri=form.php?detail/2886462.htm HTTP/1.1" 301 - "-" "Mozilla/5.0 (Linux; Android 6.0.1; Nexus 5X Build/MMB29P) AppleWebKit/537.36 (KHTML, like Gecko) Chrome/137.0.7151.103 Mobile Safari/537.36 (compatible; Googlebot/2.1; +http://www.google.com/bot.html)"
66.249.65.35 - - [16/Jul/2025:17:15:21 +0000] "GET /?x=59680175011800&mod=41e7637e&uri=form.php?detail/2900899.htm HTTP/1.1" 301 - "-" "Mozilla/5.0 (Linux; Android 6.0.1; Nexus 5X Build/MMB29P) AppleWebKit/537.36 (KHTML, like Gecko) Chrome/137.0.7151.103 Mobile Safari/537.36 (compatible; Googlebot/2.1; +http://www.google.com/bot.html)"
66.249.65.35 - - [16/Jul/2025:17:15:21 +0000] "GET /?x=40273442021800&mod=170f22f2&uri=form.php%3Fdetail%2F2886462.htm HTTP/1.1" 200 1913 "-" "Mozilla/5.0 (Linux; Android 6.0.1; Nexus 5X Build/MMB29P) AppleWebKit/537.36 (KHTML, like Gecko) Chrome/137.0.7151.103 Mobile Safari/537.36 (compatible; Googlebot/2.1; +http://www.google.com/bot.html)"
66.249.65.35 - - [16/Jul/2025:17:15:22 +0000] "GET /?x=59680175011800&mod=41e7637e&uri=form.php%3Fdetail%2F2900899.htm HTTP/1.1" 200 1915 "-" "Mozilla/5.0 (Linux; Android 6.0.1; Nexus 5X Build/MMB29P) AppleWebKit/537.36 (KHTML, like Gecko) Chrome/137.0.7151.103 Mobile Safari/537.36 (compatible; Googlebot/2.1; +http://www.google.com/bot.html)"
66.249.65.35 - - [16/Jul/2025:17:15:30 +0000] "GET /?x=31858456001800&mod=42e77b63&uri=news.php%3Fid%3D1063322-62%26name%3Dfree+college+football+live+stream HTTP/1.1" 301 - "-" "Mozilla/5.0 (Linux; Android 6.0.1; Nexus 5X Build/MMB29P) AppleWebKit/537.36 (KHTML, like Gecko) Chrome/137.0.7151.103 Mobile Safari/537.36 (compatible; Googlebot/2.1; +http://www.google.com/bot.html)"
66.249.65.35 - - [16/Jul/2025:17:15:30 +0000] "GET /?x=31858456001800&mod=42e77b63&uri=news.php%3Fid%3D1063322-62%26name%3Dfree%20college%20football%20live%20stream HTTP/1.1" 200 1942 "-" "Mozilla/5.0 (Linux; Android 6.0.1; Nexus 5X Build/MMB29P) AppleWebKit/537.36 (KHTML, like Gecko) Chrome/137.0.7151.103 Mobile Safari/537.36 (compatible; Googlebot/2.1; +http://www.google.com/bot.html)"
209.74.77.214 - - [16/Jul/2025:17:16:09 +0000] "POST /wp-cron.php?doing_wp_cron=1752686169.0843169689178466796875 HTTP/1.1" 200 - "-" "WordPress/6.8.2; https://kraft-court.cafe"
66.249.65.37 - - [16/Jul/2025:17:16:07 +0000] "GET /?x=47727385041800&mod=d25a34b9&uri=product.php?detail/2893067.htm HTTP/1.1" 301 - "-" "Mozilla/5.0 (Linux; Android 6.0.1; Nexus 5X Build/MMB29P) AppleWebKit/537.36 (KHTML, like Gecko) Chrome/137.0.7151.103 Mobile Safari/537.36 (compatible; Googlebot/2.1; +http://www.google.com/bot.html)"
66.249.65.36 - - [16/Jul/2025:17:16:09 +0000] "GET /?x=47727385041800&mod=d25a34b9&uri=product.php%3Fdetail%2F2893067.htm HTTP/1.1" 200 1918 "-" "Mozilla/5.0 (Linux; Android 6.0.1; Nexus 5X Build/MMB29P) AppleWebKit/537.36 (KHTML, like Gecko) Chrome/137.0.7151.103 Mobile Safari/537.36 (compatible; Googlebot/2.1; +http://www.google.com/bot.html)"
209.74.77.214 - - [16/Jul/2025:17:16:39 +0000] "POST /wp-cron.php?doing_wp_cron=1752686199.4236021041870117187500 HTTP/1.1" 200 - "-" "WordPress/6.8.2; https://kraft-court.cafe"
66.249.65.36 - - [16/Jul/2025:17:16:39 +0000] "GET /?x=92528571091800&mod=c5bbd980&uri=itm.php?pcsp.html HTTP/1.1" 301 - "-" "Mozilla/5.0 (Linux; Android 6.0.1; Nexus 5X Build/MMB29P) AppleWebKit/537.36 (KHTML, like Gecko) Chrome/137.0.7151.103 Mobile Safari/537.36 (compatible; Googlebot/2.1; +http://www.google.com/bot.html)"
66.249.65.36 - - [16/Jul/2025:17:16:39 +0000] "GET /?x=59713523031800&mod=9854d7af&uri=pin.php?feature/sapporo/index.html HTTP/1.1" 301 - "-" "Mozilla/5.0 (Linux; Android 6.0.1; Nexus 5X Build/MMB29P) AppleWebKit/537.36 (KHTML, like Gecko) Chrome/137.0.7151.103 Mobile Safari/537.36 (compatible; Googlebot/2.1; +http://www.google.com/bot.html)"
66.249.65.36 - - [16/Jul/2025:17:16:39 +0000] "GET /?x=6107075131800&mod=0d0fd7c6&uri=shop.php?cargo/detail HTTP/1.1" 301 - "-" "Mozilla/5.0 (Linux; Android 6.0.1; Nexus 5X Build/MMB29P) AppleWebKit/537.36 (KHTML, like Gecko) Chrome/137.0.7151.103 Mobile Safari/537.36 (compatible; Googlebot/2.1; +http://www.google.com/bot.html)"
66.249.65.35 - - [16/Jul/2025:17:16:39 +0000] "GET /?x=92528571091800&mod=c5bbd980&uri=itm.php%3Fpcsp.html HTTP/1.1" 200 1901 "-" "Mozilla/5.0 (Linux; Android 6.0.1; Nexus 5X Build/MMB29P) AppleWebKit/537.36 (KHTML, like Gecko) Chrome/137.0.7151.103 Mobile Safari/537.36 (compatible; Googlebot/2.1; +http://www.google.com/bot.html)"
66.249.65.36 - - [16/Jul/2025:17:16:39 +0000] "GET /?x=59713523031800&mod=9854d7af&uri=pin.php%3Ffeature%2Fsapporo%2Findex.html HTTP/1.1" 200 1919 "-" "Mozilla/5.0 (Linux; Android 6.0.1; Nexus 5X Build/MMB29P) AppleWebKit/537.36 (KHTML, like Gecko) Chrome/137.0.7151.103 Mobile Safari/537.36 (compatible; Googlebot/2.1; +http://www.google.com/bot.html)"
66.249.65.36 - - [16/Jul/2025:17:16:39 +0000] "GET /?x=6107075131800&mod=0d0fd7c6&uri=shop.php%3Fcargo%2Fdetail HTTP/1.1" 200 1907 "-" "Mozilla/5.0 (Linux; Android 6.0.1; Nexus 5X Build/MMB29P) AppleWebKit/537.36 (KHTML, like Gecko) Chrome/137.0.7151.103 Mobile Safari/537.36 (compatible; Googlebot/2.1; +http://www.google.com/bot.html)"
66.249.65.36 - - [16/Jul/2025:17:16:41 +0000] "GET /?x=47727385041800&mod=d25a34b9&uri=product.php?feature/utsunomiya/index.html HTTP/1.1" 301 - "-" "Mozilla/5.0 (Linux; Android 6.0.1; Nexus 5X Build/MMB29P) AppleWebKit/537.36 (KHTML, like Gecko) Chrome/137.0.7151.103 Mobile Safari/537.36 (compatible; Googlebot/2.1; +http://www.google.com/bot.html)"
66.249.65.35 - - [16/Jul/2025:17:16:41 +0000] "GET /?x=47727385041800&mod=d25a34b9&uri=product.php%3Ffeature%2Futsunomiya%2Findex.html HTTP/1.1" 200 1923 "-" "Mozilla/5.0 (Linux; Android 6.0.1; Nexus 5X Build/MMB29P) AppleWebKit/537.36 (KHTML, like Gecko) Chrome/137.0.7151.103 Mobile Safari/537.36 (compatible; Googlebot/2.1; +http://www.google.com/bot.html)"
209.74.77.214 - - [16/Jul/2025:17:17:16 +0000] "POST /wp-cron.php?doing_wp_cron=1752686236.0963110923767089843750 HTTP/1.1" 200 - "-" "WordPress/6.8.2; https://kraft-court.cafe"
66.249.65.35 - - [16/Jul/2025:17:17:14 +0000] "GET /?x=47301108001800&mod=48584348&uri=shop.php?detail/2919990.htm HTTP/1.1" 301 - "-" "Mozilla/5.0 (Linux; Android 6.0.1; Nexus 5X Build/MMB29P) AppleWebKit/537.36 (KHTML, like Gecko) Chrome/137.0.7151.103 Mobile Safari/537.36 (compatible; Googlebot/2.1; +http://www.google.com/bot.html)"
66.249.65.36 - - [16/Jul/2025:17:17:16 +0000] "GET /?x=47301108001800&mod=48584348&uri=shop.php%3Fdetail%2F2919990.htm HTTP/1.1" 200 1913 "-" "Mozilla/5.0 (Linux; Android 6.0.1; Nexus 5X Build/MMB29P) AppleWebKit/537.36 (KHTML, like Gecko) Chrome/137.0.7151.103 Mobile Safari/537.36 (compatible; Googlebot/2.1; +http://www.google.com/bot.html)"
66.249.65.36 - - [16/Jul/2025:17:17:30 +0000] "GET /?x=34842766031800&mod=91394d0f&uri=product.php?toreka/toreka_single.html HTTP/1.1" 301 - "-" "Mozilla/5.0 (Linux; Android 6.0.1; Nexus 5X Build/MMB29P) AppleWebKit/537.36 (KHTML, like Gecko) Chrome/137.0.7151.103 Mobile Safari/537.36 (compatible; Googlebot/2.1; +http://www.google.com/bot.html)"
66.249.65.35 - - [16/Jul/2025:17:17:30 +0000] "GET /?x=34842766031800&mod=91394d0f&uri=product.php%3Ftoreka%2Ftoreka_single.html HTTP/1.1" 200 1917 "-" "Mozilla/5.0 (Linux; Android 6.0.1; Nexus 5X Build/MMB29P) AppleWebKit/537.36 (KHTML, like Gecko) Chrome/137.0.7151.103 Mobile Safari/537.36 (compatible; Googlebot/2.1; +http://www.google.com/bot.html)"
209.74.77.214 - - [16/Jul/2025:17:18:09 +0000] "POST /wp-cron.php?doing_wp_cron=1752686289.9632859230041503906250 HTTP/1.1" 200 - "-" "WordPress/6.8.2; https://kraft-court.cafe"
66.249.65.37 - - [16/Jul/2025:17:18:08 +0000] "GET /?x=59680175011800&mod=41e7637e&uri=form.php?detail/2908541.htm HTTP/1.1" 301 - "-" "Mozilla/5.0 (Linux; Android 6.0.1; Nexus 5X Build/MMB29P) AppleWebKit/537.36 (KHTML, like Gecko) Chrome/137.0.7151.103 Mobile Safari/537.36 (compatible; Googlebot/2.1; +http://www.google.com/bot.html)"
66.249.65.36 - - [16/Jul/2025:17:18:10 +0000] "GET /?x=59680175011800&mod=41e7637e&uri=form.php%3Fdetail%2F2908541.htm HTTP/1.1" 200 1914 "-" "Mozilla/5.0 (Linux; Android 6.0.1; Nexus 5X Build/MMB29P) AppleWebKit/537.36 (KHTML, like Gecko) Chrome/137.0.7151.103 Mobile Safari/537.36 (compatible; Googlebot/2.1; +http://www.google.com/bot.html)"
66.249.65.37 - - [16/Jul/2025:17:18:10 +0000] "GET /?x=5665341041800&mod=dc6a7e65&uri=blog.php?toreka/toreka_single.html HTTP/1.1" 301 - "-" "Mozilla/5.0 (Linux; Android 6.0.1; Nexus 5X Build/MMB29P) AppleWebKit/537.36 (KHTML, like Gecko) Chrome/137.0.7151.103 Mobile Safari/537.36 (compatible; Googlebot/2.1; +http://www.google.com/bot.html)"
66.249.65.36 - - [16/Jul/2025:17:18:10 +0000] "GET /?x=5665341041800&mod=dc6a7e65&uri=blog.php%3Ftoreka%2Ftoreka_single.html HTTP/1.1" 200 1912 "-" "Mozilla/5.0 (Linux; Android 6.0.1; Nexus 5X Build/MMB29P) AppleWebKit/537.36 (KHTML, like Gecko) Chrome/137.0.7151.103 Mobile Safari/537.36 (compatible; Googlebot/2.1; +http://www.google.com/bot.html)"
66.249.65.36 - - [16/Jul/2025:17:18:11 +0000] "GET /?x=40273442021800&mod=170f22f2&uri=form.php?hobby/boardgame/index.html HTTP/1.1" 301 - "-" "Mozilla/5.0 (Linux; Android 6.0.1; Nexus 5X Build/MMB29P) AppleWebKit/537.36 (KHTML, like Gecko) Chrome/137.0.7151.103 Mobile Safari/537.36 (compatible; Googlebot/2.1; +http://www.google.com/bot.html)"
66.249.65.36 - - [16/Jul/2025:17:18:11 +0000] "GET /?x=40273442021800&mod=170f22f2&uri=form.php%3Fhobby%2Fboardgame%2Findex.html HTTP/1.1" 200 1918 "-" "Mozilla/5.0 (Linux; Android 6.0.1; Nexus 5X Build/MMB29P) AppleWebKit/537.36 (KHTML, like Gecko) Chrome/137.0.7151.103 Mobile Safari/537.36 (compatible; Googlebot/2.1; +http://www.google.com/bot.html)"
66.249.65.36 - - [16/Jul/2025:17:18:23 +0000] "GET /?x=34671899081800&mod=9854d7af&uri=itm.php?detail/2921485.htm HTTP/1.1" 301 - "-" "Mozilla/5.0 (Linux; Android 6.0.1; Nexus 5X Build/MMB29P) AppleWebKit/537.36 (KHTML, like Gecko) Chrome/137.0.7151.103 Mobile Safari/537.36 (compatible; Googlebot/2.1; +http://www.google.com/bot.html)"
66.249.65.35 - - [16/Jul/2025:17:18:23 +0000] "GET /?x=34671899081800&mod=9854d7af&uri=itm.php%3Fdetail%2F2921485.htm HTTP/1.1" 200 1915 "-" "Mozilla/5.0 (Linux; Android 6.0.1; Nexus 5X Build/MMB29P) AppleWebKit/537.36 (KHTML, like Gecko) Chrome/137.0.7151.103 Mobile Safari/537.36 (compatible; Googlebot/2.1; +http://www.google.com/bot.html)"
209.74.77.214 - - [16/Jul/2025:17:18:40 +0000] "POST /wp-cron.php?doing_wp_cron=1752686320.9090919494628906250000 HTTP/1.1" 200 - "-" "WordPress/6.8.2; https://kraft-court.cafe"
66.249.65.35 - - [16/Jul/2025:17:18:40 +0000] "GET /?x=34926003081800&mod=a0872cc5&uri=category-info.php?detail/2936797.htm HTTP/1.1" 301 - "-" "Mozilla/5.0 (Linux; Android 6.0.1; Nexus 5X Build/MMB29P) AppleWebKit/537.36 (KHTML, like Gecko) Chrome/137.0.7151.103 Mobile Safari/537.36 (compatible; Googlebot/2.1; +http://www.google.com/bot.html)"
66.249.65.35 - - [16/Jul/2025:17:18:41 +0000] "GET /?x=34926003081800&mod=a0872cc5&uri=category-info.php%3Fdetail%2F2936797.htm HTTP/1.1" 200 1922 "-" "Mozilla/5.0 (Linux; Android 6.0.1; Nexus 5X Build/MMB29P) AppleWebKit/537.36 (KHTML, like Gecko) Chrome/137.0.7151.103 Mobile Safari/537.36 (compatible; Googlebot/2.1; +http://www.google.com/bot.html)"
209.74.77.214 - - [16/Jul/2025:17:19:31 +0000] "POST /wp-cron.php?doing_wp_cron=1752686371.1164839267730712890625 HTTP/1.1" 200 - "-" "WordPress/6.8.2; https://kraft-court.cafe"
66.249.65.35 - - [16/Jul/2025:17:19:29 +0000] "GET /?x=59680175011800&mod=41e7637e&uri=form.php?detail/2925060.htm HTTP/1.1" 301 - "-" "Mozilla/5.0 (Linux; Android 6.0.1; Nexus 5X Build/MMB29P) AppleWebKit/537.36 (KHTML, like Gecko) Chrome/137.0.7151.103 Mobile Safari/537.36 (compatible; Googlebot/2.1; +http://www.google.com/bot.html)"
66.249.65.36 - - [16/Jul/2025:17:19:31 +0000] "GET /?x=59680175011800&mod=41e7637e&uri=form.php%3Fdetail%2F2925060.htm HTTP/1.1" 200 1914 "-" "Mozilla/5.0 (Linux; Android 6.0.1; Nexus 5X Build/MMB29P) AppleWebKit/537.36 (KHTML, like Gecko) Chrome/137.0.7151.103 Mobile Safari/537.36 (compatible; Googlebot/2.1; +http://www.google.com/bot.html)"
209.74.77.214 - - [16/Jul/2025:17:19:48 +0000] "POST /wp-cron.php?doing_wp_cron=1752686388.5061159133911132812500 HTTP/1.1" 200 - "-" "WordPress/6.8.2; https://kraft-court.cafe"
66.249.65.36 - - [16/Jul/2025:17:19:48 +0000] "GET /?x=74120843041800&mod=28d43766&uri=news.php?toreka/toreka_single.html HTTP/1.1" 301 - "-" "Mozilla/5.0 (Linux; Android 6.0.1; Nexus 5X Build/MMB29P) AppleWebKit/537.36 (KHTML, like Gecko) Chrome/137.0.7151.103 Mobile Safari/537.36 (compatible; Googlebot/2.1; +http://www.google.com/bot.html)"
66.249.65.36 - - [16/Jul/2025:17:19:48 +0000] "GET /?x=40273442021800&mod=170f22f2&uri=form.php?detail/2902458.htm HTTP/1.1" 301 - "-" "Mozilla/5.0 (Linux; Android 6.0.1; Nexus 5X Build/MMB29P) AppleWebKit/537.36 (KHTML, like Gecko) Chrome/137.0.7151.103 Mobile Safari/537.36 (compatible; Googlebot/2.1; +http://www.google.com/bot.html)"
66.249.65.35 - - [16/Jul/2025:17:19:48 +0000] "GET /?x=5799848071800&mod=165a59f7&uri=brands.php?man/kaitori/kantan.html HTTP/1.1" 301 - "-" "Mozilla/5.0 (Linux; Android 6.0.1; Nexus 5X Build/MMB29P) AppleWebKit/537.36 (KHTML, like Gecko) Chrome/137.0.7151.103 Mobile Safari/537.36 (compatible; Googlebot/2.1; +http://www.google.com/bot.html)"
66.249.65.36 - - [16/Jul/2025:17:19:48 +0000] "GET /?x=74120843041800&mod=28d43766&uri=news.php%3Ftoreka%2Ftoreka_single.html HTTP/1.1" 200 1915 "-" "Mozilla/5.0 (Linux; Android 6.0.1; Nexus 5X Build/MMB29P) AppleWebKit/537.36 (KHTML, like Gecko) Chrome/137.0.7151.103 Mobile Safari/537.36 (compatible; Googlebot/2.1; +http://www.google.com/bot.html)"
66.249.65.36 - - [16/Jul/2025:17:19:48 +0000] "GET /?x=40273442021800&mod=170f22f2&uri=form.php%3Fdetail%2F2902458.htm HTTP/1.1" 200 1911 "-" "Mozilla/5.0 (Linux; Android 6.0.1; Nexus 5X Build/MMB29P) AppleWebKit/537.36 (KHTML, like Gecko) Chrome/137.0.7151.103 Mobile Safari/537.36 (compatible; Googlebot/2.1; +http://www.google.com/bot.html)"
66.249.65.36 - - [16/Jul/2025:17:19:48 +0000] "GET /?x=5799848071800&mod=165a59f7&uri=brands.php%3Fman%2Fkaitori%2Fkantan.html HTTP/1.1" 200 1916 "-" "Mozilla/5.0 (Linux; Android 6.0.1; Nexus 5X Build/MMB29P) AppleWebKit/537.36 (KHTML, like Gecko) Chrome/137.0.7151.103 Mobile Safari/537.36 (compatible; Googlebot/2.1; +http://www.google.com/bot.html)"
66.249.65.35 - - [16/Jul/2025:17:20:22 +0000] "GET /?x=47301108001800&mod=48584348&uri=shop.php?toreka/toreka_menu.html HTTP/1.1" 301 - "-" "Mozilla/5.0 (Linux; Android 6.0.1; Nexus 5X Build/MMB29P) AppleWebKit/537.36 (KHTML, like Gecko) Chrome/137.0.7151.103 Mobile Safari/537.36 (compatible; Googlebot/2.1; +http://www.google.com/bot.html)"
66.249.65.35 - - [16/Jul/2025:17:20:23 +0000] "GET /?x=47301108001800&mod=48584348&uri=shop.php%3Ftoreka%2Ftoreka_menu.html HTTP/1.1" 200 1911 "-" "Mozilla/5.0 (Linux; Android 6.0.1; Nexus 5X Build/MMB29P) AppleWebKit/537.36 (KHTML, like Gecko) Chrome/137.0.7151.103 Mobile Safari/537.36 (compatible; Googlebot/2.1; +http://www.google.com/bot.html)"
209.74.77.214 - - [16/Jul/2025:17:21:07 +0000] "POST /wp-cron.php?doing_wp_cron=1752686467.7779700756072998046875 HTTP/1.1" 200 - "-" "WordPress/6.8.2; https://kraft-court.cafe"
66.249.65.36 - - [16/Jul/2025:17:21:06 +0000] "GET /?x=111154978041800&mod=a8849b05&uri=form.php?detail/2880123.htm HTTP/1.1" 301 - "-" "Mozilla/5.0 (Linux; Android 6.0.1; Nexus 5X Build/MMB29P) AppleWebKit/537.36 (KHTML, like Gecko) Chrome/137.0.7151.103 Mobile Safari/537.36 (compatible; Googlebot/2.1; +http://www.google.com/bot.html)"
66.249.65.37 - - [16/Jul/2025:17:21:07 +0000] "GET /?x=111154978041800&mod=a8849b05&uri=form.php%3Fdetail%2F2880123.htm HTTP/1.1" 200 1913 "-" "Mozilla/5.0 (Linux; Android 6.0.1; Nexus 5X Build/MMB29P) AppleWebKit/537.36 (KHTML, like Gecko) Chrome/137.0.7151.103 Mobile Safari/537.36 (compatible; Googlebot/2.1; +http://www.google.com/bot.html)"
66.249.65.36 - - [16/Jul/2025:17:21:17 +0000] "GET /?x=40273442021800&mod=170f22f2&uri=form.php?detail/2917194.htm HTTP/1.1" 301 - "-" "Mozilla/5.0 (Linux; Android 6.0.1; Nexus 5X Build/MMB29P) AppleWebKit/537.36 (KHTML, like Gecko) Chrome/137.0.7151.103 Mobile Safari/537.36 (compatible; Googlebot/2.1; +http://www.google.com/bot.html)"
66.249.65.36 - - [16/Jul/2025:17:21:17 +0000] "GET /?x=40273442021800&mod=170f22f2&uri=form.php%3Fdetail%2F2917194.htm HTTP/1.1" 200 1912 "-" "Mozilla/5.0 (Linux; Android 6.0.1; Nexus 5X Build/MMB29P) AppleWebKit/537.36 (KHTML, like Gecko) Chrome/137.0.7151.103 Mobile Safari/537.36 (compatible; Googlebot/2.1; +http://www.google.com/bot.html)"
66.249.65.36 - - [16/Jul/2025:17:21:18 +0000] "GET /?x=59680175011800&mod=41e7637e&uri=form.php?detail/2898201.htm HTTP/1.1" 301 - "-" "Mozilla/5.0 (Linux; Android 6.0.1; Nexus 5X Build/MMB29P) AppleWebKit/537.36 (KHTML, like Gecko) Chrome/137.0.7151.103 Mobile Safari/537.36 (compatible; Googlebot/2.1; +http://www.google.com/bot.html)"
66.249.65.36 - - [16/Jul/2025:17:21:18 +0000] "GET /?x=59680175011800&mod=41e7637e&uri=form.php%3Fdetail%2F2898201.htm HTTP/1.1" 200 1914 "-" "Mozilla/5.0 (Linux; Android 6.0.1; Nexus 5X Build/MMB29P) AppleWebKit/537.36 (KHTML, like Gecko) Chrome/137.0.7151.103 Mobile Safari/537.36 (compatible; Googlebot/2.1; +http://www.google.com/bot.html)"
66.249.65.35 - - [16/Jul/2025:17:21:28 +0000] "GET /?x=84220116031800&mod=333cb763&uri=dp.php?detail/51028338.htm HTTP/1.1" 301 - "-" "Mozilla/5.0 (Linux; Android 6.0.1; Nexus 5X Build/MMB29P) AppleWebKit/537.36 (KHTML, like Gecko) Chrome/137.0.7151.103 Mobile Safari/537.36 (compatible; Googlebot/2.1; +http://www.google.com/bot.html)"
66.249.65.35 - - [16/Jul/2025:17:21:28 +0000] "GET /?x=84220116031800&mod=333cb763&uri=dp.php%3Fdetail%2F51028338.htm HTTP/1.1" 200 1914 "-" "Mozilla/5.0 (Linux; Android 6.0.1; Nexus 5X Build/MMB29P) AppleWebKit/537.36 (KHTML, like Gecko) Chrome/137.0.7151.103 Mobile Safari/537.36 (compatible; Googlebot/2.1; +http://www.google.com/bot.html)"
209.74.77.214 - - [16/Jul/2025:17:22:02 +0000] "POST /wp-cron.php?doing_wp_cron=1752686522.3508601188659667968750 HTTP/1.1" 200 - "-" "WordPress/6.8.2; https://kraft-court.cafe"
66.249.65.37 - - [16/Jul/2025:17:22:00 +0000] "GET /?x=5699727121800&mod=2de7cf20&uri=form.php?detail/46808583.htm HTTP/1.1" 301 - "-" "Mozilla/5.0 (Linux; Android 6.0.1; Nexus 5X Build/MMB29P) AppleWebKit/537.36 (KHTML, like Gecko) Chrome/137.0.7151.103 Mobile Safari/537.36 (compatible; Googlebot/2.1; +http://www.google.com/bot.html)"
66.249.65.35 - - [16/Jul/2025:17:22:02 +0000] "GET /?x=5699727121800&mod=2de7cf20&uri=form.php%3Fdetail%2F46808583.htm HTTP/1.1" 200 1913 "-" "Mozilla/5.0 (Linux; Android 6.0.1; Nexus 5X Build/MMB29P) AppleWebKit/537.36 (KHTML, like Gecko) Chrome/137.0.7151.103 Mobile Safari/537.36 (compatible; Googlebot/2.1; +http://www.google.com/bot.html)"
209.74.77.214 - - [16/Jul/2025:17:22:36 +0000] "POST /wp-cron.php?doing_wp_cron=1752686556.8355500698089599609375 HTTP/1.1" 200 - "-" "WordPress/6.8.2; https://kraft-court.cafe"
51.222.253.19 - - [16/Jul/2025:17:22:35 +0000] "GET /?x=22488652001800&mod=6967a5fb&uri=shared.php%3Fid%3D750640-817%26name%3Dadidas+spiritus+spzl HTTP/1.1" 301 - "-" "Mozilla/5.0 (compatible; AhrefsBot/7.0; +http://ahrefs.com/robot/)"
209.74.77.214 - - [16/Jul/2025:17:22:53 +0000] "POST /wp-cron.php?doing_wp_cron=1752686573.7691740989685058593750 HTTP/1.1" 200 - "-" "WordPress/6.8.2; https://kraft-court.cafe"
66.249.65.35 - - [16/Jul/2025:17:22:53 +0000] "GET /?x=59680175011800&mod=41e7637e&uri=form.php?detail/2922978.htm HTTP/1.1" 301 - "-" "Mozilla/5.0 (Linux; Android 6.0.1; Nexus 5X Build/MMB29P) AppleWebKit/537.36 (KHTML, like Gecko) Chrome/137.0.7151.103 Mobile Safari/537.36 (compatible; Googlebot/2.1; +http://www.google.com/bot.html)"
66.249.65.36 - - [16/Jul/2025:17:22:53 +0000] "GET /?x=59680175011800&mod=41e7637e&uri=form.php%3Fdetail%2F2922978.htm HTTP/1.1" 200 1915 "-" "Mozilla/5.0 (Linux; Android 6.0.1; Nexus 5X Build/MMB29P) AppleWebKit/537.36 (KHTML, like Gecko) Chrome/137.0.7151.103 Mobile Safari/537.36 (compatible; Googlebot/2.1; +http://www.google.com/bot.html)"
66.249.65.35 - - [16/Jul/2025:17:22:54 +0000] "GET /?x=59680175011800&mod=41e7637e&uri=form.php?detail/2946849.htm HTTP/1.1" 301 - "-" "Mozilla/5.0 (Linux; Android 6.0.1; Nexus 5X Build/MMB29P) AppleWebKit/537.36 (KHTML, like Gecko) Chrome/137.0.7151.103 Mobile Safari/537.36 (compatible; Googlebot/2.1; +http://www.google.com/bot.html)"
66.249.65.35 - - [16/Jul/2025:17:22:54 +0000] "GET /?x=59680175011800&mod=41e7637e&uri=form.php%3Fdetail%2F2946849.htm HTTP/1.1" 200 1915 "-" "Mozilla/5.0 (Linux; Android 6.0.1; Nexus 5X Build/MMB29P) AppleWebKit/537.36 (KHTML, like Gecko) Chrome/137.0.7151.103 Mobile Safari/537.36 (compatible; Googlebot/2.1; +http://www.google.com/bot.html)"
66.249.65.35 - - [16/Jul/2025:17:22:56 +0000] "GET /?x=40273442021800&mod=170f22f2&uri=form.php?%3Fid%3D1344112-1146%26name%3Dconsuela+makeup+bags HTTP/1.1" 301 - "-" "Mozilla/5.0 (Linux; Android 6.0.1; Nexus 5X Build/MMB29P) AppleWebKit/537.36 (KHTML, like Gecko) Chrome/137.0.7151.103 Mobile Safari/537.36 (compatible; Googlebot/2.1; +http://www.google.com/bot.html)"
66.249.65.36 - - [16/Jul/2025:17:22:56 +0000] "GET /?x=34926813051800&mod=e88f243b&uri=product.php?detail/2949869.htm HTTP/1.1" 301 - "-" "Mozilla/5.0 (Linux; Android 6.0.1; Nexus 5X Build/MMB29P) AppleWebKit/537.36 (KHTML, like Gecko) Chrome/137.0.7151.103 Mobile Safari/537.36 (compatible; Googlebot/2.1; +http://www.google.com/bot.html)"
66.249.65.36 - - [16/Jul/2025:17:22:56 +0000] "GET /?x=111154978041800&mod=a8849b05&uri=form.php?feature/yokohama_maruicity/index.html HTTP/1.1" 301 - "-" "Mozilla/5.0 (Linux; Android 6.0.1; Nexus 5X Build/MMB29P) AppleWebKit/537.36 (KHTML, like Gecko) Chrome/137.0.7151.103 Mobile Safari/537.36 (compatible; Googlebot/2.1; +http://www.google.com/bot.html)"
66.249.65.36 - - [16/Jul/2025:17:22:57 +0000] "GET /?x=40273442021800&mod=170f22f2&uri=form.php%3F%3Fid%3D1344112-1146%26name%3Dconsuela%20makeup%20bags HTTP/1.1" 200 1933 "-" "Mozilla/5.0 (Linux; Android 6.0.1; Nexus 5X Build/MMB29P) AppleWebKit/537.36 (KHTML, like Gecko) Chrome/137.0.7151.103 Mobile Safari/537.36 (compatible; Googlebot/2.1; +http://www.google.com/bot.html)"
66.249.65.35 - - [16/Jul/2025:17:22:57 +0000] "GET /?x=34926813051800&mod=e88f243b&uri=product.php%3Fdetail%2F2949869.htm HTTP/1.1" 200 1918 "-" "Mozilla/5.0 (Linux; Android 6.0.1; Nexus 5X Build/MMB29P) AppleWebKit/537.36 (KHTML, like Gecko) Chrome/137.0.7151.103 Mobile Safari/537.36 (compatible; Googlebot/2.1; +http://www.google.com/bot.html)"
66.249.65.35 - - [16/Jul/2025:17:22:57 +0000] "GET /?x=111154978041800&mod=a8849b05&uri=form.php%3Ffeature%2Fyokohama_maruicity%2Findex.html HTTP/1.1" 200 1926 "-" "Mozilla/5.0 (Linux; Android 6.0.1; Nexus 5X Build/MMB29P) AppleWebKit/537.36 (KHTML, like Gecko) Chrome/137.0.7151.103 Mobile Safari/537.36 (compatible; Googlebot/2.1; +http://www.google.com/bot.html)"
175.27.164.113 - - [16/Jul/2025:17:23:11 +0000] "GET / HTTP/1.1" 200 1850 "http://kraft-court.cafe" "Mozilla/5.0 (iPhone; CPU iPhone OS 13_2_3 like Mac OS X) AppleWebKit/605.1.15 (KHTML, like Gecko) Version/13.0.3 Mobile/15E148 Safari/604.1"
66.249.65.36 - - [16/Jul/2025:17:23:31 +0000] "GET /?x=59585489081800&mod=d073bb8d&uri=brands.php%3Fid%3D1988405-718%26name%3Dnike+app+promo+code+july+2019 HTTP/1.1" 301 - "-" "Mozilla/5.0 (Linux; Android 6.0.1; Nexus 5X Build/MMB29P) AppleWebKit/537.36 (KHTML, like Gecko) Chrome/137.0.7151.103 Mobile Safari/537.36 (compatible; Googlebot/2.1; +http://www.google.com/bot.html)"
66.249.65.37 - - [16/Jul/2025:17:23:31 +0000] "GET /?x=59585489081800&mod=d073bb8d&uri=brands.php%3Fid%3D1988405-718%26name%3Dnike%20app%20promo%20code%20july%202019 HTTP/1.1" 200 1945 "-" "Mozilla/5.0 (Linux; Android 6.0.1; Nexus 5X Build/MMB29P) AppleWebKit/537.36 (KHTML, like Gecko) Chrome/137.0.7151.103 Mobile Safari/537.36 (compatible; Googlebot/2.1; +http://www.google.com/bot.html)"
209.74.77.214 - - [16/Jul/2025:17:24:24 +0000] "POST /wp-cron.php?doing_wp_cron=1752686664.9562239646911621093750 HTTP/1.1" 200 - "-" "WordPress/6.8.2; https://kraft-court.cafe"
66.249.65.36 - - [16/Jul/2025:17:24:23 +0000] "GET /?x=34671899081800&mod=9854d7af&uri=itm.php?feature/yokohama_maruicity/index.html HTTP/1.1" 301 - "-" "Mozilla/5.0 (Linux; Android 6.0.1; Nexus 5X Build/MMB29P) AppleWebKit/537.36 (KHTML, like Gecko) Chrome/137.0.7151.103 Mobile Safari/537.36 (compatible; Googlebot/2.1; +http://www.google.com/bot.html)"
66.249.65.35 - - [16/Jul/2025:17:24:25 +0000] "GET /?x=34671899081800&mod=9854d7af&uri=itm.php%3Ffeature%2Fyokohama_maruicity%2Findex.html HTTP/1.1" 200 1927 "-" "Mozilla/5.0 (Linux; Android 6.0.1; Nexus 5X Build/MMB29P) AppleWebKit/537.36 (KHTML, like Gecko) Chrome/137.0.7151.103 Mobile Safari/537.36 (compatible; Googlebot/2.1; +http://www.google.com/bot.html)"
66.249.65.36 - - [16/Jul/2025:17:24:30 +0000] "GET /?x=34926003081800&mod=a0872cc5&uri=category-info.php?toreka/goods_menu.html HTTP/1.1" 301 - "-" "Mozilla/5.0 (Linux; Android 6.0.1; Nexus 5X Build/MMB29P) AppleWebKit/537.36 (KHTML, like Gecko) Chrome/137.0.7151.103 Mobile Safari/537.36 (compatible; Googlebot/2.1; +http://www.google.com/bot.html)"
66.249.65.36 - - [16/Jul/2025:17:24:30 +0000] "GET /?x=84220116031800&mod=333cb763&uri=dp.php?detail/51055751.htm HTTP/1.1" 301 - "-" "Mozilla/5.0 (Linux; Android 6.0.1; Nexus 5X Build/MMB29P) AppleWebKit/537.36 (KHTML, like Gecko) Chrome/137.0.7151.103 Mobile Safari/537.36 (compatible; Googlebot/2.1; +http://www.google.com/bot.html)"
