66.249.65.35 - - [16/Jul/2025:13:09:47 +0000] "GET /?x=31715834041800&mod=a4982cba&uri=itm.php?detail/49942089.htm HTTP/1.1" 301 - "-" "Mozilla/5.0 (Linux; Android 6.0.1; Nexus 5X Build/MMB29P) AppleWebKit/537.36 (KHTML, like Gecko) Chrome/137.0.7151.103 Mobile Safari/537.36 (compatible; Googlebot/2.1; +http://www.google.com/bot.html)"
66.249.65.35 - - [16/Jul/2025:13:09:47 +0000] "GET /?x=40634529041800&mod=333cb763&uri=info.php%3Fdetail%2F4451065.htm HTTP/1.1" 200 1916 "-" "Mozilla/5.0 (Linux; Android 6.0.1; Nexus 5X Build/MMB29P) AppleWebKit/537.36 (KHTML, like Gecko) Chrome/137.0.7151.103 Mobile Safari/537.36 (compatible; Googlebot/2.1; +http://www.google.com/bot.html)"
66.249.65.35 - - [16/Jul/2025:13:09:48 +0000] "GET /?x=5955011091800&mod=c5bbd980&uri=pin.php%3Fdetail%2F4361377.htm HTTP/1.1" 200 1913 "-" "Mozilla/5.0 (Linux; Android 6.0.1; Nexus 5X Build/MMB29P) AppleWebKit/537.36 (KHTML, like Gecko) Chrome/137.0.7151.103 Mobile Safari/537.36 (compatible; Googlebot/2.1; +http://www.google.com/bot.html)"
66.249.65.35 - - [16/Jul/2025:13:09:48 +0000] "GET /?x=31715834041800&mod=a4982cba&uri=itm.php%3Fdetail%2F49942089.htm HTTP/1.1" 200 1915 "-" "Mozilla/5.0 (Linux; Android 6.0.1; Nexus 5X Build/MMB29P) AppleWebKit/537.36 (KHTML, like Gecko) Chrome/137.0.7151.103 Mobile Safari/537.36 (compatible; Googlebot/2.1; +http://www.google.com/bot.html)"
209.74.77.214 - - [16/Jul/2025:13:12:05 +0000] "POST /wp-cron.php?doing_wp_cron=1752671525.5546250343322753906250 HTTP/1.1" 200 - "-" "WordPress/6.8.2; https://kraft-court.cafe"
66.249.65.36 - - [16/Jul/2025:13:12:04 +0000] "GET /?x=77788585111800&mod=333cb763&uri=shared.php?detail/2889450.htm HTTP/1.1" 301 - "-" "Mozilla/5.0 (Linux; Android 6.0.1; Nexus 5X Build/MMB29P) AppleWebKit/537.36 (KHTML, like Gecko) Chrome/137.0.7151.103 Mobile Safari/537.36 (compatible; Googlebot/2.1; +http://www.google.com/bot.html)"
66.249.65.36 - - [16/Jul/2025:13:12:05 +0000] "GET /?x=77788585111800&mod=333cb763&uri=shared.php%3Fdetail%2F2889450.htm HTTP/1.1" 200 1917 "-" "Mozilla/5.0 (Linux; Android 6.0.1; Nexus 5X Build/MMB29P) AppleWebKit/537.36 (KHTML, like Gecko) Chrome/137.0.7151.103 Mobile Safari/537.36 (compatible; Googlebot/2.1; +http://www.google.com/bot.html)"
66.249.65.36 - - [16/Jul/2025:13:12:16 +0000] "GET /?x=111717973061800&mod=9b70e8fe&uri=search.php?pcsp.html HTTP/1.1" 301 - "-" "Mozilla/5.0 (Linux; Android 6.0.1; Nexus 5X Build/MMB29P) AppleWebKit/537.36 (KHTML, like Gecko) Chrome/137.0.7151.103 Mobile Safari/537.36 (compatible; Googlebot/2.1; +http://www.google.com/bot.html)"
66.249.65.36 - - [16/Jul/2025:13:12:16 +0000] "GET /?x=31906065031800&mod=5bbf4a75&uri=products.php?detail/2935400.htm HTTP/1.1" 301 - "-" "Mozilla/5.0 (Linux; Android 6.0.1; Nexus 5X Build/MMB29P) AppleWebKit/537.36 (KHTML, like Gecko) Chrome/137.0.7151.103 Mobile Safari/537.36 (compatible; Googlebot/2.1; +http://www.google.com/bot.html)"
66.249.65.36 - - [16/Jul/2025:13:12:17 +0000] "GET /?x=111717973061800&mod=9b70e8fe&uri=search.php%3Fpcsp.html HTTP/1.1" 200 1906 "-" "Mozilla/5.0 (Linux; Android 6.0.1; Nexus 5X Build/MMB29P) AppleWebKit/537.36 (KHTML, like Gecko) Chrome/137.0.7151.103 Mobile Safari/537.36 (compatible; Googlebot/2.1; +http://www.google.com/bot.html)"
66.249.65.35 - - [16/Jul/2025:13:12:17 +0000] "GET /?x=31906065031800&mod=5bbf4a75&uri=products.php%3Fdetail%2F2935400.htm HTTP/1.1" 200 1919 "-" "Mozilla/5.0 (Linux; Android 6.0.1; Nexus 5X Build/MMB29P) AppleWebKit/537.36 (KHTML, like Gecko) Chrome/137.0.7151.103 Mobile Safari/537.36 (compatible; Googlebot/2.1; +http://www.google.com/bot.html)"
66.249.65.35 - - [16/Jul/2025:13:12:26 +0000] "GET /?x=55347257041800&mod=741a0099&uri=pin.php?detail/2922328.htm HTTP/1.1" 301 - "-" "Mozilla/5.0 (Linux; Android 6.0.1; Nexus 5X Build/MMB29P) AppleWebKit/537.36 (KHTML, like Gecko) Chrome/137.0.7151.103 Mobile Safari/537.36 (compatible; Googlebot/2.1; +http://www.google.com/bot.html)"
66.249.65.35 - - [16/Jul/2025:13:12:27 +0000] "GET /?x=55347257041800&mod=741a0099&uri=pin.php%3Fdetail%2F2922328.htm HTTP/1.1" 200 1914 "-" "Mozilla/5.0 (Linux; Android 6.0.1; Nexus 5X Build/MMB29P) AppleWebKit/537.36 (KHTML, like Gecko) Chrome/137.0.7151.103 Mobile Safari/537.36 (compatible; Googlebot/2.1; +http://www.google.com/bot.html)"
66.249.65.35 - - [16/Jul/2025:13:12:27 +0000] "GET /?x=31842961021800&mod=c0560792&uri=info.php?detail/2936935.htm HTTP/1.1" 301 - "-" "Mozilla/5.0 (Linux; Android 6.0.1; Nexus 5X Build/MMB29P) AppleWebKit/537.36 (KHTML, like Gecko) Chrome/137.0.7151.103 Mobile Safari/537.36 (compatible; Googlebot/2.1; +http://www.google.com/bot.html)"
66.249.65.35 - - [16/Jul/2025:13:12:27 +0000] "GET /?x=77788585111800&mod=333cb763&uri=shared.php?detail/2885193.htm HTTP/1.1" 301 - "-" "Mozilla/5.0 (Linux; Android 6.0.1; Nexus 5X Build/MMB29P) AppleWebKit/537.36 (KHTML, like Gecko) Chrome/137.0.7151.103 Mobile Safari/537.36 (compatible; Googlebot/2.1; +http://www.google.com/bot.html)"
66.249.65.35 - - [16/Jul/2025:13:12:27 +0000] "GET /?x=31842961021800&mod=c0560792&uri=info.php%3Fdetail%2F2936935.htm HTTP/1.1" 200 1916 "-" "Mozilla/5.0 (Linux; Android 6.0.1; Nexus 5X Build/MMB29P) AppleWebKit/537.36 (KHTML, like Gecko) Chrome/137.0.7151.103 Mobile Safari/537.36 (compatible; Googlebot/2.1; +http://www.google.com/bot.html)"
66.249.65.35 - - [16/Jul/2025:13:12:27 +0000] "GET /?x=77788585111800&mod=333cb763&uri=shared.php%3Fdetail%2F2885193.htm HTTP/1.1" 200 1916 "-" "Mozilla/5.0 (Linux; Android 6.0.1; Nexus 5X Build/MMB29P) AppleWebKit/537.36 (KHTML, like Gecko) Chrome/137.0.7151.103 Mobile Safari/537.36 (compatible; Googlebot/2.1; +http://www.google.com/bot.html)"
209.74.77.214 - - [16/Jul/2025:13:12:47 +0000] "POST /wp-cron.php?doing_wp_cron=1752671567.9178380966186523437500 HTTP/1.1" 200 - "-" "WordPress/6.8.2; https://kraft-court.cafe"
66.249.65.35 - - [16/Jul/2025:13:12:47 +0000] "GET /?x=5950931001800&mod=c5bbd980&uri=blog.php?detail/2941056.htm HTTP/1.1" 301 - "-" "Mozilla/5.0 (Linux; Android 6.0.1; Nexus 5X Build/MMB29P) AppleWebKit/537.36 (KHTML, like Gecko) Chrome/137.0.7151.103 Mobile Safari/537.36 (compatible; Googlebot/2.1; +http://www.google.com/bot.html)"
66.249.65.35 - - [16/Jul/2025:13:12:48 +0000] "GET /?x=5950931001800&mod=c5bbd980&uri=blog.php%3Fdetail%2F2941056.htm HTTP/1.1" 200 1914 "-" "Mozilla/5.0 (Linux; Android 6.0.1; Nexus 5X Build/MMB29P) AppleWebKit/537.36 (KHTML, like Gecko) Chrome/137.0.7151.103 Mobile Safari/537.36 (compatible; Googlebot/2.1; +http://www.google.com/bot.html)"
209.74.77.214 - - [16/Jul/2025:13:13:40 +0000] "POST /wp-cron.php?doing_wp_cron=1752671619.9980549812316894531250 HTTP/1.1" 200 - "-" "WordPress/6.8.2; https://kraft-court.cafe"
66.249.65.36 - - [16/Jul/2025:13:13:38 +0000] "GET /?x=31906065031800&mod=5bbf4a75&uri=products.php?detail/2912116.htm HTTP/1.1" 301 - "-" "Mozilla/5.0 (Linux; Android 6.0.1; Nexus 5X Build/MMB29P) AppleWebKit/537.36 (KHTML, like Gecko) Chrome/137.0.7151.103 Mobile Safari/537.36 (compatible; Googlebot/2.1; +http://www.google.com/bot.html)"
66.249.65.37 - - [16/Jul/2025:13:13:40 +0000] "GET /?x=31906065031800&mod=5bbf4a75&uri=products.php%3Fdetail%2F2912116.htm HTTP/1.1" 200 1919 "-" "Mozilla/5.0 (Linux; Android 6.0.1; Nexus 5X Build/MMB29P) AppleWebKit/537.36 (KHTML, like Gecko) Chrome/137.0.7151.103 Mobile Safari/537.36 (compatible; Googlebot/2.1; +http://www.google.com/bot.html)"
66.249.65.36 - - [16/Jul/2025:13:13:41 +0000] "GET /?x=40273442021800&mod=170f22f2&uri=form.php?product_archives HTTP/1.1" 301 - "-" "Mozilla/5.0 (Linux; Android 6.0.1; Nexus 5X Build/MMB29P) AppleWebKit/537.36 (KHTML, like Gecko) Chrome/137.0.7151.103 Mobile Safari/537.36 (compatible; Googlebot/2.1; +http://www.google.com/bot.html)"
66.249.65.37 - - [16/Jul/2025:13:13:41 +0000] "GET /?x=40273442021800&mod=170f22f2&uri=form.php%3Fproduct_archives HTTP/1.1" 200 1906 "-" "Mozilla/5.0 (Linux; Android 6.0.1; Nexus 5X Build/MMB29P) AppleWebKit/537.36 (KHTML, like Gecko) Chrome/137.0.7151.103 Mobile Safari/537.36 (compatible; Googlebot/2.1; +http://www.google.com/bot.html)"
66.249.65.35 - - [16/Jul/2025:13:14:13 +0000] "GET /?x=118572568051800&mod=c5bbd980&uri=dp.php?detail/2917868.htm HTTP/1.1" 301 - "-" "Mozilla/5.0 (Linux; Android 6.0.1; Nexus 5X Build/MMB29P) AppleWebKit/537.36 (KHTML, like Gecko) Chrome/137.0.7151.103 Mobile Safari/537.36 (compatible; Googlebot/2.1; +http://www.google.com/bot.html)"
209.74.77.214 - - [16/Jul/2025:13:14:14 +0000] "POST /wp-cron.php?doing_wp_cron=1752671653.9824769496917724609375 HTTP/1.1" 200 - "-" "WordPress/6.8.2; https://kraft-court.cafe"
66.249.65.35 - - [16/Jul/2025:13:14:13 +0000] "GET /?x=92528571091800&mod=c5bbd980&uri=itm.php?detail/2898201.htm HTTP/1.1" 301 - "-" "Mozilla/5.0 (Linux; Android 6.0.1; Nexus 5X Build/MMB29P) AppleWebKit/537.36 (KHTML, like Gecko) Chrome/137.0.7151.103 Mobile Safari/537.36 (compatible; Googlebot/2.1; +http://www.google.com/bot.html)"
66.249.65.37 - - [16/Jul/2025:13:14:14 +0000] "GET /?x=118572568051800&mod=c5bbd980&uri=dp.php%3Fdetail%2F2917868.htm HTTP/1.1" 200 1914 "-" "Mozilla/5.0 (Linux; Android 6.0.1; Nexus 5X Build/MMB29P) AppleWebKit/537.36 (KHTML, like Gecko) Chrome/137.0.7151.103 Mobile Safari/537.36 (compatible; Googlebot/2.1; +http://www.google.com/bot.html)"
66.249.65.37 - - [16/Jul/2025:13:14:14 +0000] "GET /?x=92528571091800&mod=c5bbd980&uri=itm.php%3Fdetail%2F2898201.htm HTTP/1.1" 200 1912 "-" "Mozilla/5.0 (Linux; Android 6.0.1; Nexus 5X Build/MMB29P) AppleWebKit/537.36 (KHTML, like Gecko) Chrome/137.0.7151.103 Mobile Safari/537.36 (compatible; Googlebot/2.1; +http://www.google.com/bot.html)"
209.74.77.214 - - [16/Jul/2025:13:14:56 +0000] "POST /wp-cron.php?doing_wp_cron=1752671696.0961658954620361328125 HTTP/1.1" 200 - "-" "WordPress/6.8.2; https://kraft-court.cafe"
66.249.65.35 - - [16/Jul/2025:13:14:55 +0000] "GET /?x=109068435031800&mod=20c9f570&uri=category-info.php?detail/4326644.htm HTTP/1.1" 301 - "-" "Mozilla/5.0 (Linux; Android 6.0.1; Nexus 5X Build/MMB29P) AppleWebKit/537.36 (KHTML, like Gecko) Chrome/137.0.7151.103 Mobile Safari/537.36 (compatible; Googlebot/2.1; +http://www.google.com/bot.html)"
66.249.65.35 - - [16/Jul/2025:13:14:56 +0000] "GET /?x=109068435031800&mod=20c9f570&uri=category-info.php%3Fdetail%2F4326644.htm HTTP/1.1" 200 1921 "-" "Mozilla/5.0 (Linux; Android 6.0.1; Nexus 5X Build/MMB29P) AppleWebKit/537.36 (KHTML, like Gecko) Chrome/137.0.7151.103 Mobile Safari/537.36 (compatible; Googlebot/2.1; +http://www.google.com/bot.html)"
66.249.65.35 - - [16/Jul/2025:13:15:05 +0000] "GET /?x=111717973061800&mod=9b70e8fe&uri=search.php?detail/2906982.htm HTTP/1.1" 301 - "-" "Mozilla/5.0 (Linux; Android 6.0.1; Nexus 5X Build/MMB29P) AppleWebKit/537.36 (KHTML, like Gecko) Chrome/137.0.7151.103 Mobile Safari/537.36 (compatible; Googlebot/2.1; +http://www.google.com/bot.html)"
66.249.65.35 - - [16/Jul/2025:13:15:06 +0000] "GET /?x=31906065031800&mod=5bbf4a75&uri=products.php?pcmypage HTTP/1.1" 301 - "-" "Mozilla/5.0 (Linux; Android 6.0.1; Nexus 5X Build/MMB29P) AppleWebKit/537.36 (KHTML, like Gecko) Chrome/137.0.7151.103 Mobile Safari/537.36 (compatible; Googlebot/2.1; +http://www.google.com/bot.html)"
66.249.65.35 - - [16/Jul/2025:13:15:06 +0000] "GET /?x=111717973061800&mod=9b70e8fe&uri=search.php%3Fdetail%2F2906982.htm HTTP/1.1" 200 1917 "-" "Mozilla/5.0 (Linux; Android 6.0.1; Nexus 5X Build/MMB29P) AppleWebKit/537.36 (KHTML, like Gecko) Chrome/137.0.7151.103 Mobile Safari/537.36 (compatible; Googlebot/2.1; +http://www.google.com/bot.html)"
66.249.65.36 - - [16/Jul/2025:13:15:06 +0000] "GET /?x=47561320031800&mod=b7b16ecf&uri=product.php?detail/2895789.htm HTTP/1.1" 301 - "-" "Mozilla/5.0 (Linux; Android 6.0.1; Nexus 5X Build/MMB29P) AppleWebKit/537.36 (KHTML, like Gecko) Chrome/137.0.7151.103 Mobile Safari/537.36 (compatible; Googlebot/2.1; +http://www.google.com/bot.html)"
66.249.65.37 - - [16/Jul/2025:13:15:06 +0000] "GET /?x=31906065031800&mod=5bbf4a75&uri=products.php%3Fpcmypage HTTP/1.1" 200 1907 "-" "Mozilla/5.0 (Linux; Android 6.0.1; Nexus 5X Build/MMB29P) AppleWebKit/537.36 (KHTML, like Gecko) Chrome/137.0.7151.103 Mobile Safari/537.36 (compatible; Googlebot/2.1; +http://www.google.com/bot.html)"
66.249.65.37 - - [16/Jul/2025:13:15:06 +0000] "GET /?x=111717973061800&mod=9b70e8fe&uri=search.php?detail/2887989.htm HTTP/1.1" 301 - "-" "Mozilla/5.0 (Linux; Android 6.0.1; Nexus 5X Build/MMB29P) AppleWebKit/537.36 (KHTML, like Gecko) Chrome/137.0.7151.103 Mobile Safari/537.36 (compatible; Googlebot/2.1; +http://www.google.com/bot.html)"
66.249.65.36 - - [16/Jul/2025:13:15:06 +0000] "GET /?x=47561320031800&mod=b7b16ecf&uri=product.php%3Fdetail%2F2895789.htm HTTP/1.1" 200 1917 "-" "Mozilla/5.0 (Linux; Android 6.0.1; Nexus 5X Build/MMB29P) AppleWebKit/537.36 (KHTML, like Gecko) Chrome/137.0.7151.103 Mobile Safari/537.36 (compatible; Googlebot/2.1; +http://www.google.com/bot.html)"
66.249.65.35 - - [16/Jul/2025:13:15:07 +0000] "GET /?x=111717973061800&mod=9b70e8fe&uri=search.php%3Fdetail%2F2887989.htm HTTP/1.1" 200 1917 "-" "Mozilla/5.0 (Linux; Android 6.0.1; Nexus 5X Build/MMB29P) AppleWebKit/537.36 (KHTML, like Gecko) Chrome/137.0.7151.103 Mobile Safari/537.36 (compatible; Googlebot/2.1; +http://www.google.com/bot.html)"
66.249.65.35 - - [16/Jul/2025:13:15:15 +0000] "GET /?x=5664111011800&mod=dc6a7e65&uri=info.php?detail/2921451.htm HTTP/1.1" 301 - "-" "Mozilla/5.0 (Linux; Android 6.0.1; Nexus 5X Build/MMB29P) AppleWebKit/537.36 (KHTML, like Gecko) Chrome/137.0.7151.103 Mobile Safari/537.36 (compatible; Googlebot/2.1; +http://www.google.com/bot.html)"
66.249.65.36 - - [16/Jul/2025:13:15:15 +0000] "GET /?x=5664111011800&mod=dc6a7e65&uri=info.php%3Fdetail%2F2921451.htm HTTP/1.1" 200 1911 "-" "Mozilla/5.0 (Linux; Android 6.0.1; Nexus 5X Build/MMB29P) AppleWebKit/537.36 (KHTML, like Gecko) Chrome/137.0.7151.103 Mobile Safari/537.36 (compatible; Googlebot/2.1; +http://www.google.com/bot.html)"
66.249.65.35 - - [16/Jul/2025:13:15:24 +0000] "GET /?x=47656540001800&mod=3a835d32&uri=category-info.php?detail/2909906.htm HTTP/1.1" 301 - "-" "Mozilla/5.0 (Linux; Android 6.0.1; Nexus 5X Build/MMB29P) AppleWebKit/537.36 (KHTML, like Gecko) Chrome/137.0.7151.103 Mobile Safari/537.36 (compatible; Googlebot/2.1; +http://www.google.com/bot.html)"
66.249.65.35 - - [16/Jul/2025:13:15:24 +0000] "GET /?x=47656540001800&mod=3a835d32&uri=category-info.php%3Fdetail%2F2909906.htm HTTP/1.1" 200 1922 "-" "Mozilla/5.0 (Linux; Android 6.0.1; Nexus 5X Build/MMB29P) AppleWebKit/537.36 (KHTML, like Gecko) Chrome/137.0.7151.103 Mobile Safari/537.36 (compatible; Googlebot/2.1; +http://www.google.com/bot.html)"
66.249.65.35 - - [16/Jul/2025:13:15:29 +0000] "GET /?x=119777380011800&mod=cc099134&uri=category-info.php? HTTP/1.1" 301 - "-" "Mozilla/5.0 (Linux; Android 6.0.1; Nexus 5X Build/MMB29P) AppleWebKit/537.36 (KHTML, like Gecko) Chrome/137.0.7151.103 Mobile Safari/537.36 (compatible; Googlebot/2.1; +http://www.google.com/bot.html)"
66.249.65.35 - - [16/Jul/2025:13:15:29 +0000] "GET /?x=119777380011800&mod=cc099134&uri=category-info.php%3F HTTP/1.1" 200 1904 "-" "Mozilla/5.0 (Linux; Android 6.0.1; Nexus 5X Build/MMB29P) AppleWebKit/537.36 (KHTML, like Gecko) Chrome/137.0.7151.103 Mobile Safari/537.36 (compatible; Googlebot/2.1; +http://www.google.com/bot.html)"
209.74.77.214 - - [16/Jul/2025:13:16:20 +0000] "POST /wp-cron.php?doing_wp_cron=1752671780.7481489181518554687500 HTTP/1.1" 200 - "-" "WordPress/6.8.2; https://kraft-court.cafe"
51.222.253.2 - - [16/Jul/2025:13:16:19 +0000] "GET /?x=70191238051800&uri=goods.php%3Fid%3D2342356-595%26name%3Dlsu%20grandpa%20shirt HTTP/1.1" 200 1923 "-" "Mozilla/5.0 (compatible; AhrefsBot/7.0; +http://ahrefs.com/robot/)"
66.249.65.37 - - [16/Jul/2025:13:16:30 +0000] "GET /?x=6667105011800&mod=460b491b&uri=pin.php?boyslove.html HTTP/1.1" 301 - "-" "Mozilla/5.0 (Linux; Android 6.0.1; Nexus 5X Build/MMB29P) AppleWebKit/537.36 (KHTML, like Gecko) Chrome/137.0.7151.103 Mobile Safari/537.36 (compatible; Googlebot/2.1; +http://www.google.com/bot.html)"
66.249.65.35 - - [16/Jul/2025:13:16:30 +0000] "GET /?x=6667105011800&mod=460b491b&uri=pin.php%3Fboyslove.html HTTP/1.1" 200 1906 "-" "Mozilla/5.0 (Linux; Android 6.0.1; Nexus 5X Build/MMB29P) AppleWebKit/537.36 (KHTML, like Gecko) Chrome/137.0.7151.103 Mobile Safari/537.36 (compatible; Googlebot/2.1; +http://www.google.com/bot.html)"
66.249.65.35 - - [16/Jul/2025:13:16:31 +0000] "GET /?x=40273442021800&mod=170f22f2&uri=form.php?detail/2931729.htm HTTP/1.1" 301 - "-" "Mozilla/5.0 (Linux; Android 6.0.1; Nexus 5X Build/MMB29P) AppleWebKit/537.36 (KHTML, like Gecko) Chrome/137.0.7151.103 Mobile Safari/537.36 (compatible; Googlebot/2.1; +http://www.google.com/bot.html)"
66.249.65.37 - - [16/Jul/2025:13:16:32 +0000] "GET /?x=40273442021800&mod=170f22f2&uri=form.php%3Fdetail%2F2931729.htm HTTP/1.1" 200 1912 "-" "Mozilla/5.0 (Linux; Android 6.0.1; Nexus 5X Build/MMB29P) AppleWebKit/537.36 (KHTML, like Gecko) Chrome/137.0.7151.103 Mobile Safari/537.36 (compatible; Googlebot/2.1; +http://www.google.com/bot.html)"
209.74.77.214 - - [16/Jul/2025:13:16:49 +0000] "POST /wp-cron.php?doing_wp_cron=1752671809.4605131149291992187500 HTTP/1.1" 200 - "-" "WordPress/6.8.2; https://kraft-court.cafe"
66.249.65.36 - - [16/Jul/2025:13:16:49 +0000] "GET /?x=5647326041800&mod=55d99a37&uri=us.php?detail/55150763.htm HTTP/1.1" 301 - "-" "Mozilla/5.0 (Linux; Android 6.0.1; Nexus 5X Build/MMB29P) AppleWebKit/537.36 (KHTML, like Gecko) Chrome/137.0.7151.103 Mobile Safari/537.36 (compatible; Googlebot/2.1; +http://www.google.com/bot.html)"
66.249.65.36 - - [16/Jul/2025:13:16:49 +0000] "GET /?x=5647326041800&mod=55d99a37&uri=us.php%3Fdetail%2F55150763.htm HTTP/1.1" 200 1913 "-" "Mozilla/5.0 (Linux; Android 6.0.1; Nexus 5X Build/MMB29P) AppleWebKit/537.36 (KHTML, like Gecko) Chrome/137.0.7151.103 Mobile Safari/537.36 (compatible; Googlebot/2.1; +http://www.google.com/bot.html)"
66.249.65.35 - - [16/Jul/2025:13:16:54 +0000] "GET /?x=5908361001800&mod=29921001&uri=pin.php?detail/2885193.htm HTTP/1.1" 301 - "-" "Mozilla/5.0 (Linux; Android 6.0.1; Nexus 5X Build/MMB29P) AppleWebKit/537.36 (KHTML, like Gecko) Chrome/137.0.7151.103 Mobile Safari/537.36 (compatible; Googlebot/2.1; +http://www.google.com/bot.html)"
66.249.65.35 - - [16/Jul/2025:13:16:54 +0000] "GET /?x=111717973061800&mod=9b70e8fe&uri=search.php?detail/2942069.htm HTTP/1.1" 301 - "-" "Mozilla/5.0 (Linux; Android 6.0.1; Nexus 5X Build/MMB29P) AppleWebKit/537.36 (KHTML, like Gecko) Chrome/137.0.7151.103 Mobile Safari/537.36 (compatible; Googlebot/2.1; +http://www.google.com/bot.html)"
66.249.65.35 - - [16/Jul/2025:13:16:54 +0000] "GET /?x=5908361001800&mod=29921001&uri=pin.php%3Fdetail%2F2885193.htm HTTP/1.1" 200 1912 "-" "Mozilla/5.0 (Linux; Android 6.0.1; Nexus 5X Build/MMB29P) AppleWebKit/537.36 (KHTML, like Gecko) Chrome/137.0.7151.103 Mobile Safari/537.36 (compatible; Googlebot/2.1; +http://www.google.com/bot.html)"
66.249.65.35 - - [16/Jul/2025:13:16:54 +0000] "GET /?x=111717973061800&mod=9b70e8fe&uri=search.php%3Fdetail%2F2942069.htm HTTP/1.1" 200 1918 "-" "Mozilla/5.0 (Linux; Android 6.0.1; Nexus 5X Build/MMB29P) AppleWebKit/537.36 (KHTML, like Gecko) Chrome/137.0.7151.103 Mobile Safari/537.36 (compatible; Googlebot/2.1; +http://www.google.com/bot.html)"
209.74.77.214 - - [16/Jul/2025:13:17:35 +0000] "POST /wp-cron.php?doing_wp_cron=1752671855.3794279098510742187500 HTTP/1.1" 200 - "-" "WordPress/6.8.2; https://kraft-court.cafe"
66.249.65.35 - - [16/Jul/2025:13:17:34 +0000] "GET /?x=111716893021800&mod=6e616e79&uri=products.php?feature/campaign/index.html HTTP/1.1" 301 - "-" "Mozilla/5.0 (Linux; Android 6.0.1; Nexus 5X Build/MMB29P) AppleWebKit/537.36 (KHTML, like Gecko) Chrome/137.0.7151.103 Mobile Safari/537.36 (compatible; Googlebot/2.1; +http://www.google.com/bot.html)"
66.249.65.36 - - [16/Jul/2025:13:17:35 +0000] "GET /?x=111716893021800&mod=6e616e79&uri=products.php%3Ffeature%2Fcampaign%2Findex.html HTTP/1.1" 200 1924 "-" "Mozilla/5.0 (Linux; Android 6.0.1; Nexus 5X Build/MMB29P) AppleWebKit/537.36 (KHTML, like Gecko) Chrome/137.0.7151.103 Mobile Safari/537.36 (compatible; Googlebot/2.1; +http://www.google.com/bot.html)"
209.74.77.214 - - [16/Jul/2025:13:17:44 +0000] "POST /wp-cron.php?doing_wp_cron=1752671864.2988119125366210937500 HTTP/1.1" 200 - "-" "WordPress/6.8.2; https://kraft-court.cafe"
66.249.65.35 - - [16/Jul/2025:13:17:44 +0000] "GET /?x=5955011091800&mod=c5bbd980&uri=pin.php?detail/4358645.htm HTTP/1.1" 301 - "-" "Mozilla/5.0 (Linux; Android 6.0.1; Nexus 5X Build/MMB29P) AppleWebKit/537.36 (KHTML, like Gecko) Chrome/137.0.7151.103 Mobile Safari/537.36 (compatible; Googlebot/2.1; +http://www.google.com/bot.html)"
66.249.65.35 - - [16/Jul/2025:13:17:44 +0000] "GET /?x=31906065031800&mod=5bbf4a75&uri=products.php?detail/2946849.htm HTTP/1.1" 301 - "-" "Mozilla/5.0 (Linux; Android 6.0.1; Nexus 5X Build/MMB29P) AppleWebKit/537.36 (KHTML, like Gecko) Chrome/137.0.7151.103 Mobile Safari/537.36 (compatible; Googlebot/2.1; +http://www.google.com/bot.html)"
66.249.65.36 - - [16/Jul/2025:13:17:44 +0000] "GET /?x=119683153041800&mod=3e9f0fc9&uri=itm.php?detail/2931729.htm HTTP/1.1" 301 - "-" "Mozilla/5.0 (Linux; Android 6.0.1; Nexus 5X Build/MMB29P) AppleWebKit/537.36 (KHTML, like Gecko) Chrome/137.0.7151.103 Mobile Safari/537.36 (compatible; Googlebot/2.1; +http://www.google.com/bot.html)"
66.249.65.36 - - [16/Jul/2025:13:17:44 +0000] "GET /?x=5955011091800&mod=c5bbd980&uri=pin.php%3Fdetail%2F4358645.htm HTTP/1.1" 200 1912 "-" "Mozilla/5.0 (Linux; Android 6.0.1; Nexus 5X Build/MMB29P) AppleWebKit/537.36 (KHTML, like Gecko) Chrome/137.0.7151.103 Mobile Safari/537.36 (compatible; Googlebot/2.1; +http://www.google.com/bot.html)"
66.249.65.36 - - [16/Jul/2025:13:17:44 +0000] "GET /?x=31906065031800&mod=5bbf4a75&uri=products.php%3Fdetail%2F2946849.htm HTTP/1.1" 200 1920 "-" "Mozilla/5.0 (Linux; Android 6.0.1; Nexus 5X Build/MMB29P) AppleWebKit/537.36 (KHTML, like Gecko) Chrome/137.0.7151.103 Mobile Safari/537.36 (compatible; Googlebot/2.1; +http://www.google.com/bot.html)"
66.249.65.36 - - [16/Jul/2025:13:17:44 +0000] "GET /?x=119683153041800&mod=3e9f0fc9&uri=itm.php%3Fdetail%2F2931729.htm HTTP/1.1" 200 1916 "-" "Mozilla/5.0 (Linux; Android 6.0.1; Nexus 5X Build/MMB29P) AppleWebKit/537.36 (KHTML, like Gecko) Chrome/137.0.7151.103 Mobile Safari/537.36 (compatible; Googlebot/2.1; +http://www.google.com/bot.html)"
66.249.65.35 - - [16/Jul/2025:13:17:45 +0000] "GET /?x=77788585111800&mod=333cb763&uri=shared.php?detail/2903407.htm HTTP/1.1" 301 - "-" "Mozilla/5.0 (Linux; Android 6.0.1; Nexus 5X Build/MMB29P) AppleWebKit/537.36 (KHTML, like Gecko) Chrome/137.0.7151.103 Mobile Safari/537.36 (compatible; Googlebot/2.1; +http://www.google.com/bot.html)"
66.249.65.36 - - [16/Jul/2025:13:17:45 +0000] "GET /?x=77788585111800&mod=333cb763&uri=shared.php%3Fdetail%2F2903407.htm HTTP/1.1" 200 1916 "-" "Mozilla/5.0 (Linux; Android 6.0.1; Nexus 5X Build/MMB29P) AppleWebKit/537.36 (KHTML, like Gecko) Chrome/137.0.7151.103 Mobile Safari/537.36 (compatible; Googlebot/2.1; +http://www.google.com/bot.html)"
66.249.65.35 - - [16/Jul/2025:13:17:45 +0000] "GET /?x=74120843041800&mod=28d43766&uri=news.php?detail/2894584.htm HTTP/1.1" 301 - "-" "Mozilla/5.0 (Linux; Android 6.0.1; Nexus 5X Build/MMB29P) AppleWebKit/537.36 (KHTML, like Gecko) Chrome/137.0.7151.103 Mobile Safari/537.36 (compatible; Googlebot/2.1; +http://www.google.com/bot.html)"
66.249.65.36 - - [16/Jul/2025:13:17:45 +0000] "GET /?x=74120843041800&mod=28d43766&uri=news.php%3Fdetail%2F2894584.htm HTTP/1.1" 200 1916 "-" "Mozilla/5.0 (Linux; Android 6.0.1; Nexus 5X Build/MMB29P) AppleWebKit/537.36 (KHTML, like Gecko) Chrome/137.0.7151.103 Mobile Safari/537.36 (compatible; Googlebot/2.1; +http://www.google.com/bot.html)"
66.249.65.35 - - [16/Jul/2025:13:17:58 +0000] "GET /?x=5950931001800&mod=c5bbd980&uri=blog.php?detail/2934459.htm HTTP/1.1" 301 - "-" "Mozilla/5.0 (Linux; Android 6.0.1; Nexus 5X Build/MMB29P) AppleWebKit/537.36 (KHTML, like Gecko) Chrome/137.0.7151.103 Mobile Safari/537.36 (compatible; Googlebot/2.1; +http://www.google.com/bot.html)"
66.249.65.35 - - [16/Jul/2025:13:17:58 +0000] "GET /?x=5950931001800&mod=c5bbd980&uri=blog.php%3Fdetail%2F2934459.htm HTTP/1.1" 200 1914 "-" "Mozilla/5.0 (Linux; Android 6.0.1; Nexus 5X Build/MMB29P) AppleWebKit/537.36 (KHTML, like Gecko) Chrome/137.0.7151.103 Mobile Safari/537.36 (compatible; Googlebot/2.1; +http://www.google.com/bot.html)"
66.249.65.36 - - [16/Jul/2025:13:18:09 +0000] "GET /?x=5906681041800&mod=29921001&uri=shop.php?detail/2912670.htm HTTP/1.1" 301 - "-" "Mozilla/5.0 (Linux; Android 6.0.1; Nexus 5X Build/MMB29P) AppleWebKit/537.36 (KHTML, like Gecko) Chrome/137.0.7151.103 Mobile Safari/537.36 (compatible; Googlebot/2.1; +http://www.google.com/bot.html)"
66.249.65.37 - - [16/Jul/2025:13:18:09 +0000] "GET /?x=5906681041800&mod=29921001&uri=shop.php%3Fdetail%2F2912670.htm HTTP/1.1" 200 1915 "-" "Mozilla/5.0 (Linux; Android 6.0.1; Nexus 5X Build/MMB29P) AppleWebKit/537.36 (KHTML, like Gecko) Chrome/137.0.7151.103 Mobile Safari/537.36 (compatible; Googlebot/2.1; +http://www.google.com/bot.html)"
66.249.65.36 - - [16/Jul/2025:13:18:19 +0000] "GET /?x=5647326041800&mod=55d99a37&uri=us.php?detail/55160975.htm HTTP/1.1" 301 - "-" "Mozilla/5.0 (Linux; Android 6.0.1; Nexus 5X Build/MMB29P) AppleWebKit/537.36 (KHTML, like Gecko) Chrome/137.0.7151.103 Mobile Safari/537.36 (compatible; Googlebot/2.1; +http://www.google.com/bot.html)"
66.249.65.36 - - [16/Jul/2025:13:18:19 +0000] "GET /?x=5647326041800&mod=55d99a37&uri=us.php%3Fdetail%2F55160975.htm HTTP/1.1" 200 1915 "-" "Mozilla/5.0 (Linux; Android 6.0.1; Nexus 5X Build/MMB29P) AppleWebKit/537.36 (KHTML, like Gecko) Chrome/137.0.7151.103 Mobile Safari/537.36 (compatible; Googlebot/2.1; +http://www.google.com/bot.html)"
209.74.77.214 - - [16/Jul/2025:13:18:44 +0000] "POST /wp-cron.php?doing_wp_cron=1752671924.5196089744567871093750 HTTP/1.1" 200 - "-" "WordPress/6.8.2; https://kraft-court.cafe"
66.249.65.35 - - [16/Jul/2025:13:18:44 +0000] "GET /?x=5799848071800&mod=165a59f7&uri=brands.php?detail/2943274.htm HTTP/1.1" 301 - "-" "Mozilla/5.0 (Linux; Android 6.0.1; Nexus 5X Build/MMB29P) AppleWebKit/537.36 (KHTML, like Gecko) Chrome/137.0.7151.103 Mobile Safari/537.36 (compatible; Googlebot/2.1; +http://www.google.com/bot.html)"
66.249.65.35 - - [16/Jul/2025:13:18:44 +0000] "GET /?x=5799848071800&mod=165a59f7&uri=brands.php%3Fdetail%2F2943274.htm HTTP/1.1" 200 1917 "-" "Mozilla/5.0 (Linux; Android 6.0.1; Nexus 5X Build/MMB29P) AppleWebKit/537.36 (KHTML, like Gecko) Chrome/137.0.7151.103 Mobile Safari/537.36 (compatible; Googlebot/2.1; +http://www.google.com/bot.html)"
66.249.65.37 - - [16/Jul/2025:13:19:20 +0000] "GET /?x=23967452021800&mod=6df18258&uri=shop.php?detail/2890335.htm HTTP/1.1" 301 - "-" "Mozilla/5.0 (Linux; Android 6.0.1; Nexus 5X Build/MMB29P) AppleWebKit/537.36 (KHTML, like Gecko) Chrome/137.0.7151.103 Mobile Safari/537.36 (compatible; Googlebot/2.1; +http://www.google.com/bot.html)"
66.249.65.37 - - [16/Jul/2025:13:19:21 +0000] "GET /?x=23967452021800&mod=6df18258&uri=shop.php%3Fdetail%2F2890335.htm HTTP/1.1" 200 1913 "-" "Mozilla/5.0 (Linux; Android 6.0.1; Nexus 5X Build/MMB29P) AppleWebKit/537.36 (KHTML, like Gecko) Chrome/137.0.7151.103 Mobile Safari/537.36 (compatible; Googlebot/2.1; +http://www.google.com/bot.html)"
66.249.65.35 - - [16/Jul/2025:13:19:27 +0000] "GET /?x=40273442021800&mod=170f22f2&uri=form.php?product/edit/K173885715 HTTP/1.1" 301 - "-" "Mozilla/5.0 (Linux; Android 6.0.1; Nexus 5X Build/MMB29P) AppleWebKit/537.36 (KHTML, like Gecko) Chrome/137.0.7151.103 Mobile Safari/537.36 (compatible; Googlebot/2.1; +http://www.google.com/bot.html)"
66.249.65.36 - - [16/Jul/2025:13:19:27 +0000] "GET /?x=40273442021800&mod=170f22f2&uri=form.php%3Fproduct%2Fedit%2FK173885715 HTTP/1.1" 200 1918 "-" "Mozilla/5.0 (Linux; Android 6.0.1; Nexus 5X Build/MMB29P) AppleWebKit/537.36 (KHTML, like Gecko) Chrome/137.0.7151.103 Mobile Safari/537.36 (compatible; Googlebot/2.1; +http://www.google.com/bot.html)"
66.249.65.36 - - [16/Jul/2025:13:19:30 +0000] "GET /?x=34926813051800&mod=e88f243b&uri=product.php?detail/2901189.htm HTTP/1.1" 301 - "-" "Mozilla/5.0 (Linux; Android 6.0.1; Nexus 5X Build/MMB29P) AppleWebKit/537.36 (KHTML, like Gecko) Chrome/137.0.7151.103 Mobile Safari/537.36 (compatible; Googlebot/2.1; +http://www.google.com/bot.html)"
66.249.65.35 - - [16/Jul/2025:13:19:30 +0000] "GET /?x=34926813051800&mod=e88f243b&uri=product.php%3Fdetail%2F2901189.htm HTTP/1.1" 200 1918 "-" "Mozilla/5.0 (Linux; Android 6.0.1; Nexus 5X Build/MMB29P) AppleWebKit/537.36 (KHTML, like Gecko) Chrome/137.0.7151.103 Mobile Safari/537.36 (compatible; Googlebot/2.1; +http://www.google.com/bot.html)"
209.74.77.214 - - [16/Jul/2025:13:19:35 +0000] "POST /wp-cron.php?doing_wp_cron=1752671975.7169420719146728515625 HTTP/1.1" 200 - "-" "WordPress/6.8.2; https://kraft-court.cafe"
66.249.65.35 - - [16/Jul/2025:13:19:35 +0000] "GET /?x=47656540001800&mod=3a835d32&uri=category-info.php?detail/2891862.htm HTTP/1.1" 301 - "-" "Mozilla/5.0 (Linux; Android 6.0.1; Nexus 5X Build/MMB29P) AppleWebKit/537.36 (KHTML, like Gecko) Chrome/137.0.7151.103 Mobile Safari/537.36 (compatible; Googlebot/2.1; +http://www.google.com/bot.html)"
66.249.65.35 - - [16/Jul/2025:13:19:35 +0000] "GET /?x=74120843041800&mod=28d43766&uri=news.php?pcmypage/ HTTP/1.1" 301 - "-" "Mozilla/5.0 (Linux; Android 6.0.1; Nexus 5X Build/MMB29P) AppleWebKit/537.36 (KHTML, like Gecko) Chrome/137.0.7151.103 Mobile Safari/537.36 (compatible; Googlebot/2.1; +http://www.google.com/bot.html)"
66.249.65.35 - - [16/Jul/2025:13:19:35 +0000] "GET /?x=47656540001800&mod=3a835d32&uri=category-info.php%3Fdetail%2F2891862.htm HTTP/1.1" 200 1922 "-" "Mozilla/5.0 (Linux; Android 6.0.1; Nexus 5X Build/MMB29P) AppleWebKit/537.36 (KHTML, like Gecko) Chrome/137.0.7151.103 Mobile Safari/537.36 (compatible; Googlebot/2.1; +http://www.google.com/bot.html)"
66.249.65.35 - - [16/Jul/2025:13:19:35 +0000] "GET /?x=74120843041800&mod=28d43766&uri=news.php%3Fpcmypage%2F HTTP/1.1" 200 1907 "-" "Mozilla/5.0 (Linux; Android 6.0.1; Nexus 5X Build/MMB29P) AppleWebKit/537.36 (KHTML, like Gecko) Chrome/137.0.7151.103 Mobile Safari/537.36 (compatible; Googlebot/2.1; +http://www.google.com/bot.html)"
209.74.77.214 - - [16/Jul/2025:13:19:53 +0000] "POST /wp-cron.php?doing_wp_cron=1752671993.5982749462127685546875 HTTP/1.1" 200 - "-" "WordPress/6.8.2; https://kraft-court.cafe"
66.249.65.35 - - [16/Jul/2025:13:19:53 +0000] "GET /?x=77788585111800&mod=333cb763&uri=shared.php?hobby/boardgame/index.html HTTP/1.1" 301 - "-" "Mozilla/5.0 (Linux; Android 6.0.1; Nexus 5X Build/MMB29P) AppleWebKit/537.36 (KHTML, like Gecko) Chrome/137.0.7151.103 Mobile Safari/537.36 (compatible; Googlebot/2.1; +http://www.google.com/bot.html)"
66.249.65.35 - - [16/Jul/2025:13:19:53 +0000] "GET /?x=77788585111800&mod=333cb763&uri=shared.php%3Fhobby%2Fboardgame%2Findex.html HTTP/1.1" 200 1922 "-" "Mozilla/5.0 (Linux; Android 6.0.1; Nexus 5X Build/MMB29P) AppleWebKit/537.36 (KHTML, like Gecko) Chrome/137.0.7151.103 Mobile Safari/537.36 (compatible; Googlebot/2.1; +http://www.google.com/bot.html)"
66.249.65.35 - - [16/Jul/2025:13:20:13 +0000] "GET /?x=33567046011800&mod=342c472b&uri=shop.php?cargo/detail HTTP/1.1" 301 - "-" "Mozilla/5.0 (Linux; Android 6.0.1; Nexus 5X Build/MMB29P) AppleWebKit/537.36 (KHTML, like Gecko) Chrome/137.0.7151.103 Mobile Safari/537.36 (compatible; Googlebot/2.1; +http://www.google.com/bot.html)"
66.249.65.36 - - [16/Jul/2025:13:20:14 +0000] "GET /?x=33567046011800&mod=342c472b&uri=shop.php%3Fcargo%2Fdetail HTTP/1.1" 200 1909 "-" "Mozilla/5.0 (Linux; Android 6.0.1; Nexus 5X Build/MMB29P) AppleWebKit/537.36 (KHTML, like Gecko) Chrome/137.0.7151.103 Mobile Safari/537.36 (compatible; Googlebot/2.1; +http://www.google.com/bot.html)"
66.249.65.36 - - [16/Jul/2025:13:20:24 +0000] "GET /?x=33567046011800&mod=342c472b&uri=shop.php?events/ HTTP/1.1" 301 - "-" "Mozilla/5.0 (Linux; Android 6.0.1; Nexus 5X Build/MMB29P) AppleWebKit/537.36 (KHTML, like Gecko) Chrome/137.0.7151.103 Mobile Safari/537.36 (compatible; Googlebot/2.1; +http://www.google.com/bot.html)"
66.249.65.35 - - [16/Jul/2025:13:20:24 +0000] "GET /?x=90536606071800&mod=333cb763&uri=goods.php?detail/4407335.htm HTTP/1.1" 301 - "-" "Mozilla/5.0 (Linux; Android 6.0.1; Nexus 5X Build/MMB29P) AppleWebKit/537.36 (KHTML, like Gecko) Chrome/137.0.7151.103 Mobile Safari/537.36 (compatible; Googlebot/2.1; +http://www.google.com/bot.html)"
66.249.65.36 - - [16/Jul/2025:13:20:24 +0000] "GET /?x=31842961021800&mod=c0560792&uri=info.php?man/kaitori/kaitoritop.html HTTP/1.1" 301 - "-" "Mozilla/5.0 (Linux; Android 6.0.1; Nexus 5X Build/MMB29P) AppleWebKit/537.36 (KHTML, like Gecko) Chrome/137.0.7151.103 Mobile Safari/537.36 (compatible; Googlebot/2.1; +http://www.google.com/bot.html)"
66.249.65.35 - - [16/Jul/2025:13:20:24 +0000] "GET /?x=31842961021800&mod=c0560792&uri=info.php?toreka/toreka_menu.html HTTP/1.1" 301 - "-" "Mozilla/5.0 (Linux; Android 6.0.1; Nexus 5X Build/MMB29P) AppleWebKit/537.36 (KHTML, like Gecko) Chrome/137.0.7151.103 Mobile Safari/537.36 (compatible; Googlebot/2.1; +http://www.google.com/bot.html)"
66.249.65.35 - - [16/Jul/2025:13:20:25 +0000] "GET /?x=31842961021800&mod=c0560792&uri=info.php?detail/2887989.htm HTTP/1.1" 301 - "-" "Mozilla/5.0 (Linux; Android 6.0.1; Nexus 5X Build/MMB29P) AppleWebKit/537.36 (KHTML, like Gecko) Chrome/137.0.7151.103 Mobile Safari/537.36 (compatible; Googlebot/2.1; +http://www.google.com/bot.html)"
66.249.65.36 - - [16/Jul/2025:13:20:25 +0000] "GET /?x=33567046011800&mod=342c472b&uri=shop.php%3Fevents%2F HTTP/1.1" 200 1905 "-" "Mozilla/5.0 (Linux; Android 6.0.1; Nexus 5X Build/MMB29P) AppleWebKit/537.36 (KHTML, like Gecko) Chrome/137.0.7151.103 Mobile Safari/537.36 (compatible; Googlebot/2.1; +http://www.google.com/bot.html)"
66.249.65.36 - - [16/Jul/2025:13:20:25 +0000] "GET /?x=90536606071800&mod=333cb763&uri=goods.php%3Fdetail%2F4407335.htm HTTP/1.1" 200 1917 "-" "Mozilla/5.0 (Linux; Android 6.0.1; Nexus 5X Build/MMB29P) AppleWebKit/537.36 (KHTML, like Gecko) Chrome/137.0.7151.103 Mobile Safari/537.36 (compatible; Googlebot/2.1; +http://www.google.com/bot.html)"
66.249.65.35 - - [16/Jul/2025:13:20:25 +0000] "GET /?x=31842961021800&mod=c0560792&uri=info.php%3Fman%2Fkaitori%2Fkaitoritop.html HTTP/1.1" 200 1915 "-" "Mozilla/5.0 (Linux; Android 6.0.1; Nexus 5X Build/MMB29P) AppleWebKit/537.36 (KHTML, like Gecko) Chrome/137.0.7151.103 Mobile Safari/537.36 (compatible; Googlebot/2.1; +http://www.google.com/bot.html)"
66.249.65.36 - - [16/Jul/2025:13:20:25 +0000] "GET /?x=31842961021800&mod=c0560792&uri=info.php%3Ftoreka%2Ftoreka_menu.html HTTP/1.1" 200 1914 "-" "Mozilla/5.0 (Linux; Android 6.0.1; Nexus 5X Build/MMB29P) AppleWebKit/537.36 (KHTML, like Gecko) Chrome/137.0.7151.103 Mobile Safari/537.36 (compatible; Googlebot/2.1; +http://www.google.com/bot.html)"
66.249.65.36 - - [16/Jul/2025:13:20:25 +0000] "GET /?x=31842961021800&mod=c0560792&uri=info.php%3Fdetail%2F2887989.htm HTTP/1.1" 200 1916 "-" "Mozilla/5.0 (Linux; Android 6.0.1; Nexus 5X Build/MMB29P) AppleWebKit/537.36 (KHTML, like Gecko) Chrome/137.0.7151.103 Mobile Safari/537.36 (compatible; Googlebot/2.1; +http://www.google.com/bot.html)"
209.74.77.214 - - [16/Jul/2025:13:20:44 +0000] "POST /wp-cron.php?doing_wp_cron=1752672044.5393741130828857421875 HTTP/1.1" 200 - "-" "WordPress/6.8.2; https://kraft-court.cafe"
66.249.65.35 - - [16/Jul/2025:13:20:44 +0000] "GET /?x=35001592021800&mod=1e056d2b&uri=dp.php?detail/2896642.htm HTTP/1.1" 301 - "-" "Mozilla/5.0 (Linux; Android 6.0.1; Nexus 5X Build/MMB29P) AppleWebKit/537.36 (KHTML, like Gecko) Chrome/137.0.7151.103 Mobile Safari/537.36 (compatible; Googlebot/2.1; +http://www.google.com/bot.html)"
66.249.65.35 - - [16/Jul/2025:13:20:44 +0000] "GET /?x=35001592021800&mod=1e056d2b&uri=dp.php%3Fdetail%2F2896642.htm HTTP/1.1" 200 1911 "-" "Mozilla/5.0 (Linux; Android 6.0.1; Nexus 5X Build/MMB29P) AppleWebKit/537.36 (KHTML, like Gecko) Chrome/137.0.7151.103 Mobile Safari/537.36 (compatible; Googlebot/2.1; +http://www.google.com/bot.html)"
66.249.65.35 - - [16/Jul/2025:13:20:52 +0000] "GET /?x=47656540001800&mod=3a835d32&uri=category-info.php?avsoft.html HTTP/1.1" 301 - "-" "Mozilla/5.0 (Linux; Android 6.0.1; Nexus 5X Build/MMB29P) AppleWebKit/537.36 (KHTML, like Gecko) Chrome/137.0.7151.103 Mobile Safari/537.36 (compatible; Googlebot/2.1; +http://www.google.com/bot.html)"
66.249.65.35 - - [16/Jul/2025:13:20:53 +0000] "GET /?x=47656540001800&mod=3a835d32&uri=category-info.php%3Favsoft.html HTTP/1.1" 200 1913 "-" "Mozilla/5.0 (Linux; Android 6.0.1; Nexus 5X Build/MMB29P) AppleWebKit/537.36 (KHTML, like Gecko) Chrome/137.0.7151.103 Mobile Safari/537.36 (compatible; Googlebot/2.1; +http://www.google.com/bot.html)"
66.249.65.35 - - [16/Jul/2025:13:21:26 +0000] "GET /?x=118732092021800&mod=3f78fa1c&uri=form.php?affiliate HTTP/1.1" 301 - "-" "Mozilla/5.0 (Linux; Android 6.0.1; Nexus 5X Build/MMB29P) AppleWebKit/537.36 (KHTML, like Gecko) Chrome/137.0.7151.103 Mobile Safari/537.36 (compatible; Googlebot/2.1; +http://www.google.com/bot.html)"
66.249.65.37 - - [16/Jul/2025:13:21:28 +0000] "GET /?x=118732092021800&mod=3f78fa1c&uri=form.php%3Faffiliate HTTP/1.1" 200 1902 "-" "Mozilla/5.0 (Linux; Android 6.0.1; Nexus 5X Build/MMB29P) AppleWebKit/537.36 (KHTML, like Gecko) Chrome/137.0.7151.103 Mobile Safari/537.36 (compatible; Googlebot/2.1; +http://www.google.com/bot.html)"
209.74.77.214 - - [16/Jul/2025:13:22:06 +0000] "POST /wp-cron.php?doing_wp_cron=1752672126.1740109920501708984375 HTTP/1.1" 200 - "-" "WordPress/6.8.2; https://kraft-court.cafe"
66.249.65.36 - - [16/Jul/2025:13:22:04 +0000] "GET /?x=5799848071800&mod=165a59f7&uri=brands.php?oreka/plamodel_menu.html HTTP/1.1" 301 - "-" "Mozilla/5.0 (Linux; Android 6.0.1; Nexus 5X Build/MMB29P) AppleWebKit/537.36 (KHTML, like Gecko) Chrome/137.0.7151.103 Mobile Safari/537.36 (compatible; Googlebot/2.1; +http://www.google.com/bot.html)"
66.249.65.35 - - [16/Jul/2025:13:22:06 +0000] "GET /?x=5799848071800&mod=165a59f7&uri=brands.php%3Foreka%2Fplamodel_menu.html HTTP/1.1" 200 1918 "-" "Mozilla/5.0 (Linux; Android 6.0.1; Nexus 5X Build/MMB29P) AppleWebKit/537.36 (KHTML, like Gecko) Chrome/137.0.7151.103 Mobile Safari/537.36 (compatible; Googlebot/2.1; +http://www.google.com/bot.html)"
66.249.65.35 - - [16/Jul/2025:13:22:07 +0000] "GET /?x=6667105011800&mod=460b491b&uri=pin.php?detail/2886720.htm HTTP/1.1" 301 - "-" "Mozilla/5.0 (Linux; Android 6.0.1; Nexus 5X Build/MMB29P) AppleWebKit/537.36 (KHTML, like Gecko) Chrome/137.0.7151.103 Mobile Safari/537.36 (compatible; Googlebot/2.1; +http://www.google.com/bot.html)"
66.249.65.35 - - [16/Jul/2025:13:22:07 +0000] "GET /?x=6667105011800&mod=460b491b&uri=pin.php%3Fdetail%2F2886720.htm HTTP/1.1" 200 1913 "-" "Mozilla/5.0 (Linux; Android 6.0.1; Nexus 5X Build/MMB29P) AppleWebKit/537.36 (KHTML, like Gecko) Chrome/137.0.7151.103 Mobile Safari/537.36 (compatible; Googlebot/2.1; +http://www.google.com/bot.html)"
66.249.65.35 - - [16/Jul/2025:13:22:11 +0000] "GET /?x=47694368041800&mod=293c3b96&uri=products.php?detail/48507981.htm HTTP/1.1" 301 - "-" "Mozilla/5.0 (Linux; Android 6.0.1; Nexus 5X Build/MMB29P) AppleWebKit/537.36 (KHTML, like Gecko) Chrome/137.0.7151.103 Mobile Safari/537.36 (compatible; Googlebot/2.1; +http://www.google.com/bot.html)"
66.249.65.36 - - [16/Jul/2025:13:22:11 +0000] "GET /?x=47694368041800&mod=293c3b96&uri=products.php%3Fdetail%2F48507981.htm HTTP/1.1" 200 1920 "-" "Mozilla/5.0 (Linux; Android 6.0.1; Nexus 5X Build/MMB29P) AppleWebKit/537.36 (KHTML, like Gecko) Chrome/137.0.7151.103 Mobile Safari/537.36 (compatible; Googlebot/2.1; +http://www.google.com/bot.html)"
66.249.65.35 - - [16/Jul/2025:13:22:16 +0000] "GET /?x=47656540001800&mod=3a835d32&uri=category-info.php?detail/2934459.htm HTTP/1.1" 301 - "-" "Mozilla/5.0 (Linux; Android 6.0.1; Nexus 5X Build/MMB29P) AppleWebKit/537.36 (KHTML, like Gecko) Chrome/137.0.7151.103 Mobile Safari/537.36 (compatible; Googlebot/2.1; +http://www.google.com/bot.html)"
66.249.65.35 - - [16/Jul/2025:13:22:16 +0000] "GET /?x=34926813051800&mod=e88f243b&uri=product.php?detail/2891532.htm HTTP/1.1" 301 - "-" "Mozilla/5.0 (Linux; Android 6.0.1; Nexus 5X Build/MMB29P) AppleWebKit/537.36 (KHTML, like Gecko) Chrome/137.0.7151.103 Mobile Safari/537.36 (compatible; Googlebot/2.1; +http://www.google.com/bot.html)"
66.249.65.35 - - [16/Jul/2025:13:22:16 +0000] "GET /?x=47656540001800&mod=3a835d32&uri=category-info.php%3Fdetail%2F2934459.htm HTTP/1.1" 200 1923 "-" "Mozilla/5.0 (Linux; Android 6.0.1; Nexus 5X Build/MMB29P) AppleWebKit/537.36 (KHTML, like Gecko) Chrome/137.0.7151.103 Mobile Safari/537.36 (compatible; Googlebot/2.1; +http://www.google.com/bot.html)"
66.249.65.35 - - [16/Jul/2025:13:22:17 +0000] "GET /?x=34926813051800&mod=e88f243b&uri=product.php%3Fdetail%2F2891532.htm HTTP/1.1" 200 1917 "-" "Mozilla/5.0 (Linux; Android 6.0.1; Nexus 5X Build/MMB29P) AppleWebKit/537.36 (KHTML, like Gecko) Chrome/137.0.7151.103 Mobile Safari/537.36 (compatible; Googlebot/2.1; +http://www.google.com/bot.html)"
66.249.65.35 - - [16/Jul/2025:13:22:20 +0000] "GET /?x=34671899081800&mod=9854d7af&uri=itm.php?boyslove.html HTTP/1.1" 301 - "-" "Mozilla/5.0 (Linux; Android 6.0.1; Nexus 5X Build/MMB29P) AppleWebKit/537.36 (KHTML, like Gecko) Chrome/137.0.7151.103 Mobile Safari/537.36 (compatible; Googlebot/2.1; +http://www.google.com/bot.html)"
66.249.65.35 - - [16/Jul/2025:13:22:20 +0000] "GET /?x=34671899081800&mod=9854d7af&uri=itm.php%3Fboyslove.html HTTP/1.1" 200 1906 "-" "Mozilla/5.0 (Linux; Android 6.0.1; Nexus 5X Build/MMB29P) AppleWebKit/537.36 (KHTML, like Gecko) Chrome/137.0.7151.103 Mobile Safari/537.36 (compatible; Googlebot/2.1; +http://www.google.com/bot.html)"
51.222.253.8 - - [16/Jul/2025:13:22:24 +0000] "GET /?x=69254502071800&uri=article.php%3Fid%3D2311105-508%26name%3Dbest%20walking%20shoes%20for%20arthritic%20knees HTTP/1.1" 200 1939 "-" "Mozilla/5.0 (compatible; AhrefsBot/7.0; +http://ahrefs.com/robot/)"
66.249.65.35 - - [16/Jul/2025:13:22:32 +0000] "GET /?x=77788585111800&mod=333cb763&uri=shared.php?detail/2900899.htm HTTP/1.1" 301 - "-" "Mozilla/5.0 (Linux; Android 6.0.1; Nexus 5X Build/MMB29P) AppleWebKit/537.36 (KHTML, like Gecko) Chrome/137.0.7151.103 Mobile Safari/537.36 (compatible; Googlebot/2.1; +http://www.google.com/bot.html)"
66.249.65.35 - - [16/Jul/2025:13:22:32 +0000] "GET /?x=77788585111800&mod=333cb763&uri=shared.php%3Fdetail%2F2900899.htm HTTP/1.1" 200 1917 "-" "Mozilla/5.0 (Linux; Android 6.0.1; Nexus 5X Build/MMB29P) AppleWebKit/537.36 (KHTML, like Gecko) Chrome/137.0.7151.103 Mobile Safari/537.36 (compatible; Googlebot/2.1; +http://www.google.com/bot.html)"
209.74.77.214 - - [16/Jul/2025:13:22:52 +0000] "POST /wp-cron.php?doing_wp_cron=1752672172.2359299659729003906250 HTTP/1.1" 200 - "-" "WordPress/6.8.2; https://kraft-court.cafe"
66.249.65.35 - - [16/Jul/2025:13:22:51 +0000] "GET /?x=34926813051800&mod=e88f243b&uri=product.php?kaden.html HTTP/1.1" 301 - "-" "Mozilla/5.0 (Linux; Android 6.0.1; Nexus 5X Build/MMB29P) AppleWebKit/537.36 (KHTML, like Gecko) Chrome/137.0.7151.103 Mobile Safari/537.36 (compatible; Googlebot/2.1; +http://www.google.com/bot.html)"
66.249.65.35 - - [16/Jul/2025:13:22:52 +0000] "GET /?x=34926813051800&mod=e88f243b&uri=product.php%3Fkaden.html HTTP/1.1" 200 1907 "-" "Mozilla/5.0 (Linux; Android 6.0.1; Nexus 5X Build/MMB29P) AppleWebKit/537.36 (KHTML, like Gecko) Chrome/137.0.7151.103 Mobile Safari/537.36 (compatible; Googlebot/2.1; +http://www.google.com/bot.html)"
66.249.65.37 - - [16/Jul/2025:13:23:01 +0000] "GET /?x=90536606071800&mod=333cb763&uri=goods.php?detail/4360735.htm HTTP/1.1" 301 - "-" "Mozilla/5.0 (Linux; Android 6.0.1; Nexus 5X Build/MMB29P) AppleWebKit/537.36 (KHTML, like Gecko) Chrome/137.0.7151.103 Mobile Safari/537.36 (compatible; Googlebot/2.1; +http://www.google.com/bot.html)"
66.249.65.36 - - [16/Jul/2025:13:23:02 +0000] "GET /?x=5955011091800&mod=c5bbd980&uri=pin.php?detail/4413248.htm HTTP/1.1" 301 - "-" "Mozilla/5.0 (Linux; Android 6.0.1; Nexus 5X Build/MMB29P) AppleWebKit/537.36 (KHTML, like Gecko) Chrome/137.0.7151.103 Mobile Safari/537.36 (compatible; Googlebot/2.1; +http://www.google.com/bot.html)"
66.249.65.37 - - [16/Jul/2025:13:23:02 +0000] "GET /?x=5647326041800&mod=55d99a37&uri=us.php?detail/55191771.htm HTTP/1.1" 301 - "-" "Mozilla/5.0 (Linux; Android 6.0.1; Nexus 5X Build/MMB29P) AppleWebKit/537.36 (KHTML, like Gecko) Chrome/137.0.7151.103 Mobile Safari/537.36 (compatible; Googlebot/2.1; +http://www.google.com/bot.html)"
66.249.65.37 - - [16/Jul/2025:13:23:02 +0000] "GET /?x=90536606071800&mod=333cb763&uri=goods.php%3Fdetail%2F4360735.htm HTTP/1.1" 200 1915 "-" "Mozilla/5.0 (Linux; Android 6.0.1; Nexus 5X Build/MMB29P) AppleWebKit/537.36 (KHTML, like Gecko) Chrome/137.0.7151.103 Mobile Safari/537.36 (compatible; Googlebot/2.1; +http://www.google.com/bot.html)"
66.249.65.36 - - [16/Jul/2025:13:23:02 +0000] "GET /?x=5955011091800&mod=c5bbd980&uri=pin.php%3Fdetail%2F4413248.htm HTTP/1.1" 200 1912 "-" "Mozilla/5.0 (Linux; Android 6.0.1; Nexus 5X Build/MMB29P) AppleWebKit/537.36 (KHTML, like Gecko) Chrome/137.0.7151.103 Mobile Safari/537.36 (compatible; Googlebot/2.1; +http://www.google.com/bot.html)"
66.249.65.37 - - [16/Jul/2025:13:23:02 +0000] "GET /?x=5647326041800&mod=55d99a37&uri=us.php%3Fdetail%2F55191771.htm HTTP/1.1" 200 1915 "-" "Mozilla/5.0 (Linux; Android 6.0.1; Nexus 5X Build/MMB29P) AppleWebKit/537.36 (KHTML, like Gecko) Chrome/137.0.7151.103 Mobile Safari/537.36 (compatible; Googlebot/2.1; +http://www.google.com/bot.html)"
66.249.65.37 - - [16/Jul/2025:13:23:02 +0000] "GET /?x=90536606071800&mod=333cb763&uri=goods.php?detail/4377672.htm HTTP/1.1" 301 - "-" "Mozilla/5.0 (Linux; Android 6.0.1; Nexus 5X Build/MMB29P) AppleWebKit/537.36 (KHTML, like Gecko) Chrome/137.0.7151.103 Mobile Safari/537.36 (compatible; Googlebot/2.1; +http://www.google.com/bot.html)"
66.249.65.36 - - [16/Jul/2025:13:23:02 +0000] "GET /?x=90536606071800&mod=333cb763&uri=goods.php%3Fdetail%2F4377672.htm HTTP/1.1" 200 1917 "-" "Mozilla/5.0 (Linux; Android 6.0.1; Nexus 5X Build/MMB29P) AppleWebKit/537.36 (KHTML, like Gecko) Chrome/137.0.7151.103 Mobile Safari/537.36 (compatible; Googlebot/2.1; +http://www.google.com/bot.html)"
66.249.65.35 - - [16/Jul/2025:13:23:03 +0000] "GET /?x=34926813051800&mod=e88f243b&uri=product.php?detail/2881320.htm HTTP/1.1" 301 - "-" "Mozilla/5.0 (Linux; Android 6.0.1; Nexus 5X Build/MMB29P) AppleWebKit/537.36 (KHTML, like Gecko) Chrome/137.0.7151.103 Mobile Safari/537.36 (compatible; Googlebot/2.1; +http://www.google.com/bot.html)"
66.249.65.36 - - [16/Jul/2025:13:23:03 +0000] "GET /?x=34926813051800&mod=e88f243b&uri=product.php%3Fdetail%2F2881320.htm HTTP/1.1" 200 1915 "-" "Mozilla/5.0 (Linux; Android 6.0.1; Nexus 5X Build/MMB29P) AppleWebKit/537.36 (KHTML, like Gecko) Chrome/137.0.7151.103 Mobile Safari/537.36 (compatible; Googlebot/2.1; +http://www.google.com/bot.html)"
66.249.65.35 - - [16/Jul/2025:13:23:30 +0000] "GET /?x=23967452021800&mod=6df18258&uri=shop.php?detail/2906982.htm HTTP/1.1" 301 - "-" "Mozilla/5.0 (Linux; Android 6.0.1; Nexus 5X Build/MMB29P) AppleWebKit/537.36 (KHTML, like Gecko) Chrome/137.0.7151.103 Mobile Safari/537.36 (compatible; Googlebot/2.1; +http://www.google.com/bot.html)"
66.249.65.35 - - [16/Jul/2025:13:23:30 +0000] "GET /?x=23967452021800&mod=6df18258&uri=shop.php%3Fdetail%2F2906982.htm HTTP/1.1" 200 1913 "-" "Mozilla/5.0 (Linux; Android 6.0.1; Nexus 5X Build/MMB29P) AppleWebKit/537.36 (KHTML, like Gecko) Chrome/137.0.7151.103 Mobile Safari/537.36 (compatible; Googlebot/2.1; +http://www.google.com/bot.html)"
66.249.65.36 - - [16/Jul/2025:13:23:32 +0000] "GET /?x=111154978041800&mod=a8849b05&uri=form.php?detail/2951991.htm HTTP/1.1" 301 - "-" "Mozilla/5.0 (Linux; Android 6.0.1; Nexus 5X Build/MMB29P) AppleWebKit/537.36 (KHTML, like Gecko) Chrome/137.0.7151.103 Mobile Safari/537.36 (compatible; Googlebot/2.1; +http://www.google.com/bot.html)"
66.249.65.36 - - [16/Jul/2025:13:23:32 +0000] "GET /?x=111154978041800&mod=a8849b05&uri=form.php%3Fdetail%2F2951991.htm HTTP/1.1" 200 1915 "-" "Mozilla/5.0 (Linux; Android 6.0.1; Nexus 5X Build/MMB29P) AppleWebKit/537.36 (KHTML, like Gecko) Chrome/137.0.7151.103 Mobile Safari/537.36 (compatible; Googlebot/2.1; +http://www.google.com/bot.html)"
209.74.77.214 - - [16/Jul/2025:13:24:36 +0000] "POST /wp-cron.php?doing_wp_cron=1752672276.6077110767364501953125 HTTP/1.1" 200 - "-" "WordPress/6.8.2; https://kraft-court.cafe"
66.249.65.35 - - [16/Jul/2025:13:24:35 +0000] "GET /?x=84220116031800&mod=333cb763&uri=dp.php?detail/51061834.htm HTTP/1.1" 301 - "-" "Mozilla/5.0 (Linux; Android 6.0.1; Nexus 5X Build/MMB29P) AppleWebKit/537.36 (KHTML, like Gecko) Chrome/137.0.7151.103 Mobile Safari/537.36 (compatible; Googlebot/2.1; +http://www.google.com/bot.html)"
66.249.65.35 - - [16/Jul/2025:13:24:36 +0000] "GET /?x=84220116031800&mod=333cb763&uri=dp.php%3Fdetail%2F51061834.htm HTTP/1.1" 200 1914 "-" "Mozilla/5.0 (Linux; Android 6.0.1; Nexus 5X Build/MMB29P) AppleWebKit/537.36 (KHTML, like Gecko) Chrome/137.0.7151.103 Mobile Safari/537.36 (compatible; Googlebot/2.1; +http://www.google.com/bot.html)"
209.74.77.214 - - [16/Jul/2025:13:24:53 +0000] "POST /wp-cron.php?doing_wp_cron=1752672293.1067039966583251953125 HTTP/1.1" 200 - "-" "WordPress/6.8.2; https://kraft-court.cafe"
66.249.65.35 - - [16/Jul/2025:13:24:53 +0000] "GET /?x=47694368041800&mod=293c3b96&uri=products.php?detail/48460528.htm HTTP/1.1" 301 - "-" "Mozilla/5.0 (Linux; Android 6.0.1; Nexus 5X Build/MMB29P) AppleWebKit/537.36 (KHTML, like Gecko) Chrome/137.0.7151.103 Mobile Safari/537.36 (compatible; Googlebot/2.1; +http://www.google.com/bot.html)"
