170.106.179.68 - - [13/Jul/2025:18:43:12 +0000] "GET /wp-json/wp/v2/pages/6151 HTTP/1.1" 200 6011 "-" "Mozilla/5.0 (iPhone; CPU iPhone OS 13_2_3 like Mac OS X) AppleWebKit/605.1.15 (KHTML, like Gecko) Version/13.0.3 Mobile/15E148 Safari/604.1"
121.4.97.180 - - [13/Jul/2025:18:46:33 +0000] "GET / HTTP/1.1" 200 61125 "http://www.listingslad.com" "Mozilla/5.0 (iPhone; CPU iPhone OS 13_2_3 like Mac OS X) AppleWebKit/605.1.15 (KHTML, like Gecko) Version/13.0.3 Mobile/15E148 Safari/604.1"
209.74.77.214 - - [13/Jul/2025:18:50:46 +0000] "POST /wp-cron.php?doing_wp_cron=1752432646.3824698925018310546875 HTTP/1.1" 200 - "-" "WordPress/6.8.1; https://listingslad.com"
170.106.35.153 - - [13/Jul/2025:18:50:43 +0000] "GET /login-register/?tab=register HTTP/1.1" 200 50597 "-" "Mozilla/5.0 (iPhone; CPU iPhone OS 13_2_3 like Mac OS X) AppleWebKit/605.1.15 (KHTML, like Gecko) Version/13.0.3 Mobile/15E148 Safari/604.1"
143.110.159.218 - - [13/Jul/2025:18:54:21 +0000] "GET /files.php HTTP/1.1" 404 65018 "https://www.google.com" "Mozilla/5.0 (Linux; Android 7.0; SM-G892A Build/NRD90M; wv) AppleWebKit/537.36 (KHTML, like Gecko) Version/4.0 Chrome/60.0.3112.107 Mobile Safari/537.36"
209.74.77.214 - - [13/Jul/2025:18:55:46 +0000] "POST /wp-cron.php?doing_wp_cron=1752432946.5723929405212402343750 HTTP/1.1" 200 - "-" "WordPress/6.8.1; https://listingslad.com"
91.84.110.151 - - [13/Jul/2025:18:55:44 +0000] "GET / HTTP/1.1" 301 - "-" "Mozilla/5.0 (Macintosh; Intel Mac OS X 10_15_7) AppleWebKit/537.36 (KHTML, like Gecko) Chrome/133.0.0.0 Safari/537.36"
91.84.110.151 - - [13/Jul/2025:18:55:49 +0000] "GET / HTTP/1.1" 200 61126 "https://LISTINGSLAD.COM" "Mozilla/5.0 (Macintosh; Intel Mac OS X 10_15_7) AppleWebKit/537.36 (KHTML, like Gecko) Chrome/133.0.0.0 Safari/537.36"
188.164.223.155 - - [13/Jul/2025:18:55:53 +0000] "POST / HTTP/1.1" 200 61254 "-" "Mozilla/5.0 (Macintosh; Intel Mac OS X 10_15_7) AppleWebKit/537.36 (KHTML, like Gecko) Chrome/133.0.0.0 Safari/537.36"
188.164.223.155 - - [13/Jul/2025:18:55:55 +0000] "POST / HTTP/1.1" 200 61072 "-" "Mozilla/5.0 (Windows NT 10.0; Win64; x64) AppleWebKit/537.36 (KHTML, like Gecko) Chrome/120.0.0.0 Safari/537.36"
91.84.110.151 - - [13/Jul/2025:18:55:57 +0000] "GET /panel/create/ HTTP/1.1" 200 62675 "-" "Mozilla/5.0 (Macintosh; Intel Mac OS X 10_15_7) AppleWebKit/537.36 (KHTML, like Gecko) Chrome/133.0.0.0 Safari/537.36"
91.84.110.151 - - [13/Jul/2025:18:56:00 +0000] "GET /blog/ HTTP/1.1" 200 45188 "-" "Mozilla/5.0 (Macintosh; Intel Mac OS X 10_15_7) AppleWebKit/537.36 (KHTML, like Gecko) Chrome/133.0.0.0 Safari/537.36"
188.164.223.155 - - [13/Jul/2025:18:56:02 +0000] "POST /blog/ HTTP/1.1" 200 45315 "-" "Mozilla/5.0 (Macintosh; Intel Mac OS X 10_15_7) AppleWebKit/537.36 (KHTML, like Gecko) Chrome/133.0.0.0 Safari/537.36"
188.164.223.155 - - [13/Jul/2025:18:56:06 +0000] "POST /blog/ HTTP/1.1" 200 45138 "-" "Mozilla/5.0 (Windows NT 10.0; Win64; x64) AppleWebKit/537.36 (KHTML, like Gecko) Chrome/120.0.0.0 Safari/537.36"
91.84.110.151 - - [13/Jul/2025:18:56:08 +0000] "GET /we-knew-it-we-had-left-the-ground/ HTTP/1.1" 200 50351 "-" "Mozilla/5.0 (Macintosh; Intel Mac OS X 10_15_7) AppleWebKit/537.36 (KHTML, like Gecko) Chrome/133.0.0.0 Safari/537.36"
209.74.77.214 - - [13/Jul/2025:18:56:10 +0000] "POST /wp-cron.php?doing_wp_cron=1752432970.2963049411773681640625 HTTP/1.1" 200 - "-" "WordPress/6.8.1; https://listingslad.com"
188.164.223.155 - - [13/Jul/2025:18:56:10 +0000] "POST /wp-comments-post.php HTTP/1.1" 200 1106 "-" "Mozilla/5.0 (Macintosh; Intel Mac OS X 10_15_7) AppleWebKit/537.36 (KHTML, like Gecko) Chrome/133.0.0.0 Safari/537.36"
188.164.223.155 - - [13/Jul/2025:18:56:11 +0000] "POST /wp-comments-post.php HTTP/1.1" 200 - "-" "Mozilla/5.0 (Windows NT 10.0; Win64; x64) AppleWebKit/537.36 (KHTML, like Gecko) Chrome/120.0.0.0 Safari/537.36"
188.164.223.155 - - [13/Jul/2025:18:56:12 +0000] "POST /we-knew-it-we-had-left-the-ground/ HTTP/1.1" 200 50482 "-" "Mozilla/5.0 (Macintosh; Intel Mac OS X 10_15_7) AppleWebKit/537.36 (KHTML, like Gecko) Chrome/133.0.0.0 Safari/537.36"
209.74.77.214 - - [13/Jul/2025:18:56:15 +0000] "POST /wp-cron.php?doing_wp_cron=1752432975.6223800182342529296875 HTTP/1.1" 200 - "-" "WordPress/6.8.1; https://listingslad.com"
188.164.223.155 - - [13/Jul/2025:18:56:15 +0000] "POST /we-knew-it-we-had-left-the-ground/ HTTP/1.1" 200 50299 "-" "Mozilla/5.0 (Windows NT 10.0; Win64; x64) AppleWebKit/537.36 (KHTML, like Gecko) Chrome/120.0.0.0 Safari/537.36"
91.84.110.151 - - [13/Jul/2025:18:56:17 +0000] "GET /blog/?pagination=1 HTTP/1.1" 200 45189 "-" "Mozilla/5.0 (Macintosh; Intel Mac OS X 10_15_7) AppleWebKit/537.36 (KHTML, like Gecko) Chrome/133.0.0.0 Safari/537.36"
188.164.223.155 - - [13/Jul/2025:18:56:19 +0000] "POST /blog/?pagination=1 HTTP/1.1" 200 45315 "-" "Mozilla/5.0 (Macintosh; Intel Mac OS X 10_15_7) AppleWebKit/537.36 (KHTML, like Gecko) Chrome/133.0.0.0 Safari/537.36"
188.164.223.155 - - [13/Jul/2025:18:56:22 +0000] "POST /blog/?pagination=1 HTTP/1.1" 200 45139 "-" "Mozilla/5.0 (Windows NT 10.0; Win64; x64) AppleWebKit/537.36 (KHTML, like Gecko) Chrome/120.0.0.0 Safari/537.36"
91.84.110.151 - - [13/Jul/2025:18:56:23 +0000] "GET /blog/?pagination=2 HTTP/1.1" 200 44887 "-" "Mozilla/5.0 (Macintosh; Intel Mac OS X 10_15_7) AppleWebKit/537.36 (KHTML, like Gecko) Chrome/133.0.0.0 Safari/537.36"
188.164.223.155 - - [13/Jul/2025:18:56:25 +0000] "POST /blog/?pagination=2 HTTP/1.1" 200 45014 "-" "Mozilla/5.0 (Macintosh; Intel Mac OS X 10_15_7) AppleWebKit/537.36 (KHTML, like Gecko) Chrome/133.0.0.0 Safari/537.36"
209.74.77.214 - - [13/Jul/2025:18:56:27 +0000] "POST /wp-cron.php?doing_wp_cron=1752432987.6128458976745605468750 HTTP/1.1" 200 - "-" "WordPress/6.8.1; https://listingslad.com"
188.164.223.155 - - [13/Jul/2025:18:56:27 +0000] "POST /blog/?pagination=2 HTTP/1.1" 200 44837 "-" "Mozilla/5.0 (Windows NT 10.0; Win64; x64) AppleWebKit/537.36 (KHTML, like Gecko) Chrome/120.0.0.0 Safari/537.36"
91.84.110.151 - - [13/Jul/2025:18:56:30 +0000] "GET /tag/baby-accessories/ HTTP/1.1" 200 44396 "-" "Mozilla/5.0 (Macintosh; Intel Mac OS X 10_15_7) AppleWebKit/537.36 (KHTML, like Gecko) Chrome/133.0.0.0 Safari/537.36"
188.164.223.155 - - [13/Jul/2025:18:56:34 +0000] "POST /tag/baby-accessories/ HTTP/1.1" 200 44523 "-" "Mozilla/5.0 (Macintosh; Intel Mac OS X 10_15_7) AppleWebKit/537.36 (KHTML, like Gecko) Chrome/133.0.0.0 Safari/537.36"
188.164.223.155 - - [13/Jul/2025:18:56:36 +0000] "POST /tag/baby-accessories/ HTTP/1.1" 200 44345 "-" "Mozilla/5.0 (Windows NT 10.0; Win64; x64) AppleWebKit/537.36 (KHTML, like Gecko) Chrome/120.0.0.0 Safari/537.36"
91.84.110.151 - - [13/Jul/2025:18:56:38 +0000] "GET /tag/technology/ HTTP/1.1" 200 44143 "-" "Mozilla/5.0 (Macintosh; Intel Mac OS X 10_15_7) AppleWebKit/537.36 (KHTML, like Gecko) Chrome/133.0.0.0 Safari/537.36"
209.74.77.214 - - [13/Jul/2025:18:56:42 +0000] "POST /wp-cron.php?doing_wp_cron=1752433002.4899680614471435546875 HTTP/1.1" 200 - "-" "WordPress/6.8.1; https://listingslad.com"
188.164.223.155 - - [13/Jul/2025:18:56:42 +0000] "POST /tag/technology/ HTTP/1.1" 200 44270 "-" "Mozilla/5.0 (Macintosh; Intel Mac OS X 10_15_7) AppleWebKit/537.36 (KHTML, like Gecko) Chrome/133.0.0.0 Safari/537.36"
209.74.77.214 - - [13/Jul/2025:18:56:44 +0000] "POST /wp-cron.php?doing_wp_cron=1752433004.4923729896545410156250 HTTP/1.1" 200 - "-" "WordPress/6.8.1; https://listingslad.com"
188.164.223.155 - - [13/Jul/2025:18:56:44 +0000] "POST /tag/technology/ HTTP/1.1" 200 44092 "-" "Mozilla/5.0 (Windows NT 10.0; Win64; x64) AppleWebKit/537.36 (KHTML, like Gecko) Chrome/120.0.0.0 Safari/537.36"
91.84.110.151 - - [13/Jul/2025:18:56:45 +0000] "GET /contact-us/ HTTP/1.1" 200 43319 "-" "Mozilla/5.0 (Macintosh; Intel Mac OS X 10_15_7) AppleWebKit/537.36 (KHTML, like Gecko) Chrome/133.0.0.0 Safari/537.36"
209.74.77.214 - - [13/Jul/2025:18:56:47 +0000] "POST /wp-cron.php?doing_wp_cron=1752433007.5042200088500976562500 HTTP/1.1" 200 - "-" "WordPress/6.8.1; https://listingslad.com"
188.164.223.155 - - [13/Jul/2025:18:56:47 +0000] "POST /contact-us/ HTTP/1.1" 200 43419 "-" "Mozilla/5.0 (Macintosh; Intel Mac OS X 10_15_7) AppleWebKit/537.36 (KHTML, like Gecko) Chrome/133.0.0.0 Safari/537.36"
188.164.223.155 - - [13/Jul/2025:18:56:49 +0000] "POST /contact-us/ HTTP/1.1" 200 43266 "-" "Mozilla/5.0 (Windows NT 10.0; Win64; x64) AppleWebKit/537.36 (KHTML, like Gecko) Chrome/120.0.0.0 Safari/537.36"
91.84.110.151 - - [13/Jul/2025:18:56:50 +0000] "GET /login-register/ HTTP/1.1" 200 50595 "-" "Mozilla/5.0 (Macintosh; Intel Mac OS X 10_15_7) AppleWebKit/537.36 (KHTML, like Gecko) Chrome/133.0.0.0 Safari/537.36"
91.84.110.151 - - [13/Jul/2025:18:56:52 +0000] "GET /login-register/?tab=login HTTP/1.1" 200 50595 "-" "Mozilla/5.0 (Macintosh; Intel Mac OS X 10_15_7) AppleWebKit/537.36 (KHTML, like Gecko) Chrome/133.0.0.0 Safari/537.36"
91.84.110.151 - - [13/Jul/2025:18:56:53 +0000] "GET /login-register/?tab=register HTTP/1.1" 200 50597 "-" "Mozilla/5.0 (Macintosh; Intel Mac OS X 10_15_7) AppleWebKit/537.36 (KHTML, like Gecko) Chrome/133.0.0.0 Safari/537.36"
209.74.77.214 - - [13/Jul/2025:19:01:31 +0000] "POST /wp-cron.php?doing_wp_cron=1752433291.2361259460449218750000 HTTP/1.1" 200 - "-" "WordPress/6.8.1; https://listingslad.com"
43.135.142.7 - - [13/Jul/2025:19:01:28 +0000] "GET /wp-json/oembed/1.0/embed?url=https%3A%2F%2Flistingslad.com%2Fpanel%2F HTTP/1.1" 200 1090 "-" "Mozilla/5.0 (iPhone; CPU iPhone OS 13_2_3 like Mac OS X) AppleWebKit/605.1.15 (KHTML, like Gecko) Version/13.0.3 Mobile/15E148 Safari/604.1"
209.74.77.214 - - [13/Jul/2025:19:12:24 +0000] "POST /wp-cron.php?doing_wp_cron=1752433944.3067998886108398437500 HTTP/1.1" 200 - "-" "WordPress/6.8.1; https://listingslad.com"
43.153.48.240 - - [13/Jul/2025:19:12:21 +0000] "GET /our-team/ HTTP/1.1" 200 41532 "-" "Mozilla/5.0 (iPhone; CPU iPhone OS 13_2_3 like Mac OS X) AppleWebKit/605.1.15 (KHTML, like Gecko) Version/13.0.3 Mobile/15E148 Safari/604.1"
209.74.77.214 - - [13/Jul/2025:19:22:26 +0000] "POST /wp-cron.php?doing_wp_cron=1752434546.1375000476837158203125 HTTP/1.1" 200 - "-" "WordPress/6.8.1; https://listingslad.com"
43.135.185.59 - - [13/Jul/2025:19:22:23 +0000] "GET /?p=6186 HTTP/1.1" 301 - "-" "Mozilla/5.0 (iPhone; CPU iPhone OS 13_2_3 like Mac OS X) AppleWebKit/605.1.15 (KHTML, like Gecko) Version/13.0.3 Mobile/15E148 Safari/604.1"
209.74.77.214 - - [13/Jul/2025:19:22:29 +0000] "POST /wp-cron.php?doing_wp_cron=1752434549.0539250373840332031250 HTTP/1.1" 200 - "-" "WordPress/6.8.1; https://listingslad.com"
43.135.185.59 - - [13/Jul/2025:19:22:28 +0000] "GET /login-register/ HTTP/1.1" 200 50594 "https://listingslad.com/?p=6186" "Mozilla/5.0 (iPhone; CPU iPhone OS 13_2_3 like Mac OS X) AppleWebKit/605.1.15 (KHTML, like Gecko) Version/13.0.3 Mobile/15E148 Safari/604.1"
209.74.77.214 - - [13/Jul/2025:19:25:46 +0000] "POST /wp-cron.php?doing_wp_cron=1752434746.2800710201263427734375 HTTP/1.1" 200 - "-" "WordPress/6.8.1; https://listingslad.com"
69.171.230.10 - - [13/Jul/2025:19:25:43 +0000] "GET /robots.txt HTTP/1.1" 200 265 "-" "facebookexternalhit/1.1 (+http://www.facebook.com/externalhit_uatext.php)"
209.74.77.214 - - [13/Jul/2025:19:30:07 +0000] "POST /wp-cron.php?doing_wp_cron=1752435007.9568150043487548828125 HTTP/1.1" 200 - "-" "WordPress/6.8.1; https://listingslad.com"
170.106.140.110 - - [13/Jul/2025:19:30:05 +0000] "GET /faq/embed/ HTTP/1.1" 200 6535 "-" "Mozilla/5.0 (iPhone; CPU iPhone OS 13_2_3 like Mac OS X) AppleWebKit/605.1.15 (KHTML, like Gecko) Version/13.0.3 Mobile/15E148 Safari/604.1"
209.74.77.214 - - [13/Jul/2025:19:40:53 +0000] "POST /wp-cron.php?doing_wp_cron=1752435653.6454548835754394531250 HTTP/1.1" 200 - "-" "WordPress/6.8.1; https://listingslad.com"
43.128.156.124 - - [13/Jul/2025:19:40:51 +0000] "GET /wp-json/wp/v2/pages/6186 HTTP/1.1" 200 13602 "-" "Mozilla/5.0 (iPhone; CPU iPhone OS 13_2_3 like Mac OS X) AppleWebKit/605.1.15 (KHTML, like Gecko) Version/13.0.3 Mobile/15E148 Safari/604.1"
209.74.77.214 - - [13/Jul/2025:19:52:22 +0000] "POST /wp-cron.php?doing_wp_cron=1752436342.4584269523620605468750 HTTP/1.1" 200 - "-" "WordPress/6.8.1; https://listingslad.com"
43.159.128.237 - - [13/Jul/2025:19:52:19 +0000] "GET /wp-json/oembed/1.0/embed?url=https%3A%2F%2Flistingslad.com%2Flogin-register%2F HTTP/1.1" 200 1100 "-" "Mozilla/5.0 (iPhone; CPU iPhone OS 13_2_3 like Mac OS X) AppleWebKit/605.1.15 (KHTML, like Gecko) Version/13.0.3 Mobile/15E148 Safari/604.1"
209.74.77.214 - - [13/Jul/2025:20:02:30 +0000] "POST /wp-cron.php?doing_wp_cron=1752436950.8342890739440917968750 HTTP/1.1" 200 - "-" "WordPress/6.8.1; https://listingslad.com"
43.135.135.57 - - [13/Jul/2025:20:02:28 +0000] "GET /wp-json/oembed/1.0/embed?url=https%3A%2F%2Flistingslad.com%2Four-team%2F&format=xml HTTP/1.1" 200 1126 "-" "Mozilla/5.0 (iPhone; CPU iPhone OS 13_2_3 like Mac OS X) AppleWebKit/605.1.15 (KHTML, like Gecko) Version/13.0.3 Mobile/15E148 Safari/604.1"
209.74.77.214 - - [13/Jul/2025:20:11:34 +0000] "POST /wp-cron.php?doing_wp_cron=1752437494.7644460201263427734375 HTTP/1.1" 200 - "-" "WordPress/6.8.1; https://listingslad.com"
43.166.255.102 - - [13/Jul/2025:20:11:32 +0000] "GET /wp-json/oembed/1.0/embed?url=https%3A%2F%2Flistingslad.com%2Four-team%2F HTTP/1.1" 200 1094 "-" "Mozilla/5.0 (iPhone; CPU iPhone OS 13_2_3 like Mac OS X) AppleWebKit/605.1.15 (KHTML, like Gecko) Version/13.0.3 Mobile/15E148 Safari/604.1"
209.74.77.214 - - [13/Jul/2025:20:56:11 +0000] "POST /wp-cron.php?doing_wp_cron=1752440171.1019949913024902343750 HTTP/1.1" 200 - "-" "WordPress/6.8.1; https://listingslad.com"
209.74.77.214 - - [13/Jul/2025:20:56:11 +0000] "POST /wp-cron.php?doing_wp_cron=1752440171.1019940376281738281250 HTTP/1.1" 200 - "-" "WordPress/6.8.1; https://listingslad.com"
162.241.61.245 - - [13/Jul/2025:20:56:08 +0000] "POST /xmlrpc.php HTTP/1.1" 405 415 "-" "Mozilla/5.0 (Windows NT 10.0; Win64; x64) AppleWebKit/537.36 (KHTML, like Gecko) Chrome/84.0.4147.135 Safari/537.36"
15.235.212.111 - - [13/Jul/2025:20:56:09 +0000] "POST /xmlrpc.php HTTP/1.1" 405 415 "-" "Mozilla/5.0 (Windows; U; Windows NT 5.1; en-US; rv:1.7.5) Gecko/20041107 Firefox/1.0"
209.74.77.214 - - [13/Jul/2025:20:56:28 +0000] "POST /wp-cron.php?doing_wp_cron=1752440188.5467419624328613281250 HTTP/1.1" 200 - "-" "WordPress/6.8.1; https://listingslad.com"
162.241.217.42 - - [13/Jul/2025:20:56:28 +0000] "POST /xmlrpc.php HTTP/1.1" 405 415 "-" "Mozilla/5.0 (Windows NT 6.1) AppleWebKit/537.36 (KHTML, like Gecko) Chrome/56.0.2924.76 Safari/537.36"
66.249.74.15 - - [13/Jul/2025:20:56:32 +0000] "GET /ads/?service-type=corsages HTTP/1.1" 200 66403 "-" "Mozilla/5.0 (Linux; Android 6.0.1; Nexus 5X Build/MMB29P) AppleWebKit/537.36 (KHTML, like Gecko) Chrome/137.0.7151.103 Mobile Safari/537.36 (compatible; Googlebot/2.1; +http://www.google.com/bot.html)"
198.12.241.71 - - [13/Jul/2025:20:56:35 +0000] "POST /xmlrpc.php HTTP/1.1" 405 415 "-" "Mozilla/5.0 (Windows NT 10.0; Win64; x64; rv:78.0) Gecko/20100101 Firefox/78.0"
76.167.231.121 - - [13/Jul/2025:20:56:37 +0000] "POST /xmlrpc.php HTTP/1.1" 405 415 "-" "Mozilla/5.0 (Linux; Android 10) AppleWebKit/537.36 (KHTML, like Gecko) Chrome/91.0.4472.114 Mobile Safari/537.36"
209.74.77.214 - - [13/Jul/2025:20:56:43 +0000] "POST /wp-cron.php?doing_wp_cron=1752440203.2836968898773193359375 HTTP/1.1" 200 - "-" "WordPress/6.8.1; https://listingslad.com"
45.124.84.243 - - [13/Jul/2025:20:56:43 +0000] "POST /xmlrpc.php HTTP/1.1" 405 415 "-" "Mozilla/5.0 (Windows NT 10.0) AppleWebKit/537.36 (KHTML, like Gecko) Chrome/91.0.4472.114 Safari/537.36"
209.74.77.214 - - [13/Jul/2025:20:56:52 +0000] "POST /wp-cron.php?doing_wp_cron=1752440212.1317501068115234375000 HTTP/1.1" 200 - "-" "WordPress/6.8.1; https://listingslad.com"
95.217.165.68 - - [13/Jul/2025:20:56:52 +0000] "POST /xmlrpc.php HTTP/1.1" 405 415 "-" "Mozilla/5.0 (Windows NT 6.1; Win64; x64; rv:57.0) Gecko/20100101 Firefox/57.0"
162.0.227.76 - - [13/Jul/2025:20:56:54 +0000] "POST /xmlrpc.php HTTP/1.1" 405 415 "-" "Mozilla/5.0 (Windows NT 5.1; rv:40.0) Gecko/20100101 Firefox/40.0"
207.244.250.98 - - [13/Jul/2025:20:57:00 +0000] "POST /xmlrpc.php HTTP/1.1" 405 415 "-" "Mozilla/5.0 (Windows NT 10.0; Win64; x64; rv:66.0) Gecko/20100101 Firefox/66.0"
45.124.84.243 - - [13/Jul/2025:20:57:02 +0000] "POST /xmlrpc.php HTTP/1.1" 405 415 "-" "Mozilla/5.0 (Windows NT 10.0; Win64; x64) AppleWebKit/537.36 (KHTML, like Gecko) Chrome/91.0.4472.114 Safari/537.36"
66.249.74.13 - - [13/Jul/2025:20:59:07 +0000] "GET /wp-includes/css/dist/block-library/style.min.css?ver=6.8.1 HTTP/1.1" 200 15323 "https://listingslad.com/ads/?service-type=corsages" "Mozilla/5.0 (Linux; Android 6.0.1; Nexus 5X Build/MMB29P) AppleWebKit/537.36 (KHTML, like Gecko) Chrome/137.0.7151.119 Mobile Safari/537.36 (compatible; Googlebot/2.1; +http://www.google.com/bot.html)"
129.28.14.231 - - [13/Jul/2025:21:45:25 +0000] "GET / HTTP/1.1" 200 61125 "http://listingslad.com" "Mozilla/5.0 (iPhone; CPU iPhone OS 13_2_3 like Mac OS X) AppleWebKit/605.1.15 (KHTML, like Gecko) Version/13.0.3 Mobile/15E148 Safari/604.1"
209.74.77.214 - - [13/Jul/2025:22:00:09 +0000] "POST /wp-cron.php?doing_wp_cron=1752444009.7852270603179931640625 HTTP/1.1" 200 - "-" "WordPress/6.8.1; https://listingslad.com"
103.18.77.154 - - [13/Jul/2025:22:00:09 +0000] "POST /wp-comments-post.php HTTP/1.1" 302 - "-" "Mozilla/5.0 (Windows NT 10.0; Win64; x64) AppleWebKit/537.36 (KHTML, like Gecko) Chrome/120.0.0.0 Safari/537.36"
209.74.77.214 - - [13/Jul/2025:22:00:10 +0000] "GET /wp-json/jetpack/v4/sync/spawn-sync?time=1752444009&request_lock_id=1752444009.9934 HTTP/1.1" 200 37 "-" "WordPress/6.8.1; https://listingslad.com"
209.74.77.214 - - [13/Jul/2025:22:00:32 +0000] "POST /wp-cron.php?doing_wp_cron=1752444032.7946619987487792968750 HTTP/1.1" 200 - "-" "WordPress/6.8.1; https://listingslad.com"
103.18.77.154 - - [13/Jul/2025:22:00:32 +0000] "POST /wp-comments-post.php HTTP/1.1" 302 - "-" "Mozilla/5.0 (Windows NT 10.0; Win64; x64) AppleWebKit/537.36 (KHTML, like Gecko) Chrome/120.0.0.0 Safari/537.36"
209.74.77.214 - - [13/Jul/2025:22:00:32 +0000] "GET /wp-json/jetpack/v4/sync/spawn-sync?time=1752444032&request_lock_id=1752444032.9658 HTTP/1.1" 200 37 "-" "WordPress/6.8.1; https://listingslad.com"
209.74.77.214 - - [13/Jul/2025:22:00:54 +0000] "POST /wp-cron.php?doing_wp_cron=1752444054.7297658920288085937500 HTTP/1.1" 200 - "-" "WordPress/6.8.1; https://listingslad.com"
103.18.77.154 - - [13/Jul/2025:22:00:54 +0000] "POST /wp-comments-post.php HTTP/1.1" 302 - "-" "Mozilla/5.0 (Windows NT 10.0; Win64; x64) AppleWebKit/537.36 (KHTML, like Gecko) Chrome/120.0.0.0 Safari/537.36"
209.74.77.214 - - [13/Jul/2025:22:00:54 +0000] "GET /wp-json/jetpack/v4/sync/spawn-sync?time=1752444054&request_lock_id=1752444054.7944 HTTP/1.1" 200 37 "-" "WordPress/6.8.1; https://listingslad.com"
103.18.77.154 - - [13/Jul/2025:22:01:17 +0000] "POST /wp-comments-post.php HTTP/1.1" 302 - "-" "Mozilla/5.0 (Windows NT 10.0; Win64; x64) AppleWebKit/537.36 (KHTML, like Gecko) Chrome/120.0.0.0 Safari/537.36"
209.74.77.214 - - [13/Jul/2025:22:01:18 +0000] "GET /wp-json/jetpack/v4/sync/spawn-sync?time=1752444078&request_lock_id=1752444078.0299 HTTP/1.1" 200 37 "-" "WordPress/6.8.1; https://listingslad.com"
209.74.77.214 - - [13/Jul/2025:22:01:41 +0000] "POST /wp-cron.php?doing_wp_cron=1752444101.2366790771484375000000 HTTP/1.1" 200 - "-" "WordPress/6.8.1; https://listingslad.com"
103.18.77.154 - - [13/Jul/2025:22:01:41 +0000] "POST /wp-comments-post.php HTTP/1.1" 302 - "-" "Mozilla/5.0 (Windows NT 10.0; Win64; x64) AppleWebKit/537.36 (KHTML, like Gecko) Chrome/120.0.0.0 Safari/537.36"
209.74.77.214 - - [13/Jul/2025:22:01:41 +0000] "GET /wp-json/jetpack/v4/sync/spawn-sync?time=1752444101&request_lock_id=1752444101.3089 HTTP/1.1" 200 37 "-" "WordPress/6.8.1; https://listingslad.com"
209.74.77.214 - - [13/Jul/2025:22:02:03 +0000] "POST /wp-cron.php?doing_wp_cron=1752444123.6756899356842041015625 HTTP/1.1" 200 - "-" "WordPress/6.8.1; https://listingslad.com"
103.18.77.154 - - [13/Jul/2025:22:02:03 +0000] "POST /wp-comments-post.php HTTP/1.1" 302 - "-" "Mozilla/5.0 (Windows NT 10.0; Win64; x64) AppleWebKit/537.36 (KHTML, like Gecko) Chrome/120.0.0.0 Safari/537.36"
209.74.77.214 - - [13/Jul/2025:22:02:03 +0000] "GET /wp-json/jetpack/v4/sync/spawn-sync?time=1752444123&request_lock_id=1752444123.8609 HTTP/1.1" 200 37 "-" "WordPress/6.8.1; https://listingslad.com"
209.74.77.214 - - [13/Jul/2025:22:02:27 +0000] "POST /wp-cron.php?doing_wp_cron=1752444146.9895141124725341796875 HTTP/1.1" 200 - "-" "WordPress/6.8.1; https://listingslad.com"
103.18.77.154 - - [13/Jul/2025:22:02:26 +0000] "POST /wp-comments-post.php HTTP/1.1" 302 - "-" "Mozilla/5.0 (Windows NT 10.0; Win64; x64) AppleWebKit/537.36 (KHTML, like Gecko) Chrome/120.0.0.0 Safari/537.36"
209.74.77.214 - - [13/Jul/2025:22:02:27 +0000] "GET /wp-json/jetpack/v4/sync/spawn-sync?time=1752444147&request_lock_id=1752444147.068 HTTP/1.1" 200 37 "-" "WordPress/6.8.1; https://listingslad.com"
209.74.77.214 - - [13/Jul/2025:22:28:05 +0000] "POST /wp-cron.php?doing_wp_cron=1752445685.3892369270324707031250 HTTP/1.1" 200 - "-" "WordPress/6.8.1; https://listingslad.com"
23.21.179.120 - - [13/Jul/2025:22:28:03 +0000] "GET /robots.txt HTTP/1.1" 200 154 "-" "Mozilla/5.0 AppleWebKit/537.36 (KHTML, like Gecko; compatible; Amazonbot/0.1; +https://developer.amazon.com/support/amazonbot) Chrome/119.0.6045.214 Safari/537.36"
209.74.77.214 - - [13/Jul/2025:22:38:51 +0000] "POST /wp-cron.php?doing_wp_cron=1752446331.8000860214233398437500 HTTP/1.1" 200 - "-" "WordPress/6.8.1; https://listingslad.com"
69.157.172.248 - - [13/Jul/2025:22:38:49 +0000] "POST /xmlrpc.php HTTP/1.1" 405 415 "-" "Mozilla/5.0 (Windows NT 10.0; Win64; x64) AppleWebKit/537.36 (KHTML, like Gecko) Chrome/91.0.4472.124 Safari/537.36"
209.74.77.214 - - [13/Jul/2025:22:41:21 +0000] "POST /wp-cron.php?doing_wp_cron=1752446481.2566189765930175781250 HTTP/1.1" 200 - "-" "WordPress/6.8.1; https://listingslad.com"
186.156.223.239 - - [13/Jul/2025:22:41:19 +0000] "POST /xmlrpc.php HTTP/1.1" 405 415 "-" "Mozilla/5.0 (Windows NT 10.0; Win64; x64) AppleWebKit/537.36 (KHTML, like Gecko) Chrome/91.0.4472.124 Safari/537.36"
209.74.77.214 - - [13/Jul/2025:23:33:31 +0000] "POST /wp-cron.php?doing_wp_cron=1752449611.6113450527191162109375 HTTP/1.1" 200 - "-" "WordPress/6.8.1; https://listingslad.com"
54.189.178.196 - - [13/Jul/2025:23:33:29 +0000] "GET /robots.txt HTTP/1.1" 200 154 "-" "HawaiiBot"
209.74.77.214 - - [13/Jul/2025:23:34:08 +0000] "POST /wp-cron.php?doing_wp_cron=1752449648.4725909233093261718750 HTTP/1.1" 200 - "-" "WordPress/6.8.1; https://listingslad.com"
51.222.253.6 - - [13/Jul/2025:23:34:06 +0000] "GET /wp-sitemap.xml HTTP/1.1" 200 318 "-" "Mozilla/5.0 (compatible; AhrefsBot/7.0; +http://ahrefs.com/robot/)"
209.74.77.214 - - [13/Jul/2025:23:34:10 +0000] "POST /wp-cron.php?doing_wp_cron=1752449650.9256289005279541015625 HTTP/1.1" 200 - "-" "WordPress/6.8.1; https://listingslad.com"
51.222.253.13 - - [13/Jul/2025:23:34:10 +0000] "GET /wp-sitemap-posts-post-1.xml HTTP/1.1" 200 310 "-" "Mozilla/5.0 (compatible; AhrefsBot/7.0; +http://ahrefs.com/robot/)"
51.222.253.17 - - [13/Jul/2025:23:34:12 +0000] "GET /wp-sitemap-posts-page-1.xml HTTP/1.1" 200 453 "-" "Mozilla/5.0 (compatible; AhrefsBot/7.0; +http://ahrefs.com/robot/)"
51.222.253.6 - - [13/Jul/2025:23:34:14 +0000] "GET /wp-sitemap-posts-product-1.xml HTTP/1.1" 200 279 "-" "Mozilla/5.0 (compatible; AhrefsBot/7.0; +http://ahrefs.com/robot/)"
51.222.253.20 - - [13/Jul/2025:23:34:16 +0000] "GET /wp-sitemap-posts-listivo_template-1.xml HTTP/1.1" 200 388 "-" "Mozilla/5.0 (compatible; AhrefsBot/7.0; +http://ahrefs.com/robot/)"
51.222.253.13 - - [13/Jul/2025:23:34:18 +0000] "GET /wp-sitemap-posts-listivo_listing-1.xml HTTP/1.1" 200 629 "-" "Mozilla/5.0 (compatible; AhrefsBot/7.0; +http://ahrefs.com/robot/)"
51.222.253.13 - - [13/Jul/2025:23:34:20 +0000] "GET /wp-sitemap-taxonomies-category-1.xml HTTP/1.1" 200 212 "-" "Mozilla/5.0 (compatible; AhrefsBot/7.0; +http://ahrefs.com/robot/)"
51.222.253.15 - - [13/Jul/2025:23:34:21 +0000] "GET /wp-sitemap-taxonomies-post_tag-1.xml HTTP/1.1" 200 245 "-" "Mozilla/5.0 (compatible; AhrefsBot/7.0; +http://ahrefs.com/robot/)"
51.222.253.7 - - [13/Jul/2025:23:34:23 +0000] "GET /wp-sitemap-taxonomies-product_cat-1.xml HTTP/1.1" 200 196 "-" "Mozilla/5.0 (compatible; AhrefsBot/7.0; +http://ahrefs.com/robot/)"
51.222.253.7 - - [13/Jul/2025:23:34:24 +0000] "GET /wp-sitemap-taxonomies-listivo_14-1.xml HTTP/1.1" 200 383 "-" "Mozilla/5.0 (compatible; AhrefsBot/7.0; +http://ahrefs.com/robot/)"
51.222.253.13 - - [13/Jul/2025:23:34:26 +0000] "GET /wp-sitemap-taxonomies-listivo_1910-1.xml HTTP/1.1" 200 195 "-" "Mozilla/5.0 (compatible; AhrefsBot/7.0; +http://ahrefs.com/robot/)"
209.74.77.214 - - [13/Jul/2025:23:34:27 +0000] "POST /wp-cron.php?doing_wp_cron=1752449667.7611880302429199218750 HTTP/1.1" 200 - "-" "WordPress/6.8.1; https://listingslad.com"
51.222.253.8 - - [13/Jul/2025:23:34:27 +0000] "GET /wp-sitemap-taxonomies-listivo_1911-1.xml HTTP/1.1" 200 199 "-" "Mozilla/5.0 (compatible; AhrefsBot/7.0; +http://ahrefs.com/robot/)"
51.222.253.11 - - [13/Jul/2025:23:34:28 +0000] "GET /wp-sitemap-taxonomies-listivo_1913-1.xml HTTP/1.1" 200 195 "-" "Mozilla/5.0 (compatible; AhrefsBot/7.0; +http://ahrefs.com/robot/)"
51.222.253.10 - - [13/Jul/2025:23:34:30 +0000] "GET /wp-sitemap-taxonomies-listivo_1912-1.xml HTTP/1.1" 200 190 "-" "Mozilla/5.0 (compatible; AhrefsBot/7.0; +http://ahrefs.com/robot/)"
51.222.253.7 - - [13/Jul/2025:23:34:32 +0000] "GET /wp-sitemap-taxonomies-listivo_945-1.xml HTTP/1.1" 200 205 "-" "Mozilla/5.0 (compatible; AhrefsBot/7.0; +http://ahrefs.com/robot/)"
51.222.253.17 - - [13/Jul/2025:23:34:33 +0000] "GET /wp-sitemap-taxonomies-listivo_946-1.xml HTTP/1.1" 200 226 "-" "Mozilla/5.0 (compatible; AhrefsBot/7.0; +http://ahrefs.com/robot/)"
51.222.253.7 - - [13/Jul/2025:23:34:35 +0000] "GET /wp-sitemap-taxonomies-listivo_4661-1.xml HTTP/1.1" 200 285 "-" "Mozilla/5.0 (compatible; AhrefsBot/7.0; +http://ahrefs.com/robot/)"
51.222.253.19 - - [13/Jul/2025:23:34:37 +0000] "GET /wp-sitemap-taxonomies-listivo_4318-1.xml HTTP/1.1" 200 293 "-" "Mozilla/5.0 (compatible; AhrefsBot/7.0; +http://ahrefs.com/robot/)"
51.222.253.8 - - [13/Jul/2025:23:34:39 +0000] "GET /wp-sitemap-taxonomies-listivo_4660-1.xml HTTP/1.1" 200 304 "-" "Mozilla/5.0 (compatible; AhrefsBot/7.0; +http://ahrefs.com/robot/)"
209.74.77.214 - - [13/Jul/2025:23:34:42 +0000] "POST /wp-cron.php?doing_wp_cron=1752449682.7025139331817626953125 HTTP/1.1" 200 - "-" "WordPress/6.8.1; https://listingslad.com"
51.222.253.10 - - [13/Jul/2025:23:34:42 +0000] "GET /wp-sitemap-taxonomies-listivo_4657-1.xml HTTP/1.1" 200 228 "-" "Mozilla/5.0 (compatible; AhrefsBot/7.0; +http://ahrefs.com/robot/)"
209.74.77.214 - - [13/Jul/2025:23:34:46 +0000] "POST /wp-cron.php?doing_wp_cron=1752449686.8532319068908691406250 HTTP/1.1" 200 - "-" "WordPress/6.8.1; https://listingslad.com"
51.222.253.20 - - [13/Jul/2025:23:34:46 +0000] "GET /wp-sitemap-taxonomies-listivo_2723-1.xml HTTP/1.1" 200 265 "-" "Mozilla/5.0 (compatible; AhrefsBot/7.0; +http://ahrefs.com/robot/)"
51.222.253.5 - - [13/Jul/2025:23:34:50 +0000] "GET /wp-sitemap-users-1.xml HTTP/1.1" 200 213 "-" "Mozilla/5.0 (compatible; AhrefsBot/7.0; +http://ahrefs.com/robot/)"
209.74.77.214 - - [13/Jul/2025:23:48:01 +0000] "POST /wp-cron.php?doing_wp_cron=1752450481.9757239818572998046875 HTTP/1.1" 200 - "-" "WordPress/6.8.1; https://listingslad.com"
198.235.24.185 - - [13/Jul/2025:23:47:59 +0000] "GET / HTTP/1.1" 200 506428 "-" "-"
209.74.77.214 - - [14/Jul/2025:00:03:51 +0000] "POST /wp-cron.php?doing_wp_cron=1752451431.2205970287322998046875 HTTP/1.1" 200 - "-" "WordPress/6.8.1; https://listingslad.com"
51.222.253.19 - - [14/Jul/2025:00:03:49 +0000] "GET / HTTP/1.1" 200 61125 "-" "Mozilla/5.0 (compatible; AhrefsBot/7.0; +http://ahrefs.com/robot/)"
202.8.42.118 - - [14/Jul/2025:00:03:55 +0000] "GET /wp-includes/js/mediaelement/wp-mediaelement.min.css?ver=6.8.1 HTTP/1.1" 200 1156 "https://listingslad.com/" "Mozilla/5.0 (compatible; AhrefsBot/7.0; +http://ahrefs.com/robot/)"
202.8.42.118 - - [14/Jul/2025:00:03:55 +0000] "GET /wp-content/plugins/contact-form-7/includes/css/styles.css?ver=6.1 HTTP/1.1" 200 1031 "https://listingslad.com/" "Mozilla/5.0 (compatible; AhrefsBot/7.0; +http://ahrefs.com/robot/)"
202.8.42.118 - - [14/Jul/2025:00:03:55 +0000] "GET /wp-content/plugins/woocommerce/assets/css/brands.css?ver=9.9.5 HTTP/1.1" 200 684 "https://listingslad.com/" "Mozilla/5.0 (compatible; AhrefsBot/7.0; +http://ahrefs.com/robot/)"
202.8.42.118 - - [14/Jul/2025:00:03:55 +0000] "GET /wp-content/plugins/elementor/assets/lib/font-awesome/css/regular.min.css?ver=5.15.3 HTTP/1.1" 200 308 "https://listingslad.com/" "Mozilla/5.0 (compatible; AhrefsBot/7.0; +http://ahrefs.com/robot/)"
202.8.42.118 - - [14/Jul/2025:00:03:55 +0000] "GET /wp-includes/js/mediaelement/mediaelementplayer-legacy.min.css?ver=4.2.17 HTTP/1.1" 200 2592 "https://listingslad.com/" "Mozilla/5.0 (compatible; AhrefsBot/7.0; +http://ahrefs.com/robot/)"
202.8.42.118 - - [14/Jul/2025:00:03:55 +0000] "GET /wp-content/plugins/elementor/assets/lib/font-awesome/css/fontawesome.min.css?ver=5.15.3 HTTP/1.1" 200 12617 "https://listingslad.com/" "Mozilla/5.0 (compatible; AhrefsBot/7.0; +http://ahrefs.com/robot/)"
202.8.42.118 - - [14/Jul/2025:00:03:55 +0000] "GET /wp-content/plugins/elementor/assets/lib/font-awesome/css/solid.min.css?ver=5.15.3 HTTP/1.1" 200 309 "https://listingslad.com/" "Mozilla/5.0 (compatible; AhrefsBot/7.0; +http://ahrefs.com/robot/)"
202.8.42.118 - - [14/Jul/2025:00:03:55 +0000] "GET /wp-content/plugins/elementor/assets/lib/font-awesome/css/brands.min.css?ver=5.15.3 HTTP/1.1" 200 308 "https://listingslad.com/" "Mozilla/5.0 (compatible; AhrefsBot/7.0; +http://ahrefs.com/robot/)"
202.8.42.118 - - [14/Jul/2025:00:03:55 +0000] "GET /wp-content/plugins/listivo-core/framework/assets/css/dropzone.min.css?ver=6.8.1 HTTP/1.1" 200 2099 "https://listingslad.com/" "Mozilla/5.0 (compatible; AhrefsBot/7.0; +http://ahrefs.com/robot/)"
202.8.42.118 - - [14/Jul/2025:00:03:55 +0000] "GET /wp-content/plugins/listivo-core/assets/css/sweetalert2.min.css?ver=11.0.12 HTTP/1.1" 200 4176 "https://listingslad.com/" "Mozilla/5.0 (compatible; AhrefsBot/7.0; +http://ahrefs.com/robot/)"
202.8.42.118 - - [14/Jul/2025:00:03:55 +0000] "GET /wp-content/plugins/elementor/assets/lib/eicons/css/elementor-icons.min.css?ver=5.43.0 HTTP/1.1" 200 4349 "https://listingslad.com/" "Mozilla/5.0 (compatible; AhrefsBot/7.0; +http://ahrefs.com/robot/)"
202.8.42.118 - - [14/Jul/2025:00:03:55 +0000] "GET /wp-content/plugins/elementor/assets/css/widget-spacer.min.css?ver=3.30.2 HTTP/1.1" 200 369 "https://listingslad.com/" "Mozilla/5.0 (compatible; AhrefsBot/7.0; +http://ahrefs.com/robot/)"
202.8.42.118 - - [14/Jul/2025:00:03:55 +0000] "GET /wp-content/plugins/elementor/assets/css/widget-text-editor.min.css?ver=3.30.2 HTTP/1.1" 200 276 "https://listingslad.com/" "Mozilla/5.0 (compatible; AhrefsBot/7.0; +http://ahrefs.com/robot/)"
202.8.42.118 - - [14/Jul/2025:00:03:55 +0000] "GET /wp-content/uploads/elementor/google-fonts/css/redhatdisplay.css?ver=1742256846 HTTP/1.1" 200 621 "https://listingslad.com/" "Mozilla/5.0 (compatible; AhrefsBot/7.0; +http://ahrefs.com/robot/)"
202.8.42.118 - - [14/Jul/2025:00:03:55 +0000] "GET /wp-content/uploads/elementor/google-fonts/css/lexenddeca.css?ver=1742256853 HTTP/1.1" 200 628 "https://listingslad.com/" "Mozilla/5.0 (compatible; AhrefsBot/7.0; +http://ahrefs.com/robot/)"
202.8.42.118 - - [14/Jul/2025:00:03:55 +0000] "GET /wp-content/plugins/elementor/assets/css/frontend.min.css?ver=3.30.2 HTTP/1.1" 200 7117 "https://listingslad.com/" "Mozilla/5.0 (compatible; AhrefsBot/7.0; +http://ahrefs.com/robot/)"
202.8.42.118 - - [14/Jul/2025:00:03:55 +0000] "GET /wp-content/themes/listivo/style.css?ver=2.3.62 HTTP/1.1" 200 97389 "https://listingslad.com/" "Mozilla/5.0 (compatible; AhrefsBot/7.0; +http://ahrefs.com/robot/)"
202.8.42.118 - - [14/Jul/2025:00:03:55 +0000] "GET /wp-content/plugins/jetpack/jetpack_vendor/automattic/jetpack-forms/dist/modules/form/view.js?ver=14.8 HTTP/1.1" 200 2726 "https://listingslad.com/" "Mozilla/5.0 (compatible; AhrefsBot/7.0; +http://ahrefs.com/robot/)"
202.8.42.118 - - [14/Jul/2025:00:03:55 +0000] "GET /wp-content/plugins/listivo-core/framework/assets/js/lazysizes.min.js?ver=5.3.2 HTTP/1.1" 200 4077 "https://listingslad.com/" "Mozilla/5.0 (compatible; AhrefsBot/7.0; +http://ahrefs.com/robot/)"
202.8.42.118 - - [14/Jul/2025:00:03:55 +0000] "GET /wp-includes/js/jquery/jquery-migrate.min.js?ver=3.4.1 HTTP/1.1" 200 4872 "https://listingslad.com/" "Mozilla/5.0 (compatible; AhrefsBot/7.0; +http://ahrefs.com/robot/)"
202.8.42.118 - - [14/Jul/2025:00:03:55 +0000] "GET /wp-includes/js/dist/script-modules/interactivity/index.min.js?ver=55aebb6e0a16726baffb HTTP/1.1" 200 14072 "https://listingslad.com/" "Mozilla/5.0 (compatible; AhrefsBot/7.0; +http://ahrefs.com/robot/)"
202.8.42.118 - - [14/Jul/2025:00:03:55 +0000] "GET /wp-includes/js/jquery/jquery.min.js?ver=3.7.1 HTTP/1.1" 200 30368 "https://listingslad.com/" "Mozilla/5.0 (compatible; AhrefsBot/7.0; +http://ahrefs.com/robot/)"
202.8.42.118 - - [14/Jul/2025:00:03:55 +0000] "GET /wp-content/plugins/woocommerce-gateway-stripe/build/upe-blocks.css?ver=a7aab132721a0ef865695d5cfdc746fb HTTP/1.1" 200 1594 "https://listingslad.com/" "Mozilla/5.0 (compatible; AhrefsBot/7.0; +http://ahrefs.com/robot/)"
202.8.42.118 - - [14/Jul/2025:00:03:55 +0000] "GET /wp-content/plugins/woocommerce/assets/client/blocks/wc-blocks.css?ver=wc-9.9.5 HTTP/1.1" 200 2575 "https://listingslad.com/" "Mozilla/5.0 (compatible; AhrefsBot/7.0; +http://ahrefs.com/robot/)"
202.8.42.118 - - [14/Jul/2025:00:03:57 +0000] "GET /wp-content/plugins/elementor/assets/css/widget-heading.min.css?ver=3.30.2 HTTP/1.1" 200 188 "https://listingslad.com/" "Mozilla/5.0 (compatible; AhrefsBot/7.0; +http://ahrefs.com/robot/)"
202.8.42.118 - - [14/Jul/2025:00:03:57 +0000] "GET /wp-includes/js/dist/hooks.min.js?ver=4d63a3d491d11ffd8ac6 HTTP/1.1" 200 1648 "https://listingslad.com/" "Mozilla/5.0 (compatible; AhrefsBot/7.0; +http://ahrefs.com/robot/)"
202.8.42.118 - - [14/Jul/2025:00:03:57 +0000] "GET /wp-includes/js/dist/i18n.min.js?ver=5e580eb46a90c2b997e6 HTTP/1.1" 200 3667 "https://listingslad.com/" "Mozilla/5.0 (compatible; AhrefsBot/7.0; +http://ahrefs.com/robot/)"
202.8.42.118 - - [14/Jul/2025:00:03:57 +0000] "GET /wp-content/plugins/contact-form-7/includes/js/index.js?ver=6.1 HTTP/1.1" 200 4265 "https://listingslad.com/" "Mozilla/5.0 (compatible; AhrefsBot/7.0; +http://ahrefs.com/robot/)"
202.8.42.118 - - [14/Jul/2025:00:03:57 +0000] "GET /wp-content/plugins/contact-form-7/includes/swv/js/index.js?ver=6.1 HTTP/1.1" 200 3503 "https://listingslad.com/" "Mozilla/5.0 (compatible; AhrefsBot/7.0; +http://ahrefs.com/robot/)"
202.8.42.118 - - [14/Jul/2025:00:03:57 +0000] "GET /wp-content/plugins/woocommerce/assets/js/sourcebuster/sourcebuster.min.js?ver=9.9.5 HTTP/1.1" 200 4807 "https://listingslad.com/" "Mozilla/5.0 (compatible; AhrefsBot/7.0; +http://ahrefs.com/robot/)"
202.8.42.118 - - [14/Jul/2025:00:03:57 +0000] "GET /wp-content/plugins/elementor/assets/lib/swiper/v8/swiper.min.js?ver=8.4.5 HTTP/1.1" 200 39695 "https://listingslad.com/" "Mozilla/5.0 (compatible; AhrefsBot/7.0; +http://ahrefs.com/robot/)"
202.8.42.118 - - [14/Jul/2025:00:03:57 +0000] "GET /wp-includes/js/jquery/ui/core.min.js?ver=1.13.3 HTTP/1.1" 200 7106 "https://listingslad.com/" "Mozilla/5.0 (compatible; AhrefsBot/7.0; +http://ahrefs.com/robot/)"
202.8.42.118 - - [14/Jul/2025:00:03:57 +0000] "GET /wp-content/plugins/woocommerce/assets/js/frontend/order-attribution.min.js?ver=9.9.5 HTTP/1.1" 200 1128 "https://listingslad.com/" "Mozilla/5.0 (compatible; AhrefsBot/7.0; +http://ahrefs.com/robot/)"
202.8.42.118 - - [14/Jul/2025:00:03:57 +0000] "GET /wp-content/plugins/litespeed-cache/assets/js/instant_click.min.js?ver=7.2 HTTP/1.1" 200 1613 "https://listingslad.com/" "Mozilla/5.0 (compatible; AhrefsBot/7.0; +http://ahrefs.com/robot/)"
202.8.42.118 - - [14/Jul/2025:00:03:57 +0000] "GET /wp-content/plugins/elementor/assets/js/frontend-modules.min.js?ver=3.30.2 HTTP/1.1" 200 14815 "https://listingslad.com/" "Mozilla/5.0 (compatible; AhrefsBot/7.0; +http://ahrefs.com/robot/)"
202.8.42.118 - - [14/Jul/2025:00:03:57 +0000] "GET /wp-content/plugins/elementor/assets/js/webpack.runtime.min.js?ver=3.30.2 HTTP/1.1" 200 2516 "https://listingslad.com/" "Mozilla/5.0 (compatible; AhrefsBot/7.0; +http://ahrefs.com/robot/)"
202.8.42.118 - - [14/Jul/2025:00:03:57 +0000] "GET /wp-content/plugins/listivo-core/assets/js/sweetalert2.min.js?ver=11.0.12 HTTP/1.1" 200 13164 "https://listingslad.com/" "Mozilla/5.0 (compatible; AhrefsBot/7.0; +http://ahrefs.com/robot/)"
202.8.42.118 - - [14/Jul/2025:00:03:57 +0000] "GET /wp-content/plugins/woocommerce/assets/js/frontend/add-to-cart.min.js?ver=9.9.5 HTTP/1.1" 200 1368 "https://listingslad.com/" "Mozilla/5.0 (compatible; AhrefsBot/7.0; +http://ahrefs.com/robot/)"
202.8.42.118 - - [14/Jul/2025:00:03:57 +0000] "GET /wp-content/plugins/woocommerce/assets/js/jquery-blockui/jquery.blockUI.min.js?ver=2.7.0-wc.9.9.5 HTTP/1.1" 200 3537 "https://listingslad.com/" "Mozilla/5.0 (compatible; AhrefsBot/7.0; +http://ahrefs.com/robot/)"
202.8.42.118 - - [14/Jul/2025:00:03:57 +0000] "GET /wp-content/plugins/woocommerce/assets/js/js-cookie/js.cookie.min.js?ver=2.1.4-wc.9.9.5 HTTP/1.1" 200 833 "https://listingslad.com/" "Mozilla/5.0 (compatible; AhrefsBot/7.0; +http://ahrefs.com/robot/)"
202.8.42.118 - - [14/Jul/2025:00:03:57 +0000] "GET /wp-content/plugins/elementor/assets/js/frontend.min.js?ver=3.30.2 HTTP/1.1" 200 10595 "https://listingslad.com/" "Mozilla/5.0 (compatible; AhrefsBot/7.0; +http://ahrefs.com/robot/)"
202.8.42.118 - - [14/Jul/2025:00:03:57 +0000] "GET /wp-content/plugins/woocommerce/assets/js/frontend/woocommerce.min.js?ver=9.9.5 HTTP/1.1" 200 1449 "https://listingslad.com/" "Mozilla/5.0 (compatible; AhrefsBot/7.0; +http://ahrefs.com/robot/)"
202.8.42.118 - - [14/Jul/2025:00:03:57 +0000] "GET /wp-content/plugins/mailchimp-for-wp/assets/js/forms.js?ver=4.10.5 HTTP/1.1" 200 2591 "https://listingslad.com/" "Mozilla/5.0 (compatible; AhrefsBot/7.0; +http://ahrefs.com/robot/)"
202.8.42.118 - - [14/Jul/2025:00:03:57 +0000] "GET /wp-content/plugins/listivo-core/assets/js/frontend.min.js?ver=2.3.62 HTTP/1.1" 200 202169 "https://listingslad.com/" "Mozilla/5.0 (compatible; AhrefsBot/7.0; +http://ahrefs.com/robot/)"
202.8.43.236 - - [14/Jul/2025:00:03:57 +0000] "GET /robots.txt HTTP/1.1" 200 154 "-" "Mozilla/5.0 (compatible; AhrefsBot/7.0; +http://ahrefs.com/robot/)"
202.8.42.118 - - [14/Jul/2025:00:03:57 +0000] "GET /wp-content/uploads/elementor/google-fonts/fonts/redhatdisplay-8viq7wur0m80wwyf0qcxzzyzuotg_t6h.woff2 HTTP/1.1" 200 30567 "https://listingslad.com/wp-content/uploads/elementor/google-fonts/css/redhatdisplay.css?ver=1742256846" "Mozilla/5.0 (compatible; AhrefsBot/7.0; +http://ahrefs.com/robot/)"
202.8.42.118 - - [14/Jul/2025:00:03:57 +0000] "GET /wp-content/uploads/elementor/google-fonts/fonts/lexenddeca-k2f1fzfyk-dhse0uppuwq5qnjy8.woff2 HTTP/1.1" 200 36260 "https://listingslad.com/wp-content/uploads/elementor/google-fonts/css/lexenddeca.css?ver=1742256853" "Mozilla/5.0 (compatible; AhrefsBot/7.0; +http://ahrefs.com/robot/)"
202.8.42.118 - - [14/Jul/2025:00:03:57 +0000] "GET /wp-includes/js/wp-emoji-release.min.js?ver=6.8.1 HTTP/1.1" 200 5166 "https://listingslad.com/" "Mozilla/5.0 (compatible; AhrefsBot/7.0; +http://ahrefs.com/robot/)"
202.8.42.118 - - [14/Jul/2025:00:03:57 +0000] "GET /wp-content/plugins/elementor/assets/js/section-frontend-handlers.d85ab872da118940910d.bundle.min.js HTTP/1.1" 200 297 "https://listingslad.com/" "Mozilla/5.0 (compatible; AhrefsBot/7.0; +http://ahrefs.com/robot/)"
202.8.42.118 - - [14/Jul/2025:00:03:57 +0000] "GET /wp-content/plugins/elementor/assets/js/shared-frontend-handlers.30dc2f9c080845a413a6.bundle.min.js HTTP/1.1" 200 2682 "https://listingslad.com/" "Mozilla/5.0 (compatible; AhrefsBot/7.0; +http://ahrefs.com/robot/)"
202.8.42.118 - - [14/Jul/2025:00:03:57 +0000] "GET /wp-content/plugins/elementor/assets/js/text-editor.c084ef86600b6f11690d.bundle.min.js HTTP/1.1" 200 685 "https://listingslad.com/" "Mozilla/5.0 (compatible; AhrefsBot/7.0; +http://ahrefs.com/robot/)"
51.222.253.11 - - [14/Jul/2025:00:04:27 +0000] "GET /wp-content/uploads/2022/05/services_icon.png HTTP/1.1" 200 2290 "-" "Mozilla/5.0 (compatible; AhrefsBot/7.0; +http://ahrefs.com/robot/)"
51.222.253.1 - - [14/Jul/2025:00:04:28 +0000] "GET /wp-content/uploads/2022/08/category_3.jpg HTTP/1.1" 200 92656 "-" "Mozilla/5.0 (compatible; AhrefsBot/7.0; +http://ahrefs.com/robot/)"
51.222.253.17 - - [14/Jul/2025:00:04:30 +0000] "GET /wp-content/uploads/2022/05/real_estate_icon.png HTTP/1.1" 200 2774 "-" "Mozilla/5.0 (compatible; AhrefsBot/7.0; +http://ahrefs.com/robot/)"
51.222.253.12 - - [14/Jul/2025:00:04:31 +0000] "GET /wp-content/uploads/2022/05/fashion_icon.png HTTP/1.1" 200 3588 "-" "Mozilla/5.0 (compatible; AhrefsBot/7.0; +http://ahrefs.com/robot/)"
51.222.253.3 - - [14/Jul/2025:00:04:32 +0000] "GET /wp-content/uploads/2022/08/category_1.jpg HTTP/1.1" 200 79432 "-" "Mozilla/5.0 (compatible; AhrefsBot/7.0; +http://ahrefs.com/robot/)"
51.222.253.2 - - [14/Jul/2025:00:04:34 +0000] "GET /wp-content/uploads/2022/08/category_2.jpg HTTP/1.1" 200 74627 "-" "Mozilla/5.0 (compatible; AhrefsBot/7.0; +http://ahrefs.com/robot/)"
51.222.253.17 - - [14/Jul/2025:00:04:35 +0000] "GET /wp-content/uploads/2022/08/category_3-3.jpg HTTP/1.1" 200 62681 "-" "Mozilla/5.0 (compatible; AhrefsBot/7.0; +http://ahrefs.com/robot/)"
51.222.253.1 - - [14/Jul/2025:00:04:37 +0000] "GET /wp-content/uploads/2022/05/vehicle_icon.png HTTP/1.1" 200 2405 "-" "Mozilla/5.0 (compatible; AhrefsBot/7.0; +http://ahrefs.com/robot/)"
51.222.253.12 - - [14/Jul/2025:00:04:38 +0000] "GET /wp-content/uploads/2022/08/category_3-2.jpg HTTP/1.1" 200 61842 "-" "Mozilla/5.0 (compatible; AhrefsBot/7.0; +http://ahrefs.com/robot/)"
51.222.253.4 - - [14/Jul/2025:00:04:40 +0000] "GET /wp-content/uploads/2022/08/category_3-1.jpg HTTP/1.1" 200 102390 "-" "Mozilla/5.0 (compatible; AhrefsBot/7.0; +http://ahrefs.com/robot/)"
51.222.253.6 - - [14/Jul/2025:00:04:42 +0000] "GET /wp-content/uploads/2022/05/jobs-1.png HTTP/1.1" 200 1493 "-" "Mozilla/5.0 (compatible; AhrefsBot/7.0; +http://ahrefs.com/robot/)"
51.222.253.4 - - [14/Jul/2025:00:04:43 +0000] "GET /wp-content/uploads/2022/05/pets_icon.png HTTP/1.1" 200 5915 "-" "Mozilla/5.0 (compatible; AhrefsBot/7.0; +http://ahrefs.com/robot/)"
170.106.180.153 - - [14/Jul/2025:00:18:15 +0000] "GET / HTTP/1.1" 200 61125 "http://www.listingslad.com" "Mozilla/5.0 (iPhone; CPU iPhone OS 13_2_3 like Mac OS X) AppleWebKit/605.1.15 (KHTML, like Gecko) Version/13.0.3 Mobile/15E148 Safari/604.1"
209.74.77.214 - - [14/Jul/2025:00:21:01 +0000] "POST /wp-cron.php?doing_wp_cron=1752452461.6547369956970214843750 HTTP/1.1" 200 - "-" "WordPress/6.8.1; https://listingslad.com"
186.156.223.239 - - [14/Jul/2025:00:20:59 +0000] "GET /wp-json/wp/v2/users HTTP/1.1" 200 4722 "-" "Mozilla/4.0 (compatible; Win32; WinHttp.WinHttpRequest.5)"
209.74.77.214 - - [14/Jul/2025:00:22:54 +0000] "POST /wp-cron.php?doing_wp_cron=1752452573.9942419528961181640625 HTTP/1.1" 200 - "-" "WordPress/6.8.1; https://listingslad.com"
186.156.223.239 - - [14/Jul/2025:00:22:52 +0000] "POST /xmlrpc.php HTTP/1.1" 405 415 "-" "Mozilla/5.0 (Windows NT 10.0; Win64; x64) AppleWebKit/537.36 (KHTML, like Gecko) Chrome/91.0.4472.124 Safari/537.36"
209.74.77.214 - - [14/Jul/2025:00:24:36 +0000] "POST /wp-cron.php?doing_wp_cron=1752452676.2472689151763916015625 HTTP/1.1" 200 - "-" "WordPress/6.8.1; https://listingslad.com"
186.156.223.239 - - [14/Jul/2025:00:24:34 +0000] "POST /xmlrpc.php HTTP/1.1" 405 415 "-" "Mozilla/5.0 (Windows NT 10.0; Win64; x64) AppleWebKit/537.36 (KHTML, like Gecko) Chrome/91.0.4472.124 Safari/537.36"
209.74.77.214 - - [14/Jul/2025:00:26:12 +0000] "POST /wp-cron.php?doing_wp_cron=1752452772.3622710704803466796875 HTTP/1.1" 200 - "-" "WordPress/6.8.1; https://listingslad.com"
186.156.223.239 - - [14/Jul/2025:00:26:10 +0000] "POST /xmlrpc.php HTTP/1.1" 405 415 "-" "Mozilla/5.0 (Windows NT 10.0; Win64; x64) AppleWebKit/537.36 (KHTML, like Gecko) Chrome/91.0.4472.124 Safari/537.36"
209.74.77.214 - - [14/Jul/2025:00:27:47 +0000] "POST /wp-cron.php?doing_wp_cron=1752452867.7318840026855468750000 HTTP/1.1" 200 - "-" "WordPress/6.8.1; https://listingslad.com"
186.156.223.239 - - [14/Jul/2025:00:27:45 +0000] "POST /xmlrpc.php HTTP/1.1" 405 415 "-" "Mozilla/5.0 (Windows NT 10.0; Win64; x64) AppleWebKit/537.36 (KHTML, like Gecko) Chrome/91.0.4472.124 Safari/537.36"
209.74.77.214 - - [14/Jul/2025:00:29:27 +0000] "POST /wp-cron.php?doing_wp_cron=1752452967.8715391159057617187500 HTTP/1.1" 200 - "-" "WordPress/6.8.1; https://listingslad.com"
186.156.223.239 - - [14/Jul/2025:00:29:26 +0000] "POST /xmlrpc.php HTTP/1.1" 405 415 "-" "Mozilla/5.0 (Windows NT 10.0; Win64; x64) AppleWebKit/537.36 (KHTML, like Gecko) Chrome/91.0.4472.124 Safari/537.36"
209.74.77.214 - - [14/Jul/2025:00:31:05 +0000] "POST /wp-cron.php?doing_wp_cron=1752453065.7075159549713134765625 HTTP/1.1" 200 - "-" "WordPress/6.8.1; https://listingslad.com"
186.156.223.239 - - [14/Jul/2025:00:31:03 +0000] "POST /xmlrpc.php HTTP/1.1" 405 415 "-" "Mozilla/5.0 (Windows NT 10.0; Win64; x64) AppleWebKit/537.36 (KHTML, like Gecko) Chrome/91.0.4472.124 Safari/537.36"
209.74.77.214 - - [14/Jul/2025:00:32:50 +0000] "POST /wp-cron.php?doing_wp_cron=1752453170.2294859886169433593750 HTTP/1.1" 200 - "-" "WordPress/6.8.1; https://listingslad.com"
186.156.223.239 - - [14/Jul/2025:00:32:48 +0000] "POST /xmlrpc.php HTTP/1.1" 405 415 "-" "Mozilla/5.0 (Windows NT 10.0; Win64; x64) AppleWebKit/537.36 (KHTML, like Gecko) Chrome/91.0.4472.124 Safari/537.36"
43.155.195.141 - - [14/Jul/2025:00:33:25 +0000] "GET / HTTP/1.1" 200 61125 "http://listingslad.com" "Mozilla/5.0 (iPhone; CPU iPhone OS 13_2_3 like Mac OS X) AppleWebKit/605.1.15 (KHTML, like Gecko) Version/13.0.3 Mobile/15E148 Safari/604.1"
209.74.77.214 - - [14/Jul/2025:00:34:24 +0000] "POST /wp-cron.php?doing_wp_cron=1752453264.5370750427246093750000 HTTP/1.1" 200 - "-" "WordPress/6.8.1; https://listingslad.com"
186.156.223.239 - - [14/Jul/2025:00:34:22 +0000] "POST /xmlrpc.php HTTP/1.1" 405 415 "-" "Mozilla/5.0 (Windows NT 10.0; Win64; x64) AppleWebKit/537.36 (KHTML, like Gecko) Chrome/91.0.4472.124 Safari/537.36"
209.74.77.214 - - [14/Jul/2025:00:36:09 +0000] "POST /wp-cron.php?doing_wp_cron=1752453369.5229349136352539062500 HTTP/1.1" 200 - "-" "WordPress/6.8.1; https://listingslad.com"
186.156.223.239 - - [14/Jul/2025:00:36:07 +0000] "POST /xmlrpc.php HTTP/1.1" 405 415 "-" "Mozilla/5.0 (Windows NT 10.0; Win64; x64) AppleWebKit/537.36 (KHTML, like Gecko) Chrome/91.0.4472.124 Safari/537.36"
45.204.8.167 - - [14/Jul/2025:00:36:18 +0000] "GET /moddofuns.php HTTP/1.1" 200 28 "https://www.google.com" "Mozilla/5.0 (Windows NT 10.0; Win64; x64) AppleWebKit/537.36 (KHTML, like Gecko) Chrome/114.0.0.0 Safari/537.36 Edg/114.0.1823.43"
209.74.77.214 - - [14/Jul/2025:00:38:01 +0000] "POST /wp-cron.php?doing_wp_cron=1752453481.2076010704040527343750 HTTP/1.1" 200 - "-" "WordPress/6.8.1; https://listingslad.com"
186.156.223.239 - - [14/Jul/2025:00:37:59 +0000] "POST /xmlrpc.php HTTP/1.1" 405 415 "-" "Mozilla/5.0 (Windows NT 10.0; Win64; x64) AppleWebKit/537.36 (KHTML, like Gecko) Chrome/91.0.4472.124 Safari/537.36"
209.74.77.214 - - [14/Jul/2025:00:40:03 +0000] "POST /wp-cron.php?doing_wp_cron=1752453603.2302010059356689453125 HTTP/1.1" 200 - "-" "WordPress/6.8.1; https://listingslad.com"
186.156.223.239 - - [14/Jul/2025:00:40:00 +0000] "POST /xmlrpc.php HTTP/1.1" 405 415 "-" "Mozilla/5.0 (Windows NT 10.0; Win64; x64) AppleWebKit/537.36 (KHTML, like Gecko) Chrome/91.0.4472.124 Safari/537.36"
209.74.77.214 - - [14/Jul/2025:00:42:06 +0000] "POST /wp-cron.php?doing_wp_cron=1752453726.9742310047149658203125 HTTP/1.1" 200 - "-" "WordPress/6.8.1; https://listingslad.com"
186.156.223.239 - - [14/Jul/2025:00:42:05 +0000] "POST /xmlrpc.php HTTP/1.1" 405 415 "-" "Mozilla/5.0 (Windows NT 10.0; Win64; x64) AppleWebKit/537.36 (KHTML, like Gecko) Chrome/91.0.4472.124 Safari/537.36"
209.74.77.214 - - [14/Jul/2025:00:43:22 +0000] "POST /wp-cron.php?doing_wp_cron=1752453802.0250248908996582031250 HTTP/1.1" 200 - "-" "WordPress/6.8.1; https://listingslad.com"
51.222.253.14 - - [14/Jul/2025:00:43:20 +0000] "GET /product/package-standard/ HTTP/1.1" 200 55743 "-" "Mozilla/5.0 (compatible; AhrefsBot/7.0; +http://ahrefs.com/robot/)"
209.74.77.214 - - [14/Jul/2025:00:44:10 +0000] "POST /wp-cron.php?doing_wp_cron=1752453850.7475070953369140625000 HTTP/1.1" 200 - "-" "WordPress/6.8.1; https://listingslad.com"
186.156.223.239 - - [14/Jul/2025:00:44:08 +0000] "POST /xmlrpc.php HTTP/1.1" 405 415 "-" "Mozilla/5.0 (Windows NT 10.0; Win64; x64) AppleWebKit/537.36 (KHTML, like Gecko) Chrome/91.0.4472.124 Safari/537.36"
209.74.77.214 - - [14/Jul/2025:00:44:33 +0000] "POST /wp-cron.php?doing_wp_cron=1752453873.3900680541992187500000 HTTP/1.1" 200 - "-" "WordPress/6.8.1; https://listingslad.com"
51.222.253.3 - - [14/Jul/2025:00:44:33 +0000] "GET /product/package-standard/ HTTP/1.1" 200 55742 "-" "Mozilla/5.0 (compatible; AhrefsBot/7.0; +http://ahrefs.com/robot/)"
209.74.77.214 - - [14/Jul/2025:00:46:04 +0000] "POST /wp-cron.php?doing_wp_cron=1752453964.8445479869842529296875 HTTP/1.1" 200 - "-" "WordPress/6.8.1; https://listingslad.com"
186.156.223.239 - - [14/Jul/2025:00:46:02 +0000] "POST /xmlrpc.php HTTP/1.1" 405 415 "-" "Mozilla/5.0 (Windows NT 10.0; Win64; x64) AppleWebKit/537.36 (KHTML, like Gecko) Chrome/91.0.4472.124 Safari/537.36"
182.43.70.143 - - [14/Jul/2025:00:46:12 +0000] "GET / HTTP/1.1" 200 61125 "http://www.listingslad.com" "Mozilla/5.0 (iPhone; CPU iPhone OS 13_2_3 like Mac OS X) AppleWebKit/605.1.15 (KHTML, like Gecko) Version/13.0.3 Mobile/15E148 Safari/604.1"
