Current File : /home/kelaby89/access-logs/listingslad.com.sixpack.studio-ssl_log |
209.74.77.214 - - [13/Jul/2025:12:15:10 +0000] "POST /wp-cron.php?doing_wp_cron=1752408910.6080830097198486328125 HTTP/1.1" 200 - "-" "WordPress/6.8.1; https://listingslad.com"
93.123.109.101 - - [13/Jul/2025:12:15:10 +0000] "GET /_profiler/phpinfo HTTP/1.1" 404 65025 "-" "Mozilla/5.0 (X11; Linux x86_64) AppleWebKit/537.36 (KHTML, like Gecko) Chrome/81.0.4044.129 Safari/537.36"
93.123.109.101 - - [13/Jul/2025:12:15:12 +0000] "GET /backend/.env HTTP/1.1" 404 65020 "-" "Mozilla/5.0 (X11; Linux x86_64) AppleWebKit/537.36 (KHTML, like Gecko) Chrome/81.0.4044.129 Safari/537.36"
93.123.109.101 - - [13/Jul/2025:12:15:15 +0000] "GET /.env.example HTTP/1.1" 404 65019 "-" "Mozilla/5.0 (X11; Linux x86_64) AppleWebKit/537.36 (KHTML, like Gecko) Chrome/81.0.4044.129 Safari/537.36"
93.123.109.101 - - [13/Jul/2025:12:15:16 +0000] "GET /admin/.env HTTP/1.1" 404 65016 "-" "Mozilla/5.0 (X11; Linux x86_64) AppleWebKit/537.36 (KHTML, like Gecko) Chrome/81.0.4044.129 Safari/537.36"
93.123.109.101 - - [13/Jul/2025:12:15:18 +0000] "GET /info HTTP/1.1" 404 65013 "-" "Mozilla/5.0 (X11; Linux x86_64) AppleWebKit/537.36 (KHTML, like Gecko) Chrome/81.0.4044.129 Safari/537.36"
93.123.109.101 - - [13/Jul/2025:12:15:20 +0000] "GET /sendgrid.env HTTP/1.1" 404 65020 "-" "Mozilla/5.0 (X11; Linux x86_64) AppleWebKit/537.36 (KHTML, like Gecko) Chrome/81.0.4044.129 Safari/537.36"
93.123.109.101 - - [13/Jul/2025:12:15:21 +0000] "GET /env.js HTTP/1.1" 404 65014 "-" "Mozilla/5.0 (X11; Linux x86_64) AppleWebKit/537.36 (KHTML, like Gecko) Chrome/81.0.4044.129 Safari/537.36"
93.123.109.101 - - [13/Jul/2025:12:15:22 +0000] "GET /runtime-env.js HTTP/1.1" 404 65018 "-" "Mozilla/5.0 (X11; Linux x86_64) AppleWebKit/537.36 (KHTML, like Gecko) Chrome/81.0.4044.129 Safari/537.36"
93.123.109.101 - - [13/Jul/2025:12:15:24 +0000] "GET /config.js HTTP/1.1" 404 65014 "-" "Mozilla/5.0 (X11; Linux x86_64) AppleWebKit/537.36 (KHTML, like Gecko) Chrome/81.0.4044.129 Safari/537.36"
93.123.109.101 - - [13/Jul/2025:12:15:26 +0000] "GET /aws-exports.js HTTP/1.1" 404 65018 "-" "Mozilla/5.0 (X11; Linux x86_64) AppleWebKit/537.36 (KHTML, like Gecko) Chrome/81.0.4044.129 Safari/537.36"
209.74.77.214 - - [13/Jul/2025:12:15:27 +0000] "POST /wp-cron.php?doing_wp_cron=1752408927.6322960853576660156250 HTTP/1.1" 200 - "-" "WordPress/6.8.1; https://listingslad.com"
93.123.109.101 - - [13/Jul/2025:12:15:27 +0000] "GET /firebase-config.js HTTP/1.1" 404 65020 "-" "Mozilla/5.0 (X11; Linux x86_64) AppleWebKit/537.36 (KHTML, like Gecko) Chrome/81.0.4044.129 Safari/537.36"
93.123.109.101 - - [13/Jul/2025:12:15:28 +0000] "GET /firebase.js HTTP/1.1" 404 65017 "-" "Mozilla/5.0 (X11; Linux x86_64) AppleWebKit/537.36 (KHTML, like Gecko) Chrome/81.0.4044.129 Safari/537.36"
93.123.109.101 - - [13/Jul/2025:12:15:30 +0000] "GET /settings.js HTTP/1.1" 404 65016 "-" "Mozilla/5.0 (X11; Linux x86_64) AppleWebKit/537.36 (KHTML, like Gecko) Chrome/81.0.4044.129 Safari/537.36"
93.123.109.101 - - [13/Jul/2025:12:15:31 +0000] "GET /app-settings.js HTTP/1.1" 404 65019 "-" "Mozilla/5.0 (X11; Linux x86_64) AppleWebKit/537.36 (KHTML, like Gecko) Chrome/81.0.4044.129 Safari/537.36"
93.123.109.101 - - [13/Jul/2025:12:15:33 +0000] "GET /config.json HTTP/1.1" 404 65016 "-" "Mozilla/5.0 (X11; Linux x86_64) AppleWebKit/537.36 (KHTML, like Gecko) Chrome/81.0.4044.129 Safari/537.36"
93.123.109.101 - - [13/Jul/2025:12:15:34 +0000] "GET /credentials.json HTTP/1.1" 404 65022 "-" "Mozilla/5.0 (X11; Linux x86_64) AppleWebKit/537.36 (KHTML, like Gecko) Chrome/81.0.4044.129 Safari/537.36"
93.123.109.101 - - [13/Jul/2025:12:15:36 +0000] "GET /secrets.json HTTP/1.1" 404 65019 "-" "Mozilla/5.0 (X11; Linux x86_64) AppleWebKit/537.36 (KHTML, like Gecko) Chrome/81.0.4044.129 Safari/537.36"
93.123.109.101 - - [13/Jul/2025:12:15:37 +0000] "GET /manifest.json HTTP/1.1" 404 65020 "-" "Mozilla/5.0 (X11; Linux x86_64) AppleWebKit/537.36 (KHTML, like Gecko) Chrome/81.0.4044.129 Safari/537.36"
93.123.109.101 - - [13/Jul/2025:12:15:39 +0000] "GET /js/env.js HTTP/1.1" 404 65017 "-" "Mozilla/5.0 (X11; Linux x86_64) AppleWebKit/537.36 (KHTML, like Gecko) Chrome/81.0.4044.129 Safari/537.36"
93.123.109.101 - - [13/Jul/2025:12:15:41 +0000] "GET /js/config.js HTTP/1.1" 404 65017 "-" "Mozilla/5.0 (X11; Linux x86_64) AppleWebKit/537.36 (KHTML, like Gecko) Chrome/81.0.4044.129 Safari/537.36"
209.74.77.214 - - [13/Jul/2025:12:15:42 +0000] "POST /wp-cron.php?doing_wp_cron=1752408942.6575400829315185546875 HTTP/1.1" 200 - "-" "WordPress/6.8.1; https://listingslad.com"
93.123.109.101 - - [13/Jul/2025:12:15:42 +0000] "GET /js/settings.js HTTP/1.1" 404 65018 "-" "Mozilla/5.0 (X11; Linux x86_64) AppleWebKit/537.36 (KHTML, like Gecko) Chrome/81.0.4044.129 Safari/537.36"
209.74.77.214 - - [13/Jul/2025:12:15:44 +0000] "POST /wp-cron.php?doing_wp_cron=1752408944.0804541110992431640625 HTTP/1.1" 200 - "-" "WordPress/6.8.1; https://listingslad.com"
93.123.109.101 - - [13/Jul/2025:12:15:43 +0000] "GET /js/app.js HTTP/1.1" 404 65017 "-" "Mozilla/5.0 (X11; Linux x86_64) AppleWebKit/537.36 (KHTML, like Gecko) Chrome/81.0.4044.129 Safari/537.36"
93.123.109.101 - - [13/Jul/2025:12:15:45 +0000] "GET /assets/env.js HTTP/1.1" 404 65017 "-" "Mozilla/5.0 (X11; Linux x86_64) AppleWebKit/537.36 (KHTML, like Gecko) Chrome/81.0.4044.129 Safari/537.36"
209.74.77.214 - - [13/Jul/2025:12:15:47 +0000] "POST /wp-cron.php?doing_wp_cron=1752408947.2127919197082519531250 HTTP/1.1" 200 - "-" "WordPress/6.8.1; https://listingslad.com"
93.123.109.101 - - [13/Jul/2025:12:15:47 +0000] "GET /assets/config.js HTTP/1.1" 404 65017 "-" "Mozilla/5.0 (X11; Linux x86_64) AppleWebKit/537.36 (KHTML, like Gecko) Chrome/81.0.4044.129 Safari/537.36"
93.123.109.101 - - [13/Jul/2025:12:15:48 +0000] "GET /assets/settings.js HTTP/1.1" 404 65018 "-" "Mozilla/5.0 (X11; Linux x86_64) AppleWebKit/537.36 (KHTML, like Gecko) Chrome/81.0.4044.129 Safari/537.36"
93.123.109.101 - - [13/Jul/2025:12:15:50 +0000] "POST / HTTP/1.1" 200 61074 "-" "Mozilla/5.0 (X11; Linux x86_64) AppleWebKit/537.36 (KHTML, like Gecko) Chrome/81.0.4044.129 Safari/537.36"
209.74.77.214 - - [13/Jul/2025:12:26:04 +0000] "POST /wp-cron.php?doing_wp_cron=1752409564.5087459087371826171875 HTTP/1.1" 200 - "-" "WordPress/6.8.1; https://listingslad.com"
42.236.17.229 - - [13/Jul/2025:12:26:01 +0000] "GET / HTTP/1.1" 200 61125 "https://listingslad.com/" "Mozilla/5.0 (Windows NT 6.1; WOW64) AppleWebKit/537.36 (KHTML, like Gecko) Chrome/50.0.2661.102 Safari/537.36; 360Spider"
209.74.77.214 - - [13/Jul/2025:12:27:00 +0000] "POST /wp-cron.php?doing_wp_cron=1752409620.5154759883880615234375 HTTP/1.1" 200 - "-" "WordPress/6.8.1; https://listingslad.com"
175.6.217.4 - - [13/Jul/2025:12:27:00 +0000] "GET / HTTP/1.1" 200 61126 "http://www.listingslad.com" "Mozilla/5.0 (iPhone; CPU iPhone OS 13_2_3 like Mac OS X) AppleWebKit/605.1.15 (KHTML, like Gecko) Version/13.0.3 Mobile/15E148 Safari/604.1"
209.74.77.214 - - [13/Jul/2025:12:53:09 +0000] "POST /wp-cron.php?doing_wp_cron=1752411189.3738110065460205078125 HTTP/1.1" 200 - "-" "WordPress/6.8.1; https://listingslad.com"
185.191.171.16 - - [13/Jul/2025:12:53:06 +0000] "GET /robots.txt HTTP/1.1" 200 154 "-" "Mozilla/5.0 (compatible; SemrushBot/7~bl; +http://www.semrush.com/bot.html)"
185.191.171.15 - - [13/Jul/2025:12:53:10 +0000] "GET /ad/macbook-pro-16/ HTTP/1.1" 200 71082 "-" "Mozilla/5.0 (compatible; SemrushBot/7~bl; +http://www.semrush.com/bot.html)"
209.74.77.214 - - [13/Jul/2025:13:04:39 +0000] "POST /wp-cron.php?doing_wp_cron=1752411879.2203409671783447265625 HTTP/1.1" 200 - "-" "WordPress/6.8.1; https://listingslad.com"
51.222.253.7 - - [13/Jul/2025:13:04:36 +0000] "GET /dont-sell-on-your-own-just-because-its-a-2/ HTTP/1.1" 200 50405 "-" "Mozilla/5.0 (compatible; AhrefsBot/7.0; +http://ahrefs.com/robot/)"
51.222.253.1 - - [13/Jul/2025:13:05:40 +0000] "GET /wp-content/uploads/2022/08/blog_3.jpg HTTP/1.1" 200 26025 "-" "Mozilla/5.0 (compatible; AhrefsBot/7.0; +http://ahrefs.com/robot/)"
209.74.77.214 - - [13/Jul/2025:13:05:43 +0000] "POST /wp-cron.php?doing_wp_cron=1752411943.5635919570922851562500 HTTP/1.1" 200 - "-" "WordPress/6.8.1; https://listingslad.com"
51.222.253.15 - - [13/Jul/2025:13:05:41 +0000] "GET /dont-sell-on-your-own-just-because-its-a-2/ HTTP/1.1" 200 50405 "-" "Mozilla/5.0 (compatible; AhrefsBot/7.0; +http://ahrefs.com/robot/)"
209.74.77.214 - - [13/Jul/2025:13:09:46 +0000] "POST /wp-cron.php?doing_wp_cron=1752412186.5799090862274169921875 HTTP/1.1" 200 - "-" "WordPress/6.8.1; https://listingslad.com"
3.226.106.93 - - [13/Jul/2025:13:09:44 +0000] "GET /ad/white-truck/ HTTP/1.1" 200 70203 "-" "Mozilla/5.0 AppleWebKit/537.36 (KHTML, like Gecko; compatible; Amazonbot/0.1; +https://developer.amazon.com/support/amazonbot) Chrome/119.0.6045.214 Safari/537.36"
209.74.77.214 - - [13/Jul/2025:13:30:07 +0000] "POST /wp-cron.php?doing_wp_cron=1752413407.2547059059143066406250 HTTP/1.1" 200 - "-" "WordPress/6.8.1; https://listingslad.com"
54.36.148.83 - - [13/Jul/2025:13:30:04 +0000] "GET /robots.txt HTTP/1.1" 200 154 "-" "Mozilla/5.0 (compatible; AhrefsBot/7.0; +http://ahrefs.com/robot/)"
51.222.253.11 - - [13/Jul/2025:13:30:08 +0000] "GET /ad/playstation-2tb/ HTTP/1.1" 200 71608 "-" "Mozilla/5.0 (compatible; AhrefsBot/7.0; +http://ahrefs.com/robot/)"
209.74.77.214 - - [13/Jul/2025:13:53:28 +0000] "POST /wp-cron.php?doing_wp_cron=1752414808.9510579109191894531250 HTTP/1.1" 200 - "-" "WordPress/6.8.1; https://listingslad.com"
51.222.253.5 - - [13/Jul/2025:13:53:26 +0000] "GET /product/featured-max/ HTTP/1.1" 200 55701 "-" "Mozilla/5.0 (compatible; AhrefsBot/7.0; +http://ahrefs.com/robot/)"
209.74.77.214 - - [13/Jul/2025:14:14:00 +0000] "POST /wp-cron.php?doing_wp_cron=1752416040.1288809776306152343750 HTTP/1.1" 200 - "-" "WordPress/6.8.1; https://listingslad.com"
66.249.74.14 - - [13/Jul/2025:14:13:57 +0000] "GET /robots.txt HTTP/1.1" 200 154 "-" "Mozilla/5.0 (compatible; Googlebot/2.1; +http://www.google.com/bot.html)"
66.249.74.13 - - [13/Jul/2025:14:14:00 +0000] "GET /panel/create/ HTTP/1.1" 200 62674 "-" "Mozilla/5.0 (Linux; Android 6.0.1; Nexus 5X Build/MMB29P) AppleWebKit/537.36 (KHTML, like Gecko) Chrome/137.0.7151.103 Mobile Safari/537.36 (compatible; Googlebot/2.1; +http://www.google.com/bot.html)"
66.249.74.14 - - [13/Jul/2025:14:14:03 +0000] "GET /wp-content/plugins/contact-form-7/includes/js/index.js?ver=6.1 HTTP/1.1" 200 4265 "https://listingslad.com/panel/create/" "Mozilla/5.0 (Linux; Android 6.0.1; Nexus 5X Build/MMB29P) AppleWebKit/537.36 (KHTML, like Gecko) Chrome/137.0.7151.119 Mobile Safari/537.36 (compatible; Googlebot/2.1; +http://www.google.com/bot.html)"
66.249.74.13 - - [13/Jul/2025:14:14:03 +0000] "GET /wp-content/plugins/woocommerce/assets/js/sourcebuster/sourcebuster.min.js?ver=9.9.5 HTTP/1.1" 200 4807 "https://listingslad.com/panel/create/" "Mozilla/5.0 (Linux; Android 6.0.1; Nexus 5X Build/MMB29P) AppleWebKit/537.36 (KHTML, like Gecko) Chrome/137.0.7151.119 Mobile Safari/537.36 (compatible; Googlebot/2.1; +http://www.google.com/bot.html)"
66.249.74.14 - - [13/Jul/2025:14:14:03 +0000] "GET /wp-includes/js/dist/dom-ready.min.js?ver=f77871ff7694fffea381 HTTP/1.1" 200 320 "https://listingslad.com/panel/create/" "Mozilla/5.0 (Linux; Android 6.0.1; Nexus 5X Build/MMB29P) AppleWebKit/537.36 (KHTML, like Gecko) Chrome/137.0.7151.119 Mobile Safari/537.36 (compatible; Googlebot/2.1; +http://www.google.com/bot.html)"
66.249.74.14 - - [13/Jul/2025:14:14:03 +0000] "GET /wp-includes/js/wplink.min.js?ver=6.8.1 HTTP/1.1" 200 3897 "https://listingslad.com/panel/create/" "Mozilla/5.0 (Linux; Android 6.0.1; Nexus 5X Build/MMB29P) AppleWebKit/537.36 (KHTML, like Gecko) Chrome/137.0.7151.119 Mobile Safari/537.36 (compatible; Googlebot/2.1; +http://www.google.com/bot.html)"
66.249.74.13 - - [13/Jul/2025:14:14:03 +0000] "GET /wp-includes/js/hoverIntent.min.js?ver=1.10.2 HTTP/1.1" 200 706 "https://listingslad.com/panel/create/" "Mozilla/5.0 (Linux; Android 6.0.1; Nexus 5X Build/MMB29P) AppleWebKit/537.36 (KHTML, like Gecko) Chrome/137.0.7151.119 Mobile Safari/537.36 (compatible; Googlebot/2.1; +http://www.google.com/bot.html)"
66.249.74.14 - - [13/Jul/2025:14:14:03 +0000] "GET /wp-includes/js/jquery/ui/autocomplete.min.js?ver=1.13.3 HTTP/1.1" 200 2905 "https://listingslad.com/panel/create/" "Mozilla/5.0 (Linux; Android 6.0.1; Nexus 5X Build/MMB29P) AppleWebKit/537.36 (KHTML, like Gecko) Chrome/137.0.7151.119 Mobile Safari/537.36 (compatible; Googlebot/2.1; +http://www.google.com/bot.html)"
66.249.74.13 - - [13/Jul/2025:14:14:03 +0000] "GET /wp-includes/js/dist/a11y.min.js?ver=3156534cc54473497e14 HTTP/1.1" 200 956 "https://listingslad.com/panel/create/" "Mozilla/5.0 (Linux; Android 6.0.1; Nexus 5X Build/MMB29P) AppleWebKit/537.36 (KHTML, like Gecko) Chrome/137.0.7151.119 Mobile Safari/537.36 (compatible; Googlebot/2.1; +http://www.google.com/bot.html)"
66.249.74.14 - - [13/Jul/2025:14:14:04 +0000] "GET /wp-content/plugins/elementor/assets/lib/swiper/v8/swiper.min.js?ver=8.4.5 HTTP/1.1" 200 39695 "https://listingslad.com/panel/create/" "Mozilla/5.0 (Linux; Android 6.0.1; Nexus 5X Build/MMB29P) AppleWebKit/537.36 (KHTML, like Gecko) Chrome/137.0.7151.119 Mobile Safari/537.36 (compatible; Googlebot/2.1; +http://www.google.com/bot.html)"
66.249.74.14 - - [13/Jul/2025:14:14:04 +0000] "GET /wp-includes/js/utils.min.js?ver=6.8.1 HTTP/1.1" 200 819 "https://listingslad.com/panel/create/" "Mozilla/5.0 (Linux; Android 6.0.1; Nexus 5X Build/MMB29P) AppleWebKit/537.36 (KHTML, like Gecko) Chrome/137.0.7151.119 Mobile Safari/537.36 (compatible; Googlebot/2.1; +http://www.google.com/bot.html)"
66.249.74.13 - - [13/Jul/2025:14:14:04 +0000] "GET /wp-includes/js/jquery/ui/menu.min.js?ver=1.13.3 HTTP/1.1" 200 3058 "https://listingslad.com/panel/create/" "Mozilla/5.0 (Linux; Android 6.0.1; Nexus 5X Build/MMB29P) AppleWebKit/537.36 (KHTML, like Gecko) Chrome/137.0.7151.119 Mobile Safari/537.36 (compatible; Googlebot/2.1; +http://www.google.com/bot.html)"
66.249.74.14 - - [13/Jul/2025:14:14:04 +0000] "GET /wp-includes/js/tinymce/tinymce.min.js?ver=49110-20201110 HTTP/1.1" 200 124409 "https://listingslad.com/panel/create/" "Mozilla/5.0 (Linux; Android 6.0.1; Nexus 5X Build/MMB29P) AppleWebKit/537.36 (KHTML, like Gecko) Chrome/137.0.7151.119 Mobile Safari/537.36 (compatible; Googlebot/2.1; +http://www.google.com/bot.html)"
66.249.74.14 - - [13/Jul/2025:14:14:05 +0000] "GET /wp-includes/js/tinymce/plugins/compat3x/plugin.min.js?ver=49110-20201110 HTTP/1.1" 200 1739 "https://listingslad.com/panel/create/" "Mozilla/5.0 (Linux; Android 6.0.1; Nexus 5X Build/MMB29P) AppleWebKit/537.36 (KHTML, like Gecko) Chrome/137.0.7151.119 Mobile Safari/537.36 (compatible; Googlebot/2.1; +http://www.google.com/bot.html)"
66.249.74.14 - - [13/Jul/2025:14:14:05 +0000] "GET /wp-includes/css/dashicons.min.css?ver=6.8.1 HTTP/1.1" 200 35730 "https://listingslad.com/panel/create/" "Mozilla/5.0 (Linux; Android 6.0.1; Nexus 5X Build/MMB29P) AppleWebKit/537.36 (KHTML, like Gecko) Chrome/137.0.7151.119 Mobile Safari/537.36 (compatible; Googlebot/2.1; +http://www.google.com/bot.html)"
66.249.74.14 - - [13/Jul/2025:14:14:05 +0000] "GET /wp-includes/css/editor.min.css?ver=6.8.1 HTTP/1.1" 200 5834 "https://listingslad.com/panel/create/" "Mozilla/5.0 (Linux; Android 6.0.1; Nexus 5X Build/MMB29P) AppleWebKit/537.36 (KHTML, like Gecko) Chrome/137.0.7151.119 Mobile Safari/537.36 (compatible; Googlebot/2.1; +http://www.google.com/bot.html)"
66.249.74.14 - - [13/Jul/2025:14:14:05 +0000] "GET /wp-includes/js/tinymce/themes/modern/theme.min.js?wp-mce-49110-20201110 HTTP/1.1" 200 41647 "https://listingslad.com/panel/create/" "Mozilla/5.0 (Linux; Android 6.0.1; Nexus 5X Build/MMB29P) AppleWebKit/537.36 (KHTML, like Gecko) Chrome/137.0.7151.119 Mobile Safari/537.36 (compatible; Googlebot/2.1; +http://www.google.com/bot.html)"
66.249.74.14 - - [13/Jul/2025:14:14:06 +0000] "GET /wp-includes/js/tinymce/plugins/wpeditimage/plugin.min.js?wp-mce-49110-20201110 HTTP/1.1" 200 4392 "https://listingslad.com/panel/create/" "Mozilla/5.0 (Linux; Android 6.0.1; Nexus 5X Build/MMB29P) AppleWebKit/537.36 (KHTML, like Gecko) Chrome/137.0.7151.119 Mobile Safari/537.36 (compatible; Googlebot/2.1; +http://www.google.com/bot.html)"
66.249.74.14 - - [13/Jul/2025:14:14:06 +0000] "GET /wp-includes/js/tinymce/plugins/wplink/plugin.min.js?wp-mce-49110-20201110 HTTP/1.1" 200 3394 "https://listingslad.com/panel/create/" "Mozilla/5.0 (Linux; Android 6.0.1; Nexus 5X Build/MMB29P) AppleWebKit/537.36 (KHTML, like Gecko) Chrome/137.0.7151.119 Mobile Safari/537.36 (compatible; Googlebot/2.1; +http://www.google.com/bot.html)"
66.249.74.13 - - [13/Jul/2025:14:14:06 +0000] "GET /wp-includes/js/tinymce/plugins/lists/plugin.min.js?wp-mce-49110-20201110 HTTP/1.1" 200 9093 "https://listingslad.com/panel/create/" "Mozilla/5.0 (Linux; Android 6.0.1; Nexus 5X Build/MMB29P) AppleWebKit/537.36 (KHTML, like Gecko) Chrome/137.0.7151.119 Mobile Safari/537.36 (compatible; Googlebot/2.1; +http://www.google.com/bot.html)"
66.249.74.13 - - [13/Jul/2025:14:14:06 +0000] "GET /wp-includes/js/tinymce/plugins/wordpress/plugin.min.js?wp-mce-49110-20201110 HTTP/1.1" 200 6134 "https://listingslad.com/panel/create/" "Mozilla/5.0 (Linux; Android 6.0.1; Nexus 5X Build/MMB29P) AppleWebKit/537.36 (KHTML, like Gecko) Chrome/137.0.7151.119 Mobile Safari/537.36 (compatible; Googlebot/2.1; +http://www.google.com/bot.html)"
66.249.74.13 - - [13/Jul/2025:14:14:07 +0000] "GET /wp-includes/js/tinymce/plugins/image/plugin.min.js?wp-mce-49110-20201110 HTTP/1.1" 200 5497 "https://listingslad.com/panel/create/" "Mozilla/5.0 (Linux; Android 6.0.1; Nexus 5X Build/MMB29P) AppleWebKit/537.36 (KHTML, like Gecko) Chrome/137.0.7151.119 Mobile Safari/537.36 (compatible; Googlebot/2.1; +http://www.google.com/bot.html)"
66.249.74.13 - - [13/Jul/2025:14:14:07 +0000] "GET /wp-includes/js/tinymce/plugins/colorpicker/plugin.min.js?wp-mce-49110-20201110 HTTP/1.1" 200 656 "https://listingslad.com/panel/create/" "Mozilla/5.0 (Linux; Android 6.0.1; Nexus 5X Build/MMB29P) AppleWebKit/537.36 (KHTML, like Gecko) Chrome/137.0.7151.119 Mobile Safari/537.36 (compatible; Googlebot/2.1; +http://www.google.com/bot.html)"
66.249.74.13 - - [13/Jul/2025:14:14:07 +0000] "GET /wp-includes/js/tinymce/plugins/fullscreen/plugin.min.js?wp-mce-49110-20201110 HTTP/1.1" 200 890 "https://listingslad.com/panel/create/" "Mozilla/5.0 (Linux; Android 6.0.1; Nexus 5X Build/MMB29P) AppleWebKit/537.36 (KHTML, like Gecko) Chrome/137.0.7151.119 Mobile Safari/537.36 (compatible; Googlebot/2.1; +http://www.google.com/bot.html)"
66.249.74.13 - - [13/Jul/2025:14:14:07 +0000] "GET /wp-includes/js/tinymce/plugins/textcolor/plugin.min.js?wp-mce-49110-20201110 HTTP/1.1" 200 1942 "https://listingslad.com/panel/create/" "Mozilla/5.0 (Linux; Android 6.0.1; Nexus 5X Build/MMB29P) AppleWebKit/537.36 (KHTML, like Gecko) Chrome/137.0.7151.119 Mobile Safari/537.36 (compatible; Googlebot/2.1; +http://www.google.com/bot.html)"
66.249.74.13 - - [13/Jul/2025:14:14:08 +0000] "GET /wp-includes/js/tinymce/skins/lightgray/skin.min.css?wp-mce-49110-20201110 HTTP/1.1" 200 8407 "https://listingslad.com/panel/create/" "Mozilla/5.0 (Linux; Android 6.0.1; Nexus 5X Build/MMB29P) AppleWebKit/537.36 (KHTML, like Gecko) Chrome/137.0.7151.119 Mobile Safari/537.36 (compatible; Googlebot/2.1; +http://www.google.com/bot.html)"
66.249.74.13 - - [13/Jul/2025:14:14:08 +0000] "GET /wp-includes/css/dashicons.min.css?ver=6.8.1&wp-mce-49110-20201110 HTTP/1.1" 200 35730 "https://listingslad.com/panel/create/" "Mozilla/5.0 (Linux; Android 6.0.1; Nexus 5X Build/MMB29P) AppleWebKit/537.36 (KHTML, like Gecko) Chrome/137.0.7151.119 Mobile Safari/537.36 (compatible; Googlebot/2.1; +http://www.google.com/bot.html)"
66.249.74.13 - - [13/Jul/2025:14:14:08 +0000] "GET /wp-includes/js/tinymce/skins/lightgray/content.min.css?wp-mce-49110-20201110 HTTP/1.1" 200 1333 "https://listingslad.com/panel/create/" "Mozilla/5.0 (Linux; Android 6.0.1; Nexus 5X Build/MMB29P) AppleWebKit/537.36 (KHTML, like Gecko) Chrome/137.0.7151.119 Mobile Safari/537.36 (compatible; Googlebot/2.1; +http://www.google.com/bot.html)"
66.249.74.13 - - [13/Jul/2025:14:14:08 +0000] "GET /wp-includes/js/tinymce/skins/wordpress/wp-content.css?ver=6.8.1&wp-mce-49110-20201110 HTTP/1.1" 200 2642 "https://listingslad.com/panel/create/" "Mozilla/5.0 (Linux; Android 6.0.1; Nexus 5X Build/MMB29P) AppleWebKit/537.36 (KHTML, like Gecko) Chrome/137.0.7151.119 Mobile Safari/537.36 (compatible; Googlebot/2.1; +http://www.google.com/bot.html)"
209.74.77.214 - - [13/Jul/2025:14:15:43 +0000] "POST /wp-cron.php?doing_wp_cron=1752416143.1612091064453125000000 HTTP/1.1" 200 - "-" "WordPress/6.8.1; https://listingslad.com"
51.222.253.9 - - [13/Jul/2025:14:15:41 +0000] "GET /ads/pets/ HTTP/1.1" 200 67099 "-" "Mozilla/5.0 (compatible; AhrefsBot/7.0; +http://ahrefs.com/robot/)"
209.74.77.214 - - [13/Jul/2025:14:43:04 +0000] "POST /wp-cron.php?doing_wp_cron=1752417784.4217779636383056640625 HTTP/1.1" 200 - "-" "WordPress/6.8.1; https://listingslad.com"
51.222.253.15 - - [13/Jul/2025:14:43:01 +0000] "GET /ad/collection-of-womens-clothes/ HTTP/1.1" 200 67279 "-" "Mozilla/5.0 (compatible; AhrefsBot/7.0; +http://ahrefs.com/robot/)"
209.74.77.214 - - [13/Jul/2025:14:43:31 +0000] "POST /wp-cron.php?doing_wp_cron=1752417811.2546989917755126953125 HTTP/1.1" 200 - "-" "WordPress/6.8.1; https://listingslad.com"
51.222.253.10 - - [13/Jul/2025:14:43:31 +0000] "GET /ad/collection-of-womens-clothes/ HTTP/1.1" 200 67279 "-" "Mozilla/5.0 (compatible; AhrefsBot/7.0; +http://ahrefs.com/robot/)"
51.222.253.7 - - [13/Jul/2025:14:43:33 +0000] "GET /wp-content/uploads/2022/05/listing_1.jpeg HTTP/1.1" 200 85827 "-" "Mozilla/5.0 (compatible; AhrefsBot/7.0; +http://ahrefs.com/robot/)"
209.74.77.214 - - [13/Jul/2025:15:10:12 +0000] "POST /wp-cron.php?doing_wp_cron=1752419412.7084031105041503906250 HTTP/1.1" 200 - "-" "WordPress/6.8.1; https://listingslad.com"
51.222.253.15 - - [13/Jul/2025:15:10:09 +0000] "GET /shop/ HTTP/1.1" 200 28735 "-" "Mozilla/5.0 (compatible; AhrefsBot/7.0; +http://ahrefs.com/robot/)"
209.74.77.214 - - [13/Jul/2025:15:22:30 +0000] "POST /wp-cron.php?doing_wp_cron=1752420150.0193510055541992187500 HTTP/1.1" 200 - "-" "WordPress/6.8.1; https://listingslad.com"
209.74.77.214 - - [13/Jul/2025:15:22:30 +0000] "POST /wp-cron.php?doing_wp_cron=1752420150.0193519592285156250000 HTTP/1.1" 200 - "-" "WordPress/6.8.1; https://listingslad.com"
103.179.243.222 - - [13/Jul/2025:15:22:27 +0000] "POST /xmlrpc.php HTTP/1.1" 405 415 "-" "Mozilla/5.0 (Windows NT 10.0; Win64; x64) AppleWebKit/537.36 (KHTML, like Gecko) Chrome/60.0.3112.113 Safari/537.36"
47.243.239.28 - - [13/Jul/2025:15:22:27 +0000] "POST /xmlrpc.php HTTP/1.1" 405 415 "-" "Mozilla/5.0 (Windows NT 6.1; Win64; x64) AppleWebKit/537.36 (KHTML, like Gecko) Chrome/69.0.3497.100 Safari/537.36"
64.15.129.108 - - [13/Jul/2025:15:22:30 +0000] "GET / HTTP/1.1" 200 506428 "http://listingslad.com/" "Mozilla/5.0 (Windows NT 10.0; Win64; x64) AppleWebKit/537.36 (KHTML, like Gecko) Chrome/138.0.0.0 Safari/537.36"
192.175.111.233 - - [13/Jul/2025:15:22:34 +0000] "GET / HTTP/1.1" 200 506428 "http://listingslad.com/" "Mozilla/5.0 (Windows NT 10.0; Win64; x64) AppleWebKit/537.36 (KHTML, like Gecko) Chrome/138.0.0.0 Safari/537.36"
192.175.111.236 - - [13/Jul/2025:15:22:35 +0000] "GET /wp-content/uploads/2024/08/cropped-android-chrome-512x512-1-32x32.png HTTP/1.1" 200 2670 "http://listingslad.com/favicon.ico" "Mozilla/5.0 (Windows NT 10.0; Win64; x64) AppleWebKit/537.36 (KHTML, like Gecko) Chrome/138.0.0.0 Safari/537.36"
64.15.129.100 - - [13/Jul/2025:15:22:36 +0000] "GET /wp-content/uploads/2024/08/cropped-android-chrome-512x512-1.png HTTP/1.1" 200 322927 "-" "Mozilla/5.0 (Windows NT 10.0; Win64; x64) AppleWebKit/537.36 (KHTML, like Gecko) Chrome/138.0.0.0 Safari/537.36"
64.15.129.109 - - [13/Jul/2025:15:22:36 +0000] "GET /wp-content/uploads/2024/08/cropped-android-chrome-512x512-1-32x32.png HTTP/1.1" 200 2670 "-" "Mozilla/5.0 (Windows NT 10.0; Win64; x64) AppleWebKit/537.36 (KHTML, like Gecko) Chrome/138.0.0.0 Safari/537.36"
64.15.129.121 - - [13/Jul/2025:15:22:36 +0000] "GET /wp-content/uploads/2024/08/cropped-android-chrome-512x512-1-192x192.png HTTP/1.1" 200 62051 "-" "Mozilla/5.0 (Windows NT 10.0; Win64; x64) AppleWebKit/537.36 (KHTML, like Gecko) Chrome/138.0.0.0 Safari/537.36"
64.15.129.113 - - [13/Jul/2025:15:22:37 +0000] "GET /wp-content/uploads/2024/08/cropped-android-chrome-512x512-1-180x180.png HTTP/1.1" 200 55507 "-" "Mozilla/5.0 (Windows NT 10.0; Win64; x64) AppleWebKit/537.36 (KHTML, like Gecko) Chrome/138.0.0.0 Safari/537.36"
64.15.129.101 - - [13/Jul/2025:15:22:38 +0000] "GET / HTTP/1.1" 200 506428 "http://listingslad.com/" "Mozilla/5.0 (Windows NT 10.0; Win64; x64) AppleWebKit/537.36 (KHTML, like Gecko) Chrome/138.0.0.0 Safari/537.36"
64.15.129.102 - - [13/Jul/2025:15:22:39 +0000] "GET / HTTP/1.1" 200 506428 "-" "Mozilla/5.0 (Windows NT 10.0; Win64; x64) AppleWebKit/537.36 (KHTML, like Gecko) Chrome/138.0.0.0 Safari/537.36"
192.175.111.229 - - [13/Jul/2025:15:22:40 +0000] "GET / HTTP/1.1" 200 506428 "http://listingslad.com/" "Mozilla/5.0 (Windows NT 10.0; Win64; x64) AppleWebKit/537.36 (KHTML, like Gecko) Chrome/138.0.0.0 Safari/537.36"
192.175.111.241 - - [13/Jul/2025:15:22:41 +0000] "GET /wp-content/uploads/2024/08/ListingsLadLogo.png HTTP/1.1" 200 63183 "-" "Mozilla/5.0 (Windows NT 10.0; Win64; x64) AppleWebKit/537.36 (KHTML, like Gecko) Chrome/138.0.0.0 Safari/537.36"
209.74.77.214 - - [13/Jul/2025:15:22:42 +0000] "POST /wp-cron.php?doing_wp_cron=1752420162.6221449375152587890625 HTTP/1.1" 200 - "-" "WordPress/6.8.1; https://listingslad.com"
141.148.202.33 - - [13/Jul/2025:15:22:42 +0000] "POST /xmlrpc.php HTTP/1.1" 405 415 "-" "Mozilla/5.0 (Windows NT 6.1; rv:17.0) Gecko/20100101 Firefox/20.6.14"
209.74.77.214 - - [13/Jul/2025:15:22:58 +0000] "POST /wp-cron.php?doing_wp_cron=1752420178.5963668823242187500000 HTTP/1.1" 200 - "-" "WordPress/6.8.1; https://listingslad.com"
192.210.144.233 - - [13/Jul/2025:15:22:58 +0000] "POST /xmlrpc.php HTTP/1.1" 405 415 "-" "Mozilla/5.0 (X11; Linux x86_64) AppleWebKit/537.36 (KHTML, like Gecko) Chrome/44.0.2403.157 Safari/537.36"
192.175.111.232 - - [13/Jul/2025:15:32:06 +0000] "GET / HTTP/1.1" 200 506428 "http://www.listingslad.com/" "Mozilla/5.0 (Windows NT 10.0; Win64; x64) AppleWebKit/537.36 (KHTML, like Gecko) Chrome/138.0.0.0 Safari/537.36"
64.15.129.121 - - [13/Jul/2025:15:32:08 +0000] "GET / HTTP/1.1" 200 506428 "http://www.listingslad.com/" "Mozilla/5.0 (Windows NT 10.0; Win64; x64) AppleWebKit/537.36 (KHTML, like Gecko) Chrome/138.0.0.0 Safari/537.36"
192.175.111.229 - - [13/Jul/2025:15:32:09 +0000] "GET /wp-content/uploads/2024/08/cropped-android-chrome-512x512-1-32x32.png HTTP/1.1" 200 2670 "http://www.listingslad.com/favicon.ico" "Mozilla/5.0 (Windows NT 10.0; Win64; x64) AppleWebKit/537.36 (KHTML, like Gecko) Chrome/138.0.0.0 Safari/537.36"
192.175.111.246 - - [13/Jul/2025:15:32:09 +0000] "GET /wp-content/uploads/2024/08/cropped-android-chrome-512x512-1.png HTTP/1.1" 200 322927 "-" "Mozilla/5.0 (Windows NT 10.0; Win64; x64) AppleWebKit/537.36 (KHTML, like Gecko) Chrome/138.0.0.0 Safari/537.36"
64.15.129.117 - - [13/Jul/2025:15:32:10 +0000] "GET /wp-content/uploads/2024/08/cropped-android-chrome-512x512-1-32x32.png HTTP/1.1" 200 2670 "-" "Mozilla/5.0 (Windows NT 10.0; Win64; x64) AppleWebKit/537.36 (KHTML, like Gecko) Chrome/138.0.0.0 Safari/537.36"
64.15.129.116 - - [13/Jul/2025:15:32:10 +0000] "GET /wp-content/uploads/2024/08/cropped-android-chrome-512x512-1-192x192.png HTTP/1.1" 200 62051 "-" "Mozilla/5.0 (Windows NT 10.0; Win64; x64) AppleWebKit/537.36 (KHTML, like Gecko) Chrome/138.0.0.0 Safari/537.36"
192.175.111.233 - - [13/Jul/2025:15:32:10 +0000] "GET /wp-content/uploads/2024/08/cropped-android-chrome-512x512-1-180x180.png HTTP/1.1" 200 55507 "-" "Mozilla/5.0 (Windows NT 10.0; Win64; x64) AppleWebKit/537.36 (KHTML, like Gecko) Chrome/138.0.0.0 Safari/537.36"
192.175.111.228 - - [13/Jul/2025:15:32:11 +0000] "GET / HTTP/1.1" 200 506428 "http://www.listingslad.com/" "Mozilla/5.0 (Windows NT 10.0; Win64; x64) AppleWebKit/537.36 (KHTML, like Gecko) Chrome/138.0.0.0 Safari/537.36"
192.175.111.241 - - [13/Jul/2025:15:32:12 +0000] "GET / HTTP/1.1" 301 - "-" "Mozilla/5.0 (Windows NT 10.0; Win64; x64) AppleWebKit/537.36 (KHTML, like Gecko) Chrome/138.0.0.0 Safari/537.36"
192.175.111.232 - - [13/Jul/2025:15:32:13 +0000] "GET / HTTP/1.1" 200 506428 "https://www.listingslad.com/" "Mozilla/5.0 (Windows NT 10.0; Win64; x64) AppleWebKit/537.36 (KHTML, like Gecko) Chrome/138.0.0.0 Safari/537.36"
64.15.129.120 - - [13/Jul/2025:15:32:14 +0000] "GET / HTTP/1.1" 200 506428 "http://www.listingslad.com/" "Mozilla/5.0 (Windows NT 10.0; Win64; x64) AppleWebKit/537.36 (KHTML, like Gecko) Chrome/138.0.0.0 Safari/537.36"
209.74.77.214 - - [13/Jul/2025:15:35:44 +0000] "POST /wp-cron.php?doing_wp_cron=1752420944.3915081024169921875000 HTTP/1.1" 200 - "-" "WordPress/6.8.1; https://listingslad.com"
51.222.253.14 - - [13/Jul/2025:15:35:41 +0000] "GET /tag/community/ HTTP/1.1" 200 44371 "-" "Mozilla/5.0 (compatible; AhrefsBot/7.0; +http://ahrefs.com/robot/)"
209.74.77.214 - - [13/Jul/2025:15:42:09 +0000] "POST /wp-cron.php?doing_wp_cron=1752421329.6594181060791015625000 HTTP/1.1" 200 - "-" "WordPress/6.8.1; https://listingslad.com"
175.6.217.4 - - [13/Jul/2025:15:42:09 +0000] "GET / HTTP/1.1" 200 61125 "http://listingslad.com" "Mozilla/5.0 (iPhone; CPU iPhone OS 13_2_3 like Mac OS X) AppleWebKit/605.1.15 (KHTML, like Gecko) Version/13.0.3 Mobile/15E148 Safari/604.1"
209.74.77.214 - - [13/Jul/2025:15:42:08 +0000] "GET /wp-json/jetpack/v4/sync/spawn-sync?time=1752421328&request_lock_id=1752421328.7259 HTTP/1.1" 200 37 "-" "WordPress/6.8.1; https://listingslad.com"
209.74.77.214 - - [13/Jul/2025:15:59:21 +0000] "POST /wp-cron.php?doing_wp_cron=1752422361.3913180828094482421875 HTTP/1.1" 200 - "-" "WordPress/6.8.1; https://listingslad.com"
51.222.253.4 - - [13/Jul/2025:15:59:18 +0000] "GET /product/payment-package-3004/ HTTP/1.1" 200 55821 "-" "Mozilla/5.0 (compatible; AhrefsBot/7.0; +http://ahrefs.com/robot/)"
209.74.77.214 - - [13/Jul/2025:16:10:59 +0000] "POST /wp-cron.php?doing_wp_cron=1752423059.3662300109863281250000 HTTP/1.1" 200 - "-" "WordPress/6.8.1; https://listingslad.com"
51.222.253.13 - - [13/Jul/2025:16:10:56 +0000] "GET /tag/buy/ HTTP/1.1" 200 44488 "-" "Mozilla/5.0 (compatible; AhrefsBot/7.0; +http://ahrefs.com/robot/)"
209.74.77.214 - - [13/Jul/2025:16:21:42 +0000] "POST /wp-cron.php?doing_wp_cron=1752423702.5812261104583740234375 HTTP/1.1" 200 - "-" "WordPress/6.8.1; https://listingslad.com"
51.222.253.12 - - [13/Jul/2025:16:21:40 +0000] "GET /ads/fashion/ HTTP/1.1" 200 67124 "-" "Mozilla/5.0 (compatible; AhrefsBot/7.0; +http://ahrefs.com/robot/)"
209.74.77.214 - - [13/Jul/2025:16:32:48 +0000] "POST /wp-cron.php?doing_wp_cron=1752424368.2983028888702392578125 HTTP/1.1" 200 - "-" "WordPress/6.8.1; https://listingslad.com"
51.222.253.14 - - [13/Jul/2025:16:32:45 +0000] "GET /ads/services,gardening/ HTTP/1.1" 200 66817 "-" "Mozilla/5.0 (compatible; AhrefsBot/7.0; +http://ahrefs.com/robot/)"
209.74.77.214 - - [13/Jul/2025:16:44:49 +0000] "POST /wp-cron.php?doing_wp_cron=1752425089.9820261001586914062500 HTTP/1.1" 200 - "-" "WordPress/6.8.1; https://listingslad.com"
51.222.253.12 - - [13/Jul/2025:16:44:47 +0000] "GET /wp-sitemap.xml HTTP/1.1" 200 318 "-" "Mozilla/5.0 (compatible; AhrefsBot/7.0; +http://ahrefs.com/robot/)"
51.222.253.14 - - [13/Jul/2025:16:44:51 +0000] "GET /wp-sitemap-posts-post-1.xml HTTP/1.1" 200 310 "-" "Mozilla/5.0 (compatible; AhrefsBot/7.0; +http://ahrefs.com/robot/)"
51.222.253.8 - - [13/Jul/2025:16:44:52 +0000] "GET /wp-sitemap-posts-page-1.xml HTTP/1.1" 200 453 "-" "Mozilla/5.0 (compatible; AhrefsBot/7.0; +http://ahrefs.com/robot/)"
51.222.253.6 - - [13/Jul/2025:16:44:54 +0000] "GET /wp-sitemap-posts-product-1.xml HTTP/1.1" 200 279 "-" "Mozilla/5.0 (compatible; AhrefsBot/7.0; +http://ahrefs.com/robot/)"
51.222.253.12 - - [13/Jul/2025:16:44:55 +0000] "GET /wp-sitemap-posts-listivo_template-1.xml HTTP/1.1" 200 388 "-" "Mozilla/5.0 (compatible; AhrefsBot/7.0; +http://ahrefs.com/robot/)"
51.222.253.16 - - [13/Jul/2025:16:44:56 +0000] "GET /wp-sitemap-posts-listivo_listing-1.xml HTTP/1.1" 200 629 "-" "Mozilla/5.0 (compatible; AhrefsBot/7.0; +http://ahrefs.com/robot/)"
51.222.253.7 - - [13/Jul/2025:16:44:58 +0000] "GET /wp-sitemap-taxonomies-category-1.xml HTTP/1.1" 200 212 "-" "Mozilla/5.0 (compatible; AhrefsBot/7.0; +http://ahrefs.com/robot/)"
51.222.253.17 - - [13/Jul/2025:16:44:59 +0000] "GET /wp-sitemap-taxonomies-post_tag-1.xml HTTP/1.1" 200 245 "-" "Mozilla/5.0 (compatible; AhrefsBot/7.0; +http://ahrefs.com/robot/)"
51.222.253.2 - - [13/Jul/2025:16:45:01 +0000] "GET /wp-sitemap-taxonomies-product_cat-1.xml HTTP/1.1" 200 196 "-" "Mozilla/5.0 (compatible; AhrefsBot/7.0; +http://ahrefs.com/robot/)"
51.222.253.4 - - [13/Jul/2025:16:45:03 +0000] "GET /wp-sitemap-taxonomies-listivo_14-1.xml HTTP/1.1" 200 383 "-" "Mozilla/5.0 (compatible; AhrefsBot/7.0; +http://ahrefs.com/robot/)"
51.222.253.3 - - [13/Jul/2025:16:45:04 +0000] "GET /wp-sitemap-taxonomies-listivo_1910-1.xml HTTP/1.1" 200 195 "-" "Mozilla/5.0 (compatible; AhrefsBot/7.0; +http://ahrefs.com/robot/)"
51.222.253.16 - - [13/Jul/2025:16:45:06 +0000] "GET /wp-sitemap-taxonomies-listivo_1911-1.xml HTTP/1.1" 200 199 "-" "Mozilla/5.0 (compatible; AhrefsBot/7.0; +http://ahrefs.com/robot/)"
51.222.253.11 - - [13/Jul/2025:16:45:07 +0000] "GET /wp-sitemap-taxonomies-listivo_1913-1.xml HTTP/1.1" 200 195 "-" "Mozilla/5.0 (compatible; AhrefsBot/7.0; +http://ahrefs.com/robot/)"
209.74.77.214 - - [13/Jul/2025:16:45:09 +0000] "POST /wp-cron.php?doing_wp_cron=1752425109.1267309188842773437500 HTTP/1.1" 200 - "-" "WordPress/6.8.1; https://listingslad.com"
51.222.253.2 - - [13/Jul/2025:16:45:08 +0000] "GET /wp-sitemap-taxonomies-listivo_1912-1.xml HTTP/1.1" 200 190 "-" "Mozilla/5.0 (compatible; AhrefsBot/7.0; +http://ahrefs.com/robot/)"
51.222.253.5 - - [13/Jul/2025:16:45:10 +0000] "GET /wp-sitemap-taxonomies-listivo_945-1.xml HTTP/1.1" 200 205 "-" "Mozilla/5.0 (compatible; AhrefsBot/7.0; +http://ahrefs.com/robot/)"
51.222.253.14 - - [13/Jul/2025:16:45:12 +0000] "GET /wp-sitemap-taxonomies-listivo_946-1.xml HTTP/1.1" 200 226 "-" "Mozilla/5.0 (compatible; AhrefsBot/7.0; +http://ahrefs.com/robot/)"
51.222.253.20 - - [13/Jul/2025:16:45:13 +0000] "GET /wp-sitemap-taxonomies-listivo_4661-1.xml HTTP/1.1" 200 285 "-" "Mozilla/5.0 (compatible; AhrefsBot/7.0; +http://ahrefs.com/robot/)"
51.222.253.20 - - [13/Jul/2025:16:45:15 +0000] "GET /wp-sitemap-taxonomies-listivo_4318-1.xml HTTP/1.1" 200 293 "-" "Mozilla/5.0 (compatible; AhrefsBot/7.0; +http://ahrefs.com/robot/)"
51.222.253.17 - - [13/Jul/2025:16:45:16 +0000] "GET /wp-sitemap-taxonomies-listivo_4660-1.xml HTTP/1.1" 200 304 "-" "Mozilla/5.0 (compatible; AhrefsBot/7.0; +http://ahrefs.com/robot/)"
51.222.253.19 - - [13/Jul/2025:16:45:18 +0000] "GET /wp-sitemap-taxonomies-listivo_4657-1.xml HTTP/1.1" 200 228 "-" "Mozilla/5.0 (compatible; AhrefsBot/7.0; +http://ahrefs.com/robot/)"
51.222.253.1 - - [13/Jul/2025:16:45:21 +0000] "GET /wp-sitemap-taxonomies-listivo_2723-1.xml HTTP/1.1" 200 265 "-" "Mozilla/5.0 (compatible; AhrefsBot/7.0; +http://ahrefs.com/robot/)"
51.222.253.4 - - [13/Jul/2025:16:45:25 +0000] "GET /wp-sitemap-users-1.xml HTTP/1.1" 200 213 "-" "Mozilla/5.0 (compatible; AhrefsBot/7.0; +http://ahrefs.com/robot/)"
43.135.135.57 - - [13/Jul/2025:16:57:15 +0000] "GET / HTTP/1.1" 200 61124 "http://www.listingslad.com" "Mozilla/5.0 (iPhone; CPU iPhone OS 13_2_3 like Mac OS X) AppleWebKit/605.1.15 (KHTML, like Gecko) Version/13.0.3 Mobile/15E148 Safari/604.1"
43.153.123.4 - - [13/Jul/2025:17:09:35 +0000] "GET / HTTP/1.1" 200 61125 "http://listingslad.com" "Mozilla/5.0 (iPhone; CPU iPhone OS 13_2_3 like Mac OS X) AppleWebKit/605.1.15 (KHTML, like Gecko) Version/13.0.3 Mobile/15E148 Safari/604.1"
209.74.77.214 - - [13/Jul/2025:17:10:12 +0000] "POST /wp-cron.php?doing_wp_cron=1752426612.9225800037384033203125 HTTP/1.1" 200 - "-" "WordPress/6.8.1; https://listingslad.com"
43.155.195.141 - - [13/Jul/2025:17:10:10 +0000] "GET /about-us/ HTTP/1.1" 200 48215 "-" "Mozilla/5.0 (iPhone; CPU iPhone OS 13_2_3 like Mac OS X) AppleWebKit/605.1.15 (KHTML, like Gecko) Version/13.0.3 Mobile/15E148 Safari/604.1"
209.74.77.214 - - [13/Jul/2025:17:19:11 +0000] "POST /wp-cron.php?doing_wp_cron=1752427151.4701619148254394531250 HTTP/1.1" 200 - "-" "WordPress/6.8.1; https://listingslad.com"
66.249.74.14 - - [13/Jul/2025:17:19:09 +0000] "GET /compare/ HTTP/1.1" 200 35847 "-" "Mozilla/5.0 (Linux; Android 6.0.1; Nexus 5X Build/MMB29P) AppleWebKit/537.36 (KHTML, like Gecko) Chrome/137.0.7151.103 Mobile Safari/537.36 (compatible; Googlebot/2.1; +http://www.google.com/bot.html)"
66.249.74.13 - - [13/Jul/2025:17:19:16 +0000] "GET /wp-content/plugins/jetpack/jetpack_vendor/automattic/jetpack-forms/dist/modules/form/view.js?ver=14.8 HTTP/1.1" 200 2726 "https://listingslad.com/compare/" "Mozilla/5.0 (Linux; Android 6.0.1; Nexus 5X Build/MMB29P) AppleWebKit/537.36 (KHTML, like Gecko) Chrome/137.0.7151.119 Mobile Safari/537.36 (compatible; Googlebot/2.1; +http://www.google.com/bot.html)"
66.249.74.14 - - [13/Jul/2025:17:19:16 +0000] "GET /wp-includes/js/mediaelement/wp-mediaelement.min.css?ver=6.8.1 HTTP/1.1" 200 1156 "https://listingslad.com/compare/" "Mozilla/5.0 (Linux; Android 6.0.1; Nexus 5X Build/MMB29P) AppleWebKit/537.36 (KHTML, like Gecko) Chrome/137.0.7151.119 Mobile Safari/537.36 (compatible; Googlebot/2.1; +http://www.google.com/bot.html)"
66.249.74.13 - - [13/Jul/2025:17:19:25 +0000] "GET /wp-content/uploads/2024/08/cropped-android-chrome-512x512-1-192x192.png HTTP/1.1" 200 62051 "-" "Googlebot-Image/1.0"
66.249.74.13 - - [13/Jul/2025:17:19:26 +0000] "GET /wp-content/uploads/2024/08/cropped-android-chrome-512x512-1.png HTTP/1.1" 200 322927 "-" "Googlebot-Image/1.0"
209.74.77.214 - - [13/Jul/2025:17:19:29 +0000] "POST /wp-cron.php?doing_wp_cron=1752427169.0928668975830078125000 HTTP/1.1" 200 - "-" "WordPress/6.8.1; https://listingslad.com"
66.249.74.13 - - [13/Jul/2025:17:19:28 +0000] "GET /favicon.ico HTTP/1.1" 302 - "-" "Googlebot-Image/1.0"
66.249.74.13 - - [13/Jul/2025:17:19:29 +0000] "GET /wp-content/uploads/2024/08/cropped-android-chrome-512x512-1-32x32.png HTTP/1.1" 200 2670 "-" "Googlebot-Image/1.0"
66.249.74.13 - - [13/Jul/2025:17:19:30 +0000] "GET /wp-content/uploads/2024/08/cropped-android-chrome-512x512-1-32x32.png HTTP/1.1" 200 2670 "-" "Googlebot-Image/1.0"
66.249.74.13 - - [13/Jul/2025:17:19:31 +0000] "GET /wp-content/uploads/2024/08/cropped-android-chrome-512x512-1-180x180.png HTTP/1.1" 200 55507 "-" "Googlebot-Image/1.0"
209.74.77.214 - - [13/Jul/2025:17:20:39 +0000] "POST /wp-cron.php?doing_wp_cron=1752427239.8669240474700927734375 HTTP/1.1" 200 - "-" "WordPress/6.8.1; https://listingslad.com"
49.51.183.84 - - [13/Jul/2025:17:20:37 +0000] "GET /blog/ HTTP/1.1" 200 45188 "-" "Mozilla/5.0 (iPhone; CPU iPhone OS 13_2_3 like Mac OS X) AppleWebKit/605.1.15 (KHTML, like Gecko) Version/13.0.3 Mobile/15E148 Safari/604.1"
209.74.77.214 - - [13/Jul/2025:17:31:10 +0000] "POST /wp-cron.php?doing_wp_cron=1752427870.8866639137268066406250 HTTP/1.1" 200 - "-" "WordPress/6.8.1; https://listingslad.com"
43.166.237.57 - - [13/Jul/2025:17:31:08 +0000] "GET /faq/ HTTP/1.1" 200 45633 "-" "Mozilla/5.0 (iPhone; CPU iPhone OS 13_2_3 like Mac OS X) AppleWebKit/605.1.15 (KHTML, like Gecko) Version/13.0.3 Mobile/15E148 Safari/604.1"
209.74.77.214 - - [13/Jul/2025:17:35:14 +0000] "POST /wp-cron.php?doing_wp_cron=1752428114.0104351043701171875000 HTTP/1.1" 200 - "-" "WordPress/6.8.1; https://listingslad.com"
198.46.234.28 - - [13/Jul/2025:17:35:11 +0000] "POST /index.php/wp-json/litespeed/v1/cdn_status HTTP/1.1" 404 117 "https://listingslad.com/wp-admin/update.php?action=upload-plugin" "Mozilla/5.0 (Windows NT 10.0; Win64; x64; rv:128.0) Gecko/20100101 Firefox/128.0"
209.74.77.214 - - [13/Jul/2025:17:41:57 +0000] "POST /wp-cron.php?doing_wp_cron=1752428517.3986320495605468750000 HTTP/1.1" 200 - "-" "WordPress/6.8.1; https://listingslad.com"
43.130.105.21 - - [13/Jul/2025:17:41:54 +0000] "GET /contact-us/ HTTP/1.1" 200 43319 "-" "Mozilla/5.0 (iPhone; CPU iPhone OS 13_2_3 like Mac OS X) AppleWebKit/605.1.15 (KHTML, like Gecko) Version/13.0.3 Mobile/15E148 Safari/604.1"
209.74.77.214 - - [13/Jul/2025:17:45:09 +0000] "POST /wp-cron.php?doing_wp_cron=1752428709.1274960041046142578125 HTTP/1.1" 200 - "-" "WordPress/6.8.1; https://listingslad.com"
103.172.23.174 - - [13/Jul/2025:17:45:08 +0000] "POST /wp-comments-post.php HTTP/1.1" 302 - "-" "Mozilla/5.0 (Windows NT 10.0; Win64; x64) AppleWebKit/537.36 (KHTML, like Gecko) Chrome/120.0.0.0 Safari/537.36"
209.74.77.214 - - [13/Jul/2025:17:45:09 +0000] "GET /wp-json/jetpack/v4/sync/spawn-sync?time=1752428709&request_lock_id=1752428709.3643 HTTP/1.1" 200 37 "-" "WordPress/6.8.1; https://listingslad.com"
103.172.23.174 - - [13/Jul/2025:17:45:22 +0000] "POST /wp-comments-post.php HTTP/1.1" 429 1107 "-" "Mozilla/5.0 (Windows NT 10.0; Win64; x64) AppleWebKit/537.36 (KHTML, like Gecko) Chrome/120.0.0.0 Safari/537.36"
209.74.77.214 - - [13/Jul/2025:17:45:32 +0000] "POST /wp-cron.php?doing_wp_cron=1752428732.3867099285125732421875 HTTP/1.1" 200 - "-" "WordPress/6.8.1; https://listingslad.com"
49.146.54.163 - - [13/Jul/2025:17:45:32 +0000] "POST /wp-comments-post.php HTTP/1.1" 302 - "-" "Mozilla/5.0 (Windows NT 10.0; Win64; x64) AppleWebKit/537.36 (KHTML, like Gecko) Chrome/120.0.0.0 Safari/537.36"
103.172.23.174 - - [13/Jul/2025:17:45:32 +0000] "POST /wp-comments-post.php HTTP/1.1" 302 - "-" "Mozilla/5.0 (Windows NT 10.0; Win64; x64) AppleWebKit/537.36 (KHTML, like Gecko) Chrome/120.0.0.0 Safari/537.36"
103.172.23.174 - - [13/Jul/2025:17:45:35 +0000] "POST /wp-comments-post.php HTTP/1.1" 429 1107 "-" "Mozilla/5.0 (Windows NT 10.0; Win64; x64) AppleWebKit/537.36 (KHTML, like Gecko) Chrome/120.0.0.0 Safari/537.36"
49.146.54.163 - - [13/Jul/2025:17:45:38 +0000] "POST /wp-comments-post.php HTTP/1.1" 429 1107 "-" "Mozilla/5.0 (Windows NT 10.0; Win64; x64) AppleWebKit/537.36 (KHTML, like Gecko) Chrome/120.0.0.0 Safari/537.36"
209.74.77.214 - - [13/Jul/2025:17:45:32 +0000] "GET /wp-json/jetpack/v4/sync/spawn-sync?time=1752428732&request_lock_id=1752428732.4658 HTTP/1.1" 200 37 "-" "WordPress/6.8.1; https://listingslad.com"
209.74.77.214 - - [13/Jul/2025:17:45:41 +0000] "GET /wp-json/jetpack/v4/sync/spawn-sync?time=1752428741&request_lock_id=1752428741.6603 HTTP/1.1" 200 37 "-" "WordPress/6.8.1; https://listingslad.com"
209.74.77.214 - - [13/Jul/2025:17:46:36 +0000] "POST /wp-cron.php?doing_wp_cron=1752428796.4665648937225341796875 HTTP/1.1" 200 - "-" "WordPress/6.8.1; https://listingslad.com"
35.247.2.155 - - [13/Jul/2025:17:46:35 +0000] "GET /.git/config HTTP/1.1" 301 - "-" "-"
209.74.77.214 - - [13/Jul/2025:17:50:57 +0000] "POST /wp-cron.php?doing_wp_cron=1752429057.9643189907073974609375 HTTP/1.1" 200 - "-" "WordPress/6.8.1; https://listingslad.com"
43.166.136.202 - - [13/Jul/2025:17:50:55 +0000] "GET /login-register/ HTTP/1.1" 200 50595 "-" "Mozilla/5.0 (iPhone; CPU iPhone OS 13_2_3 like Mac OS X) AppleWebKit/605.1.15 (KHTML, like Gecko) Version/13.0.3 Mobile/15E148 Safari/604.1"
125.160.90.219 - - [13/Jul/2025:17:52:03 +0000] "POST /wp-comments-post.php HTTP/1.1" 302 - "-" "Mozilla/5.0 (Windows NT 10.0; Win64; x64) AppleWebKit/537.36 (KHTML, like Gecko) Chrome/120.0.0.0 Safari/537.36"
209.74.77.214 - - [13/Jul/2025:17:52:06 +0000] "POST /wp-cron.php?doing_wp_cron=1752429126.4889919757843017578125 HTTP/1.1" 200 - "-" "WordPress/6.8.1; https://listingslad.com"
125.160.90.219 - - [13/Jul/2025:17:52:06 +0000] "POST /wp-comments-post.php HTTP/1.1" 429 1107 "-" "Mozilla/5.0 (Windows NT 10.0; Win64; x64) AppleWebKit/537.36 (KHTML, like Gecko) Chrome/120.0.0.0 Safari/537.36"
125.160.90.219 - - [13/Jul/2025:17:52:08 +0000] "POST /wp-comments-post.php HTTP/1.1" 429 1107 "-" "Mozilla/5.0 (Windows NT 10.0; Win64; x64) AppleWebKit/537.36 (KHTML, like Gecko) Chrome/120.0.0.0 Safari/537.36"
209.74.77.214 - - [13/Jul/2025:17:52:03 +0000] "GET /wp-json/jetpack/v4/sync/spawn-sync?time=1752429123&request_lock_id=1752429123.6678 HTTP/1.1" 200 37 "-" "WordPress/6.8.1; https://listingslad.com"
209.74.77.214 - - [13/Jul/2025:17:52:10 +0000] "POST /wp-cron.php?doing_wp_cron=1752429130.1033959388732910156250 HTTP/1.1" 200 - "-" "WordPress/6.8.1; https://listingslad.com"
125.160.90.219 - - [13/Jul/2025:17:52:09 +0000] "POST /wp-comments-post.php HTTP/1.1" 429 1107 "-" "Mozilla/5.0 (Windows NT 10.0; Win64; x64) AppleWebKit/537.36 (KHTML, like Gecko) Chrome/120.0.0.0 Safari/537.36"
125.160.90.219 - - [13/Jul/2025:17:52:11 +0000] "POST /wp-comments-post.php HTTP/1.1" 429 1107 "-" "Mozilla/5.0 (Windows NT 10.0; Win64; x64) AppleWebKit/537.36 (KHTML, like Gecko) Chrome/120.0.0.0 Safari/537.36"
125.160.90.219 - - [13/Jul/2025:17:52:13 +0000] "POST /wp-comments-post.php HTTP/1.1" 429 1107 "-" "Mozilla/5.0 (Windows NT 10.0; Win64; x64) AppleWebKit/537.36 (KHTML, like Gecko) Chrome/120.0.0.0 Safari/537.36"
125.160.90.219 - - [13/Jul/2025:17:52:15 +0000] "POST /wp-comments-post.php HTTP/1.1" 429 1107 "-" "Mozilla/5.0 (Windows NT 10.0; Win64; x64) AppleWebKit/537.36 (KHTML, like Gecko) Chrome/120.0.0.0 Safari/537.36"
209.74.77.214 - - [13/Jul/2025:18:00:41 +0000] "POST /wp-cron.php?doing_wp_cron=1752429641.3599700927734375000000 HTTP/1.1" 200 - "-" "WordPress/6.8.1; https://listingslad.com"
43.159.140.236 - - [13/Jul/2025:18:00:38 +0000] "GET /panel/create/ HTTP/1.1" 200 62674 "-" "Mozilla/5.0 (iPhone; CPU iPhone OS 13_2_3 like Mac OS X) AppleWebKit/605.1.15 (KHTML, like Gecko) Version/13.0.3 Mobile/15E148 Safari/604.1"
209.74.77.214 - - [13/Jul/2025:18:10:44 +0000] "POST /wp-cron.php?doing_wp_cron=1752430244.5042901039123535156250 HTTP/1.1" 200 - "-" "WordPress/6.8.1; https://listingslad.com"
43.157.158.178 - - [13/Jul/2025:18:10:41 +0000] "GET /page-404/ HTTP/1.1" 200 64961 "-" "Mozilla/5.0 (iPhone; CPU iPhone OS 13_2_3 like Mac OS X) AppleWebKit/605.1.15 (KHTML, like Gecko) Version/13.0.3 Mobile/15E148 Safari/604.1"
209.74.77.214 - - [13/Jul/2025:18:13:49 +0000] "POST /wp-cron.php?doing_wp_cron=1752430429.4386999607086181640625 HTTP/1.1" 200 - "-" "WordPress/6.8.1; https://listingslad.com"
209.74.77.214 - - [13/Jul/2025:18:13:49 +0000] "POST /wp-cron.php?doing_wp_cron=1752430429.4386999607086181640625 HTTP/1.1" 200 - "-" "WordPress/6.8.1; https://listingslad.com"
178.128.239.177 - - [13/Jul/2025:18:13:47 +0000] "POST /xmlrpc.php HTTP/1.1" 405 415 "-" "Mozilla/5.0 (Windows NT 10.0; Win64; x64) AppleWebKit/537.36 (KHTML, like Gecko) Chrome/60.0.3112.113 Safari/537.36"
49.233.58.23 - - [13/Jul/2025:18:13:47 +0000] "POST /xmlrpc.php HTTP/1.1" 405 415 "-" "Mozilla/5.0 (Windows NT 6.1; WOW64; rv:42.0) Gecko/20100101 Firefox/42.0"
158.101.231.239 - - [13/Jul/2025:18:13:59 +0000] "POST /xmlrpc.php HTTP/1.1" 405 415 "-" "Mozilla/5.0 (Windows NT 10.0; Win64; x64) AppleWebKit/537.36 (KHTML, like Gecko) Chrome/88.0.4324.190 Safari/537.36"
49.233.58.23 - - [13/Jul/2025:18:13:59 +0000] "POST /xmlrpc.php HTTP/1.1" 405 415 "-" "Mozilla/5.0 (Windows NT 10.0; Win64; x64) AppleWebKit/537.36 (KHTML, like Gecko) Chrome/84.0.4147.135 Safari/537.36"
192.238.142.176 - - [13/Jul/2025:18:14:04 +0000] "POST /xmlrpc.php HTTP/1.1" 405 415 "-" "Mozilla/5.0 (X11; Linux x86_64) AppleWebKit/537.36 (KHTML, like Gecko) Chrome/44.0.2403.157 Safari/537.36"
209.74.77.214 - - [13/Jul/2025:18:14:23 +0000] "POST /wp-cron.php?doing_wp_cron=1752430463.0785729885101318359375 HTTP/1.1" 200 - "-" "WordPress/6.8.1; https://listingslad.com"
8.138.148.78 - - [13/Jul/2025:18:14:22 +0000] "POST /xmlrpc.php HTTP/1.1" 405 415 "-" "Mozilla/5.0 (Windows NT 6.1; Win64; x64) AppleWebKit/537.36 (KHTML, like Gecko) Chrome/60.0.3112.90 Safari/537.36"
209.74.77.214 - - [13/Jul/2025:18:14:32 +0000] "POST /wp-cron.php?doing_wp_cron=1752430472.8649170398712158203125 HTTP/1.1" 200 - "-" "WordPress/6.8.1; https://listingslad.com"
103.74.119.206 - - [13/Jul/2025:18:14:32 +0000] "POST /xmlrpc.php HTTP/1.1" 405 415 "-" "Mozilla/5.0 (X11; Linux x86_64) AppleWebKit/537.36 (KHTML, like Gecko) Chrome/44.0.2403.157 Safari/537.36"
121.199.64.7 - - [13/Jul/2025:18:14:40 +0000] "POST /xmlrpc.php HTTP/1.1" 405 415 "-" "Mozilla/5.0 (Windows NT 6.1; Win64; x64) AppleWebKit/537.36 (KHTML, like Gecko) Chrome/74.0.3729.169 Safari/537.36"
209.74.77.214 - - [13/Jul/2025:18:14:43 +0000] "POST /wp-cron.php?doing_wp_cron=1752430483.7605950832366943359375 HTTP/1.1" 200 - "-" "WordPress/6.8.1; https://listingslad.com"
103.74.119.206 - - [13/Jul/2025:18:14:43 +0000] "POST /xmlrpc.php HTTP/1.1" 405 415 "-" "Mozilla/5.0 (Windows NT 10.0; Win64; x64; rv:61.0) Gecko/20100101 Firefox/61.0"
209.74.77.214 - - [13/Jul/2025:18:20:55 +0000] "POST /wp-cron.php?doing_wp_cron=1752430855.9787890911102294921875 HTTP/1.1" 200 - "-" "WordPress/6.8.1; https://listingslad.com"
43.166.247.82 - - [13/Jul/2025:18:20:53 +0000] "GET /login-register/?tab=login HTTP/1.1" 200 50595 "-" "Mozilla/5.0 (iPhone; CPU iPhone OS 13_2_3 like Mac OS X) AppleWebKit/605.1.15 (KHTML, like Gecko) Version/13.0.3 Mobile/15E148 Safari/604.1"
209.74.77.214 - - [13/Jul/2025:18:32:27 +0000] "POST /wp-cron.php?doing_wp_cron=1752431547.1360421180725097656250 HTTP/1.1" 200 - "-" "WordPress/6.8.1; https://listingslad.com"
43.153.48.240 - - [13/Jul/2025:18:32:24 +0000] "GET /wp-json/oembed/1.0/embed?url=https%3A%2F%2Flistingslad.com%2Ffaq%2F&format=xml HTTP/1.1" 200 1121 "-" "Mozilla/5.0 (iPhone; CPU iPhone OS 13_2_3 like Mac OS X) AppleWebKit/605.1.15 (KHTML, like Gecko) Version/13.0.3 Mobile/15E148 Safari/604.1"
209.74.77.214 - - [13/Jul/2025:18:43:14 +0000] "POST /wp-cron.php?doing_wp_cron=1752432194.9710509777069091796875 HTTP/1.1" 200 - "-" "WordPress/6.8.1; https://listingslad.com"
