186.156.223.239 - - [14/Jul/2025:02:01:58 +0000] "POST /xmlrpc.php HTTP/1.1" 405 415 "-" "Mozilla/5.0 (Windows NT 10.0; Win64; x64) AppleWebKit/537.36 (KHTML, like Gecko) Chrome/91.0.4472.124 Safari/537.36"
209.74.77.214 - - [14/Jul/2025:02:03:00 +0000] "POST /wp-cron.php?doing_wp_cron=1752458580.5907390117645263671875 HTTP/1.1" 200 - "-" "WordPress/6.8.1; https://listingslad.com"
186.156.223.239 - - [14/Jul/2025:02:02:58 +0000] "POST /xmlrpc.php HTTP/1.1" 405 415 "-" "Mozilla/5.0 (Windows NT 10.0; Win64; x64) AppleWebKit/537.36 (KHTML, like Gecko) Chrome/91.0.4472.124 Safari/537.36"
209.74.77.214 - - [14/Jul/2025:02:03:59 +0000] "POST /wp-cron.php?doing_wp_cron=1752458639.9411931037902832031250 HTTP/1.1" 200 - "-" "WordPress/6.8.1; https://listingslad.com"
186.156.223.239 - - [14/Jul/2025:02:03:58 +0000] "POST /xmlrpc.php HTTP/1.1" 405 415 "-" "Mozilla/5.0 (Windows NT 10.0; Win64; x64) AppleWebKit/537.36 (KHTML, like Gecko) Chrome/91.0.4472.124 Safari/537.36"
51.222.253.5 - - [14/Jul/2025:02:04:02 +0000] "GET /terms-of-service/ HTTP/1.1" 200 39861 "-" "Mozilla/5.0 (compatible; AhrefsBot/7.0; +http://ahrefs.com/robot/)"
209.74.77.214 - - [14/Jul/2025:02:05:00 +0000] "POST /wp-cron.php?doing_wp_cron=1752458700.2738950252532958984375 HTTP/1.1" 200 - "-" "WordPress/6.8.1; https://listingslad.com"
186.156.223.239 - - [14/Jul/2025:02:04:58 +0000] "POST /xmlrpc.php HTTP/1.1" 405 415 "-" "Mozilla/5.0 (Windows NT 10.0; Win64; x64) AppleWebKit/537.36 (KHTML, like Gecko) Chrome/91.0.4472.124 Safari/537.36"
209.74.77.214 - - [14/Jul/2025:02:05:59 +0000] "POST /wp-cron.php?doing_wp_cron=1752458759.7980029582977294921875 HTTP/1.1" 200 - "-" "WordPress/6.8.1; https://listingslad.com"
186.156.223.239 - - [14/Jul/2025:02:05:57 +0000] "POST /xmlrpc.php HTTP/1.1" 405 415 "-" "Mozilla/5.0 (Windows NT 10.0; Win64; x64) AppleWebKit/537.36 (KHTML, like Gecko) Chrome/91.0.4472.124 Safari/537.36"
209.74.77.214 - - [14/Jul/2025:02:17:41 +0000] "POST /wp-cron.php?doing_wp_cron=1752459461.2040190696716308593750 HTTP/1.1" 200 - "-" "WordPress/6.8.1; https://listingslad.com"
157.245.220.161 - - [14/Jul/2025:02:17:38 +0000] "POST /xmlrpc.php HTTP/1.1" 405 415 "-" "Mozilla/5.0 (Windows; U; Windows NT 5.1; en-US; rv:1.7.10) Gecko/20050716 Firefox/1.0.6"
209.74.77.214 - - [14/Jul/2025:02:17:43 +0000] "POST /wp-cron.php?doing_wp_cron=1752459463.5653190612792968750000 HTTP/1.1" 200 - "-" "WordPress/6.8.1; https://listingslad.com"
51.161.11.127 - - [14/Jul/2025:02:17:43 +0000] "POST /xmlrpc.php HTTP/1.1" 405 415 "-" "Mozilla/5.0 (Linux; Android 10; SM-A205U) AppleWebKit/537.36 (KHTML, like Gecko) Chrome/91.0.4472.114 Mobile Safari/537.36"
209.74.77.214 - - [14/Jul/2025:02:17:48 +0000] "POST /wp-cron.php?doing_wp_cron=1752459468.7838020324707031250000 HTTP/1.1" 200 - "-" "WordPress/6.8.1; https://listingslad.com"
66.94.119.136 - - [14/Jul/2025:02:17:48 +0000] "POST /xmlrpc.php HTTP/1.1" 405 415 "-" "Mozilla/5.0 (Windows NT 10.0; WOW64; rv:50.0) Gecko/20100101 Firefox/50.0"
192.210.144.233 - - [14/Jul/2025:02:17:49 +0000] "POST /xmlrpc.php HTTP/1.1" 405 415 "-" "Mozilla/5.0 (Windows NT 6.3; Win64; x64) AppleWebKit/537.36 (KHTML, like Gecko) Chrome/60.0.3112.113 Safari/537.36"
66.94.119.136 - - [14/Jul/2025:02:17:58 +0000] "POST /xmlrpc.php HTTP/1.1" 405 415 "-" "Mozilla/5.0 (Windows NT 10.0; Win64; x64; rv:66.0) Gecko/20100101 Firefox/66.0"
207.244.250.98 - - [14/Jul/2025:02:18:01 +0000] "POST /xmlrpc.php HTTP/1.1" 405 415 "-" "Mozilla/5.0 (Windows NT 10.0; Win64; x64) AppleWebKit/537.36 (KHTML, like Gecko) Chrome/83.0.4103.116 Safari/537.36"
209.74.77.214 - - [14/Jul/2025:02:18:09 +0000] "POST /wp-cron.php?doing_wp_cron=1752459489.0346260070800781250000 HTTP/1.1" 200 - "-" "WordPress/6.8.1; https://listingslad.com"
192.238.142.176 - - [14/Jul/2025:02:18:08 +0000] "POST /xmlrpc.php HTTP/1.1" 405 415 "-" "Mozilla/5.0 (Windows NT 10.0; Win64; x64) AppleWebKit/537.36 (KHTML, like Gecko) Chrome/60.0.3112.113 Safari/537.36"
103.74.119.206 - - [14/Jul/2025:02:18:16 +0000] "POST /xmlrpc.php HTTP/1.1" 405 415 "-" "Mozilla/5.0 (Windows NT 6.1; Win64; x64; rv:25.0) Gecko/20100101 Firefox/29.0"
34.132.81.192 - - [14/Jul/2025:02:18:17 +0000] "POST /xmlrpc.php HTTP/1.1" 405 415 "-" "Mozilla/5.0 (Windows NT 10.0; Win64; x64) AppleWebKit/537.36 (KHTML, like Gecko) Chrome/61.0.3163.100 Safari/537.36"
77.68.64.29 - - [14/Jul/2025:02:18:21 +0000] "POST /xmlrpc.php HTTP/1.1" 405 415 "-" "Mozilla/5.0 (Windows NT 5.1; rv:40.0) Gecko/20100101 Firefox/40.0"
209.74.77.214 - - [14/Jul/2025:02:25:35 +0000] "POST /wp-cron.php?doing_wp_cron=1752459935.6546161174774169921875 HTTP/1.1" 200 - "-" "WordPress/6.8.1; https://listingslad.com"
51.222.253.8 - - [14/Jul/2025:02:25:33 +0000] "GET /login-register/?tab=register HTTP/1.1" 200 50597 "-" "Mozilla/5.0 (compatible; AhrefsBot/7.0; +http://ahrefs.com/robot/)"
209.74.77.214 - - [14/Jul/2025:02:25:59 +0000] "POST /wp-cron.php?doing_wp_cron=1752459959.7590088844299316406250 HTTP/1.1" 200 - "-" "WordPress/6.8.1; https://listingslad.com"
51.222.253.6 - - [14/Jul/2025:02:25:59 +0000] "GET /login-register/?tab=register HTTP/1.1" 200 50597 "-" "Mozilla/5.0 (compatible; AhrefsBot/7.0; +http://ahrefs.com/robot/)"
209.74.77.214 - - [14/Jul/2025:02:48:37 +0000] "POST /wp-cron.php?doing_wp_cron=1752461317.6931068897247314453125 HTTP/1.1" 200 - "-" "WordPress/6.8.1; https://listingslad.com"
51.222.253.16 - - [14/Jul/2025:02:48:35 +0000] "GET /ad/wedding-decorations/ HTTP/1.1" 200 67787 "-" "Mozilla/5.0 (compatible; AhrefsBot/7.0; +http://ahrefs.com/robot/)"
51.222.253.4 - - [14/Jul/2025:02:48:52 +0000] "GET /wp-content/uploads/2021/10/wedding-7.jpg HTTP/1.1" 200 71308 "-" "Mozilla/5.0 (compatible; AhrefsBot/7.0; +http://ahrefs.com/robot/)"
209.74.77.214 - - [14/Jul/2025:02:48:54 +0000] "POST /wp-cron.php?doing_wp_cron=1752461334.3559820652008056640625 HTTP/1.1" 200 - "-" "WordPress/6.8.1; https://listingslad.com"
51.222.253.1 - - [14/Jul/2025:02:48:54 +0000] "GET /ad/wedding-decorations/ HTTP/1.1" 200 67787 "-" "Mozilla/5.0 (compatible; AhrefsBot/7.0; +http://ahrefs.com/robot/)"
209.74.77.214 - - [14/Jul/2025:02:59:54 +0000] "POST /wp-cron.php?doing_wp_cron=1752461994.7382240295410156250000 HTTP/1.1" 200 - "-" "WordPress/6.8.1; https://listingslad.com"
45.87.153.22 - - [14/Jul/2025:02:59:52 +0000] "HEAD / HTTP/1.1" 200 - "-" "Mozilla/5.0 (Windows NT 10.0; Win64; x64) AppleWebKit/537.36 (KHTML, like Gecko) Chrome/91.0.4472.124 Safari/537.36"
209.74.77.214 - - [14/Jul/2025:03:01:11 +0000] "POST /wp-cron.php?doing_wp_cron=1752462071.0092198848724365234375 HTTP/1.1" 200 - "-" "WordPress/6.8.1; https://listingslad.com"
192.210.144.233 - - [14/Jul/2025:03:01:08 +0000] "POST /xmlrpc.php HTTP/1.1" 405 415 "-" "Mozilla/5.0 (Windows NT 10.0; Win64; x64; rv:85.0) Gecko/20100101 Firefox/85.0"
209.74.77.214 - - [14/Jul/2025:03:01:14 +0000] "POST /wp-cron.php?doing_wp_cron=1752462074.1535720825195312500000 HTTP/1.1" 200 - "-" "WordPress/6.8.1; https://listingslad.com"
38.147.171.146 - - [14/Jul/2025:03:01:13 +0000] "POST /xmlrpc.php HTTP/1.1" 405 415 "-" "Mozilla/5.0 (Windows NT 6.1; WOW64; rv:44.0) Gecko/20100101 Firefox/44.0"
219.94.129.80 - - [14/Jul/2025:03:01:14 +0000] "POST /xmlrpc.php HTTP/1.1" 405 415 "-" "Mozilla/5.0 (Windows NT 6.1; WOW64; rv:41.0) Gecko/20100101 Firefox/41.0"
209.145.56.24 - - [14/Jul/2025:03:01:23 +0000] "POST /xmlrpc.php HTTP/1.1" 405 415 "-" "Mozilla/5.0 (Windows NT 6.1; WOW64; rv:41.0) Gecko/20100101 Firefox/41.0"
192.238.142.176 - - [14/Jul/2025:03:01:24 +0000] "POST /xmlrpc.php HTTP/1.1" 405 415 "-" "Mozilla/5.0 (Windows NT 10.0; WOW64) AppleWebKit/537.36 (KHTML, like Gecko) Chrome/91.0.4472.114 Safari/537.36"
47.251.116.156 - - [14/Jul/2025:03:01:26 +0000] "POST /xmlrpc.php HTTP/1.1" 405 415 "-" "Mozilla/5.0 (Windows NT 6.1; Win64; x64) AppleWebKit/537.36 (KHTML, like Gecko) Chrome/63.0.3239.132 Safari/537.36"
209.74.77.214 - - [14/Jul/2025:03:01:28 +0000] "POST /wp-cron.php?doing_wp_cron=1752462088.4790439605712890625000 HTTP/1.1" 200 - "-" "WordPress/6.8.1; https://listingslad.com"
85.95.241.18 - - [14/Jul/2025:03:01:28 +0000] "POST /xmlrpc.php HTTP/1.1" 405 415 "-" "Mozilla/5.0 (Windows NT 6.1; rv:52.0) Gecko/20100101 Firefox/52.0"
47.251.116.156 - - [14/Jul/2025:03:01:34 +0000] "POST /xmlrpc.php HTTP/1.1" 405 415 "-" "Mozilla/5.0 (iPad; CPU OS 14_6 like Mac OS X) AppleWebKit/605.1.15 (KHTML, like Gecko) CriOS/91.0.4472.80 Mobile/15E148 Safari/604.1"
192.238.142.176 - - [14/Jul/2025:03:01:35 +0000] "POST /xmlrpc.php HTTP/1.1" 405 415 "-" "Mozilla/5.0 (Windows NT 10.0; Win64; x64) AppleWebKit/537.36 (KHTML, like Gecko) Chrome/74.0.3729.157 Safari/537.36"
209.74.77.214 - - [14/Jul/2025:03:01:42 +0000] "POST /wp-cron.php?doing_wp_cron=1752462102.3151669502258300781250 HTTP/1.1" 200 - "-" "WordPress/6.8.1; https://listingslad.com"
207.244.250.98 - - [14/Jul/2025:03:01:42 +0000] "POST /xmlrpc.php HTTP/1.1" 405 415 "-" "Mozilla/5.0 (Windows NT 10.0; Win64; x64; rv:60.0) Gecko/20100101 Firefox/60.0"
209.74.77.214 - - [14/Jul/2025:03:09:56 +0000] "POST /wp-cron.php?doing_wp_cron=1752462596.0154809951782226562500 HTTP/1.1" 200 - "-" "WordPress/6.8.1; https://listingslad.com"
51.222.253.20 - - [14/Jul/2025:03:09:53 +0000] "GET /category/business/feed/ HTTP/1.1" 304 - "-" "Mozilla/5.0 (compatible; AhrefsBot/7.0; +http://ahrefs.com/robot/)"
209.74.77.214 - - [14/Jul/2025:03:20:44 +0000] "POST /wp-cron.php?doing_wp_cron=1752463244.2920429706573486328125 HTTP/1.1" 200 - "-" "WordPress/6.8.1; https://listingslad.com"
134.17.14.12 - - [14/Jul/2025:03:20:41 +0000] "GET /admin.php?action=p&api=p&path=p&token= HTTP/1.1" 404 65031 "-" "Mozilla/5.0 (Windows NT 10.0; Win64; x64; rv:140.0) Gecko/20100101 Firefox/140.0"
209.74.77.214 - - [14/Jul/2025:03:23:58 +0000] "POST /wp-cron.php?doing_wp_cron=1752463438.5219960212707519531250 HTTP/1.1" 200 - "-" "WordPress/6.8.1; https://listingslad.com"
54.72.206.215 - - [14/Jul/2025:03:23:55 +0000] "GET / HTTP/1.1" 200 506428 "-" "Mozilla/5.0 (X11; Linux x86_64) AppleWebKit/537.36 (KHTML, like Gecko) Chrome/92.0.4515.107 Safari/537.36"
54.72.206.215 - - [14/Jul/2025:03:24:00 +0000] "GET /about HTTP/1.1" 301 - "-" "Mozilla/5.0 (X11; Linux x86_64) AppleWebKit/537.36 (KHTML, like Gecko) Chrome/92.0.4515.107 Safari/537.36"
54.72.206.215 - - [14/Jul/2025:03:24:01 +0000] "GET /about-us/ HTTP/1.1" 200 362563 "-" "Mozilla/5.0 (X11; Linux x86_64) AppleWebKit/537.36 (KHTML, like Gecko) Chrome/92.0.4515.107 Safari/537.36"
209.74.77.214 - - [14/Jul/2025:03:30:30 +0000] "POST /wp-cron.php?doing_wp_cron=1752463830.0559790134429931640625 HTTP/1.1" 200 - "-" "WordPress/6.8.1; https://listingslad.com"
51.222.253.3 - - [14/Jul/2025:03:30:27 +0000] "GET /ad/new-teddy-bear/ HTTP/1.1" 200 67163 "-" "Mozilla/5.0 (compatible; AhrefsBot/7.0; +http://ahrefs.com/robot/)"
209.74.77.214 - - [14/Jul/2025:03:30:55 +0000] "POST /wp-cron.php?doing_wp_cron=1752463855.6295020580291748046875 HTTP/1.1" 200 - "-" "WordPress/6.8.1; https://listingslad.com"
51.222.253.2 - - [14/Jul/2025:03:30:55 +0000] "GET /ad/new-teddy-bear/ HTTP/1.1" 200 67164 "-" "Mozilla/5.0 (compatible; AhrefsBot/7.0; +http://ahrefs.com/robot/)"
51.222.253.7 - - [14/Jul/2025:03:30:57 +0000] "GET /wp-content/uploads/2021/05/baby-009.jpg HTTP/1.1" 200 70969 "-" "Mozilla/5.0 (compatible; AhrefsBot/7.0; +http://ahrefs.com/robot/)"
169.150.222.76 - - [14/Jul/2025:03:39:12 +0000] "GET /wp-content/uploads/elementor/google-fonts/css/redhatdisplay.css?ver=1742256846 HTTP/1.1" 200 621 "http://listingslad.com/" "Mozilla/5.0 (Windows NT 10.0; Win64; x64) AppleWebKit/537.36 (KHTML, like Gecko) Chrome/136.0.0.0 Safari/537.36"
169.150.222.76 - - [14/Jul/2025:03:39:14 +0000] "GET /wp-content/uploads/elementor/google-fonts/css/lexenddeca.css?ver=1742256853 HTTP/1.1" 200 628 "http://listingslad.com/" "Mozilla/5.0 (Windows NT 10.0; Win64; x64) AppleWebKit/537.36 (KHTML, like Gecko) Chrome/136.0.0.0 Safari/537.36"
169.150.222.76 - - [14/Jul/2025:03:39:22 +0000] "GET /wp-content/uploads/2024/08/ListingsLadLogo.png HTTP/1.1" 200 63183 "http://listingslad.com/" "Mozilla/5.0 (Windows NT 10.0; Win64; x64) AppleWebKit/537.36 (KHTML, like Gecko) Chrome/136.0.0.0 Safari/537.36"
209.74.77.214 - - [14/Jul/2025:03:49:47 +0000] "POST /wp-cron.php?doing_wp_cron=1752464987.1959760189056396484375 HTTP/1.1" 200 - "-" "WordPress/6.8.1; https://listingslad.com"
51.222.253.5 - - [14/Jul/2025:03:49:44 +0000] "GET /ad/handbags-with-flowers/ HTTP/1.1" 200 66969 "-" "Mozilla/5.0 (compatible; AhrefsBot/7.0; +http://ahrefs.com/robot/)"
51.222.253.9 - - [14/Jul/2025:03:50:11 +0000] "GET /wp-content/uploads/2021/08/clothing-001.jpg HTTP/1.1" 200 70783 "-" "Mozilla/5.0 (compatible; AhrefsBot/7.0; +http://ahrefs.com/robot/)"
209.74.77.214 - - [14/Jul/2025:03:50:13 +0000] "POST /wp-cron.php?doing_wp_cron=1752465013.3981370925903320312500 HTTP/1.1" 200 - "-" "WordPress/6.8.1; https://listingslad.com"
51.222.253.19 - - [14/Jul/2025:03:50:12 +0000] "GET /ad/handbags-with-flowers/ HTTP/1.1" 200 66967 "-" "Mozilla/5.0 (compatible; AhrefsBot/7.0; +http://ahrefs.com/robot/)"
209.74.77.214 - - [14/Jul/2025:03:58:24 +0000] "POST /wp-cron.php?doing_wp_cron=1752465504.3975720405578613281250 HTTP/1.1" 200 - "-" "WordPress/6.8.1; https://listingslad.com"
209.74.77.214 - - [14/Jul/2025:03:58:18 +0000] "GET / HTTP/1.1" 200 506428 "-" "Mozilla/5.0 (Windows NT 10.0; Win64; x64; rv:122.0) Gecko/20100101 Firefox/122.0"
209.74.77.214 - - [14/Jul/2025:04:20:45 +0000] "POST /wp-cron.php?doing_wp_cron=1752466845.1783928871154785156250 HTTP/1.1" 200 - "-" "WordPress/6.8.1; https://listingslad.com"
57.141.2.17 - - [14/Jul/2025:04:20:42 +0000] "GET /index.html HTTP/1.1" 301 - "-" "meta-externalagent/1.1 (+https://developers.facebook.com/docs/sharing/webmasters/crawler)"
209.74.77.214 - - [14/Jul/2025:04:20:45 +0000] "POST /wp-admin/admin-ajax.php?action=wp_1_wc_privacy_cleanup&nonce=a6e820c85f HTTP/1.1" 200 - "-" "WordPress/6.8.1; https://listingslad.com"
209.74.77.214 - - [14/Jul/2025:04:20:50 +0000] "POST /wp-cron.php?doing_wp_cron=1752466850.2897489070892333984375 HTTP/1.1" 200 - "-" "WordPress/6.8.1; https://listingslad.com"
57.141.2.2 - - [14/Jul/2025:04:20:50 +0000] "GET / HTTP/1.1" 200 506428 "-" "meta-externalagent/1.1 (+https://developers.facebook.com/docs/sharing/webmasters/crawler)"
209.74.77.214 - - [14/Jul/2025:04:29:58 +0000] "POST /wp-cron.php?doing_wp_cron=1752467398.3081660270690917968750 HTTP/1.1" 200 - "-" "WordPress/6.8.1; https://listingslad.com"
51.222.253.19 - - [14/Jul/2025:04:29:55 +0000] "GET /blog/?pagination=2 HTTP/1.1" 200 44886 "-" "Mozilla/5.0 (compatible; AhrefsBot/7.0; +http://ahrefs.com/robot/)"
209.74.77.214 - - [14/Jul/2025:04:36:11 +0000] "POST /wp-cron.php?doing_wp_cron=1752467771.2655739784240722656250 HTTP/1.1" 200 - "-" "WordPress/6.8.1; https://listingslad.com"
198.46.234.28 - - [14/Jul/2025:04:36:09 +0000] "POST /index.php/wp-json/litespeed/v1/cdn_status HTTP/1.1" 404 117 "https://listingslad.com/wp-admin/update.php?action=upload-plugin" "Mozilla/5.0 (Windows NT 10.0; Win64; x64; rv:128.0) Gecko/20100101 Firefox/128.0"
209.74.77.214 - - [14/Jul/2025:05:16:04 +0000] "POST /wp-cron.php?doing_wp_cron=1752470164.6243529319763183593750 HTTP/1.1" 200 - "-" "WordPress/6.8.1; https://listingslad.com"
51.222.253.13 - - [14/Jul/2025:05:16:01 +0000] "GET /product/bump-up/ HTTP/1.1" 200 55708 "-" "Mozilla/5.0 (compatible; AhrefsBot/7.0; +http://ahrefs.com/robot/)"
209.74.77.214 - - [14/Jul/2025:05:16:18 +0000] "POST /wp-cron.php?doing_wp_cron=1752470178.6282780170440673828125 HTTP/1.1" 200 - "-" "WordPress/6.8.1; https://listingslad.com"
51.222.253.2 - - [14/Jul/2025:05:16:18 +0000] "GET /product/bump-up/ HTTP/1.1" 200 55708 "-" "Mozilla/5.0 (compatible; AhrefsBot/7.0; +http://ahrefs.com/robot/)"
209.74.77.214 - - [14/Jul/2025:05:34:14 +0000] "POST /wp-cron.php?doing_wp_cron=1752471254.1614520549774169921875 HTTP/1.1" 200 - "-" "WordPress/6.8.1; https://listingslad.com"
146.70.171.159 - - [14/Jul/2025:05:34:11 +0000] "GET /?s=../%5Cthink%5Capp/invokefunction&function=call_user_func_array&vars%5B0%5D=md5&vars%5B1%5D%5B%5D=HelloThinkPHP HTTP/1.1" 200 43564 "-" "Mozilla/5.0 (Macintosh; Intel Mac OS X 10_12_6) AppleWebKit/537.36 (KHTML, like Gecko) Chrome/58.0.1967.14 Safari/537.36"
146.70.171.159 - - [14/Jul/2025:05:34:15 +0000] "GET /?s=../%5Cthink%5CContainer/invokefunction&function=call_user_func_array&vars%5B0%5D=md5&vars%5B1%5D%5B%5D=HelloThinkPHP HTTP/1.1" 200 43569 "-" "Mozilla/5.0 (Windows NT 10.0; WOW64) AppleWebKit/537.36 (KHTML, like Gecko) Chrome/59.0.1033.126 Safari/537.36"
146.70.171.159 - - [14/Jul/2025:05:34:16 +0000] "GET /?s=/index/%5Cthink%5Capp/invokefunction&function=call_user_func_array&vars%5B0%5D=md5&vars%5B1%5D%5B%5D=HelloThinkPHP HTTP/1.1" 200 43567 "-" "Mozilla/5.0 (X11; Linux x86_64) AppleWebKit/537.36 (KHTML, like Gecko) Chrome/57.0.2811.90 Safari/537.36"
146.70.171.159 - - [14/Jul/2025:05:34:17 +0000] "GET /?s=/index/%5Cthink%5CContainer/invokefunction&function=call_user_func_array&vars%5B0%5D=md5&vars%5B1%5D%5B%5D=HelloThinkPHP HTTP/1.1" 200 43571 "-" "Mozilla/5.0 (X11; Linux x86_64) AppleWebKit/537.36 (KHTML, like Gecko) Chrome/59.0.274.106 Safari/537.36"
146.70.171.159 - - [14/Jul/2025:05:34:18 +0000] "GET /?s=/Home/%5Cthink%5Capp/invokefunction&function=call_user_func_array&vars%5B0%5D=md5&vars%5B1%5D%5B%5D=HelloThinkPHP HTTP/1.1" 200 43575 "-" "Mozilla/5.0 (Windows NT 10.0; WOW64) AppleWebKit/537.36 (KHTML, like Gecko) Chrome/55.0.2778.26 Safari/537.36"
209.74.77.214 - - [14/Jul/2025:05:43:40 +0000] "POST /wp-cron.php?doing_wp_cron=1752471820.5805079936981201171875 HTTP/1.1" 200 - "-" "WordPress/6.8.1; https://listingslad.com"
23.80.154.191 - - [14/Jul/2025:05:43:37 +0000] "GET / HTTP/1.1" 200 61124 "-" "Mozilla/5.0 (iPhone; CPU iPhone OS 17_7 like Mac OS X) AppleWebKit/605.1.15 (KHTML, like Gecko) Version/17.6 Mobile/15E148 Safari/604.1"
23.80.154.191 - - [14/Jul/2025:05:43:41 +0000] "GET /panel/create/ HTTP/1.1" 200 62676 "-" "Mozilla/5.0 (iPhone; CPU iPhone OS 17_7 like Mac OS X) AppleWebKit/605.1.15 (KHTML, like Gecko) Version/17.6 Mobile/15E148 Safari/604.1"
209.74.77.214 - - [14/Jul/2025:05:43:42 +0000] "POST /wp-cron.php?doing_wp_cron=1752471822.0576550960540771484375 HTTP/1.1" 200 - "-" "WordPress/6.8.1; https://listingslad.com"
23.80.154.191 - - [14/Jul/2025:05:43:41 +0000] "GET /blog/ HTTP/1.1" 200 45187 "-" "Mozilla/5.0 (iPhone; CPU iPhone OS 17_7 like Mac OS X) AppleWebKit/605.1.15 (KHTML, like Gecko) Version/17.6 Mobile/15E148 Safari/604.1"
23.80.154.191 - - [14/Jul/2025:05:43:42 +0000] "GET /about-us/ HTTP/1.1" 200 48213 "-" "Mozilla/5.0 (iPhone; CPU iPhone OS 17_7 like Mac OS X) AppleWebKit/605.1.15 (KHTML, like Gecko) Version/17.6 Mobile/15E148 Safari/604.1"
209.74.77.214 - - [14/Jul/2025:05:43:43 +0000] "POST /wp-cron.php?doing_wp_cron=1752471823.1139600276947021484375 HTTP/1.1" 200 - "-" "WordPress/6.8.1; https://listingslad.com"
23.80.154.191 - - [14/Jul/2025:05:43:42 +0000] "GET /contact-us/ HTTP/1.1" 200 43318 "-" "Mozilla/5.0 (iPhone; CPU iPhone OS 17_7 like Mac OS X) AppleWebKit/605.1.15 (KHTML, like Gecko) Version/17.6 Mobile/15E148 Safari/604.1"
23.80.154.191 - - [14/Jul/2025:05:43:43 +0000] "GET /wp-content/plugins/woocommerce/assets/js/frontend/add-to-cart.min.js?ver=9.9.5 HTTP/1.1" 200 1368 "-" "Mozilla/5.0 (iPhone; CPU iPhone OS 17_7 like Mac OS X) AppleWebKit/605.1.15 (KHTML, like Gecko) Version/17.6 Mobile/15E148 Safari/604.1"
23.80.154.191 - - [14/Jul/2025:05:43:43 +0000] "GET /wp-content/plugins/jetpack/jetpack_vendor/automattic/jetpack-forms/dist/modules/form/view.js?ver=14.8 HTTP/1.1" 200 2726 "-" "Mozilla/5.0 (iPhone; CPU iPhone OS 17_7 like Mac OS X) AppleWebKit/605.1.15 (KHTML, like Gecko) Version/17.6 Mobile/15E148 Safari/604.1"
23.80.154.191 - - [14/Jul/2025:05:43:43 +0000] "GET /wp-content/plugins/elementor/assets/lib/swiper/v8/swiper.min.js?ver=8.4.5 HTTP/1.1" 200 39695 "-" "Mozilla/5.0 (iPhone; CPU iPhone OS 17_7 like Mac OS X) AppleWebKit/605.1.15 (KHTML, like Gecko) Version/17.6 Mobile/15E148 Safari/604.1"
23.80.154.191 - - [14/Jul/2025:05:43:43 +0000] "GET /wp-content/plugins/listivo-core/assets/js/frontend.min.js?ver=2.3.62 HTTP/1.1" 200 202169 "-" "Mozilla/5.0 (iPhone; CPU iPhone OS 17_7 like Mac OS X) AppleWebKit/605.1.15 (KHTML, like Gecko) Version/17.6 Mobile/15E148 Safari/604.1"
23.80.154.191 - - [14/Jul/2025:05:43:43 +0000] "GET /wp-content/plugins/listivo-core/assets/js/sweetalert2.min.js?ver=11.0.12 HTTP/1.1" 200 13164 "-" "Mozilla/5.0 (iPhone; CPU iPhone OS 17_7 like Mac OS X) AppleWebKit/605.1.15 (KHTML, like Gecko) Version/17.6 Mobile/15E148 Safari/604.1"
209.74.77.214 - - [14/Jul/2025:05:45:00 +0000] "POST /wp-cron.php?doing_wp_cron=1752471900.7235291004180908203125 HTTP/1.1" 200 - "-" "WordPress/6.8.1; https://listingslad.com"
209.74.77.214 - - [14/Jul/2025:05:45:10 +0000] "POST /wp-cron.php?doing_wp_cron=1752471910.2210710048675537109375 HTTP/1.1" 200 - "-" "WordPress/6.8.1; https://listingslad.com"
209.74.77.214 - - [14/Jul/2025:05:47:14 +0000] "POST /wp-cron.php?doing_wp_cron=1752472034.8435978889465332031250 HTTP/1.1" 200 - "-" "WordPress/6.8.1; https://listingslad.com"
209.74.77.214 - - [14/Jul/2025:05:47:33 +0000] "POST /wp-cron.php?doing_wp_cron=1752472053.7875599861145019531250 HTTP/1.1" 200 - "-" "WordPress/6.8.1; https://listingslad.com"
39.101.207.133 - - [14/Jul/2025:05:47:33 +0000] "POST /xmlrpc.php HTTP/1.1" 405 415 "-" "Mozilla/5.0 (Windows NT 6.1; WOW64; rv:43.0) Gecko/20100101 Firefox/43.0"
47.98.113.20 - - [14/Jul/2025:05:47:39 +0000] "POST /xmlrpc.php HTTP/1.1" 405 415 "-" "Mozilla/5.0 (Linux; Android 10) AppleWebKit/537.36 (KHTML, like Gecko) Chrome/91.0.4472.114 Mobile Safari/537.36"
209.74.77.214 - - [14/Jul/2025:05:47:42 +0000] "POST /wp-cron.php?doing_wp_cron=1752472062.8969058990478515625000 HTTP/1.1" 200 - "-" "WordPress/6.8.1; https://listingslad.com"
210.245.90.216 - - [14/Jul/2025:05:47:42 +0000] "POST /xmlrpc.php HTTP/1.1" 405 415 "-" "Mozilla/5.0 (Windows NT 6.1; rv:52.0) Gecko/20100101 Firefox/52.0"
209.74.77.214 - - [14/Jul/2025:05:47:47 +0000] "POST /wp-cron.php?doing_wp_cron=1752472067.4161369800567626953125 HTTP/1.1" 200 - "-" "WordPress/6.8.1; https://listingslad.com"
209.126.6.21 - - [14/Jul/2025:05:47:47 +0000] "POST /xmlrpc.php HTTP/1.1" 405 415 "-" "Mozilla/5.0 (Windows NT 10.0; WOW64; rv:52.0) Gecko/20100101 Firefox/52.0"
66.94.119.136 - - [14/Jul/2025:05:47:49 +0000] "POST /xmlrpc.php HTTP/1.1" 405 415 "-" "Mozilla/5.0 (Windows NT 10.0; Win64; x64) AppleWebKit/537.36 (KHTML, like Gecko) Chrome/88.0.4324.190 Safari/537.36"
39.101.207.133 - - [14/Jul/2025:05:47:54 +0000] "POST /xmlrpc.php HTTP/1.1" 405 415 "-" "Mozilla/5.0 (Windows NT 10.0; Win64; x64) AppleWebKit/537.36 (KHTML, like Gecko) Chrome/65.0.3325.181 Safari/537.36"
66.94.119.136 - - [14/Jul/2025:05:47:55 +0000] "POST /xmlrpc.php HTTP/1.1" 405 415 "-" "Mozilla/5.0 (Windows NT 10.0; Win64; x64) AppleWebKit/537.36 (KHTML, like Gecko) Chrome/79.0.3945.130 Safari/537.36"
209.74.77.214 - - [14/Jul/2025:05:48:25 +0000] "POST /wp-cron.php?doing_wp_cron=1752472105.5727798938751220703125 HTTP/1.1" 200 - "-" "WordPress/6.8.1; https://listingslad.com"
39.101.207.133 - - [14/Jul/2025:05:48:25 +0000] "POST /xmlrpc.php HTTP/1.1" 405 415 "-" "Mozilla/5.0 (iPhone; CPU iPhone OS 14_6 like Mac OS X) AppleWebKit/605.1.15 (KHTML, like Gecko) CriOS/91.0.4472.80 Mobile/15E148 Safari/604.1"
209.74.77.214 - - [14/Jul/2025:05:48:31 +0000] "POST /wp-cron.php?doing_wp_cron=1752472111.1971559524536132812500 HTTP/1.1" 200 - "-" "WordPress/6.8.1; https://listingslad.com"
38.147.171.146 - - [14/Jul/2025:05:48:31 +0000] "POST /xmlrpc.php HTTP/1.1" 405 415 "-" "Mozilla/5.0 (Windows NT 10.0; Win64; x64; rv:62.0) Gecko/20100101 Firefox/62.0"
47.52.209.228 - - [14/Jul/2025:05:48:33 +0000] "POST /xmlrpc.php HTTP/1.1" 405 415 "-" "Mozilla/5.0 (Linux; Android 10; SM-G960U) AppleWebKit/537.36 (KHTML, like Gecko) Chrome/91.0.4472.114 Mobile Safari/537.36"
209.74.77.214 - - [14/Jul/2025:06:02:37 +0000] "POST /wp-cron.php?doing_wp_cron=1752472957.1219871044158935546875 HTTP/1.1" 200 - "-" "WordPress/6.8.1; https://listingslad.com"
57.141.2.3 - - [14/Jul/2025:06:02:34 +0000] "GET / HTTP/1.1" 301 - "-" "meta-externalagent/1.1 (+https://developers.facebook.com/docs/sharing/webmasters/crawler)"
51.222.253.4 - - [14/Jul/2025:06:05:47 +0000] "GET /sitemap.xml HTTP/1.1" 200 4023 "-" "Mozilla/5.0 (compatible; AhrefsBot/7.0; +http://ahrefs.com/robot/)"
51.222.253.4 - - [14/Jul/2025:06:37:34 +0000] "GET /wp-sitemap.xml HTTP/1.1" 200 4059 "-" "Mozilla/5.0 (compatible; AhrefsBot/7.0; +http://ahrefs.com/robot/)"
124.226.222.66 - - [14/Jul/2025:06:55:17 +0000] "GET / HTTP/1.1" 200 61125 "http://www.listingslad.com" "Mozilla/5.0 (iPhone; CPU iPhone OS 13_2_3 like Mac OS X) AppleWebKit/605.1.15 (KHTML, like Gecko) Version/13.0.3 Mobile/15E148 Safari/604.1"
43.157.168.43 - - [14/Jul/2025:07:03:26 +0000] "GET / HTTP/1.1" 200 61125 "http://www.listingslad.com" "Mozilla/5.0 (iPhone; CPU iPhone OS 13_2_3 like Mac OS X) AppleWebKit/605.1.15 (KHTML, like Gecko) Version/13.0.3 Mobile/15E148 Safari/604.1"
209.74.77.214 - - [14/Jul/2025:07:06:36 +0000] "POST /wp-cron.php?doing_wp_cron=1752476796.9210839271545410156250 HTTP/1.1" 200 - "-" "WordPress/6.8.1; https://listingslad.com"
51.222.253.9 - - [14/Jul/2025:07:06:34 +0000] "GET /ad/nails-and-pedicure/ HTTP/1.1" 200 67843 "-" "Mozilla/5.0 (compatible; AhrefsBot/7.0; +http://ahrefs.com/robot/)"
209.74.77.214 - - [14/Jul/2025:07:07:23 +0000] "POST /wp-cron.php?doing_wp_cron=1752476843.5129199028015136718750 HTTP/1.1" 200 - "-" "WordPress/6.8.1; https://listingslad.com"
194.26.192.154 - - [14/Jul/2025:07:07:21 +0000] "GET /wp-content/plugins/WordPressCore/include.php HTTP/1.1" 404 65034 "-" "Mozlila/5.0 (Linux; Android 7.0; SM-G892A Bulid/NRD90M; wv) AppleWebKit/537.36 (KHTML, like Gecko) Version/4.0 Chrome/60.0.3112.107 Moblie Safari/537.36"
209.74.77.214 - - [14/Jul/2025:07:07:30 +0000] "POST /wp-cron.php?doing_wp_cron=1752476850.2018609046936035156250 HTTP/1.1" 200 - "-" "WordPress/6.8.1; https://listingslad.com"
194.26.192.154 - - [14/Jul/2025:07:07:29 +0000] "GET /wp-content/plugins/WordPressCore/include.php HTTP/1.1" 404 65034 "-" "Mozlila/5.0 (Linux; Android 7.0; SM-G892A Bulid/NRD90M; wv) AppleWebKit/537.36 (KHTML, like Gecko) Version/4.0 Chrome/60.0.3112.107 Moblie Safari/537.36"
43.159.141.150 - - [14/Jul/2025:07:15:34 +0000] "GET / HTTP/1.1" 200 61124 "http://listingslad.com" "Mozilla/5.0 (iPhone; CPU iPhone OS 13_2_3 like Mac OS X) AppleWebKit/605.1.15 (KHTML, like Gecko) Version/13.0.3 Mobile/15E148 Safari/604.1"
69.171.231.114 - - [14/Jul/2025:07:15:40 +0000] "GET /robots.txt HTTP/1.1" 206 80 "-" "facebookexternalhit/1.1 (+http://www.facebook.com/externalhit_uatext.php)"
209.74.77.214 - - [14/Jul/2025:07:35:43 +0000] "POST /wp-cron.php?doing_wp_cron=1752478543.2414429187774658203125 HTTP/1.1" 200 - "-" "WordPress/6.8.1; https://listingslad.com"
51.222.253.15 - - [14/Jul/2025:07:35:40 +0000] "GET /ad/modern-apartment/ HTTP/1.1" 200 69150 "-" "Mozilla/5.0 (compatible; AhrefsBot/7.0; +http://ahrefs.com/robot/)"
209.74.77.214 - - [14/Jul/2025:07:41:09 +0000] "POST /wp-cron.php?doing_wp_cron=1752478869.3186879158020019531250 HTTP/1.1" 200 - "-" "WordPress/6.8.1; https://listingslad.com"
212.118.53.218 - - [14/Jul/2025:07:41:06 +0000] "GET / HTTP/1.1" 301 - "-" "Mozilla/5.0 (Macintosh; Intel Mac OS X 10_15_7) AppleWebKit/537.36 (KHTML, like Gecko) Chrome/133.0.0.0 Safari/537.36"
212.118.53.218 - - [14/Jul/2025:07:41:10 +0000] "GET / HTTP/1.1" 200 61125 "https://LISTINGSLAD.COM" "Mozilla/5.0 (Macintosh; Intel Mac OS X 10_15_7) AppleWebKit/537.36 (KHTML, like Gecko) Chrome/133.0.0.0 Safari/537.36"
209.74.77.214 - - [14/Jul/2025:07:41:14 +0000] "POST /wp-cron.php?doing_wp_cron=1752478874.4947021007537841796875 HTTP/1.1" 200 - "-" "WordPress/6.8.1; https://listingslad.com"
45.115.252.186 - - [14/Jul/2025:07:41:14 +0000] "POST / HTTP/1.1" 200 61254 "-" "Mozilla/5.0 (Macintosh; Intel Mac OS X 10_15_7) AppleWebKit/537.36 (KHTML, like Gecko) Chrome/133.0.0.0 Safari/537.36"
45.115.252.186 - - [14/Jul/2025:07:41:19 +0000] "POST / HTTP/1.1" 200 61072 "-" "Mozilla/5.0 (Windows NT 10.0; Win64; x64) AppleWebKit/537.36 (KHTML, like Gecko) Chrome/120.0.0.0 Safari/537.36"
212.118.53.218 - - [14/Jul/2025:07:41:21 +0000] "GET /panel/create/ HTTP/1.1" 200 62678 "-" "Mozilla/5.0 (Macintosh; Intel Mac OS X 10_15_7) AppleWebKit/537.36 (KHTML, like Gecko) Chrome/133.0.0.0 Safari/537.36"
212.118.53.218 - - [14/Jul/2025:07:41:23 +0000] "GET /blog/ HTTP/1.1" 200 45189 "-" "Mozilla/5.0 (Macintosh; Intel Mac OS X 10_15_7) AppleWebKit/537.36 (KHTML, like Gecko) Chrome/133.0.0.0 Safari/537.36"
209.74.77.214 - - [14/Jul/2025:07:41:29 +0000] "POST /wp-cron.php?doing_wp_cron=1752478889.3675060272216796875000 HTTP/1.1" 200 - "-" "WordPress/6.8.1; https://listingslad.com"
45.115.252.186 - - [14/Jul/2025:07:41:29 +0000] "POST /blog/ HTTP/1.1" 200 45313 "-" "Mozilla/5.0 (Macintosh; Intel Mac OS X 10_15_7) AppleWebKit/537.36 (KHTML, like Gecko) Chrome/133.0.0.0 Safari/537.36"
45.115.252.186 - - [14/Jul/2025:07:41:33 +0000] "POST /blog/ HTTP/1.1" 200 45138 "-" "Mozilla/5.0 (Windows NT 10.0; Win64; x64) AppleWebKit/537.36 (KHTML, like Gecko) Chrome/120.0.0.0 Safari/537.36"
212.118.53.218 - - [14/Jul/2025:07:41:35 +0000] "GET /we-knew-it-we-had-left-the-ground/ HTTP/1.1" 200 50352 "-" "Mozilla/5.0 (Macintosh; Intel Mac OS X 10_15_7) AppleWebKit/537.36 (KHTML, like Gecko) Chrome/133.0.0.0 Safari/537.36"
209.74.77.214 - - [14/Jul/2025:07:41:42 +0000] "POST /wp-cron.php?doing_wp_cron=1752478902.3700881004333496093750 HTTP/1.1" 200 - "-" "WordPress/6.8.1; https://listingslad.com"
45.115.252.186 - - [14/Jul/2025:07:41:42 +0000] "POST /wp-comments-post.php HTTP/1.1" 200 1106 "-" "Mozilla/5.0 (Macintosh; Intel Mac OS X 10_15_7) AppleWebKit/537.36 (KHTML, like Gecko) Chrome/133.0.0.0 Safari/537.36"
209.74.77.214 - - [14/Jul/2025:07:41:44 +0000] "POST /wp-cron.php?doing_wp_cron=1752478904.2717220783233642578125 HTTP/1.1" 200 - "-" "WordPress/6.8.1; https://listingslad.com"
45.115.252.186 - - [14/Jul/2025:07:41:44 +0000] "POST /wp-comments-post.php HTTP/1.1" 200 - "-" "Mozilla/5.0 (Windows NT 10.0; Win64; x64) AppleWebKit/537.36 (KHTML, like Gecko) Chrome/120.0.0.0 Safari/537.36"
209.74.77.214 - - [14/Jul/2025:07:41:46 +0000] "POST /wp-cron.php?doing_wp_cron=1752478906.8268458843231201171875 HTTP/1.1" 200 - "-" "WordPress/6.8.1; https://listingslad.com"
45.115.252.186 - - [14/Jul/2025:07:41:46 +0000] "POST /we-knew-it-we-had-left-the-ground/ HTTP/1.1" 200 50480 "-" "Mozilla/5.0 (Macintosh; Intel Mac OS X 10_15_7) AppleWebKit/537.36 (KHTML, like Gecko) Chrome/133.0.0.0 Safari/537.36"
212.118.53.218 - - [14/Jul/2025:07:41:49 +0000] "GET /blog/?pagination=1 HTTP/1.1" 200 45189 "-" "Mozilla/5.0 (Macintosh; Intel Mac OS X 10_15_7) AppleWebKit/537.36 (KHTML, like Gecko) Chrome/133.0.0.0 Safari/537.36"
45.115.252.186 - - [14/Jul/2025:07:41:51 +0000] "POST /blog/?pagination=1 HTTP/1.1" 200 45314 "-" "Mozilla/5.0 (Macintosh; Intel Mac OS X 10_15_7) AppleWebKit/537.36 (KHTML, like Gecko) Chrome/133.0.0.0 Safari/537.36"
45.115.252.186 - - [14/Jul/2025:07:41:54 +0000] "POST /blog/?pagination=1 HTTP/1.1" 200 45139 "-" "Mozilla/5.0 (Windows NT 10.0; Win64; x64) AppleWebKit/537.36 (KHTML, like Gecko) Chrome/120.0.0.0 Safari/537.36"
212.118.53.218 - - [14/Jul/2025:07:41:56 +0000] "GET /blog/?pagination=2 HTTP/1.1" 200 44887 "-" "Mozilla/5.0 (Macintosh; Intel Mac OS X 10_15_7) AppleWebKit/537.36 (KHTML, like Gecko) Chrome/133.0.0.0 Safari/537.36"
212.118.53.218 - - [14/Jul/2025:07:41:57 +0000] "GET /tag/baby-accessories/ HTTP/1.1" 200 44395 "-" "Mozilla/5.0 (Macintosh; Intel Mac OS X 10_15_7) AppleWebKit/537.36 (KHTML, like Gecko) Chrome/133.0.0.0 Safari/537.36"
212.118.53.218 - - [14/Jul/2025:07:41:59 +0000] "GET /tag/technology/ HTTP/1.1" 200 44142 "-" "Mozilla/5.0 (Macintosh; Intel Mac OS X 10_15_7) AppleWebKit/537.36 (KHTML, like Gecko) Chrome/133.0.0.0 Safari/537.36"
45.115.252.186 - - [14/Jul/2025:07:42:01 +0000] "POST /tag/technology/ HTTP/1.1" 200 44268 "-" "Mozilla/5.0 (Macintosh; Intel Mac OS X 10_15_7) AppleWebKit/537.36 (KHTML, like Gecko) Chrome/133.0.0.0 Safari/537.36"
45.115.252.186 - - [14/Jul/2025:07:42:05 +0000] "POST /tag/technology/ HTTP/1.1" 200 44091 "-" "Mozilla/5.0 (Windows NT 10.0; Win64; x64) AppleWebKit/537.36 (KHTML, like Gecko) Chrome/120.0.0.0 Safari/537.36"
212.118.53.218 - - [14/Jul/2025:07:42:07 +0000] "GET /contact-us/ HTTP/1.1" 200 43319 "-" "Mozilla/5.0 (Macintosh; Intel Mac OS X 10_15_7) AppleWebKit/537.36 (KHTML, like Gecko) Chrome/133.0.0.0 Safari/537.36"
209.74.77.214 - - [14/Jul/2025:07:42:09 +0000] "POST /wp-cron.php?doing_wp_cron=1752478929.7826330661773681640625 HTTP/1.1" 200 - "-" "WordPress/6.8.1; https://listingslad.com"
45.115.252.186 - - [14/Jul/2025:07:42:09 +0000] "POST /contact-us/ HTTP/1.1" 200 43422 "-" "Mozilla/5.0 (Macintosh; Intel Mac OS X 10_15_7) AppleWebKit/537.36 (KHTML, like Gecko) Chrome/133.0.0.0 Safari/537.36"
45.115.252.186 - - [14/Jul/2025:07:42:12 +0000] "POST /contact-us/ HTTP/1.1" 200 43267 "-" "Mozilla/5.0 (Windows NT 10.0; Win64; x64) AppleWebKit/537.36 (KHTML, like Gecko) Chrome/120.0.0.0 Safari/537.36"
212.118.53.218 - - [14/Jul/2025:07:42:13 +0000] "GET /login-register/ HTTP/1.1" 200 50595 "-" "Mozilla/5.0 (Macintosh; Intel Mac OS X 10_15_7) AppleWebKit/537.36 (KHTML, like Gecko) Chrome/133.0.0.0 Safari/537.36"
212.118.53.218 - - [14/Jul/2025:07:42:14 +0000] "GET /login-register/?tab=login HTTP/1.1" 200 50595 "-" "Mozilla/5.0 (Macintosh; Intel Mac OS X 10_15_7) AppleWebKit/537.36 (KHTML, like Gecko) Chrome/133.0.0.0 Safari/537.36"
212.118.53.218 - - [14/Jul/2025:07:42:16 +0000] "GET /login-register/?tab=register HTTP/1.1" 200 50597 "-" "Mozilla/5.0 (Macintosh; Intel Mac OS X 10_15_7) AppleWebKit/537.36 (KHTML, like Gecko) Chrome/133.0.0.0 Safari/537.36"
209.74.77.214 - - [14/Jul/2025:08:04:27 +0000] "POST /wp-cron.php?doing_wp_cron=1752480267.4025690555572509765625 HTTP/1.1" 200 - "-" "WordPress/6.8.1; https://listingslad.com"
51.222.253.5 - - [14/Jul/2025:08:04:24 +0000] "GET /ad/little-bright-dog/ HTTP/1.1" 200 66459 "-" "Mozilla/5.0 (compatible; AhrefsBot/7.0; +http://ahrefs.com/robot/)"
209.74.77.214 - - [14/Jul/2025:08:36:31 +0000] "POST /wp-cron.php?doing_wp_cron=1752482191.0259680747985839843750 HTTP/1.1" 200 - "-" "WordPress/6.8.1; https://listingslad.com"
51.222.253.12 - - [14/Jul/2025:08:36:28 +0000] "GET /ads/devices,phones-for-sale/ HTTP/1.1" 200 68583 "-" "Mozilla/5.0 (compatible; AhrefsBot/7.0; +http://ahrefs.com/robot/)"
209.74.77.214 - - [14/Jul/2025:08:43:39 +0000] "POST /wp-cron.php?doing_wp_cron=1752482619.4870109558105468750000 HTTP/1.1" 200 - "-" "WordPress/6.8.1; https://listingslad.com"
88.218.62.29 - - [14/Jul/2025:08:43:36 +0000] "GET / HTTP/1.1" 301 - "-" "Mozilla/5.0 (Macintosh; Intel Mac OS X 10_15_7) AppleWebKit/537.36 (KHTML, like Gecko) Chrome/133.0.0.0 Safari/537.36"
88.218.62.29 - - [14/Jul/2025:08:43:40 +0000] "GET / HTTP/1.1" 200 61125 "https://LISTINGSLAD.COM" "Mozilla/5.0 (Macintosh; Intel Mac OS X 10_15_7) AppleWebKit/537.36 (KHTML, like Gecko) Chrome/133.0.0.0 Safari/537.36"
209.74.77.214 - - [14/Jul/2025:08:43:43 +0000] "POST /wp-cron.php?doing_wp_cron=1752482623.1777939796447753906250 HTTP/1.1" 200 - "-" "WordPress/6.8.1; https://listingslad.com"
156.200.109.155 - - [14/Jul/2025:08:43:42 +0000] "POST / HTTP/1.1" 200 61256 "-" "Mozilla/5.0 (Macintosh; Intel Mac OS X 10_15_7) AppleWebKit/537.36 (KHTML, like Gecko) Chrome/133.0.0.0 Safari/537.36"
209.74.77.214 - - [14/Jul/2025:08:43:45 +0000] "POST /wp-cron.php?doing_wp_cron=1752482625.0782759189605712890625 HTTP/1.1" 200 - "-" "WordPress/6.8.1; https://listingslad.com"
156.200.109.155 - - [14/Jul/2025:08:43:44 +0000] "POST / HTTP/1.1" 200 61071 "-" "Mozilla/5.0 (Windows NT 10.0; Win64; x64) AppleWebKit/537.36 (KHTML, like Gecko) Chrome/120.0.0.0 Safari/537.36"
88.218.62.29 - - [14/Jul/2025:08:43:46 +0000] "GET /panel/create/ HTTP/1.1" 200 62678 "-" "Mozilla/5.0 (Macintosh; Intel Mac OS X 10_15_7) AppleWebKit/537.36 (KHTML, like Gecko) Chrome/133.0.0.0 Safari/537.36"
88.218.62.29 - - [14/Jul/2025:08:43:47 +0000] "GET /blog/ HTTP/1.1" 200 45188 "-" "Mozilla/5.0 (Macintosh; Intel Mac OS X 10_15_7) AppleWebKit/537.36 (KHTML, like Gecko) Chrome/133.0.0.0 Safari/537.36"
156.200.109.155 - - [14/Jul/2025:08:43:49 +0000] "POST /blog/ HTTP/1.1" 200 45317 "-" "Mozilla/5.0 (Macintosh; Intel Mac OS X 10_15_7) AppleWebKit/537.36 (KHTML, like Gecko) Chrome/133.0.0.0 Safari/537.36"
156.200.109.155 - - [14/Jul/2025:08:43:51 +0000] "POST /blog/ HTTP/1.1" 200 45139 "-" "Mozilla/5.0 (Windows NT 10.0; Win64; x64) AppleWebKit/537.36 (KHTML, like Gecko) Chrome/120.0.0.0 Safari/537.36"
88.218.62.29 - - [14/Jul/2025:08:43:52 +0000] "GET /we-knew-it-we-had-left-the-ground/ HTTP/1.1" 200 50353 "-" "Mozilla/5.0 (Macintosh; Intel Mac OS X 10_15_7) AppleWebKit/537.36 (KHTML, like Gecko) Chrome/133.0.0.0 Safari/537.36"
156.200.109.155 - - [14/Jul/2025:08:43:55 +0000] "POST /wp-comments-post.php HTTP/1.1" 200 1106 "-" "Mozilla/5.0 (Macintosh; Intel Mac OS X 10_15_7) AppleWebKit/537.36 (KHTML, like Gecko) Chrome/133.0.0.0 Safari/537.36"
156.200.109.155 - - [14/Jul/2025:08:43:56 +0000] "POST /wp-comments-post.php HTTP/1.1" 200 - "-" "Mozilla/5.0 (Windows NT 10.0; Win64; x64) AppleWebKit/537.36 (KHTML, like Gecko) Chrome/120.0.0.0 Safari/537.36"
156.200.109.155 - - [14/Jul/2025:08:43:58 +0000] "POST /we-knew-it-we-had-left-the-ground/ HTTP/1.1" 200 50481 "-" "Mozilla/5.0 (Macintosh; Intel Mac OS X 10_15_7) AppleWebKit/537.36 (KHTML, like Gecko) Chrome/133.0.0.0 Safari/537.36"
156.200.109.155 - - [14/Jul/2025:08:44:00 +0000] "POST /we-knew-it-we-had-left-the-ground/ HTTP/1.1" 200 50299 "-" "Mozilla/5.0 (Windows NT 10.0; Win64; x64) AppleWebKit/537.36 (KHTML, like Gecko) Chrome/120.0.0.0 Safari/537.36"
88.218.62.29 - - [14/Jul/2025:08:44:02 +0000] "GET /blog/?pagination=1 HTTP/1.1" 200 45189 "-" "Mozilla/5.0 (Macintosh; Intel Mac OS X 10_15_7) AppleWebKit/537.36 (KHTML, like Gecko) Chrome/133.0.0.0 Safari/537.36"
156.200.109.155 - - [14/Jul/2025:08:44:04 +0000] "POST /blog/?pagination=1 HTTP/1.1" 200 45316 "-" "Mozilla/5.0 (Macintosh; Intel Mac OS X 10_15_7) AppleWebKit/537.36 (KHTML, like Gecko) Chrome/133.0.0.0 Safari/537.36"
156.200.109.155 - - [14/Jul/2025:08:44:05 +0000] "POST /blog/?pagination=1 HTTP/1.1" 200 45139 "-" "Mozilla/5.0 (Windows NT 10.0; Win64; x64) AppleWebKit/537.36 (KHTML, like Gecko) Chrome/120.0.0.0 Safari/537.36"
88.218.62.29 - - [14/Jul/2025:08:44:07 +0000] "GET /blog/?pagination=2 HTTP/1.1" 200 44886 "-" "Mozilla/5.0 (Macintosh; Intel Mac OS X 10_15_7) AppleWebKit/537.36 (KHTML, like Gecko) Chrome/133.0.0.0 Safari/537.36"
209.74.77.214 - - [14/Jul/2025:08:44:10 +0000] "POST /wp-cron.php?doing_wp_cron=1752482650.2112519741058349609375 HTTP/1.1" 200 - "-" "WordPress/6.8.1; https://listingslad.com"
156.200.109.155 - - [14/Jul/2025:08:44:09 +0000] "POST /blog/?pagination=2 HTTP/1.1" 200 45013 "-" "Mozilla/5.0 (Macintosh; Intel Mac OS X 10_15_7) AppleWebKit/537.36 (KHTML, like Gecko) Chrome/133.0.0.0 Safari/537.36"
156.200.109.155 - - [14/Jul/2025:08:44:12 +0000] "POST /blog/?pagination=2 HTTP/1.1" 200 44836 "-" "Mozilla/5.0 (Windows NT 10.0; Win64; x64) AppleWebKit/537.36 (KHTML, like Gecko) Chrome/120.0.0.0 Safari/537.36"
88.218.62.29 - - [14/Jul/2025:08:44:14 +0000] "GET /tag/baby-accessories/ HTTP/1.1" 200 44395 "-" "Mozilla/5.0 (Macintosh; Intel Mac OS X 10_15_7) AppleWebKit/537.36 (KHTML, like Gecko) Chrome/133.0.0.0 Safari/537.36"
156.200.109.155 - - [14/Jul/2025:08:44:17 +0000] "POST /tag/baby-accessories/ HTTP/1.1" 200 44523 "-" "Mozilla/5.0 (Macintosh; Intel Mac OS X 10_15_7) AppleWebKit/537.36 (KHTML, like Gecko) Chrome/133.0.0.0 Safari/537.36"
156.200.109.155 - - [14/Jul/2025:08:44:19 +0000] "POST /tag/baby-accessories/ HTTP/1.1" 200 44344 "-" "Mozilla/5.0 (Windows NT 10.0; Win64; x64) AppleWebKit/537.36 (KHTML, like Gecko) Chrome/120.0.0.0 Safari/537.36"
88.218.62.29 - - [14/Jul/2025:08:44:21 +0000] "GET /tag/technology/ HTTP/1.1" 200 44142 "-" "Mozilla/5.0 (Macintosh; Intel Mac OS X 10_15_7) AppleWebKit/537.36 (KHTML, like Gecko) Chrome/133.0.0.0 Safari/537.36"
156.200.109.155 - - [14/Jul/2025:08:44:22 +0000] "POST /tag/technology/ HTTP/1.1" 200 44270 "-" "Mozilla/5.0 (Macintosh; Intel Mac OS X 10_15_7) AppleWebKit/537.36 (KHTML, like Gecko) Chrome/133.0.0.0 Safari/537.36"
156.200.109.155 - - [14/Jul/2025:08:44:24 +0000] "POST /tag/technology/ HTTP/1.1" 200 44092 "-" "Mozilla/5.0 (Windows NT 10.0; Win64; x64) AppleWebKit/537.36 (KHTML, like Gecko) Chrome/120.0.0.0 Safari/537.36"
88.218.62.29 - - [14/Jul/2025:08:44:26 +0000] "GET /contact-us/ HTTP/1.1" 200 43319 "-" "Mozilla/5.0 (Macintosh; Intel Mac OS X 10_15_7) AppleWebKit/537.36 (KHTML, like Gecko) Chrome/133.0.0.0 Safari/537.36"
209.74.77.214 - - [14/Jul/2025:08:44:28 +0000] "POST /wp-cron.php?doing_wp_cron=1752482668.6488180160522460937500 HTTP/1.1" 200 - "-" "WordPress/6.8.1; https://listingslad.com"
156.200.109.155 - - [14/Jul/2025:08:44:28 +0000] "POST /contact-us/ HTTP/1.1" 200 43422 "-" "Mozilla/5.0 (Macintosh; Intel Mac OS X 10_15_7) AppleWebKit/537.36 (KHTML, like Gecko) Chrome/133.0.0.0 Safari/537.36"
156.200.109.155 - - [14/Jul/2025:08:44:30 +0000] "POST /contact-us/ HTTP/1.1" 200 43267 "-" "Mozilla/5.0 (Windows NT 10.0; Win64; x64) AppleWebKit/537.36 (KHTML, like Gecko) Chrome/120.0.0.0 Safari/537.36"
88.218.62.29 - - [14/Jul/2025:08:44:31 +0000] "GET /login-register/ HTTP/1.1" 200 50595 "-" "Mozilla/5.0 (Macintosh; Intel Mac OS X 10_15_7) AppleWebKit/537.36 (KHTML, like Gecko) Chrome/133.0.0.0 Safari/537.36"
88.218.62.29 - - [14/Jul/2025:08:44:33 +0000] "GET /login-register/?tab=login HTTP/1.1" 200 50595 "-" "Mozilla/5.0 (Macintosh; Intel Mac OS X 10_15_7) AppleWebKit/537.36 (KHTML, like Gecko) Chrome/133.0.0.0 Safari/537.36"
88.218.62.29 - - [14/Jul/2025:08:44:35 +0000] "GET /login-register/?tab=register HTTP/1.1" 200 50597 "-" "Mozilla/5.0 (Macintosh; Intel Mac OS X 10_15_7) AppleWebKit/537.36 (KHTML, like Gecko) Chrome/133.0.0.0 Safari/537.36"
51.222.253.7 - - [14/Jul/2025:09:09:04 +0000] "GET /wp-sitemap.xml HTTP/1.1" 200 4060 "-" "Mozilla/5.0 (compatible; AhrefsBot/7.0; +http://ahrefs.com/robot/)"
209.74.77.214 - - [14/Jul/2025:09:37:35 +0000] "POST /wp-cron.php?doing_wp_cron=1752485855.5190498828887939453125 HTTP/1.1" 200 - "-" "WordPress/6.8.1; https://listingslad.com"
31.56.36.189 - - [14/Jul/2025:09:37:32 +0000] "GET / HTTP/1.1" 200 506428 "-" "WPCheckBot"
209.74.77.214 - - [14/Jul/2025:09:42:26 +0000] "POST /wp-cron.php?doing_wp_cron=1752486146.5464000701904296875000 HTTP/1.1" 200 - "-" "WordPress/6.8.1; https://listingslad.com"
51.222.253.2 - - [14/Jul/2025:09:42:24 +0000] "GET /blog/?pagination=1 HTTP/1.1" 200 45189 "-" "Mozilla/5.0 (compatible; AhrefsBot/7.0; +http://ahrefs.com/robot/)"
209.74.77.214 - - [14/Jul/2025:09:44:43 +0000] "POST /wp-cron.php?doing_wp_cron=1752486283.4870080947875976562500 HTTP/1.1" 200 - "-" "WordPress/6.8.1; https://listingslad.com"
49.233.58.23 - - [14/Jul/2025:09:44:41 +0000] "POST /xmlrpc.php HTTP/1.1" 405 415 "-" "Mozilla/5.0 (Macintosh; Intel Mac OS X 11_4) AppleWebKit/537.36 (KHTML, like Gecko) Chrome/91.0.4472.114 Safari/537.36"
209.74.77.214 - - [14/Jul/2025:09:44:56 +0000] "POST /wp-cron.php?doing_wp_cron=1752486296.0663549900054931640625 HTTP/1.1" 200 - "-" "WordPress/6.8.1; https://listingslad.com"
38.147.171.146 - - [14/Jul/2025:09:44:55 +0000] "POST /xmlrpc.php HTTP/1.1" 405 415 "-" "Mozilla/5.0 (Windows NT 5.1; rv:40.0) Gecko/20100101 Firefox/40.0"
158.101.231.239 - - [14/Jul/2025:09:44:56 +0000] "POST /xmlrpc.php HTTP/1.1" 405 415 "-" "Mozilla/5.0 (X11; Ubuntu; Linux i686; rv:24.0) Gecko/20100101 Firefox/24.0"
103.74.119.206 - - [14/Jul/2025:09:44:57 +0000] "POST /xmlrpc.php HTTP/1.1" 405 415 "-" "Mozilla/5.0 (Windows NT 5.1; Win64; x64) AppleWebKit/537.36 (KHTML, like Gecko) Chrome/60.0.3112.90 Safari/537.36"
77.68.64.29 - - [14/Jul/2025:09:44:59 +0000] "POST /xmlrpc.php HTTP/1.1" 405 415 "-" "Mozilla/5.0 (Windows NT 10.0; Win64; x64; rv:78.0) Gecko/20100101 Firefox/78.0"
207.244.250.98 - - [14/Jul/2025:09:45:06 +0000] "POST /xmlrpc.php HTTP/1.1" 405 415 "-" "Mozilla/5.0 (Windows NT 10.0; Win64; x64) AppleWebKit/537.36 (KHTML, like Gecko) Chrome/72.0.3626.121 Safari/537.36"
207.244.250.98 - - [14/Jul/2025:09:45:07 +0000] "POST /xmlrpc.php HTTP/1.1" 405 415 "-" "Mozilla/5.0 (Linux; Android 6.0.1; RedMi Note 5 Build/RB3N5C; wv) AppleWebKit/537.36 (KHTML, like Gecko) Version/4.0 Chrome/68.0.3440.91 Mobile Safari/537.36"
209.74.77.214 - - [14/Jul/2025:09:45:16 +0000] "POST /wp-cron.php?doing_wp_cron=1752486316.3788080215454101562500 HTTP/1.1" 200 - "-" "WordPress/6.8.1; https://listingslad.com"
47.251.116.156 - - [14/Jul/2025:09:45:16 +0000] "POST /xmlrpc.php HTTP/1.1" 405 415 "-" "Mozilla/5.0 (Windows NT 6.3; Win64; x64) AppleWebKit/537.36 (KHTML, like Gecko) Chrome/60.0.3112.113 Safari/537.36"
209.74.77.214 - - [14/Jul/2025:09:45:42 +0000] "POST /wp-cron.php?doing_wp_cron=1752486342.6089529991149902343750 HTTP/1.1" 200 - "-" "WordPress/6.8.1; https://listingslad.com"
147.45.103.156 - - [14/Jul/2025:09:45:42 +0000] "POST /xmlrpc.php HTTP/1.1" 405 415 "-" "Mozilla/5.0 (Windows NT 6.1; WOW64; rv:45.0) Gecko/20100101 Firefox/45.0"
209.74.77.214 - - [14/Jul/2025:09:47:31 +0000] "POST /wp-cron.php?doing_wp_cron=1752486451.7562499046325683593750 HTTP/1.1" 200 - "-" "WordPress/6.8.1; https://listingslad.com"
88.198.122.23 - - [14/Jul/2025:09:47:29 +0000] "POST /xmlrpc.php HTTP/1.1" 405 415 "-" "Mozilla/5.0 (Windows NT 6.1; rv:52.0) Gecko/20100101 Firefox/52.0"
136.243.220.211 - - [14/Jul/2025:09:59:04 +0000] "GET /sitemap.xml HTTP/1.1" 200 4036 "-" "Mozilla/5.0 (compatible; DataForSeoBot/1.0; +https://dataforseo.com/dataforseo-bot)"
118.89.233.234 - - [14/Jul/2025:09:59:07 +0000] "GET / HTTP/1.1" 200 61125 "http://listingslad.com" "Mozilla/5.0 (iPhone; CPU iPhone OS 13_2_3 like Mac OS X) AppleWebKit/605.1.15 (KHTML, like Gecko) Version/13.0.3 Mobile/15E148 Safari/604.1"
209.74.77.214 - - [14/Jul/2025:10:00:16 +0000] "POST /wp-cron.php?doing_wp_cron=1752487216.6853609085083007812500 HTTP/1.1" 200 - "-" "WordPress/6.8.1; https://listingslad.com"
136.243.220.211 - - [14/Jul/2025:10:00:14 +0000] "GET /item/317965050.shtml HTTP/1.1" 404 65028 "-" "Mozilla/5.0 (compatible; DataForSeoBot/1.0; +https://dataforseo.com/dataforseo-bot)"
136.243.220.211 - - [14/Jul/2025:10:00:19 +0000] "GET /item/317624178.shtml HTTP/1.1" 404 65027 "-" "Mozilla/5.0 (compatible; DataForSeoBot/1.0; +https://dataforseo.com/dataforseo-bot)"
136.243.220.211 - - [14/Jul/2025:10:00:22 +0000] "GET /item/317788270.shtml HTTP/1.1" 404 65027 "-" "Mozilla/5.0 (compatible; DataForSeoBot/1.0; +https://dataforseo.com/dataforseo-bot)"
209.74.77.214 - - [14/Jul/2025:10:00:27 +0000] "POST /wp-cron.php?doing_wp_cron=1752487227.2667689323425292968750 HTTP/1.1" 200 - "-" "WordPress/6.8.1; https://listingslad.com"
136.243.220.211 - - [14/Jul/2025:10:00:26 +0000] "GET /item/317634854.shtml HTTP/1.1" 404 65027 "-" "Mozilla/5.0 (compatible; DataForSeoBot/1.0; +https://dataforseo.com/dataforseo-bot)"
136.243.220.211 - - [14/Jul/2025:10:00:30 +0000] "GET /item/317950356.shtml HTTP/1.1" 404 65028 "-" "Mozilla/5.0 (compatible; DataForSeoBot/1.0; +https://dataforseo.com/dataforseo-bot)"
136.243.220.211 - - [14/Jul/2025:10:00:34 +0000] "GET /item/318009510.shtml HTTP/1.1" 404 65027 "-" "Mozilla/5.0 (compatible; DataForSeoBot/1.0; +https://dataforseo.com/dataforseo-bot)"
136.243.220.211 - - [14/Jul/2025:10:00:39 +0000] "GET /item/318151596.shtml HTTP/1.1" 404 65027 "-" "Mozilla/5.0 (compatible; DataForSeoBot/1.0; +https://dataforseo.com/dataforseo-bot)"
209.74.77.214 - - [14/Jul/2025:10:00:42 +0000] "POST /wp-cron.php?doing_wp_cron=1752487242.8023240566253662109375 HTTP/1.1" 200 - "-" "WordPress/6.8.1; https://listingslad.com"
136.243.220.211 - - [14/Jul/2025:10:00:42 +0000] "GET /item/317747950.shtml HTTP/1.1" 404 65028 "-" "Mozilla/5.0 (compatible; DataForSeoBot/1.0; +https://dataforseo.com/dataforseo-bot)"
209.74.77.214 - - [14/Jul/2025:10:00:46 +0000] "POST /wp-cron.php?doing_wp_cron=1752487246.8228719234466552734375 HTTP/1.1" 200 - "-" "WordPress/6.8.1; https://listingslad.com"
136.243.220.211 - - [14/Jul/2025:10:00:46 +0000] "GET /item/318107380.shtml HTTP/1.1" 404 65028 "-" "Mozilla/5.0 (compatible; DataForSeoBot/1.0; +https://dataforseo.com/dataforseo-bot)"
136.243.220.211 - - [14/Jul/2025:10:00:51 +0000] "GET /item/318020970.shtml HTTP/1.1" 404 65028 "-" "Mozilla/5.0 (compatible; DataForSeoBot/1.0; +https://dataforseo.com/dataforseo-bot)"
136.243.220.211 - - [14/Jul/2025:10:00:55 +0000] "GET /item/317898100.shtml HTTP/1.1" 404 65027 "-" "Mozilla/5.0 (compatible; DataForSeoBot/1.0; +https://dataforseo.com/dataforseo-bot)"
136.243.220.211 - - [14/Jul/2025:10:00:58 +0000] "GET /item/317773694.shtml HTTP/1.1" 404 65028 "-" "Mozilla/5.0 (compatible; DataForSeoBot/1.0; +https://dataforseo.com/dataforseo-bot)"
136.243.220.211 - - [14/Jul/2025:10:01:03 +0000] "GET /item/317980650.shtml HTTP/1.1" 404 65027 "-" "Mozilla/5.0 (compatible; DataForSeoBot/1.0; +https://dataforseo.com/dataforseo-bot)"
136.243.220.211 - - [14/Jul/2025:10:01:07 +0000] "GET /item/317854278.shtml HTTP/1.1" 404 65027 "-" "Mozilla/5.0 (compatible; DataForSeoBot/1.0; +https://dataforseo.com/dataforseo-bot)"
209.74.77.214 - - [14/Jul/2025:10:01:11 +0000] "POST /wp-cron.php?doing_wp_cron=1752487271.1026499271392822265625 HTTP/1.1" 200 - "-" "WordPress/6.8.1; https://listingslad.com"
136.243.220.211 - - [14/Jul/2025:10:01:10 +0000] "GET /item/318046316.shtml HTTP/1.1" 404 65027 "-" "Mozilla/5.0 (compatible; DataForSeoBot/1.0; +https://dataforseo.com/dataforseo-bot)"
209.74.77.214 - - [14/Jul/2025:10:01:15 +0000] "POST /wp-cron.php?doing_wp_cron=1752487275.0749111175537109375000 HTTP/1.1" 200 - "-" "WordPress/6.8.1; https://listingslad.com"
136.243.220.211 - - [14/Jul/2025:10:01:14 +0000] "GET /item/317866270.shtml HTTP/1.1" 404 65028 "-" "Mozilla/5.0 (compatible; DataForSeoBot/1.0; +https://dataforseo.com/dataforseo-bot)"
