66.249.64.132 - - [12/Jul/2025:20:02:31 +0000] "GET /?f=25161470071490&mod=55b37c5c&uri=shared.php%3Fid%3D839791-6%26name%3Dbracelet+montre+gris HTTP/1.1" 200 21397 "-" "Mozilla/5.0 (Linux; Android 6.0.1; Nexus 5X Build/MMB29P) AppleWebKit/537.36 (KHTML, like Gecko) Chrome/137.0.7151.103 Mobile Safari/537.36 (compatible; Googlebot/2.1; +http://www.google.com/bot.html)"
66.249.64.132 - - [12/Jul/2025:20:02:34 +0000] "GET /?f=25291152001490&mod=beeb6c4c&uri=blog.php%3Fid%3D844121-403%26name%3Dkiwi+schuhcreme+kaufen HTTP/1.1" 200 21937 "-" "Mozilla/5.0 (Linux; Android 6.0.1; Nexus 5X Build/MMB29P) AppleWebKit/537.36 (KHTML, like Gecko) Chrome/137.0.7151.103 Mobile Safari/537.36 (compatible; Googlebot/2.1; +http://www.google.com/bot.html)"
66.249.64.132 - - [12/Jul/2025:20:02:37 +0000] "GET /?f=5369002001490&mod=524e7d08&uri=pin.php%3Fid%3D179243-322%26name%3Dkuds02frss1 HTTP/1.1" 200 21864 "-" "Mozilla/5.0 (Linux; Android 6.0.1; Nexus 5X Build/MMB29P) AppleWebKit/537.36 (KHTML, like Gecko) Chrome/137.0.7151.103 Mobile Safari/537.36 (compatible; Googlebot/2.1; +http://www.google.com/bot.html)"
66.249.64.132 - - [12/Jul/2025:20:02:39 +0000] "POST /get-message-notify HTTP/1.1" 200 21399 "https://onlycnc.com.au/?f=25214348011490&mod=e16a7577&uri=products.php%3Fid%3D841558-248%26name%3Dlucky+you+cologne+target" "Mozilla/5.0 (Linux; Android 6.0.1; Nexus 5X Build/MMB29P) AppleWebKit/537.36 (KHTML, like Gecko) Chrome/137.0.7151.119 Mobile Safari/537.36 (compatible; Googlebot/2.1; +http://www.google.com/bot.html)"
66.249.64.128 - - [12/Jul/2025:20:02:42 +0000] "GET /?f=5316794011490&mod=4021e2f1&uri=itm.php%3Fid%3D177501-318%26name%3Dsudaderas+adidas+chica+baratas HTTP/1.1" 200 21334 "-" "Mozilla/5.0 (Linux; Android 6.0.1; Nexus 5X Build/MMB29P) AppleWebKit/537.36 (KHTML, like Gecko) Chrome/137.0.7151.103 Mobile Safari/537.36 (compatible; Googlebot/2.1; +http://www.google.com/bot.html)"
66.249.64.132 - - [12/Jul/2025:20:02:46 +0000] "GET /?f=5364334121490&mod=7da9e0bb&uri=dp.php%3Fid%3D179087-297%26name%3Drelieve+cat+in+heat HTTP/1.1" 200 20558 "-" "Mozilla/5.0 (Linux; Android 6.0.1; Nexus 5X Build/MMB29P) AppleWebKit/537.36 (KHTML, like Gecko) Chrome/137.0.7151.103 Mobile Safari/537.36 (compatible; Googlebot/2.1; +http://www.google.com/bot.html)"
66.249.64.132 - - [12/Jul/2025:20:02:47 +0000] "GET /?f=5315204031490&mod=4295cd21&uri=itm.php%3Fid%3D177448-317%26name%3Dred+mizuno+softball+cleats HTTP/1.1" 200 22229 "-" "Mozilla/5.0 (Linux; Android 6.0.1; Nexus 5X Build/MMB29P) AppleWebKit/537.36 (KHTML, like Gecko) Chrome/137.0.7151.103 Mobile Safari/537.36 (compatible; Googlebot/2.1; +http://www.google.com/bot.html)"
66.249.64.132 - - [12/Jul/2025:20:02:49 +0000] "GET /?f=5365316001490&mod=524e7d08&uri=products.php%3Fid%3D179120-322%26name%3Dffid2423rs HTTP/1.1" 200 21448 "-" "Mozilla/5.0 (Linux; Android 6.0.1; Nexus 5X Build/MMB29P) AppleWebKit/537.36 (KHTML, like Gecko) Chrome/137.0.7151.103 Mobile Safari/537.36 (compatible; Googlebot/2.1; +http://www.google.com/bot.html)"
66.249.64.132 - - [12/Jul/2025:20:02:51 +0000] "GET /?f=25324427081490&mod=c292b3e9&uri=brands.php%3Fid%3D845233-91%26name%3Delectric+bike+installment+plan HTTP/1.1" 200 21581 "-" "Mozilla/5.0 (Linux; Android 6.0.1; Nexus 5X Build/MMB29P) AppleWebKit/537.36 (KHTML, like Gecko) Chrome/137.0.7151.103 Mobile Safari/537.36 (compatible; Googlebot/2.1; +http://www.google.com/bot.html)"
66.249.64.128 - - [12/Jul/2025:20:02:52 +0000] "POST /get-message-notify HTTP/1.1" 200 21392 "https://onlycnc.com.au/?f=5316794011490&mod=4021e2f1&uri=itm.php%3Fid%3D177501-318%26name%3Dsudaderas+adidas+chica+baratas" "Mozilla/5.0 (Linux; Android 6.0.1; Nexus 5X Build/MMB29P) AppleWebKit/537.36 (KHTML, like Gecko) Chrome/137.0.7151.119 Mobile Safari/537.36 (compatible; Googlebot/2.1; +http://www.google.com/bot.html)"
66.249.64.132 - - [12/Jul/2025:20:02:54 +0000] "GET /?f=5948111011490&mod=9cecbb6f&uri=form.php%3Fid%3D198629-344%26name%3Droadrunner+custom+insoles+review HTTP/1.1" 200 21497 "-" "Mozilla/5.0 (Linux; Android 6.0.1; Nexus 5X Build/MMB29P) AppleWebKit/537.36 (KHTML, like Gecko) Chrome/137.0.7151.103 Mobile Safari/537.36 (compatible; Googlebot/2.1; +http://www.google.com/bot.html)"
66.249.64.128 - - [12/Jul/2025:20:02:55 +0000] "GET /?f=25160540011490&mod=ccb1d45f&uri=pin.php%3Fid%3D839760-5%26name%3Drobe+longue+verte+shein HTTP/1.1" 200 20825 "-" "Mozilla/5.0 (Linux; Android 6.0.1; Nexus 5X Build/MMB29P) AppleWebKit/537.36 (KHTML, like Gecko) Chrome/137.0.7151.103 Mobile Safari/537.36 (compatible; Googlebot/2.1; +http://www.google.com/bot.html)"
66.249.64.132 - - [12/Jul/2025:20:02:57 +0000] "GET /?f=5390205051490&mod=8e7035e0&uri=info.php%3Fid%3D179950-270%26name%3Dsketch+pen+brands HTTP/1.1" 200 21857 "-" "Mozilla/5.0 (Linux; Android 6.0.1; Nexus 5X Build/MMB29P) AppleWebKit/537.36 (KHTML, like Gecko) Chrome/137.0.7151.103 Mobile Safari/537.36 (compatible; Googlebot/2.1; +http://www.google.com/bot.html)"
66.249.64.132 - - [12/Jul/2025:20:03:00 +0000] "GET /?f=5369992011490&mod=2ed6f877&uri=pin.php%3Fid%3D179276-323%26name%3Dwine+yeti+tumbler HTTP/1.1" 200 21842 "-" "Mozilla/5.0 (Linux; Android 6.0.1; Nexus 5X Build/MMB29P) AppleWebKit/537.36 (KHTML, like Gecko) Chrome/137.0.7151.103 Mobile Safari/537.36 (compatible; Googlebot/2.1; +http://www.google.com/bot.html)"
66.249.64.132 - - [12/Jul/2025:20:03:02 +0000] "GET /?f=25264151021490&mod=4ec74784&uri=dp.php%3Fid%3D843219-252%26name%3Dnudie+jeans+student+discount HTTP/1.1" 200 22125 "-" "Mozilla/5.0 (Linux; Android 6.0.1; Nexus 5X Build/MMB29P) AppleWebKit/537.36 (KHTML, like Gecko) Chrome/137.0.7151.103 Mobile Safari/537.36 (compatible; Googlebot/2.1; +http://www.google.com/bot.html)"
66.249.64.132 - - [12/Jul/2025:20:03:04 +0000] "GET /?f=25125851071490&mod=1be70c69&uri=news.php%3Fid%3D838602-501%26name%3Demergency+pet+doctor+near+me HTTP/1.1" 200 21960 "-" "Mozilla/5.0 (Linux; Android 6.0.1; Nexus 5X Build/MMB29P) AppleWebKit/537.36 (KHTML, like Gecko) Chrome/137.0.7151.103 Mobile Safari/537.36 (compatible; Googlebot/2.1; +http://www.google.com/bot.html)"
66.249.64.128 - - [12/Jul/2025:20:03:05 +0000] "GET /?f=25267211021490&mod=b831f154&uri=dp.php%3Fid%3D843321-453%26name%3Djaqueta+marsala HTTP/1.1" 200 21700 "-" "Mozilla/5.0 (Linux; Android 6.0.1; Nexus 5X Build/MMB29P) AppleWebKit/537.36 (KHTML, like Gecko) Chrome/137.0.7151.103 Mobile Safari/537.36 (compatible; Googlebot/2.1; +http://www.google.com/bot.html)"
66.249.64.128 - - [12/Jul/2025:20:03:07 +0000] "GET /?f=5368644061490&mod=524e7d08&uri=article.php%3Fid%3D179231-322%26name%3Dwdt920sadm HTTP/1.1" 200 20778 "-" "Mozilla/5.0 (Linux; Android 6.0.1; Nexus 5X Build/MMB29P) AppleWebKit/537.36 (KHTML, like Gecko) Chrome/137.0.7151.103 Mobile Safari/537.36 (compatible; Googlebot/2.1; +http://www.google.com/bot.html)"
66.249.64.132 - - [12/Jul/2025:20:03:10 +0000] "GET /?f=5385165011490&mod=8e7035e0&uri=products.php%3Fid%3D179782-270%26name%3Ddoms+brush+pen+14+shades HTTP/1.1" 200 22071 "-" "Mozilla/5.0 (Linux; Android 6.0.1; Nexus 5X Build/MMB29P) AppleWebKit/537.36 (KHTML, like Gecko) Chrome/137.0.7151.103 Mobile Safari/537.36 (compatible; Googlebot/2.1; +http://www.google.com/bot.html)"
66.249.64.132 - - [12/Jul/2025:20:03:12 +0000] "GET /?f=5389605051490&mod=8e7035e0&uri=product.php%3Fid%3D179930-270%26name%3Dpaper+mate+profile+b+blue HTTP/1.1" 200 22126 "-" "Mozilla/5.0 (Linux; Android 6.0.1; Nexus 5X Build/MMB29P) AppleWebKit/537.36 (KHTML, like Gecko) Chrome/137.0.7151.103 Mobile Safari/537.36 (compatible; Googlebot/2.1; +http://www.google.com/bot.html)"
66.249.64.132 - - [12/Jul/2025:20:03:14 +0000] "GET /?f=68014750031490&mod=0c2a1b8e&uri=products.php%3Fid%3D2269709-59%26name%3Dabiti+bimbo+eleganti HTTP/1.1" 200 21791 "-" "Mozilla/5.0 (Linux; Android 6.0.1; Nexus 5X Build/MMB29P) AppleWebKit/537.36 (KHTML, like Gecko) Chrome/137.0.7151.103 Mobile Safari/537.36 (compatible; Googlebot/2.1; +http://www.google.com/bot.html)"
66.249.64.132 - - [12/Jul/2025:20:03:15 +0000] "GET /?f=5365136041490&mod=524e7d08&uri=article.php%3Fid%3D179114-322%26name%3Dfgbd2438pf0a HTTP/1.1" 200 21502 "-" "Mozilla/5.0 (Linux; Android 6.0.1; Nexus 5X Build/MMB29P) AppleWebKit/537.36 (KHTML, like Gecko) Chrome/137.0.7151.103 Mobile Safari/537.36 (compatible; Googlebot/2.1; +http://www.google.com/bot.html)"
66.249.64.132 - - [12/Jul/2025:20:03:17 +0000] "GET /?f=68020162011490&mod=0c2a1b8e&uri=category-info.php%3Fid%3D2269890-59%26name%3Dcompleto+battesimo+bimbo+alviero+martini HTTP/1.1" 200 22155 "-" "Mozilla/5.0 (Linux; Android 6.0.1; Nexus 5X Build/MMB29P) AppleWebKit/537.36 (KHTML, like Gecko) Chrome/137.0.7151.103 Mobile Safari/537.36 (compatible; Googlebot/2.1; +http://www.google.com/bot.html)"
66.249.64.132 - - [12/Jul/2025:20:03:18 +0000] "GET /?f=68025446061490&mod=0c2a1b8e&uri=pin.php%3Fid%3D2270067-59%26name%3Dvestito+per+andare+ad+una+comunione HTTP/1.1" 200 21400 "-" "Mozilla/5.0 (Linux; Android 6.0.1; Nexus 5X Build/MMB29P) AppleWebKit/537.36 (KHTML, like Gecko) Chrome/137.0.7151.103 Mobile Safari/537.36 (compatible; Googlebot/2.1; +http://www.google.com/bot.html)"
66.249.64.132 - - [12/Jul/2025:20:03:20 +0000] "GET /?f=5762247081490&mod=8f561e4c&uri=us.php%3Fid%3D192428-335%26name%3Dhdmi+arc+apple+tv HTTP/1.1" 200 21476 "-" "Mozilla/5.0 (Linux; Android 6.0.1; Nexus 5X Build/MMB29P) AppleWebKit/537.36 (KHTML, like Gecko) Chrome/137.0.7151.103 Mobile Safari/537.36 (compatible; Googlebot/2.1; +http://www.google.com/bot.html)"
66.249.64.132 - - [12/Jul/2025:20:03:22 +0000] "GET /?f=5387445031490&mod=8e7035e0&uri=brands.php%3Fid%3D179858-270%26name%3Dpilot+juice+up+pens HTTP/1.1" 200 21420 "-" "Mozilla/5.0 (Linux; Android 6.0.1; Nexus 5X Build/MMB29P) AppleWebKit/537.36 (KHTML, like Gecko) Chrome/137.0.7151.103 Mobile Safari/537.36 (compatible; Googlebot/2.1; +http://www.google.com/bot.html)"
66.249.64.132 - - [12/Jul/2025:20:03:23 +0000] "POST /get-message-notify HTTP/1.1" 200 21391 "https://onlycnc.com.au/?f=5364334121490&mod=7da9e0bb&uri=dp.php%3Fid%3D179087-297%26name%3Drelieve+cat+in+heat" "Mozilla/5.0 (Linux; Android 6.0.1; Nexus 5X Build/MMB29P) AppleWebKit/537.36 (KHTML, like Gecko) Chrome/137.0.7151.119 Mobile Safari/537.36 (compatible; Googlebot/2.1; +http://www.google.com/bot.html)"
66.249.64.132 - - [12/Jul/2025:20:03:25 +0000] "GET /?f=25394893021490&mod=7a6785df&uri=news.php%3Fid%3D847583-242%26name%3Dla+marzocco+coffee+machine+second+hand HTTP/1.1" 200 22584 "-" "Mozilla/5.0 (Linux; Android 6.0.1; Nexus 5X Build/MMB29P) AppleWebKit/537.36 (KHTML, like Gecko) Chrome/137.0.7151.103 Mobile Safari/537.36 (compatible; Googlebot/2.1; +http://www.google.com/bot.html)"
66.249.64.132 - - [12/Jul/2025:20:03:26 +0000] "GET /?f=5381805101490&mod=8e7035e0&uri=product.php%3Fid%3D179670-270%26name%3Dcross+botanica+ballpoint+pen HTTP/1.1" 200 21516 "-" "Mozilla/5.0 (Linux; Android 6.0.1; Nexus 5X Build/MMB29P) AppleWebKit/537.36 (KHTML, like Gecko) Chrome/137.0.7151.103 Mobile Safari/537.36 (compatible; Googlebot/2.1; +http://www.google.com/bot.html)"
66.249.64.132 - - [12/Jul/2025:20:03:38 +0000] "GET /?f=25390573021490&mod=7a6785df&uri=products.php%3Fid%3D847439-242%26name%3Dcorelle+veranda HTTP/1.1" 200 21966 "-" "Mozilla/5.0 (Linux; Android 6.0.1; Nexus 5X Build/MMB29P) AppleWebKit/537.36 (KHTML, like Gecko) Chrome/137.0.7151.103 Mobile Safari/537.36 (compatible; Googlebot/2.1; +http://www.google.com/bot.html)"
66.249.64.128 - - [12/Jul/2025:20:03:40 +0000] "GET /?f=25390813141490&mod=7a6785df&uri=shop.php%3Fid%3D847447-242%26name%3Dnoritake+bone+china+9729+shenandoah HTTP/1.1" 200 21984 "-" "Mozilla/5.0 (Linux; Android 6.0.1; Nexus 5X Build/MMB29P) AppleWebKit/537.36 (KHTML, like Gecko) Chrome/137.0.7151.103 Mobile Safari/537.36 (compatible; Googlebot/2.1; +http://www.google.com/bot.html)"
66.249.64.128 - - [12/Jul/2025:20:03:42 +0000] "GET /?f=25392253021490&mod=7a6785df&uri=us.php%3Fid%3D847495-242%26name%3Dfood+network+dishes HTTP/1.1" 200 21905 "-" "Mozilla/5.0 (Linux; Android 6.0.1; Nexus 5X Build/MMB29P) AppleWebKit/537.36 (KHTML, like Gecko) Chrome/137.0.7151.103 Mobile Safari/537.36 (compatible; Googlebot/2.1; +http://www.google.com/bot.html)"
66.249.64.128 - - [12/Jul/2025:20:03:44 +0000] "GET /?f=5383245031490&mod=8e7035e0&uri=search.php%3Fid%3D179718-270%26name%3Dreynolds+ball+pen+rs HTTP/1.1" 200 22412 "-" "Mozilla/5.0 (Linux; Android 6.0.1; Nexus 5X Build/MMB29P) AppleWebKit/537.36 (KHTML, like Gecko) Chrome/137.0.7151.103 Mobile Safari/537.36 (compatible; Googlebot/2.1; +http://www.google.com/bot.html)"
66.249.64.128 - - [12/Jul/2025:20:03:46 +0000] "GET /?f=5388525011490&mod=8e7035e0&uri=brands.php%3Fid%3D179894-270%26name%3Dv+pilot+pen HTTP/1.1" 200 22076 "-" "Mozilla/5.0 (Linux; Android 6.0.1; Nexus 5X Build/MMB29P) AppleWebKit/537.36 (KHTML, like Gecko) Chrome/137.0.7151.103 Mobile Safari/537.36 (compatible; Googlebot/2.1; +http://www.google.com/bot.html)"
66.249.64.128 - - [12/Jul/2025:20:03:49 +0000] "GET /?f=5388285011490&mod=8e7035e0&uri=info.php%3Fid%3D179886-270%26name%3Dbest+fineliner HTTP/1.1" 200 22196 "-" "Mozilla/5.0 (Linux; Android 6.0.1; Nexus 5X Build/MMB29P) AppleWebKit/537.36 (KHTML, like Gecko) Chrome/137.0.7151.103 Mobile Safari/537.36 (compatible; Googlebot/2.1; +http://www.google.com/bot.html)"
66.249.64.132 - - [12/Jul/2025:20:03:50 +0000] "GET /?f=5364874001490&mod=524e7d08&uri=info.php%3Fid%3D179105-322%26name%3Dkdte104ebs HTTP/1.1" 200 22168 "-" "Mozilla/5.0 (Linux; Android 6.0.1; Nexus 5X Build/MMB29P) AppleWebKit/537.36 (KHTML, like Gecko) Chrome/137.0.7151.103 Mobile Safari/537.36 (compatible; Googlebot/2.1; +http://www.google.com/bot.html)"
66.249.64.128 - - [12/Jul/2025:20:03:51 +0000] "GET /?f=5369902031490&mod=7da9e0bb&uri=shop.php%3Fid%3D179273-297%26name%3Dhow+do+you+know+when+your+kitten+is+in+heat HTTP/1.1" 200 21537 "-" "Mozilla/5.0 (Linux; Android 6.0.1; Nexus 5X Build/MMB29P) AppleWebKit/537.36 (KHTML, like Gecko) Chrome/137.0.7151.103 Mobile Safari/537.36 (compatible; Googlebot/2.1; +http://www.google.com/bot.html)"
66.249.64.132 - - [12/Jul/2025:20:03:53 +0000] "GET /?f=25389853021490&mod=7a6785df&uri=brands.php%3Fid%3D847415-242%26name%3Dpineapple+smoothie+nutribullet HTTP/1.1" 200 22477 "-" "Mozilla/5.0 (Linux; Android 6.0.1; Nexus 5X Build/MMB29P) AppleWebKit/537.36 (KHTML, like Gecko) Chrome/137.0.7151.103 Mobile Safari/537.36 (compatible; Googlebot/2.1; +http://www.google.com/bot.html)"
66.249.64.132 - - [12/Jul/2025:20:03:54 +0000] "GET /?f=25392733021490&mod=7a6785df&uri=pin.php%3Fid%3D847511-242%26name%3Dcurry+nutribullet HTTP/1.1" 200 22021 "-" "Mozilla/5.0 (Linux; Android 6.0.1; Nexus 5X Build/MMB29P) AppleWebKit/537.36 (KHTML, like Gecko) Chrome/137.0.7151.103 Mobile Safari/537.36 (compatible; Googlebot/2.1; +http://www.google.com/bot.html)"
66.249.64.128 - - [12/Jul/2025:20:03:56 +0000] "GET /?f=25391773011490&mod=7a6785df&uri=us.php%3Fid%3D847479-242%26name%3Delite+couture+dishes HTTP/1.1" 200 22227 "-" "Mozilla/5.0 (Linux; Android 6.0.1; Nexus 5X Build/MMB29P) AppleWebKit/537.36 (KHTML, like Gecko) Chrome/137.0.7151.103 Mobile Safari/537.36 (compatible; Googlebot/2.1; +http://www.google.com/bot.html)"
66.249.64.128 - - [12/Jul/2025:20:03:57 +0000] "POST /get-message-notify HTTP/1.1" 200 21386 "https://onlycnc.com.au/?f=25392253021490&mod=7a6785df&uri=us.php%3Fid%3D847495-242%26name%3Dfood+network+dishes" "Mozilla/5.0 (Linux; Android 6.0.1; Nexus 5X Build/MMB29P) AppleWebKit/537.36 (KHTML, like Gecko) Chrome/137.0.7151.119 Mobile Safari/537.36 (compatible; Googlebot/2.1; +http://www.google.com/bot.html)"
66.249.64.128 - - [12/Jul/2025:20:03:59 +0000] "GET /?f=5385405011490&mod=8e7035e0&uri=news.php%3Fid%3D179790-270%26name%3Dpilot+drafting+pen+ink HTTP/1.1" 200 22303 "-" "Mozilla/5.0 (Linux; Android 6.0.1; Nexus 5X Build/MMB29P) AppleWebKit/537.36 (KHTML, like Gecko) Chrome/137.0.7151.103 Mobile Safari/537.36 (compatible; Googlebot/2.1; +http://www.google.com/bot.html)"
66.249.64.129 - - [12/Jul/2025:20:04:01 +0000] "GET /?f=25360063031490&mod=623ea0af&uri=pin.php%3Fid%3D846422-879%26name%3Dpura+vida+compass+ring HTTP/1.1" 200 20752 "-" "Mozilla/5.0 (Linux; Android 6.0.1; Nexus 5X Build/MMB29P) AppleWebKit/537.36 (KHTML, like Gecko) Chrome/137.0.7151.103 Mobile Safari/537.36 (compatible; Googlebot/2.1; +http://www.google.com/bot.html)"
66.249.64.132 - - [12/Jul/2025:20:04:02 +0000] "POST /get-message-notify HTTP/1.1" 200 21377 "https://onlycnc.com.au/?f=25392733021490&mod=7a6785df&uri=pin.php%3Fid%3D847511-242%26name%3Dcurry+nutribullet" "Mozilla/5.0 (Linux; Android 6.0.1; Nexus 5X Build/MMB29P) AppleWebKit/537.36 (KHTML, like Gecko) Chrome/137.0.7151.119 Mobile Safari/537.36 (compatible; Googlebot/2.1; +http://www.google.com/bot.html)"
66.249.64.132 - - [12/Jul/2025:20:04:04 +0000] "GET /?f=25390333081490&mod=7a6785df&uri=article.php%3Fid%3D847431-242%26name%3Dbullet+fruit+juicer HTTP/1.1" 200 21950 "-" "Mozilla/5.0 (Linux; Android 6.0.1; Nexus 5X Build/MMB29P) AppleWebKit/537.36 (KHTML, like Gecko) Chrome/137.0.7151.103 Mobile Safari/537.36 (compatible; Googlebot/2.1; +http://www.google.com/bot.html)"
66.249.64.128 - - [12/Jul/2025:20:04:06 +0000] "GET /?f=25391053021490&mod=7a6785df&uri=product.php%3Fid%3D847455-242%26name%3Dgibson+plates+blue HTTP/1.1" 200 21909 "-" "Mozilla/5.0 (Linux; Android 6.0.1; Nexus 5X Build/MMB29P) AppleWebKit/537.36 (KHTML, like Gecko) Chrome/137.0.7151.103 Mobile Safari/537.36 (compatible; Googlebot/2.1; +http://www.google.com/bot.html)"
66.249.64.132 - - [12/Jul/2025:20:04:07 +0000] "GET /?f=5456442041490&mod=0c2a1b8e&uri=products.php%3Fid%3D182159-59%26name%3Dtute+eleganti+maniche+lunghe HTTP/1.1" 200 22155 "-" "Mozilla/5.0 (Linux; Android 6.0.1; Nexus 5X Build/MMB29P) AppleWebKit/537.36 (KHTML, like Gecko) Chrome/137.0.7151.103 Mobile Safari/537.36 (compatible; Googlebot/2.1; +http://www.google.com/bot.html)"
66.249.64.132 - - [12/Jul/2025:20:04:09 +0000] "GET /?f=25346420041490&mod=169806bb&uri=category-info.php%3Fid%3D845967-70%26name%3Dla+pavoni+esperto+review HTTP/1.1" 200 22060 "-" "Mozilla/5.0 (Linux; Android 6.0.1; Nexus 5X Build/MMB29P) AppleWebKit/537.36 (KHTML, like Gecko) Chrome/137.0.7151.103 Mobile Safari/537.36 (compatible; Googlebot/2.1; +http://www.google.com/bot.html)"
66.249.64.132 - - [12/Jul/2025:20:04:10 +0000] "GET /?f=5365226121490&mod=2ed6f877&uri=category-info.php%3Fid%3D179117-323%26name%3Dyeti+rambler+10+oz+lowball+tumbler HTTP/1.1" 200 21048 "-" "Mozilla/5.0 (Linux; Android 6.0.1; Nexus 5X Build/MMB29P) AppleWebKit/537.36 (KHTML, like Gecko) Chrome/137.0.7151.103 Mobile Safari/537.36 (compatible; Googlebot/2.1; +http://www.google.com/bot.html)"
66.249.64.132 - - [12/Jul/2025:20:04:12 +0000] "POST /get-message-notify HTTP/1.1" 200 21396 "https://onlycnc.com.au/?f=25389853021490&mod=7a6785df&uri=brands.php%3Fid%3D847415-242%26name%3Dpineapple+smoothie+nutribullet" "Mozilla/5.0 (Linux; Android 6.0.1; Nexus 5X Build/MMB29P) AppleWebKit/537.36 (KHTML, like Gecko) Chrome/137.0.7151.119 Mobile Safari/537.36 (compatible; Googlebot/2.1; +http://www.google.com/bot.html)"
66.249.64.132 - - [12/Jul/2025:20:04:13 +0000] "GET /?f=5365046001490&mod=524e7d08&uri=news.php%3Fid%3D179111-322%26name%3Dmiele+dimension+dishwasher HTTP/1.1" 200 21576 "-" "Mozilla/5.0 (Linux; Android 6.0.1; Nexus 5X Build/MMB29P) AppleWebKit/537.36 (KHTML, like Gecko) Chrome/137.0.7151.103 Mobile Safari/537.36 (compatible; Googlebot/2.1; +http://www.google.com/bot.html)"
66.249.64.132 - - [12/Jul/2025:20:04:15 +0000] "GET /?f=5316854031490&mod=4021e2f1&uri=goods.php%3Fid%3D177503-318%26name%3Dzapatillas+adidas+bounce+de+mujer HTTP/1.1" 200 20212 "-" "Mozilla/5.0 (Linux; Android 6.0.1; Nexus 5X Build/MMB29P) AppleWebKit/537.36 (KHTML, like Gecko) Chrome/137.0.7151.103 Mobile Safari/537.36 (compatible; Googlebot/2.1; +http://www.google.com/bot.html)"
66.249.64.132 - - [12/Jul/2025:20:04:17 +0000] "GET /?f=5369182001490&mod=af8e3c34&uri=brands.php%3Fid%3D179249-321%26name%3Ddog+and+beautiful HTTP/1.1" 200 22556 "-" "Mozilla/5.0 (Linux; Android 6.0.1; Nexus 5X Build/MMB29P) AppleWebKit/537.36 (KHTML, like Gecko) Chrome/137.0.7151.103 Mobile Safari/537.36 (compatible; Googlebot/2.1; +http://www.google.com/bot.html)"
66.249.64.132 - - [12/Jul/2025:20:04:18 +0000] "GET /?f=25426570031490&mod=9745c830&uri=form.php%3Fid%3D848639-241%26name%3Dxbox+graphic+card HTTP/1.1" 200 20920 "-" "Mozilla/5.0 (Linux; Android 6.0.1; Nexus 5X Build/MMB29P) AppleWebKit/537.36 (KHTML, like Gecko) Chrome/137.0.7151.103 Mobile Safari/537.36 (compatible; Googlebot/2.1; +http://www.google.com/bot.html)"
66.249.64.132 - - [12/Jul/2025:20:04:20 +0000] "GET /?f=25426780101490&mod=b5ea9736&uri=news.php%3Fid%3D848646-722%26name%3Dceramic+bead+bracelet HTTP/1.1" 200 20835 "-" "Mozilla/5.0 (Linux; Android 6.0.1; Nexus 5X Build/MMB29P) AppleWebKit/537.36 (KHTML, like Gecko) Chrome/137.0.7151.103 Mobile Safari/537.36 (compatible; Googlebot/2.1; +http://www.google.com/bot.html)"
66.249.64.132 - - [12/Jul/2025:20:04:21 +0000] "GET /?f=25419820031490&mod=9745c830&uri=shared.php%3Fid%3D848414-241%26name%3Dprimary+video+adapter HTTP/1.1" 200 20989 "-" "Mozilla/5.0 (Linux; Android 6.0.1; Nexus 5X Build/MMB29P) AppleWebKit/537.36 (KHTML, like Gecko) Chrome/137.0.7151.103 Mobile Safari/537.36 (compatible; Googlebot/2.1; +http://www.google.com/bot.html)"
66.249.64.132 - - [12/Jul/2025:20:04:23 +0000] "GET /?f=5368822041490&mod=524e7d08&uri=info.php%3Fid%3D179237-322%26name%3Dused+dishwashers+for+sale+craigslist HTTP/1.1" 200 21393 "-" "Mozilla/5.0 (Linux; Android 6.0.1; Nexus 5X Build/MMB29P) AppleWebKit/537.36 (KHTML, like Gecko) Chrome/137.0.7151.103 Mobile Safari/537.36 (compatible; Googlebot/2.1; +http://www.google.com/bot.html)"
66.249.64.132 - - [12/Jul/2025:20:04:24 +0000] "GET /?f=5387085031490&mod=8e7035e0&uri=article.php%3Fid%3D179846-270%26name%3Dstaedtler+triplus+jumbo+pencils HTTP/1.1" 200 22064 "-" "Mozilla/5.0 (Linux; Android 6.0.1; Nexus 5X Build/MMB29P) AppleWebKit/537.36 (KHTML, like Gecko) Chrome/137.0.7151.103 Mobile Safari/537.36 (compatible; Googlebot/2.1; +http://www.google.com/bot.html)"
66.249.64.128 - - [12/Jul/2025:20:04:26 +0000] "POST /get-message-notify HTTP/1.1" 200 21395 "https://onlycnc.com.au/?f=5316854031490&mod=4021e2f1&uri=goods.php%3Fid%3D177503-318%26name%3Dzapatillas+adidas+bounce+de+mujer" "Mozilla/5.0 (Linux; Android 6.0.1; Nexus 5X Build/MMB29P) AppleWebKit/537.36 (KHTML, like Gecko) Chrome/137.0.7151.119 Mobile Safari/537.36 (compatible; Googlebot/2.1; +http://www.google.com/bot.html)"
66.249.64.132 - - [12/Jul/2025:20:04:27 +0000] "GET /?f=25449150061490&mod=ccc58dde&uri=info.php%3Fid%3D849392-97%26name%3Dcoach+rolling+briefcase HTTP/1.1" 200 21663 "-" "Mozilla/5.0 (Linux; Android 6.0.1; Nexus 5X Build/MMB29P) AppleWebKit/537.36 (KHTML, like Gecko) Chrome/137.0.7151.103 Mobile Safari/537.36 (compatible; Googlebot/2.1; +http://www.google.com/bot.html)"
66.249.64.128 - - [12/Jul/2025:20:04:29 +0000] "GET /?f=25434490021490&mod=b5ea9736&uri=info.php%3Fid%3D848903-722%26name%3Daquamarine+cremation+jewelry HTTP/1.1" 200 21907 "-" "Mozilla/5.0 (Linux; Android 6.0.1; Nexus 5X Build/MMB29P) AppleWebKit/537.36 (KHTML, like Gecko) Chrome/137.0.7151.103 Mobile Safari/537.36 (compatible; Googlebot/2.1; +http://www.google.com/bot.html)"
66.249.64.132 - - [12/Jul/2025:20:04:30 +0000] "GET /?f=25330127031490&mod=169806bb&uri=news.php%3Fid%3D845423-70%26name%3Dbajaj+otg HTTP/1.1" 200 22023 "-" "Mozilla/5.0 (Linux; Android 6.0.1; Nexus 5X Build/MMB29P) AppleWebKit/537.36 (KHTML, like Gecko) Chrome/137.0.7151.103 Mobile Safari/537.36 (compatible; Googlebot/2.1; +http://www.google.com/bot.html)"
66.249.64.128 - - [12/Jul/2025:20:04:32 +0000] "GET /?f=5589305031490&mod=798b4516&uri=blog.php%3Fid%3D186592-330%26name%3Dt4r+honeywell+thermostat HTTP/1.1" 200 21690 "-" "Mozilla/5.0 (Linux; Android 6.0.1; Nexus 5X Build/MMB29P) AppleWebKit/537.36 (KHTML, like Gecko) Chrome/137.0.7151.103 Mobile Safari/537.36 (compatible; Googlebot/2.1; +http://www.google.com/bot.html)"
66.249.64.132 - - [12/Jul/2025:20:04:33 +0000] "POST /get-message-notify HTTP/1.1" 200 21383 "https://onlycnc.com.au/?f=25426780101490&mod=b5ea9736&uri=news.php%3Fid%3D848646-722%26name%3Dceramic+bead+bracelet" "Mozilla/5.0 (Linux; Android 6.0.1; Nexus 5X Build/MMB29P) AppleWebKit/537.36 (KHTML, like Gecko) Chrome/137.0.7151.119 Mobile Safari/537.36 (compatible; Googlebot/2.1; +http://www.google.com/bot.html)"
66.249.64.128 - - [12/Jul/2025:20:04:35 +0000] "GET /?f=5364064051490&mod=af8e3c34&uri=itm.php%3Fid%3D179078-321%26name%3Daustralian+shepherd+shih+tzu+mix HTTP/1.1" 200 21049 "-" "Mozilla/5.0 (Linux; Android 6.0.1; Nexus 5X Build/MMB29P) AppleWebKit/537.36 (KHTML, like Gecko) Chrome/137.0.7151.103 Mobile Safari/537.36 (compatible; Googlebot/2.1; +http://www.google.com/bot.html)"
66.249.64.132 - - [12/Jul/2025:20:04:38 +0000] "GET /?f=5596045001490&mod=b4aaa9db&uri=dp.php%3Fid%3D186817-332%26name%3Da+jan+tike+sunija HTTP/1.1" 200 22293 "-" "Mozilla/5.0 (Linux; Android 6.0.1; Nexus 5X Build/MMB29P) AppleWebKit/537.36 (KHTML, like Gecko) Chrome/137.0.7151.103 Mobile Safari/537.36 (compatible; Googlebot/2.1; +http://www.google.com/bot.html)"
66.249.64.128 - - [12/Jul/2025:20:04:40 +0000] "GET /?f=5319309001490&mod=4295cd21&uri=blog.php%3Fid%3D177585-317%26name%3Dbest+badminton+shoes+under+2500 HTTP/1.1" 200 21837 "-" "Mozilla/5.0 (Linux; Android 6.0.1; Nexus 5X Build/MMB29P) AppleWebKit/537.36 (KHTML, like Gecko) Chrome/137.0.7151.103 Mobile Safari/537.36 (compatible; Googlebot/2.1; +http://www.google.com/bot.html)"
66.249.64.132 - - [12/Jul/2025:20:04:41 +0000] "GET /?f=5335539011490&mod=4a7a6fd7&uri=brands.php%3Fid%3D178126-320%26name%3Dmizuno+wave+maverick+mujer HTTP/1.1" 200 20879 "-" "Mozilla/5.0 (Linux; Android 6.0.1; Nexus 5X Build/MMB29P) AppleWebKit/537.36 (KHTML, like Gecko) Chrome/137.0.7151.103 Mobile Safari/537.36 (compatible; Googlebot/2.1; +http://www.google.com/bot.html)"
66.249.64.128 - - [12/Jul/2025:20:04:42 +0000] "GET /?f=5383005001490&mod=8e7035e0&uri=blog.php%3Fid%3D179710-270%26name%3Dviscoglide+technology HTTP/1.1" 200 22455 "-" "Mozilla/5.0 (Linux; Android 6.0.1; Nexus 5X Build/MMB29P) AppleWebKit/537.36 (KHTML, like Gecko) Chrome/137.0.7151.103 Mobile Safari/537.36 (compatible; Googlebot/2.1; +http://www.google.com/bot.html)"
66.249.64.132 - - [12/Jul/2025:20:04:44 +0000] "GET /?f=5595925051490&mod=798b4516&uri=itm.php%3Fid%3D186813-330%26name%3Dnest+keeps+turning+off+heat HTTP/1.1" 200 21639 "-" "Mozilla/5.0 (Linux; Android 6.0.1; Nexus 5X Build/MMB29P) AppleWebKit/537.36 (KHTML, like Gecko) Chrome/137.0.7151.103 Mobile Safari/537.36 (compatible; Googlebot/2.1; +http://www.google.com/bot.html)"
66.249.64.128 - - [12/Jul/2025:20:04:45 +0000] "GET /?f=5441982071490&mod=fe45e322&uri=itm.php%3Fid%3D181677-60%26name%3Dcamicia+neonato+bianca HTTP/1.1" 200 21735 "-" "Mozilla/5.0 (Linux; Android 6.0.1; Nexus 5X Build/MMB29P) AppleWebKit/537.36 (KHTML, like Gecko) Chrome/137.0.7151.103 Mobile Safari/537.36 (compatible; Googlebot/2.1; +http://www.google.com/bot.html)"
66.249.64.132 - - [12/Jul/2025:20:04:49 +0000] "GET /?f=5386245051490&mod=8e7035e0&uri=search.php%3Fid%3D179818-270%26name%3Dextra+fine+dry+wipe+pens HTTP/1.1" 200 22085 "-" "Mozilla/5.0 (Linux; Android 6.0.1; Nexus 5X Build/MMB29P) AppleWebKit/537.36 (KHTML, like Gecko) Chrome/137.0.7151.103 Mobile Safari/537.36 (compatible; Googlebot/2.1; +http://www.google.com/bot.html)"
66.249.64.129 - - [12/Jul/2025:20:04:50 +0000] "GET /?f=5382645051490&mod=af8e3c34&uri=us.php%3Fid%3D179698-321%26name%3Daustralian+shepherd+and+rottweiler+mix HTTP/1.1" 200 22176 "-" "Mozilla/5.0 (Linux; Android 6.0.1; Nexus 5X Build/MMB29P) AppleWebKit/537.36 (KHTML, like Gecko) Chrome/137.0.7151.103 Mobile Safari/537.36 (compatible; Googlebot/2.1; +http://www.google.com/bot.html)"
66.249.64.129 - - [12/Jul/2025:20:04:51 +0000] "GET /?f=25260551001490&mod=b831f154&uri=brands.php%3Fid%3D843099-453%26name%3Dcasaco+nfl HTTP/1.1" 200 21379 "-" "Mozilla/5.0 (Linux; Android 6.0.1; Nexus 5X Build/MMB29P) AppleWebKit/537.36 (KHTML, like Gecko) Chrome/137.0.7151.103 Mobile Safari/537.36 (compatible; Googlebot/2.1; +http://www.google.com/bot.html)"
66.249.64.128 - - [12/Jul/2025:20:04:53 +0000] "GET /?f=5453382031490&mod=0c2a1b8e&uri=product.php%3Fid%3D182057-59%26name%3Daccessori+per+tubino+nero+ad+un+matrimonio HTTP/1.1" 200 22033 "-" "Mozilla/5.0 (Linux; Android 6.0.1; Nexus 5X Build/MMB29P) AppleWebKit/537.36 (KHTML, like Gecko) Chrome/137.0.7151.103 Mobile Safari/537.36 (compatible; Googlebot/2.1; +http://www.google.com/bot.html)"
66.249.64.132 - - [12/Jul/2025:20:04:55 +0000] "POST /get-message-notify HTTP/1.1" 200 21394 "https://onlycnc.com.au/?f=5441982071490&mod=fe45e322&uri=itm.php%3Fid%3D181677-60%26name%3Dcamicia+neonato+bianca" "Mozilla/5.0 (Linux; Android 6.0.1; Nexus 5X Build/MMB29P) AppleWebKit/537.36 (KHTML, like Gecko) Chrome/137.0.7151.119 Mobile Safari/537.36 (compatible; Googlebot/2.1; +http://www.google.com/bot.html)"
66.249.64.128 - - [12/Jul/2025:20:04:56 +0000] "GET /?f=25209128031490&mod=f498db80&uri=article.php%3Fid%3D841384-878%26name%3Dvintage+coach+shoulder+bag HTTP/1.1" 200 21261 "-" "Mozilla/5.0 (Linux; Android 6.0.1; Nexus 5X Build/MMB29P) AppleWebKit/537.36 (KHTML, like Gecko) Chrome/137.0.7151.103 Mobile Safari/537.36 (compatible; Googlebot/2.1; +http://www.google.com/bot.html)"
66.249.64.132 - - [12/Jul/2025:20:04:57 +0000] "GET /?f=25331237031490&mod=169806bb&uri=form.php%3Fid%3D845460-70%26name%3Dmini+oven HTTP/1.1" 200 22129 "-" "Mozilla/5.0 (Linux; Android 6.0.1; Nexus 5X Build/MMB29P) AppleWebKit/537.36 (KHTML, like Gecko) Chrome/137.0.7151.103 Mobile Safari/537.36 (compatible; Googlebot/2.1; +http://www.google.com/bot.html)"
66.249.64.128 - - [12/Jul/2025:20:04:59 +0000] "GET /?f=25256951051490&mod=4ec74784&uri=itm.php%3Fid%3D842979-252%26name%3Duniqlo+wool+trousers HTTP/1.1" 200 21547 "-" "Mozilla/5.0 (Linux; Android 6.0.1; Nexus 5X Build/MMB29P) AppleWebKit/537.36 (KHTML, like Gecko) Chrome/137.0.7151.103 Mobile Safari/537.36 (compatible; Googlebot/2.1; +http://www.google.com/bot.html)"
66.249.64.132 - - [12/Jul/2025:20:05:02 +0000] "GET /?f=5384205031490&mod=8e7035e0&uri=pin.php%3Fid%3D179750-270%26name%3Dmontegrappa+miya+450+fountain+pen HTTP/1.1" 200 22284 "-" "Mozilla/5.0 (Linux; Android 6.0.1; Nexus 5X Build/MMB29P) AppleWebKit/537.36 (KHTML, like Gecko) Chrome/137.0.7151.103 Mobile Safari/537.36 (compatible; Googlebot/2.1; +http://www.google.com/bot.html)"
66.249.64.128 - - [12/Jul/2025:20:05:03 +0000] "POST /get-message-notify HTTP/1.1" 200 21389 "https://onlycnc.com.au/?f=5386245051490&mod=8e7035e0&uri=search.php%3Fid%3D179818-270%26name%3Dextra+fine+dry+wipe+pens" "Mozilla/5.0 (Linux; Android 6.0.1; Nexus 5X Build/MMB29P) AppleWebKit/537.36 (KHTML, like Gecko) Chrome/137.0.7151.119 Mobile Safari/537.36 (compatible; Googlebot/2.1; +http://www.google.com/bot.html)"
66.249.64.129 - - [12/Jul/2025:20:05:05 +0000] "GET /?f=25337008031490&mod=169806bb&uri=products.php%3Fid%3D845653-70%26name%3Dcrownful+air+fryer+oven HTTP/1.1" 200 22307 "-" "Mozilla/5.0 (Linux; Android 6.0.1; Nexus 5X Build/MMB29P) AppleWebKit/537.36 (KHTML, like Gecko) Chrome/137.0.7151.103 Mobile Safari/537.36 (compatible; Googlebot/2.1; +http://www.google.com/bot.html)"
66.249.64.128 - - [12/Jul/2025:20:05:06 +0000] "GET /?f=5391645051490&mod=8e7035e0&uri=product.php%3Fid%3D179998-270%26name%3Dolympus+pen+f+digital+camera HTTP/1.1" 200 22493 "-" "Mozilla/5.0 (Linux; Android 6.0.1; Nexus 5X Build/MMB29P) AppleWebKit/537.36 (KHTML, like Gecko) Chrome/137.0.7151.103 Mobile Safari/537.36 (compatible; Googlebot/2.1; +http://www.google.com/bot.html)"
66.249.64.132 - - [12/Jul/2025:20:05:08 +0000] "GET /?f=5382405001490&mod=8e7035e0&uri=category-info.php%3Fid%3D179690-270%26name%3Dbest+sign+pen+brands HTTP/1.1" 200 22550 "-" "Mozilla/5.0 (Linux; Android 6.0.1; Nexus 5X Build/MMB29P) AppleWebKit/537.36 (KHTML, like Gecko) Chrome/137.0.7151.103 Mobile Safari/537.36 (compatible; Googlebot/2.1; +http://www.google.com/bot.html)"
66.249.64.132 - - [12/Jul/2025:20:05:09 +0000] "POST /get-message-notify HTTP/1.1" 200 21382 "https://onlycnc.com.au/?f=5319309001490&mod=4295cd21&uri=blog.php%3Fid%3D177585-317%26name%3Dbest+badminton+shoes+under+2500" "Mozilla/5.0 (Linux; Android 6.0.1; Nexus 5X Build/MMB29P) AppleWebKit/537.36 (KHTML, like Gecko) Chrome/137.0.7151.119 Mobile Safari/537.36 (compatible; Googlebot/2.1; +http://www.google.com/bot.html)"
66.249.64.132 - - [12/Jul/2025:20:05:12 +0000] "GET /?f=5366664041490&mod=524e7d08&uri=article.php%3Fid%3D179165-322%26name%3Dasko+d3121 HTTP/1.1" 200 21594 "-" "Mozilla/5.0 (Linux; Android 6.0.1; Nexus 5X Build/MMB29P) AppleWebKit/537.36 (KHTML, like Gecko) Chrome/137.0.7151.103 Mobile Safari/537.36 (compatible; Googlebot/2.1; +http://www.google.com/bot.html)"
66.249.64.132 - - [12/Jul/2025:20:05:13 +0000] "GET /?f=25256771141490&mod=b831f154&uri=products.php%3Fid%3D842973-453%26name%3Djaqueta+moletom+jeans HTTP/1.1" 200 20394 "-" "Mozilla/5.0 (Linux; Android 6.0.1; Nexus 5X Build/MMB29P) AppleWebKit/537.36 (KHTML, like Gecko) Chrome/137.0.7151.103 Mobile Safari/537.36 (compatible; Googlebot/2.1; +http://www.google.com/bot.html)"
66.249.64.132 - - [12/Jul/2025:20:05:15 +0000] "GET /?f=5366574121490&mod=af8e3c34&uri=shop.php%3Fid%3D179162-321%26name%3Dtypes+of+beautiful+dogs HTTP/1.1" 200 20923 "-" "Mozilla/5.0 (Linux; Android 6.0.1; Nexus 5X Build/MMB29P) AppleWebKit/537.36 (KHTML, like Gecko) Chrome/137.0.7151.103 Mobile Safari/537.36 (compatible; Googlebot/2.1; +http://www.google.com/bot.html)"
66.249.64.132 - - [12/Jul/2025:20:05:16 +0000] "GET /?f=25319363001490&mod=b150a8c5&uri=shop.php%3Fid%3D845064-158%26name%3Dtier+wedding+cake+prices HTTP/1.1" 200 22145 "-" "Mozilla/5.0 (Linux; Android 6.0.1; Nexus 5X Build/MMB29P) AppleWebKit/537.36 (KHTML, like Gecko) Chrome/137.0.7151.103 Mobile Safari/537.36 (compatible; Googlebot/2.1; +http://www.google.com/bot.html)"
66.249.64.132 - - [12/Jul/2025:20:05:18 +0000] "POST /get-message-notify HTTP/1.1" 200 21384 "https://onlycnc.com.au/?f=5382405001490&mod=8e7035e0&uri=category-info.php%3Fid%3D179690-270%26name%3Dbest+sign+pen+brands" "Mozilla/5.0 (Linux; Android 6.0.1; Nexus 5X Build/MMB29P) AppleWebKit/537.36 (KHTML, like Gecko) Chrome/137.0.7151.119 Mobile Safari/537.36 (compatible; Googlebot/2.1; +http://www.google.com/bot.html)"
66.249.64.132 - - [12/Jul/2025:20:05:19 +0000] "GET /?f=5368374071490&mod=af8e3c34&uri=shared.php%3Fid%3D179222-321%26name%3Dwolf+creek+golden+retrievers HTTP/1.1" 200 22268 "-" "Mozilla/5.0 (Linux; Android 6.0.1; Nexus 5X Build/MMB29P) AppleWebKit/537.36 (KHTML, like Gecko) Chrome/137.0.7151.103 Mobile Safari/537.36 (compatible; Googlebot/2.1; +http://www.google.com/bot.html)"
66.249.64.132 - - [12/Jul/2025:20:05:21 +0000] "GET /?f=25260191081490&mod=c4caeed3&uri=search.php%3Fid%3D843087-235%26name%3Dmaloja+fahrradjacke HTTP/1.1" 200 20721 "-" "Mozilla/5.0 (Linux; Android 6.0.1; Nexus 5X Build/MMB29P) AppleWebKit/537.36 (KHTML, like Gecko) Chrome/137.0.7151.103 Mobile Safari/537.36 (compatible; Googlebot/2.1; +http://www.google.com/bot.html)"
66.249.64.132 - - [12/Jul/2025:20:05:22 +0000] "GET /?f=25283961021490&mod=beeb6c4c&uri=blog.php%3Fid%3D843881-403%26name%3Dschuhe+herren+oxford HTTP/1.1" 200 21166 "-" "Mozilla/5.0 (Linux; Android 6.0.1; Nexus 5X Build/MMB29P) AppleWebKit/537.36 (KHTML, like Gecko) Chrome/137.0.7151.103 Mobile Safari/537.36 (compatible; Googlebot/2.1; +http://www.google.com/bot.html)"
66.249.64.132 - - [12/Jul/2025:20:05:24 +0000] "GET /?f=25277055051490&mod=beeb6c4c&uri=us.php%3Fid%3D843650-403%26name%3Dplateau+schuhe+leder HTTP/1.1" 200 22168 "-" "Mozilla/5.0 (Linux; Android 6.0.1; Nexus 5X Build/MMB29P) AppleWebKit/537.36 (KHTML, like Gecko) Chrome/137.0.7151.103 Mobile Safari/537.36 (compatible; Googlebot/2.1; +http://www.google.com/bot.html)"
66.249.64.128 - - [12/Jul/2025:20:05:25 +0000] "POST /get-message-notify HTTP/1.1" 200 21387 "https://onlycnc.com.au/?f=5382645051490&mod=af8e3c34&uri=us.php%3Fid%3D179698-321%26name%3Daustralian+shepherd+and+rottweiler+mix" "Mozilla/5.0 (Linux; Android 6.0.1; Nexus 5X Build/MMB29P) AppleWebKit/537.36 (KHTML, like Gecko) Chrome/137.0.7151.119 Mobile Safari/537.36 (compatible; Googlebot/2.1; +http://www.google.com/bot.html)"
66.249.64.132 - - [12/Jul/2025:20:05:26 +0000] "GET /?f=25170777071490&mod=55b37c5c&uri=itm.php%3Fid%3D840104-6%26name%3Dmontre+paterson+s+steel HTTP/1.1" 200 21386 "-" "Mozilla/5.0 (Linux; Android 6.0.1; Nexus 5X Build/MMB29P) AppleWebKit/537.36 (KHTML, like Gecko) Chrome/137.0.7151.103 Mobile Safari/537.36 (compatible; Googlebot/2.1; +http://www.google.com/bot.html)"
66.249.64.132 - - [12/Jul/2025:20:05:28 +0000] "GET /?f=5388165051490&mod=8e7035e0&uri=info.php%3Fid%3D179882-270%26name%3Dlamy+ef+f HTTP/1.1" 200 21950 "-" "Mozilla/5.0 (Linux; Android 6.0.1; Nexus 5X Build/MMB29P) AppleWebKit/537.36 (KHTML, like Gecko) Chrome/137.0.7151.103 Mobile Safari/537.36 (compatible; Googlebot/2.1; +http://www.google.com/bot.html)"
66.249.64.128 - - [12/Jul/2025:20:05:29 +0000] "GET /?f=119778340021490&mod=7a6785df&uri=article.php%3Fid%3D3997367-242%26name%3Dchinet+classic+white+paper+dinner+plates HTTP/1.1" 200 22183 "-" "Mozilla/5.0 (Linux; Android 6.0.1; Nexus 5X Build/MMB29P) AppleWebKit/537.36 (KHTML, like Gecko) Chrome/137.0.7151.103 Mobile Safari/537.36 (compatible; Googlebot/2.1; +http://www.google.com/bot.html)"
66.249.64.128 - - [12/Jul/2025:20:05:31 +0000] "GET /?f=5364244041490&mod=7da9e0bb&uri=info.php%3Fid%3D179084-297%26name%3Ddo+cats+have+heat HTTP/1.1" 200 21435 "-" "Mozilla/5.0 (Linux; Android 6.0.1; Nexus 5X Build/MMB29P) AppleWebKit/537.36 (KHTML, like Gecko) Chrome/137.0.7151.103 Mobile Safari/537.36 (compatible; Googlebot/2.1; +http://www.google.com/bot.html)"
66.249.64.128 - - [12/Jul/2025:20:05:32 +0000] "GET /?f=25389613041490&mod=7a6785df&uri=pin.php%3Fid%3D847407-242%26name%3Dnoritake+white+dinner+set HTTP/1.1" 200 22260 "-" "Mozilla/5.0 (Linux; Android 6.0.1; Nexus 5X Build/MMB29P) AppleWebKit/537.36 (KHTML, like Gecko) Chrome/137.0.7151.103 Mobile Safari/537.36 (compatible; Googlebot/2.1; +http://www.google.com/bot.html)"
66.249.64.128 - - [12/Jul/2025:20:05:33 +0000] "POST /get-message-notify HTTP/1.1" 200 21388 "https://onlycnc.com.au/?f=119778340021490&mod=7a6785df&uri=article.php%3Fid%3D3997367-242%26name%3Dchinet+classic+white+paper+dinner+plates" "Mozilla/5.0 (Linux; Android 6.0.1; Nexus 5X Build/MMB29P) AppleWebKit/537.36 (KHTML, like Gecko) Chrome/137.0.7151.119 Mobile Safari/537.36 (compatible; Googlebot/2.1; +http://www.google.com/bot.html)"
66.249.64.132 - - [12/Jul/2025:20:05:35 +0000] "GET /?f=25326017011490&mod=169806bb&uri=us.php%3Fid%3D845286-70%26name%3Diona+oven+toaster HTTP/1.1" 200 22138 "-" "Mozilla/5.0 (Linux; Android 6.0.1; Nexus 5X Build/MMB29P) AppleWebKit/537.36 (KHTML, like Gecko) Chrome/137.0.7151.103 Mobile Safari/537.36 (compatible; Googlebot/2.1; +http://www.google.com/bot.html)"
66.249.64.132 - - [12/Jul/2025:20:05:36 +0000] "GET /?f=5389965121490&mod=8e7035e0&uri=goods.php%3Fid%3D179942-270%26name%3Dpaper+mate+m+pen+black HTTP/1.1" 200 21979 "-" "Mozilla/5.0 (Linux; Android 6.0.1; Nexus 5X Build/MMB29P) AppleWebKit/537.36 (KHTML, like Gecko) Chrome/137.0.7151.103 Mobile Safari/537.36 (compatible; Googlebot/2.1; +http://www.google.com/bot.html)"
66.249.64.128 - - [12/Jul/2025:20:05:38 +0000] "POST /get-message-notify HTTP/1.1" 200 21390 "https://onlycnc.com.au/?f=5366574121490&mod=af8e3c34&uri=shop.php%3Fid%3D179162-321%26name%3Dtypes+of+beautiful+dogs" "Mozilla/5.0 (Linux; Android 6.0.1; Nexus 5X Build/MMB29P) AppleWebKit/537.36 (KHTML, like Gecko) Chrome/137.0.7151.119 Mobile Safari/537.36 (compatible; Googlebot/2.1; +http://www.google.com/bot.html)"
66.249.64.128 - - [12/Jul/2025:20:05:39 +0000] "GET /?f=5942711011490&mod=9cecbb6f&uri=goods.php%3Fid%3D198449-344%26name%3Dshop11+nike+air+force HTTP/1.1" 200 22158 "-" "Mozilla/5.0 (Linux; Android 6.0.1; Nexus 5X Build/MMB29P) AppleWebKit/537.36 (KHTML, like Gecko) Chrome/137.0.7151.103 Mobile Safari/537.36 (compatible; Googlebot/2.1; +http://www.google.com/bot.html)"
66.249.64.128 - - [12/Jul/2025:20:05:41 +0000] "GET /?f=5365496031490&mod=7da9e0bb&uri=category-info.php%3Fid%3D179126-297%26name%3Dcat+in+heat+for+first+time HTTP/1.1" 200 21574 "-" "Mozilla/5.0 (Linux; Android 6.0.1; Nexus 5X Build/MMB29P) AppleWebKit/537.36 (KHTML, like Gecko) Chrome/137.0.7151.103 Mobile Safari/537.36 (compatible; Googlebot/2.1; +http://www.google.com/bot.html)"
66.249.64.132 - - [12/Jul/2025:20:05:42 +0000] "GET /?f=25319213021490&mod=b150a8c5&uri=products.php%3Fid%3D845059-158%26name%3Dhomemade+ring+donuts HTTP/1.1" 200 21605 "-" "Mozilla/5.0 (Linux; Android 6.0.1; Nexus 5X Build/MMB29P) AppleWebKit/537.36 (KHTML, like Gecko) Chrome/137.0.7151.103 Mobile Safari/537.36 (compatible; Googlebot/2.1; +http://www.google.com/bot.html)"
66.249.64.128 - - [12/Jul/2025:20:05:43 +0000] "GET /?f=25344800031490&mod=169806bb&uri=us.php%3Fid%3D845913-70%26name%3Dquigg+mini+oven+aldi HTTP/1.1" 200 22584 "-" "Mozilla/5.0 (Linux; Android 6.0.1; Nexus 5X Build/MMB29P) AppleWebKit/537.36 (KHTML, like Gecko) Chrome/137.0.7151.103 Mobile Safari/537.36 (compatible; Googlebot/2.1; +http://www.google.com/bot.html)"
66.249.64.128 - - [12/Jul/2025:20:05:45 +0000] "POST /get-message-notify HTTP/1.1" 200 21388 "https://onlycnc.com.au/?f=25170777071490&mod=55b37c5c&uri=itm.php%3Fid%3D840104-6%26name%3Dmontre+paterson+s+steel" "Mozilla/5.0 (Linux; Android 6.0.1; Nexus 5X Build/MMB29P) AppleWebKit/537.36 (KHTML, like Gecko) Chrome/137.0.7151.119 Mobile Safari/537.36 (compatible; Googlebot/2.1; +http://www.google.com/bot.html)"
66.249.64.132 - - [12/Jul/2025:20:05:46 +0000] "GET /?f=5383725091490&mod=8e7035e0&uri=form.php%3Fid%3D179734-270%26name%3Dstaedtler+triplus+ball+431 HTTP/1.1" 200 21783 "-" "Mozilla/5.0 (Linux; Android 6.0.1; Nexus 5X Build/MMB29P) AppleWebKit/537.36 (KHTML, like Gecko) Chrome/137.0.7151.103 Mobile Safari/537.36 (compatible; Googlebot/2.1; +http://www.google.com/bot.html)"
66.249.64.129 - - [12/Jul/2025:20:05:48 +0000] "GET /?f=5367204081490&mod=524e7d08&uri=shop.php%3Fid%3D179183-322%26name%3Dtop+rated+dishwasher+2018 HTTP/1.1" 200 20891 "-" "Mozilla/5.0 (Linux; Android 6.0.1; Nexus 5X Build/MMB29P) AppleWebKit/537.36 (KHTML, like Gecko) Chrome/137.0.7151.103 Mobile Safari/537.36 (compatible; Googlebot/2.1; +http://www.google.com/bot.html)"
66.249.64.132 - - [12/Jul/2025:20:05:49 +0000] "GET /?f=25324667051490&mod=c292b3e9&uri=article.php%3Fid%3D845241-91%26name%3Djamis+aurora HTTP/1.1" 200 21470 "-" "Mozilla/5.0 (Linux; Android 6.0.1; Nexus 5X Build/MMB29P) AppleWebKit/537.36 (KHTML, like Gecko) Chrome/137.0.7151.103 Mobile Safari/537.36 (compatible; Googlebot/2.1; +http://www.google.com/bot.html)"
66.249.64.132 - - [12/Jul/2025:20:05:50 +0000] "GET /?f=25335568011490&mod=169806bb&uri=goods.php%3Fid%3D845605-70%26name%3Dreddit+toaster+oven HTTP/1.1" 200 22396 "-" "Mozilla/5.0 (Linux; Android 6.0.1; Nexus 5X Build/MMB29P) AppleWebKit/537.36 (KHTML, like Gecko) Chrome/137.0.7151.103 Mobile Safari/537.36 (compatible; Googlebot/2.1; +http://www.google.com/bot.html)"
66.249.64.128 - - [12/Jul/2025:20:06:01 +0000] "POST /get-message-notify HTTP/1.1" 200 21397 "https://onlycnc.com.au/?f=5388165051490&mod=8e7035e0&uri=info.php%3Fid%3D179882-270%26name%3Dlamy+ef+f" "Mozilla/5.0 (Linux; Android 6.0.1; Nexus 5X Build/MMB29P) AppleWebKit/537.36 (KHTML, like Gecko) Chrome/137.0.7151.119 Mobile Safari/537.36 (compatible; Googlebot/2.1; +http://www.google.com/bot.html)"
66.249.64.132 - - [12/Jul/2025:20:06:04 +0000] "GET /?f=5389005011490&mod=8e7035e0&uri=category-info.php%3Fid%3D179910-270%26name%3Dthinnest+pen HTTP/1.1" 200 22130 "-" "Mozilla/5.0 (Linux; Android 6.0.1; Nexus 5X Build/MMB29P) AppleWebKit/537.36 (KHTML, like Gecko) Chrome/137.0.7151.103 Mobile Safari/537.36 (compatible; Googlebot/2.1; +http://www.google.com/bot.html)"
66.249.64.128 - - [12/Jul/2025:20:06:09 +0000] "POST /get-message-notify HTTP/1.1" 200 21390 "https://onlycnc.com.au/?f=5383725091490&mod=8e7035e0&uri=form.php%3Fid%3D179734-270%26name%3Dstaedtler+triplus+ball+431" "Mozilla/5.0 (Linux; Android 6.0.1; Nexus 5X Build/MMB29P) AppleWebKit/537.36 (KHTML, like Gecko) Chrome/137.0.7151.119 Mobile Safari/537.36 (compatible; Googlebot/2.1; +http://www.google.com/bot.html)"
66.249.64.132 - - [12/Jul/2025:20:06:12 +0000] "GET /?f=25216448041490&mod=c4caeed3&uri=us.php%3Fid%3D841628-235%26name%3Dwinterjacke+h+und+m+damen HTTP/1.1" 200 22626 "-" "Mozilla/5.0 (Linux; Android 6.0.1; Nexus 5X Build/MMB29P) AppleWebKit/537.36 (KHTML, like Gecko) Chrome/137.0.7151.103 Mobile Safari/537.36 (compatible; Googlebot/2.1; +http://www.google.com/bot.html)"
66.249.64.132 - - [12/Jul/2025:20:06:15 +0000] "GET /?f=5382285111490&mod=8e7035e0&uri=product.php%3Fid%3D179686-270%26name%3Dcopic+marker+pen HTTP/1.1" 200 21691 "-" "Mozilla/5.0 (Linux; Android 6.0.1; Nexus 5X Build/MMB29P) AppleWebKit/537.36 (KHTML, like Gecko) Chrome/137.0.7151.103 Mobile Safari/537.36 (compatible; Googlebot/2.1; +http://www.google.com/bot.html)"
66.249.64.132 - - [12/Jul/2025:20:06:18 +0000] "GET /?f=25176999011490&mod=ccb1d45f&uri=blog.php%3Fid%3D840312-5%26name%3Drobe+mariage+civil+asos HTTP/1.1" 200 21012 "-" "Mozilla/5.0 (Linux; Android 6.0.1; Nexus 5X Build/MMB29P) AppleWebKit/537.36 (KHTML, like Gecko) Chrome/137.0.7151.103 Mobile Safari/537.36 (compatible; Googlebot/2.1; +http://www.google.com/bot.html)"
66.249.64.132 - - [12/Jul/2025:20:06:21 +0000] "GET /?f=5367744011490&mod=2ed6f877&uri=itm.php%3Fid%3D179201-323%26name%3Dhot+pink+yeti+30+oz HTTP/1.1" 200 21382 "-" "Mozilla/5.0 (Linux; Android 6.0.1; Nexus 5X Build/MMB29P) AppleWebKit/537.36 (KHTML, like Gecko) Chrome/137.0.7151.103 Mobile Safari/537.36 (compatible; Googlebot/2.1; +http://www.google.com/bot.html)"
66.249.64.132 - - [12/Jul/2025:20:06:23 +0000] "GET /?f=25197998001490&mod=64d509b5&uri=article.php%3Fid%3D841013-600%26name%3D6cc+wallet HTTP/1.1" 200 22150 "-" "Mozilla/5.0 (Linux; Android 6.0.1; Nexus 5X Build/MMB29P) AppleWebKit/537.36 (KHTML, like Gecko) Chrome/137.0.7151.103 Mobile Safari/537.36 (compatible; Googlebot/2.1; +http://www.google.com/bot.html)"
66.249.64.132 - - [12/Jul/2025:20:06:33 +0000] "GET /?f=21281546061490&mod=4295cd21&uri=form.php%3Fid%3D710375-317%26name%3Dreebok+slippers+flipkart HTTP/1.1" 200 22310 "-" "Mozilla/5.0 (Linux; Android 6.0.1; Nexus 5X Build/MMB29P) AppleWebKit/537.36 (KHTML, like Gecko) Chrome/137.0.7151.103 Mobile Safari/537.36 (compatible; Googlebot/2.1; +http://www.google.com/bot.html)"
66.249.64.132 - - [12/Jul/2025:20:06:37 +0000] "POST /get-message-notify HTTP/1.1" 200 21384 "https://onlycnc.com.au/?f=25197998001490&mod=64d509b5&uri=article.php%3Fid%3D841013-600%26name%3D6cc+wallet" "Mozilla/5.0 (Linux; Android 6.0.1; Nexus 5X Build/MMB29P) AppleWebKit/537.36 (KHTML, like Gecko) Chrome/137.0.7151.119 Mobile Safari/537.36 (compatible; Googlebot/2.1; +http://www.google.com/bot.html)"
66.249.64.132 - - [12/Jul/2025:20:06:40 +0000] "GET /?f=5366036041490&mod=7da9e0bb&uri=form.php%3Fid%3D179144-297%26name%3Daraki+tibetan+terrier+for+sale HTTP/1.1" 200 21362 "-" "Mozilla/5.0 (Linux; Android 6.0.1; Nexus 5X Build/MMB29P) AppleWebKit/537.36 (KHTML, like Gecko) Chrome/137.0.7151.103 Mobile Safari/537.36 (compatible; Googlebot/2.1; +http://www.google.com/bot.html)"
66.249.64.132 - - [12/Jul/2025:20:06:45 +0000] "GET /?f=25276845041490&mod=beeb6c4c&uri=itm.php%3Fid%3D843643-403%26name%3Dveloursleder+fetten HTTP/1.1" 200 21996 "-" "Mozilla/5.0 (Linux; Android 6.0.1; Nexus 5X Build/MMB29P) AppleWebKit/537.36 (KHTML, like Gecko) Chrome/137.0.7151.103 Mobile Safari/537.36 (compatible; Googlebot/2.1; +http://www.google.com/bot.html)"
66.249.64.132 - - [12/Jul/2025:20:06:49 +0000] "GET /?f=5545894021490&mod=72d77c30&uri=shared.php%3Fid%3D185143-220%26name%3Dsnow+clothing+outlet HTTP/1.1" 200 21757 "-" "Mozilla/5.0 (Linux; Android 6.0.1; Nexus 5X Build/MMB29P) AppleWebKit/537.36 (KHTML, like Gecko) Chrome/137.0.7151.103 Mobile Safari/537.36 (compatible; Googlebot/2.1; +http://www.google.com/bot.html)"
66.249.64.132 - - [12/Jul/2025:20:06:52 +0000] "GET /?f=5389245031490&mod=524e7d08&uri=info.php%3Fid%3D179918-322%26name%3Dkdte104ess4 HTTP/1.1" 200 21224 "-" "Mozilla/5.0 (Linux; Android 6.0.1; Nexus 5X Build/MMB29P) AppleWebKit/537.36 (KHTML, like Gecko) Chrome/137.0.7151.103 Mobile Safari/537.36 (compatible; Googlebot/2.1; +http://www.google.com/bot.html)"
66.249.64.132 - - [12/Jul/2025:20:06:55 +0000] "GET /?f=5372925091490&mod=8e7035e0&uri=news.php%3Fid%3D179374-270%26name%3Dpen+to+fix+wood+scratches HTTP/1.1" 200 21569 "-" "Mozilla/5.0 (Linux; Android 6.0.1; Nexus 5X Build/MMB29P) AppleWebKit/537.36 (KHTML, like Gecko) Chrome/137.0.7151.103 Mobile Safari/537.36 (compatible; Googlebot/2.1; +http://www.google.com/bot.html)"
66.249.64.128 - - [12/Jul/2025:20:06:58 +0000] "GET /?f=25266851001490&mod=b831f154&uri=product.php%3Fid%3D843309-453%26name%3Dcasaco+feminino+pelo+sintetico HTTP/1.1" 200 21337 "-" "Mozilla/5.0 (Linux; Android 6.0.1; Nexus 5X Build/MMB29P) AppleWebKit/537.36 (KHTML, like Gecko) Chrome/137.0.7151.103 Mobile Safari/537.36 (compatible; Googlebot/2.1; +http://www.google.com/bot.html)"
66.249.64.128 - - [12/Jul/2025:20:07:00 +0000] "GET /?f=25330247061490&mod=169806bb&uri=article.php%3Fid%3D845427-70%26name%3Dwonderchef+40+ltr+otg HTTP/1.1" 200 22231 "-" "Mozilla/5.0 (Linux; Android 6.0.1; Nexus 5X Build/MMB29P) AppleWebKit/537.36 (KHTML, like Gecko) Chrome/137.0.7151.103 Mobile Safari/537.36 (compatible; Googlebot/2.1; +http://www.google.com/bot.html)"
66.249.64.132 - - [12/Jul/2025:20:07:02 +0000] "GET /?f=44992294071490&mod=4295cd21&uri=itm.php%3Fid%3D1501540-317%26name%3Dultra+black+97s HTTP/1.1" 200 20523 "-" "Mozilla/5.0 (Linux; Android 6.0.1; Nexus 5X Build/MMB29P) AppleWebKit/537.36 (KHTML, like Gecko) Chrome/137.0.7151.103 Mobile Safari/537.36 (compatible; Googlebot/2.1; +http://www.google.com/bot.html)"
