146.112.163.34 - - [12/Jul/2025:19:46:12 +0000] "GET /wp-includes/css/dashicons.min.css?ver=6.8.1 HTTP/1.1" 200 35730 "https://onlycnc.com.au/%3Ff%3D5959061031490%26mod%3D9cecbb6f%26uri%3Dpin.php%253Fid%253D198994-344%2526name%253Dhsn%2Bcomfort%2Bshoes&ct=ga&cd=CAEYBCoTOTU4ODk3ODg3MzAyMzY1MDQzNTIcMDY5ZDc4NGMzNGU5ZDViZDpjb206ZW46VVM6TA&usg=AOvVaw2BkMeqN9ehW7WQj9NsogFW" "Mozilla/5.0 (X11; Linux x86_64) AppleWebKit/537.36 (KHTML, like Gecko) Chrome/135.0.0.0 Safari/537.36"
146.112.163.34 - - [12/Jul/2025:19:46:12 +0000] "GET /wp-content/themes/ondustry/style.css?ver=1.0.1 HTTP/1.1" 200 549 "https://onlycnc.com.au/%3Ff%3D5959061031490%26mod%3D9cecbb6f%26uri%3Dpin.php%253Fid%253D198994-344%2526name%253Dhsn%2Bcomfort%2Bshoes&ct=ga&cd=CAEYBCoTOTU4ODk3ODg3MzAyMzY1MDQzNTIcMDY5ZDc4NGMzNGU5ZDViZDpjb206ZW46VVM6TA&usg=AOvVaw2BkMeqN9ehW7WQj9NsogFW" "Mozilla/5.0 (X11; Linux x86_64) AppleWebKit/537.36 (KHTML, like Gecko) Chrome/135.0.0.0 Safari/537.36"
146.112.163.34 - - [12/Jul/2025:19:46:12 +0000] "GET /wp-content/plugins/gutenverse-form/lib/framework/assets/css/frontend.css?ver=2.0.7 HTTP/1.1" 200 5147 "https://onlycnc.com.au/%3Ff%3D5959061031490%26mod%3D9cecbb6f%26uri%3Dpin.php%253Fid%253D198994-344%2526name%253Dhsn%2Bcomfort%2Bshoes&ct=ga&cd=CAEYBCoTOTU4ODk3ODg3MzAyMzY1MDQzNTIcMDY5ZDc4NGMzNGU5ZDViZDpjb206ZW46VVM6TA&usg=AOvVaw2BkMeqN9ehW7WQj9NsogFW" "Mozilla/5.0 (X11; Linux x86_64) AppleWebKit/537.36 (KHTML, like Gecko) Chrome/135.0.0.0 Safari/537.36"
146.112.163.34 - - [12/Jul/2025:19:46:12 +0000] "GET /wp-content/plugins/leadconnector/public/css/lc-public.css?ver=3.0.10.1 HTTP/1.1" 200 106 "https://onlycnc.com.au/%3Ff%3D5959061031490%26mod%3D9cecbb6f%26uri%3Dpin.php%253Fid%253D198994-344%2526name%253Dhsn%2Bcomfort%2Bshoes&ct=ga&cd=CAEYBCoTOTU4ODk3ODg3MzAyMzY1MDQzNTIcMDY5ZDc4NGMzNGU5ZDViZDpjb206ZW46VVM6TA&usg=AOvVaw2BkMeqN9ehW7WQj9NsogFW" "Mozilla/5.0 (X11; Linux x86_64) AppleWebKit/537.36 (KHTML, like Gecko) Chrome/135.0.0.0 Safari/537.36"
146.112.163.34 - - [12/Jul/2025:19:46:12 +0000] "GET /wp-content/uploads/gutenverse/css/gutenverse-template-404-666947.css?ver=666947 HTTP/1.1" 200 3586 "https://onlycnc.com.au/%3Ff%3D5959061031490%26mod%3D9cecbb6f%26uri%3Dpin.php%253Fid%253D198994-344%2526name%253Dhsn%2Bcomfort%2Bshoes&ct=ga&cd=CAEYBCoTOTU4ODk3ODg3MzAyMzY1MDQzNTIcMDY5ZDc4NGMzNGU5ZDViZDpjb206ZW46VVM6TA&usg=AOvVaw2BkMeqN9ehW7WQj9NsogFW" "Mozilla/5.0 (X11; Linux x86_64) AppleWebKit/537.36 (KHTML, like Gecko) Chrome/135.0.0.0 Safari/537.36"
146.112.163.34 - - [12/Jul/2025:19:46:12 +0000] "GET /wp-content/plugins/gutenverse-form/assets/css/frontend.css?ver=2.0.8 HTTP/1.1" 200 4889 "https://onlycnc.com.au/%3Ff%3D5959061031490%26mod%3D9cecbb6f%26uri%3Dpin.php%253Fid%253D198994-344%2526name%253Dhsn%2Bcomfort%2Bshoes&ct=ga&cd=CAEYBCoTOTU4ODk3ODg3MzAyMzY1MDQzNTIcMDY5ZDc4NGMzNGU5ZDViZDpjb206ZW46VVM6TA&usg=AOvVaw2BkMeqN9ehW7WQj9NsogFW" "Mozilla/5.0 (X11; Linux x86_64) AppleWebKit/537.36 (KHTML, like Gecko) Chrome/135.0.0.0 Safari/537.36"
146.112.163.34 - - [12/Jul/2025:19:46:12 +0000] "GET /wp-content/themes/ondustry/assets/css/essential/frontend-essential.css?ver=1.0.5 HTTP/1.1" 200 2196 "https://onlycnc.com.au/%3Ff%3D5959061031490%26mod%3D9cecbb6f%26uri%3Dpin.php%253Fid%253D198994-344%2526name%253Dhsn%2Bcomfort%2Bshoes&ct=ga&cd=CAEYBCoTOTU4ODk3ODg3MzAyMzY1MDQzNTIcMDY5ZDc4NGMzNGU5ZDViZDpjb206ZW46VVM6TA&usg=AOvVaw2BkMeqN9ehW7WQj9NsogFW" "Mozilla/5.0 (X11; Linux x86_64) AppleWebKit/537.36 (KHTML, like Gecko) Chrome/135.0.0.0 Safari/537.36"
146.112.163.34 - - [12/Jul/2025:19:46:12 +0000] "GET /wp-content/plugins/gutenverse/assets/css/frontend.css?ver=3.0.7 HTTP/1.1" 200 20119 "https://onlycnc.com.au/%3Ff%3D5959061031490%26mod%3D9cecbb6f%26uri%3Dpin.php%253Fid%253D198994-344%2526name%253Dhsn%2Bcomfort%2Bshoes&ct=ga&cd=CAEYBCoTOTU4ODk3ODg3MzAyMzY1MDQzNTIcMDY5ZDc4NGMzNGU5ZDViZDpjb206ZW46VVM6TA&usg=AOvVaw2BkMeqN9ehW7WQj9NsogFW" "Mozilla/5.0 (X11; Linux x86_64) AppleWebKit/537.36 (KHTML, like Gecko) Chrome/135.0.0.0 Safari/537.36"
146.112.163.34 - - [12/Jul/2025:19:46:13 +0000] "GET /wp-content/plugins/gutenverse-form/lib/framework/assets/dist/frontend-icon.css?ver=2.0.7 HTTP/1.1" 200 507 "https://onlycnc.com.au/%3Ff%3D5959061031490%26mod%3D9cecbb6f%26uri%3Dpin.php%253Fid%253D198994-344%2526name%253Dhsn%2Bcomfort%2Bshoes&ct=ga&cd=CAEYBCoTOTU4ODk3ODg3MzAyMzY1MDQzNTIcMDY5ZDc4NGMzNGU5ZDViZDpjb206ZW46VVM6TA&usg=AOvVaw2BkMeqN9ehW7WQj9NsogFW" "Mozilla/5.0 (X11; Linux x86_64) AppleWebKit/537.36 (KHTML, like Gecko) Chrome/135.0.0.0 Safari/537.36"
146.112.163.34 - - [12/Jul/2025:19:46:13 +0000] "GET /wp-content/uploads/2025/02/Asset-3-1024x258.png HTTP/1.1" 200 37631 "https://onlycnc.com.au/%3Ff%3D5959061031490%26mod%3D9cecbb6f%26uri%3Dpin.php%253Fid%253D198994-344%2526name%253Dhsn%2Bcomfort%2Bshoes&ct=ga&cd=CAEYBCoTOTU4ODk3ODg3MzAyMzY1MDQzNTIcMDY5ZDc4NGMzNGU5ZDViZDpjb206ZW46VVM6TA&usg=AOvVaw2BkMeqN9ehW7WQj9NsogFW" "Mozilla/5.0 (X11; Linux x86_64) AppleWebKit/537.36 (KHTML, like Gecko) Chrome/135.0.0.0 Safari/537.36"
146.112.163.34 - - [12/Jul/2025:19:46:13 +0000] "GET /wp-includes/js/jquery/jquery.min.js?ver=3.7.1 HTTP/1.1" 200 30368 "https://onlycnc.com.au/%3Ff%3D5959061031490%26mod%3D9cecbb6f%26uri%3Dpin.php%253Fid%253D198994-344%2526name%253Dhsn%2Bcomfort%2Bshoes&ct=ga&cd=CAEYBCoTOTU4ODk3ODg3MzAyMzY1MDQzNTIcMDY5ZDc4NGMzNGU5ZDViZDpjb206ZW46VVM6TA&usg=AOvVaw2BkMeqN9ehW7WQj9NsogFW" "Mozilla/5.0 (X11; Linux x86_64) AppleWebKit/537.36 (KHTML, like Gecko) Chrome/135.0.0.0 Safari/537.36"
146.112.163.34 - - [12/Jul/2025:19:46:13 +0000] "GET /wp-content/plugins/leadconnector/public/js/lc-public.js?ver=3.0.10.1 HTTP/1.1" 200 1322 "https://onlycnc.com.au/%3Ff%3D5959061031490%26mod%3D9cecbb6f%26uri%3Dpin.php%253Fid%253D198994-344%2526name%253Dhsn%2Bcomfort%2Bshoes&ct=ga&cd=CAEYBCoTOTU4ODk3ODg3MzAyMzY1MDQzNTIcMDY5ZDc4NGMzNGU5ZDViZDpjb206ZW46VVM6TA&usg=AOvVaw2BkMeqN9ehW7WQj9NsogFW" "Mozilla/5.0 (X11; Linux x86_64) AppleWebKit/537.36 (KHTML, like Gecko) Chrome/135.0.0.0 Safari/537.36"
146.112.163.34 - - [12/Jul/2025:19:46:13 +0000] "GET /wp-includes/js/jquery/jquery-migrate.min.js?ver=3.4.1 HTTP/1.1" 200 4872 "https://onlycnc.com.au/%3Ff%3D5959061031490%26mod%3D9cecbb6f%26uri%3Dpin.php%253Fid%253D198994-344%2526name%253Dhsn%2Bcomfort%2Bshoes&ct=ga&cd=CAEYBCoTOTU4ODk3ODg3MzAyMzY1MDQzNTIcMDY5ZDc4NGMzNGU5ZDViZDpjb206ZW46VVM6TA&usg=AOvVaw2BkMeqN9ehW7WQj9NsogFW" "Mozilla/5.0 (X11; Linux x86_64) AppleWebKit/537.36 (KHTML, like Gecko) Chrome/135.0.0.0 Safari/537.36"
146.112.163.34 - - [12/Jul/2025:19:46:13 +0000] "GET /wp-content/uploads/2025/02/Asset-3.png HTTP/1.1" 200 23991 "https://onlycnc.com.au/%3Ff%3D5959061031490%26mod%3D9cecbb6f%26uri%3Dpin.php%253Fid%253D198994-344%2526name%253Dhsn%2Bcomfort%2Bshoes&ct=ga&cd=CAEYBCoTOTU4ODk3ODg3MzAyMzY1MDQzNTIcMDY5ZDc4NGMzNGU5ZDViZDpjb206ZW46VVM6TA&usg=AOvVaw2BkMeqN9ehW7WQj9NsogFW" "Mozilla/5.0 (X11; Linux x86_64) AppleWebKit/537.36 (KHTML, like Gecko) Chrome/135.0.0.0 Safari/537.36"
146.112.163.34 - - [12/Jul/2025:19:46:13 +0000] "GET /wp-content/plugins/gutenverse-form/lib/framework/assets/js/corefrontend.js?ver=2.0.7 HTTP/1.1" 200 41792 "https://onlycnc.com.au/%3Ff%3D5959061031490%26mod%3D9cecbb6f%26uri%3Dpin.php%253Fid%253D198994-344%2526name%253Dhsn%2Bcomfort%2Bshoes&ct=ga&cd=CAEYBCoTOTU4ODk3ODg3MzAyMzY1MDQzNTIcMDY5ZDc4NGMzNGU5ZDViZDpjb206ZW46VVM6TA&usg=AOvVaw2BkMeqN9ehW7WQj9NsogFW" "Mozilla/5.0 (X11; Linux x86_64) AppleWebKit/537.36 (KHTML, like Gecko) Chrome/135.0.0.0 Safari/537.36"
146.112.163.34 - - [12/Jul/2025:19:46:13 +0000] "GET /wp-content/themes/ondustry/assets/js/essential/profrontend.js?ver=1.0.5 HTTP/1.1" 200 2599 "https://onlycnc.com.au/%3Ff%3D5959061031490%26mod%3D9cecbb6f%26uri%3Dpin.php%253Fid%253D198994-344%2526name%253Dhsn%2Bcomfort%2Bshoes&ct=ga&cd=CAEYBCoTOTU4ODk3ODg3MzAyMzY1MDQzNTIcMDY5ZDc4NGMzNGU5ZDViZDpjb206ZW46VVM6TA&usg=AOvVaw2BkMeqN9ehW7WQj9NsogFW" "Mozilla/5.0 (X11; Linux x86_64) AppleWebKit/537.36 (KHTML, like Gecko) Chrome/135.0.0.0 Safari/537.36"
146.112.163.34 - - [12/Jul/2025:19:46:13 +0000] "GET /wp-content/plugins/gutenverse-form/assets/js/frontend.js?ver=2.0.8 HTTP/1.1" 200 19872 "https://onlycnc.com.au/%3Ff%3D5959061031490%26mod%3D9cecbb6f%26uri%3Dpin.php%253Fid%253D198994-344%2526name%253Dhsn%2Bcomfort%2Bshoes&ct=ga&cd=CAEYBCoTOTU4ODk3ODg3MzAyMzY1MDQzNTIcMDY5ZDc4NGMzNGU5ZDViZDpjb206ZW46VVM6TA&usg=AOvVaw2BkMeqN9ehW7WQj9NsogFW" "Mozilla/5.0 (X11; Linux x86_64) AppleWebKit/537.36 (KHTML, like Gecko) Chrome/135.0.0.0 Safari/537.36"
146.112.163.34 - - [12/Jul/2025:19:46:13 +0000] "GET /wp-includes/js/dist/vendor/lodash.min.js?ver=4.17.21 HTTP/1.1" 200 24899 "https://onlycnc.com.au/%3Ff%3D5959061031490%26mod%3D9cecbb6f%26uri%3Dpin.php%253Fid%253D198994-344%2526name%253Dhsn%2Bcomfort%2Bshoes&ct=ga&cd=CAEYBCoTOTU4ODk3ODg3MzAyMzY1MDQzNTIcMDY5ZDc4NGMzNGU5ZDViZDpjb206ZW46VVM6TA&usg=AOvVaw2BkMeqN9ehW7WQj9NsogFW" "Mozilla/5.0 (X11; Linux x86_64) AppleWebKit/537.36 (KHTML, like Gecko) Chrome/135.0.0.0 Safari/537.36"
146.112.163.34 - - [12/Jul/2025:19:46:13 +0000] "GET /wp-content/plugins/gutenverse/assets/js/frontend.js?ver=3.0.7 HTTP/1.1" 200 108904 "https://onlycnc.com.au/%3Ff%3D5959061031490%26mod%3D9cecbb6f%26uri%3Dpin.php%253Fid%253D198994-344%2526name%253Dhsn%2Bcomfort%2Bshoes&ct=ga&cd=CAEYBCoTOTU4ODk3ODg3MzAyMzY1MDQzNTIcMDY5ZDc4NGMzNGU5ZDViZDpjb206ZW46VVM6TA&usg=AOvVaw2BkMeqN9ehW7WQj9NsogFW" "Mozilla/5.0 (X11; Linux x86_64) AppleWebKit/537.36 (KHTML, like Gecko) Chrome/135.0.0.0 Safari/537.36"
146.112.163.34 - - [12/Jul/2025:19:46:13 +0000] "GET /wp-content/plugins/gutenverse-form/lib/framework/assets/fonts/gtnicon/gtnicon-9.woff?bv8d8l HTTP/1.1" 200 88298 "https://onlycnc.com.au/wp-content/plugins/gutenverse-form/lib/framework/assets/fonts/gtnicon/gtnicon.css?ver=2.0.7" "Mozilla/5.0 (Windows NT 10.0; Win64; x64) AppleWebKit/537.36 (KHTML, like Gecko) Chrome/135.0.0.0 Safari/537.36"
146.112.163.34 - - [12/Jul/2025:19:46:13 +0000] "GET /wp-content/plugins/gutenverse-form/lib/framework/assets/fonts/fontawesome/webfonts/fa-solid-900.woff2 HTTP/1.1" 200 156539 "https://onlycnc.com.au/wp-content/plugins/gutenverse-form/lib/framework/assets/fonts/fontawesome/css/all.min.css?ver=2.0.7" "Mozilla/5.0 (Windows NT 10.0; Win64; x64) AppleWebKit/537.36 (KHTML, like Gecko) Chrome/135.0.0.0 Safari/537.36"
146.112.163.34 - - [12/Jul/2025:19:46:13 +0000] "GET /wp-content/plugins/gutenverse-form/lib/framework/assets/fonts/gtnicon/gtnicon-6.woff?bv8d8l HTTP/1.1" 200 41993 "https://onlycnc.com.au/wp-content/plugins/gutenverse-form/lib/framework/assets/fonts/gtnicon/gtnicon.css?ver=2.0.7" "Mozilla/5.0 (Windows NT 10.0; Win64; x64) AppleWebKit/537.36 (KHTML, like Gecko) Chrome/135.0.0.0 Safari/537.36"
146.112.163.34 - - [12/Jul/2025:19:46:13 +0000] "GET /wp-content/plugins/gutenverse-form/lib/framework/assets/fonts/fontawesome/webfonts/fa-brands-400.woff2 HTTP/1.1" 200 117389 "https://onlycnc.com.au/wp-content/plugins/gutenverse-form/lib/framework/assets/fonts/fontawesome/css/all.min.css?ver=2.0.7" "Mozilla/5.0 (Windows NT 10.0; Win64; x64) AppleWebKit/537.36 (KHTML, like Gecko) Chrome/135.0.0.0 Safari/537.36"
146.112.163.34 - - [12/Jul/2025:19:46:13 +0000] "GET /wp-content/plugins/gutenverse-form/lib/framework/assets/fonts/gtnicon/gtnicon-8.woff?bv8d8l HTTP/1.1" 200 71472 "https://onlycnc.com.au/wp-content/plugins/gutenverse-form/lib/framework/assets/fonts/gtnicon/gtnicon.css?ver=2.0.7" "Mozilla/5.0 (Windows NT 10.0; Win64; x64) AppleWebKit/537.36 (KHTML, like Gecko) Chrome/135.0.0.0 Safari/537.36"
146.112.163.34 - - [12/Jul/2025:19:46:13 +0000] "GET /wp-content/themes/ondustry/assets/js/essential/frontend.js?ver=1.0.5 HTTP/1.1" 200 7588 "https://onlycnc.com.au/%3Ff%3D5959061031490%26mod%3D9cecbb6f%26uri%3Dpin.php%253Fid%253D198994-344%2526name%253Dhsn%2Bcomfort%2Bshoes&ct=ga&cd=CAEYBCoTOTU4ODk3ODg3MzAyMzY1MDQzNTIcMDY5ZDc4NGMzNGU5ZDViZDpjb206ZW46VVM6TA&usg=AOvVaw2BkMeqN9ehW7WQj9NsogFW" "Mozilla/5.0 (X11; Linux x86_64) AppleWebKit/537.36 (KHTML, like Gecko) Chrome/135.0.0.0 Safari/537.36"
146.112.163.34 - - [12/Jul/2025:19:46:13 +0000] "GET /wp-content/themes/ondustry/assets/img/worker-grinding-metal-metal-grinding-machine-with-sparks-metal-sawing.webp HTTP/1.1" 200 119526 "https://onlycnc.com.au/wp-content/uploads/gutenverse/css/gutenverse-template-404-666947.css?ver=666947" "Mozilla/5.0 (Windows NT 10.0; Win64; x64) AppleWebKit/537.36 (KHTML, like Gecko) Chrome/135.0.0.0 Safari/537.36"
146.112.163.34 - - [12/Jul/2025:19:46:13 +0000] "GET /wp-includes/js/wp-emoji-release.min.js?ver=6.8.1 HTTP/1.1" 200 5166 "https://onlycnc.com.au/%3Ff%3D5959061031490%26mod%3D9cecbb6f%26uri%3Dpin.php%253Fid%253D198994-344%2526name%253Dhsn%2Bcomfort%2Bshoes&ct=ga&cd=CAEYBCoTOTU4ODk3ODg3MzAyMzY1MDQzNTIcMDY5ZDc4NGMzNGU5ZDViZDpjb206ZW46VVM6TA&usg=AOvVaw2BkMeqN9ehW7WQj9NsogFW" "Mozilla/5.0 (Windows NT 10.0; Win64; x64) AppleWebKit/537.36 (KHTML, like Gecko) Chrome/135.0.0.0 Safari/537.36"
146.112.163.34 - - [12/Jul/2025:19:46:13 +0000] "GET /wp-content/uploads/2025/02/cropped-oncnclogo-32x32.png HTTP/1.1" 200 1242 "https://onlycnc.com.au/%3Ff%3D5959061031490%26mod%3D9cecbb6f%26uri%3Dpin.php%253Fid%253D198994-344%2526name%253Dhsn%2Bcomfort%2Bshoes&ct=ga&cd=CAEYBCoTOTU4ODk3ODg3MzAyMzY1MDQzNTIcMDY5ZDc4NGMzNGU5ZDViZDpjb206ZW46VVM6TA&usg=AOvVaw2BkMeqN9ehW7WQj9NsogFW" "Mozilla/5.0 (Windows NT 10.0; Win64; x64) AppleWebKit/537.36 (KHTML, like Gecko) Chrome/135.0.0.0 Safari/537.36"
66.249.64.129 - - [12/Jul/2025:19:46:14 +0000] "GET /?f=5970455031490&mod=9cecbb6f&uri=brands.php%3Fid%3D199374-344%26name%3Dreliance+trends+footwear+near+me HTTP/1.1" 200 22372 "-" "Mozilla/5.0 (Linux; Android 6.0.1; Nexus 5X Build/MMB29P) AppleWebKit/537.36 (KHTML, like Gecko) Chrome/137.0.7151.103 Mobile Safari/537.36 (compatible; Googlebot/2.1; +http://www.google.com/bot.html)"
66.249.64.128 - - [12/Jul/2025:19:46:18 +0000] "GET /?f=113663793031490&mod=55250fc7&uri=goods.php%3Fid%3D3793369-336%26name%3Dacquistare+valigie HTTP/1.1" 200 22919 "-" "Mozilla/5.0 (Linux; Android 6.0.1; Nexus 5X Build/MMB29P) AppleWebKit/537.36 (KHTML, like Gecko) Chrome/137.0.7151.103 Mobile Safari/537.36 (compatible; Googlebot/2.1; +http://www.google.com/bot.html)"
66.249.64.129 - - [12/Jul/2025:19:46:20 +0000] "GET /?f=25264511001490&mod=b831f154&uri=search.php%3Fid%3D843231-453%26name%3Djaqueta+do+free+fire HTTP/1.1" 200 21476 "-" "Mozilla/5.0 (Linux; Android 6.0.1; Nexus 5X Build/MMB29P) AppleWebKit/537.36 (KHTML, like Gecko) Chrome/137.0.7151.103 Mobile Safari/537.36 (compatible; Googlebot/2.1; +http://www.google.com/bot.html)"
66.249.64.129 - - [12/Jul/2025:19:46:22 +0000] "POST /get-message-notify HTTP/1.1" 200 21392 "https://onlycnc.com.au/?f=25170747041490&mod=55b37c5c&uri=brands.php%3Fid%3D840103-6%26name%3Dg+shock+nouveaut%C3%83%C2%A9" "Mozilla/5.0 (Linux; Android 6.0.1; Nexus 5X Build/MMB29P) AppleWebKit/537.36 (KHTML, like Gecko) Chrome/137.0.7151.119 Mobile Safari/537.36 (compatible; Googlebot/2.1; +http://www.google.com/bot.html)"
66.249.64.132 - - [12/Jul/2025:19:46:24 +0000] "GET /?f=25206968011490&mod=f498db80&uri=category-info.php%3Fid%3D841312-878%26name%3Dnylon+prada+duet+shoulder+bag HTTP/1.1" 200 21101 "-" "Mozilla/5.0 (Linux; Android 6.0.1; Nexus 5X Build/MMB29P) AppleWebKit/537.36 (KHTML, like Gecko) Chrome/137.0.7151.103 Mobile Safari/537.36 (compatible; Googlebot/2.1; +http://www.google.com/bot.html)"
66.249.64.129 - - [12/Jul/2025:19:46:26 +0000] "GET /?f=5538724011490&mod=e24a7e4c&uri=us.php%3Fid%3D184904-310%26name%3Dradeon+quadro HTTP/1.1" 200 22217 "-" "Mozilla/5.0 (Linux; Android 6.0.1; Nexus 5X Build/MMB29P) AppleWebKit/537.36 (KHTML, like Gecko) Chrome/137.0.7151.103 Mobile Safari/537.36 (compatible; Googlebot/2.1; +http://www.google.com/bot.html)"
66.249.64.129 - - [12/Jul/2025:19:46:29 +0000] "GET /?f=25255391061490&mod=b831f154&uri=itm.php%3Fid%3D842927-453%26name%3Dcasaco+da+oakley+feminino HTTP/1.1" 200 21326 "-" "Mozilla/5.0 (Linux; Android 6.0.1; Nexus 5X Build/MMB29P) AppleWebKit/537.36 (KHTML, like Gecko) Chrome/137.0.7151.103 Mobile Safari/537.36 (compatible; Googlebot/2.1; +http://www.google.com/bot.html)"
66.249.64.128 - - [12/Jul/2025:19:46:31 +0000] "GET /?f=25194038001490&mod=64d509b5&uri=info.php%3Fid%3D840881-600%26name%3Dtag+heuer+jp HTTP/1.1" 200 22326 "-" "Mozilla/5.0 (Linux; Android 6.0.1; Nexus 5X Build/MMB29P) AppleWebKit/537.36 (KHTML, like Gecko) Chrome/137.0.7151.103 Mobile Safari/537.36 (compatible; Googlebot/2.1; +http://www.google.com/bot.html)"
66.249.64.129 - - [12/Jul/2025:19:46:33 +0000] "POST /get-message-notify HTTP/1.1" 200 21396 "https://onlycnc.com.au/?f=25206968011490&mod=f498db80&uri=category-info.php%3Fid%3D841312-878%26name%3Dnylon+prada+duet+shoulder+bag" "Mozilla/5.0 (Linux; Android 6.0.1; Nexus 5X Build/MMB29P) AppleWebKit/537.36 (KHTML, like Gecko) Chrome/137.0.7151.119 Mobile Safari/537.36 (compatible; Googlebot/2.1; +http://www.google.com/bot.html)"
66.249.64.128 - - [12/Jul/2025:19:46:35 +0000] "GET /?f=25277265011490&mod=beeb6c4c&uri=news.php%3Fid%3D843657-403%26name%3Drieker+schuhe+herren+slipper+nino HTTP/1.1" 200 22544 "-" "Mozilla/5.0 (Linux; Android 6.0.1; Nexus 5X Build/MMB29P) AppleWebKit/537.36 (KHTML, like Gecko) Chrome/137.0.7151.103 Mobile Safari/537.36 (compatible; Googlebot/2.1; +http://www.google.com/bot.html)"
66.249.64.128 - - [12/Jul/2025:19:46:37 +0000] "GET /?f=5968355031490&mod=15afbdff&uri=news.php%3Fid%3D199304-345%26name%3Dfalda+flores+grandes+asos HTTP/1.1" 200 21761 "-" "Mozilla/5.0 (Linux; Android 6.0.1; Nexus 5X Build/MMB29P) AppleWebKit/537.36 (KHTML, like Gecko) Chrome/137.0.7151.103 Mobile Safari/537.36 (compatible; Googlebot/2.1; +http://www.google.com/bot.html)"
66.249.64.129 - - [12/Jul/2025:19:46:45 +0000] "POST /get-message-notify HTTP/1.1" 200 21393 "https://onlycnc.com.au/?f=25277265011490&mod=beeb6c4c&uri=news.php%3Fid%3D843657-403%26name%3Drieker+schuhe+herren+slipper+nino" "Mozilla/5.0 (Linux; Android 6.0.1; Nexus 5X Build/MMB29P) AppleWebKit/537.36 (KHTML, like Gecko) Chrome/137.0.7151.119 Mobile Safari/537.36 (compatible; Googlebot/2.1; +http://www.google.com/bot.html)"
66.249.64.129 - - [12/Jul/2025:19:46:48 +0000] "GET /?f=92563651121490&mod=a73b1623&uri=us.php%3Fid%3D3089020-1306%26name%3Drbg HTTP/1.1" 200 20541 "-" "Mozilla/5.0 (Linux; Android 6.0.1; Nexus 5X Build/MMB29P) AppleWebKit/537.36 (KHTML, like Gecko) Chrome/137.0.7151.103 Mobile Safari/537.36 (compatible; Googlebot/2.1; +http://www.google.com/bot.html)"
66.249.64.128 - - [12/Jul/2025:19:46:50 +0000] "GET /?f=25268831041490&mod=b831f154&uri=goods.php%3Fid%3D843375-453%26name%3Dsobretudo+de+pelo+feminino HTTP/1.1" 200 21482 "-" "Mozilla/5.0 (Linux; Android 6.0.1; Nexus 5X Build/MMB29P) AppleWebKit/537.36 (KHTML, like Gecko) Chrome/137.0.7151.103 Mobile Safari/537.36 (compatible; Googlebot/2.1; +http://www.google.com/bot.html)"
66.249.64.132 - - [12/Jul/2025:19:46:52 +0000] "GET /?f=119808142021490&mod=420c8410&uri=search.php%3Fid%3D3998361-129%26name%3Diphone+11+12+mini+comparison HTTP/1.1" 200 20281 "-" "Mozilla/5.0 (Linux; Android 6.0.1; Nexus 5X Build/MMB29P) AppleWebKit/537.36 (KHTML, like Gecko) Chrome/137.0.7151.103 Mobile Safari/537.36 (compatible; Googlebot/2.1; +http://www.google.com/bot.html)"
66.249.64.129 - - [12/Jul/2025:19:46:54 +0000] "GET /?f=5541874041490&mod=e24a7e4c&uri=form.php%3Fid%3D185009-310%26name%3Dleadtek+gt+610 HTTP/1.1" 200 21936 "-" "Mozilla/5.0 (Linux; Android 6.0.1; Nexus 5X Build/MMB29P) AppleWebKit/537.36 (KHTML, like Gecko) Chrome/137.0.7151.103 Mobile Safari/537.36 (compatible; Googlebot/2.1; +http://www.google.com/bot.html)"
66.249.64.129 - - [12/Jul/2025:19:46:56 +0000] "GET /?f=25241291021490&mod=d5396352&uri=product.php%3Fid%3D842457-859%26name%3Deid+dress+collection+2018 HTTP/1.1" 200 21476 "-" "Mozilla/5.0 (Linux; Android 6.0.1; Nexus 5X Build/MMB29P) AppleWebKit/537.36 (KHTML, like Gecko) Chrome/137.0.7151.103 Mobile Safari/537.36 (compatible; Googlebot/2.1; +http://www.google.com/bot.html)"
66.249.64.132 - - [12/Jul/2025:19:46:58 +0000] "GET /?f=5544604011490&mod=e24a7e4c&uri=itm.php%3Fid%3D185100-310%26name%3Dthinkpad+with+nvidia+gpu HTTP/1.1" 200 22356 "-" "Mozilla/5.0 (Linux; Android 6.0.1; Nexus 5X Build/MMB29P) AppleWebKit/537.36 (KHTML, like Gecko) Chrome/137.0.7151.103 Mobile Safari/537.36 (compatible; Googlebot/2.1; +http://www.google.com/bot.html)"
66.249.64.132 - - [12/Jul/2025:19:46:59 +0000] "GET /?f=25267571021490&mod=b831f154&uri=news.php%3Fid%3D843333-453%26name%3Djaqueta+scott HTTP/1.1" 200 22540 "-" "Mozilla/5.0 (Linux; Android 6.0.1; Nexus 5X Build/MMB29P) AppleWebKit/537.36 (KHTML, like Gecko) Chrome/137.0.7151.103 Mobile Safari/537.36 (compatible; Googlebot/2.1; +http://www.google.com/bot.html)"
66.249.64.129 - - [12/Jul/2025:19:47:01 +0000] "GET /?f=25252241011490&mod=b831f154&uri=search.php%3Fid%3D842822-453%26name%3Dcasaco+social+feminino+inverno HTTP/1.1" 200 21037 "-" "Mozilla/5.0 (Linux; Android 6.0.1; Nexus 5X Build/MMB29P) AppleWebKit/537.36 (KHTML, like Gecko) Chrome/137.0.7151.103 Mobile Safari/537.36 (compatible; Googlebot/2.1; +http://www.google.com/bot.html)"
66.249.64.129 - - [12/Jul/2025:19:47:03 +0000] "GET /?f=32327178081490&mod=254b0024&uri=shop.php%3Fid%3D1078959-285%26name%3Dastros+camo+jersey HTTP/1.1" 200 19585 "-" "Mozilla/5.0 (Linux; Android 6.0.1; Nexus 5X Build/MMB29P) AppleWebKit/537.36 (KHTML, like Gecko) Chrome/137.0.7151.103 Mobile Safari/537.36 (compatible; Googlebot/2.1; +http://www.google.com/bot.html)"
66.249.64.129 - - [12/Jul/2025:19:47:05 +0000] "GET /?f=5539774061490&mod=e24a7e4c&uri=form.php%3Fid%3D184939-310%26name%3Dnvidia+geforce+mx450+graphics HTTP/1.1" 200 22277 "-" "Mozilla/5.0 (Linux; Android 6.0.1; Nexus 5X Build/MMB29P) AppleWebKit/537.36 (KHTML, like Gecko) Chrome/137.0.7151.103 Mobile Safari/537.36 (compatible; Googlebot/2.1; +http://www.google.com/bot.html)"
66.249.64.132 - - [12/Jul/2025:19:47:09 +0000] "GET /?f=25187558001490&mod=ccb1d45f&uri=shared.php%3Fid%3D840665-5%26name%3Drobe+de+mariee+blanche HTTP/1.1" 200 20946 "-" "Mozilla/5.0 (Linux; Android 6.0.1; Nexus 5X Build/MMB29P) AppleWebKit/537.36 (KHTML, like Gecko) Chrome/137.0.7151.103 Mobile Safari/537.36 (compatible; Googlebot/2.1; +http://www.google.com/bot.html)"
66.249.64.132 - - [12/Jul/2025:19:47:11 +0000] "POST /get-message-notify HTTP/1.1" 200 21381 "https://onlycnc.com.au/?f=5544604011490&mod=e24a7e4c&uri=itm.php%3Fid%3D185100-310%26name%3Dthinkpad+with+nvidia+gpu" "Mozilla/5.0 (Linux; Android 6.0.1; Nexus 5X Build/MMB29P) AppleWebKit/537.36 (KHTML, like Gecko) Chrome/137.0.7151.119 Mobile Safari/537.36 (compatible; Googlebot/2.1; +http://www.google.com/bot.html)"
66.249.64.132 - - [12/Jul/2025:19:47:13 +0000] "GET /?f=25186670001490&mod=ccb1d45f&uri=form.php%3Fid%3D840635-5%26name%3Drobe+mi+longue+ete+2020 HTTP/1.1" 200 20647 "-" "Mozilla/5.0 (Linux; Android 6.0.1; Nexus 5X Build/MMB29P) AppleWebKit/537.36 (KHTML, like Gecko) Chrome/137.0.7151.103 Mobile Safari/537.36 (compatible; Googlebot/2.1; +http://www.google.com/bot.html)"
66.249.64.128 - - [12/Jul/2025:19:47:15 +0000] "GET /?f=5440362061490&mod=0c2a1b8e&uri=brands.php%3Fid%3D181623-59%26name%3Dgiacca+elegante+grigia+uomo HTTP/1.1" 200 21549 "-" "Mozilla/5.0 (Linux; Android 6.0.1; Nexus 5X Build/MMB29P) AppleWebKit/537.36 (KHTML, like Gecko) Chrome/137.0.7151.103 Mobile Safari/537.36 (compatible; Googlebot/2.1; +http://www.google.com/bot.html)"
66.249.64.128 - - [12/Jul/2025:19:47:17 +0000] "GET /?f=5958161031490&mod=9cecbb6f&uri=news.php%3Fid%3D198964-344%26name%3Deyelet+shoelace+length HTTP/1.1" 200 21994 "-" "Mozilla/5.0 (Linux; Android 6.0.1; Nexus 5X Build/MMB29P) AppleWebKit/537.36 (KHTML, like Gecko) Chrome/137.0.7151.103 Mobile Safari/537.36 (compatible; Googlebot/2.1; +http://www.google.com/bot.html)"
66.249.64.129 - - [12/Jul/2025:19:47:20 +0000] "GET /?f=5541664031490&mod=0fbadcbe&uri=shop.php%3Fid%3D185002-156%26name%3Dcybex+car+seat+cover HTTP/1.1" 200 22271 "-" "Mozilla/5.0 (Linux; Android 6.0.1; Nexus 5X Build/MMB29P) AppleWebKit/537.36 (KHTML, like Gecko) Chrome/137.0.7151.103 Mobile Safari/537.36 (compatible; Googlebot/2.1; +http://www.google.com/bot.html)"
66.249.64.129 - - [12/Jul/2025:19:47:21 +0000] "GET /?f=25272770061490&mod=beeb6c4c&uri=product.php%3Fid%3D843507-403%26name%3Dbally+herren+slipper HTTP/1.1" 200 21460 "-" "Mozilla/5.0 (Linux; Android 6.0.1; Nexus 5X Build/MMB29P) AppleWebKit/537.36 (KHTML, like Gecko) Chrome/137.0.7151.103 Mobile Safari/537.36 (compatible; Googlebot/2.1; +http://www.google.com/bot.html)"
66.249.64.132 - - [12/Jul/2025:19:47:24 +0000] "GET /?f=111832087121490&mod=d8da1244&uri=goods.php%3Fid%3D3732211-400%26name%3Dcomedy+video+jogesh HTTP/1.1" 200 21672 "-" "Mozilla/5.0 (Linux; Android 6.0.1; Nexus 5X Build/MMB29P) AppleWebKit/537.36 (KHTML, like Gecko) Chrome/137.0.7151.103 Mobile Safari/537.36 (compatible; Googlebot/2.1; +http://www.google.com/bot.html)"
66.249.64.132 - - [12/Jul/2025:19:47:25 +0000] "POST /get-message-notify HTTP/1.1" 200 21393 "https://onlycnc.com.au/?f=25272770061490&mod=beeb6c4c&uri=product.php%3Fid%3D843507-403%26name%3Dbally+herren+slipper" "Mozilla/5.0 (Linux; Android 6.0.1; Nexus 5X Build/MMB29P) AppleWebKit/537.36 (KHTML, like Gecko) Chrome/137.0.7151.119 Mobile Safari/537.36 (compatible; Googlebot/2.1; +http://www.google.com/bot.html)"
66.249.64.129 - - [12/Jul/2025:19:47:28 +0000] "GET /?f=6154565031490&mod=fc09bc72&uri=info.php%3Fid%3D205520-351%26name%3Dbasket+sandale+homme HTTP/1.1" 200 21554 "-" "Mozilla/5.0 (Linux; Android 6.0.1; Nexus 5X Build/MMB29P) AppleWebKit/537.36 (KHTML, like Gecko) Chrome/137.0.7151.103 Mobile Safari/537.36 (compatible; Googlebot/2.1; +http://www.google.com/bot.html)"
66.249.64.129 - - [12/Jul/2025:19:47:29 +0000] "GET /?f=15850426011490&mod=55b37c5c&uri=news.php%3Fid%3D529157-6%26name%3Dmontre+paul+valentino HTTP/1.1" 200 21988 "-" "Mozilla/5.0 (Linux; Android 6.0.1; Nexus 5X Build/MMB29P) AppleWebKit/537.36 (KHTML, like Gecko) Chrome/137.0.7151.103 Mobile Safari/537.36 (compatible; Googlebot/2.1; +http://www.google.com/bot.html)"
66.249.64.132 - - [12/Jul/2025:19:47:32 +0000] "GET /?f=6085999041490&mod=89a4779d&uri=blog.php%3Fid%3D203234-40%26name%3Dryobi+18v+one%2B+pruning+saw HTTP/1.1" 200 21384 "-" "Mozilla/5.0 (Linux; Android 6.0.1; Nexus 5X Build/MMB29P) AppleWebKit/537.36 (KHTML, like Gecko) Chrome/137.0.7151.103 Mobile Safari/537.36 (compatible; Googlebot/2.1; +http://www.google.com/bot.html)"
66.249.64.129 - - [12/Jul/2025:19:47:35 +0000] "GET /?f=25170867061490&mod=55b37c5c&uri=product.php%3Fid%3D840107-6%26name%3Dmontre+suunto+baro HTTP/1.1" 200 21797 "-" "Mozilla/5.0 (Linux; Android 6.0.1; Nexus 5X Build/MMB29P) AppleWebKit/537.36 (KHTML, like Gecko) Chrome/137.0.7151.103 Mobile Safari/537.36 (compatible; Googlebot/2.1; +http://www.google.com/bot.html)"
66.249.64.128 - - [12/Jul/2025:19:47:37 +0000] "POST /get-message-notify HTTP/1.1" 200 21378 "https://onlycnc.com.au/?f=25252241011490&mod=b831f154&uri=search.php%3Fid%3D842822-453%26name%3Dcasaco+social+feminino+inverno" "Mozilla/5.0 (Linux; Android 6.0.1; Nexus 5X Build/MMB29P) AppleWebKit/537.36 (KHTML, like Gecko) Chrome/137.0.7151.119 Mobile Safari/537.36 (compatible; Googlebot/2.1; +http://www.google.com/bot.html)"
66.249.64.128 - - [12/Jul/2025:19:47:39 +0000] "GET /?f=25277625031490&mod=beeb6c4c&uri=us.php%3Fid%3D843669-403%26name%3Dthink+stone+herren+slipper HTTP/1.1" 200 21003 "-" "Mozilla/5.0 (Linux; Android 6.0.1; Nexus 5X Build/MMB29P) AppleWebKit/537.36 (KHTML, like Gecko) Chrome/137.0.7151.103 Mobile Safari/537.36 (compatible; Googlebot/2.1; +http://www.google.com/bot.html)"
66.249.64.129 - - [12/Jul/2025:19:47:41 +0000] "GET /?f=25272050021490&mod=beeb6c4c&uri=us.php%3Fid%3D843483-403%26name%3Dwildleder+reiniger HTTP/1.1" 200 21211 "-" "Mozilla/5.0 (Linux; Android 6.0.1; Nexus 5X Build/MMB29P) AppleWebKit/537.36 (KHTML, like Gecko) Chrome/137.0.7151.103 Mobile Safari/537.36 (compatible; Googlebot/2.1; +http://www.google.com/bot.html)"
66.249.64.129 - - [12/Jul/2025:19:47:43 +0000] "GET /?f=25197398041490&mod=64d509b5&uri=product.php%3Fid%3D840993-600%26name%3Dmontblanc+nightflight+wallet HTTP/1.1" 200 22262 "-" "Mozilla/5.0 (Linux; Android 6.0.1; Nexus 5X Build/MMB29P) AppleWebKit/537.36 (KHTML, like Gecko) Chrome/137.0.7151.103 Mobile Safari/537.36 (compatible; Googlebot/2.1; +http://www.google.com/bot.html)"
66.249.64.129 - - [12/Jul/2025:19:47:45 +0000] "GET /?f=25196858001490&mod=64d509b5&uri=form.php%3Fid%3D840975-600%26name%3Dcressi+goa+dive+computer HTTP/1.1" 200 21739 "-" "Mozilla/5.0 (Linux; Android 6.0.1; Nexus 5X Build/MMB29P) AppleWebKit/537.36 (KHTML, like Gecko) Chrome/137.0.7151.103 Mobile Safari/537.36 (compatible; Googlebot/2.1; +http://www.google.com/bot.html)"
66.249.64.129 - - [12/Jul/2025:19:47:47 +0000] "GET /?f=6156665011490&mod=fc09bc72&uri=info.php%3Fid%3D205590-351%26name%3Dnike+femme+ville HTTP/1.1" 200 20985 "-" "Mozilla/5.0 (Linux; Android 6.0.1; Nexus 5X Build/MMB29P) AppleWebKit/537.36 (KHTML, like Gecko) Chrome/137.0.7151.103 Mobile Safari/537.36 (compatible; Googlebot/2.1; +http://www.google.com/bot.html)"
66.249.64.132 - - [12/Jul/2025:19:47:51 +0000] "POST /get-message-notify HTTP/1.1" 200 21395 "https://onlycnc.com.au/?f=25170867061490&mod=55b37c5c&uri=product.php%3Fid%3D840107-6%26name%3Dmontre+suunto+baro" "Mozilla/5.0 (Linux; Android 6.0.1; Nexus 5X Build/MMB29P) AppleWebKit/537.36 (KHTML, like Gecko) Chrome/137.0.7151.119 Mobile Safari/537.36 (compatible; Googlebot/2.1; +http://www.google.com/bot.html)"
66.249.64.132 - - [12/Jul/2025:19:47:53 +0000] "GET /?f=6081969041490&mod=89a4779d&uri=dp.php%3Fid%3D203099-40%26name%3Dmilwaukee+sawzall+6508 HTTP/1.1" 200 21680 "-" "Mozilla/5.0 (Linux; Android 6.0.1; Nexus 5X Build/MMB29P) AppleWebKit/537.36 (KHTML, like Gecko) Chrome/137.0.7151.103 Mobile Safari/537.36 (compatible; Googlebot/2.1; +http://www.google.com/bot.html)"
66.249.64.132 - - [12/Jul/2025:19:47:54 +0000] "GET /?f=6150365071490&mod=fc09bc72&uri=info.php%3Fid%3D205380-351%26name%3Dchaussures+victoria HTTP/1.1" 200 20421 "-" "Mozilla/5.0 (Linux; Android 6.0.1; Nexus 5X Build/MMB29P) AppleWebKit/537.36 (KHTML, like Gecko) Chrome/137.0.7151.103 Mobile Safari/537.36 (compatible; Googlebot/2.1; +http://www.google.com/bot.html)"
66.249.64.129 - - [12/Jul/2025:19:47:56 +0000] "GET /?f=25273850021490&mod=beeb6c4c&uri=itm.php%3Fid%3D843543-403%26name%3Dhelles+rauleder+reinigen HTTP/1.1" 200 21997 "-" "Mozilla/5.0 (Linux; Android 6.0.1; Nexus 5X Build/MMB29P) AppleWebKit/537.36 (KHTML, like Gecko) Chrome/137.0.7151.103 Mobile Safari/537.36 (compatible; Googlebot/2.1; +http://www.google.com/bot.html)"
66.249.64.128 - - [12/Jul/2025:19:47:58 +0000] "GET /?f=6100847001490&mod=89a4779d&uri=brands.php%3Fid%3D203729-40%26name%3Dm12+tool+deals HTTP/1.1" 200 22076 "-" "Mozilla/5.0 (Linux; Android 6.0.1; Nexus 5X Build/MMB29P) AppleWebKit/537.36 (KHTML, like Gecko) Chrome/137.0.7151.103 Mobile Safari/537.36 (compatible; Googlebot/2.1; +http://www.google.com/bot.html)"
66.249.64.129 - - [12/Jul/2025:19:48:00 +0000] "GET /?f=23977832011490&mod=798b4516&uri=article.php%3Fid%3D800314-330%26name%3Dahrex+fw550 HTTP/1.1" 200 22442 "-" "Mozilla/5.0 (Linux; Android 6.0.1; Nexus 5X Build/MMB29P) AppleWebKit/537.36 (KHTML, like Gecko) Chrome/137.0.7151.103 Mobile Safari/537.36 (compatible; Googlebot/2.1; +http://www.google.com/bot.html)"
66.249.64.132 - - [12/Jul/2025:19:48:02 +0000] "GET /?f=5969225041490&mod=15afbdff&uri=pin.php%3Fid%3D199333-345%26name%3Doutfit+para+parejas+shein HTTP/1.1" 200 21598 "-" "Mozilla/5.0 (Linux; Android 6.0.1; Nexus 5X Build/MMB29P) AppleWebKit/537.36 (KHTML, like Gecko) Chrome/137.0.7151.103 Mobile Safari/537.36 (compatible; Googlebot/2.1; +http://www.google.com/bot.html)"
66.249.64.129 - - [12/Jul/2025:19:48:04 +0000] "GET /?f=6101916101490&mod=89a4779d&uri=us.php%3Fid%3D203765-40%26name%3Dmilwaukee+pole+saw+chain HTTP/1.1" 200 21868 "-" "Mozilla/5.0 (Linux; Android 6.0.1; Nexus 5X Build/MMB29P) AppleWebKit/537.36 (KHTML, like Gecko) Chrome/137.0.7151.103 Mobile Safari/537.36 (compatible; Googlebot/2.1; +http://www.google.com/bot.html)"
66.249.64.128 - - [12/Jul/2025:19:48:06 +0000] "GET /?f=25273670061490&mod=beeb6c4c&uri=blog.php%3Fid%3D843537-403%26name%3Dpflege+veloursleder HTTP/1.1" 200 20867 "-" "Mozilla/5.0 (Linux; Android 6.0.1; Nexus 5X Build/MMB29P) AppleWebKit/537.36 (KHTML, like Gecko) Chrome/137.0.7151.103 Mobile Safari/537.36 (compatible; Googlebot/2.1; +http://www.google.com/bot.html)"
66.249.64.129 - - [12/Jul/2025:19:48:08 +0000] "GET /?f=25251971001490&mod=4ec74784&uri=dp.php%3Fid%3D842813-252%26name%3Dcurrent+elliott+confidant HTTP/1.1" 200 21821 "-" "Mozilla/5.0 (Linux; Android 6.0.1; Nexus 5X Build/MMB29P) AppleWebKit/537.36 (KHTML, like Gecko) Chrome/137.0.7151.103 Mobile Safari/537.36 (compatible; Googlebot/2.1; +http://www.google.com/bot.html)"
66.249.64.128 - - [12/Jul/2025:19:48:11 +0000] "GET /?f=25267031021490&mod=b831f154&uri=shared.php%3Fid%3D843315-453%26name%3Dcasaco+feminino+colcci HTTP/1.1" 200 22084 "-" "Mozilla/5.0 (Linux; Android 6.0.1; Nexus 5X Build/MMB29P) AppleWebKit/537.36 (KHTML, like Gecko) Chrome/137.0.7151.103 Mobile Safari/537.36 (compatible; Googlebot/2.1; +http://www.google.com/bot.html)"
66.249.64.132 - - [12/Jul/2025:19:48:13 +0000] "POST /get-message-notify HTTP/1.1" 200 21403 "https://onlycnc.com.au/?f=6081969041490&mod=89a4779d&uri=dp.php%3Fid%3D203099-40%26name%3Dmilwaukee+sawzall+6508" "Mozilla/5.0 (Linux; Android 6.0.1; Nexus 5X Build/MMB29P) AppleWebKit/537.36 (KHTML, like Gecko) Chrome/137.0.7151.119 Mobile Safari/537.36 (compatible; Googlebot/2.1; +http://www.google.com/bot.html)"
66.249.64.129 - - [12/Jul/2025:19:48:15 +0000] "GET /?f=6097067131490&mod=89a4779d&uri=product.php%3Fid%3D203603-40%26name%3Dmakita+lxt+light HTTP/1.1" 200 21741 "-" "Mozilla/5.0 (Linux; Android 6.0.1; Nexus 5X Build/MMB29P) AppleWebKit/537.36 (KHTML, like Gecko) Chrome/137.0.7151.103 Mobile Safari/537.36 (compatible; Googlebot/2.1; +http://www.google.com/bot.html)"
66.249.64.128 - - [12/Jul/2025:19:48:17 +0000] "GET /?f=25187018121490&mod=55b37c5c&uri=goods.php%3Fid%3D840647-6%26name%3Dgarmin+fenix+plus+avis HTTP/1.1" 200 21223 "-" "Mozilla/5.0 (Linux; Android 6.0.1; Nexus 5X Build/MMB29P) AppleWebKit/537.36 (KHTML, like Gecko) Chrome/137.0.7151.103 Mobile Safari/537.36 (compatible; Googlebot/2.1; +http://www.google.com/bot.html)"
66.249.64.129 - - [12/Jul/2025:19:48:19 +0000] "GET /?f=25252691111490&mod=4ec74784&uri=itm.php%3Fid%3D842837-252%26name%3Duniqlo+ladies+trousers HTTP/1.1" 200 21686 "-" "Mozilla/5.0 (Linux; Android 6.0.1; Nexus 5X Build/MMB29P) AppleWebKit/537.36 (KHTML, like Gecko) Chrome/137.0.7151.103 Mobile Safari/537.36 (compatible; Googlebot/2.1; +http://www.google.com/bot.html)"
66.249.64.128 - - [12/Jul/2025:19:48:20 +0000] "POST /get-message-notify HTTP/1.1" 200 21382 "https://onlycnc.com.au/?f=25267031021490&mod=b831f154&uri=shared.php%3Fid%3D843315-453%26name%3Dcasaco+feminino+colcci" "Mozilla/5.0 (Linux; Android 6.0.1; Nexus 5X Build/MMB29P) AppleWebKit/537.36 (KHTML, like Gecko) Chrome/137.0.7151.119 Mobile Safari/537.36 (compatible; Googlebot/2.1; +http://www.google.com/bot.html)"
66.249.64.132 - - [12/Jul/2025:19:48:22 +0000] "GET /?f=25169871021490&mod=55b37c5c&uri=blog.php%3Fid%3D840073-6%26name%3Dmontre+automatique+vs+quartz HTTP/1.1" 200 21857 "-" "Mozilla/5.0 (Linux; Android 6.0.1; Nexus 5X Build/MMB29P) AppleWebKit/537.36 (KHTML, like Gecko) Chrome/137.0.7151.103 Mobile Safari/537.36 (compatible; Googlebot/2.1; +http://www.google.com/bot.html)"
66.249.64.132 - - [12/Jul/2025:19:48:24 +0000] "GET /?f=6083849071490&mod=89a4779d&uri=form.php%3Fid%3D203162-40%26name%3Dmakita+18v+site+light HTTP/1.1" 200 21638 "-" "Mozilla/5.0 (Linux; Android 6.0.1; Nexus 5X Build/MMB29P) AppleWebKit/537.36 (KHTML, like Gecko) Chrome/137.0.7151.103 Mobile Safari/537.36 (compatible; Googlebot/2.1; +http://www.google.com/bot.html)"
66.249.64.128 - - [12/Jul/2025:19:48:26 +0000] "GET /?f=25212578041490&mod=f498db80&uri=blog.php%3Fid%3D841499-878%26name%3Dvictoria+secret+bag HTTP/1.1" 200 21425 "-" "Mozilla/5.0 (Linux; Android 6.0.1; Nexus 5X Build/MMB29P) AppleWebKit/537.36 (KHTML, like Gecko) Chrome/137.0.7151.103 Mobile Safari/537.36 (compatible; Googlebot/2.1; +http://www.google.com/bot.html)"
66.249.64.128 - - [12/Jul/2025:19:48:28 +0000] "GET /?f=5955371011490&mod=9cecbb6f&uri=article.php%3Fid%3D198871-344%26name%3Dblack+tight+running+shorts HTTP/1.1" 200 22087 "-" "Mozilla/5.0 (Linux; Android 6.0.1; Nexus 5X Build/MMB29P) AppleWebKit/537.36 (KHTML, like Gecko) Chrome/137.0.7151.103 Mobile Safari/537.36 (compatible; Googlebot/2.1; +http://www.google.com/bot.html)"
66.249.64.129 - - [12/Jul/2025:19:48:30 +0000] "POST /get-message-notify HTTP/1.1" 200 21413 "https://onlycnc.com.au/?f=25187018121490&mod=55b37c5c&uri=goods.php%3Fid%3D840647-6%26name%3Dgarmin+fenix+plus+avis" "Mozilla/5.0 (Linux; Android 6.0.1; Nexus 5X Build/MMB29P) AppleWebKit/537.36 (KHTML, like Gecko) Chrome/137.0.7151.119 Mobile Safari/537.36 (compatible; Googlebot/2.1; +http://www.google.com/bot.html)"
66.249.64.128 - - [12/Jul/2025:19:48:31 +0000] "GET /?f=25245971001490&mod=b831f154&uri=products.php%3Fid%3D842613-453%26name%3Dcasaco+pele+motard+senhora HTTP/1.1" 200 21651 "-" "Mozilla/5.0 (Linux; Android 6.0.1; Nexus 5X Build/MMB29P) AppleWebKit/537.36 (KHTML, like Gecko) Chrome/137.0.7151.103 Mobile Safari/537.36 (compatible; Googlebot/2.1; +http://www.google.com/bot.html)"
66.249.64.132 - - [12/Jul/2025:19:48:33 +0000] "GET /?f=6152675001490&mod=fc09bc72&uri=pin.php%3Fid%3D205457-351%26name%3Dbasket+femme+hiver+2018 HTTP/1.1" 200 20796 "-" "Mozilla/5.0 (Linux; Android 6.0.1; Nexus 5X Build/MMB29P) AppleWebKit/537.36 (KHTML, like Gecko) Chrome/137.0.7151.103 Mobile Safari/537.36 (compatible; Googlebot/2.1; +http://www.google.com/bot.html)"
66.249.64.132 - - [12/Jul/2025:19:48:35 +0000] "GET /?f=6098957011490&mod=842b5317&uri=product.php%3Fid%3D203666-349%26name%3Dpendentif+pour+cendre+fun%C3%83%C2%A9raire+pas+cher HTTP/1.1" 200 21888 "-" "Mozilla/5.0 (Linux; Android 6.0.1; Nexus 5X Build/MMB29P) AppleWebKit/537.36 (KHTML, like Gecko) Chrome/137.0.7151.103 Mobile Safari/537.36 (compatible; Googlebot/2.1; +http://www.google.com/bot.html)"
66.249.64.128 - - [12/Jul/2025:19:48:39 +0000] "GET /?f=6087079051490&mod=89a4779d&uri=article.php%3Fid%3D203270-40%26name%3Dbattery+detail+sander HTTP/1.1" 200 22058 "-" "Mozilla/5.0 (Linux; Android 6.0.1; Nexus 5X Build/MMB29P) AppleWebKit/537.36 (KHTML, like Gecko) Chrome/137.0.7151.103 Mobile Safari/537.36 (compatible; Googlebot/2.1; +http://www.google.com/bot.html)"
66.249.64.132 - - [12/Jul/2025:19:48:47 +0000] "POST /get-message-notify HTTP/1.1" 200 21383 "https://onlycnc.com.au/?f=6152675001490&mod=fc09bc72&uri=pin.php%3Fid%3D205457-351%26name%3Dbasket+femme+hiver+2018" "Mozilla/5.0 (Linux; Android 6.0.1; Nexus 5X Build/MMB29P) AppleWebKit/537.36 (KHTML, like Gecko) Chrome/137.0.7151.119 Mobile Safari/537.36 (compatible; Googlebot/2.1; +http://www.google.com/bot.html)"
66.249.64.129 - - [12/Jul/2025:19:48:52 +0000] "GET /?f=25271514001490&mod=beeb6c4c&uri=info.php%3Fid%3D843465-403%26name%3Dscarpa+schuhe+reinigen HTTP/1.1" 200 21928 "-" "Mozilla/5.0 (Linux; Android 6.0.1; Nexus 5X Build/MMB29P) AppleWebKit/537.36 (KHTML, like Gecko) Chrome/137.0.7151.103 Mobile Safari/537.36 (compatible; Googlebot/2.1; +http://www.google.com/bot.html)"
66.249.64.132 - - [12/Jul/2025:19:48:54 +0000] "GET /?f=25269191011490&mod=9e05d8ec&uri=brands.php%3Fid%3D843387-860%26name%3Doakley+two+face HTTP/1.1" 200 21731 "-" "Mozilla/5.0 (Linux; Android 6.0.1; Nexus 5X Build/MMB29P) AppleWebKit/537.36 (KHTML, like Gecko) Chrome/137.0.7151.103 Mobile Safari/537.36 (compatible; Googlebot/2.1; +http://www.google.com/bot.html)"
66.249.64.132 - - [12/Jul/2025:19:48:56 +0000] "POST /get-message-notify HTTP/1.1" 200 21391 "https://onlycnc.com.au/?f=6098957011490&mod=842b5317&uri=product.php%3Fid%3D203666-349%26name%3Dpendentif+pour+cendre+fun%C3%83%C2%A9raire+pas+cher" "Mozilla/5.0 (Linux; Android 6.0.1; Nexus 5X Build/MMB29P) AppleWebKit/537.36 (KHTML, like Gecko) Chrome/137.0.7151.119 Mobile Safari/537.36 (compatible; Googlebot/2.1; +http://www.google.com/bot.html)"
66.249.64.132 - - [12/Jul/2025:19:48:58 +0000] "GET /?f=5787895021490&mod=0e98aeeb&uri=pin.php%3Fid%3D193283-57%26name%3Dbest+cheap+true+wireless+earbuds+for+working+out HTTP/1.1" 200 22451 "-" "Mozilla/5.0 (Linux; Android 6.0.1; Nexus 5X Build/MMB29P) AppleWebKit/537.36 (KHTML, like Gecko) Chrome/137.0.7151.103 Mobile Safari/537.36 (compatible; Googlebot/2.1; +http://www.google.com/bot.html)"
66.249.64.129 - - [12/Jul/2025:19:49:00 +0000] "GET /?f=6088969041490&mod=842b5317&uri=category-info.php%3Fid%3D203333-349%26name%3Dbijou+ambre+femme HTTP/1.1" 200 22065 "-" "Mozilla/5.0 (Linux; Android 6.0.1; Nexus 5X Build/MMB29P) AppleWebKit/537.36 (KHTML, like Gecko) Chrome/137.0.7151.103 Mobile Safari/537.36 (compatible; Googlebot/2.1; +http://www.google.com/bot.html)"
66.249.64.128 - - [12/Jul/2025:19:49:02 +0000] "GET /?f=25264691001490&mod=b831f154&uri=blog.php%3Fid%3D843237-453%26name%3Dcasaco+frio+intenso+feminino HTTP/1.1" 200 21394 "-" "Mozilla/5.0 (Linux; Android 6.0.1; Nexus 5X Build/MMB29P) AppleWebKit/537.36 (KHTML, like Gecko) Chrome/137.0.7151.103 Mobile Safari/537.36 (compatible; Googlebot/2.1; +http://www.google.com/bot.html)"
66.249.64.132 - - [12/Jul/2025:19:49:03 +0000] "GET /?f=25163168021490&mod=55b37c5c&uri=news.php%3Fid%3D839848-6%26name%3Dmontre+gps+k22 HTTP/1.1" 200 22262 "-" "Mozilla/5.0 (Linux; Android 6.0.1; Nexus 5X Build/MMB29P) AppleWebKit/537.36 (KHTML, like Gecko) Chrome/137.0.7151.103 Mobile Safari/537.36 (compatible; Googlebot/2.1; +http://www.google.com/bot.html)"
66.249.64.128 - - [12/Jul/2025:19:49:04 +0000] "GET /?f=25248791011490&mod=4ec74784&uri=brands.php%3Fid%3D842707-252%26name%3Dj+brand+jeans+size+guide HTTP/1.1" 200 21725 "-" "Mozilla/5.0 (Linux; Android 6.0.1; Nexus 5X Build/MMB29P) AppleWebKit/537.36 (KHTML, like Gecko) Chrome/137.0.7151.103 Mobile Safari/537.36 (compatible; Googlebot/2.1; +http://www.google.com/bot.html)"
66.249.64.132 - - [12/Jul/2025:19:49:06 +0000] "GET /?f=5941541101490&mod=9cecbb6f&uri=us.php%3Fid%3D198410-344%26name%3Dhotwind+boots HTTP/1.1" 200 21373 "-" "Mozilla/5.0 (Linux; Android 6.0.1; Nexus 5X Build/MMB29P) AppleWebKit/537.36 (KHTML, like Gecko) Chrome/137.0.7151.103 Mobile Safari/537.36 (compatible; Googlebot/2.1; +http://www.google.com/bot.html)"
66.249.64.128 - - [12/Jul/2025:19:49:08 +0000] "POST /get-message-notify HTTP/1.1" 200 21386 "https://onlycnc.com.au/?f=5787895021490&mod=0e98aeeb&uri=pin.php%3Fid%3D193283-57%26name%3Dbest+cheap+true+wireless+earbuds+for+working+out" "Mozilla/5.0 (Linux; Android 6.0.1; Nexus 5X Build/MMB29P) AppleWebKit/537.36 (KHTML, like Gecko) Chrome/137.0.7151.119 Mobile Safari/537.36 (compatible; Googlebot/2.1; +http://www.google.com/bot.html)"
66.249.64.129 - - [12/Jul/2025:19:49:10 +0000] "GET /?f=25269371121490&mod=d5396352&uri=brands.php%3Fid%3D843393-859%26name%3Drust+oleum+leak+seal+sds HTTP/1.1" 200 21088 "-" "Mozilla/5.0 (Linux; Android 6.0.1; Nexus 5X Build/MMB29P) AppleWebKit/537.36 (KHTML, like Gecko) Chrome/137.0.7151.103 Mobile Safari/537.36 (compatible; Googlebot/2.1; +http://www.google.com/bot.html)"
66.249.64.129 - - [12/Jul/2025:19:49:11 +0000] "GET /?f=6099227021490&mod=89a4779d&uri=category-info.php%3Fid%3D203675-40%26name%3Dmilwaukee+2441 HTTP/1.1" 200 22364 "-" "Mozilla/5.0 (Linux; Android 6.0.1; Nexus 5X Build/MMB29P) AppleWebKit/537.36 (KHTML, like Gecko) Chrome/137.0.7151.103 Mobile Safari/537.36 (compatible; Googlebot/2.1; +http://www.google.com/bot.html)"
66.249.64.132 - - [12/Jul/2025:19:49:13 +0000] "GET /?f=55722035001490&mod=55b37c5c&uri=dp.php%3Fid%3D1859481-6%26name%3Dmontre+connect%C3%83%C2%A9e+omron HTTP/1.1" 200 21408 "-" "Mozilla/5.0 (Linux; Android 6.0.1; Nexus 5X Build/MMB29P) AppleWebKit/537.36 (KHTML, like Gecko) Chrome/137.0.7151.103 Mobile Safari/537.36 (compatible; Googlebot/2.1; +http://www.google.com/bot.html)"
66.249.64.128 - - [12/Jul/2025:19:49:15 +0000] "POST /get-message-notify HTTP/1.1" 200 21391 "https://onlycnc.com.au/?f=6087079051490&mod=89a4779d&uri=article.php%3Fid%3D203270-40%26name%3Dbattery+detail+sander" "Mozilla/5.0 (Linux; Android 6.0.1; Nexus 5X Build/MMB29P) AppleWebKit/537.36 (KHTML, like Gecko) Chrome/137.0.7151.119 Mobile Safari/537.36 (compatible; Googlebot/2.1; +http://www.google.com/bot.html)"
66.249.64.128 - - [12/Jul/2025:19:49:17 +0000] "GET /?f=5941511121490&mod=9cecbb6f&uri=search.php%3Fid%3D198409-344%26name%3Dok+google+adidas+shoes HTTP/1.1" 200 21310 "-" "Mozilla/5.0 (Linux; Android 6.0.1; Nexus 5X Build/MMB29P) AppleWebKit/537.36 (KHTML, like Gecko) Chrome/137.0.7151.103 Mobile Safari/537.36 (compatible; Googlebot/2.1; +http://www.google.com/bot.html)"
66.249.64.129 - - [12/Jul/2025:19:49:19 +0000] "GET /?f=6096527001490&mod=89a4779d&uri=info.php%3Fid%3D203585-40%26name%3Dgraco+corded+sprayer HTTP/1.1" 200 22370 "-" "Mozilla/5.0 (Linux; Android 6.0.1; Nexus 5X Build/MMB29P) AppleWebKit/537.36 (KHTML, like Gecko) Chrome/137.0.7151.103 Mobile Safari/537.36 (compatible; Googlebot/2.1; +http://www.google.com/bot.html)"
66.249.64.129 - - [12/Jul/2025:19:49:20 +0000] "GET /?f=6150785021490&mod=d3036eaa&uri=form.php%3Fid%3D205394-208%26name%3Dsony+zeiss+35mm+f2 HTTP/1.1" 200 22372 "-" "Mozilla/5.0 (Linux; Android 6.0.1; Nexus 5X Build/MMB29P) AppleWebKit/537.36 (KHTML, like Gecko) Chrome/137.0.7151.103 Mobile Safari/537.36 (compatible; Googlebot/2.1; +http://www.google.com/bot.html)"
66.249.64.128 - - [12/Jul/2025:19:49:22 +0000] "POST /get-message-notify HTTP/1.1" 200 21381 "https://onlycnc.com.au/?f=25163168021490&mod=55b37c5c&uri=news.php%3Fid%3D839848-6%26name%3Dmontre+gps+k22" "Mozilla/5.0 (Linux; Android 6.0.1; Nexus 5X Build/MMB29P) AppleWebKit/537.36 (KHTML, like Gecko) Chrome/137.0.7151.119 Mobile Safari/537.36 (compatible; Googlebot/2.1; +http://www.google.com/bot.html)"
66.249.64.128 - - [12/Jul/2025:19:49:24 +0000] "GET /?f=25258751021490&mod=4ec74784&uri=shop.php%3Fid%3D843039-252%26name%3Dblack+chiffon+pant+suit HTTP/1.1" 200 22724 "-" "Mozilla/5.0 (Linux; Android 6.0.1; Nexus 5X Build/MMB29P) AppleWebKit/537.36 (KHTML, like Gecko) Chrome/137.0.7151.103 Mobile Safari/537.36 (compatible; Googlebot/2.1; +http://www.google.com/bot.html)"
66.249.64.128 - - [12/Jul/2025:19:49:26 +0000] "GET /?f=5715859051490&mod=06524331&uri=products.php%3Fid%3D190862-334%26name%3Dwatch+dragon+ball+all+series HTTP/1.1" 200 22115 "-" "Mozilla/5.0 (Linux; Android 6.0.1; Nexus 5X Build/MMB29P) AppleWebKit/537.36 (KHTML, like Gecko) Chrome/137.0.7151.103 Mobile Safari/537.36 (compatible; Googlebot/2.1; +http://www.google.com/bot.html)"
66.249.64.132 - - [12/Jul/2025:19:49:28 +0000] "GET /?f=25248491061490&mod=4ec74784&uri=us.php%3Fid%3D842697-252%26name%3Dj+lindeberg+black+friday HTTP/1.1" 200 21626 "-" "Mozilla/5.0 (Linux; Android 6.0.1; Nexus 5X Build/MMB29P) AppleWebKit/537.36 (KHTML, like Gecko) Chrome/137.0.7151.103 Mobile Safari/537.36 (compatible; Googlebot/2.1; +http://www.google.com/bot.html)"
66.249.64.132 - - [12/Jul/2025:19:49:36 +0000] "POST /get-message-notify HTTP/1.1" 200 21384 "https://onlycnc.com.au/?f=25258751021490&mod=4ec74784&uri=shop.php%3Fid%3D843039-252%26name%3Dblack+chiffon+pant+suit" "Mozilla/5.0 (Linux; Android 6.0.1; Nexus 5X Build/MMB29P) AppleWebKit/537.36 (KHTML, like Gecko) Chrome/137.0.7151.119 Mobile Safari/537.36 (compatible; Googlebot/2.1; +http://www.google.com/bot.html)"
66.249.64.132 - - [12/Jul/2025:19:49:41 +0000] "GET /?f=5962301121490&mod=9cecbb6f&uri=info.php%3Fid%3D199102-344%26name%3Dnike+shorts+built+in+compression HTTP/1.1" 200 21232 "-" "Mozilla/5.0 (Linux; Android 6.0.1; Nexus 5X Build/MMB29P) AppleWebKit/537.36 (KHTML, like Gecko) Chrome/137.0.7151.103 Mobile Safari/537.36 (compatible; Googlebot/2.1; +http://www.google.com/bot.html)"
66.249.64.132 - - [12/Jul/2025:19:49:44 +0000] "GET /?f=25276190001490&mod=beeb6c4c&uri=us.php%3Fid%3D843621-403%26name%3Dbally+mokassins+herren HTTP/1.1" 200 21853 "-" "Mozilla/5.0 (Linux; Android 6.0.1; Nexus 5X Build/MMB29P) AppleWebKit/537.36 (KHTML, like Gecko) Chrome/137.0.7151.103 Mobile Safari/537.36 (compatible; Googlebot/2.1; +http://www.google.com/bot.html)"
66.249.64.129 - - [12/Jul/2025:19:49:46 +0000] "GET /?f=25268291061490&mod=b831f154&uri=info.php%3Fid%3D843357-453%26name%3Djaquetas+camufladas+masculina HTTP/1.1" 200 21118 "-" "Mozilla/5.0 (Linux; Android 6.0.1; Nexus 5X Build/MMB29P) AppleWebKit/537.36 (KHTML, like Gecko) Chrome/137.0.7151.103 Mobile Safari/537.36 (compatible; Googlebot/2.1; +http://www.google.com/bot.html)"
66.249.64.128 - - [12/Jul/2025:19:49:48 +0000] "GET /?f=25208738041490&mod=64d509b5&uri=shop.php%3Fid%3D841371-600%26name%3Dmontblanc+sartorial+jet+document+case+large HTTP/1.1" 200 22528 "-" "Mozilla/5.0 (Linux; Android 6.0.1; Nexus 5X Build/MMB29P) AppleWebKit/537.36 (KHTML, like Gecko) Chrome/137.0.7151.103 Mobile Safari/537.36 (compatible; Googlebot/2.1; +http://www.google.com/bot.html)"
66.249.64.128 - - [12/Jul/2025:19:49:49 +0000] "GET /?f=25265591011490&mod=4ec74784&uri=category-info.php%3Fid%3D843267-252%26name%3Dj+crew+flagship+store HTTP/1.1" 200 22154 "-" "Mozilla/5.0 (Linux; Android 6.0.1; Nexus 5X Build/MMB29P) AppleWebKit/537.36 (KHTML, like Gecko) Chrome/137.0.7151.103 Mobile Safari/537.36 (compatible; Googlebot/2.1; +http://www.google.com/bot.html)"
66.249.64.129 - - [12/Jul/2025:19:49:51 +0000] "GET /?f=25254641011490&mod=b831f154&uri=goods.php%3Fid%3D842902-453%26name%3Dcasaco+azul+claro+feminino HTTP/1.1" 200 20680 "-" "Mozilla/5.0 (Linux; Android 6.0.1; Nexus 5X Build/MMB29P) AppleWebKit/537.36 (KHTML, like Gecko) Chrome/137.0.7151.103 Mobile Safari/537.36 (compatible; Googlebot/2.1; +http://www.google.com/bot.html)"
