66.249.64.132 - - [12/Jul/2025:20:07:04 +0000] "GET /?f=5709617041490&mod=2461d182&uri=shop.php%3Fid%3D190645-333%26name%3D4th+may+birthstone HTTP/1.1" 200 21582 "-" "Mozilla/5.0 (Linux; Android 6.0.1; Nexus 5X Build/MMB29P) AppleWebKit/537.36 (KHTML, like Gecko) Chrome/137.0.7151.103 Mobile Safari/537.36 (compatible; Googlebot/2.1; +http://www.google.com/bot.html)"
66.249.64.132 - - [12/Jul/2025:20:07:05 +0000] "GET /?f=5366396011490&mod=2ed6f877&uri=shop.php%3Fid%3D179156-323%26name%3Drtic+v+yeti HTTP/1.1" 200 21168 "-" "Mozilla/5.0 (Linux; Android 6.0.1; Nexus 5X Build/MMB29P) AppleWebKit/537.36 (KHTML, like Gecko) Chrome/137.0.7151.103 Mobile Safari/537.36 (compatible; Googlebot/2.1; +http://www.google.com/bot.html)"
66.249.64.132 - - [12/Jul/2025:20:07:07 +0000] "GET /?f=25172363031490&mod=55b37c5c&uri=blog.php%3Fid%3D840157-6%26name%3Dcopie+iwatch HTTP/1.1" 200 22152 "-" "Mozilla/5.0 (Linux; Android 6.0.1; Nexus 5X Build/MMB29P) AppleWebKit/537.36 (KHTML, like Gecko) Chrome/137.0.7151.103 Mobile Safari/537.36 (compatible; Googlebot/2.1; +http://www.google.com/bot.html)"
66.249.64.132 - - [12/Jul/2025:20:07:08 +0000] "GET /?f=5337549001490&mod=4021e2f1&uri=news.php%3Fid%3D178193-318%26name%3Dzapatos+adidas+mujer+dorados HTTP/1.1" 200 21202 "-" "Mozilla/5.0 (Linux; Android 6.0.1; Nexus 5X Build/MMB29P) AppleWebKit/537.36 (KHTML, like Gecko) Chrome/137.0.7151.103 Mobile Safari/537.36 (compatible; Googlebot/2.1; +http://www.google.com/bot.html)"
66.249.64.132 - - [12/Jul/2025:20:07:09 +0000] "GET /?f=25325297051490&mod=ba8e2e45&uri=info.php%3Fid%3D845262-268%26name%3Drip+curl+automatic+watch HTTP/1.1" 200 22126 "-" "Mozilla/5.0 (Linux; Android 6.0.1; Nexus 5X Build/MMB29P) AppleWebKit/537.36 (KHTML, like Gecko) Chrome/137.0.7151.103 Mobile Safari/537.36 (compatible; Googlebot/2.1; +http://www.google.com/bot.html)"
66.249.64.132 - - [12/Jul/2025:20:07:11 +0000] "POST /get-message-notify HTTP/1.1" 200 21396 "https://onlycnc.com.au/?f=44992294071490&mod=4295cd21&uri=itm.php%3Fid%3D1501540-317%26name%3Dultra+black+97s" "Mozilla/5.0 (Linux; Android 6.0.1; Nexus 5X Build/MMB29P) AppleWebKit/537.36 (KHTML, like Gecko) Chrome/137.0.7151.119 Mobile Safari/537.36 (compatible; Googlebot/2.1; +http://www.google.com/bot.html)"
66.249.64.132 - - [12/Jul/2025:20:07:12 +0000] "GET /?f=119515811081490&mod=50622003&uri=goods.php%3Fid%3D3988609-827%26name%3Dgrifo+cocina+encimera HTTP/1.1" 200 21445 "-" "Mozilla/5.0 (Linux; Android 6.0.1; Nexus 5X Build/MMB29P) AppleWebKit/537.36 (KHTML, like Gecko) Chrome/137.0.7151.103 Mobile Safari/537.36 (compatible; Googlebot/2.1; +http://www.google.com/bot.html)"
66.249.64.132 - - [12/Jul/2025:20:07:14 +0000] "GET /?f=5365406041490&mod=af8e3c34&uri=shared.php%3Fid%3D179123-321%26name%3Dalmost+heaven+k9+training HTTP/1.1" 200 20814 "-" "Mozilla/5.0 (Linux; Android 6.0.1; Nexus 5X Build/MMB29P) AppleWebKit/537.36 (KHTML, like Gecko) Chrome/137.0.7151.103 Mobile Safari/537.36 (compatible; Googlebot/2.1; +http://www.google.com/bot.html)"
66.249.64.132 - - [12/Jul/2025:20:07:16 +0000] "GET /?f=25258931011490&mod=4ec74784&uri=news.php%3Fid%3D843045-252%26name%3Dthe+tripper+ankle+misbeliever HTTP/1.1" 200 21999 "-" "Mozilla/5.0 (Linux; Android 6.0.1; Nexus 5X Build/MMB29P) AppleWebKit/537.36 (KHTML, like Gecko) Chrome/137.0.7151.103 Mobile Safari/537.36 (compatible; Googlebot/2.1; +http://www.google.com/bot.html)"
66.249.64.132 - - [12/Jul/2025:20:07:17 +0000] "GET /?f=25257851051490&mod=b831f154&uri=brands.php%3Fid%3D843009-453%26name%3Dcasacos+inverno+2019+feminino HTTP/1.1" 200 21044 "-" "Mozilla/5.0 (Linux; Android 6.0.1; Nexus 5X Build/MMB29P) AppleWebKit/537.36 (KHTML, like Gecko) Chrome/137.0.7151.103 Mobile Safari/537.36 (compatible; Googlebot/2.1; +http://www.google.com/bot.html)"
66.249.64.132 - - [12/Jul/2025:20:07:19 +0000] "POST /get-message-notify HTTP/1.1" 200 21391 "https://onlycnc.com.au/?f=5365406041490&mod=af8e3c34&uri=shared.php%3Fid%3D179123-321%26name%3Dalmost+heaven+k9+training" "Mozilla/5.0 (Linux; Android 6.0.1; Nexus 5X Build/MMB29P) AppleWebKit/537.36 (KHTML, like Gecko) Chrome/137.0.7151.119 Mobile Safari/537.36 (compatible; Googlebot/2.1; +http://www.google.com/bot.html)"
66.249.64.132 - - [12/Jul/2025:20:07:21 +0000] "GET /?f=5319069021490&mod=4295cd21&uri=search.php%3Fid%3D177577-317%26name%3Ddanskin+women%27s+slip+on+shoes HTTP/1.1" 200 22126 "-" "Mozilla/5.0 (Linux; Android 6.0.1; Nexus 5X Build/MMB29P) AppleWebKit/537.36 (KHTML, like Gecko) Chrome/137.0.7151.103 Mobile Safari/537.36 (compatible; Googlebot/2.1; +http://www.google.com/bot.html)"
66.249.64.132 - - [12/Jul/2025:20:07:22 +0000] "GET /?f=5321049011490&mod=9ee01a4f&uri=shop.php%3Fid%3D177643-319%26name%3Dadidas+clasics HTTP/1.1" 200 21530 "-" "Mozilla/5.0 (Linux; Android 6.0.1; Nexus 5X Build/MMB29P) AppleWebKit/537.36 (KHTML, like Gecko) Chrome/137.0.7151.103 Mobile Safari/537.36 (compatible; Googlebot/2.1; +http://www.google.com/bot.html)"
66.249.64.132 - - [12/Jul/2025:20:07:24 +0000] "GET /?f=25391533021490&mod=7a6785df&uri=article.php%3Fid%3D847471-242%26name%3Ddevon+cottage+plates HTTP/1.1" 200 21926 "-" "Mozilla/5.0 (Linux; Android 6.0.1; Nexus 5X Build/MMB29P) AppleWebKit/537.36 (KHTML, like Gecko) Chrome/137.0.7151.103 Mobile Safari/537.36 (compatible; Googlebot/2.1; +http://www.google.com/bot.html)"
66.249.64.128 - - [12/Jul/2025:20:07:26 +0000] "GET /?f=5386125041490&mod=8e7035e0&uri=goods.php%3Fid%3D179814-270%26name%3Ddo+gel+pens+bleed HTTP/1.1" 200 22101 "-" "Mozilla/5.0 (Linux; Android 6.0.1; Nexus 5X Build/MMB29P) AppleWebKit/537.36 (KHTML, like Gecko) Chrome/137.0.7151.103 Mobile Safari/537.36 (compatible; Googlebot/2.1; +http://www.google.com/bot.html)"
66.249.64.132 - - [12/Jul/2025:20:07:27 +0000] "GET /?f=5959451041490&mod=9cecbb6f&uri=goods.php%3Fid%3D199007-344%26name%3Dca+shott+ankle+boot HTTP/1.1" 200 22803 "-" "Mozilla/5.0 (Linux; Android 6.0.1; Nexus 5X Build/MMB29P) AppleWebKit/537.36 (KHTML, like Gecko) Chrome/137.0.7151.103 Mobile Safari/537.36 (compatible; Googlebot/2.1; +http://www.google.com/bot.html)"
66.249.64.132 - - [12/Jul/2025:20:07:38 +0000] "POST /get-message-notify HTTP/1.1" 200 21397 "https://onlycnc.com.au/?f=25391533021490&mod=7a6785df&uri=article.php%3Fid%3D847471-242%26name%3Ddevon+cottage+plates" "Mozilla/5.0 (Linux; Android 6.0.1; Nexus 5X Build/MMB29P) AppleWebKit/537.36 (KHTML, like Gecko) Chrome/137.0.7151.119 Mobile Safari/537.36 (compatible; Googlebot/2.1; +http://www.google.com/bot.html)"
66.249.64.128 - - [12/Jul/2025:20:07:41 +0000] "GET /?f=5382765011490&mod=8e7035e0&uri=us.php%3Fid%3D179702-270%26name%3Dvisconti+homosapien+crystal+fountain+pen HTTP/1.1" 200 21945 "-" "Mozilla/5.0 (Linux; Android 6.0.1; Nexus 5X Build/MMB29P) AppleWebKit/537.36 (KHTML, like Gecko) Chrome/137.0.7151.103 Mobile Safari/537.36 (compatible; Googlebot/2.1; +http://www.google.com/bot.html)"
66.249.64.128 - - [12/Jul/2025:20:07:44 +0000] "GET /?f=5944061011490&mod=9cecbb6f&uri=blog.php%3Fid%3D198494-344%26name%3Dorion+shoes+uttara HTTP/1.1" 200 21190 "-" "Mozilla/5.0 (Linux; Android 6.0.1; Nexus 5X Build/MMB29P) AppleWebKit/537.36 (KHTML, like Gecko) Chrome/137.0.7151.103 Mobile Safari/537.36 (compatible; Googlebot/2.1; +http://www.google.com/bot.html)"
66.249.64.128 - - [12/Jul/2025:20:07:47 +0000] "POST /get-message-notify HTTP/1.1" 200 21385 "https://onlycnc.com.au/?f=5959451041490&mod=9cecbb6f&uri=goods.php%3Fid%3D199007-344%26name%3Dca+shott+ankle+boot" "Mozilla/5.0 (Linux; Android 6.0.1; Nexus 5X Build/MMB29P) AppleWebKit/537.36 (KHTML, like Gecko) Chrome/137.0.7151.119 Mobile Safari/537.36 (compatible; Googlebot/2.1; +http://www.google.com/bot.html)"
66.249.64.132 - - [12/Jul/2025:20:07:49 +0000] "GET /?f=5384685011490&mod=8e7035e0&uri=goods.php%3Fid%3D179766-270%26name%3Dthin+pens HTTP/1.1" 200 21986 "-" "Mozilla/5.0 (Linux; Android 6.0.1; Nexus 5X Build/MMB29P) AppleWebKit/537.36 (KHTML, like Gecko) Chrome/137.0.7151.103 Mobile Safari/537.36 (compatible; Googlebot/2.1; +http://www.google.com/bot.html)"
66.249.64.128 - - [12/Jul/2025:20:07:54 +0000] "GET /?f=25261991021490&mod=b831f154&uri=category-info.php%3Fid%3D843147-453%26name%3Dsons+of+anarchy+jaqueta HTTP/1.1" 200 21786 "-" "Mozilla/5.0 (Linux; Android 6.0.1; Nexus 5X Build/MMB29P) AppleWebKit/537.36 (KHTML, like Gecko) Chrome/137.0.7151.103 Mobile Safari/537.36 (compatible; Googlebot/2.1; +http://www.google.com/bot.html)"
66.249.64.132 - - [12/Jul/2025:20:07:55 +0000] "GET /?f=5390565021490&mod=524e7d08&uri=form.php%3Fid%3D179962-322%26name%3Dfdb1250rec2 HTTP/1.1" 200 21820 "-" "Mozilla/5.0 (Linux; Android 6.0.1; Nexus 5X Build/MMB29P) AppleWebKit/537.36 (KHTML, like Gecko) Chrome/137.0.7151.103 Mobile Safari/537.36 (compatible; Googlebot/2.1; +http://www.google.com/bot.html)"
66.249.64.128 - - [12/Jul/2025:20:07:57 +0000] "GET /?f=25335928021490&mod=169806bb&uri=itm.php%3Fid%3D845617-70%26name%3Dtraditional+christmas+dinner+vegetables HTTP/1.1" 200 22408 "-" "Mozilla/5.0 (Linux; Android 6.0.1; Nexus 5X Build/MMB29P) AppleWebKit/537.36 (KHTML, like Gecko) Chrome/137.0.7151.103 Mobile Safari/537.36 (compatible; Googlebot/2.1; +http://www.google.com/bot.html)"
66.249.64.128 - - [12/Jul/2025:20:07:59 +0000] "GET /?f=5383965011490&mod=8e7035e0&uri=form.php%3Fid%3D179742-270%26name%3Dpen+f HTTP/1.1" 200 21608 "-" "Mozilla/5.0 (Linux; Android 6.0.1; Nexus 5X Build/MMB29P) AppleWebKit/537.36 (KHTML, like Gecko) Chrome/137.0.7151.103 Mobile Safari/537.36 (compatible; Googlebot/2.1; +http://www.google.com/bot.html)"
66.249.64.128 - - [12/Jul/2025:20:08:00 +0000] "POST /get-message-notify HTTP/1.1" 200 21395 "https://onlycnc.com.au/?f=5384685011490&mod=8e7035e0&uri=goods.php%3Fid%3D179766-270%26name%3Dthin+pens" "Mozilla/5.0 (Linux; Android 6.0.1; Nexus 5X Build/MMB29P) AppleWebKit/537.36 (KHTML, like Gecko) Chrome/137.0.7151.119 Mobile Safari/537.36 (compatible; Googlebot/2.1; +http://www.google.com/bot.html)"
66.249.64.132 - - [12/Jul/2025:20:08:02 +0000] "GET /?f=25245311081490&mod=4ec74784&uri=shop.php%3Fid%3D842591-252%26name%3Dmom+jeans+asos HTTP/1.1" 200 22129 "-" "Mozilla/5.0 (Linux; Android 6.0.1; Nexus 5X Build/MMB29P) AppleWebKit/537.36 (KHTML, like Gecko) Chrome/137.0.7151.103 Mobile Safari/537.36 (compatible; Googlebot/2.1; +http://www.google.com/bot.html)"
209.74.77.214 - - [12/Jul/2025:20:08:02 +0000] "POST /wp-cron.php?doing_wp_cron=1752350882.9101281166076660156250 HTTP/1.1" 200 - "-" "WordPress/6.8.1; https://onlycnc.com.au"
51.222.253.17 - - [12/Jul/2025:20:08:02 +0000] "GET /?f=14005826011490&uri=search.php%3Fid%3D467598-608%26name%3Dnew%20balance%20890v7%20reviews HTTP/1.1" 200 21189 "-" "Mozilla/5.0 (compatible; AhrefsBot/7.0; +http://ahrefs.com/robot/)"
66.249.64.132 - - [12/Jul/2025:20:08:03 +0000] "GET /?f=25210028041490&mod=64d509b5&uri=blog.php%3Fid%3D841414-600%26name%3Dmb+explorer+perfume HTTP/1.1" 200 21774 "-" "Mozilla/5.0 (Linux; Android 6.0.1; Nexus 5X Build/MMB29P) AppleWebKit/537.36 (KHTML, like Gecko) Chrome/137.0.7151.103 Mobile Safari/537.36 (compatible; Googlebot/2.1; +http://www.google.com/bot.html)"
66.249.64.132 - - [12/Jul/2025:20:08:05 +0000] "GET /?f=5388765011490&mod=8e7035e0&uri=goods.php%3Fid%3D179902-270%26name%3Dmontegrappa+rollerball+refill HTTP/1.1" 200 21740 "-" "Mozilla/5.0 (Linux; Android 6.0.1; Nexus 5X Build/MMB29P) AppleWebKit/537.36 (KHTML, like Gecko) Chrome/137.0.7151.103 Mobile Safari/537.36 (compatible; Googlebot/2.1; +http://www.google.com/bot.html)"
66.249.64.132 - - [12/Jul/2025:20:08:06 +0000] "GET /?f=25317720021490&mod=b150a8c5&uri=goods.php%3Fid%3D845009-158%26name%3Dbenvenuto+wedding+cost HTTP/1.1" 200 21760 "-" "Mozilla/5.0 (Linux; Android 6.0.1; Nexus 5X Build/MMB29P) AppleWebKit/537.36 (KHTML, like Gecko) Chrome/137.0.7151.103 Mobile Safari/537.36 (compatible; Googlebot/2.1; +http://www.google.com/bot.html)"
66.249.64.132 - - [12/Jul/2025:20:08:08 +0000] "GET /?f=5365586001490&mod=524e7d08&uri=category-info.php%3Fid%3D179129-322%26name%3Dfrigidaire+gallery+dishwasher+fgid2466qf HTTP/1.1" 200 21111 "-" "Mozilla/5.0 (Linux; Android 6.0.1; Nexus 5X Build/MMB29P) AppleWebKit/537.36 (KHTML, like Gecko) Chrome/137.0.7151.103 Mobile Safari/537.36 (compatible; Googlebot/2.1; +http://www.google.com/bot.html)"
66.249.64.132 - - [12/Jul/2025:20:08:10 +0000] "POST /get-message-notify HTTP/1.1" 200 21392 "https://onlycnc.com.au/?f=25257851051490&mod=b831f154&uri=brands.php%3Fid%3D843009-453%26name%3Dcasacos+inverno+2019+feminino" "Mozilla/5.0 (Linux; Android 6.0.1; Nexus 5X Build/MMB29P) AppleWebKit/537.36 (KHTML, like Gecko) Chrome/137.0.7151.119 Mobile Safari/537.36 (compatible; Googlebot/2.1; +http://www.google.com/bot.html)"
66.249.64.132 - - [12/Jul/2025:20:08:11 +0000] "GET /?f=5367474071490&mod=524e7d08&uri=form.php%3Fid%3D179192-322%26name%3Dg4993 HTTP/1.1" 200 21082 "-" "Mozilla/5.0 (Linux; Android 6.0.1; Nexus 5X Build/MMB29P) AppleWebKit/537.36 (KHTML, like Gecko) Chrome/137.0.7151.103 Mobile Safari/537.36 (compatible; Googlebot/2.1; +http://www.google.com/bot.html)"
66.249.64.132 - - [12/Jul/2025:20:08:13 +0000] "GET /?f=25216148051490&mod=e2547e3f&uri=dp.php%3Fid%3D841618-779%26name%3Dchausson+naissance+fille HTTP/1.1" 200 21549 "-" "Mozilla/5.0 (Linux; Android 6.0.1; Nexus 5X Build/MMB29P) AppleWebKit/537.36 (KHTML, like Gecko) Chrome/137.0.7151.103 Mobile Safari/537.36 (compatible; Googlebot/2.1; +http://www.google.com/bot.html)"
66.249.64.132 - - [12/Jul/2025:20:08:15 +0000] "GET /?f=5369812001490&mod=524e7d08&uri=itm.php%3Fid%3D179270-322%26name%3Daeg+favorit+integrated+dishwasher HTTP/1.1" 200 20699 "-" "Mozilla/5.0 (Linux; Android 6.0.1; Nexus 5X Build/MMB29P) AppleWebKit/537.36 (KHTML, like Gecko) Chrome/137.0.7151.103 Mobile Safari/537.36 (compatible; Googlebot/2.1; +http://www.google.com/bot.html)"
66.249.64.132 - - [12/Jul/2025:20:08:17 +0000] "POST /get-message-notify HTTP/1.1" 200 21389 "https://onlycnc.com.au/?f=25210028041490&mod=64d509b5&uri=blog.php%3Fid%3D841414-600%26name%3Dmb+explorer+perfume" "Mozilla/5.0 (Linux; Android 6.0.1; Nexus 5X Build/MMB29P) AppleWebKit/537.36 (KHTML, like Gecko) Chrome/137.0.7151.119 Mobile Safari/537.36 (compatible; Googlebot/2.1; +http://www.google.com/bot.html)"
66.249.64.132 - - [12/Jul/2025:20:08:18 +0000] "GET /?f=5354232051490&mod=af8e3c34&uri=category-info.php%3Fid%3D178750-321%26name%3Daustralian+shepherd+orange HTTP/1.1" 200 21260 "-" "Mozilla/5.0 (Linux; Android 6.0.1; Nexus 5X Build/MMB29P) AppleWebKit/537.36 (KHTML, like Gecko) Chrome/137.0.7151.103 Mobile Safari/537.36 (compatible; Googlebot/2.1; +http://www.google.com/bot.html)"
66.249.64.132 - - [12/Jul/2025:20:08:20 +0000] "GET /?f=25184780061490&mod=55b37c5c&uri=us.php%3Fid%3D840572-6%26name%3Daph+horlogerie HTTP/1.1" 200 20980 "-" "Mozilla/5.0 (Linux; Android 6.0.1; Nexus 5X Build/MMB29P) AppleWebKit/537.36 (KHTML, like Gecko) Chrome/137.0.7151.103 Mobile Safari/537.36 (compatible; Googlebot/2.1; +http://www.google.com/bot.html)"
66.249.64.132 - - [12/Jul/2025:20:08:22 +0000] "GET /?f=5365856031490&mod=7da9e0bb&uri=pin.php%3Fid%3D179138-297%26name%3Dis+my+cat+in+season HTTP/1.1" 200 20231 "-" "Mozilla/5.0 (Linux; Android 6.0.1; Nexus 5X Build/MMB29P) AppleWebKit/537.36 (KHTML, like Gecko) Chrome/137.0.7151.103 Mobile Safari/537.36 (compatible; Googlebot/2.1; +http://www.google.com/bot.html)"
66.249.64.132 - - [12/Jul/2025:20:08:24 +0000] "GET /?f=25266491021490&mod=b831f154&uri=search.php%3Fid%3D843297-453%26name%3Dcasaco+branco+feminino+curto HTTP/1.1" 200 22018 "-" "Mozilla/5.0 (Linux; Android 6.0.1; Nexus 5X Build/MMB29P) AppleWebKit/537.36 (KHTML, like Gecko) Chrome/137.0.7151.103 Mobile Safari/537.36 (compatible; Googlebot/2.1; +http://www.google.com/bot.html)"
66.249.64.132 - - [12/Jul/2025:20:08:25 +0000] "GET /?f=5365766001490&mod=af8e3c34&uri=article.php%3Fid%3D179135-321%26name%3Dmost+beautiful+dog+breed HTTP/1.1" 200 20857 "-" "Mozilla/5.0 (Linux; Android 6.0.1; Nexus 5X Build/MMB29P) AppleWebKit/537.36 (KHTML, like Gecko) Chrome/137.0.7151.103 Mobile Safari/537.36 (compatible; Googlebot/2.1; +http://www.google.com/bot.html)"
66.249.64.132 - - [12/Jul/2025:20:08:27 +0000] "POST /get-message-notify HTTP/1.1" 200 21392 "https://onlycnc.com.au/?f=5321049011490&mod=9ee01a4f&uri=shop.php%3Fid%3D177643-319%26name%3Dadidas+clasics" "Mozilla/5.0 (Linux; Android 6.0.1; Nexus 5X Build/MMB29P) AppleWebKit/537.36 (KHTML, like Gecko) Chrome/137.0.7151.119 Mobile Safari/537.36 (compatible; Googlebot/2.1; +http://www.google.com/bot.html)"
66.249.64.128 - - [12/Jul/2025:20:08:29 +0000] "GET /?f=25338928061490&mod=169806bb&uri=product.php%3Fid%3D845717-70%26name%3Dbreville+smart+oven+fryer HTTP/1.1" 200 21623 "-" "Mozilla/5.0 (Linux; Android 6.0.1; Nexus 5X Build/MMB29P) AppleWebKit/537.36 (KHTML, like Gecko) Chrome/137.0.7151.103 Mobile Safari/537.36 (compatible; Googlebot/2.1; +http://www.google.com/bot.html)"
66.249.64.128 - - [12/Jul/2025:20:08:30 +0000] "GET /?f=25205708051490&mod=64d509b5&uri=us.php%3Fid%3D841270-600%26name%3Dhow+to+change+the+date+on+tag+heuer+formula HTTP/1.1" 200 22026 "-" "Mozilla/5.0 (Linux; Android 6.0.1; Nexus 5X Build/MMB29P) AppleWebKit/537.36 (KHTML, like Gecko) Chrome/137.0.7151.103 Mobile Safari/537.36 (compatible; Googlebot/2.1; +http://www.google.com/bot.html)"
66.249.64.128 - - [12/Jul/2025:20:08:32 +0000] "GET /?f=5381925041490&mod=8e7035e0&uri=itm.php%3Fid%3D179674-270%26name%3Dtop+quality+pens HTTP/1.1" 200 22666 "-" "Mozilla/5.0 (Linux; Android 6.0.1; Nexus 5X Build/MMB29P) AppleWebKit/537.36 (KHTML, like Gecko) Chrome/137.0.7151.103 Mobile Safari/537.36 (compatible; Googlebot/2.1; +http://www.google.com/bot.html)"
66.249.64.128 - - [12/Jul/2025:20:08:34 +0000] "GET /?f=5947571131490&mod=9cecbb6f&uri=us.php%3Fid%3D198611-344%26name%3Dzapateria+payless+shoes HTTP/1.1" 200 21226 "-" "Mozilla/5.0 (Linux; Android 6.0.1; Nexus 5X Build/MMB29P) AppleWebKit/537.36 (KHTML, like Gecko) Chrome/137.0.7151.103 Mobile Safari/537.36 (compatible; Googlebot/2.1; +http://www.google.com/bot.html)"
66.249.64.128 - - [12/Jul/2025:20:08:35 +0000] "GET /?f=25263071061490&mod=b831f154&uri=article.php%3Fid%3D843183-453%26name%3Dcasaco+feminino+colorido HTTP/1.1" 200 21260 "-" "Mozilla/5.0 (Linux; Android 6.0.1; Nexus 5X Build/MMB29P) AppleWebKit/537.36 (KHTML, like Gecko) Chrome/137.0.7151.103 Mobile Safari/537.36 (compatible; Googlebot/2.1; +http://www.google.com/bot.html)"
66.249.64.128 - - [12/Jul/2025:20:08:37 +0000] "GET /?f=5955671061490&mod=9cecbb6f&uri=dp.php%3Fid%3D198881-344%26name%3Dpakistani+leather+shoes HTTP/1.1" 200 21479 "-" "Mozilla/5.0 (Linux; Android 6.0.1; Nexus 5X Build/MMB29P) AppleWebKit/537.36 (KHTML, like Gecko) Chrome/137.0.7151.103 Mobile Safari/537.36 (compatible; Googlebot/2.1; +http://www.google.com/bot.html)"
66.249.64.132 - - [12/Jul/2025:20:08:39 +0000] "GET /?f=5364784051490&mod=524e7d08&uri=pin.php%3Fid%3D179102-322%26name%3Dinstalling+frigidaire+dishwasher HTTP/1.1" 200 20938 "-" "Mozilla/5.0 (Linux; Android 6.0.1; Nexus 5X Build/MMB29P) AppleWebKit/537.36 (KHTML, like Gecko) Chrome/137.0.7151.103 Mobile Safari/537.36 (compatible; Googlebot/2.1; +http://www.google.com/bot.html)"
66.249.64.128 - - [12/Jul/2025:20:08:40 +0000] "POST /get-message-notify HTTP/1.1" 200 21386 "https://onlycnc.com.au/?f=25205708051490&mod=64d509b5&uri=us.php%3Fid%3D841270-600%26name%3Dhow+to+change+the+date+on+tag+heuer+formula" "Mozilla/5.0 (Linux; Android 6.0.1; Nexus 5X Build/MMB29P) AppleWebKit/537.36 (KHTML, like Gecko) Chrome/137.0.7151.119 Mobile Safari/537.36 (compatible; Googlebot/2.1; +http://www.google.com/bot.html)"
66.249.64.132 - - [12/Jul/2025:20:08:42 +0000] "GET /?f=5859310081490&mod=1f42e914&uri=dp.php%3Fid%3D195666-341%26name%3Dmasajes+reductores+y+mesoterapia HTTP/1.1" 200 21707 "-" "Mozilla/5.0 (Linux; Android 6.0.1; Nexus 5X Build/MMB29P) AppleWebKit/537.36 (KHTML, like Gecko) Chrome/137.0.7151.103 Mobile Safari/537.36 (compatible; Googlebot/2.1; +http://www.google.com/bot.html)"
66.249.64.128 - - [12/Jul/2025:20:08:43 +0000] "GET /?f=8660803021490&mod=4295cd21&uri=category-info.php%3Fid%3D289202-317%26name%3Ddoc+marten+sale+uk HTTP/1.1" 200 22160 "-" "Mozilla/5.0 (Linux; Android 6.0.1; Nexus 5X Build/MMB29P) AppleWebKit/537.36 (KHTML, like Gecko) Chrome/137.0.7151.103 Mobile Safari/537.36 (compatible; Googlebot/2.1; +http://www.google.com/bot.html)"
66.249.64.132 - - [12/Jul/2025:20:08:45 +0000] "GET /?f=25275590041490&mod=beeb6c4c&uri=search.php%3Fid%3D843601-403%26name%3Dveloursleder+wasserflecken HTTP/1.1" 200 21707 "-" "Mozilla/5.0 (Linux; Android 6.0.1; Nexus 5X Build/MMB29P) AppleWebKit/537.36 (KHTML, like Gecko) Chrome/137.0.7151.103 Mobile Safari/537.36 (compatible; Googlebot/2.1; +http://www.google.com/bot.html)"
66.249.64.132 - - [12/Jul/2025:20:08:47 +0000] "GET /?f=5368732011490&mod=524e7d08&uri=dp.php%3Fid%3D179234-322%26name%3Dfdb520rhs2a HTTP/1.1" 200 21229 "-" "Mozilla/5.0 (Linux; Android 6.0.1; Nexus 5X Build/MMB29P) AppleWebKit/537.36 (KHTML, like Gecko) Chrome/137.0.7151.103 Mobile Safari/537.36 (compatible; Googlebot/2.1; +http://www.google.com/bot.html)"
66.249.64.132 - - [12/Jul/2025:20:08:48 +0000] "GET /?f=54440295061490&mod=22da99af&uri=shop.php%3Fid%3D1816727-1307%26name%3Dcat%C3%83%C2%A1logos+virtuales+price+shoes+2019+pdf HTTP/1.1" 200 21478 "-" "Mozilla/5.0 (Linux; Android 6.0.1; Nexus 5X Build/MMB29P) AppleWebKit/537.36 (KHTML, like Gecko) Chrome/137.0.7151.103 Mobile Safari/537.36 (compatible; Googlebot/2.1; +http://www.google.com/bot.html)"
66.249.64.129 - - [12/Jul/2025:20:08:50 +0000] "GET /?f=61997093011490&mod=4295cd21&uri=product.php%3Fid%3D2068906-317%26name%3Dair+max+97+lux+black HTTP/1.1" 200 20996 "-" "Mozilla/5.0 (Linux; Android 6.0.1; Nexus 5X Build/MMB29P) AppleWebKit/537.36 (KHTML, like Gecko) Chrome/137.0.7151.103 Mobile Safari/537.36 (compatible; Googlebot/2.1; +http://www.google.com/bot.html)"
66.249.64.129 - - [12/Jul/2025:20:08:51 +0000] "GET /?f=25268471041490&mod=b831f154&uri=search.php%3Fid%3D843363-453%26name%3Dagasalho+arsenal+2019 HTTP/1.1" 200 21444 "-" "Mozilla/5.0 (Linux; Android 6.0.1; Nexus 5X Build/MMB29P) AppleWebKit/537.36 (KHTML, like Gecko) Chrome/137.0.7151.103 Mobile Safari/537.36 (compatible; Googlebot/2.1; +http://www.google.com/bot.html)"
66.249.64.129 - - [12/Jul/2025:20:08:53 +0000] "GET /?f=25210928071490&mod=64d509b5&uri=form.php%3Fid%3D841444-600%26name%3Dtag+heuer+insurance HTTP/1.1" 200 21769 "-" "Mozilla/5.0 (Linux; Android 6.0.1; Nexus 5X Build/MMB29P) AppleWebKit/537.36 (KHTML, like Gecko) Chrome/137.0.7151.103 Mobile Safari/537.36 (compatible; Googlebot/2.1; +http://www.google.com/bot.html)"
66.249.64.132 - - [12/Jul/2025:20:08:55 +0000] "POST /get-message-notify HTTP/1.1" 200 21381 "https://onlycnc.com.au/?f=61997093011490&mod=4295cd21&uri=product.php%3Fid%3D2068906-317%26name%3Dair+max+97+lux+black" "Mozilla/5.0 (Linux; Android 6.0.1; Nexus 5X Build/MMB29P) AppleWebKit/537.36 (KHTML, like Gecko) Chrome/137.0.7151.119 Mobile Safari/537.36 (compatible; Googlebot/2.1; +http://www.google.com/bot.html)"
66.249.64.128 - - [12/Jul/2025:20:08:56 +0000] "GET /?f=5368912031490&mod=af8e3c34&uri=pin.php%3Fid%3D179240-321%26name%3Dsiamese+cat+hypoallergenic HTTP/1.1" 200 22249 "-" "Mozilla/5.0 (Linux; Android 6.0.1; Nexus 5X Build/MMB29P) AppleWebKit/537.36 (KHTML, like Gecko) Chrome/137.0.7151.103 Mobile Safari/537.36 (compatible; Googlebot/2.1; +http://www.google.com/bot.html)"
66.249.64.132 - - [12/Jul/2025:20:08:58 +0000] "GET /?f=5368104081490&mod=524e7d08&uri=product.php%3Fid%3D179213-322%26name%3Dmieleg HTTP/1.1" 200 21867 "-" "Mozilla/5.0 (Linux; Android 6.0.1; Nexus 5X Build/MMB29P) AppleWebKit/537.36 (KHTML, like Gecko) Chrome/137.0.7151.103 Mobile Safari/537.36 (compatible; Googlebot/2.1; +http://www.google.com/bot.html)"
66.249.64.132 - - [12/Jul/2025:20:09:00 +0000] "GET /?f=25324487061490&mod=c292b3e9&uri=brands.php%3Fid%3D845235-91%26name%3Dtacx+flow+smart+mountain+bike HTTP/1.1" 200 21517 "-" "Mozilla/5.0 (Linux; Android 6.0.1; Nexus 5X Build/MMB29P) AppleWebKit/537.36 (KHTML, like Gecko) Chrome/137.0.7151.103 Mobile Safari/537.36 (compatible; Googlebot/2.1; +http://www.google.com/bot.html)"
66.249.64.132 - - [12/Jul/2025:20:09:04 +0000] "GET /?f=71670899031490&mod=ccb1d45f&uri=category-info.php%3Fid%3D2391727-5%26name%3Drobe+brod%C3%83%C2%A9e+blanche HTTP/1.1" 200 21956 "-" "Mozilla/5.0 (Linux; Android 6.0.1; Nexus 5X Build/MMB29P) AppleWebKit/537.36 (KHTML, like Gecko) Chrome/137.0.7151.103 Mobile Safari/537.36 (compatible; Googlebot/2.1; +http://www.google.com/bot.html)"
66.249.64.132 - - [12/Jul/2025:20:09:05 +0000] "POST /get-message-notify HTTP/1.1" 200 21382 "https://onlycnc.com.au/?f=5367474071490&mod=524e7d08&uri=form.php%3Fid%3D179192-322%26name%3Dg4993" "Mozilla/5.0 (Linux; Android 6.0.1; Nexus 5X Build/MMB29P) AppleWebKit/537.36 (KHTML, like Gecko) Chrome/137.0.7151.119 Mobile Safari/537.36 (compatible; Googlebot/2.1; +http://www.google.com/bot.html)"
66.249.64.128 - - [12/Jul/2025:20:09:06 +0000] "GET /?f=25279365131490&mod=beeb6c4c&uri=us.php%3Fid%3D843727-403%26name%3Dbirkenstock+richtig+putzen HTTP/1.1" 200 21016 "-" "Mozilla/5.0 (Linux; Android 6.0.1; Nexus 5X Build/MMB29P) AppleWebKit/537.36 (KHTML, like Gecko) Chrome/137.0.7151.103 Mobile Safari/537.36 (compatible; Googlebot/2.1; +http://www.google.com/bot.html)"
66.249.64.132 - - [12/Jul/2025:20:09:08 +0000] "GET /?f=91775178031490&mod=ccb1d45f&uri=pin.php%3Fid%3D3062712-5%26name%3Drobe+de+ceremonie+africaine HTTP/1.1" 200 20476 "-" "Mozilla/5.0 (Linux; Android 6.0.1; Nexus 5X Build/MMB29P) AppleWebKit/537.36 (KHTML, like Gecko) Chrome/137.0.7151.103 Mobile Safari/537.36 (compatible; Googlebot/2.1; +http://www.google.com/bot.html)"
66.249.64.132 - - [12/Jul/2025:20:09:09 +0000] "GET /?f=5386605051490&mod=8e7035e0&uri=goods.php%3Fid%3D179830-270%26name%3Dmicro+ball+pen HTTP/1.1" 200 21294 "-" "Mozilla/5.0 (Linux; Android 6.0.1; Nexus 5X Build/MMB29P) AppleWebKit/537.36 (KHTML, like Gecko) Chrome/137.0.7151.103 Mobile Safari/537.36 (compatible; Googlebot/2.1; +http://www.google.com/bot.html)"
66.249.64.132 - - [12/Jul/2025:20:09:11 +0000] "GET /?f=5390445011490&mod=8e7035e0&uri=search.php%3Fid%3D179958-270%26name%3Dbic+uniball HTTP/1.1" 200 21907 "-" "Mozilla/5.0 (Linux; Android 6.0.1; Nexus 5X Build/MMB29P) AppleWebKit/537.36 (KHTML, like Gecko) Chrome/137.0.7151.103 Mobile Safari/537.36 (compatible; Googlebot/2.1; +http://www.google.com/bot.html)"
66.249.64.132 - - [12/Jul/2025:20:09:12 +0000] "GET /?f=5368194031490&mod=2ed6f877&uri=itm.php%3Fid%3D179216-323%26name%3Dyeti+mug+custom HTTP/1.1" 200 21660 "-" "Mozilla/5.0 (Linux; Android 6.0.1; Nexus 5X Build/MMB29P) AppleWebKit/537.36 (KHTML, like Gecko) Chrome/137.0.7151.103 Mobile Safari/537.36 (compatible; Googlebot/2.1; +http://www.google.com/bot.html)"
66.249.64.132 - - [12/Jul/2025:20:09:14 +0000] "POST /get-message-notify HTTP/1.1" 200 21376 "https://onlycnc.com.au/?f=5368732011490&mod=524e7d08&uri=dp.php%3Fid%3D179234-322%26name%3Dfdb520rhs2a" "Mozilla/5.0 (Linux; Android 6.0.1; Nexus 5X Build/MMB29P) AppleWebKit/537.36 (KHTML, like Gecko) Chrome/137.0.7151.119 Mobile Safari/537.36 (compatible; Googlebot/2.1; +http://www.google.com/bot.html)"
66.249.64.132 - - [12/Jul/2025:20:09:15 +0000] "GET /?f=5318979051490&mod=4295cd21&uri=search.php%3Fid%3D177574-317%26name%3Donitsuka+tiger+gel+lyte HTTP/1.1" 200 21737 "-" "Mozilla/5.0 (Linux; Android 6.0.1; Nexus 5X Build/MMB29P) AppleWebKit/537.36 (KHTML, like Gecko) Chrome/137.0.7151.103 Mobile Safari/537.36 (compatible; Googlebot/2.1; +http://www.google.com/bot.html)"
66.249.64.132 - - [12/Jul/2025:20:09:17 +0000] "GET /?f=5363592051490&mod=524e7d08&uri=article.php%3Fid%3D179062-322%26name%3Dwhat+is+the+price+of+dishwasher HTTP/1.1" 200 21523 "-" "Mozilla/5.0 (Linux; Android 6.0.1; Nexus 5X Build/MMB29P) AppleWebKit/537.36 (KHTML, like Gecko) Chrome/137.0.7151.103 Mobile Safari/537.36 (compatible; Googlebot/2.1; +http://www.google.com/bot.html)"
66.249.64.132 - - [12/Jul/2025:20:09:19 +0000] "GET /?f=5369272121490&mod=524e7d08&uri=news.php%3Fid%3D179252-322%26name%3Dtable+top+dishwasher HTTP/1.1" 200 21454 "-" "Mozilla/5.0 (Linux; Android 6.0.1; Nexus 5X Build/MMB29P) AppleWebKit/537.36 (KHTML, like Gecko) Chrome/137.0.7151.103 Mobile Safari/537.36 (compatible; Googlebot/2.1; +http://www.google.com/bot.html)"
66.249.64.132 - - [12/Jul/2025:20:09:20 +0000] "GET /?f=5389365051490&mod=8e7035e0&uri=news.php%3Fid%3D179922-270%26name%3Dpilot+juice+pens HTTP/1.1" 200 21883 "-" "Mozilla/5.0 (Linux; Android 6.0.1; Nexus 5X Build/MMB29P) AppleWebKit/537.36 (KHTML, like Gecko) Chrome/137.0.7151.103 Mobile Safari/537.36 (compatible; Googlebot/2.1; +http://www.google.com/bot.html)"
66.249.64.132 - - [12/Jul/2025:20:09:22 +0000] "GET /?f=25318553031490&mod=b150a8c5&uri=dp.php%3Fid%3D845037-158%26name%3Dchampionship+rings+nba HTTP/1.1" 200 22312 "-" "Mozilla/5.0 (Linux; Android 6.0.1; Nexus 5X Build/MMB29P) AppleWebKit/537.36 (KHTML, like Gecko) Chrome/137.0.7151.103 Mobile Safari/537.36 (compatible; Googlebot/2.1; +http://www.google.com/bot.html)"
66.249.64.132 - - [12/Jul/2025:20:09:23 +0000] "GET /?f=25282701021490&mod=beeb6c4c&uri=pin.php%3Fid%3D843839-403%26name%3Dlowa+renegade+ll+mid+ws+damen HTTP/1.1" 200 21213 "-" "Mozilla/5.0 (Linux; Android 6.0.1; Nexus 5X Build/MMB29P) AppleWebKit/537.36 (KHTML, like Gecko) Chrome/137.0.7151.103 Mobile Safari/537.36 (compatible; Googlebot/2.1; +http://www.google.com/bot.html)"
66.249.64.132 - - [12/Jul/2025:20:09:25 +0000] "GET /?f=5943521031490&mod=9cecbb6f&uri=dp.php%3Fid%3D198476-344%26name%3Dus+brass+shoes HTTP/1.1" 200 21764 "-" "Mozilla/5.0 (Linux; Android 6.0.1; Nexus 5X Build/MMB29P) AppleWebKit/537.36 (KHTML, like Gecko) Chrome/137.0.7151.103 Mobile Safari/537.36 (compatible; Googlebot/2.1; +http://www.google.com/bot.html)"
66.249.64.132 - - [12/Jul/2025:20:09:26 +0000] "GET /?f=25212368011490&mod=64d509b5&uri=info.php%3Fid%3D841492-600%26name%3Dpolo+explorer+aftershave HTTP/1.1" 200 21815 "-" "Mozilla/5.0 (Linux; Android 6.0.1; Nexus 5X Build/MMB29P) AppleWebKit/537.36 (KHTML, like Gecko) Chrome/137.0.7151.103 Mobile Safari/537.36 (compatible; Googlebot/2.1; +http://www.google.com/bot.html)"
66.249.64.128 - - [12/Jul/2025:20:09:28 +0000] "GET /?f=5368554031490&mod=af8e3c34&uri=category-info.php%3Fid%3D179228-321%26name%3Dpositive+k9+training+cost HTTP/1.1" 200 21567 "-" "Mozilla/5.0 (Linux; Android 6.0.1; Nexus 5X Build/MMB29P) AppleWebKit/537.36 (KHTML, like Gecko) Chrome/137.0.7151.103 Mobile Safari/537.36 (compatible; Googlebot/2.1; +http://www.google.com/bot.html)"
66.249.64.132 - - [12/Jul/2025:20:09:29 +0000] "GET /?f=25278945141490&mod=beeb6c4c&uri=category-info.php%3Fid%3D843713-403%26name%3D%C3%83%C2%B6l+aus+lederschuhen+entfernen HTTP/1.1" 200 21418 "-" "Mozilla/5.0 (Linux; Android 6.0.1; Nexus 5X Build/MMB29P) AppleWebKit/537.36 (KHTML, like Gecko) Chrome/137.0.7151.103 Mobile Safari/537.36 (compatible; Googlebot/2.1; +http://www.google.com/bot.html)"
66.249.64.128 - - [12/Jul/2025:20:09:31 +0000] "GET /?f=5945411011490&mod=9cecbb6f&uri=search.php%3Fid%3D198539-344%26name%3Dboots+kolya+minelli HTTP/1.1" 200 22772 "-" "Mozilla/5.0 (Linux; Android 6.0.1; Nexus 5X Build/MMB29P) AppleWebKit/537.36 (KHTML, like Gecko) Chrome/137.0.7151.103 Mobile Safari/537.36 (compatible; Googlebot/2.1; +http://www.google.com/bot.html)"
66.249.64.128 - - [12/Jul/2025:20:09:33 +0000] "GET /?f=25340482121490&mod=169806bb&uri=search.php%3Fid%3D845769-70%26name%3Dnuwave+bravo+xl+20801+details HTTP/1.1" 200 21717 "-" "Mozilla/5.0 (Linux; Android 6.0.1; Nexus 5X Build/MMB29P) AppleWebKit/537.36 (KHTML, like Gecko) Chrome/137.0.7151.103 Mobile Safari/537.36 (compatible; Googlebot/2.1; +http://www.google.com/bot.html)"
66.249.64.132 - - [12/Jul/2025:20:09:42 +0000] "POST /get-message-notify HTTP/1.1" 200 21394 "https://onlycnc.com.au/?f=25278945141490&mod=beeb6c4c&uri=category-info.php%3Fid%3D843713-403%26name%3D%C3%83%C2%B6l+aus+lederschuhen+entfernen" "Mozilla/5.0 (Linux; Android 6.0.1; Nexus 5X Build/MMB29P) AppleWebKit/537.36 (KHTML, like Gecko) Chrome/137.0.7151.119 Mobile Safari/537.36 (compatible; Googlebot/2.1; +http://www.google.com/bot.html)"
66.249.64.132 - - [12/Jul/2025:20:09:45 +0000] "GET /?f=5356002041490&mod=af8e3c34&uri=product.php%3Fid%3D178809-321%26name%3Dblue+dane HTTP/1.1" 200 21035 "-" "Mozilla/5.0 (Linux; Android 6.0.1; Nexus 5X Build/MMB29P) AppleWebKit/537.36 (KHTML, like Gecko) Chrome/137.0.7151.103 Mobile Safari/537.36 (compatible; Googlebot/2.1; +http://www.google.com/bot.html)"
66.249.64.128 - - [12/Jul/2025:20:09:48 +0000] "POST /get-message-notify HTTP/1.1" 200 21390 "https://onlycnc.com.au/?f=5943521031490&mod=9cecbb6f&uri=dp.php%3Fid%3D198476-344%26name%3Dus+brass+shoes" "Mozilla/5.0 (Linux; Android 6.0.1; Nexus 5X Build/MMB29P) AppleWebKit/537.36 (KHTML, like Gecko) Chrome/137.0.7151.119 Mobile Safari/537.36 (compatible; Googlebot/2.1; +http://www.google.com/bot.html)"
66.249.64.128 - - [12/Jul/2025:20:09:50 +0000] "GET /?f=25286682031490&mod=beeb6c4c&uri=info.php%3Fid%3D843972-403%26name%3Dleguano+schuhe+waschen HTTP/1.1" 200 21790 "-" "Mozilla/5.0 (Linux; Android 6.0.1; Nexus 5X Build/MMB29P) AppleWebKit/537.36 (KHTML, like Gecko) Chrome/137.0.7151.103 Mobile Safari/537.36 (compatible; Googlebot/2.1; +http://www.google.com/bot.html)"
66.249.64.132 - - [12/Jul/2025:20:09:52 +0000] "GET /?f=15842872001490&mod=55b37c5c&uri=brands.php%3Fid%3D528905-6%26name%3Dmontre+femme+bracelet+bleu HTTP/1.1" 200 21866 "-" "Mozilla/5.0 (Linux; Android 6.0.1; Nexus 5X Build/MMB29P) AppleWebKit/537.36 (KHTML, like Gecko) Chrome/137.0.7151.103 Mobile Safari/537.36 (compatible; Googlebot/2.1; +http://www.google.com/bot.html)"
66.249.64.128 - - [12/Jul/2025:20:09:55 +0000] "GET /?f=32247348071490&mod=75a74d2a&uri=brands.php%3Fid%3D1076298-932%26name%3Dhigh+quality+black+leggings HTTP/1.1" 200 20783 "-" "Mozilla/5.0 (Linux; Android 6.0.1; Nexus 5X Build/MMB29P) AppleWebKit/537.36 (KHTML, like Gecko) Chrome/137.0.7151.103 Mobile Safari/537.36 (compatible; Googlebot/2.1; +http://www.google.com/bot.html)"
66.249.64.128 - - [12/Jul/2025:20:09:56 +0000] "GET /?f=25320952061490&mod=b150a8c5&uri=form.php%3Fid%3D845117-158%26name%3Dmusical+jewelry+boxes HTTP/1.1" 200 21902 "-" "Mozilla/5.0 (Linux; Android 6.0.1; Nexus 5X Build/MMB29P) AppleWebKit/537.36 (KHTML, like Gecko) Chrome/137.0.7151.103 Mobile Safari/537.36 (compatible; Googlebot/2.1; +http://www.google.com/bot.html)"
66.249.64.132 - - [12/Jul/2025:20:09:58 +0000] "GET /?f=25274750041490&mod=beeb6c4c&uri=blog.php%3Fid%3D843573-403%26name%3Dsommerschuhe+herren+mokassins HTTP/1.1" 200 22015 "-" "Mozilla/5.0 (Linux; Android 6.0.1; Nexus 5X Build/MMB29P) AppleWebKit/537.36 (KHTML, like Gecko) Chrome/137.0.7151.103 Mobile Safari/537.36 (compatible; Googlebot/2.1; +http://www.google.com/bot.html)"
66.249.64.128 - - [12/Jul/2025:20:10:00 +0000] "GET /?f=25210358131490&mod=f498db80&uri=article.php%3Fid%3D841425-878%26name%3Dhot+pink+coach+purse HTTP/1.1" 200 20988 "-" "Mozilla/5.0 (Linux; Android 6.0.1; Nexus 5X Build/MMB29P) AppleWebKit/537.36 (KHTML, like Gecko) Chrome/137.0.7151.103 Mobile Safari/537.36 (compatible; Googlebot/2.1; +http://www.google.com/bot.html)"
66.249.64.132 - - [12/Jul/2025:20:10:04 +0000] "GET /?f=25276550061490&mod=beeb6c4c&uri=search.php%3Fid%3D843633-403%26name%3Dsalzflecken+auf+uggs+entfernen HTTP/1.1" 200 21538 "-" "Mozilla/5.0 (Linux; Android 6.0.1; Nexus 5X Build/MMB29P) AppleWebKit/537.36 (KHTML, like Gecko) Chrome/137.0.7151.103 Mobile Safari/537.36 (compatible; Googlebot/2.1; +http://www.google.com/bot.html)"
66.249.64.132 - - [12/Jul/2025:20:10:06 +0000] "GET /?f=5439702041490&mod=0c2a1b8e&uri=shop.php%3Fid%3D181601-59%26name%3Dvestiti+matrimonio+lungo HTTP/1.1" 200 21536 "-" "Mozilla/5.0 (Linux; Android 6.0.1; Nexus 5X Build/MMB29P) AppleWebKit/537.36 (KHTML, like Gecko) Chrome/137.0.7151.103 Mobile Safari/537.36 (compatible; Googlebot/2.1; +http://www.google.com/bot.html)"
66.249.64.132 - - [12/Jul/2025:20:10:07 +0000] "GET /?f=32251428011490&mod=75a74d2a&uri=pin.php%3Fid%3D1076434-932%26name%3Dbest+jeans+for+long+legs+women%27s HTTP/1.1" 200 21288 "-" "Mozilla/5.0 (Linux; Android 6.0.1; Nexus 5X Build/MMB29P) AppleWebKit/537.36 (KHTML, like Gecko) Chrome/137.0.7151.103 Mobile Safari/537.36 (compatible; Googlebot/2.1; +http://www.google.com/bot.html)"
66.249.64.132 - - [12/Jul/2025:20:10:08 +0000] "GET /?f=25206428041490&mod=f498db80&uri=form.php%3Fid%3D841294-878%26name%3Dlouis+vuitton+speedy+30 HTTP/1.1" 200 21125 "-" "Mozilla/5.0 (Linux; Android 6.0.1; Nexus 5X Build/MMB29P) AppleWebKit/537.36 (KHTML, like Gecko) Chrome/137.0.7151.103 Mobile Safari/537.36 (compatible; Googlebot/2.1; +http://www.google.com/bot.html)"
66.249.64.132 - - [12/Jul/2025:20:10:10 +0000] "POST /get-message-notify HTTP/1.1" 200 21384 "https://onlycnc.com.au/?f=32247348071490&mod=75a74d2a&uri=brands.php%3Fid%3D1076298-932%26name%3Dhigh+quality+black+leggings" "Mozilla/5.0 (Linux; Android 6.0.1; Nexus 5X Build/MMB29P) AppleWebKit/537.36 (KHTML, like Gecko) Chrome/137.0.7151.119 Mobile Safari/537.36 (compatible; Googlebot/2.1; +http://www.google.com/bot.html)"
66.249.64.132 - - [12/Jul/2025:20:10:11 +0000] "GET /?f=25333007021490&mod=169806bb&uri=goods.php%3Fid%3D845519-70%26name%3Dbajaj+2200tmss+oven+toaster+griller HTTP/1.1" 200 22460 "-" "Mozilla/5.0 (Linux; Android 6.0.1; Nexus 5X Build/MMB29P) AppleWebKit/537.36 (KHTML, like Gecko) Chrome/137.0.7151.103 Mobile Safari/537.36 (compatible; Googlebot/2.1; +http://www.google.com/bot.html)"
66.249.64.132 - - [12/Jul/2025:20:10:13 +0000] "GET /?f=25341802081490&mod=169806bb&uri=blog.php%3Fid%3D845813-70%26name%3Dnespresso+espresso+machine+with+frother HTTP/1.1" 200 22042 "-" "Mozilla/5.0 (Linux; Android 6.0.1; Nexus 5X Build/MMB29P) AppleWebKit/537.36 (KHTML, like Gecko) Chrome/137.0.7151.103 Mobile Safari/537.36 (compatible; Googlebot/2.1; +http://www.google.com/bot.html)"
66.249.64.132 - - [12/Jul/2025:20:10:15 +0000] "GET /?f=25255871141490&mod=4ec74784&uri=pin.php%3Fid%3D842943-252%26name%3Dj+shaped+jeans HTTP/1.1" 200 21750 "-" "Mozilla/5.0 (Linux; Android 6.0.1; Nexus 5X Build/MMB29P) AppleWebKit/537.36 (KHTML, like Gecko) Chrome/137.0.7151.103 Mobile Safari/537.36 (compatible; Googlebot/2.1; +http://www.google.com/bot.html)"
66.249.64.132 - - [12/Jul/2025:20:10:16 +0000] "GET /?f=25286802121490&mod=beeb6c4c&uri=article.php%3Fid%3D843976-403%26name%3Drieker+herrenschuhe+slipper+braun HTTP/1.1" 200 21557 "-" "Mozilla/5.0 (Linux; Android 6.0.1; Nexus 5X Build/MMB29P) AppleWebKit/537.36 (KHTML, like Gecko) Chrome/137.0.7151.103 Mobile Safari/537.36 (compatible; Googlebot/2.1; +http://www.google.com/bot.html)"
66.249.64.132 - - [12/Jul/2025:20:10:18 +0000] "GET /?f=5719065051490&mod=06524331&uri=brands.php%3Fid%3D190974-334%26name%3Dbigg+boss+14+23+november+2021 HTTP/1.1" 200 23359 "-" "Mozilla/5.0 (Linux; Android 6.0.1; Nexus 5X Build/MMB29P) AppleWebKit/537.36 (KHTML, like Gecko) Chrome/137.0.7151.103 Mobile Safari/537.36 (compatible; Googlebot/2.1; +http://www.google.com/bot.html)"
66.249.64.132 - - [12/Jul/2025:20:10:20 +0000] "GET /?f=25218548051490&mod=953e2ad2&uri=news.php%3Fid%3D841698-402%26name%3Dt+shirt+self+love HTTP/1.1" 200 22402 "-" "Mozilla/5.0 (Linux; Android 6.0.1; Nexus 5X Build/MMB29P) AppleWebKit/537.36 (KHTML, like Gecko) Chrome/137.0.7151.103 Mobile Safari/537.36 (compatible; Googlebot/2.1; +http://www.google.com/bot.html)"
66.249.64.132 - - [12/Jul/2025:20:10:22 +0000] "GET /?f=25207448011490&mod=f498db80&uri=news.php%3Fid%3D841328-878%26name%3Dswiss+gear+backpack HTTP/1.1" 200 21166 "-" "Mozilla/5.0 (Linux; Android 6.0.1; Nexus 5X Build/MMB29P) AppleWebKit/537.36 (KHTML, like Gecko) Chrome/137.0.7151.103 Mobile Safari/537.36 (compatible; Googlebot/2.1; +http://www.google.com/bot.html)"
66.249.64.132 - - [12/Jul/2025:20:10:25 +0000] "GET /?f=32241828071490&mod=20352cbe&uri=dp.php%3Fid%3D1076114-376%26name%3Donce+upon+a+christmas+miracle+full+movie+free HTTP/1.1" 200 21859 "-" "Mozilla/5.0 (Linux; Android 6.0.1; Nexus 5X Build/MMB29P) AppleWebKit/537.36 (KHTML, like Gecko) Chrome/137.0.7151.103 Mobile Safari/537.36 (compatible; Googlebot/2.1; +http://www.google.com/bot.html)"
66.249.64.132 - - [12/Jul/2025:20:10:26 +0000] "GET /?f=25262531041490&mod=4ec74784&uri=blog.php%3Fid%3D843165-252%26name%3Dnudie+jeans+by+pronto HTTP/1.1" 200 21681 "-" "Mozilla/5.0 (Linux; Android 6.0.1; Nexus 5X Build/MMB29P) AppleWebKit/537.36 (KHTML, like Gecko) Chrome/137.0.7151.103 Mobile Safari/537.36 (compatible; Googlebot/2.1; +http://www.google.com/bot.html)"
66.249.64.128 - - [12/Jul/2025:20:10:30 +0000] "GET /?f=25215968071490&mod=3f5edbc0&uri=category-info.php%3Fid%3D841612-858%26name%3Dultraboost+solde HTTP/1.1" 200 20815 "-" "Mozilla/5.0 (Linux; Android 6.0.1; Nexus 5X Build/MMB29P) AppleWebKit/537.36 (KHTML, like Gecko) Chrome/137.0.7151.103 Mobile Safari/537.36 (compatible; Googlebot/2.1; +http://www.google.com/bot.html)"
66.249.64.128 - - [12/Jul/2025:20:10:31 +0000] "GET /?f=91756976051490&mod=ccb1d45f&uri=brands.php%3Fid%3D3062104-5%26name%3Drobe+bleu+mi+longue HTTP/1.1" 200 20978 "-" "Mozilla/5.0 (Linux; Android 6.0.1; Nexus 5X Build/MMB29P) AppleWebKit/537.36 (KHTML, like Gecko) Chrome/137.0.7151.103 Mobile Safari/537.36 (compatible; Googlebot/2.1; +http://www.google.com/bot.html)"
66.249.64.128 - - [12/Jul/2025:20:10:33 +0000] "POST /get-message-notify HTTP/1.1" 200 21373 "https://onlycnc.com.au/?f=5719065051490&mod=06524331&uri=brands.php%3Fid%3D190974-334%26name%3Dbigg+boss+14+23+november+2021" "Mozilla/5.0 (Linux; Android 6.0.1; Nexus 5X Build/MMB29P) AppleWebKit/537.36 (KHTML, like Gecko) Chrome/137.0.7151.119 Mobile Safari/537.36 (compatible; Googlebot/2.1; +http://www.google.com/bot.html)"
66.249.64.132 - - [12/Jul/2025:20:10:35 +0000] "GET /?f=32252148001490&mod=75a74d2a&uri=brands.php%3Fid%3D1076458-932%26name%3Dcinderella+dress+baby+girl HTTP/1.1" 200 20916 "-" "Mozilla/5.0 (Linux; Android 6.0.1; Nexus 5X Build/MMB29P) AppleWebKit/537.36 (KHTML, like Gecko) Chrome/137.0.7151.103 Mobile Safari/537.36 (compatible; Googlebot/2.1; +http://www.google.com/bot.html)"
66.249.64.128 - - [12/Jul/2025:20:10:36 +0000] "GET /?f=25204208031490&mod=f498db80&uri=pin.php%3Fid%3D841220-878%26name%3Dmichael+kors+maxine+small+messenger HTTP/1.1" 200 21390 "-" "Mozilla/5.0 (Linux; Android 6.0.1; Nexus 5X Build/MMB29P) AppleWebKit/537.36 (KHTML, like Gecko) Chrome/137.0.7151.103 Mobile Safari/537.36 (compatible; Googlebot/2.1; +http://www.google.com/bot.html)"
66.249.64.132 - - [12/Jul/2025:20:10:40 +0000] "POST /get-message-notify HTTP/1.1" 200 21387 "https://onlycnc.com.au/?f=25262531041490&mod=4ec74784&uri=blog.php%3Fid%3D843165-252%26name%3Dnudie+jeans+by+pronto" "Mozilla/5.0 (Linux; Android 6.0.1; Nexus 5X Build/MMB29P) AppleWebKit/537.36 (KHTML, like Gecko) Chrome/137.0.7151.119 Mobile Safari/537.36 (compatible; Googlebot/2.1; +http://www.google.com/bot.html)"
66.249.64.128 - - [12/Jul/2025:20:10:42 +0000] "GET /?f=15850216011490&mod=55b37c5c&uri=goods.php%3Fid%3D529150-6%26name%3Dsmart+wear+montre+connect%C3%83%C2%A9e HTTP/1.1" 200 21375 "-" "Mozilla/5.0 (Linux; Android 6.0.1; Nexus 5X Build/MMB29P) AppleWebKit/537.36 (KHTML, like Gecko) Chrome/137.0.7151.103 Mobile Safari/537.36 (compatible; Googlebot/2.1; +http://www.google.com/bot.html)"
66.249.64.128 - - [12/Jul/2025:20:10:43 +0000] "GET /?f=25169907041490&mod=55b37c5c&uri=product.php%3Fid%3D840075-6%26name%3Dmontre+24+heures+une+aiguille HTTP/1.1" 200 21461 "-" "Mozilla/5.0 (Linux; Android 6.0.1; Nexus 5X Build/MMB29P) AppleWebKit/537.36 (KHTML, like Gecko) Chrome/137.0.7151.103 Mobile Safari/537.36 (compatible; Googlebot/2.1; +http://www.google.com/bot.html)"
66.249.64.132 - - [12/Jul/2025:20:10:45 +0000] "GET /?f=25207268031490&mod=64d509b5&uri=pin.php%3Fid%3D841322-600%26name%3Dtag+heuer+aquaracer+quartz+300m HTTP/1.1" 200 22550 "-" "Mozilla/5.0 (Linux; Android 6.0.1; Nexus 5X Build/MMB29P) AppleWebKit/537.36 (KHTML, like Gecko) Chrome/137.0.7151.103 Mobile Safari/537.36 (compatible; Googlebot/2.1; +http://www.google.com/bot.html)"
66.249.64.128 - - [12/Jul/2025:20:10:46 +0000] "GET /?f=54445320021490&mod=22da99af&uri=itm.php%3Fid%3D1816895-1307%26name%3Dcalzados+dafiti+2019 HTTP/1.1" 200 22352 "-" "Mozilla/5.0 (Linux; Android 6.0.1; Nexus 5X Build/MMB29P) AppleWebKit/537.36 (KHTML, like Gecko) Chrome/137.0.7151.103 Mobile Safari/537.36 (compatible; Googlebot/2.1; +http://www.google.com/bot.html)"
66.249.64.128 - - [12/Jul/2025:20:10:50 +0000] "GET /?f=25222246011490&mod=c4caeed3&uri=category-info.php%3Fid%3D841822-235%26name%3Djacquie+lawson+cards+login HTTP/1.1" 200 21656 "-" "Mozilla/5.0 (Linux; Android 6.0.1; Nexus 5X Build/MMB29P) AppleWebKit/537.36 (KHTML, like Gecko) Chrome/137.0.7151.103 Mobile Safari/537.36 (compatible; Googlebot/2.1; +http://www.google.com/bot.html)"
66.249.64.132 - - [12/Jul/2025:20:10:53 +0000] "GET /?f=25206758081490&mod=f498db80&uri=category-info.php%3Fid%3D841305-878%26name%3Dlouis+vuitton+bags+price HTTP/1.1" 200 21432 "-" "Mozilla/5.0 (Linux; Android 6.0.1; Nexus 5X Build/MMB29P) AppleWebKit/537.36 (KHTML, like Gecko) Chrome/137.0.7151.103 Mobile Safari/537.36 (compatible; Googlebot/2.1; +http://www.google.com/bot.html)"
66.249.64.132 - - [12/Jul/2025:20:10:55 +0000] "GET /?f=32239908071490&mod=20352cbe&uri=products.php%3Fid%3D1076050-376%26name%3Dfleabag+s02e03+watch+online HTTP/1.1" 200 21675 "-" "Mozilla/5.0 (Linux; Android 6.0.1; Nexus 5X Build/MMB29P) AppleWebKit/537.36 (KHTML, like Gecko) Chrome/137.0.7151.103 Mobile Safari/537.36 (compatible; Googlebot/2.1; +http://www.google.com/bot.html)"
66.249.64.132 - - [12/Jul/2025:20:10:58 +0000] "GET /?f=25162790041490&mod=55b37c5c&uri=itm.php%3Fid%3D839835-6%26name%3Dmagasin+montre+occasion HTTP/1.1" 200 21823 "-" "Mozilla/5.0 (Linux; Android 6.0.1; Nexus 5X Build/MMB29P) AppleWebKit/537.36 (KHTML, like Gecko) Chrome/137.0.7151.103 Mobile Safari/537.36 (compatible; Googlebot/2.1; +http://www.google.com/bot.html)"
66.249.64.129 - - [12/Jul/2025:20:11:02 +0000] "GET /?f=25209308011490&mod=64d509b5&uri=info.php%3Fid%3D841390-600%26name%3Dmontblanc+racing+green HTTP/1.1" 200 22161 "-" "Mozilla/5.0 (Linux; Android 6.0.1; Nexus 5X Build/MMB29P) AppleWebKit/537.36 (KHTML, like Gecko) Chrome/137.0.7151.103 Mobile Safari/537.36 (compatible; Googlebot/2.1; +http://www.google.com/bot.html)"
66.249.64.132 - - [12/Jul/2025:20:11:04 +0000] "GET /?f=25215248011490&mod=64d509b5&uri=dp.php%3Fid%3D841588-600%26name%3Dmontblanc+urban+spirit+card+holder HTTP/1.1" 200 22723 "-" "Mozilla/5.0 (Linux; Android 6.0.1; Nexus 5X Build/MMB29P) AppleWebKit/537.36 (KHTML, like Gecko) Chrome/137.0.7151.103 Mobile Safari/537.36 (compatible; Googlebot/2.1; +http://www.google.com/bot.html)"
66.249.64.129 - - [12/Jul/2025:20:11:05 +0000] "GET /?f=25263251051490&mod=b831f154&uri=shop.php%3Fid%3D843189-453%26name%3Dcal%C3%83%C2%A7as+corta+vento HTTP/1.1" 200 21806 "-" "Mozilla/5.0 (Linux; Android 6.0.1; Nexus 5X Build/MMB29P) AppleWebKit/537.36 (KHTML, like Gecko) Chrome/137.0.7151.103 Mobile Safari/537.36 (compatible; Googlebot/2.1; +http://www.google.com/bot.html)"
66.249.64.128 - - [12/Jul/2025:20:11:06 +0000] "GET /?f=25275380001490&mod=beeb6c4c&uri=blog.php%3Fid%3D843594-403%26name%3Dhartes+leder+weich HTTP/1.1" 200 22224 "-" "Mozilla/5.0 (Linux; Android 6.0.1; Nexus 5X Build/MMB29P) AppleWebKit/537.36 (KHTML, like Gecko) Chrome/137.0.7151.103 Mobile Safari/537.36 (compatible; Googlebot/2.1; +http://www.google.com/bot.html)"
66.249.64.128 - - [12/Jul/2025:20:11:08 +0000] "GET /?f=25069119141490&mod=798b4516&uri=brands.php%3Fid%3D836710-330%26name%3Ddettson+furnace+prices HTTP/1.1" 200 21705 "-" "Mozilla/5.0 (Linux; Android 6.0.1; Nexus 5X Build/MMB29P) AppleWebKit/537.36 (KHTML, like Gecko) Chrome/137.0.7151.103 Mobile Safari/537.36 (compatible; Googlebot/2.1; +http://www.google.com/bot.html)"
66.249.64.132 - - [12/Jul/2025:20:11:10 +0000] "GET /?f=5960531001490&mod=9cecbb6f&uri=product.php%3Fid%3D199043-344%26name%3Dnike+daybreak+womens HTTP/1.1" 200 21842 "-" "Mozilla/5.0 (Linux; Android 6.0.1; Nexus 5X Build/MMB29P) AppleWebKit/537.36 (KHTML, like Gecko) Chrome/137.0.7151.103 Mobile Safari/537.36 (compatible; Googlebot/2.1; +http://www.google.com/bot.html)"
66.249.64.132 - - [12/Jul/2025:20:11:11 +0000] "GET /?f=5959721031490&mod=9cecbb6f&uri=category-info.php%3Fid%3D199016-344%26name%3Deu+size+41+to+us HTTP/1.1" 200 22162 "-" "Mozilla/5.0 (Linux; Android 6.0.1; Nexus 5X Build/MMB29P) AppleWebKit/537.36 (KHTML, like Gecko) Chrome/137.0.7151.103 Mobile Safari/537.36 (compatible; Googlebot/2.1; +http://www.google.com/bot.html)"
66.249.64.132 - - [12/Jul/2025:20:11:15 +0000] "GET /?f=32241108071490&mod=20352cbe&uri=search.php%3Fid%3D1076090-376%26name%3Dgoodnight+mommy+full+movie+free HTTP/1.1" 200 19248 "-" "Mozilla/5.0 (Linux; Android 6.0.1; Nexus 5X Build/MMB29P) AppleWebKit/537.36 (KHTML, like Gecko) Chrome/137.0.7151.103 Mobile Safari/537.36 (compatible; Googlebot/2.1; +http://www.google.com/bot.html)"
66.249.64.132 - - [12/Jul/2025:20:11:16 +0000] "POST /get-message-notify HTTP/1.1" 200 21407 "https://onlycnc.com.au/?f=25209308011490&mod=64d509b5&uri=info.php%3Fid%3D841390-600%26name%3Dmontblanc+racing+green" "Mozilla/5.0 (Linux; Android 6.0.1; Nexus 5X Build/MMB29P) AppleWebKit/537.36 (KHTML, like Gecko) Chrome/137.0.7151.119 Mobile Safari/537.36 (compatible; Googlebot/2.1; +http://www.google.com/bot.html)"
66.249.64.132 - - [12/Jul/2025:20:11:18 +0000] "GET /?f=8657623071490&mod=4295cd21&uri=brands.php%3Fid%3D289096-317%26name%3Dsuede+black+forces HTTP/1.1" 200 21853 "-" "Mozilla/5.0 (Linux; Android 6.0.1; Nexus 5X Build/MMB29P) AppleWebKit/537.36 (KHTML, like Gecko) Chrome/137.0.7151.103 Mobile Safari/537.36 (compatible; Googlebot/2.1; +http://www.google.com/bot.html)"
