66.249.64.132 - - [12/Jul/2025:13:13:28 +0000] "GET /?f=5740903071490&mod=8f561e4c&uri=search.php%3Fid%3D191716-335%26name%3Dsingle+tub+washer HTTP/1.1" 200 21997 "-" "Mozilla/5.0 (Linux; Android 6.0.1; Nexus 5X Build/MMB29P) AppleWebKit/537.36 (KHTML, like Gecko) Chrome/137.0.7151.103 Mobile Safari/537.36 (compatible; Googlebot/2.1; +http://www.google.com/bot.html)"
66.249.64.132 - - [12/Jul/2025:13:13:36 +0000] "GET /?f=31688952021490&mod=ba3d4749&uri=search.php%3Fid%3D1057667-476%26name%3Dreloj+senbono HTTP/1.1" 200 21570 "-" "Mozilla/5.0 (Linux; Android 6.0.1; Nexus 5X Build/MMB29P) AppleWebKit/537.36 (KHTML, like Gecko) Chrome/137.0.7151.103 Mobile Safari/537.36 (compatible; Googlebot/2.1; +http://www.google.com/bot.html)"
66.249.64.132 - - [12/Jul/2025:13:13:53 +0000] "POST /get-message-notify HTTP/1.1" 200 21379 "https://onlycnc.com.au/?f=31722344131490&mod=a3f7a820&uri=category-info.php%3Fid%3D1058781-1006%26name%3Dprice+of+nike+hyperadapt" "Mozilla/5.0 (Linux; Android 6.0.1; Nexus 5X Build/MMB29P) AppleWebKit/537.36 (KHTML, like Gecko) Chrome/137.0.7151.119 Mobile Safari/537.36 (compatible; Googlebot/2.1; +http://www.google.com/bot.html)"
66.249.64.132 - - [12/Jul/2025:13:13:55 +0000] "GET /?f=119346563031490&mod=e88c32fb&uri=news.php%3Fid%3D3982960-824%26name%3Dpiping+bag+nozzles HTTP/1.1" 200 21879 "-" "Mozilla/5.0 (Linux; Android 6.0.1; Nexus 5X Build/MMB29P) AppleWebKit/537.36 (KHTML, like Gecko) Chrome/137.0.7151.103 Mobile Safari/537.36 (compatible; Googlebot/2.1; +http://www.google.com/bot.html)"
66.249.64.129 - - [12/Jul/2025:13:14:10 +0000] "GET /?f=31707584021490&mod=a3f7a820&uri=product.php%3Fid%3D1058289-1006%26name%3Dasics+size+17 HTTP/1.1" 200 20780 "-" "Mozilla/5.0 (Linux; Android 6.0.1; Nexus 5X Build/MMB29P) AppleWebKit/537.36 (KHTML, like Gecko) Chrome/137.0.7151.103 Mobile Safari/537.36 (compatible; Googlebot/2.1; +http://www.google.com/bot.html)"
66.249.64.132 - - [12/Jul/2025:13:14:24 +0000] "GET /?f=31767254081490&mod=cdde45d6&uri=us.php%3Fid%3D1060278-1002%26name%3Dflexfit+hats HTTP/1.1" 200 21119 "-" "Mozilla/5.0 (Linux; Android 6.0.1; Nexus 5X Build/MMB29P) AppleWebKit/537.36 (KHTML, like Gecko) Chrome/137.0.7151.103 Mobile Safari/537.36 (compatible; Googlebot/2.1; +http://www.google.com/bot.html)"
66.249.64.132 - - [12/Jul/2025:13:14:29 +0000] "GET /?f=5703476071490&mod=2461d182&uri=info.php%3Fid%3D190437-333%26name%3D8th+may+birthstone HTTP/1.1" 200 21930 "-" "Mozilla/5.0 (Linux; Android 6.0.1; Nexus 5X Build/MMB29P) AppleWebKit/537.36 (KHTML, like Gecko) Chrome/137.0.7151.103 Mobile Safari/537.36 (compatible; Googlebot/2.1; +http://www.google.com/bot.html)"
66.249.64.132 - - [12/Jul/2025:13:14:32 +0000] "GET /?f=31798694001490&mod=676207dd&uri=news.php%3Fid%3D1061326-454%26name%3Dlearning+house+fisher+price HTTP/1.1" 200 21551 "-" "Mozilla/5.0 (Linux; Android 6.0.1; Nexus 5X Build/MMB29P) AppleWebKit/537.36 (KHTML, like Gecko) Chrome/137.0.7151.103 Mobile Safari/537.36 (compatible; Googlebot/2.1; +http://www.google.com/bot.html)"
66.249.64.132 - - [12/Jul/2025:13:14:38 +0000] "GET /?f=54323109111490&mod=77bea4fd&uri=us.php%3Fid%3D1812814-115%26name%3Dbouton+pour+chemise+homme HTTP/1.1" 200 20998 "-" "Mozilla/5.0 (Linux; Android 6.0.1; Nexus 5X Build/MMB29P) AppleWebKit/537.36 (KHTML, like Gecko) Chrome/137.0.7151.103 Mobile Safari/537.36 (compatible; Googlebot/2.1; +http://www.google.com/bot.html)"
66.249.64.132 - - [12/Jul/2025:13:14:41 +0000] "GET /?f=5692260041490&mod=2461d182&uri=product.php%3Fid%3D190063-333%26name%3Dsouthgate+mall+jewelry+stores HTTP/1.1" 200 21523 "-" "Mozilla/5.0 (Linux; Android 6.0.1; Nexus 5X Build/MMB29P) AppleWebKit/537.36 (KHTML, like Gecko) Chrome/137.0.7151.103 Mobile Safari/537.36 (compatible; Googlebot/2.1; +http://www.google.com/bot.html)"
66.249.64.132 - - [12/Jul/2025:13:14:50 +0000] "GET /?f=105277542071490&mod=eef76d75&uri=form.php%3Fid%3D3513470-152%26name%3Dvans+epoch+sport+black HTTP/1.1" 200 21880 "-" "Mozilla/5.0 (Linux; Android 6.0.1; Nexus 5X Build/MMB29P) AppleWebKit/537.36 (KHTML, like Gecko) Chrome/137.0.7151.103 Mobile Safari/537.36 (compatible; Googlebot/2.1; +http://www.google.com/bot.html)"
66.249.64.132 - - [12/Jul/2025:13:14:58 +0000] "GET /?f=5598954031490&mod=58589b2f&uri=dp.php%3Fid%3D186916-306%26name%3Dvans+iso+2015 HTTP/1.1" 200 21128 "-" "Mozilla/5.0 (Linux; Android 6.0.1; Nexus 5X Build/MMB29P) AppleWebKit/537.36 (KHTML, like Gecko) Chrome/137.0.7151.103 Mobile Safari/537.36 (compatible; Googlebot/2.1; +http://www.google.com/bot.html)"
66.249.64.132 - - [12/Jul/2025:13:15:01 +0000] "POST /get-message-notify HTTP/1.1" 200 21387 "https://onlycnc.com.au/?f=105277542071490&mod=eef76d75&uri=form.php%3Fid%3D3513470-152%26name%3Dvans+epoch+sport+black" "Mozilla/5.0 (Linux; Android 6.0.1; Nexus 5X Build/MMB29P) AppleWebKit/537.36 (KHTML, like Gecko) Chrome/137.0.7151.119 Mobile Safari/537.36 (compatible; Googlebot/2.1; +http://www.google.com/bot.html)"
66.249.64.132 - - [12/Jul/2025:13:15:02 +0000] "GET /?f=119350073061490&mod=e88c32fb&uri=category-info.php%3Fid%3D3983077-824%26name%3Dsilicone+tray+liners HTTP/1.1" 200 21663 "-" "Mozilla/5.0 (Linux; Android 6.0.1; Nexus 5X Build/MMB29P) AppleWebKit/537.36 (KHTML, like Gecko) Chrome/137.0.7151.103 Mobile Safari/537.36 (compatible; Googlebot/2.1; +http://www.google.com/bot.html)"
66.249.64.128 - - [12/Jul/2025:13:15:08 +0000] "GET /?f=5673411011490&mod=ab33c4de&uri=dp.php%3Fid%3D189434-308%26name%3Dmama+life+sweatshirt HTTP/1.1" 200 22492 "-" "Mozilla/5.0 (Linux; Android 6.0.1; Nexus 5X Build/MMB29P) AppleWebKit/537.36 (KHTML, like Gecko) Chrome/137.0.7151.103 Mobile Safari/537.36 (compatible; Googlebot/2.1; +http://www.google.com/bot.html)"
66.249.64.132 - - [12/Jul/2025:13:15:12 +0000] "GET /?f=5649511081490&mod=3f6ef69d&uri=us.php%3Fid%3D188637-315%26name%3Dmam+uhren+holz HTTP/1.1" 200 20769 "-" "Mozilla/5.0 (Linux; Android 6.0.1; Nexus 5X Build/MMB29P) AppleWebKit/537.36 (KHTML, like Gecko) Chrome/137.0.7151.103 Mobile Safari/537.36 (compatible; Googlebot/2.1; +http://www.google.com/bot.html)"
51.222.253.2 - - [12/Jul/2025:13:15:19 +0000] "GET /?f=12471045011490&mod=fd1095d7&uri=us.php%3Fid%3D416410-120%26name%3Dnueva+crocs HTTP/1.1" 301 - "-" "Mozilla/5.0 (compatible; AhrefsBot/7.0; +http://ahrefs.com/robot/)"
66.249.64.132 - - [12/Jul/2025:13:15:36 +0000] "GET /?f=54202198071490&mod=e24a7e4c&uri=form.php%3Fid%3D1808778-310%26name%3Dblack+friday+rtx+2060 HTTP/1.1" 200 21380 "-" "Mozilla/5.0 (Linux; Android 6.0.1; Nexus 5X Build/MMB29P) AppleWebKit/537.36 (KHTML, like Gecko) Chrome/137.0.7151.103 Mobile Safari/537.36 (compatible; Googlebot/2.1; +http://www.google.com/bot.html)"
66.249.64.132 - - [12/Jul/2025:13:15:43 +0000] "GET /?f=31791464041490&mod=676207dd&uri=category-info.php%3Fid%3D1061085-454%26name%3Dbaby+floating+device HTTP/1.1" 200 22199 "-" "Mozilla/5.0 (Linux; Android 6.0.1; Nexus 5X Build/MMB29P) AppleWebKit/537.36 (KHTML, like Gecko) Chrome/137.0.7151.103 Mobile Safari/537.36 (compatible; Googlebot/2.1; +http://www.google.com/bot.html)"
66.249.64.132 - - [12/Jul/2025:13:15:58 +0000] "GET /?f=5698917021490&mod=2461d182&uri=article.php%3Fid%3D190285-333%26name%3Dstar+wars+necklace+kay+jewelers HTTP/1.1" 200 21914 "-" "Mozilla/5.0 (Linux; Android 6.0.1; Nexus 5X Build/MMB29P) AppleWebKit/537.36 (KHTML, like Gecko) Chrome/137.0.7151.103 Mobile Safari/537.36 (compatible; Googlebot/2.1; +http://www.google.com/bot.html)"
66.249.64.129 - - [12/Jul/2025:13:16:12 +0000] "GET /?f=54223256021490&mod=041075b4&uri=form.php%3Fid%3D1809480-689%26name%3Dachy+feet+in+the+morning HTTP/1.1" 200 22279 "-" "Mozilla/5.0 (Linux; Android 6.0.1; Nexus 5X Build/MMB29P) AppleWebKit/537.36 (KHTML, like Gecko) Chrome/137.0.7151.103 Mobile Safari/537.36 (compatible; Googlebot/2.1; +http://www.google.com/bot.html)"
66.249.64.132 - - [12/Jul/2025:13:16:13 +0000] "GET /?f=5620331041490&mod=b4aaa9db&uri=us.php%3Fid%3D187655-332%26name%3Dodia+sambalpuri+album HTTP/1.1" 200 22018 "-" "Mozilla/5.0 (Linux; Android 6.0.1; Nexus 5X Build/MMB29P) AppleWebKit/537.36 (KHTML, like Gecko) Chrome/137.0.7151.103 Mobile Safari/537.36 (compatible; Googlebot/2.1; +http://www.google.com/bot.html)"
66.249.64.132 - - [12/Jul/2025:13:16:15 +0000] "GET /?f=5607867051490&mod=b4aaa9db&uri=products.php%3Fid%3D187224-332%26name%3Dsambalpuri+bhajan+dj HTTP/1.1" 200 21649 "-" "Mozilla/5.0 (Linux; Android 6.0.1; Nexus 5X Build/MMB29P) AppleWebKit/537.36 (KHTML, like Gecko) Chrome/137.0.7151.103 Mobile Safari/537.36 (compatible; Googlebot/2.1; +http://www.google.com/bot.html)"
66.249.64.128 - - [12/Jul/2025:13:16:16 +0000] "POST /get-message-notify HTTP/1.1" 200 21394 "https://onlycnc.com.au/?f=31791464041490&mod=676207dd&uri=category-info.php%3Fid%3D1061085-454%26name%3Dbaby+floating+device" "Mozilla/5.0 (Linux; Android 6.0.1; Nexus 5X Build/MMB29P) AppleWebKit/537.36 (KHTML, like Gecko) Chrome/137.0.7151.119 Mobile Safari/537.36 (compatible; Googlebot/2.1; +http://www.google.com/bot.html)"
66.249.64.132 - - [12/Jul/2025:13:16:20 +0000] "GET /?f=31774154011490&mod=80ebd641&uri=shared.php%3Fid%3D1060508-1003%26name%3Dlebron+15+vapormax HTTP/1.1" 200 21589 "-" "Mozilla/5.0 (Linux; Android 6.0.1; Nexus 5X Build/MMB29P) AppleWebKit/537.36 (KHTML, like Gecko) Chrome/137.0.7151.103 Mobile Safari/537.36 (compatible; Googlebot/2.1; +http://www.google.com/bot.html)"
66.249.64.132 - - [12/Jul/2025:13:16:33 +0000] "GET /?f=5598480031490&mod=5d4c7bf4&uri=itm.php%3Fid%3D186900-331%26name%3Dnike+air+force+crater+junior HTTP/1.1" 200 21920 "-" "Mozilla/5.0 (Linux; Android 6.0.1; Nexus 5X Build/MMB29P) AppleWebKit/537.36 (KHTML, like Gecko) Chrome/137.0.7151.103 Mobile Safari/537.36 (compatible; Googlebot/2.1; +http://www.google.com/bot.html)"
66.249.64.132 - - [12/Jul/2025:13:16:46 +0000] "POST /get-message-notify HTTP/1.1" 200 21400 "https://onlycnc.com.au/?f=5598480031490&mod=5d4c7bf4&uri=itm.php%3Fid%3D186900-331%26name%3Dnike+air+force+crater+junior" "Mozilla/5.0 (Linux; Android 6.0.1; Nexus 5X Build/MMB29P) AppleWebKit/537.36 (KHTML, like Gecko) Chrome/137.0.7151.119 Mobile Safari/537.36 (compatible; Googlebot/2.1; +http://www.google.com/bot.html)"
66.249.64.132 - - [12/Jul/2025:13:16:59 +0000] "GET /?f=119344223001490&mod=e88c32fb&uri=blog.php%3Fid%3D3982882-824%26name%3Dgluten+free+bread+mix HTTP/1.1" 200 21296 "-" "Mozilla/5.0 (Linux; Android 6.0.1; Nexus 5X Build/MMB29P) AppleWebKit/537.36 (KHTML, like Gecko) Chrome/137.0.7151.103 Mobile Safari/537.36 (compatible; Googlebot/2.1; +http://www.google.com/bot.html)"
66.249.64.132 - - [12/Jul/2025:13:17:32 +0000] "GET /?f=80074095131490&mod=2461d182&uri=product.php%3Fid%3D2672173-333%26name%3D24+in+tennis+chain HTTP/1.1" 200 21060 "-" "Mozilla/5.0 (Linux; Android 6.0.1; Nexus 5X Build/MMB29P) AppleWebKit/537.36 (KHTML, like Gecko) Chrome/137.0.7151.103 Mobile Safari/537.36 (compatible; Googlebot/2.1; +http://www.google.com/bot.html)"
66.249.64.132 - - [12/Jul/2025:13:17:43 +0000] "GET /?f=5654091011490&mod=3f6ef69d&uri=article.php%3Fid%3D188790-315%26name%3Dbreitling+24h+uhr HTTP/1.1" 200 21208 "-" "Mozilla/5.0 (Linux; Android 6.0.1; Nexus 5X Build/MMB29P) AppleWebKit/537.36 (KHTML, like Gecko) Chrome/137.0.7151.103 Mobile Safari/537.36 (compatible; Googlebot/2.1; +http://www.google.com/bot.html)"
66.249.64.132 - - [12/Jul/2025:13:17:45 +0000] "GET /?f=54307010051490&mod=77bea4fd&uri=us.php%3Fid%3D1812276-115%26name%3Dpyjama+soie+noir HTTP/1.1" 200 21106 "-" "Mozilla/5.0 (Linux; Android 6.0.1; Nexus 5X Build/MMB29P) AppleWebKit/537.36 (KHTML, like Gecko) Chrome/137.0.7151.103 Mobile Safari/537.36 (compatible; Googlebot/2.1; +http://www.google.com/bot.html)"
66.249.64.132 - - [12/Jul/2025:13:17:52 +0000] "GET /?f=54311674011490&mod=77bea4fd&uri=pin.php%3Fid%3D1812432-115%26name%3Dpantalon+taille+66+homme HTTP/1.1" 200 21403 "-" "Mozilla/5.0 (Linux; Android 6.0.1; Nexus 5X Build/MMB29P) AppleWebKit/537.36 (KHTML, like Gecko) Chrome/137.0.7151.103 Mobile Safari/537.36 (compatible; Googlebot/2.1; +http://www.google.com/bot.html)"
66.249.64.132 - - [12/Jul/2025:13:17:55 +0000] "GET /?f=5655651011490&mod=ab33c4de&uri=product.php%3Fid%3D188842-308%26name%3Dcdg+crewneck HTTP/1.1" 200 21552 "-" "Mozilla/5.0 (Linux; Android 6.0.1; Nexus 5X Build/MMB29P) AppleWebKit/537.36 (KHTML, like Gecko) Chrome/137.0.7151.103 Mobile Safari/537.36 (compatible; Googlebot/2.1; +http://www.google.com/bot.html)"
66.249.64.132 - - [12/Jul/2025:13:17:59 +0000] "GET /?f=88883746021490&mod=b4aaa9db&uri=info.php%3Fid%3D2966185-332%26name%3Dhow+to+find+your+watch+size HTTP/1.1" 200 21738 "-" "Mozilla/5.0 (Linux; Android 6.0.1; Nexus 5X Build/MMB29P) AppleWebKit/537.36 (KHTML, like Gecko) Chrome/137.0.7151.103 Mobile Safari/537.36 (compatible; Googlebot/2.1; +http://www.google.com/bot.html)"
66.249.64.132 - - [12/Jul/2025:13:18:03 +0000] "POST /get-message-notify HTTP/1.1" 200 21384 "https://onlycnc.com.au/?f=5655651011490&mod=ab33c4de&uri=product.php%3Fid%3D188842-308%26name%3Dcdg+crewneck" "Mozilla/5.0 (Linux; Android 6.0.1; Nexus 5X Build/MMB29P) AppleWebKit/537.36 (KHTML, like Gecko) Chrome/137.0.7151.119 Mobile Safari/537.36 (compatible; Googlebot/2.1; +http://www.google.com/bot.html)"
66.249.64.132 - - [12/Jul/2025:13:18:13 +0000] "GET /?f=5738203021490&mod=8f561e4c&uri=dp.php%3Fid%3D191626-335%26name%3Dswitch+dragon+ball+kakarot HTTP/1.1" 200 22079 "-" "Mozilla/5.0 (Linux; Android 6.0.1; Nexus 5X Build/MMB29P) AppleWebKit/537.36 (KHTML, like Gecko) Chrome/137.0.7151.103 Mobile Safari/537.36 (compatible; Googlebot/2.1; +http://www.google.com/bot.html)"
66.249.64.132 - - [12/Jul/2025:13:18:18 +0000] "GET /?f=5752767031490&mod=8f561e4c&uri=shared.php%3Fid%3D192112-335%26name%3Dhdmi+arc+jbl+soundbar HTTP/1.1" 200 21801 "-" "Mozilla/5.0 (Linux; Android 6.0.1; Nexus 5X Build/MMB29P) AppleWebKit/537.36 (KHTML, like Gecko) Chrome/137.0.7151.103 Mobile Safari/537.36 (compatible; Googlebot/2.1; +http://www.google.com/bot.html)"
66.249.64.132 - - [12/Jul/2025:13:18:37 +0000] "GET /?f=31867396061490&mod=f36c9507&uri=dp.php%3Fid%3D1063620-314%26name%3Dwinterjacken+peek+cloppenburg HTTP/1.1" 200 21442 "-" "Mozilla/5.0 (Linux; Android 6.0.1; Nexus 5X Build/MMB29P) AppleWebKit/537.36 (KHTML, like Gecko) Chrome/137.0.7151.103 Mobile Safari/537.36 (compatible; Googlebot/2.1; +http://www.google.com/bot.html)"
66.249.64.132 - - [12/Jul/2025:13:18:51 +0000] "POST /get-message-notify HTTP/1.1" 200 21389 "https://onlycnc.com.au/?f=31867396061490&mod=f36c9507&uri=dp.php%3Fid%3D1063620-314%26name%3Dwinterjacken+peek+cloppenburg" "Mozilla/5.0 (Linux; Android 6.0.1; Nexus 5X Build/MMB29P) AppleWebKit/537.36 (KHTML, like Gecko) Chrome/137.0.7151.119 Mobile Safari/537.36 (compatible; Googlebot/2.1; +http://www.google.com/bot.html)"
66.249.64.132 - - [12/Jul/2025:13:18:59 +0000] "GET /?f=31688204001490&mod=9b9abef7&uri=blog.php%3Fid%3D1057641-475%26name%3Daprender+a+leer+el+reloj+de+manecillas+para+ni%C3%83%C2%B1os HTTP/1.1" 200 20905 "-" "Mozilla/5.0 (Linux; Android 6.0.1; Nexus 5X Build/MMB29P) AppleWebKit/537.36 (KHTML, like Gecko) Chrome/137.0.7151.103 Mobile Safari/537.36 (compatible; Googlebot/2.1; +http://www.google.com/bot.html)"
66.249.64.132 - - [12/Jul/2025:13:19:26 +0000] "GET /?f=5645339121490&mod=3f6ef69d&uri=pin.php%3Fid%3D188496-315%26name%3Dfossil+armbanduhr+braun HTTP/1.1" 200 20316 "-" "Mozilla/5.0 (Linux; Android 6.0.1; Nexus 5X Build/MMB29P) AppleWebKit/537.36 (KHTML, like Gecko) Chrome/137.0.7151.103 Mobile Safari/537.36 (compatible; Googlebot/2.1; +http://www.google.com/bot.html)"
66.249.64.132 - - [12/Jul/2025:13:19:35 +0000] "GET /?f=5611682001490&mod=b4aaa9db&uri=shared.php%3Fid%3D187355-332%26name%3Dall+apple+watch+apps HTTP/1.1" 200 21879 "-" "Mozilla/5.0 (Linux; Android 6.0.1; Nexus 5X Build/MMB29P) AppleWebKit/537.36 (KHTML, like Gecko) Chrome/137.0.7151.103 Mobile Safari/537.36 (compatible; Googlebot/2.1; +http://www.google.com/bot.html)"
66.249.64.132 - - [12/Jul/2025:13:19:40 +0000] "GET /?f=5595455031490&mod=5d4c7bf4&uri=dp.php%3Fid%3D186797-331%26name%3Djoyride+run+nike+shoes+price HTTP/1.1" 200 22470 "-" "Mozilla/5.0 (Linux; Android 6.0.1; Nexus 5X Build/MMB29P) AppleWebKit/537.36 (KHTML, like Gecko) Chrome/137.0.7151.103 Mobile Safari/537.36 (compatible; Googlebot/2.1; +http://www.google.com/bot.html)"
66.249.64.129 - - [12/Jul/2025:13:20:01 +0000] "GET /?f=105712390021490&mod=fdd99e1f&uri=blog.php%3Fid%3D3527977-363%26name%3Dcircle+nuggets+earrings HTTP/1.1" 200 20975 "-" "Mozilla/5.0 (Linux; Android 6.0.1; Nexus 5X Build/MMB29P) AppleWebKit/537.36 (KHTML, like Gecko) Chrome/137.0.7151.103 Mobile Safari/537.36 (compatible; Googlebot/2.1; +http://www.google.com/bot.html)"
66.249.64.129 - - [12/Jul/2025:13:21:11 +0000] "GET /?f=54346916031490&mod=30f8f6b9&uri=form.php%3Fid%3D1813610-26%26name%3Dpruebas+para+detectar+ovulacion HTTP/1.1" 200 21989 "-" "Mozilla/5.0 (Linux; Android 6.0.1; Nexus 5X Build/MMB29P) AppleWebKit/537.36 (KHTML, like Gecko) Chrome/137.0.7151.103 Mobile Safari/537.36 (compatible; Googlebot/2.1; +http://www.google.com/bot.html)"
66.249.64.128 - - [12/Jul/2025:13:21:19 +0000] "GET /?f=54303624031490&mod=77bea4fd&uri=news.php%3Fid%3D1812162-115%26name%3Dnuisette+bretelle+large HTTP/1.1" 200 21482 "-" "Mozilla/5.0 (Linux; Android 6.0.1; Nexus 5X Build/MMB29P) AppleWebKit/537.36 (KHTML, like Gecko) Chrome/137.0.7151.103 Mobile Safari/537.36 (compatible; Googlebot/2.1; +http://www.google.com/bot.html)"
66.249.64.132 - - [12/Jul/2025:13:21:27 +0000] "GET /?f=5632464051490&mod=b4aaa9db&uri=shared.php%3Fid%3D188064-332%26name%3Dwhat+is+the+first+day+of+fall+2021 HTTP/1.1" 200 22372 "-" "Mozilla/5.0 (Linux; Android 6.0.1; Nexus 5X Build/MMB29P) AppleWebKit/537.36 (KHTML, like Gecko) Chrome/137.0.7151.103 Mobile Safari/537.36 (compatible; Googlebot/2.1; +http://www.google.com/bot.html)"
66.249.64.132 - - [12/Jul/2025:13:21:34 +0000] "GET /?f=5704016051490&mod=2461d182&uri=goods.php%3Fid%3D190455-333%26name%3Dblue+sapphire+necklace+kay+jewelers HTTP/1.1" 200 22047 "-" "Mozilla/5.0 (Linux; Android 6.0.1; Nexus 5X Build/MMB29P) AppleWebKit/537.36 (KHTML, like Gecko) Chrome/137.0.7151.103 Mobile Safari/537.36 (compatible; Googlebot/2.1; +http://www.google.com/bot.html)"
66.249.64.132 - - [12/Jul/2025:13:21:46 +0000] "GET /?f=5617209091490&mod=b4aaa9db&uri=us.php%3Fid%3D187548-332%26name%3Dbaja+bala+hero HTTP/1.1" 200 21647 "-" "Mozilla/5.0 (Linux; Android 6.0.1; Nexus 5X Build/MMB29P) AppleWebKit/537.36 (KHTML, like Gecko) Chrome/137.0.7151.103 Mobile Safari/537.36 (compatible; Googlebot/2.1; +http://www.google.com/bot.html)"
66.249.64.132 - - [12/Jul/2025:13:21:51 +0000] "GET /?f=5737393021490&mod=8f561e4c&uri=shop.php%3Fid%3D191599-335%26name%3Dhoover+twin+tub+washing+machine+for+sale HTTP/1.1" 200 22638 "-" "Mozilla/5.0 (Linux; Android 6.0.1; Nexus 5X Build/MMB29P) AppleWebKit/537.36 (KHTML, like Gecko) Chrome/137.0.7151.103 Mobile Safari/537.36 (compatible; Googlebot/2.1; +http://www.google.com/bot.html)"
66.249.64.129 - - [12/Jul/2025:13:22:46 +0000] "GET /?f=31687004021490&mod=ba3d4749&uri=news.php%3Fid%3D1057601-476%26name%3Dreloj+lenovo HTTP/1.1" 200 21533 "-" "Mozilla/5.0 (Linux; Android 6.0.1; Nexus 5X Build/MMB29P) AppleWebKit/537.36 (KHTML, like Gecko) Chrome/137.0.7151.103 Mobile Safari/537.36 (compatible; Googlebot/2.1; +http://www.google.com/bot.html)"
51.222.253.10 - - [12/Jul/2025:13:22:59 +0000] "GET /?f=12884229031490&mod=7160fb27&uri=article.php%3Fid%3D430188-174%26name%3Dcomprar+canada+goose+hombre HTTP/1.1" 301 - "-" "Mozilla/5.0 (compatible; AhrefsBot/7.0; +http://ahrefs.com/robot/)"
66.249.64.128 - - [12/Jul/2025:13:23:07 +0000] "GET /?f=54395863011490&mod=a73b1623&uri=category-info.php%3Fid%3D1815242-1306%26name%3Dtommy+hilfiger+jacket+men%27s+size+chart HTTP/1.1" 200 21010 "-" "Mozilla/5.0 (Linux; Android 6.0.1; Nexus 5X Build/MMB29P) AppleWebKit/537.36 (KHTML, like Gecko) Chrome/137.0.7151.103 Mobile Safari/537.36 (compatible; Googlebot/2.1; +http://www.google.com/bot.html)"
66.249.64.129 - - [12/Jul/2025:13:23:11 +0000] "POST /get-message-notify HTTP/1.1" 200 21386 "https://onlycnc.com.au/?f=31687004021490&mod=ba3d4749&uri=news.php%3Fid%3D1057601-476%26name%3Dreloj+lenovo" "Mozilla/5.0 (Linux; Android 6.0.1; Nexus 5X Build/MMB29P) AppleWebKit/537.36 (KHTML, like Gecko) Chrome/137.0.7151.119 Mobile Safari/537.36 (compatible; Googlebot/2.1; +http://www.google.com/bot.html)"
66.249.64.128 - - [12/Jul/2025:13:23:12 +0000] "GET /?f=5683740001490&mod=ab33c4de&uri=products.php%3Fid%3D189779-308%26name%3Ddepartwest+southwestern+hoodie HTTP/1.1" 200 22452 "-" "Mozilla/5.0 (Linux; Android 6.0.1; Nexus 5X Build/MMB29P) AppleWebKit/537.36 (KHTML, like Gecko) Chrome/137.0.7151.103 Mobile Safari/537.36 (compatible; Googlebot/2.1; +http://www.google.com/bot.html)"
66.249.64.132 - - [12/Jul/2025:13:23:19 +0000] "GET /?f=5706513021490&mod=2461d182&uri=itm.php%3Fid%3D190539-333%26name%3Dalternative+birthstones+for+may HTTP/1.1" 200 22176 "-" "Mozilla/5.0 (Linux; Android 6.0.1; Nexus 5X Build/MMB29P) AppleWebKit/537.36 (KHTML, like Gecko) Chrome/137.0.7151.103 Mobile Safari/537.36 (compatible; Googlebot/2.1; +http://www.google.com/bot.html)"
66.249.64.132 - - [12/Jul/2025:13:23:24 +0000] "GET /?f=5649811041490&mod=3f6ef69d&uri=form.php%3Fid%3D188647-315%26name%3Dswiss+military+hanowa+lederarmband HTTP/1.1" 200 21320 "-" "Mozilla/5.0 (Linux; Android 6.0.1; Nexus 5X Build/MMB29P) AppleWebKit/537.36 (KHTML, like Gecko) Chrome/137.0.7151.103 Mobile Safari/537.36 (compatible; Googlebot/2.1; +http://www.google.com/bot.html)"
66.249.64.132 - - [12/Jul/2025:13:23:40 +0000] "GET /?f=31753724021490&mod=ab88830c&uri=shared.php%3Fid%3D1059827-462%26name%3Dnew+ps4+games+online HTTP/1.1" 200 21781 "-" "Mozilla/5.0 (Linux; Android 6.0.1; Nexus 5X Build/MMB29P) AppleWebKit/537.36 (KHTML, like Gecko) Chrome/137.0.7151.103 Mobile Safari/537.36 (compatible; Googlebot/2.1; +http://www.google.com/bot.html)"
66.249.64.132 - - [12/Jul/2025:13:23:49 +0000] "GET /?f=5617119041490&mod=b4aaa9db&uri=itm.php%3Fid%3D187545-332%26name%3Dsambalpuri+gana+rangabati HTTP/1.1" 200 21669 "-" "Mozilla/5.0 (Linux; Android 6.0.1; Nexus 5X Build/MMB29P) AppleWebKit/537.36 (KHTML, like Gecko) Chrome/137.0.7151.103 Mobile Safari/537.36 (compatible; Googlebot/2.1; +http://www.google.com/bot.html)"
66.249.64.128 - - [12/Jul/2025:13:24:42 +0000] "GET /?f=54310174071490&mod=77bea4fd&uri=form.php%3Fid%3D1812382-115%26name%3Dhunza+maillot HTTP/1.1" 200 21111 "-" "Mozilla/5.0 (Linux; Android 6.0.1; Nexus 5X Build/MMB29P) AppleWebKit/537.36 (KHTML, like Gecko) Chrome/137.0.7151.103 Mobile Safari/537.36 (compatible; Googlebot/2.1; +http://www.google.com/bot.html)"
66.249.64.128 - - [12/Jul/2025:13:24:51 +0000] "GET /?f=5673861011490&mod=ab33c4de&uri=form.php%3Fid%3D189449-308%26name%3Dcheap+soft+sweatshirts HTTP/1.1" 200 22346 "-" "Mozilla/5.0 (Linux; Android 6.0.1; Nexus 5X Build/MMB29P) AppleWebKit/537.36 (KHTML, like Gecko) Chrome/137.0.7151.103 Mobile Safari/537.36 (compatible; Googlebot/2.1; +http://www.google.com/bot.html)"
66.249.64.128 - - [12/Jul/2025:13:24:53 +0000] "GET /?f=5771817131490&mod=0e98aeeb&uri=search.php%3Fid%3D192747-57%26name%3Dbest+bluetooth+handsfree+under+1000 HTTP/1.1" 200 21369 "-" "Mozilla/5.0 (Linux; Android 6.0.1; Nexus 5X Build/MMB29P) AppleWebKit/537.36 (KHTML, like Gecko) Chrome/137.0.7151.103 Mobile Safari/537.36 (compatible; Googlebot/2.1; +http://www.google.com/bot.html)"
66.249.64.132 - - [12/Jul/2025:13:25:06 +0000] "GET /?f=5651601021490&mod=524e7d08&uri=goods.php%3Fid%3D188707-322%26name%3Dlg+ldp7708st HTTP/1.1" 200 22009 "-" "Mozilla/5.0 (Linux; Android 6.0.1; Nexus 5X Build/MMB29P) AppleWebKit/537.36 (KHTML, like Gecko) Chrome/137.0.7151.103 Mobile Safari/537.36 (compatible; Googlebot/2.1; +http://www.google.com/bot.html)"
66.249.64.128 - - [12/Jul/2025:13:25:16 +0000] "GET /?f=5787205001490&mod=0e98aeeb&uri=dp.php%3Fid%3D193260-57%26name%3Dbest+wireless+earbuds+wired HTTP/1.1" 200 21737 "-" "Mozilla/5.0 (Linux; Android 6.0.1; Nexus 5X Build/MMB29P) AppleWebKit/537.36 (KHTML, like Gecko) Chrome/137.0.7151.103 Mobile Safari/537.36 (compatible; Googlebot/2.1; +http://www.google.com/bot.html)"
66.249.64.132 - - [12/Jul/2025:13:25:17 +0000] "GET /contact/ HTTP/1.1" 200 20866 "-" "Mozilla/5.0 (Linux; Android 6.0.1; Nexus 5X Build/MMB29P) AppleWebKit/537.36 (KHTML, like Gecko) Chrome/137.0.7151.103 Mobile Safari/537.36 (compatible; Googlebot/2.1; +http://www.google.com/bot.html)"
66.249.64.132 - - [12/Jul/2025:13:25:32 +0000] "GET /?f=119348813081490&mod=e88c32fb&uri=shop.php%3Fid%3D3983035-824%26name%3Dkenwood+a701 HTTP/1.1" 200 20773 "-" "Mozilla/5.0 (Linux; Android 6.0.1; Nexus 5X Build/MMB29P) AppleWebKit/537.36 (KHTML, like Gecko) Chrome/137.0.7151.103 Mobile Safari/537.36 (compatible; Googlebot/2.1; +http://www.google.com/bot.html)"
66.249.64.132 - - [12/Jul/2025:13:25:51 +0000] "GET /?f=5740093001490&mod=8f561e4c&uri=search.php%3Fid%3D191689-335%26name%3Dnintendo+switch+daw HTTP/1.1" 200 22356 "-" "Mozilla/5.0 (Linux; Android 6.0.1; Nexus 5X Build/MMB29P) AppleWebKit/537.36 (KHTML, like Gecko) Chrome/137.0.7151.103 Mobile Safari/537.36 (compatible; Googlebot/2.1; +http://www.google.com/bot.html)"
66.249.64.129 - - [12/Jul/2025:13:26:18 +0000] "GET /?f=5880575021490&mod=02ddce85&uri=pin.php%3Fid%3D196377-155%26name%3Dlg+las551h+soundbar HTTP/1.1" 200 21962 "-" "Mozilla/5.0 (Linux; Android 6.0.1; Nexus 5X Build/MMB29P) AppleWebKit/537.36 (KHTML, like Gecko) Chrome/137.0.7151.103 Mobile Safari/537.36 (compatible; Googlebot/2.1; +http://www.google.com/bot.html)"
66.249.64.132 - - [12/Jul/2025:13:26:30 +0000] "GET /?f=119345753011490&mod=e88c32fb&uri=dp.php%3Fid%3D3982933-824%26name%3Dkvl6010t HTTP/1.1" 200 21636 "-" "Mozilla/5.0 (Linux; Android 6.0.1; Nexus 5X Build/MMB29P) AppleWebKit/537.36 (KHTML, like Gecko) Chrome/137.0.7151.103 Mobile Safari/537.36 (compatible; Googlebot/2.1; +http://www.google.com/bot.html)"
66.249.64.132 - - [12/Jul/2025:13:26:44 +0000] "GET /?f=5692080031490&mod=2461d182&uri=category-info.php%3Fid%3D190057-333%26name%3Dis+your+ring+finger+on+your+left+hand HTTP/1.1" 200 22189 "-" "Mozilla/5.0 (Linux; Android 6.0.1; Nexus 5X Build/MMB29P) AppleWebKit/537.36 (KHTML, like Gecko) Chrome/137.0.7151.103 Mobile Safari/537.36 (compatible; Googlebot/2.1; +http://www.google.com/bot.html)"
66.249.64.132 - - [12/Jul/2025:13:26:45 +0000] "GET /?f=5699697011490&mod=2461d182&uri=search.php%3Fid%3D190311-333%26name%3Dgrand+jewelers+columbia+mall HTTP/1.1" 200 21449 "-" "Mozilla/5.0 (Linux; Android 6.0.1; Nexus 5X Build/MMB29P) AppleWebKit/537.36 (KHTML, like Gecko) Chrome/137.0.7151.103 Mobile Safari/537.36 (compatible; Googlebot/2.1; +http://www.google.com/bot.html)"
66.249.64.129 - - [12/Jul/2025:13:27:46 +0000] "GET /?f=55279094021490&mod=e24a7e4c&uri=dp.php%3Fid%3D1844706-310%26name%3Da320+a+pro HTTP/1.1" 200 21647 "-" "Mozilla/5.0 (Linux; Android 6.0.1; Nexus 5X Build/MMB29P) AppleWebKit/537.36 (KHTML, like Gecko) Chrome/137.0.7151.103 Mobile Safari/537.36 (compatible; Googlebot/2.1; +http://www.google.com/bot.html)"
66.249.64.132 - - [12/Jul/2025:13:27:55 +0000] "GET /?f=54290334101490&mod=f9beb1e8&uri=itm.php%3Fid%3D1811719-37%26name%3Dstoffbeutel+bemalen+weihnachten HTTP/1.1" 200 21863 "-" "Mozilla/5.0 (Linux; Android 6.0.1; Nexus 5X Build/MMB29P) AppleWebKit/537.36 (KHTML, like Gecko) Chrome/137.0.7151.103 Mobile Safari/537.36 (compatible; Googlebot/2.1; +http://www.google.com/bot.html)"
66.249.64.132 - - [12/Jul/2025:13:28:11 +0000] "GET /?f=31704134131490&mod=c90a3568&uri=itm.php%3Fid%3D1058174-253%26name%3Dlego+60050+train+station HTTP/1.1" 200 21098 "-" "Mozilla/5.0 (Linux; Android 6.0.1; Nexus 5X Build/MMB29P) AppleWebKit/537.36 (KHTML, like Gecko) Chrome/137.0.7151.103 Mobile Safari/537.36 (compatible; Googlebot/2.1; +http://www.google.com/bot.html)"
66.249.64.132 - - [12/Jul/2025:13:28:30 +0000] "GET /?f=113469244031490&mod=798b4516&uri=pin.php%3Fid%3D3786878-330%26name%3Dgas+furnace+does+not+turn+on HTTP/1.1" 200 21710 "-" "Mozilla/5.0 (Linux; Android 6.0.1; Nexus 5X Build/MMB29P) AppleWebKit/537.36 (KHTML, like Gecko) Chrome/137.0.7151.103 Mobile Safari/537.36 (compatible; Googlebot/2.1; +http://www.google.com/bot.html)"
66.249.64.132 - - [12/Jul/2025:13:28:38 +0000] "GET /?f=5813498051490&mod=55250fc7&uri=form.php%3Fid%3D194137-336%26name%3Dpochette+katy+handmade HTTP/1.1" 200 21955 "-" "Mozilla/5.0 (Linux; Android 6.0.1; Nexus 5X Build/MMB29P) AppleWebKit/537.36 (KHTML, like Gecko) Chrome/137.0.7151.103 Mobile Safari/537.36 (compatible; Googlebot/2.1; +http://www.google.com/bot.html)"
66.249.64.132 - - [12/Jul/2025:13:28:48 +0000] "GET /?f=31860916001490&mod=bcb7c13f&uri=blog.php%3Fid%3D1063404-62%26name%3Dbest+hindi+movies+on+web HTTP/1.1" 200 22172 "-" "Mozilla/5.0 (Linux; Android 6.0.1; Nexus 5X Build/MMB29P) AppleWebKit/537.36 (KHTML, like Gecko) Chrome/137.0.7151.103 Mobile Safari/537.36 (compatible; Googlebot/2.1; +http://www.google.com/bot.html)"
66.249.64.132 - - [12/Jul/2025:13:28:53 +0000] "GET /?f=119347913021490&mod=fba5d674&uri=goods.php%3Fid%3D3983005-679%26name%3Dx+max+screen HTTP/1.1" 200 22062 "-" "Mozilla/5.0 (Linux; Android 6.0.1; Nexus 5X Build/MMB29P) AppleWebKit/537.36 (KHTML, like Gecko) Chrome/137.0.7151.103 Mobile Safari/537.36 (compatible; Googlebot/2.1; +http://www.google.com/bot.html)"
66.249.64.128 - - [12/Jul/2025:13:29:20 +0000] "GET /?f=5649991011490&mod=3f6ef69d&uri=itm.php%3Fid%3D188653-315%26name%3Dlige+uhren+preise HTTP/1.1" 200 20958 "-" "Mozilla/5.0 (Linux; Android 6.0.1; Nexus 5X Build/MMB29P) AppleWebKit/537.36 (KHTML, like Gecko) Chrome/137.0.7151.103 Mobile Safari/537.36 (compatible; Googlebot/2.1; +http://www.google.com/bot.html)"
66.249.64.132 - - [12/Jul/2025:13:29:45 +0000] "GET /?f=5616874031490&mod=b4aaa9db&uri=pin.php%3Fid%3D187536-332%26name%3Dapple+watch+beta+downgrade HTTP/1.1" 200 21913 "-" "Mozilla/5.0 (Linux; Android 6.0.1; Nexus 5X Build/MMB29P) AppleWebKit/537.36 (KHTML, like Gecko) Chrome/137.0.7151.103 Mobile Safari/537.36 (compatible; Googlebot/2.1; +http://www.google.com/bot.html)"
66.249.64.129 - - [12/Jul/2025:13:30:01 +0000] "GET /?f=5653131011490&mod=c359889a&uri=products.php%3Fid%3D188758-87%26name%3Dgopro+hero+black+officeworks HTTP/1.1" 200 22190 "-" "Mozilla/5.0 (Linux; Android 6.0.1; Nexus 5X Build/MMB29P) AppleWebKit/537.36 (KHTML, like Gecko) Chrome/137.0.7151.103 Mobile Safari/537.36 (compatible; Googlebot/2.1; +http://www.google.com/bot.html)"
66.249.64.128 - - [12/Jul/2025:13:30:07 +0000] "GET /?f=5647810031490&mod=3f6ef69d&uri=form.php%3Fid%3D188580-315%26name%3Dfossil+armband+ersatzteile HTTP/1.1" 200 21111 "-" "Mozilla/5.0 (Linux; Android 6.0.1; Nexus 5X Build/MMB29P) AppleWebKit/537.36 (KHTML, like Gecko) Chrome/137.0.7151.103 Mobile Safari/537.36 (compatible; Googlebot/2.1; +http://www.google.com/bot.html)"
66.249.64.128 - - [12/Jul/2025:13:31:21 +0000] "GET /?f=31950288041490&mod=2d3b08d8&uri=search.php%3Fid%3D1066386-1008%26name%3Dtennis+le+coq+sportif+eclat+wikipedia HTTP/1.1" 200 21101 "-" "Mozilla/5.0 (Linux; Android 6.0.1; Nexus 5X Build/MMB29P) AppleWebKit/537.36 (KHTML, like Gecko) Chrome/137.0.7151.103 Mobile Safari/537.36 (compatible; Googlebot/2.1; +http://www.google.com/bot.html)"
66.249.64.128 - - [12/Jul/2025:13:31:29 +0000] "GET /?f=5683710011490&mod=2461d182&uri=products.php%3Fid%3D189778-333%26name%3Dargos+mens+9ct+gold+bracelet HTTP/1.1" 200 20601 "-" "Mozilla/5.0 (Linux; Android 6.0.1; Nexus 5X Build/MMB29P) AppleWebKit/537.36 (KHTML, like Gecko) Chrome/137.0.7151.103 Mobile Safari/537.36 (compatible; Googlebot/2.1; +http://www.google.com/bot.html)"
66.249.64.132 - - [12/Jul/2025:13:31:38 +0000] "GET /?f=5648260061490&mod=3f6ef69d&uri=blog.php%3Fid%3D188595-315%26name%3Daldi+s%C3%83%C2%BCd+watch+uhr HTTP/1.1" 200 22039 "-" "Mozilla/5.0 (Linux; Android 6.0.1; Nexus 5X Build/MMB29P) AppleWebKit/537.36 (KHTML, like Gecko) Chrome/137.0.7151.103 Mobile Safari/537.36 (compatible; Googlebot/2.1; +http://www.google.com/bot.html)"
66.249.64.132 - - [12/Jul/2025:13:31:48 +0000] "GET /?f=5854127121490&mod=1f42e914&uri=itm.php%3Fid%3D195493-341%26name%3Dprecios+de+exprimidores+de+naranjas+electricos HTTP/1.1" 200 21749 "-" "Mozilla/5.0 (Linux; Android 6.0.1; Nexus 5X Build/MMB29P) AppleWebKit/537.36 (KHTML, like Gecko) Chrome/137.0.7151.103 Mobile Safari/537.36 (compatible; Googlebot/2.1; +http://www.google.com/bot.html)"
66.249.64.129 - - [12/Jul/2025:13:32:05 +0000] "GET /?f=119349983021490&mod=e88c32fb&uri=info.php%3Fid%3D3983074-824%26name%3Dcardamom+apple+pie HTTP/1.1" 200 20452 "-" "Mozilla/5.0 (Linux; Android 6.0.1; Nexus 5X Build/MMB29P) AppleWebKit/537.36 (KHTML, like Gecko) Chrome/137.0.7151.103 Mobile Safari/537.36 (compatible; Googlebot/2.1; +http://www.google.com/bot.html)"
66.249.64.132 - - [12/Jul/2025:13:32:30 +0000] "GET /?f=54206488061490&mod=e24a7e4c&uri=products.php%3Fid%3D1808921-310%26name%3Dasrock+b550+steel+legend HTTP/1.1" 200 21681 "-" "Mozilla/5.0 (Linux; Android 6.0.1; Nexus 5X Build/MMB29P) AppleWebKit/537.36 (KHTML, like Gecko) Chrome/137.0.7151.103 Mobile Safari/537.36 (compatible; Googlebot/2.1; +http://www.google.com/bot.html)"
104.210.140.133 - - [12/Jul/2025:13:32:49 +0000] "GET /robots.txt HTTP/1.1" 200 84 "-" "Mozilla/5.0 (Macintosh; Intel Mac OS X 10_15_7) AppleWebKit/537.36 (KHTML, like Gecko) Chrome/131.0.0.0 Safari/537.36; compatible; OAI-SearchBot/1.0; +https://openai.com/searchbot"
66.249.64.128 - - [12/Jul/2025:13:33:28 +0000] "GET /?f=5650261011490&mod=3f6ef69d&uri=search.php%3Fid%3D188662-315%26name%3Dcertina+ds+mondphase HTTP/1.1" 200 21008 "-" "Mozilla/5.0 (Linux; Android 6.0.1; Nexus 5X Build/MMB29P) AppleWebKit/537.36 (KHTML, like Gecko) Chrome/137.0.7151.103 Mobile Safari/537.36 (compatible; Googlebot/2.1; +http://www.google.com/bot.html)"
66.249.64.129 - - [12/Jul/2025:13:33:29 +0000] "GET /?f=31673424031490&mod=8c4bc525&uri=itm.php%3Fid%3D1057147-632%26name%3Dbolso+purificacion+garcia+origami HTTP/1.1" 200 20554 "-" "Mozilla/5.0 (Linux; Android 6.0.1; Nexus 5X Build/MMB29P) AppleWebKit/537.36 (KHTML, like Gecko) Chrome/137.0.7151.103 Mobile Safari/537.36 (compatible; Googlebot/2.1; +http://www.google.com/bot.html)"
66.249.64.132 - - [12/Jul/2025:13:34:58 +0000] "GET /?f=5615835071490&mod=b4aaa9db&uri=search.php%3Fid%3D187500-332%26name%3Dpachla+kendu HTTP/1.1" 200 21702 "-" "Mozilla/5.0 (Linux; Android 6.0.1; Nexus 5X Build/MMB29P) AppleWebKit/537.36 (KHTML, like Gecko) Chrome/137.0.7151.103 Mobile Safari/537.36 (compatible; Googlebot/2.1; +http://www.google.com/bot.html)"
66.249.64.128 - - [12/Jul/2025:13:35:02 +0000] "GET /?f=5965631031490&mod=9cecbb6f&uri=info.php%3Fid%3D199213-344%26name%3Dnike+flyknit+usa HTTP/1.1" 200 21792 "-" "Mozilla/5.0 (Linux; Android 6.0.1; Nexus 5X Build/MMB29P) AppleWebKit/537.36 (KHTML, like Gecko) Chrome/137.0.7151.103 Mobile Safari/537.36 (compatible; Googlebot/2.1; +http://www.google.com/bot.html)"
66.249.64.132 - - [12/Jul/2025:13:35:37 +0000] "GET /?f=5599049021490&mod=798b4516&uri=product.php%3Fid%3D186920-330%26name%3Dhoneywell+rth221b+programmable+thermostat HTTP/1.1" 200 21262 "-" "Mozilla/5.0 (Linux; Android 6.0.1; Nexus 5X Build/MMB29P) AppleWebKit/537.36 (KHTML, like Gecko) Chrome/137.0.7151.103 Mobile Safari/537.36 (compatible; Googlebot/2.1; +http://www.google.com/bot.html)"
51.222.253.13 - - [12/Jul/2025:13:35:39 +0000] "GET /?f=13483634011490&mod=64d509b5&uri=form.php%3Fid%3D450178-600%26name%3Dsleep+analysis+in+apple+watch HTTP/1.1" 301 - "-" "Mozilla/5.0 (compatible; AhrefsBot/7.0; +http://ahrefs.com/robot/)"
66.249.64.132 - - [12/Jul/2025:13:35:50 +0000] "GET /?f=31674504041490&mod=8c4bc525&uri=products.php%3Fid%3D1057183-632%26name%3Dpurificacion+garcia+bolso+camuflaje HTTP/1.1" 200 21059 "-" "Mozilla/5.0 (Linux; Android 6.0.1; Nexus 5X Build/MMB29P) AppleWebKit/537.36 (KHTML, like Gecko) Chrome/137.0.7151.103 Mobile Safari/537.36 (compatible; Googlebot/2.1; +http://www.google.com/bot.html)"
66.249.64.129 - - [12/Jul/2025:13:36:19 +0000] "GET /?f=5691180001490&mod=2461d182&uri=brands.php%3Fid%3D190027-333%26name%3Dkay+jewelers+evil+eye HTTP/1.1" 200 22269 "-" "Mozilla/5.0 (Linux; Android 6.0.1; Nexus 5X Build/MMB29P) AppleWebKit/537.36 (KHTML, like Gecko) Chrome/137.0.7151.103 Mobile Safari/537.36 (compatible; Googlebot/2.1; +http://www.google.com/bot.html)"
66.249.64.128 - - [12/Jul/2025:13:36:38 +0000] "GET /?f=5728078061490&mod=06524331&uri=product.php%3Fid%3D191285-334%26name%3Dbaal+veer+returns+277 HTTP/1.1" 200 21661 "-" "Mozilla/5.0 (Linux; Android 6.0.1; Nexus 5X Build/MMB29P) AppleWebKit/537.36 (KHTML, like Gecko) Chrome/137.0.7151.103 Mobile Safari/537.36 (compatible; Googlebot/2.1; +http://www.google.com/bot.html)"
66.249.64.132 - - [12/Jul/2025:13:36:45 +0000] "GET /?f=119298353011490&mod=fdd99e1f&uri=itm.php%3Fid%3D3981353-363%26name%3Dgreen+sapphire+stone+meaning HTTP/1.1" 200 22261 "-" "Mozilla/5.0 (Linux; Android 6.0.1; Nexus 5X Build/MMB29P) AppleWebKit/537.36 (KHTML, like Gecko) Chrome/137.0.7151.103 Mobile Safari/537.36 (compatible; Googlebot/2.1; +http://www.google.com/bot.html)"
66.249.64.132 - - [12/Jul/2025:13:36:56 +0000] "GET /?f=54207686061490&mod=e24a7e4c&uri=search.php%3Fid%3D1808961-310%26name%3Dgtx+1650s+vs+gtx+1060 HTTP/1.1" 200 21848 "-" "Mozilla/5.0 (Linux; Android 6.0.1; Nexus 5X Build/MMB29P) AppleWebKit/537.36 (KHTML, like Gecko) Chrome/137.0.7151.103 Mobile Safari/537.36 (compatible; Googlebot/2.1; +http://www.google.com/bot.html)"
66.249.64.132 - - [12/Jul/2025:13:36:56 +0000] "GET /?f=5677011011490&mod=ab33c4de&uri=itm.php%3Fid%3D189554-308%26name%3Dgrey+zip+hoodie+women HTTP/1.1" 200 22175 "-" "Mozilla/5.0 (Linux; Android 6.0.1; Nexus 5X Build/MMB29P) AppleWebKit/537.36 (KHTML, like Gecko) Chrome/137.0.7151.103 Mobile Safari/537.36 (compatible; Googlebot/2.1; +http://www.google.com/bot.html)"
66.249.64.132 - - [12/Jul/2025:13:37:07 +0000] "GET /?f=5595785051490&mod=5d4c7bf4&uri=category-info.php%3Fid%3D186808-331%26name%3Dnike+jr+vapor+13+academy+tf HTTP/1.1" 200 22207 "-" "Mozilla/5.0 (Linux; Android 6.0.1; Nexus 5X Build/MMB29P) AppleWebKit/537.36 (KHTML, like Gecko) Chrome/137.0.7151.103 Mobile Safari/537.36 (compatible; Googlebot/2.1; +http://www.google.com/bot.html)"
66.249.64.129 - - [12/Jul/2025:13:37:10 +0000] "POST /get-message-notify HTTP/1.1" 200 21388 "https://onlycnc.com.au/?f=54207686061490&mod=e24a7e4c&uri=search.php%3Fid%3D1808961-310%26name%3Dgtx+1650s+vs+gtx+1060" "Mozilla/5.0 (Linux; Android 6.0.1; Nexus 5X Build/MMB29P) AppleWebKit/537.36 (KHTML, like Gecko) Chrome/137.0.7151.119 Mobile Safari/537.36 (compatible; Googlebot/2.1; +http://www.google.com/bot.html)"
66.249.64.132 - - [12/Jul/2025:13:37:16 +0000] "GET /?f=5683140061490&mod=ab33c4de&uri=shop.php%3Fid%3D189759-308%26name%3Dcoach+1941+hoodie HTTP/1.1" 200 22229 "-" "Mozilla/5.0 (Linux; Android 6.0.1; Nexus 5X Build/MMB29P) AppleWebKit/537.36 (KHTML, like Gecko) Chrome/137.0.7151.103 Mobile Safari/537.36 (compatible; Googlebot/2.1; +http://www.google.com/bot.html)"
66.249.64.132 - - [12/Jul/2025:13:38:37 +0000] "GET /?f=31945938001490&mod=2d3b08d8&uri=brands.php%3Fid%3D1066241-1008%26name%3Dle+coq+sportif+78+us HTTP/1.1" 200 21289 "-" "Mozilla/5.0 (Linux; Android 6.0.1; Nexus 5X Build/MMB29P) AppleWebKit/537.36 (KHTML, like Gecko) Chrome/137.0.7151.103 Mobile Safari/537.36 (compatible; Googlebot/2.1; +http://www.google.com/bot.html)"
66.249.64.132 - - [12/Jul/2025:13:38:47 +0000] "GET /?f=31688602011490&mod=9b9abef7&uri=brands.php%3Fid%3D1057655-475%26name%3Dmarcan+la+hora+en+el+reloj+analogico+codycross HTTP/1.1" 200 21232 "-" "Mozilla/5.0 (Linux; Android 6.0.1; Nexus 5X Build/MMB29P) AppleWebKit/537.36 (KHTML, like Gecko) Chrome/137.0.7151.103 Mobile Safari/537.36 (compatible; Googlebot/2.1; +http://www.google.com/bot.html)"
66.249.64.132 - - [12/Jul/2025:13:38:52 +0000] "GET /?f=5550784031490&mod=a4d01b58&uri=goods.php%3Fid%3D185306-329%26name%3Dlululemon+pink+ombre+leggings HTTP/1.1" 200 22348 "-" "Mozilla/5.0 (Linux; Android 6.0.1; Nexus 5X Build/MMB29P) AppleWebKit/537.36 (KHTML, like Gecko) Chrome/137.0.7151.103 Mobile Safari/537.36 (compatible; Googlebot/2.1; +http://www.google.com/bot.html)"
66.249.64.128 - - [12/Jul/2025:13:39:01 +0000] "GET /?f=31848029001490&mod=5fb0c358&uri=search.php%3Fid%3D1062973-165%26name%3Djean+jacket+black+and+white HTTP/1.1" 200 19881 "-" "Mozilla/5.0 (Linux; Android 6.0.1; Nexus 5X Build/MMB29P) AppleWebKit/537.36 (KHTML, like Gecko) Chrome/137.0.7151.103 Mobile Safari/537.36 (compatible; Googlebot/2.1; +http://www.google.com/bot.html)"
66.249.64.128 - - [12/Jul/2025:13:39:07 +0000] "GET /?f=5719821051490&mod=06524331&uri=info.php%3Fid%3D191000-334%26name%3Dbigg+boss+14+november+2021 HTTP/1.1" 200 21999 "-" "Mozilla/5.0 (Linux; Android 6.0.1; Nexus 5X Build/MMB29P) AppleWebKit/537.36 (KHTML, like Gecko) Chrome/137.0.7151.103 Mobile Safari/537.36 (compatible; Googlebot/2.1; +http://www.google.com/bot.html)"
66.249.64.132 - - [12/Jul/2025:13:39:19 +0000] "GET /?f=5674911051490&mod=ab33c4de&uri=product.php%3Fid%3D189484-308%26name%3Dgrey+and+blue+malibu+hoodie HTTP/1.1" 200 22284 "-" "Mozilla/5.0 (Linux; Android 6.0.1; Nexus 5X Build/MMB29P) AppleWebKit/537.36 (KHTML, like Gecko) Chrome/137.0.7151.103 Mobile Safari/537.36 (compatible; Googlebot/2.1; +http://www.google.com/bot.html)"
66.249.64.132 - - [12/Jul/2025:13:39:39 +0000] "GET /?f=5616591011490&mod=b4aaa9db&uri=category-info.php%3Fid%3D187526-332%26name%3Dsambalpuri+puruna+gita HTTP/1.1" 200 21896 "-" "Mozilla/5.0 (Linux; Android 6.0.1; Nexus 5X Build/MMB29P) AppleWebKit/537.36 (KHTML, like Gecko) Chrome/137.0.7151.103 Mobile Safari/537.36 (compatible; Googlebot/2.1; +http://www.google.com/bot.html)"
66.249.64.132 - - [12/Jul/2025:13:40:04 +0000] "GET /?f=5691780071490&mod=2461d182&uri=shop.php%3Fid%3D190047-333%26name%3Dinitial+necklace+kay HTTP/1.1" 200 21219 "-" "Mozilla/5.0 (Linux; Android 6.0.1; Nexus 5X Build/MMB29P) AppleWebKit/537.36 (KHTML, like Gecko) Chrome/137.0.7151.103 Mobile Safari/537.36 (compatible; Googlebot/2.1; +http://www.google.com/bot.html)"
66.249.64.128 - - [12/Jul/2025:13:40:24 +0000] "GET /?f=70893805061490&mod=007ff380&uri=dp.php%3Fid%3D2365803-64%26name%3Dsamsung+vr+s9 HTTP/1.1" 200 21961 "-" "Mozilla/5.0 (Linux; Android 6.0.1; Nexus 5X Build/MMB29P) AppleWebKit/537.36 (KHTML, like Gecko) Chrome/137.0.7151.103 Mobile Safari/537.36 (compatible; Googlebot/2.1; +http://www.google.com/bot.html)"
66.249.64.132 - - [12/Jul/2025:13:40:44 +0000] "GET /?f=5678361041490&mod=ab33c4de&uri=form.php%3Fid%3D189599-308%26name%3Dvans+leopard+print+jumper HTTP/1.1" 200 22293 "-" "Mozilla/5.0 (Linux; Android 6.0.1; Nexus 5X Build/MMB29P) AppleWebKit/537.36 (KHTML, like Gecko) Chrome/137.0.7151.103 Mobile Safari/537.36 (compatible; Googlebot/2.1; +http://www.google.com/bot.html)"
66.249.64.132 - - [12/Jul/2025:13:40:47 +0000] "GET /?f=5615499091490&mod=b4aaa9db&uri=dp.php%3Fid%3D187488-332%26name%3Dsambalpuri+kalia+bhalu HTTP/1.1" 200 21772 "-" "Mozilla/5.0 (Linux; Android 6.0.1; Nexus 5X Build/MMB29P) AppleWebKit/537.36 (KHTML, like Gecko) Chrome/137.0.7151.103 Mobile Safari/537.36 (compatible; Googlebot/2.1; +http://www.google.com/bot.html)"
66.249.64.128 - - [12/Jul/2025:13:41:28 +0000] "GET /?f=5683350071490&mod=ab33c4de&uri=form.php%3Fid%3D189766-308%26name%3Djd+sports+tie+dye+hoodie HTTP/1.1" 200 21575 "-" "Mozilla/5.0 (Linux; Android 6.0.1; Nexus 5X Build/MMB29P) AppleWebKit/537.36 (KHTML, like Gecko) Chrome/137.0.7151.103 Mobile Safari/537.36 (compatible; Googlebot/2.1; +http://www.google.com/bot.html)"
66.249.64.132 - - [12/Jul/2025:13:41:45 +0000] "GET /?f=31972787051490&mod=2ac82abf&uri=category-info.php%3Fid%3D1067136-142%26name%3Dfishnet+slippers HTTP/1.1" 200 21832 "-" "Mozilla/5.0 (Linux; Android 6.0.1; Nexus 5X Build/MMB29P) AppleWebKit/537.36 (KHTML, like Gecko) Chrome/137.0.7151.103 Mobile Safari/537.36 (compatible; Googlebot/2.1; +http://www.google.com/bot.html)"
66.249.64.132 - - [12/Jul/2025:13:41:58 +0000] "GET /?f=54202798071490&mod=e24a7e4c&uri=itm.php%3Fid%3D1808798-310%26name%3Dasus+b550+e+gaming HTTP/1.1" 200 22035 "-" "Mozilla/5.0 (Linux; Android 6.0.1; Nexus 5X Build/MMB29P) AppleWebKit/537.36 (KHTML, like Gecko) Chrome/137.0.7151.103 Mobile Safari/537.36 (compatible; Googlebot/2.1; +http://www.google.com/bot.html)"
66.249.64.132 - - [12/Jul/2025:13:42:12 +0000] "GET /?f=5682390061490&mod=2461d182&uri=blog.php%3Fid%3D189734-333%26name%3Dsouthland+mall+jewelry+stores HTTP/1.1" 200 21717 "-" "Mozilla/5.0 (Linux; Android 6.0.1; Nexus 5X Build/MMB29P) AppleWebKit/537.36 (KHTML, like Gecko) Chrome/137.0.7151.103 Mobile Safari/537.36 (compatible; Googlebot/2.1; +http://www.google.com/bot.html)"
66.249.64.132 - - [12/Jul/2025:13:42:16 +0000] "GET /?f=5683710051490&mod=2461d182&uri=pin.php%3Fid%3D189778-333%26name%3Dargos+mens+9ct+gold+bracelet HTTP/1.1" 200 20720 "-" "Mozilla/5.0 (Linux; Android 6.0.1; Nexus 5X Build/MMB29P) AppleWebKit/537.36 (KHTML, like Gecko) Chrome/137.0.7151.103 Mobile Safari/537.36 (compatible; Googlebot/2.1; +http://www.google.com/bot.html)"
66.249.64.132 - - [12/Jul/2025:13:42:31 +0000] "GET /?f=31764434031490&mod=80ebd641&uri=news.php%3Fid%3D1060184-1003%26name%3Dkyrie+cavs HTTP/1.1" 200 21085 "-" "Mozilla/5.0 (Linux; Android 6.0.1; Nexus 5X Build/MMB29P) AppleWebKit/537.36 (KHTML, like Gecko) Chrome/137.0.7151.103 Mobile Safari/537.36 (compatible; Googlebot/2.1; +http://www.google.com/bot.html)"
66.249.64.132 - - [12/Jul/2025:13:42:38 +0000] "POST /get-message-notify HTTP/1.1" 200 21388 "https://onlycnc.com.au/?f=31764434031490&mod=80ebd641&uri=news.php%3Fid%3D1060184-1003%26name%3Dkyrie+cavs" "Mozilla/5.0 (Linux; Android 6.0.1; Nexus 5X Build/MMB29P) AppleWebKit/537.36 (KHTML, like Gecko) Chrome/137.0.7151.119 Mobile Safari/537.36 (compatible; Googlebot/2.1; +http://www.google.com/bot.html)"
51.222.253.10 - - [12/Jul/2025:13:42:57 +0000] "GET /?f=14005826011490&mod=c0f269b0&uri=search.php%3Fid%3D467598-608%26name%3Dnew+balance+890v7+reviews HTTP/1.1" 301 - "-" "Mozilla/5.0 (compatible; AhrefsBot/7.0; +http://ahrefs.com/robot/)"
66.249.64.132 - - [12/Jul/2025:13:43:14 +0000] "GET /?f=5750877001490&mod=8f561e4c&uri=category-info.php%3Fid%3D192049-335%26name%3Dnintendo+rice HTTP/1.1" 200 22359 "-" "Mozilla/5.0 (Linux; Android 6.0.1; Nexus 5X Build/MMB29P) AppleWebKit/537.36 (KHTML, like Gecko) Chrome/137.0.7151.103 Mobile Safari/537.36 (compatible; Googlebot/2.1; +http://www.google.com/bot.html)"
66.249.64.128 - - [12/Jul/2025:13:43:35 +0000] "GET /?f=54321655041490&mod=77bea4fd&uri=products.php%3Fid%3D1812765-115%26name%3Drobe+shein+bleu HTTP/1.1" 200 22142 "-" "Mozilla/5.0 (Linux; Android 6.0.1; Nexus 5X Build/MMB29P) AppleWebKit/537.36 (KHTML, like Gecko) Chrome/137.0.7151.103 Mobile Safari/537.36 (compatible; Googlebot/2.1; +http://www.google.com/bot.html)"
66.249.64.132 - - [12/Jul/2025:13:43:50 +0000] "GET /?f=5758437021490&mod=8f561e4c&uri=news.php%3Fid%3D192301-335%26name%3Dearc+compatible+soundbar HTTP/1.1" 200 21717 "-" "Mozilla/5.0 (Linux; Android 6.0.1; Nexus 5X Build/MMB29P) AppleWebKit/537.36 (KHTML, like Gecko) Chrome/137.0.7151.103 Mobile Safari/537.36 (compatible; Googlebot/2.1; +http://www.google.com/bot.html)"
66.249.64.132 - - [12/Jul/2025:13:43:51 +0000] "GET /?f=5616501041490&mod=b4aaa9db&uri=category-info.php%3Fid%3D187523-332%26name%3Dhani+bani+cartoon+full HTTP/1.1" 200 21725 "-" "Mozilla/5.0 (Linux; Android 6.0.1; Nexus 5X Build/MMB29P) AppleWebKit/537.36 (KHTML, like Gecko) Chrome/137.0.7151.103 Mobile Safari/537.36 (compatible; Googlebot/2.1; +http://www.google.com/bot.html)"
66.249.64.132 - - [12/Jul/2025:13:44:41 +0000] "POST /get-message-notify HTTP/1.1" 200 21399 "https://onlycnc.com.au/?f=54321655041490&mod=77bea4fd&uri=products.php%3Fid%3D1812765-115%26name%3Drobe+shein+bleu" "Mozilla/5.0 (Linux; Android 6.0.1; Nexus 5X Build/MMB29P) AppleWebKit/537.36 (KHTML, like Gecko) Chrome/137.0.7151.119 Mobile Safari/537.36 (compatible; Googlebot/2.1; +http://www.google.com/bot.html)"
66.249.64.129 - - [12/Jul/2025:13:45:09 +0000] "GET /?f=36372250051490&mod=ab33c4de&uri=form.php%3Fid%3D1213950-308%26name%3Dwomens+fleece+christmas+pyjamas HTTP/1.1" 200 22392 "-" "Mozilla/5.0 (Linux; Android 6.0.1; Nexus 5X Build/MMB29P) AppleWebKit/537.36 (KHTML, like Gecko) Chrome/137.0.7151.103 Mobile Safari/537.36 (compatible; Googlebot/2.1; +http://www.google.com/bot.html)"
66.249.64.132 - - [12/Jul/2025:13:45:20 +0000] "POST /get-message-notify HTTP/1.1" 200 21388 "https://onlycnc.com.au/?f=36372250051490&mod=ab33c4de&uri=form.php%3Fid%3D1213950-308%26name%3Dwomens+fleece+christmas+pyjamas" "Mozilla/5.0 (Linux; Android 6.0.1; Nexus 5X Build/MMB29P) AppleWebKit/537.36 (KHTML, like Gecko) Chrome/137.0.7151.119 Mobile Safari/537.36 (compatible; Googlebot/2.1; +http://www.google.com/bot.html)"
66.249.64.132 - - [12/Jul/2025:13:45:23 +0000] "GET /?f=31687484031490&mod=ba3d4749&uri=news.php%3Fid%3D1057617-476%26name%3Dkindo+zuum+reloj HTTP/1.1" 200 20665 "-" "Mozilla/5.0 (Linux; Android 6.0.1; Nexus 5X Build/MMB29P) AppleWebKit/537.36 (KHTML, like Gecko) Chrome/137.0.7151.103 Mobile Safari/537.36 (compatible; Googlebot/2.1; +http://www.google.com/bot.html)"
66.249.64.132 - - [12/Jul/2025:13:45:29 +0000] "GET /?f=103614439021490&mod=798b4516&uri=brands.php%3Fid%3D3457901-330%26name%3Dmitsubishi+15000+btu+mini+split+specs HTTP/1.1" 200 22491 "-" "Mozilla/5.0 (Linux; Android 6.0.1; Nexus 5X Build/MMB29P) AppleWebKit/537.36 (KHTML, like Gecko) Chrome/137.0.7151.103 Mobile Safari/537.36 (compatible; Googlebot/2.1; +http://www.google.com/bot.html)"
66.249.64.132 - - [12/Jul/2025:13:45:39 +0000] "GET /?f=105276072041490&mod=0e98aeeb&uri=brands.php%3Fid%3D3513421-57%26name%3Dsamsung+note+10+headset HTTP/1.1" 200 22374 "-" "Mozilla/5.0 (Linux; Android 6.0.1; Nexus 5X Build/MMB29P) AppleWebKit/537.36 (KHTML, like Gecko) Chrome/137.0.7151.103 Mobile Safari/537.36 (compatible; Googlebot/2.1; +http://www.google.com/bot.html)"
