66.249.64.128 - - [12/Jul/2025:18:05:29 +0000] "POST /get-message-notify HTTP/1.1" 200 21390 "https://onlycnc.com.au/?f=25160600011490&mod=ccb1d45f&uri=search.php%3Fid%3D839762-5%26name%3Drobe+mi+longue+fleurie+boheme" "Mozilla/5.0 (Linux; Android 6.0.1; Nexus 5X Build/MMB29P) AppleWebKit/537.36 (KHTML, like Gecko) Chrome/137.0.7151.119 Mobile Safari/537.36 (compatible; Googlebot/2.1; +http://www.google.com/bot.html)"
66.249.64.132 - - [12/Jul/2025:18:05:31 +0000] "GET /?f=102361516001490&mod=9cecbb6f&uri=shop.php%3Fid%3D3416093-344%26name%3Dchukka+boots+alden HTTP/1.1" 200 22216 "-" "Mozilla/5.0 (Linux; Android 6.0.1; Nexus 5X Build/MMB29P) AppleWebKit/537.36 (KHTML, like Gecko) Chrome/137.0.7151.103 Mobile Safari/537.36 (compatible; Googlebot/2.1; +http://www.google.com/bot.html)"
66.249.64.129 - - [12/Jul/2025:18:05:37 +0000] "POST /get-message-notify HTTP/1.1" 200 21385 "https://onlycnc.com.au/?f=25164368031490&mod=55b37c5c&uri=article.php%3Fid%3D839888-6%26name%3Dbracelet+montre+forerunner+30" "Mozilla/5.0 (Linux; Android 6.0.1; Nexus 5X Build/MMB29P) AppleWebKit/537.36 (KHTML, like Gecko) Chrome/137.0.7151.119 Mobile Safari/537.36 (compatible; Googlebot/2.1; +http://www.google.com/bot.html)"
66.249.64.132 - - [12/Jul/2025:18:05:40 +0000] "GET /?f=5943221071490&mod=9cecbb6f&uri=shared.php%3Fid%3D198466-344%26name%3Dtuf+shoes HTTP/1.1" 200 21031 "-" "Mozilla/5.0 (Linux; Android 6.0.1; Nexus 5X Build/MMB29P) AppleWebKit/537.36 (KHTML, like Gecko) Chrome/137.0.7151.103 Mobile Safari/537.36 (compatible; Googlebot/2.1; +http://www.google.com/bot.html)"
66.249.64.129 - - [12/Jul/2025:18:05:43 +0000] "GET /?f=25169901011490&mod=ccb1d45f&uri=blog.php%3Fid%3D840074-5%26name%3Divrose+robe+de+soir%C3%83%C2%A9e HTTP/1.1" 200 20780 "-" "Mozilla/5.0 (Linux; Android 6.0.1; Nexus 5X Build/MMB29P) AppleWebKit/537.36 (KHTML, like Gecko) Chrome/137.0.7151.103 Mobile Safari/537.36 (compatible; Googlebot/2.1; +http://www.google.com/bot.html)"
66.249.64.129 - - [12/Jul/2025:18:05:46 +0000] "GET /?f=25170777051490&mod=55b37c5c&uri=blog.php%3Fid%3D840104-6%26name%3Dmontre+paterson+s+steel HTTP/1.1" 200 21747 "-" "Mozilla/5.0 (Linux; Android 6.0.1; Nexus 5X Build/MMB29P) AppleWebKit/537.36 (KHTML, like Gecko) Chrome/137.0.7151.103 Mobile Safari/537.36 (compatible; Googlebot/2.1; +http://www.google.com/bot.html)"
66.249.64.128 - - [12/Jul/2025:18:05:53 +0000] "GET /?f=25167579001490&mod=55b37c5c&uri=goods.php%3Fid%3D839996-6%26name%3Dmontre+catawiki HTTP/1.1" 200 22185 "-" "Mozilla/5.0 (Linux; Android 6.0.1; Nexus 5X Build/MMB29P) AppleWebKit/537.36 (KHTML, like Gecko) Chrome/137.0.7151.103 Mobile Safari/537.36 (compatible; Googlebot/2.1; +http://www.google.com/bot.html)"
66.249.64.129 - - [12/Jul/2025:18:05:56 +0000] "POST /get-message-notify HTTP/1.1" 200 21399 "https://onlycnc.com.au/?f=25170777051490&mod=55b37c5c&uri=blog.php%3Fid%3D840104-6%26name%3Dmontre+paterson+s+steel" "Mozilla/5.0 (Linux; Android 6.0.1; Nexus 5X Build/MMB29P) AppleWebKit/537.36 (KHTML, like Gecko) Chrome/137.0.7151.119 Mobile Safari/537.36 (compatible; Googlebot/2.1; +http://www.google.com/bot.html)"
66.249.64.128 - - [12/Jul/2025:18:05:59 +0000] "GET /?f=32106645011490&mod=798b4516&uri=pin.php%3Fid%3D1071606-330%26name%3Dcumberland+fishing+float+tube HTTP/1.1" 200 21693 "-" "Mozilla/5.0 (Linux; Android 6.0.1; Nexus 5X Build/MMB29P) AppleWebKit/537.36 (KHTML, like Gecko) Chrome/137.0.7151.103 Mobile Safari/537.36 (compatible; Googlebot/2.1; +http://www.google.com/bot.html)"
66.249.64.132 - - [12/Jul/2025:18:06:05 +0000] "GET /?f=119212063011490&mod=f498db80&uri=brands.php%3Fid%3D3978476-878%26name%3Dbritish+airways+hand+luggage HTTP/1.1" 200 21946 "-" "Mozilla/5.0 (Linux; Android 6.0.1; Nexus 5X Build/MMB29P) AppleWebKit/537.36 (KHTML, like Gecko) Chrome/137.0.7151.103 Mobile Safari/537.36 (compatible; Googlebot/2.1; +http://www.google.com/bot.html)"
66.249.64.128 - - [12/Jul/2025:18:06:08 +0000] "GET /?f=25170057091490&mod=ccb1d45f&uri=category-info.php%3Fid%3D840080-5%26name%3Dzara+robe+rose HTTP/1.1" 200 21097 "-" "Mozilla/5.0 (Linux; Android 6.0.1; Nexus 5X Build/MMB29P) AppleWebKit/537.36 (KHTML, like Gecko) Chrome/137.0.7151.103 Mobile Safari/537.36 (compatible; Googlebot/2.1; +http://www.google.com/bot.html)"
66.249.64.129 - - [12/Jul/2025:18:06:15 +0000] "GET /?f=25162400011490&mod=55b37c5c&uri=article.php%3Fid%3D839822-6%26name%3Dcomparatif+montre+polar HTTP/1.1" 200 22157 "-" "Mozilla/5.0 (Linux; Android 6.0.1; Nexus 5X Build/MMB29P) AppleWebKit/537.36 (KHTML, like Gecko) Chrome/137.0.7151.103 Mobile Safari/537.36 (compatible; Googlebot/2.1; +http://www.google.com/bot.html)"
66.249.64.128 - - [12/Jul/2025:18:06:21 +0000] "GET /?f=25165979011490&mod=55b37c5c&uri=product.php%3Fid%3D839942-6%26name%3Dmecanique+horlogerie HTTP/1.1" 200 21682 "-" "Mozilla/5.0 (Linux; Android 6.0.1; Nexus 5X Build/MMB29P) AppleWebKit/537.36 (KHTML, like Gecko) Chrome/137.0.7151.103 Mobile Safari/537.36 (compatible; Googlebot/2.1; +http://www.google.com/bot.html)"
66.249.64.128 - - [12/Jul/2025:18:06:24 +0000] "GET /?f=25172033071490&mod=55b37c5c&uri=us.php%3Fid%3D840146-6%26name%3Dmontre+vtech+pyjamasque HTTP/1.1" 200 21624 "-" "Mozilla/5.0 (Linux; Android 6.0.1; Nexus 5X Build/MMB29P) AppleWebKit/537.36 (KHTML, like Gecko) Chrome/137.0.7151.103 Mobile Safari/537.36 (compatible; Googlebot/2.1; +http://www.google.com/bot.html)"
66.249.64.132 - - [12/Jul/2025:18:06:28 +0000] "POST /get-message-notify HTTP/1.1" 200 21389 "https://onlycnc.com.au/?f=25162400011490&mod=55b37c5c&uri=article.php%3Fid%3D839822-6%26name%3Dcomparatif+montre+polar" "Mozilla/5.0 (Linux; Android 6.0.1; Nexus 5X Build/MMB29P) AppleWebKit/537.36 (KHTML, like Gecko) Chrome/137.0.7151.119 Mobile Safari/537.36 (compatible; Googlebot/2.1; +http://www.google.com/bot.html)"
66.249.64.128 - - [12/Jul/2025:18:06:30 +0000] "GET /?f=24478603091490&mod=798b4516&uri=goods.php%3Fid%3D817020-330%26name%3Ddiy+boat+fender+holders HTTP/1.1" 200 22043 "-" "Mozilla/5.0 (Linux; Android 6.0.1; Nexus 5X Build/MMB29P) AppleWebKit/537.36 (KHTML, like Gecko) Chrome/137.0.7151.103 Mobile Safari/537.36 (compatible; Googlebot/2.1; +http://www.google.com/bot.html)"
66.249.64.132 - - [12/Jul/2025:18:06:34 +0000] "GET /?f=119449772101490&mod=af8e3c34&uri=category-info.php%3Fid%3D3986405-321%26name%3Dboston+terrier+bad+breath HTTP/1.1" 200 21734 "-" "Mozilla/5.0 (Linux; Android 6.0.1; Nexus 5X Build/MMB29P) AppleWebKit/537.36 (KHTML, like Gecko) Chrome/137.0.7151.103 Mobile Safari/537.36 (compatible; Googlebot/2.1; +http://www.google.com/bot.html)"
66.249.64.128 - - [12/Jul/2025:18:06:37 +0000] "GET /?f=25121386021490&mod=1be70c69&uri=shared.php%3Fid%3D838453-501%26name%3Dcoca+cola+polar+bear+toy HTTP/1.1" 200 22462 "-" "Mozilla/5.0 (Linux; Android 6.0.1; Nexus 5X Build/MMB29P) AppleWebKit/537.36 (KHTML, like Gecko) Chrome/137.0.7151.103 Mobile Safari/537.36 (compatible; Googlebot/2.1; +http://www.google.com/bot.html)"
66.249.64.129 - - [12/Jul/2025:18:06:43 +0000] "GET /?f=25172213011490&mod=e743a091&uri=us.php%3Fid%3D840152-182%26name%3Dcameron+four+season+crop+pants HTTP/1.1" 200 21004 "-" "Mozilla/5.0 (Linux; Android 6.0.1; Nexus 5X Build/MMB29P) AppleWebKit/537.36 (KHTML, like Gecko) Chrome/137.0.7151.103 Mobile Safari/537.36 (compatible; Googlebot/2.1; +http://www.google.com/bot.html)"
66.249.64.129 - - [12/Jul/2025:18:06:46 +0000] "GET /?f=25174913031490&mod=ccb1d45f&uri=blog.php%3Fid%3D840242-5%26name%3Drobes+de+mari%C3%83%C2%A9e+simple HTTP/1.1" 200 21212 "-" "Mozilla/5.0 (Linux; Android 6.0.1; Nexus 5X Build/MMB29P) AppleWebKit/537.36 (KHTML, like Gecko) Chrome/137.0.7151.103 Mobile Safari/537.36 (compatible; Googlebot/2.1; +http://www.google.com/bot.html)"
66.249.64.129 - - [12/Jul/2025:18:06:53 +0000] "GET /?f=23987312091490&mod=798b4516&uri=product.php%3Fid%3D800630-330%26name%3Dbest+hook+size+for+carp+fishing HTTP/1.1" 200 21738 "-" "Mozilla/5.0 (Linux; Android 6.0.1; Nexus 5X Build/MMB29P) AppleWebKit/537.36 (KHTML, like Gecko) Chrome/137.0.7151.103 Mobile Safari/537.36 (compatible; Googlebot/2.1; +http://www.google.com/bot.html)"
66.249.64.129 - - [12/Jul/2025:18:06:56 +0000] "GET /?f=25164548031490&mod=55b37c5c&uri=pin.php%3Fid%3D839894-6%26name%3Dsuunto+baro+soldes HTTP/1.1" 200 21610 "-" "Mozilla/5.0 (Linux; Android 6.0.1; Nexus 5X Build/MMB29P) AppleWebKit/537.36 (KHTML, like Gecko) Chrome/137.0.7151.103 Mobile Safari/537.36 (compatible; Googlebot/2.1; +http://www.google.com/bot.html)"
66.249.64.132 - - [12/Jul/2025:18:07:03 +0000] "GET /?f=25170957031490&mod=ccb1d45f&uri=product.php%3Fid%3D840110-5%26name%3Dzara+robe+noire+longue HTTP/1.1" 200 21273 "-" "Mozilla/5.0 (Linux; Android 6.0.1; Nexus 5X Build/MMB29P) AppleWebKit/537.36 (KHTML, like Gecko) Chrome/137.0.7151.103 Mobile Safari/537.36 (compatible; Googlebot/2.1; +http://www.google.com/bot.html)"
66.249.64.132 - - [12/Jul/2025:18:07:18 +0000] "GET /?f=25176519001490&mod=55b37c5c&uri=blog.php%3Fid%3D840296-6%26name%3Dmontre+altimetre+mecanique HTTP/1.1" 200 21778 "-" "Mozilla/5.0 (Linux; Android 6.0.1; Nexus 5X Build/MMB29P) AppleWebKit/537.36 (KHTML, like Gecko) Chrome/137.0.7151.103 Mobile Safari/537.36 (compatible; Googlebot/2.1; +http://www.google.com/bot.html)"
66.249.64.129 - - [12/Jul/2025:18:07:22 +0000] "GET /?f=5942591021490&mod=9cecbb6f&uri=article.php%3Fid%3D198445-344%26name%3Dycmc+legit HTTP/1.1" 200 21426 "-" "Mozilla/5.0 (Linux; Android 6.0.1; Nexus 5X Build/MMB29P) AppleWebKit/537.36 (KHTML, like Gecko) Chrome/137.0.7151.103 Mobile Safari/537.36 (compatible; Googlebot/2.1; +http://www.google.com/bot.html)"
66.249.64.128 - - [12/Jul/2025:18:07:29 +0000] "GET /?f=25167219031490&mod=55b37c5c&uri=category-info.php%3Fid%3D839984-6%26name%3Dbracelet+cuir+marron+montre HTTP/1.1" 200 21749 "-" "Mozilla/5.0 (Linux; Android 6.0.1; Nexus 5X Build/MMB29P) AppleWebKit/537.36 (KHTML, like Gecko) Chrome/137.0.7151.103 Mobile Safari/537.36 (compatible; Googlebot/2.1; +http://www.google.com/bot.html)"
66.249.64.128 - - [12/Jul/2025:18:07:46 +0000] "GET /?f=25069059031490&mod=798b4516&uri=itm.php%3Fid%3D836708-330%26name%3Dgreys+prodigy+apex+review HTTP/1.1" 200 21932 "-" "Mozilla/5.0 (Linux; Android 6.0.1; Nexus 5X Build/MMB29P) AppleWebKit/537.36 (KHTML, like Gecko) Chrome/137.0.7151.103 Mobile Safari/537.36 (compatible; Googlebot/2.1; +http://www.google.com/bot.html)"
66.249.64.129 - - [12/Jul/2025:18:07:52 +0000] "GET /?f=32113194041490&mod=798b4516&uri=us.php%3Fid%3D1071825-330%26name%3Dmr+crappie+bobbers HTTP/1.1" 200 21746 "-" "Mozilla/5.0 (Linux; Android 6.0.1; Nexus 5X Build/MMB29P) AppleWebKit/537.36 (KHTML, like Gecko) Chrome/137.0.7151.103 Mobile Safari/537.36 (compatible; Googlebot/2.1; +http://www.google.com/bot.html)"
66.249.64.128 - - [12/Jul/2025:18:07:54 +0000] "GET /?f=25165448011490&mod=55b37c5c&uri=article.php%3Fid%3D839924-6%26name%3Dbracelet+montre+garmin+s4 HTTP/1.1" 200 22117 "-" "Mozilla/5.0 (Linux; Android 6.0.1; Nexus 5X Build/MMB29P) AppleWebKit/537.36 (KHTML, like Gecko) Chrome/137.0.7151.103 Mobile Safari/537.36 (compatible; Googlebot/2.1; +http://www.google.com/bot.html)"
66.249.64.132 - - [12/Jul/2025:18:08:03 +0000] "GET /?f=5318264031490&mod=4021e2f1&uri=itm.php%3Fid%3D177550-318%26name%3Dzapatillas+adidas+rosa+fucsia HTTP/1.1" 200 21097 "-" "Mozilla/5.0 (Linux; Android 6.0.1; Nexus 5X Build/MMB29P) AppleWebKit/537.36 (KHTML, like Gecko) Chrome/137.0.7151.103 Mobile Safari/537.36 (compatible; Googlebot/2.1; +http://www.google.com/bot.html)"
66.249.64.132 - - [12/Jul/2025:18:08:12 +0000] "GET /?f=5320239041490&mod=4295cd21&uri=dp.php%3Fid%3D177616-317%26name%3D95s+nike+air HTTP/1.1" 200 20851 "-" "Mozilla/5.0 (Linux; Android 6.0.1; Nexus 5X Build/MMB29P) AppleWebKit/537.36 (KHTML, like Gecko) Chrome/137.0.7151.103 Mobile Safari/537.36 (compatible; Googlebot/2.1; +http://www.google.com/bot.html)"
66.249.64.128 - - [12/Jul/2025:18:08:16 +0000] "GET /?f=5321139041490&mod=4021e2f1&uri=category-info.php%3Fid%3D177646-318%26name%3Dzapatillas+adidas+running+pronador+hombre HTTP/1.1" 200 22181 "-" "Mozilla/5.0 (Linux; Android 6.0.1; Nexus 5X Build/MMB29P) AppleWebKit/537.36 (KHTML, like Gecko) Chrome/137.0.7151.103 Mobile Safari/537.36 (compatible; Googlebot/2.1; +http://www.google.com/bot.html)"
66.249.64.132 - - [12/Jul/2025:18:08:27 +0000] "GET /?f=5318624101490&mod=9ee01a4f&uri=product.php%3Fid%3D177562-319%26name%3Dadidas+classic+gun+cut HTTP/1.1" 200 20594 "-" "Mozilla/5.0 (Linux; Android 6.0.1; Nexus 5X Build/MMB29P) AppleWebKit/537.36 (KHTML, like Gecko) Chrome/137.0.7151.103 Mobile Safari/537.36 (compatible; Googlebot/2.1; +http://www.google.com/bot.html)"
66.249.64.129 - - [12/Jul/2025:18:08:30 +0000] "GET /?f=5318534041490&mod=4295cd21&uri=shared.php%3Fid%3D177559-317%26name%3Dhyperadapt+for+sale HTTP/1.1" 200 21724 "-" "Mozilla/5.0 (Linux; Android 6.0.1; Nexus 5X Build/MMB29P) AppleWebKit/537.36 (KHTML, like Gecko) Chrome/137.0.7151.103 Mobile Safari/537.36 (compatible; Googlebot/2.1; +http://www.google.com/bot.html)"
66.249.64.132 - - [12/Jul/2025:18:08:35 +0000] "GET /?f=5318804051490&mod=4021e2f1&uri=products.php%3Fid%3D177568-318%26name%3Dzapatillas+adidas+superstar+mujer+decathlon HTTP/1.1" 200 20821 "-" "Mozilla/5.0 (Linux; Android 6.0.1; Nexus 5X Build/MMB29P) AppleWebKit/537.36 (KHTML, like Gecko) Chrome/137.0.7151.103 Mobile Safari/537.36 (compatible; Googlebot/2.1; +http://www.google.com/bot.html)"
66.249.64.132 - - [12/Jul/2025:18:08:41 +0000] "GET /?f=5316824051490&mod=4021e2f1&uri=info.php%3Fid%3D177502-318%26name%3Dzapatillas+adidas+originals+eqt+support+93%2F17 HTTP/1.1" 200 20917 "-" "Mozilla/5.0 (Linux; Android 6.0.1; Nexus 5X Build/MMB29P) AppleWebKit/537.36 (KHTML, like Gecko) Chrome/137.0.7151.103 Mobile Safari/537.36 (compatible; Googlebot/2.1; +http://www.google.com/bot.html)"
66.249.64.128 - - [12/Jul/2025:18:08:44 +0000] "GET /?f=5980115121490&mod=15afbdff&uri=info.php%3Fid%3D199697-345%26name%3Dchamarra+piel+h%26m HTTP/1.1" 200 20306 "-" "Mozilla/5.0 (Linux; Android 6.0.1; Nexus 5X Build/MMB29P) AppleWebKit/537.36 (KHTML, like Gecko) Chrome/137.0.7151.103 Mobile Safari/537.36 (compatible; Googlebot/2.1; +http://www.google.com/bot.html)"
66.249.64.132 - - [12/Jul/2025:18:08:48 +0000] "GET /?f=5321409041490&mod=4295cd21&uri=goods.php%3Fid%3D177655-317%26name%3Dtop+10+air+force+ones HTTP/1.1" 200 21950 "-" "Mozilla/5.0 (Linux; Android 6.0.1; Nexus 5X Build/MMB29P) AppleWebKit/537.36 (KHTML, like Gecko) Chrome/137.0.7151.103 Mobile Safari/537.36 (compatible; Googlebot/2.1; +http://www.google.com/bot.html)"
66.249.64.128 - - [12/Jul/2025:18:08:54 +0000] "GET /?f=5315924001490&mod=4295cd21&uri=goods.php%3Fid%3D177472-317%26name%3Dreebok+new+orleans+saints+shoes HTTP/1.1" 200 22176 "-" "Mozilla/5.0 (Linux; Android 6.0.1; Nexus 5X Build/MMB29P) AppleWebKit/537.36 (KHTML, like Gecko) Chrome/137.0.7151.103 Mobile Safari/537.36 (compatible; Googlebot/2.1; +http://www.google.com/bot.html)"
66.249.64.128 - - [12/Jul/2025:18:09:01 +0000] "GET /?f=5316194061490&mod=4295cd21&uri=product.php%3Fid%3D177481-317%26name%3Dfuro+by+redchief HTTP/1.1" 200 22416 "-" "Mozilla/5.0 (Linux; Android 6.0.1; Nexus 5X Build/MMB29P) AppleWebKit/537.36 (KHTML, like Gecko) Chrome/137.0.7151.103 Mobile Safari/537.36 (compatible; Googlebot/2.1; +http://www.google.com/bot.html)"
209.74.77.214 - - [12/Jul/2025:18:09:06 +0000] "POST /wp-cron.php?doing_wp_cron=1752343746.9071230888366699218750 HTTP/1.1" 200 - "-" "WordPress/6.8.1; https://onlycnc.com.au"
51.222.253.11 - - [12/Jul/2025:18:09:06 +0000] "GET /?f=18029965011490&uri=info.php%3Fid%3D601877-492%26name%3Dhow%20much%20is%20nadal%27s%20watch%20worth HTTP/1.1" 200 21189 "-" "Mozilla/5.0 (compatible; AhrefsBot/7.0; +http://ahrefs.com/robot/)"
66.249.64.129 - - [12/Jul/2025:18:09:07 +0000] "GET /?f=5321589041490&mod=4021e2f1&uri=shared.php%3Fid%3D177661-318%26name%3Dzapatillas+adidas+para+bebe+a+crochet HTTP/1.1" 200 20987 "-" "Mozilla/5.0 (Linux; Android 6.0.1; Nexus 5X Build/MMB29P) AppleWebKit/537.36 (KHTML, like Gecko) Chrome/137.0.7151.103 Mobile Safari/537.36 (compatible; Googlebot/2.1; +http://www.google.com/bot.html)"
66.249.64.128 - - [12/Jul/2025:18:09:16 +0000] "POST /get-message-notify HTTP/1.1" 200 21389 "https://onlycnc.com.au/?f=5321589041490&mod=4021e2f1&uri=shared.php%3Fid%3D177661-318%26name%3Dzapatillas+adidas+para+bebe+a+crochet" "Mozilla/5.0 (Linux; Android 6.0.1; Nexus 5X Build/MMB29P) AppleWebKit/537.36 (KHTML, like Gecko) Chrome/137.0.7151.119 Mobile Safari/537.36 (compatible; Googlebot/2.1; +http://www.google.com/bot.html)"
66.249.64.129 - - [12/Jul/2025:18:09:20 +0000] "GET /?f=5297654041490&mod=4295cd21&uri=news.php%3Fid%3D176863-317%26name%3Dwhite+nikes+on+sale HTTP/1.1" 200 22173 "-" "Mozilla/5.0 (Linux; Android 6.0.1; Nexus 5X Build/MMB29P) AppleWebKit/537.36 (KHTML, like Gecko) Chrome/137.0.7151.103 Mobile Safari/537.36 (compatible; Googlebot/2.1; +http://www.google.com/bot.html)"
66.249.64.132 - - [12/Jul/2025:18:09:45 +0000] "GET /?f=5319069001490&mod=4295cd21&uri=pin.php%3Fid%3D177577-317%26name%3Ddanskin+women%27s+slip+on+shoes HTTP/1.1" 200 21845 "-" "Mozilla/5.0 (Linux; Android 6.0.1; Nexus 5X Build/MMB29P) AppleWebKit/537.36 (KHTML, like Gecko) Chrome/137.0.7151.103 Mobile Safari/537.36 (compatible; Googlebot/2.1; +http://www.google.com/bot.html)"
66.249.64.132 - - [12/Jul/2025:18:09:47 +0000] "GET /?f=5321679071490&mod=9ee01a4f&uri=dp.php%3Fid%3D177664-319%26name%3Dadidas+classic+bp+m+3s HTTP/1.1" 200 20322 "-" "Mozilla/5.0 (Linux; Android 6.0.1; Nexus 5X Build/MMB29P) AppleWebKit/537.36 (KHTML, like Gecko) Chrome/137.0.7151.103 Mobile Safari/537.36 (compatible; Googlebot/2.1; +http://www.google.com/bot.html)"
66.249.64.132 - - [12/Jul/2025:18:09:49 +0000] "GET /?f=116374456141490&mod=150c1a63&uri=blog.php%3Fid%3D3883826-296%26name%3Dlg+airplay+app HTTP/1.1" 200 20928 "-" "Mozilla/5.0 (Linux; Android 6.0.1; Nexus 5X Build/MMB29P) AppleWebKit/537.36 (KHTML, like Gecko) Chrome/137.0.7151.103 Mobile Safari/537.36 (compatible; Googlebot/2.1; +http://www.google.com/bot.html)"
66.249.64.132 - - [12/Jul/2025:18:09:59 +0000] "GET /?f=5317184071490&mod=4021e2f1&uri=product.php%3Fid%3D177514-318%26name%3Dzapatillas+adidas+superstar+glitter HTTP/1.1" 200 21669 "-" "Mozilla/5.0 (Linux; Android 6.0.1; Nexus 5X Build/MMB29P) AppleWebKit/537.36 (KHTML, like Gecko) Chrome/137.0.7151.103 Mobile Safari/537.36 (compatible; Googlebot/2.1; +http://www.google.com/bot.html)"
66.249.64.129 - - [12/Jul/2025:18:10:13 +0000] "GET /?f=5320329021490&mod=4021e2f1&uri=itm.php%3Fid%3D177619-318%26name%3Dzapatillas+adidas+running+el+corte+ingles HTTP/1.1" 200 20739 "-" "Mozilla/5.0 (Linux; Android 6.0.1; Nexus 5X Build/MMB29P) AppleWebKit/537.36 (KHTML, like Gecko) Chrome/137.0.7151.103 Mobile Safari/537.36 (compatible; Googlebot/2.1; +http://www.google.com/bot.html)"
66.249.64.128 - - [12/Jul/2025:18:10:17 +0000] "GET /?f=5318444041490&mod=4021e2f1&uri=pin.php%3Fid%3D177556-318%26name%3Dsweater+adidas+originals+mujer HTTP/1.1" 200 21409 "-" "Mozilla/5.0 (Linux; Android 6.0.1; Nexus 5X Build/MMB29P) AppleWebKit/537.36 (KHTML, like Gecko) Chrome/137.0.7151.103 Mobile Safari/537.36 (compatible; Googlebot/2.1; +http://www.google.com/bot.html)"
66.249.64.129 - - [12/Jul/2025:18:10:21 +0000] "GET /?f=5315564031490&mod=d111f133&uri=category-info.php%3Fid%3D177460-145%26name%3Dyellow+taping+sweatshirt HTTP/1.1" 200 21389 "-" "Mozilla/5.0 (Linux; Android 6.0.1; Nexus 5X Build/MMB29P) AppleWebKit/537.36 (KHTML, like Gecko) Chrome/137.0.7151.103 Mobile Safari/537.36 (compatible; Googlebot/2.1; +http://www.google.com/bot.html)"
66.249.64.129 - - [12/Jul/2025:18:10:23 +0000] "GET /?f=5319249041490&mod=4021e2f1&uri=itm.php%3Fid%3D177583-318%26name%3Dzapatillas+adidas+superstar+mujer+verdes HTTP/1.1" 200 21360 "-" "Mozilla/5.0 (Linux; Android 6.0.1; Nexus 5X Build/MMB29P) AppleWebKit/537.36 (KHTML, like Gecko) Chrome/137.0.7151.103 Mobile Safari/537.36 (compatible; Googlebot/2.1; +http://www.google.com/bot.html)"
66.249.64.128 - - [12/Jul/2025:18:10:27 +0000] "GET /?f=5319789061490&mod=9ee01a4f&uri=products.php%3Fid%3D177601-319%26name%3Dadidas+campus+crema HTTP/1.1" 200 21077 "-" "Mozilla/5.0 (Linux; Android 6.0.1; Nexus 5X Build/MMB29P) AppleWebKit/537.36 (KHTML, like Gecko) Chrome/137.0.7151.103 Mobile Safari/537.36 (compatible; Googlebot/2.1; +http://www.google.com/bot.html)"
66.249.64.132 - - [12/Jul/2025:18:10:30 +0000] "GET /?f=119854556121490&mod=fdd99e1f&uri=products.php%3Fid%3D3999909-363%26name%3Daustralia+jewellery+supplies HTTP/1.1" 200 20542 "-" "Mozilla/5.0 (Linux; Android 6.0.1; Nexus 5X Build/MMB29P) AppleWebKit/537.36 (KHTML, like Gecko) Chrome/137.0.7151.103 Mobile Safari/537.36 (compatible; Googlebot/2.1; +http://www.google.com/bot.html)"
66.249.64.129 - - [12/Jul/2025:18:10:50 +0000] "GET /?f=5282925051490&mod=f9f38a01&uri=form.php%3Fid%3D176372-294%26name%3Djessica+wright+engagement+ring HTTP/1.1" 200 21361 "-" "Mozilla/5.0 (Linux; Android 6.0.1; Nexus 5X Build/MMB29P) AppleWebKit/537.36 (KHTML, like Gecko) Chrome/137.0.7151.103 Mobile Safari/537.36 (compatible; Googlebot/2.1; +http://www.google.com/bot.html)"
66.249.64.129 - - [12/Jul/2025:18:10:53 +0000] "GET /?f=6061912141490&mod=842b5317&uri=product.php%3Fid%3D202429-349%26name%3Dnettoyer+plaqu%C3%83%C2%A9+or+noirci HTTP/1.1" 200 21393 "-" "Mozilla/5.0 (Linux; Android 6.0.1; Nexus 5X Build/MMB29P) AppleWebKit/537.36 (KHTML, like Gecko) Chrome/137.0.7151.103 Mobile Safari/537.36 (compatible; Googlebot/2.1; +http://www.google.com/bot.html)"
66.249.64.132 - - [12/Jul/2025:18:10:55 +0000] "GET /?f=5316554061490&mod=9ee01a4f&uri=form.php%3Fid%3D177493-319%26name%3Dadidas+campus+suela+marron HTTP/1.1" 200 20700 "-" "Mozilla/5.0 (Linux; Android 6.0.1; Nexus 5X Build/MMB29P) AppleWebKit/537.36 (KHTML, like Gecko) Chrome/137.0.7151.103 Mobile Safari/537.36 (compatible; Googlebot/2.1; +http://www.google.com/bot.html)"
66.249.64.128 - - [12/Jul/2025:18:10:57 +0000] "POST /get-message-notify HTTP/1.1" 200 21380 "https://onlycnc.com.au/?f=5282925051490&mod=f9f38a01&uri=form.php%3Fid%3D176372-294%26name%3Djessica+wright+engagement+ring" "Mozilla/5.0 (Linux; Android 6.0.1; Nexus 5X Build/MMB29P) AppleWebKit/537.36 (KHTML, like Gecko) Chrome/137.0.7151.119 Mobile Safari/537.36 (compatible; Googlebot/2.1; +http://www.google.com/bot.html)"
66.249.64.132 - - [12/Jul/2025:18:11:04 +0000] "GET /?f=5315294001490&mod=4295cd21&uri=itm.php%3Fid%3D177451-317%26name%3Dmini+melissa+baby+girl+shoes HTTP/1.1" 200 22333 "-" "Mozilla/5.0 (Linux; Android 6.0.1; Nexus 5X Build/MMB29P) AppleWebKit/537.36 (KHTML, like Gecko) Chrome/137.0.7151.103 Mobile Safari/537.36 (compatible; Googlebot/2.1; +http://www.google.com/bot.html)"
66.249.64.129 - - [12/Jul/2025:18:11:10 +0000] "GET /?f=5316734021490&mod=4295cd21&uri=dp.php%3Fid%3D177499-317%26name%3Dred+and+green+fila+shoes HTTP/1.1" 200 22377 "-" "Mozilla/5.0 (Linux; Android 6.0.1; Nexus 5X Build/MMB29P) AppleWebKit/537.36 (KHTML, like Gecko) Chrome/137.0.7151.103 Mobile Safari/537.36 (compatible; Googlebot/2.1; +http://www.google.com/bot.html)"
66.249.64.128 - - [12/Jul/2025:18:11:16 +0000] "GET /?f=5316914081490&mod=9ee01a4f&uri=news.php%3Fid%3D177505-319%26name%3Dadidas+campus+kinder HTTP/1.1" 200 20658 "-" "Mozilla/5.0 (Linux; Android 6.0.1; Nexus 5X Build/MMB29P) AppleWebKit/537.36 (KHTML, like Gecko) Chrome/137.0.7151.103 Mobile Safari/537.36 (compatible; Googlebot/2.1; +http://www.google.com/bot.html)"
66.249.64.128 - - [12/Jul/2025:18:11:19 +0000] "GET /?f=5321859031490&mod=4021e2f1&uri=article.php%3Fid%3D177670-318%26name%3Dzapatillas+adidas+superstar+forum HTTP/1.1" 200 20878 "-" "Mozilla/5.0 (Linux; Android 6.0.1; Nexus 5X Build/MMB29P) AppleWebKit/537.36 (KHTML, like Gecko) Chrome/137.0.7151.103 Mobile Safari/537.36 (compatible; Googlebot/2.1; +http://www.google.com/bot.html)"
66.249.64.132 - - [12/Jul/2025:18:11:22 +0000] "GET /?f=5316644041490&mod=4021e2f1&uri=blog.php%3Fid%3D177496-318%26name%3Dzapatillas+adidas+courtset+blancas+mujer HTTP/1.1" 200 21088 "-" "Mozilla/5.0 (Linux; Android 6.0.1; Nexus 5X Build/MMB29P) AppleWebKit/537.36 (KHTML, like Gecko) Chrome/137.0.7151.103 Mobile Safari/537.36 (compatible; Googlebot/2.1; +http://www.google.com/bot.html)"
66.249.64.132 - - [12/Jul/2025:18:11:25 +0000] "GET /?f=5319699011490&mod=9ee01a4f&uri=category-info.php%3Fid%3D177598-319%26name%3Dadidas+calabasas+pantalon HTTP/1.1" 200 20734 "-" "Mozilla/5.0 (Linux; Android 6.0.1; Nexus 5X Build/MMB29P) AppleWebKit/537.36 (KHTML, like Gecko) Chrome/137.0.7151.103 Mobile Safari/537.36 (compatible; Googlebot/2.1; +http://www.google.com/bot.html)"
66.249.64.132 - - [12/Jul/2025:18:11:28 +0000] "GET /?f=5321949061490&mod=d111f133&uri=pin.php%3Fid%3D177673-145%26name%3Dchampion+repeat+eco+hoodie+yellow HTTP/1.1" 200 20658 "-" "Mozilla/5.0 (Linux; Android 6.0.1; Nexus 5X Build/MMB29P) AppleWebKit/537.36 (KHTML, like Gecko) Chrome/137.0.7151.103 Mobile Safari/537.36 (compatible; Googlebot/2.1; +http://www.google.com/bot.html)"
66.249.64.129 - - [12/Jul/2025:18:11:31 +0000] "GET /?f=5316374001490&mod=4295cd21&uri=product.php%3Fid%3D177487-317%26name%3Dreebok+high+price+shoes HTTP/1.1" 200 22016 "-" "Mozilla/5.0 (Linux; Android 6.0.1; Nexus 5X Build/MMB29P) AppleWebKit/537.36 (KHTML, like Gecko) Chrome/137.0.7151.103 Mobile Safari/537.36 (compatible; Googlebot/2.1; +http://www.google.com/bot.html)"
66.249.64.128 - - [12/Jul/2025:18:11:40 +0000] "POST /get-message-notify HTTP/1.1" 200 21393 "https://onlycnc.com.au/?f=5321949061490&mod=d111f133&uri=pin.php%3Fid%3D177673-145%26name%3Dchampion+repeat+eco+hoodie+yellow" "Mozilla/5.0 (Linux; Android 6.0.1; Nexus 5X Build/MMB29P) AppleWebKit/537.36 (KHTML, like Gecko) Chrome/137.0.7151.119 Mobile Safari/537.36 (compatible; Googlebot/2.1; +http://www.google.com/bot.html)"
66.249.64.129 - - [12/Jul/2025:18:11:49 +0000] "GET /?f=5317004011490&mod=4295cd21&uri=pin.php%3Fid%3D177508-317%26name%3Dair+force+jester+sale HTTP/1.1" 200 22031 "-" "Mozilla/5.0 (Linux; Android 6.0.1; Nexus 5X Build/MMB29P) AppleWebKit/537.36 (KHTML, like Gecko) Chrome/137.0.7151.103 Mobile Safari/537.36 (compatible; Googlebot/2.1; +http://www.google.com/bot.html)"
66.249.64.132 - - [12/Jul/2025:18:11:52 +0000] "GET /?f=5316014001490&mod=9ee01a4f&uri=pin.php%3Fid%3D177475-319%26name%3Dadidas+campus+pride+hombre HTTP/1.1" 200 20951 "-" "Mozilla/5.0 (Linux; Android 6.0.1; Nexus 5X Build/MMB29P) AppleWebKit/537.36 (KHTML, like Gecko) Chrome/137.0.7151.103 Mobile Safari/537.36 (compatible; Googlebot/2.1; +http://www.google.com/bot.html)"
66.249.64.132 - - [12/Jul/2025:18:11:55 +0000] "GET /?f=5321229071490&mod=4021e2f1&uri=article.php%3Fid%3D177649-318%26name%3Dzapatillas+adidas+originals+mujer+mercado+libre HTTP/1.1" 200 22054 "-" "Mozilla/5.0 (Linux; Android 6.0.1; Nexus 5X Build/MMB29P) AppleWebKit/537.36 (KHTML, like Gecko) Chrome/137.0.7151.103 Mobile Safari/537.36 (compatible; Googlebot/2.1; +http://www.google.com/bot.html)"
66.249.64.128 - - [12/Jul/2025:18:11:59 +0000] "GET /?f=5315744091490&mod=4021e2f1&uri=pin.php%3Fid%3D177466-318%26name%3Dzapatillas+adidas+blancas+dama HTTP/1.1" 200 20869 "-" "Mozilla/5.0 (Linux; Android 6.0.1; Nexus 5X Build/MMB29P) AppleWebKit/537.36 (KHTML, like Gecko) Chrome/137.0.7151.103 Mobile Safari/537.36 (compatible; Googlebot/2.1; +http://www.google.com/bot.html)"
66.249.64.128 - - [12/Jul/2025:18:12:01 +0000] "GET /?f=5317094041490&mod=9ee01a4f&uri=brands.php%3Fid%3D177511-319%26name%3Dadidas+classic+original HTTP/1.1" 200 21075 "-" "Mozilla/5.0 (Linux; Android 6.0.1; Nexus 5X Build/MMB29P) AppleWebKit/537.36 (KHTML, like Gecko) Chrome/137.0.7151.103 Mobile Safari/537.36 (compatible; Googlebot/2.1; +http://www.google.com/bot.html)"
66.249.64.129 - - [12/Jul/2025:18:12:12 +0000] "POST /get-message-notify HTTP/1.1" 200 21402 "https://onlycnc.com.au/?f=5315744091490&mod=4021e2f1&uri=pin.php%3Fid%3D177466-318%26name%3Dzapatillas+adidas+blancas+dama" "Mozilla/5.0 (Linux; Android 6.0.1; Nexus 5X Build/MMB29P) AppleWebKit/537.36 (KHTML, like Gecko) Chrome/137.0.7151.119 Mobile Safari/537.36 (compatible; Googlebot/2.1; +http://www.google.com/bot.html)"
66.249.64.128 - - [12/Jul/2025:18:12:18 +0000] "GET /?f=5371252051490&mod=7da9e0bb&uri=product.php%3Fid%3D179318-297%26name%3Dtibetan+t HTTP/1.1" 200 22035 "-" "Mozilla/5.0 (Linux; Android 6.0.1; Nexus 5X Build/MMB29P) AppleWebKit/537.36 (KHTML, like Gecko) Chrome/137.0.7151.103 Mobile Safari/537.36 (compatible; Googlebot/2.1; +http://www.google.com/bot.html)"
66.249.64.129 - - [12/Jul/2025:18:12:37 +0000] "GET /?f=102308358011490&mod=2461d182&uri=product.php%3Fid%3D3414320-333%26name%3Dlargest+jewelry+brands HTTP/1.1" 200 22050 "-" "Mozilla/5.0 (Linux; Android 6.0.1; Nexus 5X Build/MMB29P) AppleWebKit/537.36 (KHTML, like Gecko) Chrome/137.0.7151.103 Mobile Safari/537.36 (compatible; Googlebot/2.1; +http://www.google.com/bot.html)"
66.249.64.132 - - [12/Jul/2025:18:12:41 +0000] "GET /?f=5400705011490&mod=8e7035e0&uri=news.php%3Fid%3D180300-270%26name%3Dcoloured+pens+stabilo HTTP/1.1" 200 21907 "-" "Mozilla/5.0 (Linux; Android 6.0.1; Nexus 5X Build/MMB29P) AppleWebKit/537.36 (KHTML, like Gecko) Chrome/137.0.7151.103 Mobile Safari/537.36 (compatible; Googlebot/2.1; +http://www.google.com/bot.html)"
66.249.64.132 - - [12/Jul/2025:18:12:44 +0000] "GET /?f=5317274101490&mod=4295cd21&uri=us.php%3Fid%3D177517-317%26name%3Dindoor+soccer+shoes+red HTTP/1.1" 200 21720 "-" "Mozilla/5.0 (Linux; Android 6.0.1; Nexus 5X Build/MMB29P) AppleWebKit/537.36 (KHTML, like Gecko) Chrome/137.0.7151.103 Mobile Safari/537.36 (compatible; Googlebot/2.1; +http://www.google.com/bot.html)"
66.249.64.132 - - [12/Jul/2025:18:12:46 +0000] "GET /?f=6014889121490&mod=798b4516&uri=news.php%3Fid%3D200859-330%26name%3D100+pack+of+senkos HTTP/1.1" 200 21227 "-" "Mozilla/5.0 (Linux; Android 6.0.1; Nexus 5X Build/MMB29P) AppleWebKit/537.36 (KHTML, like Gecko) Chrome/137.0.7151.103 Mobile Safari/537.36 (compatible; Googlebot/2.1; +http://www.google.com/bot.html)"
66.249.64.132 - - [12/Jul/2025:18:12:49 +0000] "GET /?f=5319519051490&mod=4021e2f1&uri=shared.php%3Fid%3D177592-318%26name%3Dzapatillas+adidas+neoprene HTTP/1.1" 200 20981 "-" "Mozilla/5.0 (Linux; Android 6.0.1; Nexus 5X Build/MMB29P) AppleWebKit/537.36 (KHTML, like Gecko) Chrome/137.0.7151.103 Mobile Safari/537.36 (compatible; Googlebot/2.1; +http://www.google.com/bot.html)"
66.249.64.132 - - [12/Jul/2025:18:12:57 +0000] "GET /?f=5319429021490&mod=4295cd21&uri=goods.php%3Fid%3D177589-317%26name%3Dair+force+black+2018 HTTP/1.1" 200 21588 "-" "Mozilla/5.0 (Linux; Android 6.0.1; Nexus 5X Build/MMB29P) AppleWebKit/537.36 (KHTML, like Gecko) Chrome/137.0.7151.103 Mobile Safari/537.36 (compatible; Googlebot/2.1; +http://www.google.com/bot.html)"
66.249.64.129 - - [12/Jul/2025:18:13:00 +0000] "POST /get-message-notify HTTP/1.1" 200 21398 "https://onlycnc.com.au/?f=5319519051490&mod=4021e2f1&uri=shared.php%3Fid%3D177592-318%26name%3Dzapatillas+adidas+neoprene" "Mozilla/5.0 (Linux; Android 6.0.1; Nexus 5X Build/MMB29P) AppleWebKit/537.36 (KHTML, like Gecko) Chrome/137.0.7151.119 Mobile Safari/537.36 (compatible; Googlebot/2.1; +http://www.google.com/bot.html)"
66.249.64.128 - - [12/Jul/2025:18:13:03 +0000] "GET /?f=119358683051490&mod=a6071a20&uri=search.php%3Fid%3D3983364-265%26name%3Dtenis+preto+da+vans+feminino HTTP/1.1" 200 22338 "-" "Mozilla/5.0 (Linux; Android 6.0.1; Nexus 5X Build/MMB29P) AppleWebKit/537.36 (KHTML, like Gecko) Chrome/137.0.7151.103 Mobile Safari/537.36 (compatible; Googlebot/2.1; +http://www.google.com/bot.html)"
66.249.64.128 - - [12/Jul/2025:18:13:05 +0000] "GET /?f=119442935021490&mod=af8e3c34&uri=form.php%3Fid%3D3986177-321%26name%3Dthe+dog+walk HTTP/1.1" 200 21797 "-" "Mozilla/5.0 (Linux; Android 6.0.1; Nexus 5X Build/MMB29P) AppleWebKit/537.36 (KHTML, like Gecko) Chrome/137.0.7151.103 Mobile Safari/537.36 (compatible; Googlebot/2.1; +http://www.google.com/bot.html)"
66.249.64.132 - - [12/Jul/2025:18:13:09 +0000] "GET /?f=119394947011490&mod=8f561e4c&uri=shared.php%3Fid%3D3984576-335%26name%3Dcrazy+taxi+nintendo+switch HTTP/1.1" 200 22706 "-" "Mozilla/5.0 (Linux; Android 6.0.1; Nexus 5X Build/MMB29P) AppleWebKit/537.36 (KHTML, like Gecko) Chrome/137.0.7151.103 Mobile Safari/537.36 (compatible; Googlebot/2.1; +http://www.google.com/bot.html)"
66.249.64.132 - - [12/Jul/2025:18:13:19 +0000] "GET /?f=119451752011490&mod=98037374&uri=article.php%3Fid%3D3986471-1218%26name%3Dwedding+outfits+for+teenage+girl HTTP/1.1" 200 21842 "-" "Mozilla/5.0 (Linux; Android 6.0.1; Nexus 5X Build/MMB29P) AppleWebKit/537.36 (KHTML, like Gecko) Chrome/137.0.7151.103 Mobile Safari/537.36 (compatible; Googlebot/2.1; +http://www.google.com/bot.html)"
66.249.64.132 - - [12/Jul/2025:18:13:22 +0000] "GET /?f=119444015041490&mod=af8e3c34&uri=article.php%3Fid%3D3986213-321%26name%3Dmy+dog%27s+breath+smells+horrible HTTP/1.1" 200 22329 "-" "Mozilla/5.0 (Linux; Android 6.0.1; Nexus 5X Build/MMB29P) AppleWebKit/537.36 (KHTML, like Gecko) Chrome/137.0.7151.103 Mobile Safari/537.36 (compatible; Googlebot/2.1; +http://www.google.com/bot.html)"
66.249.64.132 - - [12/Jul/2025:18:13:25 +0000] "GET /?f=5806748071490&mod=0e98aeeb&uri=category-info.php%3Fid%3D193912-57%26name%3Dtop+true+wireless+earphones HTTP/1.1" 200 21736 "-" "Mozilla/5.0 (Linux; Android 6.0.1; Nexus 5X Build/MMB29P) AppleWebKit/537.36 (KHTML, like Gecko) Chrome/137.0.7151.103 Mobile Safari/537.36 (compatible; Googlebot/2.1; +http://www.google.com/bot.html)"
66.249.64.132 - - [12/Jul/2025:18:13:30 +0000] "GET /?f=5798648071490&mod=0e98aeeb&uri=form.php%3Fid%3D193642-57%26name%3Dbluetooth+headset+under+3000 HTTP/1.1" 200 22205 "-" "Mozilla/5.0 (Linux; Android 6.0.1; Nexus 5X Build/MMB29P) AppleWebKit/537.36 (KHTML, like Gecko) Chrome/137.0.7151.103 Mobile Safari/537.36 (compatible; Googlebot/2.1; +http://www.google.com/bot.html)"
66.249.64.128 - - [12/Jul/2025:18:13:35 +0000] "GET /?f=5796308031490&mod=55250fc7&uri=itm.php%3Fid%3D193564-336%26name%3Dborse+di+fettuccia+uncinetto HTTP/1.1" 200 21070 "-" "Mozilla/5.0 (Linux; Android 6.0.1; Nexus 5X Build/MMB29P) AppleWebKit/537.36 (KHTML, like Gecko) Chrome/137.0.7151.103 Mobile Safari/537.36 (compatible; Googlebot/2.1; +http://www.google.com/bot.html)"
66.249.64.132 - - [12/Jul/2025:18:13:46 +0000] "GET /?f=80085105031490&mod=2461d182&uri=product.php%3Fid%3D2672540-333%26name%3Dbest+valentines+jewelry+for+her HTTP/1.1" 200 22677 "-" "Mozilla/5.0 (Linux; Android 6.0.1; Nexus 5X Build/MMB29P) AppleWebKit/537.36 (KHTML, like Gecko) Chrome/137.0.7151.103 Mobile Safari/537.36 (compatible; Googlebot/2.1; +http://www.google.com/bot.html)"
66.249.64.128 - - [12/Jul/2025:18:13:52 +0000] "GET /?f=5803688051490&mod=55250fc7&uri=shared.php%3Fid%3D193810-336%26name%3Dborsone+palestra+uomo+armani HTTP/1.1" 200 20623 "-" "Mozilla/5.0 (Linux; Android 6.0.1; Nexus 5X Build/MMB29P) AppleWebKit/537.36 (KHTML, like Gecko) Chrome/137.0.7151.103 Mobile Safari/537.36 (compatible; Googlebot/2.1; +http://www.google.com/bot.html)"
66.249.64.128 - - [12/Jul/2025:18:13:54 +0000] "GET /?f=80068695031490&mod=2461d182&uri=dp.php%3Fid%3D2671993-333%26name%3Dunicorn+earrings+studs HTTP/1.1" 200 21816 "-" "Mozilla/5.0 (Linux; Android 6.0.1; Nexus 5X Build/MMB29P) AppleWebKit/537.36 (KHTML, like Gecko) Chrome/137.0.7151.103 Mobile Safari/537.36 (compatible; Googlebot/2.1; +http://www.google.com/bot.html)"
66.249.64.129 - - [12/Jul/2025:18:14:16 +0000] "GET /?f=5800088031490&mod=0e98aeeb&uri=pin.php%3Fid%3D193690-57%26name%3Dproject+rock+airpods HTTP/1.1" 200 22450 "-" "Mozilla/5.0 (Linux; Android 6.0.1; Nexus 5X Build/MMB29P) AppleWebKit/537.36 (KHTML, like Gecko) Chrome/137.0.7151.103 Mobile Safari/537.36 (compatible; Googlebot/2.1; +http://www.google.com/bot.html)"
66.249.64.128 - - [12/Jul/2025:18:14:18 +0000] "GET /?f=5700957081490&mod=2461d182&uri=pin.php%3Fid%3D190353-333%26name%3Dpandora+heart+stacking+ring+set HTTP/1.1" 200 21610 "-" "Mozilla/5.0 (Linux; Android 6.0.1; Nexus 5X Build/MMB29P) AppleWebKit/537.36 (KHTML, like Gecko) Chrome/137.0.7151.103 Mobile Safari/537.36 (compatible; Googlebot/2.1; +http://www.google.com/bot.html)"
66.249.64.128 - - [12/Jul/2025:18:14:21 +0000] "GET /?f=5795948071490&mod=0e98aeeb&uri=search.php%3Fid%3D193552-57%26name%3Dexercise+bluetooth+earphones HTTP/1.1" 200 21219 "-" "Mozilla/5.0 (Linux; Android 6.0.1; Nexus 5X Build/MMB29P) AppleWebKit/537.36 (KHTML, like Gecko) Chrome/137.0.7151.103 Mobile Safari/537.36 (compatible; Googlebot/2.1; +http://www.google.com/bot.html)"
66.249.64.128 - - [12/Jul/2025:18:14:24 +0000] "GET /?f=80054835061490&mod=2461d182&uri=dp.php%3Fid%3D2671531-333%26name%3Dhandmade+tibetan+buddhist+copper+bead+lucky+rope+bracelet HTTP/1.1" 200 21013 "-" "Mozilla/5.0 (Linux; Android 6.0.1; Nexus 5X Build/MMB29P) AppleWebKit/537.36 (KHTML, like Gecko) Chrome/137.0.7151.103 Mobile Safari/537.36 (compatible; Googlebot/2.1; +http://www.google.com/bot.html)"
66.249.64.132 - - [12/Jul/2025:18:14:30 +0000] "GET /?f=5804408011490&mod=55250fc7&uri=brands.php%3Fid%3D193834-336%26name%3Dschemi+borse+uncinetto+fai+da+te HTTP/1.1" 200 20906 "-" "Mozilla/5.0 (Linux; Android 6.0.1; Nexus 5X Build/MMB29P) AppleWebKit/537.36 (KHTML, like Gecko) Chrome/137.0.7151.103 Mobile Safari/537.36 (compatible; Googlebot/2.1; +http://www.google.com/bot.html)"
66.249.64.132 - - [12/Jul/2025:18:14:33 +0000] "GET /?f=5797568011490&mod=bb2dac5c&uri=shop.php%3Fid%3D193606-337%26name%3Dropa+de+shein+para+mujer+2021 HTTP/1.1" 200 21217 "-" "Mozilla/5.0 (Linux; Android 6.0.1; Nexus 5X Build/MMB29P) AppleWebKit/537.36 (KHTML, like Gecko) Chrome/137.0.7151.103 Mobile Safari/537.36 (compatible; Googlebot/2.1; +http://www.google.com/bot.html)"
66.249.64.129 - - [12/Jul/2025:18:14:36 +0000] "POST /get-message-notify HTTP/1.1" 200 21381 "https://onlycnc.com.au/?f=80054835061490&mod=2461d182&uri=dp.php%3Fid%3D2671531-333%26name%3Dhandmade+tibetan+buddhist+copper+bead+lucky+rope+bracelet" "Mozilla/5.0 (Linux; Android 6.0.1; Nexus 5X Build/MMB29P) AppleWebKit/537.36 (KHTML, like Gecko) Chrome/137.0.7151.119 Mobile Safari/537.36 (compatible; Googlebot/2.1; +http://www.google.com/bot.html)"
66.249.64.129 - - [12/Jul/2025:18:14:39 +0000] "GET /?f=5702937051490&mod=2461d182&uri=product.php%3Fid%3D190419-333%26name%3Dluxxly+jewelry+discount+code HTTP/1.1" 200 21957 "-" "Mozilla/5.0 (Linux; Android 6.0.1; Nexus 5X Build/MMB29P) AppleWebKit/537.36 (KHTML, like Gecko) Chrome/137.0.7151.103 Mobile Safari/537.36 (compatible; Googlebot/2.1; +http://www.google.com/bot.html)"
66.249.64.129 - - [12/Jul/2025:18:14:42 +0000] "GET /?f=5702937021490&mod=2461d182&uri=dp.php%3Fid%3D190419-333%26name%3Dluxxly+jewelry+discount+code HTTP/1.1" 200 22289 "-" "Mozilla/5.0 (Linux; Android 6.0.1; Nexus 5X Build/MMB29P) AppleWebKit/537.36 (KHTML, like Gecko) Chrome/137.0.7151.103 Mobile Safari/537.36 (compatible; Googlebot/2.1; +http://www.google.com/bot.html)"
66.249.64.128 - - [12/Jul/2025:18:14:48 +0000] "POST /get-message-notify HTTP/1.1" 200 21378 "https://onlycnc.com.au/?f=5797568011490&mod=bb2dac5c&uri=shop.php%3Fid%3D193606-337%26name%3Dropa+de+shein+para+mujer+2021" "Mozilla/5.0 (Linux; Android 6.0.1; Nexus 5X Build/MMB29P) AppleWebKit/537.36 (KHTML, like Gecko) Chrome/137.0.7151.119 Mobile Safari/537.36 (compatible; Googlebot/2.1; +http://www.google.com/bot.html)"
66.249.64.129 - - [12/Jul/2025:18:14:50 +0000] "GET /?f=5803868071490&mod=bb2dac5c&uri=article.php%3Fid%3D193816-337%26name%3Dpijamas+tallas+grandes+h%26m HTTP/1.1" 200 20940 "-" "Mozilla/5.0 (Linux; Android 6.0.1; Nexus 5X Build/MMB29P) AppleWebKit/537.36 (KHTML, like Gecko) Chrome/137.0.7151.103 Mobile Safari/537.36 (compatible; Googlebot/2.1; +http://www.google.com/bot.html)"
66.249.64.128 - - [12/Jul/2025:18:14:56 +0000] "GET /?f=102301520011490&mod=2461d182&uri=category-info.php%3Fid%3D3414092-333%26name%3Dacca+jewelry+ltd HTTP/1.1" 200 22709 "-" "Mozilla/5.0 (Linux; Android 6.0.1; Nexus 5X Build/MMB29P) AppleWebKit/537.36 (KHTML, like Gecko) Chrome/137.0.7151.103 Mobile Safari/537.36 (compatible; Googlebot/2.1; +http://www.google.com/bot.html)"
66.249.64.132 - - [12/Jul/2025:18:15:08 +0000] "GET /?f=5728958001490&mod=06524331&uri=search.php%3Fid%3D191315-334%26name%3Ddragon+ball+z+kai+the+final+chapters HTTP/1.1" 200 21929 "-" "Mozilla/5.0 (Linux; Android 6.0.1; Nexus 5X Build/MMB29P) AppleWebKit/537.36 (KHTML, like Gecko) Chrome/137.0.7151.103 Mobile Safari/537.36 (compatible; Googlebot/2.1; +http://www.google.com/bot.html)"
66.249.64.129 - - [12/Jul/2025:18:15:12 +0000] "POST /get-message-notify HTTP/1.1" 200 21390 "https://onlycnc.com.au/?f=5728958001490&mod=06524331&uri=search.php%3Fid%3D191315-334%26name%3Ddragon+ball+z+kai+the+final+chapters" "Mozilla/5.0 (Linux; Android 6.0.1; Nexus 5X Build/MMB29P) AppleWebKit/537.36 (KHTML, like Gecko) Chrome/137.0.7151.119 Mobile Safari/537.36 (compatible; Googlebot/2.1; +http://www.google.com/bot.html)"
66.249.64.129 - - [12/Jul/2025:18:15:20 +0000] "GET /?f=5798468011490&mod=0e98aeeb&uri=product.php%3Fid%3D193636-57%26name%3Dbuy+jbl+earphones+online HTTP/1.1" 200 21701 "-" "Mozilla/5.0 (Linux; Android 6.0.1; Nexus 5X Build/MMB29P) AppleWebKit/537.36 (KHTML, like Gecko) Chrome/137.0.7151.103 Mobile Safari/537.36 (compatible; Googlebot/2.1; +http://www.google.com/bot.html)"
66.249.64.128 - - [12/Jul/2025:18:15:28 +0000] "GET /?f=5804048121490&mod=55250fc7&uri=category-info.php%3Fid%3D193822-336%26name%3Dborse+gabs+g3 HTTP/1.1" 200 20649 "-" "Mozilla/5.0 (Linux; Android 6.0.1; Nexus 5X Build/MMB29P) AppleWebKit/537.36 (KHTML, like Gecko) Chrome/137.0.7151.103 Mobile Safari/537.36 (compatible; Googlebot/2.1; +http://www.google.com/bot.html)"
66.249.64.129 - - [12/Jul/2025:18:15:36 +0000] "GET /?f=5980428031490&mod=15afbdff&uri=pin.php%3Fid%3D199708-345%26name%3Dchaqueta+nieve+nike HTTP/1.1" 200 20887 "-" "Mozilla/5.0 (Linux; Android 6.0.1; Nexus 5X Build/MMB29P) AppleWebKit/537.36 (KHTML, like Gecko) Chrome/137.0.7151.103 Mobile Safari/537.36 (compatible; Googlebot/2.1; +http://www.google.com/bot.html)"
66.249.64.128 - - [12/Jul/2025:18:15:39 +0000] "GET /?f=5797928031490&mod=55250fc7&uri=products.php%3Fid%3D193618-336%26name%3Dborse+gabs+al+70+outlet HTTP/1.1" 200 20889 "-" "Mozilla/5.0 (Linux; Android 6.0.1; Nexus 5X Build/MMB29P) AppleWebKit/537.36 (KHTML, like Gecko) Chrome/137.0.7151.103 Mobile Safari/537.36 (compatible; Googlebot/2.1; +http://www.google.com/bot.html)"
66.249.64.128 - - [12/Jul/2025:18:15:41 +0000] "GET /?f=64329975071490&mod=0e98aeeb&uri=products.php%3Fid%3D2146744-57%26name%3Dastro+a50+blue HTTP/1.1" 200 21482 "-" "Mozilla/5.0 (Linux; Android 6.0.1; Nexus 5X Build/MMB29P) AppleWebKit/537.36 (KHTML, like Gecko) Chrome/137.0.7151.103 Mobile Safari/537.36 (compatible; Googlebot/2.1; +http://www.google.com/bot.html)"
66.249.64.129 - - [12/Jul/2025:18:15:44 +0000] "GET /?f=80061945031490&mod=2461d182&uri=category-info.php%3Fid%3D2671768-333%26name%3Dmagpie+engagement+rings HTTP/1.1" 200 21639 "-" "Mozilla/5.0 (Linux; Android 6.0.1; Nexus 5X Build/MMB29P) AppleWebKit/537.36 (KHTML, like Gecko) Chrome/137.0.7151.103 Mobile Safari/537.36 (compatible; Googlebot/2.1; +http://www.google.com/bot.html)"
66.249.64.128 - - [12/Jul/2025:18:15:59 +0000] "GET /?f=79047836061490&mod=8f561e4c&uri=goods.php%3Fid%3D2637927-335%26name%3Dbarbie+wii+games HTTP/1.1" 200 20958 "-" "Mozilla/5.0 (Linux; Android 6.0.1; Nexus 5X Build/MMB29P) AppleWebKit/537.36 (KHTML, like Gecko) Chrome/137.0.7151.103 Mobile Safari/537.36 (compatible; Googlebot/2.1; +http://www.google.com/bot.html)"
66.249.64.132 - - [12/Jul/2025:18:16:05 +0000] "GET /?f=5850947021490&mod=36b4d177&uri=products.php%3Fid%3D195387-339%26name%3Dle+coq+sportif+zapatillas+ni%C3%83%C2%B1o+womens HTTP/1.1" 200 20871 "-" "Mozilla/5.0 (Linux; Android 6.0.1; Nexus 5X Build/MMB29P) AppleWebKit/537.36 (KHTML, like Gecko) Chrome/137.0.7151.103 Mobile Safari/537.36 (compatible; Googlebot/2.1; +http://www.google.com/bot.html)"
66.249.64.132 - - [12/Jul/2025:18:16:06 +0000] "GET /?f=6133595021490&mod=d3036eaa&uri=product.php%3Fid%3D204821-208%26name%3Dfujifilm+instax+film+pack HTTP/1.1" 200 20660 "-" "Mozilla/5.0 (Linux; Android 6.0.1; Nexus 5X Build/MMB29P) AppleWebKit/537.36 (KHTML, like Gecko) Chrome/137.0.7151.103 Mobile Safari/537.36 (compatible; Googlebot/2.1; +http://www.google.com/bot.html)"
66.249.64.129 - - [12/Jul/2025:18:16:30 +0000] "GET /?f=6129755041490&mod=d3036eaa&uri=category-info.php%3Fid%3D204693-208%26name%3Dsony+handycam+80x+digital+zoom HTTP/1.1" 200 21475 "-" "Mozilla/5.0 (Linux; Android 6.0.1; Nexus 5X Build/MMB29P) AppleWebKit/537.36 (KHTML, like Gecko) Chrome/137.0.7151.103 Mobile Safari/537.36 (compatible; Googlebot/2.1; +http://www.google.com/bot.html)"
66.249.64.128 - - [12/Jul/2025:18:16:38 +0000] "GET /?f=6127235041490&mod=d3036eaa&uri=brands.php%3Fid%3D204609-208%26name%3Dhandycam+sony+video+hi8 HTTP/1.1" 200 21408 "-" "Mozilla/5.0 (Linux; Android 6.0.1; Nexus 5X Build/MMB29P) AppleWebKit/537.36 (KHTML, like Gecko) Chrome/137.0.7151.103 Mobile Safari/537.36 (compatible; Googlebot/2.1; +http://www.google.com/bot.html)"
66.249.64.128 - - [12/Jul/2025:18:16:40 +0000] "GET /?f=5941511111490&mod=9cecbb6f&uri=us.php%3Fid%3D198409-344%26name%3Dok+google+adidas+shoes HTTP/1.1" 200 21672 "-" "Mozilla/5.0 (Linux; Android 6.0.1; Nexus 5X Build/MMB29P) AppleWebKit/537.36 (KHTML, like Gecko) Chrome/137.0.7151.103 Mobile Safari/537.36 (compatible; Googlebot/2.1; +http://www.google.com/bot.html)"
66.249.64.128 - - [12/Jul/2025:18:16:42 +0000] "GET /?f=5942051021490&mod=9cecbb6f&uri=itm.php%3Fid%3D198427-344%26name%3Dus+shoe+size HTTP/1.1" 200 22142 "-" "Mozilla/5.0 (Linux; Android 6.0.1; Nexus 5X Build/MMB29P) AppleWebKit/537.36 (KHTML, like Gecko) Chrome/137.0.7151.103 Mobile Safari/537.36 (compatible; Googlebot/2.1; +http://www.google.com/bot.html)"
66.249.64.129 - - [12/Jul/2025:18:16:44 +0000] "GET /?f=5942861051490&mod=22852db6&uri=brands.php%3Fid%3D198454-342%26name%3Dgraco+pack+n+play+nearby+napper+with+rocker HTTP/1.1" 200 21153 "-" "Mozilla/5.0 (Linux; Android 6.0.1; Nexus 5X Build/MMB29P) AppleWebKit/537.36 (KHTML, like Gecko) Chrome/137.0.7151.103 Mobile Safari/537.36 (compatible; Googlebot/2.1; +http://www.google.com/bot.html)"
66.249.64.128 - - [12/Jul/2025:18:16:47 +0000] "GET /?f=5941421031490&mod=9cecbb6f&uri=form.php%3Fid%3D198406-344%26name%3Dankle+ugg+boots+sale HTTP/1.1" 200 21880 "-" "Mozilla/5.0 (Linux; Android 6.0.1; Nexus 5X Build/MMB29P) AppleWebKit/537.36 (KHTML, like Gecko) Chrome/137.0.7151.103 Mobile Safari/537.36 (compatible; Googlebot/2.1; +http://www.google.com/bot.html)"
66.249.64.129 - - [12/Jul/2025:18:16:50 +0000] "GET /?f=5941781001490&mod=9cecbb6f&uri=shop.php%3Fid%3D198418-344%26name%3Dlook+up+yeezys HTTP/1.1" 200 22175 "-" "Mozilla/5.0 (Linux; Android 6.0.1; Nexus 5X Build/MMB29P) AppleWebKit/537.36 (KHTML, like Gecko) Chrome/137.0.7151.103 Mobile Safari/537.36 (compatible; Googlebot/2.1; +http://www.google.com/bot.html)"
66.249.64.128 - - [12/Jul/2025:18:16:56 +0000] "GET /?f=5942321031490&mod=9cecbb6f&uri=shared.php%3Fid%3D198436-344%26name%3Dadidas+shoe+archive HTTP/1.1" 200 21743 "-" "Mozilla/5.0 (Linux; Android 6.0.1; Nexus 5X Build/MMB29P) AppleWebKit/537.36 (KHTML, like Gecko) Chrome/137.0.7151.103 Mobile Safari/537.36 (compatible; Googlebot/2.1; +http://www.google.com/bot.html)"
66.249.64.129 - - [12/Jul/2025:18:17:01 +0000] "POST /get-message-notify HTTP/1.1" 200 21404 "https://onlycnc.com.au/?f=5942321031490&mod=9cecbb6f&uri=shared.php%3Fid%3D198436-344%26name%3Dadidas+shoe+archive" "Mozilla/5.0 (Linux; Android 6.0.1; Nexus 5X Build/MMB29P) AppleWebKit/537.36 (KHTML, like Gecko) Chrome/137.0.7151.119 Mobile Safari/537.36 (compatible; Googlebot/2.1; +http://www.google.com/bot.html)"
66.249.64.128 - - [12/Jul/2025:18:17:06 +0000] "GET /?f=5980518021490&mod=15afbdff&uri=search.php%3Fid%3D199711-345%26name%3Ddickies+anchos HTTP/1.1" 200 21094 "-" "Mozilla/5.0 (Linux; Android 6.0.1; Nexus 5X Build/MMB29P) AppleWebKit/537.36 (KHTML, like Gecko) Chrome/137.0.7151.103 Mobile Safari/537.36 (compatible; Googlebot/2.1; +http://www.google.com/bot.html)"
66.249.64.132 - - [12/Jul/2025:18:17:12 +0000] "GET /?f=6037494081490&mod=6fef9896&uri=brands.php%3Fid%3D201613-348%26name%3Drobe+balmain+h%26m+occasion HTTP/1.1" 200 21110 "-" "Mozilla/5.0 (Linux; Android 6.0.1; Nexus 5X Build/MMB29P) AppleWebKit/537.36 (KHTML, like Gecko) Chrome/137.0.7151.103 Mobile Safari/537.36 (compatible; Googlebot/2.1; +http://www.google.com/bot.html)"
66.249.64.132 - - [12/Jul/2025:18:17:14 +0000] "POST /get-message-notify HTTP/1.1" 200 21391 "https://onlycnc.com.au/?f=5941781001490&mod=9cecbb6f&uri=shop.php%3Fid%3D198418-344%26name%3Dlook+up+yeezys" "Mozilla/5.0 (Linux; Android 6.0.1; Nexus 5X Build/MMB29P) AppleWebKit/537.36 (KHTML, like Gecko) Chrome/137.0.7151.119 Mobile Safari/537.36 (compatible; Googlebot/2.1; +http://www.google.com/bot.html)"
66.249.64.132 - - [12/Jul/2025:18:17:19 +0000] "GET /?f=104445576071490&mod=9cecbb6f&uri=shop.php%3Fid%3D3485667-344%26name%3Dromanfox+shop+kalkaji HTTP/1.1" 200 21716 "-" "Mozilla/5.0 (Linux; Android 6.0.1; Nexus 5X Build/MMB29P) AppleWebKit/537.36 (KHTML, like Gecko) Chrome/137.0.7151.103 Mobile Safari/537.36 (compatible; Googlebot/2.1; +http://www.google.com/bot.html)"
66.249.64.132 - - [12/Jul/2025:18:17:25 +0000] "GET /?f=112192984011490&mod=9cecbb6f&uri=info.php%3Fid%3D3744276-344%26name%3Dkalis+lite+se HTTP/1.1" 200 21671 "-" "Mozilla/5.0 (Linux; Android 6.0.1; Nexus 5X Build/MMB29P) AppleWebKit/537.36 (KHTML, like Gecko) Chrome/137.0.7151.103 Mobile Safari/537.36 (compatible; Googlebot/2.1; +http://www.google.com/bot.html)"
66.249.64.132 - - [12/Jul/2025:18:17:33 +0000] "GET /?f=5980758041490&mod=15afbdff&uri=product.php%3Fid%3D199719-345%26name%3Dchaqueta+nieve+columbia+hombre HTTP/1.1" 200 21034 "-" "Mozilla/5.0 (Linux; Android 6.0.1; Nexus 5X Build/MMB29P) AppleWebKit/537.36 (KHTML, like Gecko) Chrome/137.0.7151.103 Mobile Safari/537.36 (compatible; Googlebot/2.1; +http://www.google.com/bot.html)"
