66.249.64.132 - - [12/Jul/2025:21:32:52 +0000] "GET /?f=54440655001490&mod=34dbf9c8&uri=category-info.php%3Fid%3D1816739-1083%26name%3Dhigh+top+nike+free HTTP/1.1" 200 21541 "-" "Mozilla/5.0 (Linux; Android 6.0.1; Nexus 5X Build/MMB29P) AppleWebKit/537.36 (KHTML, like Gecko) Chrome/137.0.7151.103 Mobile Safari/537.36 (compatible; Googlebot/2.1; +http://www.google.com/bot.html)"
66.249.64.128 - - [12/Jul/2025:21:32:54 +0000] "GET /?f=54360648051490&mod=cdbe7ddc&uri=blog.php%3Fid%3D1814068-387%26name%3Dfitbit+flex+stores HTTP/1.1" 200 21698 "-" "Mozilla/5.0 (Linux; Android 6.0.1; Nexus 5X Build/MMB29P) AppleWebKit/537.36 (KHTML, like Gecko) Chrome/137.0.7151.103 Mobile Safari/537.36 (compatible; Googlebot/2.1; +http://www.google.com/bot.html)"
66.249.64.132 - - [12/Jul/2025:21:32:57 +0000] "GET /?f=54447840061490&mod=22da99af&uri=products.php%3Fid%3D1816979-1307%26name%3Dcharol+mujer HTTP/1.1" 200 21229 "-" "Mozilla/5.0 (Linux; Android 6.0.1; Nexus 5X Build/MMB29P) AppleWebKit/537.36 (KHTML, like Gecko) Chrome/137.0.7151.103 Mobile Safari/537.36 (compatible; Googlebot/2.1; +http://www.google.com/bot.html)"
66.249.64.132 - - [12/Jul/2025:21:32:59 +0000] "GET /?f=54441555001490&mod=22da99af&uri=us.php%3Fid%3D1816769-1307%26name%3Dcoppel+en+l%C3%83%C2%ADnea+zapatos HTTP/1.1" 200 21848 "-" "Mozilla/5.0 (Linux; Android 6.0.1; Nexus 5X Build/MMB29P) AppleWebKit/537.36 (KHTML, like Gecko) Chrome/137.0.7151.103 Mobile Safari/537.36 (compatible; Googlebot/2.1; +http://www.google.com/bot.html)"
66.249.64.132 - - [12/Jul/2025:21:33:01 +0000] "POST /get-message-notify HTTP/1.1" 200 21382 "https://onlycnc.com.au/?f=119532738031490&mod=50622003&uri=products.php%3Fid%3D3989174-827%26name%3Dlavabo+negro" "Mozilla/5.0 (Linux; Android 6.0.1; Nexus 5X Build/MMB29P) AppleWebKit/537.36 (KHTML, like Gecko) Chrome/137.0.7151.119 Mobile Safari/537.36 (compatible; Googlebot/2.1; +http://www.google.com/bot.html)"
66.249.64.128 - - [12/Jul/2025:21:33:02 +0000] "GET /?f=54444420021490&mod=30f8f6b9&uri=goods.php%3Fid%3D1816865-26%26name%3Dmaquina+de+corte+de+pelo+carrefour HTTP/1.1" 200 22042 "-" "Mozilla/5.0 (Linux; Android 6.0.1; Nexus 5X Build/MMB29P) AppleWebKit/537.36 (KHTML, like Gecko) Chrome/137.0.7151.103 Mobile Safari/537.36 (compatible; Googlebot/2.1; +http://www.google.com/bot.html)"
66.249.64.132 - - [12/Jul/2025:21:33:03 +0000] "GET /?f=54443700031490&mod=22da99af&uri=blog.php%3Fid%3D1816841-1307%26name%3Dbaletas+beige HTTP/1.1" 200 21201 "-" "Mozilla/5.0 (Linux; Android 6.0.1; Nexus 5X Build/MMB29P) AppleWebKit/537.36 (KHTML, like Gecko) Chrome/137.0.7151.103 Mobile Safari/537.36 (compatible; Googlebot/2.1; +http://www.google.com/bot.html)"
66.249.64.128 - - [12/Jul/2025:21:33:05 +0000] "GET /?f=54445860001490&mod=22da99af&uri=dp.php%3Fid%3D1816913-1307%26name%3Dblusas+de+price+shoes+2019 HTTP/1.1" 200 20973 "-" "Mozilla/5.0 (Linux; Android 6.0.1; Nexus 5X Build/MMB29P) AppleWebKit/537.36 (KHTML, like Gecko) Chrome/137.0.7151.103 Mobile Safari/537.36 (compatible; Googlebot/2.1; +http://www.google.com/bot.html)"
66.249.64.132 - - [12/Jul/2025:21:33:06 +0000] "GET /?f=54447660001490&mod=22da99af&uri=us.php%3Fid%3D1816973-1307%26name%3Dsandalias+cortefiel+2020 HTTP/1.1" 200 21160 "-" "Mozilla/5.0 (Linux; Android 6.0.1; Nexus 5X Build/MMB29P) AppleWebKit/537.36 (KHTML, like Gecko) Chrome/137.0.7151.103 Mobile Safari/537.36 (compatible; Googlebot/2.1; +http://www.google.com/bot.html)"
66.249.64.132 - - [12/Jul/2025:21:33:08 +0000] "POST /get-message-notify HTTP/1.1" 200 21390 "https://onlycnc.com.au/?f=54360648051490&mod=cdbe7ddc&uri=blog.php%3Fid%3D1814068-387%26name%3Dfitbit+flex+stores" "Mozilla/5.0 (Linux; Android 6.0.1; Nexus 5X Build/MMB29P) AppleWebKit/537.36 (KHTML, like Gecko) Chrome/137.0.7151.119 Mobile Safari/537.36 (compatible; Googlebot/2.1; +http://www.google.com/bot.html)"
66.249.64.132 - - [12/Jul/2025:21:33:09 +0000] "GET /?f=54441195041490&mod=22da99af&uri=itm.php%3Fid%3D1816757-1307%26name%3Dsandalias+mango+planas HTTP/1.1" 200 21383 "-" "Mozilla/5.0 (Linux; Android 6.0.1; Nexus 5X Build/MMB29P) AppleWebKit/537.36 (KHTML, like Gecko) Chrome/137.0.7151.103 Mobile Safari/537.36 (compatible; Googlebot/2.1; +http://www.google.com/bot.html)"
66.249.64.132 - - [12/Jul/2025:21:33:11 +0000] "GET /?f=54447480041490&mod=22da99af&uri=shop.php%3Fid%3D1816967-1307%26name%3Dzapatos+wonders+el+corte+ingles HTTP/1.1" 200 21271 "-" "Mozilla/5.0 (Linux; Android 6.0.1; Nexus 5X Build/MMB29P) AppleWebKit/537.36 (KHTML, like Gecko) Chrome/137.0.7151.103 Mobile Safari/537.36 (compatible; Googlebot/2.1; +http://www.google.com/bot.html)"
66.249.64.132 - - [12/Jul/2025:21:33:12 +0000] "GET /?f=54357438031490&mod=cdbe7ddc&uri=us.php%3Fid%3D1813961-387%26name%3Dhome+gym+fridge HTTP/1.1" 200 22186 "-" "Mozilla/5.0 (Linux; Android 6.0.1; Nexus 5X Build/MMB29P) AppleWebKit/537.36 (KHTML, like Gecko) Chrome/137.0.7151.103 Mobile Safari/537.36 (compatible; Googlebot/2.1; +http://www.google.com/bot.html)"
66.249.64.132 - - [12/Jul/2025:21:33:15 +0000] "GET /?f=119495101041490&mod=789ba2ae&uri=info.php%3Fid%3D3987917-81%26name%3Ddivani+panoramici+mondo+convenienza HTTP/1.1" 200 22570 "-" "Mozilla/5.0 (Linux; Android 6.0.1; Nexus 5X Build/MMB29P) AppleWebKit/537.36 (KHTML, like Gecko) Chrome/137.0.7151.103 Mobile Safari/537.36 (compatible; Googlebot/2.1; +http://www.google.com/bot.html)"
66.249.64.132 - - [12/Jul/2025:21:33:16 +0000] "GET /?f=119498063051490&mod=789ba2ae&uri=products.php%3Fid%3D3988016-81%26name%3Ddivano+letto+con+doghe+mondo+convenienza HTTP/1.1" 200 22101 "-" "Mozilla/5.0 (Linux; Android 6.0.1; Nexus 5X Build/MMB29P) AppleWebKit/537.36 (KHTML, like Gecko) Chrome/137.0.7151.103 Mobile Safari/537.36 (compatible; Googlebot/2.1; +http://www.google.com/bot.html)"
66.249.64.132 - - [12/Jul/2025:21:33:18 +0000] "GET /?f=119496713031490&mod=789ba2ae&uri=pin.php%3Fid%3D3987971-81%26name%3Dmondo+convenienza+speciale+divani HTTP/1.1" 200 22148 "-" "Mozilla/5.0 (Linux; Android 6.0.1; Nexus 5X Build/MMB29P) AppleWebKit/537.36 (KHTML, like Gecko) Chrome/137.0.7151.103 Mobile Safari/537.36 (compatible; Googlebot/2.1; +http://www.google.com/bot.html)"
66.249.64.132 - - [12/Jul/2025:21:33:19 +0000] "GET /?f=119496443041490&mod=789ba2ae&uri=dp.php%3Fid%3D3987962-81%26name%3Dmaxi+divano+letto+mondo+convenienza HTTP/1.1" 200 22012 "-" "Mozilla/5.0 (Linux; Android 6.0.1; Nexus 5X Build/MMB29P) AppleWebKit/537.36 (KHTML, like Gecko) Chrome/137.0.7151.103 Mobile Safari/537.36 (compatible; Googlebot/2.1; +http://www.google.com/bot.html)"
66.249.64.132 - - [12/Jul/2025:21:33:20 +0000] "GET /?f=119495369051490&mod=4f9b784f&uri=blog.php%3Fid%3D3987926-410%26name%3Dtitanic+lego+cost HTTP/1.1" 200 22176 "-" "Mozilla/5.0 (Linux; Android 6.0.1; Nexus 5X Build/MMB29P) AppleWebKit/537.36 (KHTML, like Gecko) Chrome/137.0.7151.103 Mobile Safari/537.36 (compatible; Googlebot/2.1; +http://www.google.com/bot.html)"
66.249.64.132 - - [12/Jul/2025:21:33:22 +0000] "POST /get-message-notify HTTP/1.1" 200 21397 "https://onlycnc.com.au/?f=54441555001490&mod=22da99af&uri=us.php%3Fid%3D1816769-1307%26name%3Dcoppel+en+l%C3%83%C2%ADnea+zapatos" "Mozilla/5.0 (Linux; Android 6.0.1; Nexus 5X Build/MMB29P) AppleWebKit/537.36 (KHTML, like Gecko) Chrome/137.0.7151.119 Mobile Safari/537.36 (compatible; Googlebot/2.1; +http://www.google.com/bot.html)"
66.249.64.132 - - [12/Jul/2025:21:33:23 +0000] "GET /?f=16680527091490&mod=3eef284e&uri=shop.php%3Fid%3D556854-612%26name%3Dpantaloni+beige+larghi+uomo HTTP/1.1" 200 21054 "-" "Mozilla/5.0 (Linux; Android 6.0.1; Nexus 5X Build/MMB29P) AppleWebKit/537.36 (KHTML, like Gecko) Chrome/137.0.7151.103 Mobile Safari/537.36 (compatible; Googlebot/2.1; +http://www.google.com/bot.html)"
66.249.64.128 - - [12/Jul/2025:21:33:25 +0000] "GET /?f=32331978061490&mod=c2a9df8a&uri=news.php%3Fid%3D1079119-1015%26name%3Dgarmin+smartwatches+review HTTP/1.1" 200 21111 "-" "Mozilla/5.0 (Linux; Android 6.0.1; Nexus 5X Build/MMB29P) AppleWebKit/537.36 (KHTML, like Gecko) Chrome/137.0.7151.103 Mobile Safari/537.36 (compatible; Googlebot/2.1; +http://www.google.com/bot.html)"
66.249.64.128 - - [12/Jul/2025:21:33:26 +0000] "GET /?f=6149435141490&mod=fc09bc72&uri=blog.php%3Fid%3D205349-351%26name%3Dchaussures+randonn%C3%83%C2%A9e+aigle+femme HTTP/1.1" 200 20524 "-" "Mozilla/5.0 (Linux; Android 6.0.1; Nexus 5X Build/MMB29P) AppleWebKit/537.36 (KHTML, like Gecko) Chrome/137.0.7151.103 Mobile Safari/537.36 (compatible; Googlebot/2.1; +http://www.google.com/bot.html)"
66.249.64.128 - - [12/Jul/2025:21:33:27 +0000] "GET /?f=119495903011490&mod=789ba2ae&uri=category-info.php%3Fid%3D3987944-81%26name%3Dcatalogo+mondo+convenienza+2022+divani HTTP/1.1" 200 22147 "-" "Mozilla/5.0 (Linux; Android 6.0.1; Nexus 5X Build/MMB29P) AppleWebKit/537.36 (KHTML, like Gecko) Chrome/137.0.7151.103 Mobile Safari/537.36 (compatible; Googlebot/2.1; +http://www.google.com/bot.html)"
66.249.64.132 - - [12/Jul/2025:21:33:29 +0000] "POST /get-message-notify HTTP/1.1" 200 21388 "https://onlycnc.com.au/?f=119495101041490&mod=789ba2ae&uri=info.php%3Fid%3D3987917-81%26name%3Ddivani+panoramici+mondo+convenienza" "Mozilla/5.0 (Linux; Android 6.0.1; Nexus 5X Build/MMB29P) AppleWebKit/537.36 (KHTML, like Gecko) Chrome/137.0.7151.119 Mobile Safari/537.36 (compatible; Googlebot/2.1; +http://www.google.com/bot.html)"
66.249.64.128 - - [12/Jul/2025:21:33:30 +0000] "GET /?f=25317750051490&mod=b150a8c5&uri=us.php%3Fid%3D845010-158%26name%3Dchannel+earrings HTTP/1.1" 200 22152 "-" "Mozilla/5.0 (Linux; Android 6.0.1; Nexus 5X Build/MMB29P) AppleWebKit/537.36 (KHTML, like Gecko) Chrome/137.0.7151.103 Mobile Safari/537.36 (compatible; Googlebot/2.1; +http://www.google.com/bot.html)"
66.249.64.128 - - [12/Jul/2025:21:33:32 +0000] "GET /?f=5695767081490&mod=ab33c4de&uri=goods.php%3Fid%3D190180-308%26name%3Dmens+athletic+sweatshirts HTTP/1.1" 200 21788 "-" "Mozilla/5.0 (Linux; Android 6.0.1; Nexus 5X Build/MMB29P) AppleWebKit/537.36 (KHTML, like Gecko) Chrome/137.0.7151.103 Mobile Safari/537.36 (compatible; Googlebot/2.1; +http://www.google.com/bot.html)"
66.249.64.128 - - [12/Jul/2025:21:33:33 +0000] "GET /?f=6204606131490&mod=5478c9cd&uri=dp.php%3Fid%3D207221-219%26name%3Dhouse+fuel+tank HTTP/1.1" 200 21306 "-" "Mozilla/5.0 (Linux; Android 6.0.1; Nexus 5X Build/MMB29P) AppleWebKit/537.36 (KHTML, like Gecko) Chrome/137.0.7151.103 Mobile Safari/537.36 (compatible; Googlebot/2.1; +http://www.google.com/bot.html)"
66.249.64.132 - - [12/Jul/2025:21:33:34 +0000] "GET /?f=5902151111490&mod=02ddce85&uri=info.php%3Fid%3D197097-155%26name%3Dlg+soundbar+no+sound HTTP/1.1" 200 21692 "-" "Mozilla/5.0 (Linux; Android 6.0.1; Nexus 5X Build/MMB29P) AppleWebKit/537.36 (KHTML, like Gecko) Chrome/137.0.7151.103 Mobile Safari/537.36 (compatible; Googlebot/2.1; +http://www.google.com/bot.html)"
66.249.64.128 - - [12/Jul/2025:21:33:36 +0000] "GET /?f=6033542001490&mod=4308acc8&uri=search.php%3Fid%3D201481-347%26name%3Dadidas+sweat+gris HTTP/1.1" 200 21198 "-" "Mozilla/5.0 (Linux; Android 6.0.1; Nexus 5X Build/MMB29P) AppleWebKit/537.36 (KHTML, like Gecko) Chrome/137.0.7151.103 Mobile Safari/537.36 (compatible; Googlebot/2.1; +http://www.google.com/bot.html)"
66.249.64.132 - - [12/Jul/2025:21:33:37 +0000] "POST /get-message-notify HTTP/1.1" 200 21390 "https://onlycnc.com.au/?f=5695767081490&mod=ab33c4de&uri=goods.php%3Fid%3D190180-308%26name%3Dmens+athletic+sweatshirts" "Mozilla/5.0 (Linux; Android 6.0.1; Nexus 5X Build/MMB29P) AppleWebKit/537.36 (KHTML, like Gecko) Chrome/137.0.7151.119 Mobile Safari/537.36 (compatible; Googlebot/2.1; +http://www.google.com/bot.html)"
66.249.64.128 - - [12/Jul/2025:21:33:38 +0000] "GET /?f=6028984131490&mod=4308acc8&uri=shop.php%3Fid%3D201329-347%26name%3Dpull+fila+intersport HTTP/1.1" 200 20582 "-" "Mozilla/5.0 (Linux; Android 6.0.1; Nexus 5X Build/MMB29P) AppleWebKit/537.36 (KHTML, like Gecko) Chrome/137.0.7151.103 Mobile Safari/537.36 (compatible; Googlebot/2.1; +http://www.google.com/bot.html)"
66.249.64.128 - - [12/Jul/2025:21:33:41 +0000] "GET /?f=6049644001490&mod=4308acc8&uri=product.php%3Fid%3D202018-347%26name%3Dsweat+extra+large+femme HTTP/1.1" 200 21742 "-" "Mozilla/5.0 (Linux; Android 6.0.1; Nexus 5X Build/MMB29P) AppleWebKit/537.36 (KHTML, like Gecko) Chrome/137.0.7151.103 Mobile Safari/537.36 (compatible; Googlebot/2.1; +http://www.google.com/bot.html)"
66.249.64.132 - - [12/Jul/2025:21:33:44 +0000] "GET /?f=5385975021490&mod=8e7035e0&uri=form.php%3Fid%3D179809-270%26name%3Dchristian+dior+pen+refill HTTP/1.1" 200 21678 "-" "Mozilla/5.0 (Linux; Android 6.0.1; Nexus 5X Build/MMB29P) AppleWebKit/537.36 (KHTML, like Gecko) Chrome/137.0.7151.103 Mobile Safari/537.36 (compatible; Googlebot/2.1; +http://www.google.com/bot.html)"
66.249.64.128 - - [12/Jul/2025:21:33:47 +0000] "GET /?f=5695617031490&mod=2461d182&uri=news.php%3Fid%3D190175-333%26name%3Dqueens+center+mall+jewelry+stores HTTP/1.1" 200 22334 "-" "Mozilla/5.0 (Linux; Android 6.0.1; Nexus 5X Build/MMB29P) AppleWebKit/537.36 (KHTML, like Gecko) Chrome/137.0.7151.103 Mobile Safari/537.36 (compatible; Googlebot/2.1; +http://www.google.com/bot.html)"
57.141.2.2 - - [12/Jul/2025:21:33:47 +0000] "GET / HTTP/1.1" 301 - "-" "meta-externalagent/1.1 (+https://developers.facebook.com/docs/sharing/webmasters/crawler)"
66.249.64.129 - - [12/Jul/2025:21:33:49 +0000] "GET /?f=6149255021490&mod=fc09bc72&uri=form.php%3Fid%3D205343-351%26name%3Dtriple+s+blanc HTTP/1.1" 200 22008 "-" "Mozilla/5.0 (Linux; Android 6.0.1; Nexus 5X Build/MMB29P) AppleWebKit/537.36 (KHTML, like Gecko) Chrome/137.0.7151.103 Mobile Safari/537.36 (compatible; Googlebot/2.1; +http://www.google.com/bot.html)"
66.249.64.129 - - [12/Jul/2025:21:33:51 +0000] "GET /?f=54647118031490&mod=669c6043&uri=itm.php%3Fid%3D1823626-1310%26name%3Dalibaba+wedding+dresses HTTP/1.1" 200 20406 "-" "Mozilla/5.0 (Linux; Android 6.0.1; Nexus 5X Build/MMB29P) AppleWebKit/537.36 (KHTML, like Gecko) Chrome/137.0.7151.103 Mobile Safari/537.36 (compatible; Googlebot/2.1; +http://www.google.com/bot.html)"
66.249.64.132 - - [12/Jul/2025:21:33:52 +0000] "POST /get-message-notify HTTP/1.1" 200 21386 "https://onlycnc.com.au/?f=5902151111490&mod=02ddce85&uri=info.php%3Fid%3D197097-155%26name%3Dlg+soundbar+no+sound" "Mozilla/5.0 (Linux; Android 6.0.1; Nexus 5X Build/MMB29P) AppleWebKit/537.36 (KHTML, like Gecko) Chrome/137.0.7151.119 Mobile Safari/537.36 (compatible; Googlebot/2.1; +http://www.google.com/bot.html)"
66.249.64.128 - - [12/Jul/2025:21:33:54 +0000] "GET /?f=5694597041490&mod=2461d182&uri=category-info.php%3Fid%3D190141-333%26name%3Dtennis+bracelet+argos HTTP/1.1" 200 22074 "-" "Mozilla/5.0 (Linux; Android 6.0.1; Nexus 5X Build/MMB29P) AppleWebKit/537.36 (KHTML, like Gecko) Chrome/137.0.7151.103 Mobile Safari/537.36 (compatible; Googlebot/2.1; +http://www.google.com/bot.html)"
66.249.64.132 - - [12/Jul/2025:21:33:55 +0000] "GET /?f=5802428011490&mod=55250fc7&uri=blog.php%3Fid%3D193768-336%26name%3Dzaino+gattinoni+rosso HTTP/1.1" 200 20721 "-" "Mozilla/5.0 (Linux; Android 6.0.1; Nexus 5X Build/MMB29P) AppleWebKit/537.36 (KHTML, like Gecko) Chrome/137.0.7151.103 Mobile Safari/537.36 (compatible; Googlebot/2.1; +http://www.google.com/bot.html)"
66.249.64.129 - - [12/Jul/2025:21:33:56 +0000] "GET /?f=6145115001490&mod=fc09bc72&uri=shared.php%3Fid%3D205205-351%26name%3Ddad+shoes+blanche HTTP/1.1" 200 22018 "-" "Mozilla/5.0 (Linux; Android 6.0.1; Nexus 5X Build/MMB29P) AppleWebKit/537.36 (KHTML, like Gecko) Chrome/137.0.7151.103 Mobile Safari/537.36 (compatible; Googlebot/2.1; +http://www.google.com/bot.html)"
66.249.64.129 - - [12/Jul/2025:21:33:57 +0000] "GET /?f=5794148031490&mod=0e98aeeb&uri=brands.php%3Fid%3D193492-57%26name%3Dbudget+headphones+for+running HTTP/1.1" 200 22205 "-" "Mozilla/5.0 (Linux; Android 6.0.1; Nexus 5X Build/MMB29P) AppleWebKit/537.36 (KHTML, like Gecko) Chrome/137.0.7151.103 Mobile Safari/537.36 (compatible; Googlebot/2.1; +http://www.google.com/bot.html)"
66.249.64.129 - - [12/Jul/2025:21:34:00 +0000] "GET /?f=5796668051490&mod=55250fc7&uri=form.php%3Fid%3D193576-336%26name%3Dmanici+in+pelle+per+borse+fai+da+te HTTP/1.1" 200 20990 "-" "Mozilla/5.0 (Linux; Android 6.0.1; Nexus 5X Build/MMB29P) AppleWebKit/537.36 (KHTML, like Gecko) Chrome/137.0.7151.103 Mobile Safari/537.36 (compatible; Googlebot/2.1; +http://www.google.com/bot.html)"
66.249.64.132 - - [12/Jul/2025:21:34:02 +0000] "GET /?f=5795228071490&mod=55250fc7&uri=product.php%3Fid%3D193528-336%26name%3Dborse+a+maglia+ai+ferri+tutorial HTTP/1.1" 200 21445 "-" "Mozilla/5.0 (Linux; Android 6.0.1; Nexus 5X Build/MMB29P) AppleWebKit/537.36 (KHTML, like Gecko) Chrome/137.0.7151.103 Mobile Safari/537.36 (compatible; Googlebot/2.1; +http://www.google.com/bot.html)"
66.249.64.129 - - [12/Jul/2025:21:34:03 +0000] "GET /?f=5695917111490&mod=2461d182&uri=category-info.php%3Fid%3D190185-333%26name%3Dopal+shark+tooth+necklace HTTP/1.1" 200 21934 "-" "Mozilla/5.0 (Linux; Android 6.0.1; Nexus 5X Build/MMB29P) AppleWebKit/537.36 (KHTML, like Gecko) Chrome/137.0.7151.103 Mobile Safari/537.36 (compatible; Googlebot/2.1; +http://www.google.com/bot.html)"
66.249.64.132 - - [12/Jul/2025:21:34:04 +0000] "GET /?f=5918891021490&mod=22852db6&uri=shared.php%3Fid%3D197655-342%26name%3Dmothercare+motion+rocker HTTP/1.1" 200 21245 "-" "Mozilla/5.0 (Linux; Android 6.0.1; Nexus 5X Build/MMB29P) AppleWebKit/537.36 (KHTML, like Gecko) Chrome/137.0.7151.103 Mobile Safari/537.36 (compatible; Googlebot/2.1; +http://www.google.com/bot.html)"
66.249.64.128 - - [12/Jul/2025:21:34:06 +0000] "GET /?f=6151595011490&mod=b6843d60&uri=shop.php%3Fid%3D205421-352%26name%3Dtee+shirt+adidas+stripes+rouge HTTP/1.1" 200 21189 "-" "Mozilla/5.0 (Linux; Android 6.0.1; Nexus 5X Build/MMB29P) AppleWebKit/537.36 (KHTML, like Gecko) Chrome/137.0.7151.103 Mobile Safari/537.36 (compatible; Googlebot/2.1; +http://www.google.com/bot.html)"
66.249.64.128 - - [12/Jul/2025:21:34:07 +0000] "GET /?f=6146195041490&mod=d3036eaa&uri=dp.php%3Fid%3D205241-208%26name%3Dhdv+camcorder+mini+dv HTTP/1.1" 200 20458 "-" "Mozilla/5.0 (Linux; Android 6.0.1; Nexus 5X Build/MMB29P) AppleWebKit/537.36 (KHTML, like Gecko) Chrome/137.0.7151.103 Mobile Safari/537.36 (compatible; Googlebot/2.1; +http://www.google.com/bot.html)"
66.249.64.128 - - [12/Jul/2025:21:34:08 +0000] "POST /get-message-notify HTTP/1.1" 200 21398 "https://onlycnc.com.au/?f=5694597041490&mod=2461d182&uri=category-info.php%3Fid%3D190141-333%26name%3Dtennis+bracelet+argos" "Mozilla/5.0 (Linux; Android 6.0.1; Nexus 5X Build/MMB29P) AppleWebKit/537.36 (KHTML, like Gecko) Chrome/137.0.7151.119 Mobile Safari/537.36 (compatible; Googlebot/2.1; +http://www.google.com/bot.html)"
66.249.64.132 - - [12/Jul/2025:21:34:10 +0000] "GET /?f=39998474011490&mod=0e98aeeb&uri=brands.php%3Fid%3D1334942-57%26name%3Dbest+bluetooth+headset+for+pc+calls HTTP/1.1" 200 22307 "-" "Mozilla/5.0 (Linux; Android 6.0.1; Nexus 5X Build/MMB29P) AppleWebKit/537.36 (KHTML, like Gecko) Chrome/137.0.7151.103 Mobile Safari/537.36 (compatible; Googlebot/2.1; +http://www.google.com/bot.html)"
66.249.64.132 - - [12/Jul/2025:21:34:11 +0000] "GET /?f=5917451041490&mod=a8833cd4&uri=blog.php%3Fid%3D197607-343%26name%3Dtask+chair+target HTTP/1.1" 200 20977 "-" "Mozilla/5.0 (Linux; Android 6.0.1; Nexus 5X Build/MMB29P) AppleWebKit/537.36 (KHTML, like Gecko) Chrome/137.0.7151.103 Mobile Safari/537.36 (compatible; Googlebot/2.1; +http://www.google.com/bot.html)"
66.249.64.132 - - [12/Jul/2025:21:34:12 +0000] "GET /?f=6155195061490&mod=fc09bc72&uri=category-info.php%3Fid%3D205541-351%26name%3Dash+addict+solde HTTP/1.1" 200 20586 "-" "Mozilla/5.0 (Linux; Android 6.0.1; Nexus 5X Build/MMB29P) AppleWebKit/537.36 (KHTML, like Gecko) Chrome/137.0.7151.103 Mobile Safari/537.36 (compatible; Googlebot/2.1; +http://www.google.com/bot.html)"
66.249.64.132 - - [12/Jul/2025:21:34:14 +0000] "GET /?f=5922251061490&mod=a8833cd4&uri=pin.php%3Fid%3D197767-343%26name%3Dthreshold+bookcase HTTP/1.1" 200 21416 "-" "Mozilla/5.0 (Linux; Android 6.0.1; Nexus 5X Build/MMB29P) AppleWebKit/537.36 (KHTML, like Gecko) Chrome/137.0.7151.103 Mobile Safari/537.36 (compatible; Googlebot/2.1; +http://www.google.com/bot.html)"
66.249.64.132 - - [12/Jul/2025:21:34:15 +0000] "POST /get-message-notify HTTP/1.1" 200 21389 "https://onlycnc.com.au/?f=54647118031490&mod=669c6043&uri=itm.php%3Fid%3D1823626-1310%26name%3Dalibaba+wedding+dresses" "Mozilla/5.0 (Linux; Android 6.0.1; Nexus 5X Build/MMB29P) AppleWebKit/537.36 (KHTML, like Gecko) Chrome/137.0.7151.119 Mobile Safari/537.36 (compatible; Googlebot/2.1; +http://www.google.com/bot.html)"
66.249.64.132 - - [12/Jul/2025:21:34:16 +0000] "GET /?f=5916011111490&mod=a8833cd4&uri=us.php%3Fid%3D197559-343%26name%3Dtarget+mattresses HTTP/1.1" 200 20913 "-" "Mozilla/5.0 (Linux; Android 6.0.1; Nexus 5X Build/MMB29P) AppleWebKit/537.36 (KHTML, like Gecko) Chrome/137.0.7151.103 Mobile Safari/537.36 (compatible; Googlebot/2.1; +http://www.google.com/bot.html)"
66.249.64.132 - - [12/Jul/2025:21:34:18 +0000] "GET /?f=5922491061490&mod=22852db6&uri=blog.php%3Fid%3D197775-342%26name%3Dapptivity+seat HTTP/1.1" 200 21874 "-" "Mozilla/5.0 (Linux; Android 6.0.1; Nexus 5X Build/MMB29P) AppleWebKit/537.36 (KHTML, like Gecko) Chrome/137.0.7151.103 Mobile Safari/537.36 (compatible; Googlebot/2.1; +http://www.google.com/bot.html)"
66.249.64.132 - - [12/Jul/2025:21:34:19 +0000] "GET /?f=70687139021490&mod=4308acc8&uri=shop.php%3Fid%3D2358895-347%26name%3Dpull+homme+rose HTTP/1.1" 200 21214 "-" "Mozilla/5.0 (Linux; Android 6.0.1; Nexus 5X Build/MMB29P) AppleWebKit/537.36 (KHTML, like Gecko) Chrome/137.0.7151.103 Mobile Safari/537.36 (compatible; Googlebot/2.1; +http://www.google.com/bot.html)"
66.249.64.132 - - [12/Jul/2025:21:34:20 +0000] "GET /?f=25266671001490&mod=b831f154&uri=brands.php%3Fid%3D843303-453%26name%3Dcasaquinho+blazer+feminino HTTP/1.1" 200 21050 "-" "Mozilla/5.0 (Linux; Android 6.0.1; Nexus 5X Build/MMB29P) AppleWebKit/537.36 (KHTML, like Gecko) Chrome/137.0.7151.103 Mobile Safari/537.36 (compatible; Googlebot/2.1; +http://www.google.com/bot.html)"
66.249.64.128 - - [12/Jul/2025:21:34:22 +0000] "POST /get-message-notify HTTP/1.1" 200 21401 "https://onlycnc.com.au/?f=5917451041490&mod=a8833cd4&uri=blog.php%3Fid%3D197607-343%26name%3Dtask+chair+target" "Mozilla/5.0 (Linux; Android 6.0.1; Nexus 5X Build/MMB29P) AppleWebKit/537.36 (KHTML, like Gecko) Chrome/137.0.7151.119 Mobile Safari/537.36 (compatible; Googlebot/2.1; +http://www.google.com/bot.html)"
66.249.64.132 - - [12/Jul/2025:21:34:23 +0000] "GET /?f=5915531061490&mod=22852db6&uri=goods.php%3Fid%3D197543-342%26name%3Dsafari+baby+rocker HTTP/1.1" 200 20952 "-" "Mozilla/5.0 (Linux; Android 6.0.1; Nexus 5X Build/MMB29P) AppleWebKit/537.36 (KHTML, like Gecko) Chrome/137.0.7151.103 Mobile Safari/537.36 (compatible; Googlebot/2.1; +http://www.google.com/bot.html)"
66.249.64.132 - - [12/Jul/2025:21:34:24 +0000] "GET /?f=5920811061490&mod=22852db6&uri=shared.php%3Fid%3D197719-342%26name%3Dkijiji+baby+bjorn+bouncer HTTP/1.1" 200 20376 "-" "Mozilla/5.0 (Linux; Android 6.0.1; Nexus 5X Build/MMB29P) AppleWebKit/537.36 (KHTML, like Gecko) Chrome/137.0.7151.103 Mobile Safari/537.36 (compatible; Googlebot/2.1; +http://www.google.com/bot.html)"
66.249.64.132 - - [12/Jul/2025:21:34:25 +0000] "GET /?f=5916971131490&mod=22852db6&uri=us.php%3Fid%3D197591-342%26name%3Dbaby+bouncer+chair+boots HTTP/1.1" 200 20836 "-" "Mozilla/5.0 (Linux; Android 6.0.1; Nexus 5X Build/MMB29P) AppleWebKit/537.36 (KHTML, like Gecko) Chrome/137.0.7151.103 Mobile Safari/537.36 (compatible; Googlebot/2.1; +http://www.google.com/bot.html)"
66.249.64.128 - - [12/Jul/2025:21:34:27 +0000] "GET /?f=25260251001490&mod=b831f154&uri=products.php%3Fid%3D843089-453%26name%3Dblusa+de+moletom+nike+feminina HTTP/1.1" 200 20994 "-" "Mozilla/5.0 (Linux; Android 6.0.1; Nexus 5X Build/MMB29P) AppleWebKit/537.36 (KHTML, like Gecko) Chrome/137.0.7151.103 Mobile Safari/537.36 (compatible; Googlebot/2.1; +http://www.google.com/bot.html)"
66.249.64.128 - - [12/Jul/2025:21:34:28 +0000] "GET /?f=5922731101490&mod=22852db6&uri=shared.php%3Fid%3D197783-342%26name%3Dlazada+baby+rocking+chair HTTP/1.1" 200 20732 "-" "Mozilla/5.0 (Linux; Android 6.0.1; Nexus 5X Build/MMB29P) AppleWebKit/537.36 (KHTML, like Gecko) Chrome/137.0.7151.103 Mobile Safari/537.36 (compatible; Googlebot/2.1; +http://www.google.com/bot.html)"
66.249.64.128 - - [12/Jul/2025:21:34:29 +0000] "POST /get-message-notify HTTP/1.1" 200 21388 "https://onlycnc.com.au/?f=5922491061490&mod=22852db6&uri=blog.php%3Fid%3D197775-342%26name%3Dapptivity+seat" "Mozilla/5.0 (Linux; Android 6.0.1; Nexus 5X Build/MMB29P) AppleWebKit/537.36 (KHTML, like Gecko) Chrome/137.0.7151.119 Mobile Safari/537.36 (compatible; Googlebot/2.1; +http://www.google.com/bot.html)"
66.249.64.132 - - [12/Jul/2025:21:34:31 +0000] "GET /?f=6062152021490&mod=842b5317&uri=blog.php%3Fid%3D202437-349%26name%3Dnettoyer+argent+sterling HTTP/1.1" 200 21847 "-" "Mozilla/5.0 (Linux; Android 6.0.1; Nexus 5X Build/MMB29P) AppleWebKit/537.36 (KHTML, like Gecko) Chrome/137.0.7151.103 Mobile Safari/537.36 (compatible; Googlebot/2.1; +http://www.google.com/bot.html)"
66.249.64.128 - - [12/Jul/2025:21:34:32 +0000] "GET /?f=5917211011490&mod=22852db6&uri=goods.php%3Fid%3D197599-342%26name%3Dbest+price+mamaroo HTTP/1.1" 200 21789 "-" "Mozilla/5.0 (Linux; Android 6.0.1; Nexus 5X Build/MMB29P) AppleWebKit/537.36 (KHTML, like Gecko) Chrome/137.0.7151.103 Mobile Safari/537.36 (compatible; Googlebot/2.1; +http://www.google.com/bot.html)"
66.249.64.132 - - [12/Jul/2025:21:34:33 +0000] "GET /?f=5921291021490&mod=22852db6&uri=info.php%3Fid%3D197735-342%26name%3Dgraco+duet+glide+lx+review HTTP/1.1" 200 21644 "-" "Mozilla/5.0 (Linux; Android 6.0.1; Nexus 5X Build/MMB29P) AppleWebKit/537.36 (KHTML, like Gecko) Chrome/137.0.7151.103 Mobile Safari/537.36 (compatible; Googlebot/2.1; +http://www.google.com/bot.html)"
66.249.64.132 - - [12/Jul/2025:21:34:34 +0000] "GET /?f=5795048011490&mod=55250fc7&uri=pin.php%3Fid%3D193522-336%26name%3Dborse+gabs+g3+plus HTTP/1.1" 200 21037 "-" "Mozilla/5.0 (Linux; Android 6.0.1; Nexus 5X Build/MMB29P) AppleWebKit/537.36 (KHTML, like Gecko) Chrome/137.0.7151.103 Mobile Safari/537.36 (compatible; Googlebot/2.1; +http://www.google.com/bot.html)"
66.249.64.132 - - [12/Jul/2025:21:34:36 +0000] "GET /?f=5922011061490&mod=22852db6&uri=dp.php%3Fid%3D197759-342%26name%3Dtarget+babocush HTTP/1.1" 200 20633 "-" "Mozilla/5.0 (Linux; Android 6.0.1; Nexus 5X Build/MMB29P) AppleWebKit/537.36 (KHTML, like Gecko) Chrome/137.0.7151.103 Mobile Safari/537.36 (compatible; Googlebot/2.1; +http://www.google.com/bot.html)"
66.249.64.132 - - [12/Jul/2025:21:34:37 +0000] "POST /get-message-notify HTTP/1.1" 200 21392 "https://onlycnc.com.au/?f=5916971131490&mod=22852db6&uri=us.php%3Fid%3D197591-342%26name%3Dbaby+bouncer+chair+boots" "Mozilla/5.0 (Linux; Android 6.0.1; Nexus 5X Build/MMB29P) AppleWebKit/537.36 (KHTML, like Gecko) Chrome/137.0.7151.119 Mobile Safari/537.36 (compatible; Googlebot/2.1; +http://www.google.com/bot.html)"
66.249.64.128 - - [12/Jul/2025:21:34:38 +0000] "GET /?f=5952161071490&mod=9cecbb6f&uri=product.php%3Fid%3D198764-344%26name%3Ddeichmann+slippers+mens HTTP/1.1" 200 21151 "-" "Mozilla/5.0 (Linux; Android 6.0.1; Nexus 5X Build/MMB29P) AppleWebKit/537.36 (KHTML, like Gecko) Chrome/137.0.7151.103 Mobile Safari/537.36 (compatible; Googlebot/2.1; +http://www.google.com/bot.html)"
66.249.64.128 - - [12/Jul/2025:21:34:39 +0000] "GET /?f=6151235041490&mod=fc09bc72&uri=form.php%3Fid%3D205409-351%26name%3Dbasket+sebago HTTP/1.1" 200 21823 "-" "Mozilla/5.0 (Linux; Android 6.0.1; Nexus 5X Build/MMB29P) AppleWebKit/537.36 (KHTML, like Gecko) Chrome/137.0.7151.103 Mobile Safari/537.36 (compatible; Googlebot/2.1; +http://www.google.com/bot.html)"
66.249.64.128 - - [12/Jul/2025:21:34:41 +0000] "GET /?f=101665043031490&mod=02ddce85&uri=search.php%3Fid%3D3392854-155%26name%3Dwireless+speaker+jbl HTTP/1.1" 200 22418 "-" "Mozilla/5.0 (Linux; Android 6.0.1; Nexus 5X Build/MMB29P) AppleWebKit/537.36 (KHTML, like Gecko) Chrome/137.0.7151.103 Mobile Safari/537.36 (compatible; Googlebot/2.1; +http://www.google.com/bot.html)"
66.249.64.132 - - [12/Jul/2025:21:34:42 +0000] "GET /?f=5953961021490&mod=9cecbb6f&uri=shop.php%3Fid%3D198824-344%26name%3Dgotr+store HTTP/1.1" 200 22166 "-" "Mozilla/5.0 (Linux; Android 6.0.1; Nexus 5X Build/MMB29P) AppleWebKit/537.36 (KHTML, like Gecko) Chrome/137.0.7151.103 Mobile Safari/537.36 (compatible; Googlebot/2.1; +http://www.google.com/bot.html)"
66.249.64.132 - - [12/Jul/2025:21:34:44 +0000] "POST /get-message-notify HTTP/1.1" 200 21392 "https://onlycnc.com.au/?f=5695917111490&mod=2461d182&uri=category-info.php%3Fid%3D190185-333%26name%3Dopal+shark+tooth+necklace" "Mozilla/5.0 (Linux; Android 6.0.1; Nexus 5X Build/MMB29P) AppleWebKit/537.36 (KHTML, like Gecko) Chrome/137.0.7151.119 Mobile Safari/537.36 (compatible; Googlebot/2.1; +http://www.google.com/bot.html)"
66.249.64.128 - - [12/Jul/2025:21:34:45 +0000] "GET /?f=5957921011490&mod=9cecbb6f&uri=article.php%3Fid%3D198956-344%26name%3Dzoo+york+shoes+price HTTP/1.1" 200 21804 "-" "Mozilla/5.0 (Linux; Android 6.0.1; Nexus 5X Build/MMB29P) AppleWebKit/537.36 (KHTML, like Gecko) Chrome/137.0.7151.103 Mobile Safari/537.36 (compatible; Googlebot/2.1; +http://www.google.com/bot.html)"
66.249.64.128 - - [12/Jul/2025:21:34:46 +0000] "GET /?f=5920661031490&mod=22852db6&uri=product.php%3Fid%3D197714-342%26name%3Dbaby+bjorn+bouncer+bliss+air HTTP/1.1" 200 21364 "-" "Mozilla/5.0 (Linux; Android 6.0.1; Nexus 5X Build/MMB29P) AppleWebKit/537.36 (KHTML, like Gecko) Chrome/137.0.7151.103 Mobile Safari/537.36 (compatible; Googlebot/2.1; +http://www.google.com/bot.html)"
66.249.64.129 - - [12/Jul/2025:21:34:47 +0000] "GET /?f=5923901061490&mod=22852db6&uri=news.php%3Fid%3D197822-342%26name%3Dsimilar+to+baby+bjorn+bouncer HTTP/1.1" 200 20857 "-" "Mozilla/5.0 (Linux; Android 6.0.1; Nexus 5X Build/MMB29P) AppleWebKit/537.36 (KHTML, like Gecko) Chrome/137.0.7151.103 Mobile Safari/537.36 (compatible; Googlebot/2.1; +http://www.google.com/bot.html)"
66.249.64.128 - - [12/Jul/2025:21:34:48 +0000] "GET /?f=6152135141490&mod=fc09bc72&uri=products.php%3Fid%3D205439-351%26name%3Dla+ligue+shop+ses+sneakers HTTP/1.1" 200 20605 "-" "Mozilla/5.0 (Linux; Android 6.0.1; Nexus 5X Build/MMB29P) AppleWebKit/537.36 (KHTML, like Gecko) Chrome/137.0.7151.103 Mobile Safari/537.36 (compatible; Googlebot/2.1; +http://www.google.com/bot.html)"
66.249.64.132 - - [12/Jul/2025:21:34:50 +0000] "GET /?f=39998384001490&mod=0e98aeeb&uri=search.php%3Fid%3D1334939-57%26name%3Dcan+you+pair+bluetooth+headphones+to+samsung+tv HTTP/1.1" 200 21922 "-" "Mozilla/5.0 (Linux; Android 6.0.1; Nexus 5X Build/MMB29P) AppleWebKit/537.36 (KHTML, like Gecko) Chrome/137.0.7151.103 Mobile Safari/537.36 (compatible; Googlebot/2.1; +http://www.google.com/bot.html)"
66.249.64.128 - - [12/Jul/2025:21:34:51 +0000] "POST /get-message-notify HTTP/1.1" 200 21389 "https://onlycnc.com.au/?f=6146195041490&mod=d3036eaa&uri=dp.php%3Fid%3D205241-208%26name%3Dhdv+camcorder+mini+dv" "Mozilla/5.0 (Linux; Android 6.0.1; Nexus 5X Build/MMB29P) AppleWebKit/537.36 (KHTML, like Gecko) Chrome/137.0.7151.119 Mobile Safari/537.36 (compatible; Googlebot/2.1; +http://www.google.com/bot.html)"
66.249.64.128 - - [12/Jul/2025:21:34:52 +0000] "GET /?f=119842736001490&mod=af8e3c34&uri=info.php%3Fid%3D3999515-321%26name%3Dtiger+stripe+blue+nose+pitbull HTTP/1.1" 200 21105 "-" "Mozilla/5.0 (Linux; Android 6.0.1; Nexus 5X Build/MMB29P) AppleWebKit/537.36 (KHTML, like Gecko) Chrome/137.0.7151.103 Mobile Safari/537.36 (compatible; Googlebot/2.1; +http://www.google.com/bot.html)"
66.249.64.129 - - [12/Jul/2025:21:34:53 +0000] "GET /?f=5886425131490&mod=02ddce85&uri=search.php%3Fid%3D196572-155%26name%3Dboss+rebel+powersports+speakers HTTP/1.1" 200 21341 "-" "Mozilla/5.0 (Linux; Android 6.0.1; Nexus 5X Build/MMB29P) AppleWebKit/537.36 (KHTML, like Gecko) Chrome/137.0.7151.103 Mobile Safari/537.36 (compatible; Googlebot/2.1; +http://www.google.com/bot.html)"
66.249.64.129 - - [12/Jul/2025:21:34:54 +0000] "GET /?f=5888045071490&mod=02ddce85&uri=shop.php%3Fid%3D196626-155%26name%3Dpolk+audio+home+speakers HTTP/1.1" 200 21681 "-" "Mozilla/5.0 (Linux; Android 6.0.1; Nexus 5X Build/MMB29P) AppleWebKit/537.36 (KHTML, like Gecko) Chrome/137.0.7151.103 Mobile Safari/537.36 (compatible; Googlebot/2.1; +http://www.google.com/bot.html)"
66.249.64.129 - - [12/Jul/2025:21:34:56 +0000] "GET /?f=6145475021490&mod=fc09bc72&uri=pin.php%3Fid%3D205217-351%26name%3Dchaussures+de+marche+nike+homme HTTP/1.1" 200 21695 "-" "Mozilla/5.0 (Linux; Android 6.0.1; Nexus 5X Build/MMB29P) AppleWebKit/537.36 (KHTML, like Gecko) Chrome/137.0.7151.103 Mobile Safari/537.36 (compatible; Googlebot/2.1; +http://www.google.com/bot.html)"
66.249.64.132 - - [12/Jul/2025:21:34:57 +0000] "GET /?f=119539158091490&mod=8146e257&uri=product.php%3Fid%3D3989388-649%26name%3Dikea+kvot+dish+drainer+assembly HTTP/1.1" 200 22163 "-" "Mozilla/5.0 (Linux; Android 6.0.1; Nexus 5X Build/MMB29P) AppleWebKit/537.36 (KHTML, like Gecko) Chrome/137.0.7151.103 Mobile Safari/537.36 (compatible; Googlebot/2.1; +http://www.google.com/bot.html)"
66.249.64.129 - - [12/Jul/2025:21:34:58 +0000] "GET /?f=5888765011490&mod=02ddce85&uri=pin.php%3Fid%3D196650-155%26name%3Dlg+sk9y+airplay HTTP/1.1" 200 21939 "-" "Mozilla/5.0 (Linux; Android 6.0.1; Nexus 5X Build/MMB29P) AppleWebKit/537.36 (KHTML, like Gecko) Chrome/137.0.7151.103 Mobile Safari/537.36 (compatible; Googlebot/2.1; +http://www.google.com/bot.html)"
66.249.64.129 - - [12/Jul/2025:21:34:59 +0000] "POST /get-message-notify HTTP/1.1" 200 21384 "https://onlycnc.com.au/?f=5922011061490&mod=22852db6&uri=dp.php%3Fid%3D197759-342%26name%3Dtarget+babocush" "Mozilla/5.0 (Linux; Android 6.0.1; Nexus 5X Build/MMB29P) AppleWebKit/537.36 (KHTML, like Gecko) Chrome/137.0.7151.119 Mobile Safari/537.36 (compatible; Googlebot/2.1; +http://www.google.com/bot.html)"
66.249.64.132 - - [12/Jul/2025:21:35:01 +0000] "GET /?f=6146015051490&mod=cdb1b865&uri=news.php%3Fid%3D205235-354%26name%3Dvans+old+skool+daim+vert HTTP/1.1" 200 21323 "-" "Mozilla/5.0 (Linux; Android 6.0.1; Nexus 5X Build/MMB29P) AppleWebKit/537.36 (KHTML, like Gecko) Chrome/137.0.7151.103 Mobile Safari/537.36 (compatible; Googlebot/2.1; +http://www.google.com/bot.html)"
66.249.64.132 - - [12/Jul/2025:21:35:02 +0000] "GET /?f=46657798041490&mod=0e98aeeb&uri=news.php%3Fid%3D1557093-57%26name%3Dps4+mics+gamestop HTTP/1.1" 200 22328 "-" "Mozilla/5.0 (Linux; Android 6.0.1; Nexus 5X Build/MMB29P) AppleWebKit/537.36 (KHTML, like Gecko) Chrome/137.0.7151.103 Mobile Safari/537.36 (compatible; Googlebot/2.1; +http://www.google.com/bot.html)"
66.249.64.132 - - [12/Jul/2025:21:35:03 +0000] "GET /?f=5791838011490&mod=0e98aeeb&uri=product.php%3Fid%3D193415-57%26name%3D2019+best+wireless+earbuds HTTP/1.1" 200 21928 "-" "Mozilla/5.0 (Linux; Android 6.0.1; Nexus 5X Build/MMB29P) AppleWebKit/537.36 (KHTML, like Gecko) Chrome/137.0.7151.103 Mobile Safari/537.36 (compatible; Googlebot/2.1; +http://www.google.com/bot.html)"
66.249.64.128 - - [12/Jul/2025:21:35:04 +0000] "GET /?f=5889660011490&mod=02ddce85&uri=products.php%3Fid%3D196680-155%26name%3Djbl+duet+mini+headphones HTTP/1.1" 200 22038 "-" "Mozilla/5.0 (Linux; Android 6.0.1; Nexus 5X Build/MMB29P) AppleWebKit/537.36 (KHTML, like Gecko) Chrome/137.0.7151.103 Mobile Safari/537.36 (compatible; Googlebot/2.1; +http://www.google.com/bot.html)"
66.249.64.132 - - [12/Jul/2025:21:35:07 +0000] "GET /?f=5926961051490&mod=22852db6&uri=shared.php%3Fid%3D197924-342%26name%3Dfisher+price+deluxe+bouncer+reviews HTTP/1.1" 200 20804 "-" "Mozilla/5.0 (Linux; Android 6.0.1; Nexus 5X Build/MMB29P) AppleWebKit/537.36 (KHTML, like Gecko) Chrome/137.0.7151.103 Mobile Safari/537.36 (compatible; Googlebot/2.1; +http://www.google.com/bot.html)"
66.249.64.132 - - [12/Jul/2025:21:35:08 +0000] "GET /?f=5939861001490&mod=9cecbb6f&uri=shared.php%3Fid%3D198354-344%26name%3Droad+runner+store+near+me HTTP/1.1" 200 21214 "-" "Mozilla/5.0 (Linux; Android 6.0.1; Nexus 5X Build/MMB29P) AppleWebKit/537.36 (KHTML, like Gecko) Chrome/137.0.7151.103 Mobile Safari/537.36 (compatible; Googlebot/2.1; +http://www.google.com/bot.html)"
66.249.64.132 - - [12/Jul/2025:21:35:09 +0000] "POST /get-message-notify HTTP/1.1" 200 21419 "https://onlycnc.com.au/?f=70687139021490&mod=4308acc8&uri=shop.php%3Fid%3D2358895-347%26name%3Dpull+homme+rose" "Mozilla/5.0 (Linux; Android 6.0.1; Nexus 5X Build/MMB29P) AppleWebKit/537.36 (KHTML, like Gecko) Chrome/137.0.7151.119 Mobile Safari/537.36 (compatible; Googlebot/2.1; +http://www.google.com/bot.html)"
66.249.64.132 - - [12/Jul/2025:21:35:11 +0000] "GET /?f=86329900061490&mod=4308acc8&uri=shop.php%3Fid%3D2880961-347%26name%3Dpull+marin+armor+lux HTTP/1.1" 200 20995 "-" "Mozilla/5.0 (Linux; Android 6.0.1; Nexus 5X Build/MMB29P) AppleWebKit/537.36 (KHTML, like Gecko) Chrome/137.0.7151.103 Mobile Safari/537.36 (compatible; Googlebot/2.1; +http://www.google.com/bot.html)"
66.249.64.132 - - [12/Jul/2025:21:35:12 +0000] "GET /?f=32026907051490&mod=5ce31978&uri=form.php%3Fid%3D1068940-380%26name%3Ddoll+face+persian+cat+price HTTP/1.1" 200 21243 "-" "Mozilla/5.0 (Linux; Android 6.0.1; Nexus 5X Build/MMB29P) AppleWebKit/537.36 (KHTML, like Gecko) Chrome/137.0.7151.103 Mobile Safari/537.36 (compatible; Googlebot/2.1; +http://www.google.com/bot.html)"
66.249.64.132 - - [12/Jul/2025:21:35:13 +0000] "GET /?f=54653358011490&mod=669c6043&uri=product.php%3Fid%3D1823834-1310%26name%3Ddiamond+ball+gown+wedding+dresses HTTP/1.1" 200 20981 "-" "Mozilla/5.0 (Linux; Android 6.0.1; Nexus 5X Build/MMB29P) AppleWebKit/537.36 (KHTML, like Gecko) Chrome/137.0.7151.103 Mobile Safari/537.36 (compatible; Googlebot/2.1; +http://www.google.com/bot.html)"
66.249.64.132 - - [12/Jul/2025:21:35:14 +0000] "GET /?f=54349526021490&mod=30f8f6b9&uri=blog.php%3Fid%3D1813697-26%26name%3Ddna+libre+fetal HTTP/1.1" 200 21832 "-" "Mozilla/5.0 (Linux; Android 6.0.1; Nexus 5X Build/MMB29P) AppleWebKit/537.36 (KHTML, like Gecko) Chrome/137.0.7151.103 Mobile Safari/537.36 (compatible; Googlebot/2.1; +http://www.google.com/bot.html)"
66.249.64.132 - - [12/Jul/2025:21:35:15 +0000] "POST /get-message-notify HTTP/1.1" 200 21381 "https://onlycnc.com.au/?f=5920661031490&mod=22852db6&uri=product.php%3Fid%3D197714-342%26name%3Dbaby+bjorn+bouncer+bliss+air" "Mozilla/5.0 (Linux; Android 6.0.1; Nexus 5X Build/MMB29P) AppleWebKit/537.36 (KHTML, like Gecko) Chrome/137.0.7151.119 Mobile Safari/537.36 (compatible; Googlebot/2.1; +http://www.google.com/bot.html)"
66.249.64.132 - - [12/Jul/2025:21:35:16 +0000] "GET /?f=6156095011490&mod=fc09bc72&uri=products.php%3Fid%3D205571-351%26name%3Dfila+disruptor+toute+les+couleurs HTTP/1.1" 200 21058 "-" "Mozilla/5.0 (Linux; Android 6.0.1; Nexus 5X Build/MMB29P) AppleWebKit/537.36 (KHTML, like Gecko) Chrome/137.0.7151.103 Mobile Safari/537.36 (compatible; Googlebot/2.1; +http://www.google.com/bot.html)"
66.249.64.132 - - [12/Jul/2025:21:35:18 +0000] "GET /?f=54313714001490&mod=77bea4fd&uri=shop.php%3Fid%3D1812500-115%26name%3Dcouleur+bleu+de+travail HTTP/1.1" 200 22346 "-" "Mozilla/5.0 (Linux; Android 6.0.1; Nexus 5X Build/MMB29P) AppleWebKit/537.36 (KHTML, like Gecko) Chrome/137.0.7151.103 Mobile Safari/537.36 (compatible; Googlebot/2.1; +http://www.google.com/bot.html)"
66.249.64.132 - - [12/Jul/2025:21:35:19 +0000] "GET /?f=54348146011490&mod=0672911f&uri=product.php%3Fid%3D1813651-688%26name%3Dpuma+lauftights+damen HTTP/1.1" 200 22093 "-" "Mozilla/5.0 (Linux; Android 6.0.1; Nexus 5X Build/MMB29P) AppleWebKit/537.36 (KHTML, like Gecko) Chrome/137.0.7151.103 Mobile Safari/537.36 (compatible; Googlebot/2.1; +http://www.google.com/bot.html)"
66.249.64.132 - - [12/Jul/2025:21:35:20 +0000] "POST /get-message-notify HTTP/1.1" 200 21392 "https://onlycnc.com.au/?f=5791838011490&mod=0e98aeeb&uri=product.php%3Fid%3D193415-57%26name%3D2019+best+wireless+earbuds" "Mozilla/5.0 (Linux; Android 6.0.1; Nexus 5X Build/MMB29P) AppleWebKit/537.36 (KHTML, like Gecko) Chrome/137.0.7151.119 Mobile Safari/537.36 (compatible; Googlebot/2.1; +http://www.google.com/bot.html)"
66.249.64.132 - - [12/Jul/2025:21:35:21 +0000] "GET /?f=54347366021490&mod=0672911f&uri=news.php%3Fid%3D1813625-688%26name%3Dnike+jordan+cap+schwarz HTTP/1.1" 200 22474 "-" "Mozilla/5.0 (Linux; Android 6.0.1; Nexus 5X Build/MMB29P) AppleWebKit/537.36 (KHTML, like Gecko) Chrome/137.0.7151.103 Mobile Safari/537.36 (compatible; Googlebot/2.1; +http://www.google.com/bot.html)"
66.249.64.132 - - [12/Jul/2025:21:35:22 +0000] "GET /?f=6074681011490&mod=842b5317&uri=us.php%3Fid%3D202856-349%26name%3Dbracelet+message+pas+cher HTTP/1.1" 200 21764 "-" "Mozilla/5.0 (Linux; Android 6.0.1; Nexus 5X Build/MMB29P) AppleWebKit/537.36 (KHTML, like Gecko) Chrome/137.0.7151.103 Mobile Safari/537.36 (compatible; Googlebot/2.1; +http://www.google.com/bot.html)"
66.249.64.128 - - [12/Jul/2025:21:35:24 +0000] "GET /?f=54369168031490&mod=cdbe7ddc&uri=us.php%3Fid%3D1814352-387%26name%3Dstozm+dumbbell+set HTTP/1.1" 200 22087 "-" "Mozilla/5.0 (Linux; Android 6.0.1; Nexus 5X Build/MMB29P) AppleWebKit/537.36 (KHTML, like Gecko) Chrome/137.0.7151.103 Mobile Safari/537.36 (compatible; Googlebot/2.1; +http://www.google.com/bot.html)"
66.249.64.128 - - [12/Jul/2025:21:35:25 +0000] "GET /?f=54382933001490&mod=a73b1623&uri=info.php%3Fid%3D1814811-1306%26name%3Dthe+united+states+tax+court+hears HTTP/1.1" 200 21488 "-" "Mozilla/5.0 (Linux; Android 6.0.1; Nexus 5X Build/MMB29P) AppleWebKit/537.36 (KHTML, like Gecko) Chrome/137.0.7151.103 Mobile Safari/537.36 (compatible; Googlebot/2.1; +http://www.google.com/bot.html)"
66.249.64.128 - - [12/Jul/2025:21:35:26 +0000] "GET /?f=54348446111490&mod=0672911f&uri=info.php%3Fid%3D1813661-688%26name%3Dikea+teppich+wet+grass HTTP/1.1" 200 22024 "-" "Mozilla/5.0 (Linux; Android 6.0.1; Nexus 5X Build/MMB29P) AppleWebKit/537.36 (KHTML, like Gecko) Chrome/137.0.7151.103 Mobile Safari/537.36 (compatible; Googlebot/2.1; +http://www.google.com/bot.html)"
66.249.64.128 - - [12/Jul/2025:21:35:27 +0000] "GET /?f=25335088121490&mod=169806bb&uri=dp.php%3Fid%3D845589-70%26name%3Dkent+otg+oven+toaster+griller HTTP/1.1" 200 21717 "-" "Mozilla/5.0 (Linux; Android 6.0.1; Nexus 5X Build/MMB29P) AppleWebKit/537.36 (KHTML, like Gecko) Chrome/137.0.7151.103 Mobile Safari/537.36 (compatible; Googlebot/2.1; +http://www.google.com/bot.html)"
66.249.64.128 - - [12/Jul/2025:21:35:28 +0000] "POST /get-message-notify HTTP/1.1" 200 21392 "https://onlycnc.com.au/?f=5889660011490&mod=02ddce85&uri=products.php%3Fid%3D196680-155%26name%3Djbl+duet+mini+headphones" "Mozilla/5.0 (Linux; Android 6.0.1; Nexus 5X Build/MMB29P) AppleWebKit/537.36 (KHTML, like Gecko) Chrome/137.0.7151.119 Mobile Safari/537.36 (compatible; Googlebot/2.1; +http://www.google.com/bot.html)"
66.249.64.128 - - [12/Jul/2025:21:35:31 +0000] "GET /?f=54345746021490&mod=0672911f&uri=us.php%3Fid%3D1813571-688%26name%3Dpuma+smash+v2+sneaker+herren+schuhe HTTP/1.1" 200 22590 "-" "Mozilla/5.0 (Linux; Android 6.0.1; Nexus 5X Build/MMB29P) AppleWebKit/537.36 (KHTML, like Gecko) Chrome/137.0.7151.103 Mobile Safari/537.36 (compatible; Googlebot/2.1; +http://www.google.com/bot.html)"
66.249.64.128 - - [12/Jul/2025:21:35:32 +0000] "GET /?f=6162622041490&mod=fc09bc72&uri=products.php%3Fid%3D205789-351%26name%3Dlouboutin+homme+noir+pique HTTP/1.1" 200 21034 "-" "Mozilla/5.0 (Linux; Android 6.0.1; Nexus 5X Build/MMB29P) AppleWebKit/537.36 (KHTML, like Gecko) Chrome/137.0.7151.103 Mobile Safari/537.36 (compatible; Googlebot/2.1; +http://www.google.com/bot.html)"
66.249.64.128 - - [12/Jul/2025:21:35:33 +0000] "GET /?f=6150065051490&mod=fc09bc72&uri=shared.php%3Fid%3D205370-351%26name%3Dinstapump+noir HTTP/1.1" 200 20634 "-" "Mozilla/5.0 (Linux; Android 6.0.1; Nexus 5X Build/MMB29P) AppleWebKit/537.36 (KHTML, like Gecko) Chrome/137.0.7151.103 Mobile Safari/537.36 (compatible; Googlebot/2.1; +http://www.google.com/bot.html)"
66.249.64.132 - - [12/Jul/2025:21:35:34 +0000] "GET /?f=6146375021490&mod=fc09bc72&uri=products.php%3Fid%3D205247-351%26name%3Dlacoste+graduate+rose HTTP/1.1" 200 20625 "-" "Mozilla/5.0 (Linux; Android 6.0.1; Nexus 5X Build/MMB29P) AppleWebKit/537.36 (KHTML, like Gecko) Chrome/137.0.7151.103 Mobile Safari/537.36 (compatible; Googlebot/2.1; +http://www.google.com/bot.html)"
66.249.64.132 - - [12/Jul/2025:21:35:35 +0000] "GET /?f=54314194061490&mod=77bea4fd&uri=news.php%3Fid%3D1812516-115%26name%3Dlevi%27s+511+femme+coupe HTTP/1.1" 200 21028 "-" "Mozilla/5.0 (Linux; Android 6.0.1; Nexus 5X Build/MMB29P) AppleWebKit/537.36 (KHTML, like Gecko) Chrome/137.0.7151.103 Mobile Safari/537.36 (compatible; Googlebot/2.1; +http://www.google.com/bot.html)"
66.249.64.128 - - [12/Jul/2025:21:35:36 +0000] "GET /?f=6149075021490&mod=fc09bc72&uri=us.php%3Fid%3D205337-351%26name%3Dnike+et+carhartt HTTP/1.1" 200 21204 "-" "Mozilla/5.0 (Linux; Android 6.0.1; Nexus 5X Build/MMB29P) AppleWebKit/537.36 (KHTML, like Gecko) Chrome/137.0.7151.103 Mobile Safari/537.36 (compatible; Googlebot/2.1; +http://www.google.com/bot.html)"
66.249.64.128 - - [12/Jul/2025:21:35:38 +0000] "POST /get-message-notify HTTP/1.1" 200 21392 "https://onlycnc.com.au/?f=54313714001490&mod=77bea4fd&uri=shop.php%3Fid%3D1812500-115%26name%3Dcouleur+bleu+de+travail" "Mozilla/5.0 (Linux; Android 6.0.1; Nexus 5X Build/MMB29P) AppleWebKit/537.36 (KHTML, like Gecko) Chrome/137.0.7151.119 Mobile Safari/537.36 (compatible; Googlebot/2.1; +http://www.google.com/bot.html)"
66.249.64.132 - - [12/Jul/2025:21:35:41 +0000] "GET /?f=119520844071490&mod=50622003&uri=article.php%3Fid%3D3988777-827%26name%3Dllave+cascada+lavamanos HTTP/1.1" 200 21745 "-" "Mozilla/5.0 (Linux; Android 6.0.1; Nexus 5X Build/MMB29P) AppleWebKit/537.36 (KHTML, like Gecko) Chrome/137.0.7151.103 Mobile Safari/537.36 (compatible; Googlebot/2.1; +http://www.google.com/bot.html)"
66.249.64.129 - - [12/Jul/2025:21:35:41 +0000] "GET /?f=54341659091490&mod=0672911f&uri=form.php%3Fid%3D1813434-688%26name%3Dsneaker+puma+herren+wei%C3%83%C2%9F HTTP/1.1" 200 20874 "-" "Mozilla/5.0 (Linux; Android 6.0.1; Nexus 5X Build/MMB29P) AppleWebKit/537.36 (KHTML, like Gecko) Chrome/137.0.7151.103 Mobile Safari/537.36 (compatible; Googlebot/2.1; +http://www.google.com/bot.html)"
66.249.64.132 - - [12/Jul/2025:21:35:42 +0000] "POST /get-message-notify HTTP/1.1" 200 21398 "https://onlycnc.com.au/?f=6162622041490&mod=fc09bc72&uri=products.php%3Fid%3D205789-351%26name%3Dlouboutin+homme+noir+pique" "Mozilla/5.0 (Linux; Android 6.0.1; Nexus 5X Build/MMB29P) AppleWebKit/537.36 (KHTML, like Gecko) Chrome/137.0.7151.119 Mobile Safari/537.36 (compatible; Googlebot/2.1; +http://www.google.com/bot.html)"
66.249.64.132 - - [12/Jul/2025:21:35:43 +0000] "GET /?f=6151415001490&mod=fc09bc72&uri=dp.php%3Fid%3D205415-351%26name%3Dchaussure+bateau+tbs+pour+homme HTTP/1.1" 200 22248 "-" "Mozilla/5.0 (Linux; Android 6.0.1; Nexus 5X Build/MMB29P) AppleWebKit/537.36 (KHTML, like Gecko) Chrome/137.0.7151.103 Mobile Safari/537.36 (compatible; Googlebot/2.1; +http://www.google.com/bot.html)"
66.249.64.132 - - [12/Jul/2025:21:35:44 +0000] "GET /?f=54424190031490&mod=d37b3ca3&uri=us.php%3Fid%3D1816188-27%26name%3Drelajante+natural+para+el+cabello HTTP/1.1" 200 21956 "-" "Mozilla/5.0 (Linux; Android 6.0.1; Nexus 5X Build/MMB29P) AppleWebKit/537.36 (KHTML, like Gecko) Chrome/137.0.7151.103 Mobile Safari/537.36 (compatible; Googlebot/2.1; +http://www.google.com/bot.html)"
66.249.64.132 - - [12/Jul/2025:21:35:46 +0000] "GET /?f=54347966041490&mod=0672911f&uri=dp.php%3Fid%3D1813645-688%26name%3Dpuma+turnschuhe+bunt HTTP/1.1" 200 22238 "-" "Mozilla/5.0 (Linux; Android 6.0.1; Nexus 5X Build/MMB29P) AppleWebKit/537.36 (KHTML, like Gecko) Chrome/137.0.7151.103 Mobile Safari/537.36 (compatible; Googlebot/2.1; +http://www.google.com/bot.html)"
66.249.64.132 - - [12/Jul/2025:21:35:47 +0000] "GET /?f=54410459021490&mod=d37b3ca3&uri=pin.php%3Fid%3D1815729-27%26name%3Dcrema+para+alisado+permanente HTTP/1.1" 200 21783 "-" "Mozilla/5.0 (Linux; Android 6.0.1; Nexus 5X Build/MMB29P) AppleWebKit/537.36 (KHTML, like Gecko) Chrome/137.0.7151.103 Mobile Safari/537.36 (compatible; Googlebot/2.1; +http://www.google.com/bot.html)"
66.249.64.128 - - [12/Jul/2025:21:35:48 +0000] "GET /?f=54396703051490&mod=a73b1623&uri=shared.php%3Fid%3D1815270-1306%26name%3Dcarhartt+breathable+shirts HTTP/1.1" 200 20806 "-" "Mozilla/5.0 (Linux; Android 6.0.1; Nexus 5X Build/MMB29P) AppleWebKit/537.36 (KHTML, like Gecko) Chrome/137.0.7151.103 Mobile Safari/537.36 (compatible; Googlebot/2.1; +http://www.google.com/bot.html)"
66.249.64.128 - - [12/Jul/2025:21:35:49 +0000] "GET /?f=6155915001490&mod=9bcfb826&uri=brands.php%3Fid%3D205565-353%26name%3Dconverse+femme+all+star+basse HTTP/1.1" 200 20859 "-" "Mozilla/5.0 (Linux; Android 6.0.1; Nexus 5X Build/MMB29P) AppleWebKit/537.36 (KHTML, like Gecko) Chrome/137.0.7151.103 Mobile Safari/537.36 (compatible; Googlebot/2.1; +http://www.google.com/bot.html)"
66.249.64.129 - - [12/Jul/2025:21:35:52 +0000] "POST /get-message-notify HTTP/1.1" 200 21381 "https://onlycnc.com.au/?f=6149075021490&mod=fc09bc72&uri=us.php%3Fid%3D205337-351%26name%3Dnike+et+carhartt" "Mozilla/5.0 (Linux; Android 6.0.1; Nexus 5X Build/MMB29P) AppleWebKit/537.36 (KHTML, like Gecko) Chrome/137.0.7151.119 Mobile Safari/537.36 (compatible; Googlebot/2.1; +http://www.google.com/bot.html)"
66.249.64.129 - - [12/Jul/2025:21:35:53 +0000] "GET /?f=54345626041490&mod=0672911f&uri=shop.php%3Fid%3D1813567-688%26name%3Djordans+schuhe+11 HTTP/1.1" 200 22723 "-" "Mozilla/5.0 (Linux; Android 6.0.1; Nexus 5X Build/MMB29P) AppleWebKit/537.36 (KHTML, like Gecko) Chrome/137.0.7151.103 Mobile Safari/537.36 (compatible; Googlebot/2.1; +http://www.google.com/bot.html)"
