66.249.64.128 - - [12/Jul/2025:13:46:34 +0000] "GET /?f=31674804021490&mod=10b2b869&uri=news.php%3Fid%3D1057193-134%26name%3Dbest+amazon+shows+2019 HTTP/1.1" 200 22104 "-" "Mozilla/5.0 (Linux; Android 6.0.1; Nexus 5X Build/MMB29P) AppleWebKit/537.36 (KHTML, like Gecko) Chrome/137.0.7151.103 Mobile Safari/537.36 (compatible; Googlebot/2.1; +http://www.google.com/bot.html)"
66.249.64.132 - - [12/Jul/2025:13:46:54 +0000] "GET /?f=54207446061490&mod=e24a7e4c&uri=article.php%3Fid%3D1808953-310%26name%3Db550+motherboard+atx HTTP/1.1" 200 22113 "-" "Mozilla/5.0 (Linux; Android 6.0.1; Nexus 5X Build/MMB29P) AppleWebKit/537.36 (KHTML, like Gecko) Chrome/137.0.7151.103 Mobile Safari/537.36 (compatible; Googlebot/2.1; +http://www.google.com/bot.html)"
66.249.64.129 - - [12/Jul/2025:13:47:16 +0000] "POST /get-message-notify HTTP/1.1" 200 21388 "https://onlycnc.com.au/?f=31674804021490&mod=10b2b869&uri=news.php%3Fid%3D1057193-134%26name%3Dbest+amazon+shows+2019" "Mozilla/5.0 (Linux; Android 6.0.1; Nexus 5X Build/MMB29P) AppleWebKit/537.36 (KHTML, like Gecko) Chrome/137.0.7151.119 Mobile Safari/537.36 (compatible; Googlebot/2.1; +http://www.google.com/bot.html)"
66.249.64.128 - - [12/Jul/2025:13:47:20 +0000] "GET /?f=5610549031490&mod=b4aaa9db&uri=us.php%3Fid%3D187316-332%26name%3Dgoogle+north+focals HTTP/1.1" 200 21114 "-" "Mozilla/5.0 (Linux; Android 6.0.1; Nexus 5X Build/MMB29P) AppleWebKit/537.36 (KHTML, like Gecko) Chrome/137.0.7151.103 Mobile Safari/537.36 (compatible; Googlebot/2.1; +http://www.google.com/bot.html)"
66.249.64.128 - - [12/Jul/2025:13:47:26 +0000] "GET /?f=6442706011490&mod=72d77c30&uri=brands.php%3Fid%3D215186-220%26name%3Dwomen%27s+royal+blue+blazer HTTP/1.1" 200 21663 "-" "Mozilla/5.0 (Linux; Android 6.0.1; Nexus 5X Build/MMB29P) AppleWebKit/537.36 (KHTML, like Gecko) Chrome/137.0.7151.103 Mobile Safari/537.36 (compatible; Googlebot/2.1; +http://www.google.com/bot.html)"
66.249.64.132 - - [12/Jul/2025:13:47:45 +0000] "GET /?f=5741713021490&mod=8f561e4c&uri=form.php%3Fid%3D191743-335%26name%3Dwwtt71x HTTP/1.1" 200 22544 "-" "Mozilla/5.0 (Linux; Android 6.0.1; Nexus 5X Build/MMB29P) AppleWebKit/537.36 (KHTML, like Gecko) Chrome/137.0.7151.103 Mobile Safari/537.36 (compatible; Googlebot/2.1; +http://www.google.com/bot.html)"
51.222.253.2 - - [12/Jul/2025:13:48:20 +0000] "GET /?f=14502007031490&mod=7e59f968&uri=category-info.php%3Fid%3D484174-618%26name%3Dwalmart+jackets HTTP/1.1" 301 - "-" "Mozilla/5.0 (compatible; AhrefsBot/7.0; +http://ahrefs.com/robot/)"
66.249.64.132 - - [12/Jul/2025:13:48:39 +0000] "GET /?f=77782818031490&mod=06524331&uri=article.php%3Fid%3D2595699-334%26name%3Dfoot+ball+news+hesgoal+com HTTP/1.1" 200 22359 "-" "Mozilla/5.0 (Linux; Android 6.0.1; Nexus 5X Build/MMB29P) AppleWebKit/537.36 (KHTML, like Gecko) Chrome/137.0.7151.103 Mobile Safari/537.36 (compatible; Googlebot/2.1; +http://www.google.com/bot.html)"
66.249.64.128 - - [12/Jul/2025:13:48:47 +0000] "POST /get-message-notify HTTP/1.1" 200 21392 "https://onlycnc.com.au/?f=77782818031490&mod=06524331&uri=article.php%3Fid%3D2595699-334%26name%3Dfoot+ball+news+hesgoal+com" "Mozilla/5.0 (Linux; Android 6.0.1; Nexus 5X Build/MMB29P) AppleWebKit/537.36 (KHTML, like Gecko) Chrome/137.0.7151.119 Mobile Safari/537.36 (compatible; Googlebot/2.1; +http://www.google.com/bot.html)"
66.249.64.132 - - [12/Jul/2025:13:48:50 +0000] "GET /?f=31779734031490&mod=80ebd641&uri=news.php%3Fid%3D1060694-1003%26name%3Dmens+air+force+style HTTP/1.1" 200 21313 "-" "Mozilla/5.0 (Linux; Android 6.0.1; Nexus 5X Build/MMB29P) AppleWebKit/537.36 (KHTML, like Gecko) Chrome/137.0.7151.103 Mobile Safari/537.36 (compatible; Googlebot/2.1; +http://www.google.com/bot.html)"
66.249.64.132 - - [12/Jul/2025:13:49:01 +0000] "GET /?f=5600960041490&mod=b4aaa9db&uri=article.php%3Fid%3D186985-332%26name%3Dwhere+is+the+ecg+on+apple+watch HTTP/1.1" 200 21823 "-" "Mozilla/5.0 (Linux; Android 6.0.1; Nexus 5X Build/MMB29P) AppleWebKit/537.36 (KHTML, like Gecko) Chrome/137.0.7151.103 Mobile Safari/537.36 (compatible; Googlebot/2.1; +http://www.google.com/bot.html)"
66.249.64.128 - - [12/Jul/2025:13:49:09 +0000] "GET /?f=5841171001490&mod=04f02d73&uri=blog.php%3Fid%3D195061-338%26name%3Dadidas+nmd+70+off+sale HTTP/1.1" 200 20562 "-" "Mozilla/5.0 (Linux; Android 6.0.1; Nexus 5X Build/MMB29P) AppleWebKit/537.36 (KHTML, like Gecko) Chrome/137.0.7151.103 Mobile Safari/537.36 (compatible; Googlebot/2.1; +http://www.google.com/bot.html)"
66.249.64.129 - - [12/Jul/2025:13:50:09 +0000] "GET /?f=119347733001490&mod=e88c32fb&uri=brands.php%3Fid%3D3982999-824%26name%3Ddelonghi+esam+6700+primadonna HTTP/1.1" 200 21029 "-" "Mozilla/5.0 (Linux; Android 6.0.1; Nexus 5X Build/MMB29P) AppleWebKit/537.36 (KHTML, like Gecko) Chrome/137.0.7151.103 Mobile Safari/537.36 (compatible; Googlebot/2.1; +http://www.google.com/bot.html)"
66.249.64.128 - - [12/Jul/2025:13:50:36 +0000] "GET /?f=54207058051490&mod=e24a7e4c&uri=goods.php%3Fid%3D1808940-310%26name%3Damd+catalyst+legacy+driver+64+bit+download HTTP/1.1" 200 21489 "-" "Mozilla/5.0 (Linux; Android 6.0.1; Nexus 5X Build/MMB29P) AppleWebKit/537.36 (KHTML, like Gecko) Chrome/137.0.7151.103 Mobile Safari/537.36 (compatible; Googlebot/2.1; +http://www.google.com/bot.html)"
66.249.64.132 - - [12/Jul/2025:13:50:43 +0000] "GET /?f=5676261011490&mod=ab33c4de&uri=search.php%3Fid%3D189529-308%26name%3Demp+slipknot+hoodie HTTP/1.1" 200 22382 "-" "Mozilla/5.0 (Linux; Android 6.0.1; Nexus 5X Build/MMB29P) AppleWebKit/537.36 (KHTML, like Gecko) Chrome/137.0.7151.103 Mobile Safari/537.36 (compatible; Googlebot/2.1; +http://www.google.com/bot.html)"
66.249.64.132 - - [12/Jul/2025:13:50:53 +0000] "POST /get-message-notify HTTP/1.1" 200 21382 "https://onlycnc.com.au/?f=5676261011490&mod=ab33c4de&uri=search.php%3Fid%3D189529-308%26name%3Demp+slipknot+hoodie" "Mozilla/5.0 (Linux; Android 6.0.1; Nexus 5X Build/MMB29P) AppleWebKit/537.36 (KHTML, like Gecko) Chrome/137.0.7151.119 Mobile Safari/537.36 (compatible; Googlebot/2.1; +http://www.google.com/bot.html)"
66.249.64.129 - - [12/Jul/2025:13:52:06 +0000] "GET /?f=31994327091490&mod=d3036eaa&uri=products.php%3Fid%3D1067854-208%26name%3Dnikon+camera+d700 HTTP/1.1" 200 21422 "-" "Mozilla/5.0 (Linux; Android 6.0.1; Nexus 5X Build/MMB29P) AppleWebKit/537.36 (KHTML, like Gecko) Chrome/137.0.7151.103 Mobile Safari/537.36 (compatible; Googlebot/2.1; +http://www.google.com/bot.html)"
66.249.64.132 - - [12/Jul/2025:13:52:17 +0000] "GET /?f=5918621011490&mod=22852db6&uri=itm.php%3Fid%3D197646-342%26name%3Dchad+valley+princess+deluxe+bouncer HTTP/1.1" 200 20988 "-" "Mozilla/5.0 (Linux; Android 6.0.1; Nexus 5X Build/MMB29P) AppleWebKit/537.36 (KHTML, like Gecko) Chrome/137.0.7151.103 Mobile Safari/537.36 (compatible; Googlebot/2.1; +http://www.google.com/bot.html)"
66.249.64.132 - - [12/Jul/2025:13:52:23 +0000] "GET /?f=5616285061490&mod=b4aaa9db&uri=shop.php%3Fid%3D187515-332%26name%3Dmeek+mill+watches HTTP/1.1" 200 21328 "-" "Mozilla/5.0 (Linux; Android 6.0.1; Nexus 5X Build/MMB29P) AppleWebKit/537.36 (KHTML, like Gecko) Chrome/137.0.7151.103 Mobile Safari/537.36 (compatible; Googlebot/2.1; +http://www.google.com/bot.html)"
66.249.64.132 - - [12/Jul/2025:13:52:34 +0000] "GET /?f=5830896011490&mod=36b4d177&uri=brands.php%3Fid%3D194718-339%26name%3Dzapatos+skechers+ultra+flex+uruguay HTTP/1.1" 200 21249 "-" "Mozilla/5.0 (Linux; Android 6.0.1; Nexus 5X Build/MMB29P) AppleWebKit/537.36 (KHTML, like Gecko) Chrome/137.0.7151.103 Mobile Safari/537.36 (compatible; Googlebot/2.1; +http://www.google.com/bot.html)"
66.249.64.132 - - [12/Jul/2025:13:52:51 +0000] "POST /get-message-notify HTTP/1.1" 200 21383 "https://onlycnc.com.au/?f=5830896011490&mod=36b4d177&uri=brands.php%3Fid%3D194718-339%26name%3Dzapatos+skechers+ultra+flex+uruguay" "Mozilla/5.0 (Linux; Android 6.0.1; Nexus 5X Build/MMB29P) AppleWebKit/537.36 (KHTML, like Gecko) Chrome/137.0.7151.119 Mobile Safari/537.36 (compatible; Googlebot/2.1; +http://www.google.com/bot.html)"
51.222.253.16 - - [12/Jul/2025:13:53:32 +0000] "GET /?f=14506652041490&mod=6762c47d&uri=itm.php%3Fid%3D484331-617%26name%3Dkathmandu+winterburn+jacket HTTP/1.1" 301 - "-" "Mozilla/5.0 (compatible; AhrefsBot/7.0; +http://ahrefs.com/robot/)"
66.249.64.128 - - [12/Jul/2025:13:53:37 +0000] "GET /?f=5616814001490&mod=b4aaa9db&uri=product.php%3Fid%3D187534-332%26name%3Dmor+lover+mast+aaye HTTP/1.1" 200 21980 "-" "Mozilla/5.0 (Linux; Android 6.0.1; Nexus 5X Build/MMB29P) AppleWebKit/537.36 (KHTML, like Gecko) Chrome/137.0.7151.103 Mobile Safari/537.36 (compatible; Googlebot/2.1; +http://www.google.com/bot.html)"
66.249.64.132 - - [12/Jul/2025:13:54:12 +0000] "GET /?f=111309518001490&mod=fdd99e1f&uri=pin.php%3Fid%3D3714767-363%26name%3Dbeyonce+keychain HTTP/1.1" 200 20676 "-" "Mozilla/5.0 (Linux; Android 6.0.1; Nexus 5X Build/MMB29P) AppleWebKit/537.36 (KHTML, like Gecko) Chrome/137.0.7151.103 Mobile Safari/537.36 (compatible; Googlebot/2.1; +http://www.google.com/bot.html)"
66.249.64.129 - - [12/Jul/2025:13:55:17 +0000] "GET /?f=54208286021490&mod=e24a7e4c&uri=us.php%3Fid%3D1808981-310%26name%3Dgtx+1650s+vs+1060 HTTP/1.1" 200 21591 "-" "Mozilla/5.0 (Linux; Android 6.0.1; Nexus 5X Build/MMB29P) AppleWebKit/537.36 (KHTML, like Gecko) Chrome/137.0.7151.103 Mobile Safari/537.36 (compatible; Googlebot/2.1; +http://www.google.com/bot.html)"
66.249.64.128 - - [12/Jul/2025:13:55:32 +0000] "GET /?f=54508923001490&mod=4b998d4f&uri=form.php%3Fid%3D1819019-791%26name%3Dparfumedream HTTP/1.1" 200 22274 "-" "Mozilla/5.0 (Linux; Android 6.0.1; Nexus 5X Build/MMB29P) AppleWebKit/537.36 (KHTML, like Gecko) Chrome/137.0.7151.103 Mobile Safari/537.36 (compatible; Googlebot/2.1; +http://www.google.com/bot.html)"
66.249.64.132 - - [12/Jul/2025:13:55:43 +0000] "GET /?f=31673544021490&mod=5fedcaff&uri=products.php%3Fid%3D1057151-79%26name%3Dtv+show+similar+to+virgin+river HTTP/1.1" 200 22165 "-" "Mozilla/5.0 (Linux; Android 6.0.1; Nexus 5X Build/MMB29P) AppleWebKit/537.36 (KHTML, like Gecko) Chrome/137.0.7151.103 Mobile Safari/537.36 (compatible; Googlebot/2.1; +http://www.google.com/bot.html)"
66.249.64.132 - - [12/Jul/2025:13:55:46 +0000] "POST /get-message-notify HTTP/1.1" 200 21402 "https://onlycnc.com.au/?f=54508923001490&mod=4b998d4f&uri=form.php%3Fid%3D1819019-791%26name%3Dparfumedream" "Mozilla/5.0 (Linux; Android 6.0.1; Nexus 5X Build/MMB29P) AppleWebKit/537.36 (KHTML, like Gecko) Chrome/137.0.7151.119 Mobile Safari/537.36 (compatible; Googlebot/2.1; +http://www.google.com/bot.html)"
66.249.64.132 - - [12/Jul/2025:13:55:54 +0000] "GET /?f=54329408031490&mod=0672911f&uri=shop.php%3Fid%3D1813024-688%26name%3Doffwhite+schuhe+nike HTTP/1.1" 200 21001 "-" "Mozilla/5.0 (Linux; Android 6.0.1; Nexus 5X Build/MMB29P) AppleWebKit/537.36 (KHTML, like Gecko) Chrome/137.0.7151.103 Mobile Safari/537.36 (compatible; Googlebot/2.1; +http://www.google.com/bot.html)"
66.249.64.129 - - [12/Jul/2025:13:56:06 +0000] "GET /?f=45662644001490&mod=cdbe7ddc&uri=category-info.php%3Fid%3D1523897-387%26name%3Dbarbell+hiit+workout HTTP/1.1" 200 22108 "-" "Mozilla/5.0 (Linux; Android 6.0.1; Nexus 5X Build/MMB29P) AppleWebKit/537.36 (KHTML, like Gecko) Chrome/137.0.7151.103 Mobile Safari/537.36 (compatible; Googlebot/2.1; +http://www.google.com/bot.html)"
66.249.64.132 - - [12/Jul/2025:13:56:42 +0000] "POST /get-message-notify HTTP/1.1" 200 21394 "https://onlycnc.com.au/?f=31673544021490&mod=5fedcaff&uri=products.php%3Fid%3D1057151-79%26name%3Dtv+show+similar+to+virgin+river" "Mozilla/5.0 (Linux; Android 6.0.1; Nexus 5X Build/MMB29P) AppleWebKit/537.36 (KHTML, like Gecko) Chrome/137.0.7151.119 Mobile Safari/537.36 (compatible; Googlebot/2.1; +http://www.google.com/bot.html)"
66.249.64.132 - - [12/Jul/2025:13:56:59 +0000] "GET /?f=119327033021490&mod=96de2547&uri=info.php%3Fid%3D3982309-16%26name%3Dhigh+waisted+shorts+for+tweens HTTP/1.1" 200 20761 "-" "Mozilla/5.0 (Linux; Android 6.0.1; Nexus 5X Build/MMB29P) AppleWebKit/537.36 (KHTML, like Gecko) Chrome/137.0.7151.103 Mobile Safari/537.36 (compatible; Googlebot/2.1; +http://www.google.com/bot.html)"
66.249.64.132 - - [12/Jul/2025:13:57:37 +0000] "GET /?f=5601668051490&mod=b4aaa9db&uri=shared.php%3Fid%3D187010-332%26name%3Dfitbit+google+buyout HTTP/1.1" 200 21825 "-" "Mozilla/5.0 (Linux; Android 6.0.1; Nexus 5X Build/MMB29P) AppleWebKit/537.36 (KHTML, like Gecko) Chrome/137.0.7151.103 Mobile Safari/537.36 (compatible; Googlebot/2.1; +http://www.google.com/bot.html)"
66.249.64.132 - - [12/Jul/2025:13:57:48 +0000] "POST /get-message-notify HTTP/1.1" 200 21392 "https://onlycnc.com.au/?f=5601668051490&mod=b4aaa9db&uri=shared.php%3Fid%3D187010-332%26name%3Dfitbit+google+buyout" "Mozilla/5.0 (Linux; Android 6.0.1; Nexus 5X Build/MMB29P) AppleWebKit/537.36 (KHTML, like Gecko) Chrome/137.0.7151.119 Mobile Safari/537.36 (compatible; Googlebot/2.1; +http://www.google.com/bot.html)"
66.249.64.129 - - [12/Jul/2025:13:58:59 +0000] "GET /?f=31979387031490&mod=2ac82abf&uri=search.php%3Fid%3D1067356-142%26name%3Dgb+shoes+near+me HTTP/1.1" 200 22152 "-" "Mozilla/5.0 (Linux; Android 6.0.1; Nexus 5X Build/MMB29P) AppleWebKit/537.36 (KHTML, like Gecko) Chrome/137.0.7151.103 Mobile Safari/537.36 (compatible; Googlebot/2.1; +http://www.google.com/bot.html)"
66.249.64.132 - - [12/Jul/2025:13:59:12 +0000] "GET /?f=5718855051490&mod=06524331&uri=info.php%3Fid%3D190966-334%26name%3Dkumkum+bhagya+27+nov+2021 HTTP/1.1" 200 21919 "-" "Mozilla/5.0 (Linux; Android 6.0.1; Nexus 5X Build/MMB29P) AppleWebKit/537.36 (KHTML, like Gecko) Chrome/137.0.7151.103 Mobile Safari/537.36 (compatible; Googlebot/2.1; +http://www.google.com/bot.html)"
66.249.64.132 - - [12/Jul/2025:13:59:19 +0000] "GET /?f=54325839121490&mod=0672911f&uri=blog.php%3Fid%3D1812905-688%26name%3Dnike+air+force+damen+vintage HTTP/1.1" 200 20851 "-" "Mozilla/5.0 (Linux; Android 6.0.1; Nexus 5X Build/MMB29P) AppleWebKit/537.36 (KHTML, like Gecko) Chrome/137.0.7151.103 Mobile Safari/537.36 (compatible; Googlebot/2.1; +http://www.google.com/bot.html)"
66.249.64.132 - - [12/Jul/2025:13:59:25 +0000] "POST /get-message-notify HTTP/1.1" 200 21390 "https://onlycnc.com.au/?f=54325839121490&mod=0672911f&uri=blog.php%3Fid%3D1812905-688%26name%3Dnike+air+force+damen+vintage" "Mozilla/5.0 (Linux; Android 6.0.1; Nexus 5X Build/MMB29P) AppleWebKit/537.36 (KHTML, like Gecko) Chrome/137.0.7151.119 Mobile Safari/537.36 (compatible; Googlebot/2.1; +http://www.google.com/bot.html)"
66.249.64.132 - - [12/Jul/2025:13:59:28 +0000] "POST /get-message-notify HTTP/1.1" 200 21377 "https://onlycnc.com.au/?f=5718855051490&mod=06524331&uri=info.php%3Fid%3D190966-334%26name%3Dkumkum+bhagya+27+nov+2021" "Mozilla/5.0 (Linux; Android 6.0.1; Nexus 5X Build/MMB29P) AppleWebKit/537.36 (KHTML, like Gecko) Chrome/137.0.7151.119 Mobile Safari/537.36 (compatible; Googlebot/2.1; +http://www.google.com/bot.html)"
66.249.64.132 - - [12/Jul/2025:13:59:29 +0000] "GET /?f=5748927071490&mod=8f561e4c&uri=info.php%3Fid%3D191984-335%26name%3Dkirby+allies+review HTTP/1.1" 200 21777 "-" "Mozilla/5.0 (Linux; Android 6.0.1; Nexus 5X Build/MMB29P) AppleWebKit/537.36 (KHTML, like Gecko) Chrome/137.0.7151.103 Mobile Safari/537.36 (compatible; Googlebot/2.1; +http://www.google.com/bot.html)"
209.74.77.214 - - [12/Jul/2025:13:59:38 +0000] "POST /wp-cron.php?doing_wp_cron=1752328778.9441308975219726562500 HTTP/1.1" 200 - "-" "WordPress/6.8.1; https://onlycnc.com.au"
51.222.253.3 - - [12/Jul/2025:13:59:38 +0000] "GET /?f=15926476061490&mod=34390147&uri=info.php%3Fid%3D531696-419%26name%3Dmacys+ropa+mujer HTTP/1.1" 301 - "-" "Mozilla/5.0 (compatible; AhrefsBot/7.0; +http://ahrefs.com/robot/)"
66.249.64.132 - - [12/Jul/2025:13:59:46 +0000] "POST /get-message-notify HTTP/1.1" 200 21386 "https://onlycnc.com.au/?f=31979387031490&mod=2ac82abf&uri=search.php%3Fid%3D1067356-142%26name%3Dgb+shoes+near+me" "Mozilla/5.0 (Linux; Android 6.0.1; Nexus 5X Build/MMB29P) AppleWebKit/537.36 (KHTML, like Gecko) Chrome/137.0.7151.119 Mobile Safari/537.36 (compatible; Googlebot/2.1; +http://www.google.com/bot.html)"
66.249.64.132 - - [12/Jul/2025:13:59:58 +0000] "GET /?f=5689470051490&mod=ab33c4de&uri=category-info.php%3Fid%3D189970-308%26name%3Ddodger+hoodie+world+series HTTP/1.1" 200 22081 "-" "Mozilla/5.0 (Linux; Android 6.0.1; Nexus 5X Build/MMB29P) AppleWebKit/537.36 (KHTML, like Gecko) Chrome/137.0.7151.103 Mobile Safari/537.36 (compatible; Googlebot/2.1; +http://www.google.com/bot.html)"
66.249.64.129 - - [12/Jul/2025:14:00:03 +0000] "POST /get-message-notify HTTP/1.1" 200 21380 "https://onlycnc.com.au/?f=5689470051490&mod=ab33c4de&uri=category-info.php%3Fid%3D189970-308%26name%3Ddodger+hoodie+world+series" "Mozilla/5.0 (Linux; Android 6.0.1; Nexus 5X Build/MMB29P) AppleWebKit/537.36 (KHTML, like Gecko) Chrome/137.0.7151.119 Mobile Safari/537.36 (compatible; Googlebot/2.1; +http://www.google.com/bot.html)"
66.249.64.128 - - [12/Jul/2025:14:00:29 +0000] "GET /?f=5600224011490&mod=798b4516&uri=pin.php%3Fid%3D186960-330%26name%3Dnest+thermostat+w2+wire HTTP/1.1" 200 21657 "-" "Mozilla/5.0 (Linux; Android 6.0.1; Nexus 5X Build/MMB29P) AppleWebKit/537.36 (KHTML, like Gecko) Chrome/137.0.7151.103 Mobile Safari/537.36 (compatible; Googlebot/2.1; +http://www.google.com/bot.html)"
66.249.64.132 - - [12/Jul/2025:14:01:10 +0000] "GET /?f=5606046011490&mod=b4aaa9db&uri=products.php%3Fid%3D187160-332%26name%3Dsambalpuri+ruku+suna HTTP/1.1" 200 22105 "-" "Mozilla/5.0 (Linux; Android 6.0.1; Nexus 5X Build/MMB29P) AppleWebKit/537.36 (KHTML, like Gecko) Chrome/137.0.7151.103 Mobile Safari/537.36 (compatible; Googlebot/2.1; +http://www.google.com/bot.html)"
66.249.64.128 - - [12/Jul/2025:14:02:32 +0000] "GET /?f=64313776071490&mod=2e0a7919&uri=pin.php%3Fid%3D2146204-143%26name%3Dblack+and+white+ruffle+top HTTP/1.1" 200 21559 "-" "Mozilla/5.0 (Linux; Android 6.0.1; Nexus 5X Build/MMB29P) AppleWebKit/537.36 (KHTML, like Gecko) Chrome/137.0.7151.103 Mobile Safari/537.36 (compatible; Googlebot/2.1; +http://www.google.com/bot.html)"
66.249.64.128 - - [12/Jul/2025:14:02:43 +0000] "GET /?f=5697297021490&mod=ab33c4de&uri=blog.php%3Fid%3D190231-308%26name%3Dmotocross+sweatshirt HTTP/1.1" 200 22506 "-" "Mozilla/5.0 (Linux; Android 6.0.1; Nexus 5X Build/MMB29P) AppleWebKit/537.36 (KHTML, like Gecko) Chrome/137.0.7151.103 Mobile Safari/537.36 (compatible; Googlebot/2.1; +http://www.google.com/bot.html)"
66.249.64.128 - - [12/Jul/2025:14:02:46 +0000] "GET /?f=54207116131490&mod=e24a7e4c&uri=form.php%3Fid%3D1808942-310%26name%3Dmsi+mag+b550m+mortar+wifi+am4 HTTP/1.1" 200 21589 "-" "Mozilla/5.0 (Linux; Android 6.0.1; Nexus 5X Build/MMB29P) AppleWebKit/537.36 (KHTML, like Gecko) Chrome/137.0.7151.103 Mobile Safari/537.36 (compatible; Googlebot/2.1; +http://www.google.com/bot.html)"
66.249.64.132 - - [12/Jul/2025:14:02:56 +0000] "GET /?f=5967365021490&mod=15afbdff&uri=news.php%3Fid%3D199271-345%26name%3Dchaqueta+snow+billabong+mujer HTTP/1.1" 200 21047 "-" "Mozilla/5.0 (Linux; Android 6.0.1; Nexus 5X Build/MMB29P) AppleWebKit/537.36 (KHTML, like Gecko) Chrome/137.0.7151.103 Mobile Safari/537.36 (compatible; Googlebot/2.1; +http://www.google.com/bot.html)"
66.249.64.129 - - [12/Jul/2025:14:03:03 +0000] "POST /get-message-notify HTTP/1.1" 200 21396 "https://onlycnc.com.au/?f=5967365021490&mod=15afbdff&uri=news.php%3Fid%3D199271-345%26name%3Dchaqueta+snow+billabong+mujer" "Mozilla/5.0 (Linux; Android 6.0.1; Nexus 5X Build/MMB29P) AppleWebKit/537.36 (KHTML, like Gecko) Chrome/137.0.7151.119 Mobile Safari/537.36 (compatible; Googlebot/2.1; +http://www.google.com/bot.html)"
66.249.64.132 - - [12/Jul/2025:14:03:56 +0000] "GET /?f=31831177001490&mod=5fb0c358&uri=pin.php%3Fid%3D1062410-165%26name%3Dwhite+jacket+near+me HTTP/1.1" 200 21951 "-" "Mozilla/5.0 (Linux; Android 6.0.1; Nexus 5X Build/MMB29P) AppleWebKit/537.36 (KHTML, like Gecko) Chrome/137.0.7151.103 Mobile Safari/537.36 (compatible; Googlebot/2.1; +http://www.google.com/bot.html)"
66.249.64.132 - - [12/Jul/2025:14:04:02 +0000] "POST /get-message-notify HTTP/1.1" 200 21399 "https://onlycnc.com.au/?f=31831177001490&mod=5fb0c358&uri=pin.php%3Fid%3D1062410-165%26name%3Dwhite+jacket+near+me" "Mozilla/5.0 (Linux; Android 6.0.1; Nexus 5X Build/MMB29P) AppleWebKit/537.36 (KHTML, like Gecko) Chrome/137.0.7151.119 Mobile Safari/537.36 (compatible; Googlebot/2.1; +http://www.google.com/bot.html)"
66.249.64.132 - - [12/Jul/2025:14:04:34 +0000] "GET /?f=31724774011490&mod=4680faf6&uri=brands.php%3Fid%3D1058862-1007%26name%3Dall+star+chameleon+1s HTTP/1.1" 200 20989 "-" "Mozilla/5.0 (Linux; Android 6.0.1; Nexus 5X Build/MMB29P) AppleWebKit/537.36 (KHTML, like Gecko) Chrome/137.0.7151.103 Mobile Safari/537.36 (compatible; Googlebot/2.1; +http://www.google.com/bot.html)"
66.249.64.132 - - [12/Jul/2025:14:04:41 +0000] "GET /?f=119346203011490&mod=e88c32fb&uri=form.php%3Fid%3D3982948-824%26name%3Dpie+pan HTTP/1.1" 200 21383 "-" "Mozilla/5.0 (Linux; Android 6.0.1; Nexus 5X Build/MMB29P) AppleWebKit/537.36 (KHTML, like Gecko) Chrome/137.0.7151.103 Mobile Safari/537.36 (compatible; Googlebot/2.1; +http://www.google.com/bot.html)"
51.222.253.2 - - [12/Jul/2025:14:05:10 +0000] "GET /?f=18029965011490&mod=1cbfa9c8&uri=info.php%3Fid%3D601877-492%26name%3Dhow+much+is+nadal%27s+watch+worth HTTP/1.1" 301 - "-" "Mozilla/5.0 (compatible; AhrefsBot/7.0; +http://ahrefs.com/robot/)"
66.249.64.128 - - [12/Jul/2025:14:05:20 +0000] "GET /?f=5580942111490&mod=5d4c7bf4&uri=dp.php%3Fid%3D186313-331%26name%3Dnike+joyride+running+shoes+white HTTP/1.1" 200 21119 "-" "Mozilla/5.0 (Linux; Android 6.0.1; Nexus 5X Build/MMB29P) AppleWebKit/537.36 (KHTML, like Gecko) Chrome/137.0.7151.103 Mobile Safari/537.36 (compatible; Googlebot/2.1; +http://www.google.com/bot.html)"
66.249.64.129 - - [12/Jul/2025:14:05:55 +0000] "GET /?f=31992347011490&mod=d3036eaa&uri=form.php%3Fid%3D1067788-208%26name%3Dfilm+iso+3200 HTTP/1.1" 200 22305 "-" "Mozilla/5.0 (Linux; Android 6.0.1; Nexus 5X Build/MMB29P) AppleWebKit/537.36 (KHTML, like Gecko) Chrome/137.0.7151.103 Mobile Safari/537.36 (compatible; Googlebot/2.1; +http://www.google.com/bot.html)"
66.249.64.128 - - [12/Jul/2025:14:06:06 +0000] "GET /?f=5649721071490&mod=3f6ef69d&uri=form.php%3Fid%3D188644-315%26name%3Duhren+um+1000+euro HTTP/1.1" 200 21067 "-" "Mozilla/5.0 (Linux; Android 6.0.1; Nexus 5X Build/MMB29P) AppleWebKit/537.36 (KHTML, like Gecko) Chrome/137.0.7151.103 Mobile Safari/537.36 (compatible; Googlebot/2.1; +http://www.google.com/bot.html)"
66.249.64.132 - - [12/Jul/2025:14:06:25 +0000] "GET /?f=5807588031490&mod=bb2dac5c&uri=product.php%3Fid%3D193940-337%26name%3Dropa+juvenil+para+mujer+shein HTTP/1.1" 200 20383 "-" "Mozilla/5.0 (Linux; Android 6.0.1; Nexus 5X Build/MMB29P) AppleWebKit/537.36 (KHTML, like Gecko) Chrome/137.0.7151.103 Mobile Safari/537.36 (compatible; Googlebot/2.1; +http://www.google.com/bot.html)"
66.249.64.132 - - [12/Jul/2025:14:07:25 +0000] "GET /?f=5687070031490&mod=2461d182&uri=blog.php%3Fid%3D189890-333%26name%3Djewelry+store+mayfair+mall HTTP/1.1" 200 22360 "-" "Mozilla/5.0 (Linux; Android 6.0.1; Nexus 5X Build/MMB29P) AppleWebKit/537.36 (KHTML, like Gecko) Chrome/137.0.7151.103 Mobile Safari/537.36 (compatible; Googlebot/2.1; +http://www.google.com/bot.html)"
66.249.64.129 - - [12/Jul/2025:14:07:31 +0000] "POST /get-message-notify HTTP/1.1" 200 21388 "https://onlycnc.com.au/?f=5687070031490&mod=2461d182&uri=blog.php%3Fid%3D189890-333%26name%3Djewelry+store+mayfair+mall" "Mozilla/5.0 (Linux; Android 6.0.1; Nexus 5X Build/MMB29P) AppleWebKit/537.36 (KHTML, like Gecko) Chrome/137.0.7151.119 Mobile Safari/537.36 (compatible; Googlebot/2.1; +http://www.google.com/bot.html)"
66.249.64.128 - - [12/Jul/2025:14:08:04 +0000] "GET /?f=54286157041490&mod=f9beb1e8&uri=pin.php%3Fid%3D1811579-37%26name%3Dnew+look+tasche HTTP/1.1" 200 22146 "-" "Mozilla/5.0 (Linux; Android 6.0.1; Nexus 5X Build/MMB29P) AppleWebKit/537.36 (KHTML, like Gecko) Chrome/137.0.7151.103 Mobile Safari/537.36 (compatible; Googlebot/2.1; +http://www.google.com/bot.html)"
66.249.64.129 - - [12/Jul/2025:14:08:12 +0000] "POST /get-message-notify HTTP/1.1" 200 21408 "https://onlycnc.com.au/?f=54286157041490&mod=f9beb1e8&uri=pin.php%3Fid%3D1811579-37%26name%3Dnew+look+tasche" "Mozilla/5.0 (Linux; Android 6.0.1; Nexus 5X Build/MMB29P) AppleWebKit/537.36 (KHTML, like Gecko) Chrome/137.0.7151.119 Mobile Safari/537.36 (compatible; Googlebot/2.1; +http://www.google.com/bot.html)"
66.249.64.128 - - [12/Jul/2025:14:09:22 +0000] "GET /?f=31759874051490&mod=80ebd641&uri=form.php%3Fid%3D1060032-1003%26name%3Dkyrie+violet HTTP/1.1" 200 21555 "-" "Mozilla/5.0 (Linux; Android 6.0.1; Nexus 5X Build/MMB29P) AppleWebKit/537.36 (KHTML, like Gecko) Chrome/137.0.7151.103 Mobile Safari/537.36 (compatible; Googlebot/2.1; +http://www.google.com/bot.html)"
66.249.64.132 - - [12/Jul/2025:14:09:27 +0000] "GET /?f=31688564001490&mod=9b9abef7&uri=shared.php%3Fid%3D1057653-475%26name%3Del+horario+y+el+minutero+de+un+reloj+miden+respectivamente+y+cm HTTP/1.1" 200 20227 "-" "Mozilla/5.0 (Linux; Android 6.0.1; Nexus 5X Build/MMB29P) AppleWebKit/537.36 (KHTML, like Gecko) Chrome/137.0.7151.103 Mobile Safari/537.36 (compatible; Googlebot/2.1; +http://www.google.com/bot.html)"
66.249.64.132 - - [12/Jul/2025:14:09:33 +0000] "POST /get-message-notify HTTP/1.1" 200 21381 "https://onlycnc.com.au/?f=31759874051490&mod=80ebd641&uri=form.php%3Fid%3D1060032-1003%26name%3Dkyrie+violet" "Mozilla/5.0 (Linux; Android 6.0.1; Nexus 5X Build/MMB29P) AppleWebKit/537.36 (KHTML, like Gecko) Chrome/137.0.7151.119 Mobile Safari/537.36 (compatible; Googlebot/2.1; +http://www.google.com/bot.html)"
66.249.64.132 - - [12/Jul/2025:14:09:38 +0000] "GET /?f=5654751011490&mod=bbaca7ef&uri=shop.php%3Fid%3D188812-309%26name%3Dzotac+geforce+gtx+1080+founders+edition+nvidia HTTP/1.1" 200 22327 "-" "Mozilla/5.0 (Linux; Android 6.0.1; Nexus 5X Build/MMB29P) AppleWebKit/537.36 (KHTML, like Gecko) Chrome/137.0.7151.103 Mobile Safari/537.36 (compatible; Googlebot/2.1; +http://www.google.com/bot.html)"
66.249.64.129 - - [12/Jul/2025:14:09:42 +0000] "POST /get-message-notify HTTP/1.1" 200 21391 "https://onlycnc.com.au/?f=31688564001490&mod=9b9abef7&uri=shared.php%3Fid%3D1057653-475%26name%3Del+horario+y+el+minutero+de+un+reloj+miden+respectivamente+y+cm" "Mozilla/5.0 (Linux; Android 6.0.1; Nexus 5X Build/MMB29P) AppleWebKit/537.36 (KHTML, like Gecko) Chrome/137.0.7151.119 Mobile Safari/537.36 (compatible; Googlebot/2.1; +http://www.google.com/bot.html)"
66.249.64.128 - - [12/Jul/2025:14:10:05 +0000] "GET /?f=79184153031490&mod=a35ebba5&uri=search.php%3Fid%3D2642474-1498%26name%3D2019+chevrolet+silverado+midnight+edition HTTP/1.1" 200 21452 "-" "Mozilla/5.0 (Linux; Android 6.0.1; Nexus 5X Build/MMB29P) AppleWebKit/537.36 (KHTML, like Gecko) Chrome/137.0.7151.103 Mobile Safari/537.36 (compatible; Googlebot/2.1; +http://www.google.com/bot.html)"
66.249.64.132 - - [12/Jul/2025:14:10:13 +0000] "POST /get-message-notify HTTP/1.1" 200 21395 "https://onlycnc.com.au/?f=79184153031490&mod=a35ebba5&uri=search.php%3Fid%3D2642474-1498%26name%3D2019+chevrolet+silverado+midnight+edition" "Mozilla/5.0 (Linux; Android 6.0.1; Nexus 5X Build/MMB29P) AppleWebKit/537.36 (KHTML, like Gecko) Chrome/137.0.7151.119 Mobile Safari/537.36 (compatible; Googlebot/2.1; +http://www.google.com/bot.html)"
216.73.216.233 - - [12/Jul/2025:14:11:09 +0000] "GET /robots.txt HTTP/1.1" 200 84 "-" "Mozilla/5.0 AppleWebKit/537.36 (KHTML, like Gecko; compatible; ClaudeBot/1.0; [email protected])"
216.73.216.233 - - [12/Jul/2025:14:11:09 +0000] "GET /sitemap.xml HTTP/1.1" 200 67027 "-" "Mozilla/5.0 AppleWebKit/537.36 (KHTML, like Gecko; compatible; ClaudeBot/1.0; [email protected])"
51.222.253.20 - - [12/Jul/2025:14:11:12 +0000] "GET /?f=20838877001490&mod=54d1aa14&uri=form.php%3Fid%3D695608-772%26name%3Dash+balenciaga HTTP/1.1" 301 - "-" "Mozilla/5.0 (compatible; AhrefsBot/7.0; +http://ahrefs.com/robot/)"
66.249.64.132 - - [12/Jul/2025:14:13:18 +0000] "GET /?f=31976717021490&mod=2ac82abf&uri=goods.php%3Fid%3D1067267-142%26name%3Dcactus+air+max+27 HTTP/1.1" 200 22334 "-" "Mozilla/5.0 (Linux; Android 6.0.1; Nexus 5X Build/MMB29P) AppleWebKit/537.36 (KHTML, like Gecko) Chrome/137.0.7151.103 Mobile Safari/537.36 (compatible; Googlebot/2.1; +http://www.google.com/bot.html)"
66.249.64.132 - - [12/Jul/2025:14:13:24 +0000] "GET /?f=5695737041490&mod=2461d182&uri=dp.php%3Fid%3D190179-333%26name%3Dsterling+silver+heart+band+ring HTTP/1.1" 200 21865 "-" "Mozilla/5.0 (Linux; Android 6.0.1; Nexus 5X Build/MMB29P) AppleWebKit/537.36 (KHTML, like Gecko) Chrome/137.0.7151.103 Mobile Safari/537.36 (compatible; Googlebot/2.1; +http://www.google.com/bot.html)"
66.249.64.128 - - [12/Jul/2025:14:13:51 +0000] "GET /?f=5959031011490&mod=9cecbb6f&uri=goods.php%3Fid%3D198993-344%26name%3Dpayless+alabang+town+center HTTP/1.1" 200 21536 "-" "Mozilla/5.0 (Linux; Android 6.0.1; Nexus 5X Build/MMB29P) AppleWebKit/537.36 (KHTML, like Gecko) Chrome/137.0.7151.103 Mobile Safari/537.36 (compatible; Googlebot/2.1; +http://www.google.com/bot.html)"
66.249.64.132 - - [12/Jul/2025:14:14:01 +0000] "GET /?f=31725764021490&mod=ab88830c&uri=brands.php%3Fid%3D1058895-462%26name%3Dgpd+xd+plus HTTP/1.1" 200 21774 "-" "Mozilla/5.0 (Linux; Android 6.0.1; Nexus 5X Build/MMB29P) AppleWebKit/537.36 (KHTML, like Gecko) Chrome/137.0.7151.103 Mobile Safari/537.36 (compatible; Googlebot/2.1; +http://www.google.com/bot.html)"
66.249.64.129 - - [12/Jul/2025:14:16:30 +0000] "GET /?f=32008277061490&mod=d3036eaa&uri=shop.php%3Fid%3D1068319-208%26name%3Dnikon+coolpix+l110+accessories HTTP/1.1" 200 21598 "-" "Mozilla/5.0 (Linux; Android 6.0.1; Nexus 5X Build/MMB29P) AppleWebKit/537.36 (KHTML, like Gecko) Chrome/137.0.7151.103 Mobile Safari/537.36 (compatible; Googlebot/2.1; +http://www.google.com/bot.html)"
66.249.64.128 - - [12/Jul/2025:14:16:42 +0000] "GET /?f=5648611001490&mod=3f6ef69d&uri=goods.php%3Fid%3D188607-315%26name%3Dmadison+new+york+quartz HTTP/1.1" 200 21644 "-" "Mozilla/5.0 (Linux; Android 6.0.1; Nexus 5X Build/MMB29P) AppleWebKit/537.36 (KHTML, like Gecko) Chrome/137.0.7151.103 Mobile Safari/537.36 (compatible; Googlebot/2.1; +http://www.google.com/bot.html)"
66.249.64.129 - - [12/Jul/2025:14:16:57 +0000] "GET /?f=5958461071490&mod=9cecbb6f&uri=us.php%3Fid%3D198974-344%26name%3Dbrea+shoes HTTP/1.1" 200 21982 "-" "Mozilla/5.0 (Linux; Android 6.0.1; Nexus 5X Build/MMB29P) AppleWebKit/537.36 (KHTML, like Gecko) Chrome/137.0.7151.103 Mobile Safari/537.36 (compatible; Googlebot/2.1; +http://www.google.com/bot.html)"
66.249.64.128 - - [12/Jul/2025:14:17:02 +0000] "POST /get-message-notify HTTP/1.1" 200 21377 "https://onlycnc.com.au/?f=32008277061490&mod=d3036eaa&uri=shop.php%3Fid%3D1068319-208%26name%3Dnikon+coolpix+l110+accessories" "Mozilla/5.0 (Linux; Android 6.0.1; Nexus 5X Build/MMB29P) AppleWebKit/537.36 (KHTML, like Gecko) Chrome/137.0.7151.119 Mobile Safari/537.36 (compatible; Googlebot/2.1; +http://www.google.com/bot.html)"
51.222.253.19 - - [12/Jul/2025:14:17:35 +0000] "GET /?f=21235940031490&mod=8c19489d&uri=article.php%3Fid%3D708852-786%26name%3Dducati+blundstone+boots HTTP/1.1" 301 - "-" "Mozilla/5.0 (compatible; AhrefsBot/7.0; +http://ahrefs.com/robot/)"
66.249.64.132 - - [12/Jul/2025:14:18:44 +0000] "GET /?f=54204118071490&mod=e24a7e4c&uri=shared.php%3Fid%3D1808842-310%26name%3Dbest+msi+b550+motherboard HTTP/1.1" 200 21338 "-" "Mozilla/5.0 (Linux; Android 6.0.1; Nexus 5X Build/MMB29P) AppleWebKit/537.36 (KHTML, like Gecko) Chrome/137.0.7151.103 Mobile Safari/537.36 (compatible; Googlebot/2.1; +http://www.google.com/bot.html)"
66.249.64.129 - - [12/Jul/2025:14:20:03 +0000] "GET /?f=31874806041490&mod=4367fac1&uri=shop.php%3Fid%3D1063867-287%26name%3Dmanfrotto+323+rc2 HTTP/1.1" 200 22375 "-" "Mozilla/5.0 (Linux; Android 6.0.1; Nexus 5X Build/MMB29P) AppleWebKit/537.36 (KHTML, like Gecko) Chrome/137.0.7151.103 Mobile Safari/537.36 (compatible; Googlebot/2.1; +http://www.google.com/bot.html)"
66.249.64.132 - - [12/Jul/2025:14:20:24 +0000] "GET /?f=5684340111490&mod=2461d182&uri=itm.php%3Fid%3D189799-333%26name%3Ddog+tag+women%27s+jewelry HTTP/1.1" 200 20464 "-" "Mozilla/5.0 (Linux; Android 6.0.1; Nexus 5X Build/MMB29P) AppleWebKit/537.36 (KHTML, like Gecko) Chrome/137.0.7151.103 Mobile Safari/537.36 (compatible; Googlebot/2.1; +http://www.google.com/bot.html)"
66.249.64.132 - - [12/Jul/2025:14:21:23 +0000] "GET /?f=5817938041490&mod=55250fc7&uri=us.php%3Fid%3D194285-336%26name%3Dborse+fendi+usate+in+vendita HTTP/1.1" 200 21962 "-" "Mozilla/5.0 (Linux; Android 6.0.1; Nexus 5X Build/MMB29P) AppleWebKit/537.36 (KHTML, like Gecko) Chrome/137.0.7151.103 Mobile Safari/537.36 (compatible; Googlebot/2.1; +http://www.google.com/bot.html)"
51.222.253.6 - - [12/Jul/2025:14:22:03 +0000] "GET /?f=21755625051490&mod=aecd371f&uri=shared.php%3Fid%3D726182-797%26name%3Dboutique+maxi+dresses+plus+size HTTP/1.1" 301 - "-" "Mozilla/5.0 (compatible; AhrefsBot/7.0; +http://ahrefs.com/robot/)"
66.249.64.128 - - [12/Jul/2025:14:23:44 +0000] "GET /?f=54278245051490&mod=f9beb1e8&uri=blog.php%3Fid%3D1811314-37%26name%3Dbusiness+rucksack HTTP/1.1" 200 22002 "-" "Mozilla/5.0 (Linux; Android 6.0.1; Nexus 5X Build/MMB29P) AppleWebKit/537.36 (KHTML, like Gecko) Chrome/137.0.7151.103 Mobile Safari/537.36 (compatible; Googlebot/2.1; +http://www.google.com/bot.html)"
66.249.64.132 - - [12/Jul/2025:14:23:59 +0000] "GET /?f=31689192011490&mod=ba3d4749&uri=dp.php%3Fid%3D1057675-476%26name%3Dreloj+eipi+brytiago+precio HTTP/1.1" 200 21788 "-" "Mozilla/5.0 (Linux; Android 6.0.1; Nexus 5X Build/MMB29P) AppleWebKit/537.36 (KHTML, like Gecko) Chrome/137.0.7151.103 Mobile Safari/537.36 (compatible; Googlebot/2.1; +http://www.google.com/bot.html)"
66.249.64.128 - - [12/Jul/2025:14:24:41 +0000] "GET /?f=79033166091490&mod=8f561e4c&uri=news.php%3Fid%3D2637438-335%26name%3Dtheme+hospital+nintendo+switch HTTP/1.1" 200 20924 "-" "Mozilla/5.0 (Linux; Android 6.0.1; Nexus 5X Build/MMB29P) AppleWebKit/537.36 (KHTML, like Gecko) Chrome/137.0.7151.103 Mobile Safari/537.36 (compatible; Googlebot/2.1; +http://www.google.com/bot.html)"
66.249.64.132 - - [12/Jul/2025:14:25:13 +0000] "GET /?f=5749257061490&mod=8f561e4c&uri=blog.php%3Fid%3D191995-335%26name%3Dswitch+lite+cases+cute HTTP/1.1" 200 21830 "-" "Mozilla/5.0 (Linux; Android 6.0.1; Nexus 5X Build/MMB29P) AppleWebKit/537.36 (KHTML, like Gecko) Chrome/137.0.7151.103 Mobile Safari/537.36 (compatible; Googlebot/2.1; +http://www.google.com/bot.html)"
51.222.253.6 - - [12/Jul/2025:14:27:03 +0000] "GET /?f=21895147091490&mod=cd59de82&uri=brands.php%3Fid%3D730839-801%26name%3Dbershka+white+skort HTTP/1.1" 301 - "-" "Mozilla/5.0 (compatible; AhrefsBot/7.0; +http://ahrefs.com/robot/)"
66.249.64.132 - - [12/Jul/2025:14:27:18 +0000] "GET /?f=31894605021490&mod=4367fac1&uri=article.php%3Fid%3D1064527-287%26name%3Dcanon+48mm+t+ring HTTP/1.1" 200 21490 "-" "Mozilla/5.0 (Linux; Android 6.0.1; Nexus 5X Build/MMB29P) AppleWebKit/537.36 (KHTML, like Gecko) Chrome/137.0.7151.103 Mobile Safari/537.36 (compatible; Googlebot/2.1; +http://www.google.com/bot.html)"
66.249.64.128 - - [12/Jul/2025:14:27:51 +0000] "GET /?f=79091339141490&mod=ccc58dde&uri=article.php%3Fid%3D2639378-97%26name%3Daloha+totes HTTP/1.1" 200 21548 "-" "Mozilla/5.0 (Linux; Android 6.0.1; Nexus 5X Build/MMB29P) AppleWebKit/537.36 (KHTML, like Gecko) Chrome/137.0.7151.103 Mobile Safari/537.36 (compatible; Googlebot/2.1; +http://www.google.com/bot.html)"
66.249.64.132 - - [12/Jul/2025:14:27:55 +0000] "GET /?f=31687784131490&mod=9b9abef7&uri=form.php%3Fid%3D1057627-475%26name%3Dcaracter%C3%83%C2%ADsticas+smart+band HTTP/1.1" 200 20420 "-" "Mozilla/5.0 (Linux; Android 6.0.1; Nexus 5X Build/MMB29P) AppleWebKit/537.36 (KHTML, like Gecko) Chrome/137.0.7151.103 Mobile Safari/537.36 (compatible; Googlebot/2.1; +http://www.google.com/bot.html)"
66.249.64.128 - - [12/Jul/2025:14:28:56 +0000] "GET /?f=119348183071490&mod=e88c32fb&uri=article.php%3Fid%3D3983014-824%26name%3Dcrockery+shop+design HTTP/1.1" 200 20669 "-" "Mozilla/5.0 (Linux; Android 6.0.1; Nexus 5X Build/MMB29P) AppleWebKit/537.36 (KHTML, like Gecko) Chrome/137.0.7151.103 Mobile Safari/537.36 (compatible; Googlebot/2.1; +http://www.google.com/bot.html)"
66.249.64.129 - - [12/Jul/2025:14:30:17 +0000] "GET /?f=6280012131490&mod=2461d182&uri=article.php%3Fid%3D209756-333%26name%3Dkay+jewelers+graduation+necklace HTTP/1.1" 200 21513 "-" "Mozilla/5.0 (Linux; Android 6.0.1; Nexus 5X Build/MMB29P) AppleWebKit/537.36 (KHTML, like Gecko) Chrome/137.0.7151.103 Mobile Safari/537.36 (compatible; Googlebot/2.1; +http://www.google.com/bot.html)"
66.249.64.128 - - [12/Jul/2025:14:30:31 +0000] "GET /?f=5617589041490&mod=b4aaa9db&uri=dp.php%3Fid%3D187561-332%26name%3Dgarmin+fenix+6x+pro+refurbished HTTP/1.1" 200 21911 "-" "Mozilla/5.0 (Linux; Android 6.0.1; Nexus 5X Build/MMB29P) AppleWebKit/537.36 (KHTML, like Gecko) Chrome/137.0.7151.103 Mobile Safari/537.36 (compatible; Googlebot/2.1; +http://www.google.com/bot.html)"
66.249.64.129 - - [12/Jul/2025:14:30:50 +0000] "GET /?f=79065042041490&mod=676207dd&uri=blog.php%3Fid%3D2638501-454%26name%3Dninjago+only+one+can+remain HTTP/1.1" 200 22323 "-" "Mozilla/5.0 (Linux; Android 6.0.1; Nexus 5X Build/MMB29P) AppleWebKit/537.36 (KHTML, like Gecko) Chrome/137.0.7151.103 Mobile Safari/537.36 (compatible; Googlebot/2.1; +http://www.google.com/bot.html)"
66.249.64.132 - - [12/Jul/2025:14:32:10 +0000] "GET /?f=31723874041490&mod=4680faf6&uri=products.php%3Fid%3D1058832-1007%26name%3Dnike+air+jordan+retro+mid+marquette HTTP/1.1" 200 21249 "-" "Mozilla/5.0 (Linux; Android 6.0.1; Nexus 5X Build/MMB29P) AppleWebKit/537.36 (KHTML, like Gecko) Chrome/137.0.7151.103 Mobile Safari/537.36 (compatible; Googlebot/2.1; +http://www.google.com/bot.html)"
51.222.253.14 - - [12/Jul/2025:14:32:40 +0000] "GET /?f=22267873051490&mod=a60c71bd&uri=itm.php%3Fid%3D743274-246%26name%3Dreview+blink+xt+camera HTTP/1.1" 301 - "-" "Mozilla/5.0 (compatible; AhrefsBot/7.0; +http://ahrefs.com/robot/)"
66.249.64.129 - - [12/Jul/2025:14:33:53 +0000] "GET /?f=119351603011490&mod=e88c32fb&uri=pin.php%3Fid%3D3983128-824%26name%3Dfiesta+small+platter HTTP/1.1" 200 20630 "-" "Mozilla/5.0 (Linux; Android 6.0.1; Nexus 5X Build/MMB29P) AppleWebKit/537.36 (KHTML, like Gecko) Chrome/137.0.7151.103 Mobile Safari/537.36 (compatible; Googlebot/2.1; +http://www.google.com/bot.html)"
66.249.64.129 - - [12/Jul/2025:14:34:10 +0000] "GET /?f=5950331081490&mod=9cecbb6f&uri=shared.php%3Fid%3D198703-344%26name%3Ddaybreak+sneakers HTTP/1.1" 200 21962 "-" "Mozilla/5.0 (Linux; Android 6.0.1; Nexus 5X Build/MMB29P) AppleWebKit/537.36 (KHTML, like Gecko) Chrome/137.0.7151.103 Mobile Safari/537.36 (compatible; Googlebot/2.1; +http://www.google.com/bot.html)"
66.249.64.129 - - [12/Jul/2025:14:34:48 +0000] "POST /get-message-notify HTTP/1.1" 200 21387 "https://onlycnc.com.au/?f=5950331081490&mod=9cecbb6f&uri=shared.php%3Fid%3D198703-344%26name%3Ddaybreak+sneakers" "Mozilla/5.0 (Linux; Android 6.0.1; Nexus 5X Build/MMB29P) AppleWebKit/537.36 (KHTML, like Gecko) Chrome/137.0.7151.119 Mobile Safari/537.36 (compatible; Googlebot/2.1; +http://www.google.com/bot.html)"
66.249.64.128 - - [12/Jul/2025:14:37:02 +0000] "GET /?f=31826325051490&mod=5fb0c358&uri=products.php%3Fid%3D1062248-165%26name%3Dbrasher+women%27s+hopegill+parka HTTP/1.1" 200 22024 "-" "Mozilla/5.0 (Linux; Android 6.0.1; Nexus 5X Build/MMB29P) AppleWebKit/537.36 (KHTML, like Gecko) Chrome/137.0.7151.103 Mobile Safari/537.36 (compatible; Googlebot/2.1; +http://www.google.com/bot.html)"
66.249.64.132 - - [12/Jul/2025:14:37:18 +0000] "GET /?f=31766474001490&mod=80ebd641&uri=us.php%3Fid%3D1060252-1003%26name%3Dlebron+15+low+qs HTTP/1.1" 200 21745 "-" "Mozilla/5.0 (Linux; Android 6.0.1; Nexus 5X Build/MMB29P) AppleWebKit/537.36 (KHTML, like Gecko) Chrome/137.0.7151.103 Mobile Safari/537.36 (compatible; Googlebot/2.1; +http://www.google.com/bot.html)"
66.249.64.129 - - [12/Jul/2025:14:37:24 +0000] "POST /get-message-notify HTTP/1.1" 200 21384 "https://onlycnc.com.au/?f=31826325051490&mod=5fb0c358&uri=products.php%3Fid%3D1062248-165%26name%3Dbrasher+women%27s+hopegill+parka" "Mozilla/5.0 (Linux; Android 6.0.1; Nexus 5X Build/MMB29P) AppleWebKit/537.36 (KHTML, like Gecko) Chrome/137.0.7151.119 Mobile Safari/537.36 (compatible; Googlebot/2.1; +http://www.google.com/bot.html)"
66.249.64.132 - - [12/Jul/2025:14:37:38 +0000] "GET /?f=6057365101490&mod=842b5317&uri=dp.php%3Fid%3D202277-349%26name%3Dcollier+t%C3%83%C2%AAte+de+mort+femme HTTP/1.1" 200 21634 "-" "Mozilla/5.0 (Linux; Android 6.0.1; Nexus 5X Build/MMB29P) AppleWebKit/537.36 (KHTML, like Gecko) Chrome/137.0.7151.103 Mobile Safari/537.36 (compatible; Googlebot/2.1; +http://www.google.com/bot.html)"
51.222.253.19 - - [12/Jul/2025:14:38:47 +0000] "GET /?f=23049134031490&mod=7f1a58f7&uri=shop.php%3Fid%3D769343-428%26name%3Dhats+worn+in+the+80s HTTP/1.1" 301 - "-" "Mozilla/5.0 (compatible; AhrefsBot/7.0; +http://ahrefs.com/robot/)"
66.249.64.128 - - [12/Jul/2025:14:40:42 +0000] "GET /?f=54381828101490&mod=a73b1623&uri=category-info.php%3Fid%3D1814774-1306%26name%3Dloose+long+johns HTTP/1.1" 200 21248 "-" "Mozilla/5.0 (Linux; Android 6.0.1; Nexus 5X Build/MMB29P) AppleWebKit/537.36 (KHTML, like Gecko) Chrome/137.0.7151.103 Mobile Safari/537.36 (compatible; Googlebot/2.1; +http://www.google.com/bot.html)"
66.249.64.128 - - [12/Jul/2025:14:41:00 +0000] "GET /?f=5825479081490&mod=36b4d177&uri=search.php%3Fid%3D194537-339%26name%3Dnike+sb+stefan+janoski+max+size HTTP/1.1" 200 20690 "-" "Mozilla/5.0 (Linux; Android 6.0.1; Nexus 5X Build/MMB29P) AppleWebKit/537.36 (KHTML, like Gecko) Chrome/137.0.7151.103 Mobile Safari/537.36 (compatible; Googlebot/2.1; +http://www.google.com/bot.html)"
66.249.64.128 - - [12/Jul/2025:14:41:27 +0000] "GET /?f=5712999061490&mod=2461d182&uri=pin.php%3Fid%3D190763-333%26name%3Dlegend+saravana+stores+gold+price HTTP/1.1" 200 21922 "-" "Mozilla/5.0 (Linux; Android 6.0.1; Nexus 5X Build/MMB29P) AppleWebKit/537.36 (KHTML, like Gecko) Chrome/137.0.7151.103 Mobile Safari/537.36 (compatible; Googlebot/2.1; +http://www.google.com/bot.html)"
51.222.253.10 - - [12/Jul/2025:14:44:20 +0000] "GET /?f=23206115041490&mod=a1261ccd&uri=pin.php%3Fid%3D774579-830%26name%3Dgucci+x+balenciaga+triple+s+price HTTP/1.1" 301 - "-" "Mozilla/5.0 (compatible; AhrefsBot/7.0; +http://ahrefs.com/robot/)"
66.249.64.132 - - [12/Jul/2025:14:45:27 +0000] "GET /?f=5662581041490&mod=ab33c4de&uri=blog.php%3Fid%3D189073-308%26name%3Drugby+polo+sweatshirt HTTP/1.1" 200 22621 "-" "Mozilla/5.0 (Linux; Android 6.0.1; Nexus 5X Build/MMB29P) AppleWebKit/537.36 (KHTML, like Gecko) Chrome/137.0.7151.103 Mobile Safari/537.36 (compatible; Googlebot/2.1; +http://www.google.com/bot.html)"
66.249.64.132 - - [12/Jul/2025:14:46:07 +0000] "GET /?f=5719245031490&mod=06524331&uri=itm.php%3Fid%3D190980-334%26name%3Dmr+heart+eng+sub HTTP/1.1" 200 22136 "-" "Mozilla/5.0 (Linux; Android 6.0.1; Nexus 5X Build/MMB29P) AppleWebKit/537.36 (KHTML, like Gecko) Chrome/137.0.7151.103 Mobile Safari/537.36 (compatible; Googlebot/2.1; +http://www.google.com/bot.html)"
66.249.64.129 - - [12/Jul/2025:14:47:58 +0000] "GET /?f=54496383041490&mod=b4d8b1ef&uri=us.php%3Fid%3D1818601-1032%26name%3Deye+autofocus+cameras HTTP/1.1" 200 21599 "-" "Mozilla/5.0 (Linux; Android 6.0.1; Nexus 5X Build/MMB29P) AppleWebKit/537.36 (KHTML, like Gecko) Chrome/137.0.7151.103 Mobile Safari/537.36 (compatible; Googlebot/2.1; +http://www.google.com/bot.html)"
66.249.64.129 - - [12/Jul/2025:14:48:23 +0000] "POST /get-message-notify HTTP/1.1" 200 21388 "https://onlycnc.com.au/?f=54496383041490&mod=b4d8b1ef&uri=us.php%3Fid%3D1818601-1032%26name%3Deye+autofocus+cameras" "Mozilla/5.0 (Linux; Android 6.0.1; Nexus 5X Build/MMB29P) AppleWebKit/537.36 (KHTML, like Gecko) Chrome/137.0.7151.119 Mobile Safari/537.36 (compatible; Googlebot/2.1; +http://www.google.com/bot.html)"
66.249.64.132 - - [12/Jul/2025:14:49:30 +0000] "GET /?f=88885486011490&mod=b4aaa9db&uri=news.php%3Fid%3D2966243-332%26name%3Dbest+shows+on+iplayer HTTP/1.1" 200 22290 "-" "Mozilla/5.0 (Linux; Android 6.0.1; Nexus 5X Build/MMB29P) AppleWebKit/537.36 (KHTML, like Gecko) Chrome/137.0.7151.103 Mobile Safari/537.36 (compatible; Googlebot/2.1; +http://www.google.com/bot.html)"
51.222.253.9 - - [12/Jul/2025:14:49:30 +0000] "GET /?f=25091732111490&mod=36ac8e55&uri=dp.php%3Fid%3D837464-19%26name%3Dwedding+stores+in+los+angeles HTTP/1.1" 301 - "-" "Mozilla/5.0 (compatible; AhrefsBot/7.0; +http://ahrefs.com/robot/)"
40.88.21.235 - - [12/Jul/2025:14:50:30 +0000] "GET / HTTP/1.1" 200 21206 "https://onlycnc.com.au/" "DuckDuckBot/1.1; (+http://duckduckgo.com/duckduckbot.html)"
40.88.21.235 - - [12/Jul/2025:14:50:31 +0000] "GET /wp-content/uploads/2025/02/cropped-oncnclogo-32x32.png HTTP/1.1" 200 1242 "https://onlycnc.com.au/wp-content/uploads/2025/02/cropped-oncnclogo-32x32.png" "DuckDuckBot/1.1; (+http://duckduckgo.com/duckduckbot.html)"
66.249.64.129 - - [12/Jul/2025:14:51:44 +0000] "GET /?f=86497446031490&mod=2e5c2cb8&uri=article.php%3Fid%3D2886552-39%26name%3Dmost+comfortable+office+chair+for+gaming HTTP/1.1" 200 22802 "-" "Mozilla/5.0 (Linux; Android 6.0.1; Nexus 5X Build/MMB29P) AppleWebKit/537.36 (KHTML, like Gecko) Chrome/137.0.7151.103 Mobile Safari/537.36 (compatible; Googlebot/2.1; +http://www.google.com/bot.html)"
66.249.64.132 - - [12/Jul/2025:14:53:25 +0000] "GET /?f=5653581041490&mod=ab33c4de&uri=goods.php%3Fid%3D188773-308%26name%3Dcute+matching+sweatshirt+and+sweatpants HTTP/1.1" 200 22212 "-" "Mozilla/5.0 (Linux; Android 6.0.1; Nexus 5X Build/MMB29P) AppleWebKit/537.36 (KHTML, like Gecko) Chrome/137.0.7151.103 Mobile Safari/537.36 (compatible; Googlebot/2.1; +http://www.google.com/bot.html)"
66.249.64.128 - - [12/Jul/2025:14:55:29 +0000] "GET /?f=5780575021490&mod=0e98aeeb&uri=article.php%3Fid%3D193039-57%26name%3Djbl+650btnc+amazon HTTP/1.1" 200 21980 "-" "Mozilla/5.0 (Linux; Android 6.0.1; Nexus 5X Build/MMB29P) AppleWebKit/537.36 (KHTML, like Gecko) Chrome/137.0.7151.103 Mobile Safari/537.36 (compatible; Googlebot/2.1; +http://www.google.com/bot.html)"
66.249.64.128 - - [12/Jul/2025:14:56:26 +0000] "GET /?f=5657511001490&mod=ab33c4de&uri=category-info.php%3Fid%3D188904-308%26name%3Dhalf+sleeve+hoodie+women%27s HTTP/1.1" 200 22305 "-" "Mozilla/5.0 (Linux; Android 6.0.1; Nexus 5X Build/MMB29P) AppleWebKit/537.36 (KHTML, like Gecko) Chrome/137.0.7151.103 Mobile Safari/537.36 (compatible; Googlebot/2.1; +http://www.google.com/bot.html)"
66.249.64.132 - - [12/Jul/2025:14:58:50 +0000] "GET /?f=54505293031490&mod=4b998d4f&uri=blog.php%3Fid%3D1818898-791%26name%3Dflower+supernova+celestial+skin+elixir HTTP/1.1" 200 21758 "-" "Mozilla/5.0 (Linux; Android 6.0.1; Nexus 5X Build/MMB29P) AppleWebKit/537.36 (KHTML, like Gecko) Chrome/137.0.7151.103 Mobile Safari/537.36 (compatible; Googlebot/2.1; +http://www.google.com/bot.html)"
209.74.77.214 - - [12/Jul/2025:14:59:25 +0000] "POST /wp-cron.php?doing_wp_cron=1752332365.1394190788269042968750 HTTP/1.1" 200 - "-" "WordPress/6.8.1; https://onlycnc.com.au"
51.222.253.14 - - [12/Jul/2025:14:59:24 +0000] "GET /?f=2555724011490&mod=37907ce5&uri=shop.php%3Fid%3D85316-167%26name%3Dslip+on+noir+pas+cher HTTP/1.1" 301 - "-" "Mozilla/5.0 (compatible; AhrefsBot/7.0; +http://ahrefs.com/robot/)"
66.249.64.132 - - [12/Jul/2025:15:01:34 +0000] "GET /?f=34553339001490&mod=b4aaa9db&uri=article.php%3Fid%3D1153269-332%26name%3Dsuraksha+picture+mithun+chakraborty HTTP/1.1" 200 20905 "-" "Mozilla/5.0 (Linux; Android 6.0.1; Nexus 5X Build/MMB29P) AppleWebKit/537.36 (KHTML, like Gecko) Chrome/137.0.7151.103 Mobile Safari/537.36 (compatible; Googlebot/2.1; +http://www.google.com/bot.html)"
66.249.64.128 - - [12/Jul/2025:15:02:03 +0000] "GET /?f=5795498091490&mod=55250fc7&uri=brands.php%3Fid%3D193537-336%26name%3Dborse+michael+kors+modelli HTTP/1.1" 200 20695 "-" "Mozilla/5.0 (Linux; Android 6.0.1; Nexus 5X Build/MMB29P) AppleWebKit/537.36 (KHTML, like Gecko) Chrome/137.0.7151.103 Mobile Safari/537.36 (compatible; Googlebot/2.1; +http://www.google.com/bot.html)"
66.249.64.128 - - [12/Jul/2025:15:03:28 +0000] "GET /?f=5654181041490&mod=3f6ef69d&uri=pin.php%3Fid%3D188793-315%26name%3Dnaturholz+uhr HTTP/1.1" 200 21731 "-" "Mozilla/5.0 (Linux; Android 6.0.1; Nexus 5X Build/MMB29P) AppleWebKit/537.36 (KHTML, like Gecko) Chrome/137.0.7151.103 Mobile Safari/537.36 (compatible; Googlebot/2.1; +http://www.google.com/bot.html)"
66.249.64.129 - - [12/Jul/2025:15:03:33 +0000] "POST /get-message-notify HTTP/1.1" 200 21388 "https://onlycnc.com.au/?f=5654181041490&mod=3f6ef69d&uri=pin.php%3Fid%3D188793-315%26name%3Dnaturholz+uhr" "Mozilla/5.0 (Linux; Android 6.0.1; Nexus 5X Build/MMB29P) AppleWebKit/537.36 (KHTML, like Gecko) Chrome/137.0.7151.119 Mobile Safari/537.36 (compatible; Googlebot/2.1; +http://www.google.com/bot.html)"
51.222.253.3 - - [12/Jul/2025:15:04:50 +0000] "GET /?f=26173820031490&mod=1c51f09a&uri=shop.php%3Fid%3D873570-895%26name%3Dchewy+cat+food+blue+buffalo HTTP/1.1" 301 - "-" "Mozilla/5.0 (compatible; AhrefsBot/7.0; +http://ahrefs.com/robot/)"
66.249.64.129 - - [12/Jul/2025:15:05:29 +0000] "GET /?f=5682060141490&mod=ab33c4de&uri=category-info.php%3Fid%3D189723-308%26name%3Dcoral+hoodie+ladies HTTP/1.1" 200 21433 "-" "Mozilla/5.0 (Linux; Android 6.0.1; Nexus 5X Build/MMB29P) AppleWebKit/537.36 (KHTML, like Gecko) Chrome/137.0.7151.103 Mobile Safari/537.36 (compatible; Googlebot/2.1; +http://www.google.com/bot.html)"
66.249.64.132 - - [12/Jul/2025:15:07:40 +0000] "GET /?f=5675961011490&mod=ab33c4de&uri=dp.php%3Fid%3D189519-308%26name%3Dlooney+tunes+sweater+vintage HTTP/1.1" 200 22665 "-" "Mozilla/5.0 (Linux; Android 6.0.1; Nexus 5X Build/MMB29P) AppleWebKit/537.36 (KHTML, like Gecko) Chrome/137.0.7151.103 Mobile Safari/537.36 (compatible; Googlebot/2.1; +http://www.google.com/bot.html)"
51.222.253.6 - - [12/Jul/2025:15:09:55 +0000] "GET /?f=28636379001490&mod=3a51210c&uri=pin.php%3Fid%3D955752-946%26name%3Dpuma+ferrari+tenis+rojos HTTP/1.1" 301 - "-" "Mozilla/5.0 (compatible; AhrefsBot/7.0; +http://ahrefs.com/robot/)"
