66.249.64.129 - - [12/Jul/2025:19:31:15 +0000] "GET /?f=32321028031490&mod=254b0024&uri=itm.php%3Fid%3D1078754-285%26name%3Droyals+gold+jersey+womens HTTP/1.1" 200 21615 "-" "Mozilla/5.0 (Linux; Android 6.0.1; Nexus 5X Build/MMB29P) AppleWebKit/537.36 (KHTML, like Gecko) Chrome/137.0.7151.103 Mobile Safari/537.36 (compatible; Googlebot/2.1; +http://www.google.com/bot.html)"
66.249.64.132 - - [12/Jul/2025:19:31:29 +0000] "GET /?f=32332728081490&mod=c2a9df8a&uri=goods.php%3Fid%3D1079144-1015%26name%3Drolex+day+date+tiffany HTTP/1.1" 200 20655 "-" "Mozilla/5.0 (Linux; Android 6.0.1; Nexus 5X Build/MMB29P) AppleWebKit/537.36 (KHTML, like Gecko) Chrome/137.0.7151.103 Mobile Safari/537.36 (compatible; Googlebot/2.1; +http://www.google.com/bot.html)"
66.249.64.129 - - [12/Jul/2025:19:31:37 +0000] "GET /?f=81739118041490&mod=75a74d2a&uri=news.php%3Fid%3D2727781-932%26name%3Dadidas+purple+velour+tracksuit HTTP/1.1" 200 21259 "-" "Mozilla/5.0 (Linux; Android 6.0.1; Nexus 5X Build/MMB29P) AppleWebKit/537.36 (KHTML, like Gecko) Chrome/137.0.7151.103 Mobile Safari/537.36 (compatible; Googlebot/2.1; +http://www.google.com/bot.html)"
66.249.64.132 - - [12/Jul/2025:19:31:39 +0000] "GET /?f=5449122021490&mod=0c2a1b8e&uri=category-info.php%3Fid%3D181915-59%26name%3Dnegozio+abbigliamento+elegante+uomo HTTP/1.1" 200 21634 "-" "Mozilla/5.0 (Linux; Android 6.0.1; Nexus 5X Build/MMB29P) AppleWebKit/537.36 (KHTML, like Gecko) Chrome/137.0.7151.103 Mobile Safari/537.36 (compatible; Googlebot/2.1; +http://www.google.com/bot.html)"
66.249.64.129 - - [12/Jul/2025:19:31:45 +0000] "POST /get-message-notify HTTP/1.1" 200 21389 "https://onlycnc.com.au/?f=32332728081490&mod=c2a9df8a&uri=goods.php%3Fid%3D1079144-1015%26name%3Drolex+day+date+tiffany" "Mozilla/5.0 (Linux; Android 6.0.1; Nexus 5X Build/MMB29P) AppleWebKit/537.36 (KHTML, like Gecko) Chrome/137.0.7151.119 Mobile Safari/537.36 (compatible; Googlebot/2.1; +http://www.google.com/bot.html)"
66.249.64.132 - - [12/Jul/2025:19:31:51 +0000] "GET /?f=32310708091490&mod=7faf67c6&uri=product.php%3Fid%3D1078410-284%26name%3Djulio+jones+baby+jersey HTTP/1.1" 200 21025 "-" "Mozilla/5.0 (Linux; Android 6.0.1; Nexus 5X Build/MMB29P) AppleWebKit/537.36 (KHTML, like Gecko) Chrome/137.0.7151.103 Mobile Safari/537.36 (compatible; Googlebot/2.1; +http://www.google.com/bot.html)"
66.249.64.132 - - [12/Jul/2025:19:32:00 +0000] "POST /get-message-notify HTTP/1.1" 200 21378 "https://onlycnc.com.au/?f=32310708091490&mod=7faf67c6&uri=product.php%3Fid%3D1078410-284%26name%3Djulio+jones+baby+jersey" "Mozilla/5.0 (Linux; Android 6.0.1; Nexus 5X Build/MMB29P) AppleWebKit/537.36 (KHTML, like Gecko) Chrome/137.0.7151.119 Mobile Safari/537.36 (compatible; Googlebot/2.1; +http://www.google.com/bot.html)"
66.249.64.129 - - [12/Jul/2025:19:32:07 +0000] "GET /?f=119605540021490&mod=12504e75&uri=itm.php%3Fid%3D3991603-1161%26name%3Dair+max+just+do+it+pack+orange HTTP/1.1" 200 21141 "-" "Mozilla/5.0 (Linux; Android 6.0.1; Nexus 5X Build/MMB29P) AppleWebKit/537.36 (KHTML, like Gecko) Chrome/137.0.7151.103 Mobile Safari/537.36 (compatible; Googlebot/2.1; +http://www.google.com/bot.html)"
66.249.64.128 - - [12/Jul/2025:19:32:10 +0000] "GET /?f=5366126021490&mod=524e7d08&uri=blog.php%3Fid%3D179147-322%26name%3Dfrigidaire+dishwasher+fpid2498sf HTTP/1.1" 200 21472 "-" "Mozilla/5.0 (Linux; Android 6.0.1; Nexus 5X Build/MMB29P) AppleWebKit/537.36 (KHTML, like Gecko) Chrome/137.0.7151.103 Mobile Safari/537.36 (compatible; Googlebot/2.1; +http://www.google.com/bot.html)"
66.249.64.129 - - [12/Jul/2025:19:32:13 +0000] "GET /?f=32319678081490&mod=254b0024&uri=news.php%3Fid%3D1078709-285%26name%3Drizzo+cubs+world+series+jersey HTTP/1.1" 200 20340 "-" "Mozilla/5.0 (Linux; Android 6.0.1; Nexus 5X Build/MMB29P) AppleWebKit/537.36 (KHTML, like Gecko) Chrome/137.0.7151.103 Mobile Safari/537.36 (compatible; Googlebot/2.1; +http://www.google.com/bot.html)"
66.249.64.132 - - [12/Jul/2025:19:32:16 +0000] "GET /?f=25165478041490&mod=55b37c5c&uri=info.php%3Fid%3D839925-6%26name%3Dreverso+grande+taille+size HTTP/1.1" 200 21425 "-" "Mozilla/5.0 (Linux; Android 6.0.1; Nexus 5X Build/MMB29P) AppleWebKit/537.36 (KHTML, like Gecko) Chrome/137.0.7151.103 Mobile Safari/537.36 (compatible; Googlebot/2.1; +http://www.google.com/bot.html)"
66.249.64.128 - - [12/Jul/2025:19:32:19 +0000] "GET /?f=32327478041490&mod=c2a9df8a&uri=category-info.php%3Fid%3D1078969-1015%26name%3Dcartier+nail HTTP/1.1" 200 22387 "-" "Mozilla/5.0 (Linux; Android 6.0.1; Nexus 5X Build/MMB29P) AppleWebKit/537.36 (KHTML, like Gecko) Chrome/137.0.7151.103 Mobile Safari/537.36 (compatible; Googlebot/2.1; +http://www.google.com/bot.html)"
66.249.64.128 - - [12/Jul/2025:19:32:22 +0000] "GET /?f=25187168051490&mod=ccb1d45f&uri=product.php%3Fid%3D840652-5%26name%3Drobe+mariee+asymetrique HTTP/1.1" 200 20845 "-" "Mozilla/5.0 (Linux; Android 6.0.1; Nexus 5X Build/MMB29P) AppleWebKit/537.36 (KHTML, like Gecko) Chrome/137.0.7151.103 Mobile Safari/537.36 (compatible; Googlebot/2.1; +http://www.google.com/bot.html)"
66.249.64.128 - - [12/Jul/2025:19:32:25 +0000] "POST /get-message-notify HTTP/1.1" 200 21389 "https://onlycnc.com.au/?f=25165478041490&mod=55b37c5c&uri=info.php%3Fid%3D839925-6%26name%3Dreverso+grande+taille+size" "Mozilla/5.0 (Linux; Android 6.0.1; Nexus 5X Build/MMB29P) AppleWebKit/537.36 (KHTML, like Gecko) Chrome/137.0.7151.119 Mobile Safari/537.36 (compatible; Googlebot/2.1; +http://www.google.com/bot.html)"
66.249.64.128 - - [12/Jul/2025:19:32:28 +0000] "GET /?f=32321868051490&mod=254b0024&uri=brands.php%3Fid%3D1078782-285%26name%3Dmajestic+dodgers+jersey+authentic HTTP/1.1" 200 21102 "-" "Mozilla/5.0 (Linux; Android 6.0.1; Nexus 5X Build/MMB29P) AppleWebKit/537.36 (KHTML, like Gecko) Chrome/137.0.7151.103 Mobile Safari/537.36 (compatible; Googlebot/2.1; +http://www.google.com/bot.html)"
66.249.64.128 - - [12/Jul/2025:19:32:31 +0000] "GET /?f=5441862011490&mod=d3036eaa&uri=pin.php%3Fid%3D181673-208%26name%3Dhasselblad+x1d+ii+50c+flickr HTTP/1.1" 200 21130 "-" "Mozilla/5.0 (Linux; Android 6.0.1; Nexus 5X Build/MMB29P) AppleWebKit/537.36 (KHTML, like Gecko) Chrome/137.0.7151.103 Mobile Safari/537.36 (compatible; Googlebot/2.1; +http://www.google.com/bot.html)"
66.249.64.132 - - [12/Jul/2025:19:32:43 +0000] "GET /?f=5454762031490&mod=0c2a1b8e&uri=form.php%3Fid%3D182103-59%26name%3Dgiacca+neoprene+elegante+uomo HTTP/1.1" 200 22058 "-" "Mozilla/5.0 (Linux; Android 6.0.1; Nexus 5X Build/MMB29P) AppleWebKit/537.36 (KHTML, like Gecko) Chrome/137.0.7151.103 Mobile Safari/537.36 (compatible; Googlebot/2.1; +http://www.google.com/bot.html)"
66.249.64.128 - - [12/Jul/2025:19:32:52 +0000] "GET /?f=25209638041490&mod=f498db80&uri=product.php%3Fid%3D841401-878%26name%3Dthule+backpack HTTP/1.1" 200 20733 "-" "Mozilla/5.0 (Linux; Android 6.0.1; Nexus 5X Build/MMB29P) AppleWebKit/537.36 (KHTML, like Gecko) Chrome/137.0.7151.103 Mobile Safari/537.36 (compatible; Googlebot/2.1; +http://www.google.com/bot.html)"
66.249.64.129 - - [12/Jul/2025:19:32:58 +0000] "GET /?f=5455842041490&mod=0c2a1b8e&uri=itm.php%3Fid%3D182139-59%26name%3Dvestiti+eleganti+roberto+cavalli HTTP/1.1" 200 22316 "-" "Mozilla/5.0 (Linux; Android 6.0.1; Nexus 5X Build/MMB29P) AppleWebKit/537.36 (KHTML, like Gecko) Chrome/137.0.7151.103 Mobile Safari/537.36 (compatible; Googlebot/2.1; +http://www.google.com/bot.html)"
66.249.64.129 - - [12/Jul/2025:19:33:04 +0000] "GET /?f=5391765051490&mod=8e7035e0&uri=shop.php%3Fid%3D180002-270%26name%3Dfountain+pens+under+100 HTTP/1.1" 200 22186 "-" "Mozilla/5.0 (Linux; Android 6.0.1; Nexus 5X Build/MMB29P) AppleWebKit/537.36 (KHTML, like Gecko) Chrome/137.0.7151.103 Mobile Safari/537.36 (compatible; Googlebot/2.1; +http://www.google.com/bot.html)"
66.249.64.129 - - [12/Jul/2025:19:33:13 +0000] "GET /?f=5458002061490&mod=fe45e322&uri=shop.php%3Fid%3D182211-60%26name%3Dsorelle+fontana+vestiti+da+sposa HTTP/1.1" 200 21733 "-" "Mozilla/5.0 (Linux; Android 6.0.1; Nexus 5X Build/MMB29P) AppleWebKit/537.36 (KHTML, like Gecko) Chrome/137.0.7151.103 Mobile Safari/537.36 (compatible; Googlebot/2.1; +http://www.google.com/bot.html)"
66.249.64.128 - - [12/Jul/2025:19:33:19 +0000] "GET /?f=5440422081490&mod=0c2a1b8e&uri=itm.php%3Fid%3D181625-59%26name%3Dabiti+flora+bridal HTTP/1.1" 200 21393 "-" "Mozilla/5.0 (Linux; Android 6.0.1; Nexus 5X Build/MMB29P) AppleWebKit/537.36 (KHTML, like Gecko) Chrome/137.0.7151.103 Mobile Safari/537.36 (compatible; Googlebot/2.1; +http://www.google.com/bot.html)"
66.249.64.129 - - [12/Jul/2025:19:33:22 +0000] "POST /get-message-notify HTTP/1.1" 200 21393 "https://onlycnc.com.au/?f=5391765051490&mod=8e7035e0&uri=shop.php%3Fid%3D180002-270%26name%3Dfountain+pens+under+100" "Mozilla/5.0 (Linux; Android 6.0.1; Nexus 5X Build/MMB29P) AppleWebKit/537.36 (KHTML, like Gecko) Chrome/137.0.7151.119 Mobile Safari/537.36 (compatible; Googlebot/2.1; +http://www.google.com/bot.html)"
66.249.64.132 - - [12/Jul/2025:19:33:25 +0000] "GET /?f=5437902041490&mod=0c2a1b8e&uri=form.php%3Fid%3D181541-59%26name%3Dabiti+da+sposa+blumarine+2017 HTTP/1.1" 200 22393 "-" "Mozilla/5.0 (Linux; Android 6.0.1; Nexus 5X Build/MMB29P) AppleWebKit/537.36 (KHTML, like Gecko) Chrome/137.0.7151.103 Mobile Safari/537.36 (compatible; Googlebot/2.1; +http://www.google.com/bot.html)"
66.249.64.129 - - [12/Jul/2025:19:33:28 +0000] "GET /?f=32320548011490&mod=7faf67c6&uri=dp.php%3Fid%3D1078738-284%26name%3Dosu+jersey HTTP/1.1" 200 21574 "-" "Mozilla/5.0 (Linux; Android 6.0.1; Nexus 5X Build/MMB29P) AppleWebKit/537.36 (KHTML, like Gecko) Chrome/137.0.7151.103 Mobile Safari/537.36 (compatible; Googlebot/2.1; +http://www.google.com/bot.html)"
66.249.64.128 - - [12/Jul/2025:19:33:31 +0000] "GET /?f=99432646131490&mod=030ac9d3&uri=itm.php%3Fid%3D3318324-365%26name%3Dnew+balance+football+boots+kids+white HTTP/1.1" 200 21277 "-" "Mozilla/5.0 (Linux; Android 6.0.1; Nexus 5X Build/MMB29P) AppleWebKit/537.36 (KHTML, like Gecko) Chrome/137.0.7151.103 Mobile Safari/537.36 (compatible; Googlebot/2.1; +http://www.google.com/bot.html)"
66.249.64.129 - - [12/Jul/2025:19:33:36 +0000] "GET /?f=99434266071490&mod=e880840a&uri=form.php%3Fid%3D3318378-1052%26name%3Dliverpool+champions+league+tops HTTP/1.1" 200 21881 "-" "Mozilla/5.0 (Linux; Android 6.0.1; Nexus 5X Build/MMB29P) AppleWebKit/537.36 (KHTML, like Gecko) Chrome/137.0.7151.103 Mobile Safari/537.36 (compatible; Googlebot/2.1; +http://www.google.com/bot.html)"
66.249.64.129 - - [12/Jul/2025:19:33:39 +0000] "GET /?f=5457282021490&mod=0c2a1b8e&uri=category-info.php%3Fid%3D182187-59%26name%3Dvestito+uomo+elegante+classico HTTP/1.1" 200 21813 "-" "Mozilla/5.0 (Linux; Android 6.0.1; Nexus 5X Build/MMB29P) AppleWebKit/537.36 (KHTML, like Gecko) Chrome/137.0.7151.103 Mobile Safari/537.36 (compatible; Googlebot/2.1; +http://www.google.com/bot.html)"
66.249.64.132 - - [12/Jul/2025:19:33:42 +0000] "GET /?f=5453502021490&mod=0c2a1b8e&uri=info.php%3Fid%3D182061-59%26name%3Dconbipel+vestiti+eleganti+uomo HTTP/1.1" 200 21727 "-" "Mozilla/5.0 (Linux; Android 6.0.1; Nexus 5X Build/MMB29P) AppleWebKit/537.36 (KHTML, like Gecko) Chrome/137.0.7151.103 Mobile Safari/537.36 (compatible; Googlebot/2.1; +http://www.google.com/bot.html)"
66.249.64.132 - - [12/Jul/2025:19:33:45 +0000] "GET /?f=5452602021490&mod=0c2a1b8e&uri=search.php%3Fid%3D182031-59%26name%3Dabiti+da+cerimonia+di+pomeriggio HTTP/1.1" 200 22114 "-" "Mozilla/5.0 (Linux; Android 6.0.1; Nexus 5X Build/MMB29P) AppleWebKit/537.36 (KHTML, like Gecko) Chrome/137.0.7151.103 Mobile Safari/537.36 (compatible; Googlebot/2.1; +http://www.google.com/bot.html)"
66.249.64.129 - - [12/Jul/2025:19:33:51 +0000] "GET /?f=5439582061490&mod=0c2a1b8e&uri=goods.php%3Fid%3D181597-59%26name%3Dvestito+scozzese+liu+jo HTTP/1.1" 200 21905 "-" "Mozilla/5.0 (Linux; Android 6.0.1; Nexus 5X Build/MMB29P) AppleWebKit/537.36 (KHTML, like Gecko) Chrome/137.0.7151.103 Mobile Safari/537.36 (compatible; Googlebot/2.1; +http://www.google.com/bot.html)"
66.249.64.128 - - [12/Jul/2025:19:33:54 +0000] "GET /?f=5973785021490&mod=15afbdff&uri=goods.php%3Fid%3D199485-345%26name%3Dliz+minelli+satelite HTTP/1.1" 200 20489 "-" "Mozilla/5.0 (Linux; Android 6.0.1; Nexus 5X Build/MMB29P) AppleWebKit/537.36 (KHTML, like Gecko) Chrome/137.0.7151.103 Mobile Safari/537.36 (compatible; Googlebot/2.1; +http://www.google.com/bot.html)"
66.249.64.128 - - [12/Jul/2025:19:33:57 +0000] "GET /?f=5455242041490&mod=0c2a1b8e&uri=form.php%3Fid%3D182119-59%26name%3Dsconti+abiti+elisabetta+franchi HTTP/1.1" 200 22478 "-" "Mozilla/5.0 (Linux; Android 6.0.1; Nexus 5X Build/MMB29P) AppleWebKit/537.36 (KHTML, like Gecko) Chrome/137.0.7151.103 Mobile Safari/537.36 (compatible; Googlebot/2.1; +http://www.google.com/bot.html)"
66.249.64.132 - - [12/Jul/2025:19:33:59 +0000] "GET /?f=25246211061490&mod=b831f154&uri=itm.php%3Fid%3D842621-453%26name%3Dcal%C3%83%C2%A7a+e+jaqueta+para+motoqueiro HTTP/1.1" 200 21294 "-" "Mozilla/5.0 (Linux; Android 6.0.1; Nexus 5X Build/MMB29P) AppleWebKit/537.36 (KHTML, like Gecko) Chrome/137.0.7151.103 Mobile Safari/537.36 (compatible; Googlebot/2.1; +http://www.google.com/bot.html)"
66.249.64.132 - - [12/Jul/2025:19:34:02 +0000] "GET /?f=5438022081490&mod=0c2a1b8e&uri=info.php%3Fid%3D181545-59%26name%3Dvestito+da+sirenetta+ariel HTTP/1.1" 200 21467 "-" "Mozilla/5.0 (Linux; Android 6.0.1; Nexus 5X Build/MMB29P) AppleWebKit/537.36 (KHTML, like Gecko) Chrome/137.0.7151.103 Mobile Safari/537.36 (compatible; Googlebot/2.1; +http://www.google.com/bot.html)"
66.249.64.132 - - [12/Jul/2025:19:34:05 +0000] "GET /?f=5452902001490&mod=fe45e322&uri=itm.php%3Fid%3D182041-60%26name%3Dmodelli+abiti+uomo+cerimonia HTTP/1.1" 200 21786 "-" "Mozilla/5.0 (Linux; Android 6.0.1; Nexus 5X Build/MMB29P) AppleWebKit/537.36 (KHTML, like Gecko) Chrome/137.0.7151.103 Mobile Safari/537.36 (compatible; Googlebot/2.1; +http://www.google.com/bot.html)"
66.249.64.128 - - [12/Jul/2025:19:34:08 +0000] "POST /get-message-notify HTTP/1.1" 200 21385 "https://onlycnc.com.au/?f=99434266071490&mod=e880840a&uri=form.php%3Fid%3D3318378-1052%26name%3Dliverpool+champions+league+tops" "Mozilla/5.0 (Linux; Android 6.0.1; Nexus 5X Build/MMB29P) AppleWebKit/537.36 (KHTML, like Gecko) Chrome/137.0.7151.119 Mobile Safari/537.36 (compatible; Googlebot/2.1; +http://www.google.com/bot.html)"
66.249.64.129 - - [12/Jul/2025:19:34:10 +0000] "GET /?f=8819965021490&mod=4e805f0e&uri=blog.php%3Fid%3D294509-452%26name%3Dgrey+air+force+shadow HTTP/1.1" 200 21587 "-" "Mozilla/5.0 (Linux; Android 6.0.1; Nexus 5X Build/MMB29P) AppleWebKit/537.36 (KHTML, like Gecko) Chrome/137.0.7151.103 Mobile Safari/537.36 (compatible; Googlebot/2.1; +http://www.google.com/bot.html)"
66.249.64.132 - - [12/Jul/2025:19:34:13 +0000] "GET /?f=5438982001490&mod=fe45e322&uri=category-info.php%3Fid%3D181577-60%26name%3Dcamicia+elegante+bimbo HTTP/1.1" 200 22293 "-" "Mozilla/5.0 (Linux; Android 6.0.1; Nexus 5X Build/MMB29P) AppleWebKit/537.36 (KHTML, like Gecko) Chrome/137.0.7151.103 Mobile Safari/537.36 (compatible; Googlebot/2.1; +http://www.google.com/bot.html)"
66.249.64.129 - - [12/Jul/2025:19:34:16 +0000] "GET /?f=5452482021490&mod=0c2a1b8e&uri=info.php%3Fid%3D182027-59%26name%3Dsonia+pena+collezione+2016 HTTP/1.1" 200 21575 "-" "Mozilla/5.0 (Linux; Android 6.0.1; Nexus 5X Build/MMB29P) AppleWebKit/537.36 (KHTML, like Gecko) Chrome/137.0.7151.103 Mobile Safari/537.36 (compatible; Googlebot/2.1; +http://www.google.com/bot.html)"
66.249.64.128 - - [12/Jul/2025:19:34:19 +0000] "GET /?f=25213868001490&mod=f498db80&uri=products.php%3Fid%3D841542-878%26name%3Dcoach+mini+tote HTTP/1.1" 200 21386 "-" "Mozilla/5.0 (Linux; Android 6.0.1; Nexus 5X Build/MMB29P) AppleWebKit/537.36 (KHTML, like Gecko) Chrome/137.0.7151.103 Mobile Safari/537.36 (compatible; Googlebot/2.1; +http://www.google.com/bot.html)"
66.249.64.132 - - [12/Jul/2025:19:34:28 +0000] "POST /get-message-notify HTTP/1.1" 200 21402 "https://onlycnc.com.au/?f=5438982001490&mod=fe45e322&uri=category-info.php%3Fid%3D181577-60%26name%3Dcamicia+elegante+bimbo" "Mozilla/5.0 (Linux; Android 6.0.1; Nexus 5X Build/MMB29P) AppleWebKit/537.36 (KHTML, like Gecko) Chrome/137.0.7151.119 Mobile Safari/537.36 (compatible; Googlebot/2.1; +http://www.google.com/bot.html)"
66.249.64.132 - - [12/Jul/2025:19:34:33 +0000] "GET /?f=5452782081490&mod=0c2a1b8e&uri=goods.php%3Fid%3D182037-59%26name%3Dlightinthebox+abiti+da+sera HTTP/1.1" 200 21827 "-" "Mozilla/5.0 (Linux; Android 6.0.1; Nexus 5X Build/MMB29P) AppleWebKit/537.36 (KHTML, like Gecko) Chrome/137.0.7151.103 Mobile Safari/537.36 (compatible; Googlebot/2.1; +http://www.google.com/bot.html)"
66.249.64.129 - - [12/Jul/2025:19:34:40 +0000] "POST /get-message-notify HTTP/1.1" 200 21391 "https://onlycnc.com.au/?f=25213868001490&mod=f498db80&uri=products.php%3Fid%3D841542-878%26name%3Dcoach+mini+tote" "Mozilla/5.0 (Linux; Android 6.0.1; Nexus 5X Build/MMB29P) AppleWebKit/537.36 (KHTML, like Gecko) Chrome/137.0.7151.119 Mobile Safari/537.36 (compatible; Googlebot/2.1; +http://www.google.com/bot.html)"
66.249.64.132 - - [12/Jul/2025:19:34:43 +0000] "GET /?f=5456802111490&mod=fe45e322&uri=info.php%3Fid%3D182171-60%26name%3Dvestiti+da+sposa+alessandra+rinaudo HTTP/1.1" 200 21369 "-" "Mozilla/5.0 (Linux; Android 6.0.1; Nexus 5X Build/MMB29P) AppleWebKit/537.36 (KHTML, like Gecko) Chrome/137.0.7151.103 Mobile Safari/537.36 (compatible; Googlebot/2.1; +http://www.google.com/bot.html)"
66.249.64.129 - - [12/Jul/2025:19:34:49 +0000] "GET /?f=5454642001490&mod=0c2a1b8e&uri=pin.php%3Fid%3D182099-59%26name%3Dvestito+elegante+uomo+senza+cravatta HTTP/1.1" 200 22292 "-" "Mozilla/5.0 (Linux; Android 6.0.1; Nexus 5X Build/MMB29P) AppleWebKit/537.36 (KHTML, like Gecko) Chrome/137.0.7151.103 Mobile Safari/537.36 (compatible; Googlebot/2.1; +http://www.google.com/bot.html)"
66.249.64.129 - - [12/Jul/2025:19:34:56 +0000] "GET /?f=25261271141490&mod=b831f154&uri=itm.php%3Fid%3D843123-453%26name%3Dzara+casacos+femininos HTTP/1.1" 200 20484 "-" "Mozilla/5.0 (Linux; Android 6.0.1; Nexus 5X Build/MMB29P) AppleWebKit/537.36 (KHTML, like Gecko) Chrome/137.0.7151.103 Mobile Safari/537.36 (compatible; Googlebot/2.1; +http://www.google.com/bot.html)"
66.249.64.129 - - [12/Jul/2025:19:35:03 +0000] "GET /?f=5438622041490&mod=fe45e322&uri=goods.php%3Fid%3D181565-60%26name%3Dgiubbotto+in+pelle+zara+uomo HTTP/1.1" 200 21730 "-" "Mozilla/5.0 (Linux; Android 6.0.1; Nexus 5X Build/MMB29P) AppleWebKit/537.36 (KHTML, like Gecko) Chrome/137.0.7151.103 Mobile Safari/537.36 (compatible; Googlebot/2.1; +http://www.google.com/bot.html)"
66.249.64.132 - - [12/Jul/2025:19:35:05 +0000] "GET /?f=5436072081490&mod=0c2a1b8e&uri=us.php%3Fid%3D181480-59%26name%3Dvestito+neonato+leone HTTP/1.1" 200 21294 "-" "Mozilla/5.0 (Linux; Android 6.0.1; Nexus 5X Build/MMB29P) AppleWebKit/537.36 (KHTML, like Gecko) Chrome/137.0.7151.103 Mobile Safari/537.36 (compatible; Googlebot/2.1; +http://www.google.com/bot.html)"
66.249.64.128 - - [12/Jul/2025:19:35:08 +0000] "GET /?f=5453922021490&mod=0c2a1b8e&uri=product.php%3Fid%3D182075-59%26name%3Dvestito+da+apetta HTTP/1.1" 200 22093 "-" "Mozilla/5.0 (Linux; Android 6.0.1; Nexus 5X Build/MMB29P) AppleWebKit/537.36 (KHTML, like Gecko) Chrome/137.0.7151.103 Mobile Safari/537.36 (compatible; Googlebot/2.1; +http://www.google.com/bot.html)"
66.249.64.129 - - [12/Jul/2025:19:35:12 +0000] "GET /?f=5436942071490&mod=0c2a1b8e&uri=product.php%3Fid%3D181509-59%26name%3Dabiti+in+tessuto+scozzese HTTP/1.1" 200 21606 "-" "Mozilla/5.0 (Linux; Android 6.0.1; Nexus 5X Build/MMB29P) AppleWebKit/537.36 (KHTML, like Gecko) Chrome/137.0.7151.103 Mobile Safari/537.36 (compatible; Googlebot/2.1; +http://www.google.com/bot.html)"
66.249.64.132 - - [12/Jul/2025:19:35:15 +0000] "POST /get-message-notify HTTP/1.1" 200 21382 "https://onlycnc.com.au/?f=5436072081490&mod=0c2a1b8e&uri=us.php%3Fid%3D181480-59%26name%3Dvestito+neonato+leone" "Mozilla/5.0 (Linux; Android 6.0.1; Nexus 5X Build/MMB29P) AppleWebKit/537.36 (KHTML, like Gecko) Chrome/137.0.7151.119 Mobile Safari/537.36 (compatible; Googlebot/2.1; +http://www.google.com/bot.html)"
66.249.64.132 - - [12/Jul/2025:19:35:18 +0000] "GET /?f=5440302041490&mod=fe45e322&uri=search.php%3Fid%3D181621-60%26name%3Dburberry+camicia+bimbo HTTP/1.1" 200 21846 "-" "Mozilla/5.0 (Linux; Android 6.0.1; Nexus 5X Build/MMB29P) AppleWebKit/537.36 (KHTML, like Gecko) Chrome/137.0.7151.103 Mobile Safari/537.36 (compatible; Googlebot/2.1; +http://www.google.com/bot.html)"
66.249.64.132 - - [12/Jul/2025:19:35:32 +0000] "GET /?f=5436552041490&mod=0c2a1b8e&uri=products.php%3Fid%3D181496-59%26name%3Dpena+abiti+da+cerimonia HTTP/1.1" 200 22017 "-" "Mozilla/5.0 (Linux; Android 6.0.1; Nexus 5X Build/MMB29P) AppleWebKit/537.36 (KHTML, like Gecko) Chrome/137.0.7151.103 Mobile Safari/537.36 (compatible; Googlebot/2.1; +http://www.google.com/bot.html)"
66.249.64.129 - - [12/Jul/2025:19:35:35 +0000] "GET /?f=25507462031490&mod=b14f02cb&uri=us.php%3Fid%3D851336-813%26name%3Dtag+heuer HTTP/1.1" 200 21119 "-" "Mozilla/5.0 (Linux; Android 6.0.1; Nexus 5X Build/MMB29P) AppleWebKit/537.36 (KHTML, like Gecko) Chrome/137.0.7151.103 Mobile Safari/537.36 (compatible; Googlebot/2.1; +http://www.google.com/bot.html)"
66.249.64.132 - - [12/Jul/2025:19:35:40 +0000] "GET /?f=5439822061490&mod=0c2a1b8e&uri=category-info.php%3Fid%3D181605-59%26name%3Dlaura+biagiotti+vestiti+cerimonia HTTP/1.1" 200 21913 "-" "Mozilla/5.0 (Linux; Android 6.0.1; Nexus 5X Build/MMB29P) AppleWebKit/537.36 (KHTML, like Gecko) Chrome/137.0.7151.103 Mobile Safari/537.36 (compatible; Googlebot/2.1; +http://www.google.com/bot.html)"
66.249.64.132 - - [12/Jul/2025:19:35:42 +0000] "GET /?f=25174763041490&mod=ccb1d45f&uri=news.php%3Fid%3D840237-5%26name%3Dzara+robe+mariage HTTP/1.1" 200 20882 "-" "Mozilla/5.0 (Linux; Android 6.0.1; Nexus 5X Build/MMB29P) AppleWebKit/537.36 (KHTML, like Gecko) Chrome/137.0.7151.103 Mobile Safari/537.36 (compatible; Googlebot/2.1; +http://www.google.com/bot.html)"
66.249.64.129 - - [12/Jul/2025:19:35:45 +0000] "GET /?f=5438742021490&mod=0c2a1b8e&uri=shop.php%3Fid%3D181569-59%26name%3Dbimba+vestito+da+principessa HTTP/1.1" 200 22134 "-" "Mozilla/5.0 (Linux; Android 6.0.1; Nexus 5X Build/MMB29P) AppleWebKit/537.36 (KHTML, like Gecko) Chrome/137.0.7151.103 Mobile Safari/537.36 (compatible; Googlebot/2.1; +http://www.google.com/bot.html)"
66.249.64.132 - - [12/Jul/2025:19:35:48 +0000] "GET /?f=5532334001490&mod=e24a7e4c&uri=blog.php%3Fid%3D184691-310%26name%3D1070ti+vs+1660ti HTTP/1.1" 200 21780 "-" "Mozilla/5.0 (Linux; Android 6.0.1; Nexus 5X Build/MMB29P) AppleWebKit/537.36 (KHTML, like Gecko) Chrome/137.0.7151.103 Mobile Safari/537.36 (compatible; Googlebot/2.1; +http://www.google.com/bot.html)"
66.249.64.128 - - [12/Jul/2025:19:35:51 +0000] "GET /?f=5440062041490&mod=0c2a1b8e&uri=article.php%3Fid%3D181613-59%26name%3Dscamiciato+scozzese+donna HTTP/1.1" 200 21860 "-" "Mozilla/5.0 (Linux; Android 6.0.1; Nexus 5X Build/MMB29P) AppleWebKit/537.36 (KHTML, like Gecko) Chrome/137.0.7151.103 Mobile Safari/537.36 (compatible; Googlebot/2.1; +http://www.google.com/bot.html)"
66.249.64.128 - - [12/Jul/2025:19:35:53 +0000] "GET /?f=5436312011490&mod=007ff380&uri=search.php%3Fid%3D181488-64%26name%3Doculus HTTP/1.1" 200 21910 "-" "Mozilla/5.0 (Linux; Android 6.0.1; Nexus 5X Build/MMB29P) AppleWebKit/537.36 (KHTML, like Gecko) Chrome/137.0.7151.103 Mobile Safari/537.36 (compatible; Googlebot/2.1; +http://www.google.com/bot.html)"
66.249.64.128 - - [12/Jul/2025:19:35:56 +0000] "GET /?f=25211798081490&mod=64d509b5&uri=shared.php%3Fid%3D841473-600%26name%3Dmontblanc+carbon HTTP/1.1" 200 22166 "-" "Mozilla/5.0 (Linux; Android 6.0.1; Nexus 5X Build/MMB29P) AppleWebKit/537.36 (KHTML, like Gecko) Chrome/137.0.7151.103 Mobile Safari/537.36 (compatible; Googlebot/2.1; +http://www.google.com/bot.html)"
66.249.64.132 - - [12/Jul/2025:19:35:59 +0000] "POST /get-message-notify HTTP/1.1" 200 21397 "https://onlycnc.com.au/?f=5438742021490&mod=0c2a1b8e&uri=shop.php%3Fid%3D181569-59%26name%3Dbimba+vestito+da+principessa" "Mozilla/5.0 (Linux; Android 6.0.1; Nexus 5X Build/MMB29P) AppleWebKit/537.36 (KHTML, like Gecko) Chrome/137.0.7151.119 Mobile Safari/537.36 (compatible; Googlebot/2.1; +http://www.google.com/bot.html)"
66.249.64.132 - - [12/Jul/2025:19:36:02 +0000] "GET /?f=15848032021490&mod=55b37c5c&uri=itm.php%3Fid%3D529077-6%26name%3Dfitbit+versa+edition+all%C3%83%C2%A9g%C3%83%C2%A9e HTTP/1.1" 200 22012 "-" "Mozilla/5.0 (Linux; Android 6.0.1; Nexus 5X Build/MMB29P) AppleWebKit/537.36 (KHTML, like Gecko) Chrome/137.0.7151.103 Mobile Safari/537.36 (compatible; Googlebot/2.1; +http://www.google.com/bot.html)"
66.249.64.132 - - [12/Jul/2025:19:36:18 +0000] "GET /?f=5454282021490&mod=0c2a1b8e&uri=form.php%3Fid%3D182087-59%26name%3Dvestito+corto+scozzese HTTP/1.1" 200 22137 "-" "Mozilla/5.0 (Linux; Android 6.0.1; Nexus 5X Build/MMB29P) AppleWebKit/537.36 (KHTML, like Gecko) Chrome/137.0.7151.103 Mobile Safari/537.36 (compatible; Googlebot/2.1; +http://www.google.com/bot.html)"
66.249.64.132 - - [12/Jul/2025:19:36:20 +0000] "GET /?f=8819365081490&mod=4e805f0e&uri=article.php%3Fid%3D294489-452%26name%3Dfoot+locker+air+force+shadow HTTP/1.1" 200 21498 "-" "Mozilla/5.0 (Linux; Android 6.0.1; Nexus 5X Build/MMB29P) AppleWebKit/537.36 (KHTML, like Gecko) Chrome/137.0.7151.103 Mobile Safari/537.36 (compatible; Googlebot/2.1; +http://www.google.com/bot.html)"
66.249.64.132 - - [12/Jul/2025:19:36:23 +0000] "GET /?f=5844681001490&mod=36b4d177&uri=brands.php%3Fid%3D195178-339%26name%3Dcanada+goose+outlet+madrid+outlet HTTP/1.1" 200 21625 "-" "Mozilla/5.0 (Linux; Android 6.0.1; Nexus 5X Build/MMB29P) AppleWebKit/537.36 (KHTML, like Gecko) Chrome/137.0.7151.103 Mobile Safari/537.36 (compatible; Googlebot/2.1; +http://www.google.com/bot.html)"
66.249.64.132 - - [12/Jul/2025:19:36:25 +0000] "GET /?f=5441982061490&mod=fe45e322&uri=dp.php%3Fid%3D181677-60%26name%3Dcamicia+neonato+bianca HTTP/1.1" 200 21938 "-" "Mozilla/5.0 (Linux; Android 6.0.1; Nexus 5X Build/MMB29P) AppleWebKit/537.36 (KHTML, like Gecko) Chrome/137.0.7151.103 Mobile Safari/537.36 (compatible; Googlebot/2.1; +http://www.google.com/bot.html)"
66.249.64.132 - - [12/Jul/2025:19:36:27 +0000] "GET /?f=5419485031490&mod=5478c9cd&uri=shared.php%3Fid%3D180926-219%26name%3Dherschel+patio+heater+reviews HTTP/1.1" 200 22000 "-" "Mozilla/5.0 (Linux; Android 6.0.1; Nexus 5X Build/MMB29P) AppleWebKit/537.36 (KHTML, like Gecko) Chrome/137.0.7151.103 Mobile Safari/537.36 (compatible; Googlebot/2.1; +http://www.google.com/bot.html)"
66.249.64.128 - - [12/Jul/2025:19:36:30 +0000] "GET /?f=5435262111490&mod=0c2a1b8e&uri=article.php%3Fid%3D181453-59%26name%3Dgiacca+elegante+uomo+taglie+forti HTTP/1.1" 200 21612 "-" "Mozilla/5.0 (Linux; Android 6.0.1; Nexus 5X Build/MMB29P) AppleWebKit/537.36 (KHTML, like Gecko) Chrome/137.0.7151.103 Mobile Safari/537.36 (compatible; Googlebot/2.1; +http://www.google.com/bot.html)"
66.249.64.132 - - [12/Jul/2025:19:36:36 +0000] "GET /?f=5438382021490&mod=0c2a1b8e&uri=news.php%3Fid%3D181557-59%26name%3Dabito+da+principessa+carnevale HTTP/1.1" 200 22383 "-" "Mozilla/5.0 (Linux; Android 6.0.1; Nexus 5X Build/MMB29P) AppleWebKit/537.36 (KHTML, like Gecko) Chrome/137.0.7151.103 Mobile Safari/537.36 (compatible; Googlebot/2.1; +http://www.google.com/bot.html)"
66.249.64.129 - - [12/Jul/2025:19:36:39 +0000] "POST /get-message-notify HTTP/1.1" 200 21396 "https://onlycnc.com.au/?f=5441982061490&mod=fe45e322&uri=dp.php%3Fid%3D181677-60%26name%3Dcamicia+neonato+bianca" "Mozilla/5.0 (Linux; Android 6.0.1; Nexus 5X Build/MMB29P) AppleWebKit/537.36 (KHTML, like Gecko) Chrome/137.0.7151.119 Mobile Safari/537.36 (compatible; Googlebot/2.1; +http://www.google.com/bot.html)"
66.249.64.132 - - [12/Jul/2025:19:36:42 +0000] "GET /?f=5419875061490&mod=007ff380&uri=search.php%3Fid%3D180939-64%26name%3Dvr+experience HTTP/1.1" 200 21515 "-" "Mozilla/5.0 (Linux; Android 6.0.1; Nexus 5X Build/MMB29P) AppleWebKit/537.36 (KHTML, like Gecko) Chrome/137.0.7151.103 Mobile Safari/537.36 (compatible; Googlebot/2.1; +http://www.google.com/bot.html)"
66.249.64.128 - - [12/Jul/2025:19:36:45 +0000] "GET /?f=25245371131490&mod=b831f154&uri=brands.php%3Fid%3D842593-453%26name%3Dcorte+de+cabelo+social+passo+a+passo HTTP/1.1" 200 20721 "-" "Mozilla/5.0 (Linux; Android 6.0.1; Nexus 5X Build/MMB29P) AppleWebKit/537.36 (KHTML, like Gecko) Chrome/137.0.7151.103 Mobile Safari/537.36 (compatible; Googlebot/2.1; +http://www.google.com/bot.html)"
66.249.64.128 - - [12/Jul/2025:19:36:47 +0000] "GET /?f=5441142021490&mod=fe45e322&uri=article.php%3Fid%3D181649-60%26name%3Dcappotto+a+quadri+bianco+e+nero+zara HTTP/1.1" 200 21910 "-" "Mozilla/5.0 (Linux; Android 6.0.1; Nexus 5X Build/MMB29P) AppleWebKit/537.36 (KHTML, like Gecko) Chrome/137.0.7151.103 Mobile Safari/537.36 (compatible; Googlebot/2.1; +http://www.google.com/bot.html)"
66.249.64.128 - - [12/Jul/2025:19:36:50 +0000] "GET /?f=5441622021490&mod=0c2a1b8e&uri=itm.php%3Fid%3D181665-59%26name%3Dvestiti+da+sposa+bonprix HTTP/1.1" 200 21769 "-" "Mozilla/5.0 (Linux; Android 6.0.1; Nexus 5X Build/MMB29P) AppleWebKit/537.36 (KHTML, like Gecko) Chrome/137.0.7151.103 Mobile Safari/537.36 (compatible; Googlebot/2.1; +http://www.google.com/bot.html)"
66.249.64.129 - - [12/Jul/2025:19:36:53 +0000] "GET /?f=5419425021490&mod=5478c9cd&uri=pin.php%3Fid%3D180924-219%26name%3Doutdoor+heaters+for+patios HTTP/1.1" 200 22414 "-" "Mozilla/5.0 (Linux; Android 6.0.1; Nexus 5X Build/MMB29P) AppleWebKit/537.36 (KHTML, like Gecko) Chrome/137.0.7151.103 Mobile Safari/537.36 (compatible; Googlebot/2.1; +http://www.google.com/bot.html)"
66.249.64.132 - - [12/Jul/2025:19:36:56 +0000] "GET /?f=5436582101490&mod=0c2a1b8e&uri=shared.php%3Fid%3D181497-59%26name%3Dmaxi+abito+maniche+lunghe HTTP/1.1" 200 22133 "-" "Mozilla/5.0 (Linux; Android 6.0.1; Nexus 5X Build/MMB29P) AppleWebKit/537.36 (KHTML, like Gecko) Chrome/137.0.7151.103 Mobile Safari/537.36 (compatible; Googlebot/2.1; +http://www.google.com/bot.html)"
66.249.64.128 - - [12/Jul/2025:19:36:59 +0000] "GET /?f=5435202041490&mod=0c2a1b8e&uri=search.php%3Fid%3D181451-59%26name%3Dzara+pantaloni+eleganti+donna HTTP/1.1" 200 21359 "-" "Mozilla/5.0 (Linux; Android 6.0.1; Nexus 5X Build/MMB29P) AppleWebKit/537.36 (KHTML, like Gecko) Chrome/137.0.7151.103 Mobile Safari/537.36 (compatible; Googlebot/2.1; +http://www.google.com/bot.html)"
66.249.64.128 - - [12/Jul/2025:19:37:05 +0000] "GET /?f=86282008071490&mod=5478c9cd&uri=shop.php%3Fid%3D2879362-219%26name%3Dgph1648h41 HTTP/1.1" 200 21284 "-" "Mozilla/5.0 (Linux; Android 6.0.1; Nexus 5X Build/MMB29P) AppleWebKit/537.36 (KHTML, like Gecko) Chrome/137.0.7151.103 Mobile Safari/537.36 (compatible; Googlebot/2.1; +http://www.google.com/bot.html)"
66.249.64.129 - - [12/Jul/2025:19:37:07 +0000] "GET /?f=8830755031490&mod=40ead786&uri=product.php%3Fid%3D294869-426%26name%3Dladies+retirement+gift+ideas HTTP/1.1" 200 22552 "-" "Mozilla/5.0 (Linux; Android 6.0.1; Nexus 5X Build/MMB29P) AppleWebKit/537.36 (KHTML, like Gecko) Chrome/137.0.7151.103 Mobile Safari/537.36 (compatible; Googlebot/2.1; +http://www.google.com/bot.html)"
66.249.64.132 - - [12/Jul/2025:19:37:13 +0000] "GET /?f=5438142021490&mod=0c2a1b8e&uri=products.php%3Fid%3D181549-59%26name%3Dabito+rosso+scozzese HTTP/1.1" 200 21695 "-" "Mozilla/5.0 (Linux; Android 6.0.1; Nexus 5X Build/MMB29P) AppleWebKit/537.36 (KHTML, like Gecko) Chrome/137.0.7151.103 Mobile Safari/537.36 (compatible; Googlebot/2.1; +http://www.google.com/bot.html)"
66.249.64.129 - - [12/Jul/2025:19:37:16 +0000] "GET /?f=5436402041490&mod=0c2a1b8e&uri=blog.php%3Fid%3D181491-59%26name%3Ddiamond+couture+sposa HTTP/1.1" 200 21567 "-" "Mozilla/5.0 (Linux; Android 6.0.1; Nexus 5X Build/MMB29P) AppleWebKit/537.36 (KHTML, like Gecko) Chrome/137.0.7151.103 Mobile Safari/537.36 (compatible; Googlebot/2.1; +http://www.google.com/bot.html)"
66.249.64.128 - - [12/Jul/2025:19:37:19 +0000] "GET /?f=5441742121490&mod=0c2a1b8e&uri=form.php%3Fid%3D181669-59%26name%3Dcamicie+donna+eleganti+da+cerimonia HTTP/1.1" 200 21978 "-" "Mozilla/5.0 (Linux; Android 6.0.1; Nexus 5X Build/MMB29P) AppleWebKit/537.36 (KHTML, like Gecko) Chrome/137.0.7151.103 Mobile Safari/537.36 (compatible; Googlebot/2.1; +http://www.google.com/bot.html)"
66.249.64.132 - - [12/Jul/2025:19:37:22 +0000] "GET /?f=86273038041490&mod=5478c9cd&uri=us.php%3Fid%3D2879061-219%26name%3Dgreenstar+danesmoor+external HTTP/1.1" 200 21895 "-" "Mozilla/5.0 (Linux; Android 6.0.1; Nexus 5X Build/MMB29P) AppleWebKit/537.36 (KHTML, like Gecko) Chrome/137.0.7151.103 Mobile Safari/537.36 (compatible; Googlebot/2.1; +http://www.google.com/bot.html)"
66.249.64.129 - - [12/Jul/2025:19:37:24 +0000] "GET /?f=5438862061490&mod=0c2a1b8e&uri=form.php%3Fid%3D181573-59%26name%3Dmytheresa+abiti+da+cerimonia HTTP/1.1" 200 21706 "-" "Mozilla/5.0 (Linux; Android 6.0.1; Nexus 5X Build/MMB29P) AppleWebKit/537.36 (KHTML, like Gecko) Chrome/137.0.7151.103 Mobile Safari/537.36 (compatible; Googlebot/2.1; +http://www.google.com/bot.html)"
66.249.64.128 - - [12/Jul/2025:19:37:27 +0000] "GET /?f=5436492031490&mod=0c2a1b8e&uri=itm.php%3Fid%3D181494-59%26name%3Dgonnellone+a+balze HTTP/1.1" 200 22089 "-" "Mozilla/5.0 (Linux; Android 6.0.1; Nexus 5X Build/MMB29P) AppleWebKit/537.36 (KHTML, like Gecko) Chrome/137.0.7151.103 Mobile Safari/537.36 (compatible; Googlebot/2.1; +http://www.google.com/bot.html)"
66.249.64.129 - - [12/Jul/2025:19:37:30 +0000] "GET /?f=5419395061490&mod=5478c9cd&uri=shared.php%3Fid%3D180923-219%26name%3Dmobile+home+furnace+and+supply HTTP/1.1" 200 21944 "-" "Mozilla/5.0 (Linux; Android 6.0.1; Nexus 5X Build/MMB29P) AppleWebKit/537.36 (KHTML, like Gecko) Chrome/137.0.7151.103 Mobile Safari/537.36 (compatible; Googlebot/2.1; +http://www.google.com/bot.html)"
66.249.64.129 - - [12/Jul/2025:19:37:33 +0000] "GET /?f=5435382001490&mod=0c2a1b8e&uri=news.php%3Fid%3D181457-59%26name%3Dvestiti+rosa+damigella HTTP/1.1" 200 21502 "-" "Mozilla/5.0 (Linux; Android 6.0.1; Nexus 5X Build/MMB29P) AppleWebKit/537.36 (KHTML, like Gecko) Chrome/137.0.7151.103 Mobile Safari/537.36 (compatible; Googlebot/2.1; +http://www.google.com/bot.html)"
66.249.64.129 - - [12/Jul/2025:19:37:35 +0000] "GET /?f=5440542061490&mod=007ff380&uri=product.php%3Fid%3D181629-64%26name%3Doculus+black+friday HTTP/1.1" 200 21789 "-" "Mozilla/5.0 (Linux; Android 6.0.1; Nexus 5X Build/MMB29P) AppleWebKit/537.36 (KHTML, like Gecko) Chrome/137.0.7151.103 Mobile Safari/537.36 (compatible; Googlebot/2.1; +http://www.google.com/bot.html)"
66.249.64.129 - - [12/Jul/2025:19:37:38 +0000] "GET /?f=5441262061490&mod=0c2a1b8e&uri=search.php%3Fid%3D181653-59%26name%3D18esimo+outfit HTTP/1.1" 200 21561 "-" "Mozilla/5.0 (Linux; Android 6.0.1; Nexus 5X Build/MMB29P) AppleWebKit/537.36 (KHTML, like Gecko) Chrome/137.0.7151.103 Mobile Safari/537.36 (compatible; Googlebot/2.1; +http://www.google.com/bot.html)"
66.249.64.132 - - [12/Jul/2025:19:37:41 +0000] "GET /?f=5453682021490&mod=fe45e322&uri=news.php%3Fid%3D182067-60%26name%3Deleganti+completo+gonna+e+top+cerimonia HTTP/1.1" 200 21605 "-" "Mozilla/5.0 (Linux; Android 6.0.1; Nexus 5X Build/MMB29P) AppleWebKit/537.36 (KHTML, like Gecko) Chrome/137.0.7151.103 Mobile Safari/537.36 (compatible; Googlebot/2.1; +http://www.google.com/bot.html)"
66.249.64.132 - - [12/Jul/2025:19:37:52 +0000] "GET /?f=32299548051490&mod=c292b3e9&uri=itm.php%3Fid%3D1078038-91%26name%3D2021+versys+1000 HTTP/1.1" 200 22219 "-" "Mozilla/5.0 (Linux; Android 6.0.1; Nexus 5X Build/MMB29P) AppleWebKit/537.36 (KHTML, like Gecko) Chrome/137.0.7151.103 Mobile Safari/537.36 (compatible; Googlebot/2.1; +http://www.google.com/bot.html)"
66.249.64.128 - - [12/Jul/2025:19:37:54 +0000] "GET /?f=5477532011490&mod=19db090d&uri=shop.php%3Fid%3D182862-326%26name%3Dzuecos+blancos+sanitarios+mujer HTTP/1.1" 200 20786 "-" "Mozilla/5.0 (Linux; Android 6.0.1; Nexus 5X Build/MMB29P) AppleWebKit/537.36 (KHTML, like Gecko) Chrome/137.0.7151.103 Mobile Safari/537.36 (compatible; Googlebot/2.1; +http://www.google.com/bot.html)"
66.249.64.128 - - [12/Jul/2025:19:37:57 +0000] "POST /get-message-notify HTTP/1.1" 200 21377 "https://onlycnc.com.au/?f=5453682021490&mod=fe45e322&uri=news.php%3Fid%3D182067-60%26name%3Deleganti+completo+gonna+e+top+cerimonia" "Mozilla/5.0 (Linux; Android 6.0.1; Nexus 5X Build/MMB29P) AppleWebKit/537.36 (KHTML, like Gecko) Chrome/137.0.7151.119 Mobile Safari/537.36 (compatible; Googlebot/2.1; +http://www.google.com/bot.html)"
66.249.64.129 - - [12/Jul/2025:19:37:59 +0000] "GET /?f=5454162041490&mod=0c2a1b8e&uri=category-info.php%3Fid%3D182083-59%26name%3Dabito+fantasia+scozzese HTTP/1.1" 200 22008 "-" "Mozilla/5.0 (Linux; Android 6.0.1; Nexus 5X Build/MMB29P) AppleWebKit/537.36 (KHTML, like Gecko) Chrome/137.0.7151.103 Mobile Safari/537.36 (compatible; Googlebot/2.1; +http://www.google.com/bot.html)"
66.249.64.129 - - [12/Jul/2025:19:38:01 +0000] "GET /?f=5440782061490&mod=0c2a1b8e&uri=shared.php%3Fid%3D181637-59%26name%3Dtute+eleganti+in+chiffon HTTP/1.1" 200 22060 "-" "Mozilla/5.0 (Linux; Android 6.0.1; Nexus 5X Build/MMB29P) AppleWebKit/537.36 (KHTML, like Gecko) Chrome/137.0.7151.103 Mobile Safari/537.36 (compatible; Googlebot/2.1; +http://www.google.com/bot.html)"
66.249.64.128 - - [12/Jul/2025:19:38:04 +0000] "GET /?f=25271171041490&mod=beeb6c4c&uri=form.php%3Fid%3D843453-403%26name%3Dmokassin+herren+kaufen HTTP/1.1" 200 22240 "-" "Mozilla/5.0 (Linux; Android 6.0.1; Nexus 5X Build/MMB29P) AppleWebKit/537.36 (KHTML, like Gecko) Chrome/137.0.7151.103 Mobile Safari/537.36 (compatible; Googlebot/2.1; +http://www.google.com/bot.html)"
66.249.64.128 - - [12/Jul/2025:19:38:06 +0000] "GET /?f=5471052051490&mod=80ebbb35&uri=blog.php%3Fid%3D182646-327%26name%3Dnike+air+span+ii+hombre HTTP/1.1" 200 21523 "-" "Mozilla/5.0 (Linux; Android 6.0.1; Nexus 5X Build/MMB29P) AppleWebKit/537.36 (KHTML, like Gecko) Chrome/137.0.7151.103 Mobile Safari/537.36 (compatible; Googlebot/2.1; +http://www.google.com/bot.html)"
66.249.64.128 - - [12/Jul/2025:19:38:09 +0000] "GET /?f=5439462021490&mod=0c2a1b8e&uri=brands.php%3Fid%3D181593-59%26name%3Dabito+anna+frozen+adulto HTTP/1.1" 200 21916 "-" "Mozilla/5.0 (Linux; Android 6.0.1; Nexus 5X Build/MMB29P) AppleWebKit/537.36 (KHTML, like Gecko) Chrome/137.0.7151.103 Mobile Safari/537.36 (compatible; Googlebot/2.1; +http://www.google.com/bot.html)"
66.249.64.132 - - [12/Jul/2025:19:38:12 +0000] "POST /get-message-notify HTTP/1.1" 200 21384 "https://onlycnc.com.au/?f=5440782061490&mod=0c2a1b8e&uri=shared.php%3Fid%3D181637-59%26name%3Dtute+eleganti+in+chiffon" "Mozilla/5.0 (Linux; Android 6.0.1; Nexus 5X Build/MMB29P) AppleWebKit/537.36 (KHTML, like Gecko) Chrome/137.0.7151.119 Mobile Safari/537.36 (compatible; Googlebot/2.1; +http://www.google.com/bot.html)"
66.249.64.128 - - [12/Jul/2025:19:38:15 +0000] "GET /?f=5452842021490&mod=fe45e322&uri=itm.php%3Fid%3D182039-60%26name%3Dveli+da+sposa+corti HTTP/1.1" 200 22299 "-" "Mozilla/5.0 (Linux; Android 6.0.1; Nexus 5X Build/MMB29P) AppleWebKit/537.36 (KHTML, like Gecko) Chrome/137.0.7151.103 Mobile Safari/537.36 (compatible; Googlebot/2.1; +http://www.google.com/bot.html)"
66.249.64.128 - - [12/Jul/2025:19:38:18 +0000] "GET /?f=32349318001490&mod=ed7f6671&uri=info.php%3Fid%3D1079697-440%26name%3Dgalaxy+watch+active+whatsapp+notifications HTTP/1.1" 200 22022 "-" "Mozilla/5.0 (Linux; Android 6.0.1; Nexus 5X Build/MMB29P) AppleWebKit/537.36 (KHTML, like Gecko) Chrome/137.0.7151.103 Mobile Safari/537.36 (compatible; Googlebot/2.1; +http://www.google.com/bot.html)"
66.249.64.132 - - [12/Jul/2025:19:38:20 +0000] "GET /?f=25317180021490&mod=b150a8c5&uri=products.php%3Fid%3D844991-158%26name%3Dhow+much+is+a+typical+nose+piercing HTTP/1.1" 200 22634 "-" "Mozilla/5.0 (Linux; Android 6.0.1; Nexus 5X Build/MMB29P) AppleWebKit/537.36 (KHTML, like Gecko) Chrome/137.0.7151.103 Mobile Safari/537.36 (compatible; Googlebot/2.1; +http://www.google.com/bot.html)"
66.249.64.132 - - [12/Jul/2025:19:38:23 +0000] "GET /?f=5539114021490&mod=e24a7e4c&uri=info.php%3Fid%3D184917-310%26name%3Dretail+price+1660+super HTTP/1.1" 200 22035 "-" "Mozilla/5.0 (Linux; Android 6.0.1; Nexus 5X Build/MMB29P) AppleWebKit/537.36 (KHTML, like Gecko) Chrome/137.0.7151.103 Mobile Safari/537.36 (compatible; Googlebot/2.1; +http://www.google.com/bot.html)"
66.249.64.129 - - [12/Jul/2025:19:38:26 +0000] "GET /?f=80039020001490&mod=9cecbb6f&uri=search.php%3Fid%3D2671003-344%26name%3Dera+van HTTP/1.1" 200 21897 "-" "Mozilla/5.0 (Linux; Android 6.0.1; Nexus 5X Build/MMB29P) AppleWebKit/537.36 (KHTML, like Gecko) Chrome/137.0.7151.103 Mobile Safari/537.36 (compatible; Googlebot/2.1; +http://www.google.com/bot.html)"
66.249.64.129 - - [12/Jul/2025:19:38:32 +0000] "GET /?f=5437632051490&mod=5478c9cd&uri=shop.php%3Fid%3D181532-219%26name%3D1500+watt+per+hour+cost HTTP/1.1" 200 21770 "-" "Mozilla/5.0 (Linux; Android 6.0.1; Nexus 5X Build/MMB29P) AppleWebKit/537.36 (KHTML, like Gecko) Chrome/137.0.7151.103 Mobile Safari/537.36 (compatible; Googlebot/2.1; +http://www.google.com/bot.html)"
66.249.64.132 - - [12/Jul/2025:19:38:34 +0000] "GET /?f=25244891011490&mod=b831f154&uri=product.php%3Fid%3D842577-453%26name%3Djaqueta+pellini HTTP/1.1" 200 22049 "-" "Mozilla/5.0 (Linux; Android 6.0.1; Nexus 5X Build/MMB29P) AppleWebKit/537.36 (KHTML, like Gecko) Chrome/137.0.7151.103 Mobile Safari/537.36 (compatible; Googlebot/2.1; +http://www.google.com/bot.html)"
66.249.64.132 - - [12/Jul/2025:19:38:37 +0000] "GET /?f=25369753061490&mod=623ea0af&uri=shared.php%3Fid%3D846745-879%26name%3Dinterlocking+circles+ring HTTP/1.1" 200 22217 "-" "Mozilla/5.0 (Linux; Android 6.0.1; Nexus 5X Build/MMB29P) AppleWebKit/537.36 (KHTML, like Gecko) Chrome/137.0.7151.103 Mobile Safari/537.36 (compatible; Googlebot/2.1; +http://www.google.com/bot.html)"
66.249.64.132 - - [12/Jul/2025:19:38:40 +0000] "POST /get-message-notify HTTP/1.1" 200 21404 "https://onlycnc.com.au/?f=25244891011490&mod=b831f154&uri=product.php%3Fid%3D842577-453%26name%3Djaqueta+pellini" "Mozilla/5.0 (Linux; Android 6.0.1; Nexus 5X Build/MMB29P) AppleWebKit/537.36 (KHTML, like Gecko) Chrome/137.0.7151.119 Mobile Safari/537.36 (compatible; Googlebot/2.1; +http://www.google.com/bot.html)"
66.249.64.132 - - [12/Jul/2025:19:38:43 +0000] "GET /?f=25307814041490&mod=b150a8c5&uri=form.php%3Fid%3D844677-158%26name%3Ddodgers+world+series+ring+2021 HTTP/1.1" 200 21554 "-" "Mozilla/5.0 (Linux; Android 6.0.1; Nexus 5X Build/MMB29P) AppleWebKit/537.36 (KHTML, like Gecko) Chrome/137.0.7151.103 Mobile Safari/537.36 (compatible; Googlebot/2.1; +http://www.google.com/bot.html)"
66.249.64.132 - - [12/Jul/2025:19:38:45 +0000] "GET /?f=5545654011490&mod=72d77c30&uri=article.php%3Fid%3D185135-220%26name%3Dmuji+hanten HTTP/1.1" 200 22212 "-" "Mozilla/5.0 (Linux; Android 6.0.1; Nexus 5X Build/MMB29P) AppleWebKit/537.36 (KHTML, like Gecko) Chrome/137.0.7151.103 Mobile Safari/537.36 (compatible; Googlebot/2.1; +http://www.google.com/bot.html)"
66.249.64.132 - - [12/Jul/2025:19:38:51 +0000] "GET /?f=5542924031490&mod=e24a7e4c&uri=form.php%3Fid%3D185044-310%26name%3Drazer+core+x+cijena HTTP/1.1" 200 22021 "-" "Mozilla/5.0 (Linux; Android 6.0.1; Nexus 5X Build/MMB29P) AppleWebKit/537.36 (KHTML, like Gecko) Chrome/137.0.7151.103 Mobile Safari/537.36 (compatible; Googlebot/2.1; +http://www.google.com/bot.html)"
66.249.64.132 - - [12/Jul/2025:19:38:54 +0000] "GET /?f=25268471021490&mod=b831f154&uri=pin.php%3Fid%3D843363-453%26name%3Dagasalho+arsenal+2019 HTTP/1.1" 200 21448 "-" "Mozilla/5.0 (Linux; Android 6.0.1; Nexus 5X Build/MMB29P) AppleWebKit/537.36 (KHTML, like Gecko) Chrome/137.0.7151.103 Mobile Safari/537.36 (compatible; Googlebot/2.1; +http://www.google.com/bot.html)"
66.249.64.129 - - [12/Jul/2025:19:39:02 +0000] "GET /?f=25257491061490&mod=4ec74784&uri=product.php%3Fid%3D842997-252%26name%3Dnudie+repair HTTP/1.1" 200 21923 "-" "Mozilla/5.0 (Linux; Android 6.0.1; Nexus 5X Build/MMB29P) AppleWebKit/537.36 (KHTML, like Gecko) Chrome/137.0.7151.103 Mobile Safari/537.36 (compatible; Googlebot/2.1; +http://www.google.com/bot.html)"
66.249.64.132 - - [12/Jul/2025:19:39:07 +0000] "GET /?f=5801408031490&mod=55250fc7&uri=itm.php%3Fid%3D193734-336%26name%3Dfata+tuttofare+borse+uncinetto HTTP/1.1" 200 21602 "-" "Mozilla/5.0 (Linux; Android 6.0.1; Nexus 5X Build/MMB29P) AppleWebKit/537.36 (KHTML, like Gecko) Chrome/137.0.7151.103 Mobile Safari/537.36 (compatible; Googlebot/2.1; +http://www.google.com/bot.html)"
66.249.64.129 - - [12/Jul/2025:19:39:09 +0000] "GET /?f=5542084021490&mod=e24a7e4c&uri=product.php%3Fid%3D185016-310%26name%3Dnvidia+rtx+2080+ti+graphics+card HTTP/1.1" 200 21508 "-" "Mozilla/5.0 (Linux; Android 6.0.1; Nexus 5X Build/MMB29P) AppleWebKit/537.36 (KHTML, like Gecko) Chrome/137.0.7151.103 Mobile Safari/537.36 (compatible; Googlebot/2.1; +http://www.google.com/bot.html)"
66.249.64.132 - - [12/Jul/2025:19:39:11 +0000] "GET /?f=25275470011490&mod=4ec74784&uri=product.php%3Fid%3D843597-252%26name%3Dpetite+grandmother+of+the+bride+pant+suits HTTP/1.1" 200 22224 "-" "Mozilla/5.0 (Linux; Android 6.0.1; Nexus 5X Build/MMB29P) AppleWebKit/537.36 (KHTML, like Gecko) Chrome/137.0.7151.103 Mobile Safari/537.36 (compatible; Googlebot/2.1; +http://www.google.com/bot.html)"
66.249.64.128 - - [12/Jul/2025:19:39:17 +0000] "GET /?f=25187198041490&mod=55b37c5c&uri=product.php%3Fid%3D840653-6%26name%3Dswatch+boutique+en+ligne HTTP/1.1" 200 21797 "-" "Mozilla/5.0 (Linux; Android 6.0.1; Nexus 5X Build/MMB29P) AppleWebKit/537.36 (KHTML, like Gecko) Chrome/137.0.7151.103 Mobile Safari/537.36 (compatible; Googlebot/2.1; +http://www.google.com/bot.html)"
66.249.64.132 - - [12/Jul/2025:19:39:19 +0000] "GET /?f=89185304021490&mod=0fbadcbe&uri=search.php%3Fid%3D2976253-156%26name%3D1970s+baby+clothes HTTP/1.1" 200 21863 "-" "Mozilla/5.0 (Linux; Android 6.0.1; Nexus 5X Build/MMB29P) AppleWebKit/537.36 (KHTML, like Gecko) Chrome/137.0.7151.103 Mobile Safari/537.36 (compatible; Googlebot/2.1; +http://www.google.com/bot.html)"
66.249.64.132 - - [12/Jul/2025:19:39:22 +0000] "GET /?f=5438262041490&mod=0c2a1b8e&uri=search.php%3Fid%3D181553-59%26name%3Dabiti+autunnali+lunghi HTTP/1.1" 200 22215 "-" "Mozilla/5.0 (Linux; Android 6.0.1; Nexus 5X Build/MMB29P) AppleWebKit/537.36 (KHTML, like Gecko) Chrome/137.0.7151.103 Mobile Safari/537.36 (compatible; Googlebot/2.1; +http://www.google.com/bot.html)"
66.249.64.129 - - [12/Jul/2025:19:39:25 +0000] "GET /?f=5961161081490&mod=22852db6&uri=form.php%3Fid%3D199064-342%26name%3Dmama+love+walker HTTP/1.1" 200 21244 "-" "Mozilla/5.0 (Linux; Android 6.0.1; Nexus 5X Build/MMB29P) AppleWebKit/537.36 (KHTML, like Gecko) Chrome/137.0.7151.103 Mobile Safari/537.36 (compatible; Googlebot/2.1; +http://www.google.com/bot.html)"
66.249.64.132 - - [12/Jul/2025:19:39:28 +0000] "POST /get-message-notify HTTP/1.1" 200 21398 "https://onlycnc.com.au/?f=25257491061490&mod=4ec74784&uri=product.php%3Fid%3D842997-252%26name%3Dnudie+repair" "Mozilla/5.0 (Linux; Android 6.0.1; Nexus 5X Build/MMB29P) AppleWebKit/537.36 (KHTML, like Gecko) Chrome/137.0.7151.119 Mobile Safari/537.36 (compatible; Googlebot/2.1; +http://www.google.com/bot.html)"
66.249.64.129 - - [12/Jul/2025:19:39:31 +0000] "GET /?f=25268651001490&mod=b831f154&uri=news.php%3Fid%3D843369-453%26name%3Dcentauro+casaco+feminino HTTP/1.1" 200 21574 "-" "Mozilla/5.0 (Linux; Android 6.0.1; Nexus 5X Build/MMB29P) AppleWebKit/537.36 (KHTML, like Gecko) Chrome/137.0.7151.103 Mobile Safari/537.36 (compatible; Googlebot/2.1; +http://www.google.com/bot.html)"
66.249.64.128 - - [12/Jul/2025:19:39:33 +0000] "GET /?f=5764917021490&mod=0e98aeeb&uri=shop.php%3Fid%3D192517-57%26name%3Djbl+headphones+noise+cancelling+review HTTP/1.1" 200 22395 "-" "Mozilla/5.0 (Linux; Android 6.0.1; Nexus 5X Build/MMB29P) AppleWebKit/537.36 (KHTML, like Gecko) Chrome/137.0.7151.103 Mobile Safari/537.36 (compatible; Googlebot/2.1; +http://www.google.com/bot.html)"
66.249.64.129 - - [12/Jul/2025:19:39:36 +0000] "GET /?f=25266491001490&mod=b831f154&uri=pin.php%3Fid%3D843297-453%26name%3Dcasaco+branco+feminino+curto HTTP/1.1" 200 21488 "-" "Mozilla/5.0 (Linux; Android 6.0.1; Nexus 5X Build/MMB29P) AppleWebKit/537.36 (KHTML, like Gecko) Chrome/137.0.7151.103 Mobile Safari/537.36 (compatible; Googlebot/2.1; +http://www.google.com/bot.html)"
66.249.64.129 - - [12/Jul/2025:19:39:39 +0000] "GET /?f=5545234021490&mod=72d77c30&uri=info.php%3Fid%3D185121-220%26name%3Dtracksuit+top+and+bottom HTTP/1.1" 200 22189 "-" "Mozilla/5.0 (Linux; Android 6.0.1; Nexus 5X Build/MMB29P) AppleWebKit/537.36 (KHTML, like Gecko) Chrome/137.0.7151.103 Mobile Safari/537.36 (compatible; Googlebot/2.1; +http://www.google.com/bot.html)"
66.249.64.128 - - [12/Jul/2025:19:39:42 +0000] "GET /?f=5544394041490&mod=72d77c30&uri=brands.php%3Fid%3D185093-220%26name%3Dblazer+jeans+look HTTP/1.1" 200 21531 "-" "Mozilla/5.0 (Linux; Android 6.0.1; Nexus 5X Build/MMB29P) AppleWebKit/537.36 (KHTML, like Gecko) Chrome/137.0.7151.103 Mobile Safari/537.36 (compatible; Googlebot/2.1; +http://www.google.com/bot.html)"
66.249.64.128 - - [12/Jul/2025:19:39:44 +0000] "GET /?f=25251041011490&mod=b831f154&uri=products.php%3Fid%3D842782-453%26name%3Dcasacos+femininos+inverno+europeu HTTP/1.1" 200 20763 "-" "Mozilla/5.0 (Linux; Android 6.0.1; Nexus 5X Build/MMB29P) AppleWebKit/537.36 (KHTML, like Gecko) Chrome/137.0.7151.103 Mobile Safari/537.36 (compatible; Googlebot/2.1; +http://www.google.com/bot.html)"
66.249.64.128 - - [12/Jul/2025:19:39:47 +0000] "POST /get-message-notify HTTP/1.1" 200 21375 "https://onlycnc.com.au/?f=5545234021490&mod=72d77c30&uri=info.php%3Fid%3D185121-220%26name%3Dtracksuit+top+and+bottom" "Mozilla/5.0 (Linux; Android 6.0.1; Nexus 5X Build/MMB29P) AppleWebKit/537.36 (KHTML, like Gecko) Chrome/137.0.7151.119 Mobile Safari/537.36 (compatible; Googlebot/2.1; +http://www.google.com/bot.html)"
