66.249.64.128 - - [12/Jul/2025:19:17:12 +0000] "GET /?f=5418435081490&mod=5478c9cd&uri=form.php%3Fid%3D180891-219%26name%3Dmobile+home+ductwork+supplies HTTP/1.1" 200 21998 "-" "Mozilla/5.0 (Linux; Android 6.0.1; Nexus 5X Build/MMB29P) AppleWebKit/537.36 (KHTML, like Gecko) Chrome/137.0.7151.103 Mobile Safari/537.36 (compatible; Googlebot/2.1; +http://www.google.com/bot.html)"
66.249.64.132 - - [12/Jul/2025:19:17:14 +0000] "GET /?f=5386965031490&mod=8e7035e0&uri=form.php%3Fid%3D179842-270%26name%3Dgoliath+refill HTTP/1.1" 200 21497 "-" "Mozilla/5.0 (Linux; Android 6.0.1; Nexus 5X Build/MMB29P) AppleWebKit/537.36 (KHTML, like Gecko) Chrome/137.0.7151.103 Mobile Safari/537.36 (compatible; Googlebot/2.1; +http://www.google.com/bot.html)"
66.249.64.128 - - [12/Jul/2025:19:17:17 +0000] "GET /?f=5369092021490&mod=524e7d08&uri=category-info.php%3Fid%3D179246-322%26name%3D23+inch+dishwasher HTTP/1.1" 200 22136 "-" "Mozilla/5.0 (Linux; Android 6.0.1; Nexus 5X Build/MMB29P) AppleWebKit/537.36 (KHTML, like Gecko) Chrome/137.0.7151.103 Mobile Safari/537.36 (compatible; Googlebot/2.1; +http://www.google.com/bot.html)"
66.249.64.128 - - [12/Jul/2025:19:17:21 +0000] "GET /?f=5416365041490&mod=5478c9cd&uri=search.php%3Fid%3D180822-219%26name%3Dpropane+camp+heater HTTP/1.1" 200 22575 "-" "Mozilla/5.0 (Linux; Android 6.0.1; Nexus 5X Build/MMB29P) AppleWebKit/537.36 (KHTML, like Gecko) Chrome/137.0.7151.103 Mobile Safari/537.36 (compatible; Googlebot/2.1; +http://www.google.com/bot.html)"
66.249.64.128 - - [12/Jul/2025:19:17:26 +0000] "GET /?f=5419515041490&mod=007ff380&uri=category-info.php%3Fid%3D180927-64%26name%3Dquest HTTP/1.1" 200 21585 "-" "Mozilla/5.0 (Linux; Android 6.0.1; Nexus 5X Build/MMB29P) AppleWebKit/537.36 (KHTML, like Gecko) Chrome/137.0.7151.103 Mobile Safari/537.36 (compatible; Googlebot/2.1; +http://www.google.com/bot.html)"
66.249.64.129 - - [12/Jul/2025:19:17:30 +0000] "GET /?f=5420415041490&mod=007ff380&uri=us.php%3Fid%3D180957-64%26name%3Dvr+oculus+quest HTTP/1.1" 200 22405 "-" "Mozilla/5.0 (Linux; Android 6.0.1; Nexus 5X Build/MMB29P) AppleWebKit/537.36 (KHTML, like Gecko) Chrome/137.0.7151.103 Mobile Safari/537.36 (compatible; Googlebot/2.1; +http://www.google.com/bot.html)"
66.249.64.132 - - [12/Jul/2025:19:17:44 +0000] "GET /?f=25297854121490&mod=b150a8c5&uri=brands.php%3Fid%3D844345-158%26name%3Dinches+in+ring+size HTTP/1.1" 200 21803 "-" "Mozilla/5.0 (Linux; Android 6.0.1; Nexus 5X Build/MMB29P) AppleWebKit/537.36 (KHTML, like Gecko) Chrome/137.0.7151.103 Mobile Safari/537.36 (compatible; Googlebot/2.1; +http://www.google.com/bot.html)"
66.249.64.132 - - [12/Jul/2025:19:17:46 +0000] "POST /get-message-notify HTTP/1.1" 200 21380 "https://onlycnc.com.au/?f=5386965031490&mod=8e7035e0&uri=form.php%3Fid%3D179842-270%26name%3Dgoliath+refill" "Mozilla/5.0 (Linux; Android 6.0.1; Nexus 5X Build/MMB29P) AppleWebKit/537.36 (KHTML, like Gecko) Chrome/137.0.7151.119 Mobile Safari/537.36 (compatible; Googlebot/2.1; +http://www.google.com/bot.html)"
66.249.64.132 - - [12/Jul/2025:19:17:50 +0000] "GET /?f=5416725011490&mod=5478c9cd&uri=article.php%3Fid%3D180834-219%26name%3Dwall+heater+gas+valve+replacement HTTP/1.1" 200 21887 "-" "Mozilla/5.0 (Linux; Android 6.0.1; Nexus 5X Build/MMB29P) AppleWebKit/537.36 (KHTML, like Gecko) Chrome/137.0.7151.103 Mobile Safari/537.36 (compatible; Googlebot/2.1; +http://www.google.com/bot.html)"
66.249.64.132 - - [12/Jul/2025:19:17:54 +0000] "GET /?f=25486162031490&mod=c292b3e9&uri=category-info.php%3Fid%3D850626-91%26name%3Delectric+slider+trike HTTP/1.1" 200 21887 "-" "Mozilla/5.0 (Linux; Android 6.0.1; Nexus 5X Build/MMB29P) AppleWebKit/537.36 (KHTML, like Gecko) Chrome/137.0.7151.103 Mobile Safari/537.36 (compatible; Googlebot/2.1; +http://www.google.com/bot.html)"
66.249.64.129 - - [12/Jul/2025:19:17:59 +0000] "POST /get-message-notify HTTP/1.1" 200 21389 "https://onlycnc.com.au/?f=5416725011490&mod=5478c9cd&uri=article.php%3Fid%3D180834-219%26name%3Dwall+heater+gas+valve+replacement" "Mozilla/5.0 (Linux; Android 6.0.1; Nexus 5X Build/MMB29P) AppleWebKit/537.36 (KHTML, like Gecko) Chrome/137.0.7151.119 Mobile Safari/537.36 (compatible; Googlebot/2.1; +http://www.google.com/bot.html)"
66.249.64.129 - - [12/Jul/2025:19:18:01 +0000] "GET /?f=25490962091490&mod=c292b3e9&uri=us.php%3Fid%3D850786-91%26name%3D1970+honda+ct90+for+sale HTTP/1.1" 200 22076 "-" "Mozilla/5.0 (Linux; Android 6.0.1; Nexus 5X Build/MMB29P) AppleWebKit/537.36 (KHTML, like Gecko) Chrome/137.0.7151.103 Mobile Safari/537.36 (compatible; Googlebot/2.1; +http://www.google.com/bot.html)"
66.249.64.129 - - [12/Jul/2025:19:18:13 +0000] "GET /?f=25490062091490&mod=c292b3e9&uri=category-info.php%3Fid%3D850756-91%26name%3Dmerida+silex+700+price HTTP/1.1" 200 21858 "-" "Mozilla/5.0 (Linux; Android 6.0.1; Nexus 5X Build/MMB29P) AppleWebKit/537.36 (KHTML, like Gecko) Chrome/137.0.7151.103 Mobile Safari/537.36 (compatible; Googlebot/2.1; +http://www.google.com/bot.html)"
66.249.64.132 - - [12/Jul/2025:19:18:18 +0000] "GET /?f=25507162141490&mod=3f3c4c54&uri=search.php%3Fid%3D851326-812%26name%3Dtrimmed+coat HTTP/1.1" 200 21066 "-" "Mozilla/5.0 (Linux; Android 6.0.1; Nexus 5X Build/MMB29P) AppleWebKit/537.36 (KHTML, like Gecko) Chrome/137.0.7151.103 Mobile Safari/537.36 (compatible; Googlebot/2.1; +http://www.google.com/bot.html)"
66.249.64.128 - - [12/Jul/2025:19:18:22 +0000] "GET /?f=5755017011490&mod=8f561e4c&uri=blog.php%3Fid%3D192187-335%26name%3Dsonic+mania+switch+metacritic HTTP/1.1" 200 22127 "-" "Mozilla/5.0 (Linux; Android 6.0.1; Nexus 5X Build/MMB29P) AppleWebKit/537.36 (KHTML, like Gecko) Chrome/137.0.7151.103 Mobile Safari/537.36 (compatible; Googlebot/2.1; +http://www.google.com/bot.html)"
66.249.64.129 - - [12/Jul/2025:19:18:33 +0000] "GET /?f=25214138021490&mod=f498db80&uri=form.php%3Fid%3D841551-878%26name%3Dthe+sak+los+feliz+leather+tote HTTP/1.1" 200 21449 "-" "Mozilla/5.0 (Linux; Android 6.0.1; Nexus 5X Build/MMB29P) AppleWebKit/537.36 (KHTML, like Gecko) Chrome/137.0.7151.103 Mobile Safari/537.36 (compatible; Googlebot/2.1; +http://www.google.com/bot.html)"
66.249.64.129 - - [12/Jul/2025:19:18:47 +0000] "POST /get-message-notify HTTP/1.1" 200 21380 "https://onlycnc.com.au/?f=25214138021490&mod=f498db80&uri=form.php%3Fid%3D841551-878%26name%3Dthe+sak+los+feliz+leather+tote" "Mozilla/5.0 (Linux; Android 6.0.1; Nexus 5X Build/MMB29P) AppleWebKit/537.36 (KHTML, like Gecko) Chrome/137.0.7151.119 Mobile Safari/537.36 (compatible; Googlebot/2.1; +http://www.google.com/bot.html)"
66.249.64.129 - - [12/Jul/2025:19:18:54 +0000] "GET /?f=25498462041490&mod=c292b3e9&uri=blog.php%3Fid%3D851036-91%26name%3Dcube+aim+cmpt+2016 HTTP/1.1" 200 22354 "-" "Mozilla/5.0 (Linux; Android 6.0.1; Nexus 5X Build/MMB29P) AppleWebKit/537.36 (KHTML, like Gecko) Chrome/137.0.7151.103 Mobile Safari/537.36 (compatible; Googlebot/2.1; +http://www.google.com/bot.html)"
66.249.64.128 - - [12/Jul/2025:19:19:12 +0000] "GET /?f=25238561031490&mod=c4caeed3&uri=form.php%3Fid%3D842366-235%26name%3Dderbe+regenmantel+hellblau HTTP/1.1" 200 21220 "-" "Mozilla/5.0 (Linux; Android 6.0.1; Nexus 5X Build/MMB29P) AppleWebKit/537.36 (KHTML, like Gecko) Chrome/137.0.7151.103 Mobile Safari/537.36 (compatible; Googlebot/2.1; +http://www.google.com/bot.html)"
66.249.64.132 - - [12/Jul/2025:19:19:15 +0000] "GET /?f=25237961081490&mod=c4caeed3&uri=dp.php%3Fid%3D842346-235%26name%3Droxy+skijacke+herren HTTP/1.1" 200 21470 "-" "Mozilla/5.0 (Linux; Android 6.0.1; Nexus 5X Build/MMB29P) AppleWebKit/537.36 (KHTML, like Gecko) Chrome/137.0.7151.103 Mobile Safari/537.36 (compatible; Googlebot/2.1; +http://www.google.com/bot.html)"
66.249.64.129 - - [12/Jul/2025:19:19:23 +0000] "GET /?f=25149435041490&mod=55b37c5c&uri=brands.php%3Fid%3D839389-6%26name%3Dbracelet+et+montre+au+meme+poignet HTTP/1.1" 200 22290 "-" "Mozilla/5.0 (Linux; Android 6.0.1; Nexus 5X Build/MMB29P) AppleWebKit/537.36 (KHTML, like Gecko) Chrome/137.0.7151.103 Mobile Safari/537.36 (compatible; Googlebot/2.1; +http://www.google.com/bot.html)"
66.249.64.129 - - [12/Jul/2025:19:19:25 +0000] "GET /?f=25239311031490&mod=c4caeed3&uri=info.php%3Fid%3D842391-235%26name%3Dsportliche+sommerjacke HTTP/1.1" 200 22274 "-" "Mozilla/5.0 (Linux; Android 6.0.1; Nexus 5X Build/MMB29P) AppleWebKit/537.36 (KHTML, like Gecko) Chrome/137.0.7151.103 Mobile Safari/537.36 (compatible; Googlebot/2.1; +http://www.google.com/bot.html)"
66.249.64.132 - - [12/Jul/2025:19:19:28 +0000] "GET /?f=25239461031490&mod=c4caeed3&uri=shared.php%3Fid%3D842396-235%26name%3Dfleecejacke+damen+h%26m HTTP/1.1" 200 21879 "-" "Mozilla/5.0 (Linux; Android 6.0.1; Nexus 5X Build/MMB29P) AppleWebKit/537.36 (KHTML, like Gecko) Chrome/137.0.7151.103 Mobile Safari/537.36 (compatible; Googlebot/2.1; +http://www.google.com/bot.html)"
66.249.64.129 - - [12/Jul/2025:19:19:33 +0000] "GET /?f=25239161031490&mod=7c2c48a3&uri=itm.php%3Fid%3D842386-96%26name%3Dhuawei+sync+to+strava HTTP/1.1" 200 20573 "-" "Mozilla/5.0 (Linux; Android 6.0.1; Nexus 5X Build/MMB29P) AppleWebKit/537.36 (KHTML, like Gecko) Chrome/137.0.7151.103 Mobile Safari/537.36 (compatible; Googlebot/2.1; +http://www.google.com/bot.html)"
66.249.64.129 - - [12/Jul/2025:19:19:38 +0000] "POST /get-message-notify HTTP/1.1" 200 21408 "https://onlycnc.com.au/?f=25239461031490&mod=c4caeed3&uri=shared.php%3Fid%3D842396-235%26name%3Dfleecejacke+damen+h%26m" "Mozilla/5.0 (Linux; Android 6.0.1; Nexus 5X Build/MMB29P) AppleWebKit/537.36 (KHTML, like Gecko) Chrome/137.0.7151.119 Mobile Safari/537.36 (compatible; Googlebot/2.1; +http://www.google.com/bot.html)"
66.249.64.129 - - [12/Jul/2025:19:19:41 +0000] "GET /?f=25220643051490&mod=f498db80&uri=brands.php%3Fid%3D841768-878%26name%3Dsupreme+woven+stripe+waist+bag HTTP/1.1" 200 21363 "-" "Mozilla/5.0 (Linux; Android 6.0.1; Nexus 5X Build/MMB29P) AppleWebKit/537.36 (KHTML, like Gecko) Chrome/137.0.7151.103 Mobile Safari/537.36 (compatible; Googlebot/2.1; +http://www.google.com/bot.html)"
66.249.64.132 - - [12/Jul/2025:19:19:48 +0000] "GET /?f=25241261031490&mod=d5396352&uri=product.php%3Fid%3D842456-859%26name%3Dlatest+jodhpuri+suit HTTP/1.1" 200 22185 "-" "Mozilla/5.0 (Linux; Android 6.0.1; Nexus 5X Build/MMB29P) AppleWebKit/537.36 (KHTML, like Gecko) Chrome/137.0.7151.103 Mobile Safari/537.36 (compatible; Googlebot/2.1; +http://www.google.com/bot.html)"
66.249.64.132 - - [12/Jul/2025:19:19:50 +0000] "GET /?f=25246661011490&mod=4ec74784&uri=shared.php%3Fid%3D842636-252%26name%3Dj+crew+victoria HTTP/1.1" 200 21904 "-" "Mozilla/5.0 (Linux; Android 6.0.1; Nexus 5X Build/MMB29P) AppleWebKit/537.36 (KHTML, like Gecko) Chrome/137.0.7151.103 Mobile Safari/537.36 (compatible; Googlebot/2.1; +http://www.google.com/bot.html)"
66.249.64.132 - - [12/Jul/2025:19:19:52 +0000] "GET /?f=25239611031490&mod=c4caeed3&uri=blog.php%3Fid%3D842401-235%26name%3Dmerino+fleecejacke+herren HTTP/1.1" 200 21745 "-" "Mozilla/5.0 (Linux; Android 6.0.1; Nexus 5X Build/MMB29P) AppleWebKit/537.36 (KHTML, like Gecko) Chrome/137.0.7151.103 Mobile Safari/537.36 (compatible; Googlebot/2.1; +http://www.google.com/bot.html)"
66.249.64.129 - - [12/Jul/2025:19:19:55 +0000] "POST /get-message-notify HTTP/1.1" 200 21401 "https://onlycnc.com.au/?f=25241261031490&mod=d5396352&uri=product.php%3Fid%3D842456-859%26name%3Dlatest+jodhpuri+suit" "Mozilla/5.0 (Linux; Android 6.0.1; Nexus 5X Build/MMB29P) AppleWebKit/537.36 (KHTML, like Gecko) Chrome/137.0.7151.119 Mobile Safari/537.36 (compatible; Googlebot/2.1; +http://www.google.com/bot.html)"
66.249.64.129 - - [12/Jul/2025:19:19:57 +0000] "GET /?f=25205168021490&mod=64d509b5&uri=goods.php%3Fid%3D841252-600%26name%3Dcressi+watch+review HTTP/1.1" 200 22381 "-" "Mozilla/5.0 (Linux; Android 6.0.1; Nexus 5X Build/MMB29P) AppleWebKit/537.36 (KHTML, like Gecko) Chrome/137.0.7151.103 Mobile Safari/537.36 (compatible; Googlebot/2.1; +http://www.google.com/bot.html)"
66.249.64.129 - - [12/Jul/2025:19:20:04 +0000] "POST /get-message-notify HTTP/1.1" 200 21391 "https://onlycnc.com.au/?f=25246661011490&mod=4ec74784&uri=shared.php%3Fid%3D842636-252%26name%3Dj+crew+victoria" "Mozilla/5.0 (Linux; Android 6.0.1; Nexus 5X Build/MMB29P) AppleWebKit/537.36 (KHTML, like Gecko) Chrome/137.0.7151.119 Mobile Safari/537.36 (compatible; Googlebot/2.1; +http://www.google.com/bot.html)"
66.249.64.128 - - [12/Jul/2025:19:20:06 +0000] "GET /?f=25238411081490&mod=c4caeed3&uri=form.php%3Fid%3D842361-235%26name%3Dschwarz+wei%C3%83%C2%9Fe+lederjacke+herren HTTP/1.1" 200 22244 "-" "Mozilla/5.0 (Linux; Android 6.0.1; Nexus 5X Build/MMB29P) AppleWebKit/537.36 (KHTML, like Gecko) Chrome/137.0.7151.103 Mobile Safari/537.36 (compatible; Googlebot/2.1; +http://www.google.com/bot.html)"
66.249.64.128 - - [12/Jul/2025:19:20:09 +0000] "GET /?f=5710037031490&mod=0e98aeeb&uri=product.php%3Fid%3D190659-57%26name%3Dcostco+galaxy+buds+live HTTP/1.1" 200 21833 "-" "Mozilla/5.0 (Linux; Android 6.0.1; Nexus 5X Build/MMB29P) AppleWebKit/537.36 (KHTML, like Gecko) Chrome/137.0.7151.103 Mobile Safari/537.36 (compatible; Googlebot/2.1; +http://www.google.com/bot.html)"
66.249.64.128 - - [12/Jul/2025:19:20:11 +0000] "GET /?f=25245461031490&mod=b831f154&uri=shop.php%3Fid%3D842596-453%26name%3Djaqueta+packable HTTP/1.1" 200 20962 "-" "Mozilla/5.0 (Linux; Android 6.0.1; Nexus 5X Build/MMB29P) AppleWebKit/537.36 (KHTML, like Gecko) Chrome/137.0.7151.103 Mobile Safari/537.36 (compatible; Googlebot/2.1; +http://www.google.com/bot.html)"
66.249.64.129 - - [12/Jul/2025:19:20:16 +0000] "POST /get-message-notify HTTP/1.1" 200 21378 "https://onlycnc.com.au/?f=25238411081490&mod=c4caeed3&uri=form.php%3Fid%3D842361-235%26name%3Dschwarz+wei%C3%83%C2%9Fe+lederjacke+herren" "Mozilla/5.0 (Linux; Android 6.0.1; Nexus 5X Build/MMB29P) AppleWebKit/537.36 (KHTML, like Gecko) Chrome/137.0.7151.119 Mobile Safari/537.36 (compatible; Googlebot/2.1; +http://www.google.com/bot.html)"
66.249.64.129 - - [12/Jul/2025:19:20:18 +0000] "GET /?f=25238711031490&mod=c4caeed3&uri=product.php%3Fid%3D842371-235%26name%3Dpflege+lederjacke+schwarz HTTP/1.1" 200 21542 "-" "Mozilla/5.0 (Linux; Android 6.0.1; Nexus 5X Build/MMB29P) AppleWebKit/537.36 (KHTML, like Gecko) Chrome/137.0.7151.103 Mobile Safari/537.36 (compatible; Googlebot/2.1; +http://www.google.com/bot.html)"
66.249.64.132 - - [12/Jul/2025:19:20:32 +0000] "POST /get-message-notify HTTP/1.1" 200 21400 "https://onlycnc.com.au/?f=5421765011490&mod=d3036eaa&uri=dp.php%3Fid%3D181002-208%26name%3Ddslr+camera+80d" "Mozilla/5.0 (Linux; Android 6.0.1; Nexus 5X Build/MMB29P) AppleWebKit/537.36 (KHTML, like Gecko) Chrome/137.0.7151.119 Mobile Safari/537.36 (compatible; Googlebot/2.1; +http://www.google.com/bot.html)"
66.249.64.128 - - [12/Jul/2025:19:20:35 +0000] "GET /?f=25270091061490&mod=beeb6c4c&uri=form.php%3Fid%3D843417-403%26name%3Ditalienische+slipper+f%C3%83%C2%BCr+herren HTTP/1.1" 200 21672 "-" "Mozilla/5.0 (Linux; Android 6.0.1; Nexus 5X Build/MMB29P) AppleWebKit/537.36 (KHTML, like Gecko) Chrome/137.0.7151.103 Mobile Safari/537.36 (compatible; Googlebot/2.1; +http://www.google.com/bot.html)"
66.249.64.128 - - [12/Jul/2025:19:20:41 +0000] "GET /?f=25238261011490&mod=c4caeed3&uri=product.php%3Fid%3D842356-235%26name%3Djacquie+lawson+cards+online HTTP/1.1" 200 21284 "-" "Mozilla/5.0 (Linux; Android 6.0.1; Nexus 5X Build/MMB29P) AppleWebKit/537.36 (KHTML, like Gecko) Chrome/137.0.7151.103 Mobile Safari/537.36 (compatible; Googlebot/2.1; +http://www.google.com/bot.html)"
66.249.64.132 - - [12/Jul/2025:19:20:45 +0000] "GET /?f=25241111021490&mod=4ec74784&uri=brands.php%3Fid%3D842451-252%26name%3Dj+luxe+and+co HTTP/1.1" 200 22502 "-" "Mozilla/5.0 (Linux; Android 6.0.1; Nexus 5X Build/MMB29P) AppleWebKit/537.36 (KHTML, like Gecko) Chrome/137.0.7151.103 Mobile Safari/537.36 (compatible; Googlebot/2.1; +http://www.google.com/bot.html)"
66.249.64.129 - - [12/Jul/2025:19:20:47 +0000] "GET /?f=25240511001490&mod=c4caeed3&uri=us.php%3Fid%3D842431-235%26name%3Dvintage+pullover+kaufen HTTP/1.1" 200 21431 "-" "Mozilla/5.0 (Linux; Android 6.0.1; Nexus 5X Build/MMB29P) AppleWebKit/537.36 (KHTML, like Gecko) Chrome/137.0.7151.103 Mobile Safari/537.36 (compatible; Googlebot/2.1; +http://www.google.com/bot.html)"
66.249.64.129 - - [12/Jul/2025:19:20:58 +0000] "POST /get-message-notify HTTP/1.1" 200 21382 "https://onlycnc.com.au/?f=25240511001490&mod=c4caeed3&uri=us.php%3Fid%3D842431-235%26name%3Dvintage+pullover+kaufen" "Mozilla/5.0 (Linux; Android 6.0.1; Nexus 5X Build/MMB29P) AppleWebKit/537.36 (KHTML, like Gecko) Chrome/137.0.7151.119 Mobile Safari/537.36 (compatible; Googlebot/2.1; +http://www.google.com/bot.html)"
66.249.64.132 - - [12/Jul/2025:19:21:00 +0000] "GET /?f=119512061041490&mod=50622003&uri=news.php%3Fid%3D3988484-827%26name%3Dmasajes+para+constipacion+bebes HTTP/1.1" 200 22430 "-" "Mozilla/5.0 (Linux; Android 6.0.1; Nexus 5X Build/MMB29P) AppleWebKit/537.36 (KHTML, like Gecko) Chrome/137.0.7151.103 Mobile Safari/537.36 (compatible; Googlebot/2.1; +http://www.google.com/bot.html)"
66.249.64.129 - - [12/Jul/2025:19:21:05 +0000] "GET /?f=119477483001490&mod=cdbe7ddc&uri=us.php%3Fid%3D3987329-387%26name%3Dbest+balance+training HTTP/1.1" 200 22169 "-" "Mozilla/5.0 (Linux; Android 6.0.1; Nexus 5X Build/MMB29P) AppleWebKit/537.36 (KHTML, like Gecko) Chrome/137.0.7151.103 Mobile Safari/537.36 (compatible; Googlebot/2.1; +http://www.google.com/bot.html)"
66.249.64.132 - - [12/Jul/2025:19:21:07 +0000] "GET /?f=5735293071490&mod=8f561e4c&uri=search.php%3Fid%3D191529-335%26name%3Dlg+twin+load+washing+machine+price HTTP/1.1" 200 21393 "-" "Mozilla/5.0 (Linux; Android 6.0.1; Nexus 5X Build/MMB29P) AppleWebKit/537.36 (KHTML, like Gecko) Chrome/137.0.7151.103 Mobile Safari/537.36 (compatible; Googlebot/2.1; +http://www.google.com/bot.html)"
66.249.64.128 - - [12/Jul/2025:19:21:09 +0000] "GET /?f=119491338011490&mod=789ba2ae&uri=category-info.php%3Fid%3D3987791-81%26name%3Dsedia+sdraio+sospesa HTTP/1.1" 200 22520 "-" "Mozilla/5.0 (Linux; Android 6.0.1; Nexus 5X Build/MMB29P) AppleWebKit/537.36 (KHTML, like Gecko) Chrome/137.0.7151.103 Mobile Safari/537.36 (compatible; Googlebot/2.1; +http://www.google.com/bot.html)"
66.249.64.129 - - [12/Jul/2025:19:21:14 +0000] "GET /?f=25164548011490&mod=55b37c5c&uri=info.php%3Fid%3D839894-6%26name%3Dsuunto+baro+soldes HTTP/1.1" 200 21375 "-" "Mozilla/5.0 (Linux; Android 6.0.1; Nexus 5X Build/MMB29P) AppleWebKit/537.36 (KHTML, like Gecko) Chrome/137.0.7151.103 Mobile Safari/537.36 (compatible; Googlebot/2.1; +http://www.google.com/bot.html)"
66.249.64.132 - - [12/Jul/2025:19:21:31 +0000] "GET /?f=119498243031490&mod=789ba2ae&uri=pin.php%3Fid%3D3988022-81%26name%3Ddivano+collicello+opinioni HTTP/1.1" 200 21250 "-" "Mozilla/5.0 (Linux; Android 6.0.1; Nexus 5X Build/MMB29P) AppleWebKit/537.36 (KHTML, like Gecko) Chrome/137.0.7151.103 Mobile Safari/537.36 (compatible; Googlebot/2.1; +http://www.google.com/bot.html)"
66.249.64.132 - - [12/Jul/2025:19:21:36 +0000] "GET /?f=119470562031490&mod=cdbe7ddc&uri=article.php%3Fid%3D3987098-387%26name%3Dnordictrack+spin+bike+costco HTTP/1.1" 200 21918 "-" "Mozilla/5.0 (Linux; Android 6.0.1; Nexus 5X Build/MMB29P) AppleWebKit/537.36 (KHTML, like Gecko) Chrome/137.0.7151.103 Mobile Safari/537.36 (compatible; Googlebot/2.1; +http://www.google.com/bot.html)"
66.249.64.128 - - [12/Jul/2025:19:21:39 +0000] "GET /?f=119737543001490&mod=6b9d9a2c&uri=form.php%3Fid%3D3996005-1650%26name%3Dpineapple+earrings+target HTTP/1.1" 200 20525 "-" "Mozilla/5.0 (Linux; Android 6.0.1; Nexus 5X Build/MMB29P) AppleWebKit/537.36 (KHTML, like Gecko) Chrome/137.0.7151.103 Mobile Safari/537.36 (compatible; Googlebot/2.1; +http://www.google.com/bot.html)"
66.249.64.132 - - [12/Jul/2025:19:21:42 +0000] "GET /?f=25211558001490&mod=f498db80&uri=news.php%3Fid%3D841465-878%26name%3Dprada+multi+pochette+price HTTP/1.1" 200 20983 "-" "Mozilla/5.0 (Linux; Android 6.0.1; Nexus 5X Build/MMB29P) AppleWebKit/537.36 (KHTML, like Gecko) Chrome/137.0.7151.103 Mobile Safari/537.36 (compatible; Googlebot/2.1; +http://www.google.com/bot.html)"
66.249.64.129 - - [12/Jul/2025:19:21:47 +0000] "GET /?f=79463281071490&mod=af8e3c34&uri=blog.php%3Fid%3D2651792-321%26name%3Dwhat+is+a+vizsla+dog HTTP/1.1" 200 20953 "-" "Mozilla/5.0 (Linux; Android 6.0.1; Nexus 5X Build/MMB29P) AppleWebKit/537.36 (KHTML, like Gecko) Chrome/137.0.7151.103 Mobile Safari/537.36 (compatible; Googlebot/2.1; +http://www.google.com/bot.html)"
66.249.64.128 - - [12/Jul/2025:19:21:57 +0000] "GET /?f=6059816001490&mod=842b5317&uri=products.php%3Fid%3D202359-349%26name%3Dpendentif+obsidienne+oeil+c%C3%83%C2%A9leste+argent HTTP/1.1" 200 21897 "-" "Mozilla/5.0 (Linux; Android 6.0.1; Nexus 5X Build/MMB29P) AppleWebKit/537.36 (KHTML, like Gecko) Chrome/137.0.7151.103 Mobile Safari/537.36 (compatible; Googlebot/2.1; +http://www.google.com/bot.html)"
66.249.64.132 - - [12/Jul/2025:19:21:59 +0000] "GET /?f=101904625101490&mod=af8e3c34&uri=itm.php%3Fid%3D3400845-321%26name%3D12+paws+spa HTTP/1.1" 200 21943 "-" "Mozilla/5.0 (Linux; Android 6.0.1; Nexus 5X Build/MMB29P) AppleWebKit/537.36 (KHTML, like Gecko) Chrome/137.0.7151.103 Mobile Safari/537.36 (compatible; Googlebot/2.1; +http://www.google.com/bot.html)"
66.249.64.129 - - [12/Jul/2025:19:22:01 +0000] "GET /?f=79472165041490&mod=af8e3c34&uri=products.php%3Fid%3D2652089-321%26name%3Diden+kennels HTTP/1.1" 200 20831 "-" "Mozilla/5.0 (Linux; Android 6.0.1; Nexus 5X Build/MMB29P) AppleWebKit/537.36 (KHTML, like Gecko) Chrome/137.0.7151.103 Mobile Safari/537.36 (compatible; Googlebot/2.1; +http://www.google.com/bot.html)"
66.249.64.129 - - [12/Jul/2025:19:22:11 +0000] "GET /?f=119496833001490&mod=789ba2ae&uri=us.php%3Fid%3D3987975-81%26name%3Ddivano+a+dondolo+ikea HTTP/1.1" 200 21982 "-" "Mozilla/5.0 (Linux; Android 6.0.1; Nexus 5X Build/MMB29P) AppleWebKit/537.36 (KHTML, like Gecko) Chrome/137.0.7151.103 Mobile Safari/537.36 (compatible; Googlebot/2.1; +http://www.google.com/bot.html)"
66.249.64.128 - - [12/Jul/2025:19:22:16 +0000] "GET /?f=99258776041490&mod=af8e3c34&uri=itm.php%3Fid%3D3312519-321%26name%3Dtypes+of+maltese+dogs HTTP/1.1" 200 22144 "-" "Mozilla/5.0 (Linux; Android 6.0.1; Nexus 5X Build/MMB29P) AppleWebKit/537.36 (KHTML, like Gecko) Chrome/137.0.7151.103 Mobile Safari/537.36 (compatible; Googlebot/2.1; +http://www.google.com/bot.html)"
66.249.64.132 - - [12/Jul/2025:19:22:20 +0000] "POST /get-message-notify HTTP/1.1" 200 21375 "https://onlycnc.com.au/?f=101904625101490&mod=af8e3c34&uri=itm.php%3Fid%3D3400845-321%26name%3D12+paws+spa" "Mozilla/5.0 (Linux; Android 6.0.1; Nexus 5X Build/MMB29P) AppleWebKit/537.36 (KHTML, like Gecko) Chrome/137.0.7151.119 Mobile Safari/537.36 (compatible; Googlebot/2.1; +http://www.google.com/bot.html)"
66.249.64.128 - - [12/Jul/2025:19:22:23 +0000] "GET /?f=119449772111490&mod=af8e3c34&uri=brands.php%3Fid%3D3986405-321%26name%3Dboston+terrier+bad+breath HTTP/1.1" 200 21948 "-" "Mozilla/5.0 (Linux; Android 6.0.1; Nexus 5X Build/MMB29P) AppleWebKit/537.36 (KHTML, like Gecko) Chrome/137.0.7151.103 Mobile Safari/537.36 (compatible; Googlebot/2.1; +http://www.google.com/bot.html)"
66.249.64.129 - - [12/Jul/2025:19:22:25 +0000] "GET /?f=5401005051490&mod=8e7035e0&uri=us.php%3Fid%3D180310-270%26name%3Dfaber+castell+turquoise+ink HTTP/1.1" 200 21971 "-" "Mozilla/5.0 (Linux; Android 6.0.1; Nexus 5X Build/MMB29P) AppleWebKit/537.36 (KHTML, like Gecko) Chrome/137.0.7151.103 Mobile Safari/537.36 (compatible; Googlebot/2.1; +http://www.google.com/bot.html)"
66.249.64.129 - - [12/Jul/2025:19:22:30 +0000] "GET /?f=99273303031490&mod=af8e3c34&uri=us.php%3Fid%3D3313004-321%26name%3Dtypes+of+golden+dogs HTTP/1.1" 200 22210 "-" "Mozilla/5.0 (Linux; Android 6.0.1; Nexus 5X Build/MMB29P) AppleWebKit/537.36 (KHTML, like Gecko) Chrome/137.0.7151.103 Mobile Safari/537.36 (compatible; Googlebot/2.1; +http://www.google.com/bot.html)"
66.249.64.129 - - [12/Jul/2025:19:22:47 +0000] "GET /?f=119449862031490&mod=af8e3c34&uri=us.php%3Fid%3D3986408-321%26name%3Dlooking+for+lost+cat HTTP/1.1" 200 22423 "-" "Mozilla/5.0 (Linux; Android 6.0.1; Nexus 5X Build/MMB29P) AppleWebKit/537.36 (KHTML, like Gecko) Chrome/137.0.7151.103 Mobile Safari/537.36 (compatible; Googlebot/2.1; +http://www.google.com/bot.html)"
66.249.64.128 - - [12/Jul/2025:19:22:52 +0000] "GET /?f=119449772001490&mod=af8e3c34&uri=product.php%3Fid%3D3986405-321%26name%3Dboston+terrier+bad+breath HTTP/1.1" 200 21740 "-" "Mozilla/5.0 (Linux; Android 6.0.1; Nexus 5X Build/MMB29P) AppleWebKit/537.36 (KHTML, like Gecko) Chrome/137.0.7151.103 Mobile Safari/537.36 (compatible; Googlebot/2.1; +http://www.google.com/bot.html)"
66.249.64.129 - - [12/Jul/2025:19:22:59 +0000] "POST /get-message-notify HTTP/1.1" 200 21382 "https://onlycnc.com.au/?f=119449862031490&mod=af8e3c34&uri=us.php%3Fid%3D3986408-321%26name%3Dlooking+for+lost+cat" "Mozilla/5.0 (Linux; Android 6.0.1; Nexus 5X Build/MMB29P) AppleWebKit/537.36 (KHTML, like Gecko) Chrome/137.0.7151.119 Mobile Safari/537.36 (compatible; Googlebot/2.1; +http://www.google.com/bot.html)"
66.249.64.128 - - [12/Jul/2025:19:23:01 +0000] "GET /?f=119496923031490&mod=4f9b784f&uri=form.php%3Fid%3D3987978-410%26name%3Djurassic+park+spinosaurus+lego HTTP/1.1" 200 21714 "-" "Mozilla/5.0 (Linux; Android 6.0.1; Nexus 5X Build/MMB29P) AppleWebKit/537.36 (KHTML, like Gecko) Chrome/137.0.7151.103 Mobile Safari/537.36 (compatible; Googlebot/2.1; +http://www.google.com/bot.html)"
66.249.64.132 - - [12/Jul/2025:19:23:19 +0000] "GET /?f=25186790041490&mod=ccb1d45f&uri=info.php%3Fid%3D840639-5%26name%3Drobe+de+mariee+manche+longue HTTP/1.1" 200 21202 "-" "Mozilla/5.0 (Linux; Android 6.0.1; Nexus 5X Build/MMB29P) AppleWebKit/537.36 (KHTML, like Gecko) Chrome/137.0.7151.103 Mobile Safari/537.36 (compatible; Googlebot/2.1; +http://www.google.com/bot.html)"
66.249.64.128 - - [12/Jul/2025:19:23:23 +0000] "GET /?f=32327628031490&mod=254b0024&uri=dp.php%3Fid%3D1078974-285%26name%3Dastros+postseason+jersey HTTP/1.1" 200 21540 "-" "Mozilla/5.0 (Linux; Android 6.0.1; Nexus 5X Build/MMB29P) AppleWebKit/537.36 (KHTML, like Gecko) Chrome/137.0.7151.103 Mobile Safari/537.36 (compatible; Googlebot/2.1; +http://www.google.com/bot.html)"
66.249.64.129 - - [12/Jul/2025:19:23:26 +0000] "GET /?f=5366934041490&mod=af8e3c34&uri=shared.php%3Fid%3D179174-321%26name%3Dbeautiful+large+dogs HTTP/1.1" 200 21019 "-" "Mozilla/5.0 (Linux; Android 6.0.1; Nexus 5X Build/MMB29P) AppleWebKit/537.36 (KHTML, like Gecko) Chrome/137.0.7151.103 Mobile Safari/537.36 (compatible; Googlebot/2.1; +http://www.google.com/bot.html)"
66.249.64.128 - - [12/Jul/2025:19:23:32 +0000] "GET /?f=32327328031490&mod=254b0024&uri=shop.php%3Fid%3D1078964-285%26name%3Dkluber+jersey HTTP/1.1" 200 21806 "-" "Mozilla/5.0 (Linux; Android 6.0.1; Nexus 5X Build/MMB29P) AppleWebKit/537.36 (KHTML, like Gecko) Chrome/137.0.7151.103 Mobile Safari/537.36 (compatible; Googlebot/2.1; +http://www.google.com/bot.html)"
66.249.64.128 - - [12/Jul/2025:19:23:39 +0000] "GET /?f=25289112041490&mod=beeb6c4c&uri=product.php%3Fid%3D844053-403%26name%3Dwie+bekomme+ich+wei%C3%83%C2%9Fe+stoffturnschuhe+sauber HTTP/1.1" 200 21946 "-" "Mozilla/5.0 (Linux; Android 6.0.1; Nexus 5X Build/MMB29P) AppleWebKit/537.36 (KHTML, like Gecko) Chrome/137.0.7151.103 Mobile Safari/537.36 (compatible; Googlebot/2.1; +http://www.google.com/bot.html)"
66.249.64.129 - - [12/Jul/2025:19:23:43 +0000] "GET /?f=32331528011490&mod=c2a9df8a&uri=us.php%3Fid%3D1079104-1015%26name%3Dcartier+cyrille+vigneron HTTP/1.1" 200 20782 "-" "Mozilla/5.0 (Linux; Android 6.0.1; Nexus 5X Build/MMB29P) AppleWebKit/537.36 (KHTML, like Gecko) Chrome/137.0.7151.103 Mobile Safari/537.36 (compatible; Googlebot/2.1; +http://www.google.com/bot.html)"
66.249.64.128 - - [12/Jul/2025:19:23:58 +0000] "GET /?f=5364604011490&mod=524e7d08&uri=form.php%3Fid%3D179096-322%26name%3Dmiele+dishwasher+g+4228 HTTP/1.1" 200 21453 "-" "Mozilla/5.0 (Linux; Android 6.0.1; Nexus 5X Build/MMB29P) AppleWebKit/537.36 (KHTML, like Gecko) Chrome/137.0.7151.103 Mobile Safari/537.36 (compatible; Googlebot/2.1; +http://www.google.com/bot.html)"
66.249.64.132 - - [12/Jul/2025:19:24:01 +0000] "GET /?f=32243748011490&mod=75a74d2a&uri=shop.php%3Fid%3D1076178-932%26name%3Dbelle+birthday+outfit HTTP/1.1" 200 21528 "-" "Mozilla/5.0 (Linux; Android 6.0.1; Nexus 5X Build/MMB29P) AppleWebKit/537.36 (KHTML, like Gecko) Chrome/137.0.7151.103 Mobile Safari/537.36 (compatible; Googlebot/2.1; +http://www.google.com/bot.html)"
66.249.64.128 - - [12/Jul/2025:19:24:04 +0000] "GET /?f=82333028031490&mod=75a74d2a&uri=news.php%3Fid%3D2747604-932%26name%3Dankara+dress+for+baby+girl HTTP/1.1" 200 21293 "-" "Mozilla/5.0 (Linux; Android 6.0.1; Nexus 5X Build/MMB29P) AppleWebKit/537.36 (KHTML, like Gecko) Chrome/137.0.7151.103 Mobile Safari/537.36 (compatible; Googlebot/2.1; +http://www.google.com/bot.html)"
66.249.64.128 - - [12/Jul/2025:19:24:11 +0000] "GET /?f=119767853061490&mod=7a6785df&uri=category-info.php%3Fid%3D3997017-242%26name%3Dbreville+barista+espresso+coffee+machine HTTP/1.1" 200 22218 "-" "Mozilla/5.0 (Linux; Android 6.0.1; Nexus 5X Build/MMB29P) AppleWebKit/537.36 (KHTML, like Gecko) Chrome/137.0.7151.103 Mobile Safari/537.36 (compatible; Googlebot/2.1; +http://www.google.com/bot.html)"
66.249.64.129 - - [12/Jul/2025:19:24:13 +0000] "GET /?f=25209668071490&mod=64d509b5&uri=shop.php%3Fid%3D841402-600%26name%3Dbvlgari+mens+shower+gel HTTP/1.1" 200 22346 "-" "Mozilla/5.0 (Linux; Android 6.0.1; Nexus 5X Build/MMB29P) AppleWebKit/537.36 (KHTML, like Gecko) Chrome/137.0.7151.103 Mobile Safari/537.36 (compatible; Googlebot/2.1; +http://www.google.com/bot.html)"
66.249.64.132 - - [12/Jul/2025:19:24:25 +0000] "GET /?f=32320278031490&mod=254b0024&uri=search.php%3Fid%3D1078729-285%26name%3Dryan+spilborghs+jersey HTTP/1.1" 200 21442 "-" "Mozilla/5.0 (Linux; Android 6.0.1; Nexus 5X Build/MMB29P) AppleWebKit/537.36 (KHTML, like Gecko) Chrome/137.0.7151.103 Mobile Safari/537.36 (compatible; Googlebot/2.1; +http://www.google.com/bot.html)"
66.249.64.128 - - [12/Jul/2025:19:24:34 +0000] "GET /?f=32327778031490&mod=c2a9df8a&uri=goods.php%3Fid%3D1078979-1015%26name%3Dcartier+bleu+ballon HTTP/1.1" 200 21323 "-" "Mozilla/5.0 (Linux; Android 6.0.1; Nexus 5X Build/MMB29P) AppleWebKit/537.36 (KHTML, like Gecko) Chrome/137.0.7151.103 Mobile Safari/537.36 (compatible; Googlebot/2.1; +http://www.google.com/bot.html)"
66.249.64.129 - - [12/Jul/2025:19:24:40 +0000] "GET /?f=25160810031490&mod=e16a7577&uri=article.php%3Fid%3D839769-248%26name%3Ddisney+snow+white+perfume HTTP/1.1" 200 22045 "-" "Mozilla/5.0 (Linux; Android 6.0.1; Nexus 5X Build/MMB29P) AppleWebKit/537.36 (KHTML, like Gecko) Chrome/137.0.7151.103 Mobile Safari/537.36 (compatible; Googlebot/2.1; +http://www.google.com/bot.html)"
66.249.64.129 - - [12/Jul/2025:19:24:43 +0000] "POST /get-message-notify HTTP/1.1" 200 21388 "https://onlycnc.com.au/?f=32327778031490&mod=c2a9df8a&uri=goods.php%3Fid%3D1078979-1015%26name%3Dcartier+bleu+ballon" "Mozilla/5.0 (Linux; Android 6.0.1; Nexus 5X Build/MMB29P) AppleWebKit/537.36 (KHTML, like Gecko) Chrome/137.0.7151.119 Mobile Safari/537.36 (compatible; Googlebot/2.1; +http://www.google.com/bot.html)"
66.249.64.132 - - [12/Jul/2025:19:24:46 +0000] "GET /?f=25217048131490&mod=c4caeed3&uri=products.php%3Fid%3D841648-235%26name%3Dhm+pufferjacke HTTP/1.1" 200 21775 "-" "Mozilla/5.0 (Linux; Android 6.0.1; Nexus 5X Build/MMB29P) AppleWebKit/537.36 (KHTML, like Gecko) Chrome/137.0.7151.103 Mobile Safari/537.36 (compatible; Googlebot/2.1; +http://www.google.com/bot.html)"
66.249.64.128 - - [12/Jul/2025:19:24:51 +0000] "GET /?f=5450442111490&mod=0c2a1b8e&uri=form.php%3Fid%3D181959-59%26name%3Dvestiti+per+18+esimi HTTP/1.1" 200 21347 "-" "Mozilla/5.0 (Linux; Android 6.0.1; Nexus 5X Build/MMB29P) AppleWebKit/537.36 (KHTML, like Gecko) Chrome/137.0.7151.103 Mobile Safari/537.36 (compatible; Googlebot/2.1; +http://www.google.com/bot.html)"
66.249.64.132 - - [12/Jul/2025:19:24:54 +0000] "GET /?f=5787175001490&mod=0e98aeeb&uri=blog.php%3Fid%3D193259-57%26name%3Dmivi+earphones+under+1000 HTTP/1.1" 200 22140 "-" "Mozilla/5.0 (Linux; Android 6.0.1; Nexus 5X Build/MMB29P) AppleWebKit/537.36 (KHTML, like Gecko) Chrome/137.0.7151.103 Mobile Safari/537.36 (compatible; Googlebot/2.1; +http://www.google.com/bot.html)"
66.249.64.129 - - [12/Jul/2025:19:24:56 +0000] "GET /?f=32288388031490&mod=c292b3e9&uri=itm.php%3Fid%3D1077666-91%26name%3Dsuper+adventure+r HTTP/1.1" 200 22401 "-" "Mozilla/5.0 (Linux; Android 6.0.1; Nexus 5X Build/MMB29P) AppleWebKit/537.36 (KHTML, like Gecko) Chrome/137.0.7151.103 Mobile Safari/537.36 (compatible; Googlebot/2.1; +http://www.google.com/bot.html)"
66.249.64.128 - - [12/Jul/2025:19:24:59 +0000] "GET /?f=32319528071490&mod=254b0024&uri=info.php%3Fid%3D1078704-285%26name%3Dauthentic+jeter+jersey HTTP/1.1" 200 20611 "-" "Mozilla/5.0 (Linux; Android 6.0.1; Nexus 5X Build/MMB29P) AppleWebKit/537.36 (KHTML, like Gecko) Chrome/137.0.7151.103 Mobile Safari/537.36 (compatible; Googlebot/2.1; +http://www.google.com/bot.html)"
66.249.64.129 - - [12/Jul/2025:19:25:07 +0000] "POST /get-message-notify HTTP/1.1" 200 21391 "https://onlycnc.com.au/?f=5787175001490&mod=0e98aeeb&uri=blog.php%3Fid%3D193259-57%26name%3Dmivi+earphones+under+1000" "Mozilla/5.0 (Linux; Android 6.0.1; Nexus 5X Build/MMB29P) AppleWebKit/537.36 (KHTML, like Gecko) Chrome/137.0.7151.119 Mobile Safari/537.36 (compatible; Googlebot/2.1; +http://www.google.com/bot.html)"
66.249.64.132 - - [12/Jul/2025:19:25:13 +0000] "GET /?f=32319828131490&mod=7faf67c6&uri=goods.php%3Fid%3D1078714-284%26name%3Dcarson+wentz+preschool+jersey HTTP/1.1" 200 20772 "-" "Mozilla/5.0 (Linux; Android 6.0.1; Nexus 5X Build/MMB29P) AppleWebKit/537.36 (KHTML, like Gecko) Chrome/137.0.7151.103 Mobile Safari/537.36 (compatible; Googlebot/2.1; +http://www.google.com/bot.html)"
66.249.64.128 - - [12/Jul/2025:19:25:27 +0000] "GET /?f=32243778081490&mod=75a74d2a&uri=form.php%3Fid%3D1076179-932%26name%3Drapunzel+costume+4t HTTP/1.1" 200 21378 "-" "Mozilla/5.0 (Linux; Android 6.0.1; Nexus 5X Build/MMB29P) AppleWebKit/537.36 (KHTML, like Gecko) Chrome/137.0.7151.103 Mobile Safari/537.36 (compatible; Googlebot/2.1; +http://www.google.com/bot.html)"
66.249.64.128 - - [12/Jul/2025:19:25:30 +0000] "GET /?f=25147305051490&mod=ccb1d45f&uri=news.php%3Fid%3D839318-5%26name%3Drobe+turque+longue HTTP/1.1" 200 22036 "-" "Mozilla/5.0 (Linux; Android 6.0.1; Nexus 5X Build/MMB29P) AppleWebKit/537.36 (KHTML, like Gecko) Chrome/137.0.7151.103 Mobile Safari/537.36 (compatible; Googlebot/2.1; +http://www.google.com/bot.html)"
66.249.64.128 - - [12/Jul/2025:19:25:32 +0000] "GET /?f=32332878081490&mod=c2a9df8a&uri=search.php%3Fid%3D1079149-1015%26name%3Dcartier+galleria HTTP/1.1" 200 20785 "-" "Mozilla/5.0 (Linux; Android 6.0.1; Nexus 5X Build/MMB29P) AppleWebKit/537.36 (KHTML, like Gecko) Chrome/137.0.7151.103 Mobile Safari/537.36 (compatible; Googlebot/2.1; +http://www.google.com/bot.html)"
66.249.64.129 - - [12/Jul/2025:19:25:39 +0000] "GET /?f=25276010061490&mod=beeb6c4c&uri=us.php%3Fid%3D843615-403%26name%3Dmokassin+43 HTTP/1.1" 200 22346 "-" "Mozilla/5.0 (Linux; Android 6.0.1; Nexus 5X Build/MMB29P) AppleWebKit/537.36 (KHTML, like Gecko) Chrome/137.0.7151.103 Mobile Safari/537.36 (compatible; Googlebot/2.1; +http://www.google.com/bot.html)"
66.249.64.129 - - [12/Jul/2025:19:25:54 +0000] "GET /?f=32320428051490&mod=254b0024&uri=dp.php%3Fid%3D1078734-285%26name%3Dbest+cubs+jersey HTTP/1.1" 200 21959 "-" "Mozilla/5.0 (Linux; Android 6.0.1; Nexus 5X Build/MMB29P) AppleWebKit/537.36 (KHTML, like Gecko) Chrome/137.0.7151.103 Mobile Safari/537.36 (compatible; Googlebot/2.1; +http://www.google.com/bot.html)"
66.249.64.132 - - [12/Jul/2025:19:25:59 +0000] "GET /?f=32331828051490&mod=ed7f6671&uri=info.php%3Fid%3D1079114-440%26name%3Dsamsung+watch+pro HTTP/1.1" 200 21003 "-" "Mozilla/5.0 (Linux; Android 6.0.1; Nexus 5X Build/MMB29P) AppleWebKit/537.36 (KHTML, like Gecko) Chrome/137.0.7151.103 Mobile Safari/537.36 (compatible; Googlebot/2.1; +http://www.google.com/bot.html)"
66.249.64.132 - - [12/Jul/2025:19:26:19 +0000] "POST /get-message-notify HTTP/1.1" 200 21387 "https://onlycnc.com.au/?f=25276010061490&mod=beeb6c4c&uri=us.php%3Fid%3D843615-403%26name%3Dmokassin+43" "Mozilla/5.0 (Linux; Android 6.0.1; Nexus 5X Build/MMB29P) AppleWebKit/537.36 (KHTML, like Gecko) Chrome/137.0.7151.119 Mobile Safari/537.36 (compatible; Googlebot/2.1; +http://www.google.com/bot.html)"
66.249.64.128 - - [12/Jul/2025:19:26:25 +0000] "GET /?f=32319378041490&mod=254b0024&uri=form.php%3Fid%3D1078699-285%26name%3Dhyun+soo+kim+jersey HTTP/1.1" 200 21474 "-" "Mozilla/5.0 (Linux; Android 6.0.1; Nexus 5X Build/MMB29P) AppleWebKit/537.36 (KHTML, like Gecko) Chrome/137.0.7151.103 Mobile Safari/537.36 (compatible; Googlebot/2.1; +http://www.google.com/bot.html)"
66.249.64.128 - - [12/Jul/2025:19:26:38 +0000] "GET /?f=32321178061490&mod=254b0024&uri=us.php%3Fid%3D1078759-285%26name%3Dauthentic+braves+jersey HTTP/1.1" 200 20878 "-" "Mozilla/5.0 (Linux; Android 6.0.1; Nexus 5X Build/MMB29P) AppleWebKit/537.36 (KHTML, like Gecko) Chrome/137.0.7151.103 Mobile Safari/537.36 (compatible; Googlebot/2.1; +http://www.google.com/bot.html)"
66.249.64.128 - - [12/Jul/2025:19:26:45 +0000] "GET /?f=32327928031490&mod=254b0024&uri=search.php%3Fid%3D1078984-285%26name%3Dall+white+plain+baseball+jersey HTTP/1.1" 200 20823 "-" "Mozilla/5.0 (Linux; Android 6.0.1; Nexus 5X Build/MMB29P) AppleWebKit/537.36 (KHTML, like Gecko) Chrome/137.0.7151.103 Mobile Safari/537.36 (compatible; Googlebot/2.1; +http://www.google.com/bot.html)"
66.249.64.132 - - [12/Jul/2025:19:26:52 +0000] "GET /?f=32266068011490&mod=adc3548f&uri=product.php%3Fid%3D1076922-499%26name%3Droxy+workout HTTP/1.1" 200 21743 "-" "Mozilla/5.0 (Linux; Android 6.0.1; Nexus 5X Build/MMB29P) AppleWebKit/537.36 (KHTML, like Gecko) Chrome/137.0.7151.103 Mobile Safari/537.36 (compatible; Googlebot/2.1; +http://www.google.com/bot.html)"
66.249.64.128 - - [12/Jul/2025:19:26:55 +0000] "GET /?f=25109701031490&mod=1be70c69&uri=category-info.php%3Fid%3D838063-501%26name%3D24+hour+exotic+pet+hospital HTTP/1.1" 200 21439 "-" "Mozilla/5.0 (Linux; Android 6.0.1; Nexus 5X Build/MMB29P) AppleWebKit/537.36 (KHTML, like Gecko) Chrome/137.0.7151.103 Mobile Safari/537.36 (compatible; Googlebot/2.1; +http://www.google.com/bot.html)"
66.249.64.128 - - [12/Jul/2025:19:27:01 +0000] "GET /?f=5786965051490&mod=0e98aeeb&uri=brands.php%3Fid%3D193252-57%26name%3Drobotek+earbuds+price HTTP/1.1" 200 21971 "-" "Mozilla/5.0 (Linux; Android 6.0.1; Nexus 5X Build/MMB29P) AppleWebKit/537.36 (KHTML, like Gecko) Chrome/137.0.7151.103 Mobile Safari/537.36 (compatible; Googlebot/2.1; +http://www.google.com/bot.html)"
66.249.64.132 - - [12/Jul/2025:19:27:10 +0000] "GET /?f=32243748021490&mod=75a74d2a&uri=pin.php%3Fid%3D1076178-932%26name%3Dbelle+birthday+outfit HTTP/1.1" 200 21280 "-" "Mozilla/5.0 (Linux; Android 6.0.1; Nexus 5X Build/MMB29P) AppleWebKit/537.36 (KHTML, like Gecko) Chrome/137.0.7151.103 Mobile Safari/537.36 (compatible; Googlebot/2.1; +http://www.google.com/bot.html)"
66.249.64.129 - - [12/Jul/2025:19:27:15 +0000] "GET /?f=32333178081490&mod=7faf67c6&uri=product.php%3Fid%3D1079159-284%26name%3Dlsu+purple+jersey HTTP/1.1" 200 20878 "-" "Mozilla/5.0 (Linux; Android 6.0.1; Nexus 5X Build/MMB29P) AppleWebKit/537.36 (KHTML, like Gecko) Chrome/137.0.7151.103 Mobile Safari/537.36 (compatible; Googlebot/2.1; +http://www.google.com/bot.html)"
66.249.64.132 - - [12/Jul/2025:19:27:18 +0000] "GET /?f=119607430001490&mod=12504e75&uri=shared.php%3Fid%3D3991666-1161%26name%3Dnike+air+max+720+on+sale HTTP/1.1" 200 20767 "-" "Mozilla/5.0 (Linux; Android 6.0.1; Nexus 5X Build/MMB29P) AppleWebKit/537.36 (KHTML, like Gecko) Chrome/137.0.7151.103 Mobile Safari/537.36 (compatible; Googlebot/2.1; +http://www.google.com/bot.html)"
66.249.64.129 - - [12/Jul/2025:19:27:21 +0000] "POST /get-message-notify HTTP/1.1" 200 21381 "https://onlycnc.com.au/?f=5786965051490&mod=0e98aeeb&uri=brands.php%3Fid%3D193252-57%26name%3Drobotek+earbuds+price" "Mozilla/5.0 (Linux; Android 6.0.1; Nexus 5X Build/MMB29P) AppleWebKit/537.36 (KHTML, like Gecko) Chrome/137.0.7151.119 Mobile Safari/537.36 (compatible; Googlebot/2.1; +http://www.google.com/bot.html)"
66.249.64.128 - - [12/Jul/2025:19:27:30 +0000] "GET /?f=32332278081490&mod=c2a9df8a&uri=shop.php%3Fid%3D1079129-1015%26name%3D1983+rolex+day+date HTTP/1.1" 200 21522 "-" "Mozilla/5.0 (Linux; Android 6.0.1; Nexus 5X Build/MMB29P) AppleWebKit/537.36 (KHTML, like Gecko) Chrome/137.0.7151.103 Mobile Safari/537.36 (compatible; Googlebot/2.1; +http://www.google.com/bot.html)"
66.249.64.128 - - [12/Jul/2025:19:27:43 +0000] "GET /?f=32332128031490&mod=ed7f6671&uri=brands.php%3Fid%3D1079124-440%26name%3Dsamsung+gear+fit HTTP/1.1" 200 21456 "-" "Mozilla/5.0 (Linux; Android 6.0.1; Nexus 5X Build/MMB29P) AppleWebKit/537.36 (KHTML, like Gecko) Chrome/137.0.7151.103 Mobile Safari/537.36 (compatible; Googlebot/2.1; +http://www.google.com/bot.html)"
66.249.64.129 - - [12/Jul/2025:19:27:48 +0000] "GET /?f=32333478001490&mod=c2a9df8a&uri=goods.php%3Fid%3D1079169-1015%26name%3Drolex+cl5+72+200+18k HTTP/1.1" 200 21281 "-" "Mozilla/5.0 (Linux; Android 6.0.1; Nexus 5X Build/MMB29P) AppleWebKit/537.36 (KHTML, like Gecko) Chrome/137.0.7151.103 Mobile Safari/537.36 (compatible; Googlebot/2.1; +http://www.google.com/bot.html)"
66.249.64.132 - - [12/Jul/2025:19:28:02 +0000] "GET /?f=32319978031490&mod=254b0024&uri=dp.php%3Fid%3D1078719-285%26name%3Dschoop+jersey HTTP/1.1" 200 21373 "-" "Mozilla/5.0 (Linux; Android 6.0.1; Nexus 5X Build/MMB29P) AppleWebKit/537.36 (KHTML, like Gecko) Chrome/137.0.7151.103 Mobile Safari/537.36 (compatible; Googlebot/2.1; +http://www.google.com/bot.html)"
66.249.64.129 - - [12/Jul/2025:19:28:09 +0000] "GET /?f=24449341031490&mod=798b4516&uri=us.php%3Fid%3D816044-330%26name%3Dklein+tools+56415 HTTP/1.1" 200 22031 "-" "Mozilla/5.0 (Linux; Android 6.0.1; Nexus 5X Build/MMB29P) AppleWebKit/537.36 (KHTML, like Gecko) Chrome/137.0.7151.103 Mobile Safari/537.36 (compatible; Googlebot/2.1; +http://www.google.com/bot.html)"
66.249.64.129 - - [12/Jul/2025:19:28:12 +0000] "GET /?f=32327028131490&mod=c2a9df8a&uri=shop.php%3Fid%3D1078954-1015%26name%3Drolex+daytona+oysterflex+review HTTP/1.1" 200 20706 "-" "Mozilla/5.0 (Linux; Android 6.0.1; Nexus 5X Build/MMB29P) AppleWebKit/537.36 (KHTML, like Gecko) Chrome/137.0.7151.103 Mobile Safari/537.36 (compatible; Googlebot/2.1; +http://www.google.com/bot.html)"
66.249.64.129 - - [12/Jul/2025:19:28:15 +0000] "GET /?f=32321328031490&mod=254b0024&uri=shared.php%3Fid%3D1078764-285%26name%3Dchris+drury+jersey HTTP/1.1" 200 20483 "-" "Mozilla/5.0 (Linux; Android 6.0.1; Nexus 5X Build/MMB29P) AppleWebKit/537.36 (KHTML, like Gecko) Chrome/137.0.7151.103 Mobile Safari/537.36 (compatible; Googlebot/2.1; +http://www.google.com/bot.html)"
66.249.64.128 - - [12/Jul/2025:19:28:33 +0000] "GET /?f=32333328011490&mod=c2a9df8a&uri=itm.php%3Fid%3D1079164-1015%26name%3Dcartier+canada HTTP/1.1" 200 21221 "-" "Mozilla/5.0 (Linux; Android 6.0.1; Nexus 5X Build/MMB29P) AppleWebKit/537.36 (KHTML, like Gecko) Chrome/137.0.7151.103 Mobile Safari/537.36 (compatible; Googlebot/2.1; +http://www.google.com/bot.html)"
66.249.64.132 - - [12/Jul/2025:19:29:02 +0000] "GET /?f=32254908051490&mod=75a74d2a&uri=us.php%3Fid%3D1076550-932%26name%3Dbest+clothes+for+short+girl HTTP/1.1" 200 20818 "-" "Mozilla/5.0 (Linux; Android 6.0.1; Nexus 5X Build/MMB29P) AppleWebKit/537.36 (KHTML, like Gecko) Chrome/137.0.7151.103 Mobile Safari/537.36 (compatible; Googlebot/2.1; +http://www.google.com/bot.html)"
66.249.64.132 - - [12/Jul/2025:19:29:05 +0000] "GET /?f=119607970031490&mod=12504e75&uri=form.php%3Fid%3D3991684-1161%26name%3Dair+max+light+sale HTTP/1.1" 200 20640 "-" "Mozilla/5.0 (Linux; Android 6.0.1; Nexus 5X Build/MMB29P) AppleWebKit/537.36 (KHTML, like Gecko) Chrome/137.0.7151.103 Mobile Safari/537.36 (compatible; Googlebot/2.1; +http://www.google.com/bot.html)"
66.249.64.132 - - [12/Jul/2025:19:29:16 +0000] "GET /?f=32320728031490&mod=7faf67c6&uri=pin.php%3Fid%3D1078744-284%26name%3Dcoolest+nfl+jerseys HTTP/1.1" 200 20525 "-" "Mozilla/5.0 (Linux; Android 6.0.1; Nexus 5X Build/MMB29P) AppleWebKit/537.36 (KHTML, like Gecko) Chrome/137.0.7151.103 Mobile Safari/537.36 (compatible; Googlebot/2.1; +http://www.google.com/bot.html)"
66.249.64.132 - - [12/Jul/2025:19:29:25 +0000] "GET /?f=119605810011490&mod=12504e75&uri=us.php%3Fid%3D3991612-1161%26name%3Dnike+gray+canvas+shoes HTTP/1.1" 200 21673 "-" "Mozilla/5.0 (Linux; Android 6.0.1; Nexus 5X Build/MMB29P) AppleWebKit/537.36 (KHTML, like Gecko) Chrome/137.0.7151.103 Mobile Safari/537.36 (compatible; Googlebot/2.1; +http://www.google.com/bot.html)"
66.249.64.128 - - [12/Jul/2025:19:29:28 +0000] "GET /?f=119607700001490&mod=12504e75&uri=product.php%3Fid%3D3991675-1161%26name%3Dnew+balance+997h+white+sea+salt HTTP/1.1" 200 21403 "-" "Mozilla/5.0 (Linux; Android 6.0.1; Nexus 5X Build/MMB29P) AppleWebKit/537.36 (KHTML, like Gecko) Chrome/137.0.7151.103 Mobile Safari/537.36 (compatible; Googlebot/2.1; +http://www.google.com/bot.html)"
66.249.64.132 - - [12/Jul/2025:19:29:37 +0000] "GET /?f=32320128031490&mod=254b0024&uri=goods.php%3Fid%3D1078724-285%26name%3Dtim+lincecum+authentic+jersey HTTP/1.1" 200 21459 "-" "Mozilla/5.0 (Linux; Android 6.0.1; Nexus 5X Build/MMB29P) AppleWebKit/537.36 (KHTML, like Gecko) Chrome/137.0.7151.103 Mobile Safari/537.36 (compatible; Googlebot/2.1; +http://www.google.com/bot.html)"
66.249.64.128 - - [12/Jul/2025:19:29:47 +0000] "GET /?f=119613100041490&mod=12504e75&uri=dp.php%3Fid%3D3991855-1161%26name%3Dnike+air+max+360+womens HTTP/1.1" 200 21259 "-" "Mozilla/5.0 (Linux; Android 6.0.1; Nexus 5X Build/MMB29P) AppleWebKit/537.36 (KHTML, like Gecko) Chrome/137.0.7151.103 Mobile Safari/537.36 (compatible; Googlebot/2.1; +http://www.google.com/bot.html)"
66.249.64.128 - - [12/Jul/2025:19:29:50 +0000] "GET /?f=32333628051490&mod=254b0024&uri=form.php%3Fid%3D1079174-285%26name%3Ddiamondback+baseball+jersey HTTP/1.1" 200 21211 "-" "Mozilla/5.0 (Linux; Android 6.0.1; Nexus 5X Build/MMB29P) AppleWebKit/537.36 (KHTML, like Gecko) Chrome/137.0.7151.103 Mobile Safari/537.36 (compatible; Googlebot/2.1; +http://www.google.com/bot.html)"
66.249.64.129 - - [12/Jul/2025:19:29:53 +0000] "GET /?f=25288692001490&mod=beeb6c4c&uri=article.php%3Fid%3D844039-403%26name%3Dsaguaro+schuhe+waschen HTTP/1.1" 200 21255 "-" "Mozilla/5.0 (Linux; Android 6.0.1; Nexus 5X Build/MMB29P) AppleWebKit/537.36 (KHTML, like Gecko) Chrome/137.0.7151.103 Mobile Safari/537.36 (compatible; Googlebot/2.1; +http://www.google.com/bot.html)"
66.249.64.128 - - [12/Jul/2025:19:29:56 +0000] "POST /get-message-notify HTTP/1.1" 200 21405 "https://onlycnc.com.au/?f=32333628051490&mod=254b0024&uri=form.php%3Fid%3D1079174-285%26name%3Ddiamondback+baseball+jersey" "Mozilla/5.0 (Linux; Android 6.0.1; Nexus 5X Build/MMB29P) AppleWebKit/537.36 (KHTML, like Gecko) Chrome/137.0.7151.119 Mobile Safari/537.36 (compatible; Googlebot/2.1; +http://www.google.com/bot.html)"
66.249.64.132 - - [12/Jul/2025:19:29:59 +0000] "GET /?f=25256771001490&mod=b831f154&uri=shop.php%3Fid%3D842973-453%26name%3Djaqueta+moletom+jeans HTTP/1.1" 200 20643 "-" "Mozilla/5.0 (Linux; Android 6.0.1; Nexus 5X Build/MMB29P) AppleWebKit/537.36 (KHTML, like Gecko) Chrome/137.0.7151.103 Mobile Safari/537.36 (compatible; Googlebot/2.1; +http://www.google.com/bot.html)"
66.249.64.129 - - [12/Jul/2025:19:30:08 +0000] "GET /?f=32331678031490&mod=c2a9df8a&uri=blog.php%3Fid%3D1079109-1015%26name%3Dle+baiser+du+dragon+by+cartier HTTP/1.1" 200 21244 "-" "Mozilla/5.0 (Linux; Android 6.0.1; Nexus 5X Build/MMB29P) AppleWebKit/537.36 (KHTML, like Gecko) Chrome/137.0.7151.103 Mobile Safari/537.36 (compatible; Googlebot/2.1; +http://www.google.com/bot.html)"
66.249.64.132 - - [12/Jul/2025:19:30:11 +0000] "GET /?f=5947301071490&mod=9cecbb6f&uri=shared.php%3Fid%3D198602-344%26name%3Dinch+womens+athletic+shorts HTTP/1.1" 200 21712 "-" "Mozilla/5.0 (Linux; Android 6.0.1; Nexus 5X Build/MMB29P) AppleWebKit/537.36 (KHTML, like Gecko) Chrome/137.0.7151.103 Mobile Safari/537.36 (compatible; Googlebot/2.1; +http://www.google.com/bot.html)"
66.249.64.132 - - [12/Jul/2025:19:30:29 +0000] "GET /?f=81750608031490&mod=75a74d2a&uri=product.php%3Fid%3D2728164-932%26name%3Dbaby+boy+style+clothes HTTP/1.1" 200 20434 "-" "Mozilla/5.0 (Linux; Android 6.0.1; Nexus 5X Build/MMB29P) AppleWebKit/537.36 (KHTML, like Gecko) Chrome/137.0.7151.103 Mobile Safari/537.36 (compatible; Googlebot/2.1; +http://www.google.com/bot.html)"
66.249.64.129 - - [12/Jul/2025:19:30:34 +0000] "GET /?f=32331378081490&mod=c2a9df8a&uri=shared.php%3Fid%3D1079099-1015%26name%3Dblancpain+fifty+fathoms+moonphase HTTP/1.1" 200 20955 "-" "Mozilla/5.0 (Linux; Android 6.0.1; Nexus 5X Build/MMB29P) AppleWebKit/537.36 (KHTML, like Gecko) Chrome/137.0.7151.103 Mobile Safari/537.36 (compatible; Googlebot/2.1; +http://www.google.com/bot.html)"
66.249.64.132 - - [12/Jul/2025:19:30:43 +0000] "POST /get-message-notify HTTP/1.1" 200 21401 "https://onlycnc.com.au/?f=32331378081490&mod=c2a9df8a&uri=shared.php%3Fid%3D1079099-1015%26name%3Dblancpain+fifty+fathoms+moonphase" "Mozilla/5.0 (Linux; Android 6.0.1; Nexus 5X Build/MMB29P) AppleWebKit/537.36 (KHTML, like Gecko) Chrome/137.0.7151.119 Mobile Safari/537.36 (compatible; Googlebot/2.1; +http://www.google.com/bot.html)"
66.249.64.128 - - [12/Jul/2025:19:31:03 +0000] "GET /?f=32344188051490&mod=ed7f6671&uri=search.php%3Fid%3D1079526-440%26name%3Dbest+samsung+watch+for+men HTTP/1.1" 200 20710 "-" "Mozilla/5.0 (Linux; Android 6.0.1; Nexus 5X Build/MMB29P) AppleWebKit/537.36 (KHTML, like Gecko) Chrome/137.0.7151.103 Mobile Safari/537.36 (compatible; Googlebot/2.1; +http://www.google.com/bot.html)"
66.249.64.129 - - [12/Jul/2025:19:31:13 +0000] "GET /?f=32320578021490&mod=254b0024&uri=article.php%3Fid%3D1078739-285%26name%3Dkershaw+authentic+jersey HTTP/1.1" 200 21173 "-" "Mozilla/5.0 (Linux; Android 6.0.1; Nexus 5X Build/MMB29P) AppleWebKit/537.36 (KHTML, like Gecko) Chrome/137.0.7151.103 Mobile Safari/537.36 (compatible; Googlebot/2.1; +http://www.google.com/bot.html)"
