66.249.64.128 - - [12/Jul/2025:15:10:18 +0000] "GET /?f=5616456021490&mod=b4aaa9db&uri=us.php%3Fid%3D187521-332%26name%3Dmantu+churia+guitar HTTP/1.1" 200 22038 "-" "Mozilla/5.0 (Linux; Android 6.0.1; Nexus 5X Build/MMB29P) AppleWebKit/537.36 (KHTML, like Gecko) Chrome/137.0.7151.103 Mobile Safari/537.36 (compatible; Googlebot/2.1; +http://www.google.com/bot.html)"
66.249.64.128 - - [12/Jul/2025:15:10:40 +0000] "GET /?f=54525603021490&mod=52014590&uri=news.php%3Fid%3D1819575-1134%26name%3Dwhite+shirt+with+heart HTTP/1.1" 200 21483 "-" "Mozilla/5.0 (Linux; Android 6.0.1; Nexus 5X Build/MMB29P) AppleWebKit/537.36 (KHTML, like Gecko) Chrome/137.0.7151.103 Mobile Safari/537.36 (compatible; Googlebot/2.1; +http://www.google.com/bot.html)"
66.249.64.128 - - [12/Jul/2025:15:12:23 +0000] "GET /?f=89041213011490&mod=d3036eaa&uri=category-info.php%3Fid%3D2971446-208%26name%3Dcanon+80d+camera+battery HTTP/1.1" 200 21191 "-" "Mozilla/5.0 (Linux; Android 6.0.1; Nexus 5X Build/MMB29P) AppleWebKit/537.36 (KHTML, like Gecko) Chrome/137.0.7151.103 Mobile Safari/537.36 (compatible; Googlebot/2.1; +http://www.google.com/bot.html)"
66.249.64.128 - - [12/Jul/2025:15:13:54 +0000] "GET /?f=5533204021490&mod=e24a7e4c&uri=category-info.php%3Fid%3D184720-310%26name%3D1050+ti+laptop+gpu HTTP/1.1" 200 21297 "-" "Mozilla/5.0 (Linux; Android 6.0.1; Nexus 5X Build/MMB29P) AppleWebKit/537.36 (KHTML, like Gecko) Chrome/137.0.7151.103 Mobile Safari/537.36 (compatible; Googlebot/2.1; +http://www.google.com/bot.html)"
66.249.64.129 - - [12/Jul/2025:15:14:11 +0000] "POST /get-message-notify HTTP/1.1" 200 21399 "https://onlycnc.com.au/?f=5533204021490&mod=e24a7e4c&uri=category-info.php%3Fid%3D184720-310%26name%3D1050+ti+laptop+gpu" "Mozilla/5.0 (Linux; Android 6.0.1; Nexus 5X Build/MMB29P) AppleWebKit/537.36 (KHTML, like Gecko) Chrome/137.0.7151.119 Mobile Safari/537.36 (compatible; Googlebot/2.1; +http://www.google.com/bot.html)"
51.222.253.6 - - [12/Jul/2025:15:15:41 +0000] "GET /?f=28730652061490&mod=59869eb2&uri=brands.php%3Fid%3D958897-927%26name%3Dnike+stranger+things+where+to+buy HTTP/1.1" 301 - "-" "Mozilla/5.0 (compatible; AhrefsBot/7.0; +http://ahrefs.com/robot/)"
66.249.64.129 - - [12/Jul/2025:15:16:39 +0000] "GET /?f=5837391081490&mod=36b4d177&uri=dp.php%3Fid%3D194935-339%26name%3Dzapatos+fila+clasicos+adidas HTTP/1.1" 200 21295 "-" "Mozilla/5.0 (Linux; Android 6.0.1; Nexus 5X Build/MMB29P) AppleWebKit/537.36 (KHTML, like Gecko) Chrome/137.0.7151.103 Mobile Safari/537.36 (compatible; Googlebot/2.1; +http://www.google.com/bot.html)"
66.249.64.132 - - [12/Jul/2025:15:16:43 +0000] "POST /get-message-notify HTTP/1.1" 200 21387 "https://onlycnc.com.au/?f=5837391081490&mod=36b4d177&uri=dp.php%3Fid%3D194935-339%26name%3Dzapatos+fila+clasicos+adidas" "Mozilla/5.0 (Linux; Android 6.0.1; Nexus 5X Build/MMB29P) AppleWebKit/537.36 (KHTML, like Gecko) Chrome/137.0.7151.119 Mobile Safari/537.36 (compatible; Googlebot/2.1; +http://www.google.com/bot.html)"
66.249.64.132 - - [12/Jul/2025:15:19:28 +0000] "GET /?f=5819629051490&mod=55250fc7&uri=blog.php%3Fid%3D194342-336%26name%3Dborse+prima+classe+a+tracolla HTTP/1.1" 200 22248 "-" "Mozilla/5.0 (Linux; Android 6.0.1; Nexus 5X Build/MMB29P) AppleWebKit/537.36 (KHTML, like Gecko) Chrome/137.0.7151.103 Mobile Safari/537.36 (compatible; Googlebot/2.1; +http://www.google.com/bot.html)"
51.222.253.19 - - [12/Jul/2025:15:21:31 +0000] "GET /?f=29707141001490&mod=b7a751f9&uri=article.php%3Fid%3D991548-967%26name%3Djordan+14+shoes+price+philippines HTTP/1.1" 301 - "-" "Mozilla/5.0 (compatible; AhrefsBot/7.0; +http://ahrefs.com/robot/)"
66.249.64.132 - - [12/Jul/2025:15:22:32 +0000] "GET /?f=99240487061490&mod=02ddce85&uri=goods.php%3Fid%3D3311909-155%26name%3Dbehringer+studio+monitors HTTP/1.1" 200 22190 "-" "Mozilla/5.0 (Linux; Android 6.0.1; Nexus 5X Build/MMB29P) AppleWebKit/537.36 (KHTML, like Gecko) Chrome/137.0.7151.103 Mobile Safari/537.36 (compatible; Googlebot/2.1; +http://www.google.com/bot.html)"
66.249.64.129 - - [12/Jul/2025:15:22:51 +0000] "POST /get-message-notify HTTP/1.1" 200 21395 "https://onlycnc.com.au/?f=99240487061490&mod=02ddce85&uri=goods.php%3Fid%3D3311909-155%26name%3Dbehringer+studio+monitors" "Mozilla/5.0 (Linux; Android 6.0.1; Nexus 5X Build/MMB29P) AppleWebKit/537.36 (KHTML, like Gecko) Chrome/137.0.7151.119 Mobile Safari/537.36 (compatible; Googlebot/2.1; +http://www.google.com/bot.html)"
66.249.64.129 - - [12/Jul/2025:15:26:55 +0000] "GET /?f=5635597021490&mod=3f6ef69d&uri=shared.php%3Fid%3D188169-315%26name%3Dwellington+uhren HTTP/1.1" 200 21842 "-" "Mozilla/5.0 (Linux; Android 6.0.1; Nexus 5X Build/MMB29P) AppleWebKit/537.36 (KHTML, like Gecko) Chrome/137.0.7151.103 Mobile Safari/537.36 (compatible; Googlebot/2.1; +http://www.google.com/bot.html)"
66.249.64.132 - - [12/Jul/2025:15:29:40 +0000] "GET /?f=5790115031490&mod=0e98aeeb&uri=form.php%3Fid%3D193357-57%26name%3Drockspace+headset+price HTTP/1.1" 200 21462 "-" "Mozilla/5.0 (Linux; Android 6.0.1; Nexus 5X Build/MMB29P) AppleWebKit/537.36 (KHTML, like Gecko) Chrome/137.0.7151.103 Mobile Safari/537.36 (compatible; Googlebot/2.1; +http://www.google.com/bot.html)"
66.249.64.132 - - [12/Jul/2025:15:33:13 +0000] "GET /?f=5556994021490&mod=72d77c30&uri=shop.php%3Fid%3D185513-220%26name%3Dpolo+ralph+lauren+city+barracuda+jacket HTTP/1.1" 200 22308 "-" "Mozilla/5.0 (Linux; Android 6.0.1; Nexus 5X Build/MMB29P) AppleWebKit/537.36 (KHTML, like Gecko) Chrome/137.0.7151.103 Mobile Safari/537.36 (compatible; Googlebot/2.1; +http://www.google.com/bot.html)"
66.249.64.132 - - [12/Jul/2025:15:33:19 +0000] "GET /?f=31732874011490&mod=676207dd&uri=news.php%3Fid%3D1059132-454%26name%3Djustice+squishy+toys HTTP/1.1" 200 21116 "-" "Mozilla/5.0 (Linux; Android 6.0.1; Nexus 5X Build/MMB29P) AppleWebKit/537.36 (KHTML, like Gecko) Chrome/137.0.7151.103 Mobile Safari/537.36 (compatible; Googlebot/2.1; +http://www.google.com/bot.html)"
51.222.253.12 - - [12/Jul/2025:15:33:33 +0000] "GET /?f=31551427021490&mod=a0201a73&uri=pin.php%3Fid%3D1053075-1004%26name%3Dnike+air+max+ultra+moire+glow+in+the+dark HTTP/1.1" 301 - "-" "Mozilla/5.0 (compatible; AhrefsBot/7.0; +http://ahrefs.com/robot/)"
66.249.64.132 - - [12/Jul/2025:15:34:41 +0000] "GET /?f=5603345001490&mod=b4aaa9db&uri=category-info.php%3Fid%3D187068-332%26name%3Dsamsung+active2+watch+bands HTTP/1.1" 200 22742 "-" "Mozilla/5.0 (Linux; Android 6.0.1; Nexus 5X Build/MMB29P) AppleWebKit/537.36 (KHTML, like Gecko) Chrome/137.0.7151.103 Mobile Safari/537.36 (compatible; Googlebot/2.1; +http://www.google.com/bot.html)"
66.249.64.132 - - [12/Jul/2025:15:34:48 +0000] "GET /?f=31673784001490&mod=9b9abef7&uri=search.php%3Fid%3D1057159-475%26name%3Damazfit+band HTTP/1.1" 200 21337 "-" "Mozilla/5.0 (Linux; Android 6.0.1; Nexus 5X Build/MMB29P) AppleWebKit/537.36 (KHTML, like Gecko) Chrome/137.0.7151.103 Mobile Safari/537.36 (compatible; Googlebot/2.1; +http://www.google.com/bot.html)"
66.249.64.129 - - [12/Jul/2025:15:34:56 +0000] "POST /get-message-notify HTTP/1.1" 200 21378 "https://onlycnc.com.au/?f=5603345001490&mod=b4aaa9db&uri=category-info.php%3Fid%3D187068-332%26name%3Dsamsung+active2+watch+bands" "Mozilla/5.0 (Linux; Android 6.0.1; Nexus 5X Build/MMB29P) AppleWebKit/537.36 (KHTML, like Gecko) Chrome/137.0.7151.119 Mobile Safari/537.36 (compatible; Googlebot/2.1; +http://www.google.com/bot.html)"
66.249.64.128 - - [12/Jul/2025:15:35:23 +0000] "GET /?f=5961131031490&mod=9cecbb6f&uri=us.php%3Fid%3D199063-344%26name%3Dwomen%27s+nike+elevate+shorts HTTP/1.1" 200 22264 "-" "Mozilla/5.0 (Linux; Android 6.0.1; Nexus 5X Build/MMB29P) AppleWebKit/537.36 (KHTML, like Gecko) Chrome/137.0.7151.103 Mobile Safari/537.36 (compatible; Googlebot/2.1; +http://www.google.com/bot.html)"
66.249.64.132 - - [12/Jul/2025:15:36:05 +0000] "GET /?f=5963831021490&mod=9cecbb6f&uri=category-info.php%3Fid%3D199153-344%26name%3Dmaroon+nike+tempo+shorts HTTP/1.1" 200 22056 "-" "Mozilla/5.0 (Linux; Android 6.0.1; Nexus 5X Build/MMB29P) AppleWebKit/537.36 (KHTML, like Gecko) Chrome/137.0.7151.103 Mobile Safari/537.36 (compatible; Googlebot/2.1; +http://www.google.com/bot.html)"
66.249.64.132 - - [12/Jul/2025:15:36:22 +0000] "GET /?f=5768667031490&mod=0e98aeeb&uri=brands.php%3Fid%3D192642-57%26name%3Dbk+star+earphones+price HTTP/1.1" 200 22972 "-" "Mozilla/5.0 (Linux; Android 6.0.1; Nexus 5X Build/MMB29P) AppleWebKit/537.36 (KHTML, like Gecko) Chrome/137.0.7151.103 Mobile Safari/537.36 (compatible; Googlebot/2.1; +http://www.google.com/bot.html)"
66.249.64.132 - - [12/Jul/2025:15:36:45 +0000] "POST /get-message-notify HTTP/1.1" 200 21395 "https://onlycnc.com.au/?f=5963831021490&mod=9cecbb6f&uri=category-info.php%3Fid%3D199153-344%26name%3Dmaroon+nike+tempo+shorts" "Mozilla/5.0 (Linux; Android 6.0.1; Nexus 5X Build/MMB29P) AppleWebKit/537.36 (KHTML, like Gecko) Chrome/137.0.7151.119 Mobile Safari/537.36 (compatible; Googlebot/2.1; +http://www.google.com/bot.html)"
51.222.253.17 - - [12/Jul/2025:15:39:42 +0000] "GET /?f=32491864011490&mod=2513677e&uri=itm.php%3Fid%3D1084451-505%26name%3Dlouis+vuitton+club+loafer HTTP/1.1" 301 - "-" "Mozilla/5.0 (compatible; AhrefsBot/7.0; +http://ahrefs.com/robot/)"
66.249.64.129 - - [12/Jul/2025:15:40:03 +0000] "GET /?f=5650261051490&mod=3f6ef69d&uri=brands.php%3Fid%3D188662-315%26name%3Dcertina+ds+mondphase HTTP/1.1" 200 21083 "-" "Mozilla/5.0 (Linux; Android 6.0.1; Nexus 5X Build/MMB29P) AppleWebKit/537.36 (KHTML, like Gecko) Chrome/137.0.7151.103 Mobile Safari/537.36 (compatible; Googlebot/2.1; +http://www.google.com/bot.html)"
66.249.64.128 - - [12/Jul/2025:15:43:18 +0000] "GET /?f=15258180001490&mod=5fb0c358&uri=goods.php%3Fid%3D509397-165%26name%3Dhot+pink+puffer+jacket+forever+21 HTTP/1.1" 200 22134 "-" "Mozilla/5.0 (Linux; Android 6.0.1; Nexus 5X Build/MMB29P) AppleWebKit/537.36 (KHTML, like Gecko) Chrome/137.0.7151.103 Mobile Safari/537.36 (compatible; Googlebot/2.1; +http://www.google.com/bot.html)"
51.222.253.2 - - [12/Jul/2025:15:46:35 +0000] "GET /?f=34331330001490&mod=286afc63&uri=category-info.php%3Fid%3D1145851-1066%26name%3Dfs5498 HTTP/1.1" 200 21189 "-" "Mozilla/5.0 (compatible; AhrefsBot/7.0; +http://ahrefs.com/robot/)"
66.249.64.132 - - [12/Jul/2025:15:46:56 +0000] "GET /?f=5599444011490&mod=5d4c7bf4&uri=blog.php%3Fid%3D186934-331%26name%3Djr+vapor+13+academy+tf HTTP/1.1" 200 22699 "-" "Mozilla/5.0 (Linux; Android 6.0.1; Nexus 5X Build/MMB29P) AppleWebKit/537.36 (KHTML, like Gecko) Chrome/137.0.7151.103 Mobile Safari/537.36 (compatible; Googlebot/2.1; +http://www.google.com/bot.html)"
66.249.64.128 - - [12/Jul/2025:15:50:19 +0000] "GET /?f=47365122081490&mod=474ef654&uri=brands.php%3Fid%3D1580687-1243%26name%3Dsacs+david+jones+prix HTTP/1.1" 200 21327 "-" "Mozilla/5.0 (Linux; Android 6.0.1; Nexus 5X Build/MMB29P) AppleWebKit/537.36 (KHTML, like Gecko) Chrome/137.0.7151.103 Mobile Safari/537.36 (compatible; Googlebot/2.1; +http://www.google.com/bot.html)"
51.222.253.1 - - [12/Jul/2025:15:52:23 +0000] "GET /?f=35713622051490&mod=1f627247&uri=shared.php%3Fid%3D1191982-564%26name%3Dyeezys+750+foot+locker HTTP/1.1" 301 - "-" "Mozilla/5.0 (compatible; AhrefsBot/7.0; +http://ahrefs.com/robot/)"
66.249.64.129 - - [12/Jul/2025:15:53:44 +0000] "GET /?f=5667411021490&mod=ab33c4de&uri=goods.php%3Fid%3D189234-308%26name%3Dblack+and+blue+hoodie+mens HTTP/1.1" 200 22284 "-" "Mozilla/5.0 (Linux; Android 6.0.1; Nexus 5X Build/MMB29P) AppleWebKit/537.36 (KHTML, like Gecko) Chrome/137.0.7151.103 Mobile Safari/537.36 (compatible; Googlebot/2.1; +http://www.google.com/bot.html)"
66.249.64.132 - - [12/Jul/2025:15:57:21 +0000] "GET /?f=47367498131490&mod=474ef654&uri=brands.php%3Fid%3D1580767-1243%26name%3Dpochette+desigual+noir HTTP/1.1" 200 20157 "-" "Mozilla/5.0 (Linux; Android 6.0.1; Nexus 5X Build/MMB29P) AppleWebKit/537.36 (KHTML, like Gecko) Chrome/137.0.7151.103 Mobile Safari/537.36 (compatible; Googlebot/2.1; +http://www.google.com/bot.html)"
209.74.77.214 - - [12/Jul/2025:15:57:31 +0000] "POST /wp-cron.php?doing_wp_cron=1752335851.0183289051055908203125 HTTP/1.1" 200 - "-" "WordPress/6.8.1; https://onlycnc.com.au"
51.222.253.17 - - [12/Jul/2025:15:57:30 +0000] "GET /?f=35787062021490&mod=b313e67d&uri=news.php%3Fid%3D1194434-1094%26name%3Drespect+san+diego+padres+shirt HTTP/1.1" 301 - "-" "Mozilla/5.0 (compatible; AhrefsBot/7.0; +http://ahrefs.com/robot/)"
66.249.64.132 - - [12/Jul/2025:16:00:41 +0000] "GET /?f=117108111031490&mod=4e805f0e&uri=brands.php%3Fid%3D3908298-452%26name%3Dadidas+new+collection+2021+women%27s HTTP/1.1" 200 22388 "-" "Mozilla/5.0 (Linux; Android 6.0.1; Nexus 5X Build/MMB29P) AppleWebKit/537.36 (KHTML, like Gecko) Chrome/137.0.7151.103 Mobile Safari/537.36 (compatible; Googlebot/2.1; +http://www.google.com/bot.html)"
51.222.253.11 - - [12/Jul/2025:16:02:37 +0000] "GET /?f=37443512051490&mod=c689d770&uri=article.php%3Fid%3D1249705-1116%26name%3Dyankees+adjustable+hat HTTP/1.1" 301 - "-" "Mozilla/5.0 (compatible; AhrefsBot/7.0; +http://ahrefs.com/robot/)"
66.249.64.132 - - [12/Jul/2025:16:04:08 +0000] "GET /?f=54483802001490&mod=c302c12d&uri=search.php%3Fid%3D1818181-1031%26name%3Dslipper+design+man HTTP/1.1" 200 20996 "-" "Mozilla/5.0 (Linux; Android 6.0.1; Nexus 5X Build/MMB29P) AppleWebKit/537.36 (KHTML, like Gecko) Chrome/137.0.7151.103 Mobile Safari/537.36 (compatible; Googlebot/2.1; +http://www.google.com/bot.html)"
66.249.64.132 - - [12/Jul/2025:16:07:35 +0000] "GET /?f=31904175021490&mod=4367fac1&uri=form.php%3Fid%3D1064846-287%26name%3Dcamera+quick+strap HTTP/1.1" 200 21246 "-" "Mozilla/5.0 (Linux; Android 6.0.1; Nexus 5X Build/MMB29P) AppleWebKit/537.36 (KHTML, like Gecko) Chrome/137.0.7151.103 Mobile Safari/537.36 (compatible; Googlebot/2.1; +http://www.google.com/bot.html)"
51.222.253.11 - - [12/Jul/2025:16:08:12 +0000] "GET /?f=38899348121490&mod=3e9928ec&uri=pin.php%3Fid%3D1298273-93%26name%3Dtarget+sterling+silver+rings HTTP/1.1" 301 - "-" "Mozilla/5.0 (compatible; AhrefsBot/7.0; +http://ahrefs.com/robot/)"
66.249.64.129 - - [12/Jul/2025:16:11:00 +0000] "GET /?f=97913615131490&mod=10b2b869&uri=products.php%3Fid%3D3267633-134%26name%3Dinspire+fitbit HTTP/1.1" 200 21863 "-" "Mozilla/5.0 (Linux; Android 6.0.1; Nexus 5X Build/MMB29P) AppleWebKit/537.36 (KHTML, like Gecko) Chrome/137.0.7151.103 Mobile Safari/537.36 (compatible; Googlebot/2.1; +http://www.google.com/bot.html)"
66.249.64.128 - - [12/Jul/2025:16:11:30 +0000] "POST /get-message-notify HTTP/1.1" 200 21392 "https://onlycnc.com.au/?f=97913615131490&mod=10b2b869&uri=products.php%3Fid%3D3267633-134%26name%3Dinspire+fitbit" "Mozilla/5.0 (Linux; Android 6.0.1; Nexus 5X Build/MMB29P) AppleWebKit/537.36 (KHTML, like Gecko) Chrome/137.0.7151.119 Mobile Safari/537.36 (compatible; Googlebot/2.1; +http://www.google.com/bot.html)"
45.138.16.105 - - [12/Jul/2025:16:11:40 +0000] "GET / HTTP/1.1" 200 111206 "-" "-"
45.138.16.105 - - [12/Jul/2025:16:11:42 +0000] "GET /wp-admin/install.php HTTP/1.1" 404 57539 "-" "-"
45.138.16.105 - - [12/Jul/2025:16:11:45 +0000] "GET /wp-admin/setup-config.php HTTP/1.1" 409 2665 "-" "-"
66.249.64.132 - - [12/Jul/2025:16:18:51 +0000] "GET /?f=5711482071490&mod=06524331&uri=goods.php%3Fid%3D190708-334%26name%3Ddragon+ball+tournament+of+power+english+dub HTTP/1.1" 200 22171 "-" "Mozilla/5.0 (Linux; Android 6.0.1; Nexus 5X Build/MMB29P) AppleWebKit/537.36 (KHTML, like Gecko) Chrome/137.0.7151.103 Mobile Safari/537.36 (compatible; Googlebot/2.1; +http://www.google.com/bot.html)"
66.249.64.129 - - [12/Jul/2025:16:20:15 +0000] "GET /?f=5715681061490&mod=06524331&uri=form.php%3Fid%3D190855-334%26name%3Droadies+revolution+10+oct+2021 HTTP/1.1" 200 22033 "-" "Mozilla/5.0 (Linux; Android 6.0.1; Nexus 5X Build/MMB29P) AppleWebKit/537.36 (KHTML, like Gecko) Chrome/137.0.7151.103 Mobile Safari/537.36 (compatible; Googlebot/2.1; +http://www.google.com/bot.html)"
51.222.253.17 - - [12/Jul/2025:16:21:13 +0000] "GET /?f=40066193041490&mod=bac1729d&uri=brands.php%3Fid%3D1337200-393%26name%3Dair+max+plus+tn+se+femme HTTP/1.1" 301 - "-" "Mozilla/5.0 (compatible; AhrefsBot/7.0; +http://ahrefs.com/robot/)"
66.249.64.129 - - [12/Jul/2025:16:22:08 +0000] "GET /?f=5715261021490&mod=06524331&uri=brands.php%3Fid%3D190841-334%26name%3Dmtv+voot+roadies HTTP/1.1" 200 22493 "-" "Mozilla/5.0 (Linux; Android 6.0.1; Nexus 5X Build/MMB29P) AppleWebKit/537.36 (KHTML, like Gecko) Chrome/137.0.7151.103 Mobile Safari/537.36 (compatible; Googlebot/2.1; +http://www.google.com/bot.html)"
66.249.64.132 - - [12/Jul/2025:16:25:05 +0000] "GET /?f=31811445111490&mod=19fc29a6&uri=shop.php%3Fid%3D1061752-910%26name%3Dsamsung+steel+watch HTTP/1.1" 200 22036 "-" "Mozilla/5.0 (Linux; Android 6.0.1; Nexus 5X Build/MMB29P) AppleWebKit/537.36 (KHTML, like Gecko) Chrome/137.0.7151.103 Mobile Safari/537.36 (compatible; Googlebot/2.1; +http://www.google.com/bot.html)"
66.249.64.128 - - [12/Jul/2025:16:28:18 +0000] "GET /?f=54356478001490&mod=cdbe7ddc&uri=pin.php%3Fid%3D1813929-387%26name%3Dproper+form+for+leg+raises HTTP/1.1" 200 22724 "-" "Mozilla/5.0 (Linux; Android 6.0.1; Nexus 5X Build/MMB29P) AppleWebKit/537.36 (KHTML, like Gecko) Chrome/137.0.7151.103 Mobile Safari/537.36 (compatible; Googlebot/2.1; +http://www.google.com/bot.html)"
66.249.64.132 - - [12/Jul/2025:16:31:56 +0000] "GET /?f=116322433041490&mod=c761f2cb&uri=goods.php%3Fid%3D3882091-856%26name%3Dvalsebike+cascos HTTP/1.1" 200 20999 "-" "Mozilla/5.0 (Linux; Android 6.0.1; Nexus 5X Build/MMB29P) AppleWebKit/537.36 (KHTML, like Gecko) Chrome/137.0.7151.103 Mobile Safari/537.36 (compatible; Googlebot/2.1; +http://www.google.com/bot.html)"
66.249.64.129 - - [12/Jul/2025:16:32:08 +0000] "POST /get-message-notify HTTP/1.1" 200 21380 "https://onlycnc.com.au/?f=116322433041490&mod=c761f2cb&uri=goods.php%3Fid%3D3882091-856%26name%3Dvalsebike+cascos" "Mozilla/5.0 (Linux; Android 6.0.1; Nexus 5X Build/MMB29P) AppleWebKit/537.36 (KHTML, like Gecko) Chrome/137.0.7151.119 Mobile Safari/537.36 (compatible; Googlebot/2.1; +http://www.google.com/bot.html)"
51.222.253.6 - - [12/Jul/2025:16:32:52 +0000] "GET /?f=41153695021490&mod=47d02b9b&uri=shop.php%3Fid%3D1373490-226%26name%3Dadidas+shoes+price+500+to+1000+xl HTTP/1.1" 301 - "-" "Mozilla/5.0 (compatible; AhrefsBot/7.0; +http://ahrefs.com/robot/)"
66.249.64.132 - - [12/Jul/2025:16:35:15 +0000] "GET /?f=31845449001490&mod=bcb7c13f&uri=us.php%3Fid%3D1062887-62%26name%3Dstream+modern+family+season+11+free HTTP/1.1" 200 22068 "-" "Mozilla/5.0 (Linux; Android 6.0.1; Nexus 5X Build/MMB29P) AppleWebKit/537.36 (KHTML, like Gecko) Chrome/137.0.7151.103 Mobile Safari/537.36 (compatible; Googlebot/2.1; +http://www.google.com/bot.html)"
66.249.64.132 - - [12/Jul/2025:16:38:51 +0000] "GET /?f=5740393041490&mod=8f561e4c&uri=shop.php%3Fid%3D191699-335%26name%3Dbest+kirby+games+for+switch HTTP/1.1" 200 21818 "-" "Mozilla/5.0 (Linux; Android 6.0.1; Nexus 5X Build/MMB29P) AppleWebKit/537.36 (KHTML, like Gecko) Chrome/137.0.7151.103 Mobile Safari/537.36 (compatible; Googlebot/2.1; +http://www.google.com/bot.html)"
66.249.64.128 - - [12/Jul/2025:16:42:13 +0000] "GET /?f=88571735051490&mod=cdb1b865&uri=products.php%3Fid%3D2955776-354%26name%3Dintersport+basket+fille+fila HTTP/1.1" 200 20813 "-" "Mozilla/5.0 (Linux; Android 6.0.1; Nexus 5X Build/MMB29P) AppleWebKit/537.36 (KHTML, like Gecko) Chrome/137.0.7151.103 Mobile Safari/537.36 (compatible; Googlebot/2.1; +http://www.google.com/bot.html)"
51.222.253.15 - - [12/Jul/2025:16:44:42 +0000] "GET /?f=42027946001490&mod=0e98aeeb&uri=brands.php%3Fid%3D1402654-57%26name%3Dxbox+sound HTTP/1.1" 301 - "-" "Mozilla/5.0 (compatible; AhrefsBot/7.0; +http://ahrefs.com/robot/)"
66.249.64.132 - - [12/Jul/2025:16:45:52 +0000] "GET /?f=88573595071490&mod=cdb1b865&uri=dp.php%3Fid%3D2955838-354%26name%3Dbasket+lacoste+femme+2018 HTTP/1.1" 200 20730 "-" "Mozilla/5.0 (Linux; Android 6.0.1; Nexus 5X Build/MMB29P) AppleWebKit/537.36 (KHTML, like Gecko) Chrome/137.0.7151.103 Mobile Safari/537.36 (compatible; Googlebot/2.1; +http://www.google.com/bot.html)"
66.249.64.132 - - [12/Jul/2025:16:49:05 +0000] "GET /?f=5738443011490&mod=8d5ef74b&uri=shop.php%3Fid%3D191634-275%26name%3Dvltg+converse HTTP/1.1" 200 21478 "-" "Mozilla/5.0 (Linux; Android 6.0.1; Nexus 5X Build/MMB29P) AppleWebKit/537.36 (KHTML, like Gecko) Chrome/137.0.7151.103 Mobile Safari/537.36 (compatible; Googlebot/2.1; +http://www.google.com/bot.html)"
66.249.64.132 - - [12/Jul/2025:16:52:35 +0000] "GET /?f=5868519071490&mod=1f42e914&uri=itm.php%3Fid%3D195974-341%26name%3Dplatos+libbey HTTP/1.1" 200 21747 "-" "Mozilla/5.0 (Linux; Android 6.0.1; Nexus 5X Build/MMB29P) AppleWebKit/537.36 (KHTML, like Gecko) Chrome/137.0.7151.103 Mobile Safari/537.36 (compatible; Googlebot/2.1; +http://www.google.com/bot.html)"
66.249.64.129 - - [12/Jul/2025:16:56:32 +0000] "GET /?f=32009087031490&mod=d3036eaa&uri=brands.php%3Fid%3D1068346-208%26name%3Dmonitor+nikon HTTP/1.1" 200 22560 "-" "Mozilla/5.0 (Linux; Android 6.0.1; Nexus 5X Build/MMB29P) AppleWebKit/537.36 (KHTML, like Gecko) Chrome/137.0.7151.103 Mobile Safari/537.36 (compatible; Googlebot/2.1; +http://www.google.com/bot.html)"
209.74.77.214 - - [12/Jul/2025:16:56:52 +0000] "POST /wp-cron.php?doing_wp_cron=1752339412.7993109226226806640625 HTTP/1.1" 200 - "-" "WordPress/6.8.1; https://onlycnc.com.au"
51.222.253.11 - - [12/Jul/2025:16:56:52 +0000] "GET /?f=4305533081490&mod=c80bc2fb&uri=info.php%3Fid%3D143703-256%26name%3Dcheap+large+dog+kennels HTTP/1.1" 301 - "-" "Mozilla/5.0 (compatible; AhrefsBot/7.0; +http://ahrefs.com/robot/)"
66.249.64.128 - - [12/Jul/2025:17:00:00 +0000] "GET /?f=5610339031490&mod=b4aaa9db&uri=article.php%3Fid%3D187309-332%26name%3Dtik+tok+wali+ruku+suna HTTP/1.1" 200 22164 "-" "Mozilla/5.0 (Linux; Android 6.0.1; Nexus 5X Build/MMB29P) AppleWebKit/537.36 (KHTML, like Gecko) Chrome/137.0.7151.103 Mobile Safari/537.36 (compatible; Googlebot/2.1; +http://www.google.com/bot.html)"
66.249.64.132 - - [12/Jul/2025:17:02:48 +0000] "GET /?f=5875038091490&mod=1f42e914&uri=dp.php%3Fid%3D196192-341%26name%3Dgafas+ray+ban+rb3016 HTTP/1.1" 200 22057 "-" "Mozilla/5.0 (Linux; Android 6.0.1; Nexus 5X Build/MMB29P) AppleWebKit/537.36 (KHTML, like Gecko) Chrome/137.0.7151.103 Mobile Safari/537.36 (compatible; Googlebot/2.1; +http://www.google.com/bot.html)"
66.249.64.128 - - [12/Jul/2025:17:03:02 +0000] "GET /?f=5874828071490&mod=1f42e914&uri=pin.php%3Fid%3D196185-341%26name%3Dray+ban+gafas+piloto HTTP/1.1" 200 21995 "-" "Mozilla/5.0 (Linux; Android 6.0.1; Nexus 5X Build/MMB29P) AppleWebKit/537.36 (KHTML, like Gecko) Chrome/137.0.7151.103 Mobile Safari/537.36 (compatible; Googlebot/2.1; +http://www.google.com/bot.html)"
66.249.64.132 - - [12/Jul/2025:17:03:15 +0000] "POST /get-message-notify HTTP/1.1" 200 21395 "https://onlycnc.com.au/?f=5874828071490&mod=1f42e914&uri=pin.php%3Fid%3D196185-341%26name%3Dray+ban+gafas+piloto" "Mozilla/5.0 (Linux; Android 6.0.1; Nexus 5X Build/MMB29P) AppleWebKit/537.36 (KHTML, like Gecko) Chrome/137.0.7151.119 Mobile Safari/537.36 (compatible; Googlebot/2.1; +http://www.google.com/bot.html)"
66.249.64.129 - - [12/Jul/2025:17:03:29 +0000] "GET /?f=5875248041490&mod=1f42e914&uri=article.php%3Fid%3D196199-341%26name%3Dmasajes+sur+centro HTTP/1.1" 200 22151 "-" "Mozilla/5.0 (Linux; Android 6.0.1; Nexus 5X Build/MMB29P) AppleWebKit/537.36 (KHTML, like Gecko) Chrome/137.0.7151.103 Mobile Safari/537.36 (compatible; Googlebot/2.1; +http://www.google.com/bot.html)"
66.249.64.129 - - [12/Jul/2025:17:03:33 +0000] "GET /?f=5753157001490&mod=8f561e4c&uri=products.php%3Fid%3D192125-335%26name%3Dvizio+hdmi+arc+soundbar HTTP/1.1" 200 21251 "-" "Mozilla/5.0 (Linux; Android 6.0.1; Nexus 5X Build/MMB29P) AppleWebKit/537.36 (KHTML, like Gecko) Chrome/137.0.7151.103 Mobile Safari/537.36 (compatible; Googlebot/2.1; +http://www.google.com/bot.html)"
66.249.64.128 - - [12/Jul/2025:17:03:45 +0000] "POST /get-message-notify HTTP/1.1" 200 21391 "https://onlycnc.com.au/?f=5875248041490&mod=1f42e914&uri=article.php%3Fid%3D196199-341%26name%3Dmasajes+sur+centro" "Mozilla/5.0 (Linux; Android 6.0.1; Nexus 5X Build/MMB29P) AppleWebKit/537.36 (KHTML, like Gecko) Chrome/137.0.7151.119 Mobile Safari/537.36 (compatible; Googlebot/2.1; +http://www.google.com/bot.html)"
66.249.64.128 - - [12/Jul/2025:17:06:40 +0000] "GET /?f=54305214041490&mod=77bea4fd&uri=form.php%3Fid%3D1812215-115%26name%3Dpyjama+soie+rouge HTTP/1.1" 200 21498 "-" "Mozilla/5.0 (Linux; Android 6.0.1; Nexus 5X Build/MMB29P) AppleWebKit/537.36 (KHTML, like Gecko) Chrome/137.0.7151.103 Mobile Safari/537.36 (compatible; Googlebot/2.1; +http://www.google.com/bot.html)"
66.249.64.128 - - [12/Jul/2025:17:09:54 +0000] "GET /?f=31892805041490&mod=4367fac1&uri=news.php%3Fid%3D1064467-287%26name%3Dbest+lens+adapters+for+fuji+x HTTP/1.1" 200 22144 "-" "Mozilla/5.0 (Linux; Android 6.0.1; Nexus 5X Build/MMB29P) AppleWebKit/537.36 (KHTML, like Gecko) Chrome/137.0.7151.103 Mobile Safari/537.36 (compatible; Googlebot/2.1; +http://www.google.com/bot.html)"
51.222.253.1 - - [12/Jul/2025:17:10:49 +0000] "GET /?f=43626444081490&mod=0e2a91c9&uri=products.php%3Fid%3D1455965-1200%26name%3Dcotton+ragg+sweater HTTP/1.1" 301 - "-" "Mozilla/5.0 (compatible; AhrefsBot/7.0; +http://ahrefs.com/robot/)"
66.249.64.132 - - [12/Jul/2025:17:13:41 +0000] "GET /?f=5635717001490&mod=3f6ef69d&uri=category-info.php%3Fid%3D188173-315%26name%3Ds+oliver+silikon+armbanduhr HTTP/1.1" 200 21433 "-" "Mozilla/5.0 (Linux; Android 6.0.1; Nexus 5X Build/MMB29P) AppleWebKit/537.36 (KHTML, like Gecko) Chrome/137.0.7151.103 Mobile Safari/537.36 (compatible; Googlebot/2.1; +http://www.google.com/bot.html)"
66.249.64.129 - - [12/Jul/2025:17:16:53 +0000] "GET /?f=105276072021490&mod=0e98aeeb&uri=news.php%3Fid%3D3513421-57%26name%3Dsamsung+note+10+headset HTTP/1.1" 200 22312 "-" "Mozilla/5.0 (Linux; Android 6.0.1; Nexus 5X Build/MMB29P) AppleWebKit/537.36 (KHTML, like Gecko) Chrome/137.0.7151.103 Mobile Safari/537.36 (compatible; Googlebot/2.1; +http://www.google.com/bot.html)"
66.249.64.129 - - [12/Jul/2025:17:17:07 +0000] "POST /get-message-notify HTTP/1.1" 200 21394 "https://onlycnc.com.au/?f=105276072021490&mod=0e98aeeb&uri=news.php%3Fid%3D3513421-57%26name%3Dsamsung+note+10+headset" "Mozilla/5.0 (Linux; Android 6.0.1; Nexus 5X Build/MMB29P) AppleWebKit/537.36 (KHTML, like Gecko) Chrome/137.0.7151.119 Mobile Safari/537.36 (compatible; Googlebot/2.1; +http://www.google.com/bot.html)"
66.249.64.132 - - [12/Jul/2025:17:20:27 +0000] "GET /?f=31768994081490&mod=cdde45d6&uri=blog.php%3Fid%3D1060336-1002%26name%3Doilers+hockey+jersey HTTP/1.1" 200 21123 "-" "Mozilla/5.0 (Linux; Android 6.0.1; Nexus 5X Build/MMB29P) AppleWebKit/537.36 (KHTML, like Gecko) Chrome/137.0.7151.103 Mobile Safari/537.36 (compatible; Googlebot/2.1; +http://www.google.com/bot.html)"
51.222.253.11 - - [12/Jul/2025:17:22:27 +0000] "GET /?f=44027734031490&mod=7c1dbb82&uri=info.php%3Fid%3D1469351-1169%26name%3Dtommy+green+t+shirt HTTP/1.1" 301 - "-" "Mozilla/5.0 (compatible; AhrefsBot/7.0; +http://ahrefs.com/robot/)"
66.249.64.128 - - [12/Jul/2025:17:24:01 +0000] "GET /?f=6019025001490&mod=798b4516&uri=article.php%3Fid%3D200997-330%26name%3Dmixing+valve+for+hot+and+cold+water HTTP/1.1" 200 21667 "-" "Mozilla/5.0 (Linux; Android 6.0.1; Nexus 5X Build/MMB29P) AppleWebKit/537.36 (KHTML, like Gecko) Chrome/137.0.7151.103 Mobile Safari/537.36 (compatible; Googlebot/2.1; +http://www.google.com/bot.html)"
66.249.64.132 - - [12/Jul/2025:17:27:15 +0000] "GET /?f=31824405071490&mod=5fb0c358&uri=search.php%3Fid%3D1062184-165%26name%3Dcolumbia+powder+keg+interchange+parka HTTP/1.1" 200 21686 "-" "Mozilla/5.0 (Linux; Android 6.0.1; Nexus 5X Build/MMB29P) AppleWebKit/537.36 (KHTML, like Gecko) Chrome/137.0.7151.103 Mobile Safari/537.36 (compatible; Googlebot/2.1; +http://www.google.com/bot.html)"
66.249.64.128 - - [12/Jul/2025:17:27:28 +0000] "POST /get-message-notify HTTP/1.1" 200 21388 "https://onlycnc.com.au/?f=31824405071490&mod=5fb0c358&uri=search.php%3Fid%3D1062184-165%26name%3Dcolumbia+powder+keg+interchange+parka" "Mozilla/5.0 (Linux; Android 6.0.1; Nexus 5X Build/MMB29P) AppleWebKit/537.36 (KHTML, like Gecko) Chrome/137.0.7151.119 Mobile Safari/537.36 (compatible; Googlebot/2.1; +http://www.google.com/bot.html)"
66.249.64.132 - - [12/Jul/2025:17:30:39 +0000] "GET /?f=6050754041490&mod=4308acc8&uri=search.php%3Fid%3D202055-347%26name%3Dpull+col+roul%C3%83%C2%A9+bleu+homme HTTP/1.1" 200 21970 "-" "Mozilla/5.0 (Linux; Android 6.0.1; Nexus 5X Build/MMB29P) AppleWebKit/537.36 (KHTML, like Gecko) Chrome/137.0.7151.103 Mobile Safari/537.36 (compatible; Googlebot/2.1; +http://www.google.com/bot.html)"
51.222.253.5 - - [12/Jul/2025:17:32:22 +0000] "GET /?f=44352914031490&mod=c0196751&uri=shop.php%3Fid%3D1480198-1210%26name%3Djupe+en+pagne+2018 HTTP/1.1" 301 - "-" "Mozilla/5.0 (compatible; AhrefsBot/7.0; +http://ahrefs.com/robot/)"
66.249.64.129 - - [12/Jul/2025:17:32:57 +0000] "GET /?f=31674864001490&mod=9b9abef7&uri=news.php%3Fid%3D1057195-475%26name%3Dgarmin+fenix+pro+el+corte+ingles HTTP/1.1" 200 21117 "-" "Mozilla/5.0 (Linux; Android 6.0.1; Nexus 5X Build/MMB29P) AppleWebKit/537.36 (KHTML, like Gecko) Chrome/137.0.7151.103 Mobile Safari/537.36 (compatible; Googlebot/2.1; +http://www.google.com/bot.html)"
66.249.64.128 - - [12/Jul/2025:17:33:02 +0000] "GET /?f=31671460021490&mod=ba3d4749&uri=article.php%3Fid%3D1057081-476%26name%3Dreloj+que+usa+anuel HTTP/1.1" 200 21894 "-" "Mozilla/5.0 (Linux; Android 6.0.1; Nexus 5X Build/MMB29P) AppleWebKit/537.36 (KHTML, like Gecko) Chrome/137.0.7151.103 Mobile Safari/537.36 (compatible; Googlebot/2.1; +http://www.google.com/bot.html)"
66.249.64.128 - - [12/Jul/2025:17:33:13 +0000] "GET /?f=31672000001490&mod=9b9abef7&uri=itm.php%3Fid%3D1057099-475%26name%3Dreloj+xiaomi+mi+band+cargador HTTP/1.1" 200 21865 "-" "Mozilla/5.0 (Linux; Android 6.0.1; Nexus 5X Build/MMB29P) AppleWebKit/537.36 (KHTML, like Gecko) Chrome/137.0.7151.103 Mobile Safari/537.36 (compatible; Googlebot/2.1; +http://www.google.com/bot.html)"
66.249.64.129 - - [12/Jul/2025:17:33:16 +0000] "GET /?f=31704434031490&mod=a3f7a820&uri=itm.php%3Fid%3D1058184-1006%26name%3Dasics+gel+lyte33 HTTP/1.1" 200 21249 "-" "Mozilla/5.0 (Linux; Android 6.0.1; Nexus 5X Build/MMB29P) AppleWebKit/537.36 (KHTML, like Gecko) Chrome/137.0.7151.103 Mobile Safari/537.36 (compatible; Googlebot/2.1; +http://www.google.com/bot.html)"
66.249.64.128 - - [12/Jul/2025:17:33:21 +0000] "GET /?f=54206908101490&mod=e24a7e4c&uri=goods.php%3Fid%3D1808935-310%26name%3Dasrock+b550+pro HTTP/1.1" 200 21088 "-" "Mozilla/5.0 (Linux; Android 6.0.1; Nexus 5X Build/MMB29P) AppleWebKit/537.36 (KHTML, like Gecko) Chrome/137.0.7151.103 Mobile Safari/537.36 (compatible; Googlebot/2.1; +http://www.google.com/bot.html)"
66.249.64.128 - - [12/Jul/2025:17:33:26 +0000] "GET /?f=31761644141490&mod=80ebd641&uri=form.php%3Fid%3D1060091-1003%26name%3Dlebron+15+south+beach+low HTTP/1.1" 200 21451 "-" "Mozilla/5.0 (Linux; Android 6.0.1; Nexus 5X Build/MMB29P) AppleWebKit/537.36 (KHTML, like Gecko) Chrome/137.0.7151.103 Mobile Safari/537.36 (compatible; Googlebot/2.1; +http://www.google.com/bot.html)"
66.249.64.132 - - [12/Jul/2025:17:33:31 +0000] "GET /?f=77780392031490&mod=06524331&uri=products.php%3Fid%3D2595616-334%26name%3Dlambingan+at+tambayan+orihinal HTTP/1.1" 200 22337 "-" "Mozilla/5.0 (Linux; Android 6.0.1; Nexus 5X Build/MMB29P) AppleWebKit/537.36 (KHTML, like Gecko) Chrome/137.0.7151.103 Mobile Safari/537.36 (compatible; Googlebot/2.1; +http://www.google.com/bot.html)"
66.249.64.129 - - [12/Jul/2025:17:33:38 +0000] "POST /get-message-notify HTTP/1.1" 200 21390 "https://onlycnc.com.au/?f=31674864001490&mod=9b9abef7&uri=news.php%3Fid%3D1057195-475%26name%3Dgarmin+fenix+pro+el+corte+ingles" "Mozilla/5.0 (Linux; Android 6.0.1; Nexus 5X Build/MMB29P) AppleWebKit/537.36 (KHTML, like Gecko) Chrome/137.0.7151.119 Mobile Safari/537.36 (compatible; Googlebot/2.1; +http://www.google.com/bot.html)"
66.249.64.132 - - [12/Jul/2025:17:33:53 +0000] "GET /?f=5600224071490&mod=798b4516&uri=brands.php%3Fid%3D186960-330%26name%3Dnest+thermostat+w2+wire HTTP/1.1" 200 21787 "-" "Mozilla/5.0 (Linux; Android 6.0.1; Nexus 5X Build/MMB29P) AppleWebKit/537.36 (KHTML, like Gecko) Chrome/137.0.7151.103 Mobile Safari/537.36 (compatible; Googlebot/2.1; +http://www.google.com/bot.html)"
66.249.64.128 - - [12/Jul/2025:17:33:58 +0000] "GET /?f=31639898011490&mod=e24a7e4c&uri=blog.php%3Fid%3D1056025-310%26name%3Damd+6800t HTTP/1.1" 200 22282 "-" "Mozilla/5.0 (Linux; Android 6.0.1; Nexus 5X Build/MMB29P) AppleWebKit/537.36 (KHTML, like Gecko) Chrome/137.0.7151.103 Mobile Safari/537.36 (compatible; Googlebot/2.1; +http://www.google.com/bot.html)"
66.249.64.129 - - [12/Jul/2025:17:34:10 +0000] "GET /?f=31664144071490&mod=10b2b869&uri=dp.php%3Fid%3D1056836-134%26name%3Ddragon+ball+on+hulu HTTP/1.1" 200 21781 "-" "Mozilla/5.0 (Linux; Android 6.0.1; Nexus 5X Build/MMB29P) AppleWebKit/537.36 (KHTML, like Gecko) Chrome/137.0.7151.103 Mobile Safari/537.36 (compatible; Googlebot/2.1; +http://www.google.com/bot.html)"
66.249.64.128 - - [12/Jul/2025:17:35:28 +0000] "GET /?f=5595665011490&mod=5d4c7bf4&uri=goods.php%3Fid%3D186804-331%26name%3Dnike+joyride+run+flyknit+purple HTTP/1.1" 200 21875 "-" "Mozilla/5.0 (Linux; Android 6.0.1; Nexus 5X Build/MMB29P) AppleWebKit/537.36 (KHTML, like Gecko) Chrome/137.0.7151.103 Mobile Safari/537.36 (compatible; Googlebot/2.1; +http://www.google.com/bot.html)"
66.249.64.128 - - [12/Jul/2025:17:35:49 +0000] "GET /?f=5603465031490&mod=b4aaa9db&uri=product.php%3Fid%3D187072-332%26name%3Dsambalpuri+khatra+dj HTTP/1.1" 200 21817 "-" "Mozilla/5.0 (Linux; Android 6.0.1; Nexus 5X Build/MMB29P) AppleWebKit/537.36 (KHTML, like Gecko) Chrome/137.0.7151.103 Mobile Safari/537.36 (compatible; Googlebot/2.1; +http://www.google.com/bot.html)"
66.249.64.129 - - [12/Jul/2025:17:35:56 +0000] "GET /?f=5964821031490&mod=9cecbb6f&uri=category-info.php%3Fid%3D199186-344%26name%3Drm+williams+conditioner HTTP/1.1" 200 22060 "-" "Mozilla/5.0 (Linux; Android 6.0.1; Nexus 5X Build/MMB29P) AppleWebKit/537.36 (KHTML, like Gecko) Chrome/137.0.7151.103 Mobile Safari/537.36 (compatible; Googlebot/2.1; +http://www.google.com/bot.html)"
66.249.64.128 - - [12/Jul/2025:17:36:07 +0000] "POST /get-message-notify HTTP/1.1" 200 21390 "https://onlycnc.com.au/?f=5964821031490&mod=9cecbb6f&uri=category-info.php%3Fid%3D199186-344%26name%3Drm+williams+conditioner" "Mozilla/5.0 (Linux; Android 6.0.1; Nexus 5X Build/MMB29P) AppleWebKit/537.36 (KHTML, like Gecko) Chrome/137.0.7151.119 Mobile Safari/537.36 (compatible; Googlebot/2.1; +http://www.google.com/bot.html)"
66.249.64.129 - - [12/Jul/2025:17:36:10 +0000] "GET /?f=31706174061490&mod=a3f7a820&uri=shared.php%3Fid%3D1058242-1006%26name%3Dasics+outlet+gel+kayano HTTP/1.1" 200 20859 "-" "Mozilla/5.0 (Linux; Android 6.0.1; Nexus 5X Build/MMB29P) AppleWebKit/537.36 (KHTML, like Gecko) Chrome/137.0.7151.103 Mobile Safari/537.36 (compatible; Googlebot/2.1; +http://www.google.com/bot.html)"
66.249.64.132 - - [12/Jul/2025:17:37:59 +0000] "GET /?f=6160252031490&mod=5bd40936&uri=us.php%3Fid%3D205710-356%26name%3Dbasquettes+femme+blanches HTTP/1.1" 200 21306 "-" "Mozilla/5.0 (Linux; Android 6.0.1; Nexus 5X Build/MMB29P) AppleWebKit/537.36 (KHTML, like Gecko) Chrome/137.0.7151.103 Mobile Safari/537.36 (compatible; Googlebot/2.1; +http://www.google.com/bot.html)"
66.249.64.129 - - [12/Jul/2025:17:38:30 +0000] "POST /get-message-notify HTTP/1.1" 200 21380 "https://onlycnc.com.au/?f=6160252031490&mod=5bd40936&uri=us.php%3Fid%3D205710-356%26name%3Dbasquettes+femme+blanches" "Mozilla/5.0 (Linux; Android 6.0.1; Nexus 5X Build/MMB29P) AppleWebKit/537.36 (KHTML, like Gecko) Chrome/137.0.7151.119 Mobile Safari/537.36 (compatible; Googlebot/2.1; +http://www.google.com/bot.html)"
66.249.64.129 - - [12/Jul/2025:17:41:10 +0000] "GET /?f=6175182071490&mod=150c1a63&uri=shop.php%3Fid%3D206214-296%26name%3Dnavratri+bhajan+gana HTTP/1.1" 200 21373 "-" "Mozilla/5.0 (Linux; Android 6.0.1; Nexus 5X Build/MMB29P) AppleWebKit/537.36 (KHTML, like Gecko) Chrome/137.0.7151.103 Mobile Safari/537.36 (compatible; Googlebot/2.1; +http://www.google.com/bot.html)"
51.222.253.5 - - [12/Jul/2025:17:41:35 +0000] "GET /?f=45425610011490&mod=5d4c7bf4&uri=news.php%3Fid%3D1515990-331%26name%3Dhoka+shoes+men HTTP/1.1" 301 - "-" "Mozilla/5.0 (compatible; AhrefsBot/7.0; +http://ahrefs.com/robot/)"
66.249.64.128 - - [12/Jul/2025:17:44:41 +0000] "GET /?f=25069029141490&mod=798b4516&uri=shared.php%3Fid%3D836707-330%26name%3Damtrol+t5 HTTP/1.1" 200 21665 "-" "Mozilla/5.0 (Linux; Android 6.0.1; Nexus 5X Build/MMB29P) AppleWebKit/537.36 (KHTML, like Gecko) Chrome/137.0.7151.103 Mobile Safari/537.36 (compatible; Googlebot/2.1; +http://www.google.com/bot.html)"
66.249.64.132 - - [12/Jul/2025:17:44:54 +0000] "POST /get-message-notify HTTP/1.1" 200 21383 "https://onlycnc.com.au/?f=25069029141490&mod=798b4516&uri=shared.php%3Fid%3D836707-330%26name%3Damtrol+t5" "Mozilla/5.0 (Linux; Android 6.0.1; Nexus 5X Build/MMB29P) AppleWebKit/537.36 (KHTML, like Gecko) Chrome/137.0.7151.119 Mobile Safari/537.36 (compatible; Googlebot/2.1; +http://www.google.com/bot.html)"
66.249.64.132 - - [12/Jul/2025:17:47:58 +0000] "GET /?f=79194803021490&mod=752eaf97&uri=shop.php%3Fid%3D2642829-105%26name%3Dchicco+baby+products+near+me HTTP/1.1" 200 22092 "-" "Mozilla/5.0 (Linux; Android 6.0.1; Nexus 5X Build/MMB29P) AppleWebKit/537.36 (KHTML, like Gecko) Chrome/137.0.7151.103 Mobile Safari/537.36 (compatible; Googlebot/2.1; +http://www.google.com/bot.html)"
66.249.64.128 - - [12/Jul/2025:17:51:24 +0000] "GET /?f=6384427021490&mod=fdd99e1f&uri=search.php%3Fid%3D213243-363%26name%3Dthe+color+of+jade HTTP/1.1" 200 22078 "-" "Mozilla/5.0 (Linux; Android 6.0.1; Nexus 5X Build/MMB29P) AppleWebKit/537.36 (KHTML, like Gecko) Chrome/137.0.7151.103 Mobile Safari/537.36 (compatible; Googlebot/2.1; +http://www.google.com/bot.html)"
51.222.253.1 - - [12/Jul/2025:17:54:43 +0000] "GET / HTTP/1.1" 200 21206 "-" "Mozilla/5.0 (compatible; AhrefsBot/7.0; +http://ahrefs.com/robot/)"
202.8.43.138 - - [12/Jul/2025:17:54:45 +0000] "GET /wp-content/plugins/gutenverse-form/lib/framework/assets/dist/frontend-icon.css?ver=2.0.7 HTTP/1.1" 200 507 "https://onlycnc.com.au/" "Mozilla/5.0 (compatible; AhrefsBot/7.0; +http://ahrefs.com/robot/)"
66.249.64.128 - - [12/Jul/2025:17:55:05 +0000] "GET /?f=5848851101490&mod=04f02d73&uri=search.php%3Fid%3D195317-338%26name%3Dzapatos+skechers+amazon+vectores HTTP/1.1" 200 21421 "-" "Mozilla/5.0 (Linux; Android 6.0.1; Nexus 5X Build/MMB29P) AppleWebKit/537.36 (KHTML, like Gecko) Chrome/137.0.7151.103 Mobile Safari/537.36 (compatible; Googlebot/2.1; +http://www.google.com/bot.html)"
66.249.64.128 - - [12/Jul/2025:17:58:41 +0000] "GET /?f=5853257091490&mod=36b4d177&uri=product.php%3Fid%3D195464-339%26name%3Dcalzado+skechers+amazon+2019 HTTP/1.1" 200 22236 "-" "Mozilla/5.0 (Linux; Android 6.0.1; Nexus 5X Build/MMB29P) AppleWebKit/537.36 (KHTML, like Gecko) Chrome/137.0.7151.103 Mobile Safari/537.36 (compatible; Googlebot/2.1; +http://www.google.com/bot.html)"
66.249.64.129 - - [12/Jul/2025:18:02:02 +0000] "GET /?f=89028523041490&mod=5478c9cd&uri=itm.php%3Fid%3D2971023-219%26name%3Dsmall+electric+fireplaces+at+home+depot HTTP/1.1" 200 22468 "-" "Mozilla/5.0 (Linux; Android 6.0.1; Nexus 5X Build/MMB29P) AppleWebKit/537.36 (KHTML, like Gecko) Chrome/137.0.7151.103 Mobile Safari/537.36 (compatible; Googlebot/2.1; +http://www.google.com/bot.html)"
66.249.64.129 - - [12/Jul/2025:18:02:57 +0000] "GET /?f=25167039031490&mod=55b37c5c&uri=shop.php%3Fid%3D839978-6%26name%3Dbracelet+montre+garmin+310+xt HTTP/1.1" 200 22414 "-" "Mozilla/5.0 (Linux; Android 6.0.1; Nexus 5X Build/MMB29P) AppleWebKit/537.36 (KHTML, like Gecko) Chrome/137.0.7151.103 Mobile Safari/537.36 (compatible; Googlebot/2.1; +http://www.google.com/bot.html)"
66.249.64.132 - - [12/Jul/2025:18:03:03 +0000] "GET /?f=5980728031490&mod=15afbdff&uri=itm.php%3Fid%3D199718-345%26name%3Dliz+minelli+maternidad HTTP/1.1" 200 21157 "-" "Mozilla/5.0 (Linux; Android 6.0.1; Nexus 5X Build/MMB29P) AppleWebKit/537.36 (KHTML, like Gecko) Chrome/137.0.7151.103 Mobile Safari/537.36 (compatible; Googlebot/2.1; +http://www.google.com/bot.html)"
66.249.64.132 - - [12/Jul/2025:18:03:09 +0000] "GET /?f=5320959051490&mod=4021e2f1&uri=pin.php%3Fid%3D177640-318%26name%3Dsaga+falabella+zapatillas+adidas+blancas HTTP/1.1" 200 20905 "-" "Mozilla/5.0 (Linux; Android 6.0.1; Nexus 5X Build/MMB29P) AppleWebKit/537.36 (KHTML, like Gecko) Chrome/137.0.7151.103 Mobile Safari/537.36 (compatible; Googlebot/2.1; +http://www.google.com/bot.html)"
66.249.64.128 - - [12/Jul/2025:18:03:12 +0000] "GET /?f=25162940031490&mod=55b37c5c&uri=goods.php%3Fid%3D839840-6%26name%3Dmontre+connect%C3%83%C2%A9e+solide HTTP/1.1" 200 22275 "-" "Mozilla/5.0 (Linux; Android 6.0.1; Nexus 5X Build/MMB29P) AppleWebKit/537.36 (KHTML, like Gecko) Chrome/137.0.7151.103 Mobile Safari/537.36 (compatible; Googlebot/2.1; +http://www.google.com/bot.html)"
66.249.64.132 - - [12/Jul/2025:18:03:15 +0000] "GET /?f=5268225011490&mod=f9f38a01&uri=brands.php%3Fid%3D175882-294%26name%3Dsilver+925+stamp HTTP/1.1" 200 20927 "-" "Mozilla/5.0 (Linux; Android 6.0.1; Nexus 5X Build/MMB29P) AppleWebKit/537.36 (KHTML, like Gecko) Chrome/137.0.7151.103 Mobile Safari/537.36 (compatible; Googlebot/2.1; +http://www.google.com/bot.html)"
66.249.64.132 - - [12/Jul/2025:18:03:22 +0000] "GET /?f=25176173011490&mod=55b37c5c&uri=goods.php%3Fid%3D840284-6%26name%3Dles+montre+suisse HTTP/1.1" 200 21684 "-" "Mozilla/5.0 (Linux; Android 6.0.1; Nexus 5X Build/MMB29P) AppleWebKit/537.36 (KHTML, like Gecko) Chrome/137.0.7151.103 Mobile Safari/537.36 (compatible; Googlebot/2.1; +http://www.google.com/bot.html)"
66.249.64.128 - - [12/Jul/2025:18:03:30 +0000] "GET /?f=25176699011490&mod=ccb1d45f&uri=info.php%3Fid%3D840302-5%26name%3Drobe+de+mariage+en+ligne HTTP/1.1" 200 20804 "-" "Mozilla/5.0 (Linux; Android 6.0.1; Nexus 5X Build/MMB29P) AppleWebKit/537.36 (KHTML, like Gecko) Chrome/137.0.7151.103 Mobile Safari/537.36 (compatible; Googlebot/2.1; +http://www.google.com/bot.html)"
66.249.64.132 - - [12/Jul/2025:18:03:32 +0000] "GET /?f=25175813011490&mod=55b37c5c&uri=search.php%3Fid%3D840272-6%26name%3Dprix+suunto+baro HTTP/1.1" 200 22095 "-" "Mozilla/5.0 (Linux; Android 6.0.1; Nexus 5X Build/MMB29P) AppleWebKit/537.36 (KHTML, like Gecko) Chrome/137.0.7151.103 Mobile Safari/537.36 (compatible; Googlebot/2.1; +http://www.google.com/bot.html)"
66.249.64.128 - - [12/Jul/2025:18:03:38 +0000] "GET /?f=25166339031490&mod=ccb1d45f&uri=dp.php%3Fid%3D839954-5%26name%3Drobe+soir%C3%83%C2%A9e+verte HTTP/1.1" 200 21070 "-" "Mozilla/5.0 (Linux; Android 6.0.1; Nexus 5X Build/MMB29P) AppleWebKit/537.36 (KHTML, like Gecko) Chrome/137.0.7151.103 Mobile Safari/537.36 (compatible; Googlebot/2.1; +http://www.google.com/bot.html)"
66.249.64.132 - - [12/Jul/2025:18:03:41 +0000] "GET /?f=5800808011490&mod=55250fc7&uri=category-info.php%3Fid%3D193714-336%26name%3Dfreitag+bianca+e+nera HTTP/1.1" 200 21126 "-" "Mozilla/5.0 (Linux; Android 6.0.1; Nexus 5X Build/MMB29P) AppleWebKit/537.36 (KHTML, like Gecko) Chrome/137.0.7151.103 Mobile Safari/537.36 (compatible; Googlebot/2.1; +http://www.google.com/bot.html)"
66.249.64.129 - - [12/Jul/2025:18:03:44 +0000] "GET /?f=25163120001490&mod=55b37c5c&uri=pin.php%3Fid%3D839846-6%26name%3Dmaillon+cartier+montre HTTP/1.1" 200 21803 "-" "Mozilla/5.0 (Linux; Android 6.0.1; Nexus 5X Build/MMB29P) AppleWebKit/537.36 (KHTML, like Gecko) Chrome/137.0.7151.103 Mobile Safari/537.36 (compatible; Googlebot/2.1; +http://www.google.com/bot.html)"
66.249.64.132 - - [12/Jul/2025:18:03:48 +0000] "GET /?f=5315204011490&mod=4295cd21&uri=blog.php%3Fid%3D177448-317%26name%3Dred+mizuno+softball+cleats HTTP/1.1" 200 22175 "-" "Mozilla/5.0 (Linux; Android 6.0.1; Nexus 5X Build/MMB29P) AppleWebKit/537.36 (KHTML, like Gecko) Chrome/137.0.7151.103 Mobile Safari/537.36 (compatible; Googlebot/2.1; +http://www.google.com/bot.html)"
66.249.64.128 - - [12/Jul/2025:18:03:51 +0000] "GET /?f=25161680121490&mod=55b37c5c&uri=info.php%3Fid%3D839798-6%26name%3Dmontre+connect%C3%83%C2%A9e+enceinte HTTP/1.1" 200 21751 "-" "Mozilla/5.0 (Linux; Android 6.0.1; Nexus 5X Build/MMB29P) AppleWebKit/537.36 (KHTML, like Gecko) Chrome/137.0.7151.103 Mobile Safari/537.36 (compatible; Googlebot/2.1; +http://www.google.com/bot.html)"
66.249.64.128 - - [12/Jul/2025:18:03:57 +0000] "POST /get-message-notify HTTP/1.1" 200 21373 "https://onlycnc.com.au/?f=25163120001490&mod=55b37c5c&uri=pin.php%3Fid%3D839846-6%26name%3Dmaillon+cartier+montre" "Mozilla/5.0 (Linux; Android 6.0.1; Nexus 5X Build/MMB29P) AppleWebKit/537.36 (KHTML, like Gecko) Chrome/137.0.7151.119 Mobile Safari/537.36 (compatible; Googlebot/2.1; +http://www.google.com/bot.html)"
66.249.64.132 - - [12/Jul/2025:18:04:15 +0000] "GET /?f=25103941041490&mod=36ac8e55&uri=us.php%3Fid%3D837871-19%26name%3Dcan+you+wear+trousers+to+a+wedding HTTP/1.1" 200 21068 "-" "Mozilla/5.0 (Linux; Android 6.0.1; Nexus 5X Build/MMB29P) AppleWebKit/537.36 (KHTML, like Gecko) Chrome/137.0.7151.103 Mobile Safari/537.36 (compatible; Googlebot/2.1; +http://www.google.com/bot.html)"
66.249.64.129 - - [12/Jul/2025:18:04:23 +0000] "GET /?f=25172393021490&mod=55b37c5c&uri=blog.php%3Fid%3D840158-6%26name%3Dgarmin+instinct+irun HTTP/1.1" 200 22399 "-" "Mozilla/5.0 (Linux; Android 6.0.1; Nexus 5X Build/MMB29P) AppleWebKit/537.36 (KHTML, like Gecko) Chrome/137.0.7151.103 Mobile Safari/537.36 (compatible; Googlebot/2.1; +http://www.google.com/bot.html)"
66.249.64.128 - - [12/Jul/2025:18:04:29 +0000] "GET /?f=25171853031490&mod=ccb1d45f&uri=blog.php%3Fid%3D840140-5%26name%3Dmariage+boheme+chic+tenue HTTP/1.1" 200 21797 "-" "Mozilla/5.0 (Linux; Android 6.0.1; Nexus 5X Build/MMB29P) AppleWebKit/537.36 (KHTML, like Gecko) Chrome/137.0.7151.103 Mobile Safari/537.36 (compatible; Googlebot/2.1; +http://www.google.com/bot.html)"
66.249.64.128 - - [12/Jul/2025:18:04:43 +0000] "GET /?f=25109761041490&mod=1be70c69&uri=blog.php%3Fid%3D838065-501%26name%3Dall+hours+vet+near+me HTTP/1.1" 200 21355 "-" "Mozilla/5.0 (Linux; Android 6.0.1; Nexus 5X Build/MMB29P) AppleWebKit/537.36 (KHTML, like Gecko) Chrome/137.0.7151.103 Mobile Safari/537.36 (compatible; Googlebot/2.1; +http://www.google.com/bot.html)"
66.249.64.128 - - [12/Jul/2025:18:04:46 +0000] "GET /?f=25171673031490&mod=55b37c5c&uri=search.php%3Fid%3D840134-6%26name%3Dmontre+aviator+site+officiel HTTP/1.1" 200 22019 "-" "Mozilla/5.0 (Linux; Android 6.0.1; Nexus 5X Build/MMB29P) AppleWebKit/537.36 (KHTML, like Gecko) Chrome/137.0.7151.103 Mobile Safari/537.36 (compatible; Googlebot/2.1; +http://www.google.com/bot.html)"
66.249.64.132 - - [12/Jul/2025:18:04:49 +0000] "GET /?f=25176353091490&mod=55b37c5c&uri=article.php%3Fid%3D840290-6%26name%3Dhorlogerie+femme HTTP/1.1" 200 21826 "-" "Mozilla/5.0 (Linux; Android 6.0.1; Nexus 5X Build/MMB29P) AppleWebKit/537.36 (KHTML, like Gecko) Chrome/137.0.7151.103 Mobile Safari/537.36 (compatible; Googlebot/2.1; +http://www.google.com/bot.html)"
66.249.64.129 - - [12/Jul/2025:18:04:52 +0000] "GET /?f=25161500011490&mod=55b37c5c&uri=info.php%3Fid%3D839792-6%26name%3Dmontre+chronographe+suisse+antimagnetic+17+rubis HTTP/1.1" 200 22272 "-" "Mozilla/5.0 (Linux; Android 6.0.1; Nexus 5X Build/MMB29P) AppleWebKit/537.36 (KHTML, like Gecko) Chrome/137.0.7151.103 Mobile Safari/537.36 (compatible; Googlebot/2.1; +http://www.google.com/bot.html)"
66.249.64.128 - - [12/Jul/2025:18:04:54 +0000] "GET /?f=25162220031490&mod=55b37c5c&uri=form.php%3Fid%3D839816-6%26name%3Dvtech+montre+interactive HTTP/1.1" 200 22004 "-" "Mozilla/5.0 (Linux; Android 6.0.1; Nexus 5X Build/MMB29P) AppleWebKit/537.36 (KHTML, like Gecko) Chrome/137.0.7151.103 Mobile Safari/537.36 (compatible; Googlebot/2.1; +http://www.google.com/bot.html)"
66.249.64.128 - - [12/Jul/2025:18:04:56 +0000] "GET /?f=25173653031490&mod=ccb1d45f&uri=pin.php%3Fid%3D840200-5%26name%3Drobe+soir%C3%83%C2%A9e+princesse+2019 HTTP/1.1" 200 22102 "-" "Mozilla/5.0 (Linux; Android 6.0.1; Nexus 5X Build/MMB29P) AppleWebKit/537.36 (KHTML, like Gecko) Chrome/137.0.7151.103 Mobile Safari/537.36 (compatible; Googlebot/2.1; +http://www.google.com/bot.html)"
66.249.64.129 - - [12/Jul/2025:18:05:03 +0000] "GET /?f=25166859011490&mod=55b37c5c&uri=blog.php%3Fid%3D839972-6%26name%3Dswatch+bracelet+silicone HTTP/1.1" 200 21898 "-" "Mozilla/5.0 (Linux; Android 6.0.1; Nexus 5X Build/MMB29P) AppleWebKit/537.36 (KHTML, like Gecko) Chrome/137.0.7151.103 Mobile Safari/537.36 (compatible; Googlebot/2.1; +http://www.google.com/bot.html)"
66.249.64.129 - - [12/Jul/2025:18:05:06 +0000] "GET /?f=25160600011490&mod=ccb1d45f&uri=search.php%3Fid%3D839762-5%26name%3Drobe+mi+longue+fleurie+boheme HTTP/1.1" 200 21147 "-" "Mozilla/5.0 (Linux; Android 6.0.1; Nexus 5X Build/MMB29P) AppleWebKit/537.36 (KHTML, like Gecko) Chrome/137.0.7151.103 Mobile Safari/537.36 (compatible; Googlebot/2.1; +http://www.google.com/bot.html)"
66.249.64.132 - - [12/Jul/2025:18:05:09 +0000] "GET /?f=25162580011490&mod=e16a7577&uri=pin.php%3Fid%3D839828-248%26name%3Dthe+library+of+fragrance+rain HTTP/1.1" 200 22497 "-" "Mozilla/5.0 (Linux; Android 6.0.1; Nexus 5X Build/MMB29P) AppleWebKit/537.36 (KHTML, like Gecko) Chrome/137.0.7151.103 Mobile Safari/537.36 (compatible; Googlebot/2.1; +http://www.google.com/bot.html)"
66.249.64.129 - - [12/Jul/2025:18:05:15 +0000] "GET /?f=25164368031490&mod=55b37c5c&uri=article.php%3Fid%3D839888-6%26name%3Dbracelet+montre+forerunner+30 HTTP/1.1" 200 22202 "-" "Mozilla/5.0 (Linux; Android 6.0.1; Nexus 5X Build/MMB29P) AppleWebKit/537.36 (KHTML, like Gecko) Chrome/137.0.7151.103 Mobile Safari/537.36 (compatible; Googlebot/2.1; +http://www.google.com/bot.html)"
66.249.64.129 - - [12/Jul/2025:18:05:26 +0000] "GET /?f=25162760071490&mod=55b37c5c&uri=product.php%3Fid%3D839834-6%26name%3Dbracelet+fenix+garmin HTTP/1.1" 200 21457 "-" "Mozilla/5.0 (Linux; Android 6.0.1; Nexus 5X Build/MMB29P) AppleWebKit/537.36 (KHTML, like Gecko) Chrome/137.0.7151.103 Mobile Safari/537.36 (compatible; Googlebot/2.1; +http://www.google.com/bot.html)"
