66.249.64.132 - - [12/Jul/2025:19:05:09 +0000] "GET /?f=5431647011490&mod=007ff380&uri=shop.php%3Fid%3D181332-64%26name%3Dhologate HTTP/1.1" 200 22066 "-" "Mozilla/5.0 (Linux; Android 6.0.1; Nexus 5X Build/MMB29P) AppleWebKit/537.36 (KHTML, like Gecko) Chrome/137.0.7151.103 Mobile Safari/537.36 (compatible; Googlebot/2.1; +http://www.google.com/bot.html)"
66.249.64.128 - - [12/Jul/2025:19:05:11 +0000] "GET /?f=5418075011490&mod=007ff380&uri=category-info.php%3Fid%3D180879-64%26name%3Dquest+elite+strap+with+battery+and+carrying+case HTTP/1.1" 200 21402 "-" "Mozilla/5.0 (Linux; Android 6.0.1; Nexus 5X Build/MMB29P) AppleWebKit/537.36 (KHTML, like Gecko) Chrome/137.0.7151.103 Mobile Safari/537.36 (compatible; Googlebot/2.1; +http://www.google.com/bot.html)"
66.249.64.132 - - [12/Jul/2025:19:05:13 +0000] "GET /?f=5417355071490&mod=5478c9cd&uri=news.php%3Fid%3D180855-219%26name%3Dhydrogen+ready+boilers HTTP/1.1" 200 21515 "-" "Mozilla/5.0 (Linux; Android 6.0.1; Nexus 5X Build/MMB29P) AppleWebKit/537.36 (KHTML, like Gecko) Chrome/137.0.7151.103 Mobile Safari/537.36 (compatible; Googlebot/2.1; +http://www.google.com/bot.html)"
66.249.64.129 - - [12/Jul/2025:19:05:17 +0000] "GET /?f=5389485011490&mod=8e7035e0&uri=news.php%3Fid%3D179926-270%26name%3Dparker+the+calligraphy+set HTTP/1.1" 200 22214 "-" "Mozilla/5.0 (Linux; Android 6.0.1; Nexus 5X Build/MMB29P) AppleWebKit/537.36 (KHTML, like Gecko) Chrome/137.0.7151.103 Mobile Safari/537.36 (compatible; Googlebot/2.1; +http://www.google.com/bot.html)"
66.249.64.132 - - [12/Jul/2025:19:05:22 +0000] "GET /?f=5387685111490&mod=8e7035e0&uri=category-info.php%3Fid%3D179866-270%26name%3Dbrush+pen+staedtler+18+cores HTTP/1.1" 200 21663 "-" "Mozilla/5.0 (Linux; Android 6.0.1; Nexus 5X Build/MMB29P) AppleWebKit/537.36 (KHTML, like Gecko) Chrome/137.0.7151.103 Mobile Safari/537.36 (compatible; Googlebot/2.1; +http://www.google.com/bot.html)"
66.249.64.128 - - [12/Jul/2025:19:05:27 +0000] "GET /?f=32239668011490&mod=20352cbe&uri=shop.php%3Fid%3D1076042-376%26name%3Dchristmas+joy+hallmark+watch+online HTTP/1.1" 200 22113 "-" "Mozilla/5.0 (Linux; Android 6.0.1; Nexus 5X Build/MMB29P) AppleWebKit/537.36 (KHTML, like Gecko) Chrome/137.0.7151.103 Mobile Safari/537.36 (compatible; Googlebot/2.1; +http://www.google.com/bot.html)"
66.249.64.128 - - [12/Jul/2025:19:05:31 +0000] "GET /?f=5417625011490&mod=6c2fdcf8&uri=form.php%3Fid%3D180864-88%26name%3Dbountech+inflatable+water+slide HTTP/1.1" 200 22322 "-" "Mozilla/5.0 (Linux; Android 6.0.1; Nexus 5X Build/MMB29P) AppleWebKit/537.36 (KHTML, like Gecko) Chrome/137.0.7151.103 Mobile Safari/537.36 (compatible; Googlebot/2.1; +http://www.google.com/bot.html)"
66.249.64.132 - - [12/Jul/2025:19:05:34 +0000] "GET /?f=5416545101490&mod=d3036eaa&uri=goods.php%3Fid%3D180828-208%26name%3Dhasselblad+pictures+from+the+moon HTTP/1.1" 200 20845 "-" "Mozilla/5.0 (Linux; Android 6.0.1; Nexus 5X Build/MMB29P) AppleWebKit/537.36 (KHTML, like Gecko) Chrome/137.0.7151.103 Mobile Safari/537.36 (compatible; Googlebot/2.1; +http://www.google.com/bot.html)"
66.249.64.132 - - [12/Jul/2025:19:05:36 +0000] "POST /get-message-notify HTTP/1.1" 200 21386 "https://onlycnc.com.au/?f=5387685111490&mod=8e7035e0&uri=category-info.php%3Fid%3D179866-270%26name%3Dbrush+pen+staedtler+18+cores" "Mozilla/5.0 (Linux; Android 6.0.1; Nexus 5X Build/MMB29P) AppleWebKit/537.36 (KHTML, like Gecko) Chrome/137.0.7151.119 Mobile Safari/537.36 (compatible; Googlebot/2.1; +http://www.google.com/bot.html)"
66.249.64.132 - - [12/Jul/2025:19:05:38 +0000] "GET /?f=5417535061490&mod=d3036eaa&uri=dp.php%3Fid%3D180861-208%26name%3Dharga+sony+zv1+camera HTTP/1.1" 200 20955 "-" "Mozilla/5.0 (Linux; Android 6.0.1; Nexus 5X Build/MMB29P) AppleWebKit/537.36 (KHTML, like Gecko) Chrome/137.0.7151.103 Mobile Safari/537.36 (compatible; Googlebot/2.1; +http://www.google.com/bot.html)"
66.249.64.132 - - [12/Jul/2025:19:05:40 +0000] "GET /?f=25164218021490&mod=55b37c5c&uri=category-info.php%3Fid%3D839883-6%26name%3Dmontre+avec+une+aiguille HTTP/1.1" 200 21324 "-" "Mozilla/5.0 (Linux; Android 6.0.1; Nexus 5X Build/MMB29P) AppleWebKit/537.36 (KHTML, like Gecko) Chrome/137.0.7151.103 Mobile Safari/537.36 (compatible; Googlebot/2.1; +http://www.google.com/bot.html)"
66.249.64.128 - - [12/Jul/2025:19:05:43 +0000] "GET /?f=91751460051490&mod=ccb1d45f&uri=dp.php%3Fid%3D3061920-5%26name%3Drobe+mari%C3%83%C2%A9e+rouge HTTP/1.1" 200 21496 "-" "Mozilla/5.0 (Linux; Android 6.0.1; Nexus 5X Build/MMB29P) AppleWebKit/537.36 (KHTML, like Gecko) Chrome/137.0.7151.103 Mobile Safari/537.36 (compatible; Googlebot/2.1; +http://www.google.com/bot.html)"
66.249.64.132 - - [12/Jul/2025:19:05:47 +0000] "GET /?f=5378025011490&mod=8e7035e0&uri=products.php%3Fid%3D179544-270%26name%3Dthick+ink+pen HTTP/1.1" 200 22523 "-" "Mozilla/5.0 (Linux; Android 6.0.1; Nexus 5X Build/MMB29P) AppleWebKit/537.36 (KHTML, like Gecko) Chrome/137.0.7151.103 Mobile Safari/537.36 (compatible; Googlebot/2.1; +http://www.google.com/bot.html)"
66.249.64.129 - - [12/Jul/2025:19:05:50 +0000] "POST /get-message-notify HTTP/1.1" 200 21378 "https://onlycnc.com.au/?f=5417535061490&mod=d3036eaa&uri=dp.php%3Fid%3D180861-208%26name%3Dharga+sony+zv1+camera" "Mozilla/5.0 (Linux; Android 6.0.1; Nexus 5X Build/MMB29P) AppleWebKit/537.36 (KHTML, like Gecko) Chrome/137.0.7151.119 Mobile Safari/537.36 (compatible; Googlebot/2.1; +http://www.google.com/bot.html)"
66.249.64.128 - - [12/Jul/2025:19:05:53 +0000] "GET /?f=5421585011490&mod=5478c9cd&uri=shared.php%3Fid%3D180996-219%26name%3Dbucholtz+home+comfort HTTP/1.1" 200 22061 "-" "Mozilla/5.0 (Linux; Android 6.0.1; Nexus 5X Build/MMB29P) AppleWebKit/537.36 (KHTML, like Gecko) Chrome/137.0.7151.103 Mobile Safari/537.36 (compatible; Googlebot/2.1; +http://www.google.com/bot.html)"
209.74.77.214 - - [12/Jul/2025:19:05:58 +0000] "POST /wp-cron.php?doing_wp_cron=1752347158.4514439105987548828125 HTTP/1.1" 200 - "-" "WordPress/6.8.1; https://onlycnc.com.au"
51.222.253.15 - - [12/Jul/2025:19:05:57 +0000] "GET /?f=14502007031490&uri=category-info.php%3Fid%3D484174-618%26name%3Dwalmart%20jackets HTTP/1.1" 200 21189 "-" "Mozilla/5.0 (compatible; AhrefsBot/7.0; +http://ahrefs.com/robot/)"
66.249.64.132 - - [12/Jul/2025:19:06:03 +0000] "GET /?f=25194488051490&mod=64d509b5&uri=us.php%3Fid%3D840896-600%26name%3Dschmidt+6040 HTTP/1.1" 200 22253 "-" "Mozilla/5.0 (Linux; Android 6.0.1; Nexus 5X Build/MMB29P) AppleWebKit/537.36 (KHTML, like Gecko) Chrome/137.0.7151.103 Mobile Safari/537.36 (compatible; Googlebot/2.1; +http://www.google.com/bot.html)"
66.249.64.129 - - [12/Jul/2025:19:06:07 +0000] "GET /?f=25273130081490&mod=beeb6c4c&uri=dp.php%3Fid%3D843519-403%26name%3Dversace+herren+slipper HTTP/1.1" 200 21252 "-" "Mozilla/5.0 (Linux; Android 6.0.1; Nexus 5X Build/MMB29P) AppleWebKit/537.36 (KHTML, like Gecko) Chrome/137.0.7151.103 Mobile Safari/537.36 (compatible; Googlebot/2.1; +http://www.google.com/bot.html)"
66.249.64.132 - - [12/Jul/2025:19:06:24 +0000] "GET /?f=5416635031490&mod=d3036eaa&uri=itm.php%3Fid%3D180831-208%26name%3Dhasselblad+x1d+50c+ii HTTP/1.1" 200 20987 "-" "Mozilla/5.0 (Linux; Android 6.0.1; Nexus 5X Build/MMB29P) AppleWebKit/537.36 (KHTML, like Gecko) Chrome/137.0.7151.103 Mobile Safari/537.36 (compatible; Googlebot/2.1; +http://www.google.com/bot.html)"
66.249.64.129 - - [12/Jul/2025:19:06:26 +0000] "GET /?f=25245161031490&mod=4ec74784&uri=brands.php%3Fid%3D842586-252%26name%3Duniqlo+trousers+womens HTTP/1.1" 200 22095 "-" "Mozilla/5.0 (Linux; Android 6.0.1; Nexus 5X Build/MMB29P) AppleWebKit/537.36 (KHTML, like Gecko) Chrome/137.0.7151.103 Mobile Safari/537.36 (compatible; Googlebot/2.1; +http://www.google.com/bot.html)"
66.249.64.128 - - [12/Jul/2025:19:06:29 +0000] "GET /?f=5419425011490&mod=5478c9cd&uri=shop.php%3Fid%3D180924-219%26name%3Doutdoor+heaters+for+patios HTTP/1.1" 200 22312 "-" "Mozilla/5.0 (Linux; Android 6.0.1; Nexus 5X Build/MMB29P) AppleWebKit/537.36 (KHTML, like Gecko) Chrome/137.0.7151.103 Mobile Safari/537.36 (compatible; Googlebot/2.1; +http://www.google.com/bot.html)"
66.249.64.132 - - [12/Jul/2025:19:06:31 +0000] "GET /?f=25163498081490&mod=55b37c5c&uri=news.php%3Fid%3D839859-6%26name%3Dkapten+son+montre HTTP/1.1" 200 21628 "-" "Mozilla/5.0 (Linux; Android 6.0.1; Nexus 5X Build/MMB29P) AppleWebKit/537.36 (KHTML, like Gecko) Chrome/137.0.7151.103 Mobile Safari/537.36 (compatible; Googlebot/2.1; +http://www.google.com/bot.html)"
66.249.64.128 - - [12/Jul/2025:19:06:35 +0000] "GET /?f=5418255021490&mod=007ff380&uri=product.php%3Fid%3D180885-64%26name%3Doculus+quest+battery+life HTTP/1.1" 200 21618 "-" "Mozilla/5.0 (Linux; Android 6.0.1; Nexus 5X Build/MMB29P) AppleWebKit/537.36 (KHTML, like Gecko) Chrome/137.0.7151.103 Mobile Safari/537.36 (compatible; Googlebot/2.1; +http://www.google.com/bot.html)"
66.249.64.132 - - [12/Jul/2025:19:06:37 +0000] "GET /?f=71662936011490&mod=ccb1d45f&uri=blog.php%3Fid%3D2391460-5%26name%3Dd%C3%83%C2%A9guisement+princesse+leia+fille HTTP/1.1" 200 21370 "-" "Mozilla/5.0 (Linux; Android 6.0.1; Nexus 5X Build/MMB29P) AppleWebKit/537.36 (KHTML, like Gecko) Chrome/137.0.7151.103 Mobile Safari/537.36 (compatible; Googlebot/2.1; +http://www.google.com/bot.html)"
66.249.64.128 - - [12/Jul/2025:19:06:39 +0000] "GET /?f=5395905051490&mod=8e7035e0&uri=us.php%3Fid%3D180140-270%26name%3Dfaber+castell+pitt+brush HTTP/1.1" 200 21721 "-" "Mozilla/5.0 (Linux; Android 6.0.1; Nexus 5X Build/MMB29P) AppleWebKit/537.36 (KHTML, like Gecko) Chrome/137.0.7151.103 Mobile Safari/537.36 (compatible; Googlebot/2.1; +http://www.google.com/bot.html)"
66.249.64.129 - - [12/Jul/2025:19:06:50 +0000] "POST /get-message-notify HTTP/1.1" 200 21387 "https://onlycnc.com.au/?f=5418255021490&mod=007ff380&uri=product.php%3Fid%3D180885-64%26name%3Doculus+quest+battery+life" "Mozilla/5.0 (Linux; Android 6.0.1; Nexus 5X Build/MMB29P) AppleWebKit/537.36 (KHTML, like Gecko) Chrome/137.0.7151.119 Mobile Safari/537.36 (compatible; Googlebot/2.1; +http://www.google.com/bot.html)"
66.249.64.129 - - [12/Jul/2025:19:07:02 +0000] "GET /?f=25160990041490&mod=55b37c5c&uri=us.php%3Fid%3D839775-6%26name%3Dle+page+montre HTTP/1.1" 200 21731 "-" "Mozilla/5.0 (Linux; Android 6.0.1; Nexus 5X Build/MMB29P) AppleWebKit/537.36 (KHTML, like Gecko) Chrome/137.0.7151.103 Mobile Safari/537.36 (compatible; Googlebot/2.1; +http://www.google.com/bot.html)"
66.249.64.128 - - [12/Jul/2025:19:07:07 +0000] "GET /?f=5416275041490&mod=d3036eaa&uri=shop.php%3Fid%3D180819-208%26name%3Dsmallrig+cage+with+wooden+handgrip+for+sony+zv1+camera+2937 HTTP/1.1" 200 21520 "-" "Mozilla/5.0 (Linux; Android 6.0.1; Nexus 5X Build/MMB29P) AppleWebKit/537.36 (KHTML, like Gecko) Chrome/137.0.7151.103 Mobile Safari/537.36 (compatible; Googlebot/2.1; +http://www.google.com/bot.html)"
66.249.64.129 - - [12/Jul/2025:19:07:09 +0000] "POST /get-message-notify HTTP/1.1" 200 21379 "https://onlycnc.com.au/?f=5419425011490&mod=5478c9cd&uri=shop.php%3Fid%3D180924-219%26name%3Doutdoor+heaters+for+patios" "Mozilla/5.0 (Linux; Android 6.0.1; Nexus 5X Build/MMB29P) AppleWebKit/537.36 (KHTML, like Gecko) Chrome/137.0.7151.119 Mobile Safari/537.36 (compatible; Googlebot/2.1; +http://www.google.com/bot.html)"
66.249.64.129 - - [12/Jul/2025:19:07:12 +0000] "GET /?f=5418615041490&mod=d3036eaa&uri=dp.php%3Fid%3D180897-208%26name%3Dinstax+p2 HTTP/1.1" 200 20659 "-" "Mozilla/5.0 (Linux; Android 6.0.1; Nexus 5X Build/MMB29P) AppleWebKit/537.36 (KHTML, like Gecko) Chrome/137.0.7151.103 Mobile Safari/537.36 (compatible; Googlebot/2.1; +http://www.google.com/bot.html)"
66.249.64.132 - - [12/Jul/2025:19:07:14 +0000] "GET /?f=5420595001490&mod=5478c9cd&uri=shared.php%3Fid%3D180963-219%26name%3Dcost+to+run+gas+furnace+per+hour HTTP/1.1" 200 22033 "-" "Mozilla/5.0 (Linux; Android 6.0.1; Nexus 5X Build/MMB29P) AppleWebKit/537.36 (KHTML, like Gecko) Chrome/137.0.7151.103 Mobile Safari/537.36 (compatible; Googlebot/2.1; +http://www.google.com/bot.html)"
66.249.64.129 - - [12/Jul/2025:19:07:19 +0000] "GET /?f=79507698071490&mod=524e7d08&uri=product.php%3Fid%3D2653275-322%26name%3Dhoover+axi+hdpn2l620ob HTTP/1.1" 200 21729 "-" "Mozilla/5.0 (Linux; Android 6.0.1; Nexus 5X Build/MMB29P) AppleWebKit/537.36 (KHTML, like Gecko) Chrome/137.0.7151.103 Mobile Safari/537.36 (compatible; Googlebot/2.1; +http://www.google.com/bot.html)"
66.249.64.132 - - [12/Jul/2025:19:07:22 +0000] "GET /?f=25173653011490&mod=ccb1d45f&uri=info.php%3Fid%3D840200-5%26name%3Drobe+soir%C3%83%C2%A9e+princesse+2019 HTTP/1.1" 200 21700 "-" "Mozilla/5.0 (Linux; Android 6.0.1; Nexus 5X Build/MMB29P) AppleWebKit/537.36 (KHTML, like Gecko) Chrome/137.0.7151.103 Mobile Safari/537.36 (compatible; Googlebot/2.1; +http://www.google.com/bot.html)"
66.249.64.128 - - [12/Jul/2025:19:07:27 +0000] "GET /?f=25312868041490&mod=b150a8c5&uri=form.php%3Fid%3D844847-158%26name%3Dwhat+gauge+is+my+nose+piercing HTTP/1.1" 200 21914 "-" "Mozilla/5.0 (Linux; Android 6.0.1; Nexus 5X Build/MMB29P) AppleWebKit/537.36 (KHTML, like Gecko) Chrome/137.0.7151.103 Mobile Safari/537.36 (compatible; Googlebot/2.1; +http://www.google.com/bot.html)"
66.249.64.129 - - [12/Jul/2025:19:07:56 +0000] "GET /?f=32245668091490&mod=75a74d2a&uri=shared.php%3Fid%3D1076242-932%26name%3Dbest+women%27s+leggings+for+work HTTP/1.1" 200 21138 "-" "Mozilla/5.0 (Linux; Android 6.0.1; Nexus 5X Build/MMB29P) AppleWebKit/537.36 (KHTML, like Gecko) Chrome/137.0.7151.103 Mobile Safari/537.36 (compatible; Googlebot/2.1; +http://www.google.com/bot.html)"
66.249.64.132 - - [12/Jul/2025:19:08:02 +0000] "GET /?f=25176969021490&mod=ccb1d45f&uri=blog.php%3Fid%3D840311-5%26name%3Drobe+de+mari%C3%83%C2%A9e+boho HTTP/1.1" 200 21915 "-" "Mozilla/5.0 (Linux; Android 6.0.1; Nexus 5X Build/MMB29P) AppleWebKit/537.36 (KHTML, like Gecko) Chrome/137.0.7151.103 Mobile Safari/537.36 (compatible; Googlebot/2.1; +http://www.google.com/bot.html)"
66.249.64.132 - - [12/Jul/2025:19:08:05 +0000] "GET /?f=25298544001490&mod=b150a8c5&uri=pin.php%3Fid%3D844368-158%26name%3Dmustad+braid+cutter HTTP/1.1" 200 22468 "-" "Mozilla/5.0 (Linux; Android 6.0.1; Nexus 5X Build/MMB29P) AppleWebKit/537.36 (KHTML, like Gecko) Chrome/137.0.7151.103 Mobile Safari/537.36 (compatible; Googlebot/2.1; +http://www.google.com/bot.html)"
66.249.64.132 - - [12/Jul/2025:19:08:07 +0000] "GET /?f=5421765011490&mod=d3036eaa&uri=dp.php%3Fid%3D181002-208%26name%3Ddslr+camera+80d HTTP/1.1" 200 20863 "-" "Mozilla/5.0 (Linux; Android 6.0.1; Nexus 5X Build/MMB29P) AppleWebKit/537.36 (KHTML, like Gecko) Chrome/137.0.7151.103 Mobile Safari/537.36 (compatible; Googlebot/2.1; +http://www.google.com/bot.html)"
66.249.64.132 - - [12/Jul/2025:19:08:22 +0000] "GET /?f=25245011031490&mod=b831f154&uri=us.php%3Fid%3D842581-453%26name%3Djaqueta+colorida+anos+90 HTTP/1.1" 200 21706 "-" "Mozilla/5.0 (Linux; Android 6.0.1; Nexus 5X Build/MMB29P) AppleWebKit/537.36 (KHTML, like Gecko) Chrome/137.0.7151.103 Mobile Safari/537.36 (compatible; Googlebot/2.1; +http://www.google.com/bot.html)"
66.249.64.129 - - [12/Jul/2025:19:08:25 +0000] "GET /?f=25161170011490&mod=ccb1d45f&uri=news.php%3Fid%3D839781-5%26name%3Drobe+de+mari%C3%83%C2%A9e+cache+coeur HTTP/1.1" 200 21719 "-" "Mozilla/5.0 (Linux; Android 6.0.1; Nexus 5X Build/MMB29P) AppleWebKit/537.36 (KHTML, like Gecko) Chrome/137.0.7151.103 Mobile Safari/537.36 (compatible; Googlebot/2.1; +http://www.google.com/bot.html)"
66.249.64.128 - - [12/Jul/2025:19:08:28 +0000] "GET /?f=5417085011490&mod=d3036eaa&uri=brands.php%3Fid%3D180846-208%26name%3Dinstax+with+printer HTTP/1.1" 200 21100 "-" "Mozilla/5.0 (Linux; Android 6.0.1; Nexus 5X Build/MMB29P) AppleWebKit/537.36 (KHTML, like Gecko) Chrome/137.0.7151.103 Mobile Safari/537.36 (compatible; Googlebot/2.1; +http://www.google.com/bot.html)"
66.249.64.129 - - [12/Jul/2025:19:08:34 +0000] "POST /get-message-notify HTTP/1.1" 200 21395 "https://onlycnc.com.au/?f=5417085011490&mod=d3036eaa&uri=brands.php%3Fid%3D180846-208%26name%3Dinstax+with+printer" "Mozilla/5.0 (Linux; Android 6.0.1; Nexus 5X Build/MMB29P) AppleWebKit/537.36 (KHTML, like Gecko) Chrome/137.0.7151.119 Mobile Safari/537.36 (compatible; Googlebot/2.1; +http://www.google.com/bot.html)"
66.249.64.129 - - [12/Jul/2025:19:08:36 +0000] "GET /?f=25175483001490&mod=ccb1d45f&uri=form.php%3Fid%3D840261-5%26name%3Drobe+grossesse+pour+mariage HTTP/1.1" 200 21094 "-" "Mozilla/5.0 (Linux; Android 6.0.1; Nexus 5X Build/MMB29P) AppleWebKit/537.36 (KHTML, like Gecko) Chrome/137.0.7151.103 Mobile Safari/537.36 (compatible; Googlebot/2.1; +http://www.google.com/bot.html)"
66.249.64.128 - - [12/Jul/2025:19:09:03 +0000] "GET /?f=25208978061490&mod=64d509b5&uri=dp.php%3Fid%3D841379-600%26name%3Dmontecristo+pen HTTP/1.1" 200 22235 "-" "Mozilla/5.0 (Linux; Android 6.0.1; Nexus 5X Build/MMB29P) AppleWebKit/537.36 (KHTML, like Gecko) Chrome/137.0.7151.103 Mobile Safari/537.36 (compatible; Googlebot/2.1; +http://www.google.com/bot.html)"
66.249.64.128 - - [12/Jul/2025:19:09:07 +0000] "GET /?f=5419785031490&mod=007ff380&uri=products.php%3Fid%3D180936-64%26name%3Doculus+quest+near+me HTTP/1.1" 200 21740 "-" "Mozilla/5.0 (Linux; Android 6.0.1; Nexus 5X Build/MMB29P) AppleWebKit/537.36 (KHTML, like Gecko) Chrome/137.0.7151.103 Mobile Safari/537.36 (compatible; Googlebot/2.1; +http://www.google.com/bot.html)"
66.249.64.128 - - [12/Jul/2025:19:09:09 +0000] "GET /?f=5421135031490&mod=5478c9cd&uri=form.php%3Fid%3D180981-219%26name%3Dprobass HTTP/1.1" 200 22321 "-" "Mozilla/5.0 (Linux; Android 6.0.1; Nexus 5X Build/MMB29P) AppleWebKit/537.36 (KHTML, like Gecko) Chrome/137.0.7151.103 Mobile Safari/537.36 (compatible; Googlebot/2.1; +http://www.google.com/bot.html)"
66.249.64.128 - - [12/Jul/2025:19:09:11 +0000] "GET /?f=5422485031490&mod=5478c9cd&uri=us.php%3Fid%3D181026-219%26name%3Dtotal+home+comfort+hvac HTTP/1.1" 200 21742 "-" "Mozilla/5.0 (Linux; Android 6.0.1; Nexus 5X Build/MMB29P) AppleWebKit/537.36 (KHTML, like Gecko) Chrome/137.0.7151.103 Mobile Safari/537.36 (compatible; Googlebot/2.1; +http://www.google.com/bot.html)"
66.249.64.129 - - [12/Jul/2025:19:09:16 +0000] "GET /?f=25298484031490&mod=b150a8c5&uri=us.php%3Fid%3D844366-158%26name%3Dhow+much+to+diamonds+cost HTTP/1.1" 200 22344 "-" "Mozilla/5.0 (Linux; Android 6.0.1; Nexus 5X Build/MMB29P) AppleWebKit/537.36 (KHTML, like Gecko) Chrome/137.0.7151.103 Mobile Safari/537.36 (compatible; Googlebot/2.1; +http://www.google.com/bot.html)"
66.249.64.132 - - [12/Jul/2025:19:09:21 +0000] "POST /get-message-notify HTTP/1.1" 200 21390 "https://onlycnc.com.au/?f=5419785031490&mod=007ff380&uri=products.php%3Fid%3D180936-64%26name%3Doculus+quest+near+me" "Mozilla/5.0 (Linux; Android 6.0.1; Nexus 5X Build/MMB29P) AppleWebKit/537.36 (KHTML, like Gecko) Chrome/137.0.7151.119 Mobile Safari/537.36 (compatible; Googlebot/2.1; +http://www.google.com/bot.html)"
66.249.64.128 - - [12/Jul/2025:19:09:23 +0000] "GET /?f=5420235031490&mod=007ff380&uri=article.php%3Fid%3D180951-64%26name%3Dvr+box+virtual+reality+glasses HTTP/1.1" 200 22357 "-" "Mozilla/5.0 (Linux; Android 6.0.1; Nexus 5X Build/MMB29P) AppleWebKit/537.36 (KHTML, like Gecko) Chrome/137.0.7151.103 Mobile Safari/537.36 (compatible; Googlebot/2.1; +http://www.google.com/bot.html)"
66.249.64.129 - - [12/Jul/2025:19:09:26 +0000] "GET /?f=5416095061490&mod=5478c9cd&uri=product.php%3Fid%3D180813-219%26name%3Drent+heaters+for+party HTTP/1.1" 200 22165 "-" "Mozilla/5.0 (Linux; Android 6.0.1; Nexus 5X Build/MMB29P) AppleWebKit/537.36 (KHTML, like Gecko) Chrome/137.0.7151.103 Mobile Safari/537.36 (compatible; Googlebot/2.1; +http://www.google.com/bot.html)"
66.249.64.132 - - [12/Jul/2025:19:09:39 +0000] "GET /?f=25281658051490&mod=beeb6c4c&uri=search.php%3Fid%3D843804-403%26name%3Dmokassins+herren+sioux HTTP/1.1" 200 21354 "-" "Mozilla/5.0 (Linux; Android 6.0.1; Nexus 5X Build/MMB29P) AppleWebKit/537.36 (KHTML, like Gecko) Chrome/137.0.7151.103 Mobile Safari/537.36 (compatible; Googlebot/2.1; +http://www.google.com/bot.html)"
66.249.64.129 - - [12/Jul/2025:19:09:50 +0000] "GET /?f=5416005021490&mod=007ff380&uri=category-info.php%3Fid%3D180810-64%26name%3Dhtc+vive+tracker HTTP/1.1" 200 21838 "-" "Mozilla/5.0 (Linux; Android 6.0.1; Nexus 5X Build/MMB29P) AppleWebKit/537.36 (KHTML, like Gecko) Chrome/137.0.7151.103 Mobile Safari/537.36 (compatible; Googlebot/2.1; +http://www.google.com/bot.html)"
66.249.64.129 - - [12/Jul/2025:19:09:52 +0000] "GET /?f=119722273031490&mod=bf96bfac&uri=article.php%3Fid%3D3995496-539%26name%3Dfarm+simulator+2019+nintendo+switch HTTP/1.1" 200 22169 "-" "Mozilla/5.0 (Linux; Android 6.0.1; Nexus 5X Build/MMB29P) AppleWebKit/537.36 (KHTML, like Gecko) Chrome/137.0.7151.103 Mobile Safari/537.36 (compatible; Googlebot/2.1; +http://www.google.com/bot.html)"
66.249.64.128 - - [12/Jul/2025:19:09:58 +0000] "GET /?f=5423109041490&mod=d3036eaa&uri=brands.php%3Fid%3D181047-208%26name%3Ddji+mavic+pro+hasselblad+camera HTTP/1.1" 200 21229 "-" "Mozilla/5.0 (Linux; Android 6.0.1; Nexus 5X Build/MMB29P) AppleWebKit/537.36 (KHTML, like Gecko) Chrome/137.0.7151.103 Mobile Safari/537.36 (compatible; Googlebot/2.1; +http://www.google.com/bot.html)"
66.249.64.132 - - [12/Jul/2025:19:10:00 +0000] "GET /?f=25208198011490&mod=64d509b5&uri=product.php%3Fid%3D841353-600%26name%3Dmontblanc+frames HTTP/1.1" 200 21800 "-" "Mozilla/5.0 (Linux; Android 6.0.1; Nexus 5X Build/MMB29P) AppleWebKit/537.36 (KHTML, like Gecko) Chrome/137.0.7151.103 Mobile Safari/537.36 (compatible; Googlebot/2.1; +http://www.google.com/bot.html)"
66.249.64.129 - - [12/Jul/2025:19:10:03 +0000] "POST /get-message-notify HTTP/1.1" 200 21385 "https://onlycnc.com.au/?f=5423109041490&mod=d3036eaa&uri=brands.php%3Fid%3D181047-208%26name%3Ddji+mavic+pro+hasselblad+camera" "Mozilla/5.0 (Linux; Android 6.0.1; Nexus 5X Build/MMB29P) AppleWebKit/537.36 (KHTML, like Gecko) Chrome/137.0.7151.119 Mobile Safari/537.36 (compatible; Googlebot/2.1; +http://www.google.com/bot.html)"
66.249.64.129 - - [12/Jul/2025:19:10:06 +0000] "GET /?f=5419065011490&mod=007ff380&uri=news.php%3Fid%3D180912-64%26name%3Dtarget+oculus+quest HTTP/1.1" 200 21623 "-" "Mozilla/5.0 (Linux; Android 6.0.1; Nexus 5X Build/MMB29P) AppleWebKit/537.36 (KHTML, like Gecko) Chrome/137.0.7151.103 Mobile Safari/537.36 (compatible; Googlebot/2.1; +http://www.google.com/bot.html)"
66.249.64.129 - - [12/Jul/2025:19:10:08 +0000] "GET /?f=5416995101490&mod=d3036eaa&uri=product.php%3Fid%3D180843-208%26name%3Dhasselblad+x1d+flickr HTTP/1.1" 200 21066 "-" "Mozilla/5.0 (Linux; Android 6.0.1; Nexus 5X Build/MMB29P) AppleWebKit/537.36 (KHTML, like Gecko) Chrome/137.0.7151.103 Mobile Safari/537.36 (compatible; Googlebot/2.1; +http://www.google.com/bot.html)"
66.249.64.132 - - [12/Jul/2025:19:10:11 +0000] "GET /?f=5421225011490&mod=007ff380&uri=blog.php%3Fid%3D180984-64%26name%3Doculus+quest+cable HTTP/1.1" 200 21256 "-" "Mozilla/5.0 (Linux; Android 6.0.1; Nexus 5X Build/MMB29P) AppleWebKit/537.36 (KHTML, like Gecko) Chrome/137.0.7151.103 Mobile Safari/537.36 (compatible; Googlebot/2.1; +http://www.google.com/bot.html)"
66.249.64.129 - - [12/Jul/2025:19:10:16 +0000] "POST /get-message-notify HTTP/1.1" 200 21390 "https://onlycnc.com.au/?f=25208198011490&mod=64d509b5&uri=product.php%3Fid%3D841353-600%26name%3Dmontblanc+frames" "Mozilla/5.0 (Linux; Android 6.0.1; Nexus 5X Build/MMB29P) AppleWebKit/537.36 (KHTML, like Gecko) Chrome/137.0.7151.119 Mobile Safari/537.36 (compatible; Googlebot/2.1; +http://www.google.com/bot.html)"
66.249.64.128 - - [12/Jul/2025:19:10:27 +0000] "GET /?f=25216298001490&mod=37f88fa5&uri=dp.php%3Fid%3D841623-840%26name%3Dfathers+rings+with+children%27s+birthstones HTTP/1.1" 200 22176 "-" "Mozilla/5.0 (Linux; Android 6.0.1; Nexus 5X Build/MMB29P) AppleWebKit/537.36 (KHTML, like Gecko) Chrome/137.0.7151.103 Mobile Safari/537.36 (compatible; Googlebot/2.1; +http://www.google.com/bot.html)"
66.249.64.129 - - [12/Jul/2025:19:10:39 +0000] "GET /?f=5419965041490&mod=5478c9cd&uri=shared.php%3Fid%3D180942-219%26name%3Dgarage+blower+heater HTTP/1.1" 200 21720 "-" "Mozilla/5.0 (Linux; Android 6.0.1; Nexus 5X Build/MMB29P) AppleWebKit/537.36 (KHTML, like Gecko) Chrome/137.0.7151.103 Mobile Safari/537.36 (compatible; Googlebot/2.1; +http://www.google.com/bot.html)"
66.249.64.132 - - [12/Jul/2025:19:11:02 +0000] "GET /?f=5420955021490&mod=007ff380&uri=pin.php%3Fid%3D180975-64%26name%3Dbest+steam+vr+games HTTP/1.1" 200 21389 "-" "Mozilla/5.0 (Linux; Android 6.0.1; Nexus 5X Build/MMB29P) AppleWebKit/537.36 (KHTML, like Gecko) Chrome/137.0.7151.103 Mobile Safari/537.36 (compatible; Googlebot/2.1; +http://www.google.com/bot.html)"
66.249.64.129 - - [12/Jul/2025:19:11:16 +0000] "POST /get-message-notify HTTP/1.1" 200 21392 "https://onlycnc.com.au/?f=25216298001490&mod=37f88fa5&uri=dp.php%3Fid%3D841623-840%26name%3Dfathers+rings+with+children%27s+birthstones" "Mozilla/5.0 (Linux; Android 6.0.1; Nexus 5X Build/MMB29P) AppleWebKit/537.36 (KHTML, like Gecko) Chrome/137.0.7151.119 Mobile Safari/537.36 (compatible; Googlebot/2.1; +http://www.google.com/bot.html)"
66.249.64.129 - - [12/Jul/2025:19:11:20 +0000] "GET /?f=25299744031490&mod=b150a8c5&uri=dp.php%3Fid%3D844408-158%26name%3Dwearing+a+wedding+ring HTTP/1.1" 200 22152 "-" "Mozilla/5.0 (Linux; Android 6.0.1; Nexus 5X Build/MMB29P) AppleWebKit/537.36 (KHTML, like Gecko) Chrome/137.0.7151.103 Mobile Safari/537.36 (compatible; Googlebot/2.1; +http://www.google.com/bot.html)"
66.249.64.132 - - [12/Jul/2025:19:11:24 +0000] "GET /?f=25282408041490&mod=beeb6c4c&uri=dp.php%3Fid%3D843829-403%26name%3Dair+force+sauber+kriegen HTTP/1.1" 200 21316 "-" "Mozilla/5.0 (Linux; Android 6.0.1; Nexus 5X Build/MMB29P) AppleWebKit/537.36 (KHTML, like Gecko) Chrome/137.0.7151.103 Mobile Safari/537.36 (compatible; Googlebot/2.1; +http://www.google.com/bot.html)"
66.249.64.129 - - [12/Jul/2025:19:11:27 +0000] "GET /?f=5419695041490&mod=8e7035e0&uri=article.php%3Fid%3D180933-270%26name%3Dstaedtler+lumocolor+special+f HTTP/1.1" 200 22288 "-" "Mozilla/5.0 (Linux; Android 6.0.1; Nexus 5X Build/MMB29P) AppleWebKit/537.36 (KHTML, like Gecko) Chrome/137.0.7151.103 Mobile Safari/537.36 (compatible; Googlebot/2.1; +http://www.google.com/bot.html)"
66.249.64.128 - - [12/Jul/2025:19:11:32 +0000] "GET /?f=79523142081490&mod=524e7d08&uri=search.php%3Fid%3D2653791-322%26name%3Dbosch+shx68t52uc HTTP/1.1" 200 21348 "-" "Mozilla/5.0 (Linux; Android 6.0.1; Nexus 5X Build/MMB29P) AppleWebKit/537.36 (KHTML, like Gecko) Chrome/137.0.7151.103 Mobile Safari/537.36 (compatible; Googlebot/2.1; +http://www.google.com/bot.html)"
66.249.64.129 - - [12/Jul/2025:19:11:35 +0000] "GET /?f=5416185131490&mod=d3036eaa&uri=category-info.php%3Fid%3D180816-208%26name%3Dinstax+p2+printer HTTP/1.1" 200 20583 "-" "Mozilla/5.0 (Linux; Android 6.0.1; Nexus 5X Build/MMB29P) AppleWebKit/537.36 (KHTML, like Gecko) Chrome/137.0.7151.103 Mobile Safari/537.36 (compatible; Googlebot/2.1; +http://www.google.com/bot.html)"
66.249.64.132 - - [12/Jul/2025:19:11:41 +0000] "POST /get-message-notify HTTP/1.1" 200 21391 "https://onlycnc.com.au/?f=5419695041490&mod=8e7035e0&uri=article.php%3Fid%3D180933-270%26name%3Dstaedtler+lumocolor+special+f" "Mozilla/5.0 (Linux; Android 6.0.1; Nexus 5X Build/MMB29P) AppleWebKit/537.36 (KHTML, like Gecko) Chrome/137.0.7151.119 Mobile Safari/537.36 (compatible; Googlebot/2.1; +http://www.google.com/bot.html)"
66.249.64.129 - - [12/Jul/2025:19:12:00 +0000] "GET /?f=5419605071490&mod=5478c9cd&uri=article.php%3Fid%3D180930-219%26name%3Dkozy+heat+callaway+50 HTTP/1.1" 200 21475 "-" "Mozilla/5.0 (Linux; Android 6.0.1; Nexus 5X Build/MMB29P) AppleWebKit/537.36 (KHTML, like Gecko) Chrome/137.0.7151.103 Mobile Safari/537.36 (compatible; Googlebot/2.1; +http://www.google.com/bot.html)"
66.249.64.132 - - [12/Jul/2025:19:12:12 +0000] "GET /?f=5438262021490&mod=0c2a1b8e&uri=pin.php%3Fid%3D181553-59%26name%3Dabiti+autunnali+lunghi HTTP/1.1" 200 21544 "-" "Mozilla/5.0 (Linux; Android 6.0.1; Nexus 5X Build/MMB29P) AppleWebKit/537.36 (KHTML, like Gecko) Chrome/137.0.7151.103 Mobile Safari/537.36 (compatible; Googlebot/2.1; +http://www.google.com/bot.html)"
66.249.64.129 - - [12/Jul/2025:19:12:20 +0000] "GET /?f=5417175011490&mod=5478c9cd&uri=dp.php%3Fid%3D180849-219%26name%3Dkozy+heat+bayport+36 HTTP/1.1" 200 21826 "-" "Mozilla/5.0 (Linux; Android 6.0.1; Nexus 5X Build/MMB29P) AppleWebKit/537.36 (KHTML, like Gecko) Chrome/137.0.7151.103 Mobile Safari/537.36 (compatible; Googlebot/2.1; +http://www.google.com/bot.html)"
66.249.64.129 - - [12/Jul/2025:19:12:24 +0000] "POST /get-message-notify HTTP/1.1" 200 21383 "https://onlycnc.com.au/?f=5438262021490&mod=0c2a1b8e&uri=pin.php%3Fid%3D181553-59%26name%3Dabiti+autunnali+lunghi" "Mozilla/5.0 (Linux; Android 6.0.1; Nexus 5X Build/MMB29P) AppleWebKit/537.36 (KHTML, like Gecko) Chrome/137.0.7151.119 Mobile Safari/537.36 (compatible; Googlebot/2.1; +http://www.google.com/bot.html)"
66.249.64.129 - - [12/Jul/2025:19:12:30 +0000] "GET /?f=25298454021490&mod=f9e85893&uri=shop.php%3Fid%3D844365-186%26name%3Dmarc+jacobs+rainbow+strap HTTP/1.1" 200 21987 "-" "Mozilla/5.0 (Linux; Android 6.0.1; Nexus 5X Build/MMB29P) AppleWebKit/537.36 (KHTML, like Gecko) Chrome/137.0.7151.103 Mobile Safari/537.36 (compatible; Googlebot/2.1; +http://www.google.com/bot.html)"
66.249.64.129 - - [12/Jul/2025:19:12:32 +0000] "GET /?f=25300374001490&mod=b150a8c5&uri=itm.php%3Fid%3D844429-158%26name%3Dsahara+star+wedding+cost HTTP/1.1" 200 22447 "-" "Mozilla/5.0 (Linux; Android 6.0.1; Nexus 5X Build/MMB29P) AppleWebKit/537.36 (KHTML, like Gecko) Chrome/137.0.7151.103 Mobile Safari/537.36 (compatible; Googlebot/2.1; +http://www.google.com/bot.html)"
66.249.64.132 - - [12/Jul/2025:19:12:35 +0000] "GET /?f=5417895001490&mod=007ff380&uri=info.php%3Fid%3D180873-64%26name%3Dspiderman+vr HTTP/1.1" 200 22459 "-" "Mozilla/5.0 (Linux; Android 6.0.1; Nexus 5X Build/MMB29P) AppleWebKit/537.36 (KHTML, like Gecko) Chrome/137.0.7151.103 Mobile Safari/537.36 (compatible; Googlebot/2.1; +http://www.google.com/bot.html)"
66.249.64.129 - - [12/Jul/2025:19:12:38 +0000] "GET /?f=25283121001490&mod=beeb6c4c&uri=product.php%3Fid%3D843853-403%26name%3Dsommerstiefeletten+offen HTTP/1.1" 200 21919 "-" "Mozilla/5.0 (Linux; Android 6.0.1; Nexus 5X Build/MMB29P) AppleWebKit/537.36 (KHTML, like Gecko) Chrome/137.0.7151.103 Mobile Safari/537.36 (compatible; Googlebot/2.1; +http://www.google.com/bot.html)"
66.249.64.132 - - [12/Jul/2025:19:12:44 +0000] "GET /?f=5789305001490&mod=0e98aeeb&uri=article.php%3Fid%3D193330-57%26name%3Dbluetooth+headphones+compatible+with+samsung+smart+tv HTTP/1.1" 200 22633 "-" "Mozilla/5.0 (Linux; Android 6.0.1; Nexus 5X Build/MMB29P) AppleWebKit/537.36 (KHTML, like Gecko) Chrome/137.0.7151.103 Mobile Safari/537.36 (compatible; Googlebot/2.1; +http://www.google.com/bot.html)"
66.249.64.129 - - [12/Jul/2025:19:12:54 +0000] "POST /get-message-notify HTTP/1.1" 200 21385 "https://onlycnc.com.au/?f=5789305001490&mod=0e98aeeb&uri=article.php%3Fid%3D193330-57%26name%3Dbluetooth+headphones+compatible+with+samsung+smart+tv" "Mozilla/5.0 (Linux; Android 6.0.1; Nexus 5X Build/MMB29P) AppleWebKit/537.36 (KHTML, like Gecko) Chrome/137.0.7151.119 Mobile Safari/537.36 (compatible; Googlebot/2.1; +http://www.google.com/bot.html)"
66.249.64.128 - - [12/Jul/2025:19:13:05 +0000] "GET /?f=25176909001490&mod=ccb1d45f&uri=news.php%3Fid%3D840309-5%26name%3Drobe+de+mari%C3%83%C2%A9e+grande+taille+tati HTTP/1.1" 200 21193 "-" "Mozilla/5.0 (Linux; Android 6.0.1; Nexus 5X Build/MMB29P) AppleWebKit/537.36 (KHTML, like Gecko) Chrome/137.0.7151.103 Mobile Safari/537.36 (compatible; Googlebot/2.1; +http://www.google.com/bot.html)"
66.249.64.129 - - [12/Jul/2025:19:13:07 +0000] "GET /?f=5422569011490&mod=fdf645ae&uri=search.php%3Fid%3D181029-324%26name%3Dsubstitute+oat+flour+for+coconut+flour HTTP/1.1" 200 20623 "-" "Mozilla/5.0 (Linux; Android 6.0.1; Nexus 5X Build/MMB29P) AppleWebKit/537.36 (KHTML, like Gecko) Chrome/137.0.7151.103 Mobile Safari/537.36 (compatible; Googlebot/2.1; +http://www.google.com/bot.html)"
66.249.64.128 - - [12/Jul/2025:19:13:09 +0000] "GET /?f=5416815041490&mod=5478c9cd&uri=pin.php%3Fid%3D180837-219%26name%3Dcooling+the+room+without+ac HTTP/1.1" 200 21890 "-" "Mozilla/5.0 (Linux; Android 6.0.1; Nexus 5X Build/MMB29P) AppleWebKit/537.36 (KHTML, like Gecko) Chrome/137.0.7151.103 Mobile Safari/537.36 (compatible; Googlebot/2.1; +http://www.google.com/bot.html)"
66.249.64.132 - - [12/Jul/2025:19:13:20 +0000] "GET /?f=5417265011490&mod=d3036eaa&uri=product.php%3Fid%3D180852-208%26name%3Dfujifilm+instax+sp2+printer HTTP/1.1" 200 21070 "-" "Mozilla/5.0 (Linux; Android 6.0.1; Nexus 5X Build/MMB29P) AppleWebKit/537.36 (KHTML, like Gecko) Chrome/137.0.7151.103 Mobile Safari/537.36 (compatible; Googlebot/2.1; +http://www.google.com/bot.html)"
66.249.64.132 - - [12/Jul/2025:19:13:22 +0000] "GET /?f=5421405071490&mod=007ff380&uri=shared.php%3Fid%3D180990-64%26name%3Doculus+max HTTP/1.1" 200 21865 "-" "Mozilla/5.0 (Linux; Android 6.0.1; Nexus 5X Build/MMB29P) AppleWebKit/537.36 (KHTML, like Gecko) Chrome/137.0.7151.103 Mobile Safari/537.36 (compatible; Googlebot/2.1; +http://www.google.com/bot.html)"
66.249.64.129 - - [12/Jul/2025:19:13:25 +0000] "GET /?f=5419155071490&mod=5478c9cd&uri=products.php%3Fid%3D180915-219%26name%3Dquality+comfort+heating+and+air+conditioning HTTP/1.1" 200 22104 "-" "Mozilla/5.0 (Linux; Android 6.0.1; Nexus 5X Build/MMB29P) AppleWebKit/537.36 (KHTML, like Gecko) Chrome/137.0.7151.103 Mobile Safari/537.36 (compatible; Googlebot/2.1; +http://www.google.com/bot.html)"
66.249.64.129 - - [12/Jul/2025:19:13:47 +0000] "GET /?f=25196378001490&mod=64d509b5&uri=blog.php%3Fid%3D840959-600%26name%3Dcressi+goa+review HTTP/1.1" 200 22724 "-" "Mozilla/5.0 (Linux; Android 6.0.1; Nexus 5X Build/MMB29P) AppleWebKit/537.36 (KHTML, like Gecko) Chrome/137.0.7151.103 Mobile Safari/537.36 (compatible; Googlebot/2.1; +http://www.google.com/bot.html)"
66.249.64.129 - - [12/Jul/2025:19:13:49 +0000] "GET /?f=5370172071490&mod=2ed6f877&uri=product.php%3Fid%3D179282-323%26name%3Ddeals+on+yeti+cups HTTP/1.1" 200 21195 "-" "Mozilla/5.0 (Linux; Android 6.0.1; Nexus 5X Build/MMB29P) AppleWebKit/537.36 (KHTML, like Gecko) Chrome/137.0.7151.103 Mobile Safari/537.36 (compatible; Googlebot/2.1; +http://www.google.com/bot.html)"
66.249.64.128 - - [12/Jul/2025:19:13:53 +0000] "GET /?f=5422839101490&mod=5478c9cd&uri=shared.php%3Fid%3D181038-219%26name%3Dcan+one+mini+split+cool+multiple+rooms HTTP/1.1" 200 21324 "-" "Mozilla/5.0 (Linux; Android 6.0.1; Nexus 5X Build/MMB29P) AppleWebKit/537.36 (KHTML, like Gecko) Chrome/137.0.7151.103 Mobile Safari/537.36 (compatible; Googlebot/2.1; +http://www.google.com/bot.html)"
66.249.64.129 - - [12/Jul/2025:19:13:55 +0000] "GET /?f=5369722021490&mod=af8e3c34&uri=dp.php%3Fid%3D179267-321%26name%3Dyorkshire+terrier+rescue+centres HTTP/1.1" 200 22395 "-" "Mozilla/5.0 (Linux; Android 6.0.1; Nexus 5X Build/MMB29P) AppleWebKit/537.36 (KHTML, like Gecko) Chrome/137.0.7151.103 Mobile Safari/537.36 (compatible; Googlebot/2.1; +http://www.google.com/bot.html)"
66.249.64.132 - - [12/Jul/2025:19:13:57 +0000] "GET /?f=5418165091490&mod=c359889a&uri=shop.php%3Fid%3D180882-87%26name%3Dcctv+coax+connectors HTTP/1.1" 200 21344 "-" "Mozilla/5.0 (Linux; Android 6.0.1; Nexus 5X Build/MMB29P) AppleWebKit/537.36 (KHTML, like Gecko) Chrome/137.0.7151.103 Mobile Safari/537.36 (compatible; Googlebot/2.1; +http://www.google.com/bot.html)"
66.249.64.132 - - [12/Jul/2025:19:13:59 +0000] "GET /?f=5416905071490&mod=5478c9cd&uri=brands.php%3Fid%3D180840-219%26name%3Dweil+mclain+gas+boilers HTTP/1.1" 200 21496 "-" "Mozilla/5.0 (Linux; Android 6.0.1; Nexus 5X Build/MMB29P) AppleWebKit/537.36 (KHTML, like Gecko) Chrome/137.0.7151.103 Mobile Safari/537.36 (compatible; Googlebot/2.1; +http://www.google.com/bot.html)"
66.249.64.132 - - [12/Jul/2025:19:14:02 +0000] "GET /?f=112126423001490&mod=beeb6c4c&uri=us.php%3Fid%3D3742053-403%26name%3Dwenz+schuhe+waldl%C3%83%C2%A4ufer HTTP/1.1" 200 22164 "-" "Mozilla/5.0 (Linux; Android 6.0.1; Nexus 5X Build/MMB29P) AppleWebKit/537.36 (KHTML, like Gecko) Chrome/137.0.7151.103 Mobile Safari/537.36 (compatible; Googlebot/2.1; +http://www.google.com/bot.html)"
66.249.64.129 - - [12/Jul/2025:19:14:04 +0000] "GET /?f=5369032051490&mod=524e7d08&uri=brands.php%3Fid%3D179244-322%26name%3Dmiele+g4975scvisf HTTP/1.1" 200 21077 "-" "Mozilla/5.0 (Linux; Android 6.0.1; Nexus 5X Build/MMB29P) AppleWebKit/537.36 (KHTML, like Gecko) Chrome/137.0.7151.103 Mobile Safari/537.36 (compatible; Googlebot/2.1; +http://www.google.com/bot.html)"
66.249.64.132 - - [12/Jul/2025:19:14:07 +0000] "GET /?f=5420145101490&mod=5478c9cd&uri=info.php%3Fid%3D180948-219%26name%3Dfurnace+carbon+monoxide HTTP/1.1" 200 21547 "-" "Mozilla/5.0 (Linux; Android 6.0.1; Nexus 5X Build/MMB29P) AppleWebKit/537.36 (KHTML, like Gecko) Chrome/137.0.7151.103 Mobile Safari/537.36 (compatible; Googlebot/2.1; +http://www.google.com/bot.html)"
66.249.64.132 - - [12/Jul/2025:19:14:12 +0000] "POST /get-message-notify HTTP/1.1" 200 21399 "https://onlycnc.com.au/?f=112126423001490&mod=beeb6c4c&uri=us.php%3Fid%3D3742053-403%26name%3Dwenz+schuhe+waldl%C3%83%C2%A4ufer" "Mozilla/5.0 (Linux; Android 6.0.1; Nexus 5X Build/MMB29P) AppleWebKit/537.36 (KHTML, like Gecko) Chrome/137.0.7151.119 Mobile Safari/537.36 (compatible; Googlebot/2.1; +http://www.google.com/bot.html)"
66.249.64.129 - - [12/Jul/2025:19:14:19 +0000] "GET /?f=6056675001490&mod=842b5317&uri=itm.php%3Fid%3D202254-349%26name%3Dfaire+briller+chaine+argent HTTP/1.1" 200 22296 "-" "Mozilla/5.0 (Linux; Android 6.0.1; Nexus 5X Build/MMB29P) AppleWebKit/537.36 (KHTML, like Gecko) Chrome/137.0.7151.103 Mobile Safari/537.36 (compatible; Googlebot/2.1; +http://www.google.com/bot.html)"
66.249.64.129 - - [12/Jul/2025:19:14:26 +0000] "GET /?f=25173323081490&mod=55b37c5c&uri=article.php%3Fid%3D840189-6%26name%3Dfortis+montres+site+officiel HTTP/1.1" 200 21862 "-" "Mozilla/5.0 (Linux; Android 6.0.1; Nexus 5X Build/MMB29P) AppleWebKit/537.36 (KHTML, like Gecko) Chrome/137.0.7151.103 Mobile Safari/537.36 (compatible; Googlebot/2.1; +http://www.google.com/bot.html)"
66.249.64.129 - - [12/Jul/2025:19:14:29 +0000] "GET /?f=25217588011490&mod=c4caeed3&uri=search.php%3Fid%3D841666-235%26name%3Ds+oliver+jacke+orange HTTP/1.1" 200 22251 "-" "Mozilla/5.0 (Linux; Android 6.0.1; Nexus 5X Build/MMB29P) AppleWebKit/537.36 (KHTML, like Gecko) Chrome/137.0.7151.103 Mobile Safari/537.36 (compatible; Googlebot/2.1; +http://www.google.com/bot.html)"
66.249.64.129 - - [12/Jul/2025:19:14:37 +0000] "GET /?f=5418705011490&mod=d3036eaa&uri=dp.php%3Fid%3D180900-208%26name%3Dmavic+pro+hasselblad+camera HTTP/1.1" 200 21012 "-" "Mozilla/5.0 (Linux; Android 6.0.1; Nexus 5X Build/MMB29P) AppleWebKit/537.36 (KHTML, like Gecko) Chrome/137.0.7151.103 Mobile Safari/537.36 (compatible; Googlebot/2.1; +http://www.google.com/bot.html)"
66.249.64.128 - - [12/Jul/2025:19:14:45 +0000] "GET /?f=5421945101490&mod=5478c9cd&uri=form.php%3Fid%3D181008-219%26name%3Dmini+split+in+mobile+home HTTP/1.1" 200 21395 "-" "Mozilla/5.0 (Linux; Android 6.0.1; Nexus 5X Build/MMB29P) AppleWebKit/537.36 (KHTML, like Gecko) Chrome/137.0.7151.103 Mobile Safari/537.36 (compatible; Googlebot/2.1; +http://www.google.com/bot.html)"
66.249.64.132 - - [12/Jul/2025:19:14:47 +0000] "GET /?f=25305384081490&mod=b150a8c5&uri=info.php%3Fid%3D844596-158%26name%3Dsoul+gems+jewelry HTTP/1.1" 200 21702 "-" "Mozilla/5.0 (Linux; Android 6.0.1; Nexus 5X Build/MMB29P) AppleWebKit/537.36 (KHTML, like Gecko) Chrome/137.0.7151.103 Mobile Safari/537.36 (compatible; Googlebot/2.1; +http://www.google.com/bot.html)"
66.249.64.132 - - [12/Jul/2025:19:14:49 +0000] "GET /?f=25298514041490&mod=b150a8c5&uri=shared.php%3Fid%3D844367-158%26name%3Dhow+much+money+is+a+carat+diamond+worth HTTP/1.1" 200 22327 "-" "Mozilla/5.0 (Linux; Android 6.0.1; Nexus 5X Build/MMB29P) AppleWebKit/537.36 (KHTML, like Gecko) Chrome/137.0.7151.103 Mobile Safari/537.36 (compatible; Googlebot/2.1; +http://www.google.com/bot.html)"
66.249.64.129 - - [12/Jul/2025:19:14:54 +0000] "GET /?f=5422305051490&mod=5478c9cd&uri=goods.php%3Fid%3D181020-219%26name%3Dgeothermal+heat+pump+vs+gas+furnace HTTP/1.1" 200 21906 "-" "Mozilla/5.0 (Linux; Android 6.0.1; Nexus 5X Build/MMB29P) AppleWebKit/537.36 (KHTML, like Gecko) Chrome/137.0.7151.103 Mobile Safari/537.36 (compatible; Googlebot/2.1; +http://www.google.com/bot.html)"
66.249.64.132 - - [12/Jul/2025:19:14:56 +0000] "GET /?f=5418885031490&mod=007ff380&uri=pin.php%3Fid%3D180906-64%26name%3Dvive+vr+headset HTTP/1.1" 200 21961 "-" "Mozilla/5.0 (Linux; Android 6.0.1; Nexus 5X Build/MMB29P) AppleWebKit/537.36 (KHTML, like Gecko) Chrome/137.0.7151.103 Mobile Safari/537.36 (compatible; Googlebot/2.1; +http://www.google.com/bot.html)"
66.249.64.129 - - [12/Jul/2025:19:15:01 +0000] "GET /?f=25331027081490&mod=169806bb&uri=category-info.php%3Fid%3D845453-70%26name%3Dblack+and+decker+to3265xssd HTTP/1.1" 200 21858 "-" "Mozilla/5.0 (Linux; Android 6.0.1; Nexus 5X Build/MMB29P) AppleWebKit/537.36 (KHTML, like Gecko) Chrome/137.0.7151.103 Mobile Safari/537.36 (compatible; Googlebot/2.1; +http://www.google.com/bot.html)"
66.249.64.132 - - [12/Jul/2025:19:15:13 +0000] "GET /?f=5420775011490&mod=d3036eaa&uri=itm.php%3Fid%3D180969-208%26name%3Dhasselblad+moon HTTP/1.1" 200 21183 "-" "Mozilla/5.0 (Linux; Android 6.0.1; Nexus 5X Build/MMB29P) AppleWebKit/537.36 (KHTML, like Gecko) Chrome/137.0.7151.103 Mobile Safari/537.36 (compatible; Googlebot/2.1; +http://www.google.com/bot.html)"
66.249.64.132 - - [12/Jul/2025:19:15:18 +0000] "GET /?f=5417715041490&mod=d3036eaa&uri=products.php%3Fid%3D180867-208%26name%3Dphone+instax+printer HTTP/1.1" 200 20614 "-" "Mozilla/5.0 (Linux; Android 6.0.1; Nexus 5X Build/MMB29P) AppleWebKit/537.36 (KHTML, like Gecko) Chrome/137.0.7151.103 Mobile Safari/537.36 (compatible; Googlebot/2.1; +http://www.google.com/bot.html)"
66.249.64.129 - - [12/Jul/2025:19:15:20 +0000] "GET /?f=25300344051490&mod=b150a8c5&uri=goods.php%3Fid%3D844428-158%26name%3D20+ring+size+to+us HTTP/1.1" 200 21810 "-" "Mozilla/5.0 (Linux; Android 6.0.1; Nexus 5X Build/MMB29P) AppleWebKit/537.36 (KHTML, like Gecko) Chrome/137.0.7151.103 Mobile Safari/537.36 (compatible; Googlebot/2.1; +http://www.google.com/bot.html)"
66.249.64.132 - - [12/Jul/2025:19:15:25 +0000] "GET /?f=5421855041490&mod=5478c9cd&uri=info.php%3Fid%3D181005-219%26name%3Dlg+dual+inverter+heat HTTP/1.1" 200 22118 "-" "Mozilla/5.0 (Linux; Android 6.0.1; Nexus 5X Build/MMB29P) AppleWebKit/537.36 (KHTML, like Gecko) Chrome/137.0.7151.103 Mobile Safari/537.36 (compatible; Googlebot/2.1; +http://www.google.com/bot.html)"
66.249.64.128 - - [12/Jul/2025:19:15:27 +0000] "GET /?f=5422749041490&mod=d3036eaa&uri=article.php%3Fid%3D181035-208%26name%3Dcanon+e0s+80d HTTP/1.1" 200 21184 "-" "Mozilla/5.0 (Linux; Android 6.0.1; Nexus 5X Build/MMB29P) AppleWebKit/537.36 (KHTML, like Gecko) Chrome/137.0.7151.103 Mobile Safari/537.36 (compatible; Googlebot/2.1; +http://www.google.com/bot.html)"
66.249.64.128 - - [12/Jul/2025:19:15:30 +0000] "GET /?f=32113194021490&mod=798b4516&uri=shop.php%3Fid%3D1071825-330%26name%3Dmr+crappie+bobbers HTTP/1.1" 200 21256 "-" "Mozilla/5.0 (Linux; Android 6.0.1; Nexus 5X Build/MMB29P) AppleWebKit/537.36 (KHTML, like Gecko) Chrome/137.0.7151.103 Mobile Safari/537.36 (compatible; Googlebot/2.1; +http://www.google.com/bot.html)"
66.249.64.132 - - [12/Jul/2025:19:15:32 +0000] "GET /?f=5420865011490&mod=d3036eaa&uri=products.php%3Fid%3D180972-208%26name%3Dhasselblad+color+science HTTP/1.1" 200 21613 "-" "Mozilla/5.0 (Linux; Android 6.0.1; Nexus 5X Build/MMB29P) AppleWebKit/537.36 (KHTML, like Gecko) Chrome/137.0.7151.103 Mobile Safari/537.36 (compatible; Googlebot/2.1; +http://www.google.com/bot.html)"
66.249.64.129 - - [12/Jul/2025:19:15:37 +0000] "GET /?f=31803857051490&mod=676207dd&uri=product.php%3Fid%3D1061499-454%26name%3Datsam3x8e+arduino HTTP/1.1" 200 21430 "-" "Mozilla/5.0 (Linux; Android 6.0.1; Nexus 5X Build/MMB29P) AppleWebKit/537.36 (KHTML, like Gecko) Chrome/137.0.7151.103 Mobile Safari/537.36 (compatible; Googlebot/2.1; +http://www.google.com/bot.html)"
66.249.64.128 - - [12/Jul/2025:19:15:39 +0000] "GET /?f=32255988081490&mod=75a74d2a&uri=brands.php%3Fid%3D1076586-932%26name%3Dtops+for+jeans+online HTTP/1.1" 200 21361 "-" "Mozilla/5.0 (Linux; Android 6.0.1; Nexus 5X Build/MMB29P) AppleWebKit/537.36 (KHTML, like Gecko) Chrome/137.0.7151.103 Mobile Safari/537.36 (compatible; Googlebot/2.1; +http://www.google.com/bot.html)"
66.249.64.128 - - [12/Jul/2025:19:15:44 +0000] "GET /?f=25161350061490&mod=ccb1d45f&uri=info.php%3Fid%3D839787-5%26name%3Drobe+kiabi+grande+taille HTTP/1.1" 200 21428 "-" "Mozilla/5.0 (Linux; Android 6.0.1; Nexus 5X Build/MMB29P) AppleWebKit/537.36 (KHTML, like Gecko) Chrome/137.0.7151.103 Mobile Safari/537.36 (compatible; Googlebot/2.1; +http://www.google.com/bot.html)"
66.249.64.129 - - [12/Jul/2025:19:15:51 +0000] "GET /?f=25249001001490&mod=c4caeed3&uri=product.php%3Fid%3D842714-235%26name%3Denton+pullover HTTP/1.1" 200 22205 "-" "Mozilla/5.0 (Linux; Android 6.0.1; Nexus 5X Build/MMB29P) AppleWebKit/537.36 (KHTML, like Gecko) Chrome/137.0.7151.103 Mobile Safari/537.36 (compatible; Googlebot/2.1; +http://www.google.com/bot.html)"
66.249.64.129 - - [12/Jul/2025:19:15:55 +0000] "GET /?f=5440572051490&mod=fe45e322&uri=product.php%3Fid%3D181630-60%26name%3Dchiara+ferragni+camicia+ralph+lauren HTTP/1.1" 200 21841 "-" "Mozilla/5.0 (Linux; Android 6.0.1; Nexus 5X Build/MMB29P) AppleWebKit/537.36 (KHTML, like Gecko) Chrome/137.0.7151.103 Mobile Safari/537.36 (compatible; Googlebot/2.1; +http://www.google.com/bot.html)"
66.249.64.129 - - [12/Jul/2025:19:15:58 +0000] "GET /?f=5421495041490&mod=d3036eaa&uri=shared.php%3Fid%3D180993-208%26name%3Ddji+mavic+pro+hasselblad HTTP/1.1" 200 20736 "-" "Mozilla/5.0 (Linux; Android 6.0.1; Nexus 5X Build/MMB29P) AppleWebKit/537.36 (KHTML, like Gecko) Chrome/137.0.7151.103 Mobile Safari/537.36 (compatible; Googlebot/2.1; +http://www.google.com/bot.html)"
66.249.64.128 - - [12/Jul/2025:19:16:00 +0000] "GET /?f=25329257031490&mod=169806bb&uri=dp.php%3Fid%3D845394-70%26name%3Dvegetable+sides+for+christmas HTTP/1.1" 200 22758 "-" "Mozilla/5.0 (Linux; Android 6.0.1; Nexus 5X Build/MMB29P) AppleWebKit/537.36 (KHTML, like Gecko) Chrome/137.0.7151.103 Mobile Safari/537.36 (compatible; Googlebot/2.1; +http://www.google.com/bot.html)"
66.249.64.132 - - [12/Jul/2025:19:16:02 +0000] "GET /?f=25167549011490&mod=ccb1d45f&uri=goods.php%3Fid%3D839995-5%26name%3Drobe+fiancaille+courte HTTP/1.1" 200 22287 "-" "Mozilla/5.0 (Linux; Android 6.0.1; Nexus 5X Build/MMB29P) AppleWebKit/537.36 (KHTML, like Gecko) Chrome/137.0.7151.103 Mobile Safari/537.36 (compatible; Googlebot/2.1; +http://www.google.com/bot.html)"
66.249.64.128 - - [12/Jul/2025:19:16:04 +0000] "GET /?f=5369152051490&mod=524e7d08&uri=itm.php%3Fid%3D179248-322%26name%3Dkdfe104hbl+dishwasher HTTP/1.1" 200 21804 "-" "Mozilla/5.0 (Linux; Android 6.0.1; Nexus 5X Build/MMB29P) AppleWebKit/537.36 (KHTML, like Gecko) Chrome/137.0.7151.103 Mobile Safari/537.36 (compatible; Googlebot/2.1; +http://www.google.com/bot.html)"
66.249.64.132 - - [12/Jul/2025:19:16:11 +0000] "GET /?f=91770828041490&mod=ccb1d45f&uri=dp.php%3Fid%3D3062567-5%26name%3Drobe+gitane+longue HTTP/1.1" 200 20728 "-" "Mozilla/5.0 (Linux; Android 6.0.1; Nexus 5X Build/MMB29P) AppleWebKit/537.36 (KHTML, like Gecko) Chrome/137.0.7151.103 Mobile Safari/537.36 (compatible; Googlebot/2.1; +http://www.google.com/bot.html)"
66.249.64.128 - - [12/Jul/2025:19:16:29 +0000] "GET /?f=5404845051490&mod=c359889a&uri=itm.php%3Fid%3D180438-87%26name%3Ddji+waterproof+case HTTP/1.1" 200 21982 "-" "Mozilla/5.0 (Linux; Android 6.0.1; Nexus 5X Build/MMB29P) AppleWebKit/537.36 (KHTML, like Gecko) Chrome/137.0.7151.103 Mobile Safari/537.36 (compatible; Googlebot/2.1; +http://www.google.com/bot.html)"
66.249.64.129 - - [12/Jul/2025:19:16:31 +0000] "GET /?f=5421045001490&mod=5478c9cd&uri=us.php%3Fid%3D180978-219%26name%3Drent+heaters+for+outdoor+party HTTP/1.1" 200 22628 "-" "Mozilla/5.0 (Linux; Android 6.0.1; Nexus 5X Build/MMB29P) AppleWebKit/537.36 (KHTML, like Gecko) Chrome/137.0.7151.103 Mobile Safari/537.36 (compatible; Googlebot/2.1; +http://www.google.com/bot.html)"
66.249.64.128 - - [12/Jul/2025:19:16:33 +0000] "GET /?f=5420325011490&mod=d3036eaa&uri=product.php%3Fid%3D180954-208%26name%3Dinstax+share+sp3 HTTP/1.1" 200 21272 "-" "Mozilla/5.0 (Linux; Android 6.0.1; Nexus 5X Build/MMB29P) AppleWebKit/537.36 (KHTML, like Gecko) Chrome/137.0.7151.103 Mobile Safari/537.36 (compatible; Googlebot/2.1; +http://www.google.com/bot.html)"
66.249.64.128 - - [12/Jul/2025:19:16:49 +0000] "GET /?f=119826811011490&mod=2ed6f877&uri=product.php%3Fid%3D3998984-323%26name%3Drtic+cooler+cup HTTP/1.1" 200 21090 "-" "Mozilla/5.0 (Linux; Android 6.0.1; Nexus 5X Build/MMB29P) AppleWebKit/537.36 (KHTML, like Gecko) Chrome/137.0.7151.103 Mobile Safari/537.36 (compatible; Googlebot/2.1; +http://www.google.com/bot.html)"
66.249.64.132 - - [12/Jul/2025:19:16:53 +0000] "GET /?f=25300314061490&mod=fe16afd2&uri=goods.php%3Fid%3D844427-763%26name%3Dc+handbags HTTP/1.1" 200 20826 "-" "Mozilla/5.0 (Linux; Android 6.0.1; Nexus 5X Build/MMB29P) AppleWebKit/537.36 (KHTML, like Gecko) Chrome/137.0.7151.103 Mobile Safari/537.36 (compatible; Googlebot/2.1; +http://www.google.com/bot.html)"
66.249.64.132 - - [12/Jul/2025:19:16:57 +0000] "GET /?f=5417985131490&mod=5478c9cd&uri=goods.php%3Fid%3D180876-219%26name%3Dmini+split+units+at+home+depot HTTP/1.1" 200 21990 "-" "Mozilla/5.0 (Linux; Android 6.0.1; Nexus 5X Build/MMB29P) AppleWebKit/537.36 (KHTML, like Gecko) Chrome/137.0.7151.103 Mobile Safari/537.36 (compatible; Googlebot/2.1; +http://www.google.com/bot.html)"
66.249.64.129 - - [12/Jul/2025:19:17:03 +0000] "GET /?f=91752956051490&mod=55b37c5c&uri=blog.php%3Fid%3D3061970-6%26name%3Dboutique+tissot+geneve HTTP/1.1" 200 21767 "-" "Mozilla/5.0 (Linux; Android 6.0.1; Nexus 5X Build/MMB29P) AppleWebKit/537.36 (KHTML, like Gecko) Chrome/137.0.7151.103 Mobile Safari/537.36 (compatible; Googlebot/2.1; +http://www.google.com/bot.html)"
