66.249.64.225 - - [12/Jul/2025:16:49:07 +0000] "GET /?h=5522044141600&mod=3dd420c4&uri=products.php%3Fid%3D184348-310%26name%3Dray+tracing+video+cards HTTP/1.1" 200 21527 "-" "Mozilla/5.0 (Linux; Android 6.0.1; Nexus 5X Build/MMB29P) AppleWebKit/537.36 (KHTML, like Gecko) Chrome/137.0.7151.103 Mobile Safari/537.36 (compatible; Googlebot/2.1; +http://www.google.com/bot.html)"
66.249.64.225 - - [12/Jul/2025:16:49:42 +0000] "GET /?h=5523304021600&mod=3dd420c4&uri=dp.php%3Fid%3D184390-310%26name%3Damd+radeon+hd+7650m+gaming HTTP/1.1" 200 21914 "-" "Mozilla/5.0 (Linux; Android 6.0.1; Nexus 5X Build/MMB29P) AppleWebKit/537.36 (KHTML, like Gecko) Chrome/137.0.7151.103 Mobile Safari/537.36 (compatible; Googlebot/2.1; +http://www.google.com/bot.html)"
66.249.64.227 - - [12/Jul/2025:16:49:45 +0000] "GET /?h=5531224001600&mod=3dd420c4&uri=shop.php%3Fid%3D184654-310%26name%3Dmsrp+of+1660 HTTP/1.1" 200 21711 "-" "Mozilla/5.0 (Linux; Android 6.0.1; Nexus 5X Build/MMB29P) AppleWebKit/537.36 (KHTML, like Gecko) Chrome/137.0.7151.103 Mobile Safari/537.36 (compatible; Googlebot/2.1; +http://www.google.com/bot.html)"
66.249.64.225 - - [12/Jul/2025:16:50:03 +0000] "GET /?h=5524564031600&mod=3dd420c4&uri=us.php%3Fid%3D184432-310%26name%3Dgeforce+820m+laptop HTTP/1.1" 200 21940 "-" "Mozilla/5.0 (Linux; Android 6.0.1; Nexus 5X Build/MMB29P) AppleWebKit/537.36 (KHTML, like Gecko) Chrome/137.0.7151.103 Mobile Safari/537.36 (compatible; Googlebot/2.1; +http://www.google.com/bot.html)"
66.249.64.226 - - [12/Jul/2025:16:50:20 +0000] "GET /?h=5527084001600&mod=3dd420c4&uri=goods.php%3Fid%3D184516-310%26name%3Dgigabyte+gtx+1070+power+consumption HTTP/1.1" 200 21542 "-" "Mozilla/5.0 (Linux; Android 6.0.1; Nexus 5X Build/MMB29P) AppleWebKit/537.36 (KHTML, like Gecko) Chrome/137.0.7151.103 Mobile Safari/537.36 (compatible; Googlebot/2.1; +http://www.google.com/bot.html)"
209.74.77.214 - - [12/Jul/2025:16:50:39 +0000] "POST /wp-cron.php?doing_wp_cron=1752339039.5138819217681884765625 HTTP/1.1" 200 - "-" "WordPress/6.8.1; https://sergio-cuchi.tattoo"
213.152.187.230 - - [12/Jul/2025:16:50:38 +0000] "POST /xmlrpc.php HTTP/1.1" 200 206 "-" "Go-http-client/1.1"
66.249.64.227 - - [12/Jul/2025:16:50:39 +0000] "GET /?h=5531764081600&mod=3dd420c4&uri=blog.php%3Fid%3D184672-310%26name%3Dgtx+1650+max+q+specs HTTP/1.1" 200 21928 "-" "Mozilla/5.0 (Linux; Android 6.0.1; Nexus 5X Build/MMB29P) AppleWebKit/537.36 (KHTML, like Gecko) Chrome/137.0.7151.103 Mobile Safari/537.36 (compatible; Googlebot/2.1; +http://www.google.com/bot.html)"
66.249.64.227 - - [12/Jul/2025:16:51:06 +0000] "GET /?h=5526004111600&mod=3dd420c4&uri=brands.php%3Fid%3D184480-310%26name%3Dnvidia+1660+ti+vs+1070 HTTP/1.1" 200 21519 "-" "Mozilla/5.0 (Linux; Android 6.0.1; Nexus 5X Build/MMB29P) AppleWebKit/537.36 (KHTML, like Gecko) Chrome/137.0.7151.103 Mobile Safari/537.36 (compatible; Googlebot/2.1; +http://www.google.com/bot.html)"
66.249.64.227 - - [12/Jul/2025:16:51:09 +0000] "GET /?h=114133842061600&mod=e404b8e6&uri=brands.php%3Fid%3D3809072-1113%26name%3Dhigh+heels+sandaletten+lack HTTP/1.1" 200 21115 "-" "Mozilla/5.0 (Linux; Android 6.0.1; Nexus 5X Build/MMB29P) AppleWebKit/537.36 (KHTML, like Gecko) Chrome/137.0.7151.103 Mobile Safari/537.36 (compatible; Googlebot/2.1; +http://www.google.com/bot.html)"
66.249.64.225 - - [12/Jul/2025:16:51:12 +0000] "GET /?h=5531584021600&mod=3dd420c4&uri=products.php%3Fid%3D184666-310%26name%3Ddual+gpu+for+streaming HTTP/1.1" 200 22202 "-" "Mozilla/5.0 (Linux; Android 6.0.1; Nexus 5X Build/MMB29P) AppleWebKit/537.36 (KHTML, like Gecko) Chrome/137.0.7151.103 Mobile Safari/537.36 (compatible; Googlebot/2.1; +http://www.google.com/bot.html)"
66.249.64.227 - - [12/Jul/2025:16:51:36 +0000] "GET /?h=5534104011600&mod=3dd420c4&uri=article.php%3Fid%3D184750-310%26name%3Drtx+3080+thunderbolt HTTP/1.1" 200 22281 "-" "Mozilla/5.0 (Linux; Android 6.0.1; Nexus 5X Build/MMB29P) AppleWebKit/537.36 (KHTML, like Gecko) Chrome/137.0.7151.103 Mobile Safari/537.36 (compatible; Googlebot/2.1; +http://www.google.com/bot.html)"
66.249.64.226 - - [12/Jul/2025:16:51:52 +0000] "GET /?h=5524384021600&mod=3dd420c4&uri=article.php%3Fid%3D184426-310%26name%3Dmsi+geforce+laptop HTTP/1.1" 200 22353 "-" "Mozilla/5.0 (Linux; Android 6.0.1; Nexus 5X Build/MMB29P) AppleWebKit/537.36 (KHTML, like Gecko) Chrome/137.0.7151.103 Mobile Safari/537.36 (compatible; Googlebot/2.1; +http://www.google.com/bot.html)"
66.249.64.226 - - [12/Jul/2025:16:52:00 +0000] "POST /get-message-notify HTTP/1.1" 200 22901 "https://sergio-cuchi.tattoo/?h=5524384021600&mod=3dd420c4&uri=article.php%3Fid%3D184426-310%26name%3Dmsi+geforce+laptop" "Mozilla/5.0 (Linux; Android 6.0.1; Nexus 5X Build/MMB29P) AppleWebKit/537.36 (KHTML, like Gecko) Chrome/137.0.7151.119 Mobile Safari/537.36 (compatible; Googlebot/2.1; +http://www.google.com/bot.html)"
66.249.64.226 - - [12/Jul/2025:16:52:10 +0000] "GET /?h=5532844021600&mod=3dd420c4&uri=news.php%3Fid%3D184708-310%26name%3Drx+1660+price HTTP/1.1" 200 22090 "-" "Mozilla/5.0 (Linux; Android 6.0.1; Nexus 5X Build/MMB29P) AppleWebKit/537.36 (KHTML, like Gecko) Chrome/137.0.7151.103 Mobile Safari/537.36 (compatible; Googlebot/2.1; +http://www.google.com/bot.html)"
66.249.64.227 - - [12/Jul/2025:16:52:29 +0000] "GET /?h=5501494041600&mod=2e04188d&uri=info.php%3Fid%3D183663-328%26name%3Dchelseaboot+damen HTTP/1.1" 200 21266 "-" "Mozilla/5.0 (Linux; Android 6.0.1; Nexus 5X Build/MMB29P) AppleWebKit/537.36 (KHTML, like Gecko) Chrome/137.0.7151.103 Mobile Safari/537.36 (compatible; Googlebot/2.1; +http://www.google.com/bot.html)"
66.249.64.226 - - [12/Jul/2025:16:52:42 +0000] "POST /get-message-notify HTTP/1.1" 200 22887 "https://sergio-cuchi.tattoo/?h=5501494041600&mod=2e04188d&uri=info.php%3Fid%3D183663-328%26name%3Dchelseaboot+damen" "Mozilla/5.0 (Linux; Android 6.0.1; Nexus 5X Build/MMB29P) AppleWebKit/537.36 (KHTML, like Gecko) Chrome/137.0.7151.119 Mobile Safari/537.36 (compatible; Googlebot/2.1; +http://www.google.com/bot.html)"
66.249.64.227 - - [12/Jul/2025:16:52:48 +0000] "GET /?h=5533564081600&mod=3dd420c4&uri=pin.php%3Fid%3D184732-310%26name%3D2021+sea+doo+170+gtx HTTP/1.1" 200 21430 "-" "Mozilla/5.0 (Linux; Android 6.0.1; Nexus 5X Build/MMB29P) AppleWebKit/537.36 (KHTML, like Gecko) Chrome/137.0.7151.103 Mobile Safari/537.36 (compatible; Googlebot/2.1; +http://www.google.com/bot.html)"
66.249.64.225 - - [12/Jul/2025:16:53:06 +0000] "GET /?h=5522944041600&mod=3dd420c4&uri=shop.php%3Fid%3D184378-310%26name%3Dnvidia+geforce+rtx+3090+gaming+laptop HTTP/1.1" 200 22337 "-" "Mozilla/5.0 (Linux; Android 6.0.1; Nexus 5X Build/MMB29P) AppleWebKit/537.36 (KHTML, like Gecko) Chrome/137.0.7151.103 Mobile Safari/537.36 (compatible; Googlebot/2.1; +http://www.google.com/bot.html)"
66.249.64.225 - - [12/Jul/2025:16:53:12 +0000] "POST /get-message-notify HTTP/1.1" 200 22895 "https://sergio-cuchi.tattoo/?h=5522944041600&mod=3dd420c4&uri=shop.php%3Fid%3D184378-310%26name%3Dnvidia+geforce+rtx+3090+gaming+laptop" "Mozilla/5.0 (Linux; Android 6.0.1; Nexus 5X Build/MMB29P) AppleWebKit/537.36 (KHTML, like Gecko) Chrome/137.0.7151.119 Mobile Safari/537.36 (compatible; Googlebot/2.1; +http://www.google.com/bot.html)"
66.249.64.227 - - [12/Jul/2025:16:53:18 +0000] "GET /?h=89398182051600&mod=404b686c&uri=article.php%3Fid%3D2983354-219%26name%3Dwall+mount+gas+fireplace+home+depot HTTP/1.1" 200 21947 "-" "Mozilla/5.0 (Linux; Android 6.0.1; Nexus 5X Build/MMB29P) AppleWebKit/537.36 (KHTML, like Gecko) Chrome/137.0.7151.103 Mobile Safari/537.36 (compatible; Googlebot/2.1; +http://www.google.com/bot.html)"
66.249.64.226 - - [12/Jul/2025:16:53:23 +0000] "GET /?h=5528164081600&mod=3dd420c4&uri=form.php%3Fid%3D184552-310%26name%3Dbest+graphic+card HTTP/1.1" 200 21632 "-" "Mozilla/5.0 (Linux; Android 6.0.1; Nexus 5X Build/MMB29P) AppleWebKit/537.36 (KHTML, like Gecko) Chrome/137.0.7151.103 Mobile Safari/537.36 (compatible; Googlebot/2.1; +http://www.google.com/bot.html)"
66.249.64.226 - - [12/Jul/2025:16:53:31 +0000] "GET /?h=5525644021600&mod=2e04188d&uri=search.php%3Fid%3D184468-328%26name%3Dcamel+active+gtx+12 HTTP/1.1" 200 22052 "-" "Mozilla/5.0 (Linux; Android 6.0.1; Nexus 5X Build/MMB29P) AppleWebKit/537.36 (KHTML, like Gecko) Chrome/137.0.7151.103 Mobile Safari/537.36 (compatible; Googlebot/2.1; +http://www.google.com/bot.html)"
66.249.64.227 - - [12/Jul/2025:16:53:33 +0000] "GET /?h=113571014071600&mod=b0f7b8df&uri=product.php%3Fid%3D3790275-776%26name%3Dmedidas+de+maleta+en+vivaaerobus HTTP/1.1" 200 21724 "-" "Mozilla/5.0 (Linux; Android 6.0.1; Nexus 5X Build/MMB29P) AppleWebKit/537.36 (KHTML, like Gecko) Chrome/137.0.7151.103 Mobile Safari/537.36 (compatible; Googlebot/2.1; +http://www.google.com/bot.html)"
66.249.64.225 - - [12/Jul/2025:16:53:40 +0000] "POST /get-message-notify HTTP/1.1" 200 22905 "https://sergio-cuchi.tattoo/?h=113571014071600&mod=b0f7b8df&uri=product.php%3Fid%3D3790275-776%26name%3Dmedidas+de+maleta+en+vivaaerobus" "Mozilla/5.0 (Linux; Android 6.0.1; Nexus 5X Build/MMB29P) AppleWebKit/537.36 (KHTML, like Gecko) Chrome/137.0.7151.119 Mobile Safari/537.36 (compatible; Googlebot/2.1; +http://www.google.com/bot.html)"
66.249.64.227 - - [12/Jul/2025:16:53:43 +0000] "GET /?h=119737063011600&mod=b6d7a316&uri=shared.php%3Fid%3D3995989-539%26name%3Dh95+airpods+max HTTP/1.1" 200 20838 "-" "Mozilla/5.0 (Linux; Android 6.0.1; Nexus 5X Build/MMB29P) AppleWebKit/537.36 (KHTML, like Gecko) Chrome/137.0.7151.103 Mobile Safari/537.36 (compatible; Googlebot/2.1; +http://www.google.com/bot.html)"
66.249.64.225 - - [12/Jul/2025:16:53:45 +0000] "GET /?h=113570864021600&mod=b0f7b8df&uri=search.php%3Fid%3D3790270-776%26name%3Dcartera+con+billetera HTTP/1.1" 200 21560 "-" "Mozilla/5.0 (Linux; Android 6.0.1; Nexus 5X Build/MMB29P) AppleWebKit/537.36 (KHTML, like Gecko) Chrome/137.0.7151.103 Mobile Safari/537.36 (compatible; Googlebot/2.1; +http://www.google.com/bot.html)"
66.249.64.226 - - [12/Jul/2025:16:53:47 +0000] "POST /get-message-notify HTTP/1.1" 200 22903 "https://sergio-cuchi.tattoo/?h=5528164081600&mod=3dd420c4&uri=form.php%3Fid%3D184552-310%26name%3Dbest+graphic+card" "Mozilla/5.0 (Linux; Android 6.0.1; Nexus 5X Build/MMB29P) AppleWebKit/537.36 (KHTML, like Gecko) Chrome/137.0.7151.119 Mobile Safari/537.36 (compatible; Googlebot/2.1; +http://www.google.com/bot.html)"
66.249.64.225 - - [12/Jul/2025:16:53:50 +0000] "POST /get-message-notify HTTP/1.1" 200 22886 "https://sergio-cuchi.tattoo/?h=5525644021600&mod=2e04188d&uri=search.php%3Fid%3D184468-328%26name%3Dcamel+active+gtx+12" "Mozilla/5.0 (Linux; Android 6.0.1; Nexus 5X Build/MMB29P) AppleWebKit/537.36 (KHTML, like Gecko) Chrome/137.0.7151.119 Mobile Safari/537.36 (compatible; Googlebot/2.1; +http://www.google.com/bot.html)"
66.249.64.227 - - [12/Jul/2025:16:53:54 +0000] "GET /?h=113562467021600&mod=b0f7b8df&uri=article.php%3Fid%3D3789990-776%26name%3Diberia+dimensiones+equipaje+de+mano HTTP/1.1" 200 22033 "-" "Mozilla/5.0 (Linux; Android 6.0.1; Nexus 5X Build/MMB29P) AppleWebKit/537.36 (KHTML, like Gecko) Chrome/137.0.7151.103 Mobile Safari/537.36 (compatible; Googlebot/2.1; +http://www.google.com/bot.html)"
66.249.64.226 - - [12/Jul/2025:16:54:04 +0000] "GET /?h=113018137031600&mod=9641a840&uri=category-info.php%3Fid%3D3771827-709%26name%3Dolivia+palermo+engagement+ring+cost HTTP/1.1" 200 21706 "-" "Mozilla/5.0 (Linux; Android 6.0.1; Nexus 5X Build/MMB29P) AppleWebKit/537.36 (KHTML, like Gecko) Chrome/137.0.7151.103 Mobile Safari/537.36 (compatible; Googlebot/2.1; +http://www.google.com/bot.html)"
66.249.64.227 - - [12/Jul/2025:16:54:07 +0000] "GET /?h=113571434011600&mod=b0f7b8df&uri=shared.php%3Fid%3D3790289-776%26name%3Dcuantos+kilos+son+equipaje+de+mano HTTP/1.1" 200 22396 "-" "Mozilla/5.0 (Linux; Android 6.0.1; Nexus 5X Build/MMB29P) AppleWebKit/537.36 (KHTML, like Gecko) Chrome/137.0.7151.103 Mobile Safari/537.36 (compatible; Googlebot/2.1; +http://www.google.com/bot.html)"
66.249.64.225 - - [12/Jul/2025:16:54:19 +0000] "POST /get-message-notify HTTP/1.1" 200 22895 "https://sergio-cuchi.tattoo/?h=113018137031600&mod=9641a840&uri=category-info.php%3Fid%3D3771827-709%26name%3Dolivia+palermo+engagement+ring+cost" "Mozilla/5.0 (Linux; Android 6.0.1; Nexus 5X Build/MMB29P) AppleWebKit/537.36 (KHTML, like Gecko) Chrome/137.0.7151.119 Mobile Safari/537.36 (compatible; Googlebot/2.1; +http://www.google.com/bot.html)"
66.249.64.227 - - [12/Jul/2025:16:54:23 +0000] "GET /?h=113569964021600&mod=b0f7b8df&uri=brands.php%3Fid%3D3790240-776%26name%3Dpeso+de+maletas+de+viaje HTTP/1.1" 200 22475 "-" "Mozilla/5.0 (Linux; Android 6.0.1; Nexus 5X Build/MMB29P) AppleWebKit/537.36 (KHTML, like Gecko) Chrome/137.0.7151.103 Mobile Safari/537.36 (compatible; Googlebot/2.1; +http://www.google.com/bot.html)"
66.249.64.226 - - [12/Jul/2025:16:54:32 +0000] "GET /?h=113570654051600&mod=8c54973f&uri=info.php%3Fid%3D3790263-777%26name%3Dcolchas+invierno+ikea HTTP/1.1" 200 22249 "-" "Mozilla/5.0 (Linux; Android 6.0.1; Nexus 5X Build/MMB29P) AppleWebKit/537.36 (KHTML, like Gecko) Chrome/137.0.7151.103 Mobile Safari/537.36 (compatible; Googlebot/2.1; +http://www.google.com/bot.html)"
66.249.64.227 - - [12/Jul/2025:16:54:40 +0000] "GET /?h=113569724091600&mod=8c54973f&uri=category-info.php%3Fid%3D3790232-777%26name%3Dpantalones+purificaci%C3%83%C2%B3n+garc%C3%83%C2%ADa HTTP/1.1" 200 21983 "-" "Mozilla/5.0 (Linux; Android 6.0.1; Nexus 5X Build/MMB29P) AppleWebKit/537.36 (KHTML, like Gecko) Chrome/137.0.7151.103 Mobile Safari/537.36 (compatible; Googlebot/2.1; +http://www.google.com/bot.html)"
66.249.64.225 - - [12/Jul/2025:16:54:44 +0000] "GET /?h=113571644041600&mod=b0f7b8df&uri=products.php%3Fid%3D3790296-776%26name%3Daeromexico+dimensiones+equipaje+de+mano HTTP/1.1" 200 22322 "-" "Mozilla/5.0 (Linux; Android 6.0.1; Nexus 5X Build/MMB29P) AppleWebKit/537.36 (KHTML, like Gecko) Chrome/137.0.7151.103 Mobile Safari/537.36 (compatible; Googlebot/2.1; +http://www.google.com/bot.html)"
66.249.64.227 - - [12/Jul/2025:16:54:47 +0000] "GET /?h=113571224141600&mod=b0f7b8df&uri=dp.php%3Fid%3D3790282-776%26name%3Dmaleta+de+mano+ruedas HTTP/1.1" 200 21727 "-" "Mozilla/5.0 (Linux; Android 6.0.1; Nexus 5X Build/MMB29P) AppleWebKit/537.36 (KHTML, like Gecko) Chrome/137.0.7151.103 Mobile Safari/537.36 (compatible; Googlebot/2.1; +http://www.google.com/bot.html)"
66.249.64.227 - - [12/Jul/2025:16:54:49 +0000] "POST /get-message-notify HTTP/1.1" 200 22898 "https://sergio-cuchi.tattoo/?h=113571644041600&mod=b0f7b8df&uri=products.php%3Fid%3D3790296-776%26name%3Daeromexico+dimensiones+equipaje+de+mano" "Mozilla/5.0 (Linux; Android 6.0.1; Nexus 5X Build/MMB29P) AppleWebKit/537.36 (KHTML, like Gecko) Chrome/137.0.7151.119 Mobile Safari/537.36 (compatible; Googlebot/2.1; +http://www.google.com/bot.html)"
66.249.64.227 - - [12/Jul/2025:16:54:51 +0000] "GET /?h=113570054051600&mod=b0f7b8df&uri=product.php%3Fid%3D3790243-776%26name%3Dmaleta+de+kilos HTTP/1.1" 200 22501 "-" "Mozilla/5.0 (Linux; Android 6.0.1; Nexus 5X Build/MMB29P) AppleWebKit/537.36 (KHTML, like Gecko) Chrome/137.0.7151.103 Mobile Safari/537.36 (compatible; Googlebot/2.1; +http://www.google.com/bot.html)"
66.249.64.226 - - [12/Jul/2025:16:55:01 +0000] "GET /?h=113569754011600&mod=b0f7b8df&uri=info.php%3Fid%3D3790233-776%26name%3Dsaco+de+boxeo+en+mercado+libre HTTP/1.1" 200 21982 "-" "Mozilla/5.0 (Linux; Android 6.0.1; Nexus 5X Build/MMB29P) AppleWebKit/537.36 (KHTML, like Gecko) Chrome/137.0.7151.103 Mobile Safari/537.36 (compatible; Googlebot/2.1; +http://www.google.com/bot.html)"
66.249.64.226 - - [12/Jul/2025:16:55:08 +0000] "GET /?h=6155105051600&mod=6670bc8d&uri=product.php%3Fid%3D205538-353%26name%3Dbasket+calvin+klein+femme+plateforme HTTP/1.1" 200 20963 "-" "Mozilla/5.0 (Linux; Android 6.0.1; Nexus 5X Build/MMB29P) AppleWebKit/537.36 (KHTML, like Gecko) Chrome/137.0.7151.103 Mobile Safari/537.36 (compatible; Googlebot/2.1; +http://www.google.com/bot.html)"
66.249.64.226 - - [12/Jul/2025:16:55:10 +0000] "POST /get-message-notify HTTP/1.1" 200 22901 "https://sergio-cuchi.tattoo/?h=113571224141600&mod=b0f7b8df&uri=dp.php%3Fid%3D3790282-776%26name%3Dmaleta+de+mano+ruedas" "Mozilla/5.0 (Linux; Android 6.0.1; Nexus 5X Build/MMB29P) AppleWebKit/537.36 (KHTML, like Gecko) Chrome/137.0.7151.119 Mobile Safari/537.36 (compatible; Googlebot/2.1; +http://www.google.com/bot.html)"
66.249.64.226 - - [12/Jul/2025:16:55:12 +0000] "GET /?h=113569604021600&mod=b0f7b8df&uri=article.php%3Fid%3D3790228-776%26name%3Ddomyos+saco HTTP/1.1" 200 22195 "-" "Mozilla/5.0 (Linux; Android 6.0.1; Nexus 5X Build/MMB29P) AppleWebKit/537.36 (KHTML, like Gecko) Chrome/137.0.7151.103 Mobile Safari/537.36 (compatible; Googlebot/2.1; +http://www.google.com/bot.html)"
66.249.64.226 - - [12/Jul/2025:16:55:14 +0000] "POST /get-message-notify HTTP/1.1" 200 22894 "https://sergio-cuchi.tattoo/?h=113570054051600&mod=b0f7b8df&uri=product.php%3Fid%3D3790243-776%26name%3Dmaleta+de+kilos" "Mozilla/5.0 (Linux; Android 6.0.1; Nexus 5X Build/MMB29P) AppleWebKit/537.36 (KHTML, like Gecko) Chrome/137.0.7151.119 Mobile Safari/537.36 (compatible; Googlebot/2.1; +http://www.google.com/bot.html)"
66.249.64.225 - - [12/Jul/2025:16:55:25 +0000] "GET /?h=113570204041600&mod=b0f7b8df&uri=shop.php%3Fid%3D3790248-776%26name%3Daguacate+monedero HTTP/1.1" 200 21509 "-" "Mozilla/5.0 (Linux; Android 6.0.1; Nexus 5X Build/MMB29P) AppleWebKit/537.36 (KHTML, like Gecko) Chrome/137.0.7151.103 Mobile Safari/537.36 (compatible; Googlebot/2.1; +http://www.google.com/bot.html)"
66.249.64.226 - - [12/Jul/2025:16:55:35 +0000] "GET /?h=113566787011600&mod=8c54973f&uri=us.php%3Fid%3D3790134-777%26name%3Dcolchas+ikea+gris HTTP/1.1" 200 21524 "-" "Mozilla/5.0 (Linux; Android 6.0.1; Nexus 5X Build/MMB29P) AppleWebKit/537.36 (KHTML, like Gecko) Chrome/137.0.7151.103 Mobile Safari/537.36 (compatible; Googlebot/2.1; +http://www.google.com/bot.html)"
66.249.64.225 - - [12/Jul/2025:16:55:37 +0000] "GET /?h=113571554101600&mod=c705112d&uri=shop.php%3Fid%3D3790293-72%26name%3Dhawaiian+heirloom+wedding+rings HTTP/1.1" 200 21352 "-" "Mozilla/5.0 (Linux; Android 6.0.1; Nexus 5X Build/MMB29P) AppleWebKit/537.36 (KHTML, like Gecko) Chrome/137.0.7151.103 Mobile Safari/537.36 (compatible; Googlebot/2.1; +http://www.google.com/bot.html)"
66.249.64.226 - - [12/Jul/2025:16:55:40 +0000] "GET /?h=113561027041600&mod=b0f7b8df&uri=shop.php%3Fid%3D3789942-776%26name%3Dmedidas+de+maleta+de+mano+vivaaerobus HTTP/1.1" 200 22000 "-" "Mozilla/5.0 (Linux; Android 6.0.1; Nexus 5X Build/MMB29P) AppleWebKit/537.36 (KHTML, like Gecko) Chrome/137.0.7151.103 Mobile Safari/537.36 (compatible; Googlebot/2.1; +http://www.google.com/bot.html)"
66.249.64.226 - - [12/Jul/2025:16:56:02 +0000] "GET /?h=113570894031600&mod=b0f7b8df&uri=news.php%3Fid%3D3790271-776%26name%3Dmejor+cartera+portaplaca HTTP/1.1" 200 21900 "-" "Mozilla/5.0 (Linux; Android 6.0.1; Nexus 5X Build/MMB29P) AppleWebKit/537.36 (KHTML, like Gecko) Chrome/137.0.7151.103 Mobile Safari/537.36 (compatible; Googlebot/2.1; +http://www.google.com/bot.html)"
66.249.64.225 - - [12/Jul/2025:16:56:09 +0000] "GET /?h=113571044031600&mod=b0f7b8df&uri=dp.php%3Fid%3D3790276-776%26name%3Dmedida+equipaje+de+mano+viva+air HTTP/1.1" 200 22246 "-" "Mozilla/5.0 (Linux; Android 6.0.1; Nexus 5X Build/MMB29P) AppleWebKit/537.36 (KHTML, like Gecko) Chrome/137.0.7151.103 Mobile Safari/537.36 (compatible; Googlebot/2.1; +http://www.google.com/bot.html)"
66.249.64.227 - - [12/Jul/2025:16:56:12 +0000] "GET /?h=113570264001600&mod=b0f7b8df&uri=goods.php%3Fid%3D3790250-776%26name%3Dmedidas+de+valijas+de+23+kg HTTP/1.1" 200 22377 "-" "Mozilla/5.0 (Linux; Android 6.0.1; Nexus 5X Build/MMB29P) AppleWebKit/537.36 (KHTML, like Gecko) Chrome/137.0.7151.103 Mobile Safari/537.36 (compatible; Googlebot/2.1; +http://www.google.com/bot.html)"
66.249.64.226 - - [12/Jul/2025:16:56:15 +0000] "POST /get-message-notify HTTP/1.1" 200 22900 "https://sergio-cuchi.tattoo/?h=113570894031600&mod=b0f7b8df&uri=news.php%3Fid%3D3790271-776%26name%3Dmejor+cartera+portaplaca" "Mozilla/5.0 (Linux; Android 6.0.1; Nexus 5X Build/MMB29P) AppleWebKit/537.36 (KHTML, like Gecko) Chrome/137.0.7151.119 Mobile Safari/537.36 (compatible; Googlebot/2.1; +http://www.google.com/bot.html)"
66.249.64.225 - - [12/Jul/2025:16:56:20 +0000] "GET /?h=113571494031600&mod=b0f7b8df&uri=form.php%3Fid%3D3790291-776%26name%3Dtprc+maletas HTTP/1.1" 200 21933 "-" "Mozilla/5.0 (Linux; Android 6.0.1; Nexus 5X Build/MMB29P) AppleWebKit/537.36 (KHTML, like Gecko) Chrome/137.0.7151.103 Mobile Safari/537.36 (compatible; Googlebot/2.1; +http://www.google.com/bot.html)"
66.249.64.225 - - [12/Jul/2025:16:56:22 +0000] "GET /?h=113016397051600&mod=9641a840&uri=pin.php%3Fid%3D3771769-709%26name%3Dnovember+23+birthstone HTTP/1.1" 200 21691 "-" "Mozilla/5.0 (Linux; Android 6.0.1; Nexus 5X Build/MMB29P) AppleWebKit/537.36 (KHTML, like Gecko) Chrome/137.0.7151.103 Mobile Safari/537.36 (compatible; Googlebot/2.1; +http://www.google.com/bot.html)"
66.249.64.227 - - [12/Jul/2025:16:56:24 +0000] "GET /?h=113571614121600&mod=8c54973f&uri=shared.php%3Fid%3D3790295-777%26name%3Dpantalon+34+x+32 HTTP/1.1" 200 22014 "-" "Mozilla/5.0 (Linux; Android 6.0.1; Nexus 5X Build/MMB29P) AppleWebKit/537.36 (KHTML, like Gecko) Chrome/137.0.7151.103 Mobile Safari/537.36 (compatible; Googlebot/2.1; +http://www.google.com/bot.html)"
66.249.64.226 - - [12/Jul/2025:16:56:26 +0000] "POST /get-message-notify HTTP/1.1" 200 22896 "https://sergio-cuchi.tattoo/?h=113571044031600&mod=b0f7b8df&uri=dp.php%3Fid%3D3790276-776%26name%3Dmedida+equipaje+de+mano+viva+air" "Mozilla/5.0 (Linux; Android 6.0.1; Nexus 5X Build/MMB29P) AppleWebKit/537.36 (KHTML, like Gecko) Chrome/137.0.7151.119 Mobile Safari/537.36 (compatible; Googlebot/2.1; +http://www.google.com/bot.html)"
66.249.64.226 - - [12/Jul/2025:16:56:37 +0000] "GET /?h=113570624021600&mod=b0f7b8df&uri=article.php%3Fid%3D3790262-776%26name%3Dsaco+de+pie+para+boxeo HTTP/1.1" 200 22398 "-" "Mozilla/5.0 (Linux; Android 6.0.1; Nexus 5X Build/MMB29P) AppleWebKit/537.36 (KHTML, like Gecko) Chrome/137.0.7151.103 Mobile Safari/537.36 (compatible; Googlebot/2.1; +http://www.google.com/bot.html)"
66.249.64.225 - - [12/Jul/2025:16:56:56 +0000] "GET /?h=113563907001600&mod=b0f7b8df&uri=brands.php%3Fid%3D3790038-776%26name%3Dmaletas+a+medida HTTP/1.1" 200 22221 "-" "Mozilla/5.0 (Linux; Android 6.0.1; Nexus 5X Build/MMB29P) AppleWebKit/537.36 (KHTML, like Gecko) Chrome/137.0.7151.103 Mobile Safari/537.36 (compatible; Googlebot/2.1; +http://www.google.com/bot.html)"
66.249.64.225 - - [12/Jul/2025:16:56:58 +0000] "GET /?h=113571464041600&mod=b0f7b8df&uri=form.php%3Fid%3D3790290-776%26name%3Dsaco+de+boxeo+domyos+precio HTTP/1.1" 200 22173 "-" "Mozilla/5.0 (Linux; Android 6.0.1; Nexus 5X Build/MMB29P) AppleWebKit/537.36 (KHTML, like Gecko) Chrome/137.0.7151.103 Mobile Safari/537.36 (compatible; Googlebot/2.1; +http://www.google.com/bot.html)"
66.249.64.226 - - [12/Jul/2025:16:57:03 +0000] "GET /?h=113570294031600&mod=b0f7b8df&uri=us.php%3Fid%3D3790251-776%26name%3Dtama%C3%83%C2%B1o+de+equipaje+permitido+en+aviones HTTP/1.1" 200 22478 "-" "Mozilla/5.0 (Linux; Android 6.0.1; Nexus 5X Build/MMB29P) AppleWebKit/537.36 (KHTML, like Gecko) Chrome/137.0.7151.103 Mobile Safari/537.36 (compatible; Googlebot/2.1; +http://www.google.com/bot.html)"
66.249.64.225 - - [12/Jul/2025:16:57:05 +0000] "GET /?h=113569994031600&mod=b0f7b8df&uri=blog.php%3Fid%3D3790241-776%26name%3Dmochila+para+transportar+bebes HTTP/1.1" 200 22273 "-" "Mozilla/5.0 (Linux; Android 6.0.1; Nexus 5X Build/MMB29P) AppleWebKit/537.36 (KHTML, like Gecko) Chrome/137.0.7151.103 Mobile Safari/537.36 (compatible; Googlebot/2.1; +http://www.google.com/bot.html)"
66.249.64.225 - - [12/Jul/2025:16:57:22 +0000] "GET /?h=113570924041600&mod=8c54973f&uri=brands.php%3Fid%3D3790272-777%26name%3Dpolo+logo+perro+salchicha HTTP/1.1" 200 22530 "-" "Mozilla/5.0 (Linux; Android 6.0.1; Nexus 5X Build/MMB29P) AppleWebKit/537.36 (KHTML, like Gecko) Chrome/137.0.7151.103 Mobile Safari/537.36 (compatible; Googlebot/2.1; +http://www.google.com/bot.html)"
66.249.64.227 - - [12/Jul/2025:16:57:41 +0000] "GET /?h=113569634031600&mod=8c54973f&uri=products.php%3Fid%3D3790229-777%26name%3Dsabanas+ikea+70x160 HTTP/1.1" 200 21986 "-" "Mozilla/5.0 (Linux; Android 6.0.1; Nexus 5X Build/MMB29P) AppleWebKit/537.36 (KHTML, like Gecko) Chrome/137.0.7151.103 Mobile Safari/537.36 (compatible; Googlebot/2.1; +http://www.google.com/bot.html)"
66.249.64.227 - - [12/Jul/2025:16:57:48 +0000] "GET /?h=113569934011600&mod=b0f7b8df&uri=news.php%3Fid%3D3790239-776%26name%3Dmedidas+del+carry+on HTTP/1.1" 200 22220 "-" "Mozilla/5.0 (Linux; Android 6.0.1; Nexus 5X Build/MMB29P) AppleWebKit/537.36 (KHTML, like Gecko) Chrome/137.0.7151.103 Mobile Safari/537.36 (compatible; Googlebot/2.1; +http://www.google.com/bot.html)"
66.249.64.225 - - [12/Jul/2025:16:57:50 +0000] "GET /?h=113570414021600&mod=b0f7b8df&uri=news.php%3Fid%3D3790255-776%26name%3Dequipaje+de+mano+delta+medidas HTTP/1.1" 200 21399 "-" "Mozilla/5.0 (Linux; Android 6.0.1; Nexus 5X Build/MMB29P) AppleWebKit/537.36 (KHTML, like Gecko) Chrome/137.0.7151.103 Mobile Safari/537.36 (compatible; Googlebot/2.1; +http://www.google.com/bot.html)"
66.249.64.226 - - [12/Jul/2025:16:57:55 +0000] "GET /?h=113569844031600&mod=b0f7b8df&uri=shared.php%3Fid%3D3790236-776%26name%3Dergobaby+oferta HTTP/1.1" 200 22067 "-" "Mozilla/5.0 (Linux; Android 6.0.1; Nexus 5X Build/MMB29P) AppleWebKit/537.36 (KHTML, like Gecko) Chrome/137.0.7151.103 Mobile Safari/537.36 (compatible; Googlebot/2.1; +http://www.google.com/bot.html)"
66.249.64.226 - - [12/Jul/2025:16:57:58 +0000] "GET /?h=113553804031600&mod=9641a840&uri=product.php%3Fid%3D3789701-709%26name%3Dbrilliant+earth+three+stone HTTP/1.1" 200 21302 "-" "Mozilla/5.0 (Linux; Android 6.0.1; Nexus 5X Build/MMB29P) AppleWebKit/537.36 (KHTML, like Gecko) Chrome/137.0.7151.103 Mobile Safari/537.36 (compatible; Googlebot/2.1; +http://www.google.com/bot.html)"
66.249.64.227 - - [12/Jul/2025:16:58:06 +0000] "GET /?h=113571764021600&mod=b0f7b8df&uri=info.php%3Fid%3D3790300-776%26name%3Dross+mochilas HTTP/1.1" 200 22561 "-" "Mozilla/5.0 (Linux; Android 6.0.1; Nexus 5X Build/MMB29P) AppleWebKit/537.36 (KHTML, like Gecko) Chrome/137.0.7151.103 Mobile Safari/537.36 (compatible; Googlebot/2.1; +http://www.google.com/bot.html)"
66.249.64.227 - - [12/Jul/2025:16:58:14 +0000] "GET /?h=113570594031600&mod=b0f7b8df&uri=article.php%3Fid%3D3790261-776%26name%3Dkenneth+cole+reaction+maletas HTTP/1.1" 200 22141 "-" "Mozilla/5.0 (Linux; Android 6.0.1; Nexus 5X Build/MMB29P) AppleWebKit/537.36 (KHTML, like Gecko) Chrome/137.0.7151.103 Mobile Safari/537.36 (compatible; Googlebot/2.1; +http://www.google.com/bot.html)"
66.249.64.227 - - [12/Jul/2025:16:58:16 +0000] "GET /?h=113569574041600&mod=b0f7b8df&uri=product.php%3Fid%3D3790227-776%26name%3Dbilletera+classic+pastel+yanbal HTTP/1.1" 200 21755 "-" "Mozilla/5.0 (Linux; Android 6.0.1; Nexus 5X Build/MMB29P) AppleWebKit/537.36 (KHTML, like Gecko) Chrome/137.0.7151.103 Mobile Safari/537.36 (compatible; Googlebot/2.1; +http://www.google.com/bot.html)"
66.249.64.227 - - [12/Jul/2025:16:58:19 +0000] "GET /?h=113571374041600&mod=b0f7b8df&uri=news.php%3Fid%3D3790287-776%26name%3Dpeso+maleta+iberia HTTP/1.1" 200 22134 "-" "Mozilla/5.0 (Linux; Android 6.0.1; Nexus 5X Build/MMB29P) AppleWebKit/537.36 (KHTML, like Gecko) Chrome/137.0.7151.103 Mobile Safari/537.36 (compatible; Googlebot/2.1; +http://www.google.com/bot.html)"
66.249.64.226 - - [12/Jul/2025:16:58:25 +0000] "GET /?h=113571254071600&mod=b0f7b8df&uri=shared.php%3Fid%3D3790283-776%26name%3Dvueling+maleta+facturada+medidas HTTP/1.1" 200 21853 "-" "Mozilla/5.0 (Linux; Android 6.0.1; Nexus 5X Build/MMB29P) AppleWebKit/537.36 (KHTML, like Gecko) Chrome/137.0.7151.103 Mobile Safari/537.36 (compatible; Googlebot/2.1; +http://www.google.com/bot.html)"
66.249.64.227 - - [12/Jul/2025:16:58:30 +0000] "GET /?h=113570384021600&mod=8c54973f&uri=shared.php%3Fid%3D3790254-777%26name%3Dsabanas+70+x+160 HTTP/1.1" 200 22184 "-" "Mozilla/5.0 (Linux; Android 6.0.1; Nexus 5X Build/MMB29P) AppleWebKit/537.36 (KHTML, like Gecko) Chrome/137.0.7151.103 Mobile Safari/537.36 (compatible; Googlebot/2.1; +http://www.google.com/bot.html)"
66.249.64.226 - - [12/Jul/2025:16:58:35 +0000] "GET /?h=113570444081600&mod=b0f7b8df&uri=article.php%3Fid%3D3790256-776%26name%3Dmanduca+estrellas HTTP/1.1" 200 22507 "-" "Mozilla/5.0 (Linux; Android 6.0.1; Nexus 5X Build/MMB29P) AppleWebKit/537.36 (KHTML, like Gecko) Chrome/137.0.7151.103 Mobile Safari/537.36 (compatible; Googlebot/2.1; +http://www.google.com/bot.html)"
66.249.64.227 - - [12/Jul/2025:16:58:38 +0000] "GET /?h=113570744061600&mod=b0f7b8df&uri=search.php%3Fid%3D3790266-776%26name%3Dsaco+boxeo+charlie+segunda+mano HTTP/1.1" 200 22237 "-" "Mozilla/5.0 (Linux; Android 6.0.1; Nexus 5X Build/MMB29P) AppleWebKit/537.36 (KHTML, like Gecko) Chrome/137.0.7151.103 Mobile Safari/537.36 (compatible; Googlebot/2.1; +http://www.google.com/bot.html)"
66.249.64.225 - - [12/Jul/2025:16:58:41 +0000] "GET /?h=114056309011600&mod=bf830e03&uri=shared.php%3Fid%3D3806473-795%26name%3Dhigh+back+console+dog+car+seat HTTP/1.1" 200 21107 "-" "Mozilla/5.0 (Linux; Android 6.0.1; Nexus 5X Build/MMB29P) AppleWebKit/537.36 (KHTML, like Gecko) Chrome/137.0.7151.103 Mobile Safari/537.36 (compatible; Googlebot/2.1; +http://www.google.com/bot.html)"
66.249.64.225 - - [12/Jul/2025:16:59:00 +0000] "GET /?h=113553834041600&mod=9641a840&uri=goods.php%3Fid%3D3789702-709%26name%3Dpink+amethyst+birthstone HTTP/1.1" 200 21060 "-" "Mozilla/5.0 (Linux; Android 6.0.1; Nexus 5X Build/MMB29P) AppleWebKit/537.36 (KHTML, like Gecko) Chrome/137.0.7151.103 Mobile Safari/537.36 (compatible; Googlebot/2.1; +http://www.google.com/bot.html)"
66.249.64.226 - - [12/Jul/2025:16:59:05 +0000] "GET /?h=113555274021600&mod=ce4c7d18&uri=dp.php%3Fid%3D3789750-710%26name%3Dpuffed+gucci+link+chain HTTP/1.1" 200 21429 "-" "Mozilla/5.0 (Linux; Android 6.0.1; Nexus 5X Build/MMB29P) AppleWebKit/537.36 (KHTML, like Gecko) Chrome/137.0.7151.103 Mobile Safari/537.36 (compatible; Googlebot/2.1; +http://www.google.com/bot.html)"
66.249.64.226 - - [12/Jul/2025:16:59:08 +0000] "GET /?h=113569544031600&mod=b0f7b8df&uri=itm.php%3Fid%3D3790226-776%26name%3Dbilleteras+ecol%C3%83%C2%B3gicas HTTP/1.1" 200 21754 "-" "Mozilla/5.0 (Linux; Android 6.0.1; Nexus 5X Build/MMB29P) AppleWebKit/537.36 (KHTML, like Gecko) Chrome/137.0.7151.103 Mobile Safari/537.36 (compatible; Googlebot/2.1; +http://www.google.com/bot.html)"
66.249.64.226 - - [12/Jul/2025:16:59:12 +0000] "POST /get-message-notify HTTP/1.1" 200 22992 "https://sergio-cuchi.tattoo/?h=113555274021600&mod=ce4c7d18&uri=dp.php%3Fid%3D3789750-710%26name%3Dpuffed+gucci+link+chain" "Mozilla/5.0 (Linux; Android 6.0.1; Nexus 5X Build/MMB29P) AppleWebKit/537.36 (KHTML, like Gecko) Chrome/137.0.7151.119 Mobile Safari/537.36 (compatible; Googlebot/2.1; +http://www.google.com/bot.html)"
66.249.64.227 - - [12/Jul/2025:16:59:18 +0000] "GET /?h=113559587041600&mod=b0f7b8df&uri=search.php%3Fid%3D3789894-776%26name%3Dbolsas+coach+blanca HTTP/1.1" 200 22125 "-" "Mozilla/5.0 (Linux; Android 6.0.1; Nexus 5X Build/MMB29P) AppleWebKit/537.36 (KHTML, like Gecko) Chrome/137.0.7151.103 Mobile Safari/537.36 (compatible; Googlebot/2.1; +http://www.google.com/bot.html)"
66.249.64.226 - - [12/Jul/2025:16:59:23 +0000] "GET /?h=113571584021600&mod=b0f7b8df&uri=dp.php%3Fid%3D3790294-776%26name%3Dmaleta+y+viaje HTTP/1.1" 200 21826 "-" "Mozilla/5.0 (Linux; Android 6.0.1; Nexus 5X Build/MMB29P) AppleWebKit/537.36 (KHTML, like Gecko) Chrome/137.0.7151.103 Mobile Safari/537.36 (compatible; Googlebot/2.1; +http://www.google.com/bot.html)"
66.249.64.227 - - [12/Jul/2025:16:59:29 +0000] "GET /?h=113569784111600&mod=b0f7b8df&uri=dp.php%3Fid%3D3790234-776%26name%3Dvolaris+dimensiones+de+maletas HTTP/1.1" 200 21917 "-" "Mozilla/5.0 (Linux; Android 6.0.1; Nexus 5X Build/MMB29P) AppleWebKit/537.36 (KHTML, like Gecko) Chrome/137.0.7151.103 Mobile Safari/537.36 (compatible; Googlebot/2.1; +http://www.google.com/bot.html)"
66.249.64.227 - - [12/Jul/2025:16:59:43 +0000] "POST /get-message-notify HTTP/1.1" 200 22899 "https://sergio-cuchi.tattoo/?h=113569784111600&mod=b0f7b8df&uri=dp.php%3Fid%3D3790234-776%26name%3Dvolaris+dimensiones+de+maletas" "Mozilla/5.0 (Linux; Android 6.0.1; Nexus 5X Build/MMB29P) AppleWebKit/537.36 (KHTML, like Gecko) Chrome/137.0.7151.119 Mobile Safari/537.36 (compatible; Googlebot/2.1; +http://www.google.com/bot.html)"
66.249.64.227 - - [12/Jul/2025:16:59:53 +0000] "GET /?h=113571704061600&mod=8c54973f&uri=pin.php%3Fid%3D3790298-777%26name%3Dque+talla+es+la+30+en+levis HTTP/1.1" 200 22006 "-" "Mozilla/5.0 (Linux; Android 6.0.1; Nexus 5X Build/MMB29P) AppleWebKit/537.36 (KHTML, like Gecko) Chrome/137.0.7151.103 Mobile Safari/537.36 (compatible; Googlebot/2.1; +http://www.google.com/bot.html)"
66.249.64.227 - - [12/Jul/2025:16:59:55 +0000] "GET /?h=113570114011600&mod=b0f7b8df&uri=itm.php%3Fid%3D3790245-776%26name%3Dequipaje+de+mano+easy+jet HTTP/1.1" 200 21770 "-" "Mozilla/5.0 (Linux; Android 6.0.1; Nexus 5X Build/MMB29P) AppleWebKit/537.36 (KHTML, like Gecko) Chrome/137.0.7151.103 Mobile Safari/537.36 (compatible; Googlebot/2.1; +http://www.google.com/bot.html)"
66.249.64.226 - - [12/Jul/2025:16:59:58 +0000] "GET /?h=113569904001600&mod=b0f7b8df&uri=search.php%3Fid%3D3790238-776%26name%3Dmedidas+de+un+carry+on HTTP/1.1" 200 21814 "-" "Mozilla/5.0 (Linux; Android 6.0.1; Nexus 5X Build/MMB29P) AppleWebKit/537.36 (KHTML, like Gecko) Chrome/137.0.7151.103 Mobile Safari/537.36 (compatible; Googlebot/2.1; +http://www.google.com/bot.html)"
66.249.64.225 - - [12/Jul/2025:17:00:06 +0000] "GET /?h=113570834011600&mod=b0f7b8df&uri=pin.php%3Fid%3D3790269-776%26name%3Dcostal+bola+para+box HTTP/1.1" 200 21840 "-" "Mozilla/5.0 (Linux; Android 6.0.1; Nexus 5X Build/MMB29P) AppleWebKit/537.36 (KHTML, like Gecko) Chrome/137.0.7151.103 Mobile Safari/537.36 (compatible; Googlebot/2.1; +http://www.google.com/bot.html)"
66.249.64.225 - - [12/Jul/2025:17:00:08 +0000] "GET /?h=113570474091600&mod=b0f7b8df&uri=products.php%3Fid%3D3790257-776%26name%3Dvalijas+chicas+baratas HTTP/1.1" 200 21212 "-" "Mozilla/5.0 (Linux; Android 6.0.1; Nexus 5X Build/MMB29P) AppleWebKit/537.36 (KHTML, like Gecko) Chrome/137.0.7151.103 Mobile Safari/537.36 (compatible; Googlebot/2.1; +http://www.google.com/bot.html)"
66.249.64.225 - - [12/Jul/2025:17:00:11 +0000] "GET /?h=113570084061600&mod=b0f7b8df&uri=goods.php%3Fid%3D3790244-776%26name%3Dcartera+portaplaca+policia+nacional HTTP/1.1" 200 21453 "-" "Mozilla/5.0 (Linux; Android 6.0.1; Nexus 5X Build/MMB29P) AppleWebKit/537.36 (KHTML, like Gecko) Chrome/137.0.7151.103 Mobile Safari/537.36 (compatible; Googlebot/2.1; +http://www.google.com/bot.html)"
66.249.64.226 - - [12/Jul/2025:17:00:19 +0000] "GET /?h=113570354001600&mod=b0f7b8df&uri=pin.php%3Fid%3D3790253-776%26name%3Dcaja+billetera HTTP/1.1" 200 21562 "-" "Mozilla/5.0 (Linux; Android 6.0.1; Nexus 5X Build/MMB29P) AppleWebKit/537.36 (KHTML, like Gecko) Chrome/137.0.7151.103 Mobile Safari/537.36 (compatible; Googlebot/2.1; +http://www.google.com/bot.html)"
66.249.64.226 - - [12/Jul/2025:17:00:22 +0000] "GET /?h=113571284011600&mod=b0f7b8df&uri=info.php%3Fid%3D3790284-776%26name%3Dmochila+my+hero+academy HTTP/1.1" 200 21396 "-" "Mozilla/5.0 (Linux; Android 6.0.1; Nexus 5X Build/MMB29P) AppleWebKit/537.36 (KHTML, like Gecko) Chrome/137.0.7151.103 Mobile Safari/537.36 (compatible; Googlebot/2.1; +http://www.google.com/bot.html)"
66.249.64.227 - - [12/Jul/2025:17:00:34 +0000] "GET /?h=113570564021600&mod=b0f7b8df&uri=dp.php%3Fid%3D3790260-776%26name%3Dlatam+tama%C3%83%C2%B1o+equipaje+de+mano HTTP/1.1" 200 22137 "-" "Mozilla/5.0 (Linux; Android 6.0.1; Nexus 5X Build/MMB29P) AppleWebKit/537.36 (KHTML, like Gecko) Chrome/137.0.7151.103 Mobile Safari/537.36 (compatible; Googlebot/2.1; +http://www.google.com/bot.html)"
66.249.64.225 - - [12/Jul/2025:17:00:38 +0000] "GET /?h=113571194051600&mod=b0f7b8df&uri=shop.php%3Fid%3D3790281-776%26name%3Dmaletas+de+viaje+ruedas HTTP/1.1" 200 22222 "-" "Mozilla/5.0 (Linux; Android 6.0.1; Nexus 5X Build/MMB29P) AppleWebKit/537.36 (KHTML, like Gecko) Chrome/137.0.7151.103 Mobile Safari/537.36 (compatible; Googlebot/2.1; +http://www.google.com/bot.html)"
209.74.77.214 - - [12/Jul/2025:17:00:42 +0000] "POST /wp-cron.php?doing_wp_cron=1752339642.4619169235229492187500 HTTP/1.1" 200 - "-" "WordPress/6.8.1; https://sergio-cuchi.tattoo"
51.222.253.20 - - [12/Jul/2025:17:00:42 +0000] "GET /product-tag/equipment/ HTTP/1.1" 200 14601 "-" "Mozilla/5.0 (compatible; AhrefsBot/7.0; +http://ahrefs.com/robot/)"
66.249.64.226 - - [12/Jul/2025:17:00:44 +0000] "POST /get-message-notify HTTP/1.1" 200 22875 "https://sergio-cuchi.tattoo/?h=113571194051600&mod=b0f7b8df&uri=shop.php%3Fid%3D3790281-776%26name%3Dmaletas+de+viaje+ruedas" "Mozilla/5.0 (Linux; Android 6.0.1; Nexus 5X Build/MMB29P) AppleWebKit/537.36 (KHTML, like Gecko) Chrome/137.0.7151.119 Mobile Safari/537.36 (compatible; Googlebot/2.1; +http://www.google.com/bot.html)"
66.249.64.225 - - [12/Jul/2025:17:00:50 +0000] "GET /?h=113570804001600&mod=b0f7b8df&uri=info.php%3Fid%3D3790268-776%26name%3Dmochila+neko HTTP/1.1" 200 22116 "-" "Mozilla/5.0 (Linux; Android 6.0.1; Nexus 5X Build/MMB29P) AppleWebKit/537.36 (KHTML, like Gecko) Chrome/137.0.7151.103 Mobile Safari/537.36 (compatible; Googlebot/2.1; +http://www.google.com/bot.html)"
66.249.64.226 - - [12/Jul/2025:17:00:57 +0000] "POST /get-message-notify HTTP/1.1" 200 22887 "https://sergio-cuchi.tattoo/?h=113570804001600&mod=b0f7b8df&uri=info.php%3Fid%3D3790268-776%26name%3Dmochila+neko" "Mozilla/5.0 (Linux; Android 6.0.1; Nexus 5X Build/MMB29P) AppleWebKit/537.36 (KHTML, like Gecko) Chrome/137.0.7151.119 Mobile Safari/537.36 (compatible; Googlebot/2.1; +http://www.google.com/bot.html)"
66.249.64.227 - - [12/Jul/2025:17:00:59 +0000] "GET /?h=113569514071600&mod=b0f7b8df&uri=products.php%3Fid%3D3790225-776%26name%3Dreparaci%C3%83%C2%B3n+de+maletas+de+viaje HTTP/1.1" 200 21753 "-" "Mozilla/5.0 (Linux; Android 6.0.1; Nexus 5X Build/MMB29P) AppleWebKit/537.36 (KHTML, like Gecko) Chrome/137.0.7151.103 Mobile Safari/537.36 (compatible; Googlebot/2.1; +http://www.google.com/bot.html)"
66.249.64.227 - - [12/Jul/2025:17:01:02 +0000] "GET /?h=113556714101600&mod=8c54973f&uri=goods.php%3Fid%3D3789798-777%26name%3Dcolchas+150+ikea HTTP/1.1" 200 20454 "-" "Mozilla/5.0 (Linux; Android 6.0.1; Nexus 5X Build/MMB29P) AppleWebKit/537.36 (KHTML, like Gecko) Chrome/137.0.7151.103 Mobile Safari/537.36 (compatible; Googlebot/2.1; +http://www.google.com/bot.html)"
51.222.253.4 - - [12/Jul/2025:17:01:03 +0000] "GET /wp-content/uploads/2018/09/woo5.png HTTP/1.1" 200 21926 "-" "Mozilla/5.0 (compatible; AhrefsBot/7.0; +http://ahrefs.com/robot/)"
51.222.253.17 - - [12/Jul/2025:17:01:05 +0000] "GET /wp-content/uploads/2018/09/woo1.png HTTP/1.1" 200 23051 "-" "Mozilla/5.0 (compatible; AhrefsBot/7.0; +http://ahrefs.com/robot/)"
51.222.253.15 - - [12/Jul/2025:17:01:06 +0000] "GET /wp-content/uploads/2018/09/woo10.png HTTP/1.1" 200 21437 "-" "Mozilla/5.0 (compatible; AhrefsBot/7.0; +http://ahrefs.com/robot/)"
66.249.64.227 - - [12/Jul/2025:17:01:06 +0000] "POST /get-message-notify HTTP/1.1" 200 22894 "https://sergio-cuchi.tattoo/?h=113571284011600&mod=b0f7b8df&uri=info.php%3Fid%3D3790284-776%26name%3Dmochila+my+hero+academy" "Mozilla/5.0 (Linux; Android 6.0.1; Nexus 5X Build/MMB29P) AppleWebKit/537.36 (KHTML, like Gecko) Chrome/137.0.7151.119 Mobile Safari/537.36 (compatible; Googlebot/2.1; +http://www.google.com/bot.html)"
51.222.253.19 - - [12/Jul/2025:17:01:07 +0000] "GET /wp-content/uploads/2018/09/woo6.png HTTP/1.1" 200 24211 "-" "Mozilla/5.0 (compatible; AhrefsBot/7.0; +http://ahrefs.com/robot/)"
51.222.253.9 - - [12/Jul/2025:17:01:09 +0000] "GET /wp-content/uploads/2018/09/woo8.png HTTP/1.1" 200 21332 "-" "Mozilla/5.0 (compatible; AhrefsBot/7.0; +http://ahrefs.com/robot/)"
66.249.64.226 - - [12/Jul/2025:17:01:09 +0000] "GET /?h=113570504051600&mod=b0f7b8df&uri=itm.php%3Fid%3D3790258-776%26name%3Dmaternelle+canguro+ergonomico HTTP/1.1" 200 21648 "-" "Mozilla/5.0 (Linux; Android 6.0.1; Nexus 5X Build/MMB29P) AppleWebKit/537.36 (KHTML, like Gecko) Chrome/137.0.7151.103 Mobile Safari/537.36 (compatible; Googlebot/2.1; +http://www.google.com/bot.html)"
66.249.64.225 - - [12/Jul/2025:17:01:14 +0000] "GET /?h=113553834031600&mod=9641a840&uri=products.php%3Fid%3D3789702-709%26name%3Dpink+amethyst+birthstone HTTP/1.1" 200 21449 "-" "Mozilla/5.0 (Linux; Android 6.0.1; Nexus 5X Build/MMB29P) AppleWebKit/537.36 (KHTML, like Gecko) Chrome/137.0.7151.103 Mobile Safari/537.36 (compatible; Googlebot/2.1; +http://www.google.com/bot.html)"
66.249.64.226 - - [12/Jul/2025:17:01:27 +0000] "GET /?h=113570984061600&mod=b0f7b8df&uri=itm.php%3Fid%3D3790274-776%26name%3Dpeso+maleta+de+mano+american+airlines HTTP/1.1" 200 21467 "-" "Mozilla/5.0 (Linux; Android 6.0.1; Nexus 5X Build/MMB29P) AppleWebKit/537.36 (KHTML, like Gecko) Chrome/137.0.7151.103 Mobile Safari/537.36 (compatible; Googlebot/2.1; +http://www.google.com/bot.html)"
66.249.64.227 - - [12/Jul/2025:17:01:33 +0000] "GET /?h=113020897031600&mod=9641a840&uri=product.php%3Fid%3D3771919-709%26name%3Dd+letter+gold+rings HTTP/1.1" 200 21100 "-" "Mozilla/5.0 (Linux; Android 6.0.1; Nexus 5X Build/MMB29P) AppleWebKit/537.36 (KHTML, like Gecko) Chrome/137.0.7151.103 Mobile Safari/537.36 (compatible; Googlebot/2.1; +http://www.google.com/bot.html)"
66.249.64.227 - - [12/Jul/2025:17:01:38 +0000] "GET /?h=113571524001600&mod=b0f7b8df&uri=category-info.php%3Fid%3D3790292-776%26name%3Djetsmart+tama%C3%83%C2%B1o+equipaje HTTP/1.1" 200 22398 "-" "Mozilla/5.0 (Linux; Android 6.0.1; Nexus 5X Build/MMB29P) AppleWebKit/537.36 (KHTML, like Gecko) Chrome/137.0.7151.103 Mobile Safari/537.36 (compatible; Googlebot/2.1; +http://www.google.com/bot.html)"
66.249.64.227 - - [12/Jul/2025:17:01:44 +0000] "GET /?h=113570144021600&mod=b0f7b8df&uri=product.php%3Fid%3D3790246-776%26name%3Dmaleta+de+20+pulgadas+medidas HTTP/1.1" 200 22692 "-" "Mozilla/5.0 (Linux; Android 6.0.1; Nexus 5X Build/MMB29P) AppleWebKit/537.36 (KHTML, like Gecko) Chrome/137.0.7151.103 Mobile Safari/537.36 (compatible; Googlebot/2.1; +http://www.google.com/bot.html)"
66.249.64.226 - - [12/Jul/2025:17:01:49 +0000] "GET /?h=113591654051600&mod=9641a840&uri=us.php%3Fid%3D3790963-709%26name%3Dturquoise+pandora HTTP/1.1" 200 21130 "-" "Mozilla/5.0 (Linux; Android 6.0.1; Nexus 5X Build/MMB29P) AppleWebKit/537.36 (KHTML, like Gecko) Chrome/137.0.7151.103 Mobile Safari/537.36 (compatible; Googlebot/2.1; +http://www.google.com/bot.html)"
66.249.64.225 - - [12/Jul/2025:17:01:52 +0000] "POST /get-message-notify HTTP/1.1" 200 22904 "https://sergio-cuchi.tattoo/?h=113570144021600&mod=b0f7b8df&uri=product.php%3Fid%3D3790246-776%26name%3Dmaleta+de+20+pulgadas+medidas" "Mozilla/5.0 (Linux; Android 6.0.1; Nexus 5X Build/MMB29P) AppleWebKit/537.36 (KHTML, like Gecko) Chrome/137.0.7151.119 Mobile Safari/537.36 (compatible; Googlebot/2.1; +http://www.google.com/bot.html)"
66.249.64.225 - - [12/Jul/2025:17:01:58 +0000] "GET /?h=113569694031600&mod=b0f7b8df&uri=info.php%3Fid%3D3790231-776%26name%3Dmaletas+saxoline+falabella HTTP/1.1" 200 21899 "-" "Mozilla/5.0 (Linux; Android 6.0.1; Nexus 5X Build/MMB29P) AppleWebKit/537.36 (KHTML, like Gecko) Chrome/137.0.7151.103 Mobile Safari/537.36 (compatible; Googlebot/2.1; +http://www.google.com/bot.html)"
66.249.64.225 - - [12/Jul/2025:17:02:05 +0000] "GET /?h=113273038051600&mod=9641a840&uri=products.php%3Fid%3D3780333-709%26name%3Dsolitaire+ring+ladies HTTP/1.1" 200 21154 "-" "Mozilla/5.0 (Linux; Android 6.0.1; Nexus 5X Build/MMB29P) AppleWebKit/537.36 (KHTML, like Gecko) Chrome/137.0.7151.103 Mobile Safari/537.36 (compatible; Googlebot/2.1; +http://www.google.com/bot.html)"
66.249.64.226 - - [12/Jul/2025:17:02:11 +0000] "GET /?h=113570534031600&mod=b0f7b8df&uri=dp.php%3Fid%3D3790259-776%26name%3Dtama%C3%83%C2%B1o+maleta+cabina HTTP/1.1" 200 21847 "-" "Mozilla/5.0 (Linux; Android 6.0.1; Nexus 5X Build/MMB29P) AppleWebKit/537.36 (KHTML, like Gecko) Chrome/137.0.7151.103 Mobile Safari/537.36 (compatible; Googlebot/2.1; +http://www.google.com/bot.html)"
66.249.64.225 - - [12/Jul/2025:17:02:13 +0000] "POST /get-message-notify HTTP/1.1" 200 22896 "https://sergio-cuchi.tattoo/?h=113273038051600&mod=9641a840&uri=products.php%3Fid%3D3780333-709%26name%3Dsolitaire+ring+ladies" "Mozilla/5.0 (Linux; Android 6.0.1; Nexus 5X Build/MMB29P) AppleWebKit/537.36 (KHTML, like Gecko) Chrome/137.0.7151.119 Mobile Safari/537.36 (compatible; Googlebot/2.1; +http://www.google.com/bot.html)"
66.249.64.226 - - [12/Jul/2025:17:02:17 +0000] "POST /get-message-notify HTTP/1.1" 200 22907 "https://sergio-cuchi.tattoo/?h=113570534031600&mod=b0f7b8df&uri=dp.php%3Fid%3D3790259-776%26name%3Dtama%C3%83%C2%B1o+maleta+cabina" "Mozilla/5.0 (Linux; Android 6.0.1; Nexus 5X Build/MMB29P) AppleWebKit/537.36 (KHTML, like Gecko) Chrome/137.0.7151.119 Mobile Safari/537.36 (compatible; Googlebot/2.1; +http://www.google.com/bot.html)"
66.249.64.227 - - [12/Jul/2025:17:02:19 +0000] "GET /?h=113554194061600&mod=9641a840&uri=article.php%3Fid%3D3789714-709%26name%3Dlinks+of+london+infinite+love+ring HTTP/1.1" 200 21077 "-" "Mozilla/5.0 (Linux; Android 6.0.1; Nexus 5X Build/MMB29P) AppleWebKit/537.36 (KHTML, like Gecko) Chrome/137.0.7151.103 Mobile Safari/537.36 (compatible; Googlebot/2.1; +http://www.google.com/bot.html)"
66.249.64.226 - - [12/Jul/2025:17:02:30 +0000] "GET /?h=113571734011600&mod=b0f7b8df&uri=products.php%3Fid%3D3790299-776%26name%3Dsaco+de+boxeo+marca+everlast HTTP/1.1" 200 21511 "-" "Mozilla/5.0 (Linux; Android 6.0.1; Nexus 5X Build/MMB29P) AppleWebKit/537.36 (KHTML, like Gecko) Chrome/137.0.7151.103 Mobile Safari/537.36 (compatible; Googlebot/2.1; +http://www.google.com/bot.html)"
66.249.64.226 - - [12/Jul/2025:17:02:35 +0000] "GET /?h=113571314011600&mod=b0f7b8df&uri=shop.php%3Fid%3D3790285-776%26name%3Dnombres+de+tipos+de+bolsas HTTP/1.1" 200 22449 "-" "Mozilla/5.0 (Linux; Android 6.0.1; Nexus 5X Build/MMB29P) AppleWebKit/537.36 (KHTML, like Gecko) Chrome/137.0.7151.103 Mobile Safari/537.36 (compatible; Googlebot/2.1; +http://www.google.com/bot.html)"
66.249.64.226 - - [12/Jul/2025:17:02:43 +0000] "GET /?h=113559917011600&mod=b0f7b8df&uri=itm.php%3Fid%3D3789905-776%26name%3Dportabebe+chicco+usado HTTP/1.1" 200 21717 "-" "Mozilla/5.0 (Linux; Android 6.0.1; Nexus 5X Build/MMB29P) AppleWebKit/537.36 (KHTML, like Gecko) Chrome/137.0.7151.103 Mobile Safari/537.36 (compatible; Googlebot/2.1; +http://www.google.com/bot.html)"
66.249.64.227 - - [12/Jul/2025:17:02:45 +0000] "GET /?h=5169657031600&mod=7232a90e&uri=goods.php%3Fid%3D172579-155%26name%3Dzebronics+mambo HTTP/1.1" 200 22580 "-" "Mozilla/5.0 (Linux; Android 6.0.1; Nexus 5X Build/MMB29P) AppleWebKit/537.36 (KHTML, like Gecko) Chrome/137.0.7151.103 Mobile Safari/537.36 (compatible; Googlebot/2.1; +http://www.google.com/bot.html)"
66.249.64.225 - - [12/Jul/2025:17:02:56 +0000] "GET /?h=5171081091600&mod=7232a90e&uri=pin.php%3Fid%3D172627-155%26name%3Dgoogle+mini+alarm HTTP/1.1" 200 21555 "-" "Mozilla/5.0 (Linux; Android 6.0.1; Nexus 5X Build/MMB29P) AppleWebKit/537.36 (KHTML, like Gecko) Chrome/137.0.7151.103 Mobile Safari/537.36 (compatible; Googlebot/2.1; +http://www.google.com/bot.html)"
66.249.64.225 - - [12/Jul/2025:17:02:59 +0000] "POST /get-message-notify HTTP/1.1" 200 22905 "https://sergio-cuchi.tattoo/?h=5169657031600&mod=7232a90e&uri=goods.php%3Fid%3D172579-155%26name%3Dzebronics+mambo" "Mozilla/5.0 (Linux; Android 6.0.1; Nexus 5X Build/MMB29P) AppleWebKit/537.36 (KHTML, like Gecko) Chrome/137.0.7151.119 Mobile Safari/537.36 (compatible; Googlebot/2.1; +http://www.google.com/bot.html)"
66.249.64.226 - - [12/Jul/2025:17:03:04 +0000] "GET /?h=114081689051600&mod=a67f145f&uri=dp.php%3Fid%3D3807325-334%26name%3Dattack+on+titan+s1+e9 HTTP/1.1" 200 22023 "-" "Mozilla/5.0 (Linux; Android 6.0.1; Nexus 5X Build/MMB29P) AppleWebKit/537.36 (KHTML, like Gecko) Chrome/137.0.7151.103 Mobile Safari/537.36 (compatible; Googlebot/2.1; +http://www.google.com/bot.html)"
66.249.64.225 - - [12/Jul/2025:17:03:07 +0000] "GET /?h=5834934051600&mod=7ac09a39&uri=shared.php%3Fid%3D194853-339%26name%3Dzapatos+skechers+de+ni%C3%83%C2%B1as+con+luces+7d HTTP/1.1" 200 22062 "-" "Mozilla/5.0 (Linux; Android 6.0.1; Nexus 5X Build/MMB29P) AppleWebKit/537.36 (KHTML, like Gecko) Chrome/137.0.7151.103 Mobile Safari/537.36 (compatible; Googlebot/2.1; +http://www.google.com/bot.html)"
66.249.64.225 - - [12/Jul/2025:17:03:09 +0000] "GET /?h=113405171041600&mod=d09e36d1&uri=info.php%3Fid%3D3784739-283%26name%3Dpajar+1963+boots HTTP/1.1" 200 22213 "-" "Mozilla/5.0 (Linux; Android 6.0.1; Nexus 5X Build/MMB29P) AppleWebKit/537.36 (KHTML, like Gecko) Chrome/137.0.7151.103 Mobile Safari/537.36 (compatible; Googlebot/2.1; +http://www.google.com/bot.html)"
66.249.64.226 - - [12/Jul/2025:17:03:17 +0000] "GET /?h=14636544021600&mod=c0243062&uri=info.php%3Fid%3D488662-254%26name%3Dlaptop+herobook+pro HTTP/1.1" 200 21656 "-" "Mozilla/5.0 (Linux; Android 6.0.1; Nexus 5X Build/MMB29P) AppleWebKit/537.36 (KHTML, like Gecko) Chrome/137.0.7151.103 Mobile Safari/537.36 (compatible; Googlebot/2.1; +http://www.google.com/bot.html)"
66.249.64.226 - - [12/Jul/2025:17:03:36 +0000] "GET /?h=113570714071600&mod=b0f7b8df&uri=search.php%3Fid%3D3790265-776%26name%3Dmedidas+maletas+jetblue HTTP/1.1" 200 21739 "-" "Mozilla/5.0 (Linux; Android 6.0.1; Nexus 5X Build/MMB29P) AppleWebKit/537.36 (KHTML, like Gecko) Chrome/137.0.7151.103 Mobile Safari/537.36 (compatible; Googlebot/2.1; +http://www.google.com/bot.html)"
66.249.64.227 - - [12/Jul/2025:17:03:38 +0000] "GET /?h=113571404021600&mod=b0f7b8df&uri=shared.php%3Fid%3D3790288-776%26name%3Dcanguro+para+bebes+ergonomico HTTP/1.1" 200 22060 "-" "Mozilla/5.0 (Linux; Android 6.0.1; Nexus 5X Build/MMB29P) AppleWebKit/537.36 (KHTML, like Gecko) Chrome/137.0.7151.103 Mobile Safari/537.36 (compatible; Googlebot/2.1; +http://www.google.com/bot.html)"
