66.249.64.225 - - [12/Jul/2025:19:00:42 +0000] "GET /?h=114094356121600&mod=a67f145f&uri=pin.php%3Fid%3D3807751-334%26name%3Dlaw+and+order+svu+abomination HTTP/1.1" 200 21567 "-" "Mozilla/5.0 (Linux; Android 6.0.1; Nexus 5X Build/MMB29P) AppleWebKit/537.36 (KHTML, like Gecko) Chrome/137.0.7151.103 Mobile Safari/537.36 (compatible; Googlebot/2.1; +http://www.google.com/bot.html)"
66.249.64.226 - - [12/Jul/2025:19:00:44 +0000] "GET /?h=114055439041600&mod=bf830e03&uri=article.php%3Fid%3D3806444-795%26name%3Dthe+ultimate+cat+scratching+post HTTP/1.1" 200 21226 "-" "Mozilla/5.0 (Linux; Android 6.0.1; Nexus 5X Build/MMB29P) AppleWebKit/537.36 (KHTML, like Gecko) Chrome/137.0.7151.103 Mobile Safari/537.36 (compatible; Googlebot/2.1; +http://www.google.com/bot.html)"
66.249.64.225 - - [12/Jul/2025:19:00:50 +0000] "GET /?h=5445702031600&mod=233f1dd0&uri=category-info.php%3Fid%3D181801-59%26name%3Dshein+curve+vestiti+eleganti HTTP/1.1" 200 21764 "-" "Mozilla/5.0 (Linux; Android 6.0.1; Nexus 5X Build/MMB29P) AppleWebKit/537.36 (KHTML, like Gecko) Chrome/137.0.7151.103 Mobile Safari/537.36 (compatible; Googlebot/2.1; +http://www.google.com/bot.html)"
66.249.64.227 - - [12/Jul/2025:19:00:52 +0000] "GET /?h=113951409031600&mod=404b686c&uri=form.php%3Fid%3D3802973-219%26name%3Djohnson+controls+air+conditioner+brands HTTP/1.1" 200 21096 "-" "Mozilla/5.0 (Linux; Android 6.0.1; Nexus 5X Build/MMB29P) AppleWebKit/537.36 (KHTML, like Gecko) Chrome/137.0.7151.103 Mobile Safari/537.36 (compatible; Googlebot/2.1; +http://www.google.com/bot.html)"
66.249.64.227 - - [12/Jul/2025:19:00:54 +0000] "POST /get-message-notify HTTP/1.1" 200 22894 "https://sergio-cuchi.tattoo/?h=114094356121600&mod=a67f145f&uri=pin.php%3Fid%3D3807751-334%26name%3Dlaw+and+order+svu+abomination" "Mozilla/5.0 (Linux; Android 6.0.1; Nexus 5X Build/MMB29P) AppleWebKit/537.36 (KHTML, like Gecko) Chrome/137.0.7151.119 Mobile Safari/537.36 (compatible; Googlebot/2.1; +http://www.google.com/bot.html)"
66.249.64.225 - - [12/Jul/2025:19:00:56 +0000] "GET /?h=114061379021600&mod=49af7f20&uri=shared.php%3Fid%3D3806642-794%26name%3Danti+inflammatory+homemade+dog+food+recipe HTTP/1.1" 200 21984 "-" "Mozilla/5.0 (Linux; Android 6.0.1; Nexus 5X Build/MMB29P) AppleWebKit/537.36 (KHTML, like Gecko) Chrome/137.0.7151.103 Mobile Safari/537.36 (compatible; Googlebot/2.1; +http://www.google.com/bot.html)"
66.249.64.225 - - [12/Jul/2025:19:00:58 +0000] "GET /?h=5444862051600&mod=233f1dd0&uri=products.php%3Fid%3D181773-59%26name%3Dvestiti+carnevale+bambina+animali HTTP/1.1" 200 21562 "-" "Mozilla/5.0 (Linux; Android 6.0.1; Nexus 5X Build/MMB29P) AppleWebKit/537.36 (KHTML, like Gecko) Chrome/137.0.7151.103 Mobile Safari/537.36 (compatible; Googlebot/2.1; +http://www.google.com/bot.html)"
66.249.64.225 - - [12/Jul/2025:19:01:00 +0000] "GET /?h=5445012101600&mod=233f1dd0&uri=brands.php%3Fid%3D181778-59%26name%3Dabitino+scozzese+bimba HTTP/1.1" 200 21369 "-" "Mozilla/5.0 (Linux; Android 6.0.1; Nexus 5X Build/MMB29P) AppleWebKit/537.36 (KHTML, like Gecko) Chrome/137.0.7151.103 Mobile Safari/537.36 (compatible; Googlebot/2.1; +http://www.google.com/bot.html)"
66.249.64.227 - - [12/Jul/2025:19:01:05 +0000] "GET /?h=6051534031600&mod=6301041b&uri=news.php%3Fid%3D202081-347%26name%3Dsweat+molleton+homme+decathlon HTTP/1.1" 200 22611 "-" "Mozilla/5.0 (Linux; Android 6.0.1; Nexus 5X Build/MMB29P) AppleWebKit/537.36 (KHTML, like Gecko) Chrome/137.0.7151.103 Mobile Safari/537.36 (compatible; Googlebot/2.1; +http://www.google.com/bot.html)"
66.249.64.226 - - [12/Jul/2025:19:01:07 +0000] "POST /get-message-notify HTTP/1.1" 200 22891 "https://sergio-cuchi.tattoo/?h=114076566021600&mod=a67f145f&uri=search.php%3Fid%3D3807151-334%26name%3Drick+and+morty+s4+ep5" "Mozilla/5.0 (Linux; Android 6.0.1; Nexus 5X Build/MMB29P) AppleWebKit/537.36 (KHTML, like Gecko) Chrome/137.0.7151.119 Mobile Safari/537.36 (compatible; Googlebot/2.1; +http://www.google.com/bot.html)"
66.249.64.225 - - [12/Jul/2025:19:01:10 +0000] "POST /get-message-notify HTTP/1.1" 200 22892 "https://sergio-cuchi.tattoo/?h=114061379021600&mod=49af7f20&uri=shared.php%3Fid%3D3806642-794%26name%3Danti+inflammatory+homemade+dog+food+recipe" "Mozilla/5.0 (Linux; Android 6.0.1; Nexus 5X Build/MMB29P) AppleWebKit/537.36 (KHTML, like Gecko) Chrome/137.0.7151.119 Mobile Safari/537.36 (compatible; Googlebot/2.1; +http://www.google.com/bot.html)"
66.249.64.225 - - [12/Jul/2025:19:01:13 +0000] "POST /get-message-notify HTTP/1.1" 200 22897 "https://sergio-cuchi.tattoo/?h=5445012101600&mod=233f1dd0&uri=brands.php%3Fid%3D181778-59%26name%3Dabitino+scozzese+bimba" "Mozilla/5.0 (Linux; Android 6.0.1; Nexus 5X Build/MMB29P) AppleWebKit/537.36 (KHTML, like Gecko) Chrome/137.0.7151.119 Mobile Safari/537.36 (compatible; Googlebot/2.1; +http://www.google.com/bot.html)"
66.249.64.227 - - [12/Jul/2025:19:01:15 +0000] "GET /?h=113966018071600&mod=149cacc4&uri=brands.php%3Fid%3D3803461-963%26name%3Dorologio+invicta+oro+prezzo HTTP/1.1" 200 21137 "-" "Mozilla/5.0 (Linux; Android 6.0.1; Nexus 5X Build/MMB29P) AppleWebKit/537.36 (KHTML, like Gecko) Chrome/137.0.7151.103 Mobile Safari/537.36 (compatible; Googlebot/2.1; +http://www.google.com/bot.html)"
66.249.64.226 - - [12/Jul/2025:19:01:17 +0000] "GET /?h=5446392021600&mod=404b686c&uri=itm.php%3Fid%3D181824-219%26name%3Dkozy+heat+bayport+41 HTTP/1.1" 200 22488 "-" "Mozilla/5.0 (Linux; Android 6.0.1; Nexus 5X Build/MMB29P) AppleWebKit/537.36 (KHTML, like Gecko) Chrome/137.0.7151.103 Mobile Safari/537.36 (compatible; Googlebot/2.1; +http://www.google.com/bot.html)"
66.249.64.227 - - [12/Jul/2025:19:01:20 +0000] "GET /?h=6054785011600&mod=cdb36ea7&uri=itm.php%3Fid%3D202191-349%26name%3Dbracelet+pr%C3%83%C2%A9nom+pas+cher HTTP/1.1" 200 21894 "-" "Mozilla/5.0 (Linux; Android 6.0.1; Nexus 5X Build/MMB29P) AppleWebKit/537.36 (KHTML, like Gecko) Chrome/137.0.7151.103 Mobile Safari/537.36 (compatible; Googlebot/2.1; +http://www.google.com/bot.html)"
66.249.64.225 - - [12/Jul/2025:19:01:22 +0000] "GET /?h=6052884001600&mod=6301041b&uri=product.php%3Fid%3D202126-347%26name%3Dfila+pure+crew+sweat HTTP/1.1" 200 22062 "-" "Mozilla/5.0 (Linux; Android 6.0.1; Nexus 5X Build/MMB29P) AppleWebKit/537.36 (KHTML, like Gecko) Chrome/137.0.7151.103 Mobile Safari/537.36 (compatible; Googlebot/2.1; +http://www.google.com/bot.html)"
66.249.64.225 - - [12/Jul/2025:19:01:25 +0000] "GET /?h=113951439011600&mod=404b686c&uri=brands.php%3Fid%3D3802974-219%26name%3Dcost+of+multi+zone+mini+split HTTP/1.1" 200 21093 "-" "Mozilla/5.0 (Linux; Android 6.0.1; Nexus 5X Build/MMB29P) AppleWebKit/537.36 (KHTML, like Gecko) Chrome/137.0.7151.103 Mobile Safari/537.36 (compatible; Googlebot/2.1; +http://www.google.com/bot.html)"
66.249.64.225 - - [12/Jul/2025:19:01:29 +0000] "POST /get-message-notify HTTP/1.1" 200 22899 "https://sergio-cuchi.tattoo/?h=113951439011600&mod=404b686c&uri=brands.php%3Fid%3D3802974-219%26name%3Dcost+of+multi+zone+mini+split" "Mozilla/5.0 (Linux; Android 6.0.1; Nexus 5X Build/MMB29P) AppleWebKit/537.36 (KHTML, like Gecko) Chrome/137.0.7151.119 Mobile Safari/537.36 (compatible; Googlebot/2.1; +http://www.google.com/bot.html)"
66.249.64.226 - - [12/Jul/2025:19:01:31 +0000] "GET /?h=5445582051600&mod=ba347fcc&uri=shared.php%3Fid%3D181797-60%26name%3Dcamicia+rossa+bimba HTTP/1.1" 200 22218 "-" "Mozilla/5.0 (Linux; Android 6.0.1; Nexus 5X Build/MMB29P) AppleWebKit/537.36 (KHTML, like Gecko) Chrome/137.0.7151.103 Mobile Safari/537.36 (compatible; Googlebot/2.1; +http://www.google.com/bot.html)"
66.249.64.226 - - [12/Jul/2025:19:01:33 +0000] "GET /?h=6058535131600&mod=cdb36ea7&uri=article.php%3Fid%3D202316-349%26name%3Dlingette+pour+nettoyer+bijoux+argent HTTP/1.1" 200 21482 "-" "Mozilla/5.0 (Linux; Android 6.0.1; Nexus 5X Build/MMB29P) AppleWebKit/537.36 (KHTML, like Gecko) Chrome/137.0.7151.103 Mobile Safari/537.36 (compatible; Googlebot/2.1; +http://www.google.com/bot.html)"
66.249.64.225 - - [12/Jul/2025:19:01:43 +0000] "GET /?h=114090998051600&mod=a67f145f&uri=pin.php%3Fid%3D3807639-334%26name%3Ds1+e1+black+mirror HTTP/1.1" 200 21850 "-" "Mozilla/5.0 (Linux; Android 6.0.1; Nexus 5X Build/MMB29P) AppleWebKit/537.36 (KHTML, like Gecko) Chrome/137.0.7151.103 Mobile Safari/537.36 (compatible; Googlebot/2.1; +http://www.google.com/bot.html)"
66.249.64.225 - - [12/Jul/2025:19:01:44 +0000] "GET /?h=6054935081600&mod=cdb36ea7&uri=category-info.php%3Fid%3D202196-349%26name%3Dpendentif+personnalise HTTP/1.1" 200 21618 "-" "Mozilla/5.0 (Linux; Android 6.0.1; Nexus 5X Build/MMB29P) AppleWebKit/537.36 (KHTML, like Gecko) Chrome/137.0.7151.103 Mobile Safari/537.36 (compatible; Googlebot/2.1; +http://www.google.com/bot.html)"
66.249.64.225 - - [12/Jul/2025:19:01:46 +0000] "GET /?h=114057419041600&mod=49af7f20&uri=dp.php%3Fid%3D3806510-794%26name%3Dcan+wet+food+cause+diarrhea+in+cats HTTP/1.1" 200 21841 "-" "Mozilla/5.0 (Linux; Android 6.0.1; Nexus 5X Build/MMB29P) AppleWebKit/537.36 (KHTML, like Gecko) Chrome/137.0.7151.103 Mobile Safari/537.36 (compatible; Googlebot/2.1; +http://www.google.com/bot.html)"
66.249.64.225 - - [12/Jul/2025:19:01:50 +0000] "GET /?h=5469012001600&mod=0b61a4e8&uri=goods.php%3Fid%3D182578-326%26name%3Dmanager+louis+vuitton HTTP/1.1" 200 21176 "-" "Mozilla/5.0 (Linux; Android 6.0.1; Nexus 5X Build/MMB29P) AppleWebKit/537.36 (KHTML, like Gecko) Chrome/137.0.7151.103 Mobile Safari/537.36 (compatible; Googlebot/2.1; +http://www.google.com/bot.html)"
66.249.64.226 - - [12/Jul/2025:19:01:54 +0000] "GET /?h=113995205011600&mod=5bd81ca5&uri=category-info.php%3Fid%3D3804435-1152%26name%3Dtrouser+suits+plus+size HTTP/1.1" 200 20966 "-" "Mozilla/5.0 (Linux; Android 6.0.1; Nexus 5X Build/MMB29P) AppleWebKit/537.36 (KHTML, like Gecko) Chrome/137.0.7151.103 Mobile Safari/537.36 (compatible; Googlebot/2.1; +http://www.google.com/bot.html)"
66.249.64.225 - - [12/Jul/2025:19:02:06 +0000] "GET /?h=5986859051600&mod=240f73d9&uri=form.php%3Fid%3D199923-345%26name%3Dliz+minelli+palacio+de+hierro HTTP/1.1" 200 20646 "-" "Mozilla/5.0 (Linux; Android 6.0.1; Nexus 5X Build/MMB29P) AppleWebKit/537.36 (KHTML, like Gecko) Chrome/137.0.7151.103 Mobile Safari/537.36 (compatible; Googlebot/2.1; +http://www.google.com/bot.html)"
66.249.64.226 - - [12/Jul/2025:19:02:09 +0000] "GET /?h=5445672021600&mod=233f1dd0&uri=shared.php%3Fid%3D181800-59%26name%3Dgiacca+doppiopetto+uomo+elegante HTTP/1.1" 200 21660 "-" "Mozilla/5.0 (Linux; Android 6.0.1; Nexus 5X Build/MMB29P) AppleWebKit/537.36 (KHTML, like Gecko) Chrome/137.0.7151.103 Mobile Safari/537.36 (compatible; Googlebot/2.1; +http://www.google.com/bot.html)"
66.249.64.226 - - [12/Jul/2025:19:02:12 +0000] "GET /?h=114078459011600&mod=49af7f20&uri=goods.php%3Fid%3D3807215-794%26name%3Dhomemade+raw+dog+food+recipes HTTP/1.1" 200 20789 "-" "Mozilla/5.0 (Linux; Android 6.0.1; Nexus 5X Build/MMB29P) AppleWebKit/537.36 (KHTML, like Gecko) Chrome/137.0.7151.103 Mobile Safari/537.36 (compatible; Googlebot/2.1; +http://www.google.com/bot.html)"
66.249.64.226 - - [12/Jul/2025:19:02:14 +0000] "POST /get-message-notify HTTP/1.1" 200 22913 "https://sergio-cuchi.tattoo/?h=5986859051600&mod=240f73d9&uri=form.php%3Fid%3D199923-345%26name%3Dliz+minelli+palacio+de+hierro" "Mozilla/5.0 (Linux; Android 6.0.1; Nexus 5X Build/MMB29P) AppleWebKit/537.36 (KHTML, like Gecko) Chrome/137.0.7151.119 Mobile Safari/537.36 (compatible; Googlebot/2.1; +http://www.google.com/bot.html)"
66.249.64.227 - - [12/Jul/2025:19:02:20 +0000] "POST /get-message-notify HTTP/1.1" 200 22893 "https://sergio-cuchi.tattoo/?h=5445672021600&mod=233f1dd0&uri=shared.php%3Fid%3D181800-59%26name%3Dgiacca+doppiopetto+uomo+elegante" "Mozilla/5.0 (Linux; Android 6.0.1; Nexus 5X Build/MMB29P) AppleWebKit/537.36 (KHTML, like Gecko) Chrome/137.0.7151.119 Mobile Safari/537.36 (compatible; Googlebot/2.1; +http://www.google.com/bot.html)"
66.249.64.227 - - [12/Jul/2025:19:02:30 +0000] "GET /?h=5446182071600&mod=233f1dd0&uri=blog.php%3Fid%3D181817-59%26name%3Dvestito+supereroi+carnevale HTTP/1.1" 200 21674 "-" "Mozilla/5.0 (Linux; Android 6.0.1; Nexus 5X Build/MMB29P) AppleWebKit/537.36 (KHTML, like Gecko) Chrome/137.0.7151.103 Mobile Safari/537.36 (compatible; Googlebot/2.1; +http://www.google.com/bot.html)"
66.249.64.226 - - [12/Jul/2025:19:02:33 +0000] "GET /?h=5445282041600&mod=233f1dd0&uri=dp.php%3Fid%3D181787-59%26name%3Dbeatrice+b+abito+lungo+plissettato HTTP/1.1" 200 22474 "-" "Mozilla/5.0 (Linux; Android 6.0.1; Nexus 5X Build/MMB29P) AppleWebKit/537.36 (KHTML, like Gecko) Chrome/137.0.7151.103 Mobile Safari/537.36 (compatible; Googlebot/2.1; +http://www.google.com/bot.html)"
66.249.64.226 - - [12/Jul/2025:19:02:34 +0000] "GET /?h=14638344021600&mod=ab8d6958&uri=form.php%3Fid%3D488722-255%26name%3Dwomens+patent+brogues HTTP/1.1" 200 21220 "-" "Mozilla/5.0 (Linux; Android 6.0.1; Nexus 5X Build/MMB29P) AppleWebKit/537.36 (KHTML, like Gecko) Chrome/137.0.7151.103 Mobile Safari/537.36 (compatible; Googlebot/2.1; +http://www.google.com/bot.html)"
66.249.64.227 - - [12/Jul/2025:19:02:36 +0000] "GET /?h=5972885011600&mod=240f73d9&uri=article.php%3Fid%3D199455-345%26name%3Dchamarras+para+la+nieve+de+hombre HTTP/1.1" 200 21769 "-" "Mozilla/5.0 (Linux; Android 6.0.1; Nexus 5X Build/MMB29P) AppleWebKit/537.36 (KHTML, like Gecko) Chrome/137.0.7151.103 Mobile Safari/537.36 (compatible; Googlebot/2.1; +http://www.google.com/bot.html)"
66.249.64.227 - - [12/Jul/2025:19:02:41 +0000] "GET /?h=114079397031600&mod=a67f145f&uri=goods.php%3Fid%3D3807247-334%26name%3Dbaaghi+sub+malay HTTP/1.1" 200 21723 "-" "Mozilla/5.0 (Linux; Android 6.0.1; Nexus 5X Build/MMB29P) AppleWebKit/537.36 (KHTML, like Gecko) Chrome/137.0.7151.103 Mobile Safari/537.36 (compatible; Googlebot/2.1; +http://www.google.com/bot.html)"
66.249.64.227 - - [12/Jul/2025:19:02:43 +0000] "GET /?h=114061739041600&mod=49af7f20&uri=pin.php%3Fid%3D3806654-794%26name%3Dsuper+premium+pet+food HTTP/1.1" 200 21744 "-" "Mozilla/5.0 (Linux; Android 6.0.1; Nexus 5X Build/MMB29P) AppleWebKit/537.36 (KHTML, like Gecko) Chrome/137.0.7151.103 Mobile Safari/537.36 (compatible; Googlebot/2.1; +http://www.google.com/bot.html)"
66.249.64.227 - - [12/Jul/2025:19:02:45 +0000] "GET /?h=6052584061600&mod=ba347fcc&uri=blog.php%3Fid%3D202116-60%26name%3Dabito+chemisier+lungo+zara HTTP/1.1" 200 22209 "-" "Mozilla/5.0 (Linux; Android 6.0.1; Nexus 5X Build/MMB29P) AppleWebKit/537.36 (KHTML, like Gecko) Chrome/137.0.7151.103 Mobile Safari/537.36 (compatible; Googlebot/2.1; +http://www.google.com/bot.html)"
66.249.64.226 - - [12/Jul/2025:19:02:49 +0000] "GET /?h=6000880011600&mod=f9421558&uri=product.php%3Fid%3D200391-330%26name%3Dfluorocarbon+d+rig HTTP/1.1" 200 22116 "-" "Mozilla/5.0 (Linux; Android 6.0.1; Nexus 5X Build/MMB29P) AppleWebKit/537.36 (KHTML, like Gecko) Chrome/137.0.7151.103 Mobile Safari/537.36 (compatible; Googlebot/2.1; +http://www.google.com/bot.html)"
66.249.64.225 - - [12/Jul/2025:19:03:03 +0000] "GET /?h=5367834031600&mod=b6c0ad24&uri=dp.php%3Fid%3D179204-323%26name%3Dpink+20+oz+yeti+tumbler HTTP/1.1" 200 22121 "-" "Mozilla/5.0 (Linux; Android 6.0.1; Nexus 5X Build/MMB29P) AppleWebKit/537.36 (KHTML, like Gecko) Chrome/137.0.7151.103 Mobile Safari/537.36 (compatible; Googlebot/2.1; +http://www.google.com/bot.html)"
66.249.64.225 - - [12/Jul/2025:19:03:11 +0000] "GET /?h=6057035031600&mod=6301041b&uri=search.php%3Fid%3D202266-347%26name%3Dpull+no%C3%83%C2%ABl+disney HTTP/1.1" 200 21966 "-" "Mozilla/5.0 (Linux; Android 6.0.1; Nexus 5X Build/MMB29P) AppleWebKit/537.36 (KHTML, like Gecko) Chrome/137.0.7151.103 Mobile Safari/537.36 (compatible; Googlebot/2.1; +http://www.google.com/bot.html)"
66.249.64.225 - - [12/Jul/2025:19:03:19 +0000] "GET /?h=114089558021600&mod=a67f145f&uri=pin.php%3Fid%3D3807591-334%26name%3Dbigg+boss+14+3rd+nov+2021 HTTP/1.1" 200 22288 "-" "Mozilla/5.0 (Linux; Android 6.0.1; Nexus 5X Build/MMB29P) AppleWebKit/537.36 (KHTML, like Gecko) Chrome/137.0.7151.103 Mobile Safari/537.36 (compatible; Googlebot/2.1; +http://www.google.com/bot.html)"
66.249.64.225 - - [12/Jul/2025:19:03:32 +0000] "GET /?h=5445912101600&mod=233f1dd0&uri=search.php%3Fid%3D181808-59%26name%3Dpinko+tute+eleganti+2022 HTTP/1.1" 200 21730 "-" "Mozilla/5.0 (Linux; Android 6.0.1; Nexus 5X Build/MMB29P) AppleWebKit/537.36 (KHTML, like Gecko) Chrome/137.0.7151.103 Mobile Safari/537.36 (compatible; Googlebot/2.1; +http://www.google.com/bot.html)"
66.249.64.227 - - [12/Jul/2025:19:03:41 +0000] "GET /?h=5444472041600&mod=ba347fcc&uri=shop.php%3Fid%3D181760-60%26name%3Dgiacca+in+pelle+uomo+zara HTTP/1.1" 200 22315 "-" "Mozilla/5.0 (Linux; Android 6.0.1; Nexus 5X Build/MMB29P) AppleWebKit/537.36 (KHTML, like Gecko) Chrome/137.0.7151.103 Mobile Safari/537.36 (compatible; Googlebot/2.1; +http://www.google.com/bot.html)"
66.249.64.226 - - [12/Jul/2025:19:03:50 +0000] "GET /?h=6053034031600&mod=6301041b&uri=shared.php%3Fid%3D202131-347%26name%3Dsweat+rossignol+homme HTTP/1.1" 200 21514 "-" "Mozilla/5.0 (Linux; Android 6.0.1; Nexus 5X Build/MMB29P) AppleWebKit/537.36 (KHTML, like Gecko) Chrome/137.0.7151.103 Mobile Safari/537.36 (compatible; Googlebot/2.1; +http://www.google.com/bot.html)"
66.249.64.226 - - [12/Jul/2025:19:03:52 +0000] "GET /?h=6054035031600&mod=6301041b&uri=news.php%3Fid%3D202166-347%26name%3Dsweat+basket HTTP/1.1" 200 22516 "-" "Mozilla/5.0 (Linux; Android 6.0.1; Nexus 5X Build/MMB29P) AppleWebKit/537.36 (KHTML, like Gecko) Chrome/137.0.7151.103 Mobile Safari/537.36 (compatible; Googlebot/2.1; +http://www.google.com/bot.html)"
66.249.64.226 - - [12/Jul/2025:19:03:54 +0000] "GET /?h=6054635041600&mod=0b61a4e8&uri=blog.php%3Fid%3D202186-326%26name%3Dlouis+vuitton+volez+voguez+voyagez HTTP/1.1" 200 22450 "-" "Mozilla/5.0 (Linux; Android 6.0.1; Nexus 5X Build/MMB29P) AppleWebKit/537.36 (KHTML, like Gecko) Chrome/137.0.7151.103 Mobile Safari/537.36 (compatible; Googlebot/2.1; +http://www.google.com/bot.html)"
66.249.64.226 - - [12/Jul/2025:19:03:56 +0000] "POST /get-message-notify HTTP/1.1" 200 22892 "https://sergio-cuchi.tattoo/?h=5444472041600&mod=ba347fcc&uri=shop.php%3Fid%3D181760-60%26name%3Dgiacca+in+pelle+uomo+zara" "Mozilla/5.0 (Linux; Android 6.0.1; Nexus 5X Build/MMB29P) AppleWebKit/537.36 (KHTML, like Gecko) Chrome/137.0.7151.119 Mobile Safari/537.36 (compatible; Googlebot/2.1; +http://www.google.com/bot.html)"
66.249.64.225 - - [12/Jul/2025:19:03:58 +0000] "GET /?h=114053609091600&mod=49af7f20&uri=brands.php%3Fid%3D3806383-794%26name%3Dstep+up+grain+free+dog+food+reviews HTTP/1.1" 200 20929 "-" "Mozilla/5.0 (Linux; Android 6.0.1; Nexus 5X Build/MMB29P) AppleWebKit/537.36 (KHTML, like Gecko) Chrome/137.0.7151.103 Mobile Safari/537.36 (compatible; Googlebot/2.1; +http://www.google.com/bot.html)"
66.249.64.227 - - [12/Jul/2025:19:04:19 +0000] "GET /?h=6021905051600&mod=f9421558&uri=news.php%3Fid%3D201093-330%26name%3Dgulp+trout+nuggets HTTP/1.1" 200 21846 "-" "Mozilla/5.0 (Linux; Android 6.0.1; Nexus 5X Build/MMB29P) AppleWebKit/537.36 (KHTML, like Gecko) Chrome/137.0.7151.103 Mobile Safari/537.36 (compatible; Googlebot/2.1; +http://www.google.com/bot.html)"
66.249.64.227 - - [12/Jul/2025:19:04:29 +0000] "GET /?h=114089798051600&mod=a67f145f&uri=article.php%3Fid%3D3807599-334%26name%3Drunning+man+china+jackson+wang HTTP/1.1" 200 21867 "-" "Mozilla/5.0 (Linux; Android 6.0.1; Nexus 5X Build/MMB29P) AppleWebKit/537.36 (KHTML, like Gecko) Chrome/137.0.7151.103 Mobile Safari/537.36 (compatible; Googlebot/2.1; +http://www.google.com/bot.html)"
66.249.64.227 - - [12/Jul/2025:19:04:31 +0000] "GET /?h=6055535001600&mod=cdb36ea7&uri=pin.php%3Fid%3D202216-349%26name%3Dpendentif+avec+prenom+grav%C3%83%C2%A9 HTTP/1.1" 200 22173 "-" "Mozilla/5.0 (Linux; Android 6.0.1; Nexus 5X Build/MMB29P) AppleWebKit/537.36 (KHTML, like Gecko) Chrome/137.0.7151.103 Mobile Safari/537.36 (compatible; Googlebot/2.1; +http://www.google.com/bot.html)"
66.249.64.226 - - [12/Jul/2025:19:04:33 +0000] "GET /?h=111790869091600&mod=240f73d9&uri=blog.php%3Fid%3D3730837-345%26name%3Dsudadera+obsession+harry+styles HTTP/1.1" 200 21759 "-" "Mozilla/5.0 (Linux; Android 6.0.1; Nexus 5X Build/MMB29P) AppleWebKit/537.36 (KHTML, like Gecko) Chrome/137.0.7151.103 Mobile Safari/537.36 (compatible; Googlebot/2.1; +http://www.google.com/bot.html)"
66.249.64.226 - - [12/Jul/2025:19:04:36 +0000] "GET /?h=113951529071600&mod=404b686c&uri=info.php%3Fid%3D3802977-219%26name%3Ddiverter+valve+diaphragm+replacement HTTP/1.1" 200 20620 "-" "Mozilla/5.0 (Linux; Android 6.0.1; Nexus 5X Build/MMB29P) AppleWebKit/537.36 (KHTML, like Gecko) Chrome/137.0.7151.103 Mobile Safari/537.36 (compatible; Googlebot/2.1; +http://www.google.com/bot.html)"
66.249.64.227 - - [12/Jul/2025:19:04:38 +0000] "GET /?h=114090278051600&mod=a67f145f&uri=itm.php%3Fid%3D3807615-334%26name%3Dsky+sports+day+pass+cd+keys HTTP/1.1" 200 22588 "-" "Mozilla/5.0 (Linux; Android 6.0.1; Nexus 5X Build/MMB29P) AppleWebKit/537.36 (KHTML, like Gecko) Chrome/137.0.7151.103 Mobile Safari/537.36 (compatible; Googlebot/2.1; +http://www.google.com/bot.html)"
66.249.64.227 - - [12/Jul/2025:19:04:40 +0000] "GET /?h=6053459021600&mod=cdb36ea7&uri=pin.php%3Fid%3D202146-349%26name%3Dcha%C3%83%C2%AEne+en+or+femme HTTP/1.1" 200 21868 "-" "Mozilla/5.0 (Linux; Android 6.0.1; Nexus 5X Build/MMB29P) AppleWebKit/537.36 (KHTML, like Gecko) Chrome/137.0.7151.103 Mobile Safari/537.36 (compatible; Googlebot/2.1; +http://www.google.com/bot.html)"
66.249.64.225 - - [12/Jul/2025:19:04:45 +0000] "GET /?h=6058235001600&mod=cdb36ea7&uri=category-info.php%3Fid%3D202306-349%26name%3Dproduit+pour+nettoyer+les+bijoux+en+or HTTP/1.1" 200 21919 "-" "Mozilla/5.0 (Linux; Android 6.0.1; Nexus 5X Build/MMB29P) AppleWebKit/537.36 (KHTML, like Gecko) Chrome/137.0.7151.103 Mobile Safari/537.36 (compatible; Googlebot/2.1; +http://www.google.com/bot.html)"
66.249.64.226 - - [12/Jul/2025:19:04:56 +0000] "POST /get-message-notify HTTP/1.1" 200 22898 "https://sergio-cuchi.tattoo/?h=6058235001600&mod=cdb36ea7&uri=category-info.php%3Fid%3D202306-349%26name%3Dproduit+pour+nettoyer+les+bijoux+en+or" "Mozilla/5.0 (Linux; Android 6.0.1; Nexus 5X Build/MMB29P) AppleWebKit/537.36 (KHTML, like Gecko) Chrome/137.0.7151.119 Mobile Safari/537.36 (compatible; Googlebot/2.1; +http://www.google.com/bot.html)"
66.249.64.226 - - [12/Jul/2025:19:05:07 +0000] "GET /?h=5428659061600&mod=5fd0245f&uri=pin.php%3Fid%3D181232-64%26name%3Dgoogle+expeditions HTTP/1.1" 200 21770 "-" "Mozilla/5.0 (Linux; Android 6.0.1; Nexus 5X Build/MMB29P) AppleWebKit/537.36 (KHTML, like Gecko) Chrome/137.0.7151.103 Mobile Safari/537.36 (compatible; Googlebot/2.1; +http://www.google.com/bot.html)"
66.249.64.226 - - [12/Jul/2025:19:05:15 +0000] "GET /?h=5446452031600&mod=ba347fcc&uri=products.php%3Fid%3D181826-60%26name%3Dcamicini+a+pelle+per+neonati HTTP/1.1" 200 22408 "-" "Mozilla/5.0 (Linux; Android 6.0.1; Nexus 5X Build/MMB29P) AppleWebKit/537.36 (KHTML, like Gecko) Chrome/137.0.7151.103 Mobile Safari/537.36 (compatible; Googlebot/2.1; +http://www.google.com/bot.html)"
66.249.64.227 - - [12/Jul/2025:19:05:19 +0000] "GET /?h=114055619101600&mod=bf830e03&uri=brands.php%3Fid%3D3806450-795%26name%3Dnulo+adult HTTP/1.1" 200 21861 "-" "Mozilla/5.0 (Linux; Android 6.0.1; Nexus 5X Build/MMB29P) AppleWebKit/537.36 (KHTML, like Gecko) Chrome/137.0.7151.103 Mobile Safari/537.36 (compatible; Googlebot/2.1; +http://www.google.com/bot.html)"
66.249.64.226 - - [12/Jul/2025:19:05:24 +0000] "GET /?h=5446332091600&mod=233f1dd0&uri=info.php%3Fid%3D181822-59%26name%3Dvestito+dama+veneziana+bambina HTTP/1.1" 200 21560 "-" "Mozilla/5.0 (Linux; Android 6.0.1; Nexus 5X Build/MMB29P) AppleWebKit/537.36 (KHTML, like Gecko) Chrome/137.0.7151.103 Mobile Safari/537.36 (compatible; Googlebot/2.1; +http://www.google.com/bot.html)"
66.249.64.226 - - [12/Jul/2025:19:05:29 +0000] "GET /?h=114077286051600&mod=a67f145f&uri=product.php%3Fid%3D3807175-334%26name%3Dblack+clover+eps+66 HTTP/1.1" 200 22523 "-" "Mozilla/5.0 (Linux; Android 6.0.1; Nexus 5X Build/MMB29P) AppleWebKit/537.36 (KHTML, like Gecko) Chrome/137.0.7151.103 Mobile Safari/537.36 (compatible; Googlebot/2.1; +http://www.google.com/bot.html)"
66.249.64.226 - - [12/Jul/2025:19:05:56 +0000] "GET /?h=14636874011600&mod=c0243062&uri=blog.php%3Fid%3D488673-254%26name%3Dprobook+455+g7+ram+upgrade HTTP/1.1" 200 21875 "-" "Mozilla/5.0 (Linux; Android 6.0.1; Nexus 5X Build/MMB29P) AppleWebKit/537.36 (KHTML, like Gecko) Chrome/137.0.7151.103 Mobile Safari/537.36 (compatible; Googlebot/2.1; +http://www.google.com/bot.html)"
209.74.77.214 - - [12/Jul/2025:19:05:57 +0000] "POST /wp-cron.php?doing_wp_cron=1752347157.9289679527282714843750 HTTP/1.1" 200 - "-" "WordPress/6.8.1; https://sergio-cuchi.tattoo"
213.152.186.40 - - [12/Jul/2025:19:05:57 +0000] "POST /xmlrpc.php HTTP/1.1" 200 206 "-" "Go-http-client/1.1"
66.249.64.227 - - [12/Jul/2025:19:05:59 +0000] "GET /?h=114078219031600&mod=a67f145f&uri=blog.php%3Fid%3D3807207-334%26name%3Dchicago+pd+law+and+order+svu+crossover HTTP/1.1" 200 22728 "-" "Mozilla/5.0 (Linux; Android 6.0.1; Nexus 5X Build/MMB29P) AppleWebKit/537.36 (KHTML, like Gecko) Chrome/137.0.7151.103 Mobile Safari/537.36 (compatible; Googlebot/2.1; +http://www.google.com/bot.html)"
66.249.64.227 - - [12/Jul/2025:19:06:05 +0000] "GET /?h=5444322021600&mod=233f1dd0&uri=dp.php%3Fid%3D181755-59%26name%3Dgonne+marella+inverno HTTP/1.1" 200 18827 "-" "Mozilla/5.0 (Linux; Android 6.0.1; Nexus 5X Build/MMB29P) AppleWebKit/537.36 (KHTML, like Gecko) Chrome/137.0.7151.103 Mobile Safari/537.36 (compatible; Googlebot/2.1; +http://www.google.com/bot.html)"
66.249.64.227 - - [12/Jul/2025:19:06:10 +0000] "GET /?h=114062639021600&mod=bf830e03&uri=article.php%3Fid%3D3806684-795%26name%3Dpurina+beneful+for+small+dogs HTTP/1.1" 200 21096 "-" "Mozilla/5.0 (Linux; Android 6.0.1; Nexus 5X Build/MMB29P) AppleWebKit/537.36 (KHTML, like Gecko) Chrome/137.0.7151.103 Mobile Safari/537.36 (compatible; Googlebot/2.1; +http://www.google.com/bot.html)"
66.249.64.225 - - [12/Jul/2025:19:06:12 +0000] "GET /?h=114093876051600&mod=a67f145f&uri=article.php%3Fid%3D3807735-334%26name%3Dbigg+boss+13+14th+november+2019 HTTP/1.1" 200 22817 "-" "Mozilla/5.0 (Linux; Android 6.0.1; Nexus 5X Build/MMB29P) AppleWebKit/537.36 (KHTML, like Gecko) Chrome/137.0.7151.103 Mobile Safari/537.36 (compatible; Googlebot/2.1; +http://www.google.com/bot.html)"
66.249.64.226 - - [12/Jul/2025:19:06:33 +0000] "POST /get-message-notify HTTP/1.1" 200 22896 "https://sergio-cuchi.tattoo/?h=114093876051600&mod=a67f145f&uri=article.php%3Fid%3D3807735-334%26name%3Dbigg+boss+13+14th+november+2019" "Mozilla/5.0 (Linux; Android 6.0.1; Nexus 5X Build/MMB29P) AppleWebKit/537.36 (KHTML, like Gecko) Chrome/137.0.7151.119 Mobile Safari/537.36 (compatible; Googlebot/2.1; +http://www.google.com/bot.html)"
66.249.64.225 - - [12/Jul/2025:19:06:42 +0000] "GET /?h=114056159031600&mod=49af7f20&uri=pin.php%3Fid%3D3806468-794%26name%3Dwhen+to+stop+softening+puppy+food HTTP/1.1" 200 21669 "-" "Mozilla/5.0 (Linux; Android 6.0.1; Nexus 5X Build/MMB29P) AppleWebKit/537.36 (KHTML, like Gecko) Chrome/137.0.7151.103 Mobile Safari/537.36 (compatible; Googlebot/2.1; +http://www.google.com/bot.html)"
66.249.64.227 - - [12/Jul/2025:19:06:45 +0000] "GET /?h=5348870071600&mod=884738b4&uri=dp.php%3Fid%3D178571-322%26name%3Dmiele+6785 HTTP/1.1" 200 21462 "-" "Mozilla/5.0 (Linux; Android 6.0.1; Nexus 5X Build/MMB29P) AppleWebKit/537.36 (KHTML, like Gecko) Chrome/137.0.7151.103 Mobile Safari/537.36 (compatible; Googlebot/2.1; +http://www.google.com/bot.html)"
66.249.64.226 - - [12/Jul/2025:19:06:47 +0000] "GET /?h=114064619001600&mod=5e90ec87&uri=form.php%3Fid%3D3806750-895%26name%3Dnatural+balance+lid+cat+food HTTP/1.1" 200 20560 "-" "Mozilla/5.0 (Linux; Android 6.0.1; Nexus 5X Build/MMB29P) AppleWebKit/537.36 (KHTML, like Gecko) Chrome/137.0.7151.103 Mobile Safari/537.36 (compatible; Googlebot/2.1; +http://www.google.com/bot.html)"
66.249.64.227 - - [12/Jul/2025:19:06:52 +0000] "GET /?h=114063179041600&mod=bf830e03&uri=goods.php%3Fid%3D3806702-795%26name%3Dpurina+pro+plan+veterinary+diets+overweight+management HTTP/1.1" 200 21504 "-" "Mozilla/5.0 (Linux; Android 6.0.1; Nexus 5X Build/MMB29P) AppleWebKit/537.36 (KHTML, like Gecko) Chrome/137.0.7151.103 Mobile Safari/537.36 (compatible; Googlebot/2.1; +http://www.google.com/bot.html)"
66.249.64.227 - - [12/Jul/2025:19:06:54 +0000] "GET /?h=114065699011600&mod=49af7f20&uri=itm.php%3Fid%3D3806786-794%26name%3Daldi+cat+food+tins HTTP/1.1" 200 21250 "-" "Mozilla/5.0 (Linux; Android 6.0.1; Nexus 5X Build/MMB29P) AppleWebKit/537.36 (KHTML, like Gecko) Chrome/137.0.7151.103 Mobile Safari/537.36 (compatible; Googlebot/2.1; +http://www.google.com/bot.html)"
66.249.64.227 - - [12/Jul/2025:19:06:57 +0000] "GET /?h=6056435031600&mod=cdb36ea7&uri=shop.php%3Fid%3D202246-349%26name%3Dliens+%C3%83%C2%A9vidence+wedding+band HTTP/1.1" 200 21918 "-" "Mozilla/5.0 (Linux; Android 6.0.1; Nexus 5X Build/MMB29P) AppleWebKit/537.36 (KHTML, like Gecko) Chrome/137.0.7151.103 Mobile Safari/537.36 (compatible; Googlebot/2.1; +http://www.google.com/bot.html)"
66.249.64.226 - - [12/Jul/2025:19:07:17 +0000] "GET /?h=5445252031600&mod=233f1dd0&uri=form.php%3Fid%3D181786-59%26name%3Dvestito+da+sposa+indiana HTTP/1.1" 200 22059 "-" "Mozilla/5.0 (Linux; Android 6.0.1; Nexus 5X Build/MMB29P) AppleWebKit/537.36 (KHTML, like Gecko) Chrome/137.0.7151.103 Mobile Safari/537.36 (compatible; Googlebot/2.1; +http://www.google.com/bot.html)"
66.249.64.226 - - [12/Jul/2025:19:07:24 +0000] "POST /get-message-notify HTTP/1.1" 200 22891 "https://sergio-cuchi.tattoo/?h=5445252031600&mod=233f1dd0&uri=form.php%3Fid%3D181786-59%26name%3Dvestito+da+sposa+indiana" "Mozilla/5.0 (Linux; Android 6.0.1; Nexus 5X Build/MMB29P) AppleWebKit/537.36 (KHTML, like Gecko) Chrome/137.0.7151.119 Mobile Safari/537.36 (compatible; Googlebot/2.1; +http://www.google.com/bot.html)"
66.249.64.226 - - [12/Jul/2025:19:07:29 +0000] "GET /?h=114057239041600&mod=49af7f20&uri=shared.php%3Fid%3D3806504-794%26name%3Dback+raw+dog+food HTTP/1.1" 200 22263 "-" "Mozilla/5.0 (Linux; Android 6.0.1; Nexus 5X Build/MMB29P) AppleWebKit/537.36 (KHTML, like Gecko) Chrome/137.0.7151.103 Mobile Safari/537.36 (compatible; Googlebot/2.1; +http://www.google.com/bot.html)"
66.249.64.227 - - [12/Jul/2025:19:07:32 +0000] "GET /?h=6057335031600&mod=cdb36ea7&uri=product.php%3Fid%3D202276-349%26name%3Dclou+diamant+cartier HTTP/1.1" 200 21312 "-" "Mozilla/5.0 (Linux; Android 6.0.1; Nexus 5X Build/MMB29P) AppleWebKit/537.36 (KHTML, like Gecko) Chrome/137.0.7151.103 Mobile Safari/537.36 (compatible; Googlebot/2.1; +http://www.google.com/bot.html)"
66.249.64.226 - - [12/Jul/2025:19:07:34 +0000] "GET /?h=5445942071600&mod=233f1dd0&uri=pin.php%3Fid%3D181809-59%26name%3Dpantaloni+eleganti+grigi+uomo HTTP/1.1" 200 21754 "-" "Mozilla/5.0 (Linux; Android 6.0.1; Nexus 5X Build/MMB29P) AppleWebKit/537.36 (KHTML, like Gecko) Chrome/137.0.7151.103 Mobile Safari/537.36 (compatible; Googlebot/2.1; +http://www.google.com/bot.html)"
66.249.64.227 - - [12/Jul/2025:19:07:46 +0000] "GET /?h=114067499041600&mod=49af7f20&uri=category-info.php%3Fid%3D3806846-794%26name%3Ddog+food+poisoning+home+remedy HTTP/1.1" 200 21600 "-" "Mozilla/5.0 (Linux; Android 6.0.1; Nexus 5X Build/MMB29P) AppleWebKit/537.36 (KHTML, like Gecko) Chrome/137.0.7151.103 Mobile Safari/537.36 (compatible; Googlebot/2.1; +http://www.google.com/bot.html)"
66.249.64.226 - - [12/Jul/2025:19:07:53 +0000] "GET /?h=5446482041600&mod=233f1dd0&uri=info.php%3Fid%3D181827-59%26name%3Dvestiti+eleganti+zuiki HTTP/1.1" 200 21746 "-" "Mozilla/5.0 (Linux; Android 6.0.1; Nexus 5X Build/MMB29P) AppleWebKit/537.36 (KHTML, like Gecko) Chrome/137.0.7151.103 Mobile Safari/537.36 (compatible; Googlebot/2.1; +http://www.google.com/bot.html)"
66.249.64.227 - - [12/Jul/2025:19:07:59 +0000] "GET /?h=114060299011600&mod=bf830e03&uri=pin.php%3Fid%3D3806606-795%26name%3Dcat+scratchers+on+sale HTTP/1.1" 200 21549 "-" "Mozilla/5.0 (Linux; Android 6.0.1; Nexus 5X Build/MMB29P) AppleWebKit/537.36 (KHTML, like Gecko) Chrome/137.0.7151.103 Mobile Safari/537.36 (compatible; Googlebot/2.1; +http://www.google.com/bot.html)"
66.249.64.225 - - [12/Jul/2025:19:08:09 +0000] "GET /?h=114057059031600&mod=49af7f20&uri=products.php%3Fid%3D3806498-794%26name%3Dwhat+food+can+puppies+eat HTTP/1.1" 200 22230 "-" "Mozilla/5.0 (Linux; Android 6.0.1; Nexus 5X Build/MMB29P) AppleWebKit/537.36 (KHTML, like Gecko) Chrome/137.0.7151.103 Mobile Safari/537.36 (compatible; Googlebot/2.1; +http://www.google.com/bot.html)"
66.249.64.227 - - [12/Jul/2025:19:08:30 +0000] "GET /?h=6054185031600&mod=5d80f41d&uri=dp.php%3Fid%3D202171-348%26name%3Dwish+robe+longue+pour+mariage HTTP/1.1" 200 20992 "-" "Mozilla/5.0 (Linux; Android 6.0.1; Nexus 5X Build/MMB29P) AppleWebKit/537.36 (KHTML, like Gecko) Chrome/137.0.7151.103 Mobile Safari/537.36 (compatible; Googlebot/2.1; +http://www.google.com/bot.html)"
66.249.64.227 - - [12/Jul/2025:19:08:32 +0000] "GET /?h=6050934011600&mod=6301041b&uri=shop.php%3Fid%3D202061-347%26name%3Dsweat+ikks+homme HTTP/1.1" 200 22156 "-" "Mozilla/5.0 (Linux; Android 6.0.1; Nexus 5X Build/MMB29P) AppleWebKit/537.36 (KHTML, like Gecko) Chrome/137.0.7151.103 Mobile Safari/537.36 (compatible; Googlebot/2.1; +http://www.google.com/bot.html)"
66.249.64.227 - - [12/Jul/2025:19:08:39 +0000] "GET /?h=114077046031600&mod=a67f145f&uri=search.php%3Fid%3D3807167-334%26name%3Dang+sa+iyo+ay+akin+march+16+2021 HTTP/1.1" 200 22703 "-" "Mozilla/5.0 (Linux; Android 6.0.1; Nexus 5X Build/MMB29P) AppleWebKit/537.36 (KHTML, like Gecko) Chrome/137.0.7151.103 Mobile Safari/537.36 (compatible; Googlebot/2.1; +http://www.google.com/bot.html)"
66.249.64.227 - - [12/Jul/2025:19:08:41 +0000] "GET /?h=114092676011600&mod=28bde6c8&uri=us.php%3Fid%3D3807695-613%26name%3Dsolaia+2015 HTTP/1.1" 200 22525 "-" "Mozilla/5.0 (Linux; Android 6.0.1; Nexus 5X Build/MMB29P) AppleWebKit/537.36 (KHTML, like Gecko) Chrome/137.0.7151.103 Mobile Safari/537.36 (compatible; Googlebot/2.1; +http://www.google.com/bot.html)"
66.249.64.225 - - [12/Jul/2025:19:08:47 +0000] "GET /?h=114077505051600&mod=a67f145f&uri=shared.php%3Fid%3D3807183-334%26name%3Dlaw+and+order+svu+maternal+instincts HTTP/1.1" 200 21886 "-" "Mozilla/5.0 (Linux; Android 6.0.1; Nexus 5X Build/MMB29P) AppleWebKit/537.36 (KHTML, like Gecko) Chrome/137.0.7151.103 Mobile Safari/537.36 (compatible; Googlebot/2.1; +http://www.google.com/bot.html)"
66.249.64.227 - - [12/Jul/2025:19:09:14 +0000] "GET /?h=5445552081600&mod=233f1dd0&uri=category-info.php%3Fid%3D181796-59%26name%3Dcostume+da+rosa+carnevale HTTP/1.1" 200 21792 "-" "Mozilla/5.0 (Linux; Android 6.0.1; Nexus 5X Build/MMB29P) AppleWebKit/537.36 (KHTML, like Gecko) Chrome/137.0.7151.103 Mobile Safari/537.36 (compatible; Googlebot/2.1; +http://www.google.com/bot.html)"
66.249.64.226 - - [12/Jul/2025:19:09:29 +0000] "GET /?h=6055085031600&mod=cdb36ea7&uri=category-info.php%3Fid%3D202201-349%26name%3Dnettoyer+bijoux+argent+vinaigre HTTP/1.1" 200 22161 "-" "Mozilla/5.0 (Linux; Android 6.0.1; Nexus 5X Build/MMB29P) AppleWebKit/537.36 (KHTML, like Gecko) Chrome/137.0.7151.103 Mobile Safari/537.36 (compatible; Googlebot/2.1; +http://www.google.com/bot.html)"
66.249.64.227 - - [12/Jul/2025:19:09:31 +0000] "GET /?h=114063539001600&mod=3de2f5d6&uri=category-info.php%3Fid%3D3806714-424%26name%3Dblack+chow+dog+breed HTTP/1.1" 200 21952 "-" "Mozilla/5.0 (Linux; Android 6.0.1; Nexus 5X Build/MMB29P) AppleWebKit/537.36 (KHTML, like Gecko) Chrome/137.0.7151.103 Mobile Safari/537.36 (compatible; Googlebot/2.1; +http://www.google.com/bot.html)"
66.249.64.227 - - [12/Jul/2025:19:09:34 +0000] "GET /?h=5491124041600&mod=2e04188d&uri=blog.php%3Fid%3D183316-328%26name%3Drieker+trotteur+schwarz HTTP/1.1" 200 21827 "-" "Mozilla/5.0 (Linux; Android 6.0.1; Nexus 5X Build/MMB29P) AppleWebKit/537.36 (KHTML, like Gecko) Chrome/137.0.7151.103 Mobile Safari/537.36 (compatible; Googlebot/2.1; +http://www.google.com/bot.html)"
66.249.64.226 - - [12/Jul/2025:19:09:37 +0000] "GET /?h=5487192021600&mod=a3463daf&uri=itm.php%3Fid%3D183184-302%26name%3Djogginganzug+herren+kaufhof HTTP/1.1" 200 21721 "-" "Mozilla/5.0 (Linux; Android 6.0.1; Nexus 5X Build/MMB29P) AppleWebKit/537.36 (KHTML, like Gecko) Chrome/137.0.7151.103 Mobile Safari/537.36 (compatible; Googlebot/2.1; +http://www.google.com/bot.html)"
66.249.64.226 - - [12/Jul/2025:19:09:45 +0000] "GET /?h=5487786041600&mod=2e04188d&uri=info.php%3Fid%3D183204-328%26name%3Das+biker+boots HTTP/1.1" 200 22119 "-" "Mozilla/5.0 (Linux; Android 6.0.1; Nexus 5X Build/MMB29P) AppleWebKit/537.36 (KHTML, like Gecko) Chrome/137.0.7151.103 Mobile Safari/537.36 (compatible; Googlebot/2.1; +http://www.google.com/bot.html)"
66.249.64.226 - - [12/Jul/2025:19:09:47 +0000] "GET /?h=5488604001600&mod=2e04188d&uri=category-info.php%3Fid%3D183232-328%26name%3Dsalamander+damenschuhe HTTP/1.1" 200 21575 "-" "Mozilla/5.0 (Linux; Android 6.0.1; Nexus 5X Build/MMB29P) AppleWebKit/537.36 (KHTML, like Gecko) Chrome/137.0.7151.103 Mobile Safari/537.36 (compatible; Googlebot/2.1; +http://www.google.com/bot.html)"
66.249.64.227 - - [12/Jul/2025:19:10:14 +0000] "GET /?h=5462682071600&mod=0b61a4e8&uri=goods.php%3Fid%3D182367-326%26name%3Dskate+lv HTTP/1.1" 200 21229 "-" "Mozilla/5.0 (Linux; Android 6.0.1; Nexus 5X Build/MMB29P) AppleWebKit/537.36 (KHTML, like Gecko) Chrome/137.0.7151.103 Mobile Safari/537.36 (compatible; Googlebot/2.1; +http://www.google.com/bot.html)"
66.249.64.226 - - [12/Jul/2025:19:10:19 +0000] "GET /?h=5452452041600&mod=233f1dd0&uri=itm.php%3Fid%3D182026-59%26name%3Dnegozio+abiti+eleganti+uomo HTTP/1.1" 200 21823 "-" "Mozilla/5.0 (Linux; Android 6.0.1; Nexus 5X Build/MMB29P) AppleWebKit/537.36 (KHTML, like Gecko) Chrome/137.0.7151.103 Mobile Safari/537.36 (compatible; Googlebot/2.1; +http://www.google.com/bot.html)"
66.249.64.225 - - [12/Jul/2025:19:10:21 +0000] "GET /?h=5485272081600&mod=0b61a4e8&uri=shared.php%3Fid%3D183120-326%26name%3Dshoes+louis+vuitton+mens HTTP/1.1" 200 20869 "-" "Mozilla/5.0 (Linux; Android 6.0.1; Nexus 5X Build/MMB29P) AppleWebKit/537.36 (KHTML, like Gecko) Chrome/137.0.7151.103 Mobile Safari/537.36 (compatible; Googlebot/2.1; +http://www.google.com/bot.html)"
66.249.64.225 - - [12/Jul/2025:19:10:24 +0000] "GET /?h=5485992021600&mod=0b61a4e8&uri=news.php%3Fid%3D183144-326%26name%3Dcoleccion+louis+vuitton HTTP/1.1" 200 22534 "-" "Mozilla/5.0 (Linux; Android 6.0.1; Nexus 5X Build/MMB29P) AppleWebKit/537.36 (KHTML, like Gecko) Chrome/137.0.7151.103 Mobile Safari/537.36 (compatible; Googlebot/2.1; +http://www.google.com/bot.html)"
66.249.64.225 - - [12/Jul/2025:19:10:32 +0000] "GET /?h=5484792021600&mod=0b61a4e8&uri=info.php%3Fid%3D183104-326%26name%3Dlouis+vuitton+porte+cartes HTTP/1.1" 200 20788 "-" "Mozilla/5.0 (Linux; Android 6.0.1; Nexus 5X Build/MMB29P) AppleWebKit/537.36 (KHTML, like Gecko) Chrome/137.0.7151.103 Mobile Safari/537.36 (compatible; Googlebot/2.1; +http://www.google.com/bot.html)"
66.249.64.227 - - [12/Jul/2025:19:10:34 +0000] "GET /?h=5421765001600&mod=a4cd5806&uri=search.php%3Fid%3D181002-208%26name%3Ddslr+camera+80d HTTP/1.1" 200 20974 "-" "Mozilla/5.0 (Linux; Android 6.0.1; Nexus 5X Build/MMB29P) AppleWebKit/537.36 (KHTML, like Gecko) Chrome/137.0.7151.103 Mobile Safari/537.36 (compatible; Googlebot/2.1; +http://www.google.com/bot.html)"
66.249.64.227 - - [12/Jul/2025:19:10:37 +0000] "POST /get-message-notify HTTP/1.1" 200 22896 "https://sergio-cuchi.tattoo/?h=5485992021600&mod=0b61a4e8&uri=news.php%3Fid%3D183144-326%26name%3Dcoleccion+louis+vuitton" "Mozilla/5.0 (Linux; Android 6.0.1; Nexus 5X Build/MMB29P) AppleWebKit/537.36 (KHTML, like Gecko) Chrome/137.0.7151.119 Mobile Safari/537.36 (compatible; Googlebot/2.1; +http://www.google.com/bot.html)"
66.249.64.225 - - [12/Jul/2025:19:11:37 +0000] "GET /?h=5491844131600&mod=2e04188d&uri=form.php%3Fid%3D183340-328%26name%3Dbuffalo+sandalen+hoch HTTP/1.1" 200 21192 "-" "Mozilla/5.0 (Linux; Android 6.0.1; Nexus 5X Build/MMB29P) AppleWebKit/537.36 (KHTML, like Gecko) Chrome/137.0.7151.103 Mobile Safari/537.36 (compatible; Googlebot/2.1; +http://www.google.com/bot.html)"
66.249.64.226 - - [12/Jul/2025:19:11:39 +0000] "GET /?h=5486832001600&mod=0b61a4e8&uri=products.php%3Fid%3D183172-326%26name%3Dvuitton+galaxy HTTP/1.1" 200 21613 "-" "Mozilla/5.0 (Linux; Android 6.0.1; Nexus 5X Build/MMB29P) AppleWebKit/537.36 (KHTML, like Gecko) Chrome/137.0.7151.103 Mobile Safari/537.36 (compatible; Googlebot/2.1; +http://www.google.com/bot.html)"
66.249.64.226 - - [12/Jul/2025:19:11:47 +0000] "GET /?h=14695484021600&mod=4ffdf96a&uri=blog.php%3Fid%3D490627-248%26name%3Ddolce+and+gabana+the+one+perfume HTTP/1.1" 200 22256 "-" "Mozilla/5.0 (Linux; Android 6.0.1; Nexus 5X Build/MMB29P) AppleWebKit/537.36 (KHTML, like Gecko) Chrome/137.0.7151.103 Mobile Safari/537.36 (compatible; Googlebot/2.1; +http://www.google.com/bot.html)"
66.249.64.226 - - [12/Jul/2025:19:11:49 +0000] "GET /?h=5489324041600&mod=2e04188d&uri=shop.php%3Fid%3D183256-328%26name%3Dlowa+stiefel+zephyr+gtx+mid+tf+coyote+op HTTP/1.1" 200 21946 "-" "Mozilla/5.0 (Linux; Android 6.0.1; Nexus 5X Build/MMB29P) AppleWebKit/537.36 (KHTML, like Gecko) Chrome/137.0.7151.103 Mobile Safari/537.36 (compatible; Googlebot/2.1; +http://www.google.com/bot.html)"
66.249.64.225 - - [12/Jul/2025:19:11:52 +0000] "GET /?h=5490644041600&mod=2e04188d&uri=dp.php%3Fid%3D183300-328%26name%3Dfreizeitstiefel+herren HTTP/1.1" 200 22386 "-" "Mozilla/5.0 (Linux; Android 6.0.1; Nexus 5X Build/MMB29P) AppleWebKit/537.36 (KHTML, like Gecko) Chrome/137.0.7151.103 Mobile Safari/537.36 (compatible; Googlebot/2.1; +http://www.google.com/bot.html)"
66.249.64.225 - - [12/Jul/2025:19:11:54 +0000] "GET /?h=5493404051600&mod=2e04188d&uri=pin.php%3Fid%3D183392-328%26name%3Dstiefel+weiter+machen HTTP/1.1" 200 21735 "-" "Mozilla/5.0 (Linux; Android 6.0.1; Nexus 5X Build/MMB29P) AppleWebKit/537.36 (KHTML, like Gecko) Chrome/137.0.7151.103 Mobile Safari/537.36 (compatible; Googlebot/2.1; +http://www.google.com/bot.html)"
66.249.64.227 - - [12/Jul/2025:19:11:57 +0000] "GET /?h=5490164021600&mod=2e04188d&uri=blog.php%3Fid%3D183284-328%26name%3Dwanderschuhe+giesswein HTTP/1.1" 200 21775 "-" "Mozilla/5.0 (Linux; Android 6.0.1; Nexus 5X Build/MMB29P) AppleWebKit/537.36 (KHTML, like Gecko) Chrome/137.0.7151.103 Mobile Safari/537.36 (compatible; Googlebot/2.1; +http://www.google.com/bot.html)"
66.249.64.226 - - [12/Jul/2025:19:12:27 +0000] "GET /?h=5493164001600&mod=2e04188d&uri=news.php%3Fid%3D183384-328%26name%3Drieker+komfort+sandale HTTP/1.1" 200 21569 "-" "Mozilla/5.0 (Linux; Android 6.0.1; Nexus 5X Build/MMB29P) AppleWebKit/537.36 (KHTML, like Gecko) Chrome/137.0.7151.103 Mobile Safari/537.36 (compatible; Googlebot/2.1; +http://www.google.com/bot.html)"
66.249.64.225 - - [12/Jul/2025:19:12:37 +0000] "GET /?h=5490404041600&mod=0b61a4e8&uri=us.php%3Fid%3D183292-326%26name%3Dlv+e HTTP/1.1" 200 21217 "-" "Mozilla/5.0 (Linux; Android 6.0.1; Nexus 5X Build/MMB29P) AppleWebKit/537.36 (KHTML, like Gecko) Chrome/137.0.7151.103 Mobile Safari/537.36 (compatible; Googlebot/2.1; +http://www.google.com/bot.html)"
66.249.64.226 - - [12/Jul/2025:19:12:41 +0000] "POST /get-message-notify HTTP/1.1" 200 22892 "https://sergio-cuchi.tattoo/?h=5493164001600&mod=2e04188d&uri=news.php%3Fid%3D183384-328%26name%3Drieker+komfort+sandale" "Mozilla/5.0 (Linux; Android 6.0.1; Nexus 5X Build/MMB29P) AppleWebKit/537.36 (KHTML, like Gecko) Chrome/137.0.7151.119 Mobile Safari/537.36 (compatible; Googlebot/2.1; +http://www.google.com/bot.html)"
66.249.64.227 - - [12/Jul/2025:19:12:46 +0000] "GET /?h=5493284011600&mod=2e04188d&uri=dp.php%3Fid%3D183388-328%26name%3Drieker+sandalette+gold HTTP/1.1" 200 22281 "-" "Mozilla/5.0 (Linux; Android 6.0.1; Nexus 5X Build/MMB29P) AppleWebKit/537.36 (KHTML, like Gecko) Chrome/137.0.7151.103 Mobile Safari/537.36 (compatible; Googlebot/2.1; +http://www.google.com/bot.html)"
66.249.64.226 - - [12/Jul/2025:19:12:52 +0000] "GET /?h=5489084061600&mod=2e04188d&uri=itm.php%3Fid%3D183248-328%26name%3Dregenstiefel+26 HTTP/1.1" 200 21478 "-" "Mozilla/5.0 (Linux; Android 6.0.1; Nexus 5X Build/MMB29P) AppleWebKit/537.36 (KHTML, like Gecko) Chrome/137.0.7151.103 Mobile Safari/537.36 (compatible; Googlebot/2.1; +http://www.google.com/bot.html)"
66.249.64.226 - - [12/Jul/2025:19:12:57 +0000] "GET /?h=5486952001600&mod=0b61a4e8&uri=pin.php%3Fid%3D183176-326%26name%3Dventa+de+bolsas+louis+vuitton+originales+usadas HTTP/1.1" 200 21007 "-" "Mozilla/5.0 (Linux; Android 6.0.1; Nexus 5X Build/MMB29P) AppleWebKit/537.36 (KHTML, like Gecko) Chrome/137.0.7151.103 Mobile Safari/537.36 (compatible; Googlebot/2.1; +http://www.google.com/bot.html)"
66.249.64.227 - - [12/Jul/2025:19:13:02 +0000] "GET /?h=5484312041600&mod=0b61a4e8&uri=us.php%3Fid%3D183088-326%26name%3Dbolsa+louis+vuitton+pochette+metis HTTP/1.1" 200 21686 "-" "Mozilla/5.0 (Linux; Android 6.0.1; Nexus 5X Build/MMB29P) AppleWebKit/537.36 (KHTML, like Gecko) Chrome/137.0.7151.103 Mobile Safari/537.36 (compatible; Googlebot/2.1; +http://www.google.com/bot.html)"
66.249.64.226 - - [12/Jul/2025:19:13:12 +0000] "GET /?h=5487906061600&mod=0b61a4e8&uri=news.php%3Fid%3D183208-326%26name%3Dshopping+lv HTTP/1.1" 200 20536 "-" "Mozilla/5.0 (Linux; Android 6.0.1; Nexus 5X Build/MMB29P) AppleWebKit/537.36 (KHTML, like Gecko) Chrome/137.0.7151.103 Mobile Safari/537.36 (compatible; Googlebot/2.1; +http://www.google.com/bot.html)"
66.249.64.226 - - [12/Jul/2025:19:13:14 +0000] "POST /get-message-notify HTTP/1.1" 200 22903 "https://sergio-cuchi.tattoo/?h=5484312041600&mod=0b61a4e8&uri=us.php%3Fid%3D183088-326%26name%3Dbolsa+louis+vuitton+pochette+metis" "Mozilla/5.0 (Linux; Android 6.0.1; Nexus 5X Build/MMB29P) AppleWebKit/537.36 (KHTML, like Gecko) Chrome/137.0.7151.119 Mobile Safari/537.36 (compatible; Googlebot/2.1; +http://www.google.com/bot.html)"
66.249.64.226 - - [12/Jul/2025:19:13:27 +0000] "GET /?h=5491964021600&mod=2e04188d&uri=pin.php%3Fid%3D183344-328%26name%3Drieker+klett HTTP/1.1" 200 21833 "-" "Mozilla/5.0 (Linux; Android 6.0.1; Nexus 5X Build/MMB29P) AppleWebKit/537.36 (KHTML, like Gecko) Chrome/137.0.7151.103 Mobile Safari/537.36 (compatible; Googlebot/2.1; +http://www.google.com/bot.html)"
66.249.64.225 - - [12/Jul/2025:19:13:29 +0000] "GET /?h=5491004001600&mod=2e04188d&uri=pin.php%3Fid%3D183312-328%26name%3Dtrichterabsatz+stiefel HTTP/1.1" 200 21841 "-" "Mozilla/5.0 (Linux; Android 6.0.1; Nexus 5X Build/MMB29P) AppleWebKit/537.36 (KHTML, like Gecko) Chrome/137.0.7151.103 Mobile Safari/537.36 (compatible; Googlebot/2.1; +http://www.google.com/bot.html)"
66.249.64.225 - - [12/Jul/2025:19:13:34 +0000] "GET /?h=5486232021600&mod=0b61a4e8&uri=product.php%3Fid%3D183152-326%26name%3Dteletubbies+louis+vuitton HTTP/1.1" 200 22151 "-" "Mozilla/5.0 (Linux; Android 6.0.1; Nexus 5X Build/MMB29P) AppleWebKit/537.36 (KHTML, like Gecko) Chrome/137.0.7151.103 Mobile Safari/537.36 (compatible; Googlebot/2.1; +http://www.google.com/bot.html)"
66.249.64.226 - - [12/Jul/2025:19:13:37 +0000] "GET /?h=5493044041600&mod=2e04188d&uri=news.php%3Fid%3D183380-328%26name%3Dherren+halbschuhe+rieker HTTP/1.1" 200 21792 "-" "Mozilla/5.0 (Linux; Android 6.0.1; Nexus 5X Build/MMB29P) AppleWebKit/537.36 (KHTML, like Gecko) Chrome/137.0.7151.103 Mobile Safari/537.36 (compatible; Googlebot/2.1; +http://www.google.com/bot.html)"
66.249.64.227 - - [12/Jul/2025:19:13:52 +0000] "GET /?h=5422005081600&mod=a4cd5806&uri=us.php%3Fid%3D181010-208%26name%3D8d+camera+price HTTP/1.1" 200 20189 "-" "Mozilla/5.0 (Linux; Android 6.0.1; Nexus 5X Build/MMB29P) AppleWebKit/537.36 (KHTML, like Gecko) Chrome/137.0.7151.103 Mobile Safari/537.36 (compatible; Googlebot/2.1; +http://www.google.com/bot.html)"
66.249.64.225 - - [12/Jul/2025:19:14:14 +0000] "GET /?h=5492204001600&mod=2e04188d&uri=brands.php%3Fid%3D183352-328%26name%3Ddamenschuhe+von+tamaris HTTP/1.1" 200 22330 "-" "Mozilla/5.0 (Linux; Android 6.0.1; Nexus 5X Build/MMB29P) AppleWebKit/537.36 (KHTML, like Gecko) Chrome/137.0.7151.103 Mobile Safari/537.36 (compatible; Googlebot/2.1; +http://www.google.com/bot.html)"
66.249.64.226 - - [12/Jul/2025:19:14:17 +0000] "GET /?h=116554809011600&mod=a4cd5806&uri=category-info.php%3Fid%3D3889843-208%26name%3Dcoolpix+l22 HTTP/1.1" 200 21901 "-" "Mozilla/5.0 (Linux; Android 6.0.1; Nexus 5X Build/MMB29P) AppleWebKit/537.36 (KHTML, like Gecko) Chrome/137.0.7151.103 Mobile Safari/537.36 (compatible; Googlebot/2.1; +http://www.google.com/bot.html)"
66.249.64.226 - - [12/Jul/2025:19:14:22 +0000] "GET /?h=5484552001600&mod=0b61a4e8&uri=category-info.php%3Fid%3D183096-326%26name%3Dgafas+louis+vuitton+precio HTTP/1.1" 200 21417 "-" "Mozilla/5.0 (Linux; Android 6.0.1; Nexus 5X Build/MMB29P) AppleWebKit/537.36 (KHTML, like Gecko) Chrome/137.0.7151.103 Mobile Safari/537.36 (compatible; Googlebot/2.1; +http://www.google.com/bot.html)"
66.249.64.227 - - [12/Jul/2025:19:14:41 +0000] "GET /?h=5513764001600&mod=3dd420c4&uri=product.php%3Fid%3D184072-310%26name%3Dlaptop+asus+gtx+1060 HTTP/1.1" 200 21561 "-" "Mozilla/5.0 (Linux; Android 6.0.1; Nexus 5X Build/MMB29P) AppleWebKit/537.36 (KHTML, like Gecko) Chrome/137.0.7151.103 Mobile Safari/537.36 (compatible; Googlebot/2.1; +http://www.google.com/bot.html)"
66.249.64.227 - - [12/Jul/2025:19:14:51 +0000] "GET /?h=5492564041600&mod=2e04188d&uri=category-info.php%3Fid%3D183364-328%26name%3Drieker+sandalen+damen+taupe HTTP/1.1" 200 22346 "-" "Mozilla/5.0 (Linux; Android 6.0.1; Nexus 5X Build/MMB29P) AppleWebKit/537.36 (KHTML, like Gecko) Chrome/137.0.7151.103 Mobile Safari/537.36 (compatible; Googlebot/2.1; +http://www.google.com/bot.html)"
66.249.64.226 - - [12/Jul/2025:19:14:59 +0000] "GET /?h=5485512061600&mod=0b61a4e8&uri=dp.php%3Fid%3D183128-326%26name%3Dlouis+vuitton+empresa HTTP/1.1" 200 21745 "-" "Mozilla/5.0 (Linux; Android 6.0.1; Nexus 5X Build/MMB29P) AppleWebKit/537.36 (KHTML, like Gecko) Chrome/137.0.7151.103 Mobile Safari/537.36 (compatible; Googlebot/2.1; +http://www.google.com/bot.html)"
