66.249.64.226 - - [12/Jul/2025:16:27:05 +0000] "POST /get-message-notify HTTP/1.1" 200 22892 "https://sergio-cuchi.tattoo/?h=4727971041600&mod=38b65196&uri=dp.php%3Fid%3D157800-293%26name%3Dmcm+handbags+purses" "Mozilla/5.0 (Linux; Android 6.0.1; Nexus 5X Build/MMB29P) AppleWebKit/537.36 (KHTML, like Gecko) Chrome/137.0.7151.119 Mobile Safari/537.36 (compatible; Googlebot/2.1; +http://www.google.com/bot.html)"
66.249.64.225 - - [12/Jul/2025:16:27:07 +0000] "GET /?h=4722571101600&mod=772adb25&uri=category-info.php%3Fid%3D157620-292%26name%3Dnike+paul+george+shirt HTTP/1.1" 200 21613 "-" "Mozilla/5.0 (Linux; Android 6.0.1; Nexus 5X Build/MMB29P) AppleWebKit/537.36 (KHTML, like Gecko) Chrome/137.0.7151.103 Mobile Safari/537.36 (compatible; Googlebot/2.1; +http://www.google.com/bot.html)"
134.19.178.186 - - [12/Jul/2025:16:27:09 +0000] "POST /xmlrpc.php HTTP/1.1" 200 403 "-" "Mozilla/5.0 (Windows NT 6.1; WOW64; rv:45.0) Gecko/20100101 Firefox/45.0"
66.249.64.227 - - [12/Jul/2025:16:27:11 +0000] "POST /get-message-notify HTTP/1.1" 200 22906 "https://sergio-cuchi.tattoo/?h=4722571101600&mod=772adb25&uri=category-info.php%3Fid%3D157620-292%26name%3Dnike+paul+george+shirt" "Mozilla/5.0 (Linux; Android 6.0.1; Nexus 5X Build/MMB29P) AppleWebKit/537.36 (KHTML, like Gecko) Chrome/137.0.7151.119 Mobile Safari/537.36 (compatible; Googlebot/2.1; +http://www.google.com/bot.html)"
66.249.64.226 - - [12/Jul/2025:16:27:12 +0000] "POST /get-message-notify HTTP/1.1" 200 22901 "https://sergio-cuchi.tattoo/?h=113943373061600&mod=404b686c&uri=products.php%3Fid%3D3802704-219%26name%3Dvokera+boilers+any+good" "Mozilla/5.0 (Linux; Android 6.0.1; Nexus 5X Build/MMB29P) AppleWebKit/537.36 (KHTML, like Gecko) Chrome/137.0.7151.119 Mobile Safari/537.36 (compatible; Googlebot/2.1; +http://www.google.com/bot.html)"
66.249.64.225 - - [12/Jul/2025:16:27:15 +0000] "GET /?h=5986289041600&mod=240f73d9&uri=news.php%3Fid%3D199904-345%26name%3Dpantalones+de+nieve+baratos+mujer HTTP/1.1" 200 20990 "-" "Mozilla/5.0 (Linux; Android 6.0.1; Nexus 5X Build/MMB29P) AppleWebKit/537.36 (KHTML, like Gecko) Chrome/137.0.7151.103 Mobile Safari/537.36 (compatible; Googlebot/2.1; +http://www.google.com/bot.html)"
45.91.133.80 - - [12/Jul/2025:16:27:24 +0000] "POST /xmlrpc.php HTTP/1.1" 200 403 "-" "Mozilla/5.0 (Windows NT 6.1; Win64; x64; rv:57.0) Gecko/20100101 Firefox/57.0"
66.249.64.225 - - [12/Jul/2025:16:27:26 +0000] "GET /?h=4723411041600&mod=772adb25&uri=itm.php%3Fid%3D157648-292%26name%3Dbarcelona+pink+tracksuit HTTP/1.1" 200 21086 "-" "Mozilla/5.0 (Linux; Android 6.0.1; Nexus 5X Build/MMB29P) AppleWebKit/537.36 (KHTML, like Gecko) Chrome/137.0.7151.103 Mobile Safari/537.36 (compatible; Googlebot/2.1; +http://www.google.com/bot.html)"
193.202.110.22 - - [12/Jul/2025:16:27:26 +0000] "POST /xmlrpc.php HTTP/1.1" 200 403 "-" "Mozilla/5.0 (Windows NT 10.0; Win64; x64) AppleWebKit/537.36 (KHTML, like Gecko) Chrome/80.0.3987.132 Safari/537.36"
3.142.105.213 - - [12/Jul/2025:16:27:29 +0000] "POST /xmlrpc.php HTTP/1.1" 200 403 "-" "Mozilla/5.0 (Windows NT 10.0) AppleWebKit/537.36 (KHTML, like Gecko) Chrome/72.0.3626.121 Safari/537.36"
66.249.64.226 - - [12/Jul/2025:16:27:44 +0000] "GET /?h=4724971001600&mod=772adb25&uri=form.php%3Fid%3D157700-292%26name%3Dnike+federer+shoes HTTP/1.1" 200 21231 "-" "Mozilla/5.0 (Linux; Android 6.0.1; Nexus 5X Build/MMB29P) AppleWebKit/537.36 (KHTML, like Gecko) Chrome/137.0.7151.103 Mobile Safari/537.36 (compatible; Googlebot/2.1; +http://www.google.com/bot.html)"
66.249.64.225 - - [12/Jul/2025:16:28:04 +0000] "GET /?h=6170277051600&mod=3fcee1ea&uri=article.php%3Fid%3D206047-296%26name%3Dsab+ko+bhula+dungi+ek+pal+mein HTTP/1.1" 200 22194 "-" "Mozilla/5.0 (Linux; Android 6.0.1; Nexus 5X Build/MMB29P) AppleWebKit/537.36 (KHTML, like Gecko) Chrome/137.0.7151.103 Mobile Safari/537.36 (compatible; Googlebot/2.1; +http://www.google.com/bot.html)"
66.249.64.227 - - [12/Jul/2025:16:28:06 +0000] "GET /?h=4729891021600&mod=6a26c75d&uri=shared.php%3Fid%3D157864-103%26name%3Dbirthday+gift+for+girlfriend+necklace HTTP/1.1" 200 22573 "-" "Mozilla/5.0 (Linux; Android 6.0.1; Nexus 5X Build/MMB29P) AppleWebKit/537.36 (KHTML, like Gecko) Chrome/137.0.7151.103 Mobile Safari/537.36 (compatible; Googlebot/2.1; +http://www.google.com/bot.html)"
66.249.64.226 - - [12/Jul/2025:16:28:08 +0000] "GET /?h=6160132081600&mod=2fcb2666&uri=products.php%3Fid%3D205706-351%26name%3Dvalentino+chaussure+homme+2019 HTTP/1.1" 200 21006 "-" "Mozilla/5.0 (Linux; Android 6.0.1; Nexus 5X Build/MMB29P) AppleWebKit/537.36 (KHTML, like Gecko) Chrome/137.0.7151.103 Mobile Safari/537.36 (compatible; Googlebot/2.1; +http://www.google.com/bot.html)"
66.249.64.226 - - [12/Jul/2025:16:28:09 +0000] "GET /?h=5352942041600&mod=884738b4&uri=brands.php%3Fid%3D178707-322%26name%3Dgdf520psjss HTTP/1.1" 200 21576 "-" "Mozilla/5.0 (Linux; Android 6.0.1; Nexus 5X Build/MMB29P) AppleWebKit/537.36 (KHTML, like Gecko) Chrome/137.0.7151.103 Mobile Safari/537.36 (compatible; Googlebot/2.1; +http://www.google.com/bot.html)"
66.249.64.227 - - [12/Jul/2025:16:28:28 +0000] "GET /?h=5342349031600&mod=abeef011&uri=blog.php%3Fid%3D178353-320%26name%3Dsaucony+ropa HTTP/1.1" 200 21309 "-" "Mozilla/5.0 (Linux; Android 6.0.1; Nexus 5X Build/MMB29P) AppleWebKit/537.36 (KHTML, like Gecko) Chrome/137.0.7151.103 Mobile Safari/537.36 (compatible; Googlebot/2.1; +http://www.google.com/bot.html)"
66.249.64.226 - - [12/Jul/2025:16:28:29 +0000] "GET /?h=4729411031600&mod=772adb25&uri=category-info.php%3Fid%3D157848-292%26name%3Dchelsea+3rd+kit+long+sleeve HTTP/1.1" 200 22208 "-" "Mozilla/5.0 (Linux; Android 6.0.1; Nexus 5X Build/MMB29P) AppleWebKit/537.36 (KHTML, like Gecko) Chrome/137.0.7151.103 Mobile Safari/537.36 (compatible; Googlebot/2.1; +http://www.google.com/bot.html)"
66.249.64.227 - - [12/Jul/2025:16:28:31 +0000] "GET /?h=113513271091600&mod=657538ca&uri=form.php%3Fid%3D3788347-129%26name%3D4g+network+antenna HTTP/1.1" 200 21751 "-" "Mozilla/5.0 (Linux; Android 6.0.1; Nexus 5X Build/MMB29P) AppleWebKit/537.36 (KHTML, like Gecko) Chrome/137.0.7151.103 Mobile Safari/537.36 (compatible; Googlebot/2.1; +http://www.google.com/bot.html)"
66.249.64.226 - - [12/Jul/2025:16:28:33 +0000] "GET /?h=114084800031600&mod=a67f145f&uri=dp.php%3Fid%3D3807429-334%26name%3Dbigg+boss+14+28th+nov+2021 HTTP/1.1" 200 22429 "-" "Mozilla/5.0 (Linux; Android 6.0.1; Nexus 5X Build/MMB29P) AppleWebKit/537.36 (KHTML, like Gecko) Chrome/137.0.7151.103 Mobile Safari/537.36 (compatible; Googlebot/2.1; +http://www.google.com/bot.html)"
66.249.64.225 - - [12/Jul/2025:16:28:39 +0000] "GET /?h=4664659051600&mod=0c6067e0&uri=form.php%3Fid%3D155689-285%26name%3D3t+cubs+jersey HTTP/1.1" 200 20915 "-" "Mozilla/5.0 (Linux; Android 6.0.1; Nexus 5X Build/MMB29P) AppleWebKit/537.36 (KHTML, like Gecko) Chrome/137.0.7151.103 Mobile Safari/537.36 (compatible; Googlebot/2.1; +http://www.google.com/bot.html)"
66.249.64.225 - - [12/Jul/2025:16:28:57 +0000] "GET /?h=4729291001600&mod=6a26c75d&uri=info.php%3Fid%3D157844-103%26name%3Dpdli+share+price HTTP/1.1" 200 21473 "-" "Mozilla/5.0 (Linux; Android 6.0.1; Nexus 5X Build/MMB29P) AppleWebKit/537.36 (KHTML, like Gecko) Chrome/137.0.7151.103 Mobile Safari/537.36 (compatible; Googlebot/2.1; +http://www.google.com/bot.html)"
66.249.64.226 - - [12/Jul/2025:16:29:16 +0000] "GET /?h=32307138051600&mod=0c6067e0&uri=search.php%3Fid%3D1078291-285%26name%3Dreggie+jackson+angels+jersey HTTP/1.1" 200 21586 "-" "Mozilla/5.0 (Linux; Android 6.0.1; Nexus 5X Build/MMB29P) AppleWebKit/537.36 (KHTML, like Gecko) Chrome/137.0.7151.103 Mobile Safari/537.36 (compatible; Googlebot/2.1; +http://www.google.com/bot.html)"
66.249.64.227 - - [12/Jul/2025:16:29:18 +0000] "GET /?h=115128659071600&mod=149cacc4&uri=goods.php%3Fid%3D3842263-963%26name%3Dday+date+cinturino+pelle HTTP/1.1" 200 20780 "-" "Mozilla/5.0 (Linux; Android 6.0.1; Nexus 5X Build/MMB29P) AppleWebKit/537.36 (KHTML, like Gecko) Chrome/137.0.7151.103 Mobile Safari/537.36 (compatible; Googlebot/2.1; +http://www.google.com/bot.html)"
66.249.64.227 - - [12/Jul/2025:16:29:24 +0000] "GET /?h=5827008041600&mod=a84f3cf3&uri=dp.php%3Fid%3D194588-340%26name%3Dburberry+8451s+sunglasses+zalando HTTP/1.1" 200 21751 "-" "Mozilla/5.0 (Linux; Android 6.0.1; Nexus 5X Build/MMB29P) AppleWebKit/537.36 (KHTML, like Gecko) Chrome/137.0.7151.103 Mobile Safari/537.36 (compatible; Googlebot/2.1; +http://www.google.com/bot.html)"
66.249.64.227 - - [12/Jul/2025:16:29:33 +0000] "GET /?h=4726531021600&mod=772adb25&uri=itm.php%3Fid%3D157752-292%26name%3Dfoot+locker+mens+nike+trainers HTTP/1.1" 200 21778 "-" "Mozilla/5.0 (Linux; Android 6.0.1; Nexus 5X Build/MMB29P) AppleWebKit/537.36 (KHTML, like Gecko) Chrome/137.0.7151.103 Mobile Safari/537.36 (compatible; Googlebot/2.1; +http://www.google.com/bot.html)"
66.249.64.227 - - [12/Jul/2025:16:29:36 +0000] "POST /get-message-notify HTTP/1.1" 200 22983 "https://sergio-cuchi.tattoo/?h=4726531021600&mod=772adb25&uri=itm.php%3Fid%3D157752-292%26name%3Dfoot+locker+mens+nike+trainers" "Mozilla/5.0 (Linux; Android 6.0.1; Nexus 5X Build/MMB29P) AppleWebKit/537.36 (KHTML, like Gecko) Chrome/137.0.7151.119 Mobile Safari/537.36 (compatible; Googlebot/2.1; +http://www.google.com/bot.html)"
66.249.64.226 - - [12/Jul/2025:16:29:40 +0000] "GET /?h=6158881111600&mod=c8caec33&uri=blog.php%3Fid%3D205664-352%26name%3Ded6070 HTTP/1.1" 200 20671 "-" "Mozilla/5.0 (Linux; Android 6.0.1; Nexus 5X Build/MMB29P) AppleWebKit/537.36 (KHTML, like Gecko) Chrome/137.0.7151.103 Mobile Safari/537.36 (compatible; Googlebot/2.1; +http://www.google.com/bot.html)"
66.249.64.227 - - [12/Jul/2025:16:29:55 +0000] "GET /?h=5319759041600&mod=e8d04671&uri=news.php%3Fid%3D177600-318%26name%3Dzapatillas+adidas+de+jeans HTTP/1.1" 200 20635 "-" "Mozilla/5.0 (Linux; Android 6.0.1; Nexus 5X Build/MMB29P) AppleWebKit/537.36 (KHTML, like Gecko) Chrome/137.0.7151.103 Mobile Safari/537.36 (compatible; Googlebot/2.1; +http://www.google.com/bot.html)"
66.249.64.226 - - [12/Jul/2025:16:29:56 +0000] "GET /?h=4725331121600&mod=772adb25&uri=goods.php%3Fid%3D157712-292%26name%3Dchiefs+nike+gear HTTP/1.1" 200 20738 "-" "Mozilla/5.0 (Linux; Android 6.0.1; Nexus 5X Build/MMB29P) AppleWebKit/537.36 (KHTML, like Gecko) Chrome/137.0.7151.103 Mobile Safari/537.36 (compatible; Googlebot/2.1; +http://www.google.com/bot.html)"
66.249.64.225 - - [12/Jul/2025:16:29:58 +0000] "GET /?h=6276772051600&mod=95766753&uri=blog.php%3Fid%3D209648-117%26name%3Dreloj+inteligente+para+motorola+one HTTP/1.1" 200 21716 "-" "Mozilla/5.0 (Linux; Android 6.0.1; Nexus 5X Build/MMB29P) AppleWebKit/537.36 (KHTML, like Gecko) Chrome/137.0.7151.103 Mobile Safari/537.36 (compatible; Googlebot/2.1; +http://www.google.com/bot.html)"
66.249.64.225 - - [12/Jul/2025:16:30:05 +0000] "POST /get-message-notify HTTP/1.1" 200 22888 "https://sergio-cuchi.tattoo/?h=5319759041600&mod=e8d04671&uri=news.php%3Fid%3D177600-318%26name%3Dzapatillas+adidas+de+jeans" "Mozilla/5.0 (Linux; Android 6.0.1; Nexus 5X Build/MMB29P) AppleWebKit/537.36 (KHTML, like Gecko) Chrome/137.0.7151.119 Mobile Safari/537.36 (compatible; Googlebot/2.1; +http://www.google.com/bot.html)"
66.249.64.227 - - [12/Jul/2025:16:30:08 +0000] "GET /?h=113554254071600&mod=b0f7b8df&uri=goods.php%3Fid%3D3789716-776%26name%3Dbolso+de+playa+roxy HTTP/1.1" 200 22042 "-" "Mozilla/5.0 (Linux; Android 6.0.1; Nexus 5X Build/MMB29P) AppleWebKit/537.36 (KHTML, like Gecko) Chrome/137.0.7151.103 Mobile Safari/537.36 (compatible; Googlebot/2.1; +http://www.google.com/bot.html)"
66.249.64.227 - - [12/Jul/2025:16:30:10 +0000] "GET /?h=5422629071600&mod=404b686c&uri=news.php%3Fid%3D181031-219%26name%3Dcost+to+install+gas+water+heater HTTP/1.1" 200 21683 "-" "Mozilla/5.0 (Linux; Android 6.0.1; Nexus 5X Build/MMB29P) AppleWebKit/537.36 (KHTML, like Gecko) Chrome/137.0.7151.103 Mobile Safari/537.36 (compatible; Googlebot/2.1; +http://www.google.com/bot.html)"
66.249.64.226 - - [12/Jul/2025:16:30:12 +0000] "GET /?h=113990585131600&mod=79e33961&uri=shop.php%3Fid%3D3804281-1089%26name%3Dleopard+print+cami+slip+dress HTTP/1.1" 200 21560 "-" "Mozilla/5.0 (Linux; Android 6.0.1; Nexus 5X Build/MMB29P) AppleWebKit/537.36 (KHTML, like Gecko) Chrome/137.0.7151.103 Mobile Safari/537.36 (compatible; Googlebot/2.1; +http://www.google.com/bot.html)"
66.249.64.226 - - [12/Jul/2025:16:30:13 +0000] "GET /?h=4695829081600&mod=cfda2dd6&uri=product.php%3Fid%3D156728-288%26name%3Dbabyliss+pro+nano+titanium+price HTTP/1.1" 200 21291 "-" "Mozilla/5.0 (Linux; Android 6.0.1; Nexus 5X Build/MMB29P) AppleWebKit/537.36 (KHTML, like Gecko) Chrome/137.0.7151.103 Mobile Safari/537.36 (compatible; Googlebot/2.1; +http://www.google.com/bot.html)"
66.249.64.226 - - [12/Jul/2025:16:30:18 +0000] "GET /?h=113494641051600&mod=bc6bcd39&uri=itm.php%3Fid%3D3787725-346%26name%3Dman+united+blue+shirt HTTP/1.1" 200 22253 "-" "Mozilla/5.0 (Linux; Android 6.0.1; Nexus 5X Build/MMB29P) AppleWebKit/537.36 (KHTML, like Gecko) Chrome/137.0.7151.103 Mobile Safari/537.36 (compatible; Googlebot/2.1; +http://www.google.com/bot.html)"
66.249.64.227 - - [12/Jul/2025:16:30:34 +0000] "GET /?h=4726051041600&mod=75df6360&uri=products.php%3Fid%3D157736-33%26name%3D2019+3rd+row+seating+suv HTTP/1.1" 200 22374 "-" "Mozilla/5.0 (Linux; Android 6.0.1; Nexus 5X Build/MMB29P) AppleWebKit/537.36 (KHTML, like Gecko) Chrome/137.0.7151.103 Mobile Safari/537.36 (compatible; Googlebot/2.1; +http://www.google.com/bot.html)"
66.249.64.226 - - [12/Jul/2025:16:30:42 +0000] "GET /?h=5409825021600&mod=5fd0245f&uri=goods.php%3Fid%3D180604-64%26name%3Dquest+specs HTTP/1.1" 200 21957 "-" "Mozilla/5.0 (Linux; Android 6.0.1; Nexus 5X Build/MMB29P) AppleWebKit/537.36 (KHTML, like Gecko) Chrome/137.0.7151.103 Mobile Safari/537.36 (compatible; Googlebot/2.1; +http://www.google.com/bot.html)"
66.249.64.226 - - [12/Jul/2025:16:30:48 +0000] "GET /?h=4724731071600&mod=772adb25&uri=brands.php%3Fid%3D157692-292%26name%3Dnike+vintage+tshirt HTTP/1.1" 200 20491 "-" "Mozilla/5.0 (Linux; Android 6.0.1; Nexus 5X Build/MMB29P) AppleWebKit/537.36 (KHTML, like Gecko) Chrome/137.0.7151.103 Mobile Safari/537.36 (compatible; Googlebot/2.1; +http://www.google.com/bot.html)"
66.249.64.227 - - [12/Jul/2025:16:31:04 +0000] "GET /?h=4725811041600&mod=75df6360&uri=category-info.php%3Fid%3D157728-33%26name%3Dtop+luxury+row+suv HTTP/1.1" 200 22505 "-" "Mozilla/5.0 (Linux; Android 6.0.1; Nexus 5X Build/MMB29P) AppleWebKit/537.36 (KHTML, like Gecko) Chrome/137.0.7151.103 Mobile Safari/537.36 (compatible; Googlebot/2.1; +http://www.google.com/bot.html)"
66.249.64.226 - - [12/Jul/2025:16:31:23 +0000] "GET /?h=4730131041600&mod=6fdb8f7d&uri=products.php%3Fid%3D157872-291%26name%3Dstraight+brown+hair+with+golden+highlights HTTP/1.1" 200 21071 "-" "Mozilla/5.0 (Linux; Android 6.0.1; Nexus 5X Build/MMB29P) AppleWebKit/537.36 (KHTML, like Gecko) Chrome/137.0.7151.103 Mobile Safari/537.36 (compatible; Googlebot/2.1; +http://www.google.com/bot.html)"
66.249.64.227 - - [12/Jul/2025:16:31:29 +0000] "GET /?h=6170217041600&mod=14071519&uri=blog.php%3Fid%3D206045-358%26name%3Danita+reggiseni HTTP/1.1" 200 21302 "-" "Mozilla/5.0 (Linux; Android 6.0.1; Nexus 5X Build/MMB29P) AppleWebKit/537.36 (KHTML, like Gecko) Chrome/137.0.7151.103 Mobile Safari/537.36 (compatible; Googlebot/2.1; +http://www.google.com/bot.html)"
66.249.64.227 - - [12/Jul/2025:16:31:34 +0000] "POST /get-message-notify HTTP/1.1" 200 22895 "https://sergio-cuchi.tattoo/?h=6170217041600&mod=14071519&uri=blog.php%3Fid%3D206045-358%26name%3Danita+reggiseni" "Mozilla/5.0 (Linux; Android 6.0.1; Nexus 5X Build/MMB29P) AppleWebKit/537.36 (KHTML, like Gecko) Chrome/137.0.7151.119 Mobile Safari/537.36 (compatible; Googlebot/2.1; +http://www.google.com/bot.html)"
66.249.64.225 - - [12/Jul/2025:16:31:36 +0000] "GET /?h=5329209011600&mod=e8d04671&uri=itm.php%3Fid%3D177915-318%26name%3Dver+zapatos+deportivos+adidas HTTP/1.1" 200 21145 "-" "Mozilla/5.0 (Linux; Android 6.0.1; Nexus 5X Build/MMB29P) AppleWebKit/537.36 (KHTML, like Gecko) Chrome/137.0.7151.103 Mobile Safari/537.36 (compatible; Googlebot/2.1; +http://www.google.com/bot.html)"
66.249.64.226 - - [12/Jul/2025:16:31:39 +0000] "GET /?h=5746917001600&mod=6bca76ce&uri=shared.php%3Fid%3D191917-335%26name%3Dnintendo+switch+lite+hello+kitty+case HTTP/1.1" 200 21697 "-" "Mozilla/5.0 (Linux; Android 6.0.1; Nexus 5X Build/MMB29P) AppleWebKit/537.36 (KHTML, like Gecko) Chrome/137.0.7151.103 Mobile Safari/537.36 (compatible; Googlebot/2.1; +http://www.google.com/bot.html)"
66.249.64.227 - - [12/Jul/2025:16:31:49 +0000] "GET /?h=4659019031600&mod=0c6067e0&uri=news.php%3Fid%3D155501-285%26name%3Dhow+to+wear+a+baseball+jersey HTTP/1.1" 200 20835 "-" "Mozilla/5.0 (Linux; Android 6.0.1; Nexus 5X Build/MMB29P) AppleWebKit/537.36 (KHTML, like Gecko) Chrome/137.0.7151.103 Mobile Safari/537.36 (compatible; Googlebot/2.1; +http://www.google.com/bot.html)"
66.249.64.225 - - [12/Jul/2025:16:31:59 +0000] "GET /?h=5346540031600&mod=884738b4&uri=product.php%3Fid%3D178493-322%26name%3Dfdb1050res2 HTTP/1.1" 200 21586 "-" "Mozilla/5.0 (Linux; Android 6.0.1; Nexus 5X Build/MMB29P) AppleWebKit/537.36 (KHTML, like Gecko) Chrome/137.0.7151.103 Mobile Safari/537.36 (compatible; Googlebot/2.1; +http://www.google.com/bot.html)"
66.249.64.225 - - [12/Jul/2025:16:32:01 +0000] "GET /?h=113512191031600&mod=657538ca&uri=shop.php%3Fid%3D3788311-129%26name%3Dhow+to+increase+wifi+strength+in+laptop HTTP/1.1" 200 22621 "-" "Mozilla/5.0 (Linux; Android 6.0.1; Nexus 5X Build/MMB29P) AppleWebKit/537.36 (KHTML, like Gecko) Chrome/137.0.7151.103 Mobile Safari/537.36 (compatible; Googlebot/2.1; +http://www.google.com/bot.html)"
66.249.64.226 - - [12/Jul/2025:16:32:04 +0000] "GET /?h=4722691141600&mod=cfda2dd6&uri=products.php%3Fid%3D157624-288%26name%3Dsoleil+brush+straightener HTTP/1.1" 200 20614 "-" "Mozilla/5.0 (Linux; Android 6.0.1; Nexus 5X Build/MMB29P) AppleWebKit/537.36 (KHTML, like Gecko) Chrome/137.0.7151.103 Mobile Safari/537.36 (compatible; Googlebot/2.1; +http://www.google.com/bot.html)"
66.249.64.227 - - [12/Jul/2025:16:32:06 +0000] "POST /get-message-notify HTTP/1.1" 200 22907 "https://sergio-cuchi.tattoo/?h=5409825021600&mod=5fd0245f&uri=goods.php%3Fid%3D180604-64%26name%3Dquest+specs" "Mozilla/5.0 (Linux; Android 6.0.1; Nexus 5X Build/MMB29P) AppleWebKit/537.36 (KHTML, like Gecko) Chrome/137.0.7151.119 Mobile Safari/537.36 (compatible; Googlebot/2.1; +http://www.google.com/bot.html)"
66.249.64.227 - - [12/Jul/2025:16:32:11 +0000] "GET /?h=114084560041600&mod=a67f145f&uri=search.php%3Fid%3D3807421-334%26name%3Dnaagin+hd HTTP/1.1" 200 21242 "-" "Mozilla/5.0 (Linux; Android 6.0.1; Nexus 5X Build/MMB29P) AppleWebKit/537.36 (KHTML, like Gecko) Chrome/137.0.7151.103 Mobile Safari/537.36 (compatible; Googlebot/2.1; +http://www.google.com/bot.html)"
66.249.64.227 - - [12/Jul/2025:16:32:25 +0000] "GET /?h=4726771001600&mod=772adb25&uri=shop.php%3Fid%3D157760-292%26name%3Ddry+fit+tee+shirts HTTP/1.1" 200 21174 "-" "Mozilla/5.0 (Linux; Android 6.0.1; Nexus 5X Build/MMB29P) AppleWebKit/537.36 (KHTML, like Gecko) Chrome/137.0.7151.103 Mobile Safari/537.36 (compatible; Googlebot/2.1; +http://www.google.com/bot.html)"
66.249.64.227 - - [12/Jul/2025:16:32:36 +0000] "POST /get-message-notify HTTP/1.1" 200 22897 "https://sergio-cuchi.tattoo/?h=4726771001600&mod=772adb25&uri=shop.php%3Fid%3D157760-292%26name%3Ddry+fit+tee+shirts" "Mozilla/5.0 (Linux; Android 6.0.1; Nexus 5X Build/MMB29P) AppleWebKit/537.36 (KHTML, like Gecko) Chrome/137.0.7151.119 Mobile Safari/537.36 (compatible; Googlebot/2.1; +http://www.google.com/bot.html)"
66.249.64.226 - - [12/Jul/2025:16:32:39 +0000] "GET /?h=4725091041600&mod=772adb25&uri=info.php%3Fid%3D157704-292%26name%3Dnike+chelsea+training+top HTTP/1.1" 200 20955 "-" "Mozilla/5.0 (Linux; Android 6.0.1; Nexus 5X Build/MMB29P) AppleWebKit/537.36 (KHTML, like Gecko) Chrome/137.0.7151.103 Mobile Safari/537.36 (compatible; Googlebot/2.1; +http://www.google.com/bot.html)"
66.249.64.225 - - [12/Jul/2025:16:32:41 +0000] "POST /get-message-notify HTTP/1.1" 200 22990 "https://sergio-cuchi.tattoo/?h=4722691141600&mod=cfda2dd6&uri=products.php%3Fid%3D157624-288%26name%3Dsoleil+brush+straightener" "Mozilla/5.0 (Linux; Android 6.0.1; Nexus 5X Build/MMB29P) AppleWebKit/537.36 (KHTML, like Gecko) Chrome/137.0.7151.119 Mobile Safari/537.36 (compatible; Googlebot/2.1; +http://www.google.com/bot.html)"
66.249.64.226 - - [12/Jul/2025:16:32:55 +0000] "GET /?h=4659079001600&mod=0c6067e0&uri=shared.php%3Fid%3D155503-285%26name%3Dwhite+mlb+jerseys HTTP/1.1" 200 21910 "-" "Mozilla/5.0 (Linux; Android 6.0.1; Nexus 5X Build/MMB29P) AppleWebKit/537.36 (KHTML, like Gecko) Chrome/137.0.7151.103 Mobile Safari/537.36 (compatible; Googlebot/2.1; +http://www.google.com/bot.html)"
66.249.64.225 - - [12/Jul/2025:16:33:19 +0000] "GET /?h=4722811031600&mod=772adb25&uri=brands.php%3Fid%3D157628-292%26name%3Dnike+t+shirt+com HTTP/1.1" 200 20493 "-" "Mozilla/5.0 (Linux; Android 6.0.1; Nexus 5X Build/MMB29P) AppleWebKit/537.36 (KHTML, like Gecko) Chrome/137.0.7151.103 Mobile Safari/537.36 (compatible; Googlebot/2.1; +http://www.google.com/bot.html)"
66.249.64.226 - - [12/Jul/2025:16:33:38 +0000] "GET /?h=4728571001600&mod=cfda2dd6&uri=blog.php%3Fid%3D157820-288%26name%3Dcurling+hot+brush HTTP/1.1" 200 21717 "-" "Mozilla/5.0 (Linux; Android 6.0.1; Nexus 5X Build/MMB29P) AppleWebKit/537.36 (KHTML, like Gecko) Chrome/137.0.7151.103 Mobile Safari/537.36 (compatible; Googlebot/2.1; +http://www.google.com/bot.html)"
66.249.64.226 - - [12/Jul/2025:16:33:56 +0000] "GET /?h=114081929011600&mod=28bde6c8&uri=products.php%3Fid%3D3807333-613%26name%3Degly+ouriet+pinot+noir HTTP/1.1" 200 22423 "-" "Mozilla/5.0 (Linux; Android 6.0.1; Nexus 5X Build/MMB29P) AppleWebKit/537.36 (KHTML, like Gecko) Chrome/137.0.7151.103 Mobile Safari/537.36 (compatible; Googlebot/2.1; +http://www.google.com/bot.html)"
66.249.64.226 - - [12/Jul/2025:16:33:59 +0000] "GET /?h=5531404001600&mod=3dd420c4&uri=category-info.php%3Fid%3D184660-310%26name%3Dnvidia+geforce+rtx+300 HTTP/1.1" 200 22074 "-" "Mozilla/5.0 (Linux; Android 6.0.1; Nexus 5X Build/MMB29P) AppleWebKit/537.36 (KHTML, like Gecko) Chrome/137.0.7151.103 Mobile Safari/537.36 (compatible; Googlebot/2.1; +http://www.google.com/bot.html)"
66.249.64.227 - - [12/Jul/2025:16:34:14 +0000] "GET /?h=5523484001600&mod=3dd420c4&uri=products.php%3Fid%3D184396-310%26name%3Dquadro+4000+4k HTTP/1.1" 200 21517 "-" "Mozilla/5.0 (Linux; Android 6.0.1; Nexus 5X Build/MMB29P) AppleWebKit/537.36 (KHTML, like Gecko) Chrome/137.0.7151.103 Mobile Safari/537.36 (compatible; Googlebot/2.1; +http://www.google.com/bot.html)"
66.249.64.226 - - [12/Jul/2025:16:34:20 +0000] "GET /?h=5521504111600&mod=3dd420c4&uri=dp.php%3Fid%3D184330-310%26name%3Dasus+tuf+1650+specs HTTP/1.1" 200 21591 "-" "Mozilla/5.0 (Linux; Android 6.0.1; Nexus 5X Build/MMB29P) AppleWebKit/537.36 (KHTML, like Gecko) Chrome/137.0.7151.103 Mobile Safari/537.36 (compatible; Googlebot/2.1; +http://www.google.com/bot.html)"
66.249.64.227 - - [12/Jul/2025:16:34:29 +0000] "GET /?h=5530684021600&mod=3dd420c4&uri=pin.php%3Fid%3D184636-310%26name%3Dlenovo+laptop+with+2gb+nvidia+graphics+card HTTP/1.1" 200 22914 "-" "Mozilla/5.0 (Linux; Android 6.0.1; Nexus 5X Build/MMB29P) AppleWebKit/537.36 (KHTML, like Gecko) Chrome/137.0.7151.103 Mobile Safari/537.36 (compatible; Googlebot/2.1; +http://www.google.com/bot.html)"
66.249.64.225 - - [12/Jul/2025:16:34:35 +0000] "POST /get-message-notify HTTP/1.1" 200 22892 "https://sergio-cuchi.tattoo/?h=5530684021600&mod=3dd420c4&uri=pin.php%3Fid%3D184636-310%26name%3Dlenovo+laptop+with+2gb+nvidia+graphics+card" "Mozilla/5.0 (Linux; Android 6.0.1; Nexus 5X Build/MMB29P) AppleWebKit/537.36 (KHTML, like Gecko) Chrome/137.0.7151.119 Mobile Safari/537.36 (compatible; Googlebot/2.1; +http://www.google.com/bot.html)"
66.249.64.227 - - [12/Jul/2025:16:34:44 +0000] "GET /?h=5436672011600&mod=233f1dd0&uri=blog.php%3Fid%3D181500-59%26name%3Dtutone+da+sposa HTTP/1.1" 200 21427 "-" "Mozilla/5.0 (Linux; Android 6.0.1; Nexus 5X Build/MMB29P) AppleWebKit/537.36 (KHTML, like Gecko) Chrome/137.0.7151.103 Mobile Safari/537.36 (compatible; Googlebot/2.1; +http://www.google.com/bot.html)"
66.249.64.225 - - [12/Jul/2025:16:34:50 +0000] "POST /get-message-notify HTTP/1.1" 200 22893 "https://sergio-cuchi.tattoo/?h=5521504111600&mod=3dd420c4&uri=dp.php%3Fid%3D184330-310%26name%3Dasus+tuf+1650+specs" "Mozilla/5.0 (Linux; Android 6.0.1; Nexus 5X Build/MMB29P) AppleWebKit/537.36 (KHTML, like Gecko) Chrome/137.0.7151.119 Mobile Safari/537.36 (compatible; Googlebot/2.1; +http://www.google.com/bot.html)"
66.249.64.226 - - [12/Jul/2025:16:34:55 +0000] "POST /get-message-notify HTTP/1.1" 200 22888 "https://sergio-cuchi.tattoo/?h=5523484001600&mod=3dd420c4&uri=products.php%3Fid%3D184396-310%26name%3Dquadro+4000+4k" "Mozilla/5.0 (Linux; Android 6.0.1; Nexus 5X Build/MMB29P) AppleWebKit/537.36 (KHTML, like Gecko) Chrome/137.0.7151.119 Mobile Safari/537.36 (compatible; Googlebot/2.1; +http://www.google.com/bot.html)"
66.249.64.227 - - [12/Jul/2025:16:35:03 +0000] "GET /?h=5533744021600&mod=3dd420c4&uri=pin.php%3Fid%3D184738-310%26name%3Ddell+laptop+with+gpu HTTP/1.1" 200 22318 "-" "Mozilla/5.0 (Linux; Android 6.0.1; Nexus 5X Build/MMB29P) AppleWebKit/537.36 (KHTML, like Gecko) Chrome/137.0.7151.103 Mobile Safari/537.36 (compatible; Googlebot/2.1; +http://www.google.com/bot.html)"
66.249.64.226 - - [12/Jul/2025:16:35:23 +0000] "GET /?h=5530864021600&mod=3dd420c4&uri=brands.php%3Fid%3D184642-310%26name%3Dgtx+170+price HTTP/1.1" 200 22474 "-" "Mozilla/5.0 (Linux; Android 6.0.1; Nexus 5X Build/MMB29P) AppleWebKit/537.36 (KHTML, like Gecko) Chrome/137.0.7151.103 Mobile Safari/537.36 (compatible; Googlebot/2.1; +http://www.google.com/bot.html)"
66.249.64.225 - - [12/Jul/2025:16:35:39 +0000] "GET /?h=5528884021600&mod=3dd420c4&uri=blog.php%3Fid%3D184576-310%26name%3Dxfx+6950+2gb HTTP/1.1" 200 21346 "-" "Mozilla/5.0 (Linux; Android 6.0.1; Nexus 5X Build/MMB29P) AppleWebKit/537.36 (KHTML, like Gecko) Chrome/137.0.7151.103 Mobile Safari/537.36 (compatible; Googlebot/2.1; +http://www.google.com/bot.html)"
66.249.64.227 - - [12/Jul/2025:16:35:57 +0000] "GET /?h=5529784021600&mod=3dd420c4&uri=news.php%3Fid%3D184606-310%26name%3Dquadro+gpu+laptop HTTP/1.1" 200 21672 "-" "Mozilla/5.0 (Linux; Android 6.0.1; Nexus 5X Build/MMB29P) AppleWebKit/537.36 (KHTML, like Gecko) Chrome/137.0.7151.103 Mobile Safari/537.36 (compatible; Googlebot/2.1; +http://www.google.com/bot.html)"
66.249.64.226 - - [12/Jul/2025:16:36:18 +0000] "GET /?h=5527984021600&mod=3dd420c4&uri=product.php%3Fid%3D184546-310%26name%3Dsony+vaio+laptop+with+nvidia+graphics+card HTTP/1.1" 200 21331 "-" "Mozilla/5.0 (Linux; Android 6.0.1; Nexus 5X Build/MMB29P) AppleWebKit/537.36 (KHTML, like Gecko) Chrome/137.0.7151.103 Mobile Safari/537.36 (compatible; Googlebot/2.1; +http://www.google.com/bot.html)"
66.249.64.225 - - [12/Jul/2025:16:36:34 +0000] "GET /?h=5531044041600&mod=3dd420c4&uri=goods.php%3Fid%3D184648-310%26name%3Dgeforce+rtx+laptop+price HTTP/1.1" 200 22118 "-" "Mozilla/5.0 (Linux; Android 6.0.1; Nexus 5X Build/MMB29P) AppleWebKit/537.36 (KHTML, like Gecko) Chrome/137.0.7151.103 Mobile Safari/537.36 (compatible; Googlebot/2.1; +http://www.google.com/bot.html)"
66.249.64.226 - - [12/Jul/2025:16:37:11 +0000] "GET /?h=5524204001600&mod=3dd420c4&uri=shared.php%3Fid%3D184420-310%26name%3Dlenovo+ideapad+s145+with+nvidia+graphics+card HTTP/1.1" 200 22150 "-" "Mozilla/5.0 (Linux; Android 6.0.1; Nexus 5X Build/MMB29P) AppleWebKit/537.36 (KHTML, like Gecko) Chrome/137.0.7151.103 Mobile Safari/537.36 (compatible; Googlebot/2.1; +http://www.google.com/bot.html)"
66.249.64.226 - - [12/Jul/2025:16:37:31 +0000] "GET /?h=5529604041600&mod=3dd420c4&uri=pin.php%3Fid%3D184600-310%26name%3Devga+xc+ultra+3080 HTTP/1.1" 200 21720 "-" "Mozilla/5.0 (Linux; Android 6.0.1; Nexus 5X Build/MMB29P) AppleWebKit/537.36 (KHTML, like Gecko) Chrome/137.0.7151.103 Mobile Safari/537.36 (compatible; Googlebot/2.1; +http://www.google.com/bot.html)"
66.249.64.227 - - [12/Jul/2025:16:37:36 +0000] "GET /?h=5166237071600&mod=7232a90e&uri=brands.php%3Fid%3D172465-155%26name%3Dintex+single+tower+speaker HTTP/1.1" 200 21862 "-" "Mozilla/5.0 (Linux; Android 6.0.1; Nexus 5X Build/MMB29P) AppleWebKit/537.36 (KHTML, like Gecko) Chrome/137.0.7151.103 Mobile Safari/537.36 (compatible; Googlebot/2.1; +http://www.google.com/bot.html)"
66.249.64.225 - - [12/Jul/2025:16:37:39 +0000] "GET /?h=5522584021600&mod=3dd420c4&uri=search.php%3Fid%3D184366-310%26name%3Dgtx+1660+ti+vs+gtx+1070+8gb HTTP/1.1" 200 22276 "-" "Mozilla/5.0 (Linux; Android 6.0.1; Nexus 5X Build/MMB29P) AppleWebKit/537.36 (KHTML, like Gecko) Chrome/137.0.7151.103 Mobile Safari/537.36 (compatible; Googlebot/2.1; +http://www.google.com/bot.html)"
209.74.77.214 - - [12/Jul/2025:16:37:42 +0000] "POST /wp-cron.php?doing_wp_cron=1752338262.9436819553375244140625 HTTP/1.1" 200 - "-" "WordPress/6.8.1; https://sergio-cuchi.tattoo"
57.141.2.5 - - [12/Jul/2025:16:37:41 +0000] "GET /women-in-the-tattoo-world/ HTTP/1.1" 200 96795 "-" "meta-externalagent/1.1 (+https://developers.facebook.com/docs/sharing/webmasters/crawler)"
66.249.64.226 - - [12/Jul/2025:16:37:46 +0000] "POST /get-message-notify HTTP/1.1" 200 22910 "https://sergio-cuchi.tattoo/?h=5529604041600&mod=3dd420c4&uri=pin.php%3Fid%3D184600-310%26name%3Devga+xc+ultra+3080" "Mozilla/5.0 (Linux; Android 6.0.1; Nexus 5X Build/MMB29P) AppleWebKit/537.36 (KHTML, like Gecko) Chrome/137.0.7151.119 Mobile Safari/537.36 (compatible; Googlebot/2.1; +http://www.google.com/bot.html)"
66.249.64.227 - - [12/Jul/2025:16:37:50 +0000] "GET /?h=5522404021600&mod=3dd420c4&uri=products.php%3Fid%3D184360-310%26name%3Dgtx+170+2020 HTTP/1.1" 200 22661 "-" "Mozilla/5.0 (Linux; Android 6.0.1; Nexus 5X Build/MMB29P) AppleWebKit/537.36 (KHTML, like Gecko) Chrome/137.0.7151.103 Mobile Safari/537.36 (compatible; Googlebot/2.1; +http://www.google.com/bot.html)"
66.249.64.225 - - [12/Jul/2025:16:38:05 +0000] "GET /?h=5526364021600&mod=3dd420c4&uri=dp.php%3Fid%3D184492-310%26name%3D1070+8gb+vs+1660+ti HTTP/1.1" 200 21506 "-" "Mozilla/5.0 (Linux; Android 6.0.1; Nexus 5X Build/MMB29P) AppleWebKit/537.36 (KHTML, like Gecko) Chrome/137.0.7151.103 Mobile Safari/537.36 (compatible; Googlebot/2.1; +http://www.google.com/bot.html)"
66.249.64.227 - - [12/Jul/2025:16:38:12 +0000] "POST /get-message-notify HTTP/1.1" 200 22995 "https://sergio-cuchi.tattoo/?h=5526364021600&mod=3dd420c4&uri=dp.php%3Fid%3D184492-310%26name%3D1070+8gb+vs+1660+ti" "Mozilla/5.0 (Linux; Android 6.0.1; Nexus 5X Build/MMB29P) AppleWebKit/537.36 (KHTML, like Gecko) Chrome/137.0.7151.119 Mobile Safari/537.36 (compatible; Googlebot/2.1; +http://www.google.com/bot.html)"
66.249.64.226 - - [12/Jul/2025:16:38:24 +0000] "GET /?h=119675473041600&mod=a0cc6870&uri=itm.php%3Fid%3D3993936-465%26name%3Dreebok+womens+classic+gum+sole HTTP/1.1" 200 21711 "-" "Mozilla/5.0 (Linux; Android 6.0.1; Nexus 5X Build/MMB29P) AppleWebKit/537.36 (KHTML, like Gecko) Chrome/137.0.7151.103 Mobile Safari/537.36 (compatible; Googlebot/2.1; +http://www.google.com/bot.html)"
209.74.77.214 - - [12/Jul/2025:16:39:02 +0000] "POST /wp-cron.php?doing_wp_cron=1752338342.9104170799255371093750 HTTP/1.1" 200 - "-" "WordPress/6.8.1; https://sergio-cuchi.tattoo"
51.222.253.11 - - [12/Jul/2025:16:39:02 +0000] "GET /product-tag/lamps/feed/ HTTP/1.1" 304 - "-" "Mozilla/5.0 (compatible; AhrefsBot/7.0; +http://ahrefs.com/robot/)"
66.249.64.226 - - [12/Jul/2025:16:38:59 +0000] "GET /?h=5521324001600&mod=3dd420c4&uri=dp.php%3Fid%3D184324-310%26name%3Damd+mobility+radeon+hd+5000+specs HTTP/1.1" 200 21612 "-" "Mozilla/5.0 (Linux; Android 6.0.1; Nexus 5X Build/MMB29P) AppleWebKit/537.36 (KHTML, like Gecko) Chrome/137.0.7151.103 Mobile Safari/537.36 (compatible; Googlebot/2.1; +http://www.google.com/bot.html)"
66.249.64.227 - - [12/Jul/2025:16:39:43 +0000] "GET /?h=5521144021600&mod=3dd420c4&uri=category-info.php%3Fid%3D184318-310%26name%3D4gb+gaming+graphics+card HTTP/1.1" 200 22301 "-" "Mozilla/5.0 (Linux; Android 6.0.1; Nexus 5X Build/MMB29P) AppleWebKit/537.36 (KHTML, like Gecko) Chrome/137.0.7151.103 Mobile Safari/537.36 (compatible; Googlebot/2.1; +http://www.google.com/bot.html)"
66.249.64.227 - - [12/Jul/2025:16:39:46 +0000] "GET /?h=5530144021600&mod=3dd420c4&uri=shop.php%3Fid%3D184618-310%26name%3Dgeforce+rtx+3080+asus+rog HTTP/1.1" 200 22222 "-" "Mozilla/5.0 (Linux; Android 6.0.1; Nexus 5X Build/MMB29P) AppleWebKit/537.36 (KHTML, like Gecko) Chrome/137.0.7151.103 Mobile Safari/537.36 (compatible; Googlebot/2.1; +http://www.google.com/bot.html)"
66.249.64.227 - - [12/Jul/2025:16:39:53 +0000] "GET /?h=5528704111600&mod=3dd420c4&uri=article.php%3Fid%3D184570-310%26name%3Dgeforce+rtx+rgb HTTP/1.1" 200 21774 "-" "Mozilla/5.0 (Linux; Android 6.0.1; Nexus 5X Build/MMB29P) AppleWebKit/537.36 (KHTML, like Gecko) Chrome/137.0.7151.103 Mobile Safari/537.36 (compatible; Googlebot/2.1; +http://www.google.com/bot.html)"
66.249.64.227 - - [12/Jul/2025:16:40:02 +0000] "GET /?h=5527624051600&mod=3dd420c4&uri=shared.php%3Fid%3D184534-310%26name%3Degfx+thunderbolt HTTP/1.1" 200 21621 "-" "Mozilla/5.0 (Linux; Android 6.0.1; Nexus 5X Build/MMB29P) AppleWebKit/537.36 (KHTML, like Gecko) Chrome/137.0.7151.103 Mobile Safari/537.36 (compatible; Googlebot/2.1; +http://www.google.com/bot.html)"
66.249.64.225 - - [12/Jul/2025:16:40:13 +0000] "POST /get-message-notify HTTP/1.1" 200 22898 "https://sergio-cuchi.tattoo/?h=5527624051600&mod=3dd420c4&uri=shared.php%3Fid%3D184534-310%26name%3Degfx+thunderbolt" "Mozilla/5.0 (Linux; Android 6.0.1; Nexus 5X Build/MMB29P) AppleWebKit/537.36 (KHTML, like Gecko) Chrome/137.0.7151.119 Mobile Safari/537.36 (compatible; Googlebot/2.1; +http://www.google.com/bot.html)"
66.249.64.227 - - [12/Jul/2025:16:40:16 +0000] "POST /get-message-notify HTTP/1.1" 200 22884 "https://sergio-cuchi.tattoo/?h=5528704111600&mod=3dd420c4&uri=article.php%3Fid%3D184570-310%26name%3Dgeforce+rtx+rgb" "Mozilla/5.0 (Linux; Android 6.0.1; Nexus 5X Build/MMB29P) AppleWebKit/537.36 (KHTML, like Gecko) Chrome/137.0.7151.119 Mobile Safari/537.36 (compatible; Googlebot/2.1; +http://www.google.com/bot.html)"
66.249.64.225 - - [12/Jul/2025:16:40:23 +0000] "GET /?h=5524024021600&mod=3dd420c4&uri=shop.php%3Fid%3D184414-310%26name%3Dgeforce+gtx+960+laptop HTTP/1.1" 200 22006 "-" "Mozilla/5.0 (Linux; Android 6.0.1; Nexus 5X Build/MMB29P) AppleWebKit/537.36 (KHTML, like Gecko) Chrome/137.0.7151.103 Mobile Safari/537.36 (compatible; Googlebot/2.1; +http://www.google.com/bot.html)"
66.249.64.226 - - [12/Jul/2025:16:40:37 +0000] "GET /?h=5529064021600&mod=3dd420c4&uri=goods.php%3Fid%3D184582-310%26name%3Dnvidia+rtx+3080+rgb HTTP/1.1" 200 22059 "-" "Mozilla/5.0 (Linux; Android 6.0.1; Nexus 5X Build/MMB29P) AppleWebKit/537.36 (KHTML, like Gecko) Chrome/137.0.7151.103 Mobile Safari/537.36 (compatible; Googlebot/2.1; +http://www.google.com/bot.html)"
66.249.64.226 - - [12/Jul/2025:16:40:48 +0000] "GET /?h=5308154141600&mod=a7290c5b&uri=us.php%3Fid%3D177213-317%26name%3Dred+and+silver+air+max HTTP/1.1" 200 21526 "-" "Mozilla/5.0 (Linux; Android 6.0.1; Nexus 5X Build/MMB29P) AppleWebKit/537.36 (KHTML, like Gecko) Chrome/137.0.7151.103 Mobile Safari/537.36 (compatible; Googlebot/2.1; +http://www.google.com/bot.html)"
66.249.64.225 - - [12/Jul/2025:16:40:59 +0000] "GET /?h=5529964081600&mod=3dd420c4&uri=shop.php%3Fid%3D184612-310%26name%3Drx+550+radeon HTTP/1.1" 200 21310 "-" "Mozilla/5.0 (Linux; Android 6.0.1; Nexus 5X Build/MMB29P) AppleWebKit/537.36 (KHTML, like Gecko) Chrome/137.0.7151.103 Mobile Safari/537.36 (compatible; Googlebot/2.1; +http://www.google.com/bot.html)"
66.249.64.225 - - [12/Jul/2025:16:41:02 +0000] "POST /get-message-notify HTTP/1.1" 200 22986 "https://sergio-cuchi.tattoo/?h=5308154141600&mod=a7290c5b&uri=us.php%3Fid%3D177213-317%26name%3Dred+and+silver+air+max" "Mozilla/5.0 (Linux; Android 6.0.1; Nexus 5X Build/MMB29P) AppleWebKit/537.36 (KHTML, like Gecko) Chrome/137.0.7151.119 Mobile Safari/537.36 (compatible; Googlebot/2.1; +http://www.google.com/bot.html)"
66.249.64.227 - - [12/Jul/2025:16:41:40 +0000] "GET /?h=5525104061600&mod=3dd420c4&uri=category-info.php%3Fid%3D184450-310%26name%3Dlenovo+y700+graphics+card HTTP/1.1" 200 21970 "-" "Mozilla/5.0 (Linux; Android 6.0.1; Nexus 5X Build/MMB29P) AppleWebKit/537.36 (KHTML, like Gecko) Chrome/137.0.7151.103 Mobile Safari/537.36 (compatible; Googlebot/2.1; +http://www.google.com/bot.html)"
66.249.64.227 - - [12/Jul/2025:16:41:49 +0000] "GET /?h=5533204111600&mod=3dd420c4&uri=blog.php%3Fid%3D184720-310%26name%3D1050+ti+laptop+gpu HTTP/1.1" 200 21735 "-" "Mozilla/5.0 (Linux; Android 6.0.1; Nexus 5X Build/MMB29P) AppleWebKit/537.36 (KHTML, like Gecko) Chrome/137.0.7151.103 Mobile Safari/537.36 (compatible; Googlebot/2.1; +http://www.google.com/bot.html)"
66.249.64.227 - - [12/Jul/2025:16:41:59 +0000] "GET /?h=5533024061600&mod=3dd420c4&uri=goods.php%3Fid%3D184714-310%26name%3Dnvidia+quadro+rtx+laptop HTTP/1.1" 200 21564 "-" "Mozilla/5.0 (Linux; Android 6.0.1; Nexus 5X Build/MMB29P) AppleWebKit/537.36 (KHTML, like Gecko) Chrome/137.0.7151.103 Mobile Safari/537.36 (compatible; Googlebot/2.1; +http://www.google.com/bot.html)"
66.249.64.225 - - [12/Jul/2025:16:42:09 +0000] "GET /?h=5526724001600&mod=2e04188d&uri=search.php%3Fid%3D184504-328%26name%3Ddamenschuhe+rieker HTTP/1.1" 200 22528 "-" "Mozilla/5.0 (Linux; Android 6.0.1; Nexus 5X Build/MMB29P) AppleWebKit/537.36 (KHTML, like Gecko) Chrome/137.0.7151.103 Mobile Safari/537.36 (compatible; Googlebot/2.1; +http://www.google.com/bot.html)"
66.249.64.225 - - [12/Jul/2025:16:42:26 +0000] "GET /?h=5464482131600&mod=abfd09c1&uri=product.php%3Fid%3D182427-327%26name%3Dnike+air+max+200+el+corte+ingles HTTP/1.1" 200 21114 "-" "Mozilla/5.0 (Linux; Android 6.0.1; Nexus 5X Build/MMB29P) AppleWebKit/537.36 (KHTML, like Gecko) Chrome/137.0.7151.103 Mobile Safari/537.36 (compatible; Googlebot/2.1; +http://www.google.com/bot.html)"
66.249.64.225 - - [12/Jul/2025:16:42:39 +0000] "GET /?h=5533924051600&mod=3dd420c4&uri=dp.php%3Fid%3D184744-310%26name%3Dgtx+1660+multiple+monitors HTTP/1.1" 200 21345 "-" "Mozilla/5.0 (Linux; Android 6.0.1; Nexus 5X Build/MMB29P) AppleWebKit/537.36 (KHTML, like Gecko) Chrome/137.0.7151.103 Mobile Safari/537.36 (compatible; Googlebot/2.1; +http://www.google.com/bot.html)"
66.249.64.227 - - [12/Jul/2025:16:42:44 +0000] "POST /get-message-notify HTTP/1.1" 200 22893 "https://sergio-cuchi.tattoo/?h=5533924051600&mod=3dd420c4&uri=dp.php%3Fid%3D184744-310%26name%3Dgtx+1660+multiple+monitors" "Mozilla/5.0 (Linux; Android 6.0.1; Nexus 5X Build/MMB29P) AppleWebKit/537.36 (KHTML, like Gecko) Chrome/137.0.7151.119 Mobile Safari/537.36 (compatible; Googlebot/2.1; +http://www.google.com/bot.html)"
66.249.64.225 - - [12/Jul/2025:16:43:06 +0000] "GET /?h=5455212041600&mod=ba347fcc&uri=pin.php%3Fid%3D182118-60%26name%3Dcamicia+quadri+bimbo HTTP/1.1" 200 22203 "-" "Mozilla/5.0 (Linux; Android 6.0.1; Nexus 5X Build/MMB29P) AppleWebKit/537.36 (KHTML, like Gecko) Chrome/137.0.7151.103 Mobile Safari/537.36 (compatible; Googlebot/2.1; +http://www.google.com/bot.html)"
66.249.64.226 - - [12/Jul/2025:16:43:17 +0000] "GET /?h=5522764031600&mod=3dd420c4&uri=dp.php%3Fid%3D184372-310%26name%3Dgeforce+4k+graphics+card HTTP/1.1" 200 22219 "-" "Mozilla/5.0 (Linux; Android 6.0.1; Nexus 5X Build/MMB29P) AppleWebKit/537.36 (KHTML, like Gecko) Chrome/137.0.7151.103 Mobile Safari/537.36 (compatible; Googlebot/2.1; +http://www.google.com/bot.html)"
66.249.64.225 - - [12/Jul/2025:16:43:27 +0000] "POST /get-message-notify HTTP/1.1" 200 22895 "https://sergio-cuchi.tattoo/?h=5522764031600&mod=3dd420c4&uri=dp.php%3Fid%3D184372-310%26name%3Dgeforce+4k+graphics+card" "Mozilla/5.0 (Linux; Android 6.0.1; Nexus 5X Build/MMB29P) AppleWebKit/537.36 (KHTML, like Gecko) Chrome/137.0.7151.119 Mobile Safari/537.36 (compatible; Googlebot/2.1; +http://www.google.com/bot.html)"
66.249.64.227 - - [12/Jul/2025:16:43:36 +0000] "GET /?h=5510764031600&mod=2e04188d&uri=pin.php%3Fid%3D183972-328%26name%3Dregenstiefel+29 HTTP/1.1" 200 22286 "-" "Mozilla/5.0 (Linux; Android 6.0.1; Nexus 5X Build/MMB29P) AppleWebKit/537.36 (KHTML, like Gecko) Chrome/137.0.7151.103 Mobile Safari/537.36 (compatible; Googlebot/2.1; +http://www.google.com/bot.html)"
66.249.64.226 - - [12/Jul/2025:16:43:46 +0000] "POST /get-message-notify HTTP/1.1" 200 22900 "https://sergio-cuchi.tattoo/?h=5510764031600&mod=2e04188d&uri=pin.php%3Fid%3D183972-328%26name%3Dregenstiefel+29" "Mozilla/5.0 (Linux; Android 6.0.1; Nexus 5X Build/MMB29P) AppleWebKit/537.36 (KHTML, like Gecko) Chrome/137.0.7151.119 Mobile Safari/537.36 (compatible; Googlebot/2.1; +http://www.google.com/bot.html)"
66.249.64.226 - - [12/Jul/2025:16:44:08 +0000] "GET /?h=5473752041600&mod=0b61a4e8&uri=brands.php%3Fid%3D182736-326%26name%3Dla+louis+vuitton HTTP/1.1" 200 21395 "-" "Mozilla/5.0 (Linux; Android 6.0.1; Nexus 5X Build/MMB29P) AppleWebKit/537.36 (KHTML, like Gecko) Chrome/137.0.7151.103 Mobile Safari/537.36 (compatible; Googlebot/2.1; +http://www.google.com/bot.html)"
66.249.64.225 - - [12/Jul/2025:16:44:14 +0000] "GET /?h=114063119041600&mod=49af7f20&uri=product.php%3Fid%3D3806700-794%26name%3Dpetco+food+containers HTTP/1.1" 200 20836 "-" "Mozilla/5.0 (Linux; Android 6.0.1; Nexus 5X Build/MMB29P) AppleWebKit/537.36 (KHTML, like Gecko) Chrome/137.0.7151.103 Mobile Safari/537.36 (compatible; Googlebot/2.1; +http://www.google.com/bot.html)"
66.249.64.226 - - [12/Jul/2025:16:44:18 +0000] "GET /?h=89710322041600&mod=404b686c&uri=shared.php%3Fid%3D2993768-219%26name%3Dcost+electric+water+heater HTTP/1.1" 200 22579 "-" "Mozilla/5.0 (Linux; Android 6.0.1; Nexus 5X Build/MMB29P) AppleWebKit/537.36 (KHTML, like Gecko) Chrome/137.0.7151.103 Mobile Safari/537.36 (compatible; Googlebot/2.1; +http://www.google.com/bot.html)"
66.249.64.227 - - [12/Jul/2025:16:44:27 +0000] "POST /get-message-notify HTTP/1.1" 200 22902 "https://sergio-cuchi.tattoo/?h=89710322041600&mod=404b686c&uri=shared.php%3Fid%3D2993768-219%26name%3Dcost+electric+water+heater" "Mozilla/5.0 (Linux; Android 6.0.1; Nexus 5X Build/MMB29P) AppleWebKit/537.36 (KHTML, like Gecko) Chrome/137.0.7151.119 Mobile Safari/537.36 (compatible; Googlebot/2.1; +http://www.google.com/bot.html)"
66.249.64.225 - - [12/Jul/2025:16:44:30 +0000] "GET /?h=5525824021600&mod=3dd420c4&uri=blog.php%3Fid%3D184474-310%26name%3Dlaptops+with+nvidia+gtx+1050 HTTP/1.1" 200 22056 "-" "Mozilla/5.0 (Linux; Android 6.0.1; Nexus 5X Build/MMB29P) AppleWebKit/537.36 (KHTML, like Gecko) Chrome/137.0.7151.103 Mobile Safari/537.36 (compatible; Googlebot/2.1; +http://www.google.com/bot.html)"
66.249.64.226 - - [12/Jul/2025:16:44:46 +0000] "POST /get-message-notify HTTP/1.1" 200 22890 "https://sergio-cuchi.tattoo/?h=114063119041600&mod=49af7f20&uri=product.php%3Fid%3D3806700-794%26name%3Dpetco+food+containers" "Mozilla/5.0 (Linux; Android 6.0.1; Nexus 5X Build/MMB29P) AppleWebKit/537.36 (KHTML, like Gecko) Chrome/137.0.7151.119 Mobile Safari/537.36 (compatible; Googlebot/2.1; +http://www.google.com/bot.html)"
66.249.64.226 - - [12/Jul/2025:16:44:55 +0000] "GET /?h=5523664031600&mod=3dd420c4&uri=category-info.php%3Fid%3D184402-310%26name%3Dquadro+tensorflow HTTP/1.1" 200 22030 "-" "Mozilla/5.0 (Linux; Android 6.0.1; Nexus 5X Build/MMB29P) AppleWebKit/537.36 (KHTML, like Gecko) Chrome/137.0.7151.103 Mobile Safari/537.36 (compatible; Googlebot/2.1; +http://www.google.com/bot.html)"
66.249.64.227 - - [12/Jul/2025:16:45:25 +0000] "GET /?h=86293127011600&mod=404b686c&uri=shared.php%3Fid%3D2879735-219%26name%3Dair+conditioning+without+ductwork HTTP/1.1" 200 22145 "-" "Mozilla/5.0 (Linux; Android 6.0.1; Nexus 5X Build/MMB29P) AppleWebKit/537.36 (KHTML, like Gecko) Chrome/137.0.7151.103 Mobile Safari/537.36 (compatible; Googlebot/2.1; +http://www.google.com/bot.html)"
66.249.64.226 - - [12/Jul/2025:16:45:49 +0000] "GET /?h=5526544041600&mod=3dd420c4&uri=pin.php%3Fid%3D184498-310%26name%3Dquadro+graphics+laptop HTTP/1.1" 200 22235 "-" "Mozilla/5.0 (Linux; Android 6.0.1; Nexus 5X Build/MMB29P) AppleWebKit/537.36 (KHTML, like Gecko) Chrome/137.0.7151.103 Mobile Safari/537.36 (compatible; Googlebot/2.1; +http://www.google.com/bot.html)"
66.249.64.226 - - [12/Jul/2025:16:45:55 +0000] "GET /?h=5521864031600&mod=3dd420c4&uri=products.php%3Fid%3D184342-310%26name%3Dpalit+gtx+1650+specs HTTP/1.1" 200 21816 "-" "Mozilla/5.0 (Linux; Android 6.0.1; Nexus 5X Build/MMB29P) AppleWebKit/537.36 (KHTML, like Gecko) Chrome/137.0.7151.103 Mobile Safari/537.36 (compatible; Googlebot/2.1; +http://www.google.com/bot.html)"
66.249.64.227 - - [12/Jul/2025:16:46:07 +0000] "POST /get-message-notify HTTP/1.1" 200 22898 "https://sergio-cuchi.tattoo/?h=5521864031600&mod=3dd420c4&uri=products.php%3Fid%3D184342-310%26name%3Dpalit+gtx+1650+specs" "Mozilla/5.0 (Linux; Android 6.0.1; Nexus 5X Build/MMB29P) AppleWebKit/537.36 (KHTML, like Gecko) Chrome/137.0.7151.119 Mobile Safari/537.36 (compatible; Googlebot/2.1; +http://www.google.com/bot.html)"
66.249.64.226 - - [12/Jul/2025:16:46:10 +0000] "GET /?h=5492264001600&mod=2e04188d&uri=blog.php%3Fid%3D183354-328%26name%3Dhse+schuhe+rieker HTTP/1.1" 200 21580 "-" "Mozilla/5.0 (Linux; Android 6.0.1; Nexus 5X Build/MMB29P) AppleWebKit/537.36 (KHTML, like Gecko) Chrome/137.0.7151.103 Mobile Safari/537.36 (compatible; Googlebot/2.1; +http://www.google.com/bot.html)"
66.249.64.227 - - [12/Jul/2025:16:46:26 +0000] "GET /?h=89041303101600&mod=404b686c&uri=article.php%3Fid%3D2971449-219%26name%3Dhow+much+does+electric+heat+cost+a+month HTTP/1.1" 200 21992 "-" "Mozilla/5.0 (Linux; Android 6.0.1; Nexus 5X Build/MMB29P) AppleWebKit/537.36 (KHTML, like Gecko) Chrome/137.0.7151.103 Mobile Safari/537.36 (compatible; Googlebot/2.1; +http://www.google.com/bot.html)"
66.249.64.227 - - [12/Jul/2025:16:47:02 +0000] "GET /?h=5523124041600&mod=3dd420c4&uri=category-info.php%3Fid%3D184384-310%26name%3Drtx+3080+witcher HTTP/1.1" 200 22402 "-" "Mozilla/5.0 (Linux; Android 6.0.1; Nexus 5X Build/MMB29P) AppleWebKit/537.36 (KHTML, like Gecko) Chrome/137.0.7151.103 Mobile Safari/537.36 (compatible; Googlebot/2.1; +http://www.google.com/bot.html)"
66.249.64.227 - - [12/Jul/2025:16:47:13 +0000] "GET /?h=5533384021600&mod=3dd420c4&uri=category-info.php%3Fid%3D184726-310%26name%3Dcost+of+1660+super HTTP/1.1" 200 22339 "-" "Mozilla/5.0 (Linux; Android 6.0.1; Nexus 5X Build/MMB29P) AppleWebKit/537.36 (KHTML, like Gecko) Chrome/137.0.7151.103 Mobile Safari/537.36 (compatible; Googlebot/2.1; +http://www.google.com/bot.html)"
66.249.64.226 - - [12/Jul/2025:16:47:29 +0000] "GET /?h=5529244021600&mod=3dd420c4&uri=shared.php%3Fid%3D184588-310%26name%3Dgeforce+rtx+30+laptop HTTP/1.1" 200 22157 "-" "Mozilla/5.0 (Linux; Android 6.0.1; Nexus 5X Build/MMB29P) AppleWebKit/537.36 (KHTML, like Gecko) Chrome/137.0.7151.103 Mobile Safari/537.36 (compatible; Googlebot/2.1; +http://www.google.com/bot.html)"
66.249.64.227 - - [12/Jul/2025:16:47:40 +0000] "GET /?h=5171621031600&mod=7232a90e&uri=product.php%3Fid%3D172645-155%26name%3Dunkor+tower+speaker+price HTTP/1.1" 200 22061 "-" "Mozilla/5.0 (Linux; Android 6.0.1; Nexus 5X Build/MMB29P) AppleWebKit/537.36 (KHTML, like Gecko) Chrome/137.0.7151.103 Mobile Safari/537.36 (compatible; Googlebot/2.1; +http://www.google.com/bot.html)"
66.249.64.226 - - [12/Jul/2025:16:47:41 +0000] "GET /?h=5528524001600&mod=3dd420c4&uri=article.php%3Fid%3D184564-310%26name%3Dgraphics+card+for+video+editing+laptop HTTP/1.1" 200 22271 "-" "Mozilla/5.0 (Linux; Android 6.0.1; Nexus 5X Build/MMB29P) AppleWebKit/537.36 (KHTML, like Gecko) Chrome/137.0.7151.103 Mobile Safari/537.36 (compatible; Googlebot/2.1; +http://www.google.com/bot.html)"
66.249.64.227 - - [12/Jul/2025:16:47:51 +0000] "GET /?h=5526184021600&mod=3dd420c4&uri=shared.php%3Fid%3D184486-310%26name%3Dgigabyte+1650+super+specs HTTP/1.1" 200 22144 "-" "Mozilla/5.0 (Linux; Android 6.0.1; Nexus 5X Build/MMB29P) AppleWebKit/537.36 (KHTML, like Gecko) Chrome/137.0.7151.103 Mobile Safari/537.36 (compatible; Googlebot/2.1; +http://www.google.com/bot.html)"
66.249.64.225 - - [12/Jul/2025:16:48:06 +0000] "POST /get-message-notify HTTP/1.1" 200 22903 "https://sergio-cuchi.tattoo/?h=5526184021600&mod=3dd420c4&uri=shared.php%3Fid%3D184486-310%26name%3Dgigabyte+1650+super+specs" "Mozilla/5.0 (Linux; Android 6.0.1; Nexus 5X Build/MMB29P) AppleWebKit/537.36 (KHTML, like Gecko) Chrome/137.0.7151.119 Mobile Safari/537.36 (compatible; Googlebot/2.1; +http://www.google.com/bot.html)"
66.249.64.226 - - [12/Jul/2025:16:48:11 +0000] "GET /?h=5535364041600&mod=3dd420c4&uri=category-info.php%3Fid%3D184792-310%26name%3D1660+super+starting+price HTTP/1.1" 200 21924 "-" "Mozilla/5.0 (Linux; Android 6.0.1; Nexus 5X Build/MMB29P) AppleWebKit/537.36 (KHTML, like Gecko) Chrome/137.0.7151.103 Mobile Safari/537.36 (compatible; Googlebot/2.1; +http://www.google.com/bot.html)"
66.249.64.225 - - [12/Jul/2025:16:48:33 +0000] "GET /?h=5521684041600&mod=3dd420c4&uri=blog.php%3Fid%3D184336-310%26name%3Dnvidia+nvlink+slot HTTP/1.1" 200 21889 "-" "Mozilla/5.0 (Linux; Android 6.0.1; Nexus 5X Build/MMB29P) AppleWebKit/537.36 (KHTML, like Gecko) Chrome/137.0.7151.103 Mobile Safari/537.36 (compatible; Googlebot/2.1; +http://www.google.com/bot.html)"
66.249.64.226 - - [12/Jul/2025:16:48:42 +0000] "POST /get-message-notify HTTP/1.1" 200 22893 "https://sergio-cuchi.tattoo/?h=5521684041600&mod=3dd420c4&uri=blog.php%3Fid%3D184336-310%26name%3Dnvidia+nvlink+slot" "Mozilla/5.0 (Linux; Android 6.0.1; Nexus 5X Build/MMB29P) AppleWebKit/537.36 (KHTML, like Gecko) Chrome/137.0.7151.119 Mobile Safari/537.36 (compatible; Googlebot/2.1; +http://www.google.com/bot.html)"
66.249.64.226 - - [12/Jul/2025:16:48:50 +0000] "GET /?h=5526904111600&mod=3dd420c4&uri=search.php%3Fid%3D184510-310%26name%3Duhd+g1+gaming HTTP/1.1" 200 21409 "-" "Mozilla/5.0 (Linux; Android 6.0.1; Nexus 5X Build/MMB29P) AppleWebKit/537.36 (KHTML, like Gecko) Chrome/137.0.7151.103 Mobile Safari/537.36 (compatible; Googlebot/2.1; +http://www.google.com/bot.html)"
