66.249.64.226 - - [12/Jul/2025:14:42:21 +0000] "GET /?h=5739853031600&mod=a67f145f&uri=blog.php%3Fid%3D191681-334%26name%3Dredo+of+a+healer+watch HTTP/1.1" 200 22431 "-" "Mozilla/5.0 (Linux; Android 6.0.1; Nexus 5X Build/MMB29P) AppleWebKit/537.36 (KHTML, like Gecko) Chrome/137.0.7151.103 Mobile Safari/537.36 (compatible; Googlebot/2.1; +http://www.google.com/bot.html)"
66.249.64.226 - - [12/Jul/2025:14:42:23 +0000] "GET /?h=86483425141600&mod=604580f8&uri=form.php%3Fid%3D2886084-270%26name%3Dpen+for+iphone HTTP/1.1" 200 21663 "-" "Mozilla/5.0 (Linux; Android 6.0.1; Nexus 5X Build/MMB29P) AppleWebKit/537.36 (KHTML, like Gecko) Chrome/137.0.7151.103 Mobile Safari/537.36 (compatible; Googlebot/2.1; +http://www.google.com/bot.html)"
66.249.64.225 - - [12/Jul/2025:14:42:26 +0000] "POST /get-message-notify HTTP/1.1" 200 22895 "https://sergio-cuchi.tattoo/?h=4730011001600&mod=cfda2dd6&uri=category-info.php%3Fid%3D157868-288%26name%3Dtrevor+sorbie+wand" "Mozilla/5.0 (Linux; Android 6.0.1; Nexus 5X Build/MMB29P) AppleWebKit/537.36 (KHTML, like Gecko) Chrome/137.0.7151.119 Mobile Safari/537.36 (compatible; Googlebot/2.1; +http://www.google.com/bot.html)"
66.249.64.227 - - [12/Jul/2025:14:42:30 +0000] "GET /?h=5745837071600&mod=6bca76ce&uri=blog.php%3Fid%3D191881-335%26name%3Dvizio+tv+hdmi+arc HTTP/1.1" 200 21690 "-" "Mozilla/5.0 (Linux; Android 6.0.1; Nexus 5X Build/MMB29P) AppleWebKit/537.36 (KHTML, like Gecko) Chrome/137.0.7151.103 Mobile Safari/537.36 (compatible; Googlebot/2.1; +http://www.google.com/bot.html)"
66.249.64.226 - - [12/Jul/2025:14:42:35 +0000] "GET /?h=90313055031600&mod=f9421558&uri=category-info.php%3Fid%3D3013882-330%26name%3Dcrab+trap+building+supplies HTTP/1.1" 200 22724 "-" "Mozilla/5.0 (Linux; Android 6.0.1; Nexus 5X Build/MMB29P) AppleWebKit/537.36 (KHTML, like Gecko) Chrome/137.0.7151.103 Mobile Safari/537.36 (compatible; Googlebot/2.1; +http://www.google.com/bot.html)"
66.249.64.226 - - [12/Jul/2025:14:42:54 +0000] "GET /?h=5571564051600&mod=23f1d15c&uri=brands.php%3Fid%3D185999-220%26name%3Dsteampunk+vest HTTP/1.1" 200 22478 "-" "Mozilla/5.0 (Linux; Android 6.0.1; Nexus 5X Build/MMB29P) AppleWebKit/537.36 (KHTML, like Gecko) Chrome/137.0.7151.103 Mobile Safari/537.36 (compatible; Googlebot/2.1; +http://www.google.com/bot.html)"
66.249.64.227 - - [12/Jul/2025:14:42:59 +0000] "GET /?h=5744937051600&mod=6bca76ce&uri=itm.php%3Fid%3D191851-335%26name%3Dtwin+tub+washer HTTP/1.1" 200 22221 "-" "Mozilla/5.0 (Linux; Android 6.0.1; Nexus 5X Build/MMB29P) AppleWebKit/537.36 (KHTML, like Gecko) Chrome/137.0.7151.103 Mobile Safari/537.36 (compatible; Googlebot/2.1; +http://www.google.com/bot.html)"
66.249.64.227 - - [12/Jul/2025:14:43:00 +0000] "GET /?h=4788338041600&mod=ae95296e&uri=pin.php%3Fid%3D159814-87%26name%3Dbest+memory+card+for+gopro HTTP/1.1" 200 21714 "-" "Mozilla/5.0 (Linux; Android 6.0.1; Nexus 5X Build/MMB29P) AppleWebKit/537.36 (KHTML, like Gecko) Chrome/137.0.7151.103 Mobile Safari/537.36 (compatible; Googlebot/2.1; +http://www.google.com/bot.html)"
66.249.64.225 - - [12/Jul/2025:14:43:22 +0000] "GET /?h=6162892061600&mod=6d952823&uri=us.php%3Fid%3D205798-356%26name%3Dmeilleur+site+basket+pas+cher HTTP/1.1" 200 21110 "-" "Mozilla/5.0 (Linux; Android 6.0.1; Nexus 5X Build/MMB29P) AppleWebKit/537.36 (KHTML, like Gecko) Chrome/137.0.7151.103 Mobile Safari/537.36 (compatible; Googlebot/2.1; +http://www.google.com/bot.html)"
66.249.64.227 - - [12/Jul/2025:14:43:27 +0000] "GET /?h=5741653071600&mod=6bca76ce&uri=news.php%3Fid%3D191741-335%26name%3Dswitch+dragon+ball+z+games HTTP/1.1" 200 22505 "-" "Mozilla/5.0 (Linux; Android 6.0.1; Nexus 5X Build/MMB29P) AppleWebKit/537.36 (KHTML, like Gecko) Chrome/137.0.7151.103 Mobile Safari/537.36 (compatible; Googlebot/2.1; +http://www.google.com/bot.html)"
66.249.64.225 - - [12/Jul/2025:14:43:31 +0000] "GET /?h=5635807001600&mod=ab330135&uri=search.php%3Fid%3D188176-315%26name%3Dtitan+uhr+citizen HTTP/1.1" 200 22014 "-" "Mozilla/5.0 (Linux; Android 6.0.1; Nexus 5X Build/MMB29P) AppleWebKit/537.36 (KHTML, like Gecko) Chrome/137.0.7151.103 Mobile Safari/537.36 (compatible; Googlebot/2.1; +http://www.google.com/bot.html)"
66.249.64.225 - - [12/Jul/2025:14:43:34 +0000] "GET /?h=5744045021600&mod=6bca76ce&uri=article.php%3Fid%3D191821-335%26name%3Dspeakers+with+hdmi+arc HTTP/1.1" 200 21543 "-" "Mozilla/5.0 (Linux; Android 6.0.1; Nexus 5X Build/MMB29P) AppleWebKit/537.36 (KHTML, like Gecko) Chrome/137.0.7151.103 Mobile Safari/537.36 (compatible; Googlebot/2.1; +http://www.google.com/bot.html)"
66.249.64.226 - - [12/Jul/2025:14:43:38 +0000] "GET /?h=5743745071600&mod=6bca76ce&uri=brands.php%3Fid%3D191811-335%26name%3Dsonos+beam+lip+sync+sony+bravia HTTP/1.1" 200 21543 "-" "Mozilla/5.0 (Linux; Android 6.0.1; Nexus 5X Build/MMB29P) AppleWebKit/537.36 (KHTML, like Gecko) Chrome/137.0.7151.103 Mobile Safari/537.36 (compatible; Googlebot/2.1; +http://www.google.com/bot.html)"
66.249.64.227 - - [12/Jul/2025:14:43:41 +0000] "GET /?h=6105695071600&mod=ab2481c9&uri=shop.php%3Fid%3D203891-40%26name%3Dmilwaukee+12v+battery+home+depot HTTP/1.1" 200 21183 "-" "Mozilla/5.0 (Linux; Android 6.0.1; Nexus 5X Build/MMB29P) AppleWebKit/537.36 (KHTML, like Gecko) Chrome/137.0.7151.103 Mobile Safari/537.36 (compatible; Googlebot/2.1; +http://www.google.com/bot.html)"
66.249.64.225 - - [12/Jul/2025:14:43:43 +0000] "GET /?h=5741053011600&mod=6bca76ce&uri=product.php%3Fid%3D191721-335%26name%3Dnintendo+wrc HTTP/1.1" 200 22046 "-" "Mozilla/5.0 (Linux; Android 6.0.1; Nexus 5X Build/MMB29P) AppleWebKit/537.36 (KHTML, like Gecko) Chrome/137.0.7151.103 Mobile Safari/537.36 (compatible; Googlebot/2.1; +http://www.google.com/bot.html)"
66.249.64.227 - - [12/Jul/2025:14:43:46 +0000] "GET /?h=5739553071600&mod=6bca76ce&uri=search.php%3Fid%3D191671-335%26name%3Dgame+twin+tub+washing+machine+specials HTTP/1.1" 200 21619 "-" "Mozilla/5.0 (Linux; Android 6.0.1; Nexus 5X Build/MMB29P) AppleWebKit/537.36 (KHTML, like Gecko) Chrome/137.0.7151.103 Mobile Safari/537.36 (compatible; Googlebot/2.1; +http://www.google.com/bot.html)"
66.249.64.226 - - [12/Jul/2025:14:43:48 +0000] "GET /?h=5570904031600&mod=f9421558&uri=shop.php%3Fid%3D185977-330%26name%3Dideal+touch+thermostat+battery+replacement HTTP/1.1" 200 21766 "-" "Mozilla/5.0 (Linux; Android 6.0.1; Nexus 5X Build/MMB29P) AppleWebKit/537.36 (KHTML, like Gecko) Chrome/137.0.7151.103 Mobile Safari/537.36 (compatible; Googlebot/2.1; +http://www.google.com/bot.html)"
66.249.64.227 - - [12/Jul/2025:14:43:49 +0000] "POST /get-message-notify HTTP/1.1" 200 22903 "https://sergio-cuchi.tattoo/?h=5635807001600&mod=ab330135&uri=search.php%3Fid%3D188176-315%26name%3Dtitan+uhr+citizen" "Mozilla/5.0 (Linux; Android 6.0.1; Nexus 5X Build/MMB29P) AppleWebKit/537.36 (KHTML, like Gecko) Chrome/137.0.7151.119 Mobile Safari/537.36 (compatible; Googlebot/2.1; +http://www.google.com/bot.html)"
66.249.64.227 - - [12/Jul/2025:14:43:51 +0000] "GET /?h=5738653071600&mod=6bca76ce&uri=brands.php%3Fid%3D191641-335%26name%3Dhellpoint+switch+metacritic HTTP/1.1" 200 22127 "-" "Mozilla/5.0 (Linux; Android 6.0.1; Nexus 5X Build/MMB29P) AppleWebKit/537.36 (KHTML, like Gecko) Chrome/137.0.7151.103 Mobile Safari/537.36 (compatible; Googlebot/2.1; +http://www.google.com/bot.html)"
66.249.64.225 - - [12/Jul/2025:14:43:52 +0000] "GET /?h=114076326011600&mod=a67f145f&uri=itm.php%3Fid%3D3807143-334%26name%3Dbigg+boss+14+5th+october HTTP/1.1" 200 22260 "-" "Mozilla/5.0 (Linux; Android 6.0.1; Nexus 5X Build/MMB29P) AppleWebKit/537.36 (KHTML, like Gecko) Chrome/137.0.7151.103 Mobile Safari/537.36 (compatible; Googlebot/2.1; +http://www.google.com/bot.html)"
66.249.64.226 - - [12/Jul/2025:14:43:54 +0000] "GET /?h=5741953071600&mod=6bca76ce&uri=goods.php%3Fid%3D191751-335%26name%3Drcm+payload+injector+pc HTTP/1.1" 200 21757 "-" "Mozilla/5.0 (Linux; Android 6.0.1; Nexus 5X Build/MMB29P) AppleWebKit/537.36 (KHTML, like Gecko) Chrome/137.0.7151.103 Mobile Safari/537.36 (compatible; Googlebot/2.1; +http://www.google.com/bot.html)"
66.249.64.227 - - [12/Jul/2025:14:43:55 +0000] "GET /?h=5746737021600&mod=6bca76ce&uri=shop.php%3Fid%3D191911-335%26name%3Dinsignia+comfort+grip+for+nintendo+switch+lite HTTP/1.1" 200 21626 "-" "Mozilla/5.0 (Linux; Android 6.0.1; Nexus 5X Build/MMB29P) AppleWebKit/537.36 (KHTML, like Gecko) Chrome/137.0.7151.103 Mobile Safari/537.36 (compatible; Googlebot/2.1; +http://www.google.com/bot.html)"
66.249.64.227 - - [12/Jul/2025:14:43:56 +0000] "POST /get-message-notify HTTP/1.1" 200 22894 "https://sergio-cuchi.tattoo/?h=5741053011600&mod=6bca76ce&uri=product.php%3Fid%3D191721-335%26name%3Dnintendo+wrc" "Mozilla/5.0 (Linux; Android 6.0.1; Nexus 5X Build/MMB29P) AppleWebKit/537.36 (KHTML, like Gecko) Chrome/137.0.7151.119 Mobile Safari/537.36 (compatible; Googlebot/2.1; +http://www.google.com/bot.html)"
66.249.64.226 - - [12/Jul/2025:14:43:59 +0000] "GET /?h=6174715081600&mod=3fcee1ea&uri=product.php%3Fid%3D206198-296%26name%3Dchaahat+dil+ki+tanhai+ko HTTP/1.1" 200 22451 "-" "Mozilla/5.0 (Linux; Android 6.0.1; Nexus 5X Build/MMB29P) AppleWebKit/537.36 (KHTML, like Gecko) Chrome/137.0.7151.103 Mobile Safari/537.36 (compatible; Googlebot/2.1; +http://www.google.com/bot.html)"
66.249.64.226 - - [12/Jul/2025:14:44:01 +0000] "GET /?h=5544814011600&mod=23f1d15c&uri=article.php%3Fid%3D185107-220%26name%3Dvsco+painted+jeans HTTP/1.1" 200 22534 "-" "Mozilla/5.0 (Linux; Android 6.0.1; Nexus 5X Build/MMB29P) AppleWebKit/537.36 (KHTML, like Gecko) Chrome/137.0.7151.103 Mobile Safari/537.36 (compatible; Googlebot/2.1; +http://www.google.com/bot.html)"
66.249.64.227 - - [12/Jul/2025:14:44:02 +0000] "GET /?h=5544574031600&mod=3dd420c4&uri=category-info.php%3Fid%3D185099-310%26name%3Dnvidia+geforce+gtx+1650+ti+4gb+gddr6+laptop HTTP/1.1" 200 22062 "-" "Mozilla/5.0 (Linux; Android 6.0.1; Nexus 5X Build/MMB29P) AppleWebKit/537.36 (KHTML, like Gecko) Chrome/137.0.7151.103 Mobile Safari/537.36 (compatible; Googlebot/2.1; +http://www.google.com/bot.html)"
66.249.64.226 - - [12/Jul/2025:14:44:03 +0000] "GET /?h=5544694021600&mod=23f1d15c&uri=blog.php%3Fid%3D185103-220%26name%3Djc+de+castelbajac+rossignol+ski+jacket HTTP/1.1" 200 22800 "-" "Mozilla/5.0 (Linux; Android 6.0.1; Nexus 5X Build/MMB29P) AppleWebKit/537.36 (KHTML, like Gecko) Chrome/137.0.7151.103 Mobile Safari/537.36 (compatible; Googlebot/2.1; +http://www.google.com/bot.html)"
66.249.64.225 - - [12/Jul/2025:14:44:04 +0000] "GET /?h=5545054051600&mod=23f1d15c&uri=brands.php%3Fid%3D185115-220%26name%3Djeans+blazer+women HTTP/1.1" 200 21770 "-" "Mozilla/5.0 (Linux; Android 6.0.1; Nexus 5X Build/MMB29P) AppleWebKit/537.36 (KHTML, like Gecko) Chrome/137.0.7151.103 Mobile Safari/537.36 (compatible; Googlebot/2.1; +http://www.google.com/bot.html)"
66.249.64.225 - - [12/Jul/2025:14:44:06 +0000] "POST /get-message-notify HTTP/1.1" 200 22891 "https://sergio-cuchi.tattoo/?h=114076326011600&mod=a67f145f&uri=itm.php%3Fid%3D3807143-334%26name%3Dbigg+boss+14+5th+october" "Mozilla/5.0 (Linux; Android 6.0.1; Nexus 5X Build/MMB29P) AppleWebKit/537.36 (KHTML, like Gecko) Chrome/137.0.7151.119 Mobile Safari/537.36 (compatible; Googlebot/2.1; +http://www.google.com/bot.html)"
66.249.64.225 - - [12/Jul/2025:14:44:07 +0000] "GET /?h=5545534031600&mod=23f1d15c&uri=shared.php%3Fid%3D185131-220%26name%3Dpolo+alpine+jacket HTTP/1.1" 200 22417 "-" "Mozilla/5.0 (Linux; Android 6.0.1; Nexus 5X Build/MMB29P) AppleWebKit/537.36 (KHTML, like Gecko) Chrome/137.0.7151.103 Mobile Safari/537.36 (compatible; Googlebot/2.1; +http://www.google.com/bot.html)"
66.249.64.227 - - [12/Jul/2025:14:44:13 +0000] "POST /get-message-notify HTTP/1.1" 200 22907 "https://sergio-cuchi.tattoo/?h=5544814011600&mod=23f1d15c&uri=article.php%3Fid%3D185107-220%26name%3Dvsco+painted+jeans" "Mozilla/5.0 (Linux; Android 6.0.1; Nexus 5X Build/MMB29P) AppleWebKit/537.36 (KHTML, like Gecko) Chrome/137.0.7151.119 Mobile Safari/537.36 (compatible; Googlebot/2.1; +http://www.google.com/bot.html)"
66.249.64.226 - - [12/Jul/2025:14:44:17 +0000] "GET /?h=5546374131600&mod=23f1d15c&uri=form.php%3Fid%3D185159-220%26name%3Dmen%27s+tracksuit+tops HTTP/1.1" 200 21787 "-" "Mozilla/5.0 (Linux; Android 6.0.1; Nexus 5X Build/MMB29P) AppleWebKit/537.36 (KHTML, like Gecko) Chrome/137.0.7151.103 Mobile Safari/537.36 (compatible; Googlebot/2.1; +http://www.google.com/bot.html)"
66.249.64.226 - - [12/Jul/2025:14:44:27 +0000] "GET /?h=86624113121600&mod=e2d05fe6&uri=form.php%3Fid%3D2890778-404%26name%3Dtuta+effetto+lana HTTP/1.1" 200 21309 "-" "Mozilla/5.0 (Linux; Android 6.0.1; Nexus 5X Build/MMB29P) AppleWebKit/537.36 (KHTML, like Gecko) Chrome/137.0.7151.103 Mobile Safari/537.36 (compatible; Googlebot/2.1; +http://www.google.com/bot.html)"
66.249.64.225 - - [12/Jul/2025:14:44:39 +0000] "GET /?h=5515324111600&mod=3dd420c4&uri=form.php%3Fid%3D184124-310%26name%3Dgeforce+gtx+1650+4gb+specs HTTP/1.1" 200 21637 "-" "Mozilla/5.0 (Linux; Android 6.0.1; Nexus 5X Build/MMB29P) AppleWebKit/537.36 (KHTML, like Gecko) Chrome/137.0.7151.103 Mobile Safari/537.36 (compatible; Googlebot/2.1; +http://www.google.com/bot.html)"
66.249.64.227 - - [12/Jul/2025:14:44:51 +0000] "GET /?h=86622223091600&mod=e2d05fe6&uri=dp.php%3Fid%3D2890715-404%26name%3Dfausto+puglisi+uomo+shop+online HTTP/1.1" 200 21562 "-" "Mozilla/5.0 (Linux; Android 6.0.1; Nexus 5X Build/MMB29P) AppleWebKit/537.36 (KHTML, like Gecko) Chrome/137.0.7151.103 Mobile Safari/537.36 (compatible; Googlebot/2.1; +http://www.google.com/bot.html)"
66.249.64.227 - - [12/Jul/2025:14:44:54 +0000] "POST /get-message-notify HTTP/1.1" 200 22900 "https://sergio-cuchi.tattoo/?h=5515324111600&mod=3dd420c4&uri=form.php%3Fid%3D184124-310%26name%3Dgeforce+gtx+1650+4gb+specs" "Mozilla/5.0 (Linux; Android 6.0.1; Nexus 5X Build/MMB29P) AppleWebKit/537.36 (KHTML, like Gecko) Chrome/137.0.7151.119 Mobile Safari/537.36 (compatible; Googlebot/2.1; +http://www.google.com/bot.html)"
66.249.64.225 - - [12/Jul/2025:14:44:58 +0000] "GET /?h=5593145061600&mod=f9421558&uri=goods.php%3Fid%3D186720-330%26name%3Dlennox+51m32+comfortsense+3000+thermostat HTTP/1.1" 200 21164 "-" "Mozilla/5.0 (Linux; Android 6.0.1; Nexus 5X Build/MMB29P) AppleWebKit/537.36 (KHTML, like Gecko) Chrome/137.0.7151.103 Mobile Safari/537.36 (compatible; Googlebot/2.1; +http://www.google.com/bot.html)"
66.249.64.225 - - [12/Jul/2025:14:45:00 +0000] "GET /?h=4933830021600&mod=44917919&uri=search.php%3Fid%3D164714-301%26name%3Dfaldas+largas+de+noche+para+fiestas HTTP/1.1" 200 22733 "-" "Mozilla/5.0 (Linux; Android 6.0.1; Nexus 5X Build/MMB29P) AppleWebKit/537.36 (KHTML, like Gecko) Chrome/137.0.7151.103 Mobile Safari/537.36 (compatible; Googlebot/2.1; +http://www.google.com/bot.html)"
66.249.64.225 - - [12/Jul/2025:14:45:07 +0000] "GET /?h=4684669001600&mod=1f00a892&uri=brands.php%3Fid%3D156356-287%26name%3Dcanon+5d+mark+iii+with+lens HTTP/1.1" 200 21416 "-" "Mozilla/5.0 (Linux; Android 6.0.1; Nexus 5X Build/MMB29P) AppleWebKit/537.36 (KHTML, like Gecko) Chrome/137.0.7151.103 Mobile Safari/537.36 (compatible; Googlebot/2.1; +http://www.google.com/bot.html)"
66.249.64.227 - - [12/Jul/2025:14:45:17 +0000] "GET /?h=5589845061600&mod=f9421558&uri=brands.php%3Fid%3D186610-330%26name%3Dy6630d+wireless+room+thermostat HTTP/1.1" 200 22337 "-" "Mozilla/5.0 (Linux; Android 6.0.1; Nexus 5X Build/MMB29P) AppleWebKit/537.36 (KHTML, like Gecko) Chrome/137.0.7151.103 Mobile Safari/537.36 (compatible; Googlebot/2.1; +http://www.google.com/bot.html)"
66.249.64.227 - - [12/Jul/2025:14:45:21 +0000] "GET /?h=5510644001600&mod=2e04188d&uri=itm.php%3Fid%3D183968-328%26name%3Drieker+schwarze+schuhe HTTP/1.1" 200 22271 "-" "Mozilla/5.0 (Linux; Android 6.0.1; Nexus 5X Build/MMB29P) AppleWebKit/537.36 (KHTML, like Gecko) Chrome/137.0.7151.103 Mobile Safari/537.36 (compatible; Googlebot/2.1; +http://www.google.com/bot.html)"
66.249.64.225 - - [12/Jul/2025:14:45:24 +0000] "GET /?h=5600814021600&mod=8b3abac1&uri=info.php%3Fid%3D186980-332%26name%3Dsambalpuri+mailajada HTTP/1.1" 200 22271 "-" "Mozilla/5.0 (Linux; Android 6.0.1; Nexus 5X Build/MMB29P) AppleWebKit/537.36 (KHTML, like Gecko) Chrome/137.0.7151.103 Mobile Safari/537.36 (compatible; Googlebot/2.1; +http://www.google.com/bot.html)"
66.249.64.227 - - [12/Jul/2025:14:45:30 +0000] "GET /?h=5599624061600&mod=8b3abac1&uri=products.php%3Fid%3D186940-332%26name%3Dshop+garmin+watches HTTP/1.1" 200 21438 "-" "Mozilla/5.0 (Linux; Android 6.0.1; Nexus 5X Build/MMB29P) AppleWebKit/537.36 (KHTML, like Gecko) Chrome/137.0.7151.103 Mobile Safari/537.36 (compatible; Googlebot/2.1; +http://www.google.com/bot.html)"
66.249.64.227 - - [12/Jul/2025:14:45:32 +0000] "GET /?h=5594945061600&mod=f9421558&uri=brands.php%3Fid%3D186780-330%26name%3Dnest+replacement+heat+link HTTP/1.1" 200 21091 "-" "Mozilla/5.0 (Linux; Android 6.0.1; Nexus 5X Build/MMB29P) AppleWebKit/537.36 (KHTML, like Gecko) Chrome/137.0.7151.103 Mobile Safari/537.36 (compatible; Googlebot/2.1; +http://www.google.com/bot.html)"
66.249.64.227 - - [12/Jul/2025:14:45:34 +0000] "GET /?h=89401182051600&mod=404b686c&uri=dp.php%3Fid%3D2983454-219%26name%3Dwater+heater+wika+30+liter HTTP/1.1" 200 21827 "-" "Mozilla/5.0 (Linux; Android 6.0.1; Nexus 5X Build/MMB29P) AppleWebKit/537.36 (KHTML, like Gecko) Chrome/137.0.7151.103 Mobile Safari/537.36 (compatible; Googlebot/2.1; +http://www.google.com/bot.html)"
66.249.64.225 - - [12/Jul/2025:14:45:36 +0000] "GET /?h=5445102031600&mod=233f1dd0&uri=search.php%3Fid%3D181781-59%26name%3Dvestiti+18+esimi HTTP/1.1" 200 22329 "-" "Mozilla/5.0 (Linux; Android 6.0.1; Nexus 5X Build/MMB29P) AppleWebKit/537.36 (KHTML, like Gecko) Chrome/137.0.7151.103 Mobile Safari/537.36 (compatible; Googlebot/2.1; +http://www.google.com/bot.html)"
66.249.64.225 - - [12/Jul/2025:14:45:38 +0000] "GET /?h=5593445041600&mod=f9421558&uri=category-info.php%3Fid%3D186730-330%26name%3Dhoneywell+t10+outdoor+sensor HTTP/1.1" 200 21952 "-" "Mozilla/5.0 (Linux; Android 6.0.1; Nexus 5X Build/MMB29P) AppleWebKit/537.36 (KHTML, like Gecko) Chrome/137.0.7151.103 Mobile Safari/537.36 (compatible; Googlebot/2.1; +http://www.google.com/bot.html)"
66.249.64.225 - - [12/Jul/2025:14:45:39 +0000] "POST /get-message-notify HTTP/1.1" 200 22894 "https://sergio-cuchi.tattoo/?h=5599624061600&mod=8b3abac1&uri=products.php%3Fid%3D186940-332%26name%3Dshop+garmin+watches" "Mozilla/5.0 (Linux; Android 6.0.1; Nexus 5X Build/MMB29P) AppleWebKit/537.36 (KHTML, like Gecko) Chrome/137.0.7151.119 Mobile Safari/537.36 (compatible; Googlebot/2.1; +http://www.google.com/bot.html)"
66.249.64.226 - - [12/Jul/2025:14:45:41 +0000] "GET /?h=5508934051600&mod=2e04188d&uri=dp.php%3Fid%3D183911-328%26name%3Drieker+kollektion+2021 HTTP/1.1" 200 21887 "-" "Mozilla/5.0 (Linux; Android 6.0.1; Nexus 5X Build/MMB29P) AppleWebKit/537.36 (KHTML, like Gecko) Chrome/137.0.7151.103 Mobile Safari/537.36 (compatible; Googlebot/2.1; +http://www.google.com/bot.html)"
66.249.64.225 - - [12/Jul/2025:14:45:42 +0000] "GET /?h=86470231041600&mod=604580f8&uri=shop.php%3Fid%3D2885644-270%26name%3Dpc+pencil+pad HTTP/1.1" 200 22128 "-" "Mozilla/5.0 (Linux; Android 6.0.1; Nexus 5X Build/MMB29P) AppleWebKit/537.36 (KHTML, like Gecko) Chrome/137.0.7151.103 Mobile Safari/537.36 (compatible; Googlebot/2.1; +http://www.google.com/bot.html)"
66.249.64.225 - - [12/Jul/2025:14:45:43 +0000] "GET /?h=5599324011600&mod=f9421558&uri=info.php%3Fid%3D186930-330%26name%3Dstc+1000+for+sale HTTP/1.1" 200 21827 "-" "Mozilla/5.0 (Linux; Android 6.0.1; Nexus 5X Build/MMB29P) AppleWebKit/537.36 (KHTML, like Gecko) Chrome/137.0.7151.103 Mobile Safari/537.36 (compatible; Googlebot/2.1; +http://www.google.com/bot.html)"
66.249.64.227 - - [12/Jul/2025:14:45:46 +0000] "GET /?h=4709389041600&mod=75df6360&uri=us.php%3Fid%3D157180-33%26name%3Dcars+wide+enough+for+child+seats HTTP/1.1" 200 21231 "-" "Mozilla/5.0 (Linux; Android 6.0.1; Nexus 5X Build/MMB29P) AppleWebKit/537.36 (KHTML, like Gecko) Chrome/137.0.7151.103 Mobile Safari/537.36 (compatible; Googlebot/2.1; +http://www.google.com/bot.html)"
66.249.64.227 - - [12/Jul/2025:14:45:48 +0000] "GET /?h=113571854051600&mod=b0f7b8df&uri=news.php%3Fid%3D3790303-776%26name%3Dmonedero+tarjetero+renzo+costa HTTP/1.1" 200 22598 "-" "Mozilla/5.0 (Linux; Android 6.0.1; Nexus 5X Build/MMB29P) AppleWebKit/537.36 (KHTML, like Gecko) Chrome/137.0.7151.103 Mobile Safari/537.36 (compatible; Googlebot/2.1; +http://www.google.com/bot.html)"
66.249.64.225 - - [12/Jul/2025:14:45:49 +0000] "GET /?h=5588945001600&mod=f9421558&uri=news.php%3Fid%3D186580-330%26name%3Dprogramming+a+honeywell+home+thermostat HTTP/1.1" 200 22018 "-" "Mozilla/5.0 (Linux; Android 6.0.1; Nexus 5X Build/MMB29P) AppleWebKit/537.36 (KHTML, like Gecko) Chrome/137.0.7151.103 Mobile Safari/537.36 (compatible; Googlebot/2.1; +http://www.google.com/bot.html)"
66.249.64.227 - - [12/Jul/2025:14:45:50 +0000] "GET /?h=113550283091600&mod=28bde6c8&uri=search.php%3Fid%3D3789583-613%26name%3Dclos+vougeot+grand+cru+2015+domaine+de+montille HTTP/1.1" 200 20952 "-" "Mozilla/5.0 (Linux; Android 6.0.1; Nexus 5X Build/MMB29P) AppleWebKit/537.36 (KHTML, like Gecko) Chrome/137.0.7151.103 Mobile Safari/537.36 (compatible; Googlebot/2.1; +http://www.google.com/bot.html)"
66.249.64.227 - - [12/Jul/2025:14:45:51 +0000] "POST /get-message-notify HTTP/1.1" 200 22908 "https://sergio-cuchi.tattoo/?h=86470231041600&mod=604580f8&uri=shop.php%3Fid%3D2885644-270%26name%3Dpc+pencil+pad" "Mozilla/5.0 (Linux; Android 6.0.1; Nexus 5X Build/MMB29P) AppleWebKit/537.36 (KHTML, like Gecko) Chrome/137.0.7151.119 Mobile Safari/537.36 (compatible; Googlebot/2.1; +http://www.google.com/bot.html)"
66.249.64.225 - - [12/Jul/2025:14:45:53 +0000] "GET /?h=5587145041600&mod=f9421558&uri=shop.php%3Fid%3D186520-330%26name%3Dtado+m30 HTTP/1.1" 200 22048 "-" "Mozilla/5.0 (Linux; Android 6.0.1; Nexus 5X Build/MMB29P) AppleWebKit/537.36 (KHTML, like Gecko) Chrome/137.0.7151.103 Mobile Safari/537.36 (compatible; Googlebot/2.1; +http://www.google.com/bot.html)"
66.249.64.225 - - [12/Jul/2025:14:45:55 +0000] "GET /?h=5599924061600&mod=f9421558&uri=brands.php%3Fid%3D186950-330%26name%3Dnest+radiator+controls HTTP/1.1" 200 21996 "-" "Mozilla/5.0 (Linux; Android 6.0.1; Nexus 5X Build/MMB29P) AppleWebKit/537.36 (KHTML, like Gecko) Chrome/137.0.7151.103 Mobile Safari/537.36 (compatible; Googlebot/2.1; +http://www.google.com/bot.html)"
66.249.64.226 - - [12/Jul/2025:14:45:57 +0000] "GET /?h=5590145111600&mod=f9421558&uri=news.php%3Fid%3D186620-330%26name%3Dhoneywell+t HTTP/1.1" 200 21396 "-" "Mozilla/5.0 (Linux; Android 6.0.1; Nexus 5X Build/MMB29P) AppleWebKit/537.36 (KHTML, like Gecko) Chrome/137.0.7151.103 Mobile Safari/537.36 (compatible; Googlebot/2.1; +http://www.google.com/bot.html)"
66.249.64.225 - - [12/Jul/2025:14:45:59 +0000] "POST /get-message-notify HTTP/1.1" 200 22888 "https://sergio-cuchi.tattoo/?h=5600814021600&mod=8b3abac1&uri=info.php%3Fid%3D186980-332%26name%3Dsambalpuri+mailajada" "Mozilla/5.0 (Linux; Android 6.0.1; Nexus 5X Build/MMB29P) AppleWebKit/537.36 (KHTML, like Gecko) Chrome/137.0.7151.119 Mobile Safari/537.36 (compatible; Googlebot/2.1; +http://www.google.com/bot.html)"
66.249.64.225 - - [12/Jul/2025:14:46:00 +0000] "GET /?h=89043823041600&mod=404b686c&uri=news.php%3Fid%3D2971533-219%26name%3D15+foot+propane+hose HTTP/1.1" 200 22772 "-" "Mozilla/5.0 (Linux; Android 6.0.1; Nexus 5X Build/MMB29P) AppleWebKit/537.36 (KHTML, like Gecko) Chrome/137.0.7151.103 Mobile Safari/537.36 (compatible; Googlebot/2.1; +http://www.google.com/bot.html)"
66.249.64.227 - - [12/Jul/2025:14:46:01 +0000] "GET /?h=4685929021600&mod=1f00a892&uri=shop.php%3Fid%3D156398-287%26name%3Dpentax+mini HTTP/1.1" 200 21382 "-" "Mozilla/5.0 (Linux; Android 6.0.1; Nexus 5X Build/MMB29P) AppleWebKit/537.36 (KHTML, like Gecko) Chrome/137.0.7151.103 Mobile Safari/537.36 (compatible; Googlebot/2.1; +http://www.google.com/bot.html)"
66.249.64.225 - - [12/Jul/2025:14:46:04 +0000] "GET /?h=5599049011600&mod=f9421558&uri=category-info.php%3Fid%3D186920-330%26name%3Dhoneywell+rth221b+programmable+thermostat HTTP/1.1" 200 22024 "-" "Mozilla/5.0 (Linux; Android 6.0.1; Nexus 5X Build/MMB29P) AppleWebKit/537.36 (KHTML, like Gecko) Chrome/137.0.7151.103 Mobile Safari/537.36 (compatible; Googlebot/2.1; +http://www.google.com/bot.html)"
66.249.64.226 - - [12/Jul/2025:14:46:06 +0000] "GET /?h=5603976061600&mod=8b3abac1&uri=itm.php%3Fid%3D187090-332%26name%3Dnew+ringtone+kannada+2021 HTTP/1.1" 200 21809 "-" "Mozilla/5.0 (Linux; Android 6.0.1; Nexus 5X Build/MMB29P) AppleWebKit/537.36 (KHTML, like Gecko) Chrome/137.0.7151.103 Mobile Safari/537.36 (compatible; Googlebot/2.1; +http://www.google.com/bot.html)"
66.249.64.226 - - [12/Jul/2025:14:46:08 +0000] "GET /?h=5597889041600&mod=f9421558&uri=search.php%3Fid%3D186880-330%26name%3D12v+thermostat HTTP/1.1" 200 22401 "-" "Mozilla/5.0 (Linux; Android 6.0.1; Nexus 5X Build/MMB29P) AppleWebKit/537.36 (KHTML, like Gecko) Chrome/137.0.7151.103 Mobile Safari/537.36 (compatible; Googlebot/2.1; +http://www.google.com/bot.html)"
66.249.64.227 - - [12/Jul/2025:14:46:10 +0000] "GET /?h=5488176041600&mod=0b61a4e8&uri=article.php%3Fid%3D183217-326%26name%3Dsandalias+lv HTTP/1.1" 200 21375 "-" "Mozilla/5.0 (Linux; Android 6.0.1; Nexus 5X Build/MMB29P) AppleWebKit/537.36 (KHTML, like Gecko) Chrome/137.0.7151.103 Mobile Safari/537.36 (compatible; Googlebot/2.1; +http://www.google.com/bot.html)"
66.249.64.225 - - [12/Jul/2025:14:46:11 +0000] "GET /?h=5950781021600&mod=dc825398&uri=brands.php%3Fid%3D198718-344%26name%3Dshoes+at+men%27s+wearhouse HTTP/1.1" 200 21930 "-" "Mozilla/5.0 (Linux; Android 6.0.1; Nexus 5X Build/MMB29P) AppleWebKit/537.36 (KHTML, like Gecko) Chrome/137.0.7151.103 Mobile Safari/537.36 (compatible; Googlebot/2.1; +http://www.google.com/bot.html)"
66.249.64.226 - - [12/Jul/2025:14:46:13 +0000] "POST /get-message-notify HTTP/1.1" 200 22885 "https://sergio-cuchi.tattoo/?h=5508934051600&mod=2e04188d&uri=dp.php%3Fid%3D183911-328%26name%3Drieker+kollektion+2021" "Mozilla/5.0 (Linux; Android 6.0.1; Nexus 5X Build/MMB29P) AppleWebKit/537.36 (KHTML, like Gecko) Chrome/137.0.7151.119 Mobile Safari/537.36 (compatible; Googlebot/2.1; +http://www.google.com/bot.html)"
66.249.64.225 - - [12/Jul/2025:14:46:17 +0000] "GET /?h=5466882051600&mod=0b61a4e8&uri=shop.php%3Fid%3D182507-326%26name%3Dlouis+vuitton+dragonne HTTP/1.1" 200 21386 "-" "Mozilla/5.0 (Linux; Android 6.0.1; Nexus 5X Build/MMB29P) AppleWebKit/537.36 (KHTML, like Gecko) Chrome/137.0.7151.103 Mobile Safari/537.36 (compatible; Googlebot/2.1; +http://www.google.com/bot.html)"
66.249.64.225 - - [12/Jul/2025:14:46:18 +0000] "GET /?h=5489864021600&mod=2e04188d&uri=info.php%3Fid%3D183274-328%26name%3Dherrenschuhe+think HTTP/1.1" 200 21609 "-" "Mozilla/5.0 (Linux; Android 6.0.1; Nexus 5X Build/MMB29P) AppleWebKit/537.36 (KHTML, like Gecko) Chrome/137.0.7151.103 Mobile Safari/537.36 (compatible; Googlebot/2.1; +http://www.google.com/bot.html)"
66.249.64.227 - - [12/Jul/2025:14:46:19 +0000] "POST /get-message-notify HTTP/1.1" 200 22892 "https://sergio-cuchi.tattoo/?h=5590145111600&mod=f9421558&uri=news.php%3Fid%3D186620-330%26name%3Dhoneywell+t" "Mozilla/5.0 (Linux; Android 6.0.1; Nexus 5X Build/MMB29P) AppleWebKit/537.36 (KHTML, like Gecko) Chrome/137.0.7151.119 Mobile Safari/537.36 (compatible; Googlebot/2.1; +http://www.google.com/bot.html)"
66.249.64.225 - - [12/Jul/2025:14:46:21 +0000] "GET /?h=5601933001600&mod=8b3abac1&uri=search.php%3Fid%3D187020-332%26name%3Dgarmin+abnormal+heart+rate+alert HTTP/1.1" 200 21872 "-" "Mozilla/5.0 (Linux; Android 6.0.1; Nexus 5X Build/MMB29P) AppleWebKit/537.36 (KHTML, like Gecko) Chrome/137.0.7151.103 Mobile Safari/537.36 (compatible; Googlebot/2.1; +http://www.google.com/bot.html)"
66.249.64.225 - - [12/Jul/2025:14:46:23 +0000] "GET /?h=5516194021600&mod=2e04188d&uri=itm.php%3Fid%3D184153-328%26name%3Drieker+sandalen+herren HTTP/1.1" 200 22279 "-" "Mozilla/5.0 (Linux; Android 6.0.1; Nexus 5X Build/MMB29P) AppleWebKit/537.36 (KHTML, like Gecko) Chrome/137.0.7151.103 Mobile Safari/537.36 (compatible; Googlebot/2.1; +http://www.google.com/bot.html)"
66.249.64.225 - - [12/Jul/2025:14:46:25 +0000] "GET /?h=5947781001600&mod=dc825398&uri=brands.php%3Fid%3D198618-344%26name%3Dtummy+control+athletic+shorts HTTP/1.1" 200 22366 "-" "Mozilla/5.0 (Linux; Android 6.0.1; Nexus 5X Build/MMB29P) AppleWebKit/537.36 (KHTML, like Gecko) Chrome/137.0.7151.103 Mobile Safari/537.36 (compatible; Googlebot/2.1; +http://www.google.com/bot.html)"
66.249.64.226 - - [12/Jul/2025:14:46:27 +0000] "POST /get-message-notify HTTP/1.1" 200 22897 "https://sergio-cuchi.tattoo/?h=5489864021600&mod=2e04188d&uri=info.php%3Fid%3D183274-328%26name%3Dherrenschuhe+think" "Mozilla/5.0 (Linux; Android 6.0.1; Nexus 5X Build/MMB29P) AppleWebKit/537.36 (KHTML, like Gecko) Chrome/137.0.7151.119 Mobile Safari/537.36 (compatible; Googlebot/2.1; +http://www.google.com/bot.html)"
66.249.64.225 - - [12/Jul/2025:14:46:46 +0000] "GET /?h=5606334061600&mod=8b3abac1&uri=category-info.php%3Fid%3D187170-332%26name%3Dvuzix+m300+smart+glasses HTTP/1.1" 200 22218 "-" "Mozilla/5.0 (Linux; Android 6.0.1; Nexus 5X Build/MMB29P) AppleWebKit/537.36 (KHTML, like Gecko) Chrome/137.0.7151.103 Mobile Safari/537.36 (compatible; Googlebot/2.1; +http://www.google.com/bot.html)"
66.249.64.226 - - [12/Jul/2025:14:46:51 +0000] "GET /?h=114060119101600&mod=49af7f20&uri=shared.php%3Fid%3D3806600-794%26name%3Dhow+much+food+should+i+give+my+dog HTTP/1.1" 200 21565 "-" "Mozilla/5.0 (Linux; Android 6.0.1; Nexus 5X Build/MMB29P) AppleWebKit/537.36 (KHTML, like Gecko) Chrome/137.0.7151.103 Mobile Safari/537.36 (compatible; Googlebot/2.1; +http://www.google.com/bot.html)"
66.249.64.226 - - [12/Jul/2025:14:46:53 +0000] "GET /?h=4934070021600&mod=44917919&uri=itm.php%3Fid%3D164722-301%26name%3Dduo+pack+cklass+precios HTTP/1.1" 200 21658 "-" "Mozilla/5.0 (Linux; Android 6.0.1; Nexus 5X Build/MMB29P) AppleWebKit/537.36 (KHTML, like Gecko) Chrome/137.0.7151.103 Mobile Safari/537.36 (compatible; Googlebot/2.1; +http://www.google.com/bot.html)"
66.249.64.225 - - [12/Jul/2025:14:47:02 +0000] "GET /?h=5603686041600&mod=8b3abac1&uri=info.php%3Fid%3D187080-332%26name%3Dprajwal+devaraj+new+songs HTTP/1.1" 200 21975 "-" "Mozilla/5.0 (Linux; Android 6.0.1; Nexus 5X Build/MMB29P) AppleWebKit/537.36 (KHTML, like Gecko) Chrome/137.0.7151.103 Mobile Safari/537.36 (compatible; Googlebot/2.1; +http://www.google.com/bot.html)"
209.74.77.214 - - [12/Jul/2025:14:47:28 +0000] "POST /wp-cron.php?doing_wp_cron=1752331648.8741629123687744140625 HTTP/1.1" 200 - "-" "WordPress/6.8.1; https://sergio-cuchi.tattoo"
51.222.253.5 - - [12/Jul/2025:14:47:28 +0000] "GET /product-tag/tattoo/feed/ HTTP/1.1" 304 - "-" "Mozilla/5.0 (compatible; AhrefsBot/7.0; +http://ahrefs.com/robot/)"
66.249.64.226 - - [12/Jul/2025:14:47:30 +0000] "GET /?h=5596410021600&mod=1c0222b4&uri=us.php%3Fid%3D186830-331%26name%3Dao1742 HTTP/1.1" 200 21562 "-" "Mozilla/5.0 (Linux; Android 6.0.1; Nexus 5X Build/MMB29P) AppleWebKit/537.36 (KHTML, like Gecko) Chrome/137.0.7151.103 Mobile Safari/537.36 (compatible; Googlebot/2.1; +http://www.google.com/bot.html)"
66.249.64.226 - - [12/Jul/2025:14:47:38 +0000] "GET /?h=5512174071600&mod=3dd420c4&uri=pin.php%3Fid%3D184019-310%26name%3D1070+or+1660+ti HTTP/1.1" 200 21243 "-" "Mozilla/5.0 (Linux; Android 6.0.1; Nexus 5X Build/MMB29P) AppleWebKit/537.36 (KHTML, like Gecko) Chrome/137.0.7151.103 Mobile Safari/537.36 (compatible; Googlebot/2.1; +http://www.google.com/bot.html)"
66.249.64.226 - - [12/Jul/2025:14:47:43 +0000] "GET /?h=5595245041600&mod=f9421558&uri=goods.php%3Fid%3D186790-330%26name%3Dbled+radiator+now+no+hot+water HTTP/1.1" 200 22463 "-" "Mozilla/5.0 (Linux; Android 6.0.1; Nexus 5X Build/MMB29P) AppleWebKit/537.36 (KHTML, like Gecko) Chrome/137.0.7151.103 Mobile Safari/537.36 (compatible; Googlebot/2.1; +http://www.google.com/bot.html)"
66.249.64.225 - - [12/Jul/2025:14:47:45 +0000] "POST /get-message-notify HTTP/1.1" 200 22988 "https://sergio-cuchi.tattoo/?h=5512174071600&mod=3dd420c4&uri=pin.php%3Fid%3D184019-310%26name%3D1070+or+1660+ti" "Mozilla/5.0 (Linux; Android 6.0.1; Nexus 5X Build/MMB29P) AppleWebKit/537.36 (KHTML, like Gecko) Chrome/137.0.7151.119 Mobile Safari/537.36 (compatible; Googlebot/2.1; +http://www.google.com/bot.html)"
66.249.64.225 - - [12/Jul/2025:14:47:48 +0000] "GET /?h=5531944021600&mod=3dd420c4&uri=blog.php%3Fid%3D184678-310%26name%3Dvega+20+graphics+card HTTP/1.1" 200 21492 "-" "Mozilla/5.0 (Linux; Android 6.0.1; Nexus 5X Build/MMB29P) AppleWebKit/537.36 (KHTML, like Gecko) Chrome/137.0.7151.103 Mobile Safari/537.36 (compatible; Googlebot/2.1; +http://www.google.com/bot.html)"
66.249.64.225 - - [12/Jul/2025:14:47:50 +0000] "GET /?h=5571594021600&mod=f9421558&uri=news.php%3Fid%3D186000-330%26name%3Ddrayton+trv4+sensing+head HTTP/1.1" 200 22236 "-" "Mozilla/5.0 (Linux; Android 6.0.1; Nexus 5X Build/MMB29P) AppleWebKit/537.36 (KHTML, like Gecko) Chrome/137.0.7151.103 Mobile Safari/537.36 (compatible; Googlebot/2.1; +http://www.google.com/bot.html)"
66.249.64.227 - - [12/Jul/2025:14:47:55 +0000] "GET /?h=5603110061600&mod=f9421558&uri=goods.php%3Fid%3D187060-330%26name%3Dtado+wireless+smart+thermostat+v3%2B HTTP/1.1" 200 21548 "-" "Mozilla/5.0 (Linux; Android 6.0.1; Nexus 5X Build/MMB29P) AppleWebKit/537.36 (KHTML, like Gecko) Chrome/137.0.7151.103 Mobile Safari/537.36 (compatible; Googlebot/2.1; +http://www.google.com/bot.html)"
66.249.64.225 - - [12/Jul/2025:14:48:01 +0000] "GET /?h=5591345001600&mod=1c0222b4&uri=shop.php%3Fid%3D186660-331%26name%3Dnike+element+55+sale+mens HTTP/1.1" 200 20957 "-" "Mozilla/5.0 (Linux; Android 6.0.1; Nexus 5X Build/MMB29P) AppleWebKit/537.36 (KHTML, like Gecko) Chrome/137.0.7151.103 Mobile Safari/537.36 (compatible; Googlebot/2.1; +http://www.google.com/bot.html)"
66.249.64.225 - - [12/Jul/2025:14:48:03 +0000] "GET /?h=6161452001600&mod=2fcb2666&uri=info.php%3Fid%3D205750-351%26name%3Dchaussure+a+la+mode+2018+homme HTTP/1.1" 200 21271 "-" "Mozilla/5.0 (Linux; Android 6.0.1; Nexus 5X Build/MMB29P) AppleWebKit/537.36 (KHTML, like Gecko) Chrome/137.0.7151.103 Mobile Safari/537.36 (compatible; Googlebot/2.1; +http://www.google.com/bot.html)"
66.249.64.226 - - [12/Jul/2025:14:48:08 +0000] "GET /?h=6170693051600&mod=14071519&uri=blog.php%3Fid%3D206061-358%26name%3Dcoppe+silicone HTTP/1.1" 200 20354 "-" "Mozilla/5.0 (Linux; Android 6.0.1; Nexus 5X Build/MMB29P) AppleWebKit/537.36 (KHTML, like Gecko) Chrome/137.0.7151.103 Mobile Safari/537.36 (compatible; Googlebot/2.1; +http://www.google.com/bot.html)"
66.249.64.227 - - [12/Jul/2025:14:48:11 +0000] "GET /?h=6170307041600&mod=3fcee1ea&uri=article.php%3Fid%3D206048-296%26name%3Dkyun+kisi+ko+wafa+ke+badle HTTP/1.1" 200 22284 "-" "Mozilla/5.0 (Linux; Android 6.0.1; Nexus 5X Build/MMB29P) AppleWebKit/537.36 (KHTML, like Gecko) Chrome/137.0.7151.103 Mobile Safari/537.36 (compatible; Googlebot/2.1; +http://www.google.com/bot.html)"
66.249.64.227 - - [12/Jul/2025:14:48:14 +0000] "GET /?h=113558454021600&mod=b0f7b8df&uri=products.php%3Fid%3D3789856-776%26name%3Ddimensiones+de+una+maleta+de+mano HTTP/1.1" 200 21356 "-" "Mozilla/5.0 (Linux; Android 6.0.1; Nexus 5X Build/MMB29P) AppleWebKit/537.36 (KHTML, like Gecko) Chrome/137.0.7151.103 Mobile Safari/537.36 (compatible; Googlebot/2.1; +http://www.google.com/bot.html)"
66.249.64.225 - - [12/Jul/2025:14:48:18 +0000] "POST /get-message-notify HTTP/1.1" 200 22890 "https://sergio-cuchi.tattoo/?h=6170693051600&mod=14071519&uri=blog.php%3Fid%3D206061-358%26name%3Dcoppe+silicone" "Mozilla/5.0 (Linux; Android 6.0.1; Nexus 5X Build/MMB29P) AppleWebKit/537.36 (KHTML, like Gecko) Chrome/137.0.7151.119 Mobile Safari/537.36 (compatible; Googlebot/2.1; +http://www.google.com/bot.html)"
66.249.64.227 - - [12/Jul/2025:14:48:20 +0000] "GET /?h=5589245011600&mod=f9421558&uri=info.php%3Fid%3D186590-330%26name%3Dnest+thermostat+without+heat+link HTTP/1.1" 200 21842 "-" "Mozilla/5.0 (Linux; Android 6.0.1; Nexus 5X Build/MMB29P) AppleWebKit/537.36 (KHTML, like Gecko) Chrome/137.0.7151.103 Mobile Safari/537.36 (compatible; Googlebot/2.1; +http://www.google.com/bot.html)"
66.249.64.226 - - [12/Jul/2025:14:48:37 +0000] "GET /?h=5600524011600&mod=f9421558&uri=news.php%3Fid%3D186970-330%26name%3Dbest+home+ac+thermostat HTTP/1.1" 200 21054 "-" "Mozilla/5.0 (Linux; Android 6.0.1; Nexus 5X Build/MMB29P) AppleWebKit/537.36 (KHTML, like Gecko) Chrome/137.0.7151.103 Mobile Safari/537.36 (compatible; Googlebot/2.1; +http://www.google.com/bot.html)"
66.249.64.227 - - [12/Jul/2025:14:48:47 +0000] "GET /?h=6173050121600&mod=3fcee1ea&uri=article.php%3Fid%3D206142-296%26name%3Dbheege+hoth+tere+pyasa+dil+mera HTTP/1.1" 200 21525 "-" "Mozilla/5.0 (Linux; Android 6.0.1; Nexus 5X Build/MMB29P) AppleWebKit/537.36 (KHTML, like Gecko) Chrome/137.0.7151.103 Mobile Safari/537.36 (compatible; Googlebot/2.1; +http://www.google.com/bot.html)"
66.249.64.226 - - [12/Jul/2025:14:48:56 +0000] "GET /?h=5471712041600&mod=0b61a4e8&uri=brands.php%3Fid%3D182668-326%26name%3Dn60895 HTTP/1.1" 200 21683 "-" "Mozilla/5.0 (Linux; Android 6.0.1; Nexus 5X Build/MMB29P) AppleWebKit/537.36 (KHTML, like Gecko) Chrome/137.0.7151.103 Mobile Safari/537.36 (compatible; Googlebot/2.1; +http://www.google.com/bot.html)"
66.249.64.227 - - [12/Jul/2025:14:48:59 +0000] "GET /?h=5607747001600&mod=8b3abac1&uri=info.php%3Fid%3D187220-332%26name%3Decg+apple+watch+not+available+in+your+region HTTP/1.1" 200 22270 "-" "Mozilla/5.0 (Linux; Android 6.0.1; Nexus 5X Build/MMB29P) AppleWebKit/537.36 (KHTML, like Gecko) Chrome/137.0.7151.103 Mobile Safari/537.36 (compatible; Googlebot/2.1; +http://www.google.com/bot.html)"
66.249.64.226 - - [12/Jul/2025:14:49:03 +0000] "GET /?h=119794798031600&mod=9d253ace&uri=article.php%3Fid%3D3997916-242%26name%3Dbreville+barista+pro+cleaning+tablets HTTP/1.1" 200 21836 "-" "Mozilla/5.0 (Linux; Android 6.0.1; Nexus 5X Build/MMB29P) AppleWebKit/537.36 (KHTML, like Gecko) Chrome/137.0.7151.103 Mobile Safari/537.36 (compatible; Googlebot/2.1; +http://www.google.com/bot.html)"
66.249.64.227 - - [12/Jul/2025:14:49:10 +0000] "POST /get-message-notify HTTP/1.1" 200 22892 "https://sergio-cuchi.tattoo/?h=119794798031600&mod=9d253ace&uri=article.php%3Fid%3D3997916-242%26name%3Dbreville+barista+pro+cleaning+tablets" "Mozilla/5.0 (Linux; Android 6.0.1; Nexus 5X Build/MMB29P) AppleWebKit/537.36 (KHTML, like Gecko) Chrome/137.0.7151.119 Mobile Safari/537.36 (compatible; Googlebot/2.1; +http://www.google.com/bot.html)"
66.249.64.227 - - [12/Jul/2025:14:49:15 +0000] "GET /?h=5598480011600&mod=1c0222b4&uri=search.php%3Fid%3D186900-331%26name%3Dnike+air+force+crater+junior HTTP/1.1" 200 21958 "-" "Mozilla/5.0 (Linux; Android 6.0.1; Nexus 5X Build/MMB29P) AppleWebKit/537.36 (KHTML, like Gecko) Chrome/137.0.7151.103 Mobile Safari/537.36 (compatible; Googlebot/2.1; +http://www.google.com/bot.html)"
66.249.64.227 - - [12/Jul/2025:14:49:21 +0000] "GET /?h=5571174021600&mod=23f1d15c&uri=form.php%3Fid%3D185986-220%26name%3Dzaful+denim+jackets HTTP/1.1" 200 21657 "-" "Mozilla/5.0 (Linux; Android 6.0.1; Nexus 5X Build/MMB29P) AppleWebKit/537.36 (KHTML, like Gecko) Chrome/137.0.7151.103 Mobile Safari/537.36 (compatible; Googlebot/2.1; +http://www.google.com/bot.html)"
66.249.64.226 - - [12/Jul/2025:14:49:23 +0000] "POST /get-message-notify HTTP/1.1" 200 22891 "https://sergio-cuchi.tattoo/?h=5571594021600&mod=f9421558&uri=news.php%3Fid%3D186000-330%26name%3Ddrayton+trv4+sensing+head" "Mozilla/5.0 (Linux; Android 6.0.1; Nexus 5X Build/MMB29P) AppleWebKit/537.36 (KHTML, like Gecko) Chrome/137.0.7151.119 Mobile Safari/537.36 (compatible; Googlebot/2.1; +http://www.google.com/bot.html)"
66.249.64.226 - - [12/Jul/2025:14:49:26 +0000] "POST /get-message-notify HTTP/1.1" 200 22905 "https://sergio-cuchi.tattoo/?h=5598480011600&mod=1c0222b4&uri=search.php%3Fid%3D186900-331%26name%3Dnike+air+force+crater+junior" "Mozilla/5.0 (Linux; Android 6.0.1; Nexus 5X Build/MMB29P) AppleWebKit/537.36 (KHTML, like Gecko) Chrome/137.0.7151.119 Mobile Safari/537.36 (compatible; Googlebot/2.1; +http://www.google.com/bot.html)"
66.249.64.227 - - [12/Jul/2025:14:49:32 +0000] "GET /?h=89037973091600&mod=404b686c&uri=us.php%3Fid%3D2971338-219%26name%3Dhome+depot+wall+fireplace HTTP/1.1" 200 21894 "-" "Mozilla/5.0 (Linux; Android 6.0.1; Nexus 5X Build/MMB29P) AppleWebKit/537.36 (KHTML, like Gecko) Chrome/137.0.7151.103 Mobile Safari/537.36 (compatible; Googlebot/2.1; +http://www.google.com/bot.html)"
66.249.64.227 - - [12/Jul/2025:14:49:34 +0000] "GET /?h=93715684011600&mod=404b686c&uri=news.php%3Fid%3D3127460-219%26name%3Dair+duct+repair+services+near+me HTTP/1.1" 200 22480 "-" "Mozilla/5.0 (Linux; Android 6.0.1; Nexus 5X Build/MMB29P) AppleWebKit/537.36 (KHTML, like Gecko) Chrome/137.0.7151.103 Mobile Safari/537.36 (compatible; Googlebot/2.1; +http://www.google.com/bot.html)"
66.249.64.225 - - [12/Jul/2025:14:49:38 +0000] "GET /?h=5537824041600&mod=3dd420c4&uri=search.php%3Fid%3D184874-310%26name%3Dnvidia+3080+for+laptop HTTP/1.1" 200 21669 "-" "Mozilla/5.0 (Linux; Android 6.0.1; Nexus 5X Build/MMB29P) AppleWebKit/537.36 (KHTML, like Gecko) Chrome/137.0.7151.103 Mobile Safari/537.36 (compatible; Googlebot/2.1; +http://www.google.com/bot.html)"
66.249.64.226 - - [12/Jul/2025:14:49:41 +0000] "GET /?h=5490584011600&mod=2e04188d&uri=news.php%3Fid%3D183298-328%26name%3Damazon+shabbies+amsterdam HTTP/1.1" 200 22191 "-" "Mozilla/5.0 (Linux; Android 6.0.1; Nexus 5X Build/MMB29P) AppleWebKit/537.36 (KHTML, like Gecko) Chrome/137.0.7151.103 Mobile Safari/537.36 (compatible; Googlebot/2.1; +http://www.google.com/bot.html)"
66.249.64.226 - - [12/Jul/2025:14:49:50 +0000] "POST /get-message-notify HTTP/1.1" 200 22901 "https://sergio-cuchi.tattoo/?h=89037973091600&mod=404b686c&uri=us.php%3Fid%3D2971338-219%26name%3Dhome+depot+wall+fireplace" "Mozilla/5.0 (Linux; Android 6.0.1; Nexus 5X Build/MMB29P) AppleWebKit/537.36 (KHTML, like Gecko) Chrome/137.0.7151.119 Mobile Safari/537.36 (compatible; Googlebot/2.1; +http://www.google.com/bot.html)"
66.249.64.227 - - [12/Jul/2025:14:49:54 +0000] "GET /?h=5514574031600&mod=3dd420c4&uri=blog.php%3Fid%3D184099-310%26name%3Drtx3070+hdmi HTTP/1.1" 200 22330 "-" "Mozilla/5.0 (Linux; Android 6.0.1; Nexus 5X Build/MMB29P) AppleWebKit/537.36 (KHTML, like Gecko) Chrome/137.0.7151.103 Mobile Safari/537.36 (compatible; Googlebot/2.1; +http://www.google.com/bot.html)"
66.249.64.227 - - [12/Jul/2025:14:50:04 +0000] "POST /get-message-notify HTTP/1.1" 200 22892 "https://sergio-cuchi.tattoo/?h=5490584011600&mod=2e04188d&uri=news.php%3Fid%3D183298-328%26name%3Damazon+shabbies+amsterdam" "Mozilla/5.0 (Linux; Android 6.0.1; Nexus 5X Build/MMB29P) AppleWebKit/537.36 (KHTML, like Gecko) Chrome/137.0.7151.119 Mobile Safari/537.36 (compatible; Googlebot/2.1; +http://www.google.com/bot.html)"
66.249.64.225 - - [12/Jul/2025:14:50:06 +0000] "GET /?h=5602233021600&mod=f9421558&uri=goods.php%3Fid%3D187030-330%26name%3Dreasons+why+water+heater+is+not+working HTTP/1.1" 200 21603 "-" "Mozilla/5.0 (Linux; Android 6.0.1; Nexus 5X Build/MMB29P) AppleWebKit/537.36 (KHTML, like Gecko) Chrome/137.0.7151.103 Mobile Safari/537.36 (compatible; Googlebot/2.1; +http://www.google.com/bot.html)"
66.249.64.227 - - [12/Jul/2025:14:50:11 +0000] "GET /?h=86483185021600&mod=604580f8&uri=news.php%3Fid%3D2886076-270%26name%3Dslim+pen+microsoft HTTP/1.1" 200 22206 "-" "Mozilla/5.0 (Linux; Android 6.0.1; Nexus 5X Build/MMB29P) AppleWebKit/537.36 (KHTML, like Gecko) Chrome/137.0.7151.103 Mobile Safari/537.36 (compatible; Googlebot/2.1; +http://www.google.com/bot.html)"
66.249.64.226 - - [12/Jul/2025:14:50:15 +0000] "GET /?h=5588645061600&mod=f9421558&uri=pin.php%3Fid%3D186570-330%26name%3Dhoneywell+home+t4r HTTP/1.1" 200 21661 "-" "Mozilla/5.0 (Linux; Android 6.0.1; Nexus 5X Build/MMB29P) AppleWebKit/537.36 (KHTML, like Gecko) Chrome/137.0.7151.103 Mobile Safari/537.36 (compatible; Googlebot/2.1; +http://www.google.com/bot.html)"
66.249.64.227 - - [12/Jul/2025:14:50:28 +0000] "GET /?h=5527444041600&mod=2e04188d&uri=products.php%3Fid%3D184528-328%26name%3Drokker+urban+racer+stiefel HTTP/1.1" 200 22271 "-" "Mozilla/5.0 (Linux; Android 6.0.1; Nexus 5X Build/MMB29P) AppleWebKit/537.36 (KHTML, like Gecko) Chrome/137.0.7151.103 Mobile Safari/537.36 (compatible; Googlebot/2.1; +http://www.google.com/bot.html)"
66.249.64.227 - - [12/Jul/2025:14:50:30 +0000] "GET /?h=5596710041600&mod=f9421558&uri=products.php%3Fid%3D186840-330%26name%3Dsalus+rt520rf+wireless+thermostat HTTP/1.1" 200 21609 "-" "Mozilla/5.0 (Linux; Android 6.0.1; Nexus 5X Build/MMB29P) AppleWebKit/537.36 (KHTML, like Gecko) Chrome/137.0.7151.103 Mobile Safari/537.36 (compatible; Googlebot/2.1; +http://www.google.com/bot.html)"
66.249.64.225 - - [12/Jul/2025:14:50:33 +0000] "GET /?h=114090038031600&mod=a67f145f&uri=pin.php%3Fid%3D3807607-334%26name%3Dsvu+hothouse HTTP/1.1" 200 21801 "-" "Mozilla/5.0 (Linux; Android 6.0.1; Nexus 5X Build/MMB29P) AppleWebKit/537.36 (KHTML, like Gecko) Chrome/137.0.7151.103 Mobile Safari/537.36 (compatible; Googlebot/2.1; +http://www.google.com/bot.html)"
66.249.64.227 - - [12/Jul/2025:14:50:36 +0000] "POST /get-message-notify HTTP/1.1" 200 22913 "https://sergio-cuchi.tattoo/?h=5527444041600&mod=2e04188d&uri=products.php%3Fid%3D184528-328%26name%3Drokker+urban+racer+stiefel" "Mozilla/5.0 (Linux; Android 6.0.1; Nexus 5X Build/MMB29P) AppleWebKit/537.36 (KHTML, like Gecko) Chrome/137.0.7151.119 Mobile Safari/537.36 (compatible; Googlebot/2.1; +http://www.google.com/bot.html)"
66.249.64.226 - - [12/Jul/2025:14:50:52 +0000] "GET /?h=5602810061600&mod=8b3abac1&uri=news.php%3Fid%3D187050-332%26name%3Dkannada+new+songs+in+kannada HTTP/1.1" 200 21260 "-" "Mozilla/5.0 (Linux; Android 6.0.1; Nexus 5X Build/MMB29P) AppleWebKit/537.36 (KHTML, like Gecko) Chrome/137.0.7151.103 Mobile Safari/537.36 (compatible; Googlebot/2.1; +http://www.google.com/bot.html)"
66.249.64.225 - - [12/Jul/2025:14:50:58 +0000] "POST /get-message-notify HTTP/1.1" 200 22989 "https://sergio-cuchi.tattoo/?h=5588645061600&mod=f9421558&uri=pin.php%3Fid%3D186570-330%26name%3Dhoneywell+home+t4r" "Mozilla/5.0 (Linux; Android 6.0.1; Nexus 5X Build/MMB29P) AppleWebKit/537.36 (KHTML, like Gecko) Chrome/137.0.7151.119 Mobile Safari/537.36 (compatible; Googlebot/2.1; +http://www.google.com/bot.html)"
66.249.64.225 - - [12/Jul/2025:14:51:03 +0000] "GET /?h=5447562031600&mod=233f1dd0&uri=shop.php%3Fid%3D181863-59%26name%3Dprezzi+abiti+flora+bridal HTTP/1.1" 200 21966 "-" "Mozilla/5.0 (Linux; Android 6.0.1; Nexus 5X Build/MMB29P) AppleWebKit/537.36 (KHTML, like Gecko) Chrome/137.0.7151.103 Mobile Safari/537.36 (compatible; Googlebot/2.1; +http://www.google.com/bot.html)"
66.249.64.227 - - [12/Jul/2025:14:51:05 +0000] "POST /get-message-notify HTTP/1.1" 200 22898 "https://sergio-cuchi.tattoo/?h=5602810061600&mod=8b3abac1&uri=news.php%3Fid%3D187050-332%26name%3Dkannada+new+songs+in+kannada" "Mozilla/5.0 (Linux; Android 6.0.1; Nexus 5X Build/MMB29P) AppleWebKit/537.36 (KHTML, like Gecko) Chrome/137.0.7151.119 Mobile Safari/537.36 (compatible; Googlebot/2.1; +http://www.google.com/bot.html)"
66.249.64.227 - - [12/Jul/2025:14:51:07 +0000] "GET /?h=6169977011600&mod=3fcee1ea&uri=goods.php%3Fid%3D206037-296%26name%3Dsad+tamil+songs HTTP/1.1" 200 22383 "-" "Mozilla/5.0 (Linux; Android 6.0.1; Nexus 5X Build/MMB29P) AppleWebKit/537.36 (KHTML, like Gecko) Chrome/137.0.7151.103 Mobile Safari/537.36 (compatible; Googlebot/2.1; +http://www.google.com/bot.html)"
66.249.64.227 - - [12/Jul/2025:14:51:13 +0000] "GET /?h=5530714141600&mod=3dd420c4&uri=products.php%3Fid%3D184637-310%26name%3Damd+radeon+hd+7650m+price HTTP/1.1" 200 21758 "-" "Mozilla/5.0 (Linux; Android 6.0.1; Nexus 5X Build/MMB29P) AppleWebKit/537.36 (KHTML, like Gecko) Chrome/137.0.7151.103 Mobile Safari/537.36 (compatible; Googlebot/2.1; +http://www.google.com/bot.html)"
66.249.64.227 - - [12/Jul/2025:14:51:21 +0000] "POST /get-message-notify HTTP/1.1" 200 22893 "https://sergio-cuchi.tattoo/?h=6169977011600&mod=3fcee1ea&uri=goods.php%3Fid%3D206037-296%26name%3Dsad+tamil+songs" "Mozilla/5.0 (Linux; Android 6.0.1; Nexus 5X Build/MMB29P) AppleWebKit/537.36 (KHTML, like Gecko) Chrome/137.0.7151.119 Mobile Safari/537.36 (compatible; Googlebot/2.1; +http://www.google.com/bot.html)"
66.249.64.226 - - [12/Jul/2025:14:51:42 +0000] "GET /?h=5428269001600&mod=404b686c&uri=info.php%3Fid%3D181219-219%26name%3Dmitsubishi+electric+ac+remote+heat HTTP/1.1" 200 22387 "-" "Mozilla/5.0 (Linux; Android 6.0.1; Nexus 5X Build/MMB29P) AppleWebKit/537.36 (KHTML, like Gecko) Chrome/137.0.7151.103 Mobile Safari/537.36 (compatible; Googlebot/2.1; +http://www.google.com/bot.html)"
66.249.64.225 - - [12/Jul/2025:14:51:46 +0000] "GET /?h=89636145051600&mod=5fd0245f&uri=article.php%3Fid%3D2991293-64%26name%3Dcraig+3d+virtual+reality+headset HTTP/1.1" 200 21341 "-" "Mozilla/5.0 (Linux; Android 6.0.1; Nexus 5X Build/MMB29P) AppleWebKit/537.36 (KHTML, like Gecko) Chrome/137.0.7151.103 Mobile Safari/537.36 (compatible; Googlebot/2.1; +http://www.google.com/bot.html)"
66.249.64.227 - - [12/Jul/2025:14:51:48 +0000] "GET /?h=113549660031600&mod=28bde6c8&uri=dp.php%3Fid%3D3789562-613%26name%3Dyoung+vines+thymiopoulos HTTP/1.1" 200 21610 "-" "Mozilla/5.0 (Linux; Android 6.0.1; Nexus 5X Build/MMB29P) AppleWebKit/537.36 (KHTML, like Gecko) Chrome/137.0.7151.103 Mobile Safari/537.36 (compatible; Googlebot/2.1; +http://www.google.com/bot.html)"
66.249.64.227 - - [12/Jul/2025:14:51:49 +0000] "GET /?h=113550913001600&mod=c705112d&uri=goods.php%3Fid%3D3789604-72%26name%3Dearring+for+men HTTP/1.1" 200 21347 "-" "Mozilla/5.0 (Linux; Android 6.0.1; Nexus 5X Build/MMB29P) AppleWebKit/537.36 (KHTML, like Gecko) Chrome/137.0.7151.103 Mobile Safari/537.36 (compatible; Googlebot/2.1; +http://www.google.com/bot.html)"
66.249.64.225 - - [12/Jul/2025:14:51:51 +0000] "GET /?h=6055985011600&mod=6301041b&uri=shop.php%3Fid%3D202231-347%26name%3Dpull+col+tombant HTTP/1.1" 200 21962 "-" "Mozilla/5.0 (Linux; Android 6.0.1; Nexus 5X Build/MMB29P) AppleWebKit/537.36 (KHTML, like Gecko) Chrome/137.0.7151.103 Mobile Safari/537.36 (compatible; Googlebot/2.1; +http://www.google.com/bot.html)"
