66.249.64.225 - - [12/Jul/2025:22:23:24 +0000] "GET /?h=5404605061600&mod=22bb543b&uri=goods.php%3Fid%3D180430-88%26name%3Dminnidip+splash+pad HTTP/1.1" 200 21731 "-" "Mozilla/5.0 (Linux; Android 6.0.1; Nexus 5X Build/MMB29P) AppleWebKit/537.36 (KHTML, like Gecko) Chrome/137.0.7151.103 Mobile Safari/537.36 (compatible; Googlebot/2.1; +http://www.google.com/bot.html)"
66.249.64.225 - - [12/Jul/2025:22:23:26 +0000] "GET /?h=5403975101600&mod=5fd0245f&uri=goods.php%3Fid%3D180409-64%26name%3Doculus+go+controller HTTP/1.1" 200 21699 "-" "Mozilla/5.0 (Linux; Android 6.0.1; Nexus 5X Build/MMB29P) AppleWebKit/537.36 (KHTML, like Gecko) Chrome/137.0.7151.103 Mobile Safari/537.36 (compatible; Googlebot/2.1; +http://www.google.com/bot.html)"
66.249.64.225 - - [12/Jul/2025:22:23:27 +0000] "GET /?h=67997927021600&mod=884738b4&uri=brands.php%3Fid%3D2269148-322%26name%3D18+inch+deep+dishwasher HTTP/1.1" 200 21639 "-" "Mozilla/5.0 (Linux; Android 6.0.1; Nexus 5X Build/MMB29P) AppleWebKit/537.36 (KHTML, like Gecko) Chrome/137.0.7151.103 Mobile Safari/537.36 (compatible; Googlebot/2.1; +http://www.google.com/bot.html)"
66.249.64.225 - - [12/Jul/2025:22:23:28 +0000] "GET /?h=5409645041600&mod=5fd0245f&uri=itm.php%3Fid%3D180598-64%26name%3Dvirtual+reality HTTP/1.1" 200 21577 "-" "Mozilla/5.0 (Linux; Android 6.0.1; Nexus 5X Build/MMB29P) AppleWebKit/537.36 (KHTML, like Gecko) Chrome/137.0.7151.103 Mobile Safari/537.36 (compatible; Googlebot/2.1; +http://www.google.com/bot.html)"
66.249.64.225 - - [12/Jul/2025:22:23:29 +0000] "POST /get-message-notify HTTP/1.1" 200 22890 "https://sergio-cuchi.tattoo/?h=5405415031600&mod=604580f8&uri=news.php%3Fid%3D180457-270%26name%3Duniball+jet" "Mozilla/5.0 (Linux; Android 6.0.1; Nexus 5X Build/MMB29P) AppleWebKit/537.36 (KHTML, like Gecko) Chrome/137.0.7151.119 Mobile Safari/537.36 (compatible; Googlebot/2.1; +http://www.google.com/bot.html)"
66.249.64.225 - - [12/Jul/2025:22:23:30 +0000] "GET /?h=5405325101600&mod=a4cd5806&uri=blog.php%3Fid%3D180454-208%26name%3Dfujifilm+share+sp3 HTTP/1.1" 200 20600 "-" "Mozilla/5.0 (Linux; Android 6.0.1; Nexus 5X Build/MMB29P) AppleWebKit/537.36 (KHTML, like Gecko) Chrome/137.0.7151.103 Mobile Safari/537.36 (compatible; Googlebot/2.1; +http://www.google.com/bot.html)"
66.249.64.226 - - [12/Jul/2025:22:23:32 +0000] "GET /?h=5410095041600&mod=5fd0245f&uri=blog.php%3Fid%3D180613-64%26name%3Dvive+base+station HTTP/1.1" 200 21962 "-" "Mozilla/5.0 (Linux; Android 6.0.1; Nexus 5X Build/MMB29P) AppleWebKit/537.36 (KHTML, like Gecko) Chrome/137.0.7151.103 Mobile Safari/537.36 (compatible; Googlebot/2.1; +http://www.google.com/bot.html)"
66.249.64.226 - - [12/Jul/2025:22:23:33 +0000] "GET /?h=5452032031600&mod=233f1dd0&uri=product.php%3Fid%3D182012-59%26name%3Dconbipel+uomo+vestiti+eleganti HTTP/1.1" 200 22344 "-" "Mozilla/5.0 (Linux; Android 6.0.1; Nexus 5X Build/MMB29P) AppleWebKit/537.36 (KHTML, like Gecko) Chrome/137.0.7151.103 Mobile Safari/537.36 (compatible; Googlebot/2.1; +http://www.google.com/bot.html)"
66.249.64.226 - - [12/Jul/2025:22:23:34 +0000] "POST /get-message-notify HTTP/1.1" 200 22994 "https://sergio-cuchi.tattoo/?h=5404605061600&mod=22bb543b&uri=goods.php%3Fid%3D180430-88%26name%3Dminnidip+splash+pad" "Mozilla/5.0 (Linux; Android 6.0.1; Nexus 5X Build/MMB29P) AppleWebKit/537.36 (KHTML, like Gecko) Chrome/137.0.7151.119 Mobile Safari/537.36 (compatible; Googlebot/2.1; +http://www.google.com/bot.html)"
66.249.64.226 - - [12/Jul/2025:22:23:35 +0000] "GET /?h=5406405011600&mod=a4cd5806&uri=us.php%3Fid%3D180490-208%26name%3Dcanon+80d+flickr HTTP/1.1" 200 20525 "-" "Mozilla/5.0 (Linux; Android 6.0.1; Nexus 5X Build/MMB29P) AppleWebKit/537.36 (KHTML, like Gecko) Chrome/137.0.7151.103 Mobile Safari/537.36 (compatible; Googlebot/2.1; +http://www.google.com/bot.html)"
66.249.64.225 - - [12/Jul/2025:22:23:54 +0000] "GET /?h=5380605111600&mod=604580f8&uri=us.php%3Fid%3D179630-270%26name%3Ddrawing+pen+copic HTTP/1.1" 200 21563 "-" "Mozilla/5.0 (Linux; Android 6.0.1; Nexus 5X Build/MMB29P) AppleWebKit/537.36 (KHTML, like Gecko) Chrome/137.0.7151.103 Mobile Safari/537.36 (compatible; Googlebot/2.1; +http://www.google.com/bot.html)"
66.249.64.225 - - [12/Jul/2025:22:23:58 +0000] "POST /get-message-notify HTTP/1.1" 200 22889 "https://sergio-cuchi.tattoo/?h=5356752041600&mod=884738b4&uri=goods.php%3Fid%3D178834-322%26name%3Dkuds03ftss0" "Mozilla/5.0 (Linux; Android 6.0.1; Nexus 5X Build/MMB29P) AppleWebKit/537.36 (KHTML, like Gecko) Chrome/137.0.7151.119 Mobile Safari/537.36 (compatible; Googlebot/2.1; +http://www.google.com/bot.html)"
66.249.64.225 - - [12/Jul/2025:22:24:07 +0000] "GET /?h=79532420071600&mod=884738b4&uri=shop.php%3Fid%3D2654101-322%26name%3Dkdte104ewh HTTP/1.1" 200 22034 "-" "Mozilla/5.0 (Linux; Android 6.0.1; Nexus 5X Build/MMB29P) AppleWebKit/537.36 (KHTML, like Gecko) Chrome/137.0.7151.103 Mobile Safari/537.36 (compatible; Googlebot/2.1; +http://www.google.com/bot.html)"
66.249.64.227 - - [12/Jul/2025:22:24:11 +0000] "GET /?h=5404785021600&mod=604580f8&uri=shop.php%3Fid%3D180436-270%26name%3Dsmoothest+writing+pen HTTP/1.1" 200 21950 "-" "Mozilla/5.0 (Linux; Android 6.0.1; Nexus 5X Build/MMB29P) AppleWebKit/537.36 (KHTML, like Gecko) Chrome/137.0.7151.103 Mobile Safari/537.36 (compatible; Googlebot/2.1; +http://www.google.com/bot.html)"
66.249.64.226 - - [12/Jul/2025:22:24:14 +0000] "GET /?h=5404155011600&mod=5fd0245f&uri=article.php%3Fid%3D180415-64%26name%3Dmicrosoft+mesh+mixed+reality HTTP/1.1" 200 22232 "-" "Mozilla/5.0 (Linux; Android 6.0.1; Nexus 5X Build/MMB29P) AppleWebKit/537.36 (KHTML, like Gecko) Chrome/137.0.7151.103 Mobile Safari/537.36 (compatible; Googlebot/2.1; +http://www.google.com/bot.html)"
66.249.64.225 - - [12/Jul/2025:22:24:17 +0000] "GET /?h=5356812021600&mod=884738b4&uri=goods.php%3Fid%3D178836-322%26name%3Dkitchenaid+kdpm354gps+dishwasher HTTP/1.1" 200 21327 "-" "Mozilla/5.0 (Linux; Android 6.0.1; Nexus 5X Build/MMB29P) AppleWebKit/537.36 (KHTML, like Gecko) Chrome/137.0.7151.103 Mobile Safari/537.36 (compatible; Googlebot/2.1; +http://www.google.com/bot.html)"
66.249.64.225 - - [12/Jul/2025:22:24:19 +0000] "GET /?h=5409465131600&mod=22bb543b&uri=products.php%3Fid%3D180592-88%26name%3Dmember%27s+mark+inflatable+pool HTTP/1.1" 200 21599 "-" "Mozilla/5.0 (Linux; Android 6.0.1; Nexus 5X Build/MMB29P) AppleWebKit/537.36 (KHTML, like Gecko) Chrome/137.0.7151.103 Mobile Safari/537.36 (compatible; Googlebot/2.1; +http://www.google.com/bot.html)"
66.249.64.225 - - [12/Jul/2025:22:24:21 +0000] "GET /?h=5410455011600&mod=22bb543b&uri=pin.php%3Fid%3D180625-88%26name%3Dintex+dinosaur+pool HTTP/1.1" 200 22117 "-" "Mozilla/5.0 (Linux; Android 6.0.1; Nexus 5X Build/MMB29P) AppleWebKit/537.36 (KHTML, like Gecko) Chrome/137.0.7151.103 Mobile Safari/537.36 (compatible; Googlebot/2.1; +http://www.google.com/bot.html)"
66.249.64.225 - - [12/Jul/2025:22:24:23 +0000] "POST /get-message-notify HTTP/1.1" 200 22901 "https://sergio-cuchi.tattoo/?h=5409465131600&mod=22bb543b&uri=products.php%3Fid%3D180592-88%26name%3Dmember%27s+mark+inflatable+pool" "Mozilla/5.0 (Linux; Android 6.0.1; Nexus 5X Build/MMB29P) AppleWebKit/537.36 (KHTML, like Gecko) Chrome/137.0.7151.119 Mobile Safari/537.36 (compatible; Googlebot/2.1; +http://www.google.com/bot.html)"
66.249.64.225 - - [12/Jul/2025:22:24:26 +0000] "GET /?h=5356872041600&mod=884738b4&uri=us.php%3Fid%3D178838-322%26name%3Dkuds01flss2 HTTP/1.1" 200 21263 "-" "Mozilla/5.0 (Linux; Android 6.0.1; Nexus 5X Build/MMB29P) AppleWebKit/537.36 (KHTML, like Gecko) Chrome/137.0.7151.103 Mobile Safari/537.36 (compatible; Googlebot/2.1; +http://www.google.com/bot.html)"
66.249.64.225 - - [12/Jul/2025:22:24:28 +0000] "GET /?h=5408205011600&mod=a4cd5806&uri=itm.php%3Fid%3D180550-208%26name%3Dhasselblad+h1+lenses HTTP/1.1" 200 21039 "-" "Mozilla/5.0 (Linux; Android 6.0.1; Nexus 5X Build/MMB29P) AppleWebKit/537.36 (KHTML, like Gecko) Chrome/137.0.7151.103 Mobile Safari/537.36 (compatible; Googlebot/2.1; +http://www.google.com/bot.html)"
66.249.64.225 - - [12/Jul/2025:22:24:29 +0000] "POST /get-message-notify HTTP/1.1" 200 22900 "https://sergio-cuchi.tattoo/?h=5404785021600&mod=604580f8&uri=shop.php%3Fid%3D180436-270%26name%3Dsmoothest+writing+pen" "Mozilla/5.0 (Linux; Android 6.0.1; Nexus 5X Build/MMB29P) AppleWebKit/537.36 (KHTML, like Gecko) Chrome/137.0.7151.119 Mobile Safari/537.36 (compatible; Googlebot/2.1; +http://www.google.com/bot.html)"
66.249.64.225 - - [12/Jul/2025:22:24:31 +0000] "GET /?h=5408025101600&mod=5fd0245f&uri=products.php%3Fid%3D180544-64%26name%3Doculus+website HTTP/1.1" 200 21099 "-" "Mozilla/5.0 (Linux; Android 6.0.1; Nexus 5X Build/MMB29P) AppleWebKit/537.36 (KHTML, like Gecko) Chrome/137.0.7151.103 Mobile Safari/537.36 (compatible; Googlebot/2.1; +http://www.google.com/bot.html)"
66.249.64.225 - - [12/Jul/2025:22:24:32 +0000] "GET /?h=5406945041600&mod=22bb543b&uri=category-info.php%3Fid%3D180508-88%26name%3Dintex+floating+island HTTP/1.1" 200 21561 "-" "Mozilla/5.0 (Linux; Android 6.0.1; Nexus 5X Build/MMB29P) AppleWebKit/537.36 (KHTML, like Gecko) Chrome/137.0.7151.103 Mobile Safari/537.36 (compatible; Googlebot/2.1; +http://www.google.com/bot.html)"
66.249.64.225 - - [12/Jul/2025:22:24:33 +0000] "GET /?h=5407125001600&mod=ae95296e&uri=form.php%3Fid%3D180514-87%26name%3Dcobra+security+camera+cables HTTP/1.1" 200 22453 "-" "Mozilla/5.0 (Linux; Android 6.0.1; Nexus 5X Build/MMB29P) AppleWebKit/537.36 (KHTML, like Gecko) Chrome/137.0.7151.103 Mobile Safari/537.36 (compatible; Googlebot/2.1; +http://www.google.com/bot.html)"
66.249.64.225 - - [12/Jul/2025:22:24:34 +0000] "GET /?h=5406135021600&mod=ae95296e&uri=itm.php%3Fid%3D180481-87%26name%3Dcamera+wire+cable HTTP/1.1" 200 22211 "-" "Mozilla/5.0 (Linux; Android 6.0.1; Nexus 5X Build/MMB29P) AppleWebKit/537.36 (KHTML, like Gecko) Chrome/137.0.7151.103 Mobile Safari/537.36 (compatible; Googlebot/2.1; +http://www.google.com/bot.html)"
66.249.64.225 - - [12/Jul/2025:22:24:35 +0000] "POST /get-message-notify HTTP/1.1" 200 22889 "https://sergio-cuchi.tattoo/?h=5408025101600&mod=5fd0245f&uri=products.php%3Fid%3D180544-64%26name%3Doculus+website" "Mozilla/5.0 (Linux; Android 6.0.1; Nexus 5X Build/MMB29P) AppleWebKit/537.36 (KHTML, like Gecko) Chrome/137.0.7151.119 Mobile Safari/537.36 (compatible; Googlebot/2.1; +http://www.google.com/bot.html)"
66.249.64.225 - - [12/Jul/2025:22:24:36 +0000] "GET /?h=5407485041600&mod=22bb543b&uri=brands.php%3Fid%3D180526-88%26name%3Dintex+inflatable+slide HTTP/1.1" 200 22161 "-" "Mozilla/5.0 (Linux; Android 6.0.1; Nexus 5X Build/MMB29P) AppleWebKit/537.36 (KHTML, like Gecko) Chrome/137.0.7151.103 Mobile Safari/537.36 (compatible; Googlebot/2.1; +http://www.google.com/bot.html)"
66.249.64.225 - - [12/Jul/2025:22:24:39 +0000] "GET /?h=5406855071600&mod=404b686c&uri=category-info.php%3Fid%3D180505-219%26name%3Dglobal+hvac HTTP/1.1" 200 21586 "-" "Mozilla/5.0 (Linux; Android 6.0.1; Nexus 5X Build/MMB29P) AppleWebKit/537.36 (KHTML, like Gecko) Chrome/137.0.7151.103 Mobile Safari/537.36 (compatible; Googlebot/2.1; +http://www.google.com/bot.html)"
66.249.64.226 - - [12/Jul/2025:22:24:40 +0000] "GET /?h=5407575011600&mod=404b686c&uri=brands.php%3Fid%3D180529-219%26name%3Dceiling+shop+heater HTTP/1.1" 200 22263 "-" "Mozilla/5.0 (Linux; Android 6.0.1; Nexus 5X Build/MMB29P) AppleWebKit/537.36 (KHTML, like Gecko) Chrome/137.0.7151.103 Mobile Safari/537.36 (compatible; Googlebot/2.1; +http://www.google.com/bot.html)"
66.249.64.225 - - [12/Jul/2025:22:24:49 +0000] "POST /get-message-notify HTTP/1.1" 200 22906 "https://sergio-cuchi.tattoo/?h=5406945041600&mod=22bb543b&uri=category-info.php%3Fid%3D180508-88%26name%3Dintex+floating+island" "Mozilla/5.0 (Linux; Android 6.0.1; Nexus 5X Build/MMB29P) AppleWebKit/537.36 (KHTML, like Gecko) Chrome/137.0.7151.119 Mobile Safari/537.36 (compatible; Googlebot/2.1; +http://www.google.com/bot.html)"
66.249.64.225 - - [12/Jul/2025:22:24:57 +0000] "GET /?h=5405595041600&mod=404b686c&uri=article.php%3Fid%3D180463-219%26name%3Dservicing+a+gas+furnace HTTP/1.1" 200 21664 "-" "Mozilla/5.0 (Linux; Android 6.0.1; Nexus 5X Build/MMB29P) AppleWebKit/537.36 (KHTML, like Gecko) Chrome/137.0.7151.103 Mobile Safari/537.36 (compatible; Googlebot/2.1; +http://www.google.com/bot.html)"
66.249.64.225 - - [12/Jul/2025:22:25:04 +0000] "GET /?h=5407305011600&mod=ae95296e&uri=goods.php%3Fid%3D180520-87%26name%3Dbnc+camera+cable HTTP/1.1" 200 21654 "-" "Mozilla/5.0 (Linux; Android 6.0.1; Nexus 5X Build/MMB29P) AppleWebKit/537.36 (KHTML, like Gecko) Chrome/137.0.7151.103 Mobile Safari/537.36 (compatible; Googlebot/2.1; +http://www.google.com/bot.html)"
66.249.64.225 - - [12/Jul/2025:22:25:09 +0000] "GET /?h=5405775101600&mod=a4cd5806&uri=brands.php%3Fid%3D180469-208%26name%3Dhasselblad+x1d+ii+50c HTTP/1.1" 200 21178 "-" "Mozilla/5.0 (Linux; Android 6.0.1; Nexus 5X Build/MMB29P) AppleWebKit/537.36 (KHTML, like Gecko) Chrome/137.0.7151.103 Mobile Safari/537.36 (compatible; Googlebot/2.1; +http://www.google.com/bot.html)"
66.249.64.225 - - [12/Jul/2025:22:25:11 +0000] "GET /?h=5410365041600&mod=404b686c&uri=pin.php%3Fid%3D180622-219%26name%3Dmiller+trailer+furnace HTTP/1.1" 200 22096 "-" "Mozilla/5.0 (Linux; Android 6.0.1; Nexus 5X Build/MMB29P) AppleWebKit/537.36 (KHTML, like Gecko) Chrome/137.0.7151.103 Mobile Safari/537.36 (compatible; Googlebot/2.1; +http://www.google.com/bot.html)"
66.249.64.225 - - [12/Jul/2025:22:25:13 +0000] "GET /?h=5404695041600&mod=22bb543b&uri=info.php%3Fid%3D180433-88%26name%3Dintex+party+island HTTP/1.1" 200 22349 "-" "Mozilla/5.0 (Linux; Android 6.0.1; Nexus 5X Build/MMB29P) AppleWebKit/537.36 (KHTML, like Gecko) Chrome/137.0.7151.103 Mobile Safari/537.36 (compatible; Googlebot/2.1; +http://www.google.com/bot.html)"
66.249.64.225 - - [12/Jul/2025:22:25:15 +0000] "GET /?h=5404335071600&mod=ae95296e&uri=brands.php%3Fid%3D180421-87%26name%3Dcamera+cable+connectors HTTP/1.1" 200 21803 "-" "Mozilla/5.0 (Linux; Android 6.0.1; Nexus 5X Build/MMB29P) AppleWebKit/537.36 (KHTML, like Gecko) Chrome/137.0.7151.103 Mobile Safari/537.36 (compatible; Googlebot/2.1; +http://www.google.com/bot.html)"
66.249.64.225 - - [12/Jul/2025:22:25:17 +0000] "GET /?h=5404875051600&mod=22bb543b&uri=category-info.php%3Fid%3D180439-88%26name%3Dintex+swim+center HTTP/1.1" 200 22409 "-" "Mozilla/5.0 (Linux; Android 6.0.1; Nexus 5X Build/MMB29P) AppleWebKit/537.36 (KHTML, like Gecko) Chrome/137.0.7151.103 Mobile Safari/537.36 (compatible; Googlebot/2.1; +http://www.google.com/bot.html)"
66.249.64.225 - - [12/Jul/2025:22:25:18 +0000] "GET /?h=5368702071600&mod=c83ce37b&uri=blog.php%3Fid%3D179233-321%26name%3Ddane+blue HTTP/1.1" 200 21401 "-" "Mozilla/5.0 (Linux; Android 6.0.1; Nexus 5X Build/MMB29P) AppleWebKit/537.36 (KHTML, like Gecko) Chrome/137.0.7151.103 Mobile Safari/537.36 (compatible; Googlebot/2.1; +http://www.google.com/bot.html)"
66.249.64.225 - - [12/Jul/2025:22:25:20 +0000] "GET /?h=5558494051600&mod=23f1d15c&uri=product.php%3Fid%3D185563-220%26name%3Dblazer+jeans+combination HTTP/1.1" 200 21797 "-" "Mozilla/5.0 (Linux; Android 6.0.1; Nexus 5X Build/MMB29P) AppleWebKit/537.36 (KHTML, like Gecko) Chrome/137.0.7151.103 Mobile Safari/537.36 (compatible; Googlebot/2.1; +http://www.google.com/bot.html)"
66.249.64.225 - - [12/Jul/2025:22:25:21 +0000] "GET /?h=5405865041600&mod=22bb543b&uri=shared.php%3Fid%3D180472-88%26name%3Dinflatabull HTTP/1.1" 200 22124 "-" "Mozilla/5.0 (Linux; Android 6.0.1; Nexus 5X Build/MMB29P) AppleWebKit/537.36 (KHTML, like Gecko) Chrome/137.0.7151.103 Mobile Safari/537.36 (compatible; Googlebot/2.1; +http://www.google.com/bot.html)"
8.217.139.32 - - [12/Jul/2025:22:25:22 +0000] "GET /wp-content/uploads/2018/09/blog4.jpg HTTP/1.1" 200 254636 "-" "AliyunSecBot/Aliyun ([email protected])"
66.249.64.225 - - [12/Jul/2025:22:25:22 +0000] "GET /?h=5405505041600&mod=22bb543b&uri=blog.php%3Fid%3D180460-88%26name%3Dswimming+pool+for+adults+big+size HTTP/1.1" 200 22509 "-" "Mozilla/5.0 (Linux; Android 6.0.1; Nexus 5X Build/MMB29P) AppleWebKit/537.36 (KHTML, like Gecko) Chrome/137.0.7151.103 Mobile Safari/537.36 (compatible; Googlebot/2.1; +http://www.google.com/bot.html)"
66.249.64.225 - - [12/Jul/2025:22:25:23 +0000] "GET /?h=5408655011600&mod=404b686c&uri=blog.php%3Fid%3D180565-219%26name%3Dwilliams+wall+heater+thermocouple+replacement HTTP/1.1" 200 22685 "-" "Mozilla/5.0 (Linux; Android 6.0.1; Nexus 5X Build/MMB29P) AppleWebKit/537.36 (KHTML, like Gecko) Chrome/137.0.7151.103 Mobile Safari/537.36 (compatible; Googlebot/2.1; +http://www.google.com/bot.html)"
66.249.64.225 - - [12/Jul/2025:22:25:24 +0000] "GET /?h=5409375011600&mod=ae95296e&uri=info.php%3Fid%3D180589-87%26name%3Dcctv+copper+cable+bundle HTTP/1.1" 200 22387 "-" "Mozilla/5.0 (Linux; Android 6.0.1; Nexus 5X Build/MMB29P) AppleWebKit/537.36 (KHTML, like Gecko) Chrome/137.0.7151.103 Mobile Safari/537.36 (compatible; Googlebot/2.1; +http://www.google.com/bot.html)"
66.249.64.225 - - [12/Jul/2025:22:25:26 +0000] "POST /get-message-notify HTTP/1.1" 200 22891 "https://sergio-cuchi.tattoo/?h=5404875051600&mod=22bb543b&uri=category-info.php%3Fid%3D180439-88%26name%3Dintex+swim+center" "Mozilla/5.0 (Linux; Android 6.0.1; Nexus 5X Build/MMB29P) AppleWebKit/537.36 (KHTML, like Gecko) Chrome/137.0.7151.119 Mobile Safari/537.36 (compatible; Googlebot/2.1; +http://www.google.com/bot.html)"
66.249.64.225 - - [12/Jul/2025:22:25:27 +0000] "GET /?h=5408475001600&mod=a4cd5806&uri=us.php%3Fid%3D180559-208%26name%3Dx1d+100c HTTP/1.1" 200 22086 "-" "Mozilla/5.0 (Linux; Android 6.0.1; Nexus 5X Build/MMB29P) AppleWebKit/537.36 (KHTML, like Gecko) Chrome/137.0.7151.103 Mobile Safari/537.36 (compatible; Googlebot/2.1; +http://www.google.com/bot.html)"
66.249.64.226 - - [12/Jul/2025:22:25:32 +0000] "POST /get-message-notify HTTP/1.1" 200 22889 "https://sergio-cuchi.tattoo/?h=5407305011600&mod=ae95296e&uri=goods.php%3Fid%3D180520-87%26name%3Dbnc+camera+cable" "Mozilla/5.0 (Linux; Android 6.0.1; Nexus 5X Build/MMB29P) AppleWebKit/537.36 (KHTML, like Gecko) Chrome/137.0.7151.119 Mobile Safari/537.36 (compatible; Googlebot/2.1; +http://www.google.com/bot.html)"
66.249.64.225 - - [12/Jul/2025:22:25:34 +0000] "GET /?h=5409015031600&mod=5fd0245f&uri=category-info.php%3Fid%3D180577-64%26name%3Doculus+virtual+reality+headset HTTP/1.1" 200 21867 "-" "Mozilla/5.0 (Linux; Android 6.0.1; Nexus 5X Build/MMB29P) AppleWebKit/537.36 (KHTML, like Gecko) Chrome/137.0.7151.103 Mobile Safari/537.36 (compatible; Googlebot/2.1; +http://www.google.com/bot.html)"
66.249.64.225 - - [12/Jul/2025:22:25:37 +0000] "GET /?h=5408115131600&mod=404b686c&uri=search.php%3Fid%3D180547-219%26name%3Dpotterton+gold+12kw+electric+boiler HTTP/1.1" 200 21621 "-" "Mozilla/5.0 (Linux; Android 6.0.1; Nexus 5X Build/MMB29P) AppleWebKit/537.36 (KHTML, like Gecko) Chrome/137.0.7151.103 Mobile Safari/537.36 (compatible; Googlebot/2.1; +http://www.google.com/bot.html)"
66.249.64.226 - - [12/Jul/2025:22:25:39 +0000] "GET /?h=5403885021600&mod=22bb543b&uri=shared.php%3Fid%3D180406-88%26name%3Dchad+valley+ft+inflatable+funhouse+with+pool+and+slide HTTP/1.1" 200 22454 "-" "Mozilla/5.0 (Linux; Android 6.0.1; Nexus 5X Build/MMB29P) AppleWebKit/537.36 (KHTML, like Gecko) Chrome/137.0.7151.103 Mobile Safari/537.36 (compatible; Googlebot/2.1; +http://www.google.com/bot.html)"
66.249.64.226 - - [12/Jul/2025:22:25:40 +0000] "GET /?h=5410545041600&mod=404b686c&uri=brands.php%3Fid%3D180628-219%26name%3Dbass+pro+base+camp HTTP/1.1" 200 22978 "-" "Mozilla/5.0 (Linux; Android 6.0.1; Nexus 5X Build/MMB29P) AppleWebKit/537.36 (KHTML, like Gecko) Chrome/137.0.7151.103 Mobile Safari/537.36 (compatible; Googlebot/2.1; +http://www.google.com/bot.html)"
66.249.64.226 - - [12/Jul/2025:22:25:43 +0000] "GET /?h=5405235071600&mod=404b686c&uri=search.php%3Fid%3D180451-219%26name%3Dglow+worm+boiler+fault+f9+fix HTTP/1.1" 200 21738 "-" "Mozilla/5.0 (Linux; Android 6.0.1; Nexus 5X Build/MMB29P) AppleWebKit/537.36 (KHTML, like Gecko) Chrome/137.0.7151.103 Mobile Safari/537.36 (compatible; Googlebot/2.1; +http://www.google.com/bot.html)"
66.249.64.226 - - [12/Jul/2025:22:25:44 +0000] "GET /?h=5408835011600&mod=22bb543b&uri=goods.php%3Fid%3D180571-88%26name%3Dargos+inflatable+pool HTTP/1.1" 200 22112 "-" "Mozilla/5.0 (Linux; Android 6.0.1; Nexus 5X Build/MMB29P) AppleWebKit/537.36 (KHTML, like Gecko) Chrome/137.0.7151.103 Mobile Safari/537.36 (compatible; Googlebot/2.1; +http://www.google.com/bot.html)"
66.249.64.225 - - [12/Jul/2025:22:25:45 +0000] "GET /?h=5463942031600&mod=0b61a4e8&uri=us.php%3Fid%3D182409-326%26name%3Dpastel+lv HTTP/1.1" 200 22027 "-" "Mozilla/5.0 (Linux; Android 6.0.1; Nexus 5X Build/MMB29P) AppleWebKit/537.36 (KHTML, like Gecko) Chrome/137.0.7151.103 Mobile Safari/537.36 (compatible; Googlebot/2.1; +http://www.google.com/bot.html)"
66.249.64.226 - - [12/Jul/2025:22:25:48 +0000] "GET /?h=5406225001600&mod=ae95296e&uri=article.php%3Fid%3D180484-87%26name%3Dnest+camera+power+cord HTTP/1.1" 200 21917 "-" "Mozilla/5.0 (Linux; Android 6.0.1; Nexus 5X Build/MMB29P) AppleWebKit/537.36 (KHTML, like Gecko) Chrome/137.0.7151.103 Mobile Safari/537.36 (compatible; Googlebot/2.1; +http://www.google.com/bot.html)"
66.249.64.225 - - [12/Jul/2025:22:25:49 +0000] "GET /?h=5403705061600&mod=604580f8&uri=us.php%3Fid%3D180400-270%26name%3Dcopic+markers+architecture HTTP/1.1" 200 22108 "-" "Mozilla/5.0 (Linux; Android 6.0.1; Nexus 5X Build/MMB29P) AppleWebKit/537.36 (KHTML, like Gecko) Chrome/137.0.7151.103 Mobile Safari/537.36 (compatible; Googlebot/2.1; +http://www.google.com/bot.html)"
66.249.64.226 - - [12/Jul/2025:22:25:51 +0000] "GET /?h=114118998011600&mod=be29a775&uri=goods.php%3Fid%3D3808575-478%26name%3Dducati+scrambler+800+mobile HTTP/1.1" 200 22360 "-" "Mozilla/5.0 (Linux; Android 6.0.1; Nexus 5X Build/MMB29P) AppleWebKit/537.36 (KHTML, like Gecko) Chrome/137.0.7151.103 Mobile Safari/537.36 (compatible; Googlebot/2.1; +http://www.google.com/bot.html)"
66.249.64.226 - - [12/Jul/2025:22:25:52 +0000] "POST /get-message-notify HTTP/1.1" 200 22897 "https://sergio-cuchi.tattoo/?h=5408295091600&mod=ae95296e&uri=news.php%3Fid%3D180553-87%26name%3Dring+camera+cable" "Mozilla/5.0 (Linux; Android 6.0.1; Nexus 5X Build/MMB29P) AppleWebKit/537.36 (KHTML, like Gecko) Chrome/137.0.7151.119 Mobile Safari/537.36 (compatible; Googlebot/2.1; +http://www.google.com/bot.html)"
66.249.64.225 - - [12/Jul/2025:22:25:53 +0000] "GET /?h=115146712011600&mod=149cacc4&uri=info.php%3Fid%3D3842865-963%26name%3Drolex+topolino+usato HTTP/1.1" 200 21023 "-" "Mozilla/5.0 (Linux; Android 6.0.1; Nexus 5X Build/MMB29P) AppleWebKit/537.36 (KHTML, like Gecko) Chrome/137.0.7151.103 Mobile Safari/537.36 (compatible; Googlebot/2.1; +http://www.google.com/bot.html)"
66.249.64.225 - - [12/Jul/2025:22:25:56 +0000] "GET /?h=114129187061600&mod=fb4c835f&uri=search.php%3Fid%3D3808915-54%26name%3Dsandali+bassi+oro+zara HTTP/1.1" 200 21389 "-" "Mozilla/5.0 (Linux; Android 6.0.1; Nexus 5X Build/MMB29P) AppleWebKit/537.36 (KHTML, like Gecko) Chrome/137.0.7151.103 Mobile Safari/537.36 (compatible; Googlebot/2.1; +http://www.google.com/bot.html)"
66.249.64.226 - - [12/Jul/2025:22:25:57 +0000] "GET /?h=114136332061600&mod=e404b8e6&uri=news.php%3Fid%3D3809155-1113%26name%3Dhigh+heels+damen+sandaletten HTTP/1.1" 200 20874 "-" "Mozilla/5.0 (Linux; Android 6.0.1; Nexus 5X Build/MMB29P) AppleWebKit/537.36 (KHTML, like Gecko) Chrome/137.0.7151.103 Mobile Safari/537.36 (compatible; Googlebot/2.1; +http://www.google.com/bot.html)"
66.249.64.225 - - [12/Jul/2025:22:25:59 +0000] "GET /?h=114121998011600&mod=be29a775&uri=product.php%3Fid%3D3808675-478%26name%3Dglamour+bike+service HTTP/1.1" 200 22053 "-" "Mozilla/5.0 (Linux; Android 6.0.1; Nexus 5X Build/MMB29P) AppleWebKit/537.36 (KHTML, like Gecko) Chrome/137.0.7151.103 Mobile Safari/537.36 (compatible; Googlebot/2.1; +http://www.google.com/bot.html)"
66.249.64.225 - - [12/Jul/2025:22:26:02 +0000] "POST /get-message-notify HTTP/1.1" 200 22893 "https://sergio-cuchi.tattoo/?h=114136332061600&mod=e404b8e6&uri=news.php%3Fid%3D3809155-1113%26name%3Dhigh+heels+damen+sandaletten" "Mozilla/5.0 (Linux; Android 6.0.1; Nexus 5X Build/MMB29P) AppleWebKit/537.36 (KHTML, like Gecko) Chrome/137.0.7151.119 Mobile Safari/537.36 (compatible; Googlebot/2.1; +http://www.google.com/bot.html)"
66.249.64.226 - - [12/Jul/2025:22:26:03 +0000] "GET /?h=114127992011600&mod=be29a775&uri=blog.php%3Fid%3D3808875-478%26name%3Dtowee+bike+tow HTTP/1.1" 200 22405 "-" "Mozilla/5.0 (Linux; Android 6.0.1; Nexus 5X Build/MMB29P) AppleWebKit/537.36 (KHTML, like Gecko) Chrome/137.0.7151.103 Mobile Safari/537.36 (compatible; Googlebot/2.1; +http://www.google.com/bot.html)"
66.249.64.226 - - [12/Jul/2025:22:26:07 +0000] "GET /?h=114127392031600&mod=1775e48c&uri=form.php%3Fid%3D3808855-667%26name%3Dpuma+drift+cat+womens+price HTTP/1.1" 200 21470 "-" "Mozilla/5.0 (Linux; Android 6.0.1; Nexus 5X Build/MMB29P) AppleWebKit/537.36 (KHTML, like Gecko) Chrome/137.0.7151.103 Mobile Safari/537.36 (compatible; Googlebot/2.1; +http://www.google.com/bot.html)"
66.249.64.226 - - [12/Jul/2025:22:26:09 +0000] "GET /?h=114134532031600&mod=e404b8e6&uri=dp.php%3Fid%3D3809095-1113%26name%3Dscania+high+heels+kaufen HTTP/1.1" 200 21253 "-" "Mozilla/5.0 (Linux; Android 6.0.1; Nexus 5X Build/MMB29P) AppleWebKit/537.36 (KHTML, like Gecko) Chrome/137.0.7151.103 Mobile Safari/537.36 (compatible; Googlebot/2.1; +http://www.google.com/bot.html)"
209.74.77.214 - - [12/Jul/2025:22:26:10 +0000] "POST /wp-cron.php?doing_wp_cron=1752359170.7945740222930908203125 HTTP/1.1" 200 - "-" "WordPress/6.8.1; https://sergio-cuchi.tattoo"
34.236.185.101 - - [12/Jul/2025:22:26:10 +0000] "GET /category/models/ HTTP/1.1" 200 14308 "-" "Mozilla/5.0 AppleWebKit/537.36 (KHTML, like Gecko; compatible; Amazonbot/0.1; +https://developer.amazon.com/support/amazonbot) Chrome/119.0.6045.214 Safari/537.36"
66.249.64.226 - - [12/Jul/2025:22:26:10 +0000] "GET /?h=114127692011600&mod=4c4e5249&uri=info.php%3Fid%3D3808865-53%26name%3Dpalloni+serie+a+2021 HTTP/1.1" 200 22326 "-" "Mozilla/5.0 (Linux; Android 6.0.1; Nexus 5X Build/MMB29P) AppleWebKit/537.36 (KHTML, like Gecko) Chrome/137.0.7151.103 Mobile Safari/537.36 (compatible; Googlebot/2.1; +http://www.google.com/bot.html)"
66.249.64.225 - - [12/Jul/2025:22:26:12 +0000] "POST /get-message-notify HTTP/1.1" 200 22903 "https://sergio-cuchi.tattoo/?h=114127992011600&mod=be29a775&uri=blog.php%3Fid%3D3808875-478%26name%3Dtowee+bike+tow" "Mozilla/5.0 (Linux; Android 6.0.1; Nexus 5X Build/MMB29P) AppleWebKit/537.36 (KHTML, like Gecko) Chrome/137.0.7151.119 Mobile Safari/537.36 (compatible; Googlebot/2.1; +http://www.google.com/bot.html)"
66.249.64.225 - - [12/Jul/2025:22:26:13 +0000] "GET /?h=114119298061600&mod=be29a775&uri=product.php%3Fid%3D3808585-478%26name%3Dpulsar+150+second+service+km HTTP/1.1" 200 21874 "-" "Mozilla/5.0 (Linux; Android 6.0.1; Nexus 5X Build/MMB29P) AppleWebKit/537.36 (KHTML, like Gecko) Chrome/137.0.7151.103 Mobile Safari/537.36 (compatible; Googlebot/2.1; +http://www.google.com/bot.html)"
66.249.64.225 - - [12/Jul/2025:22:26:14 +0000] "GET /?h=114119898111600&mod=be29a775&uri=shared.php%3Fid%3D3808605-478%26name%3Dbosch+e+bike+diagnostic+tool HTTP/1.1" 200 21813 "-" "Mozilla/5.0 (Linux; Android 6.0.1; Nexus 5X Build/MMB29P) AppleWebKit/537.36 (KHTML, like Gecko) Chrome/137.0.7151.103 Mobile Safari/537.36 (compatible; Googlebot/2.1; +http://www.google.com/bot.html)"
66.249.64.225 - - [12/Jul/2025:22:26:17 +0000] "GET /?h=114124398011600&mod=b0f7b8df&uri=form.php%3Fid%3D3808755-776%26name%3Dmochila+caceria HTTP/1.1" 200 22025 "-" "Mozilla/5.0 (Linux; Android 6.0.1; Nexus 5X Build/MMB29P) AppleWebKit/537.36 (KHTML, like Gecko) Chrome/137.0.7151.103 Mobile Safari/537.36 (compatible; Googlebot/2.1; +http://www.google.com/bot.html)"
66.249.64.225 - - [12/Jul/2025:22:26:18 +0000] "GET /?h=114136032071600&mod=4c4e5249&uri=product.php%3Fid%3D3809145-53%26name%3Dprezzo+crocs+originali HTTP/1.1" 200 21744 "-" "Mozilla/5.0 (Linux; Android 6.0.1; Nexus 5X Build/MMB29P) AppleWebKit/537.36 (KHTML, like Gecko) Chrome/137.0.7151.103 Mobile Safari/537.36 (compatible; Googlebot/2.1; +http://www.google.com/bot.html)"
66.249.64.225 - - [12/Jul/2025:22:26:19 +0000] "GET /?h=114117798011600&mod=be29a775&uri=blog.php%3Fid%3D3808535-478%26name%3Dhero+service+centre+bistupur HTTP/1.1" 200 22440 "-" "Mozilla/5.0 (Linux; Android 6.0.1; Nexus 5X Build/MMB29P) AppleWebKit/537.36 (KHTML, like Gecko) Chrome/137.0.7151.103 Mobile Safari/537.36 (compatible; Googlebot/2.1; +http://www.google.com/bot.html)"
66.249.64.225 - - [12/Jul/2025:22:26:21 +0000] "GET /?h=114114822011600&mod=be29a775&uri=itm.php%3Fid%3D3808435-478%26name%3Dhero+motocorp+customer+service HTTP/1.1" 200 22773 "-" "Mozilla/5.0 (Linux; Android 6.0.1; Nexus 5X Build/MMB29P) AppleWebKit/537.36 (KHTML, like Gecko) Chrome/137.0.7151.103 Mobile Safari/537.36 (compatible; Googlebot/2.1; +http://www.google.com/bot.html)"
66.249.64.225 - - [12/Jul/2025:22:26:34 +0000] "POST /get-message-notify HTTP/1.1" 200 22892 "https://sergio-cuchi.tattoo/?h=114119898111600&mod=be29a775&uri=shared.php%3Fid%3D3808605-478%26name%3Dbosch+e+bike+diagnostic+tool" "Mozilla/5.0 (Linux; Android 6.0.1; Nexus 5X Build/MMB29P) AppleWebKit/537.36 (KHTML, like Gecko) Chrome/137.0.7151.119 Mobile Safari/537.36 (compatible; Googlebot/2.1; +http://www.google.com/bot.html)"
66.249.64.225 - - [12/Jul/2025:22:26:40 +0000] "POST /get-message-notify HTTP/1.1" 200 22885 "https://sergio-cuchi.tattoo/?h=114114822011600&mod=be29a775&uri=itm.php%3Fid%3D3808435-478%26name%3Dhero+motocorp+customer+service" "Mozilla/5.0 (Linux; Android 6.0.1; Nexus 5X Build/MMB29P) AppleWebKit/537.36 (KHTML, like Gecko) Chrome/137.0.7151.119 Mobile Safari/537.36 (compatible; Googlebot/2.1; +http://www.google.com/bot.html)"
66.249.64.225 - - [12/Jul/2025:22:26:43 +0000] "GET /?h=114123198011600&mod=fb4c835f&uri=us.php%3Fid%3D3808715-54%26name%3Dsandali+donna+azzurri HTTP/1.1" 200 22045 "-" "Mozilla/5.0 (Linux; Android 6.0.1; Nexus 5X Build/MMB29P) AppleWebKit/537.36 (KHTML, like Gecko) Chrome/137.0.7151.103 Mobile Safari/537.36 (compatible; Googlebot/2.1; +http://www.google.com/bot.html)"
66.249.64.226 - - [12/Jul/2025:22:26:45 +0000] "GET /?h=114131877011600&mod=4c4e5249&uri=search.php%3Fid%3D3809005-53%26name%3Dmaglietta+jordan+verde HTTP/1.1" 200 22486 "-" "Mozilla/5.0 (Linux; Android 6.0.1; Nexus 5X Build/MMB29P) AppleWebKit/537.36 (KHTML, like Gecko) Chrome/137.0.7151.103 Mobile Safari/537.36 (compatible; Googlebot/2.1; +http://www.google.com/bot.html)"
66.249.64.225 - - [12/Jul/2025:22:26:47 +0000] "GET /?h=114128592011600&mod=4c4e5249&uri=article.php%3Fid%3D3808895-53%26name%3Dscarpini+arbitro HTTP/1.1" 200 22086 "-" "Mozilla/5.0 (Linux; Android 6.0.1; Nexus 5X Build/MMB29P) AppleWebKit/537.36 (KHTML, like Gecko) Chrome/137.0.7151.103 Mobile Safari/537.36 (compatible; Googlebot/2.1; +http://www.google.com/bot.html)"
66.249.64.225 - - [12/Jul/2025:22:26:49 +0000] "GET /?h=115143832001600&mod=149cacc4&uri=shared.php%3Fid%3D3842769-963%26name%3Dorologio+samsung+gear+s3+amazon HTTP/1.1" 200 22322 "-" "Mozilla/5.0 (Linux; Android 6.0.1; Nexus 5X Build/MMB29P) AppleWebKit/537.36 (KHTML, like Gecko) Chrome/137.0.7151.103 Mobile Safari/537.36 (compatible; Googlebot/2.1; +http://www.google.com/bot.html)"
66.249.64.225 - - [12/Jul/2025:22:26:51 +0000] "GET /?h=113957709011600&mod=149cacc4&uri=article.php%3Fid%3D3803183-963%26name%3Dcinturino+omega+acciaio HTTP/1.1" 200 21041 "-" "Mozilla/5.0 (Linux; Android 6.0.1; Nexus 5X Build/MMB29P) AppleWebKit/537.36 (KHTML, like Gecko) Chrome/137.0.7151.103 Mobile Safari/537.36 (compatible; Googlebot/2.1; +http://www.google.com/bot.html)"
66.249.64.226 - - [12/Jul/2025:22:26:53 +0000] "GET /?h=114122598051600&mod=be29a775&uri=search.php%3Fid%3D3808695-478%26name%3Dcycling+sustainable+transport HTTP/1.1" 200 22240 "-" "Mozilla/5.0 (Linux; Android 6.0.1; Nexus 5X Build/MMB29P) AppleWebKit/537.36 (KHTML, like Gecko) Chrome/137.0.7151.103 Mobile Safari/537.36 (compatible; Googlebot/2.1; +http://www.google.com/bot.html)"
66.249.64.225 - - [12/Jul/2025:22:26:54 +0000] "GET /?h=114135432011600&mod=4c4e5249&uri=shared.php%3Fid%3D3809125-53%26name%3Dtuta+adidas+marracash HTTP/1.1" 200 22086 "-" "Mozilla/5.0 (Linux; Android 6.0.1; Nexus 5X Build/MMB29P) AppleWebKit/537.36 (KHTML, like Gecko) Chrome/137.0.7151.103 Mobile Safari/537.36 (compatible; Googlebot/2.1; +http://www.google.com/bot.html)"
66.249.64.225 - - [12/Jul/2025:22:26:55 +0000] "GET /?h=114126798011600&mod=be29a775&uri=search.php%3Fid%3D3808835-478%26name%3Dmerida+crossway+20d+2021+review HTTP/1.1" 200 21591 "-" "Mozilla/5.0 (Linux; Android 6.0.1; Nexus 5X Build/MMB29P) AppleWebKit/537.36 (KHTML, like Gecko) Chrome/137.0.7151.103 Mobile Safari/537.36 (compatible; Googlebot/2.1; +http://www.google.com/bot.html)"
66.249.64.225 - - [12/Jul/2025:22:26:57 +0000] "POST /get-message-notify HTTP/1.1" 200 22887 "https://sergio-cuchi.tattoo/?h=114131877011600&mod=4c4e5249&uri=search.php%3Fid%3D3809005-53%26name%3Dmaglietta+jordan+verde" "Mozilla/5.0 (Linux; Android 6.0.1; Nexus 5X Build/MMB29P) AppleWebKit/537.36 (KHTML, like Gecko) Chrome/137.0.7151.119 Mobile Safari/537.36 (compatible; Googlebot/2.1; +http://www.google.com/bot.html)"
66.249.64.226 - - [12/Jul/2025:22:26:58 +0000] "GET /?h=113974970021600&mod=149cacc4&uri=article.php%3Fid%3D3803760-963%26name%3Dorologio+zitto+prezzo+negozio HTTP/1.1" 200 21112 "-" "Mozilla/5.0 (Linux; Android 6.0.1; Nexus 5X Build/MMB29P) AppleWebKit/537.36 (KHTML, like Gecko) Chrome/137.0.7151.103 Mobile Safari/537.36 (compatible; Googlebot/2.1; +http://www.google.com/bot.html)"
66.249.64.225 - - [12/Jul/2025:22:26:59 +0000] "GET /?h=115140868041600&mod=149cacc4&uri=itm.php%3Fid%3D3842670-963%26name%3Dorologio+polso+telefono HTTP/1.1" 200 21583 "-" "Mozilla/5.0 (Linux; Android 6.0.1; Nexus 5X Build/MMB29P) AppleWebKit/537.36 (KHTML, like Gecko) Chrome/137.0.7151.103 Mobile Safari/537.36 (compatible; Googlebot/2.1; +http://www.google.com/bot.html)"
66.249.64.226 - - [12/Jul/2025:22:27:00 +0000] "GET /?h=114132454051600&mod=fb4c835f&uri=dp.php%3Fid%3D3809025-54%26name%3Dsandali+s+oliver HTTP/1.1" 200 21790 "-" "Mozilla/5.0 (Linux; Android 6.0.1; Nexus 5X Build/MMB29P) AppleWebKit/537.36 (KHTML, like Gecko) Chrome/137.0.7151.103 Mobile Safari/537.36 (compatible; Googlebot/2.1; +http://www.google.com/bot.html)"
66.249.64.226 - - [12/Jul/2025:22:27:01 +0000] "GET /?h=114125298111600&mod=b0f7b8df&uri=products.php%3Fid%3D3808785-776%26name%3Dbolsos+baratos+de+verano HTTP/1.1" 200 21765 "-" "Mozilla/5.0 (Linux; Android 6.0.1; Nexus 5X Build/MMB29P) AppleWebKit/537.36 (KHTML, like Gecko) Chrome/137.0.7151.103 Mobile Safari/537.36 (compatible; Googlebot/2.1; +http://www.google.com/bot.html)"
66.249.64.225 - - [12/Jul/2025:22:27:14 +0000] "POST /get-message-notify HTTP/1.1" 200 22909 "https://sergio-cuchi.tattoo/?h=115140868041600&mod=149cacc4&uri=itm.php%3Fid%3D3842670-963%26name%3Dorologio+polso+telefono" "Mozilla/5.0 (Linux; Android 6.0.1; Nexus 5X Build/MMB29P) AppleWebKit/537.36 (KHTML, like Gecko) Chrome/137.0.7151.119 Mobile Safari/537.36 (compatible; Googlebot/2.1; +http://www.google.com/bot.html)"
66.249.64.225 - - [12/Jul/2025:22:27:17 +0000] "GET /?h=114132744061600&mod=4c4e5249&uri=shared.php%3Fid%3D3809035-53%26name%3Dhavaianas+infradito+misure HTTP/1.1" 200 21936 "-" "Mozilla/5.0 (Linux; Android 6.0.1; Nexus 5X Build/MMB29P) AppleWebKit/537.36 (KHTML, like Gecko) Chrome/137.0.7151.103 Mobile Safari/537.36 (compatible; Googlebot/2.1; +http://www.google.com/bot.html)"
66.249.64.225 - - [12/Jul/2025:22:27:20 +0000] "GET /?h=114129787011600&mod=4c4e5249&uri=pin.php%3Fid%3D3808935-53%26name%3Dmetal+gienchi+sneakers HTTP/1.1" 200 22111 "-" "Mozilla/5.0 (Linux; Android 6.0.1; Nexus 5X Build/MMB29P) AppleWebKit/537.36 (KHTML, like Gecko) Chrome/137.0.7151.103 Mobile Safari/537.36 (compatible; Googlebot/2.1; +http://www.google.com/bot.html)"
66.249.64.225 - - [12/Jul/2025:22:27:22 +0000] "GET /?h=113957769071600&mod=149cacc4&uri=search.php%3Fid%3D3803185-963%26name%3Dorologio+polso+citizen HTTP/1.1" 200 21136 "-" "Mozilla/5.0 (Linux; Android 6.0.1; Nexus 5X Build/MMB29P) AppleWebKit/537.36 (KHTML, like Gecko) Chrome/137.0.7151.103 Mobile Safari/537.36 (compatible; Googlebot/2.1; +http://www.google.com/bot.html)"
66.249.64.225 - - [12/Jul/2025:22:27:25 +0000] "GET /?h=113957739011600&mod=149cacc4&uri=product.php%3Fid%3D3803184-963%26name%3Dorologio+invicta+8932 HTTP/1.1" 200 21175 "-" "Mozilla/5.0 (Linux; Android 6.0.1; Nexus 5X Build/MMB29P) AppleWebKit/537.36 (KHTML, like Gecko) Chrome/137.0.7151.103 Mobile Safari/537.36 (compatible; Googlebot/2.1; +http://www.google.com/bot.html)"
66.249.64.225 - - [12/Jul/2025:22:27:28 +0000] "GET /?h=114117498011600&mod=be29a775&uri=info.php%3Fid%3D3808525-478%26name%3D2021+v+strom+650+review HTTP/1.1" 200 22144 "-" "Mozilla/5.0 (Linux; Android 6.0.1; Nexus 5X Build/MMB29P) AppleWebKit/537.36 (KHTML, like Gecko) Chrome/137.0.7151.103 Mobile Safari/537.36 (compatible; Googlebot/2.1; +http://www.google.com/bot.html)"
66.249.64.225 - - [12/Jul/2025:22:27:35 +0000] "GET /?h=114115122031600&mod=be29a775&uri=category-info.php%3Fid%3D3808445-478%26name%3Dbajaj+company+service+centre HTTP/1.1" 200 22642 "-" "Mozilla/5.0 (Linux; Android 6.0.1; Nexus 5X Build/MMB29P) AppleWebKit/537.36 (KHTML, like Gecko) Chrome/137.0.7151.103 Mobile Safari/537.36 (compatible; Googlebot/2.1; +http://www.google.com/bot.html)"
66.249.64.225 - - [12/Jul/2025:22:27:36 +0000] "GET /?h=114115998011600&mod=be29a775&uri=shop.php%3Fid%3D3808475-478%26name%3Dbajaj+service+centre+near+by+me HTTP/1.1" 200 22529 "-" "Mozilla/5.0 (Linux; Android 6.0.1; Nexus 5X Build/MMB29P) AppleWebKit/537.36 (KHTML, like Gecko) Chrome/137.0.7151.103 Mobile Safari/537.36 (compatible; Googlebot/2.1; +http://www.google.com/bot.html)"
66.249.64.225 - - [12/Jul/2025:22:27:37 +0000] "GET /?h=114116598011600&mod=be29a775&uri=search.php%3Fid%3D3808495-478%26name%3Dcube+reaction+hybrid+pro+625+2021+review HTTP/1.1" 200 19432 "-" "Mozilla/5.0 (Linux; Android 6.0.1; Nexus 5X Build/MMB29P) AppleWebKit/537.36 (KHTML, like Gecko) Chrome/137.0.7151.103 Mobile Safari/537.36 (compatible; Googlebot/2.1; +http://www.google.com/bot.html)"
66.249.64.225 - - [12/Jul/2025:22:27:38 +0000] "GET /?h=114130987031600&mod=fb4c835f&uri=blog.php%3Fid%3D3808975-54%26name%3Dsandali+con+strisce HTTP/1.1" 200 21633 "-" "Mozilla/5.0 (Linux; Android 6.0.1; Nexus 5X Build/MMB29P) AppleWebKit/537.36 (KHTML, like Gecko) Chrome/137.0.7151.103 Mobile Safari/537.36 (compatible; Googlebot/2.1; +http://www.google.com/bot.html)"
66.249.64.225 - - [12/Jul/2025:22:27:39 +0000] "GET /?h=113977846021600&mod=360f28d8&uri=category-info.php%3Fid%3D3803856-1103%26name%3Dmaillot+de+bain+taille+haute+gainant HTTP/1.1" 200 21427 "-" "Mozilla/5.0 (Linux; Android 6.0.1; Nexus 5X Build/MMB29P) AppleWebKit/537.36 (KHTML, like Gecko) Chrome/137.0.7151.103 Mobile Safari/537.36 (compatible; Googlebot/2.1; +http://www.google.com/bot.html)"
66.249.64.225 - - [12/Jul/2025:22:27:41 +0000] "GET /?h=114133932011600&mod=4c4e5249&uri=news.php%3Fid%3D3809075-53%26name%3Dnuovo+pallone+serie+a+tim HTTP/1.1" 200 22154 "-" "Mozilla/5.0 (Linux; Android 6.0.1; Nexus 5X Build/MMB29P) AppleWebKit/537.36 (KHTML, like Gecko) Chrome/137.0.7151.103 Mobile Safari/537.36 (compatible; Googlebot/2.1; +http://www.google.com/bot.html)"
66.249.64.225 - - [12/Jul/2025:22:27:42 +0000] "GET /?h=114125598031600&mod=be29a775&uri=info.php%3Fid%3D3808795-478%26name%3Dcamo+bmx+bikes HTTP/1.1" 200 22127 "-" "Mozilla/5.0 (Linux; Android 6.0.1; Nexus 5X Build/MMB29P) AppleWebKit/537.36 (KHTML, like Gecko) Chrome/137.0.7151.103 Mobile Safari/537.36 (compatible; Googlebot/2.1; +http://www.google.com/bot.html)"
66.249.64.226 - - [12/Jul/2025:22:27:44 +0000] "GET /?h=114131287011600&mod=4c4e5249&uri=shop.php%3Fid%3D3808985-53%26name%3Dofferte+infradito+donna HTTP/1.1" 200 21522 "-" "Mozilla/5.0 (Linux; Android 6.0.1; Nexus 5X Build/MMB29P) AppleWebKit/537.36 (KHTML, like Gecko) Chrome/137.0.7151.103 Mobile Safari/537.36 (compatible; Googlebot/2.1; +http://www.google.com/bot.html)"
66.249.64.226 - - [12/Jul/2025:22:27:46 +0000] "GET /?h=114133632011600&mod=fb4c835f&uri=article.php%3Fid%3D3809065-54%26name%3Dsandali+birkenstock+borchie HTTP/1.1" 200 21403 "-" "Mozilla/5.0 (Linux; Android 6.0.1; Nexus 5X Build/MMB29P) AppleWebKit/537.36 (KHTML, like Gecko) Chrome/137.0.7151.103 Mobile Safari/537.36 (compatible; Googlebot/2.1; +http://www.google.com/bot.html)"
66.249.64.226 - - [12/Jul/2025:22:27:48 +0000] "GET /?h=114137232071600&mod=fb4c835f&uri=us.php%3Fid%3D3809185-54%26name%3Dsandali+rafia+zara HTTP/1.1" 200 21099 "-" "Mozilla/5.0 (Linux; Android 6.0.1; Nexus 5X Build/MMB29P) AppleWebKit/537.36 (KHTML, like Gecko) Chrome/137.0.7151.103 Mobile Safari/537.36 (compatible; Googlebot/2.1; +http://www.google.com/bot.html)"
66.249.64.226 - - [12/Jul/2025:22:27:49 +0000] "GET /?h=114118098051600&mod=be29a775&uri=category-info.php%3Fid%3D3808545-478%26name%3Dpatparganj+bajaj+bike+service+centre HTTP/1.1" 200 22222 "-" "Mozilla/5.0 (Linux; Android 6.0.1; Nexus 5X Build/MMB29P) AppleWebKit/537.36 (KHTML, like Gecko) Chrome/137.0.7151.103 Mobile Safari/537.36 (compatible; Googlebot/2.1; +http://www.google.com/bot.html)"
66.249.64.225 - - [12/Jul/2025:22:27:51 +0000] "GET /?h=114113622011600&mod=be29a775&uri=news.php%3Fid%3D3808395-478%26name%3Dharley+davidson+oil+change+instructions HTTP/1.1" 200 22747 "-" "Mozilla/5.0 (Linux; Android 6.0.1; Nexus 5X Build/MMB29P) AppleWebKit/537.36 (KHTML, like Gecko) Chrome/137.0.7151.103 Mobile Safari/537.36 (compatible; Googlebot/2.1; +http://www.google.com/bot.html)"
66.249.64.225 - - [12/Jul/2025:22:27:52 +0000] "POST /get-message-notify HTTP/1.1" 200 22899 "https://sergio-cuchi.tattoo/?h=114115122031600&mod=be29a775&uri=category-info.php%3Fid%3D3808445-478%26name%3Dbajaj+company+service+centre" "Mozilla/5.0 (Linux; Android 6.0.1; Nexus 5X Build/MMB29P) AppleWebKit/537.36 (KHTML, like Gecko) Chrome/137.0.7151.119 Mobile Safari/537.36 (compatible; Googlebot/2.1; +http://www.google.com/bot.html)"
66.249.64.226 - - [12/Jul/2025:22:27:55 +0000] "GET /?h=114129487011600&mod=4c4e5249&uri=form.php%3Fid%3D3808925-53%26name%3Dblundstone+donna+trovaprezzi HTTP/1.1" 200 21462 "-" "Mozilla/5.0 (Linux; Android 6.0.1; Nexus 5X Build/MMB29P) AppleWebKit/537.36 (KHTML, like Gecko) Chrome/137.0.7151.103 Mobile Safari/537.36 (compatible; Googlebot/2.1; +http://www.google.com/bot.html)"
66.249.64.225 - - [12/Jul/2025:22:27:56 +0000] "GET /?h=113963480021600&mod=149cacc4&uri=us.php%3Fid%3D3803376-963%26name%3Dcinturino+acciaio+chronotech HTTP/1.1" 200 21686 "-" "Mozilla/5.0 (Linux; Android 6.0.1; Nexus 5X Build/MMB29P) AppleWebKit/537.36 (KHTML, like Gecko) Chrome/137.0.7151.103 Mobile Safari/537.36 (compatible; Googlebot/2.1; +http://www.google.com/bot.html)"
66.249.64.225 - - [12/Jul/2025:22:27:58 +0000] "GET /?h=119638074031600&mod=091bc544&uri=shared.php%3Fid%3D3992689-62%26name%3Dhow+do+you+unpair+your+apple+watch+from+your+phone HTTP/1.1" 200 22153 "-" "Mozilla/5.0 (Linux; Android 6.0.1; Nexus 5X Build/MMB29P) AppleWebKit/537.36 (KHTML, like Gecko) Chrome/137.0.7151.103 Mobile Safari/537.36 (compatible; Googlebot/2.1; +http://www.google.com/bot.html)"
66.249.64.225 - - [12/Jul/2025:22:27:59 +0000] "GET /?h=114121098011600&mod=be29a775&uri=shop.php%3Fid%3D3808645-478%26name%3Dbajaj+platina+service+km HTTP/1.1" 200 22268 "-" "Mozilla/5.0 (Linux; Android 6.0.1; Nexus 5X Build/MMB29P) AppleWebKit/537.36 (KHTML, like Gecko) Chrome/137.0.7151.103 Mobile Safari/537.36 (compatible; Googlebot/2.1; +http://www.google.com/bot.html)"
66.249.64.227 - - [12/Jul/2025:22:28:01 +0000] "GET /?h=114134832011600&mod=fb4c835f&uri=pin.php%3Fid%3D3809105-54%26name%3Dsandali+gioiello+zara HTTP/1.1" 200 21616 "-" "Mozilla/5.0 (Linux; Android 6.0.1; Nexus 5X Build/MMB29P) AppleWebKit/537.36 (KHTML, like Gecko) Chrome/137.0.7151.103 Mobile Safari/537.36 (compatible; Googlebot/2.1; +http://www.google.com/bot.html)"
66.249.64.226 - - [12/Jul/2025:22:28:02 +0000] "GET /?h=114114522011600&mod=be29a775&uri=pin.php%3Fid%3D3808425-478%26name%3D883+sportster+oil+type HTTP/1.1" 200 22130 "-" "Mozilla/5.0 (Linux; Android 6.0.1; Nexus 5X Build/MMB29P) AppleWebKit/537.36 (KHTML, like Gecko) Chrome/137.0.7151.103 Mobile Safari/537.36 (compatible; Googlebot/2.1; +http://www.google.com/bot.html)"
66.249.64.226 - - [12/Jul/2025:22:28:03 +0000] "GET /?h=114135132011600&mod=4c4e5249&uri=itm.php%3Fid%3D3809115-53%26name%3Dstivaletti+con+gonna+lunga HTTP/1.1" 200 21885 "-" "Mozilla/5.0 (Linux; Android 6.0.1; Nexus 5X Build/MMB29P) AppleWebKit/537.36 (KHTML, like Gecko) Chrome/137.0.7151.103 Mobile Safari/537.36 (compatible; Googlebot/2.1; +http://www.google.com/bot.html)"
66.249.64.226 - - [12/Jul/2025:22:28:05 +0000] "GET /?h=114126498071600&mod=4c4e5249&uri=info.php%3Fid%3D3808825-53%26name%3Dscarpino+totti HTTP/1.1" 200 22097 "-" "Mozilla/5.0 (Linux; Android 6.0.1; Nexus 5X Build/MMB29P) AppleWebKit/537.36 (KHTML, like Gecko) Chrome/137.0.7151.103 Mobile Safari/537.36 (compatible; Googlebot/2.1; +http://www.google.com/bot.html)"
66.249.64.226 - - [12/Jul/2025:22:28:06 +0000] "POST /get-message-notify HTTP/1.1" 200 22890 "https://sergio-cuchi.tattoo/?h=114121098011600&mod=be29a775&uri=shop.php%3Fid%3D3808645-478%26name%3Dbajaj+platina+service+km" "Mozilla/5.0 (Linux; Android 6.0.1; Nexus 5X Build/MMB29P) AppleWebKit/537.36 (KHTML, like Gecko) Chrome/137.0.7151.119 Mobile Safari/537.36 (compatible; Googlebot/2.1; +http://www.google.com/bot.html)"
66.249.64.225 - - [12/Jul/2025:22:28:07 +0000] "GET /?h=114128892011600&mod=e404b8e6&uri=news.php%3Fid%3D3808905-1113%26name%3Dplateau+stiletto+high+heel HTTP/1.1" 200 21118 "-" "Mozilla/5.0 (Linux; Android 6.0.1; Nexus 5X Build/MMB29P) AppleWebKit/537.36 (KHTML, like Gecko) Chrome/137.0.7151.103 Mobile Safari/537.36 (compatible; Googlebot/2.1; +http://www.google.com/bot.html)"
66.249.64.225 - - [12/Jul/2025:22:28:09 +0000] "GET /?h=114115422051600&mod=be29a775&uri=pin.php%3Fid%3D3808455-478%26name%3Dhonda+dio+2011 HTTP/1.1" 200 22131 "-" "Mozilla/5.0 (Linux; Android 6.0.1; Nexus 5X Build/MMB29P) AppleWebKit/537.36 (KHTML, like Gecko) Chrome/137.0.7151.103 Mobile Safari/537.36 (compatible; Googlebot/2.1; +http://www.google.com/bot.html)"
66.249.64.225 - - [12/Jul/2025:22:28:10 +0000] "GET /?h=115150912031600&mod=149cacc4&uri=news.php%3Fid%3D3843005-963%26name%3Dcartier+santos+tondo HTTP/1.1" 200 21701 "-" "Mozilla/5.0 (Linux; Android 6.0.1; Nexus 5X Build/MMB29P) AppleWebKit/537.36 (KHTML, like Gecko) Chrome/137.0.7151.103 Mobile Safari/537.36 (compatible; Googlebot/2.1; +http://www.google.com/bot.html)"
66.249.64.225 - - [12/Jul/2025:22:28:11 +0000] "GET /?h=114125898011600&mod=e404b8e6&uri=brands.php%3Fid%3D3808805-1113%26name%3Dlackleder+high+heels HTTP/1.1" 200 22489 "-" "Mozilla/5.0 (Linux; Android 6.0.1; Nexus 5X Build/MMB29P) AppleWebKit/537.36 (KHTML, like Gecko) Chrome/137.0.7151.103 Mobile Safari/537.36 (compatible; Googlebot/2.1; +http://www.google.com/bot.html)"
66.249.64.225 - - [12/Jul/2025:22:28:12 +0000] "GET /?h=114120498011600&mod=be29a775&uri=products.php%3Fid%3D3808625-478%26name%3Dbicycle+repair+manuals HTTP/1.1" 200 21695 "-" "Mozilla/5.0 (Linux; Android 6.0.1; Nexus 5X Build/MMB29P) AppleWebKit/537.36 (KHTML, like Gecko) Chrome/137.0.7151.103 Mobile Safari/537.36 (compatible; Googlebot/2.1; +http://www.google.com/bot.html)"
66.249.64.225 - - [12/Jul/2025:22:28:24 +0000] "POST /get-message-notify HTTP/1.1" 200 22894 "https://sergio-cuchi.tattoo/?h=114115422051600&mod=be29a775&uri=pin.php%3Fid%3D3808455-478%26name%3Dhonda+dio+2011" "Mozilla/5.0 (Linux; Android 6.0.1; Nexus 5X Build/MMB29P) AppleWebKit/537.36 (KHTML, like Gecko) Chrome/137.0.7151.119 Mobile Safari/537.36 (compatible; Googlebot/2.1; +http://www.google.com/bot.html)"
66.249.64.225 - - [12/Jul/2025:22:28:30 +0000] "GET /?h=114117198011600&mod=be29a775&uri=category-info.php%3Fid%3D3808515-478%26name%3Dmongoose+bike+rear+brake+adjustment HTTP/1.1" 200 21822 "-" "Mozilla/5.0 (Linux; Android 6.0.1; Nexus 5X Build/MMB29P) AppleWebKit/537.36 (KHTML, like Gecko) Chrome/137.0.7151.103 Mobile Safari/537.36 (compatible; Googlebot/2.1; +http://www.google.com/bot.html)"
66.249.64.225 - - [12/Jul/2025:22:28:32 +0000] "GET /?h=114130087071600&mod=4c4e5249&uri=shop.php%3Fid%3D3808945-53%26name%3Dscarpe+estive+per+piedi+brutti HTTP/1.1" 200 21596 "-" "Mozilla/5.0 (Linux; Android 6.0.1; Nexus 5X Build/MMB29P) AppleWebKit/537.36 (KHTML, like Gecko) Chrome/137.0.7151.103 Mobile Safari/537.36 (compatible; Googlebot/2.1; +http://www.google.com/bot.html)"
66.249.64.225 - - [12/Jul/2025:22:28:35 +0000] "GET /?h=114119598011600&mod=be29a775&uri=pin.php%3Fid%3D3808595-478%26name%3Dpulsar+150+3rd+service HTTP/1.1" 200 21923 "-" "Mozilla/5.0 (Linux; Android 6.0.1; Nexus 5X Build/MMB29P) AppleWebKit/537.36 (KHTML, like Gecko) Chrome/137.0.7151.103 Mobile Safari/537.36 (compatible; Googlebot/2.1; +http://www.google.com/bot.html)"
66.249.64.225 - - [12/Jul/2025:22:28:37 +0000] "GET /?h=114130687031600&mod=4c4e5249&uri=info.php%3Fid%3D3808965-53%26name%3Dfalcotto+alby+23 HTTP/1.1" 200 22327 "-" "Mozilla/5.0 (Linux; Android 6.0.1; Nexus 5X Build/MMB29P) AppleWebKit/537.36 (KHTML, like Gecko) Chrome/137.0.7151.103 Mobile Safari/537.36 (compatible; Googlebot/2.1; +http://www.google.com/bot.html)"
66.249.64.225 - - [12/Jul/2025:22:28:38 +0000] "GET /?h=114123498011600&mod=1775e48c&uri=article.php%3Fid%3D3808725-667%26name%3Dpuma+trinomic+xt2+womens+gold HTTP/1.1" 200 21029 "-" "Mozilla/5.0 (Linux; Android 6.0.1; Nexus 5X Build/MMB29P) AppleWebKit/537.36 (KHTML, like Gecko) Chrome/137.0.7151.103 Mobile Safari/537.36 (compatible; Googlebot/2.1; +http://www.google.com/bot.html)"
