66.249.64.227 - - [12/Jul/2025:16:18:53 +0000] "GET /?h=4728211001600&mod=75df6360&uri=products.php%3Fid%3D157808-33%26name%3Ddiono+radian+rxt+install HTTP/1.1" 200 21970 "-" "Mozilla/5.0 (Linux; Android 6.0.1; Nexus 5X Build/MMB29P) AppleWebKit/537.36 (KHTML, like Gecko) Chrome/137.0.7151.103 Mobile Safari/537.36 (compatible; Googlebot/2.1; +http://www.google.com/bot.html)"
66.249.64.226 - - [12/Jul/2025:16:18:56 +0000] "POST /get-message-notify HTTP/1.1" 200 22900 "https://sergio-cuchi.tattoo/?h=4727851011600&mod=772adb25&uri=search.php%3Fid%3D157796-292%26name%3Dlong+sleeve+arsenal+away+jersey" "Mozilla/5.0 (Linux; Android 6.0.1; Nexus 5X Build/MMB29P) AppleWebKit/537.36 (KHTML, like Gecko) Chrome/137.0.7151.119 Mobile Safari/537.36 (compatible; Googlebot/2.1; +http://www.google.com/bot.html)"
66.249.64.225 - - [12/Jul/2025:16:18:59 +0000] "GET /?h=4726411001600&mod=772adb25&uri=news.php%3Fid%3D157748-292%26name%3Dnike+team+legend+ss+crew HTTP/1.1" 200 21255 "-" "Mozilla/5.0 (Linux; Android 6.0.1; Nexus 5X Build/MMB29P) AppleWebKit/537.36 (KHTML, like Gecko) Chrome/137.0.7151.103 Mobile Safari/537.36 (compatible; Googlebot/2.1; +http://www.google.com/bot.html)"
66.249.64.227 - - [12/Jul/2025:16:19:02 +0000] "GET /?h=21281966011600&mod=a7290c5b&uri=itm.php%3Fid%3D710389-317%26name%3Dbest+indoor+turf+soccer+shoes HTTP/1.1" 200 21608 "-" "Mozilla/5.0 (Linux; Android 6.0.1; Nexus 5X Build/MMB29P) AppleWebKit/537.36 (KHTML, like Gecko) Chrome/137.0.7151.103 Mobile Safari/537.36 (compatible; Googlebot/2.1; +http://www.google.com/bot.html)"
66.249.64.225 - - [12/Jul/2025:16:19:06 +0000] "GET /?h=4685329131600&mod=1f00a892&uri=form.php%3Fid%3D156378-287%26name%3Dpentax+fa+85 HTTP/1.1" 200 21139 "-" "Mozilla/5.0 (Linux; Android 6.0.1; Nexus 5X Build/MMB29P) AppleWebKit/537.36 (KHTML, like Gecko) Chrome/137.0.7151.103 Mobile Safari/537.36 (compatible; Googlebot/2.1; +http://www.google.com/bot.html)"
66.249.64.225 - - [12/Jul/2025:16:19:08 +0000] "GET /?h=113406881011600&mod=d09e36d1&uri=us.php%3Fid%3D3784796-283%26name%3Ddansko+womens+sable+wedge+sandal HTTP/1.1" 200 22011 "-" "Mozilla/5.0 (Linux; Android 6.0.1; Nexus 5X Build/MMB29P) AppleWebKit/537.36 (KHTML, like Gecko) Chrome/137.0.7151.103 Mobile Safari/537.36 (compatible; Googlebot/2.1; +http://www.google.com/bot.html)"
66.249.64.225 - - [12/Jul/2025:16:19:11 +0000] "POST /get-message-notify HTTP/1.1" 200 22906 "https://sergio-cuchi.tattoo/?h=4726411001600&mod=772adb25&uri=news.php%3Fid%3D157748-292%26name%3Dnike+team+legend+ss+crew" "Mozilla/5.0 (Linux; Android 6.0.1; Nexus 5X Build/MMB29P) AppleWebKit/537.36 (KHTML, like Gecko) Chrome/137.0.7151.119 Mobile Safari/537.36 (compatible; Googlebot/2.1; +http://www.google.com/bot.html)"
66.249.64.225 - - [12/Jul/2025:16:19:13 +0000] "GET /?h=114066239041600&mod=49af7f20&uri=goods.php%3Fid%3D3806804-794%26name%3Dslow+feeder+for+raw+food HTTP/1.1" 200 21367 "-" "Mozilla/5.0 (Linux; Android 6.0.1; Nexus 5X Build/MMB29P) AppleWebKit/537.36 (KHTML, like Gecko) Chrome/137.0.7151.103 Mobile Safari/537.36 (compatible; Googlebot/2.1; +http://www.google.com/bot.html)"
66.249.64.226 - - [12/Jul/2025:16:19:16 +0000] "GET /?h=4727011021600&mod=772adb25&uri=dp.php%3Fid%3D157768-292%26name%3Dkyrie+all+star+shirt HTTP/1.1" 200 21386 "-" "Mozilla/5.0 (Linux; Android 6.0.1; Nexus 5X Build/MMB29P) AppleWebKit/537.36 (KHTML, like Gecko) Chrome/137.0.7151.103 Mobile Safari/537.36 (compatible; Googlebot/2.1; +http://www.google.com/bot.html)"
66.249.64.226 - - [12/Jul/2025:16:19:21 +0000] "GET /?h=6168819031600&mod=14071519&uri=article.php%3Fid%3D205998-358%26name%3Dreggiseno HTTP/1.1" 200 20207 "-" "Mozilla/5.0 (Linux; Android 6.0.1; Nexus 5X Build/MMB29P) AppleWebKit/537.36 (KHTML, like Gecko) Chrome/137.0.7151.103 Mobile Safari/537.36 (compatible; Googlebot/2.1; +http://www.google.com/bot.html)"
66.249.64.226 - - [12/Jul/2025:16:19:24 +0000] "GET /?h=4721731021600&mod=75df6360&uri=shared.php%3Fid%3D157592-33%26name%3Dcar+that+can+fit+carseats+in+the+back HTTP/1.1" 200 21928 "-" "Mozilla/5.0 (Linux; Android 6.0.1; Nexus 5X Build/MMB29P) AppleWebKit/537.36 (KHTML, like Gecko) Chrome/137.0.7151.103 Mobile Safari/537.36 (compatible; Googlebot/2.1; +http://www.google.com/bot.html)"
66.249.64.225 - - [12/Jul/2025:16:19:27 +0000] "POST /get-message-notify HTTP/1.1" 200 22884 "https://sergio-cuchi.tattoo/?h=114066239041600&mod=49af7f20&uri=goods.php%3Fid%3D3806804-794%26name%3Dslow+feeder+for+raw+food" "Mozilla/5.0 (Linux; Android 6.0.1; Nexus 5X Build/MMB29P) AppleWebKit/537.36 (KHTML, like Gecko) Chrome/137.0.7151.119 Mobile Safari/537.36 (compatible; Googlebot/2.1; +http://www.google.com/bot.html)"
66.249.64.227 - - [12/Jul/2025:16:19:29 +0000] "GET /?h=114130387011600&mod=4c4e5249&uri=shared.php%3Fid%3D3808955-53%26name%3Dstivaletti+vic+matie+yoox HTTP/1.1" 200 22253 "-" "Mozilla/5.0 (Linux; Android 6.0.1; Nexus 5X Build/MMB29P) AppleWebKit/537.36 (KHTML, like Gecko) Chrome/137.0.7151.103 Mobile Safari/537.36 (compatible; Googlebot/2.1; +http://www.google.com/bot.html)"
66.249.64.227 - - [12/Jul/2025:16:19:32 +0000] "GET /?h=114054479111600&mod=49af7f20&uri=shared.php%3Fid%3D3806412-794%26name%3Dwhen+can+puppies+eat+regular+food HTTP/1.1" 200 21588 "-" "Mozilla/5.0 (Linux; Android 6.0.1; Nexus 5X Build/MMB29P) AppleWebKit/537.36 (KHTML, like Gecko) Chrome/137.0.7151.103 Mobile Safari/537.36 (compatible; Googlebot/2.1; +http://www.google.com/bot.html)"
66.249.64.225 - - [12/Jul/2025:16:19:35 +0000] "GET /?h=5833434031600&mod=7ac09a39&uri=search.php%3Fid%3D194803-339%26name%3Dzapatos+vans+mujer+2019+imagenes HTTP/1.1" 200 21264 "-" "Mozilla/5.0 (Linux; Android 6.0.1; Nexus 5X Build/MMB29P) AppleWebKit/537.36 (KHTML, like Gecko) Chrome/137.0.7151.103 Mobile Safari/537.36 (compatible; Googlebot/2.1; +http://www.google.com/bot.html)"
66.249.64.225 - - [12/Jul/2025:16:19:37 +0000] "GET /?h=4724251001600&mod=772adb25&uri=pin.php%3Fid%3D157676-292%26name%3Dnike+polka+dot+shirt HTTP/1.1" 200 22517 "-" "Mozilla/5.0 (Linux; Android 6.0.1; Nexus 5X Build/MMB29P) AppleWebKit/537.36 (KHTML, like Gecko) Chrome/137.0.7151.103 Mobile Safari/537.36 (compatible; Googlebot/2.1; +http://www.google.com/bot.html)"
66.249.64.226 - - [12/Jul/2025:16:19:40 +0000] "POST /get-message-notify HTTP/1.1" 200 22891 "https://sergio-cuchi.tattoo/?h=114130387011600&mod=4c4e5249&uri=shared.php%3Fid%3D3808955-53%26name%3Dstivaletti+vic+matie+yoox" "Mozilla/5.0 (Linux; Android 6.0.1; Nexus 5X Build/MMB29P) AppleWebKit/537.36 (KHTML, like Gecko) Chrome/137.0.7151.119 Mobile Safari/537.36 (compatible; Googlebot/2.1; +http://www.google.com/bot.html)"
66.249.64.227 - - [12/Jul/2025:16:19:42 +0000] "GET /?h=114048749031600&mod=49af7f20&uri=blog.php%3Fid%3D3806221-794%26name%3Dcan+puppies+eat+big+dog+food HTTP/1.1" 200 20964 "-" "Mozilla/5.0 (Linux; Android 6.0.1; Nexus 5X Build/MMB29P) AppleWebKit/537.36 (KHTML, like Gecko) Chrome/137.0.7151.103 Mobile Safari/537.36 (compatible; Googlebot/2.1; +http://www.google.com/bot.html)"
66.249.64.225 - - [12/Jul/2025:16:19:45 +0000] "GET /?h=5525464021600&mod=3dd420c4&uri=products.php%3Fid%3D184462-310%26name%3Dkaby+lake+gpu HTTP/1.1" 200 22076 "-" "Mozilla/5.0 (Linux; Android 6.0.1; Nexus 5X Build/MMB29P) AppleWebKit/537.36 (KHTML, like Gecko) Chrome/137.0.7151.103 Mobile Safari/537.36 (compatible; Googlebot/2.1; +http://www.google.com/bot.html)"
66.249.64.227 - - [12/Jul/2025:16:19:47 +0000] "GET /?h=113570024041600&mod=b0f7b8df&uri=itm.php%3Fid%3D3790242-776%26name%3Ddimensiones+de+maleta+de+23+kilos HTTP/1.1" 200 21928 "-" "Mozilla/5.0 (Linux; Android 6.0.1; Nexus 5X Build/MMB29P) AppleWebKit/537.36 (KHTML, like Gecko) Chrome/137.0.7151.103 Mobile Safari/537.36 (compatible; Googlebot/2.1; +http://www.google.com/bot.html)"
66.249.64.226 - - [12/Jul/2025:16:19:50 +0000] "GET /?h=4669579131600&mod=0c6067e0&uri=dp.php%3Fid%3D155853-285%26name%3Dblack+and+purple+jersey HTTP/1.1" 200 21366 "-" "Mozilla/5.0 (Linux; Android 6.0.1; Nexus 5X Build/MMB29P) AppleWebKit/537.36 (KHTML, like Gecko) Chrome/137.0.7151.103 Mobile Safari/537.36 (compatible; Googlebot/2.1; +http://www.google.com/bot.html)"
66.249.64.225 - - [12/Jul/2025:16:19:55 +0000] "GET /?h=5420235021600&mod=5fd0245f&uri=news.php%3Fid%3D180951-64%26name%3Dvr+box+virtual+reality+glasses HTTP/1.1" 200 22180 "-" "Mozilla/5.0 (Linux; Android 6.0.1; Nexus 5X Build/MMB29P) AppleWebKit/537.36 (KHTML, like Gecko) Chrome/137.0.7151.103 Mobile Safari/537.36 (compatible; Googlebot/2.1; +http://www.google.com/bot.html)"
66.249.64.227 - - [12/Jul/2025:16:19:58 +0000] "GET /?h=114133542011600&mod=e404b8e6&uri=blog.php%3Fid%3D3809062-1113%26name%3Dzara+high+heels+rot HTTP/1.1" 200 21549 "-" "Mozilla/5.0 (Linux; Android 6.0.1; Nexus 5X Build/MMB29P) AppleWebKit/537.36 (KHTML, like Gecko) Chrome/137.0.7151.103 Mobile Safari/537.36 (compatible; Googlebot/2.1; +http://www.google.com/bot.html)"
66.249.64.225 - - [12/Jul/2025:16:20:00 +0000] "GET /?h=115135048021600&mod=149cacc4&uri=us.php%3Fid%3D3842476-963%26name%3Dcalcolatrice+da+polso HTTP/1.1" 200 22199 "-" "Mozilla/5.0 (Linux; Android 6.0.1; Nexus 5X Build/MMB29P) AppleWebKit/537.36 (KHTML, like Gecko) Chrome/137.0.7151.103 Mobile Safari/537.36 (compatible; Googlebot/2.1; +http://www.google.com/bot.html)"
66.249.64.225 - - [12/Jul/2025:16:20:02 +0000] "POST /get-message-notify HTTP/1.1" 200 22907 "https://sergio-cuchi.tattoo/?h=5525464021600&mod=3dd420c4&uri=products.php%3Fid%3D184462-310%26name%3Dkaby+lake+gpu" "Mozilla/5.0 (Linux; Android 6.0.1; Nexus 5X Build/MMB29P) AppleWebKit/537.36 (KHTML, like Gecko) Chrome/137.0.7151.119 Mobile Safari/537.36 (compatible; Googlebot/2.1; +http://www.google.com/bot.html)"
66.249.64.226 - - [12/Jul/2025:16:20:05 +0000] "GET /?h=5491244021600&mod=0b61a4e8&uri=itm.php%3Fid%3D183320-326%26name%3Dle+sable+rose+louis+vuitton HTTP/1.1" 200 21338 "-" "Mozilla/5.0 (Linux; Android 6.0.1; Nexus 5X Build/MMB29P) AppleWebKit/537.36 (KHTML, like Gecko) Chrome/137.0.7151.103 Mobile Safari/537.36 (compatible; Googlebot/2.1; +http://www.google.com/bot.html)"
66.249.64.225 - - [12/Jul/2025:16:20:07 +0000] "GET /?h=5447382031600&mod=233f1dd0&uri=itm.php%3Fid%3D181857-59%26name%3Dcostume+carnevale+lady+bug+bambina HTTP/1.1" 200 21672 "-" "Mozilla/5.0 (Linux; Android 6.0.1; Nexus 5X Build/MMB29P) AppleWebKit/537.36 (KHTML, like Gecko) Chrome/137.0.7151.103 Mobile Safari/537.36 (compatible; Googlebot/2.1; +http://www.google.com/bot.html)"
66.249.64.225 - - [12/Jul/2025:16:20:10 +0000] "GET /?h=6157201001600&mod=2fcb2666&uri=dp.php%3Fid%3D205608-351%26name%3Dcoq+sportif+verdon+craft HTTP/1.1" 200 20501 "-" "Mozilla/5.0 (Linux; Android 6.0.1; Nexus 5X Build/MMB29P) AppleWebKit/537.36 (KHTML, like Gecko) Chrome/137.0.7151.103 Mobile Safari/537.36 (compatible; Googlebot/2.1; +http://www.google.com/bot.html)"
66.249.64.227 - - [12/Jul/2025:16:20:12 +0000] "GET /?h=4724851041600&mod=6fdb8f7d&uri=form.php%3Fid%3D157696-291%26name%3Dblue+ghd+hair+straightener HTTP/1.1" 200 21832 "-" "Mozilla/5.0 (Linux; Android 6.0.1; Nexus 5X Build/MMB29P) AppleWebKit/537.36 (KHTML, like Gecko) Chrome/137.0.7151.103 Mobile Safari/537.36 (compatible; Googlebot/2.1; +http://www.google.com/bot.html)"
66.249.64.225 - - [12/Jul/2025:16:20:24 +0000] "POST /get-message-notify HTTP/1.1" 200 22891 "https://sergio-cuchi.tattoo/?h=5447382031600&mod=233f1dd0&uri=itm.php%3Fid%3D181857-59%26name%3Dcostume+carnevale+lady+bug+bambina" "Mozilla/5.0 (Linux; Android 6.0.1; Nexus 5X Build/MMB29P) AppleWebKit/537.36 (KHTML, like Gecko) Chrome/137.0.7151.119 Mobile Safari/537.36 (compatible; Googlebot/2.1; +http://www.google.com/bot.html)"
66.249.64.226 - - [12/Jul/2025:16:20:27 +0000] "POST /get-message-notify HTTP/1.1" 200 22895 "https://sergio-cuchi.tattoo/?h=5491244021600&mod=0b61a4e8&uri=itm.php%3Fid%3D183320-326%26name%3Dle+sable+rose+louis+vuitton" "Mozilla/5.0 (Linux; Android 6.0.1; Nexus 5X Build/MMB29P) AppleWebKit/537.36 (KHTML, like Gecko) Chrome/137.0.7151.119 Mobile Safari/537.36 (compatible; Googlebot/2.1; +http://www.google.com/bot.html)"
66.249.64.226 - - [12/Jul/2025:16:20:30 +0000] "GET /?h=6163893021600&mod=6d952823&uri=goods.php%3Fid%3D205832-356%26name%3Dbasket+led+pas+cher HTTP/1.1" 200 21125 "-" "Mozilla/5.0 (Linux; Android 6.0.1; Nexus 5X Build/MMB29P) AppleWebKit/537.36 (KHTML, like Gecko) Chrome/137.0.7151.103 Mobile Safari/537.36 (compatible; Googlebot/2.1; +http://www.google.com/bot.html)"
66.249.64.226 - - [12/Jul/2025:16:20:39 +0000] "POST /get-message-notify HTTP/1.1" 200 22907 "https://sergio-cuchi.tattoo/?h=4724851041600&mod=6fdb8f7d&uri=form.php%3Fid%3D157696-291%26name%3Dblue+ghd+hair+straightener" "Mozilla/5.0 (Linux; Android 6.0.1; Nexus 5X Build/MMB29P) AppleWebKit/537.36 (KHTML, like Gecko) Chrome/137.0.7151.119 Mobile Safari/537.36 (compatible; Googlebot/2.1; +http://www.google.com/bot.html)"
66.249.64.225 - - [12/Jul/2025:16:20:43 +0000] "GET /?h=4730371041600&mod=75df6360&uri=news.php%3Fid%3D157880-33%26name%3Dfast+row+suv HTTP/1.1" 200 22466 "-" "Mozilla/5.0 (Linux; Android 6.0.1; Nexus 5X Build/MMB29P) AppleWebKit/537.36 (KHTML, like Gecko) Chrome/137.0.7151.103 Mobile Safari/537.36 (compatible; Googlebot/2.1; +http://www.google.com/bot.html)"
66.249.64.227 - - [12/Jul/2025:16:20:47 +0000] "GET /?h=5986769061600&mod=240f73d9&uri=category-info.php%3Fid%3D199920-345%26name%3Dventa+ropa+embarazada HTTP/1.1" 200 20795 "-" "Mozilla/5.0 (Linux; Android 6.0.1; Nexus 5X Build/MMB29P) AppleWebKit/537.36 (KHTML, like Gecko) Chrome/137.0.7151.103 Mobile Safari/537.36 (compatible; Googlebot/2.1; +http://www.google.com/bot.html)"
66.249.64.227 - - [12/Jul/2025:16:20:53 +0000] "GET /?h=4731091041600&mod=772adb25&uri=article.php%3Fid%3D157904-292%26name%3Dman+city+nike+mashup HTTP/1.1" 200 21166 "-" "Mozilla/5.0 (Linux; Android 6.0.1; Nexus 5X Build/MMB29P) AppleWebKit/537.36 (KHTML, like Gecko) Chrome/137.0.7151.103 Mobile Safari/537.36 (compatible; Googlebot/2.1; +http://www.google.com/bot.html)"
66.249.64.227 - - [12/Jul/2025:16:20:56 +0000] "GET /?h=5165157011600&mod=7232a90e&uri=info.php%3Fid%3D172429-155%26name%3Dkef+towers HTTP/1.1" 200 21979 "-" "Mozilla/5.0 (Linux; Android 6.0.1; Nexus 5X Build/MMB29P) AppleWebKit/537.36 (KHTML, like Gecko) Chrome/137.0.7151.103 Mobile Safari/537.36 (compatible; Googlebot/2.1; +http://www.google.com/bot.html)"
66.249.64.225 - - [12/Jul/2025:16:21:01 +0000] "GET /?h=4723531001600&mod=772adb25&uri=itm.php%3Fid%3D157652-292%26name%3Dnike+fff+jersey HTTP/1.1" 200 22277 "-" "Mozilla/5.0 (Linux; Android 6.0.1; Nexus 5X Build/MMB29P) AppleWebKit/537.36 (KHTML, like Gecko) Chrome/137.0.7151.103 Mobile Safari/537.36 (compatible; Googlebot/2.1; +http://www.google.com/bot.html)"
66.249.64.225 - - [12/Jul/2025:16:21:12 +0000] "GET /?h=27995428031600&mod=1cfcd321&uri=dp.php%3Fid%3D934361-341%26name%3Dprecio+perfume+navigo+para+hombre HTTP/1.1" 200 21793 "-" "Mozilla/5.0 (Linux; Android 6.0.1; Nexus 5X Build/MMB29P) AppleWebKit/537.36 (KHTML, like Gecko) Chrome/137.0.7151.103 Mobile Safari/537.36 (compatible; Googlebot/2.1; +http://www.google.com/bot.html)"
209.74.77.214 - - [12/Jul/2025:16:21:16 +0000] "POST /wp-cron.php?doing_wp_cron=1752337276.5768280029296875000000 HTTP/1.1" 200 - "-" "WordPress/6.8.1; https://sergio-cuchi.tattoo"
51.222.253.4 - - [12/Jul/2025:16:21:15 +0000] "GET /product-tag/usa/ HTTP/1.1" 200 14368 "-" "Mozilla/5.0 (compatible; AhrefsBot/7.0; +http://ahrefs.com/robot/)"
66.249.64.225 - - [12/Jul/2025:16:21:17 +0000] "GET /?h=4724011031600&mod=cfda2dd6&uri=product.php%3Fid%3D157668-288%26name%3Dion+flat+irons HTTP/1.1" 200 22395 "-" "Mozilla/5.0 (Linux; Android 6.0.1; Nexus 5X Build/MMB29P) AppleWebKit/537.36 (KHTML, like Gecko) Chrome/137.0.7151.103 Mobile Safari/537.36 (compatible; Googlebot/2.1; +http://www.google.com/bot.html)"
66.249.64.225 - - [12/Jul/2025:16:21:20 +0000] "GET /?h=5491724001600&mod=2e04188d&uri=form.php%3Fid%3D183336-328%26name%3Dwanderschuh+cmp+damen HTTP/1.1" 200 21899 "-" "Mozilla/5.0 (Linux; Android 6.0.1; Nexus 5X Build/MMB29P) AppleWebKit/537.36 (KHTML, like Gecko) Chrome/137.0.7151.103 Mobile Safari/537.36 (compatible; Googlebot/2.1; +http://www.google.com/bot.html)"
66.249.64.226 - - [12/Jul/2025:16:21:26 +0000] "POST /get-message-notify HTTP/1.1" 200 22894 "https://sergio-cuchi.tattoo/?h=27995428031600&mod=1cfcd321&uri=dp.php%3Fid%3D934361-341%26name%3Dprecio+perfume+navigo+para+hombre" "Mozilla/5.0 (Linux; Android 6.0.1; Nexus 5X Build/MMB29P) AppleWebKit/537.36 (KHTML, like Gecko) Chrome/137.0.7151.119 Mobile Safari/537.36 (compatible; Googlebot/2.1; +http://www.google.com/bot.html)"
66.249.64.226 - - [12/Jul/2025:16:21:28 +0000] "GET /?h=5445522121600&mod=ba347fcc&uri=blog.php%3Fid%3D181795-60%26name%3Dchiodo+zara+uomo HTTP/1.1" 200 21994 "-" "Mozilla/5.0 (Linux; Android 6.0.1; Nexus 5X Build/MMB29P) AppleWebKit/537.36 (KHTML, like Gecko) Chrome/137.0.7151.103 Mobile Safari/537.36 (compatible; Googlebot/2.1; +http://www.google.com/bot.html)"
66.249.64.227 - - [12/Jul/2025:16:21:31 +0000] "GET /?h=4723291041600&mod=772adb25&uri=brands.php%3Fid%3D157644-292%26name%3Droblox+free+nike+shirt HTTP/1.1" 200 21402 "-" "Mozilla/5.0 (Linux; Android 6.0.1; Nexus 5X Build/MMB29P) AppleWebKit/537.36 (KHTML, like Gecko) Chrome/137.0.7151.103 Mobile Safari/537.36 (compatible; Googlebot/2.1; +http://www.google.com/bot.html)"
66.249.64.226 - - [12/Jul/2025:16:21:33 +0000] "GET /?h=5292194021600&mod=d62b664e&uri=us.php%3Fid%3D176681-294%26name%3Dornamental+gemstones HTTP/1.1" 200 21428 "-" "Mozilla/5.0 (Linux; Android 6.0.1; Nexus 5X Build/MMB29P) AppleWebKit/537.36 (KHTML, like Gecko) Chrome/137.0.7151.103 Mobile Safari/537.36 (compatible; Googlebot/2.1; +http://www.google.com/bot.html)"
66.249.64.226 - - [12/Jul/2025:16:21:37 +0000] "GET /?h=6164103031600&mod=14071519&uri=category-info.php%3Fid%3D205839-358%26name%3Dreggiseno+preformato HTTP/1.1" 200 21719 "-" "Mozilla/5.0 (Linux; Android 6.0.1; Nexus 5X Build/MMB29P) AppleWebKit/537.36 (KHTML, like Gecko) Chrome/137.0.7151.103 Mobile Safari/537.36 (compatible; Googlebot/2.1; +http://www.google.com/bot.html)"
66.249.64.226 - - [12/Jul/2025:16:21:40 +0000] "GET /?h=6077351001600&mod=cdb36ea7&uri=info.php%3Fid%3D202945-349%26name%3Dun+monde+en+or+bijouterie+auchan HTTP/1.1" 200 22542 "-" "Mozilla/5.0 (Linux; Android 6.0.1; Nexus 5X Build/MMB29P) AppleWebKit/537.36 (KHTML, like Gecko) Chrome/137.0.7151.103 Mobile Safari/537.36 (compatible; Googlebot/2.1; +http://www.google.com/bot.html)"
66.249.64.225 - - [12/Jul/2025:16:21:42 +0000] "GET /?h=114002662021600&mod=5bd81ca5&uri=pin.php%3Fid%3D3804684-1152%26name%3Dinterview+suit+ladies HTTP/1.1" 200 21377 "-" "Mozilla/5.0 (Linux; Android 6.0.1; Nexus 5X Build/MMB29P) AppleWebKit/537.36 (KHTML, like Gecko) Chrome/137.0.7151.103 Mobile Safari/537.36 (compatible; Googlebot/2.1; +http://www.google.com/bot.html)"
66.249.64.225 - - [12/Jul/2025:16:21:45 +0000] "GET /?h=4724611031600&mod=772adb25&uri=info.php%3Fid%3D157688-292%26name%3Dman+city+nike+shirt HTTP/1.1" 200 22865 "-" "Mozilla/5.0 (Linux; Android 6.0.1; Nexus 5X Build/MMB29P) AppleWebKit/537.36 (KHTML, like Gecko) Chrome/137.0.7151.103 Mobile Safari/537.36 (compatible; Googlebot/2.1; +http://www.google.com/bot.html)"
66.249.64.227 - - [12/Jul/2025:16:21:47 +0000] "POST /get-message-notify HTTP/1.1" 200 22905 "https://sergio-cuchi.tattoo/?h=5292194021600&mod=d62b664e&uri=us.php%3Fid%3D176681-294%26name%3Dornamental+gemstones" "Mozilla/5.0 (Linux; Android 6.0.1; Nexus 5X Build/MMB29P) AppleWebKit/537.36 (KHTML, like Gecko) Chrome/137.0.7151.119 Mobile Safari/537.36 (compatible; Googlebot/2.1; +http://www.google.com/bot.html)"
66.249.64.227 - - [12/Jul/2025:16:21:50 +0000] "GET /?h=6276142141600&mod=95766753&uri=products.php%3Fid%3D209627-117%26name%3Dgarmin+vivoactive+no+enciende HTTP/1.1" 200 21728 "-" "Mozilla/5.0 (Linux; Android 6.0.1; Nexus 5X Build/MMB29P) AppleWebKit/537.36 (KHTML, like Gecko) Chrome/137.0.7151.103 Mobile Safari/537.36 (compatible; Googlebot/2.1; +http://www.google.com/bot.html)"
66.249.64.225 - - [12/Jul/2025:16:21:53 +0000] "GET /?h=114056819041600&mod=49af7f20&uri=brands.php%3Fid%3D3806490-794%26name%3Dfood+to+avoid+after+dog+bite HTTP/1.1" 200 22617 "-" "Mozilla/5.0 (Linux; Android 6.0.1; Nexus 5X Build/MMB29P) AppleWebKit/537.36 (KHTML, like Gecko) Chrome/137.0.7151.103 Mobile Safari/537.36 (compatible; Googlebot/2.1; +http://www.google.com/bot.html)"
66.249.64.226 - - [12/Jul/2025:16:21:55 +0000] "GET /?h=4707829091600&mod=cfda2dd6&uri=category-info.php%3Fid%3D157128-288%26name%3Dfuriden+hair+straightener+and+curler HTTP/1.1" 200 20828 "-" "Mozilla/5.0 (Linux; Android 6.0.1; Nexus 5X Build/MMB29P) AppleWebKit/537.36 (KHTML, like Gecko) Chrome/137.0.7151.103 Mobile Safari/537.36 (compatible; Googlebot/2.1; +http://www.google.com/bot.html)"
66.249.64.227 - - [12/Jul/2025:16:21:58 +0000] "GET /?h=114089033011600&mod=a67f145f&uri=info.php%3Fid%3D3807573-334%26name%3Ds4+young+sheldon HTTP/1.1" 200 22428 "-" "Mozilla/5.0 (Linux; Android 6.0.1; Nexus 5X Build/MMB29P) AppleWebKit/537.36 (KHTML, like Gecko) Chrome/137.0.7151.103 Mobile Safari/537.36 (compatible; Googlebot/2.1; +http://www.google.com/bot.html)"
66.249.64.227 - - [12/Jul/2025:16:22:11 +0000] "POST /get-message-notify HTTP/1.1" 200 22895 "https://sergio-cuchi.tattoo/?h=6276142141600&mod=95766753&uri=products.php%3Fid%3D209627-117%26name%3Dgarmin+vivoactive+no+enciende" "Mozilla/5.0 (Linux; Android 6.0.1; Nexus 5X Build/MMB29P) AppleWebKit/537.36 (KHTML, like Gecko) Chrome/137.0.7151.119 Mobile Safari/537.36 (compatible; Googlebot/2.1; +http://www.google.com/bot.html)"
66.249.64.227 - - [12/Jul/2025:16:22:14 +0000] "GET /?h=4722331021600&mod=772adb25&uri=brands.php%3Fid%3D157612-292%26name%3Drush+coral+shirt HTTP/1.1" 200 20730 "-" "Mozilla/5.0 (Linux; Android 6.0.1; Nexus 5X Build/MMB29P) AppleWebKit/537.36 (KHTML, like Gecko) Chrome/137.0.7151.103 Mobile Safari/537.36 (compatible; Googlebot/2.1; +http://www.google.com/bot.html)"
66.249.64.226 - - [12/Jul/2025:16:22:16 +0000] "GET /?h=114133032011600&mod=4c4e5249&uri=blog.php%3Fid%3D3809045-53%26name%3Dcase+nike+iphone+x HTTP/1.1" 200 22066 "-" "Mozilla/5.0 (Linux; Android 6.0.1; Nexus 5X Build/MMB29P) AppleWebKit/537.36 (KHTML, like Gecko) Chrome/137.0.7151.103 Mobile Safari/537.36 (compatible; Googlebot/2.1; +http://www.google.com/bot.html)"
66.249.64.226 - - [12/Jul/2025:16:22:18 +0000] "GET /?h=5354292001600&mod=884738b4&uri=products.php%3Fid%3D178752-322%26name%3Dfisher+and+paykel+ds603 HTTP/1.1" 200 22177 "-" "Mozilla/5.0 (Linux; Android 6.0.1; Nexus 5X Build/MMB29P) AppleWebKit/537.36 (KHTML, like Gecko) Chrome/137.0.7151.103 Mobile Safari/537.36 (compatible; Googlebot/2.1; +http://www.google.com/bot.html)"
66.249.64.226 - - [12/Jul/2025:16:22:21 +0000] "GET /?h=114061139031600&mod=49af7f20&uri=products.php%3Fid%3D3806634-794%26name%3Dcastor+and+pollux+salmon+dog+food HTTP/1.1" 200 21632 "-" "Mozilla/5.0 (Linux; Android 6.0.1; Nexus 5X Build/MMB29P) AppleWebKit/537.36 (KHTML, like Gecko) Chrome/137.0.7151.103 Mobile Safari/537.36 (compatible; Googlebot/2.1; +http://www.google.com/bot.html)"
66.249.64.226 - - [12/Jul/2025:16:22:22 +0000] "GET /?h=5463222041600&mod=0b61a4e8&uri=product.php%3Fid%3D182385-326%26name%3Dtenis+altos+de+ni%C3%83%C2%B1a HTTP/1.1" 200 21821 "-" "Mozilla/5.0 (Linux; Android 6.0.1; Nexus 5X Build/MMB29P) AppleWebKit/537.36 (KHTML, like Gecko) Chrome/137.0.7151.103 Mobile Safari/537.36 (compatible; Googlebot/2.1; +http://www.google.com/bot.html)"
66.249.64.226 - - [12/Jul/2025:16:22:31 +0000] "POST /get-message-notify HTTP/1.1" 200 22902 "https://sergio-cuchi.tattoo/?h=114133032011600&mod=4c4e5249&uri=blog.php%3Fid%3D3809045-53%26name%3Dcase+nike+iphone+x" "Mozilla/5.0 (Linux; Android 6.0.1; Nexus 5X Build/MMB29P) AppleWebKit/537.36 (KHTML, like Gecko) Chrome/137.0.7151.119 Mobile Safari/537.36 (compatible; Googlebot/2.1; +http://www.google.com/bot.html)"
66.249.64.227 - - [12/Jul/2025:16:22:35 +0000] "GET /?h=114058979111600&mod=49af7f20&uri=pin.php%3Fid%3D3806562-794%26name%3Ddog+food+pure+vita HTTP/1.1" 200 20863 "-" "Mozilla/5.0 (Linux; Android 6.0.1; Nexus 5X Build/MMB29P) AppleWebKit/537.36 (KHTML, like Gecko) Chrome/137.0.7151.103 Mobile Safari/537.36 (compatible; Googlebot/2.1; +http://www.google.com/bot.html)"
66.249.64.225 - - [12/Jul/2025:16:22:38 +0000] "GET /?h=4723771001600&mod=772adb25&uri=us.php%3Fid%3D157660-292%26name%3Dmens+pink+nike+tshirt HTTP/1.1" 200 21910 "-" "Mozilla/5.0 (Linux; Android 6.0.1; Nexus 5X Build/MMB29P) AppleWebKit/537.36 (KHTML, like Gecko) Chrome/137.0.7151.103 Mobile Safari/537.36 (compatible; Googlebot/2.1; +http://www.google.com/bot.html)"
66.249.64.226 - - [12/Jul/2025:16:22:49 +0000] "GET /?h=4680079031600&mod=1f00a892&uri=dp.php%3Fid%3D156203-287%26name%3Dmpb+pentax HTTP/1.1" 200 21064 "-" "Mozilla/5.0 (Linux; Android 6.0.1; Nexus 5X Build/MMB29P) AppleWebKit/537.36 (KHTML, like Gecko) Chrome/137.0.7151.103 Mobile Safari/537.36 (compatible; Googlebot/2.1; +http://www.google.com/bot.html)"
66.249.64.227 - - [12/Jul/2025:16:22:52 +0000] "GET /?h=57775262051600&mod=ddebfb96&uri=itm.php%3Fid%3D1927993-686%26name%3Dzapatillas+tommy+amazon HTTP/1.1" 200 21461 "-" "Mozilla/5.0 (Linux; Android 6.0.1; Nexus 5X Build/MMB29P) AppleWebKit/537.36 (KHTML, like Gecko) Chrome/137.0.7151.103 Mobile Safari/537.36 (compatible; Googlebot/2.1; +http://www.google.com/bot.html)"
66.249.64.225 - - [12/Jul/2025:16:22:55 +0000] "GET /?h=6281392041600&mod=95766753&uri=blog.php%3Fid%3D209802-117%26name%3Dband+m4+caracter%C3%83%C2%ADsticas HTTP/1.1" 200 22378 "-" "Mozilla/5.0 (Linux; Android 6.0.1; Nexus 5X Build/MMB29P) AppleWebKit/537.36 (KHTML, like Gecko) Chrome/137.0.7151.103 Mobile Safari/537.36 (compatible; Googlebot/2.1; +http://www.google.com/bot.html)"
66.249.64.226 - - [12/Jul/2025:16:22:58 +0000] "GET /?h=32323668021600&mod=0c6067e0&uri=brands.php%3Fid%3D1078842-285%26name%3Ddetroit+tigers+ian+kinsler+jersey HTTP/1.1" 200 20831 "-" "Mozilla/5.0 (Linux; Android 6.0.1; Nexus 5X Build/MMB29P) AppleWebKit/537.36 (KHTML, like Gecko) Chrome/137.0.7151.103 Mobile Safari/537.36 (compatible; Googlebot/2.1; +http://www.google.com/bot.html)"
66.249.64.226 - - [12/Jul/2025:16:23:02 +0000] "GET /?h=114061199011600&mod=bf830e03&uri=products.php%3Fid%3D3806636-795%26name%3Dupright+cat+scratcher HTTP/1.1" 200 20963 "-" "Mozilla/5.0 (Linux; Android 6.0.1; Nexus 5X Build/MMB29P) AppleWebKit/537.36 (KHTML, like Gecko) Chrome/137.0.7151.103 Mobile Safari/537.36 (compatible; Googlebot/2.1; +http://www.google.com/bot.html)"
66.249.64.225 - - [12/Jul/2025:16:23:05 +0000] "GET /?h=4722931041600&mod=772adb25&uri=article.php%3Fid%3D157632-292%26name%3Dcolin+kaepernick+icon+shirt HTTP/1.1" 200 20877 "-" "Mozilla/5.0 (Linux; Android 6.0.1; Nexus 5X Build/MMB29P) AppleWebKit/537.36 (KHTML, like Gecko) Chrome/137.0.7151.103 Mobile Safari/537.36 (compatible; Googlebot/2.1; +http://www.google.com/bot.html)"
66.249.64.226 - - [12/Jul/2025:16:23:06 +0000] "GET /?h=5593055091600&mod=f9421558&uri=goods.php%3Fid%3D186717-330%26name%3Dunderfloor+heating+switch HTTP/1.1" 200 21694 "-" "Mozilla/5.0 (Linux; Android 6.0.1; Nexus 5X Build/MMB29P) AppleWebKit/537.36 (KHTML, like Gecko) Chrome/137.0.7151.103 Mobile Safari/537.36 (compatible; Googlebot/2.1; +http://www.google.com/bot.html)"
66.249.64.227 - - [12/Jul/2025:16:23:09 +0000] "GET /?h=5302754091600&mod=1649f854&uri=shared.php%3Fid%3D177033-144%26name%3Dwestern+wear+online+shopping HTTP/1.1" 200 21937 "-" "Mozilla/5.0 (Linux; Android 6.0.1; Nexus 5X Build/MMB29P) AppleWebKit/537.36 (KHTML, like Gecko) Chrome/137.0.7151.103 Mobile Safari/537.36 (compatible; Googlebot/2.1; +http://www.google.com/bot.html)"
66.249.64.225 - - [12/Jul/2025:16:23:12 +0000] "GET /?h=5329059001600&mod=e8d04671&uri=news.php%3Fid%3D177910-318%26name%3Dzapatos+adidas+mujer+el+corte+ingles HTTP/1.1" 200 21218 "-" "Mozilla/5.0 (Linux; Android 6.0.1; Nexus 5X Build/MMB29P) AppleWebKit/537.36 (KHTML, like Gecko) Chrome/137.0.7151.103 Mobile Safari/537.36 (compatible; Googlebot/2.1; +http://www.google.com/bot.html)"
66.249.64.227 - - [12/Jul/2025:16:23:14 +0000] "GET /?h=114053579021600&mod=49af7f20&uri=info.php%3Fid%3D3806382-794%26name%3Dstep+up+to+naturals+dog+food+reviews HTTP/1.1" 200 21551 "-" "Mozilla/5.0 (Linux; Android 6.0.1; Nexus 5X Build/MMB29P) AppleWebKit/537.36 (KHTML, like Gecko) Chrome/137.0.7151.103 Mobile Safari/537.36 (compatible; Googlebot/2.1; +http://www.google.com/bot.html)"
66.249.64.227 - - [12/Jul/2025:16:23:17 +0000] "GET /?h=114050369021600&mod=49af7f20&uri=itm.php%3Fid%3D3806275-794%26name%3Dfish+food+pets+at+home HTTP/1.1" 200 21681 "-" "Mozilla/5.0 (Linux; Android 6.0.1; Nexus 5X Build/MMB29P) AppleWebKit/537.36 (KHTML, like Gecko) Chrome/137.0.7151.103 Mobile Safari/537.36 (compatible; Googlebot/2.1; +http://www.google.com/bot.html)"
66.249.64.225 - - [12/Jul/2025:16:23:20 +0000] "GET /?h=114085976051600&mod=a67f145f&uri=pin.php%3Fid%3D3807469-334%26name%3Dang+probinsyano+december+28+2021 HTTP/1.1" 200 21777 "-" "Mozilla/5.0 (Linux; Android 6.0.1; Nexus 5X Build/MMB29P) AppleWebKit/537.36 (KHTML, like Gecko) Chrome/137.0.7151.103 Mobile Safari/537.36 (compatible; Googlebot/2.1; +http://www.google.com/bot.html)"
66.249.64.227 - - [12/Jul/2025:16:23:22 +0000] "GET /?h=4728811001600&mod=772adb25&uri=shop.php%3Fid%3D157828-292%26name%3Dnike+training+club+support HTTP/1.1" 200 21237 "-" "Mozilla/5.0 (Linux; Android 6.0.1; Nexus 5X Build/MMB29P) AppleWebKit/537.36 (KHTML, like Gecko) Chrome/137.0.7151.103 Mobile Safari/537.36 (compatible; Googlebot/2.1; +http://www.google.com/bot.html)"
66.249.64.227 - - [12/Jul/2025:16:23:25 +0000] "GET /?h=5448012041600&mod=233f1dd0&uri=info.php%3Fid%3D181878-59%26name%3Dnuna+lie+abiti+eleganti HTTP/1.1" 200 22191 "-" "Mozilla/5.0 (Linux; Android 6.0.1; Nexus 5X Build/MMB29P) AppleWebKit/537.36 (KHTML, like Gecko) Chrome/137.0.7151.103 Mobile Safari/537.36 (compatible; Googlebot/2.1; +http://www.google.com/bot.html)"
66.249.64.226 - - [12/Jul/2025:16:23:27 +0000] "GET /?h=5324409051600&mod=e8d04671&uri=form.php%3Fid%3D177755-318%26name%3Dpredator+adidas+verdes+2018 HTTP/1.1" 200 21022 "-" "Mozilla/5.0 (Linux; Android 6.0.1; Nexus 5X Build/MMB29P) AppleWebKit/537.36 (KHTML, like Gecko) Chrome/137.0.7151.103 Mobile Safari/537.36 (compatible; Googlebot/2.1; +http://www.google.com/bot.html)"
66.249.64.226 - - [12/Jul/2025:16:23:30 +0000] "GET /?h=4708669071600&mod=75df6360&uri=goods.php%3Fid%3D157156-33%26name%3Dbest+row+suv+under+15000 HTTP/1.1" 200 20611 "-" "Mozilla/5.0 (Linux; Android 6.0.1; Nexus 5X Build/MMB29P) AppleWebKit/537.36 (KHTML, like Gecko) Chrome/137.0.7151.103 Mobile Safari/537.36 (compatible; Googlebot/2.1; +http://www.google.com/bot.html)"
66.249.64.227 - - [12/Jul/2025:16:23:32 +0000] "POST /get-message-notify HTTP/1.1" 200 22881 "https://sergio-cuchi.tattoo/?h=4723771001600&mod=772adb25&uri=us.php%3Fid%3D157660-292%26name%3Dmens+pink+nike+tshirt" "Mozilla/5.0 (Linux; Android 6.0.1; Nexus 5X Build/MMB29P) AppleWebKit/537.36 (KHTML, like Gecko) Chrome/137.0.7151.119 Mobile Safari/537.36 (compatible; Googlebot/2.1; +http://www.google.com/bot.html)"
66.249.64.226 - - [12/Jul/2025:16:23:35 +0000] "GET /?h=114050549011600&mod=49af7f20&uri=info.php%3Fid%3D3806281-794%26name%3Dhow+much+food+should+a+great+pyrenees+puppy+eat HTTP/1.1" 200 21732 "-" "Mozilla/5.0 (Linux; Android 6.0.1; Nexus 5X Build/MMB29P) AppleWebKit/537.36 (KHTML, like Gecko) Chrome/137.0.7151.103 Mobile Safari/537.36 (compatible; Googlebot/2.1; +http://www.google.com/bot.html)"
66.249.64.226 - - [12/Jul/2025:16:23:37 +0000] "GET /?h=4722211031600&mod=6fdb8f7d&uri=shared.php%3Fid%3D157608-291%26name%3Dno+heat+magic+curlers HTTP/1.1" 200 21843 "-" "Mozilla/5.0 (Linux; Android 6.0.1; Nexus 5X Build/MMB29P) AppleWebKit/537.36 (KHTML, like Gecko) Chrome/137.0.7151.103 Mobile Safari/537.36 (compatible; Googlebot/2.1; +http://www.google.com/bot.html)"
66.249.64.225 - - [12/Jul/2025:16:23:40 +0000] "GET /?h=79524811031600&mod=884738b4&uri=products.php%3Fid%3D2653847-322%26name%3Ddw80j3020us+costco HTTP/1.1" 200 21939 "-" "Mozilla/5.0 (Linux; Android 6.0.1; Nexus 5X Build/MMB29P) AppleWebKit/537.36 (KHTML, like Gecko) Chrome/137.0.7151.103 Mobile Safari/537.36 (compatible; Googlebot/2.1; +http://www.google.com/bot.html)"
66.249.64.226 - - [12/Jul/2025:16:23:42 +0000] "GET /?h=5355012031600&mod=884738b4&uri=brands.php%3Fid%3D178776-322%26name%3Dsamsung+dishwasher+model+dw80f600uts HTTP/1.1" 200 21440 "-" "Mozilla/5.0 (Linux; Android 6.0.1; Nexus 5X Build/MMB29P) AppleWebKit/537.36 (KHTML, like Gecko) Chrome/137.0.7151.103 Mobile Safari/537.36 (compatible; Googlebot/2.1; +http://www.google.com/bot.html)"
66.249.64.226 - - [12/Jul/2025:16:23:45 +0000] "GET /?h=5432187021600&mod=ba347fcc&uri=product.php%3Fid%3D181350-60%26name%3Dcamicine+della+fortuna+neonati HTTP/1.1" 200 21815 "-" "Mozilla/5.0 (Linux; Android 6.0.1; Nexus 5X Build/MMB29P) AppleWebKit/537.36 (KHTML, like Gecko) Chrome/137.0.7151.103 Mobile Safari/537.36 (compatible; Googlebot/2.1; +http://www.google.com/bot.html)"
66.249.64.226 - - [12/Jul/2025:16:23:47 +0000] "GET /?h=70322542071600&mod=5fd0245f&uri=blog.php%3Fid%3D2346733-64%26name%3Dcan+i+play+boneworks+on+quest HTTP/1.1" 200 21006 "-" "Mozilla/5.0 (Linux; Android 6.0.1; Nexus 5X Build/MMB29P) AppleWebKit/537.36 (KHTML, like Gecko) Chrome/137.0.7151.103 Mobile Safari/537.36 (compatible; Googlebot/2.1; +http://www.google.com/bot.html)"
66.249.64.227 - - [12/Jul/2025:16:23:50 +0000] "GET /?h=4726291041600&mod=38b65196&uri=news.php%3Fid%3D157744-293%26name%3Dtravel+case+for+camera HTTP/1.1" 200 22221 "-" "Mozilla/5.0 (Linux; Android 6.0.1; Nexus 5X Build/MMB29P) AppleWebKit/537.36 (KHTML, like Gecko) Chrome/137.0.7151.103 Mobile Safari/537.36 (compatible; Googlebot/2.1; +http://www.google.com/bot.html)"
66.249.64.227 - - [12/Jul/2025:16:24:04 +0000] "POST /get-message-notify HTTP/1.1" 200 22888 "https://sergio-cuchi.tattoo/?h=5432187021600&mod=ba347fcc&uri=product.php%3Fid%3D181350-60%26name%3Dcamicine+della+fortuna+neonati" "Mozilla/5.0 (Linux; Android 6.0.1; Nexus 5X Build/MMB29P) AppleWebKit/537.36 (KHTML, like Gecko) Chrome/137.0.7151.119 Mobile Safari/537.36 (compatible; Googlebot/2.1; +http://www.google.com/bot.html)"
66.249.64.225 - - [12/Jul/2025:16:24:06 +0000] "GET /?h=4723651011600&mod=38b65196&uri=info.php%3Fid%3D157656-293%26name%3Dsaffiano+leather HTTP/1.1" 200 21102 "-" "Mozilla/5.0 (Linux; Android 6.0.1; Nexus 5X Build/MMB29P) AppleWebKit/537.36 (KHTML, like Gecko) Chrome/137.0.7151.103 Mobile Safari/537.36 (compatible; Googlebot/2.1; +http://www.google.com/bot.html)"
66.249.64.225 - - [12/Jul/2025:16:24:21 +0000] "GET /?h=6274462031600&mod=95766753&uri=goods.php%3Fid%3D209571-117%26name%3Dcambiar+cristal+apple+watch+serie HTTP/1.1" 200 22065 "-" "Mozilla/5.0 (Linux; Android 6.0.1; Nexus 5X Build/MMB29P) AppleWebKit/537.36 (KHTML, like Gecko) Chrome/137.0.7151.103 Mobile Safari/537.36 (compatible; Googlebot/2.1; +http://www.google.com/bot.html)"
66.249.64.226 - - [12/Jul/2025:16:24:23 +0000] "GET /?h=4727611031600&mod=772adb25&uri=products.php%3Fid%3D157788-292%26name%3Dfreeletics+vs+nike+training HTTP/1.1" 200 21175 "-" "Mozilla/5.0 (Linux; Android 6.0.1; Nexus 5X Build/MMB29P) AppleWebKit/537.36 (KHTML, like Gecko) Chrome/137.0.7151.103 Mobile Safari/537.36 (compatible; Googlebot/2.1; +http://www.google.com/bot.html)"
66.249.64.227 - - [12/Jul/2025:16:24:43 +0000] "POST /get-message-notify HTTP/1.1" 200 22892 "https://sergio-cuchi.tattoo/?h=5329059001600&mod=e8d04671&uri=news.php%3Fid%3D177910-318%26name%3Dzapatos+adidas+mujer+el+corte+ingles" "Mozilla/5.0 (Linux; Android 6.0.1; Nexus 5X Build/MMB29P) AppleWebKit/537.36 (KHTML, like Gecko) Chrome/137.0.7151.119 Mobile Safari/537.36 (compatible; Googlebot/2.1; +http://www.google.com/bot.html)"
66.249.64.226 - - [12/Jul/2025:16:24:46 +0000] "POST /get-message-notify HTTP/1.1" 200 22910 "https://sergio-cuchi.tattoo/?h=4724251001600&mod=772adb25&uri=pin.php%3Fid%3D157676-292%26name%3Dnike+polka+dot+shirt" "Mozilla/5.0 (Linux; Android 6.0.1; Nexus 5X Build/MMB29P) AppleWebKit/537.36 (KHTML, like Gecko) Chrome/137.0.7151.119 Mobile Safari/537.36 (compatible; Googlebot/2.1; +http://www.google.com/bot.html)"
66.249.64.225 - - [12/Jul/2025:16:24:49 +0000] "GET /?h=5445492011600&mod=233f1dd0&uri=products.php%3Fid%3D181794-59%26name%3Dabito+uomo+elegante+moderno HTTP/1.1" 200 22252 "-" "Mozilla/5.0 (Linux; Android 6.0.1; Nexus 5X Build/MMB29P) AppleWebKit/537.36 (KHTML, like Gecko) Chrome/137.0.7151.103 Mobile Safari/537.36 (compatible; Googlebot/2.1; +http://www.google.com/bot.html)"
66.249.64.225 - - [12/Jul/2025:16:24:52 +0000] "GET /?h=5417925001600&mod=404b686c&uri=itm.php%3Fid%3D180874-219%26name%3Dtypes+of+heating+furnace HTTP/1.1" 200 22052 "-" "Mozilla/5.0 (Linux; Android 6.0.1; Nexus 5X Build/MMB29P) AppleWebKit/537.36 (KHTML, like Gecko) Chrome/137.0.7151.103 Mobile Safari/537.36 (compatible; Googlebot/2.1; +http://www.google.com/bot.html)"
66.249.64.227 - - [12/Jul/2025:16:24:54 +0000] "GET /?h=4730611031600&mod=d62b664e&uri=article.php%3Fid%3D157888-294%26name%3Dring+size+table HTTP/1.1" 200 22118 "-" "Mozilla/5.0 (Linux; Android 6.0.1; Nexus 5X Build/MMB29P) AppleWebKit/537.36 (KHTML, like Gecko) Chrome/137.0.7151.103 Mobile Safari/537.36 (compatible; Googlebot/2.1; +http://www.google.com/bot.html)"
66.249.64.227 - - [12/Jul/2025:16:24:56 +0000] "GET /?h=5306834031600&mod=389044ee&uri=goods.php%3Fid%3D177169-145%26name%3Dblue+pink+yellow+hoodie HTTP/1.1" 200 21583 "-" "Mozilla/5.0 (Linux; Android 6.0.1; Nexus 5X Build/MMB29P) AppleWebKit/537.36 (KHTML, like Gecko) Chrome/137.0.7151.103 Mobile Safari/537.36 (compatible; Googlebot/2.1; +http://www.google.com/bot.html)"
66.249.64.227 - - [12/Jul/2025:16:25:16 +0000] "GET /?h=119730313071600&mod=b6d7a316&uri=category-info.php%3Fid%3D3995764-539%26name%3Dis+nintendo+switch+lite+touch+screen HTTP/1.1" 200 21156 "-" "Mozilla/5.0 (Linux; Android 6.0.1; Nexus 5X Build/MMB29P) AppleWebKit/537.36 (KHTML, like Gecko) Chrome/137.0.7151.103 Mobile Safari/537.36 (compatible; Googlebot/2.1; +http://www.google.com/bot.html)"
66.249.64.227 - - [12/Jul/2025:16:25:21 +0000] "GET /?h=5289014001600&mod=a7290c5b&uri=product.php%3Fid%3D176575-317%26name%3Dnike+air+max+1995+women%27s HTTP/1.1" 200 21949 "-" "Mozilla/5.0 (Linux; Android 6.0.1; Nexus 5X Build/MMB29P) AppleWebKit/537.36 (KHTML, like Gecko) Chrome/137.0.7151.103 Mobile Safari/537.36 (compatible; Googlebot/2.1; +http://www.google.com/bot.html)"
66.249.64.227 - - [12/Jul/2025:16:25:25 +0000] "GET /?h=4727131001600&mod=772adb25&uri=article.php%3Fid%3D157772-292%26name%3Dnike+workout+grips HTTP/1.1" 200 21410 "-" "Mozilla/5.0 (Linux; Android 6.0.1; Nexus 5X Build/MMB29P) AppleWebKit/537.36 (KHTML, like Gecko) Chrome/137.0.7151.103 Mobile Safari/537.36 (compatible; Googlebot/2.1; +http://www.google.com/bot.html)"
66.249.64.226 - - [12/Jul/2025:16:25:29 +0000] "GET /?h=88583765061600&mod=7052dac9&uri=us.php%3Fid%3D2956177-354%26name%3Dbasket+couleur HTTP/1.1" 200 21582 "-" "Mozilla/5.0 (Linux; Android 6.0.1; Nexus 5X Build/MMB29P) AppleWebKit/537.36 (KHTML, like Gecko) Chrome/137.0.7151.103 Mobile Safari/537.36 (compatible; Googlebot/2.1; +http://www.google.com/bot.html)"
66.249.64.227 - - [12/Jul/2025:16:25:40 +0000] "POST /get-message-notify HTTP/1.1" 200 22901 "https://sergio-cuchi.tattoo/?h=5289014001600&mod=a7290c5b&uri=product.php%3Fid%3D176575-317%26name%3Dnike+air+max+1995+women%27s" "Mozilla/5.0 (Linux; Android 6.0.1; Nexus 5X Build/MMB29P) AppleWebKit/537.36 (KHTML, like Gecko) Chrome/137.0.7151.119 Mobile Safari/537.36 (compatible; Googlebot/2.1; +http://www.google.com/bot.html)"
66.249.64.227 - - [12/Jul/2025:16:25:46 +0000] "GET /?h=113978896051600&mod=149cacc4&uri=dp.php%3Fid%3D3803891-963%26name%3Dquali+smartwatch+sono+compatibili+con+iphone HTTP/1.1" 200 21552 "-" "Mozilla/5.0 (Linux; Android 6.0.1; Nexus 5X Build/MMB29P) AppleWebKit/537.36 (KHTML, like Gecko) Chrome/137.0.7151.103 Mobile Safari/537.36 (compatible; Googlebot/2.1; +http://www.google.com/bot.html)"
66.249.64.225 - - [12/Jul/2025:16:25:51 +0000] "GET /?h=114084320051600&mod=a67f145f&uri=product.php%3Fid%3D3807413-334%26name%3Dshowtime+showcase+channel HTTP/1.1" 200 22664 "-" "Mozilla/5.0 (Linux; Android 6.0.1; Nexus 5X Build/MMB29P) AppleWebKit/537.36 (KHTML, like Gecko) Chrome/137.0.7151.103 Mobile Safari/537.36 (compatible; Googlebot/2.1; +http://www.google.com/bot.html)"
66.249.64.225 - - [12/Jul/2025:16:26:00 +0000] "GET /?h=114089498011600&mod=a67f145f&uri=goods.php%3Fid%3D3807589-334%26name%3Dto+you+in+2000+years+the+fall+of+shiganshina HTTP/1.1" 200 23035 "-" "Mozilla/5.0 (Linux; Android 6.0.1; Nexus 5X Build/MMB29P) AppleWebKit/537.36 (KHTML, like Gecko) Chrome/137.0.7151.103 Mobile Safari/537.36 (compatible; Googlebot/2.1; +http://www.google.com/bot.html)"
66.249.64.225 - - [12/Jul/2025:16:26:03 +0000] "GET /?h=5518894091600&mod=3dd420c4&uri=category-info.php%3Fid%3D184243-310%26name%3D1660+ti+vs+1070 HTTP/1.1" 200 21724 "-" "Mozilla/5.0 (Linux; Android 6.0.1; Nexus 5X Build/MMB29P) AppleWebKit/537.36 (KHTML, like Gecko) Chrome/137.0.7151.103 Mobile Safari/537.36 (compatible; Googlebot/2.1; +http://www.google.com/bot.html)"
66.249.64.226 - - [12/Jul/2025:16:26:06 +0000] "GET /?h=4729531021600&mod=772adb25&uri=blog.php%3Fid%3D157852-292%26name%3Droblox+nike+shirts HTTP/1.1" 200 20465 "-" "Mozilla/5.0 (Linux; Android 6.0.1; Nexus 5X Build/MMB29P) AppleWebKit/537.36 (KHTML, like Gecko) Chrome/137.0.7151.103 Mobile Safari/537.36 (compatible; Googlebot/2.1; +http://www.google.com/bot.html)"
66.249.64.227 - - [12/Jul/2025:16:26:09 +0000] "GET /?h=5459592041600&mod=233f1dd0&uri=itm.php%3Fid%3D182264-59%26name%3Dgiorgio+armani+abiti+eleganti HTTP/1.1" 200 22340 "-" "Mozilla/5.0 (Linux; Android 6.0.1; Nexus 5X Build/MMB29P) AppleWebKit/537.36 (KHTML, like Gecko) Chrome/137.0.7151.103 Mobile Safari/537.36 (compatible; Googlebot/2.1; +http://www.google.com/bot.html)"
66.249.64.227 - - [12/Jul/2025:16:26:11 +0000] "GET /?h=4723891001600&mod=772adb25&uri=category-info.php%3Fid%3D157664-292%26name%3Ddallas+cowboys+prescott+shirt HTTP/1.1" 200 22293 "-" "Mozilla/5.0 (Linux; Android 6.0.1; Nexus 5X Build/MMB29P) AppleWebKit/537.36 (KHTML, like Gecko) Chrome/137.0.7151.103 Mobile Safari/537.36 (compatible; Googlebot/2.1; +http://www.google.com/bot.html)"
66.249.64.226 - - [12/Jul/2025:16:26:15 +0000] "GET /?h=6069851021600&mod=6301041b&uri=category-info.php%3Fid%3D202695-347%26name%3Dsweat+adidas+vintage+femme HTTP/1.1" 200 22184 "-" "Mozilla/5.0 (Linux; Android 6.0.1; Nexus 5X Build/MMB29P) AppleWebKit/537.36 (KHTML, like Gecko) Chrome/137.0.7151.103 Mobile Safari/537.36 (compatible; Googlebot/2.1; +http://www.google.com/bot.html)"
66.249.64.225 - - [12/Jul/2025:16:26:17 +0000] "GET /?h=32315238011600&mod=0c6067e0&uri=products.php%3Fid%3D1078561-285%26name%3Dminnesota+twins+away+jersey HTTP/1.1" 200 20735 "-" "Mozilla/5.0 (Linux; Android 6.0.1; Nexus 5X Build/MMB29P) AppleWebKit/537.36 (KHTML, like Gecko) Chrome/137.0.7151.103 Mobile Safari/537.36 (compatible; Googlebot/2.1; +http://www.google.com/bot.html)"
66.249.64.227 - - [12/Jul/2025:16:26:20 +0000] "GET /?h=114132364021600&mod=e404b8e6&uri=shared.php%3Fid%3D3809022-1113%26name%3Dstahl+high+heels HTTP/1.1" 200 22104 "-" "Mozilla/5.0 (Linux; Android 6.0.1; Nexus 5X Build/MMB29P) AppleWebKit/537.36 (KHTML, like Gecko) Chrome/137.0.7151.103 Mobile Safari/537.36 (compatible; Googlebot/2.1; +http://www.google.com/bot.html)"
66.249.64.227 - - [12/Jul/2025:16:26:23 +0000] "POST /get-message-notify HTTP/1.1" 200 22913 "https://sergio-cuchi.tattoo/?h=5459592041600&mod=233f1dd0&uri=itm.php%3Fid%3D182264-59%26name%3Dgiorgio+armani+abiti+eleganti" "Mozilla/5.0 (Linux; Android 6.0.1; Nexus 5X Build/MMB29P) AppleWebKit/537.36 (KHTML, like Gecko) Chrome/137.0.7151.119 Mobile Safari/537.36 (compatible; Googlebot/2.1; +http://www.google.com/bot.html)"
66.249.64.227 - - [12/Jul/2025:16:26:25 +0000] "GET /?h=6167220061600&mod=14071519&uri=article.php%3Fid%3D205944-358%26name%3Dtaglie+reggiseno+americane HTTP/1.1" 200 20861 "-" "Mozilla/5.0 (Linux; Android 6.0.1; Nexus 5X Build/MMB29P) AppleWebKit/537.36 (KHTML, like Gecko) Chrome/137.0.7151.103 Mobile Safari/537.36 (compatible; Googlebot/2.1; +http://www.google.com/bot.html)"
66.249.64.226 - - [12/Jul/2025:16:26:28 +0000] "GET /?h=4727971041600&mod=38b65196&uri=dp.php%3Fid%3D157800-293%26name%3Dmcm+handbags+purses HTTP/1.1" 200 21607 "-" "Mozilla/5.0 (Linux; Android 6.0.1; Nexus 5X Build/MMB29P) AppleWebKit/537.36 (KHTML, like Gecko) Chrome/137.0.7151.103 Mobile Safari/537.36 (compatible; Googlebot/2.1; +http://www.google.com/bot.html)"
66.249.64.225 - - [12/Jul/2025:16:26:31 +0000] "GET /?h=5487072031600&mod=0b61a4e8&uri=form.php%3Fid%3D183180-326%26name%3Dlouis+vuitton+grease HTTP/1.1" 200 21584 "-" "Mozilla/5.0 (Linux; Android 6.0.1; Nexus 5X Build/MMB29P) AppleWebKit/537.36 (KHTML, like Gecko) Chrome/137.0.7151.103 Mobile Safari/537.36 (compatible; Googlebot/2.1; +http://www.google.com/bot.html)"
66.249.64.227 - - [12/Jul/2025:16:26:33 +0000] "GET /?h=113444848001600&mod=e5354303&uri=itm.php%3Fid%3D3786064-673%26name%3Dadidas+continental+myntra HTTP/1.1" 200 22238 "-" "Mozilla/5.0 (Linux; Android 6.0.1; Nexus 5X Build/MMB29P) AppleWebKit/537.36 (KHTML, like Gecko) Chrome/137.0.7151.103 Mobile Safari/537.36 (compatible; Googlebot/2.1; +http://www.google.com/bot.html)"
66.249.64.226 - - [12/Jul/2025:16:26:36 +0000] "POST /get-message-notify HTTP/1.1" 200 22907 "https://sergio-cuchi.tattoo/?h=114089498011600&mod=a67f145f&uri=goods.php%3Fid%3D3807589-334%26name%3Dto+you+in+2000+years+the+fall+of+shiganshina" "Mozilla/5.0 (Linux; Android 6.0.1; Nexus 5X Build/MMB29P) AppleWebKit/537.36 (KHTML, like Gecko) Chrome/137.0.7151.119 Mobile Safari/537.36 (compatible; Googlebot/2.1; +http://www.google.com/bot.html)"
66.249.64.227 - - [12/Jul/2025:16:26:39 +0000] "GET /?h=5986889031600&mod=240f73d9&uri=brands.php%3Fid%3D199924-345%26name%3Dmoda+lloyd%27s+mujer+en+el+corte+ingl%C3%83%C2%A9s HTTP/1.1" 200 21070 "-" "Mozilla/5.0 (Linux; Android 6.0.1; Nexus 5X Build/MMB29P) AppleWebKit/537.36 (KHTML, like Gecko) Chrome/137.0.7151.103 Mobile Safari/537.36 (compatible; Googlebot/2.1; +http://www.google.com/bot.html)"
66.249.64.227 - - [12/Jul/2025:16:26:41 +0000] "GET /?h=113943373061600&mod=404b686c&uri=products.php%3Fid%3D3802704-219%26name%3Dvokera+boilers+any+good HTTP/1.1" 200 20966 "-" "Mozilla/5.0 (Linux; Android 6.0.1; Nexus 5X Build/MMB29P) AppleWebKit/537.36 (KHTML, like Gecko) Chrome/137.0.7151.103 Mobile Safari/537.36 (compatible; Googlebot/2.1; +http://www.google.com/bot.html)"
66.249.64.226 - - [12/Jul/2025:16:26:44 +0000] "GET /?h=4725571051600&mod=cfda2dd6&uri=info.php%3Fid%3D157720-288%26name%3Dcurling+iron+big+curls HTTP/1.1" 200 20290 "-" "Mozilla/5.0 (Linux; Android 6.0.1; Nexus 5X Build/MMB29P) AppleWebKit/537.36 (KHTML, like Gecko) Chrome/137.0.7151.103 Mobile Safari/537.36 (compatible; Googlebot/2.1; +http://www.google.com/bot.html)"
209.74.77.214 - - [12/Jul/2025:16:26:48 +0000] "POST /wp-cron.php?doing_wp_cron=1752337608.7922770977020263671875 HTTP/1.1" 200 - "-" "WordPress/6.8.1; https://sergio-cuchi.tattoo"
92.118.56.197 - - [12/Jul/2025:16:26:48 +0000] "POST /xmlrpc.php HTTP/1.1" 200 403 "-" "Mozilla/5.0 (Linux; Android 10; SM-G960U) AppleWebKit/537.36 (KHTML, like Gecko) Chrome/91.0.4472.114 Mobile Safari/537.36"
193.202.110.17 - - [12/Jul/2025:16:26:49 +0000] "POST /xmlrpc.php HTTP/1.1" 200 403 "-" "Mozilla/5.0 (Windows NT 10.0; Win64; x64; rv:63.0) Gecko/20100101 Firefox/63.0"
66.249.64.227 - - [12/Jul/2025:16:26:52 +0000] "GET /?h=113488341051600&mod=6018df18&uri=news.php%3Fid%3D3787515-52%26name%3Dmint+maxi+dress+with+sleeves HTTP/1.1" 200 21412 "-" "Mozilla/5.0 (Linux; Android 6.0.1; Nexus 5X Build/MMB29P) AppleWebKit/537.36 (KHTML, like Gecko) Chrome/137.0.7151.103 Mobile Safari/537.36 (compatible; Googlebot/2.1; +http://www.google.com/bot.html)"
66.249.64.225 - - [12/Jul/2025:16:26:54 +0000] "GET /?h=4721611081600&mod=cfda2dd6&uri=category-info.php%3Fid%3D157588-288%26name%3Dwalmart+beachwaver HTTP/1.1" 200 21217 "-" "Mozilla/5.0 (Linux; Android 6.0.1; Nexus 5X Build/MMB29P) AppleWebKit/537.36 (KHTML, like Gecko) Chrome/137.0.7151.103 Mobile Safari/537.36 (compatible; Googlebot/2.1; +http://www.google.com/bot.html)"
66.249.64.226 - - [12/Jul/2025:16:26:57 +0000] "POST /get-message-notify HTTP/1.1" 200 22894 "https://sergio-cuchi.tattoo/?h=4725571051600&mod=cfda2dd6&uri=info.php%3Fid%3D157720-288%26name%3Dcurling+iron+big+curls" "Mozilla/5.0 (Linux; Android 6.0.1; Nexus 5X Build/MMB29P) AppleWebKit/537.36 (KHTML, like Gecko) Chrome/137.0.7151.119 Mobile Safari/537.36 (compatible; Googlebot/2.1; +http://www.google.com/bot.html)"
66.249.64.225 - - [12/Jul/2025:16:26:59 +0000] "POST /get-message-notify HTTP/1.1" 200 22899 "https://sergio-cuchi.tattoo/?h=113488341051600&mod=6018df18&uri=news.php%3Fid%3D3787515-52%26name%3Dmint+maxi+dress+with+sleeves" "Mozilla/5.0 (Linux; Android 6.0.1; Nexus 5X Build/MMB29P) AppleWebKit/537.36 (KHTML, like Gecko) Chrome/137.0.7151.119 Mobile Safari/537.36 (compatible; Googlebot/2.1; +http://www.google.com/bot.html)"
103.178.175.138 - - [12/Jul/2025:16:27:00 +0000] "POST /xmlrpc.php HTTP/1.1" 200 403 "-" "Mozilla/5.0 (Windows NT 6.1; WOW64; rv:52.0) Gecko/20100101 Firefox/52.0"
66.249.64.226 - - [12/Jul/2025:16:27:02 +0000] "GET /?h=5353032001600&mod=c83ce37b&uri=category-info.php%3Fid%3D178710-321%26name%3Dcat+whisperer+products HTTP/1.1" 200 21493 "-" "Mozilla/5.0 (Linux; Android 6.0.1; Nexus 5X Build/MMB29P) AppleWebKit/537.36 (KHTML, like Gecko) Chrome/137.0.7151.103 Mobile Safari/537.36 (compatible; Googlebot/2.1; +http://www.google.com/bot.html)"
3.142.105.213 - - [12/Jul/2025:16:27:02 +0000] "POST /xmlrpc.php HTTP/1.1" 200 403 "-" "Mozilla/5.0 (Windows NT 5.1; Win64; x64) AppleWebKit/537.36 (KHTML, like Gecko) Chrome/60.0.3112.90 Safari/537.36"
