66.249.64.225 - - [12/Jul/2025:14:35:42 +0000] "GET /?h=5455152021600&mod=233f1dd0&uri=products.php%3Fid%3D182116-59%26name%3Dvestito+grigio+elegante+uomo HTTP/1.1" 200 21568 "-" "Mozilla/5.0 (Linux; Android 6.0.1; Nexus 5X Build/MMB29P) AppleWebKit/537.36 (KHTML, like Gecko) Chrome/137.0.7151.103 Mobile Safari/537.36 (compatible; Googlebot/2.1; +http://www.google.com/bot.html)"
66.249.64.225 - - [12/Jul/2025:14:35:44 +0000] "GET /?h=4690729021600&mod=1f00a892&uri=brands.php%3Fid%3D156558-287%26name%3Dpentax+espio+80 HTTP/1.1" 200 20863 "-" "Mozilla/5.0 (Linux; Android 6.0.1; Nexus 5X Build/MMB29P) AppleWebKit/537.36 (KHTML, like Gecko) Chrome/137.0.7151.103 Mobile Safari/537.36 (compatible; Googlebot/2.1; +http://www.google.com/bot.html)"
66.249.64.227 - - [12/Jul/2025:14:35:47 +0000] "POST /get-message-notify HTTP/1.1" 200 22898 "https://sergio-cuchi.tattoo/?h=97420223031600&mod=22bb543b&uri=brands.php%3Fid%3D3251135-88%26name%3Dhomech+pool" "Mozilla/5.0 (Linux; Android 6.0.1; Nexus 5X Build/MMB29P) AppleWebKit/537.36 (KHTML, like Gecko) Chrome/137.0.7151.119 Mobile Safari/537.36 (compatible; Googlebot/2.1; +http://www.google.com/bot.html)"
66.249.64.227 - - [12/Jul/2025:14:35:49 +0000] "GET /?h=4812509021600&mod=22bb543b&uri=form.php%3Fid%3D160622-88%26name%3Dclimbing+quickdraws+sale HTTP/1.1" 200 22161 "-" "Mozilla/5.0 (Linux; Android 6.0.1; Nexus 5X Build/MMB29P) AppleWebKit/537.36 (KHTML, like Gecko) Chrome/137.0.7151.103 Mobile Safari/537.36 (compatible; Googlebot/2.1; +http://www.google.com/bot.html)"
209.74.77.214 - - [12/Jul/2025:14:35:49 +0000] "POST /wp-cron.php?doing_wp_cron=1752330949.3696639537811279296875 HTTP/1.1" 200 - "-" "WordPress/6.8.1; https://sergio-cuchi.tattoo"
51.222.253.10 - - [12/Jul/2025:14:35:49 +0000] "GET /product-tag/rotary/feed/ HTTP/1.1" 304 - "-" "Mozilla/5.0 (compatible; AhrefsBot/7.0; +http://ahrefs.com/robot/)"
66.249.64.227 - - [12/Jul/2025:14:35:58 +0000] "POST /get-message-notify HTTP/1.1" 200 22899 "https://sergio-cuchi.tattoo/?h=4690729021600&mod=1f00a892&uri=brands.php%3Fid%3D156558-287%26name%3Dpentax+espio+80" "Mozilla/5.0 (Linux; Android 6.0.1; Nexus 5X Build/MMB29P) AppleWebKit/537.36 (KHTML, like Gecko) Chrome/137.0.7151.119 Mobile Safari/537.36 (compatible; Googlebot/2.1; +http://www.google.com/bot.html)"
66.249.64.227 - - [12/Jul/2025:14:36:01 +0000] "GET /?h=5456712001600&mod=233f1dd0&uri=product.php%3Fid%3D182168-59%26name%3Dgiacche+da+donna+eleganti HTTP/1.1" 200 22518 "-" "Mozilla/5.0 (Linux; Android 6.0.1; Nexus 5X Build/MMB29P) AppleWebKit/537.36 (KHTML, like Gecko) Chrome/137.0.7151.103 Mobile Safari/537.36 (compatible; Googlebot/2.1; +http://www.google.com/bot.html)"
66.249.64.227 - - [12/Jul/2025:14:36:02 +0000] "GET /?h=5439672001600&mod=233f1dd0&uri=category-info.php%3Fid%3D181600-59%26name%3Dabito+sirena+con+spacco HTTP/1.1" 200 22212 "-" "Mozilla/5.0 (Linux; Android 6.0.1; Nexus 5X Build/MMB29P) AppleWebKit/537.36 (KHTML, like Gecko) Chrome/137.0.7151.103 Mobile Safari/537.36 (compatible; Googlebot/2.1; +http://www.google.com/bot.html)"
66.249.64.227 - - [12/Jul/2025:14:36:05 +0000] "GET /?h=114822196041600&mod=22bb543b&uri=dp.php%3Fid%3D3832044-88%26name%3Dcolour+in+playhouse+lidl HTTP/1.1" 200 21550 "-" "Mozilla/5.0 (Linux; Android 6.0.1; Nexus 5X Build/MMB29P) AppleWebKit/537.36 (KHTML, like Gecko) Chrome/137.0.7151.103 Mobile Safari/537.36 (compatible; Googlebot/2.1; +http://www.google.com/bot.html)"
66.249.64.227 - - [12/Jul/2025:14:36:07 +0000] "GET /?h=4804066071600&mod=22bb543b&uri=us.php%3Fid%3D160339-88%26name%3Dargos+swingball+classic HTTP/1.1" 200 21362 "-" "Mozilla/5.0 (Linux; Android 6.0.1; Nexus 5X Build/MMB29P) AppleWebKit/537.36 (KHTML, like Gecko) Chrome/137.0.7151.103 Mobile Safari/537.36 (compatible; Googlebot/2.1; +http://www.google.com/bot.html)"
66.249.64.227 - - [12/Jul/2025:14:36:12 +0000] "GET /?h=86287568011600&mod=404b686c&uri=news.php%3Fid%3D2879549-219%26name%3Dsentinel+inhibitor HTTP/1.1" 200 22077 "-" "Mozilla/5.0 (Linux; Android 6.0.1; Nexus 5X Build/MMB29P) AppleWebKit/537.36 (KHTML, like Gecko) Chrome/137.0.7151.103 Mobile Safari/537.36 (compatible; Googlebot/2.1; +http://www.google.com/bot.html)"
66.249.64.227 - - [12/Jul/2025:14:36:17 +0000] "GET /?h=4804096011600&mod=22bb543b&uri=products.php%3Fid%3D160340-88%26name%3Dbig+mouth+unicorn HTTP/1.1" 200 21456 "-" "Mozilla/5.0 (Linux; Android 6.0.1; Nexus 5X Build/MMB29P) AppleWebKit/537.36 (KHTML, like Gecko) Chrome/137.0.7151.103 Mobile Safari/537.36 (compatible; Googlebot/2.1; +http://www.google.com/bot.html)"
66.249.64.225 - - [12/Jul/2025:14:36:37 +0000] "GET /?h=114814186051600&mod=22bb543b&uri=info.php%3Fid%3D3831777-88%26name%3Dfloor+wendy+house HTTP/1.1" 200 21674 "-" "Mozilla/5.0 (Linux; Android 6.0.1; Nexus 5X Build/MMB29P) AppleWebKit/537.36 (KHTML, like Gecko) Chrome/137.0.7151.103 Mobile Safari/537.36 (compatible; Googlebot/2.1; +http://www.google.com/bot.html)"
66.249.64.225 - - [12/Jul/2025:14:36:39 +0000] "GET /?h=112489129011600&mod=22bb543b&uri=product.php%3Fid%3D3754156-88%26name%3Dyard+play+equipment HTTP/1.1" 200 22598 "-" "Mozilla/5.0 (Linux; Android 6.0.1; Nexus 5X Build/MMB29P) AppleWebKit/537.36 (KHTML, like Gecko) Chrome/137.0.7151.103 Mobile Safari/537.36 (compatible; Googlebot/2.1; +http://www.google.com/bot.html)"
66.249.64.226 - - [12/Jul/2025:14:36:41 +0000] "GET /?h=4816709031600&mod=404b686c&uri=products.php%3Fid%3D160763-219%26name%3Dwhat+happens+if+you+overfill+a+boiler+with+water HTTP/1.1" 200 22896 "-" "Mozilla/5.0 (Linux; Android 6.0.1; Nexus 5X Build/MMB29P) AppleWebKit/537.36 (KHTML, like Gecko) Chrome/137.0.7151.103 Mobile Safari/537.36 (compatible; Googlebot/2.1; +http://www.google.com/bot.html)"
66.249.64.227 - - [12/Jul/2025:14:36:46 +0000] "GET /?h=4881177061600&mod=45af559f&uri=shop.php%3Fid%3D162956-298%26name%3Ddewsoft+soap+for+babies HTTP/1.1" 200 22019 "-" "Mozilla/5.0 (Linux; Android 6.0.1; Nexus 5X Build/MMB29P) AppleWebKit/537.36 (KHTML, like Gecko) Chrome/137.0.7151.103 Mobile Safari/537.36 (compatible; Googlebot/2.1; +http://www.google.com/bot.html)"
66.249.64.226 - - [12/Jul/2025:14:36:48 +0000] "GET /?h=5456292001600&mod=233f1dd0&uri=info.php%3Fid%3D182154-59%26name%3Dabiti+eleganti+zara+2021 HTTP/1.1" 200 22154 "-" "Mozilla/5.0 (Linux; Android 6.0.1; Nexus 5X Build/MMB29P) AppleWebKit/537.36 (KHTML, like Gecko) Chrome/137.0.7151.103 Mobile Safari/537.36 (compatible; Googlebot/2.1; +http://www.google.com/bot.html)"
66.249.64.225 - - [12/Jul/2025:14:36:51 +0000] "GET /?h=5591645011600&mod=f9421558&uri=itm.php%3Fid%3D186670-330%26name%3Dw2+wire+nest+e HTTP/1.1" 200 21418 "-" "Mozilla/5.0 (Linux; Android 6.0.1; Nexus 5X Build/MMB29P) AppleWebKit/537.36 (KHTML, like Gecko) Chrome/137.0.7151.103 Mobile Safari/537.36 (compatible; Googlebot/2.1; +http://www.google.com/bot.html)"
66.249.64.226 - - [12/Jul/2025:14:36:53 +0000] "GET /?h=5509984051600&mod=2e04188d&uri=itm.php%3Fid%3D183946-328%26name%3Dbisgaard+winterstiefel+rose HTTP/1.1" 200 21183 "-" "Mozilla/5.0 (Linux; Android 6.0.1; Nexus 5X Build/MMB29P) AppleWebKit/537.36 (KHTML, like Gecko) Chrome/137.0.7151.103 Mobile Safari/537.36 (compatible; Googlebot/2.1; +http://www.google.com/bot.html)"
66.249.64.225 - - [12/Jul/2025:14:36:56 +0000] "GET /?h=119658643001600&mod=b2669d63&uri=brands.php%3Fid%3D3993375-466%26name%3Dtahari+suede+booties HTTP/1.1" 200 21787 "-" "Mozilla/5.0 (Linux; Android 6.0.1; Nexus 5X Build/MMB29P) AppleWebKit/537.36 (KHTML, like Gecko) Chrome/137.0.7151.103 Mobile Safari/537.36 (compatible; Googlebot/2.1; +http://www.google.com/bot.html)"
66.249.64.225 - - [12/Jul/2025:14:36:58 +0000] "GET /?h=5456892001600&mod=ba347fcc&uri=us.php%3Fid%3D182174-60%26name%3Dvivienne+westwood+matrimonio HTTP/1.1" 200 22253 "-" "Mozilla/5.0 (Linux; Android 6.0.1; Nexus 5X Build/MMB29P) AppleWebKit/537.36 (KHTML, like Gecko) Chrome/137.0.7151.103 Mobile Safari/537.36 (compatible; Googlebot/2.1; +http://www.google.com/bot.html)"
66.249.64.227 - - [12/Jul/2025:14:37:00 +0000] "GET /?h=4841676001600&mod=3fcee1ea&uri=brands.php%3Fid%3D161609-296%26name%3Dq+kisi+ko+wafa+ke+badle HTTP/1.1" 200 22034 "-" "Mozilla/5.0 (Linux; Android 6.0.1; Nexus 5X Build/MMB29P) AppleWebKit/537.36 (KHTML, like Gecko) Chrome/137.0.7151.103 Mobile Safari/537.36 (compatible; Googlebot/2.1; +http://www.google.com/bot.html)"
66.249.64.225 - - [12/Jul/2025:14:37:05 +0000] "GET /?h=4881027011600&mod=5c4f80aa&uri=brands.php%3Fid%3D162951-297%26name%3Dchevys+room+and+groom HTTP/1.1" 200 22093 "-" "Mozilla/5.0 (Linux; Android 6.0.1; Nexus 5X Build/MMB29P) AppleWebKit/537.36 (KHTML, like Gecko) Chrome/137.0.7151.103 Mobile Safari/537.36 (compatible; Googlebot/2.1; +http://www.google.com/bot.html)"
66.249.64.226 - - [12/Jul/2025:14:37:08 +0000] "GET /?h=4829376011600&mod=404b686c&uri=dp.php%3Fid%3D161186-219%26name%3Dmini+split+ac+diy+installation HTTP/1.1" 200 22870 "-" "Mozilla/5.0 (Linux; Android 6.0.1; Nexus 5X Build/MMB29P) AppleWebKit/537.36 (KHTML, like Gecko) Chrome/137.0.7151.103 Mobile Safari/537.36 (compatible; Googlebot/2.1; +http://www.google.com/bot.html)"
66.249.64.226 - - [12/Jul/2025:14:37:10 +0000] "GET /?h=4820831011600&mod=404b686c&uri=products.php%3Fid%3D160901-219%26name%3Dboiler+filling+loop+tap+broken HTTP/1.1" 200 22411 "-" "Mozilla/5.0 (Linux; Android 6.0.1; Nexus 5X Build/MMB29P) AppleWebKit/537.36 (KHTML, like Gecko) Chrome/137.0.7151.103 Mobile Safari/537.36 (compatible; Googlebot/2.1; +http://www.google.com/bot.html)"
66.249.64.226 - - [12/Jul/2025:14:37:20 +0000] "GET /?h=5532124001600&mod=3dd420c4&uri=product.php%3Fid%3D184684-310%26name%3Dmsi+geforce+gtx+1660+super+gaming+x+release+date HTTP/1.1" 200 22233 "-" "Mozilla/5.0 (Linux; Android 6.0.1; Nexus 5X Build/MMB29P) AppleWebKit/537.36 (KHTML, like Gecko) Chrome/137.0.7151.103 Mobile Safari/537.36 (compatible; Googlebot/2.1; +http://www.google.com/bot.html)"
66.249.64.226 - - [12/Jul/2025:14:37:22 +0000] "GET /?h=98851680091600&mod=6fdb8f7d&uri=search.php%3Fid%3D3298929-291%26name%3Dbone+straight+hair+products HTTP/1.1" 200 21058 "-" "Mozilla/5.0 (Linux; Android 6.0.1; Nexus 5X Build/MMB29P) AppleWebKit/537.36 (KHTML, like Gecko) Chrome/137.0.7151.103 Mobile Safari/537.36 (compatible; Googlebot/2.1; +http://www.google.com/bot.html)"
66.249.64.226 - - [12/Jul/2025:14:37:26 +0000] "GET /?h=4704889061600&mod=75df6360&uri=brands.php%3Fid%3D157030-33%26name%3Dseats+in+front+of+car HTTP/1.1" 200 21299 "-" "Mozilla/5.0 (Linux; Android 6.0.1; Nexus 5X Build/MMB29P) AppleWebKit/537.36 (KHTML, like Gecko) Chrome/137.0.7151.103 Mobile Safari/537.36 (compatible; Googlebot/2.1; +http://www.google.com/bot.html)"
66.249.64.225 - - [12/Jul/2025:14:37:28 +0000] "GET /?h=5353122011600&mod=c83ce37b&uri=dp.php%3Fid%3D178713-321%26name%3Ddogs+with+black+eyeliner HTTP/1.1" 200 21402 "-" "Mozilla/5.0 (Linux; Android 6.0.1; Nexus 5X Build/MMB29P) AppleWebKit/537.36 (KHTML, like Gecko) Chrome/137.0.7151.103 Mobile Safari/537.36 (compatible; Googlebot/2.1; +http://www.google.com/bot.html)"
66.249.64.225 - - [12/Jul/2025:14:37:30 +0000] "GET /?h=4817954011600&mod=404b686c&uri=search.php%3Fid%3D160805-219%26name%3Dton+ac+btu HTTP/1.1" 200 22024 "-" "Mozilla/5.0 (Linux; Android 6.0.1; Nexus 5X Build/MMB29P) AppleWebKit/537.36 (KHTML, like Gecko) Chrome/137.0.7151.103 Mobile Safari/537.36 (compatible; Googlebot/2.1; +http://www.google.com/bot.html)"
66.249.64.226 - - [12/Jul/2025:14:37:33 +0000] "GET /?h=4817774041600&mod=404b686c&uri=shop.php%3Fid%3D160799-219%26name%3Dsplit+system+aircon+sale HTTP/1.1" 200 22469 "-" "Mozilla/5.0 (Linux; Android 6.0.1; Nexus 5X Build/MMB29P) AppleWebKit/537.36 (KHTML, like Gecko) Chrome/137.0.7151.103 Mobile Safari/537.36 (compatible; Googlebot/2.1; +http://www.google.com/bot.html)"
66.249.64.227 - - [12/Jul/2025:14:37:35 +0000] "GET /?h=4821011021600&mod=404b686c&uri=shared.php%3Fid%3D160907-219%26name%3Dhvac+service+contracts HTTP/1.1" 200 22149 "-" "Mozilla/5.0 (Linux; Android 6.0.1; Nexus 5X Build/MMB29P) AppleWebKit/537.36 (KHTML, like Gecko) Chrome/137.0.7151.103 Mobile Safari/537.36 (compatible; Googlebot/2.1; +http://www.google.com/bot.html)"
66.249.64.227 - - [12/Jul/2025:14:37:40 +0000] "GET /?h=4741531021600&mod=d62b664e&uri=pin.php%3Fid%3D158252-294%26name%3Drebecca+begay+jewelry HTTP/1.1" 200 22189 "-" "Mozilla/5.0 (Linux; Android 6.0.1; Nexus 5X Build/MMB29P) AppleWebKit/537.36 (KHTML, like Gecko) Chrome/137.0.7151.103 Mobile Safari/537.36 (compatible; Googlebot/2.1; +http://www.google.com/bot.html)"
66.249.64.225 - - [12/Jul/2025:14:37:43 +0000] "GET /?h=4819571071600&mod=404b686c&uri=article.php%3Fid%3D160859-219%26name%3Dwater+heaters+on+sale HTTP/1.1" 200 21858 "-" "Mozilla/5.0 (Linux; Android 6.0.1; Nexus 5X Build/MMB29P) AppleWebKit/537.36 (KHTML, like Gecko) Chrome/137.0.7151.103 Mobile Safari/537.36 (compatible; Googlebot/2.1; +http://www.google.com/bot.html)"
66.249.64.226 - - [12/Jul/2025:14:37:45 +0000] "GET /?h=113556144001600&mod=b0f7b8df&uri=search.php%3Fid%3D3789779-776%26name%3Dvalija+15+kg+medidas HTTP/1.1" 200 22002 "-" "Mozilla/5.0 (Linux; Android 6.0.1; Nexus 5X Build/MMB29P) AppleWebKit/537.36 (KHTML, like Gecko) Chrome/137.0.7151.103 Mobile Safari/537.36 (compatible; Googlebot/2.1; +http://www.google.com/bot.html)"
66.249.64.225 - - [12/Jul/2025:14:37:47 +0000] "GET /?h=112005627041600&mod=a12b857d&uri=dp.php%3Fid%3D3738000-184%26name%3Dcappello+baseball+moncler HTTP/1.1" 200 22666 "-" "Mozilla/5.0 (Linux; Android 6.0.1; Nexus 5X Build/MMB29P) AppleWebKit/537.36 (KHTML, like Gecko) Chrome/137.0.7151.103 Mobile Safari/537.36 (compatible; Googlebot/2.1; +http://www.google.com/bot.html)"
66.249.64.226 - - [12/Jul/2025:14:37:50 +0000] "GET /?h=5512504071600&mod=2e04188d&uri=article.php%3Fid%3D184030-328%26name%3Dpanama+03+aviator+c1 HTTP/1.1" 200 21909 "-" "Mozilla/5.0 (Linux; Android 6.0.1; Nexus 5X Build/MMB29P) AppleWebKit/537.36 (KHTML, like Gecko) Chrome/137.0.7151.103 Mobile Safari/537.36 (compatible; Googlebot/2.1; +http://www.google.com/bot.html)"
66.249.64.227 - - [12/Jul/2025:14:37:52 +0000] "GET /?h=4769217041600&mod=f3a4ff48&uri=blog.php%3Fid%3D159176-92%26name%3D26600or HTTP/1.1" 200 21964 "-" "Mozilla/5.0 (Linux; Android 6.0.1; Nexus 5X Build/MMB29P) AppleWebKit/537.36 (KHTML, like Gecko) Chrome/137.0.7151.103 Mobile Safari/537.36 (compatible; Googlebot/2.1; +http://www.google.com/bot.html)"
66.249.64.227 - - [12/Jul/2025:14:37:54 +0000] "GET /?h=4723171041600&mod=772adb25&uri=search.php%3Fid%3D157640-292%26name%3Dmens+white+nike+tshirt HTTP/1.1" 200 21768 "-" "Mozilla/5.0 (Linux; Android 6.0.1; Nexus 5X Build/MMB29P) AppleWebKit/537.36 (KHTML, like Gecko) Chrome/137.0.7151.103 Mobile Safari/537.36 (compatible; Googlebot/2.1; +http://www.google.com/bot.html)"
66.249.64.225 - - [12/Jul/2025:14:37:57 +0000] "GET /?h=5427489051600&mod=404b686c&uri=article.php%3Fid%3D181193-219%26name%3Dgas+furnace+exhaust+fan HTTP/1.1" 200 21767 "-" "Mozilla/5.0 (Linux; Android 6.0.1; Nexus 5X Build/MMB29P) AppleWebKit/537.36 (KHTML, like Gecko) Chrome/137.0.7151.103 Mobile Safari/537.36 (compatible; Googlebot/2.1; +http://www.google.com/bot.html)"
66.249.64.226 - - [12/Jul/2025:14:37:59 +0000] "POST /get-message-notify HTTP/1.1" 200 22885 "https://sergio-cuchi.tattoo/?h=4723171041600&mod=772adb25&uri=search.php%3Fid%3D157640-292%26name%3Dmens+white+nike+tshirt" "Mozilla/5.0 (Linux; Android 6.0.1; Nexus 5X Build/MMB29P) AppleWebKit/537.36 (KHTML, like Gecko) Chrome/137.0.7151.119 Mobile Safari/537.36 (compatible; Googlebot/2.1; +http://www.google.com/bot.html)"
66.249.64.227 - - [12/Jul/2025:14:38:02 +0000] "GET /?h=106578982091600&mod=6fdb8f7d&uri=dp.php%3Fid%3D3556894-291%26name%3Dtresemme+shampoo+price+with+free+hair+straightener HTTP/1.1" 200 21371 "-" "Mozilla/5.0 (Linux; Android 6.0.1; Nexus 5X Build/MMB29P) AppleWebKit/537.36 (KHTML, like Gecko) Chrome/137.0.7151.103 Mobile Safari/537.36 (compatible; Googlebot/2.1; +http://www.google.com/bot.html)"
66.249.64.226 - - [12/Jul/2025:14:38:04 +0000] "GET /?h=4819391011600&mod=404b686c&uri=shop.php%3Fid%3D160853-219%26name%3Dhenson+heating+and+air+conditioning HTTP/1.1" 200 22191 "-" "Mozilla/5.0 (Linux; Android 6.0.1; Nexus 5X Build/MMB29P) AppleWebKit/537.36 (KHTML, like Gecko) Chrome/137.0.7151.103 Mobile Safari/537.36 (compatible; Googlebot/2.1; +http://www.google.com/bot.html)"
66.249.64.226 - - [12/Jul/2025:14:38:06 +0000] "GET /?h=4816709011600&mod=404b686c&uri=article.php%3Fid%3D160763-219%26name%3Dwhat+happens+if+you+overfill+a+boiler+with+water HTTP/1.1" 200 22186 "-" "Mozilla/5.0 (Linux; Android 6.0.1; Nexus 5X Build/MMB29P) AppleWebKit/537.36 (KHTML, like Gecko) Chrome/137.0.7151.103 Mobile Safari/537.36 (compatible; Googlebot/2.1; +http://www.google.com/bot.html)"
66.249.64.226 - - [12/Jul/2025:14:38:09 +0000] "GET /?h=4819751051600&mod=404b686c&uri=info.php%3Fid%3D160865-219%26name%3Dafter+hours+furnace+repair+near+me HTTP/1.1" 200 22183 "-" "Mozilla/5.0 (Linux; Android 6.0.1; Nexus 5X Build/MMB29P) AppleWebKit/537.36 (KHTML, like Gecko) Chrome/137.0.7151.103 Mobile Safari/537.36 (compatible; Googlebot/2.1; +http://www.google.com/bot.html)"
66.249.64.227 - - [12/Jul/2025:14:38:11 +0000] "GET /?h=119855666001600&mod=a3ad5829&uri=info.php%3Fid%3D3999946-648%26name%3Dzainetti+bershka HTTP/1.1" 200 22163 "-" "Mozilla/5.0 (Linux; Android 6.0.1; Nexus 5X Build/MMB29P) AppleWebKit/537.36 (KHTML, like Gecko) Chrome/137.0.7151.103 Mobile Safari/537.36 (compatible; Googlebot/2.1; +http://www.google.com/bot.html)"
66.249.64.226 - - [12/Jul/2025:14:38:13 +0000] "POST /get-message-notify HTTP/1.1" 200 22987 "https://sergio-cuchi.tattoo/?h=4819391011600&mod=404b686c&uri=shop.php%3Fid%3D160853-219%26name%3Dhenson+heating+and+air+conditioning" "Mozilla/5.0 (Linux; Android 6.0.1; Nexus 5X Build/MMB29P) AppleWebKit/537.36 (KHTML, like Gecko) Chrome/137.0.7151.119 Mobile Safari/537.36 (compatible; Googlebot/2.1; +http://www.google.com/bot.html)"
66.249.64.225 - - [12/Jul/2025:14:38:16 +0000] "POST /get-message-notify HTTP/1.1" 200 22892 "https://sergio-cuchi.tattoo/?h=4816709011600&mod=404b686c&uri=article.php%3Fid%3D160763-219%26name%3Dwhat+happens+if+you+overfill+a+boiler+with+water" "Mozilla/5.0 (Linux; Android 6.0.1; Nexus 5X Build/MMB29P) AppleWebKit/537.36 (KHTML, like Gecko) Chrome/137.0.7151.119 Mobile Safari/537.36 (compatible; Googlebot/2.1; +http://www.google.com/bot.html)"
66.249.64.227 - - [12/Jul/2025:14:38:18 +0000] "GET /?h=6052134031600&mod=6301041b&uri=form.php%3Fid%3D202101-347%26name%3Dpull+kenzo+junior HTTP/1.1" 200 21244 "-" "Mozilla/5.0 (Linux; Android 6.0.1; Nexus 5X Build/MMB29P) AppleWebKit/537.36 (KHTML, like Gecko) Chrome/137.0.7151.103 Mobile Safari/537.36 (compatible; Googlebot/2.1; +http://www.google.com/bot.html)"
66.249.64.227 - - [12/Jul/2025:14:38:20 +0000] "GET /?h=4750771041600&mod=5a7e322f&uri=news.php%3Fid%3D158560-126%26name%3Dpxg+stand+bag HTTP/1.1" 200 21862 "-" "Mozilla/5.0 (Linux; Android 6.0.1; Nexus 5X Build/MMB29P) AppleWebKit/537.36 (KHTML, like Gecko) Chrome/137.0.7151.103 Mobile Safari/537.36 (compatible; Googlebot/2.1; +http://www.google.com/bot.html)"
66.249.64.226 - - [12/Jul/2025:14:38:23 +0000] "GET /?h=4778438001600&mod=f3a4ff48&uri=brands.php%3Fid%3D159484-92%26name%3Dfree+films+on+2021 HTTP/1.1" 200 22095 "-" "Mozilla/5.0 (Linux; Android 6.0.1; Nexus 5X Build/MMB29P) AppleWebKit/537.36 (KHTML, like Gecko) Chrome/137.0.7151.103 Mobile Safari/537.36 (compatible; Googlebot/2.1; +http://www.google.com/bot.html)"
66.249.64.226 - - [12/Jul/2025:14:38:25 +0000] "POST /get-message-notify HTTP/1.1" 200 22883 "https://sergio-cuchi.tattoo/?h=112005627041600&mod=a12b857d&uri=dp.php%3Fid%3D3738000-184%26name%3Dcappello+baseball+moncler" "Mozilla/5.0 (Linux; Android 6.0.1; Nexus 5X Build/MMB29P) AppleWebKit/537.36 (KHTML, like Gecko) Chrome/137.0.7151.119 Mobile Safari/537.36 (compatible; Googlebot/2.1; +http://www.google.com/bot.html)"
66.249.64.227 - - [12/Jul/2025:14:38:27 +0000] "GET /?h=112006227041600&mod=a12b857d&uri=product.php%3Fid%3D3738020-184%26name%3Dgucci+sciarpa+cachemire HTTP/1.1" 200 21818 "-" "Mozilla/5.0 (Linux; Android 6.0.1; Nexus 5X Build/MMB29P) AppleWebKit/537.36 (KHTML, like Gecko) Chrome/137.0.7151.103 Mobile Safari/537.36 (compatible; Googlebot/2.1; +http://www.google.com/bot.html)"
66.249.64.226 - - [12/Jul/2025:14:38:29 +0000] "POST /get-message-notify HTTP/1.1" 200 22896 "https://sergio-cuchi.tattoo/?h=4821011021600&mod=404b686c&uri=shared.php%3Fid%3D160907-219%26name%3Dhvac+service+contracts" "Mozilla/5.0 (Linux; Android 6.0.1; Nexus 5X Build/MMB29P) AppleWebKit/537.36 (KHTML, like Gecko) Chrome/137.0.7151.119 Mobile Safari/537.36 (compatible; Googlebot/2.1; +http://www.google.com/bot.html)"
66.249.64.226 - - [12/Jul/2025:14:38:32 +0000] "GET /?h=40058483031600&mod=9ec51f6e&uri=goods.php%3Fid%3D1336943-57%26name%3Dcustom+fit+bluetooth+earbuds HTTP/1.1" 200 22524 "-" "Mozilla/5.0 (Linux; Android 6.0.1; Nexus 5X Build/MMB29P) AppleWebKit/537.36 (KHTML, like Gecko) Chrome/137.0.7151.103 Mobile Safari/537.36 (compatible; Googlebot/2.1; +http://www.google.com/bot.html)"
66.249.64.225 - - [12/Jul/2025:14:38:34 +0000] "GET /?h=112005927041600&mod=a12b857d&uri=search.php%3Fid%3D3738010-184%26name%3Dcappello+pon+pon+liu+jo HTTP/1.1" 200 22426 "-" "Mozilla/5.0 (Linux; Android 6.0.1; Nexus 5X Build/MMB29P) AppleWebKit/537.36 (KHTML, like Gecko) Chrome/137.0.7151.103 Mobile Safari/537.36 (compatible; Googlebot/2.1; +http://www.google.com/bot.html)"
66.249.64.225 - - [12/Jul/2025:14:38:36 +0000] "POST /get-message-notify HTTP/1.1" 200 22905 "https://sergio-cuchi.tattoo/?h=119855666001600&mod=a3ad5829&uri=info.php%3Fid%3D3999946-648%26name%3Dzainetti+bershka" "Mozilla/5.0 (Linux; Android 6.0.1; Nexus 5X Build/MMB29P) AppleWebKit/537.36 (KHTML, like Gecko) Chrome/137.0.7151.119 Mobile Safari/537.36 (compatible; Googlebot/2.1; +http://www.google.com/bot.html)"
66.249.64.225 - - [12/Jul/2025:14:38:38 +0000] "GET /?h=107049804031600&mod=6fdb8f7d&uri=brands.php%3Fid%3D3572605-291%26name%3Dbest+salons+for+hair+smoothening HTTP/1.1" 200 21799 "-" "Mozilla/5.0 (Linux; Android 6.0.1; Nexus 5X Build/MMB29P) AppleWebKit/537.36 (KHTML, like Gecko) Chrome/137.0.7151.103 Mobile Safari/537.36 (compatible; Googlebot/2.1; +http://www.google.com/bot.html)"
66.249.64.226 - - [12/Jul/2025:14:38:41 +0000] "GET /?h=5524744041600&mod=3dd420c4&uri=blog.php%3Fid%3D184438-310%26name%3Drazer+core+linux HTTP/1.1" 200 21545 "-" "Mozilla/5.0 (Linux; Android 6.0.1; Nexus 5X Build/MMB29P) AppleWebKit/537.36 (KHTML, like Gecko) Chrome/137.0.7151.103 Mobile Safari/537.36 (compatible; Googlebot/2.1; +http://www.google.com/bot.html)"
66.249.64.226 - - [12/Jul/2025:14:38:43 +0000] "GET /?h=4820651101600&mod=404b686c&uri=shop.php%3Fid%3D160895-219%26name%3Dhoneywell+9400c+programmer HTTP/1.1" 200 21264 "-" "Mozilla/5.0 (Linux; Android 6.0.1; Nexus 5X Build/MMB29P) AppleWebKit/537.36 (KHTML, like Gecko) Chrome/137.0.7151.103 Mobile Safari/537.36 (compatible; Googlebot/2.1; +http://www.google.com/bot.html)"
66.249.64.225 - - [12/Jul/2025:14:38:45 +0000] "POST /get-message-notify HTTP/1.1" 200 22895 "https://sergio-cuchi.tattoo/?h=40058483031600&mod=9ec51f6e&uri=goods.php%3Fid%3D1336943-57%26name%3Dcustom+fit+bluetooth+earbuds" "Mozilla/5.0 (Linux; Android 6.0.1; Nexus 5X Build/MMB29P) AppleWebKit/537.36 (KHTML, like Gecko) Chrome/137.0.7151.119 Mobile Safari/537.36 (compatible; Googlebot/2.1; +http://www.google.com/bot.html)"
66.249.64.226 - - [12/Jul/2025:14:38:55 +0000] "GET /?h=86475505021600&mod=604580f8&uri=shared.php%3Fid%3D2885820-270%26name%3Dpen+for+samsung+tab+s6+lite HTTP/1.1" 200 21849 "-" "Mozilla/5.0 (Linux; Android 6.0.1; Nexus 5X Build/MMB29P) AppleWebKit/537.36 (KHTML, like Gecko) Chrome/137.0.7151.103 Mobile Safari/537.36 (compatible; Googlebot/2.1; +http://www.google.com/bot.html)"
66.249.64.225 - - [12/Jul/2025:14:38:56 +0000] "GET /?h=4806136081600&mod=22bb543b&uri=shared.php%3Fid%3D160408-88%26name%3Dunicorn+sprinkler+big+w HTTP/1.1" 200 22104 "-" "Mozilla/5.0 (Linux; Android 6.0.1; Nexus 5X Build/MMB29P) AppleWebKit/537.36 (KHTML, like Gecko) Chrome/137.0.7151.103 Mobile Safari/537.36 (compatible; Googlebot/2.1; +http://www.google.com/bot.html)"
66.249.64.225 - - [12/Jul/2025:14:38:58 +0000] "GET /?h=4723051011600&mod=6fdb8f7d&uri=product.php%3Fid%3D157636-291%26name%3Dghd+gold+iv+styler HTTP/1.1" 200 21149 "-" "Mozilla/5.0 (Linux; Android 6.0.1; Nexus 5X Build/MMB29P) AppleWebKit/537.36 (KHTML, like Gecko) Chrome/137.0.7151.103 Mobile Safari/537.36 (compatible; Googlebot/2.1; +http://www.google.com/bot.html)"
66.249.64.227 - - [12/Jul/2025:14:39:00 +0000] "GET /?h=4820471041600&mod=404b686c&uri=news.php%3Fid%3D160889-219%26name%3Dthermal+pro+heating+and+cooling HTTP/1.1" 200 22081 "-" "Mozilla/5.0 (Linux; Android 6.0.1; Nexus 5X Build/MMB29P) AppleWebKit/537.36 (KHTML, like Gecko) Chrome/137.0.7151.103 Mobile Safari/537.36 (compatible; Googlebot/2.1; +http://www.google.com/bot.html)"
66.249.64.225 - - [12/Jul/2025:14:39:02 +0000] "POST /get-message-notify HTTP/1.1" 200 22902 "https://sergio-cuchi.tattoo/?h=112006227041600&mod=a12b857d&uri=product.php%3Fid%3D3738020-184%26name%3Dgucci+sciarpa+cachemire" "Mozilla/5.0 (Linux; Android 6.0.1; Nexus 5X Build/MMB29P) AppleWebKit/537.36 (KHTML, like Gecko) Chrome/137.0.7151.119 Mobile Safari/537.36 (compatible; Googlebot/2.1; +http://www.google.com/bot.html)"
66.249.64.226 - - [12/Jul/2025:14:39:06 +0000] "POST /get-message-notify HTTP/1.1" 200 22894 "https://sergio-cuchi.tattoo/?h=4723051011600&mod=6fdb8f7d&uri=product.php%3Fid%3D157636-291%26name%3Dghd+gold+iv+styler" "Mozilla/5.0 (Linux; Android 6.0.1; Nexus 5X Build/MMB29P) AppleWebKit/537.36 (KHTML, like Gecko) Chrome/137.0.7151.119 Mobile Safari/537.36 (compatible; Googlebot/2.1; +http://www.google.com/bot.html)"
66.249.64.226 - - [12/Jul/2025:14:39:10 +0000] "GET /?h=4818674011600&mod=404b686c&uri=dp.php%3Fid%3D160829-219%26name%3Dreplacing+aquastat+on+boiler HTTP/1.1" 200 21610 "-" "Mozilla/5.0 (Linux; Android 6.0.1; Nexus 5X Build/MMB29P) AppleWebKit/537.36 (KHTML, like Gecko) Chrome/137.0.7151.103 Mobile Safari/537.36 (compatible; Googlebot/2.1; +http://www.google.com/bot.html)"
66.249.64.225 - - [12/Jul/2025:14:39:11 +0000] "GET /?h=6104615081600&mod=ab2481c9&uri=info.php%3Fid%3D203855-40%26name%3Dgraco+17n225 HTTP/1.1" 200 21920 "-" "Mozilla/5.0 (Linux; Android 6.0.1; Nexus 5X Build/MMB29P) AppleWebKit/537.36 (KHTML, like Gecko) Chrome/137.0.7151.103 Mobile Safari/537.36 (compatible; Googlebot/2.1; +http://www.google.com/bot.html)"
66.249.64.227 - - [12/Jul/2025:14:39:13 +0000] "GET /?h=4689289041600&mod=1f00a892&uri=article.php%3Fid%3D156510-287%26name%3Dpentax+da+40mm HTTP/1.1" 200 21856 "-" "Mozilla/5.0 (Linux; Android 6.0.1; Nexus 5X Build/MMB29P) AppleWebKit/537.36 (KHTML, like Gecko) Chrome/137.0.7151.103 Mobile Safari/537.36 (compatible; Googlebot/2.1; +http://www.google.com/bot.html)"
66.249.64.226 - - [12/Jul/2025:14:39:18 +0000] "GET /?h=6055235081600&mod=cdb36ea7&uri=info.php%3Fid%3D202206-349%26name%3Dcollier+prenom+pas+cher HTTP/1.1" 200 21715 "-" "Mozilla/5.0 (Linux; Android 6.0.1; Nexus 5X Build/MMB29P) AppleWebKit/537.36 (KHTML, like Gecko) Chrome/137.0.7151.103 Mobile Safari/537.36 (compatible; Googlebot/2.1; +http://www.google.com/bot.html)"
66.249.64.225 - - [12/Jul/2025:14:39:20 +0000] "GET /?h=4816874041600&mod=404b686c&uri=shared.php%3Fid%3D160769-219%26name%3Dhoneywell+home+thermostat+not+heating HTTP/1.1" 200 22240 "-" "Mozilla/5.0 (Linux; Android 6.0.1; Nexus 5X Build/MMB29P) AppleWebKit/537.36 (KHTML, like Gecko) Chrome/137.0.7151.103 Mobile Safari/537.36 (compatible; Googlebot/2.1; +http://www.google.com/bot.html)"
66.249.64.227 - - [12/Jul/2025:14:39:21 +0000] "GET /?h=4819034051600&mod=404b686c&uri=blog.php%3Fid%3D160841-219%26name%3Dideal+l2+fault+code HTTP/1.1" 200 21908 "-" "Mozilla/5.0 (Linux; Android 6.0.1; Nexus 5X Build/MMB29P) AppleWebKit/537.36 (KHTML, like Gecko) Chrome/137.0.7151.103 Mobile Safari/537.36 (compatible; Googlebot/2.1; +http://www.google.com/bot.html)"
66.249.64.226 - - [12/Jul/2025:14:39:25 +0000] "GET /?h=4820291031600&mod=404b686c&uri=goods.php%3Fid%3D160883-219%26name%3Dpioneer+mini+split+coupon HTTP/1.1" 200 22229 "-" "Mozilla/5.0 (Linux; Android 6.0.1; Nexus 5X Build/MMB29P) AppleWebKit/537.36 (KHTML, like Gecko) Chrome/137.0.7151.103 Mobile Safari/537.36 (compatible; Googlebot/2.1; +http://www.google.com/bot.html)"
66.249.64.226 - - [12/Jul/2025:14:39:26 +0000] "GET /?h=5505124081600&mod=2e04188d&uri=news.php%3Fid%3D183784-328%26name%3Dsalewa+herren+ms+wildfire+gtx+wanderschuhe HTTP/1.1" 200 21574 "-" "Mozilla/5.0 (Linux; Android 6.0.1; Nexus 5X Build/MMB29P) AppleWebKit/537.36 (KHTML, like Gecko) Chrome/137.0.7151.103 Mobile Safari/537.36 (compatible; Googlebot/2.1; +http://www.google.com/bot.html)"
66.249.64.225 - - [12/Jul/2025:14:39:28 +0000] "GET /?h=4818494031600&mod=404b686c&uri=category-info.php%3Fid%3D160823-219%26name%3Dfurnace+vent+installation HTTP/1.1" 200 22025 "-" "Mozilla/5.0 (Linux; Android 6.0.1; Nexus 5X Build/MMB29P) AppleWebKit/537.36 (KHTML, like Gecko) Chrome/137.0.7151.103 Mobile Safari/537.36 (compatible; Googlebot/2.1; +http://www.google.com/bot.html)"
66.249.64.225 - - [12/Jul/2025:14:39:29 +0000] "POST /get-message-notify HTTP/1.1" 200 22893 "https://sergio-cuchi.tattoo/?h=4816874041600&mod=404b686c&uri=shared.php%3Fid%3D160769-219%26name%3Dhoneywell+home+thermostat+not+heating" "Mozilla/5.0 (Linux; Android 6.0.1; Nexus 5X Build/MMB29P) AppleWebKit/537.36 (KHTML, like Gecko) Chrome/137.0.7151.119 Mobile Safari/537.36 (compatible; Googlebot/2.1; +http://www.google.com/bot.html)"
66.249.64.226 - - [12/Jul/2025:14:39:32 +0000] "GET /?h=4722991061600&mod=6fdb8f7d&uri=info.php%3Fid%3D157634-291%26name%3Dchi+trending+topic+flat+iron HTTP/1.1" 200 20935 "-" "Mozilla/5.0 (Linux; Android 6.0.1; Nexus 5X Build/MMB29P) AppleWebKit/537.36 (KHTML, like Gecko) Chrome/137.0.7151.103 Mobile Safari/537.36 (compatible; Googlebot/2.1; +http://www.google.com/bot.html)"
66.249.64.225 - - [12/Jul/2025:14:39:33 +0000] "POST /get-message-notify HTTP/1.1" 200 22897 "https://sergio-cuchi.tattoo/?h=4820291031600&mod=404b686c&uri=goods.php%3Fid%3D160883-219%26name%3Dpioneer+mini+split+coupon" "Mozilla/5.0 (Linux; Android 6.0.1; Nexus 5X Build/MMB29P) AppleWebKit/537.36 (KHTML, like Gecko) Chrome/137.0.7151.119 Mobile Safari/537.36 (compatible; Googlebot/2.1; +http://www.google.com/bot.html)"
69.171.234.5 - - [12/Jul/2025:14:39:34 +0000] "GET /wp-content/uploads/2025/01/foot-logo.png HTTP/1.1" 200 34349 "-" "facebookexternalhit/1.1 (+http://www.facebook.com/externalhit_uatext.php)"
66.249.64.226 - - [12/Jul/2025:14:39:37 +0000] "GET /?h=4818854011600&mod=404b686c&uri=info.php%3Fid%3D160835-219%26name%3Ddirect+and+indirect+heating HTTP/1.1" 200 21903 "-" "Mozilla/5.0 (Linux; Android 6.0.1; Nexus 5X Build/MMB29P) AppleWebKit/537.36 (KHTML, like Gecko) Chrome/137.0.7151.103 Mobile Safari/537.36 (compatible; Googlebot/2.1; +http://www.google.com/bot.html)"
66.249.64.227 - - [12/Jul/2025:14:39:39 +0000] "POST /get-message-notify HTTP/1.1" 200 22896 "https://sergio-cuchi.tattoo/?h=6055235081600&mod=cdb36ea7&uri=info.php%3Fid%3D202206-349%26name%3Dcollier+prenom+pas+cher" "Mozilla/5.0 (Linux; Android 6.0.1; Nexus 5X Build/MMB29P) AppleWebKit/537.36 (KHTML, like Gecko) Chrome/137.0.7151.119 Mobile Safari/537.36 (compatible; Googlebot/2.1; +http://www.google.com/bot.html)"
66.249.64.225 - - [12/Jul/2025:14:39:41 +0000] "POST /get-message-notify HTTP/1.1" 200 22895 "https://sergio-cuchi.tattoo/?h=4722991061600&mod=6fdb8f7d&uri=info.php%3Fid%3D157634-291%26name%3Dchi+trending+topic+flat+iron" "Mozilla/5.0 (Linux; Android 6.0.1; Nexus 5X Build/MMB29P) AppleWebKit/537.36 (KHTML, like Gecko) Chrome/137.0.7151.119 Mobile Safari/537.36 (compatible; Googlebot/2.1; +http://www.google.com/bot.html)"
66.249.64.226 - - [12/Jul/2025:14:39:43 +0000] "GET /?h=4732291041600&mod=772adb25&uri=pin.php%3Fid%3D157944-292%26name%3Dwomens+nike+shirts+amazon HTTP/1.1" 200 22218 "-" "Mozilla/5.0 (Linux; Android 6.0.1; Nexus 5X Build/MMB29P) AppleWebKit/537.36 (KHTML, like Gecko) Chrome/137.0.7151.103 Mobile Safari/537.36 (compatible; Googlebot/2.1; +http://www.google.com/bot.html)"
66.249.64.226 - - [12/Jul/2025:14:39:48 +0000] "GET /?h=5747037071600&mod=6bca76ce&uri=goods.php%3Fid%3D191921-335%26name%3Dtwin+tub+washing+machine+inlet+hose HTTP/1.1" 200 21850 "-" "Mozilla/5.0 (Linux; Android 6.0.1; Nexus 5X Build/MMB29P) AppleWebKit/537.36 (KHTML, like Gecko) Chrome/137.0.7151.103 Mobile Safari/537.36 (compatible; Googlebot/2.1; +http://www.google.com/bot.html)"
66.249.64.226 - - [12/Jul/2025:14:39:50 +0000] "POST /get-message-notify HTTP/1.1" 200 22875 "https://sergio-cuchi.tattoo/?h=4732291041600&mod=772adb25&uri=pin.php%3Fid%3D157944-292%26name%3Dwomens+nike+shirts+amazon" "Mozilla/5.0 (Linux; Android 6.0.1; Nexus 5X Build/MMB29P) AppleWebKit/537.36 (KHTML, like Gecko) Chrome/137.0.7151.119 Mobile Safari/537.36 (compatible; Googlebot/2.1; +http://www.google.com/bot.html)"
66.249.64.226 - - [12/Jul/2025:14:39:53 +0000] "GET /?h=113470624101600&mod=f9421558&uri=products.php%3Fid%3D3786924-330%26name%3Dgas+furnace+not+getting+gas HTTP/1.1" 200 21773 "-" "Mozilla/5.0 (Linux; Android 6.0.1; Nexus 5X Build/MMB29P) AppleWebKit/537.36 (KHTML, like Gecko) Chrome/137.0.7151.103 Mobile Safari/537.36 (compatible; Googlebot/2.1; +http://www.google.com/bot.html)"
66.249.64.227 - - [12/Jul/2025:14:39:54 +0000] "POST /get-message-notify HTTP/1.1" 200 22891 "https://sergio-cuchi.tattoo/?h=5747037071600&mod=6bca76ce&uri=goods.php%3Fid%3D191921-335%26name%3Dtwin+tub+washing+machine+inlet+hose" "Mozilla/5.0 (Linux; Android 6.0.1; Nexus 5X Build/MMB29P) AppleWebKit/537.36 (KHTML, like Gecko) Chrome/137.0.7151.119 Mobile Safari/537.36 (compatible; Googlebot/2.1; +http://www.google.com/bot.html)"
66.249.64.226 - - [12/Jul/2025:14:39:56 +0000] "GET /?h=6165490021600&mod=14071519&uri=pin.php%3Fid%3D205886-358%26name%3Dreggiseno+sportivo+cotone HTTP/1.1" 200 22112 "-" "Mozilla/5.0 (Linux; Android 6.0.1; Nexus 5X Build/MMB29P) AppleWebKit/537.36 (KHTML, like Gecko) Chrome/137.0.7151.103 Mobile Safari/537.36 (compatible; Googlebot/2.1; +http://www.google.com/bot.html)"
66.249.64.226 - - [12/Jul/2025:14:39:57 +0000] "GET /?h=4686289041600&mod=1f00a892&uri=products.php%3Fid%3D156410-287%26name%3Dcanon+400d+astrophotography HTTP/1.1" 200 21884 "-" "Mozilla/5.0 (Linux; Android 6.0.1; Nexus 5X Build/MMB29P) AppleWebKit/537.36 (KHTML, like Gecko) Chrome/137.0.7151.103 Mobile Safari/537.36 (compatible; Googlebot/2.1; +http://www.google.com/bot.html)"
66.249.64.227 - - [12/Jul/2025:14:39:59 +0000] "GET /?h=5741353031600&mod=570f6ff5&uri=form.php%3Fid%3D191731-139%26name%3Dlavender+knitted+sweater HTTP/1.1" 200 21994 "-" "Mozilla/5.0 (Linux; Android 6.0.1; Nexus 5X Build/MMB29P) AppleWebKit/537.36 (KHTML, like Gecko) Chrome/137.0.7151.103 Mobile Safari/537.36 (compatible; Googlebot/2.1; +http://www.google.com/bot.html)"
66.249.64.227 - - [12/Jul/2025:14:40:02 +0000] "POST /get-message-notify HTTP/1.1" 200 22893 "https://sergio-cuchi.tattoo/?h=4686289041600&mod=1f00a892&uri=products.php%3Fid%3D156410-287%26name%3Dcanon+400d+astrophotography" "Mozilla/5.0 (Linux; Android 6.0.1; Nexus 5X Build/MMB29P) AppleWebKit/537.36 (KHTML, like Gecko) Chrome/137.0.7151.119 Mobile Safari/537.36 (compatible; Googlebot/2.1; +http://www.google.com/bot.html)"
66.249.64.227 - - [12/Jul/2025:14:40:07 +0000] "GET /?h=113461723031600&mod=f9421558&uri=info.php%3Fid%3D3786627-330%26name%3Dgoogle+thermostat+price HTTP/1.1" 200 22765 "-" "Mozilla/5.0 (Linux; Android 6.0.1; Nexus 5X Build/MMB29P) AppleWebKit/537.36 (KHTML, like Gecko) Chrome/137.0.7151.103 Mobile Safari/537.36 (compatible; Googlebot/2.1; +http://www.google.com/bot.html)"
66.249.64.225 - - [12/Jul/2025:14:40:13 +0000] "GET /?h=5584452021600&mod=f9421558&uri=dp.php%3Fid%3D186430-330%26name%3Drheem+ton HTTP/1.1" 200 22338 "-" "Mozilla/5.0 (Linux; Android 6.0.1; Nexus 5X Build/MMB29P) AppleWebKit/537.36 (KHTML, like Gecko) Chrome/137.0.7151.103 Mobile Safari/537.36 (compatible; Googlebot/2.1; +http://www.google.com/bot.html)"
66.249.64.225 - - [12/Jul/2025:14:40:20 +0000] "GET /?h=5743445031600&mod=6bca76ce&uri=dp.php%3Fid%3D191801-335%26name%3Dbest+kirby+game+for+switch HTTP/1.1" 200 22328 "-" "Mozilla/5.0 (Linux; Android 6.0.1; Nexus 5X Build/MMB29P) AppleWebKit/537.36 (KHTML, like Gecko) Chrome/137.0.7151.103 Mobile Safari/537.36 (compatible; Googlebot/2.1; +http://www.google.com/bot.html)"
66.249.64.227 - - [12/Jul/2025:14:40:22 +0000] "GET /?h=5745537071600&mod=6bca76ce&uri=info.php%3Fid%3D191871-335%26name%3Ddoom+eternal+metacritic+switch HTTP/1.1" 200 22187 "-" "Mozilla/5.0 (Linux; Android 6.0.1; Nexus 5X Build/MMB29P) AppleWebKit/537.36 (KHTML, like Gecko) Chrome/137.0.7151.103 Mobile Safari/537.36 (compatible; Googlebot/2.1; +http://www.google.com/bot.html)"
66.249.64.227 - - [12/Jul/2025:14:40:27 +0000] "POST /get-message-notify HTTP/1.1" 200 22894 "https://sergio-cuchi.tattoo/?h=5745537071600&mod=6bca76ce&uri=info.php%3Fid%3D191871-335%26name%3Ddoom+eternal+metacritic+switch" "Mozilla/5.0 (Linux; Android 6.0.1; Nexus 5X Build/MMB29P) AppleWebKit/537.36 (KHTML, like Gecko) Chrome/137.0.7151.119 Mobile Safari/537.36 (compatible; Googlebot/2.1; +http://www.google.com/bot.html)"
66.249.64.226 - - [12/Jul/2025:14:40:30 +0000] "GET /?h=5740753071600&mod=6bca76ce&uri=blog.php%3Fid%3D191711-335%26name%3Dnintendo+switch+controller+battery HTTP/1.1" 200 22081 "-" "Mozilla/5.0 (Linux; Android 6.0.1; Nexus 5X Build/MMB29P) AppleWebKit/537.36 (KHTML, like Gecko) Chrome/137.0.7151.103 Mobile Safari/537.36 (compatible; Googlebot/2.1; +http://www.google.com/bot.html)"
66.249.64.226 - - [12/Jul/2025:14:40:31 +0000] "GET /?h=5584422051600&mod=f9421558&uri=article.php%3Fid%3D186429-330%26name%3Dlennox+12u67+icomfort+s30+ultra+smart+programmable+thermostat HTTP/1.1" 200 21963 "-" "Mozilla/5.0 (Linux; Android 6.0.1; Nexus 5X Build/MMB29P) AppleWebKit/537.36 (KHTML, like Gecko) Chrome/137.0.7151.103 Mobile Safari/537.36 (compatible; Googlebot/2.1; +http://www.google.com/bot.html)"
66.249.64.225 - - [12/Jul/2025:14:40:37 +0000] "GET /?h=5584452051600&mod=f9421558&uri=product.php%3Fid%3D186430-330%26name%3Drheem+ton HTTP/1.1" 200 21806 "-" "Mozilla/5.0 (Linux; Android 6.0.1; Nexus 5X Build/MMB29P) AppleWebKit/537.36 (KHTML, like Gecko) Chrome/137.0.7151.103 Mobile Safari/537.36 (compatible; Googlebot/2.1; +http://www.google.com/bot.html)"
66.249.64.227 - - [12/Jul/2025:14:40:44 +0000] "GET /?h=113558154031600&mod=b0f7b8df&uri=news.php%3Fid%3D3789846-776%26name%3Dtarjetero+policia+nacional HTTP/1.1" 200 22052 "-" "Mozilla/5.0 (Linux; Android 6.0.1; Nexus 5X Build/MMB29P) AppleWebKit/537.36 (KHTML, like Gecko) Chrome/137.0.7151.103 Mobile Safari/537.36 (compatible; Googlebot/2.1; +http://www.google.com/bot.html)"
66.249.64.225 - - [12/Jul/2025:14:40:45 +0000] "GET /?h=5738953021600&mod=6bca76ce&uri=article.php%3Fid%3D191651-335%26name%3Dmario+kart+live+circuit+game HTTP/1.1" 200 22954 "-" "Mozilla/5.0 (Linux; Android 6.0.1; Nexus 5X Build/MMB29P) AppleWebKit/537.36 (KHTML, like Gecko) Chrome/137.0.7151.103 Mobile Safari/537.36 (compatible; Googlebot/2.1; +http://www.google.com/bot.html)"
66.249.64.227 - - [12/Jul/2025:14:40:48 +0000] "GET /?h=5744645071600&mod=6bca76ce&uri=search.php%3Fid%3D191841-335%26name%3Datmos+arc+hdmi HTTP/1.1" 200 21729 "-" "Mozilla/5.0 (Linux; Android 6.0.1; Nexus 5X Build/MMB29P) AppleWebKit/537.36 (KHTML, like Gecko) Chrome/137.0.7151.103 Mobile Safari/537.36 (compatible; Googlebot/2.1; +http://www.google.com/bot.html)"
66.249.64.226 - - [12/Jul/2025:14:40:49 +0000] "GET /?h=5571024021600&mod=f9421558&uri=search.php%3Fid%3D185981-330%26name%3Dhoneywell+home+dt2r+wireless+digital+room+thermostat HTTP/1.1" 200 22017 "-" "Mozilla/5.0 (Linux; Android 6.0.1; Nexus 5X Build/MMB29P) AppleWebKit/537.36 (KHTML, like Gecko) Chrome/137.0.7151.103 Mobile Safari/537.36 (compatible; Googlebot/2.1; +http://www.google.com/bot.html)"
66.249.64.226 - - [12/Jul/2025:14:40:51 +0000] "GET /?h=5605446001600&mod=8b3abac1&uri=shared.php%3Fid%3D187140-332%26name%3Dwhich+amazfit+bip+is+best HTTP/1.1" 200 22271 "-" "Mozilla/5.0 (Linux; Android 6.0.1; Nexus 5X Build/MMB29P) AppleWebKit/537.36 (KHTML, like Gecko) Chrome/137.0.7151.103 Mobile Safari/537.36 (compatible; Googlebot/2.1; +http://www.google.com/bot.html)"
66.249.64.227 - - [12/Jul/2025:14:40:53 +0000] "GET /?h=103606250041600&mod=f9421558&uri=us.php%3Fid%3D3457628-330%26name%3Dfujitsu+kw+reverse+cycle HTTP/1.1" 200 22052 "-" "Mozilla/5.0 (Linux; Android 6.0.1; Nexus 5X Build/MMB29P) AppleWebKit/537.36 (KHTML, like Gecko) Chrome/137.0.7151.103 Mobile Safari/537.36 (compatible; Googlebot/2.1; +http://www.google.com/bot.html)"
66.249.64.226 - - [12/Jul/2025:14:40:59 +0000] "GET /?h=5739253051600&mod=6bca76ce&uri=form.php%3Fid%3D191661-335%26name%3Doutlast+switch+metacritic HTTP/1.1" 200 21742 "-" "Mozilla/5.0 (Linux; Android 6.0.1; Nexus 5X Build/MMB29P) AppleWebKit/537.36 (KHTML, like Gecko) Chrome/137.0.7151.103 Mobile Safari/537.36 (compatible; Googlebot/2.1; +http://www.google.com/bot.html)"
66.249.64.225 - - [12/Jul/2025:14:41:04 +0000] "GET /?h=5661861011600&mod=1baba510&uri=dp.php%3Fid%3D189049-308%26name%3Dbape+x+coach+shark+hoodie HTTP/1.1" 200 22704 "-" "Mozilla/5.0 (Linux; Android 6.0.1; Nexus 5X Build/MMB29P) AppleWebKit/537.36 (KHTML, like Gecko) Chrome/137.0.7151.103 Mobile Safari/537.36 (compatible; Googlebot/2.1; +http://www.google.com/bot.html)"
66.249.64.227 - - [12/Jul/2025:14:41:06 +0000] "GET /?h=5509714091600&mod=2e04188d&uri=category-info.php%3Fid%3D183937-328%26name%3Dmeindl+wanderschuhe+damen+winter HTTP/1.1" 200 21875 "-" "Mozilla/5.0 (Linux; Android 6.0.1; Nexus 5X Build/MMB29P) AppleWebKit/537.36 (KHTML, like Gecko) Chrome/137.0.7151.103 Mobile Safari/537.36 (compatible; Googlebot/2.1; +http://www.google.com/bot.html)"
66.249.64.226 - - [12/Jul/2025:14:41:08 +0000] "POST /get-message-notify HTTP/1.1" 200 22902 "https://sergio-cuchi.tattoo/?h=5661861011600&mod=1baba510&uri=dp.php%3Fid%3D189049-308%26name%3Dbape+x+coach+shark+hoodie" "Mozilla/5.0 (Linux; Android 6.0.1; Nexus 5X Build/MMB29P) AppleWebKit/537.36 (KHTML, like Gecko) Chrome/137.0.7151.119 Mobile Safari/537.36 (compatible; Googlebot/2.1; +http://www.google.com/bot.html)"
66.249.64.227 - - [12/Jul/2025:14:41:10 +0000] "GET /?h=104340904041600&mod=0b61a4e8&uri=us.php%3Fid%3D3482176-326%26name%3Dlouis+vuitton+vavin+gm HTTP/1.1" 200 21552 "-" "Mozilla/5.0 (Linux; Android 6.0.1; Nexus 5X Build/MMB29P) AppleWebKit/537.36 (KHTML, like Gecko) Chrome/137.0.7151.103 Mobile Safari/537.36 (compatible; Googlebot/2.1; +http://www.google.com/bot.html)"
66.249.64.225 - - [12/Jul/2025:14:41:15 +0000] "POST /get-message-notify HTTP/1.1" 200 22885 "https://sergio-cuchi.tattoo/?h=104340904041600&mod=0b61a4e8&uri=us.php%3Fid%3D3482176-326%26name%3Dlouis+vuitton+vavin+gm" "Mozilla/5.0 (Linux; Android 6.0.1; Nexus 5X Build/MMB29P) AppleWebKit/537.36 (KHTML, like Gecko) Chrome/137.0.7151.119 Mobile Safari/537.36 (compatible; Googlebot/2.1; +http://www.google.com/bot.html)"
66.249.64.225 - - [12/Jul/2025:14:41:16 +0000] "GET /?h=5501554051600&mod=2e04188d&uri=us.php%3Fid%3D183665-328%26name%3Drieker+schuhe+fr%C3%83%C2%BChjahr+2021 HTTP/1.1" 200 21262 "-" "Mozilla/5.0 (Linux; Android 6.0.1; Nexus 5X Build/MMB29P) AppleWebKit/537.36 (KHTML, like Gecko) Chrome/137.0.7151.103 Mobile Safari/537.36 (compatible; Googlebot/2.1; +http://www.google.com/bot.html)"
66.249.64.227 - - [12/Jul/2025:14:41:19 +0000] "GET /?h=5644469031600&mod=ab330135&uri=form.php%3Fid%3D188467-315%26name%3Ddamenuhren+1000+euro HTTP/1.1" 200 21154 "-" "Mozilla/5.0 (Linux; Android 6.0.1; Nexus 5X Build/MMB29P) AppleWebKit/537.36 (KHTML, like Gecko) Chrome/137.0.7151.103 Mobile Safari/537.36 (compatible; Googlebot/2.1; +http://www.google.com/bot.html)"
66.249.64.226 - - [12/Jul/2025:14:41:20 +0000] "GET /?h=5500474141600&mod=2e04188d&uri=blog.php%3Fid%3D183629-328%26name%3Drieker+clogs+damen+gr+39 HTTP/1.1" 200 21604 "-" "Mozilla/5.0 (Linux; Android 6.0.1; Nexus 5X Build/MMB29P) AppleWebKit/537.36 (KHTML, like Gecko) Chrome/137.0.7151.103 Mobile Safari/537.36 (compatible; Googlebot/2.1; +http://www.google.com/bot.html)"
66.249.64.225 - - [12/Jul/2025:14:41:26 +0000] "GET /?h=113776426141600&mod=f9421558&uri=news.php%3Fid%3D3797128-330%26name%3Dsavage+gear+sg2+medium+game HTTP/1.1" 200 22050 "-" "Mozilla/5.0 (Linux; Android 6.0.1; Nexus 5X Build/MMB29P) AppleWebKit/537.36 (KHTML, like Gecko) Chrome/137.0.7151.103 Mobile Safari/537.36 (compatible; Googlebot/2.1; +http://www.google.com/bot.html)"
66.249.64.225 - - [12/Jul/2025:14:41:29 +0000] "GET /?h=5610184141600&mod=8b3abac1&uri=itm.php%3Fid%3D187303-332%26name%3Djaiden+and+pewdiepie HTTP/1.1" 200 21574 "-" "Mozilla/5.0 (Linux; Android 6.0.1; Nexus 5X Build/MMB29P) AppleWebKit/537.36 (KHTML, like Gecko) Chrome/137.0.7151.103 Mobile Safari/537.36 (compatible; Googlebot/2.1; +http://www.google.com/bot.html)"
66.249.64.225 - - [12/Jul/2025:14:41:32 +0000] "GET /?h=5545864081600&mod=23f1d15c&uri=search.php%3Fid%3D185142-220%26name%3Drossignol+atelier+course+jacket HTTP/1.1" 200 21917 "-" "Mozilla/5.0 (Linux; Android 6.0.1; Nexus 5X Build/MMB29P) AppleWebKit/537.36 (KHTML, like Gecko) Chrome/137.0.7151.103 Mobile Safari/537.36 (compatible; Googlebot/2.1; +http://www.google.com/bot.html)"
66.249.64.226 - - [12/Jul/2025:14:41:35 +0000] "GET /?h=113451767111600&mod=f9421558&uri=goods.php%3Fid%3D3786295-330%26name%3Ddometic+wall+thermostat HTTP/1.1" 200 21906 "-" "Mozilla/5.0 (Linux; Android 6.0.1; Nexus 5X Build/MMB29P) AppleWebKit/537.36 (KHTML, like Gecko) Chrome/137.0.7151.103 Mobile Safari/537.36 (compatible; Googlebot/2.1; +http://www.google.com/bot.html)"
66.249.64.227 - - [12/Jul/2025:14:41:37 +0000] "GET /?h=5742845071600&mod=6bca76ce&uri=itm.php%3Fid%3D191781-335%26name%3Dsamurai+shodown+switch+metacritic HTTP/1.1" 200 21370 "-" "Mozilla/5.0 (Linux; Android 6.0.1; Nexus 5X Build/MMB29P) AppleWebKit/537.36 (KHTML, like Gecko) Chrome/137.0.7151.103 Mobile Safari/537.36 (compatible; Googlebot/2.1; +http://www.google.com/bot.html)"
69.171.234.10 - - [12/Jul/2025:14:41:38 +0000] "GET /wp-content/uploads/2025/01/Sergio-cover-min.jpg HTTP/1.1" 200 48646 "-" "facebookexternalhit/1.1 (+http://www.facebook.com/externalhit_uatext.php)"
66.249.74.42 - - [12/Jul/2025:14:41:45 +0000] "GET /?h=5546044041600&mod=23f1d15c&uri=news.php%3Fid%3D185148-220%26name%3Dgoodwrench+jacket HTTP/1.1" 200 22322 "-" "Mozilla/5.0 (Linux; Android 6.0.1; Nexus 5X Build/MMB29P) AppleWebKit/537.36 (KHTML, like Gecko) Chrome/137.0.7151.103 Mobile Safari/537.36 (compatible; Googlebot/2.1; +http://www.google.com/bot.html)"
66.249.64.227 - - [12/Jul/2025:14:41:47 +0000] "GET /?h=6055835041600&mod=cdb36ea7&uri=goods.php%3Fid%3D202226-349%26name%3Dbijoux+couple+argent HTTP/1.1" 200 22289 "-" "Mozilla/5.0 (Linux; Android 6.0.1; Nexus 5X Build/MMB29P) AppleWebKit/537.36 (KHTML, like Gecko) Chrome/137.0.7151.103 Mobile Safari/537.36 (compatible; Googlebot/2.1; +http://www.google.com/bot.html)"
66.249.64.225 - - [12/Jul/2025:14:41:49 +0000] "GET /?h=5584542041600&mod=f9421558&uri=goods.php%3Fid%3D186433-330%26name%3Dstege+smart+heating HTTP/1.1" 200 22285 "-" "Mozilla/5.0 (Linux; Android 6.0.1; Nexus 5X Build/MMB29P) AppleWebKit/537.36 (KHTML, like Gecko) Chrome/137.0.7151.103 Mobile Safari/537.36 (compatible; Googlebot/2.1; +http://www.google.com/bot.html)"
66.249.64.226 - - [12/Jul/2025:14:41:53 +0000] "GET /?h=5627133051600&mod=8b3abac1&uri=category-info.php%3Fid%3D187885-332%26name%3Dprakash+jal+a+sanam HTTP/1.1" 200 21829 "-" "Mozilla/5.0 (Linux; Android 6.0.1; Nexus 5X Build/MMB29P) AppleWebKit/537.36 (KHTML, like Gecko) Chrome/137.0.7151.103 Mobile Safari/537.36 (compatible; Googlebot/2.1; +http://www.google.com/bot.html)"
66.249.64.226 - - [12/Jul/2025:14:42:02 +0000] "GET /?h=5742253021600&mod=6bca76ce&uri=search.php%3Fid%3D191761-335%26name%3Dryobi+one+hp+impact+wrench HTTP/1.1" 200 22348 "-" "Mozilla/5.0 (Linux; Android 6.0.1; Nexus 5X Build/MMB29P) AppleWebKit/537.36 (KHTML, like Gecko) Chrome/137.0.7151.103 Mobile Safari/537.36 (compatible; Googlebot/2.1; +http://www.google.com/bot.html)"
66.249.64.227 - - [12/Jul/2025:14:42:04 +0000] "GET /?h=5536924001600&mod=3dd420c4&uri=search.php%3Fid%3D184844-310%26name%3Dnvidia+geforce+rtx+2080+super+laptop HTTP/1.1" 200 22409 "-" "Mozilla/5.0 (Linux; Android 6.0.1; Nexus 5X Build/MMB29P) AppleWebKit/537.36 (KHTML, like Gecko) Chrome/137.0.7151.103 Mobile Safari/537.36 (compatible; Googlebot/2.1; +http://www.google.com/bot.html)"
209.74.77.214 - - [12/Jul/2025:14:42:15 +0000] "POST /wp-cron.php?doing_wp_cron=1752331335.2115879058837890625000 HTTP/1.1" 200 - "-" "WordPress/6.8.1; https://sergio-cuchi.tattoo"
54.210.152.179 - - [12/Jul/2025:14:42:14 +0000] "GET /artists/ HTTP/1.1" 200 13331 "-" "Mozilla/5.0 AppleWebKit/537.36 (KHTML, like Gecko; compatible; Amazonbot/0.1; +https://developer.amazon.com/support/amazonbot) Chrome/119.0.6045.214 Safari/537.36"
66.249.64.226 - - [12/Jul/2025:14:42:06 +0000] "GET /?h=113764878091600&mod=f9421558&uri=category-info.php%3Fid%3D3796743-330%26name%3Druud+furnace+filter+size HTTP/1.1" 200 21364 "-" "Mozilla/5.0 (Linux; Android 6.0.1; Nexus 5X Build/MMB29P) AppleWebKit/537.36 (KHTML, like Gecko) Chrome/137.0.7151.103 Mobile Safari/537.36 (compatible; Googlebot/2.1; +http://www.google.com/bot.html)"
66.249.64.227 - - [12/Jul/2025:14:42:19 +0000] "GET /?h=4730011001600&mod=cfda2dd6&uri=category-info.php%3Fid%3D157868-288%26name%3Dtrevor+sorbie+wand HTTP/1.1" 200 21398 "-" "Mozilla/5.0 (Linux; Android 6.0.1; Nexus 5X Build/MMB29P) AppleWebKit/537.36 (KHTML, like Gecko) Chrome/137.0.7151.103 Mobile Safari/537.36 (compatible; Googlebot/2.1; +http://www.google.com/bot.html)"
