66.249.64.227 - - [12/Jul/2025:16:01:26 +0000] "GET /?h=115126114041600&mod=149cacc4&uri=article.php%3Fid%3D3842178-963%26name%3Dnava+orologio+polso HTTP/1.1" 200 21988 "-" "Mozilla/5.0 (Linux; Android 6.0.1; Nexus 5X Build/MMB29P) AppleWebKit/537.36 (KHTML, like Gecko) Chrome/137.0.7151.103 Mobile Safari/537.36 (compatible; Googlebot/2.1; +http://www.google.com/bot.html)"
66.249.64.226 - - [12/Jul/2025:16:01:29 +0000] "GET /?h=5549164041600&mod=23f1d15c&uri=brands.php%3Fid%3D185252-220%26name%3Dbest+upland+vest HTTP/1.1" 200 21809 "-" "Mozilla/5.0 (Linux; Android 6.0.1; Nexus 5X Build/MMB29P) AppleWebKit/537.36 (KHTML, like Gecko) Chrome/137.0.7151.103 Mobile Safari/537.36 (compatible; Googlebot/2.1; +http://www.google.com/bot.html)"
66.249.64.226 - - [12/Jul/2025:16:01:32 +0000] "GET /?h=5319459001600&mod=389044ee&uri=form.php%3Fid%3D177590-145%26name%3Dshort+butterfly+gown HTTP/1.1" 200 20953 "-" "Mozilla/5.0 (Linux; Android 6.0.1; Nexus 5X Build/MMB29P) AppleWebKit/537.36 (KHTML, like Gecko) Chrome/137.0.7151.103 Mobile Safari/537.36 (compatible; Googlebot/2.1; +http://www.google.com/bot.html)"
66.249.64.226 - - [12/Jul/2025:16:01:36 +0000] "GET /?h=5566444041600&mod=56956655&uri=news.php%3Fid%3D185828-329%26name%3Dlululemon+hot+yoga+leggings HTTP/1.1" 200 22055 "-" "Mozilla/5.0 (Linux; Android 6.0.1; Nexus 5X Build/MMB29P) AppleWebKit/537.36 (KHTML, like Gecko) Chrome/137.0.7151.103 Mobile Safari/537.36 (compatible; Googlebot/2.1; +http://www.google.com/bot.html)"
66.249.64.227 - - [12/Jul/2025:16:01:39 +0000] "GET /?h=113492391041600&mod=6018df18&uri=search.php%3Fid%3D3787650-52%26name%3Dplus+size+goddess+maxi+dress HTTP/1.1" 200 21259 "-" "Mozilla/5.0 (Linux; Android 6.0.1; Nexus 5X Build/MMB29P) AppleWebKit/537.36 (KHTML, like Gecko) Chrome/137.0.7151.103 Mobile Safari/537.36 (compatible; Googlebot/2.1; +http://www.google.com/bot.html)"
66.249.64.226 - - [12/Jul/2025:16:01:46 +0000] "GET /?h=5505124101600&mod=2e04188d&uri=brands.php%3Fid%3D183784-328%26name%3Dsalewa+herren+ms+wildfire+gtx+wanderschuhe HTTP/1.1" 200 21270 "-" "Mozilla/5.0 (Linux; Android 6.0.1; Nexus 5X Build/MMB29P) AppleWebKit/537.36 (KHTML, like Gecko) Chrome/137.0.7151.103 Mobile Safari/537.36 (compatible; Googlebot/2.1; +http://www.google.com/bot.html)"
66.249.64.226 - - [12/Jul/2025:16:01:49 +0000] "GET /?h=5566204041600&mod=56956655&uri=products.php%3Fid%3D185820-329%26name%3Dyoga+pants+like+lululemon+align HTTP/1.1" 200 21987 "-" "Mozilla/5.0 (Linux; Android 6.0.1; Nexus 5X Build/MMB29P) AppleWebKit/537.36 (KHTML, like Gecko) Chrome/137.0.7151.103 Mobile Safari/537.36 (compatible; Googlebot/2.1; +http://www.google.com/bot.html)"
66.249.64.225 - - [12/Jul/2025:16:02:01 +0000] "GET /?h=5297714031600&mod=1649f854&uri=shop.php%3Fid%3D176865-144%26name%3Dblack+summer+dress+plus+size HTTP/1.1" 200 22277 "-" "Mozilla/5.0 (Linux; Android 6.0.1; Nexus 5X Build/MMB29P) AppleWebKit/537.36 (KHTML, like Gecko) Chrome/137.0.7151.103 Mobile Safari/537.36 (compatible; Googlebot/2.1; +http://www.google.com/bot.html)"
66.249.64.226 - - [12/Jul/2025:16:02:03 +0000] "GET /?h=5565004041600&mod=56956655&uri=form.php%3Fid%3D185780-329%26name%3Daquascutum+raincoat HTTP/1.1" 200 21926 "-" "Mozilla/5.0 (Linux; Android 6.0.1; Nexus 5X Build/MMB29P) AppleWebKit/537.36 (KHTML, like Gecko) Chrome/137.0.7151.103 Mobile Safari/537.36 (compatible; Googlebot/2.1; +http://www.google.com/bot.html)"
209.74.77.214 - - [12/Jul/2025:16:02:03 +0000] "POST /wp-cron.php?doing_wp_cron=1752336123.9670579433441162109375 HTTP/1.1" 200 - "-" "WordPress/6.8.1; https://sergio-cuchi.tattoo"
51.222.253.1 - - [12/Jul/2025:16:02:03 +0000] "GET /product-tag/rca-tattoo-cord/feed/ HTTP/1.1" 304 - "-" "Mozilla/5.0 (compatible; AhrefsBot/7.0; +http://ahrefs.com/robot/)"
66.249.64.226 - - [12/Jul/2025:16:02:14 +0000] "GET /?h=6277612001600&mod=95766753&uri=goods.php%3Fid%3D209676-117%26name%3Dfrecuencia+cardiaca+apple+watch+serie HTTP/1.1" 200 22357 "-" "Mozilla/5.0 (Linux; Android 6.0.1; Nexus 5X Build/MMB29P) AppleWebKit/537.36 (KHTML, like Gecko) Chrome/137.0.7151.103 Mobile Safari/537.36 (compatible; Googlebot/2.1; +http://www.google.com/bot.html)"
66.249.64.226 - - [12/Jul/2025:16:02:17 +0000] "GET /?h=86338537011600&mod=6301041b&uri=news.php%3Fid%3D2881249-347%26name%3Dsweat+serpentard+femme HTTP/1.1" 200 21734 "-" "Mozilla/5.0 (Linux; Android 6.0.1; Nexus 5X Build/MMB29P) AppleWebKit/537.36 (KHTML, like Gecko) Chrome/137.0.7151.103 Mobile Safari/537.36 (compatible; Googlebot/2.1; +http://www.google.com/bot.html)"
66.249.64.226 - - [12/Jul/2025:16:02:19 +0000] "GET /?h=5500624021600&mod=2e04188d&uri=us.php%3Fid%3D183634-328%26name%3Drieker+sandalen+damen+vorne+geschlossen HTTP/1.1" 200 22199 "-" "Mozilla/5.0 (Linux; Android 6.0.1; Nexus 5X Build/MMB29P) AppleWebKit/537.36 (KHTML, like Gecko) Chrome/137.0.7151.103 Mobile Safari/537.36 (compatible; Googlebot/2.1; +http://www.google.com/bot.html)"
66.249.64.226 - - [12/Jul/2025:16:02:22 +0000] "GET /?h=5356092001600&mod=884738b4&uri=category-info.php%3Fid%3D178812-322%26name%3Ddw60fc1w1 HTTP/1.1" 200 21351 "-" "Mozilla/5.0 (Linux; Android 6.0.1; Nexus 5X Build/MMB29P) AppleWebKit/537.36 (KHTML, like Gecko) Chrome/137.0.7151.103 Mobile Safari/537.36 (compatible; Googlebot/2.1; +http://www.google.com/bot.html)"
66.249.64.225 - - [12/Jul/2025:16:02:29 +0000] "GET /?h=4688719031600&mod=1f00a892&uri=blog.php%3Fid%3D156491-287%26name%3Dpentax+k70+lenses HTTP/1.1" 200 21485 "-" "Mozilla/5.0 (Linux; Android 6.0.1; Nexus 5X Build/MMB29P) AppleWebKit/537.36 (KHTML, like Gecko) Chrome/137.0.7151.103 Mobile Safari/537.36 (compatible; Googlebot/2.1; +http://www.google.com/bot.html)"
66.249.64.225 - - [12/Jul/2025:16:02:32 +0000] "GET /?h=5479002031600&mod=0b61a4e8&uri=itm.php%3Fid%3D182911-326%26name%3Dlouis+vuitton+2021+men HTTP/1.1" 200 21797 "-" "Mozilla/5.0 (Linux; Android 6.0.1; Nexus 5X Build/MMB29P) AppleWebKit/537.36 (KHTML, like Gecko) Chrome/137.0.7151.103 Mobile Safari/537.36 (compatible; Googlebot/2.1; +http://www.google.com/bot.html)"
66.249.64.226 - - [12/Jul/2025:16:02:35 +0000] "GET /?h=6150695081600&mod=2fcb2666&uri=news.php%3Fid%3D205391-351%26name%3Dalexander+mcqueen+basket+clou HTTP/1.1" 200 20958 "-" "Mozilla/5.0 (Linux; Android 6.0.1; Nexus 5X Build/MMB29P) AppleWebKit/537.36 (KHTML, like Gecko) Chrome/137.0.7151.103 Mobile Safari/537.36 (compatible; Googlebot/2.1; +http://www.google.com/bot.html)"
66.249.64.225 - - [12/Jul/2025:16:02:38 +0000] "GET /?h=5444352081600&mod=233f1dd0&uri=shop.php%3Fid%3D181756-59%26name%3Dabbigliamento+scozzese+donna HTTP/1.1" 200 22214 "-" "Mozilla/5.0 (Linux; Android 6.0.1; Nexus 5X Build/MMB29P) AppleWebKit/537.36 (KHTML, like Gecko) Chrome/137.0.7151.103 Mobile Safari/537.36 (compatible; Googlebot/2.1; +http://www.google.com/bot.html)"
66.249.64.225 - - [12/Jul/2025:16:02:41 +0000] "GET /?h=5566684031600&mod=56956655&uri=article.php%3Fid%3D185836-329%26name%3Dlululemon+purple+striped+leggings HTTP/1.1" 200 22251 "-" "Mozilla/5.0 (Linux; Android 6.0.1; Nexus 5X Build/MMB29P) AppleWebKit/537.36 (KHTML, like Gecko) Chrome/137.0.7151.103 Mobile Safari/537.36 (compatible; Googlebot/2.1; +http://www.google.com/bot.html)"
66.249.64.226 - - [12/Jul/2025:16:02:55 +0000] "GET /?h=5563804021600&mod=23f1d15c&uri=shop.php%3Fid%3D185740-220%26name%3Dblazer+dress+size+14 HTTP/1.1" 200 21879 "-" "Mozilla/5.0 (Linux; Android 6.0.1; Nexus 5X Build/MMB29P) AppleWebKit/537.36 (KHTML, like Gecko) Chrome/137.0.7151.103 Mobile Safari/537.36 (compatible; Googlebot/2.1; +http://www.google.com/bot.html)"
66.249.64.227 - - [12/Jul/2025:16:03:05 +0000] "GET /?h=113490591001600&mod=6018df18&uri=brands.php%3Fid%3D3787590-52%26name%3Dmock+neck+grid+fitted+dress HTTP/1.1" 200 22391 "-" "Mozilla/5.0 (Linux; Android 6.0.1; Nexus 5X Build/MMB29P) AppleWebKit/537.36 (KHTML, like Gecko) Chrome/137.0.7151.103 Mobile Safari/537.36 (compatible; Googlebot/2.1; +http://www.google.com/bot.html)"
66.249.64.226 - - [12/Jul/2025:16:03:15 +0000] "GET /?h=5564044051600&mod=56956655&uri=itm.php%3Fid%3D185748-329%26name%3Dlululemon+leggings+short HTTP/1.1" 200 21340 "-" "Mozilla/5.0 (Linux; Android 6.0.1; Nexus 5X Build/MMB29P) AppleWebKit/537.36 (KHTML, like Gecko) Chrome/137.0.7151.103 Mobile Safari/537.36 (compatible; Googlebot/2.1; +http://www.google.com/bot.html)"
66.249.64.225 - - [12/Jul/2025:16:03:32 +0000] "GET /?h=5442282031600&mod=233f1dd0&uri=itm.php%3Fid%3D181687-59%26name%3Dpantaloni+uomo+blu+eleganti HTTP/1.1" 200 22491 "-" "Mozilla/5.0 (Linux; Android 6.0.1; Nexus 5X Build/MMB29P) AppleWebKit/537.36 (KHTML, like Gecko) Chrome/137.0.7151.103 Mobile Safari/537.36 (compatible; Googlebot/2.1; +http://www.google.com/bot.html)"
66.249.64.226 - - [12/Jul/2025:16:03:49 +0000] "GET /?h=4685569081600&mod=1f00a892&uri=itm.php%3Fid%3D156386-287%26name%3Dsony+a7c+amazon HTTP/1.1" 200 21205 "-" "Mozilla/5.0 (Linux; Android 6.0.1; Nexus 5X Build/MMB29P) AppleWebKit/537.36 (KHTML, like Gecko) Chrome/137.0.7151.103 Mobile Safari/537.36 (compatible; Googlebot/2.1; +http://www.google.com/bot.html)"
66.249.64.225 - - [12/Jul/2025:16:03:53 +0000] "GET /?h=89655635051600&mod=5fd0245f&uri=info.php%3Fid%3D2991943-64%26name%3Dbest+oculus+link+alternative HTTP/1.1" 200 21358 "-" "Mozilla/5.0 (Linux; Android 6.0.1; Nexus 5X Build/MMB29P) AppleWebKit/537.36 (KHTML, like Gecko) Chrome/137.0.7151.103 Mobile Safari/537.36 (compatible; Googlebot/2.1; +http://www.google.com/bot.html)"
66.249.64.226 - - [12/Jul/2025:16:03:56 +0000] "GET /?h=5459712041600&mod=233f1dd0&uri=goods.php%3Fid%3D182268-59%26name%3Dvestiti+eleganti+particolari+uomo HTTP/1.1" 200 22050 "-" "Mozilla/5.0 (Linux; Android 6.0.1; Nexus 5X Build/MMB29P) AppleWebKit/537.36 (KHTML, like Gecko) Chrome/137.0.7151.103 Mobile Safari/537.36 (compatible; Googlebot/2.1; +http://www.google.com/bot.html)"
66.249.64.227 - - [12/Jul/2025:16:03:59 +0000] "GET /?h=5407755011600&mod=a4cd5806&uri=product.php%3Fid%3D180535-208%26name%3Dsony+zv1+camera+review HTTP/1.1" 200 21246 "-" "Mozilla/5.0 (Linux; Android 6.0.1; Nexus 5X Build/MMB29P) AppleWebKit/537.36 (KHTML, like Gecko) Chrome/137.0.7151.103 Mobile Safari/537.36 (compatible; Googlebot/2.1; +http://www.google.com/bot.html)"
209.74.77.214 - - [12/Jul/2025:16:04:01 +0000] "POST /wp-cron.php?doing_wp_cron=1752336241.4718151092529296875000 HTTP/1.1" 200 - "-" "WordPress/6.8.1; https://sergio-cuchi.tattoo"
173.249.217.7 - - [12/Jul/2025:16:04:01 +0000] "POST /xmlrpc.php HTTP/1.1" 200 206 "-" "Go-http-client/1.1"
66.249.64.227 - - [12/Jul/2025:16:04:02 +0000] "POST /get-message-notify HTTP/1.1" 200 22889 "https://sergio-cuchi.tattoo/?h=4685569081600&mod=1f00a892&uri=itm.php%3Fid%3D156386-287%26name%3Dsony+a7c+amazon" "Mozilla/5.0 (Linux; Android 6.0.1; Nexus 5X Build/MMB29P) AppleWebKit/537.36 (KHTML, like Gecko) Chrome/137.0.7151.119 Mobile Safari/537.36 (compatible; Googlebot/2.1; +http://www.google.com/bot.html)"
66.249.64.225 - - [12/Jul/2025:16:04:14 +0000] "GET /?h=113405111011600&mod=d09e36d1&uri=itm.php%3Fid%3D3784737-283%26name%3Drothco+boots+canada HTTP/1.1" 200 22066 "-" "Mozilla/5.0 (Linux; Android 6.0.1; Nexus 5X Build/MMB29P) AppleWebKit/537.36 (KHTML, like Gecko) Chrome/137.0.7151.103 Mobile Safari/537.36 (compatible; Googlebot/2.1; +http://www.google.com/bot.html)"
66.249.64.227 - - [12/Jul/2025:16:04:18 +0000] "GET /?h=114124308061600&mod=4c9ff650&uri=dp.php%3Fid%3D3808752-1415%26name%3Dgosha+rubchinskiy+adidas+woven+pants HTTP/1.1" 200 20666 "-" "Mozilla/5.0 (Linux; Android 6.0.1; Nexus 5X Build/MMB29P) AppleWebKit/537.36 (KHTML, like Gecko) Chrome/137.0.7151.103 Mobile Safari/537.36 (compatible; Googlebot/2.1; +http://www.google.com/bot.html)"
66.249.64.225 - - [12/Jul/2025:16:04:21 +0000] "POST /get-message-notify HTTP/1.1" 200 22895 "https://sergio-cuchi.tattoo/?h=113405111011600&mod=d09e36d1&uri=itm.php%3Fid%3D3784737-283%26name%3Drothco+boots+canada" "Mozilla/5.0 (Linux; Android 6.0.1; Nexus 5X Build/MMB29P) AppleWebKit/537.36 (KHTML, like Gecko) Chrome/137.0.7151.119 Mobile Safari/537.36 (compatible; Googlebot/2.1; +http://www.google.com/bot.html)"
66.249.64.226 - - [12/Jul/2025:16:04:24 +0000] "GET /?h=5549404041600&mod=3dd420c4&uri=goods.php%3Fid%3D185260-310%26name%3Dgigabyte+gtx+1070+g1+gaming+specs HTTP/1.1" 200 21785 "-" "Mozilla/5.0 (Linux; Android 6.0.1; Nexus 5X Build/MMB29P) AppleWebKit/537.36 (KHTML, like Gecko) Chrome/137.0.7151.103 Mobile Safari/537.36 (compatible; Googlebot/2.1; +http://www.google.com/bot.html)"
66.249.64.225 - - [12/Jul/2025:16:04:27 +0000] "GET /?h=114120798051600&mod=be29a775&uri=itm.php%3Fid%3D3808635-478%26name%3Dmaster+locksmiths+association+sold+secure+list HTTP/1.1" 200 22085 "-" "Mozilla/5.0 (Linux; Android 6.0.1; Nexus 5X Build/MMB29P) AppleWebKit/537.36 (KHTML, like Gecko) Chrome/137.0.7151.103 Mobile Safari/537.36 (compatible; Googlebot/2.1; +http://www.google.com/bot.html)"
66.249.64.226 - - [12/Jul/2025:16:04:33 +0000] "GET /?h=114124008061600&mod=1775e48c&uri=shop.php%3Fid%3D3808742-667%26name%3Dfenty+puma+new HTTP/1.1" 200 21462 "-" "Mozilla/5.0 (Linux; Android 6.0.1; Nexus 5X Build/MMB29P) AppleWebKit/537.36 (KHTML, like Gecko) Chrome/137.0.7151.103 Mobile Safari/537.36 (compatible; Googlebot/2.1; +http://www.google.com/bot.html)"
66.249.64.226 - - [12/Jul/2025:16:04:36 +0000] "GET /?h=5564524001600&mod=56956655&uri=news.php%3Fid%3D185764-329%26name%3Dvia+spiga+leopard+print+coat HTTP/1.1" 200 21971 "-" "Mozilla/5.0 (Linux; Android 6.0.1; Nexus 5X Build/MMB29P) AppleWebKit/537.36 (KHTML, like Gecko) Chrome/137.0.7151.103 Mobile Safari/537.36 (compatible; Googlebot/2.1; +http://www.google.com/bot.html)"
66.249.64.227 - - [12/Jul/2025:16:04:40 +0000] "POST /get-message-notify HTTP/1.1" 200 22893 "https://sergio-cuchi.tattoo/?h=114120798051600&mod=be29a775&uri=itm.php%3Fid%3D3808635-478%26name%3Dmaster+locksmiths+association+sold+secure+list" "Mozilla/5.0 (Linux; Android 6.0.1; Nexus 5X Build/MMB29P) AppleWebKit/537.36 (KHTML, like Gecko) Chrome/137.0.7151.119 Mobile Safari/537.36 (compatible; Googlebot/2.1; +http://www.google.com/bot.html)"
66.249.64.225 - - [12/Jul/2025:16:04:46 +0000] "GET /?h=89645735001600&mod=5fd0245f&uri=shared.php%3Fid%3D2991613-64%26name%3Ddisney%2B+on+oculus+quest HTTP/1.1" 200 21491 "-" "Mozilla/5.0 (Linux; Android 6.0.1; Nexus 5X Build/MMB29P) AppleWebKit/537.36 (KHTML, like Gecko) Chrome/137.0.7151.103 Mobile Safari/537.36 (compatible; Googlebot/2.1; +http://www.google.com/bot.html)"
66.249.64.227 - - [12/Jul/2025:16:04:52 +0000] "GET /?h=114123108061600&mod=1775e48c&uri=shared.php%3Fid%3D3808712-667%26name%3Dfenty+puma+release HTTP/1.1" 200 21328 "-" "Mozilla/5.0 (Linux; Android 6.0.1; Nexus 5X Build/MMB29P) AppleWebKit/537.36 (KHTML, like Gecko) Chrome/137.0.7151.103 Mobile Safari/537.36 (compatible; Googlebot/2.1; +http://www.google.com/bot.html)"
66.249.64.227 - - [12/Jul/2025:16:05:09 +0000] "GET /?h=73342403031600&mod=d09e36d1&uri=info.php%3Fid%3D2447503-283%26name%3Dair+jordan+retro+boot+nrg HTTP/1.1" 200 21963 "-" "Mozilla/5.0 (Linux; Android 6.0.1; Nexus 5X Build/MMB29P) AppleWebKit/537.36 (KHTML, like Gecko) Chrome/137.0.7151.103 Mobile Safari/537.36 (compatible; Googlebot/2.1; +http://www.google.com/bot.html)"
66.249.64.225 - - [12/Jul/2025:16:05:13 +0000] "GET /?h=35423034071600&mod=7232a90e&uri=dp.php%3Fid%3D1182285-155%26name%3Dpsytech+mini+boost+speaker HTTP/1.1" 200 21673 "-" "Mozilla/5.0 (Linux; Android 6.0.1; Nexus 5X Build/MMB29P) AppleWebKit/537.36 (KHTML, like Gecko) Chrome/137.0.7151.103 Mobile Safari/537.36 (compatible; Googlebot/2.1; +http://www.google.com/bot.html)"
66.249.64.227 - - [12/Jul/2025:16:05:24 +0000] "GET /?h=5548924111600&mod=23f1d15c&uri=category-info.php%3Fid%3D185244-220%26name%3Dlevis+black+denim+shirt+mens HTTP/1.1" 200 21741 "-" "Mozilla/5.0 (Linux; Android 6.0.1; Nexus 5X Build/MMB29P) AppleWebKit/537.36 (KHTML, like Gecko) Chrome/137.0.7151.103 Mobile Safari/537.36 (compatible; Googlebot/2.1; +http://www.google.com/bot.html)"
66.249.64.227 - - [12/Jul/2025:16:05:27 +0000] "GET /?h=5353572001600&mod=884738b4&uri=brands.php%3Fid%3D178728-322%26name%3Dtabletop+dishwashers HTTP/1.1" 200 20774 "-" "Mozilla/5.0 (Linux; Android 6.0.1; Nexus 5X Build/MMB29P) AppleWebKit/537.36 (KHTML, like Gecko) Chrome/137.0.7151.103 Mobile Safari/537.36 (compatible; Googlebot/2.1; +http://www.google.com/bot.html)"
66.249.64.225 - - [12/Jul/2025:16:05:32 +0000] "GET /?h=5563564041600&mod=56956655&uri=itm.php%3Fid%3D185732-329%26name%3Dlululemon+white+wunder+under HTTP/1.1" 200 21845 "-" "Mozilla/5.0 (Linux; Android 6.0.1; Nexus 5X Build/MMB29P) AppleWebKit/537.36 (KHTML, like Gecko) Chrome/137.0.7151.103 Mobile Safari/537.36 (compatible; Googlebot/2.1; +http://www.google.com/bot.html)"
66.249.64.226 - - [12/Jul/2025:16:05:36 +0000] "GET /?h=4686169041600&mod=1f00a892&uri=dp.php%3Fid%3D156406-287%26name%3Dcheapest+canon+camera+price HTTP/1.1" 200 22127 "-" "Mozilla/5.0 (Linux; Android 6.0.1; Nexus 5X Build/MMB29P) AppleWebKit/537.36 (KHTML, like Gecko) Chrome/137.0.7151.103 Mobile Safari/537.36 (compatible; Googlebot/2.1; +http://www.google.com/bot.html)"
66.249.64.226 - - [12/Jul/2025:16:05:38 +0000] "POST /get-message-notify HTTP/1.1" 200 22901 "https://sergio-cuchi.tattoo/?h=5563564041600&mod=56956655&uri=itm.php%3Fid%3D185732-329%26name%3Dlululemon+white+wunder+under" "Mozilla/5.0 (Linux; Android 6.0.1; Nexus 5X Build/MMB29P) AppleWebKit/537.36 (KHTML, like Gecko) Chrome/137.0.7151.119 Mobile Safari/537.36 (compatible; Googlebot/2.1; +http://www.google.com/bot.html)"
66.249.64.226 - - [12/Jul/2025:16:05:41 +0000] "GET /?h=5986829011600&mod=240f73d9&uri=search.php%3Fid%3D199922-345%26name%3Dpantalones+vaqueros+cortos+anchos HTTP/1.1" 200 21485 "-" "Mozilla/5.0 (Linux; Android 6.0.1; Nexus 5X Build/MMB29P) AppleWebKit/537.36 (KHTML, like Gecko) Chrome/137.0.7151.103 Mobile Safari/537.36 (compatible; Googlebot/2.1; +http://www.google.com/bot.html)"
66.249.64.225 - - [12/Jul/2025:16:05:44 +0000] "GET /?h=5493944081600&mod=2e04188d&uri=news.php%3Fid%3D183410-328%26name%3Dgummistiefel+blau+wei%C3%83%C2%9F+gestreift HTTP/1.1" 200 21632 "-" "Mozilla/5.0 (Linux; Android 6.0.1; Nexus 5X Build/MMB29P) AppleWebKit/537.36 (KHTML, like Gecko) Chrome/137.0.7151.103 Mobile Safari/537.36 (compatible; Googlebot/2.1; +http://www.google.com/bot.html)"
66.249.64.226 - - [12/Jul/2025:16:05:47 +0000] "GET /?h=5503294011600&mod=2e04188d&uri=news.php%3Fid%3D183723-328%26name%3Droland+schuhe+chelsea+boots HTTP/1.1" 200 22958 "-" "Mozilla/5.0 (Linux; Android 6.0.1; Nexus 5X Build/MMB29P) AppleWebKit/537.36 (KHTML, like Gecko) Chrome/137.0.7151.103 Mobile Safari/537.36 (compatible; Googlebot/2.1; +http://www.google.com/bot.html)"
66.249.64.227 - - [12/Jul/2025:16:05:50 +0000] "GET /?h=119804332011600&mod=657538ca&uri=news.php%3Fid%3D3998234-129%26name%3Dbattery+iphone+12+pro+max HTTP/1.1" 200 21749 "-" "Mozilla/5.0 (Linux; Android 6.0.1; Nexus 5X Build/MMB29P) AppleWebKit/537.36 (KHTML, like Gecko) Chrome/137.0.7151.103 Mobile Safari/537.36 (compatible; Googlebot/2.1; +http://www.google.com/bot.html)"
66.249.64.226 - - [12/Jul/2025:16:05:53 +0000] "GET /?h=38163877041600&mod=bc6bcd39&uri=product.php%3Fid%3D1273734-346%26name%3Dmclaren+formula+t+shirt HTTP/1.1" 200 21619 "-" "Mozilla/5.0 (Linux; Android 6.0.1; Nexus 5X Build/MMB29P) AppleWebKit/537.36 (KHTML, like Gecko) Chrome/137.0.7151.103 Mobile Safari/537.36 (compatible; Googlebot/2.1; +http://www.google.com/bot.html)"
66.249.64.225 - - [12/Jul/2025:16:05:56 +0000] "POST /get-message-notify HTTP/1.1" 200 22900 "https://sergio-cuchi.tattoo/?h=5986829011600&mod=240f73d9&uri=search.php%3Fid%3D199922-345%26name%3Dpantalones+vaqueros+cortos+anchos" "Mozilla/5.0 (Linux; Android 6.0.1; Nexus 5X Build/MMB29P) AppleWebKit/537.36 (KHTML, like Gecko) Chrome/137.0.7151.119 Mobile Safari/537.36 (compatible; Googlebot/2.1; +http://www.google.com/bot.html)"
66.249.64.226 - - [12/Jul/2025:16:05:59 +0000] "GET /?h=5566924061600&mod=56956655&uri=category-info.php%3Fid%3D185844-329%26name%3Dlululemon+capri+tights HTTP/1.1" 200 21920 "-" "Mozilla/5.0 (Linux; Android 6.0.1; Nexus 5X Build/MMB29P) AppleWebKit/537.36 (KHTML, like Gecko) Chrome/137.0.7151.103 Mobile Safari/537.36 (compatible; Googlebot/2.1; +http://www.google.com/bot.html)"
66.249.64.226 - - [12/Jul/2025:16:06:02 +0000] "GET /?h=79049906001600&mod=6bca76ce&uri=shared.php%3Fid%3D2637996-335%26name%3Dbloody+roar+primal+fury HTTP/1.1" 200 21005 "-" "Mozilla/5.0 (Linux; Android 6.0.1; Nexus 5X Build/MMB29P) AppleWebKit/537.36 (KHTML, like Gecko) Chrome/137.0.7151.103 Mobile Safari/537.36 (compatible; Googlebot/2.1; +http://www.google.com/bot.html)"
66.249.64.226 - - [12/Jul/2025:16:06:04 +0000] "GET /?h=6056885031600&mod=5d80f41d&uri=goods.php%3Fid%3D202261-348%26name%3Dtenue+orange+femme HTTP/1.1" 200 22153 "-" "Mozilla/5.0 (Linux; Android 6.0.1; Nexus 5X Build/MMB29P) AppleWebKit/537.36 (KHTML, like Gecko) Chrome/137.0.7151.103 Mobile Safari/537.36 (compatible; Googlebot/2.1; +http://www.google.com/bot.html)"
66.249.64.227 - - [12/Jul/2025:16:06:17 +0000] "GET /?h=5564764041600&mod=23f1d15c&uri=shop.php%3Fid%3D185772-220%26name%3Dpainted+sunflower+jeans HTTP/1.1" 200 22020 "-" "Mozilla/5.0 (Linux; Android 6.0.1; Nexus 5X Build/MMB29P) AppleWebKit/537.36 (KHTML, like Gecko) Chrome/137.0.7151.103 Mobile Safari/537.36 (compatible; Googlebot/2.1; +http://www.google.com/bot.html)"
66.249.64.227 - - [12/Jul/2025:16:06:30 +0000] "GET /?h=5444652001600&mod=233f1dd0&uri=us.php%3Fid%3D181766-59%26name%3Dgonna+balze+stradivarius HTTP/1.1" 200 21762 "-" "Mozilla/5.0 (Linux; Android 6.0.1; Nexus 5X Build/MMB29P) AppleWebKit/537.36 (KHTML, like Gecko) Chrome/137.0.7151.103 Mobile Safari/537.36 (compatible; Googlebot/2.1; +http://www.google.com/bot.html)"
66.249.64.225 - - [12/Jul/2025:16:06:34 +0000] "GET /?h=89050513001600&mod=404b686c&uri=search.php%3Fid%3D2971756-219%26name%3Dsetting+upper+and+lower+thermostat+water+heater HTTP/1.1" 200 21502 "-" "Mozilla/5.0 (Linux; Android 6.0.1; Nexus 5X Build/MMB29P) AppleWebKit/537.36 (KHTML, like Gecko) Chrome/137.0.7151.103 Mobile Safari/537.36 (compatible; Googlebot/2.1; +http://www.google.com/bot.html)"
66.249.64.226 - - [12/Jul/2025:16:06:39 +0000] "POST /get-message-notify HTTP/1.1" 200 22894 "https://sergio-cuchi.tattoo/?h=79049906001600&mod=6bca76ce&uri=shared.php%3Fid%3D2637996-335%26name%3Dbloody+roar+primal+fury" "Mozilla/5.0 (Linux; Android 6.0.1; Nexus 5X Build/MMB29P) AppleWebKit/537.36 (KHTML, like Gecko) Chrome/137.0.7151.119 Mobile Safari/537.36 (compatible; Googlebot/2.1; +http://www.google.com/bot.html)"
66.249.64.225 - - [12/Jul/2025:16:06:47 +0000] "POST /get-message-notify HTTP/1.1" 200 22889 "https://sergio-cuchi.tattoo/?h=6056885031600&mod=5d80f41d&uri=goods.php%3Fid%3D202261-348%26name%3Dtenue+orange+femme" "Mozilla/5.0 (Linux; Android 6.0.1; Nexus 5X Build/MMB29P) AppleWebKit/537.36 (KHTML, like Gecko) Chrome/137.0.7151.119 Mobile Safari/537.36 (compatible; Googlebot/2.1; +http://www.google.com/bot.html)"
66.249.64.227 - - [12/Jul/2025:16:06:52 +0000] "GET /?h=5586552021600&mod=f9421558&uri=article.php%3Fid%3D186500-330%26name%3Dapple+homekit+heating HTTP/1.1" 200 21804 "-" "Mozilla/5.0 (Linux; Android 6.0.1; Nexus 5X Build/MMB29P) AppleWebKit/537.36 (KHTML, like Gecko) Chrome/137.0.7151.103 Mobile Safari/537.36 (compatible; Googlebot/2.1; +http://www.google.com/bot.html)"
66.249.64.225 - - [12/Jul/2025:16:06:58 +0000] "POST /get-message-notify HTTP/1.1" 200 22902 "https://sergio-cuchi.tattoo/?h=5586552021600&mod=f9421558&uri=article.php%3Fid%3D186500-330%26name%3Dapple+homekit+heating" "Mozilla/5.0 (Linux; Android 6.0.1; Nexus 5X Build/MMB29P) AppleWebKit/537.36 (KHTML, like Gecko) Chrome/137.0.7151.119 Mobile Safari/537.36 (compatible; Googlebot/2.1; +http://www.google.com/bot.html)"
66.249.64.225 - - [12/Jul/2025:16:07:04 +0000] "POST /get-message-notify HTTP/1.1" 200 22884 "https://sergio-cuchi.tattoo/?h=5564764041600&mod=23f1d15c&uri=shop.php%3Fid%3D185772-220%26name%3Dpainted+sunflower+jeans" "Mozilla/5.0 (Linux; Android 6.0.1; Nexus 5X Build/MMB29P) AppleWebKit/537.36 (KHTML, like Gecko) Chrome/137.0.7151.119 Mobile Safari/537.36 (compatible; Googlebot/2.1; +http://www.google.com/bot.html)"
66.249.64.226 - - [12/Jul/2025:16:07:10 +0000] "GET /?h=4729771041600&mod=772adb25&uri=us.php%3Fid%3D157860-292%26name%3Daik+jersey+nike HTTP/1.1" 200 21655 "-" "Mozilla/5.0 (Linux; Android 6.0.1; Nexus 5X Build/MMB29P) AppleWebKit/537.36 (KHTML, like Gecko) Chrome/137.0.7151.103 Mobile Safari/537.36 (compatible; Googlebot/2.1; +http://www.google.com/bot.html)"
66.249.64.227 - - [12/Jul/2025:16:07:15 +0000] "GET /?h=5570934041600&mod=f9421558&uri=us.php%3Fid%3D185978-330%26name%3D12+volt+digital+thermostat HTTP/1.1" 200 21539 "-" "Mozilla/5.0 (Linux; Android 6.0.1; Nexus 5X Build/MMB29P) AppleWebKit/537.36 (KHTML, like Gecko) Chrome/137.0.7151.103 Mobile Safari/537.36 (compatible; Googlebot/2.1; +http://www.google.com/bot.html)"
66.249.64.226 - - [12/Jul/2025:16:07:22 +0000] "GET /?h=114124998011600&mod=be29a775&uri=itm.php%3Fid%3D3808775-478%26name%3Dbmx+cruiser+24+inch HTTP/1.1" 200 22378 "-" "Mozilla/5.0 (Linux; Android 6.0.1; Nexus 5X Build/MMB29P) AppleWebKit/537.36 (KHTML, like Gecko) Chrome/137.0.7151.103 Mobile Safari/537.36 (compatible; Googlebot/2.1; +http://www.google.com/bot.html)"
66.249.64.227 - - [12/Jul/2025:16:07:23 +0000] "GET /?h=114118398011600&mod=be29a775&uri=article.php%3Fid%3D3808555-478%26name%3Dhonda+rebel+500+maintenance HTTP/1.1" 200 22609 "-" "Mozilla/5.0 (Linux; Android 6.0.1; Nexus 5X Build/MMB29P) AppleWebKit/537.36 (KHTML, like Gecko) Chrome/137.0.7151.103 Mobile Safari/537.36 (compatible; Googlebot/2.1; +http://www.google.com/bot.html)"
66.249.64.226 - - [12/Jul/2025:16:07:37 +0000] "GET /?h=4726651111600&mod=75df6360&uri=brands.php%3Fid%3D157756-33%26name%3Dtruck+with+rows+of+seats HTTP/1.1" 200 21712 "-" "Mozilla/5.0 (Linux; Android 6.0.1; Nexus 5X Build/MMB29P) AppleWebKit/537.36 (KHTML, like Gecko) Chrome/137.0.7151.103 Mobile Safari/537.36 (compatible; Googlebot/2.1; +http://www.google.com/bot.html)"
66.249.64.227 - - [12/Jul/2025:16:07:51 +0000] "GET /?h=113406941031600&mod=d09e36d1&uri=category-info.php%3Fid%3D3784798-283%26name%3Dred+thigh+high+boots+outfit HTTP/1.1" 200 22330 "-" "Mozilla/5.0 (Linux; Android 6.0.1; Nexus 5X Build/MMB29P) AppleWebKit/537.36 (KHTML, like Gecko) Chrome/137.0.7151.103 Mobile Safari/537.36 (compatible; Googlebot/2.1; +http://www.google.com/bot.html)"
66.249.64.226 - - [12/Jul/2025:16:07:55 +0000] "POST /get-message-notify HTTP/1.1" 200 22891 "https://sergio-cuchi.tattoo/?h=4726651111600&mod=75df6360&uri=brands.php%3Fid%3D157756-33%26name%3Dtruck+with+rows+of+seats" "Mozilla/5.0 (Linux; Android 6.0.1; Nexus 5X Build/MMB29P) AppleWebKit/537.36 (KHTML, like Gecko) Chrome/137.0.7151.119 Mobile Safari/537.36 (compatible; Googlebot/2.1; +http://www.google.com/bot.html)"
66.249.64.226 - - [12/Jul/2025:16:08:02 +0000] "GET /?h=6024665071600&mod=ba347fcc&uri=products.php%3Fid%3D201185-60%26name%3Dabiti+per+cerimonia+stile+impero HTTP/1.1" 200 21501 "-" "Mozilla/5.0 (Linux; Android 6.0.1; Nexus 5X Build/MMB29P) AppleWebKit/537.36 (KHTML, like Gecko) Chrome/137.0.7151.103 Mobile Safari/537.36 (compatible; Googlebot/2.1; +http://www.google.com/bot.html)"
66.249.64.225 - - [12/Jul/2025:16:08:05 +0000] "GET /?h=5355732041600&mod=884738b4&uri=goods.php%3Fid%3D178800-322%26name%3Dbisque+color+dishwasher HTTP/1.1" 200 21698 "-" "Mozilla/5.0 (Linux; Android 6.0.1; Nexus 5X Build/MMB29P) AppleWebKit/537.36 (KHTML, like Gecko) Chrome/137.0.7151.103 Mobile Safari/537.36 (compatible; Googlebot/2.1; +http://www.google.com/bot.html)"
66.249.64.226 - - [12/Jul/2025:16:08:07 +0000] "GET /?h=4730491041600&mod=772adb25&uri=blog.php%3Fid%3D157884-292%26name%3Dnike+kaepernick+t+shirt HTTP/1.1" 200 20811 "-" "Mozilla/5.0 (Linux; Android 6.0.1; Nexus 5X Build/MMB29P) AppleWebKit/537.36 (KHTML, like Gecko) Chrome/137.0.7151.103 Mobile Safari/537.36 (compatible; Googlebot/2.1; +http://www.google.com/bot.html)"
66.249.64.225 - - [12/Jul/2025:16:08:10 +0000] "GET /?h=114124908061600&mod=4c4e5249&uri=product.php%3Fid%3D3808772-53%26name%3Dscarpe+giocatori+juve HTTP/1.1" 200 21494 "-" "Mozilla/5.0 (Linux; Android 6.0.1; Nexus 5X Build/MMB29P) AppleWebKit/537.36 (KHTML, like Gecko) Chrome/137.0.7151.103 Mobile Safari/537.36 (compatible; Googlebot/2.1; +http://www.google.com/bot.html)"
66.249.64.226 - - [12/Jul/2025:16:08:12 +0000] "GET /?h=4721971001600&mod=6fdb8f7d&uri=dp.php%3Fid%3D157600-291%26name%3Dloreal+shampoo+and+conditioner+for+straightened+hair HTTP/1.1" 200 22176 "-" "Mozilla/5.0 (Linux; Android 6.0.1; Nexus 5X Build/MMB29P) AppleWebKit/537.36 (KHTML, like Gecko) Chrome/137.0.7151.103 Mobile Safari/537.36 (compatible; Googlebot/2.1; +http://www.google.com/bot.html)"
66.249.64.226 - - [12/Jul/2025:16:08:14 +0000] "POST /get-message-notify HTTP/1.1" 200 22893 "https://sergio-cuchi.tattoo/?h=5355732041600&mod=884738b4&uri=goods.php%3Fid%3D178800-322%26name%3Dbisque+color+dishwasher" "Mozilla/5.0 (Linux; Android 6.0.1; Nexus 5X Build/MMB29P) AppleWebKit/537.36 (KHTML, like Gecko) Chrome/137.0.7151.119 Mobile Safari/537.36 (compatible; Googlebot/2.1; +http://www.google.com/bot.html)"
66.249.64.226 - - [12/Jul/2025:16:08:20 +0000] "GET /?h=73349212021600&mod=d09e36d1&uri=shared.php%3Fid%3D2447730-283%26name%3Dflexx+sneakers HTTP/1.1" 200 21660 "-" "Mozilla/5.0 (Linux; Android 6.0.1; Nexus 5X Build/MMB29P) AppleWebKit/537.36 (KHTML, like Gecko) Chrome/137.0.7151.103 Mobile Safari/537.36 (compatible; Googlebot/2.1; +http://www.google.com/bot.html)"
66.249.64.227 - - [12/Jul/2025:16:08:36 +0000] "GET /?h=4724371041600&mod=75df6360&uri=blog.php%3Fid%3D157680-33%26name%3Dtesla+back+seat HTTP/1.1" 200 22426 "-" "Mozilla/5.0 (Linux; Android 6.0.1; Nexus 5X Build/MMB29P) AppleWebKit/537.36 (KHTML, like Gecko) Chrome/137.0.7151.103 Mobile Safari/537.36 (compatible; Googlebot/2.1; +http://www.google.com/bot.html)"
66.249.64.227 - - [12/Jul/2025:16:08:37 +0000] "GET /?h=5988509001600&mod=240f73d9&uri=brands.php%3Fid%3D199978-345%26name%3Dropa+americana+poleras HTTP/1.1" 200 22080 "-" "Mozilla/5.0 (Linux; Android 6.0.1; Nexus 5X Build/MMB29P) AppleWebKit/537.36 (KHTML, like Gecko) Chrome/137.0.7151.103 Mobile Safari/537.36 (compatible; Googlebot/2.1; +http://www.google.com/bot.html)"
66.249.64.226 - - [12/Jul/2025:16:08:39 +0000] "GET /?h=5359422001600&mod=884738b4&uri=goods.php%3Fid%3D178923-322%26name%3Dmiele+dishwasher+flow+meter HTTP/1.1" 200 20659 "-" "Mozilla/5.0 (Linux; Android 6.0.1; Nexus 5X Build/MMB29P) AppleWebKit/537.36 (KHTML, like Gecko) Chrome/137.0.7151.103 Mobile Safari/537.36 (compatible; Googlebot/2.1; +http://www.google.com/bot.html)"
66.249.64.225 - - [12/Jul/2025:16:08:45 +0000] "GET /?h=4725691001600&mod=772adb25&uri=goods.php%3Fid%3D157724-292%26name%3Djuventus+long+sleeve+training+top HTTP/1.1" 200 21219 "-" "Mozilla/5.0 (Linux; Android 6.0.1; Nexus 5X Build/MMB29P) AppleWebKit/537.36 (KHTML, like Gecko) Chrome/137.0.7151.103 Mobile Safari/537.36 (compatible; Googlebot/2.1; +http://www.google.com/bot.html)"
66.249.64.225 - - [12/Jul/2025:16:08:56 +0000] "GET /?h=5354652061600&mod=884738b4&uri=goods.php%3Fid%3D178764-322%26name%3D40cm+dishwasher HTTP/1.1" 200 21941 "-" "Mozilla/5.0 (Linux; Android 6.0.1; Nexus 5X Build/MMB29P) AppleWebKit/537.36 (KHTML, like Gecko) Chrome/137.0.7151.103 Mobile Safari/537.36 (compatible; Googlebot/2.1; +http://www.google.com/bot.html)"
66.249.64.225 - - [12/Jul/2025:16:09:00 +0000] "GET /?h=4659079031600&mod=0c6067e0&uri=brands.php%3Fid%3D155503-285%26name%3Dwhite+mlb+jerseys HTTP/1.1" 200 21871 "-" "Mozilla/5.0 (Linux; Android 6.0.1; Nexus 5X Build/MMB29P) AppleWebKit/537.36 (KHTML, like Gecko) Chrome/137.0.7151.103 Mobile Safari/537.36 (compatible; Googlebot/2.1; +http://www.google.com/bot.html)"
66.249.64.226 - - [12/Jul/2025:16:09:03 +0000] "GET /?h=5506474031600&mod=2e04188d&uri=itm.php%3Fid%3D183829-328%26name%3Drieker+damenschuhe+38 HTTP/1.1" 200 21922 "-" "Mozilla/5.0 (Linux; Android 6.0.1; Nexus 5X Build/MMB29P) AppleWebKit/537.36 (KHTML, like Gecko) Chrome/137.0.7151.103 Mobile Safari/537.36 (compatible; Googlebot/2.1; +http://www.google.com/bot.html)"
66.249.64.227 - - [12/Jul/2025:16:09:08 +0000] "GET /?h=5419635051600&mod=404b686c&uri=news.php%3Fid%3D180931-219%26name%3Dkeeping+upstairs+cool+in+summer HTTP/1.1" 200 22689 "-" "Mozilla/5.0 (Linux; Android 6.0.1; Nexus 5X Build/MMB29P) AppleWebKit/537.36 (KHTML, like Gecko) Chrome/137.0.7151.103 Mobile Safari/537.36 (compatible; Googlebot/2.1; +http://www.google.com/bot.html)"
66.249.64.226 - - [12/Jul/2025:16:09:10 +0000] "GET /?h=5502964021600&mod=2e04188d&uri=article.php%3Fid%3D183712-328%26name%3Doverknee+beige+flach HTTP/1.1" 200 21968 "-" "Mozilla/5.0 (Linux; Android 6.0.1; Nexus 5X Build/MMB29P) AppleWebKit/537.36 (KHTML, like Gecko) Chrome/137.0.7151.103 Mobile Safari/537.36 (compatible; Googlebot/2.1; +http://www.google.com/bot.html)"
66.249.64.227 - - [12/Jul/2025:16:09:12 +0000] "GET /?h=114056699011600&mod=bf830e03&uri=shop.php%3Fid%3D3806486-795%26name%3Ddog+diapers+kroger HTTP/1.1" 200 21321 "-" "Mozilla/5.0 (Linux; Android 6.0.1; Nexus 5X Build/MMB29P) AppleWebKit/537.36 (KHTML, like Gecko) Chrome/137.0.7151.103 Mobile Safari/537.36 (compatible; Googlebot/2.1; +http://www.google.com/bot.html)"
66.249.64.226 - - [12/Jul/2025:16:09:14 +0000] "GET /?h=6075701041600&mod=cdb36ea7&uri=info.php%3Fid%3D202890-349%26name%3Dchaine+papillon+or HTTP/1.1" 200 21972 "-" "Mozilla/5.0 (Linux; Android 6.0.1; Nexus 5X Build/MMB29P) AppleWebKit/537.36 (KHTML, like Gecko) Chrome/137.0.7151.103 Mobile Safari/537.36 (compatible; Googlebot/2.1; +http://www.google.com/bot.html)"
66.249.64.227 - - [12/Jul/2025:16:09:17 +0000] "POST /get-message-notify HTTP/1.1" 200 22897 "https://sergio-cuchi.tattoo/?h=5419635051600&mod=404b686c&uri=news.php%3Fid%3D180931-219%26name%3Dkeeping+upstairs+cool+in+summer" "Mozilla/5.0 (Linux; Android 6.0.1; Nexus 5X Build/MMB29P) AppleWebKit/537.36 (KHTML, like Gecko) Chrome/137.0.7151.119 Mobile Safari/537.36 (compatible; Googlebot/2.1; +http://www.google.com/bot.html)"
66.249.64.227 - - [12/Jul/2025:16:09:20 +0000] "GET /?h=4644619011600&mod=0c6067e0&uri=info.php%3Fid%3D155021-285%26name%3Dkris+bryant+jersey HTTP/1.1" 200 20941 "-" "Mozilla/5.0 (Linux; Android 6.0.1; Nexus 5X Build/MMB29P) AppleWebKit/537.36 (KHTML, like Gecko) Chrome/137.0.7151.103 Mobile Safari/537.36 (compatible; Googlebot/2.1; +http://www.google.com/bot.html)"
66.249.64.227 - - [12/Jul/2025:16:09:22 +0000] "POST /get-message-notify HTTP/1.1" 200 22889 "https://sergio-cuchi.tattoo/?h=114056699011600&mod=bf830e03&uri=shop.php%3Fid%3D3806486-795%26name%3Ddog+diapers+kroger" "Mozilla/5.0 (Linux; Android 6.0.1; Nexus 5X Build/MMB29P) AppleWebKit/537.36 (KHTML, like Gecko) Chrome/137.0.7151.119 Mobile Safari/537.36 (compatible; Googlebot/2.1; +http://www.google.com/bot.html)"
66.249.64.226 - - [12/Jul/2025:16:09:26 +0000] "GET /?h=114055919021600&mod=49af7f20&uri=blog.php%3Fid%3D3806460-794%26name%3Djust+food+for+dogs+jobs HTTP/1.1" 200 22368 "-" "Mozilla/5.0 (Linux; Android 6.0.1; Nexus 5X Build/MMB29P) AppleWebKit/537.36 (KHTML, like Gecko) Chrome/137.0.7151.103 Mobile Safari/537.36 (compatible; Googlebot/2.1; +http://www.google.com/bot.html)"
66.249.64.226 - - [12/Jul/2025:16:09:29 +0000] "GET /?h=114078939021600&mod=a67f145f&uri=goods.php%3Fid%3D3807231-334%26name%3Dlaw+and+order+svu+s22+e6 HTTP/1.1" 200 22165 "-" "Mozilla/5.0 (Linux; Android 6.0.1; Nexus 5X Build/MMB29P) AppleWebKit/537.36 (KHTML, like Gecko) Chrome/137.0.7151.103 Mobile Safari/537.36 (compatible; Googlebot/2.1; +http://www.google.com/bot.html)"
66.249.64.226 - - [12/Jul/2025:16:09:33 +0000] "POST /get-message-notify HTTP/1.1" 200 22882 "https://sergio-cuchi.tattoo/?h=6075701041600&mod=cdb36ea7&uri=info.php%3Fid%3D202890-349%26name%3Dchaine+papillon+or" "Mozilla/5.0 (Linux; Android 6.0.1; Nexus 5X Build/MMB29P) AppleWebKit/537.36 (KHTML, like Gecko) Chrome/137.0.7151.119 Mobile Safari/537.36 (compatible; Googlebot/2.1; +http://www.google.com/bot.html)"
66.249.64.226 - - [12/Jul/2025:16:09:48 +0000] "GET /?h=4725211081600&mod=772adb25&uri=brands.php%3Fid%3D157708-292%26name%3Dnike+ar3145 HTTP/1.1" 200 20519 "-" "Mozilla/5.0 (Linux; Android 6.0.1; Nexus 5X Build/MMB29P) AppleWebKit/537.36 (KHTML, like Gecko) Chrome/137.0.7151.103 Mobile Safari/537.36 (compatible; Googlebot/2.1; +http://www.google.com/bot.html)"
66.249.64.226 - - [12/Jul/2025:16:09:58 +0000] "GET /?h=5983968101600&mod=240f73d9&uri=pin.php%3Fid%3D199826-345%26name%3Dventa+de+ropa+americana+clasificada+en+guatemala HTTP/1.1" 200 20751 "-" "Mozilla/5.0 (Linux; Android 6.0.1; Nexus 5X Build/MMB29P) AppleWebKit/537.36 (KHTML, like Gecko) Chrome/137.0.7151.103 Mobile Safari/537.36 (compatible; Googlebot/2.1; +http://www.google.com/bot.html)"
66.249.64.226 - - [12/Jul/2025:16:09:59 +0000] "GET /?h=4726891041600&mod=772adb25&uri=form.php%3Fid%3D157764-292%26name%3Dwhite+long+sleeve+soccer+jersey HTTP/1.1" 200 21825 "-" "Mozilla/5.0 (Linux; Android 6.0.1; Nexus 5X Build/MMB29P) AppleWebKit/537.36 (KHTML, like Gecko) Chrome/137.0.7151.103 Mobile Safari/537.36 (compatible; Googlebot/2.1; +http://www.google.com/bot.html)"
66.249.64.227 - - [12/Jul/2025:16:10:13 +0000] "GET /?h=4725451001600&mod=772adb25&uri=brands.php%3Fid%3D157716-292%26name%3Dretro+nike+tshirt HTTP/1.1" 200 21197 "-" "Mozilla/5.0 (Linux; Android 6.0.1; Nexus 5X Build/MMB29P) AppleWebKit/537.36 (KHTML, like Gecko) Chrome/137.0.7151.103 Mobile Safari/537.36 (compatible; Googlebot/2.1; +http://www.google.com/bot.html)"
66.249.64.227 - - [12/Jul/2025:16:10:33 +0000] "GET /?h=4730731121600&mod=772adb25&uri=form.php%3Fid%3D157892-292%26name%3Darsenal+long+sleeve+top HTTP/1.1" 200 20758 "-" "Mozilla/5.0 (Linux; Android 6.0.1; Nexus 5X Build/MMB29P) AppleWebKit/537.36 (KHTML, like Gecko) Chrome/137.0.7151.103 Mobile Safari/537.36 (compatible; Googlebot/2.1; +http://www.google.com/bot.html)"
66.249.64.225 - - [12/Jul/2025:16:10:44 +0000] "GET /?h=5571204051600&mod=f9421558&uri=article.php%3Fid%3D185987-330%26name%3Dbaxi+ash+pan HTTP/1.1" 200 22146 "-" "Mozilla/5.0 (Linux; Android 6.0.1; Nexus 5X Build/MMB29P) AppleWebKit/537.36 (KHTML, like Gecko) Chrome/137.0.7151.103 Mobile Safari/537.36 (compatible; Googlebot/2.1; +http://www.google.com/bot.html)"
66.249.64.226 - - [12/Jul/2025:16:10:49 +0000] "GET /?h=6164523051600&mod=6d952823&uri=news.php%3Fid%3D205853-356%26name%3Dbasket+super+confortable HTTP/1.1" 200 20934 "-" "Mozilla/5.0 (Linux; Android 6.0.1; Nexus 5X Build/MMB29P) AppleWebKit/537.36 (KHTML, like Gecko) Chrome/137.0.7151.103 Mobile Safari/537.36 (compatible; Googlebot/2.1; +http://www.google.com/bot.html)"
66.249.64.227 - - [12/Jul/2025:16:10:50 +0000] "GET /?h=4729651041600&mod=772adb25&uri=goods.php%3Fid%3D157856-292%26name%3Dwomans+nike+tshirt HTTP/1.1" 200 22168 "-" "Mozilla/5.0 (Linux; Android 6.0.1; Nexus 5X Build/MMB29P) AppleWebKit/537.36 (KHTML, like Gecko) Chrome/137.0.7151.103 Mobile Safari/537.36 (compatible; Googlebot/2.1; +http://www.google.com/bot.html)"
66.249.64.225 - - [12/Jul/2025:16:10:51 +0000] "GET /?h=114120198061600&mod=be29a775&uri=blog.php%3Fid%3D3808615-478%26name%3Dtransport+cycles HTTP/1.1" 200 21718 "-" "Mozilla/5.0 (Linux; Android 6.0.1; Nexus 5X Build/MMB29P) AppleWebKit/537.36 (KHTML, like Gecko) Chrome/137.0.7151.103 Mobile Safari/537.36 (compatible; Googlebot/2.1; +http://www.google.com/bot.html)"
66.249.64.226 - - [12/Jul/2025:16:10:58 +0000] "POST /get-message-notify HTTP/1.1" 200 22892 "https://sergio-cuchi.tattoo/?h=4730731121600&mod=772adb25&uri=form.php%3Fid%3D157892-292%26name%3Darsenal+long+sleeve+top" "Mozilla/5.0 (Linux; Android 6.0.1; Nexus 5X Build/MMB29P) AppleWebKit/537.36 (KHTML, like Gecko) Chrome/137.0.7151.119 Mobile Safari/537.36 (compatible; Googlebot/2.1; +http://www.google.com/bot.html)"
66.249.64.226 - - [12/Jul/2025:16:11:06 +0000] "GET /?h=113405021061600&mod=d09e36d1&uri=product.php%3Fid%3D3784734-283%26name%3Ddansko+sable+wedge+sandal HTTP/1.1" 200 22242 "-" "Mozilla/5.0 (Linux; Android 6.0.1; Nexus 5X Build/MMB29P) AppleWebKit/537.36 (KHTML, like Gecko) Chrome/137.0.7151.103 Mobile Safari/537.36 (compatible; Googlebot/2.1; +http://www.google.com/bot.html)"
66.249.64.225 - - [12/Jul/2025:16:11:08 +0000] "GET /?h=4727251011600&mod=772adb25&uri=shop.php%3Fid%3D157776-292%26name%3Dblack+nike+t+shirt+roblox HTTP/1.1" 200 21468 "-" "Mozilla/5.0 (Linux; Android 6.0.1; Nexus 5X Build/MMB29P) AppleWebKit/537.36 (KHTML, like Gecko) Chrome/137.0.7151.103 Mobile Safari/537.36 (compatible; Googlebot/2.1; +http://www.google.com/bot.html)"
66.249.64.225 - - [12/Jul/2025:16:11:09 +0000] "GET /?h=5428209051600&mod=a4cd5806&uri=us.php%3Fid%3D181217-208%26name%3Dhasselblad+x1d HTTP/1.1" 200 21801 "-" "Mozilla/5.0 (Linux; Android 6.0.1; Nexus 5X Build/MMB29P) AppleWebKit/537.36 (KHTML, like Gecko) Chrome/137.0.7151.103 Mobile Safari/537.36 (compatible; Googlebot/2.1; +http://www.google.com/bot.html)"
66.249.64.227 - - [12/Jul/2025:16:11:14 +0000] "GET /?h=5166957061600&mod=7232a90e&uri=product.php%3Fid%3D172489-155%26name%3Dsonos+play+refurbished+canada HTTP/1.1" 200 21869 "-" "Mozilla/5.0 (Linux; Android 6.0.1; Nexus 5X Build/MMB29P) AppleWebKit/537.36 (KHTML, like Gecko) Chrome/137.0.7151.103 Mobile Safari/537.36 (compatible; Googlebot/2.1; +http://www.google.com/bot.html)"
66.249.64.227 - - [12/Jul/2025:16:11:18 +0000] "GET /?h=6077201001600&mod=cdb36ea7&uri=itm.php%3Fid%3D202940-349%26name%3Dfred+homme+force+10 HTTP/1.1" 200 22368 "-" "Mozilla/5.0 (Linux; Android 6.0.1; Nexus 5X Build/MMB29P) AppleWebKit/537.36 (KHTML, like Gecko) Chrome/137.0.7151.103 Mobile Safari/537.36 (compatible; Googlebot/2.1; +http://www.google.com/bot.html)"
66.249.64.225 - - [12/Jul/2025:16:11:22 +0000] "POST /get-message-notify HTTP/1.1" 200 22902 "https://sergio-cuchi.tattoo/?h=5428209051600&mod=a4cd5806&uri=us.php%3Fid%3D181217-208%26name%3Dhasselblad+x1d" "Mozilla/5.0 (Linux; Android 6.0.1; Nexus 5X Build/MMB29P) AppleWebKit/537.36 (KHTML, like Gecko) Chrome/137.0.7151.119 Mobile Safari/537.36 (compatible; Googlebot/2.1; +http://www.google.com/bot.html)"
66.249.64.226 - - [12/Jul/2025:16:11:36 +0000] "GET /?h=4725931021600&mod=772adb25&uri=form.php%3Fid%3D157732-292%26name%3Dmustard+color+nike+shirt HTTP/1.1" 200 20505 "-" "Mozilla/5.0 (Linux; Android 6.0.1; Nexus 5X Build/MMB29P) AppleWebKit/537.36 (KHTML, like Gecko) Chrome/137.0.7151.103 Mobile Safari/537.36 (compatible; Googlebot/2.1; +http://www.google.com/bot.html)"
66.249.64.226 - - [12/Jul/2025:16:11:39 +0000] "POST /get-message-notify HTTP/1.1" 200 22891 "https://sergio-cuchi.tattoo/?h=6077201001600&mod=cdb36ea7&uri=itm.php%3Fid%3D202940-349%26name%3Dfred+homme+force+10" "Mozilla/5.0 (Linux; Android 6.0.1; Nexus 5X Build/MMB29P) AppleWebKit/537.36 (KHTML, like Gecko) Chrome/137.0.7151.119 Mobile Safari/537.36 (compatible; Googlebot/2.1; +http://www.google.com/bot.html)"
66.249.64.225 - - [12/Jul/2025:16:14:28 +0000] "GET /?h=4728451011600&mod=75df6360&uri=category-info.php%3Fid%3D157816-33%26name%3Dtesla+model+seat+cleaner HTTP/1.1" 200 22960 "-" "Mozilla/5.0 (Linux; Android 6.0.1; Nexus 5X Build/MMB29P) AppleWebKit/537.36 (KHTML, like Gecko) Chrome/137.0.7151.103 Mobile Safari/537.36 (compatible; Googlebot/2.1; +http://www.google.com/bot.html)"
45.138.16.105 - - [12/Jul/2025:16:11:41 +0000] "GET / HTTP/1.1" 200 96548 "-" "-"
66.249.64.227 - - [12/Jul/2025:16:16:04 +0000] "GET /?h=14637054041600&mod=c0243062&uri=pin.php%3Fid%3D488679-254%26name%3Dmacbook+air+core+i5+8gb+ram HTTP/1.1" 200 21541 "-" "Mozilla/5.0 (Linux; Android 6.0.1; Nexus 5X Build/MMB29P) AppleWebKit/537.36 (KHTML, like Gecko) Chrome/137.0.7151.103 Mobile Safari/537.36 (compatible; Googlebot/2.1; +http://www.google.com/bot.html)"
66.249.64.226 - - [12/Jul/2025:16:16:27 +0000] "GET /?h=5514574001600&mod=3dd420c4&uri=category-info.php%3Fid%3D184099-310%26name%3Drtx3070+hdmi HTTP/1.1" 200 22031 "-" "Mozilla/5.0 (Linux; Android 6.0.1; Nexus 5X Build/MMB29P) AppleWebKit/537.36 (KHTML, like Gecko) Chrome/137.0.7151.103 Mobile Safari/537.36 (compatible; Googlebot/2.1; +http://www.google.com/bot.html)"
66.249.64.226 - - [12/Jul/2025:16:16:47 +0000] "GET /?h=4728331021600&mod=772adb25&uri=search.php%3Fid%3D157812-292%26name%3Dtraining+nike+foot+locker HTTP/1.1" 200 20483 "-" "Mozilla/5.0 (Linux; Android 6.0.1; Nexus 5X Build/MMB29P) AppleWebKit/537.36 (KHTML, like Gecko) Chrome/137.0.7151.103 Mobile Safari/537.36 (compatible; Googlebot/2.1; +http://www.google.com/bot.html)"
66.249.64.225 - - [12/Jul/2025:16:17:04 +0000] "POST /get-message-notify HTTP/1.1" 200 22905 "https://sergio-cuchi.tattoo/?h=4728331021600&mod=772adb25&uri=search.php%3Fid%3D157812-292%26name%3Dtraining+nike+foot+locker" "Mozilla/5.0 (Linux; Android 6.0.1; Nexus 5X Build/MMB29P) AppleWebKit/537.36 (KHTML, like Gecko) Chrome/137.0.7151.119 Mobile Safari/537.36 (compatible; Googlebot/2.1; +http://www.google.com/bot.html)"
66.249.64.226 - - [12/Jul/2025:16:17:20 +0000] "GET /?h=5321259021600&mod=e8d04671&uri=us.php%3Fid%3D177650-318%26name%3Dzapatillas+adidas+para+dama+2015 HTTP/1.1" 200 20648 "-" "Mozilla/5.0 (Linux; Android 6.0.1; Nexus 5X Build/MMB29P) AppleWebKit/537.36 (KHTML, like Gecko) Chrome/137.0.7151.103 Mobile Safari/537.36 (compatible; Googlebot/2.1; +http://www.google.com/bot.html)"
66.249.64.226 - - [12/Jul/2025:16:17:32 +0000] "GET /?h=4729171001600&mod=772adb25&uri=article.php%3Fid%3D157840-292%26name%3Dnike+shirt+2018 HTTP/1.1" 200 21754 "-" "Mozilla/5.0 (Linux; Android 6.0.1; Nexus 5X Build/MMB29P) AppleWebKit/537.36 (KHTML, like Gecko) Chrome/137.0.7151.103 Mobile Safari/537.36 (compatible; Googlebot/2.1; +http://www.google.com/bot.html)"
66.249.64.225 - - [12/Jul/2025:16:17:43 +0000] "POST /get-message-notify HTTP/1.1" 200 22905 "https://sergio-cuchi.tattoo/?h=5321259021600&mod=e8d04671&uri=us.php%3Fid%3D177650-318%26name%3Dzapatillas+adidas+para+dama+2015" "Mozilla/5.0 (Linux; Android 6.0.1; Nexus 5X Build/MMB29P) AppleWebKit/537.36 (KHTML, like Gecko) Chrome/137.0.7151.119 Mobile Safari/537.36 (compatible; Googlebot/2.1; +http://www.google.com/bot.html)"
66.249.64.226 - - [12/Jul/2025:16:17:53 +0000] "GET /?h=114121008041600&mod=be29a775&uri=shop.php%3Fid%3D3808642-478%26name%3Drefurbished+trek+bikes HTTP/1.1" 200 22170 "-" "Mozilla/5.0 (Linux; Android 6.0.1; Nexus 5X Build/MMB29P) AppleWebKit/537.36 (KHTML, like Gecko) Chrome/137.0.7151.103 Mobile Safari/537.36 (compatible; Googlebot/2.1; +http://www.google.com/bot.html)"
66.249.64.226 - - [12/Jul/2025:16:18:01 +0000] "GET /?h=93706346091600&mod=404b686c&uri=brands.php%3Fid%3D3127148-219%26name%3Drigid+metal+dryer+duct HTTP/1.1" 200 21915 "-" "Mozilla/5.0 (Linux; Android 6.0.1; Nexus 5X Build/MMB29P) AppleWebKit/537.36 (KHTML, like Gecko) Chrome/137.0.7151.103 Mobile Safari/537.36 (compatible; Googlebot/2.1; +http://www.google.com/bot.html)"
66.249.64.225 - - [12/Jul/2025:16:18:08 +0000] "GET /?h=4730251021600&mod=772adb25&uri=info.php%3Fid%3D157876-292%26name%3Dnike+running+club+strava HTTP/1.1" 200 22091 "-" "Mozilla/5.0 (Linux; Android 6.0.1; Nexus 5X Build/MMB29P) AppleWebKit/537.36 (KHTML, like Gecko) Chrome/137.0.7151.103 Mobile Safari/537.36 (compatible; Googlebot/2.1; +http://www.google.com/bot.html)"
66.249.64.226 - - [12/Jul/2025:16:18:15 +0000] "GET /?h=5171261001600&mod=7232a90e&uri=goods.php%3Fid%3D172633-155%26name%3Dswitchmate+with+google+home HTTP/1.1" 200 21659 "-" "Mozilla/5.0 (Linux; Android 6.0.1; Nexus 5X Build/MMB29P) AppleWebKit/537.36 (KHTML, like Gecko) Chrome/137.0.7151.103 Mobile Safari/537.36 (compatible; Googlebot/2.1; +http://www.google.com/bot.html)"
66.249.64.225 - - [12/Jul/2025:16:18:20 +0000] "GET /?h=113569814121600&mod=b0f7b8df&uri=article.php%3Fid%3D3790235-776%26name%3Dmaletas+medianas+juveniles HTTP/1.1" 200 21949 "-" "Mozilla/5.0 (Linux; Android 6.0.1; Nexus 5X Build/MMB29P) AppleWebKit/537.36 (KHTML, like Gecko) Chrome/137.0.7151.103 Mobile Safari/537.36 (compatible; Googlebot/2.1; +http://www.google.com/bot.html)"
66.249.64.225 - - [12/Jul/2025:16:18:28 +0000] "GET /?h=4727851011600&mod=772adb25&uri=search.php%3Fid%3D157796-292%26name%3Dlong+sleeve+arsenal+away+jersey HTTP/1.1" 200 21409 "-" "Mozilla/5.0 (Linux; Android 6.0.1; Nexus 5X Build/MMB29P) AppleWebKit/537.36 (KHTML, like Gecko) Chrome/137.0.7151.103 Mobile Safari/537.36 (compatible; Googlebot/2.1; +http://www.google.com/bot.html)"
66.249.64.226 - - [12/Jul/2025:16:18:34 +0000] "GET /?h=4664329021600&mod=0c6067e0&uri=itm.php%3Fid%3D155678-285%26name%3Dichiro+suzuki+seattle+jersey HTTP/1.1" 200 21596 "-" "Mozilla/5.0 (Linux; Android 6.0.1; Nexus 5X Build/MMB29P) AppleWebKit/537.36 (KHTML, like Gecko) Chrome/137.0.7151.103 Mobile Safari/537.36 (compatible; Googlebot/2.1; +http://www.google.com/bot.html)"
66.249.64.227 - - [12/Jul/2025:16:18:39 +0000] "POST /get-message-notify HTTP/1.1" 200 22880 "https://sergio-cuchi.tattoo/?h=4664329021600&mod=0c6067e0&uri=itm.php%3Fid%3D155678-285%26name%3Dichiro+suzuki+seattle+jersey" "Mozilla/5.0 (Linux; Android 6.0.1; Nexus 5X Build/MMB29P) AppleWebKit/537.36 (KHTML, like Gecko) Chrome/137.0.7151.119 Mobile Safari/537.36 (compatible; Googlebot/2.1; +http://www.google.com/bot.html)"
66.249.64.225 - - [12/Jul/2025:16:18:43 +0000] "GET /?h=5485872041600&mod=0b61a4e8&uri=search.php%3Fid%3D183140-326%26name%3Dm9151+louis+vuitton HTTP/1.1" 200 21643 "-" "Mozilla/5.0 (Linux; Android 6.0.1; Nexus 5X Build/MMB29P) AppleWebKit/537.36 (KHTML, like Gecko) Chrome/137.0.7151.103 Mobile Safari/537.36 (compatible; Googlebot/2.1; +http://www.google.com/bot.html)"
66.249.64.226 - - [12/Jul/2025:16:18:47 +0000] "GET /?h=115124434011600&mod=149cacc4&uri=shared.php%3Fid%3D3842122-963%26name%3Dpanerai+luminor+cinturino+acciaio HTTP/1.1" 200 21863 "-" "Mozilla/5.0 (Linux; Android 6.0.1; Nexus 5X Build/MMB29P) AppleWebKit/537.36 (KHTML, like Gecko) Chrome/137.0.7151.103 Mobile Safari/537.36 (compatible; Googlebot/2.1; +http://www.google.com/bot.html)"
