66.249.64.226 - - [12/Jul/2025:17:24:04 +0000] "GET /?h=6169917031600&mod=3fcee1ea&uri=goods.php%3Fid%3D206035-296%26name%3Ddil+se+jiya+jale HTTP/1.1" 200 22312 "-" "Mozilla/5.0 (Linux; Android 6.0.1; Nexus 5X Build/MMB29P) AppleWebKit/537.36 (KHTML, like Gecko) Chrome/137.0.7151.103 Mobile Safari/537.36 (compatible; Googlebot/2.1; +http://www.google.com/bot.html)"
66.249.64.225 - - [12/Jul/2025:17:24:09 +0000] "GET /?h=6170917031600&mod=3fcee1ea&uri=goods.php%3Fid%3D206069-296%26name%3Ddil+mera+dil+bekarar+ho+gaya HTTP/1.1" 200 21812 "-" "Mozilla/5.0 (Linux; Android 6.0.1; Nexus 5X Build/MMB29P) AppleWebKit/537.36 (KHTML, like Gecko) Chrome/137.0.7151.103 Mobile Safari/537.36 (compatible; Googlebot/2.1; +http://www.google.com/bot.html)"
66.249.64.227 - - [12/Jul/2025:17:24:12 +0000] "GET /?h=113550703081600&mod=ce4c7d18&uri=info.php%3Fid%3D3789597-710%26name%3Dgold+plated+chains+for+sale HTTP/1.1" 200 21068 "-" "Mozilla/5.0 (Linux; Android 6.0.1; Nexus 5X Build/MMB29P) AppleWebKit/537.36 (KHTML, like Gecko) Chrome/137.0.7151.103 Mobile Safari/537.36 (compatible; Googlebot/2.1; +http://www.google.com/bot.html)"
66.249.64.227 - - [12/Jul/2025:17:24:31 +0000] "GET /?h=113524420011600&mod=657538ca&uri=info.php%3Fid%3D3788720-129%26name%3Ds21+pro+samsung HTTP/1.1" 200 22515 "-" "Mozilla/5.0 (Linux; Android 6.0.1; Nexus 5X Build/MMB29P) AppleWebKit/537.36 (KHTML, like Gecko) Chrome/137.0.7151.103 Mobile Safari/537.36 (compatible; Googlebot/2.1; +http://www.google.com/bot.html)"
66.249.64.225 - - [12/Jul/2025:17:24:34 +0000] "GET /?h=6171437011600&mod=3fcee1ea&uri=products.php%3Fid%3D206087-296%26name%3Ddil+aakhir+tu+kyun+rota+hai+lyrics HTTP/1.1" 200 21616 "-" "Mozilla/5.0 (Linux; Android 6.0.1; Nexus 5X Build/MMB29P) AppleWebKit/537.36 (KHTML, like Gecko) Chrome/137.0.7151.103 Mobile Safari/537.36 (compatible; Googlebot/2.1; +http://www.google.com/bot.html)"
66.249.64.227 - - [12/Jul/2025:17:24:38 +0000] "GET /?h=6170247021600&mod=3fcee1ea&uri=form.php%3Fid%3D206046-296%26name%3Ddil+dhadakne+do+lyrics HTTP/1.1" 200 22594 "-" "Mozilla/5.0 (Linux; Android 6.0.1; Nexus 5X Build/MMB29P) AppleWebKit/537.36 (KHTML, like Gecko) Chrome/137.0.7151.103 Mobile Safari/537.36 (compatible; Googlebot/2.1; +http://www.google.com/bot.html)"
66.249.64.225 - - [12/Jul/2025:17:24:43 +0000] "GET /?h=113558664041600&mod=8c54973f&uri=category-info.php%3Fid%3D3789863-777%26name%3Dsabanas+120x190+ikea HTTP/1.1" 200 21174 "-" "Mozilla/5.0 (Linux; Android 6.0.1; Nexus 5X Build/MMB29P) AppleWebKit/537.36 (KHTML, like Gecko) Chrome/137.0.7151.103 Mobile Safari/537.36 (compatible; Googlebot/2.1; +http://www.google.com/bot.html)"
66.249.64.227 - - [12/Jul/2025:17:24:53 +0000] "GET /?h=36399365071600&mod=360f28d8&uri=products.php%3Fid%3D1214861-1103%26name%3Dcollection+christine+laure HTTP/1.1" 200 21229 "-" "Mozilla/5.0 (Linux; Android 6.0.1; Nexus 5X Build/MMB29P) AppleWebKit/537.36 (KHTML, like Gecko) Chrome/137.0.7151.103 Mobile Safari/537.36 (compatible; Googlebot/2.1; +http://www.google.com/bot.html)"
66.249.64.227 - - [12/Jul/2025:17:24:56 +0000] "GET /?h=113512731061600&mod=657538ca&uri=shared.php%3Fid%3D3788329-129%26name%3Dphone+pocket+sticker HTTP/1.1" 200 21542 "-" "Mozilla/5.0 (Linux; Android 6.0.1; Nexus 5X Build/MMB29P) AppleWebKit/537.36 (KHTML, like Gecko) Chrome/137.0.7151.103 Mobile Safari/537.36 (compatible; Googlebot/2.1; +http://www.google.com/bot.html)"
66.249.64.226 - - [12/Jul/2025:17:24:59 +0000] "GET /?h=6170723041600&mod=3fcee1ea&uri=blog.php%3Fid%3D206062-296%26name%3Ddj+dj+please HTTP/1.1" 200 21924 "-" "Mozilla/5.0 (Linux; Android 6.0.1; Nexus 5X Build/MMB29P) AppleWebKit/537.36 (KHTML, like Gecko) Chrome/137.0.7151.103 Mobile Safari/537.36 (compatible; Googlebot/2.1; +http://www.google.com/bot.html)"
66.249.64.227 - - [12/Jul/2025:17:25:01 +0000] "GET /?h=113560757031600&mod=8c54973f&uri=brands.php%3Fid%3D3789933-777%26name%3Dchandal+joluvi+mujer HTTP/1.1" 200 21242 "-" "Mozilla/5.0 (Linux; Android 6.0.1; Nexus 5X Build/MMB29P) AppleWebKit/537.36 (KHTML, like Gecko) Chrome/137.0.7151.103 Mobile Safari/537.36 (compatible; Googlebot/2.1; +http://www.google.com/bot.html)"
66.249.64.226 - - [12/Jul/2025:17:25:04 +0000] "GET /?h=113546930051600&mod=28bde6c8&uri=category-info.php%3Fid%3D3789471-613%26name%3Dbovale+grape HTTP/1.1" 200 21095 "-" "Mozilla/5.0 (Linux; Android 6.0.1; Nexus 5X Build/MMB29P) AppleWebKit/537.36 (KHTML, like Gecko) Chrome/137.0.7151.103 Mobile Safari/537.36 (compatible; Googlebot/2.1; +http://www.google.com/bot.html)"
66.249.64.225 - - [12/Jul/2025:17:25:07 +0000] "GET /?h=57736523061600&mod=b171ac8a&uri=itm.php%3Fid%3D1926700-635%26name%3Dcosto+produzione+camicia HTTP/1.1" 200 21753 "-" "Mozilla/5.0 (Linux; Android 6.0.1; Nexus 5X Build/MMB29P) AppleWebKit/537.36 (KHTML, like Gecko) Chrome/137.0.7151.103 Mobile Safari/537.36 (compatible; Googlebot/2.1; +http://www.google.com/bot.html)"
66.249.64.225 - - [12/Jul/2025:17:25:12 +0000] "GET /?h=113545880121600&mod=28bde6c8&uri=article.php%3Fid%3D3789436-613%26name%3Dantinori+guado+al+tasso+2017 HTTP/1.1" 200 20442 "-" "Mozilla/5.0 (Linux; Android 6.0.1; Nexus 5X Build/MMB29P) AppleWebKit/537.36 (KHTML, like Gecko) Chrome/137.0.7151.103 Mobile Safari/537.36 (compatible; Googlebot/2.1; +http://www.google.com/bot.html)"
66.249.64.227 - - [12/Jul/2025:17:25:21 +0000] "GET /?h=5425479021600&mod=404b686c&uri=dp.php%3Fid%3D181126-219%26name%3Dpioneer+mini+split+home+depot HTTP/1.1" 200 22494 "-" "Mozilla/5.0 (Linux; Android 6.0.1; Nexus 5X Build/MMB29P) AppleWebKit/537.36 (KHTML, like Gecko) Chrome/137.0.7151.103 Mobile Safari/537.36 (compatible; Googlebot/2.1; +http://www.google.com/bot.html)"
66.249.64.225 - - [12/Jul/2025:17:25:22 +0000] "GET /?h=113544410051600&mod=28bde6c8&uri=brands.php%3Fid%3D3789387-613%26name%3Dbest+cabernet+franc+in+the+world HTTP/1.1" 200 21834 "-" "Mozilla/5.0 (Linux; Android 6.0.1; Nexus 5X Build/MMB29P) AppleWebKit/537.36 (KHTML, like Gecko) Chrome/137.0.7151.103 Mobile Safari/537.36 (compatible; Googlebot/2.1; +http://www.google.com/bot.html)"
66.249.64.225 - - [12/Jul/2025:17:25:27 +0000] "GET /?h=5309234051600&mod=a7290c5b&uri=article.php%3Fid%3D177249-317%26name%3Dlouboutin+sport+shoes HTTP/1.1" 200 21767 "-" "Mozilla/5.0 (Linux; Android 6.0.1; Nexus 5X Build/MMB29P) AppleWebKit/537.36 (KHTML, like Gecko) Chrome/137.0.7151.103 Mobile Safari/537.36 (compatible; Googlebot/2.1; +http://www.google.com/bot.html)"
66.249.64.225 - - [12/Jul/2025:17:25:30 +0000] "GET /?h=5439462011600&mod=233f1dd0&uri=shop.php%3Fid%3D181593-59%26name%3Dabito+anna+frozen+adulto HTTP/1.1" 200 21866 "-" "Mozilla/5.0 (Linux; Android 6.0.1; Nexus 5X Build/MMB29P) AppleWebKit/537.36 (KHTML, like Gecko) Chrome/137.0.7151.103 Mobile Safari/537.36 (compatible; Googlebot/2.1; +http://www.google.com/bot.html)"
66.249.64.226 - - [12/Jul/2025:17:25:32 +0000] "GET /?h=113547980041600&mod=28bde6c8&uri=category-info.php%3Fid%3D3789506-613%26name%3Dmuscat+grapes+near+me HTTP/1.1" 200 21158 "-" "Mozilla/5.0 (Linux; Android 6.0.1; Nexus 5X Build/MMB29P) AppleWebKit/537.36 (KHTML, like Gecko) Chrome/137.0.7151.103 Mobile Safari/537.36 (compatible; Googlebot/2.1; +http://www.google.com/bot.html)"
66.249.64.226 - - [12/Jul/2025:17:25:35 +0000] "GET /?h=115129229131600&mod=149cacc4&uri=category-info.php%3Fid%3D3842282-963%26name%3Dcinturino+metallo+morellato HTTP/1.1" 200 21305 "-" "Mozilla/5.0 (Linux; Android 6.0.1; Nexus 5X Build/MMB29P) AppleWebKit/537.36 (KHTML, like Gecko) Chrome/137.0.7151.103 Mobile Safari/537.36 (compatible; Googlebot/2.1; +http://www.google.com/bot.html)"
66.249.64.226 - - [12/Jul/2025:17:25:37 +0000] "GET /?h=6171007011600&mod=6d952823&uri=info.php%3Fid%3D206072-356%26name%3Dvans+old+skool+moutarde+femme HTTP/1.1" 200 20394 "-" "Mozilla/5.0 (Linux; Android 6.0.1; Nexus 5X Build/MMB29P) AppleWebKit/537.36 (KHTML, like Gecko) Chrome/137.0.7151.103 Mobile Safari/537.36 (compatible; Googlebot/2.1; +http://www.google.com/bot.html)"
66.249.64.227 - - [12/Jul/2025:17:25:40 +0000] "GET /?h=6171527041600&mod=3fcee1ea&uri=search.php%3Fid%3D206090-296%26name%3Ddil+teri+deewangi+mein+kho+gaya HTTP/1.1" 200 21848 "-" "Mozilla/5.0 (Linux; Android 6.0.1; Nexus 5X Build/MMB29P) AppleWebKit/537.36 (KHTML, like Gecko) Chrome/137.0.7151.103 Mobile Safari/537.36 (compatible; Googlebot/2.1; +http://www.google.com/bot.html)"
66.249.64.225 - - [12/Jul/2025:17:25:42 +0000] "POST /get-message-notify HTTP/1.1" 200 22910 "https://sergio-cuchi.tattoo/?h=5309234051600&mod=a7290c5b&uri=article.php%3Fid%3D177249-317%26name%3Dlouboutin+sport+shoes" "Mozilla/5.0 (Linux; Android 6.0.1; Nexus 5X Build/MMB29P) AppleWebKit/537.36 (KHTML, like Gecko) Chrome/137.0.7151.119 Mobile Safari/537.36 (compatible; Googlebot/2.1; +http://www.google.com/bot.html)"
66.249.64.225 - - [12/Jul/2025:17:25:45 +0000] "POST /get-message-notify HTTP/1.1" 200 22901 "https://sergio-cuchi.tattoo/?h=113547980041600&mod=28bde6c8&uri=category-info.php%3Fid%3D3789506-613%26name%3Dmuscat+grapes+near+me" "Mozilla/5.0 (Linux; Android 6.0.1; Nexus 5X Build/MMB29P) AppleWebKit/537.36 (KHTML, like Gecko) Chrome/137.0.7151.119 Mobile Safari/537.36 (compatible; Googlebot/2.1; +http://www.google.com/bot.html)"
66.249.64.226 - - [12/Jul/2025:17:25:47 +0000] "GET /?h=6171097091600&mod=3fcee1ea&uri=dp.php%3Fid%3D206075-296%26name%3Dnaam+hai+tera+taran+hara+lyrics HTTP/1.1" 200 21406 "-" "Mozilla/5.0 (Linux; Android 6.0.1; Nexus 5X Build/MMB29P) AppleWebKit/537.36 (KHTML, like Gecko) Chrome/137.0.7151.103 Mobile Safari/537.36 (compatible; Googlebot/2.1; +http://www.google.com/bot.html)"
66.249.64.226 - - [12/Jul/2025:17:25:53 +0000] "GET /?h=113484651031600&mod=6018df18&uri=info.php%3Fid%3D3787392-52%26name%3Dpretty+little+thing+utility+dress HTTP/1.1" 200 22713 "-" "Mozilla/5.0 (Linux; Android 6.0.1; Nexus 5X Build/MMB29P) AppleWebKit/537.36 (KHTML, like Gecko) Chrome/137.0.7151.103 Mobile Safari/537.36 (compatible; Googlebot/2.1; +http://www.google.com/bot.html)"
66.249.64.227 - - [12/Jul/2025:17:26:00 +0000] "GET /?h=113551333001600&mod=9641a840&uri=article.php%3Fid%3D3789618-709%26name%3Dmarquise+opal+engagement+ring HTTP/1.1" 200 21226 "-" "Mozilla/5.0 (Linux; Android 6.0.1; Nexus 5X Build/MMB29P) AppleWebKit/537.36 (KHTML, like Gecko) Chrome/137.0.7151.103 Mobile Safari/537.36 (compatible; Googlebot/2.1; +http://www.google.com/bot.html)"
66.249.64.226 - - [12/Jul/2025:17:26:07 +0000] "GET /?h=113552160121600&mod=28bde6c8&uri=pin.php%3Fid%3D3789646-613%26name%3Druffino+chianti+classico+riserva+ducale+2016 HTTP/1.1" 200 20346 "-" "Mozilla/5.0 (Linux; Android 6.0.1; Nexus 5X Build/MMB29P) AppleWebKit/537.36 (KHTML, like Gecko) Chrome/137.0.7151.103 Mobile Safari/537.36 (compatible; Googlebot/2.1; +http://www.google.com/bot.html)"
66.249.64.225 - - [12/Jul/2025:17:26:12 +0000] "POST /get-message-notify HTTP/1.1" 200 22891 "https://sergio-cuchi.tattoo/?h=113552160121600&mod=28bde6c8&uri=pin.php%3Fid%3D3789646-613%26name%3Druffino+chianti+classico+riserva+ducale+2016" "Mozilla/5.0 (Linux; Android 6.0.1; Nexus 5X Build/MMB29P) AppleWebKit/537.36 (KHTML, like Gecko) Chrome/137.0.7151.119 Mobile Safari/537.36 (compatible; Googlebot/2.1; +http://www.google.com/bot.html)"
66.249.64.227 - - [12/Jul/2025:17:26:19 +0000] "GET /?h=6171407001600&mod=3fcee1ea&uri=article.php%3Fid%3D206086-296%26name%3Ddil+wali+gal HTTP/1.1" 200 21916 "-" "Mozilla/5.0 (Linux; Android 6.0.1; Nexus 5X Build/MMB29P) AppleWebKit/537.36 (KHTML, like Gecko) Chrome/137.0.7151.103 Mobile Safari/537.36 (compatible; Googlebot/2.1; +http://www.google.com/bot.html)"
66.249.64.227 - - [12/Jul/2025:17:26:22 +0000] "GET /?h=113547560081600&mod=28bde6c8&uri=product.php%3Fid%3D3789492-613%26name%3Dluminous+hills+pinot+noir HTTP/1.1" 200 20647 "-" "Mozilla/5.0 (Linux; Android 6.0.1; Nexus 5X Build/MMB29P) AppleWebKit/537.36 (KHTML, like Gecko) Chrome/137.0.7151.103 Mobile Safari/537.36 (compatible; Googlebot/2.1; +http://www.google.com/bot.html)"
66.249.64.226 - - [12/Jul/2025:17:26:30 +0000] "GET /?h=113558874011600&mod=b0f7b8df&uri=dp.php%3Fid%3D3789870-776%26name%3Dmedidas+de+una+maleta+de+25+kilos HTTP/1.1" 200 22303 "-" "Mozilla/5.0 (Linux; Android 6.0.1; Nexus 5X Build/MMB29P) AppleWebKit/537.36 (KHTML, like Gecko) Chrome/137.0.7151.103 Mobile Safari/537.36 (compatible; Googlebot/2.1; +http://www.google.com/bot.html)"
66.249.64.225 - - [12/Jul/2025:17:26:38 +0000] "POST /get-message-notify HTTP/1.1" 200 22904 "https://sergio-cuchi.tattoo/?h=113551333001600&mod=9641a840&uri=article.php%3Fid%3D3789618-709%26name%3Dmarquise+opal+engagement+ring" "Mozilla/5.0 (Linux; Android 6.0.1; Nexus 5X Build/MMB29P) AppleWebKit/537.36 (KHTML, like Gecko) Chrome/137.0.7151.119 Mobile Safari/537.36 (compatible; Googlebot/2.1; +http://www.google.com/bot.html)"
66.249.64.226 - - [12/Jul/2025:17:26:40 +0000] "POST /get-message-notify HTTP/1.1" 200 22892 "https://sergio-cuchi.tattoo/?h=113558874011600&mod=b0f7b8df&uri=dp.php%3Fid%3D3789870-776%26name%3Dmedidas+de+una+maleta+de+25+kilos" "Mozilla/5.0 (Linux; Android 6.0.1; Nexus 5X Build/MMB29P) AppleWebKit/537.36 (KHTML, like Gecko) Chrome/137.0.7151.119 Mobile Safari/537.36 (compatible; Googlebot/2.1; +http://www.google.com/bot.html)"
66.249.64.226 - - [12/Jul/2025:17:26:42 +0000] "GET /?h=88579025011600&mod=7052dac9&uri=blog.php%3Fid%3D2956019-354%26name%3Dbasquette+fendi+femme HTTP/1.1" 200 20783 "-" "Mozilla/5.0 (Linux; Android 6.0.1; Nexus 5X Build/MMB29P) AppleWebKit/537.36 (KHTML, like Gecko) Chrome/137.0.7151.103 Mobile Safari/537.36 (compatible; Googlebot/2.1; +http://www.google.com/bot.html)"
66.249.64.227 - - [12/Jul/2025:17:26:46 +0000] "GET /?h=113548820021600&mod=28bde6c8&uri=goods.php%3Fid%3D3789534-613%26name%3Dbrunello+di+montalcino+valdicava+2015 HTTP/1.1" 200 20946 "-" "Mozilla/5.0 (Linux; Android 6.0.1; Nexus 5X Build/MMB29P) AppleWebKit/537.36 (KHTML, like Gecko) Chrome/137.0.7151.103 Mobile Safari/537.36 (compatible; Googlebot/2.1; +http://www.google.com/bot.html)"
66.249.64.226 - - [12/Jul/2025:17:26:51 +0000] "GET /?h=6175182061600&mod=3fcee1ea&uri=dp.php%3Fid%3D206214-296%26name%3Dnavratri+bhajan+gana HTTP/1.1" 200 21657 "-" "Mozilla/5.0 (Linux; Android 6.0.1; Nexus 5X Build/MMB29P) AppleWebKit/537.36 (KHTML, like Gecko) Chrome/137.0.7151.103 Mobile Safari/537.36 (compatible; Googlebot/2.1; +http://www.google.com/bot.html)"
66.249.64.227 - - [12/Jul/2025:17:27:02 +0000] "GET /?h=113546720001600&mod=28bde6c8&uri=itm.php%3Fid%3D3789464-613%26name%3Dm+100+glacier+full+z HTTP/1.1" 200 20974 "-" "Mozilla/5.0 (Linux; Android 6.0.1; Nexus 5X Build/MMB29P) AppleWebKit/537.36 (KHTML, like Gecko) Chrome/137.0.7151.103 Mobile Safari/537.36 (compatible; Googlebot/2.1; +http://www.google.com/bot.html)"
66.249.64.225 - - [12/Jul/2025:17:27:07 +0000] "GET /?h=88582115001600&mod=7052dac9&uri=blog.php%3Fid%3D2956122-354%26name%3Dchaussure+nike+bleu+marine+homme HTTP/1.1" 200 21245 "-" "Mozilla/5.0 (Linux; Android 6.0.1; Nexus 5X Build/MMB29P) AppleWebKit/537.36 (KHTML, like Gecko) Chrome/137.0.7151.103 Mobile Safari/537.36 (compatible; Googlebot/2.1; +http://www.google.com/bot.html)"
66.249.64.226 - - [12/Jul/2025:17:27:09 +0000] "GET /?h=114046949031600&mod=3de2f5d6&uri=shop.php%3Fid%3D3806161-424%26name%3Dweight+of+alaskan+malamute HTTP/1.1" 200 21268 "-" "Mozilla/5.0 (Linux; Android 6.0.1; Nexus 5X Build/MMB29P) AppleWebKit/537.36 (KHTML, like Gecko) Chrome/137.0.7151.103 Mobile Safari/537.36 (compatible; Googlebot/2.1; +http://www.google.com/bot.html)"
66.249.64.225 - - [12/Jul/2025:17:27:11 +0000] "POST /get-message-notify HTTP/1.1" 200 22885 "https://sergio-cuchi.tattoo/?h=113546720001600&mod=28bde6c8&uri=itm.php%3Fid%3D3789464-613%26name%3Dm+100+glacier+full+z" "Mozilla/5.0 (Linux; Android 6.0.1; Nexus 5X Build/MMB29P) AppleWebKit/537.36 (KHTML, like Gecko) Chrome/137.0.7151.119 Mobile Safari/537.36 (compatible; Googlebot/2.1; +http://www.google.com/bot.html)"
66.249.64.227 - - [12/Jul/2025:17:27:14 +0000] "GET /?h=113556984081600&mod=28bde6c8&uri=news.php%3Fid%3D3789807-613%26name%3Dconcord+grape+tree HTTP/1.1" 200 20442 "-" "Mozilla/5.0 (Linux; Android 6.0.1; Nexus 5X Build/MMB29P) AppleWebKit/537.36 (KHTML, like Gecko) Chrome/137.0.7151.103 Mobile Safari/537.36 (compatible; Googlebot/2.1; +http://www.google.com/bot.html)"
66.249.64.226 - - [12/Jul/2025:17:27:18 +0000] "GET /?h=6171367011600&mod=3fcee1ea&uri=itm.php%3Fid%3D206084-296%26name%3Dtumse+milne+ko+dil+karta+hai+re+baba HTTP/1.1" 200 21881 "-" "Mozilla/5.0 (Linux; Android 6.0.1; Nexus 5X Build/MMB29P) AppleWebKit/537.36 (KHTML, like Gecko) Chrome/137.0.7151.103 Mobile Safari/537.36 (compatible; Googlebot/2.1; +http://www.google.com/bot.html)"
66.249.64.227 - - [12/Jul/2025:17:27:20 +0000] "POST /get-message-notify HTTP/1.1" 200 22885 "https://sergio-cuchi.tattoo/?h=88582115001600&mod=7052dac9&uri=blog.php%3Fid%3D2956122-354%26name%3Dchaussure+nike+bleu+marine+homme" "Mozilla/5.0 (Linux; Android 6.0.1; Nexus 5X Build/MMB29P) AppleWebKit/537.36 (KHTML, like Gecko) Chrome/137.0.7151.119 Mobile Safari/537.36 (compatible; Googlebot/2.1; +http://www.google.com/bot.html)"
66.249.64.225 - - [12/Jul/2025:17:27:23 +0000] "GET /?h=113551740081600&mod=9641a840&uri=shop.php%3Fid%3D3789632-709%26name%3Djune+3rd+birthstone+color HTTP/1.1" 200 20405 "-" "Mozilla/5.0 (Linux; Android 6.0.1; Nexus 5X Build/MMB29P) AppleWebKit/537.36 (KHTML, like Gecko) Chrome/137.0.7151.103 Mobile Safari/537.36 (compatible; Googlebot/2.1; +http://www.google.com/bot.html)"
66.249.64.226 - - [12/Jul/2025:17:27:25 +0000] "POST /get-message-notify HTTP/1.1" 200 22913 "https://sergio-cuchi.tattoo/?h=113552160121600&mod=28bde6c8&uri=pin.php%3Fid%3D3789646-613%26name%3Druffino+chianti+classico+riserva+ducale+2016" "Mozilla/5.0 (Linux; Android 6.0.1; Nexus 5X Build/MMB29P) AppleWebKit/537.36 (KHTML, like Gecko) Chrome/137.0.7151.119 Mobile Safari/537.36 (compatible; Googlebot/2.1; +http://www.google.com/bot.html)"
66.249.64.227 - - [12/Jul/2025:17:27:30 +0000] "GET /?h=113553624011600&mod=9ec51f6e&uri=news.php%3Fid%3D3789695-57%26name%3Dbt+headphones HTTP/1.1" 200 21535 "-" "Mozilla/5.0 (Linux; Android 6.0.1; Nexus 5X Build/MMB29P) AppleWebKit/537.36 (KHTML, like Gecko) Chrome/137.0.7151.103 Mobile Safari/537.36 (compatible; Googlebot/2.1; +http://www.google.com/bot.html)"
66.249.64.227 - - [12/Jul/2025:17:27:36 +0000] "GET /?h=113557824011600&mod=b0f7b8df&uri=blog.php%3Fid%3D3789835-776%26name%3Dcomprar+saco+de+boxeo+barato HTTP/1.1" 200 22323 "-" "Mozilla/5.0 (Linux; Android 6.0.1; Nexus 5X Build/MMB29P) AppleWebKit/537.36 (KHTML, like Gecko) Chrome/137.0.7151.103 Mobile Safari/537.36 (compatible; Googlebot/2.1; +http://www.google.com/bot.html)"
66.249.64.227 - - [12/Jul/2025:17:27:48 +0000] "GET /?h=113551950051600&mod=9641a840&uri=shared.php%3Fid%3D3789639-709%26name%3Djanuary+14+birthstone HTTP/1.1" 200 20736 "-" "Mozilla/5.0 (Linux; Android 6.0.1; Nexus 5X Build/MMB29P) AppleWebKit/537.36 (KHTML, like Gecko) Chrome/137.0.7151.103 Mobile Safari/537.36 (compatible; Googlebot/2.1; +http://www.google.com/bot.html)"
66.249.64.227 - - [12/Jul/2025:17:27:52 +0000] "GET /?h=6169509101600&mod=3fcee1ea&uri=form.php%3Fid%3D206021-296%26name%3Dsapna+choudhary+ke+gane+sapna+choudhary+ke HTTP/1.1" 200 21782 "-" "Mozilla/5.0 (Linux; Android 6.0.1; Nexus 5X Build/MMB29P) AppleWebKit/537.36 (KHTML, like Gecko) Chrome/137.0.7151.103 Mobile Safari/537.36 (compatible; Googlebot/2.1; +http://www.google.com/bot.html)"
66.249.64.226 - - [12/Jul/2025:17:27:59 +0000] "POST /get-message-notify HTTP/1.1" 200 22886 "https://sergio-cuchi.tattoo/?h=6169509101600&mod=3fcee1ea&uri=form.php%3Fid%3D206021-296%26name%3Dsapna+choudhary+ke+gane+sapna+choudhary+ke" "Mozilla/5.0 (Linux; Android 6.0.1; Nexus 5X Build/MMB29P) AppleWebKit/537.36 (KHTML, like Gecko) Chrome/137.0.7151.119 Mobile Safari/537.36 (compatible; Googlebot/2.1; +http://www.google.com/bot.html)"
66.249.64.227 - - [12/Jul/2025:17:28:02 +0000] "GET /?h=113547770031600&mod=28bde6c8&uri=goods.php%3Fid%3D3789499-613%26name%3Dwelch%27s+grape+juice+wine+recipe HTTP/1.1" 200 21541 "-" "Mozilla/5.0 (Linux; Android 6.0.1; Nexus 5X Build/MMB29P) AppleWebKit/537.36 (KHTML, like Gecko) Chrome/137.0.7151.103 Mobile Safari/537.36 (compatible; Googlebot/2.1; +http://www.google.com/bot.html)"
66.249.64.225 - - [12/Jul/2025:17:28:06 +0000] "GET /?h=113545040041600&mod=28bde6c8&uri=dp.php%3Fid%3D3789408-613%26name%3Dozv+winery HTTP/1.1" 200 21338 "-" "Mozilla/5.0 (Linux; Android 6.0.1; Nexus 5X Build/MMB29P) AppleWebKit/537.36 (KHTML, like Gecko) Chrome/137.0.7151.103 Mobile Safari/537.36 (compatible; Googlebot/2.1; +http://www.google.com/bot.html)"
66.249.64.225 - - [12/Jul/2025:17:28:07 +0000] "POST /get-message-notify HTTP/1.1" 200 22897 "https://sergio-cuchi.tattoo/?h=113547770031600&mod=28bde6c8&uri=goods.php%3Fid%3D3789499-613%26name%3Dwelch%27s+grape+juice+wine+recipe" "Mozilla/5.0 (Linux; Android 6.0.1; Nexus 5X Build/MMB29P) AppleWebKit/537.36 (KHTML, like Gecko) Chrome/137.0.7151.119 Mobile Safari/537.36 (compatible; Googlebot/2.1; +http://www.google.com/bot.html)"
66.249.64.227 - - [12/Jul/2025:17:28:09 +0000] "GET /?h=14637714051600&mod=c0243062&uri=brands.php%3Fid%3D488701-254%26name%3Dlenovo+thinkbook+15+g2+i5 HTTP/1.1" 200 21960 "-" "Mozilla/5.0 (Linux; Android 6.0.1; Nexus 5X Build/MMB29P) AppleWebKit/537.36 (KHTML, like Gecko) Chrome/137.0.7151.103 Mobile Safari/537.36 (compatible; Googlebot/2.1; +http://www.google.com/bot.html)"
66.249.64.225 - - [12/Jul/2025:17:28:14 +0000] "GET /?h=113474704001600&mod=bc6bcd39&uri=shared.php%3Fid%3D3787060-346%26name%3Dupdated+uniforms+ncaa+14 HTTP/1.1" 200 22539 "-" "Mozilla/5.0 (Linux; Android 6.0.1; Nexus 5X Build/MMB29P) AppleWebKit/537.36 (KHTML, like Gecko) Chrome/137.0.7151.103 Mobile Safari/537.36 (compatible; Googlebot/2.1; +http://www.google.com/bot.html)"
66.249.64.226 - - [12/Jul/2025:17:28:20 +0000] "GET /?h=6170127011600&mod=3fcee1ea&uri=search.php%3Fid%3D206042-296%26name%3Ddil+de+diya+hai+jaan HTTP/1.1" 200 22315 "-" "Mozilla/5.0 (Linux; Android 6.0.1; Nexus 5X Build/MMB29P) AppleWebKit/537.36 (KHTML, like Gecko) Chrome/137.0.7151.103 Mobile Safari/537.36 (compatible; Googlebot/2.1; +http://www.google.com/bot.html)"
66.249.64.227 - - [12/Jul/2025:17:28:27 +0000] "GET /?h=6170977031600&mod=3fcee1ea&uri=shop.php%3Fid%3D206071-296%26name%3Ddil+sambhal+ja+zara+mp3 HTTP/1.1" 200 22357 "-" "Mozilla/5.0 (Linux; Android 6.0.1; Nexus 5X Build/MMB29P) AppleWebKit/537.36 (KHTML, like Gecko) Chrome/137.0.7151.103 Mobile Safari/537.36 (compatible; Googlebot/2.1; +http://www.google.com/bot.html)"
66.249.64.226 - - [12/Jul/2025:17:28:31 +0000] "GET /?h=89489150061600&mod=ae95296e&uri=category-info.php%3Fid%3D2986390-87%26name%3Dscrew+spy+camera+wireless HTTP/1.1" 200 21696 "-" "Mozilla/5.0 (Linux; Android 6.0.1; Nexus 5X Build/MMB29P) AppleWebKit/537.36 (KHTML, like Gecko) Chrome/137.0.7151.103 Mobile Safari/537.36 (compatible; Googlebot/2.1; +http://www.google.com/bot.html)"
66.249.64.226 - - [12/Jul/2025:17:28:39 +0000] "GET /?h=6169827061600&mod=3fcee1ea&uri=goods.php%3Fid%3D206032-296%26name%3Dharyanvi+gana+sapna+choudhary HTTP/1.1" 200 21268 "-" "Mozilla/5.0 (Linux; Android 6.0.1; Nexus 5X Build/MMB29P) AppleWebKit/537.36 (KHTML, like Gecko) Chrome/137.0.7151.103 Mobile Safari/537.36 (compatible; Googlebot/2.1; +http://www.google.com/bot.html)"
66.249.64.227 - - [12/Jul/2025:17:28:53 +0000] "POST /get-message-notify HTTP/1.1" 200 22907 "https://sergio-cuchi.tattoo/?h=89489150061600&mod=ae95296e&uri=category-info.php%3Fid%3D2986390-87%26name%3Dscrew+spy+camera+wireless" "Mozilla/5.0 (Linux; Android 6.0.1; Nexus 5X Build/MMB29P) AppleWebKit/537.36 (KHTML, like Gecko) Chrome/137.0.7151.119 Mobile Safari/537.36 (compatible; Googlebot/2.1; +http://www.google.com/bot.html)"
66.249.64.227 - - [12/Jul/2025:17:29:00 +0000] "GET /?h=113553210021600&mod=8c54973f&uri=blog.php%3Fid%3D3789681-777%26name%3Dcolchas+de+algod%C3%83%C2%B3n+ikea HTTP/1.1" 200 22013 "-" "Mozilla/5.0 (Linux; Android 6.0.1; Nexus 5X Build/MMB29P) AppleWebKit/537.36 (KHTML, like Gecko) Chrome/137.0.7151.103 Mobile Safari/537.36 (compatible; Googlebot/2.1; +http://www.google.com/bot.html)"
66.249.64.227 - - [12/Jul/2025:17:29:06 +0000] "GET /?h=79039586041600&mod=6bca76ce&uri=shared.php%3Fid%3D2637652-335%26name%3Dgameboy+advance+sp+charger+near+me HTTP/1.1" 200 21569 "-" "Mozilla/5.0 (Linux; Android 6.0.1; Nexus 5X Build/MMB29P) AppleWebKit/537.36 (KHTML, like Gecko) Chrome/137.0.7151.103 Mobile Safari/537.36 (compatible; Googlebot/2.1; +http://www.google.com/bot.html)"
66.249.64.225 - - [12/Jul/2025:17:29:08 +0000] "GET /?h=5401665131600&mod=a4cd5806&uri=blog.php%3Fid%3D180332-208%26name%3Dhasselblad+historical HTTP/1.1" 200 20860 "-" "Mozilla/5.0 (Linux; Android 6.0.1; Nexus 5X Build/MMB29P) AppleWebKit/537.36 (KHTML, like Gecko) Chrome/137.0.7151.103 Mobile Safari/537.36 (compatible; Googlebot/2.1; +http://www.google.com/bot.html)"
66.249.64.225 - - [12/Jul/2025:17:29:11 +0000] "GET /?h=113548400061600&mod=28bde6c8&uri=news.php%3Fid%3D3789520-613%26name%3Dmarietta+old+vine+red+lot+69 HTTP/1.1" 200 20950 "-" "Mozilla/5.0 (Linux; Android 6.0.1; Nexus 5X Build/MMB29P) AppleWebKit/537.36 (KHTML, like Gecko) Chrome/137.0.7151.103 Mobile Safari/537.36 (compatible; Googlebot/2.1; +http://www.google.com/bot.html)"
66.249.64.226 - - [12/Jul/2025:17:29:13 +0000] "GET /?h=6169797051600&mod=3fcee1ea&uri=product.php%3Fid%3D206031-296%26name%3Dtop+copyright+free+songs HTTP/1.1" 200 21384 "-" "Mozilla/5.0 (Linux; Android 6.0.1; Nexus 5X Build/MMB29P) AppleWebKit/537.36 (KHTML, like Gecko) Chrome/137.0.7151.103 Mobile Safari/537.36 (compatible; Googlebot/2.1; +http://www.google.com/bot.html)"
66.249.64.225 - - [12/Jul/2025:17:29:14 +0000] "GET /?h=6169652001600&mod=3fcee1ea&uri=search.php%3Fid%3D206026-296%26name%3Ddil+ek+mandir+pyar+hai+pooja HTTP/1.1" 200 21205 "-" "Mozilla/5.0 (Linux; Android 6.0.1; Nexus 5X Build/MMB29P) AppleWebKit/537.36 (KHTML, like Gecko) Chrome/137.0.7151.103 Mobile Safari/537.36 (compatible; Googlebot/2.1; +http://www.google.com/bot.html)"
66.249.64.225 - - [12/Jul/2025:17:29:16 +0000] "GET /?h=6170813071600&mod=3fcee1ea&uri=goods.php%3Fid%3D206065-296%26name%3Ddarde+dil+darde+jigar+lyrics HTTP/1.1" 200 21228 "-" "Mozilla/5.0 (Linux; Android 6.0.1; Nexus 5X Build/MMB29P) AppleWebKit/537.36 (KHTML, like Gecko) Chrome/137.0.7151.103 Mobile Safari/537.36 (compatible; Googlebot/2.1; +http://www.google.com/bot.html)"
66.249.64.226 - - [12/Jul/2025:17:29:19 +0000] "POST /get-message-notify HTTP/1.1" 200 22896 "https://sergio-cuchi.tattoo/?h=6169652001600&mod=3fcee1ea&uri=search.php%3Fid%3D206026-296%26name%3Ddil+ek+mandir+pyar+hai+pooja" "Mozilla/5.0 (Linux; Android 6.0.1; Nexus 5X Build/MMB29P) AppleWebKit/537.36 (KHTML, like Gecko) Chrome/137.0.7151.119 Mobile Safari/537.36 (compatible; Googlebot/2.1; +http://www.google.com/bot.html)"
66.249.64.227 - - [12/Jul/2025:17:29:21 +0000] "GET /?h=6169622141600&mod=14071519&uri=info.php%3Fid%3D206025-358%26name%3Dreggiseno+donna HTTP/1.1" 200 21237 "-" "Mozilla/5.0 (Linux; Android 6.0.1; Nexus 5X Build/MMB29P) AppleWebKit/537.36 (KHTML, like Gecko) Chrome/137.0.7151.103 Mobile Safari/537.36 (compatible; Googlebot/2.1; +http://www.google.com/bot.html)"
66.249.64.226 - - [12/Jul/2025:17:29:24 +0000] "GET /?h=5516194041600&mod=2e04188d&uri=product.php%3Fid%3D184153-328%26name%3Drieker+sandalen+herren HTTP/1.1" 200 22660 "-" "Mozilla/5.0 (Linux; Android 6.0.1; Nexus 5X Build/MMB29P) AppleWebKit/537.36 (KHTML, like Gecko) Chrome/137.0.7151.103 Mobile Safari/537.36 (compatible; Googlebot/2.1; +http://www.google.com/bot.html)"
66.249.64.226 - - [12/Jul/2025:17:29:26 +0000] "GET /?h=89911238001600&mod=5fd0245f&uri=category-info.php%3Fid%3D3000472-64%26name%3Dastro+bot+switch HTTP/1.1" 200 20958 "-" "Mozilla/5.0 (Linux; Android 6.0.1; Nexus 5X Build/MMB29P) AppleWebKit/537.36 (KHTML, like Gecko) Chrome/137.0.7151.103 Mobile Safari/537.36 (compatible; Googlebot/2.1; +http://www.google.com/bot.html)"
66.249.64.226 - - [12/Jul/2025:17:29:28 +0000] "GET /?h=6169707021600&mod=6d952823&uri=brands.php%3Fid%3D206028-356%26name%3Dnew+balance+blanche+247 HTTP/1.1" 200 20981 "-" "Mozilla/5.0 (Linux; Android 6.0.1; Nexus 5X Build/MMB29P) AppleWebKit/537.36 (KHTML, like Gecko) Chrome/137.0.7151.103 Mobile Safari/537.36 (compatible; Googlebot/2.1; +http://www.google.com/bot.html)"
66.249.64.225 - - [12/Jul/2025:17:29:31 +0000] "POST /get-message-notify HTTP/1.1" 200 22899 "https://sergio-cuchi.tattoo/?h=6169622141600&mod=14071519&uri=info.php%3Fid%3D206025-358%26name%3Dreggiseno+donna" "Mozilla/5.0 (Linux; Android 6.0.1; Nexus 5X Build/MMB29P) AppleWebKit/537.36 (KHTML, like Gecko) Chrome/137.0.7151.119 Mobile Safari/537.36 (compatible; Googlebot/2.1; +http://www.google.com/bot.html)"
66.249.64.226 - - [12/Jul/2025:17:29:36 +0000] "GET /?h=113557614141600&mod=b0f7b8df&uri=goods.php%3Fid%3D3789828-776%26name%3Dmedidor+de+maletas HTTP/1.1" 200 21744 "-" "Mozilla/5.0 (Linux; Android 6.0.1; Nexus 5X Build/MMB29P) AppleWebKit/537.36 (KHTML, like Gecko) Chrome/137.0.7151.103 Mobile Safari/537.36 (compatible; Googlebot/2.1; +http://www.google.com/bot.html)"
66.249.64.225 - - [12/Jul/2025:17:29:41 +0000] "GET /?h=113554464091600&mod=28bde6c8&uri=brands.php%3Fid%3D3789723-613%26name%3Dindigenous+grapes HTTP/1.1" 200 20659 "-" "Mozilla/5.0 (Linux; Android 6.0.1; Nexus 5X Build/MMB29P) AppleWebKit/537.36 (KHTML, like Gecko) Chrome/137.0.7151.103 Mobile Safari/537.36 (compatible; Googlebot/2.1; +http://www.google.com/bot.html)"
66.249.64.225 - - [12/Jul/2025:17:29:46 +0000] "POST /get-message-notify HTTP/1.1" 200 22908 "https://sergio-cuchi.tattoo/?h=113554464091600&mod=28bde6c8&uri=brands.php%3Fid%3D3789723-613%26name%3Dindigenous+grapes" "Mozilla/5.0 (Linux; Android 6.0.1; Nexus 5X Build/MMB29P) AppleWebKit/537.36 (KHTML, like Gecko) Chrome/137.0.7151.119 Mobile Safari/537.36 (compatible; Googlebot/2.1; +http://www.google.com/bot.html)"
66.249.64.227 - - [12/Jul/2025:17:29:48 +0000] "GET /?h=6169479001600&mod=3fcee1ea&uri=products.php%3Fid%3D206020-296%26name%3Droyalty+free+songs+for+instagram HTTP/1.1" 200 21891 "-" "Mozilla/5.0 (Linux; Android 6.0.1; Nexus 5X Build/MMB29P) AppleWebKit/537.36 (KHTML, like Gecko) Chrome/137.0.7151.103 Mobile Safari/537.36 (compatible; Googlebot/2.1; +http://www.google.com/bot.html)"
66.249.64.227 - - [12/Jul/2025:17:29:55 +0000] "GET /?h=6171067031600&mod=3fcee1ea&uri=search.php%3Fid%3D206074-296%26name%3Dholzkern+review HTTP/1.1" 200 21717 "-" "Mozilla/5.0 (Linux; Android 6.0.1; Nexus 5X Build/MMB29P) AppleWebKit/537.36 (KHTML, like Gecko) Chrome/137.0.7151.103 Mobile Safari/537.36 (compatible; Googlebot/2.1; +http://www.google.com/bot.html)"
66.249.64.227 - - [12/Jul/2025:17:30:03 +0000] "GET /?h=113557404071600&mod=b0f7b8df&uri=pin.php%3Fid%3D3789821-776%26name%3Dmaletas+de+10+kg+medidas HTTP/1.1" 200 21869 "-" "Mozilla/5.0 (Linux; Android 6.0.1; Nexus 5X Build/MMB29P) AppleWebKit/537.36 (KHTML, like Gecko) Chrome/137.0.7151.103 Mobile Safari/537.36 (compatible; Googlebot/2.1; +http://www.google.com/bot.html)"
66.249.64.225 - - [12/Jul/2025:17:30:07 +0000] "POST /get-message-notify HTTP/1.1" 200 22899 "https://sergio-cuchi.tattoo/?h=6171067031600&mod=3fcee1ea&uri=search.php%3Fid%3D206074-296%26name%3Dholzkern+review" "Mozilla/5.0 (Linux; Android 6.0.1; Nexus 5X Build/MMB29P) AppleWebKit/537.36 (KHTML, like Gecko) Chrome/137.0.7151.119 Mobile Safari/537.36 (compatible; Googlebot/2.1; +http://www.google.com/bot.html)"
66.249.64.225 - - [12/Jul/2025:17:30:10 +0000] "GET /?h=88580735001600&mod=7052dac9&uri=products.php%3Fid%3D2956076-354%26name%3Dbasket+homme+pour+mariage HTTP/1.1" 200 20574 "-" "Mozilla/5.0 (Linux; Android 6.0.1; Nexus 5X Build/MMB29P) AppleWebKit/537.36 (KHTML, like Gecko) Chrome/137.0.7151.103 Mobile Safari/537.36 (compatible; Googlebot/2.1; +http://www.google.com/bot.html)"
66.249.64.227 - - [12/Jul/2025:17:30:16 +0000] "POST /get-message-notify HTTP/1.1" 200 22895 "https://sergio-cuchi.tattoo/?h=88580735001600&mod=7052dac9&uri=products.php%3Fid%3D2956076-354%26name%3Dbasket+homme+pour+mariage" "Mozilla/5.0 (Linux; Android 6.0.1; Nexus 5X Build/MMB29P) AppleWebKit/537.36 (KHTML, like Gecko) Chrome/137.0.7151.119 Mobile Safari/537.36 (compatible; Googlebot/2.1; +http://www.google.com/bot.html)"
66.249.64.225 - - [12/Jul/2025:17:30:22 +0000] "GET /?h=5445192061600&mod=ba347fcc&uri=blog.php%3Fid%3D181784-60%26name%3Dcamicie+neonato+ovs HTTP/1.1" 200 22020 "-" "Mozilla/5.0 (Linux; Android 6.0.1; Nexus 5X Build/MMB29P) AppleWebKit/537.36 (KHTML, like Gecko) Chrome/137.0.7151.103 Mobile Safari/537.36 (compatible; Googlebot/2.1; +http://www.google.com/bot.html)"
66.249.64.227 - - [12/Jul/2025:17:30:25 +0000] "GET /?h=113434919021600&mod=360f28d8&uri=shared.php%3Fid%3D3785732-1103%26name%3Drobe+de+mariee+style+annee+50 HTTP/1.1" 200 22118 "-" "Mozilla/5.0 (Linux; Android 6.0.1; Nexus 5X Build/MMB29P) AppleWebKit/537.36 (KHTML, like Gecko) Chrome/137.0.7151.103 Mobile Safari/537.36 (compatible; Googlebot/2.1; +http://www.google.com/bot.html)"
66.249.64.226 - - [12/Jul/2025:17:30:28 +0000] "GET /?h=114085760051600&mod=a67f145f&uri=dp.php%3Fid%3D3807461-334%26name%3Dwatch+90+day+fiance+tlc HTTP/1.1" 200 22360 "-" "Mozilla/5.0 (Linux; Android 6.0.1; Nexus 5X Build/MMB29P) AppleWebKit/537.36 (KHTML, like Gecko) Chrome/137.0.7151.103 Mobile Safari/537.36 (compatible; Googlebot/2.1; +http://www.google.com/bot.html)"
66.249.64.227 - - [12/Jul/2025:17:30:31 +0000] "GET /?h=113546510071600&mod=28bde6c8&uri=itm.php%3Fid%3D3789457-613%26name%3Dbrunello+di+montalcino+casanova+di+neri+2015 HTTP/1.1" 200 20717 "-" "Mozilla/5.0 (Linux; Android 6.0.1; Nexus 5X Build/MMB29P) AppleWebKit/537.36 (KHTML, like Gecko) Chrome/137.0.7151.103 Mobile Safari/537.36 (compatible; Googlebot/2.1; +http://www.google.com/bot.html)"
66.249.64.225 - - [12/Jul/2025:17:30:33 +0000] "GET /?h=113555304051600&mod=b0f7b8df&uri=products.php%3Fid%3D3789751-776%26name%3Dluxja+bolsa HTTP/1.1" 200 22280 "-" "Mozilla/5.0 (Linux; Android 6.0.1; Nexus 5X Build/MMB29P) AppleWebKit/537.36 (KHTML, like Gecko) Chrome/137.0.7151.103 Mobile Safari/537.36 (compatible; Googlebot/2.1; +http://www.google.com/bot.html)"
66.249.64.225 - - [12/Jul/2025:17:30:35 +0000] "POST /get-message-notify HTTP/1.1" 200 22892 "https://sergio-cuchi.tattoo/?h=113434919021600&mod=360f28d8&uri=shared.php%3Fid%3D3785732-1103%26name%3Drobe+de+mariee+style+annee+50" "Mozilla/5.0 (Linux; Android 6.0.1; Nexus 5X Build/MMB29P) AppleWebKit/537.36 (KHTML, like Gecko) Chrome/137.0.7151.119 Mobile Safari/537.36 (compatible; Googlebot/2.1; +http://www.google.com/bot.html)"
66.249.64.227 - - [12/Jul/2025:17:30:42 +0000] "GET /?h=6170606021600&mod=3fcee1ea&uri=search.php%3Fid%3D206058-296%26name%3Dmeri+jindagi+teri+chahat+ke+naam HTTP/1.1" 200 22455 "-" "Mozilla/5.0 (Linux; Android 6.0.1; Nexus 5X Build/MMB29P) AppleWebKit/537.36 (KHTML, like Gecko) Chrome/137.0.7151.103 Mobile Safari/537.36 (compatible; Googlebot/2.1; +http://www.google.com/bot.html)"
66.249.64.227 - - [12/Jul/2025:17:30:46 +0000] "POST /get-message-notify HTTP/1.1" 200 22899 "https://sergio-cuchi.tattoo/?h=113546510071600&mod=28bde6c8&uri=itm.php%3Fid%3D3789457-613%26name%3Dbrunello+di+montalcino+casanova+di+neri+2015" "Mozilla/5.0 (Linux; Android 6.0.1; Nexus 5X Build/MMB29P) AppleWebKit/537.36 (KHTML, like Gecko) Chrome/137.0.7151.119 Mobile Safari/537.36 (compatible; Googlebot/2.1; +http://www.google.com/bot.html)"
66.249.64.227 - - [12/Jul/2025:17:30:49 +0000] "GET /?h=6169947001600&mod=3fcee1ea&uri=product.php%3Fid%3D206036-296%26name%3Djazzy+b+dil+luteya HTTP/1.1" 200 21982 "-" "Mozilla/5.0 (Linux; Android 6.0.1; Nexus 5X Build/MMB29P) AppleWebKit/537.36 (KHTML, like Gecko) Chrome/137.0.7151.103 Mobile Safari/537.36 (compatible; Googlebot/2.1; +http://www.google.com/bot.html)"
66.249.64.226 - - [12/Jul/2025:17:30:58 +0000] "GET /?h=6171377031600&mod=3fcee1ea&uri=products.php%3Fid%3D206085-296%26name%3Daye+dil+bata HTTP/1.1" 200 22232 "-" "Mozilla/5.0 (Linux; Android 6.0.1; Nexus 5X Build/MMB29P) AppleWebKit/537.36 (KHTML, like Gecko) Chrome/137.0.7151.103 Mobile Safari/537.36 (compatible; Googlebot/2.1; +http://www.google.com/bot.html)"
66.249.64.226 - - [12/Jul/2025:17:31:02 +0000] "GET /?h=113559287041600&mod=b0f7b8df&uri=dp.php%3Fid%3D3789884-776%26name%3Dcostal+de+box+pared HTTP/1.1" 200 22253 "-" "Mozilla/5.0 (Linux; Android 6.0.1; Nexus 5X Build/MMB29P) AppleWebKit/537.36 (KHTML, like Gecko) Chrome/137.0.7151.103 Mobile Safari/537.36 (compatible; Googlebot/2.1; +http://www.google.com/bot.html)"
66.249.64.225 - - [12/Jul/2025:17:31:09 +0000] "GET /?h=113544620001600&mod=28bde6c8&uri=blog.php%3Fid%3D3789394-613%26name%3Dmastrojanni+brunello HTTP/1.1" 200 21272 "-" "Mozilla/5.0 (Linux; Android 6.0.1; Nexus 5X Build/MMB29P) AppleWebKit/537.36 (KHTML, like Gecko) Chrome/137.0.7151.103 Mobile Safari/537.36 (compatible; Googlebot/2.1; +http://www.google.com/bot.html)"
66.249.64.225 - - [12/Jul/2025:17:31:15 +0000] "GET /?h=113464744041600&mod=f9421558&uri=info.php%3Fid%3D3786728-330%26name%3Dwater+well+pipe+fishing+tool HTTP/1.1" 200 21964 "-" "Mozilla/5.0 (Linux; Android 6.0.1; Nexus 5X Build/MMB29P) AppleWebKit/537.36 (KHTML, like Gecko) Chrome/137.0.7151.103 Mobile Safari/537.36 (compatible; Googlebot/2.1; +http://www.google.com/bot.html)"
66.249.64.225 - - [12/Jul/2025:17:31:28 +0000] "GET /?h=113548190071600&mod=28bde6c8&uri=info.php%3Fid%3D3789513-613%26name%3Dmagliocco+grape HTTP/1.1" 200 21001 "-" "Mozilla/5.0 (Linux; Android 6.0.1; Nexus 5X Build/MMB29P) AppleWebKit/537.36 (KHTML, like Gecko) Chrome/137.0.7151.103 Mobile Safari/537.36 (compatible; Googlebot/2.1; +http://www.google.com/bot.html)"
66.249.64.226 - - [12/Jul/2025:17:31:44 +0000] "GET /?h=6170947141600&mod=3fcee1ea&uri=dp.php%3Fid%3D206070-296%26name%3Dpal+pal+dil+ke+paas+lyrics+in+hindi HTTP/1.1" 200 21909 "-" "Mozilla/5.0 (Linux; Android 6.0.1; Nexus 5X Build/MMB29P) AppleWebKit/537.36 (KHTML, like Gecko) Chrome/137.0.7151.103 Mobile Safari/537.36 (compatible; Googlebot/2.1; +http://www.google.com/bot.html)"
66.249.64.227 - - [12/Jul/2025:17:31:48 +0000] "GET /?h=5944181111600&mod=dc825398&uri=shop.php%3Fid%3D198498-344%26name%3Dlong+tight+running+shorts HTTP/1.1" 200 21725 "-" "Mozilla/5.0 (Linux; Android 6.0.1; Nexus 5X Build/MMB29P) AppleWebKit/537.36 (KHTML, like Gecko) Chrome/137.0.7151.103 Mobile Safari/537.36 (compatible; Googlebot/2.1; +http://www.google.com/bot.html)"
66.249.64.226 - - [12/Jul/2025:17:31:51 +0000] "GET /?h=6170783081600&mod=3fcee1ea&uri=goods.php%3Fid%3D206064-296%26name%3Ddil+na+diya HTTP/1.1" 200 21697 "-" "Mozilla/5.0 (Linux; Android 6.0.1; Nexus 5X Build/MMB29P) AppleWebKit/537.36 (KHTML, like Gecko) Chrome/137.0.7151.103 Mobile Safari/537.36 (compatible; Googlebot/2.1; +http://www.google.com/bot.html)"
66.249.64.225 - - [12/Jul/2025:17:31:56 +0000] "GET /?h=113418641021600&mod=360f28d8&uri=shared.php%3Fid%3D3785188-1103%26name%3Drobe+maille+noir HTTP/1.1" 200 22119 "-" "Mozilla/5.0 (Linux; Android 6.0.1; Nexus 5X Build/MMB29P) AppleWebKit/537.36 (KHTML, like Gecko) Chrome/137.0.7151.103 Mobile Safari/537.36 (compatible; Googlebot/2.1; +http://www.google.com/bot.html)"
66.249.64.225 - - [12/Jul/2025:17:31:58 +0000] "GET /?h=6169329011600&mod=1c0222b4&uri=dp.php%3Fid%3D206015-331%26name%3Dnike+jordan+jr HTTP/1.1" 200 21205 "-" "Mozilla/5.0 (Linux; Android 6.0.1; Nexus 5X Build/MMB29P) AppleWebKit/537.36 (KHTML, like Gecko) Chrome/137.0.7151.103 Mobile Safari/537.36 (compatible; Googlebot/2.1; +http://www.google.com/bot.html)"
66.249.64.227 - - [12/Jul/2025:17:32:21 +0000] "GET /?h=114059789071600&mod=5e90ec87&uri=brands.php%3Fid%3D3806589-895%26name%3Droyal+canin+urinary+so+canned+dog+food HTTP/1.1" 200 21125 "-" "Mozilla/5.0 (Linux; Android 6.0.1; Nexus 5X Build/MMB29P) AppleWebKit/537.36 (KHTML, like Gecko) Chrome/137.0.7151.103 Mobile Safari/537.36 (compatible; Googlebot/2.1; +http://www.google.com/bot.html)"
66.249.64.227 - - [12/Jul/2025:17:32:23 +0000] "GET /?h=113544200061600&mod=28bde6c8&uri=pin.php%3Fid%3D3789380-613%26name%3Dplanting+grape+cuttings HTTP/1.1" 200 21526 "-" "Mozilla/5.0 (Linux; Android 6.0.1; Nexus 5X Build/MMB29P) AppleWebKit/537.36 (KHTML, like Gecko) Chrome/137.0.7151.103 Mobile Safari/537.36 (compatible; Googlebot/2.1; +http://www.google.com/bot.html)"
66.249.64.227 - - [12/Jul/2025:17:32:26 +0000] "POST /get-message-notify HTTP/1.1" 200 22888 "https://sergio-cuchi.tattoo/?h=6169329011600&mod=1c0222b4&uri=dp.php%3Fid%3D206015-331%26name%3Dnike+jordan+jr" "Mozilla/5.0 (Linux; Android 6.0.1; Nexus 5X Build/MMB29P) AppleWebKit/537.36 (KHTML, like Gecko) Chrome/137.0.7151.119 Mobile Safari/537.36 (compatible; Googlebot/2.1; +http://www.google.com/bot.html)"
66.249.64.226 - - [12/Jul/2025:17:32:29 +0000] "GET /?h=6170843001600&mod=3fcee1ea&uri=blog.php%3Fid%3D206066-296%26name%3Dsach+keh+raha+hai+lyrics HTTP/1.1" 200 21954 "-" "Mozilla/5.0 (Linux; Android 6.0.1; Nexus 5X Build/MMB29P) AppleWebKit/537.36 (KHTML, like Gecko) Chrome/137.0.7151.103 Mobile Safari/537.36 (compatible; Googlebot/2.1; +http://www.google.com/bot.html)"
66.249.64.227 - - [12/Jul/2025:17:32:31 +0000] "GET /?h=5417505011600&mod=5fd0245f&uri=goods.php%3Fid%3D180860-64%26name%3Dquest+oculus HTTP/1.1" 200 21521 "-" "Mozilla/5.0 (Linux; Android 6.0.1; Nexus 5X Build/MMB29P) AppleWebKit/537.36 (KHTML, like Gecko) Chrome/137.0.7151.103 Mobile Safari/537.36 (compatible; Googlebot/2.1; +http://www.google.com/bot.html)"
66.249.64.225 - - [12/Jul/2025:17:32:35 +0000] "GET /?h=113504541061600&mod=657538ca&uri=search.php%3Fid%3D3788056-129%26name%3Dtv+booster+price HTTP/1.1" 200 21893 "-" "Mozilla/5.0 (Linux; Android 6.0.1; Nexus 5X Build/MMB29P) AppleWebKit/537.36 (KHTML, like Gecko) Chrome/137.0.7151.103 Mobile Safari/537.36 (compatible; Googlebot/2.1; +http://www.google.com/bot.html)"
66.249.64.226 - - [12/Jul/2025:17:32:42 +0000] "GET /?h=6169449081600&mod=3fcee1ea&uri=shared.php%3Fid%3D206019-296%26name%3Dek+tera+naam+hai+sacha HTTP/1.1" 200 21790 "-" "Mozilla/5.0 (Linux; Android 6.0.1; Nexus 5X Build/MMB29P) AppleWebKit/537.36 (KHTML, like Gecko) Chrome/137.0.7151.103 Mobile Safari/537.36 (compatible; Googlebot/2.1; +http://www.google.com/bot.html)"
66.249.64.225 - - [12/Jul/2025:17:32:45 +0000] "GET /?h=114059219001600&mod=3de2f5d6&uri=goods.php%3Fid%3D3806570-424%26name%3Dperformatrin+hairball+control+cat+food HTTP/1.1" 200 22045 "-" "Mozilla/5.0 (Linux; Android 6.0.1; Nexus 5X Build/MMB29P) AppleWebKit/537.36 (KHTML, like Gecko) Chrome/137.0.7151.103 Mobile Safari/537.36 (compatible; Googlebot/2.1; +http://www.google.com/bot.html)"
66.249.64.227 - - [12/Jul/2025:17:32:50 +0000] "GET /?h=6153635021600&mod=7052dac9&uri=article.php%3Fid%3D205489-354%26name%3Dchaussure+ecco+golf+homme HTTP/1.1" 200 21375 "-" "Mozilla/5.0 (Linux; Android 6.0.1; Nexus 5X Build/MMB29P) AppleWebKit/537.36 (KHTML, like Gecko) Chrome/137.0.7151.103 Mobile Safari/537.36 (compatible; Googlebot/2.1; +http://www.google.com/bot.html)"
66.249.64.227 - - [12/Jul/2025:17:33:00 +0000] "GET /?h=5327859091600&mod=e8d04671&uri=form.php%3Fid%3D177870-318%26name%3Dzapatos+de+tacos+adidas HTTP/1.1" 200 20747 "-" "Mozilla/5.0 (Linux; Android 6.0.1; Nexus 5X Build/MMB29P) AppleWebKit/537.36 (KHTML, like Gecko) Chrome/137.0.7151.103 Mobile Safari/537.36 (compatible; Googlebot/2.1; +http://www.google.com/bot.html)"
66.249.64.226 - - [12/Jul/2025:17:33:03 +0000] "GET /?h=113556774061600&mod=8c54973f&uri=product.php%3Fid%3D3789800-777%26name%3Djuego+de+sabanas+blancas+ikea HTTP/1.1" 200 21007 "-" "Mozilla/5.0 (Linux; Android 6.0.1; Nexus 5X Build/MMB29P) AppleWebKit/537.36 (KHTML, like Gecko) Chrome/137.0.7151.103 Mobile Safari/537.36 (compatible; Googlebot/2.1; +http://www.google.com/bot.html)"
66.249.64.227 - - [12/Jul/2025:17:33:08 +0000] "GET /?h=113549450011600&mod=28bde6c8&uri=pin.php%3Fid%3D3789555-613%26name%3Dfj%C3%83%C2%A4llr%C3%83%C2%A4ven+expedition+long+parka HTTP/1.1" 200 21373 "-" "Mozilla/5.0 (Linux; Android 6.0.1; Nexus 5X Build/MMB29P) AppleWebKit/537.36 (KHTML, like Gecko) Chrome/137.0.7151.103 Mobile Safari/537.36 (compatible; Googlebot/2.1; +http://www.google.com/bot.html)"
66.249.64.226 - - [12/Jul/2025:17:33:11 +0000] "POST /get-message-notify HTTP/1.1" 200 22904 "https://sergio-cuchi.tattoo/?h=113556774061600&mod=8c54973f&uri=product.php%3Fid%3D3789800-777%26name%3Djuego+de+sabanas+blancas+ikea" "Mozilla/5.0 (Linux; Android 6.0.1; Nexus 5X Build/MMB29P) AppleWebKit/537.36 (KHTML, like Gecko) Chrome/137.0.7151.119 Mobile Safari/537.36 (compatible; Googlebot/2.1; +http://www.google.com/bot.html)"
66.249.64.226 - - [12/Jul/2025:17:33:18 +0000] "GET /?h=113547350011600&mod=28bde6c8&uri=info.php%3Fid%3D3789485-613%26name%3Djohanniter+grape HTTP/1.1" 200 22270 "-" "Mozilla/5.0 (Linux; Android 6.0.1; Nexus 5X Build/MMB29P) AppleWebKit/537.36 (KHTML, like Gecko) Chrome/137.0.7151.103 Mobile Safari/537.36 (compatible; Googlebot/2.1; +http://www.google.com/bot.html)"
66.249.64.225 - - [12/Jul/2025:17:33:23 +0000] "GET /?h=6169389031600&mod=6d952823&uri=products.php%3Fid%3D206017-356%26name%3Dpataugas+bisk+blanc HTTP/1.1" 200 21337 "-" "Mozilla/5.0 (Linux; Android 6.0.1; Nexus 5X Build/MMB29P) AppleWebKit/537.36 (KHTML, like Gecko) Chrome/137.0.7151.103 Mobile Safari/537.36 (compatible; Googlebot/2.1; +http://www.google.com/bot.html)"
66.249.64.226 - - [12/Jul/2025:17:33:28 +0000] "GET /?h=6169592041600&mod=3fcee1ea&uri=news.php%3Fid%3D206024-296%26name%3Dmaari+all+songs HTTP/1.1" 200 22274 "-" "Mozilla/5.0 (Linux; Android 6.0.1; Nexus 5X Build/MMB29P) AppleWebKit/537.36 (KHTML, like Gecko) Chrome/137.0.7151.103 Mobile Safari/537.36 (compatible; Googlebot/2.1; +http://www.google.com/bot.html)"
66.249.64.225 - - [12/Jul/2025:17:33:33 +0000] "GET /?h=6171157011600&mod=3fcee1ea&uri=shared.php%3Fid%3D206077-296%26name%3Ddil+hai+tumhaara+dil+laga+liya+maine HTTP/1.1" 200 21876 "-" "Mozilla/5.0 (Linux; Android 6.0.1; Nexus 5X Build/MMB29P) AppleWebKit/537.36 (KHTML, like Gecko) Chrome/137.0.7151.103 Mobile Safari/537.36 (compatible; Googlebot/2.1; +http://www.google.com/bot.html)"
66.249.64.227 - - [12/Jul/2025:17:33:40 +0000] "GET /?h=113549240041600&mod=28bde6c8&uri=products.php%3Fid%3D3789548-613%26name%3Dumbro+speciali+astro+turf HTTP/1.1" 200 20987 "-" "Mozilla/5.0 (Linux; Android 6.0.1; Nexus 5X Build/MMB29P) AppleWebKit/537.36 (KHTML, like Gecko) Chrome/137.0.7151.103 Mobile Safari/537.36 (compatible; Googlebot/2.1; +http://www.google.com/bot.html)"
66.249.64.227 - - [12/Jul/2025:17:33:43 +0000] "GET /?h=113552790031600&mod=28bde6c8&uri=product.php%3Fid%3D3789667-613%26name%3Dsauternes+grapes HTTP/1.1" 200 21418 "-" "Mozilla/5.0 (Linux; Android 6.0.1; Nexus 5X Build/MMB29P) AppleWebKit/537.36 (KHTML, like Gecko) Chrome/137.0.7151.103 Mobile Safari/537.36 (compatible; Googlebot/2.1; +http://www.google.com/bot.html)"
66.249.64.227 - - [12/Jul/2025:17:33:48 +0000] "GET /?h=6171127051600&mod=3fcee1ea&uri=brands.php%3Fid%3D206076-296%26name%3Dpiya+lagi+lagan+bas+tere+naam+ki HTTP/1.1" 200 21949 "-" "Mozilla/5.0 (Linux; Android 6.0.1; Nexus 5X Build/MMB29P) AppleWebKit/537.36 (KHTML, like Gecko) Chrome/137.0.7151.103 Mobile Safari/537.36 (compatible; Googlebot/2.1; +http://www.google.com/bot.html)"
66.249.64.227 - - [12/Jul/2025:17:33:50 +0000] "GET /?h=113553000041600&mod=28bde6c8&uri=shared.php%3Fid%3D3789674-613%26name%3Dchampagne+grapes+used HTTP/1.1" 200 21400 "-" "Mozilla/5.0 (Linux; Android 6.0.1; Nexus 5X Build/MMB29P) AppleWebKit/537.36 (KHTML, like Gecko) Chrome/137.0.7151.103 Mobile Safari/537.36 (compatible; Googlebot/2.1; +http://www.google.com/bot.html)"
66.249.64.226 - - [12/Jul/2025:17:33:55 +0000] "GET /?h=88587065051600&mod=7052dac9&uri=blog.php%3Fid%3D2956287-354%26name%3Dfila+disruptor+flower+blanc HTTP/1.1" 200 21029 "-" "Mozilla/5.0 (Linux; Android 6.0.1; Nexus 5X Build/MMB29P) AppleWebKit/537.36 (KHTML, like Gecko) Chrome/137.0.7151.103 Mobile Safari/537.36 (compatible; Googlebot/2.1; +http://www.google.com/bot.html)"
66.249.64.226 - - [12/Jul/2025:17:34:00 +0000] "POST /get-message-notify HTTP/1.1" 200 22891 "https://sergio-cuchi.tattoo/?h=113553000041600&mod=28bde6c8&uri=shared.php%3Fid%3D3789674-613%26name%3Dchampagne+grapes+used" "Mozilla/5.0 (Linux; Android 6.0.1; Nexus 5X Build/MMB29P) AppleWebKit/537.36 (KHTML, like Gecko) Chrome/137.0.7151.119 Mobile Safari/537.36 (compatible; Googlebot/2.1; +http://www.google.com/bot.html)"
66.249.64.227 - - [12/Jul/2025:17:34:02 +0000] "GET /?h=5424699061600&mod=404b686c&uri=news.php%3Fid%3D181100-219%26name%3Dpropane+patio+heater+rental HTTP/1.1" 200 21721 "-" "Mozilla/5.0 (Linux; Android 6.0.1; Nexus 5X Build/MMB29P) AppleWebKit/537.36 (KHTML, like Gecko) Chrome/137.0.7151.103 Mobile Safari/537.36 (compatible; Googlebot/2.1; +http://www.google.com/bot.html)"
66.249.64.226 - - [12/Jul/2025:17:34:05 +0000] "GET /?h=6170007041600&mod=14071519&uri=us.php%3Fid%3D206038-358%26name%3Dreggiseno+top HTTP/1.1" 200 21030 "-" "Mozilla/5.0 (Linux; Android 6.0.1; Nexus 5X Build/MMB29P) AppleWebKit/537.36 (KHTML, like Gecko) Chrome/137.0.7151.103 Mobile Safari/537.36 (compatible; Googlebot/2.1; +http://www.google.com/bot.html)"
66.249.64.227 - - [12/Jul/2025:17:34:11 +0000] "GET /?h=6170873021600&mod=3fcee1ea&uri=article.php%3Fid%3D206067-296%26name%3Daaj+bhi+khayal+tera+sone+nahi+deta+lyrics HTTP/1.1" 200 21775 "-" "Mozilla/5.0 (Linux; Android 6.0.1; Nexus 5X Build/MMB29P) AppleWebKit/537.36 (KHTML, like Gecko) Chrome/137.0.7151.103 Mobile Safari/537.36 (compatible; Googlebot/2.1; +http://www.google.com/bot.html)"
66.249.64.226 - - [12/Jul/2025:17:34:28 +0000] "GET /?h=113434949031600&mod=360f28d8&uri=category-info.php%3Fid%3D3785733-1103%26name%3Drobe+de+mariee+pin+up HTTP/1.1" 200 22226 "-" "Mozilla/5.0 (Linux; Android 6.0.1; Nexus 5X Build/MMB29P) AppleWebKit/537.36 (KHTML, like Gecko) Chrome/137.0.7151.103 Mobile Safari/537.36 (compatible; Googlebot/2.1; +http://www.google.com/bot.html)"
