66.249.64.227 - - [12/Jul/2025:19:32:46 +0000] "GET /?h=5446452001600&mod=ba347fcc&uri=itm.php%3Fid%3D181826-60%26name%3Dcamicini+a+pelle+per+neonati HTTP/1.1" 200 22521 "-" "Mozilla/5.0 (Linux; Android 6.0.1; Nexus 5X Build/MMB29P) AppleWebKit/537.36 (KHTML, like Gecko) Chrome/137.0.7151.103 Mobile Safari/537.36 (compatible; Googlebot/2.1; +http://www.google.com/bot.html)"
66.249.64.225 - - [12/Jul/2025:19:32:55 +0000] "GET /?h=5447052021600&mod=ba347fcc&uri=info.php%3Fid%3D181846-60%26name%3Dtute+da+sposa+2021 HTTP/1.1" 200 21872 "-" "Mozilla/5.0 (Linux; Android 6.0.1; Nexus 5X Build/MMB29P) AppleWebKit/537.36 (KHTML, like Gecko) Chrome/137.0.7151.103 Mobile Safari/537.36 (compatible; Googlebot/2.1; +http://www.google.com/bot.html)"
66.249.64.225 - - [12/Jul/2025:19:33:07 +0000] "GET /?h=5440692021600&mod=233f1dd0&uri=form.php%3Fid%3D181634-59%26name%3Dabiti+bambina+carnevale HTTP/1.1" 200 22104 "-" "Mozilla/5.0 (Linux; Android 6.0.1; Nexus 5X Build/MMB29P) AppleWebKit/537.36 (KHTML, like Gecko) Chrome/137.0.7151.103 Mobile Safari/537.36 (compatible; Googlebot/2.1; +http://www.google.com/bot.html)"
66.249.64.225 - - [12/Jul/2025:19:33:16 +0000] "GET /?h=113485491001600&mod=6018df18&uri=brands.php%3Fid%3D3787420-52%26name%3Damazon+green+maxi+dress HTTP/1.1" 200 20838 "-" "Mozilla/5.0 (Linux; Android 6.0.1; Nexus 5X Build/MMB29P) AppleWebKit/537.36 (KHTML, like Gecko) Chrome/137.0.7151.103 Mobile Safari/537.36 (compatible; Googlebot/2.1; +http://www.google.com/bot.html)"
66.249.64.225 - - [12/Jul/2025:19:41:26 +0000] "GET /?h=114057989021600&mod=49af7f20&uri=dp.php%3Fid%3D3806529-794%26name%3Dhow+much+food+to+feed+a+10+week+old+puppy HTTP/1.1" 200 22015 "-" "Mozilla/5.0 (Linux; Android 6.0.1; Nexus 5X Build/MMB29P) AppleWebKit/537.36 (KHTML, like Gecko) Chrome/137.0.7151.103 Mobile Safari/537.36 (compatible; Googlebot/2.1; +http://www.google.com/bot.html)"
66.249.64.225 - - [12/Jul/2025:19:44:45 +0000] "GET /?h=101255074021600&mod=86822278&uri=itm.php%3Fid%3D3379150-423%26name%3Dnike+presto+extreme+womens+all+white HTTP/1.1" 200 21324 "-" "Mozilla/5.0 (Linux; Android 6.0.1; Nexus 5X Build/MMB29P) AppleWebKit/537.36 (KHTML, like Gecko) Chrome/137.0.7151.103 Mobile Safari/537.36 (compatible; Googlebot/2.1; +http://www.google.com/bot.html)"
66.249.64.226 - - [12/Jul/2025:19:45:13 +0000] "POST /get-message-notify HTTP/1.1" 200 22901 "https://sergio-cuchi.tattoo/?h=101255074021600&mod=86822278&uri=itm.php%3Fid%3D3379150-423%26name%3Dnike+presto+extreme+womens+all+white" "Mozilla/5.0 (Linux; Android 6.0.1; Nexus 5X Build/MMB29P) AppleWebKit/537.36 (KHTML, like Gecko) Chrome/137.0.7151.119 Mobile Safari/537.36 (compatible; Googlebot/2.1; +http://www.google.com/bot.html)"
66.249.64.227 - - [12/Jul/2025:19:47:49 +0000] "GET /?h=5350727081600&mod=e8d04671&uri=news.php%3Fid%3D178633-318%26name%3Dtenis+neo+adidas HTTP/1.1" 200 20560 "-" "Mozilla/5.0 (Linux; Android 6.0.1; Nexus 5X Build/MMB29P) AppleWebKit/537.36 (KHTML, like Gecko) Chrome/137.0.7151.103 Mobile Safari/537.36 (compatible; Googlebot/2.1; +http://www.google.com/bot.html)"
66.249.64.226 - - [12/Jul/2025:19:51:22 +0000] "GET /?h=119796952001600&mod=ade4ebc2&uri=product.php%3Fid%3D3997988-679%26name%3Dtauricase+install+video+s21 HTTP/1.1" 200 20757 "-" "Mozilla/5.0 (Linux; Android 6.0.1; Nexus 5X Build/MMB29P) AppleWebKit/537.36 (KHTML, like Gecko) Chrome/137.0.7151.103 Mobile Safari/537.36 (compatible; Googlebot/2.1; +http://www.google.com/bot.html)"
66.249.64.227 - - [12/Jul/2025:19:54:15 +0000] "GET /?h=5295974011600&mod=a7290c5b&uri=form.php%3Fid%3D176807-317%26name%3Dlacing+air+max+95 HTTP/1.1" 200 21854 "-" "Mozilla/5.0 (Linux; Android 6.0.1; Nexus 5X Build/MMB29P) AppleWebKit/537.36 (KHTML, like Gecko) Chrome/137.0.7151.103 Mobile Safari/537.36 (compatible; Googlebot/2.1; +http://www.google.com/bot.html)"
66.249.64.226 - - [12/Jul/2025:19:58:24 +0000] "GET /?h=5309384041600&mod=389044ee&uri=info.php%3Fid%3D177254-145%26name%3Dkappa+shorts+blue HTTP/1.1" 200 20960 "-" "Mozilla/5.0 (Linux; Android 6.0.1; Nexus 5X Build/MMB29P) AppleWebKit/537.36 (KHTML, like Gecko) Chrome/137.0.7151.103 Mobile Safari/537.36 (compatible; Googlebot/2.1; +http://www.google.com/bot.html)"
66.249.64.227 - - [12/Jul/2025:20:02:20 +0000] "GET /?h=5231439071600&mod=61501c1f&uri=us.php%3Fid%3D174653-187%26name%3Dcinevood+website HTTP/1.1" 200 21832 "-" "Mozilla/5.0 (Linux; Android 6.0.1; Nexus 5X Build/MMB29P) AppleWebKit/537.36 (KHTML, like Gecko) Chrome/137.0.7151.103 Mobile Safari/537.36 (compatible; Googlebot/2.1; +http://www.google.com/bot.html)"
118.71.87.199 - - [12/Jul/2025:20:07:18 +0000] "POST /wp-comments-post.php HTTP/1.1" 302 - "-" "Mozilla/5.0 (Windows NT 10.0; Win64; x64) AppleWebKit/537.36 (KHTML, like Gecko) Chrome/120.0.0.0 Safari/537.36"
118.71.87.199 - - [12/Jul/2025:20:07:39 +0000] "POST /wp-comments-post.php HTTP/1.1" 302 - "-" "Mozilla/5.0 (Windows NT 10.0; Win64; x64) AppleWebKit/537.36 (KHTML, like Gecko) Chrome/120.0.0.0 Safari/537.36"
209.74.77.214 - - [12/Jul/2025:20:08:03 +0000] "POST /wp-cron.php?doing_wp_cron=1752350883.1646358966827392578125 HTTP/1.1" 200 - "-" "WordPress/6.8.1; https://sergio-cuchi.tattoo"
118.71.87.199 - - [12/Jul/2025:20:08:03 +0000] "POST /wp-comments-post.php HTTP/1.1" 302 - "-" "Mozilla/5.0 (Windows NT 10.0; Win64; x64) AppleWebKit/537.36 (KHTML, like Gecko) Chrome/120.0.0.0 Safari/537.36"
118.71.87.199 - - [12/Jul/2025:20:08:26 +0000] "POST /wp-comments-post.php HTTP/1.1" 302 - "-" "Mozilla/5.0 (Windows NT 10.0; Win64; x64) AppleWebKit/537.36 (KHTML, like Gecko) Chrome/120.0.0.0 Safari/537.36"
209.74.77.214 - - [12/Jul/2025:20:08:48 +0000] "POST /wp-cron.php?doing_wp_cron=1752350928.9386808872222900390625 HTTP/1.1" 200 - "-" "WordPress/6.8.1; https://sergio-cuchi.tattoo"
118.71.87.199 - - [12/Jul/2025:20:08:48 +0000] "POST /wp-comments-post.php HTTP/1.1" 302 - "-" "Mozilla/5.0 (Windows NT 10.0; Win64; x64) AppleWebKit/537.36 (KHTML, like Gecko) Chrome/120.0.0.0 Safari/537.36"
118.71.87.199 - - [12/Jul/2025:20:09:13 +0000] "POST /wp-comments-post.php HTTP/1.1" 302 - "-" "Mozilla/5.0 (Windows NT 10.0; Win64; x64) AppleWebKit/537.36 (KHTML, like Gecko) Chrome/120.0.0.0 Safari/537.36"
118.71.87.199 - - [12/Jul/2025:20:09:36 +0000] "POST /wp-comments-post.php HTTP/1.1" 302 - "-" "Mozilla/5.0 (Windows NT 10.0; Win64; x64) AppleWebKit/537.36 (KHTML, like Gecko) Chrome/120.0.0.0 Safari/537.36"
209.74.77.214 - - [12/Jul/2025:20:09:58 +0000] "POST /wp-cron.php?doing_wp_cron=1752350998.8329889774322509765625 HTTP/1.1" 200 - "-" "WordPress/6.8.1; https://sergio-cuchi.tattoo"
118.71.87.199 - - [12/Jul/2025:20:09:58 +0000] "POST /wp-comments-post.php HTTP/1.1" 302 - "-" "Mozilla/5.0 (Windows NT 10.0; Win64; x64) AppleWebKit/537.36 (KHTML, like Gecko) Chrome/120.0.0.0 Safari/537.36"
118.71.87.199 - - [12/Jul/2025:20:10:20 +0000] "POST /wp-comments-post.php HTTP/1.1" 302 - "-" "Mozilla/5.0 (Windows NT 10.0; Win64; x64) AppleWebKit/537.36 (KHTML, like Gecko) Chrome/120.0.0.0 Safari/537.36"
66.249.64.227 - - [12/Jul/2025:20:10:28 +0000] "GET /wp-content/uploads/2025/01/cropped-android-chrome-512x512-1-192x192.png HTTP/1.1" 200 21632 "-" "Googlebot-Image/1.0"
66.249.64.226 - - [12/Jul/2025:20:10:38 +0000] "GET /wp-content/uploads/2025/01/cropped-android-chrome-512x512-1-180x180.png HTTP/1.1" 200 19964 "-" "Googlebot-Image/1.0"
118.71.87.199 - - [12/Jul/2025:20:10:43 +0000] "POST /wp-comments-post.php HTTP/1.1" 302 - "-" "Mozilla/5.0 (Windows NT 10.0; Win64; x64) AppleWebKit/537.36 (KHTML, like Gecko) Chrome/120.0.0.0 Safari/537.36"
66.249.64.225 - - [12/Jul/2025:20:10:51 +0000] "GET /wp-content/uploads/2025/01/cropped-android-chrome-512x512-1-32x32.png HTTP/1.1" 200 1294 "-" "Googlebot-Image/1.0"
66.249.64.225 - - [12/Jul/2025:20:10:56 +0000] "GET /wp-content/uploads/2025/01/cropped-android-chrome-512x512-1-180x180.png HTTP/1.1" 200 19964 "-" "Googlebot-Image/1.0"
66.249.64.225 - - [12/Jul/2025:20:13:09 +0000] "GET /?h=5200759111600&mod=570f6ff5&uri=brands.php%3Fid%3D173617-139%26name%3Demporio+armani+mens+glasses HTTP/1.1" 200 21795 "-" "Mozilla/5.0 (Linux; Android 6.0.1; Nexus 5X Build/MMB29P) AppleWebKit/537.36 (KHTML, like Gecko) Chrome/137.0.7151.103 Mobile Safari/537.36 (compatible; Googlebot/2.1; +http://www.google.com/bot.html)"
66.249.64.225 - - [12/Jul/2025:20:13:46 +0000] "POST /get-message-notify HTTP/1.1" 200 22902 "https://sergio-cuchi.tattoo/?h=5200759111600&mod=570f6ff5&uri=brands.php%3Fid%3D173617-139%26name%3Demporio+armani+mens+glasses" "Mozilla/5.0 (Linux; Android 6.0.1; Nexus 5X Build/MMB29P) AppleWebKit/537.36 (KHTML, like Gecko) Chrome/137.0.7151.119 Mobile Safari/537.36 (compatible; Googlebot/2.1; +http://www.google.com/bot.html)"
66.249.64.226 - - [12/Jul/2025:20:17:59 +0000] "GET /?h=5397615051600&mod=604580f8&uri=us.php%3Fid%3D180197-270%26name%3Daristo+geo+pen HTTP/1.1" 200 21602 "-" "Mozilla/5.0 (Linux; Android 6.0.1; Nexus 5X Build/MMB29P) AppleWebKit/537.36 (KHTML, like Gecko) Chrome/137.0.7151.103 Mobile Safari/537.36 (compatible; Googlebot/2.1; +http://www.google.com/bot.html)"
209.74.77.214 - - [12/Jul/2025:20:22:48 +0000] "POST /wp-cron.php?doing_wp_cron=1752351768.3287448883056640625000 HTTP/1.1" 200 - "-" "WordPress/6.8.1; https://sergio-cuchi.tattoo"
52.205.141.124 - - [12/Jul/2025:20:22:46 +0000] "GET /tag/ipsum/ HTTP/1.1" 200 14408 "-" "Mozilla/5.0 AppleWebKit/537.36 (KHTML, like Gecko; compatible; Amazonbot/0.1; +https://developer.amazon.com/support/amazonbot) Chrome/119.0.6045.214 Safari/537.36"
209.74.77.214 - - [12/Jul/2025:20:23:51 +0000] "POST /wp-cron.php?doing_wp_cron=1752351831.4445478916168212890625 HTTP/1.1" 200 - "-" "WordPress/6.8.1; https://sergio-cuchi.tattoo"
78.153.140.222 - - [12/Jul/2025:20:23:49 +0000] "GET /.env HTTP/1.1" 404 80087 "-" "Mozilla/5.0 (Windows NT 10.0; Win64; x64) AppleWebKit/537.36 (KHTML, like Gecko) Chrome/62.0.3202.75 Safari/537.36"
66.249.64.227 - - [12/Jul/2025:20:25:01 +0000] "GET /?h=5197699051600&mod=570f6ff5&uri=pin.php%3Fid%3D173515-139%26name%3Darmani+ar+8118 HTTP/1.1" 200 21614 "-" "Mozilla/5.0 (Linux; Android 6.0.1; Nexus 5X Build/MMB29P) AppleWebKit/537.36 (KHTML, like Gecko) Chrome/137.0.7151.103 Mobile Safari/537.36 (compatible; Googlebot/2.1; +http://www.google.com/bot.html)"
66.249.64.226 - - [12/Jul/2025:20:29:59 +0000] "GET /?h=5340939001600&mod=abeef011&uri=dp.php%3Fid%3D178306-320%26name%3Dskechers+santiago HTTP/1.1" 200 20672 "-" "Mozilla/5.0 (Linux; Android 6.0.1; Nexus 5X Build/MMB29P) AppleWebKit/537.36 (KHTML, like Gecko) Chrome/137.0.7151.103 Mobile Safari/537.36 (compatible; Googlebot/2.1; +http://www.google.com/bot.html)"
66.249.64.227 - - [12/Jul/2025:20:38:23 +0000] "GET /?h=5178957031600&mod=7232a90e&uri=search.php%3Fid%3D172890-155%26name%3Dwion+google+assistant HTTP/1.1" 200 21589 "-" "Mozilla/5.0 (Linux; Android 6.0.1; Nexus 5X Build/MMB29P) AppleWebKit/537.36 (KHTML, like Gecko) Chrome/137.0.7151.103 Mobile Safari/537.36 (compatible; Googlebot/2.1; +http://www.google.com/bot.html)"
209.74.77.214 - - [12/Jul/2025:20:48:40 +0000] "POST /wp-cron.php?doing_wp_cron=1752353320.5606849193572998046875 HTTP/1.1" 200 - "-" "WordPress/6.8.1; https://sergio-cuchi.tattoo"
3.232.102.111 - - [12/Jul/2025:20:48:38 +0000] "GET /tag/vidisse/ HTTP/1.1" 200 14267 "-" "Mozilla/5.0 AppleWebKit/537.36 (KHTML, like Gecko; compatible; Amazonbot/0.1; +https://developer.amazon.com/support/amazonbot) Chrome/119.0.6045.214 Safari/537.36"
34.225.138.57 - - [12/Jul/2025:20:48:42 +0000] "GET /2025/01/ HTTP/1.1" 200 13185 "-" "Mozilla/5.0 AppleWebKit/537.36 (KHTML, like Gecko; compatible; Amazonbot/0.1; +https://developer.amazon.com/support/amazonbot) Chrome/119.0.6045.214 Safari/537.36"
66.249.64.227 - - [12/Jul/2025:20:53:56 +0000] "GET /?h=52851588031600&mod=99d4eaef&uri=blog.php%3Fid%3D1763705-464%26name%3Dteam+group+4000mhz HTTP/1.1" 200 22661 "-" "Mozilla/5.0 (Linux; Android 6.0.1; Nexus 5X Build/MMB29P) AppleWebKit/537.36 (KHTML, like Gecko) Chrome/137.0.7151.103 Mobile Safari/537.36 (compatible; Googlebot/2.1; +http://www.google.com/bot.html)"
209.74.77.214 - - [12/Jul/2025:21:14:14 +0000] "POST /wp-cron.php?doing_wp_cron=1752354854.0213160514831542968750 HTTP/1.1" 200 - "-" "WordPress/6.8.1; https://sergio-cuchi.tattoo"
100.27.153.9 - - [12/Jul/2025:21:14:10 +0000] "GET /category/events/ HTTP/1.1" 200 14244 "-" "Mozilla/5.0 AppleWebKit/537.36 (KHTML, like Gecko; compatible; Amazonbot/0.1; +https://developer.amazon.com/support/amazonbot) Chrome/119.0.6045.214 Safari/537.36"
66.249.64.226 - - [12/Jul/2025:21:14:35 +0000] "GET /?h=5234424031600&mod=4cb81113&uri=product.php%3Fid%3D174753-22%26name%3Dballon+bleu+42mm+cartier HTTP/1.1" 200 22253 "-" "Mozilla/5.0 (Linux; Android 6.0.1; Nexus 5X Build/MMB29P) AppleWebKit/537.36 (KHTML, like Gecko) Chrome/137.0.7151.103 Mobile Safari/537.36 (compatible; Googlebot/2.1; +http://www.google.com/bot.html)"
66.249.64.227 - - [12/Jul/2025:21:18:56 +0000] "GET /?h=35419194031600&mod=7232a90e&uri=products.php%3Fid%3D1182157-155%26name%3Dgoogle+home+synchronized+audio HTTP/1.1" 200 21721 "-" "Mozilla/5.0 (Linux; Android 6.0.1; Nexus 5X Build/MMB29P) AppleWebKit/537.36 (KHTML, like Gecko) Chrome/137.0.7151.103 Mobile Safari/537.36 (compatible; Googlebot/2.1; +http://www.google.com/bot.html)"
66.249.64.227 - - [12/Jul/2025:21:23:50 +0000] "GET /?h=5536294011600&mod=2e04188d&uri=shop.php%3Fid%3D184823-328%26name%3Dsalomon+gtx+pro+3d+damen HTTP/1.1" 200 21254 "-" "Mozilla/5.0 (Linux; Android 6.0.1; Nexus 5X Build/MMB29P) AppleWebKit/537.36 (KHTML, like Gecko) Chrome/137.0.7151.103 Mobile Safari/537.36 (compatible; Googlebot/2.1; +http://www.google.com/bot.html)"
209.74.77.214 - - [12/Jul/2025:21:24:13 +0000] "POST /wp-cron.php?doing_wp_cron=1752355453.9363980293273925781250 HTTP/1.1" 200 - "-" "WordPress/6.8.1; https://sergio-cuchi.tattoo"
193.202.110.29 - - [12/Jul/2025:21:24:12 +0000] "POST /xmlrpc.php HTTP/1.1" 200 403 "-" "Mozilla/5.0 (Windows NT 10.0; Win64; x64) AppleWebKit/537.36 (KHTML, like Gecko) Chrome/64.0.3282.186 Safari/537.36"
118.31.249.87 - - [12/Jul/2025:21:24:27 +0000] "POST /xmlrpc.php HTTP/1.1" 200 403 "-" "Mozilla/5.0 (Windows NT 6.1; WOW64; rv:44.0) Gecko/20100101 Firefox/44.0"
66.249.64.227 - - [12/Jul/2025:21:29:07 +0000] "GET /?h=5170391021600&mod=7232a90e&uri=news.php%3Fid%3D172604-155%26name%3Dsonos+prisjakt HTTP/1.1" 200 22518 "-" "Mozilla/5.0 (Linux; Android 6.0.1; Nexus 5X Build/MMB29P) AppleWebKit/537.36 (KHTML, like Gecko) Chrome/137.0.7151.103 Mobile Safari/537.36 (compatible; Googlebot/2.1; +http://www.google.com/bot.html)"
66.249.64.227 - - [12/Jul/2025:21:33:43 +0000] "GET /?h=5543584091600&mod=23f1d15c&uri=product.php%3Fid%3D185066-220%26name%3Dlee+black+denim+shirt HTTP/1.1" 200 21556 "-" "Mozilla/5.0 (Linux; Android 6.0.1; Nexus 5X Build/MMB29P) AppleWebKit/537.36 (KHTML, like Gecko) Chrome/137.0.7151.103 Mobile Safari/537.36 (compatible; Googlebot/2.1; +http://www.google.com/bot.html)"
66.249.64.225 - - [12/Jul/2025:21:33:59 +0000] "POST /get-message-notify HTTP/1.1" 200 22898 "https://sergio-cuchi.tattoo/?h=5543584091600&mod=23f1d15c&uri=product.php%3Fid%3D185066-220%26name%3Dlee+black+denim+shirt" "Mozilla/5.0 (Linux; Android 6.0.1; Nexus 5X Build/MMB29P) AppleWebKit/537.36 (KHTML, like Gecko) Chrome/137.0.7151.119 Mobile Safari/537.36 (compatible; Googlebot/2.1; +http://www.google.com/bot.html)"
66.249.64.227 - - [12/Jul/2025:21:35:39 +0000] "GET /?h=5165727061600&mod=7232a90e&uri=category-info.php%3Fid%3D172448-155%26name%3Dimpex+tower+speaker HTTP/1.1" 200 21732 "-" "Mozilla/5.0 (Linux; Android 6.0.1; Nexus 5X Build/MMB29P) AppleWebKit/537.36 (KHTML, like Gecko) Chrome/137.0.7151.103 Mobile Safari/537.36 (compatible; Googlebot/2.1; +http://www.google.com/bot.html)"
66.249.64.225 - - [12/Jul/2025:21:35:50 +0000] "GET /?h=99035574021600&mod=ba347fcc&uri=product.php%3Fid%3D3305066-60%26name%3Dmagliette+divertenti+calcio HTTP/1.1" 200 22059 "-" "Mozilla/5.0 (Linux; Android 6.0.1; Nexus 5X Build/MMB29P) AppleWebKit/537.36 (KHTML, like Gecko) Chrome/137.0.7151.103 Mobile Safari/537.36 (compatible; Googlebot/2.1; +http://www.google.com/bot.html)"
66.249.64.226 - - [12/Jul/2025:21:36:18 +0000] "GET /?h=5541484141600&mod=3dd420c4&uri=info.php%3Fid%3D184996-310%26name%3Dgtx+700+release+date HTTP/1.1" 200 21654 "-" "Mozilla/5.0 (Linux; Android 6.0.1; Nexus 5X Build/MMB29P) AppleWebKit/537.36 (KHTML, like Gecko) Chrome/137.0.7151.103 Mobile Safari/537.36 (compatible; Googlebot/2.1; +http://www.google.com/bot.html)"
209.74.77.214 - - [12/Jul/2025:21:36:54 +0000] "POST /wp-cron.php?doing_wp_cron=1752356214.4031059741973876953125 HTTP/1.1" 200 - "-" "WordPress/6.8.1; https://sergio-cuchi.tattoo"
205.210.31.155 - - [12/Jul/2025:21:36:52 +0000] "GET / HTTP/1.1" 200 97797 "-" "-"
66.249.64.227 - - [12/Jul/2025:21:37:07 +0000] "POST /get-message-notify HTTP/1.1" 200 22895 "https://sergio-cuchi.tattoo/?h=99035574021600&mod=ba347fcc&uri=product.php%3Fid%3D3305066-60%26name%3Dmagliette+divertenti+calcio" "Mozilla/5.0 (Linux; Android 6.0.1; Nexus 5X Build/MMB29P) AppleWebKit/537.36 (KHTML, like Gecko) Chrome/137.0.7151.119 Mobile Safari/537.36 (compatible; Googlebot/2.1; +http://www.google.com/bot.html)"
66.249.64.226 - - [12/Jul/2025:21:37:18 +0000] "GET /?h=113534829031600&mod=657538ca&uri=form.php%3Fid%3D3789067-129%26name%3Drca+signal+booster HTTP/1.1" 200 21742 "-" "Mozilla/5.0 (Linux; Android 6.0.1; Nexus 5X Build/MMB29P) AppleWebKit/537.36 (KHTML, like Gecko) Chrome/137.0.7151.103 Mobile Safari/537.36 (compatible; Googlebot/2.1; +http://www.google.com/bot.html)"
100.29.164.178 - - [12/Jul/2025:21:37:27 +0000] "GET /about/ HTTP/1.1" 200 15510 "-" "Mozilla/5.0 AppleWebKit/537.36 (KHTML, like Gecko; compatible; Amazonbot/0.1; +https://developer.amazon.com/support/amazonbot) Chrome/119.0.6045.214 Safari/537.36"
44.212.106.171 - - [12/Jul/2025:21:37:29 +0000] "GET /wp-content/uploads/2025/01/462695925_894545325517372_1417501976729897892_n-819x1024.jpg HTTP/1.1" 200 113425 "-" "Mozilla/5.0 AppleWebKit/537.36 (KHTML, like Gecko; compatible; Amazonbot/0.1; +https://developer.amazon.com/support/amazonbot) Chrome/119.0.6045.214 Safari/537.36"
66.249.64.226 - - [12/Jul/2025:21:38:01 +0000] "GET /?h=6241983011600&mod=70bd89ab&uri=product.php%3Fid%3D208483-359%26name%3Dnb+827+new HTTP/1.1" 200 21543 "-" "Mozilla/5.0 (Linux; Android 6.0.1; Nexus 5X Build/MMB29P) AppleWebKit/537.36 (KHTML, like Gecko) Chrome/137.0.7151.103 Mobile Safari/537.36 (compatible; Googlebot/2.1; +http://www.google.com/bot.html)"
66.249.64.226 - - [12/Jul/2025:21:38:10 +0000] "GET /?h=5568514091600&mod=23f1d15c&uri=itm.php%3Fid%3D185897-220%26name%3Dpaint+on+jeans+diy HTTP/1.1" 200 21874 "-" "Mozilla/5.0 (Linux; Android 6.0.1; Nexus 5X Build/MMB29P) AppleWebKit/537.36 (KHTML, like Gecko) Chrome/137.0.7151.103 Mobile Safari/537.36 (compatible; Googlebot/2.1; +http://www.google.com/bot.html)"
66.249.64.225 - - [12/Jul/2025:21:38:16 +0000] "POST /get-message-notify HTTP/1.1" 200 22896 "https://sergio-cuchi.tattoo/?h=5568514091600&mod=23f1d15c&uri=itm.php%3Fid%3D185897-220%26name%3Dpaint+on+jeans+diy" "Mozilla/5.0 (Linux; Android 6.0.1; Nexus 5X Build/MMB29P) AppleWebKit/537.36 (KHTML, like Gecko) Chrome/137.0.7151.119 Mobile Safari/537.36 (compatible; Googlebot/2.1; +http://www.google.com/bot.html)"
66.249.64.225 - - [12/Jul/2025:21:38:45 +0000] "GET /?h=5443542091600&mod=233f1dd0&uri=form.php%3Fid%3D181729-59%26name%3Dvestito+a+sirena+brillantini HTTP/1.1" 200 22125 "-" "Mozilla/5.0 (Linux; Android 6.0.1; Nexus 5X Build/MMB29P) AppleWebKit/537.36 (KHTML, like Gecko) Chrome/137.0.7151.103 Mobile Safari/537.36 (compatible; Googlebot/2.1; +http://www.google.com/bot.html)"
66.249.64.226 - - [12/Jul/2025:21:39:05 +0000] "GET /?h=6456866041600&mod=23f1d15c&uri=shop.php%3Fid%3D215658-220%26name%3Dnordstrom+rent+a+tux HTTP/1.1" 200 21797 "-" "Mozilla/5.0 (Linux; Android 6.0.1; Nexus 5X Build/MMB29P) AppleWebKit/537.36 (KHTML, like Gecko) Chrome/137.0.7151.103 Mobile Safari/537.36 (compatible; Googlebot/2.1; +http://www.google.com/bot.html)"
66.249.64.225 - - [12/Jul/2025:21:39:19 +0000] "POST /get-message-notify HTTP/1.1" 200 22892 "https://sergio-cuchi.tattoo/?h=6456866041600&mod=23f1d15c&uri=shop.php%3Fid%3D215658-220%26name%3Dnordstrom+rent+a+tux" "Mozilla/5.0 (Linux; Android 6.0.1; Nexus 5X Build/MMB29P) AppleWebKit/537.36 (KHTML, like Gecko) Chrome/137.0.7151.119 Mobile Safari/537.36 (compatible; Googlebot/2.1; +http://www.google.com/bot.html)"
66.249.64.227 - - [12/Jul/2025:21:40:38 +0000] "GET /?h=5579232021600&mod=1c0222b4&uri=category-info.php%3Fid%3D186256-331%26name%3Dprada+cloudbust+thunder+dhgate HTTP/1.1" 200 20687 "-" "Mozilla/5.0 (Linux; Android 6.0.1; Nexus 5X Build/MMB29P) AppleWebKit/537.36 (KHTML, like Gecko) Chrome/137.0.7151.103 Mobile Safari/537.36 (compatible; Googlebot/2.1; +http://www.google.com/bot.html)"
66.249.64.227 - - [12/Jul/2025:21:43:28 +0000] "GET /?h=6444566001600&mod=23f1d15c&uri=itm.php%3Fid%3D215248-220%26name%3Dmens+burberry+rain+jacket HTTP/1.1" 200 21837 "-" "Mozilla/5.0 (Linux; Android 6.0.1; Nexus 5X Build/MMB29P) AppleWebKit/537.36 (KHTML, like Gecko) Chrome/137.0.7151.103 Mobile Safari/537.36 (compatible; Googlebot/2.1; +http://www.google.com/bot.html)"
66.249.64.227 - - [12/Jul/2025:21:43:30 +0000] "GET /?h=5577582071600&mod=f9421558&uri=brands.php%3Fid%3D186201-330%26name%3Ddrayton+digistat+rf3+replacement HTTP/1.1" 200 20812 "-" "Mozilla/5.0 (Linux; Android 6.0.1; Nexus 5X Build/MMB29P) AppleWebKit/537.36 (KHTML, like Gecko) Chrome/137.0.7151.103 Mobile Safari/537.36 (compatible; Googlebot/2.1; +http://www.google.com/bot.html)"
66.249.64.225 - - [12/Jul/2025:21:43:55 +0000] "POST /get-message-notify HTTP/1.1" 200 22896 "https://sergio-cuchi.tattoo/?h=5577582071600&mod=f9421558&uri=brands.php%3Fid%3D186201-330%26name%3Ddrayton+digistat+rf3+replacement" "Mozilla/5.0 (Linux; Android 6.0.1; Nexus 5X Build/MMB29P) AppleWebKit/537.36 (KHTML, like Gecko) Chrome/137.0.7151.119 Mobile Safari/537.36 (compatible; Googlebot/2.1; +http://www.google.com/bot.html)"
66.249.64.226 - - [12/Jul/2025:21:44:34 +0000] "GET /?h=5607073021600&mod=8b3abac1&uri=dp.php%3Fid%3D187195-332%26name%3Dsambalpuri+dj+gita HTTP/1.1" 200 21318 "-" "Mozilla/5.0 (Linux; Android 6.0.1; Nexus 5X Build/MMB29P) AppleWebKit/537.36 (KHTML, like Gecko) Chrome/137.0.7151.103 Mobile Safari/537.36 (compatible; Googlebot/2.1; +http://www.google.com/bot.html)"
66.249.64.225 - - [12/Jul/2025:21:45:52 +0000] "GET /?h=113591984001600&mod=1775e48c&uri=form.php%3Fid%3D3790974-667%26name%3Dpuma+trinomic+xs850+cheap HTTP/1.1" 200 21917 "-" "Mozilla/5.0 (Linux; Android 6.0.1; Nexus 5X Build/MMB29P) AppleWebKit/537.36 (KHTML, like Gecko) Chrome/137.0.7151.103 Mobile Safari/537.36 (compatible; Googlebot/2.1; +http://www.google.com/bot.html)"
66.249.64.226 - - [12/Jul/2025:21:46:32 +0000] "GET /?h=5561494051600&mod=23f1d15c&uri=itm.php%3Fid%3D185663-220%26name%3Dzara+woman+blazer HTTP/1.1" 200 21995 "-" "Mozilla/5.0 (Linux; Android 6.0.1; Nexus 5X Build/MMB29P) AppleWebKit/537.36 (KHTML, like Gecko) Chrome/137.0.7151.103 Mobile Safari/537.36 (compatible; Googlebot/2.1; +http://www.google.com/bot.html)"
66.249.64.226 - - [12/Jul/2025:21:46:37 +0000] "GET /?h=5577282121600&mod=1c0222b4&uri=us.php%3Fid%3D186191-331%26name%3Dwhite+prada+platform+sneakers HTTP/1.1" 200 20501 "-" "Mozilla/5.0 (Linux; Android 6.0.1; Nexus 5X Build/MMB29P) AppleWebKit/537.36 (KHTML, like Gecko) Chrome/137.0.7151.103 Mobile Safari/537.36 (compatible; Googlebot/2.1; +http://www.google.com/bot.html)"
66.249.64.225 - - [12/Jul/2025:21:48:02 +0000] "GET /?h=6408386021600&mod=5aafd544&uri=products.php%3Fid%3D214042-183%26name%3Dhero+xtreme+150cc+on+road+price HTTP/1.1" 200 22094 "-" "Mozilla/5.0 (Linux; Android 6.0.1; Nexus 5X Build/MMB29P) AppleWebKit/537.36 (KHTML, like Gecko) Chrome/137.0.7151.103 Mobile Safari/537.36 (compatible; Googlebot/2.1; +http://www.google.com/bot.html)"
66.249.64.226 - - [12/Jul/2025:21:48:25 +0000] "GET /?h=5577282131600&mod=1c0222b4&uri=search.php%3Fid%3D186191-331%26name%3Dwhite+prada+platform+sneakers HTTP/1.1" 200 20631 "-" "Mozilla/5.0 (Linux; Android 6.0.1; Nexus 5X Build/MMB29P) AppleWebKit/537.36 (KHTML, like Gecko) Chrome/137.0.7151.103 Mobile Safari/537.36 (compatible; Googlebot/2.1; +http://www.google.com/bot.html)"
66.249.64.225 - - [12/Jul/2025:21:48:47 +0000] "GET /?h=65433929061600&mod=2e04188d&uri=pin.php%3Fid%3D2183577-328%26name%3Dpaul+green+damen+40 HTTP/1.1" 200 21976 "-" "Mozilla/5.0 (Linux; Android 6.0.1; Nexus 5X Build/MMB29P) AppleWebKit/537.36 (KHTML, like Gecko) Chrome/137.0.7151.103 Mobile Safari/537.36 (compatible; Googlebot/2.1; +http://www.google.com/bot.html)"
66.249.64.225 - - [12/Jul/2025:21:49:10 +0000] "POST /get-message-notify HTTP/1.1" 200 22898 "https://sergio-cuchi.tattoo/?h=65433929061600&mod=2e04188d&uri=pin.php%3Fid%3D2183577-328%26name%3Dpaul+green+damen+40" "Mozilla/5.0 (Linux; Android 6.0.1; Nexus 5X Build/MMB29P) AppleWebKit/537.36 (KHTML, like Gecko) Chrome/137.0.7151.119 Mobile Safari/537.36 (compatible; Googlebot/2.1; +http://www.google.com/bot.html)"
66.249.64.225 - - [12/Jul/2025:21:49:29 +0000] "GET /?h=5509744041600&mod=2e04188d&uri=us.php%3Fid%3D183938-328%26name%3Dstiefeletten+damen+bilder HTTP/1.1" 200 21181 "-" "Mozilla/5.0 (Linux; Android 6.0.1; Nexus 5X Build/MMB29P) AppleWebKit/537.36 (KHTML, like Gecko) Chrome/137.0.7151.103 Mobile Safari/537.36 (compatible; Googlebot/2.1; +http://www.google.com/bot.html)"
66.249.64.227 - - [12/Jul/2025:21:52:07 +0000] "GET /?h=5166507001600&mod=7232a90e&uri=blog.php%3Fid%3D172474-155%26name%3Dprobox+tower+speakers HTTP/1.1" 200 22340 "-" "Mozilla/5.0 (Linux; Android 6.0.1; Nexus 5X Build/MMB29P) AppleWebKit/537.36 (KHTML, like Gecko) Chrome/137.0.7151.103 Mobile Safari/537.36 (compatible; Googlebot/2.1; +http://www.google.com/bot.html)"
66.249.64.226 - - [12/Jul/2025:21:52:12 +0000] "GET /?h=113566877021600&mod=b0f7b8df&uri=category-info.php%3Fid%3D3790137-776%26name%3Dmaleta+cabina+ruedas HTTP/1.1" 200 22282 "-" "Mozilla/5.0 (Linux; Android 6.0.1; Nexus 5X Build/MMB29P) AppleWebKit/537.36 (KHTML, like Gecko) Chrome/137.0.7151.103 Mobile Safari/537.36 (compatible; Googlebot/2.1; +http://www.google.com/bot.html)"
66.249.64.225 - - [12/Jul/2025:21:52:27 +0000] "GET /?h=113588204091600&mod=1775e48c&uri=dp.php%3Fid%3D3790848-667%26name%3Dpuma+trinomic+xs850+kids+black HTTP/1.1" 200 21572 "-" "Mozilla/5.0 (Linux; Android 6.0.1; Nexus 5X Build/MMB29P) AppleWebKit/537.36 (KHTML, like Gecko) Chrome/137.0.7151.103 Mobile Safari/537.36 (compatible; Googlebot/2.1; +http://www.google.com/bot.html)"
66.249.64.226 - - [12/Jul/2025:21:53:07 +0000] "GET /?h=5446992081600&mod=ba347fcc&uri=search.php%3Fid%3D181844-60%26name%3Dcompleti+eleganti+per+donna HTTP/1.1" 200 21595 "-" "Mozilla/5.0 (Linux; Android 6.0.1; Nexus 5X Build/MMB29P) AppleWebKit/537.36 (KHTML, like Gecko) Chrome/137.0.7151.103 Mobile Safari/537.36 (compatible; Googlebot/2.1; +http://www.google.com/bot.html)"
66.249.64.225 - - [12/Jul/2025:21:53:36 +0000] "GET /?h=6195511141600&mod=404b686c&uri=brands.php%3Fid%3D206917-219%26name%3Dlopi+answer+wood+stove+price HTTP/1.1" 200 21605 "-" "Mozilla/5.0 (Linux; Android 6.0.1; Nexus 5X Build/MMB29P) AppleWebKit/537.36 (KHTML, like Gecko) Chrome/137.0.7151.103 Mobile Safari/537.36 (compatible; Googlebot/2.1; +http://www.google.com/bot.html)"
66.249.64.225 - - [12/Jul/2025:21:54:41 +0000] "GET /?h=5582802071600&mod=f9421558&uri=itm.php%3Fid%3D186375-330%26name%3Drheem+furnace+pressure+switch HTTP/1.1" 200 21173 "-" "Mozilla/5.0 (Linux; Android 6.0.1; Nexus 5X Build/MMB29P) AppleWebKit/537.36 (KHTML, like Gecko) Chrome/137.0.7151.103 Mobile Safari/537.36 (compatible; Googlebot/2.1; +http://www.google.com/bot.html)"
66.249.64.225 - - [12/Jul/2025:21:55:40 +0000] "GET /?h=5330739061600&mod=e8d04671&uri=info.php%3Fid%3D177966-318%26name%3Dasics+2018+mujer HTTP/1.1" 200 20977 "-" "Mozilla/5.0 (Linux; Android 6.0.1; Nexus 5X Build/MMB29P) AppleWebKit/537.36 (KHTML, like Gecko) Chrome/137.0.7151.103 Mobile Safari/537.36 (compatible; Googlebot/2.1; +http://www.google.com/bot.html)"
66.249.64.225 - - [12/Jul/2025:21:55:43 +0000] "GET /?h=5376735001600&mod=604580f8&uri=goods.php%3Fid%3D179501-270%26name%3Dstaedtler+noris+digital+replacement+tip HTTP/1.1" 200 21900 "-" "Mozilla/5.0 (Linux; Android 6.0.1; Nexus 5X Build/MMB29P) AppleWebKit/537.36 (KHTML, like Gecko) Chrome/137.0.7151.103 Mobile Safari/537.36 (compatible; Googlebot/2.1; +http://www.google.com/bot.html)"
66.249.64.225 - - [12/Jul/2025:21:55:44 +0000] "GET /?h=113492991001600&mod=6018df18&uri=us.php%3Fid%3D3787670-52%26name%3Dadrianna+papell+long+sleeve+dress HTTP/1.1" 200 21250 "-" "Mozilla/5.0 (Linux; Android 6.0.1; Nexus 5X Build/MMB29P) AppleWebKit/537.36 (KHTML, like Gecko) Chrome/137.0.7151.103 Mobile Safari/537.36 (compatible; Googlebot/2.1; +http://www.google.com/bot.html)"
66.249.64.226 - - [12/Jul/2025:21:55:46 +0000] "GET /?h=5443812021600&mod=233f1dd0&uri=dp.php%3Fid%3D181738-59%26name%3Dfiorella+rubino+pantaloni+eleganti HTTP/1.1" 200 22011 "-" "Mozilla/5.0 (Linux; Android 6.0.1; Nexus 5X Build/MMB29P) AppleWebKit/537.36 (KHTML, like Gecko) Chrome/137.0.7151.103 Mobile Safari/537.36 (compatible; Googlebot/2.1; +http://www.google.com/bot.html)"
66.249.64.226 - - [12/Jul/2025:21:55:47 +0000] "GET /?h=5444772021600&mod=233f1dd0&uri=form.php%3Fid%3D181770-59%26name%3Dtute+eleganti+plissettate HTTP/1.1" 200 22382 "-" "Mozilla/5.0 (Linux; Android 6.0.1; Nexus 5X Build/MMB29P) AppleWebKit/537.36 (KHTML, like Gecko) Chrome/137.0.7151.103 Mobile Safari/537.36 (compatible; Googlebot/2.1; +http://www.google.com/bot.html)"
66.249.64.225 - - [12/Jul/2025:21:55:48 +0000] "GET /?h=5443452051600&mod=ba347fcc&uri=pin.php%3Fid%3D181726-60%26name%3Dcamicia+maniche+corte+bimbo HTTP/1.1" 200 21461 "-" "Mozilla/5.0 (Linux; Android 6.0.1; Nexus 5X Build/MMB29P) AppleWebKit/537.36 (KHTML, like Gecko) Chrome/137.0.7151.103 Mobile Safari/537.36 (compatible; Googlebot/2.1; +http://www.google.com/bot.html)"
66.249.64.225 - - [12/Jul/2025:21:55:52 +0000] "GET /?h=113491941051600&mod=6018df18&uri=category-info.php%3Fid%3D3787635-52%26name%3Dpink+floral+frill+dress HTTP/1.1" 200 20558 "-" "Mozilla/5.0 (Linux; Android 6.0.1; Nexus 5X Build/MMB29P) AppleWebKit/537.36 (KHTML, like Gecko) Chrome/137.0.7151.103 Mobile Safari/537.36 (compatible; Googlebot/2.1; +http://www.google.com/bot.html)"
66.249.64.225 - - [12/Jul/2025:21:55:54 +0000] "GET /?h=113494701011600&mod=6018df18&uri=blog.php%3Fid%3D3787727-52%26name%3Dpowder+blue+sweater+dress HTTP/1.1" 200 21242 "-" "Mozilla/5.0 (Linux; Android 6.0.1; Nexus 5X Build/MMB29P) AppleWebKit/537.36 (KHTML, like Gecko) Chrome/137.0.7151.103 Mobile Safari/537.36 (compatible; Googlebot/2.1; +http://www.google.com/bot.html)"
66.249.64.225 - - [12/Jul/2025:21:55:56 +0000] "GET /?h=113490741051600&mod=6018df18&uri=shop.php%3Fid%3D3787595-52%26name%3Dmint+green+fit+and+flare+dress HTTP/1.1" 200 22227 "-" "Mozilla/5.0 (Linux; Android 6.0.1; Nexus 5X Build/MMB29P) AppleWebKit/537.36 (KHTML, like Gecko) Chrome/137.0.7151.103 Mobile Safari/537.36 (compatible; Googlebot/2.1; +http://www.google.com/bot.html)"
66.249.64.225 - - [12/Jul/2025:21:55:59 +0000] "GET /?h=5443572101600&mod=233f1dd0&uri=dp.php%3Fid%3D181730-59%26name%3Dvestito+scozzese+blu HTTP/1.1" 200 21801 "-" "Mozilla/5.0 (Linux; Android 6.0.1; Nexus 5X Build/MMB29P) AppleWebKit/537.36 (KHTML, like Gecko) Chrome/137.0.7151.103 Mobile Safari/537.36 (compatible; Googlebot/2.1; +http://www.google.com/bot.html)"
66.249.64.225 - - [12/Jul/2025:21:56:00 +0000] "GET /?h=113485041051600&mod=6018df18&uri=products.php%3Fid%3D3787405-52%26name%3Dmint+green+tea+length+dress HTTP/1.1" 200 21354 "-" "Mozilla/5.0 (Linux; Android 6.0.1; Nexus 5X Build/MMB29P) AppleWebKit/537.36 (KHTML, like Gecko) Chrome/137.0.7151.103 Mobile Safari/537.36 (compatible; Googlebot/2.1; +http://www.google.com/bot.html)"
66.249.64.225 - - [12/Jul/2025:21:56:01 +0000] "GET /?h=5482872121600&mod=0b61a4e8&uri=product.php%3Fid%3D183040-326%26name%3Dz0105e+louis+vuitton HTTP/1.1" 200 20982 "-" "Mozilla/5.0 (Linux; Android 6.0.1; Nexus 5X Build/MMB29P) AppleWebKit/537.36 (KHTML, like Gecko) Chrome/137.0.7151.103 Mobile Safari/537.36 (compatible; Googlebot/2.1; +http://www.google.com/bot.html)"
66.249.64.225 - - [12/Jul/2025:21:56:05 +0000] "GET /?h=5445252001600&mod=233f1dd0&uri=news.php%3Fid%3D181786-59%26name%3Dvestito+da+sposa+indiana HTTP/1.1" 200 22058 "-" "Mozilla/5.0 (Linux; Android 6.0.1; Nexus 5X Build/MMB29P) AppleWebKit/537.36 (KHTML, like Gecko) Chrome/137.0.7151.103 Mobile Safari/537.36 (compatible; Googlebot/2.1; +http://www.google.com/bot.html)"
66.249.64.225 - - [12/Jul/2025:21:56:07 +0000] "GET /?h=5442372041600&mod=233f1dd0&uri=goods.php%3Fid%3D181690-59%26name%3Dpantaloni+eleganti+blu+uomo HTTP/1.1" 200 22120 "-" "Mozilla/5.0 (Linux; Android 6.0.1; Nexus 5X Build/MMB29P) AppleWebKit/537.36 (KHTML, like Gecko) Chrome/137.0.7151.103 Mobile Safari/537.36 (compatible; Googlebot/2.1; +http://www.google.com/bot.html)"
66.249.64.225 - - [12/Jul/2025:21:56:12 +0000] "POST /get-message-notify HTTP/1.1" 200 22895 "https://sergio-cuchi.tattoo/?h=5443572101600&mod=233f1dd0&uri=dp.php%3Fid%3D181730-59%26name%3Dvestito+scozzese+blu" "Mozilla/5.0 (Linux; Android 6.0.1; Nexus 5X Build/MMB29P) AppleWebKit/537.36 (KHTML, like Gecko) Chrome/137.0.7151.119 Mobile Safari/537.36 (compatible; Googlebot/2.1; +http://www.google.com/bot.html)"
66.249.64.225 - - [12/Jul/2025:21:56:13 +0000] "GET /?h=5443092081600&mod=ba347fcc&uri=blog.php%3Fid%3D181714-60%26name%3Dcamicia+neonato+mesi HTTP/1.1" 200 21268 "-" "Mozilla/5.0 (Linux; Android 6.0.1; Nexus 5X Build/MMB29P) AppleWebKit/537.36 (KHTML, like Gecko) Chrome/137.0.7151.103 Mobile Safari/537.36 (compatible; Googlebot/2.1; +http://www.google.com/bot.html)"
66.249.64.225 - - [12/Jul/2025:21:56:14 +0000] "GET /?h=5442612021600&mod=233f1dd0&uri=shared.php%3Fid%3D181698-59%26name%3Dponcho+corto+elegante HTTP/1.1" 200 22807 "-" "Mozilla/5.0 (Linux; Android 6.0.1; Nexus 5X Build/MMB29P) AppleWebKit/537.36 (KHTML, like Gecko) Chrome/137.0.7151.103 Mobile Safari/537.36 (compatible; Googlebot/2.1; +http://www.google.com/bot.html)"
66.249.64.225 - - [12/Jul/2025:21:56:17 +0000] "GET /?h=5445612021600&mod=ba347fcc&uri=us.php%3Fid%3D181798-60%26name%3Dteddy+bianco+zara HTTP/1.1" 200 21595 "-" "Mozilla/5.0 (Linux; Android 6.0.1; Nexus 5X Build/MMB29P) AppleWebKit/537.36 (KHTML, like Gecko) Chrome/137.0.7151.103 Mobile Safari/537.36 (compatible; Googlebot/2.1; +http://www.google.com/bot.html)"
66.249.64.225 - - [12/Jul/2025:21:56:18 +0000] "GET /?h=5442252001600&mod=233f1dd0&uri=brands.php%3Fid%3D181686-59%26name%3Dabiti+da+sposa+jumpsuit HTTP/1.1" 200 22540 "-" "Mozilla/5.0 (Linux; Android 6.0.1; Nexus 5X Build/MMB29P) AppleWebKit/537.36 (KHTML, like Gecko) Chrome/137.0.7151.103 Mobile Safari/537.36 (compatible; Googlebot/2.1; +http://www.google.com/bot.html)"
66.249.64.225 - - [12/Jul/2025:21:56:19 +0000] "POST /get-message-notify HTTP/1.1" 200 22989 "https://sergio-cuchi.tattoo/?h=5445252001600&mod=233f1dd0&uri=news.php%3Fid%3D181786-59%26name%3Dvestito+da+sposa+indiana" "Mozilla/5.0 (Linux; Android 6.0.1; Nexus 5X Build/MMB29P) AppleWebKit/537.36 (KHTML, like Gecko) Chrome/137.0.7151.119 Mobile Safari/537.36 (compatible; Googlebot/2.1; +http://www.google.com/bot.html)"
66.249.64.225 - - [12/Jul/2025:21:56:20 +0000] "GET /?h=5443932061600&mod=233f1dd0&uri=pin.php%3Fid%3D181742-59%26name%3Dtute+eleganti+2022 HTTP/1.1" 200 21468 "-" "Mozilla/5.0 (Linux; Android 6.0.1; Nexus 5X Build/MMB29P) AppleWebKit/537.36 (KHTML, like Gecko) Chrome/137.0.7151.103 Mobile Safari/537.36 (compatible; Googlebot/2.1; +http://www.google.com/bot.html)"
66.249.64.225 - - [12/Jul/2025:21:56:24 +0000] "GET /?h=5440932021600&mod=233f1dd0&uri=info.php%3Fid%3D181642-59%26name%3Dabito+cerimonia+sonia+pena HTTP/1.1" 200 21867 "-" "Mozilla/5.0 (Linux; Android 6.0.1; Nexus 5X Build/MMB29P) AppleWebKit/537.36 (KHTML, like Gecko) Chrome/137.0.7151.103 Mobile Safari/537.36 (compatible; Googlebot/2.1; +http://www.google.com/bot.html)"
66.249.64.225 - - [12/Jul/2025:21:56:25 +0000] "POST /get-message-notify HTTP/1.1" 200 22895 "https://sergio-cuchi.tattoo/?h=5444772021600&mod=233f1dd0&uri=form.php%3Fid%3D181770-59%26name%3Dtute+eleganti+plissettate" "Mozilla/5.0 (Linux; Android 6.0.1; Nexus 5X Build/MMB29P) AppleWebKit/537.36 (KHTML, like Gecko) Chrome/137.0.7151.119 Mobile Safari/537.36 (compatible; Googlebot/2.1; +http://www.google.com/bot.html)"
66.249.64.225 - - [12/Jul/2025:21:56:26 +0000] "GET /?h=5441172021600&mod=233f1dd0&uri=brands.php%3Fid%3D181650-59%26name%3Dvestiti+scozzese+bimba HTTP/1.1" 200 21666 "-" "Mozilla/5.0 (Linux; Android 6.0.1; Nexus 5X Build/MMB29P) AppleWebKit/537.36 (KHTML, like Gecko) Chrome/137.0.7151.103 Mobile Safari/537.36 (compatible; Googlebot/2.1; +http://www.google.com/bot.html)"
66.249.64.225 - - [12/Jul/2025:21:56:31 +0000] "GET /?h=5440212021600&mod=ba347fcc&uri=blog.php%3Fid%3D181618-60%26name%3Dcompleto+elegante+premaman HTTP/1.1" 200 21740 "-" "Mozilla/5.0 (Linux; Android 6.0.1; Nexus 5X Build/MMB29P) AppleWebKit/537.36 (KHTML, like Gecko) Chrome/137.0.7151.103 Mobile Safari/537.36 (compatible; Googlebot/2.1; +http://www.google.com/bot.html)"
66.249.64.225 - - [12/Jul/2025:21:56:33 +0000] "POST /get-message-notify HTTP/1.1" 200 22912 "https://sergio-cuchi.tattoo/?h=5441172021600&mod=233f1dd0&uri=brands.php%3Fid%3D181650-59%26name%3Dvestiti+scozzese+bimba" "Mozilla/5.0 (Linux; Android 6.0.1; Nexus 5X Build/MMB29P) AppleWebKit/537.36 (KHTML, like Gecko) Chrome/137.0.7151.119 Mobile Safari/537.36 (compatible; Googlebot/2.1; +http://www.google.com/bot.html)"
66.249.64.226 - - [12/Jul/2025:21:56:34 +0000] "GET /?h=5442132061600&mod=233f1dd0&uri=blog.php%3Fid%3D181682-59%26name%3Dgonna+scozzese+a+balze HTTP/1.1" 200 22108 "-" "Mozilla/5.0 (Linux; Android 6.0.1; Nexus 5X Build/MMB29P) AppleWebKit/537.36 (KHTML, like Gecko) Chrome/137.0.7151.103 Mobile Safari/537.36 (compatible; Googlebot/2.1; +http://www.google.com/bot.html)"
66.249.64.226 - - [12/Jul/2025:21:56:35 +0000] "GET /?h=5441532041600&mod=ba347fcc&uri=shared.php%3Fid%3D181662-60%26name%3Dcamicia+country+bambina HTTP/1.1" 200 22531 "-" "Mozilla/5.0 (Linux; Android 6.0.1; Nexus 5X Build/MMB29P) AppleWebKit/537.36 (KHTML, like Gecko) Chrome/137.0.7151.103 Mobile Safari/537.36 (compatible; Googlebot/2.1; +http://www.google.com/bot.html)"
66.249.64.225 - - [12/Jul/2025:21:56:38 +0000] "POST /get-message-notify HTTP/1.1" 200 22895 "https://sergio-cuchi.tattoo/?h=113494701011600&mod=6018df18&uri=blog.php%3Fid%3D3787727-52%26name%3Dpowder+blue+sweater+dress" "Mozilla/5.0 (Linux; Android 6.0.1; Nexus 5X Build/MMB29P) AppleWebKit/537.36 (KHTML, like Gecko) Chrome/137.0.7151.119 Mobile Safari/537.36 (compatible; Googlebot/2.1; +http://www.google.com/bot.html)"
66.249.64.225 - - [12/Jul/2025:21:56:39 +0000] "GET /?h=5446692081600&mod=ba347fcc&uri=dp.php%3Fid%3D181834-60%26name%3Dcamicia+elisabetta+franchi+bambina HTTP/1.1" 200 21891 "-" "Mozilla/5.0 (Linux; Android 6.0.1; Nexus 5X Build/MMB29P) AppleWebKit/537.36 (KHTML, like Gecko) Chrome/137.0.7151.103 Mobile Safari/537.36 (compatible; Googlebot/2.1; +http://www.google.com/bot.html)"
66.249.64.225 - - [12/Jul/2025:21:56:41 +0000] "GET /?h=5376675011600&mod=604580f8&uri=products.php%3Fid%3D179499-270%26name%3Dmitsubishi+pen HTTP/1.1" 200 22170 "-" "Mozilla/5.0 (Linux; Android 6.0.1; Nexus 5X Build/MMB29P) AppleWebKit/537.36 (KHTML, like Gecko) Chrome/137.0.7151.103 Mobile Safari/537.36 (compatible; Googlebot/2.1; +http://www.google.com/bot.html)"
66.249.64.226 - - [12/Jul/2025:21:56:42 +0000] "GET /?h=5439972021600&mod=233f1dd0&uri=pin.php%3Fid%3D181610-59%26name%3Dgiacca+uomo+elegante+a+quadri HTTP/1.1" 200 22017 "-" "Mozilla/5.0 (Linux; Android 6.0.1; Nexus 5X Build/MMB29P) AppleWebKit/537.36 (KHTML, like Gecko) Chrome/137.0.7151.103 Mobile Safari/537.36 (compatible; Googlebot/2.1; +http://www.google.com/bot.html)"
66.249.64.226 - - [12/Jul/2025:21:56:44 +0000] "GET /?h=5447772041600&mod=233f1dd0&uri=form.php%3Fid%3D181870-59%26name%3Dabiti+eleganti+particolari+uomo HTTP/1.1" 200 21403 "-" "Mozilla/5.0 (Linux; Android 6.0.1; Nexus 5X Build/MMB29P) AppleWebKit/537.36 (KHTML, like Gecko) Chrome/137.0.7151.103 Mobile Safari/537.36 (compatible; Googlebot/2.1; +http://www.google.com/bot.html)"
66.249.64.225 - - [12/Jul/2025:21:56:45 +0000] "GET /?h=5445012121600&mod=233f1dd0&uri=blog.php%3Fid%3D181778-59%26name%3Dabitino+scozzese+bimba HTTP/1.1" 200 21364 "-" "Mozilla/5.0 (Linux; Android 6.0.1; Nexus 5X Build/MMB29P) AppleWebKit/537.36 (KHTML, like Gecko) Chrome/137.0.7151.103 Mobile Safari/537.36 (compatible; Googlebot/2.1; +http://www.google.com/bot.html)"
66.249.64.225 - - [12/Jul/2025:21:56:48 +0000] "GET /?h=5444532021600&mod=ba347fcc&uri=shop.php%3Fid%3D181762-60%26name%3Dcamicia+della+fortuna+neonato+quando+si+regala HTTP/1.1" 200 21941 "-" "Mozilla/5.0 (Linux; Android 6.0.1; Nexus 5X Build/MMB29P) AppleWebKit/537.36 (KHTML, like Gecko) Chrome/137.0.7151.103 Mobile Safari/537.36 (compatible; Googlebot/2.1; +http://www.google.com/bot.html)"
66.249.64.226 - - [12/Jul/2025:21:56:50 +0000] "POST /get-message-notify HTTP/1.1" 200 22895 "https://sergio-cuchi.tattoo/?h=5446692081600&mod=ba347fcc&uri=dp.php%3Fid%3D181834-60%26name%3Dcamicia+elisabetta+franchi+bambina" "Mozilla/5.0 (Linux; Android 6.0.1; Nexus 5X Build/MMB29P) AppleWebKit/537.36 (KHTML, like Gecko) Chrome/137.0.7151.119 Mobile Safari/537.36 (compatible; Googlebot/2.1; +http://www.google.com/bot.html)"
66.249.64.226 - - [12/Jul/2025:21:56:50 +0000] "GET /?h=4561701101600&mod=604580f8&uri=products.php%3Fid%3D152256-270%26name%3Delectronic+notepad+and+pen HTTP/1.1" 200 21976 "-" "Mozilla/5.0 (Linux; Android 6.0.1; Nexus 5X Build/MMB29P) AppleWebKit/537.36 (KHTML, like Gecko) Chrome/137.0.7151.103 Mobile Safari/537.36 (compatible; Googlebot/2.1; +http://www.google.com/bot.html)"
66.249.64.225 - - [12/Jul/2025:21:56:57 +0000] "GET /?h=5447292131600&mod=233f1dd0&uri=pin.php%3Fid%3D181854-59%26name%3Dabito+uomo+elegante+armani HTTP/1.1" 200 21987 "-" "Mozilla/5.0 (Linux; Android 6.0.1; Nexus 5X Build/MMB29P) AppleWebKit/537.36 (KHTML, like Gecko) Chrome/137.0.7151.103 Mobile Safari/537.36 (compatible; Googlebot/2.1; +http://www.google.com/bot.html)"
66.249.64.225 - - [12/Jul/2025:21:56:58 +0000] "GET /?h=5441892021600&mod=233f1dd0&uri=products.php%3Fid%3D181674-59%26name%3Dvestito+da+piccolo+principe HTTP/1.1" 200 21921 "-" "Mozilla/5.0 (Linux; Android 6.0.1; Nexus 5X Build/MMB29P) AppleWebKit/537.36 (KHTML, like Gecko) Chrome/137.0.7151.103 Mobile Safari/537.36 (compatible; Googlebot/2.1; +http://www.google.com/bot.html)"
66.249.64.226 - - [12/Jul/2025:21:57:00 +0000] "POST /get-message-notify HTTP/1.1" 200 22900 "https://sergio-cuchi.tattoo/?h=5445012121600&mod=233f1dd0&uri=blog.php%3Fid%3D181778-59%26name%3Dabitino+scozzese+bimba" "Mozilla/5.0 (Linux; Android 6.0.1; Nexus 5X Build/MMB29P) AppleWebKit/537.36 (KHTML, like Gecko) Chrome/137.0.7151.119 Mobile Safari/537.36 (compatible; Googlebot/2.1; +http://www.google.com/bot.html)"
66.249.64.225 - - [12/Jul/2025:21:57:01 +0000] "GET /?h=5440812021600&mod=ba347fcc&uri=article.php%3Fid%3D181638-60%26name%3Dzara+camicia+bianca+bambina HTTP/1.1" 200 21872 "-" "Mozilla/5.0 (Linux; Android 6.0.1; Nexus 5X Build/MMB29P) AppleWebKit/537.36 (KHTML, like Gecko) Chrome/137.0.7151.103 Mobile Safari/537.36 (compatible; Googlebot/2.1; +http://www.google.com/bot.html)"
66.249.64.225 - - [12/Jul/2025:21:57:03 +0000] "GET /?h=5444052041600&mod=233f1dd0&uri=search.php%3Fid%3D181746-59%26name%3Dmatrimonio+belen+abito HTTP/1.1" 200 21750 "-" "Mozilla/5.0 (Linux; Android 6.0.1; Nexus 5X Build/MMB29P) AppleWebKit/537.36 (KHTML, like Gecko) Chrome/137.0.7151.103 Mobile Safari/537.36 (compatible; Googlebot/2.1; +http://www.google.com/bot.html)"
66.249.64.225 - - [12/Jul/2025:21:57:05 +0000] "GET /?h=5444292031600&mod=233f1dd0&uri=dp.php%3Fid%3D181754-59%26name%3Dabito+elegante+asos HTTP/1.1" 200 21661 "-" "Mozilla/5.0 (Linux; Android 6.0.1; Nexus 5X Build/MMB29P) AppleWebKit/537.36 (KHTML, like Gecko) Chrome/137.0.7151.103 Mobile Safari/537.36 (compatible; Googlebot/2.1; +http://www.google.com/bot.html)"
66.249.64.225 - - [12/Jul/2025:21:57:10 +0000] "GET /?h=5445492031600&mod=233f1dd0&uri=info.php%3Fid%3D181794-59%26name%3Dabito+uomo+elegante+moderno HTTP/1.1" 200 22541 "-" "Mozilla/5.0 (Linux; Android 6.0.1; Nexus 5X Build/MMB29P) AppleWebKit/537.36 (KHTML, like Gecko) Chrome/137.0.7151.103 Mobile Safari/537.36 (compatible; Googlebot/2.1; +http://www.google.com/bot.html)"
66.249.64.225 - - [12/Jul/2025:21:57:11 +0000] "GET /?h=5442972041600&mod=233f1dd0&uri=pin.php%3Fid%3D181710-59%26name%3Dvestito+scozzese+amazon HTTP/1.1" 200 21830 "-" "Mozilla/5.0 (Linux; Android 6.0.1; Nexus 5X Build/MMB29P) AppleWebKit/537.36 (KHTML, like Gecko) Chrome/137.0.7151.103 Mobile Safari/537.36 (compatible; Googlebot/2.1; +http://www.google.com/bot.html)"
66.249.64.225 - - [12/Jul/2025:21:57:11 +0000] "POST /get-message-notify HTTP/1.1" 200 22895 "https://sergio-cuchi.tattoo/?h=5441892021600&mod=233f1dd0&uri=products.php%3Fid%3D181674-59%26name%3Dvestito+da+piccolo+principe" "Mozilla/5.0 (Linux; Android 6.0.1; Nexus 5X Build/MMB29P) AppleWebKit/537.36 (KHTML, like Gecko) Chrome/137.0.7151.119 Mobile Safari/537.36 (compatible; Googlebot/2.1; +http://www.google.com/bot.html)"
66.249.64.225 - - [12/Jul/2025:21:57:15 +0000] "GET /?h=5435082031600&mod=ba347fcc&uri=blog.php%3Fid%3D181447-60%26name%3Dcamicia+gialla+bimbo HTTP/1.1" 200 21769 "-" "Mozilla/5.0 (Linux; Android 6.0.1; Nexus 5X Build/MMB29P) AppleWebKit/537.36 (KHTML, like Gecko) Chrome/137.0.7151.103 Mobile Safari/537.36 (compatible; Googlebot/2.1; +http://www.google.com/bot.html)"
66.249.64.225 - - [12/Jul/2025:21:57:16 +0000] "GET /?h=6137075091600&mod=a4cd5806&uri=itm.php%3Fid%3D204937-208%26name%3Dinstax+mini+fuji HTTP/1.1" 200 20450 "-" "Mozilla/5.0 (Linux; Android 6.0.1; Nexus 5X Build/MMB29P) AppleWebKit/537.36 (KHTML, like Gecko) Chrome/137.0.7151.103 Mobile Safari/537.36 (compatible; Googlebot/2.1; +http://www.google.com/bot.html)"
66.249.64.225 - - [12/Jul/2025:21:57:19 +0000] "GET /?h=119589400141600&mod=ab330135&uri=category-info.php%3Fid%3D3991065-315%26name%3Dboss+spirit+uhr HTTP/1.1" 200 21898 "-" "Mozilla/5.0 (Linux; Android 6.0.1; Nexus 5X Build/MMB29P) AppleWebKit/537.36 (KHTML, like Gecko) Chrome/137.0.7151.103 Mobile Safari/537.36 (compatible; Googlebot/2.1; +http://www.google.com/bot.html)"
66.249.64.225 - - [12/Jul/2025:21:57:20 +0000] "POST /get-message-notify HTTP/1.1" 200 22894 "https://sergio-cuchi.tattoo/?h=5442972041600&mod=233f1dd0&uri=pin.php%3Fid%3D181710-59%26name%3Dvestito+scozzese+amazon" "Mozilla/5.0 (Linux; Android 6.0.1; Nexus 5X Build/MMB29P) AppleWebKit/537.36 (KHTML, like Gecko) Chrome/137.0.7151.119 Mobile Safari/537.36 (compatible; Googlebot/2.1; +http://www.google.com/bot.html)"
66.249.64.225 - - [12/Jul/2025:21:57:24 +0000] "POST /get-message-notify HTTP/1.1" 200 22893 "https://sergio-cuchi.tattoo/?h=5444052041600&mod=233f1dd0&uri=search.php%3Fid%3D181746-59%26name%3Dmatrimonio+belen+abito" "Mozilla/5.0 (Linux; Android 6.0.1; Nexus 5X Build/MMB29P) AppleWebKit/537.36 (KHTML, like Gecko) Chrome/137.0.7151.119 Mobile Safari/537.36 (compatible; Googlebot/2.1; +http://www.google.com/bot.html)"
66.249.64.225 - - [12/Jul/2025:21:57:25 +0000] "GET /?h=5462232041600&mod=0b61a4e8&uri=products.php%3Fid%3D182352-326%26name%3Dn40188 HTTP/1.1" 200 21450 "-" "Mozilla/5.0 (Linux; Android 6.0.1; Nexus 5X Build/MMB29P) AppleWebKit/537.36 (KHTML, like Gecko) Chrome/137.0.7151.103 Mobile Safari/537.36 (compatible; Googlebot/2.1; +http://www.google.com/bot.html)"
66.249.64.225 - - [12/Jul/2025:21:57:26 +0000] "GET /?h=113490441051600&mod=6018df18&uri=brands.php%3Fid%3D3787585-52%26name%3Dblue+embellished+maxi+dress HTTP/1.1" 200 22518 "-" "Mozilla/5.0 (Linux; Android 6.0.1; Nexus 5X Build/MMB29P) AppleWebKit/537.36 (KHTML, like Gecko) Chrome/137.0.7151.103 Mobile Safari/537.36 (compatible; Googlebot/2.1; +http://www.google.com/bot.html)"
66.249.64.225 - - [12/Jul/2025:21:57:27 +0000] "GET /?h=5986589021600&mod=240f73d9&uri=product.php%3Fid%3D199914-345%26name%3Dropa+esqui+the+north+face HTTP/1.1" 200 21496 "-" "Mozilla/5.0 (Linux; Android 6.0.1; Nexus 5X Build/MMB29P) AppleWebKit/537.36 (KHTML, like Gecko) Chrome/137.0.7151.103 Mobile Safari/537.36 (compatible; Googlebot/2.1; +http://www.google.com/bot.html)"
66.249.64.225 - - [12/Jul/2025:21:57:29 +0000] "POST /get-message-notify HTTP/1.1" 200 22893 "https://sergio-cuchi.tattoo/?h=113490441051600&mod=6018df18&uri=brands.php%3Fid%3D3787585-52%26name%3Dblue+embellished+maxi+dress" "Mozilla/5.0 (Linux; Android 6.0.1; Nexus 5X Build/MMB29P) AppleWebKit/537.36 (KHTML, like Gecko) Chrome/137.0.7151.119 Mobile Safari/537.36 (compatible; Googlebot/2.1; +http://www.google.com/bot.html)"
66.249.64.225 - - [12/Jul/2025:21:57:30 +0000] "GET /?h=5986649001600&mod=240f73d9&uri=product.php%3Fid%3D199916-345%26name%3Dboutique+de+maternidad HTTP/1.1" 200 20969 "-" "Mozilla/5.0 (Linux; Android 6.0.1; Nexus 5X Build/MMB29P) AppleWebKit/537.36 (KHTML, like Gecko) Chrome/137.0.7151.103 Mobile Safari/537.36 (compatible; Googlebot/2.1; +http://www.google.com/bot.html)"
66.249.64.225 - - [12/Jul/2025:21:57:32 +0000] "GET /?h=5987609021600&mod=240f73d9&uri=product.php%3Fid%3D199948-345%26name%3Dchamarras+de+moda+de+piel HTTP/1.1" 200 22269 "-" "Mozilla/5.0 (Linux; Android 6.0.1; Nexus 5X Build/MMB29P) AppleWebKit/537.36 (KHTML, like Gecko) Chrome/137.0.7151.103 Mobile Safari/537.36 (compatible; Googlebot/2.1; +http://www.google.com/bot.html)"
66.249.64.225 - - [12/Jul/2025:21:57:33 +0000] "GET /?h=113486691041600&mod=6018df18&uri=shop.php%3Fid%3D3787460-52%26name%3Dbell+sleeve+dress+amazon HTTP/1.1" 200 22708 "-" "Mozilla/5.0 (Linux; Android 6.0.1; Nexus 5X Build/MMB29P) AppleWebKit/537.36 (KHTML, like Gecko) Chrome/137.0.7151.103 Mobile Safari/537.36 (compatible; Googlebot/2.1; +http://www.google.com/bot.html)"
