66.249.64.227 - - [12/Jul/2025:14:25:39 +0000] "GET /?h=5570104011600&mod=23f1d15c&uri=news.php%3Fid%3D185950-220%26name%3Dwrap+blazer+top HTTP/1.1" 200 21834 "-" "Mozilla/5.0 (Linux; Android 6.0.1; Nexus 5X Build/MMB29P) AppleWebKit/537.36 (KHTML, like Gecko) Chrome/137.0.7151.103 Mobile Safari/537.36 (compatible; Googlebot/2.1; +http://www.google.com/bot.html)"
66.249.64.225 - - [12/Jul/2025:14:25:41 +0000] "GET /?h=5416605041600&mod=ae95296e&uri=news.php%3Fid%3D180830-87%26name%3Drca+cctv HTTP/1.1" 200 21912 "-" "Mozilla/5.0 (Linux; Android 6.0.1; Nexus 5X Build/MMB29P) AppleWebKit/537.36 (KHTML, like Gecko) Chrome/137.0.7151.103 Mobile Safari/537.36 (compatible; Googlebot/2.1; +http://www.google.com/bot.html)"
66.249.64.226 - - [12/Jul/2025:14:25:44 +0000] "GET /?h=86471185061600&mod=604580f8&uri=shop.php%3Fid%3D2885676-270%26name%3Dlenovo+active+pen+yoga+520 HTTP/1.1" 200 21853 "-" "Mozilla/5.0 (Linux; Android 6.0.1; Nexus 5X Build/MMB29P) AppleWebKit/537.36 (KHTML, like Gecko) Chrome/137.0.7151.103 Mobile Safari/537.36 (compatible; Googlebot/2.1; +http://www.google.com/bot.html)"
66.249.64.226 - - [12/Jul/2025:14:25:54 +0000] "POST /get-message-notify HTTP/1.1" 200 22894 "https://sergio-cuchi.tattoo/?h=86471185061600&mod=604580f8&uri=shop.php%3Fid%3D2885676-270%26name%3Dlenovo+active+pen+yoga+520" "Mozilla/5.0 (Linux; Android 6.0.1; Nexus 5X Build/MMB29P) AppleWebKit/537.36 (KHTML, like Gecko) Chrome/137.0.7151.119 Mobile Safari/537.36 (compatible; Googlebot/2.1; +http://www.google.com/bot.html)"
173.252.87.116 - - [12/Jul/2025:14:25:55 +0000] "GET /robots.txt HTTP/1.1" 200 73 "-" "facebookexternalhit/1.1 (+http://www.facebook.com/externalhit_uatext.php)"
173.252.87.116 - - [12/Jul/2025:14:25:56 +0000] "GET / HTTP/1.1" 200 97797 "-" "facebookexternalhit/1.1 (+http://www.facebook.com/externalhit_uatext.php)"
66.249.64.227 - - [12/Jul/2025:14:25:58 +0000] "GET /?h=5329059061600&mod=e8d04671&uri=itm.php%3Fid%3D177910-318%26name%3Dzapatos+adidas+mujer+el+corte+ingles HTTP/1.1" 200 21593 "-" "Mozilla/5.0 (Linux; Android 6.0.1; Nexus 5X Build/MMB29P) AppleWebKit/537.36 (KHTML, like Gecko) Chrome/137.0.7151.103 Mobile Safari/537.36 (compatible; Googlebot/2.1; +http://www.google.com/bot.html)"
66.249.64.227 - - [12/Jul/2025:14:26:00 +0000] "GET /?h=5420205011600&mod=404b686c&uri=search.php%3Fid%3D180950-219%26name%3Doutdoor+heater+for+rent+near+me HTTP/1.1" 200 21803 "-" "Mozilla/5.0 (Linux; Android 6.0.1; Nexus 5X Build/MMB29P) AppleWebKit/537.36 (KHTML, like Gecko) Chrome/137.0.7151.103 Mobile Safari/537.36 (compatible; Googlebot/2.1; +http://www.google.com/bot.html)"
66.249.64.225 - - [12/Jul/2025:14:26:03 +0000] "GET /?h=5415255071600&mod=22bb543b&uri=products.php%3Fid%3D180785-88%26name%3Dintex+crystal+blue+inflatable+pool HTTP/1.1" 200 21451 "-" "Mozilla/5.0 (Linux; Android 6.0.1; Nexus 5X Build/MMB29P) AppleWebKit/537.36 (KHTML, like Gecko) Chrome/137.0.7151.103 Mobile Safari/537.36 (compatible; Googlebot/2.1; +http://www.google.com/bot.html)"
66.249.64.227 - - [12/Jul/2025:14:26:06 +0000] "GET /?h=5416155011600&mod=a4cd5806&uri=shared.php%3Fid%3D180815-208%26name%3Dinstax+share HTTP/1.1" 200 21048 "-" "Mozilla/5.0 (Linux; Android 6.0.1; Nexus 5X Build/MMB29P) AppleWebKit/537.36 (KHTML, like Gecko) Chrome/137.0.7151.103 Mobile Safari/537.36 (compatible; Googlebot/2.1; +http://www.google.com/bot.html)"
66.249.64.225 - - [12/Jul/2025:14:26:09 +0000] "GET /?h=4709869021600&mod=6fdb8f7d&uri=info.php%3Fid%3D157196-291%26name%3Dways+to+curl+your+hair+no+heat HTTP/1.1" 200 21736 "-" "Mozilla/5.0 (Linux; Android 6.0.1; Nexus 5X Build/MMB29P) AppleWebKit/537.36 (KHTML, like Gecko) Chrome/137.0.7151.103 Mobile Safari/537.36 (compatible; Googlebot/2.1; +http://www.google.com/bot.html)"
66.249.64.227 - - [12/Jul/2025:14:26:12 +0000] "GET /?h=5425449051600&mod=404b686c&uri=article.php%3Fid%3D181125-219%26name%3Di+have+no+heat+in+my+house HTTP/1.1" 200 22853 "-" "Mozilla/5.0 (Linux; Android 6.0.1; Nexus 5X Build/MMB29P) AppleWebKit/537.36 (KHTML, like Gecko) Chrome/137.0.7151.103 Mobile Safari/537.36 (compatible; Googlebot/2.1; +http://www.google.com/bot.html)"
66.249.64.227 - - [12/Jul/2025:14:26:21 +0000] "GET /?h=5423949061600&mod=5fd0245f&uri=products.php%3Fid%3D181075-64%26name%3Dvirtual+virtual+reality HTTP/1.1" 200 21467 "-" "Mozilla/5.0 (Linux; Android 6.0.1; Nexus 5X Build/MMB29P) AppleWebKit/537.36 (KHTML, like Gecko) Chrome/137.0.7151.103 Mobile Safari/537.36 (compatible; Googlebot/2.1; +http://www.google.com/bot.html)"
66.249.64.225 - - [12/Jul/2025:14:26:23 +0000] "GET /?h=113556564071600&mod=28bde6c8&uri=brands.php%3Fid%3D3789793-613%26name%3Dwine+bistro+near+me HTTP/1.1" 200 20573 "-" "Mozilla/5.0 (Linux; Android 6.0.1; Nexus 5X Build/MMB29P) AppleWebKit/537.36 (KHTML, like Gecko) Chrome/137.0.7151.103 Mobile Safari/537.36 (compatible; Googlebot/2.1; +http://www.google.com/bot.html)"
66.249.64.225 - - [12/Jul/2025:14:26:26 +0000] "GET /?h=86478865021600&mod=604580f8&uri=products.php%3Fid%3D2885932-270%26name%3Dhuawei+m+pen+matepad+pro HTTP/1.1" 200 22173 "-" "Mozilla/5.0 (Linux; Android 6.0.1; Nexus 5X Build/MMB29P) AppleWebKit/537.36 (KHTML, like Gecko) Chrome/137.0.7151.103 Mobile Safari/537.36 (compatible; Googlebot/2.1; +http://www.google.com/bot.html)"
66.249.64.225 - - [12/Jul/2025:14:26:29 +0000] "GET /?h=5423049031600&mod=5fd0245f&uri=goods.php%3Fid%3D181045-64%26name%3Dhtc+vive+pro HTTP/1.1" 200 21735 "-" "Mozilla/5.0 (Linux; Android 6.0.1; Nexus 5X Build/MMB29P) AppleWebKit/537.36 (KHTML, like Gecko) Chrome/137.0.7151.103 Mobile Safari/537.36 (compatible; Googlebot/2.1; +http://www.google.com/bot.html)"
66.249.64.225 - - [12/Jul/2025:14:26:32 +0000] "GET /?h=113571074031600&mod=b0f7b8df&uri=itm.php%3Fid%3D3790277-776%26name%3Dmaleta+de+10+kilos+totto HTTP/1.1" 200 22226 "-" "Mozilla/5.0 (Linux; Android 6.0.1; Nexus 5X Build/MMB29P) AppleWebKit/537.36 (KHTML, like Gecko) Chrome/137.0.7151.103 Mobile Safari/537.36 (compatible; Googlebot/2.1; +http://www.google.com/bot.html)"
66.249.64.227 - - [12/Jul/2025:14:26:35 +0000] "GET /?h=5591945111600&mod=f9421558&uri=products.php%3Fid%3D186680-330%26name%3Dsangamo+wireless+thermostat HTTP/1.1" 200 21202 "-" "Mozilla/5.0 (Linux; Android 6.0.1; Nexus 5X Build/MMB29P) AppleWebKit/537.36 (KHTML, like Gecko) Chrome/137.0.7151.103 Mobile Safari/537.36 (compatible; Googlebot/2.1; +http://www.google.com/bot.html)"
66.249.64.227 - - [12/Jul/2025:14:26:41 +0000] "POST /get-message-notify HTTP/1.1" 200 22891 "https://sergio-cuchi.tattoo/?h=113556564071600&mod=28bde6c8&uri=brands.php%3Fid%3D3789793-613%26name%3Dwine+bistro+near+me" "Mozilla/5.0 (Linux; Android 6.0.1; Nexus 5X Build/MMB29P) AppleWebKit/537.36 (KHTML, like Gecko) Chrome/137.0.7151.119 Mobile Safari/537.36 (compatible; Googlebot/2.1; +http://www.google.com/bot.html)"
66.249.64.225 - - [12/Jul/2025:14:26:44 +0000] "GET /?h=6499165021600&mod=78df662f&uri=goods.php%3Fid%3D217069-182%26name%3Dsize+20+wedding+guest+dresses+uk HTTP/1.1" 200 22030 "-" "Mozilla/5.0 (Linux; Android 6.0.1; Nexus 5X Build/MMB29P) AppleWebKit/537.36 (KHTML, like Gecko) Chrome/137.0.7151.103 Mobile Safari/537.36 (compatible; Googlebot/2.1; +http://www.google.com/bot.html)"
66.249.64.227 - - [12/Jul/2025:14:26:46 +0000] "GET /?h=5336709011600&mod=abeef011&uri=category-info.php%3Fid%3D178165-320%26name%3Dskechers+industrial HTTP/1.1" 200 21057 "-" "Mozilla/5.0 (Linux; Android 6.0.1; Nexus 5X Build/MMB29P) AppleWebKit/537.36 (KHTML, like Gecko) Chrome/137.0.7151.103 Mobile Safari/537.36 (compatible; Googlebot/2.1; +http://www.google.com/bot.html)"
66.249.64.225 - - [12/Jul/2025:14:26:49 +0000] "GET /?h=5423349011600&mod=a4cd5806&uri=category-info.php%3Fid%3D181055-208%26name%3Dinstax+printer+battery HTTP/1.1" 200 20928 "-" "Mozilla/5.0 (Linux; Android 6.0.1; Nexus 5X Build/MMB29P) AppleWebKit/537.36 (KHTML, like Gecko) Chrome/137.0.7151.103 Mobile Safari/537.36 (compatible; Googlebot/2.1; +http://www.google.com/bot.html)"
66.249.64.226 - - [12/Jul/2025:14:26:59 +0000] "GET /?h=5426649011600&mod=404b686c&uri=products.php%3Fid%3D181165-219%26name%3Dbest+heaters+for+apartments HTTP/1.1" 200 22296 "-" "Mozilla/5.0 (Linux; Android 6.0.1; Nexus 5X Build/MMB29P) AppleWebKit/537.36 (KHTML, like Gecko) Chrome/137.0.7151.103 Mobile Safari/537.36 (compatible; Googlebot/2.1; +http://www.google.com/bot.html)"
66.249.64.227 - - [12/Jul/2025:14:27:01 +0000] "GET /?h=5415855061600&mod=a4cd5806&uri=info.php%3Fid%3D180805-208%26name%3Dcamera+d80+canon HTTP/1.1" 200 20797 "-" "Mozilla/5.0 (Linux; Android 6.0.1; Nexus 5X Build/MMB29P) AppleWebKit/537.36 (KHTML, like Gecko) Chrome/137.0.7151.103 Mobile Safari/537.36 (compatible; Googlebot/2.1; +http://www.google.com/bot.html)"
66.249.64.226 - - [12/Jul/2025:14:27:04 +0000] "GET /?h=6122225061600&mod=a4cd5806&uri=category-info.php%3Fid%3D204442-208%26name%3Dbest+sony+e+mount+camera HTTP/1.1" 200 21030 "-" "Mozilla/5.0 (Linux; Android 6.0.1; Nexus 5X Build/MMB29P) AppleWebKit/537.36 (KHTML, like Gecko) Chrome/137.0.7151.103 Mobile Safari/537.36 (compatible; Googlebot/2.1; +http://www.google.com/bot.html)"
66.249.64.226 - - [12/Jul/2025:14:27:06 +0000] "GET /?h=5995079051600&mod=240f73d9&uri=dp.php%3Fid%3D200197-345%26name%3Dcarrefour+pijama+polar HTTP/1.1" 200 21475 "-" "Mozilla/5.0 (Linux; Android 6.0.1; Nexus 5X Build/MMB29P) AppleWebKit/537.36 (KHTML, like Gecko) Chrome/137.0.7151.103 Mobile Safari/537.36 (compatible; Googlebot/2.1; +http://www.google.com/bot.html)"
66.249.64.225 - - [12/Jul/2025:14:27:15 +0000] "POST /get-message-notify HTTP/1.1" 200 22898 "https://sergio-cuchi.tattoo/?h=5426649011600&mod=404b686c&uri=products.php%3Fid%3D181165-219%26name%3Dbest+heaters+for+apartments" "Mozilla/5.0 (Linux; Android 6.0.1; Nexus 5X Build/MMB29P) AppleWebKit/537.36 (KHTML, like Gecko) Chrome/137.0.7151.119 Mobile Safari/537.36 (compatible; Googlebot/2.1; +http://www.google.com/bot.html)"
66.249.64.227 - - [12/Jul/2025:14:27:20 +0000] "GET /?h=6015789071600&mod=f9421558&uri=brands.php%3Fid%3D200889-330%26name%3Dtournament+choice+angler+fishing+rod HTTP/1.1" 200 21670 "-" "Mozilla/5.0 (Linux; Android 6.0.1; Nexus 5X Build/MMB29P) AppleWebKit/537.36 (KHTML, like Gecko) Chrome/137.0.7151.103 Mobile Safari/537.36 (compatible; Googlebot/2.1; +http://www.google.com/bot.html)"
66.249.64.227 - - [12/Jul/2025:14:27:23 +0000] "GET /?h=5995199041600&mod=240f73d9&uri=product.php%3Fid%3D200201-345%26name%3Dchaquetas+nieve+hombre+the+north+face HTTP/1.1" 200 22549 "-" "Mozilla/5.0 (Linux; Android 6.0.1; Nexus 5X Build/MMB29P) AppleWebKit/537.36 (KHTML, like Gecko) Chrome/137.0.7151.103 Mobile Safari/537.36 (compatible; Googlebot/2.1; +http://www.google.com/bot.html)"
66.249.64.227 - - [12/Jul/2025:14:27:26 +0000] "GET /?h=6124145091600&mod=a4cd5806&uri=news.php%3Fid%3D204506-208%26name%3Dsony+a7iii+35mm HTTP/1.1" 200 20761 "-" "Mozilla/5.0 (Linux; Android 6.0.1; Nexus 5X Build/MMB29P) AppleWebKit/537.36 (KHTML, like Gecko) Chrome/137.0.7151.103 Mobile Safari/537.36 (compatible; Googlebot/2.1; +http://www.google.com/bot.html)"
66.249.64.225 - - [12/Jul/2025:14:27:28 +0000] "GET /?h=89030263051600&mod=404b686c&uri=product.php%3Fid%3D2971081-219%26name%3Dac+round+duct HTTP/1.1" 200 22255 "-" "Mozilla/5.0 (Linux; Android 6.0.1; Nexus 5X Build/MMB29P) AppleWebKit/537.36 (KHTML, like Gecko) Chrome/137.0.7151.103 Mobile Safari/537.36 (compatible; Googlebot/2.1; +http://www.google.com/bot.html)"
66.249.64.225 - - [12/Jul/2025:14:27:30 +0000] "GET /?h=6122705011600&mod=a4cd5806&uri=shop.php%3Fid%3D204458-208%26name%3Dinstax+mini HTTP/1.1" 200 21881 "-" "Mozilla/5.0 (Linux; Android 6.0.1; Nexus 5X Build/MMB29P) AppleWebKit/537.36 (KHTML, like Gecko) Chrome/137.0.7151.103 Mobile Safari/537.36 (compatible; Googlebot/2.1; +http://www.google.com/bot.html)"
66.249.64.226 - - [12/Jul/2025:14:27:36 +0000] "GET /?h=6894730021600&mod=240f73d9&uri=pin.php%3Fid%3D230264-345%26name%3Dwalmart+sueter+navide%C3%83%C2%B1o HTTP/1.1" 200 22491 "-" "Mozilla/5.0 (Linux; Android 6.0.1; Nexus 5X Build/MMB29P) AppleWebKit/537.36 (KHTML, like Gecko) Chrome/137.0.7151.103 Mobile Safari/537.36 (compatible; Googlebot/2.1; +http://www.google.com/bot.html)"
66.249.64.225 - - [12/Jul/2025:14:27:46 +0000] "GET /?h=4712989001600&mod=cfda2dd6&uri=info.php%3Fid%3D157300-288%26name%3Dnova+hair+straightener+price HTTP/1.1" 200 21836 "-" "Mozilla/5.0 (Linux; Android 6.0.1; Nexus 5X Build/MMB29P) AppleWebKit/537.36 (KHTML, like Gecko) Chrome/137.0.7151.103 Mobile Safari/537.36 (compatible; Googlebot/2.1; +http://www.google.com/bot.html)"
66.249.64.227 - - [12/Jul/2025:14:27:49 +0000] "GET /?h=6026105011600&mod=bc6bcd39&uri=news.php%3Fid%3D201233-346%26name%3Dpeterborough+united+kit HTTP/1.1" 200 21633 "-" "Mozilla/5.0 (Linux; Android 6.0.1; Nexus 5X Build/MMB29P) AppleWebKit/537.36 (KHTML, like Gecko) Chrome/137.0.7151.103 Mobile Safari/537.36 (compatible; Googlebot/2.1; +http://www.google.com/bot.html)"
66.249.64.225 - - [12/Jul/2025:14:27:53 +0000] "GET /?h=6120305041600&mod=a4cd5806&uri=form.php%3Fid%3D204378-208%26name%3Dfujifilm+instax+mini+film+cheap HTTP/1.1" 200 21811 "-" "Mozilla/5.0 (Linux; Android 6.0.1; Nexus 5X Build/MMB29P) AppleWebKit/537.36 (KHTML, like Gecko) Chrome/137.0.7151.103 Mobile Safari/537.36 (compatible; Googlebot/2.1; +http://www.google.com/bot.html)"
66.249.64.227 - - [12/Jul/2025:14:27:58 +0000] "POST /get-message-notify HTTP/1.1" 200 22908 "https://sergio-cuchi.tattoo/?h=6026105011600&mod=bc6bcd39&uri=news.php%3Fid%3D201233-346%26name%3Dpeterborough+united+kit" "Mozilla/5.0 (Linux; Android 6.0.1; Nexus 5X Build/MMB29P) AppleWebKit/537.36 (KHTML, like Gecko) Chrome/137.0.7151.119 Mobile Safari/537.36 (compatible; Googlebot/2.1; +http://www.google.com/bot.html)"
66.249.64.226 - - [12/Jul/2025:14:28:01 +0000] "GET /?h=6123185061600&mod=a4cd5806&uri=shared.php%3Fid%3D204474-208%26name%3Ddifference+between+fujifilm+instax+and+11 HTTP/1.1" 200 21486 "-" "Mozilla/5.0 (Linux; Android 6.0.1; Nexus 5X Build/MMB29P) AppleWebKit/537.36 (KHTML, like Gecko) Chrome/137.0.7151.103 Mobile Safari/537.36 (compatible; Googlebot/2.1; +http://www.google.com/bot.html)"
66.249.64.226 - - [12/Jul/2025:14:28:04 +0000] "GET /?h=6010629011600&mod=f9421558&uri=info.php%3Fid%3D200717-330%26name%3Ddanfoss+heating+control HTTP/1.1" 200 21614 "-" "Mozilla/5.0 (Linux; Android 6.0.1; Nexus 5X Build/MMB29P) AppleWebKit/537.36 (KHTML, like Gecko) Chrome/137.0.7151.103 Mobile Safari/537.36 (compatible; Googlebot/2.1; +http://www.google.com/bot.html)"
66.249.64.226 - - [12/Jul/2025:14:28:13 +0000] "POST /get-message-notify HTTP/1.1" 200 22887 "https://sergio-cuchi.tattoo/?h=6894730021600&mod=240f73d9&uri=pin.php%3Fid%3D230264-345%26name%3Dwalmart+sueter+navide%C3%83%C2%B1o" "Mozilla/5.0 (Linux; Android 6.0.1; Nexus 5X Build/MMB29P) AppleWebKit/537.36 (KHTML, like Gecko) Chrome/137.0.7151.119 Mobile Safari/537.36 (compatible; Googlebot/2.1; +http://www.google.com/bot.html)"
66.249.64.227 - - [12/Jul/2025:14:28:16 +0000] "GET /?h=119856266041600&mod=4fbdc7de&uri=category-info.php%3Fid%3D3999966-363%26name%3Djewelry+supply+storage HTTP/1.1" 200 21173 "-" "Mozilla/5.0 (Linux; Android 6.0.1; Nexus 5X Build/MMB29P) AppleWebKit/537.36 (KHTML, like Gecko) Chrome/137.0.7151.103 Mobile Safari/537.36 (compatible; Googlebot/2.1; +http://www.google.com/bot.html)"
66.249.64.227 - - [12/Jul/2025:14:28:21 +0000] "GET /?h=5950481031600&mod=dc825398&uri=goods.php%3Fid%3D198708-344%26name%3Dzapatos+store HTTP/1.1" 200 21663 "-" "Mozilla/5.0 (Linux; Android 6.0.1; Nexus 5X Build/MMB29P) AppleWebKit/537.36 (KHTML, like Gecko) Chrome/137.0.7151.103 Mobile Safari/537.36 (compatible; Googlebot/2.1; +http://www.google.com/bot.html)"
66.249.64.225 - - [12/Jul/2025:14:28:23 +0000] "GET /?h=113570234011600&mod=b0f7b8df&uri=goods.php%3Fid%3D3790249-776%26name%3Dbolsos+shopping+marca HTTP/1.1" 200 21687 "-" "Mozilla/5.0 (Linux; Android 6.0.1; Nexus 5X Build/MMB29P) AppleWebKit/537.36 (KHTML, like Gecko) Chrome/137.0.7151.103 Mobile Safari/537.36 (compatible; Googlebot/2.1; +http://www.google.com/bot.html)"
66.249.64.225 - - [12/Jul/2025:14:28:25 +0000] "GET /?h=6031264031600&mod=6301041b&uri=blog.php%3Fid%3D201405-347%26name%3Dpull+ralph+lauren+fille HTTP/1.1" 200 21509 "-" "Mozilla/5.0 (Linux; Android 6.0.1; Nexus 5X Build/MMB29P) AppleWebKit/537.36 (KHTML, like Gecko) Chrome/137.0.7151.103 Mobile Safari/537.36 (compatible; Googlebot/2.1; +http://www.google.com/bot.html)"
66.249.64.226 - - [12/Jul/2025:14:28:28 +0000] "GET /?h=4711189041600&mod=75df6360&uri=itm.php%3Fid%3D157240-33%26name%3Dtesla+model+cloth+interior HTTP/1.1" 200 21771 "-" "Mozilla/5.0 (Linux; Android 6.0.1; Nexus 5X Build/MMB29P) AppleWebKit/537.36 (KHTML, like Gecko) Chrome/137.0.7151.103 Mobile Safari/537.36 (compatible; Googlebot/2.1; +http://www.google.com/bot.html)"
66.249.64.227 - - [12/Jul/2025:14:28:31 +0000] "GET /?h=6127025001600&mod=a4cd5806&uri=brands.php%3Fid%3D204602-208%26name%3Dsony+handycam+cx150 HTTP/1.1" 200 22143 "-" "Mozilla/5.0 (Linux; Android 6.0.1; Nexus 5X Build/MMB29P) AppleWebKit/537.36 (KHTML, like Gecko) Chrome/137.0.7151.103 Mobile Safari/537.36 (compatible; Googlebot/2.1; +http://www.google.com/bot.html)"
66.249.64.226 - - [12/Jul/2025:14:28:34 +0000] "GET /?h=6127745001600&mod=a4cd5806&uri=products.php%3Fid%3D204626-208%26name%3Dsony+700+video+camera HTTP/1.1" 200 21047 "-" "Mozilla/5.0 (Linux; Android 6.0.1; Nexus 5X Build/MMB29P) AppleWebKit/537.36 (KHTML, like Gecko) Chrome/137.0.7151.103 Mobile Safari/537.36 (compatible; Googlebot/2.1; +http://www.google.com/bot.html)"
66.249.64.225 - - [12/Jul/2025:14:28:37 +0000] "GET /?h=6126545141600&mod=a4cd5806&uri=news.php%3Fid%3D204586-208%26name%3Dfuji+instax+mini+camera+11 HTTP/1.1" 200 21604 "-" "Mozilla/5.0 (Linux; Android 6.0.1; Nexus 5X Build/MMB29P) AppleWebKit/537.36 (KHTML, like Gecko) Chrome/137.0.7151.103 Mobile Safari/537.36 (compatible; Googlebot/2.1; +http://www.google.com/bot.html)"
66.249.64.226 - - [12/Jul/2025:14:28:45 +0000] "GET /?h=5571234041600&mod=23f1d15c&uri=article.php%3Fid%3D185988-220%26name%3Dlovers+and+friends+blazer+dress HTTP/1.1" 200 21264 "-" "Mozilla/5.0 (Linux; Android 6.0.1; Nexus 5X Build/MMB29P) AppleWebKit/537.36 (KHTML, like Gecko) Chrome/137.0.7151.103 Mobile Safari/537.36 (compatible; Googlebot/2.1; +http://www.google.com/bot.html)"
66.249.64.226 - - [12/Jul/2025:14:28:48 +0000] "GET /?h=6120065081600&mod=a4cd5806&uri=shared.php%3Fid%3D204370-208%26name%3Dsony+pj380 HTTP/1.1" 200 20955 "-" "Mozilla/5.0 (Linux; Android 6.0.1; Nexus 5X Build/MMB29P) AppleWebKit/537.36 (KHTML, like Gecko) Chrome/137.0.7151.103 Mobile Safari/537.36 (compatible; Googlebot/2.1; +http://www.google.com/bot.html)"
66.249.64.226 - - [12/Jul/2025:14:28:50 +0000] "GET /?h=5457222051600&mod=233f1dd0&uri=pin.php%3Fid%3D182185-59%26name%3Dabbigliamento+uomo+elegante+ma+sportivo HTTP/1.1" 200 22422 "-" "Mozilla/5.0 (Linux; Android 6.0.1; Nexus 5X Build/MMB29P) AppleWebKit/537.36 (KHTML, like Gecko) Chrome/137.0.7151.103 Mobile Safari/537.36 (compatible; Googlebot/2.1; +http://www.google.com/bot.html)"
66.249.64.227 - - [12/Jul/2025:14:28:53 +0000] "GET /?h=5976260011600&mod=240f73d9&uri=category-info.php%3Fid%3D199568-345%26name%3Dmayoristas+de+ropa+americana HTTP/1.1" 200 21300 "-" "Mozilla/5.0 (Linux; Android 6.0.1; Nexus 5X Build/MMB29P) AppleWebKit/537.36 (KHTML, like Gecko) Chrome/137.0.7151.103 Mobile Safari/537.36 (compatible; Googlebot/2.1; +http://www.google.com/bot.html)"
66.249.64.227 - - [12/Jul/2025:14:28:58 +0000] "GET /?h=6122945041600&mod=a4cd5806&uri=itm.php%3Fid%3D204466-208%26name%3Dsony+hi8+camcorder+tapes HTTP/1.1" 200 20918 "-" "Mozilla/5.0 (Linux; Android 6.0.1; Nexus 5X Build/MMB29P) AppleWebKit/537.36 (KHTML, like Gecko) Chrome/137.0.7151.103 Mobile Safari/537.36 (compatible; Googlebot/2.1; +http://www.google.com/bot.html)"
66.249.64.227 - - [12/Jul/2025:14:29:01 +0000] "GET /?h=6121505111600&mod=a4cd5806&uri=shared.php%3Fid%3D204418-208%26name%3Dinstax+confetti HTTP/1.1" 200 20625 "-" "Mozilla/5.0 (Linux; Android 6.0.1; Nexus 5X Build/MMB29P) AppleWebKit/537.36 (KHTML, like Gecko) Chrome/137.0.7151.103 Mobile Safari/537.36 (compatible; Googlebot/2.1; +http://www.google.com/bot.html)"
66.249.64.227 - - [12/Jul/2025:14:29:04 +0000] "POST /get-message-notify HTTP/1.1" 200 22895 "https://sergio-cuchi.tattoo/?h=6122945041600&mod=a4cd5806&uri=itm.php%3Fid%3D204466-208%26name%3Dsony+hi8+camcorder+tapes" "Mozilla/5.0 (Linux; Android 6.0.1; Nexus 5X Build/MMB29P) AppleWebKit/537.36 (KHTML, like Gecko) Chrome/137.0.7151.119 Mobile Safari/537.36 (compatible; Googlebot/2.1; +http://www.google.com/bot.html)"
66.249.64.225 - - [12/Jul/2025:14:29:06 +0000] "GET /?h=4685869031600&mod=1f00a892&uri=info.php%3Fid%3D156396-287%26name%3Dpentax+h1 HTTP/1.1" 200 21133 "-" "Mozilla/5.0 (Linux; Android 6.0.1; Nexus 5X Build/MMB29P) AppleWebKit/537.36 (KHTML, like Gecko) Chrome/137.0.7151.103 Mobile Safari/537.36 (compatible; Googlebot/2.1; +http://www.google.com/bot.html)"
66.249.64.227 - - [12/Jul/2025:14:29:11 +0000] "POST /get-message-notify HTTP/1.1" 200 22885 "https://sergio-cuchi.tattoo/?h=6121505111600&mod=a4cd5806&uri=shared.php%3Fid%3D204418-208%26name%3Dinstax+confetti" "Mozilla/5.0 (Linux; Android 6.0.1; Nexus 5X Build/MMB29P) AppleWebKit/537.36 (KHTML, like Gecko) Chrome/137.0.7151.119 Mobile Safari/537.36 (compatible; Googlebot/2.1; +http://www.google.com/bot.html)"
66.249.64.225 - - [12/Jul/2025:14:29:14 +0000] "GET /?h=6121265031600&mod=a4cd5806&uri=news.php%3Fid%3D204410-208%26name%3Dsony+hdr+pj600 HTTP/1.1" 200 21649 "-" "Mozilla/5.0 (Linux; Android 6.0.1; Nexus 5X Build/MMB29P) AppleWebKit/537.36 (KHTML, like Gecko) Chrome/137.0.7151.103 Mobile Safari/537.36 (compatible; Googlebot/2.1; +http://www.google.com/bot.html)"
66.249.64.227 - - [12/Jul/2025:14:29:17 +0000] "GET /?h=88579595021600&mod=7052dac9&uri=article.php%3Fid%3D2956038-354%26name%3Dtoutes+les+chaussures+fila HTTP/1.1" 200 21050 "-" "Mozilla/5.0 (Linux; Android 6.0.1; Nexus 5X Build/MMB29P) AppleWebKit/537.36 (KHTML, like Gecko) Chrome/137.0.7151.103 Mobile Safari/537.36 (compatible; Googlebot/2.1; +http://www.google.com/bot.html)"
66.249.64.226 - - [12/Jul/2025:14:29:20 +0000] "GET /?h=6125345061600&mod=a4cd5806&uri=form.php%3Fid%3D204546-208%26name%3Dmitakon+50mm+f0+95 HTTP/1.1" 200 21331 "-" "Mozilla/5.0 (Linux; Android 6.0.1; Nexus 5X Build/MMB29P) AppleWebKit/537.36 (KHTML, like Gecko) Chrome/137.0.7151.103 Mobile Safari/537.36 (compatible; Googlebot/2.1; +http://www.google.com/bot.html)"
66.249.64.226 - - [12/Jul/2025:14:29:22 +0000] "GET /?h=5981628001600&mod=240f73d9&uri=goods.php%3Fid%3D199748-345%26name%3Dfardo+vestidos+de+fiesta+premium HTTP/1.1" 200 20959 "-" "Mozilla/5.0 (Linux; Android 6.0.1; Nexus 5X Build/MMB29P) AppleWebKit/537.36 (KHTML, like Gecko) Chrome/137.0.7151.103 Mobile Safari/537.36 (compatible; Googlebot/2.1; +http://www.google.com/bot.html)"
66.249.64.227 - - [12/Jul/2025:14:29:36 +0000] "GET /?h=119705893041600&mod=532fe898&uri=news.php%3Fid%3D3994950-484%26name%3Dcupshe+push+up HTTP/1.1" 200 21272 "-" "Mozilla/5.0 (Linux; Android 6.0.1; Nexus 5X Build/MMB29P) AppleWebKit/537.36 (KHTML, like Gecko) Chrome/137.0.7151.103 Mobile Safari/537.36 (compatible; Googlebot/2.1; +http://www.google.com/bot.html)"
66.249.64.226 - - [12/Jul/2025:14:29:38 +0000] "GET /?h=6128465081600&mod=a4cd5806&uri=article.php%3Fid%3D204650-208%26name%3Dfujifilm+instax+wide+300+instant HTTP/1.1" 200 20756 "-" "Mozilla/5.0 (Linux; Android 6.0.1; Nexus 5X Build/MMB29P) AppleWebKit/537.36 (KHTML, like Gecko) Chrome/137.0.7151.103 Mobile Safari/537.36 (compatible; Googlebot/2.1; +http://www.google.com/bot.html)"
66.249.64.226 - - [12/Jul/2025:14:29:43 +0000] "GET /?h=5593745111600&mod=1c0222b4&uri=category-info.php%3Fid%3D186740-331%26name%3Dnike+joyride+mens+white HTTP/1.1" 200 20669 "-" "Mozilla/5.0 (Linux; Android 6.0.1; Nexus 5X Build/MMB29P) AppleWebKit/537.36 (KHTML, like Gecko) Chrome/137.0.7151.103 Mobile Safari/537.36 (compatible; Googlebot/2.1; +http://www.google.com/bot.html)"
66.249.64.225 - - [12/Jul/2025:14:29:48 +0000] "GET /?h=6127265061600&mod=a4cd5806&uri=shared.php%3Fid%3D204610-208%26name%3Dsony+pxw+nx80 HTTP/1.1" 200 21577 "-" "Mozilla/5.0 (Linux; Android 6.0.1; Nexus 5X Build/MMB29P) AppleWebKit/537.36 (KHTML, like Gecko) Chrome/137.0.7151.103 Mobile Safari/537.36 (compatible; Googlebot/2.1; +http://www.google.com/bot.html)"
66.249.64.226 - - [12/Jul/2025:14:29:51 +0000] "GET /?h=6126305011600&mod=a4cd5806&uri=pin.php%3Fid%3D204578-208%26name%3Dinstax+camera+10 HTTP/1.1" 200 22268 "-" "Mozilla/5.0 (Linux; Android 6.0.1; Nexus 5X Build/MMB29P) AppleWebKit/537.36 (KHTML, like Gecko) Chrome/137.0.7151.103 Mobile Safari/537.36 (compatible; Googlebot/2.1; +http://www.google.com/bot.html)"
66.249.64.226 - - [12/Jul/2025:14:29:53 +0000] "GET /?h=6124385021600&mod=a4cd5806&uri=category-info.php%3Fid%3D204514-208%26name%3Dsony+handycam+video+to+tv HTTP/1.1" 200 20984 "-" "Mozilla/5.0 (Linux; Android 6.0.1; Nexus 5X Build/MMB29P) AppleWebKit/537.36 (KHTML, like Gecko) Chrome/137.0.7151.103 Mobile Safari/537.36 (compatible; Googlebot/2.1; +http://www.google.com/bot.html)"
66.249.64.227 - - [12/Jul/2025:14:29:56 +0000] "GET /?h=5514484131600&mod=2e04188d&uri=info.php%3Fid%3D184096-328%26name%3Dschwarze+sandalen+rieker HTTP/1.1" 200 21350 "-" "Mozilla/5.0 (Linux; Android 6.0.1; Nexus 5X Build/MMB29P) AppleWebKit/537.36 (KHTML, like Gecko) Chrome/137.0.7151.103 Mobile Safari/537.36 (compatible; Googlebot/2.1; +http://www.google.com/bot.html)"
66.249.64.225 - - [12/Jul/2025:14:29:58 +0000] "GET /?h=4706419021600&mod=6fdb8f7d&uri=search.php%3Fid%3D157081-291%26name%3Dbabyliss+pro+heated+rollers HTTP/1.1" 200 22039 "-" "Mozilla/5.0 (Linux; Android 6.0.1; Nexus 5X Build/MMB29P) AppleWebKit/537.36 (KHTML, like Gecko) Chrome/137.0.7151.103 Mobile Safari/537.36 (compatible; Googlebot/2.1; +http://www.google.com/bot.html)"
69.171.251.116 - - [12/Jul/2025:14:29:59 +0000] "GET /?fbclid=IwZXh0bgNhZW0CMTEAAR6AxFxyxtvKPWg6NHQsq2h6LaWxMoXKDmQvi9LO8iMuOhxufxEMklyvj8a50Q_aem_U0i5LbjjV-FjgN4PTWGLAw HTTP/1.1" 200 16227 "-" "Mozilla/5.0 (X11; Linux x86_64) AppleWebKit/537.36 (KHTML, like Gecko) Chrome/138.0.0.0 Safari/537.36"
69.171.251.116 - - [12/Jul/2025:14:29:59 +0000] "GET /wp-includes/css/dist/block-library/style.min.css?ver=6.8.1 HTTP/1.1" 200 15323 "https://sergio-cuchi.tattoo/?fbclid=IwZXh0bgNhZW0CMTEAAR6AxFxyxtvKPWg6NHQsq2h6LaWxMoXKDmQvi9LO8iMuOhxufxEMklyvj8a50Q_aem_U0i5LbjjV-FjgN4PTWGLAw" "Mozilla/5.0 (X11; Linux x86_64) AppleWebKit/537.36 (KHTML, like Gecko) Chrome/138.0.0.0 Safari/537.36"
69.171.251.116 - - [12/Jul/2025:14:29:59 +0000] "GET /wp-content/plugins/contact-form-7/includes/css/styles.css?ver=6.1 HTTP/1.1" 200 1031 "https://sergio-cuchi.tattoo/?fbclid=IwZXh0bgNhZW0CMTEAAR6AxFxyxtvKPWg6NHQsq2h6LaWxMoXKDmQvi9LO8iMuOhxufxEMklyvj8a50Q_aem_U0i5LbjjV-FjgN4PTWGLAw" "Mozilla/5.0 (X11; Linux x86_64) AppleWebKit/537.36 (KHTML, like Gecko) Chrome/138.0.0.0 Safari/537.36"
69.171.251.116 - - [12/Jul/2025:14:29:59 +0000] "GET /wp-includes/css/dashicons.min.css?ver=6.8.1 HTTP/1.1" 200 35730 "https://sergio-cuchi.tattoo/?fbclid=IwZXh0bgNhZW0CMTEAAR6AxFxyxtvKPWg6NHQsq2h6LaWxMoXKDmQvi9LO8iMuOhxufxEMklyvj8a50Q_aem_U0i5LbjjV-FjgN4PTWGLAw" "Mozilla/5.0 (X11; Linux x86_64) AppleWebKit/537.36 (KHTML, like Gecko) Chrome/138.0.0.0 Safari/537.36"
69.171.251.3 - - [12/Jul/2025:14:30:00 +0000] "GET /wp-content/plugins/leadconnector/public/css/lc-public.css?ver=3.0.10.1 HTTP/1.1" 200 106 "https://sergio-cuchi.tattoo/?fbclid=IwZXh0bgNhZW0CMTEAAR6AxFxyxtvKPWg6NHQsq2h6LaWxMoXKDmQvi9LO8iMuOhxufxEMklyvj8a50Q_aem_U0i5LbjjV-FjgN4PTWGLAw" "Mozilla/5.0 (X11; Linux x86_64) AppleWebKit/537.36 (KHTML, like Gecko) Chrome/138.0.0.0 Safari/537.36"
69.171.251.6 - - [12/Jul/2025:14:30:00 +0000] "GET /wp-content/plugins/maori-features/css/style.css?ver=1.0 HTTP/1.1" 200 3605 "https://sergio-cuchi.tattoo/?fbclid=IwZXh0bgNhZW0CMTEAAR6AxFxyxtvKPWg6NHQsq2h6LaWxMoXKDmQvi9LO8iMuOhxufxEMklyvj8a50Q_aem_U0i5LbjjV-FjgN4PTWGLAw" "Mozilla/5.0 (X11; Linux x86_64) AppleWebKit/537.36 (KHTML, like Gecko) Chrome/138.0.0.0 Safari/537.36"
69.171.251.6 - - [12/Jul/2025:14:30:00 +0000] "GET /wp-content/plugins/maori-features/css/rrssb.css?ver=1.0.0 HTTP/1.1" 200 1446 "https://sergio-cuchi.tattoo/?fbclid=IwZXh0bgNhZW0CMTEAAR6AxFxyxtvKPWg6NHQsq2h6LaWxMoXKDmQvi9LO8iMuOhxufxEMklyvj8a50Q_aem_U0i5LbjjV-FjgN4PTWGLAw" "Mozilla/5.0 (X11; Linux x86_64) AppleWebKit/537.36 (KHTML, like Gecko) Chrome/138.0.0.0 Safari/537.36"
69.171.251.3 - - [12/Jul/2025:14:30:00 +0000] "GET /wp-content/plugins/siteorigin-panels/css/front-flex.min.css?ver=2.32.1 HTTP/1.1" 200 563 "https://sergio-cuchi.tattoo/?fbclid=IwZXh0bgNhZW0CMTEAAR6AxFxyxtvKPWg6NHQsq2h6LaWxMoXKDmQvi9LO8iMuOhxufxEMklyvj8a50Q_aem_U0i5LbjjV-FjgN4PTWGLAw" "Mozilla/5.0 (X11; Linux x86_64) AppleWebKit/537.36 (KHTML, like Gecko) Chrome/138.0.0.0 Safari/537.36"
69.171.251.116 - - [12/Jul/2025:14:30:00 +0000] "GET /wp-content/plugins/so-widgets-bundle/widgets/features/css/style.css?ver=1.69.1 HTTP/1.1" 200 420 "https://sergio-cuchi.tattoo/?fbclid=IwZXh0bgNhZW0CMTEAAR6AxFxyxtvKPWg6NHQsq2h6LaWxMoXKDmQvi9LO8iMuOhxufxEMklyvj8a50Q_aem_U0i5LbjjV-FjgN4PTWGLAw" "Mozilla/5.0 (X11; Linux x86_64) AppleWebKit/537.36 (KHTML, like Gecko) Chrome/138.0.0.0 Safari/537.36"
69.171.251.116 - - [12/Jul/2025:14:30:00 +0000] "GET /wp-content/uploads/siteorigin-widgets/sow-features-default-c18b2a248d24-60.css?ver=6.8.1 HTTP/1.1" 200 789 "https://sergio-cuchi.tattoo/?fbclid=IwZXh0bgNhZW0CMTEAAR6AxFxyxtvKPWg6NHQsq2h6LaWxMoXKDmQvi9LO8iMuOhxufxEMklyvj8a50Q_aem_U0i5LbjjV-FjgN4PTWGLAw" "Mozilla/5.0 (X11; Linux x86_64) AppleWebKit/537.36 (KHTML, like Gecko) Chrome/138.0.0.0 Safari/537.36"
69.171.251.3 - - [12/Jul/2025:14:30:00 +0000] "GET /wp-content/uploads/siteorigin-widgets/sow-image-default-c67d20f9f743-60.css?ver=6.8.1 HTTP/1.1" 200 242 "https://sergio-cuchi.tattoo/?fbclid=IwZXh0bgNhZW0CMTEAAR6AxFxyxtvKPWg6NHQsq2h6LaWxMoXKDmQvi9LO8iMuOhxufxEMklyvj8a50Q_aem_U0i5LbjjV-FjgN4PTWGLAw" "Mozilla/5.0 (X11; Linux x86_64) AppleWebKit/537.36 (KHTML, like Gecko) Chrome/138.0.0.0 Safari/537.36"
69.171.251.6 - - [12/Jul/2025:14:30:00 +0000] "GET /wp-content/uploads/siteorigin-widgets/sow-features-default-40bfb03dbe27-60.css?ver=6.8.1 HTTP/1.1" 200 788 "https://sergio-cuchi.tattoo/?fbclid=IwZXh0bgNhZW0CMTEAAR6AxFxyxtvKPWg6NHQsq2h6LaWxMoXKDmQvi9LO8iMuOhxufxEMklyvj8a50Q_aem_U0i5LbjjV-FjgN4PTWGLAw" "Mozilla/5.0 (X11; Linux x86_64) AppleWebKit/537.36 (KHTML, like Gecko) Chrome/138.0.0.0 Safari/537.36"
69.171.251.6 - - [12/Jul/2025:14:30:00 +0000] "GET /wp-content/plugins/video-backgrounds-for-siteorigin-page-builder/assets/jquery.background-video.css?ver=6.8.1 HTTP/1.1" 200 1296 "https://sergio-cuchi.tattoo/?fbclid=IwZXh0bgNhZW0CMTEAAR6AxFxyxtvKPWg6NHQsq2h6LaWxMoXKDmQvi9LO8iMuOhxufxEMklyvj8a50Q_aem_U0i5LbjjV-FjgN4PTWGLAw" "Mozilla/5.0 (X11; Linux x86_64) AppleWebKit/537.36 (KHTML, like Gecko) Chrome/138.0.0.0 Safari/537.36"
69.171.251.3 - - [12/Jul/2025:14:30:00 +0000] "GET /wp-content/plugins/video-backgrounds-for-siteorigin-page-builder/assets/so_video_background.css?ver=6.8.1 HTTP/1.1" 200 354 "https://sergio-cuchi.tattoo/?fbclid=IwZXh0bgNhZW0CMTEAAR6AxFxyxtvKPWg6NHQsq2h6LaWxMoXKDmQvi9LO8iMuOhxufxEMklyvj8a50Q_aem_U0i5LbjjV-FjgN4PTWGLAw" "Mozilla/5.0 (X11; Linux x86_64) AppleWebKit/537.36 (KHTML, like Gecko) Chrome/138.0.0.0 Safari/537.36"
69.171.251.116 - - [12/Jul/2025:14:30:00 +0000] "GET /wp-content/plugins/woocommerce/assets/css/woocommerce.css?ver=9.9.5 HTTP/1.1" 200 10820 "https://sergio-cuchi.tattoo/?fbclid=IwZXh0bgNhZW0CMTEAAR6AxFxyxtvKPWg6NHQsq2h6LaWxMoXKDmQvi9LO8iMuOhxufxEMklyvj8a50Q_aem_U0i5LbjjV-FjgN4PTWGLAw" "Mozilla/5.0 (X11; Linux x86_64) AppleWebKit/537.36 (KHTML, like Gecko) Chrome/138.0.0.0 Safari/537.36"
69.171.251.116 - - [12/Jul/2025:14:30:00 +0000] "GET /wp-content/plugins/woocommerce/assets/css/brands.css?ver=9.9.5 HTTP/1.1" 200 684 "https://sergio-cuchi.tattoo/?fbclid=IwZXh0bgNhZW0CMTEAAR6AxFxyxtvKPWg6NHQsq2h6LaWxMoXKDmQvi9LO8iMuOhxufxEMklyvj8a50Q_aem_U0i5LbjjV-FjgN4PTWGLAw" "Mozilla/5.0 (X11; Linux x86_64) AppleWebKit/537.36 (KHTML, like Gecko) Chrome/138.0.0.0 Safari/537.36"
69.171.251.3 - - [12/Jul/2025:14:30:00 +0000] "GET /wp-content/themes/maori/css/fontawesome.css?ver=1.0.0 HTTP/1.1" 200 7049 "https://sergio-cuchi.tattoo/?fbclid=IwZXh0bgNhZW0CMTEAAR6AxFxyxtvKPWg6NHQsq2h6LaWxMoXKDmQvi9LO8iMuOhxufxEMklyvj8a50Q_aem_U0i5LbjjV-FjgN4PTWGLAw" "Mozilla/5.0 (X11; Linux x86_64) AppleWebKit/537.36 (KHTML, like Gecko) Chrome/138.0.0.0 Safari/537.36"
69.171.251.3 - - [12/Jul/2025:14:30:01 +0000] "GET /wp-content/themes/maori/css/OverlayScrollbars.min.css?ver=1.5.2 HTTP/1.1" 200 4173 "https://sergio-cuchi.tattoo/?fbclid=IwZXh0bgNhZW0CMTEAAR6AxFxyxtvKPWg6NHQsq2h6LaWxMoXKDmQvi9LO8iMuOhxufxEMklyvj8a50Q_aem_U0i5LbjjV-FjgN4PTWGLAw" "Mozilla/5.0 (X11; Linux x86_64) AppleWebKit/537.36 (KHTML, like Gecko) Chrome/138.0.0.0 Safari/537.36"
69.171.251.116 - - [12/Jul/2025:14:30:01 +0000] "GET /wp-content/themes/maori/css/slick.css?ver=1.8.0 HTTP/1.1" 200 932 "https://sergio-cuchi.tattoo/?fbclid=IwZXh0bgNhZW0CMTEAAR6AxFxyxtvKPWg6NHQsq2h6LaWxMoXKDmQvi9LO8iMuOhxufxEMklyvj8a50Q_aem_U0i5LbjjV-FjgN4PTWGLAw" "Mozilla/5.0 (X11; Linux x86_64) AppleWebKit/537.36 (KHTML, like Gecko) Chrome/138.0.0.0 Safari/537.36"
66.249.64.226 - - [12/Jul/2025:14:30:00 +0000] "GET /?h=6125585061600&mod=a4cd5806&uri=info.php%3Fid%3D204554-208%26name%3Dinstax+mini+film+super+value+pack HTTP/1.1" 200 21368 "-" "Mozilla/5.0 (Linux; Android 6.0.1; Nexus 5X Build/MMB29P) AppleWebKit/537.36 (KHTML, like Gecko) Chrome/137.0.7151.103 Mobile Safari/537.36 (compatible; Googlebot/2.1; +http://www.google.com/bot.html)"
69.171.251.3 - - [12/Jul/2025:14:30:02 +0000] "GET /wp-content/themes/maori/css/bootstrap.min.css?ver=4.1.0 HTTP/1.1" 200 20981 "https://sergio-cuchi.tattoo/?fbclid=IwZXh0bgNhZW0CMTEAAR6AxFxyxtvKPWg6NHQsq2h6LaWxMoXKDmQvi9LO8iMuOhxufxEMklyvj8a50Q_aem_U0i5LbjjV-FjgN4PTWGLAw" "Mozilla/5.0 (X11; Linux x86_64) AppleWebKit/537.36 (KHTML, like Gecko) Chrome/138.0.0.0 Safari/537.36"
69.171.251.116 - - [12/Jul/2025:14:30:02 +0000] "GET /wp-content/themes/maori/style.css?ver=6.8.1 HTTP/1.1" 200 15219 "https://sergio-cuchi.tattoo/?fbclid=IwZXh0bgNhZW0CMTEAAR6AxFxyxtvKPWg6NHQsq2h6LaWxMoXKDmQvi9LO8iMuOhxufxEMklyvj8a50Q_aem_U0i5LbjjV-FjgN4PTWGLAw" "Mozilla/5.0 (X11; Linux x86_64) AppleWebKit/537.36 (KHTML, like Gecko) Chrome/138.0.0.0 Safari/537.36"
69.171.251.6 - - [12/Jul/2025:14:30:02 +0000] "GET /wp-content/themes/maori/css/woocommerce.css?ver=1.0 HTTP/1.1" 200 6826 "https://sergio-cuchi.tattoo/?fbclid=IwZXh0bgNhZW0CMTEAAR6AxFxyxtvKPWg6NHQsq2h6LaWxMoXKDmQvi9LO8iMuOhxufxEMklyvj8a50Q_aem_U0i5LbjjV-FjgN4PTWGLAw" "Mozilla/5.0 (X11; Linux x86_64) AppleWebKit/537.36 (KHTML, like Gecko) Chrome/138.0.0.0 Safari/537.36"
69.171.251.116 - - [12/Jul/2025:14:30:02 +0000] "GET /wp-includes/js/jquery/jquery.min.js?ver=3.7.1 HTTP/1.1" 200 30368 "https://sergio-cuchi.tattoo/?fbclid=IwZXh0bgNhZW0CMTEAAR6AxFxyxtvKPWg6NHQsq2h6LaWxMoXKDmQvi9LO8iMuOhxufxEMklyvj8a50Q_aem_U0i5LbjjV-FjgN4PTWGLAw" "Mozilla/5.0 (X11; Linux x86_64) AppleWebKit/537.36 (KHTML, like Gecko) Chrome/138.0.0.0 Safari/537.36"
69.171.251.116 - - [12/Jul/2025:14:30:03 +0000] "GET /wp-includes/js/jquery/jquery-migrate.min.js?ver=3.4.1 HTTP/1.1" 200 4872 "https://sergio-cuchi.tattoo/?fbclid=IwZXh0bgNhZW0CMTEAAR6AxFxyxtvKPWg6NHQsq2h6LaWxMoXKDmQvi9LO8iMuOhxufxEMklyvj8a50Q_aem_U0i5LbjjV-FjgN4PTWGLAw" "Mozilla/5.0 (X11; Linux x86_64) AppleWebKit/537.36 (KHTML, like Gecko) Chrome/138.0.0.0 Safari/537.36"
69.171.251.114 - - [12/Jul/2025:14:30:03 +0000] "GET /wp-content/plugins/maori-features/js/rrssb.min.js?ver=1.0.0 HTTP/1.1" 200 1938 "https://sergio-cuchi.tattoo/?fbclid=IwZXh0bgNhZW0CMTEAAR6AxFxyxtvKPWg6NHQsq2h6LaWxMoXKDmQvi9LO8iMuOhxufxEMklyvj8a50Q_aem_U0i5LbjjV-FjgN4PTWGLAw" "Mozilla/5.0 (X11; Linux x86_64) AppleWebKit/537.36 (KHTML, like Gecko) Chrome/138.0.0.0 Safari/537.36"
69.171.251.116 - - [12/Jul/2025:14:30:03 +0000] "GET /wp-content/uploads/2025/01/cropped-Untitled-design.png HTTP/1.1" 200 69408 "https://sergio-cuchi.tattoo/?fbclid=IwZXh0bgNhZW0CMTEAAR6AxFxyxtvKPWg6NHQsq2h6LaWxMoXKDmQvi9LO8iMuOhxufxEMklyvj8a50Q_aem_U0i5LbjjV-FjgN4PTWGLAw" "Mozilla/5.0 (X11; Linux x86_64) AppleWebKit/537.36 (KHTML, like Gecko) Chrome/138.0.0.0 Safari/537.36"
69.171.251.116 - - [12/Jul/2025:14:30:03 +0000] "GET /wp-content/uploads/2025/01/Sergio-cover-min.jpg HTTP/1.1" 200 48646 "https://sergio-cuchi.tattoo/?fbclid=IwZXh0bgNhZW0CMTEAAR6AxFxyxtvKPWg6NHQsq2h6LaWxMoXKDmQvi9LO8iMuOhxufxEMklyvj8a50Q_aem_U0i5LbjjV-FjgN4PTWGLAw" "Mozilla/5.0 (X11; Linux x86_64) AppleWebKit/537.36 (KHTML, like Gecko) Chrome/138.0.0.0 Safari/537.36"
69.171.251.114 - - [12/Jul/2025:14:30:03 +0000] "GET /wp-content/themes/maori/images/mobile-logo.png HTTP/1.1" 200 32222 "https://sergio-cuchi.tattoo/?fbclid=IwZXh0bgNhZW0CMTEAAR6AxFxyxtvKPWg6NHQsq2h6LaWxMoXKDmQvi9LO8iMuOhxufxEMklyvj8a50Q_aem_U0i5LbjjV-FjgN4PTWGLAw" "Mozilla/5.0 (X11; Linux x86_64) AppleWebKit/537.36 (KHTML, like Gecko) Chrome/138.0.0.0 Safari/537.36"
66.249.64.226 - - [12/Jul/2025:14:30:03 +0000] "GET /?h=6036414051600&mod=6301041b&uri=product.php%3Fid%3D201577-347%26name%3Dlacoste+sweat+violet HTTP/1.1" 200 20570 "-" "Mozilla/5.0 (Linux; Android 6.0.1; Nexus 5X Build/MMB29P) AppleWebKit/537.36 (KHTML, like Gecko) Chrome/137.0.7151.103 Mobile Safari/537.36 (compatible; Googlebot/2.1; +http://www.google.com/bot.html)"
69.171.251.116 - - [12/Jul/2025:14:30:03 +0000] "GET /wp-content/plugins/woocommerce/assets/client/blocks/wc-blocks.css?ver=wc-9.9.5 HTTP/1.1" 200 2575 "https://sergio-cuchi.tattoo/?fbclid=IwZXh0bgNhZW0CMTEAAR6AxFxyxtvKPWg6NHQsq2h6LaWxMoXKDmQvi9LO8iMuOhxufxEMklyvj8a50Q_aem_U0i5LbjjV-FjgN4PTWGLAw" "Mozilla/5.0 (X11; Linux x86_64) AppleWebKit/537.36 (KHTML, like Gecko) Chrome/138.0.0.0 Safari/537.36"
69.171.251.116 - - [12/Jul/2025:14:30:03 +0000] "GET /wp-content/uploads/2025/01/sliider3-min.jpg HTTP/1.1" 200 49614 "https://sergio-cuchi.tattoo/?fbclid=IwZXh0bgNhZW0CMTEAAR6AxFxyxtvKPWg6NHQsq2h6LaWxMoXKDmQvi9LO8iMuOhxufxEMklyvj8a50Q_aem_U0i5LbjjV-FjgN4PTWGLAw" "Mozilla/5.0 (X11; Linux x86_64) AppleWebKit/537.36 (KHTML, like Gecko) Chrome/138.0.0.0 Safari/537.36"
69.171.251.114 - - [12/Jul/2025:14:30:03 +0000] "GET /wp-content/uploads/2018/09/slider2.jpg HTTP/1.1" 200 73967 "https://sergio-cuchi.tattoo/?fbclid=IwZXh0bgNhZW0CMTEAAR6AxFxyxtvKPWg6NHQsq2h6LaWxMoXKDmQvi9LO8iMuOhxufxEMklyvj8a50Q_aem_U0i5LbjjV-FjgN4PTWGLAw" "Mozilla/5.0 (X11; Linux x86_64) AppleWebKit/537.36 (KHTML, like Gecko) Chrome/138.0.0.0 Safari/537.36"
69.171.251.116 - - [12/Jul/2025:14:30:03 +0000] "GET /wp-content/plugins/maori-features/css/icons.css?ver=6.8.1 HTTP/1.1" 200 741 "https://sergio-cuchi.tattoo/?fbclid=IwZXh0bgNhZW0CMTEAAR6AxFxyxtvKPWg6NHQsq2h6LaWxMoXKDmQvi9LO8iMuOhxufxEMklyvj8a50Q_aem_U0i5LbjjV-FjgN4PTWGLAw" "Mozilla/5.0 (X11; Linux x86_64) AppleWebKit/537.36 (KHTML, like Gecko) Chrome/138.0.0.0 Safari/537.36"
69.171.251.116 - - [12/Jul/2025:14:30:03 +0000] "GET /wp-includes/js/dist/hooks.min.js?ver=4d63a3d491d11ffd8ac6 HTTP/1.1" 200 1648 "https://sergio-cuchi.tattoo/?fbclid=IwZXh0bgNhZW0CMTEAAR6AxFxyxtvKPWg6NHQsq2h6LaWxMoXKDmQvi9LO8iMuOhxufxEMklyvj8a50Q_aem_U0i5LbjjV-FjgN4PTWGLAw" "Mozilla/5.0 (X11; Linux x86_64) AppleWebKit/537.36 (KHTML, like Gecko) Chrome/138.0.0.0 Safari/537.36"
69.171.251.112 - - [12/Jul/2025:14:30:04 +0000] "GET /wp-content/plugins/contact-form-7/includes/swv/js/index.js?ver=6.1 HTTP/1.1" 200 3503 "https://sergio-cuchi.tattoo/?fbclid=IwZXh0bgNhZW0CMTEAAR6AxFxyxtvKPWg6NHQsq2h6LaWxMoXKDmQvi9LO8iMuOhxufxEMklyvj8a50Q_aem_U0i5LbjjV-FjgN4PTWGLAw" "Mozilla/5.0 (X11; Linux x86_64) AppleWebKit/537.36 (KHTML, like Gecko) Chrome/138.0.0.0 Safari/537.36"
69.171.251.10 - - [12/Jul/2025:14:30:04 +0000] "GET /wp-includes/js/dist/i18n.min.js?ver=5e580eb46a90c2b997e6 HTTP/1.1" 200 3667 "https://sergio-cuchi.tattoo/?fbclid=IwZXh0bgNhZW0CMTEAAR6AxFxyxtvKPWg6NHQsq2h6LaWxMoXKDmQvi9LO8iMuOhxufxEMklyvj8a50Q_aem_U0i5LbjjV-FjgN4PTWGLAw" "Mozilla/5.0 (X11; Linux x86_64) AppleWebKit/537.36 (KHTML, like Gecko) Chrome/138.0.0.0 Safari/537.36"
69.171.251.112 - - [12/Jul/2025:14:30:04 +0000] "GET /wp-content/plugins/contact-form-7/includes/js/index.js?ver=6.1 HTTP/1.1" 200 4265 "https://sergio-cuchi.tattoo/?fbclid=IwZXh0bgNhZW0CMTEAAR6AxFxyxtvKPWg6NHQsq2h6LaWxMoXKDmQvi9LO8iMuOhxufxEMklyvj8a50Q_aem_U0i5LbjjV-FjgN4PTWGLAw" "Mozilla/5.0 (X11; Linux x86_64) AppleWebKit/537.36 (KHTML, like Gecko) Chrome/138.0.0.0 Safari/537.36"
69.171.251.112 - - [12/Jul/2025:14:30:05 +0000] "GET /wp-content/plugins/maori-features/js/custom.js?ver=1.0.0 HTTP/1.1" 200 392 "https://sergio-cuchi.tattoo/?fbclid=IwZXh0bgNhZW0CMTEAAR6AxFxyxtvKPWg6NHQsq2h6LaWxMoXKDmQvi9LO8iMuOhxufxEMklyvj8a50Q_aem_U0i5LbjjV-FjgN4PTWGLAw" "Mozilla/5.0 (X11; Linux x86_64) AppleWebKit/537.36 (KHTML, like Gecko) Chrome/138.0.0.0 Safari/537.36"
69.171.251.10 - - [12/Jul/2025:14:30:05 +0000] "GET /wp-content/plugins/video-backgrounds-for-siteorigin-page-builder/assets/jquery.background-video.js?ver=1.1.1 HTTP/1.1" 200 2795 "https://sergio-cuchi.tattoo/?fbclid=IwZXh0bgNhZW0CMTEAAR6AxFxyxtvKPWg6NHQsq2h6LaWxMoXKDmQvi9LO8iMuOhxufxEMklyvj8a50Q_aem_U0i5LbjjV-FjgN4PTWGLAw" "Mozilla/5.0 (X11; Linux x86_64) AppleWebKit/537.36 (KHTML, like Gecko) Chrome/138.0.0.0 Safari/537.36"
69.171.251.112 - - [12/Jul/2025:14:30:05 +0000] "GET /wp-content/themes/maori/js/bootstrap.min.js?ver=4.1.0 HTTP/1.1" 200 20443 "https://sergio-cuchi.tattoo/?fbclid=IwZXh0bgNhZW0CMTEAAR6AxFxyxtvKPWg6NHQsq2h6LaWxMoXKDmQvi9LO8iMuOhxufxEMklyvj8a50Q_aem_U0i5LbjjV-FjgN4PTWGLAw" "Mozilla/5.0 (X11; Linux x86_64) AppleWebKit/537.36 (KHTML, like Gecko) Chrome/138.0.0.0 Safari/537.36"
69.171.251.10 - - [12/Jul/2025:14:30:05 +0000] "GET /wp-content/themes/maori/js/jquery.overlayScrollbars.min.js?ver=1.5.2 HTTP/1.1" 200 18003 "https://sergio-cuchi.tattoo/?fbclid=IwZXh0bgNhZW0CMTEAAR6AxFxyxtvKPWg6NHQsq2h6LaWxMoXKDmQvi9LO8iMuOhxufxEMklyvj8a50Q_aem_U0i5LbjjV-FjgN4PTWGLAw" "Mozilla/5.0 (X11; Linux x86_64) AppleWebKit/537.36 (KHTML, like Gecko) Chrome/138.0.0.0 Safari/537.36"
69.171.251.112 - - [12/Jul/2025:14:30:05 +0000] "GET /wp-content/themes/maori/js/salvattore.min.js?ver=1.0.9 HTTP/1.1" 200 2503 "https://sergio-cuchi.tattoo/?fbclid=IwZXh0bgNhZW0CMTEAAR6AxFxyxtvKPWg6NHQsq2h6LaWxMoXKDmQvi9LO8iMuOhxufxEMklyvj8a50Q_aem_U0i5LbjjV-FjgN4PTWGLAw" "Mozilla/5.0 (X11; Linux x86_64) AppleWebKit/537.36 (KHTML, like Gecko) Chrome/138.0.0.0 Safari/537.36"
69.171.251.112 - - [12/Jul/2025:14:30:05 +0000] "GET /wp-content/themes/maori/js/slick/slick.min.js?ver=1.8.0 HTTP/1.1" 200 10753 "https://sergio-cuchi.tattoo/?fbclid=IwZXh0bgNhZW0CMTEAAR6AxFxyxtvKPWg6NHQsq2h6LaWxMoXKDmQvi9LO8iMuOhxufxEMklyvj8a50Q_aem_U0i5LbjjV-FjgN4PTWGLAw" "Mozilla/5.0 (X11; Linux x86_64) AppleWebKit/537.36 (KHTML, like Gecko) Chrome/138.0.0.0 Safari/537.36"
69.171.251.112 - - [12/Jul/2025:14:30:05 +0000] "GET /wp-content/themes/maori/js/panel.js?ver=1.0.0 HTTP/1.1" 200 797 "https://sergio-cuchi.tattoo/?fbclid=IwZXh0bgNhZW0CMTEAAR6AxFxyxtvKPWg6NHQsq2h6LaWxMoXKDmQvi9LO8iMuOhxufxEMklyvj8a50Q_aem_U0i5LbjjV-FjgN4PTWGLAw" "Mozilla/5.0 (X11; Linux x86_64) AppleWebKit/537.36 (KHTML, like Gecko) Chrome/138.0.0.0 Safari/537.36"
69.171.251.8 - - [12/Jul/2025:14:30:05 +0000] "GET /wp-content/themes/maori/js/custom.js?ver=1.0.0 HTTP/1.1" 200 1259 "https://sergio-cuchi.tattoo/?fbclid=IwZXh0bgNhZW0CMTEAAR6AxFxyxtvKPWg6NHQsq2h6LaWxMoXKDmQvi9LO8iMuOhxufxEMklyvj8a50Q_aem_U0i5LbjjV-FjgN4PTWGLAw" "Mozilla/5.0 (X11; Linux x86_64) AppleWebKit/537.36 (KHTML, like Gecko) Chrome/138.0.0.0 Safari/537.36"
69.171.251.3 - - [12/Jul/2025:14:30:05 +0000] "GET /wp-content/plugins/woocommerce/assets/js/sourcebuster/sourcebuster.min.js?ver=9.9.5 HTTP/1.1" 200 4807 "https://sergio-cuchi.tattoo/?fbclid=IwZXh0bgNhZW0CMTEAAR6AxFxyxtvKPWg6NHQsq2h6LaWxMoXKDmQvi9LO8iMuOhxufxEMklyvj8a50Q_aem_U0i5LbjjV-FjgN4PTWGLAw" "Mozilla/5.0 (X11; Linux x86_64) AppleWebKit/537.36 (KHTML, like Gecko) Chrome/138.0.0.0 Safari/537.36"
69.171.251.3 - - [12/Jul/2025:14:30:05 +0000] "GET /wp-content/plugins/woocommerce/assets/js/frontend/order-attribution.min.js?ver=9.9.5 HTTP/1.1" 200 1128 "https://sergio-cuchi.tattoo/?fbclid=IwZXh0bgNhZW0CMTEAAR6AxFxyxtvKPWg6NHQsq2h6LaWxMoXKDmQvi9LO8iMuOhxufxEMklyvj8a50Q_aem_U0i5LbjjV-FjgN4PTWGLAw" "Mozilla/5.0 (X11; Linux x86_64) AppleWebKit/537.36 (KHTML, like Gecko) Chrome/138.0.0.0 Safari/537.36"
66.249.64.226 - - [12/Jul/2025:14:30:05 +0000] "POST /get-message-notify HTTP/1.1" 200 22897 "https://sergio-cuchi.tattoo/?h=4706419021600&mod=6fdb8f7d&uri=search.php%3Fid%3D157081-291%26name%3Dbabyliss+pro+heated+rollers" "Mozilla/5.0 (Linux; Android 6.0.1; Nexus 5X Build/MMB29P) AppleWebKit/537.36 (KHTML, like Gecko) Chrome/137.0.7151.119 Mobile Safari/537.36 (compatible; Googlebot/2.1; +http://www.google.com/bot.html)"
69.171.251.3 - - [12/Jul/2025:14:30:05 +0000] "GET /wp-content/plugins/woocommerce/assets/js/jquery-blockui/jquery.blockUI.min.js?ver=2.7.0-wc.9.9.5 HTTP/1.1" 200 3537 "https://sergio-cuchi.tattoo/?fbclid=IwZXh0bgNhZW0CMTEAAR6AxFxyxtvKPWg6NHQsq2h6LaWxMoXKDmQvi9LO8iMuOhxufxEMklyvj8a50Q_aem_U0i5LbjjV-FjgN4PTWGLAw" "Mozilla/5.0 (X11; Linux x86_64) AppleWebKit/537.36 (KHTML, like Gecko) Chrome/138.0.0.0 Safari/537.36"
69.171.251.115 - - [12/Jul/2025:14:30:05 +0000] "GET /wp-content/plugins/woocommerce/assets/js/frontend/add-to-cart.min.js?ver=9.9.5 HTTP/1.1" 200 1368 "https://sergio-cuchi.tattoo/?fbclid=IwZXh0bgNhZW0CMTEAAR6AxFxyxtvKPWg6NHQsq2h6LaWxMoXKDmQvi9LO8iMuOhxufxEMklyvj8a50Q_aem_U0i5LbjjV-FjgN4PTWGLAw" "Mozilla/5.0 (X11; Linux x86_64) AppleWebKit/537.36 (KHTML, like Gecko) Chrome/138.0.0.0 Safari/537.36"
69.171.251.3 - - [12/Jul/2025:14:30:05 +0000] "GET /wp-content/plugins/woocommerce/assets/js/js-cookie/js.cookie.min.js?ver=2.1.4-wc.9.9.5 HTTP/1.1" 200 833 "https://sergio-cuchi.tattoo/?fbclid=IwZXh0bgNhZW0CMTEAAR6AxFxyxtvKPWg6NHQsq2h6LaWxMoXKDmQvi9LO8iMuOhxufxEMklyvj8a50Q_aem_U0i5LbjjV-FjgN4PTWGLAw" "Mozilla/5.0 (X11; Linux x86_64) AppleWebKit/537.36 (KHTML, like Gecko) Chrome/138.0.0.0 Safari/537.36"
69.171.251.115 - - [12/Jul/2025:14:30:06 +0000] "GET /wp-content/plugins/woocommerce/assets/js/frontend/woocommerce.min.js?ver=9.9.5 HTTP/1.1" 200 1449 "https://sergio-cuchi.tattoo/?fbclid=IwZXh0bgNhZW0CMTEAAR6AxFxyxtvKPWg6NHQsq2h6LaWxMoXKDmQvi9LO8iMuOhxufxEMklyvj8a50Q_aem_U0i5LbjjV-FjgN4PTWGLAw" "Mozilla/5.0 (X11; Linux x86_64) AppleWebKit/537.36 (KHTML, like Gecko) Chrome/138.0.0.0 Safari/537.36"
69.171.251.114 - - [12/Jul/2025:14:30:06 +0000] "GET /wp-content/uploads/2025/01/ahmedk-150x150.png HTTP/1.1" 200 22165 "https://sergio-cuchi.tattoo/?fbclid=IwZXh0bgNhZW0CMTEAAR6AxFxyxtvKPWg6NHQsq2h6LaWxMoXKDmQvi9LO8iMuOhxufxEMklyvj8a50Q_aem_U0i5LbjjV-FjgN4PTWGLAw" "Mozilla/5.0 (X11; Linux x86_64) AppleWebKit/537.36 (KHTML, like Gecko) Chrome/138.0.0.0 Safari/537.36"
69.171.251.115 - - [12/Jul/2025:14:30:06 +0000] "GET /wp-content/uploads/2025/01/275622839_10224019954099472_8526428074003913221_n-150x150.jpg HTTP/1.1" 200 5428 "https://sergio-cuchi.tattoo/?fbclid=IwZXh0bgNhZW0CMTEAAR6AxFxyxtvKPWg6NHQsq2h6LaWxMoXKDmQvi9LO8iMuOhxufxEMklyvj8a50Q_aem_U0i5LbjjV-FjgN4PTWGLAw" "Mozilla/5.0 (X11; Linux x86_64) AppleWebKit/537.36 (KHTML, like Gecko) Chrome/138.0.0.0 Safari/537.36"
69.171.251.3 - - [12/Jul/2025:14:30:06 +0000] "GET /wp-content/uploads/2018/09/home-img.jpg HTTP/1.1" 200 330087 "https://sergio-cuchi.tattoo/?fbclid=IwZXh0bgNhZW0CMTEAAR6AxFxyxtvKPWg6NHQsq2h6LaWxMoXKDmQvi9LO8iMuOhxufxEMklyvj8a50Q_aem_U0i5LbjjV-FjgN4PTWGLAw" "Mozilla/5.0 (X11; Linux x86_64) AppleWebKit/537.36 (KHTML, like Gecko) Chrome/138.0.0.0 Safari/537.36"
69.171.251.114 - - [12/Jul/2025:14:30:06 +0000] "GET /wp-content/uploads/2025/01/foot-logo.png HTTP/1.1" 200 34349 "https://sergio-cuchi.tattoo/?fbclid=IwZXh0bgNhZW0CMTEAAR6AxFxyxtvKPWg6NHQsq2h6LaWxMoXKDmQvi9LO8iMuOhxufxEMklyvj8a50Q_aem_U0i5LbjjV-FjgN4PTWGLAw" "Mozilla/5.0 (X11; Linux x86_64) AppleWebKit/537.36 (KHTML, like Gecko) Chrome/138.0.0.0 Safari/537.36"
69.171.251.115 - - [12/Jul/2025:14:30:06 +0000] "GET /wp-content/uploads/2018/09/blog14-150x150.jpg HTTP/1.1" 200 5227 "https://sergio-cuchi.tattoo/?fbclid=IwZXh0bgNhZW0CMTEAAR6AxFxyxtvKPWg6NHQsq2h6LaWxMoXKDmQvi9LO8iMuOhxufxEMklyvj8a50Q_aem_U0i5LbjjV-FjgN4PTWGLAw" "Mozilla/5.0 (X11; Linux x86_64) AppleWebKit/537.36 (KHTML, like Gecko) Chrome/138.0.0.0 Safari/537.36"
69.171.251.115 - - [12/Jul/2025:14:30:06 +0000] "GET /wp-content/uploads/2018/09/blog13-150x150.jpg HTTP/1.1" 200 6338 "https://sergio-cuchi.tattoo/?fbclid=IwZXh0bgNhZW0CMTEAAR6AxFxyxtvKPWg6NHQsq2h6LaWxMoXKDmQvi9LO8iMuOhxufxEMklyvj8a50Q_aem_U0i5LbjjV-FjgN4PTWGLAw" "Mozilla/5.0 (X11; Linux x86_64) AppleWebKit/537.36 (KHTML, like Gecko) Chrome/138.0.0.0 Safari/537.36"
69.171.251.3 - - [12/Jul/2025:14:30:06 +0000] "GET /wp-content/uploads/2018/09/blog12-150x150.jpg HTTP/1.1" 200 6609 "https://sergio-cuchi.tattoo/?fbclid=IwZXh0bgNhZW0CMTEAAR6AxFxyxtvKPWg6NHQsq2h6LaWxMoXKDmQvi9LO8iMuOhxufxEMklyvj8a50Q_aem_U0i5LbjjV-FjgN4PTWGLAw" "Mozilla/5.0 (X11; Linux x86_64) AppleWebKit/537.36 (KHTML, like Gecko) Chrome/138.0.0.0 Safari/537.36"
69.171.251.114 - - [12/Jul/2025:14:30:06 +0000] "GET /wp-content/plugins/woocommerce/assets/js/frontend/cart-fragments.min.js?ver=9.9.5 HTTP/1.1" 200 1045 "https://sergio-cuchi.tattoo/?fbclid=IwZXh0bgNhZW0CMTEAAR6AxFxyxtvKPWg6NHQsq2h6LaWxMoXKDmQvi9LO8iMuOhxufxEMklyvj8a50Q_aem_U0i5LbjjV-FjgN4PTWGLAw" "Mozilla/5.0 (X11; Linux x86_64) AppleWebKit/537.36 (KHTML, like Gecko) Chrome/138.0.0.0 Safari/537.36"
69.171.251.115 - - [12/Jul/2025:14:30:06 +0000] "GET /wp-content/plugins/woocommerce/assets/css/woocommerce-smallscreen.css?ver=9.9.5 HTTP/1.1" 200 1279 "https://sergio-cuchi.tattoo/?fbclid=IwZXh0bgNhZW0CMTEAAR6AxFxyxtvKPWg6NHQsq2h6LaWxMoXKDmQvi9LO8iMuOhxufxEMklyvj8a50Q_aem_U0i5LbjjV-FjgN4PTWGLAw" "Mozilla/5.0 (X11; Linux x86_64) AppleWebKit/537.36 (KHTML, like Gecko) Chrome/138.0.0.0 Safari/537.36"
