66.249.64.227 - - [12/Jul/2025:18:38:39 +0000] "POST /get-message-notify HTTP/1.1" 200 22888 "https://sergio-cuchi.tattoo/?h=5441622051600&mod=233f1dd0&uri=form.php%3Fid%3D181665-59%26name%3Dvestiti+da+sposa+bonprix" "Mozilla/5.0 (Linux; Android 6.0.1; Nexus 5X Build/MMB29P) AppleWebKit/537.36 (KHTML, like Gecko) Chrome/137.0.7151.119 Mobile Safari/537.36 (compatible; Googlebot/2.1; +http://www.google.com/bot.html)"
66.249.64.226 - - [12/Jul/2025:18:38:53 +0000] "GET /?h=5509174081600&mod=2e04188d&uri=shared.php%3Fid%3D183919-328%26name%3Dmanguun+boots+damen HTTP/1.1" 200 21494 "-" "Mozilla/5.0 (Linux; Android 6.0.1; Nexus 5X Build/MMB29P) AppleWebKit/537.36 (KHTML, like Gecko) Chrome/137.0.7151.103 Mobile Safari/537.36 (compatible; Googlebot/2.1; +http://www.google.com/bot.html)"
66.249.64.225 - - [12/Jul/2025:18:39:00 +0000] "GET /?h=5514844041600&mod=3dd420c4&uri=us.php%3Fid%3D184108-310%26name%3Dnvidia+graphics+chip+for+laptop HTTP/1.1" 200 22292 "-" "Mozilla/5.0 (Linux; Android 6.0.1; Nexus 5X Build/MMB29P) AppleWebKit/537.36 (KHTML, like Gecko) Chrome/137.0.7151.103 Mobile Safari/537.36 (compatible; Googlebot/2.1; +http://www.google.com/bot.html)"
66.249.64.227 - - [12/Jul/2025:18:39:08 +0000] "GET /?h=5440062011600&mod=233f1dd0&uri=search.php%3Fid%3D181613-59%26name%3Dscamiciato+scozzese+donna HTTP/1.1" 200 22288 "-" "Mozilla/5.0 (Linux; Android 6.0.1; Nexus 5X Build/MMB29P) AppleWebKit/537.36 (KHTML, like Gecko) Chrome/137.0.7151.103 Mobile Safari/537.36 (compatible; Googlebot/2.1; +http://www.google.com/bot.html)"
66.249.64.227 - - [12/Jul/2025:18:39:13 +0000] "GET /?h=5496077021600&mod=2e04188d&uri=search.php%3Fid%3D183482-328%26name%3Dboots+socken+damen HTTP/1.1" 200 22122 "-" "Mozilla/5.0 (Linux; Android 6.0.1; Nexus 5X Build/MMB29P) AppleWebKit/537.36 (KHTML, like Gecko) Chrome/137.0.7151.103 Mobile Safari/537.36 (compatible; Googlebot/2.1; +http://www.google.com/bot.html)"
66.249.64.226 - - [12/Jul/2025:18:39:15 +0000] "GET /?h=5504854071600&mod=2e04188d&uri=article.php%3Fid%3D183775-328%26name%3Dvagabond+herrenschuhe HTTP/1.1" 200 21681 "-" "Mozilla/5.0 (Linux; Android 6.0.1; Nexus 5X Build/MMB29P) AppleWebKit/537.36 (KHTML, like Gecko) Chrome/137.0.7151.103 Mobile Safari/537.36 (compatible; Googlebot/2.1; +http://www.google.com/bot.html)"
66.249.64.226 - - [12/Jul/2025:18:39:18 +0000] "GET /?h=5439582051600&mod=233f1dd0&uri=form.php%3Fid%3D181597-59%26name%3Dvestito+scozzese+liu+jo HTTP/1.1" 200 21990 "-" "Mozilla/5.0 (Linux; Android 6.0.1; Nexus 5X Build/MMB29P) AppleWebKit/537.36 (KHTML, like Gecko) Chrome/137.0.7151.103 Mobile Safari/537.36 (compatible; Googlebot/2.1; +http://www.google.com/bot.html)"
66.249.64.225 - - [12/Jul/2025:18:39:20 +0000] "POST /get-message-notify HTTP/1.1" 200 22897 "https://sergio-cuchi.tattoo/?h=5440062011600&mod=233f1dd0&uri=search.php%3Fid%3D181613-59%26name%3Dscamiciato+scozzese+donna" "Mozilla/5.0 (Linux; Android 6.0.1; Nexus 5X Build/MMB29P) AppleWebKit/537.36 (KHTML, like Gecko) Chrome/137.0.7151.119 Mobile Safari/537.36 (compatible; Googlebot/2.1; +http://www.google.com/bot.html)"
66.249.64.226 - - [12/Jul/2025:18:39:23 +0000] "GET /?h=5500534051600&mod=2e04188d&uri=us.php%3Fid%3D183631-328%26name%3Drieker+geschlossene+sandale HTTP/1.1" 200 22275 "-" "Mozilla/5.0 (Linux; Android 6.0.1; Nexus 5X Build/MMB29P) AppleWebKit/537.36 (KHTML, like Gecko) Chrome/137.0.7151.103 Mobile Safari/537.36 (compatible; Googlebot/2.1; +http://www.google.com/bot.html)"
66.249.64.226 - - [12/Jul/2025:18:39:29 +0000] "GET /?h=5503234011600&mod=2e04188d&uri=search.php%3Fid%3D183721-328%26name%3Dbisgaard+stiefel+gebraucht HTTP/1.1" 200 21783 "-" "Mozilla/5.0 (Linux; Android 6.0.1; Nexus 5X Build/MMB29P) AppleWebKit/537.36 (KHTML, like Gecko) Chrome/137.0.7151.103 Mobile Safari/537.36 (compatible; Googlebot/2.1; +http://www.google.com/bot.html)"
66.249.64.227 - - [12/Jul/2025:18:39:34 +0000] "GET /?h=5423739021600&mod=a4cd5806&uri=search.php%3Fid%3D181068-208%26name%3Dfujifilm+instax+sp3 HTTP/1.1" 200 20624 "-" "Mozilla/5.0 (Linux; Android 6.0.1; Nexus 5X Build/MMB29P) AppleWebKit/537.36 (KHTML, like Gecko) Chrome/137.0.7151.103 Mobile Safari/537.36 (compatible; Googlebot/2.1; +http://www.google.com/bot.html)"
66.249.64.226 - - [12/Jul/2025:18:39:37 +0000] "GET /?h=5509714011600&mod=2e04188d&uri=goods.php%3Fid%3D183937-328%26name%3Dmeindl+wanderschuhe+damen+winter HTTP/1.1" 200 21498 "-" "Mozilla/5.0 (Linux; Android 6.0.1; Nexus 5X Build/MMB29P) AppleWebKit/537.36 (KHTML, like Gecko) Chrome/137.0.7151.103 Mobile Safari/537.36 (compatible; Googlebot/2.1; +http://www.google.com/bot.html)"
66.249.64.225 - - [12/Jul/2025:18:39:43 +0000] "GET /?h=5487726051600&mod=0b61a4e8&uri=goods.php%3Fid%3D183202-326%26name%3Dn58010 HTTP/1.1" 200 20888 "-" "Mozilla/5.0 (Linux; Android 6.0.1; Nexus 5X Build/MMB29P) AppleWebKit/537.36 (KHTML, like Gecko) Chrome/137.0.7151.103 Mobile Safari/537.36 (compatible; Googlebot/2.1; +http://www.google.com/bot.html)"
66.249.64.225 - - [12/Jul/2025:18:39:48 +0000] "POST /get-message-notify HTTP/1.1" 200 22908 "https://sergio-cuchi.tattoo/?h=5509714011600&mod=2e04188d&uri=goods.php%3Fid%3D183937-328%26name%3Dmeindl+wanderschuhe+damen+winter" "Mozilla/5.0 (Linux; Android 6.0.1; Nexus 5X Build/MMB29P) AppleWebKit/537.36 (KHTML, like Gecko) Chrome/137.0.7151.119 Mobile Safari/537.36 (compatible; Googlebot/2.1; +http://www.google.com/bot.html)"
66.249.64.225 - - [12/Jul/2025:18:40:15 +0000] "GET /?h=6059045131600&mod=cdb36ea7&uri=article.php%3Fid%3D202333-349%26name%3Dpendentif+signe+vierge HTTP/1.1" 200 21425 "-" "Mozilla/5.0 (Linux; Android 6.0.1; Nexus 5X Build/MMB29P) AppleWebKit/537.36 (KHTML, like Gecko) Chrome/137.0.7151.103 Mobile Safari/537.36 (compatible; Googlebot/2.1; +http://www.google.com/bot.html)"
66.249.64.225 - - [12/Jul/2025:18:40:17 +0000] "GET /?h=6164793021600&mod=2fcb2666&uri=itm.php%3Fid%3D205862-351%26name%3Dbalenciaga+noir+montante HTTP/1.1" 200 21203 "-" "Mozilla/5.0 (Linux; Android 6.0.1; Nexus 5X Build/MMB29P) AppleWebKit/537.36 (KHTML, like Gecko) Chrome/137.0.7151.103 Mobile Safari/537.36 (compatible; Googlebot/2.1; +http://www.google.com/bot.html)"
66.249.64.226 - - [12/Jul/2025:18:40:30 +0000] "GET /?h=5515384001600&mod=3dd420c4&uri=info.php%3Fid%3D184126-310%26name%3Drtx+3090+video HTTP/1.1" 200 21834 "-" "Mozilla/5.0 (Linux; Android 6.0.1; Nexus 5X Build/MMB29P) AppleWebKit/537.36 (KHTML, like Gecko) Chrome/137.0.7151.103 Mobile Safari/537.36 (compatible; Googlebot/2.1; +http://www.google.com/bot.html)"
66.249.64.225 - - [12/Jul/2025:18:40:33 +0000] "GET /?h=5503504041600&mod=2e04188d&uri=goods.php%3Fid%3D183730-328%26name%3Dricosta+sandalen+gr+39 HTTP/1.1" 200 22650 "-" "Mozilla/5.0 (Linux; Android 6.0.1; Nexus 5X Build/MMB29P) AppleWebKit/537.36 (KHTML, like Gecko) Chrome/137.0.7151.103 Mobile Safari/537.36 (compatible; Googlebot/2.1; +http://www.google.com/bot.html)"
66.249.64.226 - - [12/Jul/2025:18:40:38 +0000] "GET /?h=5439402001600&mod=233f1dd0&uri=products.php%3Fid%3D181591-59%26name%3Dflora+abiti+da+sposa+prezzi HTTP/1.1" 200 21316 "-" "Mozilla/5.0 (Linux; Android 6.0.1; Nexus 5X Build/MMB29P) AppleWebKit/537.36 (KHTML, like Gecko) Chrome/137.0.7151.103 Mobile Safari/537.36 (compatible; Googlebot/2.1; +http://www.google.com/bot.html)"
66.249.64.227 - - [12/Jul/2025:18:40:40 +0000] "GET /?h=5440272141600&mod=233f1dd0&uri=category-info.php%3Fid%3D181620-59%26name%3Dabiti+carnevale+particolari HTTP/1.1" 200 21272 "-" "Mozilla/5.0 (Linux; Android 6.0.1; Nexus 5X Build/MMB29P) AppleWebKit/537.36 (KHTML, like Gecko) Chrome/137.0.7151.103 Mobile Safari/537.36 (compatible; Googlebot/2.1; +http://www.google.com/bot.html)"
66.249.64.227 - - [12/Jul/2025:18:40:44 +0000] "GET /?h=5497577111600&mod=2e04188d&uri=itm.php%3Fid%3D183532-328%26name%3Drieker+sandalen+damen+gold HTTP/1.1" 200 21461 "-" "Mozilla/5.0 (Linux; Android 6.0.1; Nexus 5X Build/MMB29P) AppleWebKit/537.36 (KHTML, like Gecko) Chrome/137.0.7151.103 Mobile Safari/537.36 (compatible; Googlebot/2.1; +http://www.google.com/bot.html)"
66.249.64.226 - - [12/Jul/2025:18:40:47 +0000] "GET /?h=5487486021600&mod=7b0e861a&uri=shared.php%3Fid%3D183194-299%26name%3Dbalmain+dress+shirt HTTP/1.1" 200 21186 "-" "Mozilla/5.0 (Linux; Android 6.0.1; Nexus 5X Build/MMB29P) AppleWebKit/537.36 (KHTML, like Gecko) Chrome/137.0.7151.103 Mobile Safari/537.36 (compatible; Googlebot/2.1; +http://www.google.com/bot.html)"
66.249.64.227 - - [12/Jul/2025:18:40:50 +0000] "POST /get-message-notify HTTP/1.1" 200 22901 "https://sergio-cuchi.tattoo/?h=5515384001600&mod=3dd420c4&uri=info.php%3Fid%3D184126-310%26name%3Drtx+3090+video" "Mozilla/5.0 (Linux; Android 6.0.1; Nexus 5X Build/MMB29P) AppleWebKit/537.36 (KHTML, like Gecko) Chrome/137.0.7151.119 Mobile Safari/537.36 (compatible; Googlebot/2.1; +http://www.google.com/bot.html)"
66.249.64.226 - - [12/Jul/2025:18:40:55 +0000] "GET /?h=6169299041600&mod=3fcee1ea&uri=article.php%3Fid%3D206014-296%26name%3Dsapna+choudhary+ki+super+hit+dance HTTP/1.1" 200 22530 "-" "Mozilla/5.0 (Linux; Android 6.0.1; Nexus 5X Build/MMB29P) AppleWebKit/537.36 (KHTML, like Gecko) Chrome/137.0.7151.103 Mobile Safari/537.36 (compatible; Googlebot/2.1; +http://www.google.com/bot.html)"
66.249.64.226 - - [12/Jul/2025:18:41:18 +0000] "GET /?h=6032942111600&mod=6301041b&uri=news.php%3Fid%3D201461-347%26name%3Dpull+doubl%C3%83%C2%A9+polaire+homme HTTP/1.1" 200 21146 "-" "Mozilla/5.0 (Linux; Android 6.0.1; Nexus 5X Build/MMB29P) AppleWebKit/537.36 (KHTML, like Gecko) Chrome/137.0.7151.103 Mobile Safari/537.36 (compatible; Googlebot/2.1; +http://www.google.com/bot.html)"
66.249.64.227 - - [12/Jul/2025:18:41:23 +0000] "GET /?h=5494184021600&mod=2e04188d&uri=brands.php%3Fid%3D183418-328%26name%3Dbeste+schuh+online+shops HTTP/1.1" 200 21827 "-" "Mozilla/5.0 (Linux; Android 6.0.1; Nexus 5X Build/MMB29P) AppleWebKit/537.36 (KHTML, like Gecko) Chrome/137.0.7151.103 Mobile Safari/537.36 (compatible; Googlebot/2.1; +http://www.google.com/bot.html)"
209.74.77.214 - - [12/Jul/2025:18:41:24 +0000] "POST /wp-cron.php?doing_wp_cron=1752345684.8619189262390136718750 HTTP/1.1" 200 - "-" "WordPress/6.8.1; https://sergio-cuchi.tattoo"
162.241.252.221 - - [12/Jul/2025:18:41:23 +0000] "POST /xmlrpc.php HTTP/1.1" 200 225 "-" "Mozilla/5.0 (X11; Ubuntu; Linux x86_64; rv:85.0) Gecko/20100101 Firefox/91.0"
66.249.64.225 - - [12/Jul/2025:18:41:31 +0000] "GET /?h=5440662071600&mod=233f1dd0&uri=article.php%3Fid%3D181633-59%26name%3Dcostume+da+sera HTTP/1.1" 200 21960 "-" "Mozilla/5.0 (Linux; Android 6.0.1; Nexus 5X Build/MMB29P) AppleWebKit/537.36 (KHTML, like Gecko) Chrome/137.0.7151.103 Mobile Safari/537.36 (compatible; Googlebot/2.1; +http://www.google.com/bot.html)"
66.249.64.226 - - [12/Jul/2025:18:41:56 +0000] "GET /?h=5440752001600&mod=233f1dd0&uri=form.php%3Fid%3D181636-59%26name%3Dvila+vilovie+dress HTTP/1.1" 200 22389 "-" "Mozilla/5.0 (Linux; Android 6.0.1; Nexus 5X Build/MMB29P) AppleWebKit/537.36 (KHTML, like Gecko) Chrome/137.0.7151.103 Mobile Safari/537.36 (compatible; Googlebot/2.1; +http://www.google.com/bot.html)"
66.249.64.227 - - [12/Jul/2025:18:42:01 +0000] "GET /?h=5441502101600&mod=233f1dd0&uri=blog.php%3Fid%3D181661-59%26name%3Dvestito+scozzese+natale HTTP/1.1" 200 21469 "-" "Mozilla/5.0 (Linux; Android 6.0.1; Nexus 5X Build/MMB29P) AppleWebKit/537.36 (KHTML, like Gecko) Chrome/137.0.7151.103 Mobile Safari/537.36 (compatible; Googlebot/2.1; +http://www.google.com/bot.html)"
66.249.64.227 - - [12/Jul/2025:18:42:04 +0000] "GET /?h=6032942001600&mod=6301041b&uri=itm.php%3Fid%3D201461-347%26name%3Dpull+doubl%C3%83%C2%A9+polaire+homme HTTP/1.1" 200 20879 "-" "Mozilla/5.0 (Linux; Android 6.0.1; Nexus 5X Build/MMB29P) AppleWebKit/537.36 (KHTML, like Gecko) Chrome/137.0.7151.103 Mobile Safari/537.36 (compatible; Googlebot/2.1; +http://www.google.com/bot.html)"
66.249.64.226 - - [12/Jul/2025:18:42:09 +0000] "GET /?h=5506474051600&mod=2e04188d&uri=product.php%3Fid%3D183829-328%26name%3Drieker+damenschuhe+38 HTTP/1.1" 200 21827 "-" "Mozilla/5.0 (Linux; Android 6.0.1; Nexus 5X Build/MMB29P) AppleWebKit/537.36 (KHTML, like Gecko) Chrome/137.0.7151.103 Mobile Safari/537.36 (compatible; Googlebot/2.1; +http://www.google.com/bot.html)"
66.249.64.227 - - [12/Jul/2025:18:42:21 +0000] "POST /get-message-notify HTTP/1.1" 200 22902 "https://sergio-cuchi.tattoo/?h=6032942001600&mod=6301041b&uri=itm.php%3Fid%3D201461-347%26name%3Dpull+doubl%C3%83%C2%A9+polaire+homme" "Mozilla/5.0 (Linux; Android 6.0.1; Nexus 5X Build/MMB29P) AppleWebKit/537.36 (KHTML, like Gecko) Chrome/137.0.7151.119 Mobile Safari/537.36 (compatible; Googlebot/2.1; +http://www.google.com/bot.html)"
66.249.64.227 - - [12/Jul/2025:18:42:26 +0000] "GET /?h=5511874031600&mod=3dd420c4&uri=shared.php%3Fid%3D184009-310%26name%3D1660+ti+vs+1070+ti HTTP/1.1" 200 21931 "-" "Mozilla/5.0 (Linux; Android 6.0.1; Nexus 5X Build/MMB29P) AppleWebKit/537.36 (KHTML, like Gecko) Chrome/137.0.7151.103 Mobile Safari/537.36 (compatible; Googlebot/2.1; +http://www.google.com/bot.html)"
66.249.64.226 - - [12/Jul/2025:18:42:46 +0000] "GET /?h=5440182051600&mod=233f1dd0&uri=itm.php%3Fid%3D181617-59%26name%3Dgattinoni+abiti+da+sera HTTP/1.1" 200 21900 "-" "Mozilla/5.0 (Linux; Android 6.0.1; Nexus 5X Build/MMB29P) AppleWebKit/537.36 (KHTML, like Gecko) Chrome/137.0.7151.103 Mobile Safari/537.36 (compatible; Googlebot/2.1; +http://www.google.com/bot.html)"
66.249.64.226 - - [12/Jul/2025:18:42:51 +0000] "GET /?h=5485812011600&mod=0b61a4e8&uri=goods.php%3Fid%3D183138-326%26name%3Dz0260u+louis+vuitton HTTP/1.1" 200 20882 "-" "Mozilla/5.0 (Linux; Android 6.0.1; Nexus 5X Build/MMB29P) AppleWebKit/537.36 (KHTML, like Gecko) Chrome/137.0.7151.103 Mobile Safari/537.36 (compatible; Googlebot/2.1; +http://www.google.com/bot.html)"
66.249.64.226 - - [12/Jul/2025:18:42:54 +0000] "GET /?h=5499437041600&mod=2e04188d&uri=goods.php%3Fid%3D183594-328%26name%3Ddonna+carolina+online+shop HTTP/1.1" 200 22340 "-" "Mozilla/5.0 (Linux; Android 6.0.1; Nexus 5X Build/MMB29P) AppleWebKit/537.36 (KHTML, like Gecko) Chrome/137.0.7151.103 Mobile Safari/537.36 (compatible; Googlebot/2.1; +http://www.google.com/bot.html)"
66.249.64.225 - - [12/Jul/2025:18:42:59 +0000] "GET /?h=6169059111600&mod=6670bc8d&uri=itm.php%3Fid%3D206006-353%26name%3Dveja+x+modetrotter HTTP/1.1" 200 20460 "-" "Mozilla/5.0 (Linux; Android 6.0.1; Nexus 5X Build/MMB29P) AppleWebKit/537.36 (KHTML, like Gecko) Chrome/137.0.7151.103 Mobile Safari/537.36 (compatible; Googlebot/2.1; +http://www.google.com/bot.html)"
66.249.64.227 - - [12/Jul/2025:18:43:05 +0000] "GET /?h=5439822051600&mod=233f1dd0&uri=info.php%3Fid%3D181605-59%26name%3Dlaura+biagiotti+vestiti+cerimonia HTTP/1.1" 200 21961 "-" "Mozilla/5.0 (Linux; Android 6.0.1; Nexus 5X Build/MMB29P) AppleWebKit/537.36 (KHTML, like Gecko) Chrome/137.0.7151.103 Mobile Safari/537.36 (compatible; Googlebot/2.1; +http://www.google.com/bot.html)"
66.249.64.225 - - [12/Jul/2025:18:43:07 +0000] "POST /get-message-notify HTTP/1.1" 200 22887 "https://sergio-cuchi.tattoo/?h=6169059111600&mod=6670bc8d&uri=itm.php%3Fid%3D206006-353%26name%3Dveja+x+modetrotter" "Mozilla/5.0 (Linux; Android 6.0.1; Nexus 5X Build/MMB29P) AppleWebKit/537.36 (KHTML, like Gecko) Chrome/137.0.7151.119 Mobile Safari/537.36 (compatible; Googlebot/2.1; +http://www.google.com/bot.html)"
66.249.64.225 - - [12/Jul/2025:18:43:13 +0000] "GET /?h=119777530041600&mod=9d253ace&uri=goods.php%3Fid%3D3997340-242%26name%3Dpaper+plate+paper+price HTTP/1.1" 200 22476 "-" "Mozilla/5.0 (Linux; Android 6.0.1; Nexus 5X Build/MMB29P) AppleWebKit/537.36 (KHTML, like Gecko) Chrome/137.0.7151.103 Mobile Safari/537.36 (compatible; Googlebot/2.1; +http://www.google.com/bot.html)"
66.249.64.225 - - [12/Jul/2025:18:43:35 +0000] "GET /?h=5492984061600&mod=2e04188d&uri=news.php%3Fid%3D183378-328%26name%3Dwinterschuhe+damen+orange HTTP/1.1" 200 21721 "-" "Mozilla/5.0 (Linux; Android 6.0.1; Nexus 5X Build/MMB29P) AppleWebKit/537.36 (KHTML, like Gecko) Chrome/137.0.7151.103 Mobile Safari/537.36 (compatible; Googlebot/2.1; +http://www.google.com/bot.html)"
66.249.64.225 - - [12/Jul/2025:18:43:40 +0000] "GET /?h=5509444021600&mod=2e04188d&uri=brands.php%3Fid%3D183928-328%26name%3Dshabbies+amsterdam+lammfell HTTP/1.1" 200 21823 "-" "Mozilla/5.0 (Linux; Android 6.0.1; Nexus 5X Build/MMB29P) AppleWebKit/537.36 (KHTML, like Gecko) Chrome/137.0.7151.103 Mobile Safari/537.36 (compatible; Googlebot/2.1; +http://www.google.com/bot.html)"
66.249.64.227 - - [12/Jul/2025:18:43:44 +0000] "GET /?h=86334790041600&mod=6301041b&uri=us.php%3Fid%3D2881124-347%26name%3Dsweat+north+face+garcon HTTP/1.1" 200 21668 "-" "Mozilla/5.0 (Linux; Android 6.0.1; Nexus 5X Build/MMB29P) AppleWebKit/537.36 (KHTML, like Gecko) Chrome/137.0.7151.103 Mobile Safari/537.36 (compatible; Googlebot/2.1; +http://www.google.com/bot.html)"
66.249.64.225 - - [12/Jul/2025:18:44:12 +0000] "GET /?h=5439702051600&mod=233f1dd0&uri=article.php%3Fid%3D181601-59%26name%3Dvestiti+matrimonio+lungo HTTP/1.1" 200 21914 "-" "Mozilla/5.0 (Linux; Android 6.0.1; Nexus 5X Build/MMB29P) AppleWebKit/537.36 (KHTML, like Gecko) Chrome/137.0.7151.103 Mobile Safari/537.36 (compatible; Googlebot/2.1; +http://www.google.com/bot.html)"
66.249.64.226 - - [12/Jul/2025:18:44:14 +0000] "GET /?h=5485572021600&mod=0b61a4e8&uri=form.php%3Fid%3D183130-326%26name%3Dbolsas+louis+vuitton+2020+precio HTTP/1.1" 200 21766 "-" "Mozilla/5.0 (Linux; Android 6.0.1; Nexus 5X Build/MMB29P) AppleWebKit/537.36 (KHTML, like Gecko) Chrome/137.0.7151.103 Mobile Safari/537.36 (compatible; Googlebot/2.1; +http://www.google.com/bot.html)"
66.249.64.226 - - [12/Jul/2025:18:44:17 +0000] "GET /?h=6062302021600&mod=cdb36ea7&uri=form.php%3Fid%3D202442-349%26name%3Dchiffon+pour+nettoyer+bijoux+argent HTTP/1.1" 200 22056 "-" "Mozilla/5.0 (Linux; Android 6.0.1; Nexus 5X Build/MMB29P) AppleWebKit/537.36 (KHTML, like Gecko) Chrome/137.0.7151.103 Mobile Safari/537.36 (compatible; Googlebot/2.1; +http://www.google.com/bot.html)"
66.249.64.226 - - [12/Jul/2025:18:44:19 +0000] "POST /get-message-notify HTTP/1.1" 200 22901 "https://sergio-cuchi.tattoo/?h=5439702051600&mod=233f1dd0&uri=article.php%3Fid%3D181601-59%26name%3Dvestiti+matrimonio+lungo" "Mozilla/5.0 (Linux; Android 6.0.1; Nexus 5X Build/MMB29P) AppleWebKit/537.36 (KHTML, like Gecko) Chrome/137.0.7151.119 Mobile Safari/537.36 (compatible; Googlebot/2.1; +http://www.google.com/bot.html)"
66.249.64.225 - - [12/Jul/2025:18:44:21 +0000] "GET /?h=5490824041600&mod=2e04188d&uri=info.php%3Fid%3D183306-328%26name%3Dtamaris+bestellung HTTP/1.1" 200 21869 "-" "Mozilla/5.0 (Linux; Android 6.0.1; Nexus 5X Build/MMB29P) AppleWebKit/537.36 (KHTML, like Gecko) Chrome/137.0.7151.103 Mobile Safari/537.36 (compatible; Googlebot/2.1; +http://www.google.com/bot.html)"
66.249.64.225 - - [12/Jul/2025:18:44:33 +0000] "GET /?h=6159772141600&mod=2fcb2666&uri=form.php%3Fid%3D205694-351%26name%3Dcelio+basket+blanche HTTP/1.1" 200 20081 "-" "Mozilla/5.0 (Linux; Android 6.0.1; Nexus 5X Build/MMB29P) AppleWebKit/537.36 (KHTML, like Gecko) Chrome/137.0.7151.103 Mobile Safari/537.36 (compatible; Googlebot/2.1; +http://www.google.com/bot.html)"
66.249.64.225 - - [12/Jul/2025:18:44:49 +0000] "GET /?h=5423709041600&mod=a4cd5806&uri=shared.php%3Fid%3D181067-208%26name%3Dfujifilm+instax+sp3+share+photo+printer HTTP/1.1" 200 20631 "-" "Mozilla/5.0 (Linux; Android 6.0.1; Nexus 5X Build/MMB29P) AppleWebKit/537.36 (KHTML, like Gecko) Chrome/137.0.7151.103 Mobile Safari/537.36 (compatible; Googlebot/2.1; +http://www.google.com/bot.html)"
66.249.64.227 - - [12/Jul/2025:18:44:55 +0000] "GET /?h=5498477001600&mod=2e04188d&uri=product.php%3Fid%3D183562-328%26name%3Dboots+zum+strickkleid HTTP/1.1" 200 22547 "-" "Mozilla/5.0 (Linux; Android 6.0.1; Nexus 5X Build/MMB29P) AppleWebKit/537.36 (KHTML, like Gecko) Chrome/137.0.7151.103 Mobile Safari/537.36 (compatible; Googlebot/2.1; +http://www.google.com/bot.html)"
66.249.64.227 - - [12/Jul/2025:18:45:08 +0000] "POST /get-message-notify HTTP/1.1" 200 22910 "https://sergio-cuchi.tattoo/?h=5498477001600&mod=2e04188d&uri=product.php%3Fid%3D183562-328%26name%3Dboots+zum+strickkleid" "Mozilla/5.0 (Linux; Android 6.0.1; Nexus 5X Build/MMB29P) AppleWebKit/537.36 (KHTML, like Gecko) Chrome/137.0.7151.119 Mobile Safari/537.36 (compatible; Googlebot/2.1; +http://www.google.com/bot.html)"
66.249.64.226 - - [12/Jul/2025:18:45:27 +0000] "GET /?h=6173515081600&mod=3fcee1ea&uri=brands.php%3Fid%3D206158-296%26name%3Dnaam+gum+jayega+mp3 HTTP/1.1" 200 21545 "-" "Mozilla/5.0 (Linux; Android 6.0.1; Nexus 5X Build/MMB29P) AppleWebKit/537.36 (KHTML, like Gecko) Chrome/137.0.7151.103 Mobile Safari/537.36 (compatible; Googlebot/2.1; +http://www.google.com/bot.html)"
66.249.64.226 - - [12/Jul/2025:18:45:29 +0000] "GET /?h=5501614011600&mod=2e04188d&uri=shop.php%3Fid%3D183667-328%26name%3Dbunte+winterschuhe HTTP/1.1" 200 21740 "-" "Mozilla/5.0 (Linux; Android 6.0.1; Nexus 5X Build/MMB29P) AppleWebKit/537.36 (KHTML, like Gecko) Chrome/137.0.7151.103 Mobile Safari/537.36 (compatible; Googlebot/2.1; +http://www.google.com/bot.html)"
66.249.64.227 - - [12/Jul/2025:18:45:32 +0000] "GET /?h=6158101001600&mod=2fcb2666&uri=category-info.php%3Fid%3D205638-351%26name%3Dbaskets+montante+femme HTTP/1.1" 200 21167 "-" "Mozilla/5.0 (Linux; Android 6.0.1; Nexus 5X Build/MMB29P) AppleWebKit/537.36 (KHTML, like Gecko) Chrome/137.0.7151.103 Mobile Safari/537.36 (compatible; Googlebot/2.1; +http://www.google.com/bot.html)"
66.249.64.226 - - [12/Jul/2025:18:45:58 +0000] "GET /?h=5500264061600&mod=2e04188d&uri=itm.php%3Fid%3D183622-328%26name%3Drieker+sleehak+sandalen HTTP/1.1" 200 22246 "-" "Mozilla/5.0 (Linux; Android 6.0.1; Nexus 5X Build/MMB29P) AppleWebKit/537.36 (KHTML, like Gecko) Chrome/137.0.7151.103 Mobile Safari/537.36 (compatible; Googlebot/2.1; +http://www.google.com/bot.html)"
66.249.64.226 - - [12/Jul/2025:18:46:07 +0000] "GET /?h=5515114051600&mod=3dd420c4&uri=article.php%3Fid%3D184117-310%26name%3D6gb+graphics+card+for+laptop HTTP/1.1" 200 22093 "-" "Mozilla/5.0 (Linux; Android 6.0.1; Nexus 5X Build/MMB29P) AppleWebKit/537.36 (KHTML, like Gecko) Chrome/137.0.7151.103 Mobile Safari/537.36 (compatible; Googlebot/2.1; +http://www.google.com/bot.html)"
66.249.64.227 - - [12/Jul/2025:18:46:11 +0000] "GET /?h=5358972071600&mod=c83ce37b&uri=brands.php%3Fid%3D178908-321%26name%3Dmost+prettiest+dog HTTP/1.1" 200 20656 "-" "Mozilla/5.0 (Linux; Android 6.0.1; Nexus 5X Build/MMB29P) AppleWebKit/537.36 (KHTML, like Gecko) Chrome/137.0.7151.103 Mobile Safari/537.36 (compatible; Googlebot/2.1; +http://www.google.com/bot.html)"
66.249.64.226 - - [12/Jul/2025:18:46:14 +0000] "GET /?h=6175646041600&mod=3fcee1ea&uri=brands.php%3Fid%3D206230-296%26name%3Dseenugadi+love+story+songs HTTP/1.1" 200 22236 "-" "Mozilla/5.0 (Linux; Android 6.0.1; Nexus 5X Build/MMB29P) AppleWebKit/537.36 (KHTML, like Gecko) Chrome/137.0.7151.103 Mobile Safari/537.36 (compatible; Googlebot/2.1; +http://www.google.com/bot.html)"
66.249.64.225 - - [12/Jul/2025:18:46:20 +0000] "GET /?h=5492264021600&mod=2e04188d&uri=itm.php%3Fid%3D183354-328%26name%3Dhse+schuhe+rieker HTTP/1.1" 200 22121 "-" "Mozilla/5.0 (Linux; Android 6.0.1; Nexus 5X Build/MMB29P) AppleWebKit/537.36 (KHTML, like Gecko) Chrome/137.0.7151.103 Mobile Safari/537.36 (compatible; Googlebot/2.1; +http://www.google.com/bot.html)"
66.249.64.225 - - [12/Jul/2025:18:46:24 +0000] "GET /?h=6167880061600&mod=f9421558&uri=shop.php%3Fid%3D205966-330%26name%3Dtrv4+head+only HTTP/1.1" 200 21771 "-" "Mozilla/5.0 (Linux; Android 6.0.1; Nexus 5X Build/MMB29P) AppleWebKit/537.36 (KHTML, like Gecko) Chrome/137.0.7151.103 Mobile Safari/537.36 (compatible; Googlebot/2.1; +http://www.google.com/bot.html)"
66.249.64.227 - - [12/Jul/2025:18:46:27 +0000] "GET /?h=5505664021600&mod=2e04188d&uri=shop.php%3Fid%3D183802-328%26name%3Dstiefeletten+mit+strumpfschaft HTTP/1.1" 200 22160 "-" "Mozilla/5.0 (Linux; Android 6.0.1; Nexus 5X Build/MMB29P) AppleWebKit/537.36 (KHTML, like Gecko) Chrome/137.0.7151.103 Mobile Safari/537.36 (compatible; Googlebot/2.1; +http://www.google.com/bot.html)"
66.249.64.227 - - [12/Jul/2025:18:46:33 +0000] "POST /get-message-notify HTTP/1.1" 200 22902 "https://sergio-cuchi.tattoo/?h=5505664021600&mod=2e04188d&uri=shop.php%3Fid%3D183802-328%26name%3Dstiefeletten+mit+strumpfschaft" "Mozilla/5.0 (Linux; Android 6.0.1; Nexus 5X Build/MMB29P) AppleWebKit/537.36 (KHTML, like Gecko) Chrome/137.0.7151.119 Mobile Safari/537.36 (compatible; Googlebot/2.1; +http://www.google.com/bot.html)"
66.249.64.225 - - [12/Jul/2025:18:46:37 +0000] "GET /?h=5514034051600&mod=2e04188d&uri=dp.php%3Fid%3D184081-328%26name%3Dbiker+boots+damen+breuninger HTTP/1.1" 200 22017 "-" "Mozilla/5.0 (Linux; Android 6.0.1; Nexus 5X Build/MMB29P) AppleWebKit/537.36 (KHTML, like Gecko) Chrome/137.0.7151.103 Mobile Safari/537.36 (compatible; Googlebot/2.1; +http://www.google.com/bot.html)"
209.74.77.214 - - [12/Jul/2025:18:46:42 +0000] "POST /wp-cron.php?doing_wp_cron=1752346002.2031819820404052734375 HTTP/1.1" 200 - "-" "WordPress/6.8.1; https://sergio-cuchi.tattoo"
51.222.253.13 - - [12/Jul/2025:18:46:42 +0000] "GET /product/x-tattoo-machine/feed/ HTTP/1.1" 304 - "-" "Mozilla/5.0 (compatible; AhrefsBot/7.0; +http://ahrefs.com/robot/)"
66.249.64.227 - - [12/Jul/2025:18:46:43 +0000] "GET /?h=5441592041600&mod=233f1dd0&uri=category-info.php%3Fid%3D181664-59%26name%3Dvestito+neonata+scozzese HTTP/1.1" 200 21621 "-" "Mozilla/5.0 (Linux; Android 6.0.1; Nexus 5X Build/MMB29P) AppleWebKit/537.36 (KHTML, like Gecko) Chrome/137.0.7151.103 Mobile Safari/537.36 (compatible; Googlebot/2.1; +http://www.google.com/bot.html)"
66.249.64.225 - - [12/Jul/2025:18:46:46 +0000] "GET /?h=5440872041600&mod=233f1dd0&uri=info.php%3Fid%3D181640-59%26name%3Dcollezione+sonia+pena+2019 HTTP/1.1" 200 21902 "-" "Mozilla/5.0 (Linux; Android 6.0.1; Nexus 5X Build/MMB29P) AppleWebKit/537.36 (KHTML, like Gecko) Chrome/137.0.7151.103 Mobile Safari/537.36 (compatible; Googlebot/2.1; +http://www.google.com/bot.html)"
66.249.64.227 - - [12/Jul/2025:18:46:52 +0000] "GET /?h=5491784061600&mod=2e04188d&uri=info.php%3Fid%3D183338-328%26name%3Dgef%C3%83%C2%BCtterte+stiefel+22 HTTP/1.1" 200 22170 "-" "Mozilla/5.0 (Linux; Android 6.0.1; Nexus 5X Build/MMB29P) AppleWebKit/537.36 (KHTML, like Gecko) Chrome/137.0.7151.103 Mobile Safari/537.36 (compatible; Googlebot/2.1; +http://www.google.com/bot.html)"
66.249.64.225 - - [12/Jul/2025:18:46:55 +0000] "GET /?h=6159532061600&mod=2fcb2666&uri=blog.php%3Fid%3D205686-351%26name%3Dtennis+converse+all+star+ox+femme HTTP/1.1" 200 20281 "-" "Mozilla/5.0 (Linux; Android 6.0.1; Nexus 5X Build/MMB29P) AppleWebKit/537.36 (KHTML, like Gecko) Chrome/137.0.7151.103 Mobile Safari/537.36 (compatible; Googlebot/2.1; +http://www.google.com/bot.html)"
66.249.64.226 - - [12/Jul/2025:18:46:58 +0000] "GET /?h=5508634051600&mod=2e04188d&uri=shop.php%3Fid%3D183901-328%26name%3Dbrako+schuhe+damen HTTP/1.1" 200 21653 "-" "Mozilla/5.0 (Linux; Android 6.0.1; Nexus 5X Build/MMB29P) AppleWebKit/537.36 (KHTML, like Gecko) Chrome/137.0.7151.103 Mobile Safari/537.36 (compatible; Googlebot/2.1; +http://www.google.com/bot.html)"
66.249.64.226 - - [12/Jul/2025:18:47:01 +0000] "GET /?h=6161932061600&mod=14071519&uri=shared.php%3Fid%3D205766-358%26name%3Dreggiseni+goldenpoint HTTP/1.1" 200 20391 "-" "Mozilla/5.0 (Linux; Android 6.0.1; Nexus 5X Build/MMB29P) AppleWebKit/537.36 (KHTML, like Gecko) Chrome/137.0.7151.103 Mobile Safari/537.36 (compatible; Googlebot/2.1; +http://www.google.com/bot.html)"
66.249.64.225 - - [12/Jul/2025:18:47:07 +0000] "GET /?h=5487012021600&mod=0b61a4e8&uri=news.php%3Fid%3D183178-326%26name%3Dlouis+vuitton+jeune+fille+pm HTTP/1.1" 200 21042 "-" "Mozilla/5.0 (Linux; Android 6.0.1; Nexus 5X Build/MMB29P) AppleWebKit/537.36 (KHTML, like Gecko) Chrome/137.0.7151.103 Mobile Safari/537.36 (compatible; Googlebot/2.1; +http://www.google.com/bot.html)"
66.249.64.226 - - [12/Jul/2025:18:47:10 +0000] "GET /?h=6159061001600&mod=b8e84f94&uri=shared.php%3Fid%3D205670-357%26name%3Drebajas+dr+martens HTTP/1.1" 200 20877 "-" "Mozilla/5.0 (Linux; Android 6.0.1; Nexus 5X Build/MMB29P) AppleWebKit/537.36 (KHTML, like Gecko) Chrome/137.0.7151.103 Mobile Safari/537.36 (compatible; Googlebot/2.1; +http://www.google.com/bot.html)"
66.249.64.225 - - [12/Jul/2025:18:47:13 +0000] "POST /get-message-notify HTTP/1.1" 200 22999 "https://sergio-cuchi.tattoo/?h=5508634051600&mod=2e04188d&uri=shop.php%3Fid%3D183901-328%26name%3Dbrako+schuhe+damen" "Mozilla/5.0 (Linux; Android 6.0.1; Nexus 5X Build/MMB29P) AppleWebKit/537.36 (KHTML, like Gecko) Chrome/137.0.7151.119 Mobile Safari/537.36 (compatible; Googlebot/2.1; +http://www.google.com/bot.html)"
66.249.64.226 - - [12/Jul/2025:18:47:19 +0000] "GET /?h=6032972021600&mod=6301041b&uri=products.php%3Fid%3D201462-347%26name%3Dpull+levi%27s+rose HTTP/1.1" 200 21991 "-" "Mozilla/5.0 (Linux; Android 6.0.1; Nexus 5X Build/MMB29P) AppleWebKit/537.36 (KHTML, like Gecko) Chrome/137.0.7151.103 Mobile Safari/537.36 (compatible; Googlebot/2.1; +http://www.google.com/bot.html)"
66.249.64.226 - - [12/Jul/2025:18:47:21 +0000] "GET /?h=6169767051600&mod=3fcee1ea&uri=article.php%3Fid%3D206030-296%26name%3Dtum+dil+ki+dhadkan+mein+rehte+ho+rehte+ho HTTP/1.1" 200 21949 "-" "Mozilla/5.0 (Linux; Android 6.0.1; Nexus 5X Build/MMB29P) AppleWebKit/537.36 (KHTML, like Gecko) Chrome/137.0.7151.103 Mobile Safari/537.36 (compatible; Googlebot/2.1; +http://www.google.com/bot.html)"
66.249.64.227 - - [12/Jul/2025:18:47:25 +0000] "GET /?h=5486532041600&mod=0b61a4e8&uri=form.php%3Fid%3D183162-326%26name%3Dlouboutin+shoes+precio HTTP/1.1" 200 21117 "-" "Mozilla/5.0 (Linux; Android 6.0.1; Nexus 5X Build/MMB29P) AppleWebKit/537.36 (KHTML, like Gecko) Chrome/137.0.7151.103 Mobile Safari/537.36 (compatible; Googlebot/2.1; +http://www.google.com/bot.html)"
66.249.64.227 - - [12/Jul/2025:18:47:30 +0000] "GET /?h=5508904041600&mod=2e04188d&uri=form.php%3Fid%3D183910-328%26name%3Dgeox+halbschuhe+damen HTTP/1.1" 200 22219 "-" "Mozilla/5.0 (Linux; Android 6.0.1; Nexus 5X Build/MMB29P) AppleWebKit/537.36 (KHTML, like Gecko) Chrome/137.0.7151.103 Mobile Safari/537.36 (compatible; Googlebot/2.1; +http://www.google.com/bot.html)"
66.249.64.227 - - [12/Jul/2025:18:47:33 +0000] "POST /get-message-notify HTTP/1.1" 200 22895 "https://sergio-cuchi.tattoo/?h=6159061001600&mod=b8e84f94&uri=shared.php%3Fid%3D205670-357%26name%3Drebajas+dr+martens" "Mozilla/5.0 (Linux; Android 6.0.1; Nexus 5X Build/MMB29P) AppleWebKit/537.36 (KHTML, like Gecko) Chrome/137.0.7151.119 Mobile Safari/537.36 (compatible; Googlebot/2.1; +http://www.google.com/bot.html)"
66.249.64.226 - - [12/Jul/2025:18:47:36 +0000] "GET /?h=5500804021600&mod=2e04188d&uri=form.php%3Fid%3D183640-328%26name%3Dmarken+schuhe+m%C3%83%C2%A4nner HTTP/1.1" 200 21922 "-" "Mozilla/5.0 (Linux; Android 6.0.1; Nexus 5X Build/MMB29P) AppleWebKit/537.36 (KHTML, like Gecko) Chrome/137.0.7151.103 Mobile Safari/537.36 (compatible; Googlebot/2.1; +http://www.google.com/bot.html)"
66.249.64.225 - - [12/Jul/2025:18:47:39 +0000] "GET /?h=5440722091600&mod=233f1dd0&uri=info.php%3Fid%3D181635-59%26name%3Dvestiti+da+cerimonia+indiani HTTP/1.1" 200 21425 "-" "Mozilla/5.0 (Linux; Android 6.0.1; Nexus 5X Build/MMB29P) AppleWebKit/537.36 (KHTML, like Gecko) Chrome/137.0.7151.103 Mobile Safari/537.36 (compatible; Googlebot/2.1; +http://www.google.com/bot.html)"
66.249.64.225 - - [12/Jul/2025:18:47:42 +0000] "POST /get-message-notify HTTP/1.1" 200 22891 "https://sergio-cuchi.tattoo/?h=5508904041600&mod=2e04188d&uri=form.php%3Fid%3D183910-328%26name%3Dgeox+halbschuhe+damen" "Mozilla/5.0 (Linux; Android 6.0.1; Nexus 5X Build/MMB29P) AppleWebKit/537.36 (KHTML, like Gecko) Chrome/137.0.7151.119 Mobile Safari/537.36 (compatible; Googlebot/2.1; +http://www.google.com/bot.html)"
66.249.64.226 - - [12/Jul/2025:18:47:47 +0000] "GET /?h=6036204001600&mod=6301041b&uri=pin.php%3Fid%3D201570-347%26name%3Dsweat+marque+pas+cher HTTP/1.1" 200 21104 "-" "Mozilla/5.0 (Linux; Android 6.0.1; Nexus 5X Build/MMB29P) AppleWebKit/537.36 (KHTML, like Gecko) Chrome/137.0.7151.103 Mobile Safari/537.36 (compatible; Googlebot/2.1; +http://www.google.com/bot.html)"
66.249.64.227 - - [12/Jul/2025:18:47:50 +0000] "GET /?h=6167640061600&mod=2fcb2666&uri=blog.php%3Fid%3D205958-351%26name%3Dacebos+chaussures+fille HTTP/1.1" 200 20789 "-" "Mozilla/5.0 (Linux; Android 6.0.1; Nexus 5X Build/MMB29P) AppleWebKit/537.36 (KHTML, like Gecko) Chrome/137.0.7151.103 Mobile Safari/537.36 (compatible; Googlebot/2.1; +http://www.google.com/bot.html)"
66.249.64.226 - - [12/Jul/2025:18:47:59 +0000] "GET /?h=5498117021600&mod=2e04188d&uri=search.php%3Fid%3D183550-328%26name%3Dschuhe+rieker+antistress HTTP/1.1" 200 22276 "-" "Mozilla/5.0 (Linux; Android 6.0.1; Nexus 5X Build/MMB29P) AppleWebKit/537.36 (KHTML, like Gecko) Chrome/137.0.7151.103 Mobile Safari/537.36 (compatible; Googlebot/2.1; +http://www.google.com/bot.html)"
66.249.64.225 - - [12/Jul/2025:18:48:10 +0000] "GET /?h=5441232011600&mod=233f1dd0&uri=form.php%3Fid%3D181652-59%26name%3Dvestito+sposa+indiano HTTP/1.1" 200 21332 "-" "Mozilla/5.0 (Linux; Android 6.0.1; Nexus 5X Build/MMB29P) AppleWebKit/537.36 (KHTML, like Gecko) Chrome/137.0.7151.103 Mobile Safari/537.36 (compatible; Googlebot/2.1; +http://www.google.com/bot.html)"
66.249.64.227 - - [12/Jul/2025:18:48:35 +0000] "GET /?h=5498237021600&mod=2e04188d&uri=brands.php%3Fid%3D183554-328%26name%3Dkennel+schmenger+online HTTP/1.1" 200 21498 "-" "Mozilla/5.0 (Linux; Android 6.0.1; Nexus 5X Build/MMB29P) AppleWebKit/537.36 (KHTML, like Gecko) Chrome/137.0.7151.103 Mobile Safari/537.36 (compatible; Googlebot/2.1; +http://www.google.com/bot.html)"
66.249.64.227 - - [12/Jul/2025:18:48:39 +0000] "GET /?h=5508094021600&mod=2e04188d&uri=product.php%3Fid%3D183883-328%26name%3Dsommerstiefeln HTTP/1.1" 200 21662 "-" "Mozilla/5.0 (Linux; Android 6.0.1; Nexus 5X Build/MMB29P) AppleWebKit/537.36 (KHTML, like Gecko) Chrome/137.0.7151.103 Mobile Safari/537.36 (compatible; Googlebot/2.1; +http://www.google.com/bot.html)"
66.249.64.226 - - [12/Jul/2025:18:48:46 +0000] "POST /get-message-notify HTTP/1.1" 200 22895 "https://sergio-cuchi.tattoo/?h=5498237021600&mod=2e04188d&uri=brands.php%3Fid%3D183554-328%26name%3Dkennel+schmenger+online" "Mozilla/5.0 (Linux; Android 6.0.1; Nexus 5X Build/MMB29P) AppleWebKit/537.36 (KHTML, like Gecko) Chrome/137.0.7151.119 Mobile Safari/537.36 (compatible; Googlebot/2.1; +http://www.google.com/bot.html)"
66.249.64.226 - - [12/Jul/2025:18:48:58 +0000] "GET /?h=5439432001600&mod=233f1dd0&uri=goods.php%3Fid%3D181592-59%26name%3Dgiacca+elegante+bianca+uomo HTTP/1.1" 200 21798 "-" "Mozilla/5.0 (Linux; Android 6.0.1; Nexus 5X Build/MMB29P) AppleWebKit/537.36 (KHTML, like Gecko) Chrome/137.0.7151.103 Mobile Safari/537.36 (compatible; Googlebot/2.1; +http://www.google.com/bot.html)"
66.249.64.226 - - [12/Jul/2025:18:49:01 +0000] "GET /?h=5504044021600&mod=2e04188d&uri=products.php%3Fid%3D183748-328%26name%3Drieker+sandalen+mit+perlen HTTP/1.1" 200 21661 "-" "Mozilla/5.0 (Linux; Android 6.0.1; Nexus 5X Build/MMB29P) AppleWebKit/537.36 (KHTML, like Gecko) Chrome/137.0.7151.103 Mobile Safari/537.36 (compatible; Googlebot/2.1; +http://www.google.com/bot.html)"
66.249.64.227 - - [12/Jul/2025:18:49:04 +0000] "GET /?h=5514304041600&mod=3dd420c4&uri=pin.php%3Fid%3D184090-310%26name%3Dati+mobility+radeon+5000+driver+windows+10 HTTP/1.1" 200 21775 "-" "Mozilla/5.0 (Linux; Android 6.0.1; Nexus 5X Build/MMB29P) AppleWebKit/537.36 (KHTML, like Gecko) Chrome/137.0.7151.103 Mobile Safari/537.36 (compatible; Googlebot/2.1; +http://www.google.com/bot.html)"
66.249.64.225 - - [12/Jul/2025:18:49:09 +0000] "GET /?h=5512684001600&mod=2e04188d&uri=itm.php%3Fid%3D184036-328%26name%3Dchelsea+boots+farbige+sohle HTTP/1.1" 200 22166 "-" "Mozilla/5.0 (Linux; Android 6.0.1; Nexus 5X Build/MMB29P) AppleWebKit/537.36 (KHTML, like Gecko) Chrome/137.0.7151.103 Mobile Safari/537.36 (compatible; Googlebot/2.1; +http://www.google.com/bot.html)"
66.249.64.225 - - [12/Jul/2025:18:49:14 +0000] "POST /get-message-notify HTTP/1.1" 200 22885 "https://sergio-cuchi.tattoo/?h=5514304041600&mod=3dd420c4&uri=pin.php%3Fid%3D184090-310%26name%3Dati+mobility+radeon+5000+driver+windows+10" "Mozilla/5.0 (Linux; Android 6.0.1; Nexus 5X Build/MMB29P) AppleWebKit/537.36 (KHTML, like Gecko) Chrome/137.0.7151.119 Mobile Safari/537.36 (compatible; Googlebot/2.1; +http://www.google.com/bot.html)"
66.249.64.225 - - [12/Jul/2025:18:49:20 +0000] "GET /?h=5363914021600&mod=c83ce37b&uri=products.php%3Fid%3D179073-321%26name%3Dkerry+blue+terrier+short+hair HTTP/1.1" 200 22872 "-" "Mozilla/5.0 (Linux; Android 6.0.1; Nexus 5X Build/MMB29P) AppleWebKit/537.36 (KHTML, like Gecko) Chrome/137.0.7151.103 Mobile Safari/537.36 (compatible; Googlebot/2.1; +http://www.google.com/bot.html)"
66.249.64.227 - - [12/Jul/2025:18:49:24 +0000] "GET /?h=5492024041600&mod=2e04188d&uri=news.php%3Fid%3D183346-328%26name%3Dgefuetterte+schuhe HTTP/1.1" 200 21954 "-" "Mozilla/5.0 (Linux; Android 6.0.1; Nexus 5X Build/MMB29P) AppleWebKit/537.36 (KHTML, like Gecko) Chrome/137.0.7151.103 Mobile Safari/537.36 (compatible; Googlebot/2.1; +http://www.google.com/bot.html)"
66.249.64.226 - - [12/Jul/2025:18:49:27 +0000] "POST /get-message-notify HTTP/1.1" 200 22893 "https://sergio-cuchi.tattoo/?h=5439432001600&mod=233f1dd0&uri=goods.php%3Fid%3D181592-59%26name%3Dgiacca+elegante+bianca+uomo" "Mozilla/5.0 (Linux; Android 6.0.1; Nexus 5X Build/MMB29P) AppleWebKit/537.36 (KHTML, like Gecko) Chrome/137.0.7151.119 Mobile Safari/537.36 (compatible; Googlebot/2.1; +http://www.google.com/bot.html)"
66.249.64.227 - - [12/Jul/2025:18:49:30 +0000] "GET /?h=5439882071600&mod=233f1dd0&uri=search.php%3Fid%3D181607-59%26name%3Dabiti+romeo+gigli+2018+prezzi HTTP/1.1" 200 21629 "-" "Mozilla/5.0 (Linux; Android 6.0.1; Nexus 5X Build/MMB29P) AppleWebKit/537.36 (KHTML, like Gecko) Chrome/137.0.7151.103 Mobile Safari/537.36 (compatible; Googlebot/2.1; +http://www.google.com/bot.html)"
66.249.64.226 - - [12/Jul/2025:18:49:33 +0000] "GET /?h=5440842031600&mod=ba347fcc&uri=products.php%3Fid%3D181639-60%26name%3Dcamicia+rossa+bambina HTTP/1.1" 200 22637 "-" "Mozilla/5.0 (Linux; Android 6.0.1; Nexus 5X Build/MMB29P) AppleWebKit/537.36 (KHTML, like Gecko) Chrome/137.0.7151.103 Mobile Safari/537.36 (compatible; Googlebot/2.1; +http://www.google.com/bot.html)"
66.249.64.226 - - [12/Jul/2025:18:49:39 +0000] "GET /?h=5485332001600&mod=0b61a4e8&uri=goods.php%3Fid%3D183122-326%26name%3Dapple+louis+vuitton HTTP/1.1" 200 21093 "-" "Mozilla/5.0 (Linux; Android 6.0.1; Nexus 5X Build/MMB29P) AppleWebKit/537.36 (KHTML, like Gecko) Chrome/137.0.7151.103 Mobile Safari/537.36 (compatible; Googlebot/2.1; +http://www.google.com/bot.html)"
66.249.64.225 - - [12/Jul/2025:18:49:42 +0000] "POST /get-message-notify HTTP/1.1" 200 22885 "https://sergio-cuchi.tattoo/?h=5439882071600&mod=233f1dd0&uri=search.php%3Fid%3D181607-59%26name%3Dabiti+romeo+gigli+2018+prezzi" "Mozilla/5.0 (Linux; Android 6.0.1; Nexus 5X Build/MMB29P) AppleWebKit/537.36 (KHTML, like Gecko) Chrome/137.0.7151.119 Mobile Safari/537.36 (compatible; Googlebot/2.1; +http://www.google.com/bot.html)"
66.249.64.226 - - [12/Jul/2025:18:49:45 +0000] "GET /?h=5441142011600&mod=ba347fcc&uri=news.php%3Fid%3D181649-60%26name%3Dcappotto+a+quadri+bianco+e+nero+zara HTTP/1.1" 200 21948 "-" "Mozilla/5.0 (Linux; Android 6.0.1; Nexus 5X Build/MMB29P) AppleWebKit/537.36 (KHTML, like Gecko) Chrome/137.0.7151.103 Mobile Safari/537.36 (compatible; Googlebot/2.1; +http://www.google.com/bot.html)"
66.249.64.227 - - [12/Jul/2025:18:49:48 +0000] "GET /?h=6158821121600&mod=2fcb2666&uri=form.php%3Fid%3D205662-351%26name%3Dbasket+occasion+femme HTTP/1.1" 200 20647 "-" "Mozilla/5.0 (Linux; Android 6.0.1; Nexus 5X Build/MMB29P) AppleWebKit/537.36 (KHTML, like Gecko) Chrome/137.0.7151.103 Mobile Safari/537.36 (compatible; Googlebot/2.1; +http://www.google.com/bot.html)"
66.249.64.226 - - [12/Jul/2025:18:49:51 +0000] "GET /?h=5439762071600&mod=233f1dd0&uri=info.php%3Fid%3D181603-59%26name%3Dtute+jumpsuit+eleganti+premaman HTTP/1.1" 200 21880 "-" "Mozilla/5.0 (Linux; Android 6.0.1; Nexus 5X Build/MMB29P) AppleWebKit/537.36 (KHTML, like Gecko) Chrome/137.0.7151.103 Mobile Safari/537.36 (compatible; Googlebot/2.1; +http://www.google.com/bot.html)"
66.249.64.225 - - [12/Jul/2025:18:49:54 +0000] "GET /?h=5502424061600&mod=2e04188d&uri=goods.php%3Fid%3D183694-328%26name%3Drieker+damen+sandalen+gelb HTTP/1.1" 200 22373 "-" "Mozilla/5.0 (Linux; Android 6.0.1; Nexus 5X Build/MMB29P) AppleWebKit/537.36 (KHTML, like Gecko) Chrome/137.0.7151.103 Mobile Safari/537.36 (compatible; Googlebot/2.1; +http://www.google.com/bot.html)"
66.249.64.227 - - [12/Jul/2025:18:49:57 +0000] "POST /get-message-notify HTTP/1.1" 200 22901 "https://sergio-cuchi.tattoo/?h=5514034051600&mod=2e04188d&uri=dp.php%3Fid%3D184081-328%26name%3Dbiker+boots+damen+breuninger" "Mozilla/5.0 (Linux; Android 6.0.1; Nexus 5X Build/MMB29P) AppleWebKit/537.36 (KHTML, like Gecko) Chrome/137.0.7151.119 Mobile Safari/537.36 (compatible; Googlebot/2.1; +http://www.google.com/bot.html)"
66.249.64.226 - - [12/Jul/2025:18:50:11 +0000] "GET /?h=5493704101600&mod=2e04188d&uri=info.php%3Fid%3D183402-328%26name%3Dsnowboots+damen+41 HTTP/1.1" 200 21862 "-" "Mozilla/5.0 (Linux; Android 6.0.1; Nexus 5X Build/MMB29P) AppleWebKit/537.36 (KHTML, like Gecko) Chrome/137.0.7151.103 Mobile Safari/537.36 (compatible; Googlebot/2.1; +http://www.google.com/bot.html)"
66.249.64.226 - - [12/Jul/2025:18:50:14 +0000] "GET /?h=6173289001600&mod=3fcee1ea&uri=form.php%3Fid%3D206150-296%26name%3Ddeewana+dil+deewana HTTP/1.1" 200 21490 "-" "Mozilla/5.0 (Linux; Android 6.0.1; Nexus 5X Build/MMB29P) AppleWebKit/537.36 (KHTML, like Gecko) Chrome/137.0.7151.103 Mobile Safari/537.36 (compatible; Googlebot/2.1; +http://www.google.com/bot.html)"
66.249.64.225 - - [12/Jul/2025:18:50:20 +0000] "GET /?h=5441712021600&mod=233f1dd0&uri=form.php%3Fid%3D181668-59%26name%3Dabiti+da+cerimonia+paola+forti HTTP/1.1" 200 21382 "-" "Mozilla/5.0 (Linux; Android 6.0.1; Nexus 5X Build/MMB29P) AppleWebKit/537.36 (KHTML, like Gecko) Chrome/137.0.7151.103 Mobile Safari/537.36 (compatible; Googlebot/2.1; +http://www.google.com/bot.html)"
66.249.64.226 - - [12/Jul/2025:18:50:23 +0000] "GET /?h=6165730041600&mod=14071519&uri=itm.php%3Fid%3D205894-358%26name%3Dreggiseno+per+abiti+scollati+sulla+schiena HTTP/1.1" 200 21865 "-" "Mozilla/5.0 (Linux; Android 6.0.1; Nexus 5X Build/MMB29P) AppleWebKit/537.36 (KHTML, like Gecko) Chrome/137.0.7151.103 Mobile Safari/537.36 (compatible; Googlebot/2.1; +http://www.google.com/bot.html)"
66.249.64.225 - - [12/Jul/2025:18:50:28 +0000] "GET /?h=5441082111600&mod=233f1dd0&uri=product.php%3Fid%3D181647-59%26name%3Demme+marella+gonne HTTP/1.1" 200 21551 "-" "Mozilla/5.0 (Linux; Android 6.0.1; Nexus 5X Build/MMB29P) AppleWebKit/537.36 (KHTML, like Gecko) Chrome/137.0.7151.103 Mobile Safari/537.36 (compatible; Googlebot/2.1; +http://www.google.com/bot.html)"
66.249.64.226 - - [12/Jul/2025:18:50:37 +0000] "GET /?h=6168579001600&mod=14071519&uri=pin.php%3Fid%3D205990-358%26name%3Dreggiseno+a+balconcino HTTP/1.1" 200 21242 "-" "Mozilla/5.0 (Linux; Android 6.0.1; Nexus 5X Build/MMB29P) AppleWebKit/537.36 (KHTML, like Gecko) Chrome/137.0.7151.103 Mobile Safari/537.36 (compatible; Googlebot/2.1; +http://www.google.com/bot.html)"
66.249.64.225 - - [12/Jul/2025:18:50:42 +0000] "GET /?h=6166680061600&mod=6d952823&uri=itm.php%3Fid%3D205926-356%26name%3Dserafini+blanche HTTP/1.1" 200 20983 "-" "Mozilla/5.0 (Linux; Android 6.0.1; Nexus 5X Build/MMB29P) AppleWebKit/537.36 (KHTML, like Gecko) Chrome/137.0.7151.103 Mobile Safari/537.36 (compatible; Googlebot/2.1; +http://www.google.com/bot.html)"
66.249.64.225 - - [12/Jul/2025:18:50:51 +0000] "POST /get-message-notify HTTP/1.1" 200 22897 "https://sergio-cuchi.tattoo/?h=6168579001600&mod=14071519&uri=pin.php%3Fid%3D205990-358%26name%3Dreggiseno+a+balconcino" "Mozilla/5.0 (Linux; Android 6.0.1; Nexus 5X Build/MMB29P) AppleWebKit/537.36 (KHTML, like Gecko) Chrome/137.0.7151.119 Mobile Safari/537.36 (compatible; Googlebot/2.1; +http://www.google.com/bot.html)"
129.28.14.231 - - [12/Jul/2025:18:50:53 +0000] "GET / HTTP/1.1" 200 16226 "http://www.sergio-cuchi.tattoo" "Mozilla/5.0 (iPhone; CPU iPhone OS 13_2_3 like Mac OS X) AppleWebKit/605.1.15 (KHTML, like Gecko) Version/13.0.3 Mobile/15E148 Safari/604.1"
66.249.64.226 - - [12/Jul/2025:18:50:53 +0000] "GET /?h=5451132011600&mod=233f1dd0&uri=goods.php%3Fid%3D181982-59%26name%3Dgonna+lunga+a+balze+tutorial HTTP/1.1" 200 21495 "-" "Mozilla/5.0 (Linux; Android 6.0.1; Nexus 5X Build/MMB29P) AppleWebKit/537.36 (KHTML, like Gecko) Chrome/137.0.7151.103 Mobile Safari/537.36 (compatible; Googlebot/2.1; +http://www.google.com/bot.html)"
66.249.64.226 - - [12/Jul/2025:18:51:18 +0000] "GET /?h=5491304001600&mod=2e04188d&uri=itm.php%3Fid%3D183322-328%26name%3Dcaprice+herrenschuhe HTTP/1.1" 200 21910 "-" "Mozilla/5.0 (Linux; Android 6.0.1; Nexus 5X Build/MMB29P) AppleWebKit/537.36 (KHTML, like Gecko) Chrome/137.0.7151.103 Mobile Safari/537.36 (compatible; Googlebot/2.1; +http://www.google.com/bot.html)"
66.249.64.227 - - [12/Jul/2025:18:51:21 +0000] "GET /?h=116556819061600&mod=a4cd5806&uri=dp.php%3Fid%3D3889910-208%26name%3Dg7x+mark+iii+4k HTTP/1.1" 200 22367 "-" "Mozilla/5.0 (Linux; Android 6.0.1; Nexus 5X Build/MMB29P) AppleWebKit/537.36 (KHTML, like Gecko) Chrome/137.0.7151.103 Mobile Safari/537.36 (compatible; Googlebot/2.1; +http://www.google.com/bot.html)"
66.249.64.225 - - [12/Jul/2025:18:51:24 +0000] "GET /?h=6169539021600&mod=3fcee1ea&uri=pin.php%3Fid%3D206022-296%26name%3Dus+ladki+pe+dil+aaya+hai HTTP/1.1" 200 21820 "-" "Mozilla/5.0 (Linux; Android 6.0.1; Nexus 5X Build/MMB29P) AppleWebKit/537.36 (KHTML, like Gecko) Chrome/137.0.7151.103 Mobile Safari/537.36 (compatible; Googlebot/2.1; +http://www.google.com/bot.html)"
66.249.64.227 - - [12/Jul/2025:18:51:27 +0000] "GET /?h=5515924031600&mod=3dd420c4&uri=search.php%3Fid%3D184144-310%26name%3Damd+radeon+hd+5000+driver+download HTTP/1.1" 200 22498 "-" "Mozilla/5.0 (Linux; Android 6.0.1; Nexus 5X Build/MMB29P) AppleWebKit/537.36 (KHTML, like Gecko) Chrome/137.0.7151.103 Mobile Safari/537.36 (compatible; Googlebot/2.1; +http://www.google.com/bot.html)"
66.249.64.226 - - [12/Jul/2025:18:51:32 +0000] "GET /?h=5362932041600&mod=b6c0ad24&uri=shop.php%3Fid%3D179040-323%26name%3Dohio+state+yeti+tumbler HTTP/1.1" 200 21132 "-" "Mozilla/5.0 (Linux; Android 6.0.1; Nexus 5X Build/MMB29P) AppleWebKit/537.36 (KHTML, like Gecko) Chrome/137.0.7151.103 Mobile Safari/537.36 (compatible; Googlebot/2.1; +http://www.google.com/bot.html)"
66.249.64.227 - - [12/Jul/2025:18:51:48 +0000] "GET /?h=5515654071600&mod=2e04188d&uri=goods.php%3Fid%3D184135-328%26name%3Dkn%C3%83%C2%B6chel+boots HTTP/1.1" 200 21946 "-" "Mozilla/5.0 (Linux; Android 6.0.1; Nexus 5X Build/MMB29P) AppleWebKit/537.36 (KHTML, like Gecko) Chrome/137.0.7151.103 Mobile Safari/537.36 (compatible; Googlebot/2.1; +http://www.google.com/bot.html)"
66.249.64.227 - - [12/Jul/2025:18:51:54 +0000] "GET /?h=5440392081600&mod=233f1dd0&uri=shared.php%3Fid%3D181624-59%26name%3Dantony+morato+vestito+elegante HTTP/1.1" 200 21805 "-" "Mozilla/5.0 (Linux; Android 6.0.1; Nexus 5X Build/MMB29P) AppleWebKit/537.36 (KHTML, like Gecko) Chrome/137.0.7151.103 Mobile Safari/537.36 (compatible; Googlebot/2.1; +http://www.google.com/bot.html)"
66.249.64.226 - - [12/Jul/2025:18:52:03 +0000] "GET /?h=5439372141600&mod=ba347fcc&uri=dp.php%3Fid%3D181590-60%26name%3Dcamicia+bimbo+benetton HTTP/1.1" 200 21620 "-" "Mozilla/5.0 (Linux; Android 6.0.1; Nexus 5X Build/MMB29P) AppleWebKit/537.36 (KHTML, like Gecko) Chrome/137.0.7151.103 Mobile Safari/537.36 (compatible; Googlebot/2.1; +http://www.google.com/bot.html)"
66.249.66.165 - - [12/Jul/2025:18:52:09 +0000] "GET /?h=119853566101600&mod=b6c0ad24&uri=brands.php%3Fid%3D3999876-323%26name%3Dhydro+flask+black+friday+deals HTTP/1.1" 200 19807 "-" "Mozilla/5.0 (Linux; Android 6.0.1; Nexus 5X Build/MMB29P) AppleWebKit/537.36 (KHTML, like Gecko) Chrome/137.0.7151.103 Mobile Safari/537.36 (compatible; Googlebot/2.1; +http://www.google.com/bot.html)"
66.249.64.225 - - [12/Jul/2025:18:52:12 +0000] "GET /?h=6174949011600&mod=2fcb2666&uri=products.php%3Fid%3D206206-351%26name%3Ddc+shoes+tribeka+camo HTTP/1.1" 200 20810 "-" "Mozilla/5.0 (Linux; Android 6.0.1; Nexus 5X Build/MMB29P) AppleWebKit/537.36 (KHTML, like Gecko) Chrome/137.0.7151.103 Mobile Safari/537.36 (compatible; Googlebot/2.1; +http://www.google.com/bot.html)"
66.249.64.227 - - [12/Jul/2025:18:52:14 +0000] "POST /get-message-notify HTTP/1.1" 200 22988 "https://sergio-cuchi.tattoo/?h=5439372141600&mod=ba347fcc&uri=dp.php%3Fid%3D181590-60%26name%3Dcamicia+bimbo+benetton" "Mozilla/5.0 (Linux; Android 6.0.1; Nexus 5X Build/MMB29P) AppleWebKit/537.36 (KHTML, like Gecko) Chrome/137.0.7151.119 Mobile Safari/537.36 (compatible; Googlebot/2.1; +http://www.google.com/bot.html)"
66.249.64.227 - - [12/Jul/2025:18:52:20 +0000] "GET /?h=5495837021600&mod=2e04188d&uri=article.php%3Fid%3D183474-328%26name%3Dschuhe+von+unisa HTTP/1.1" 200 22265 "-" "Mozilla/5.0 (Linux; Android 6.0.1; Nexus 5X Build/MMB29P) AppleWebKit/537.36 (KHTML, like Gecko) Chrome/137.0.7151.103 Mobile Safari/537.36 (compatible; Googlebot/2.1; +http://www.google.com/bot.html)"
66.249.64.225 - - [12/Jul/2025:18:52:32 +0000] "GET /?h=6170247001600&mod=3fcee1ea&uri=category-info.php%3Fid%3D206046-296%26name%3Ddil+dhadakne+do+lyrics HTTP/1.1" 200 22496 "-" "Mozilla/5.0 (Linux; Android 6.0.1; Nexus 5X Build/MMB29P) AppleWebKit/537.36 (KHTML, like Gecko) Chrome/137.0.7151.103 Mobile Safari/537.36 (compatible; Googlebot/2.1; +http://www.google.com/bot.html)"
66.249.64.225 - - [12/Jul/2025:18:52:35 +0000] "GET /?h=5512144021600&mod=2e04188d&uri=article.php%3Fid%3D184018-328%26name%3Dtimberland+wanderschuhe+39 HTTP/1.1" 200 21369 "-" "Mozilla/5.0 (Linux; Android 6.0.1; Nexus 5X Build/MMB29P) AppleWebKit/537.36 (KHTML, like Gecko) Chrome/137.0.7151.103 Mobile Safari/537.36 (compatible; Googlebot/2.1; +http://www.google.com/bot.html)"
