69.171.251.114 - - [12/Jul/2025:14:30:06 +0000] "GET /wp-includes/js/wp-emoji-release.min.js?ver=6.8.1 HTTP/1.1" 200 5166 "https://sergio-cuchi.tattoo/?fbclid=IwZXh0bgNhZW0CMTEAAR6AxFxyxtvKPWg6NHQsq2h6LaWxMoXKDmQvi9LO8iMuOhxufxEMklyvj8a50Q_aem_U0i5LbjjV-FjgN4PTWGLAw" "Mozilla/5.0 (X11; Linux x86_64) AppleWebKit/537.36 (KHTML, like Gecko) Chrome/138.0.0.0 Safari/537.36"
69.171.251.114 - - [12/Jul/2025:14:30:06 +0000] "GET /wp-content/fonts/oswald/TK3IWkUHHAIjg75cFRf3bXL8LICs1_Fv40pKlN4NNSeSASz7FmlWHYg.woff2 HTTP/1.1" 200 21455 "https://sergio-cuchi.tattoo/?fbclid=IwZXh0bgNhZW0CMTEAAR6AxFxyxtvKPWg6NHQsq2h6LaWxMoXKDmQvi9LO8iMuOhxufxEMklyvj8a50Q_aem_U0i5LbjjV-FjgN4PTWGLAw" "Mozilla/5.0 (X11; Linux x86_64) AppleWebKit/537.36 (KHTML, like Gecko) Chrome/138.0.0.0 Safari/537.36"
69.171.251.114 - - [12/Jul/2025:14:30:06 +0000] "GET /wp-content/themes/maori/fonts/fontawesome-webfont.woff2 HTTP/1.1" 200 77162 "https://sergio-cuchi.tattoo/wp-content/themes/maori/css/fontawesome.css?ver=1.0.0" "Mozilla/5.0 (X11; Linux x86_64) AppleWebKit/537.36 (KHTML, like Gecko) Chrome/138.0.0.0 Safari/537.36"
69.171.251.115 - - [12/Jul/2025:14:30:06 +0000] "POST /?wc-ajax=get_refreshed_fragments HTTP/1.1" 200 186 "https://sergio-cuchi.tattoo/?fbclid=IwZXh0bgNhZW0CMTEAAR6AxFxyxtvKPWg6NHQsq2h6LaWxMoXKDmQvi9LO8iMuOhxufxEMklyvj8a50Q_aem_U0i5LbjjV-FjgN4PTWGLAw" "Mozilla/5.0 (X11; Linux x86_64) AppleWebKit/537.36 (KHTML, like Gecko) Chrome/138.0.0.0 Safari/537.36"
69.171.251.7 - - [12/Jul/2025:14:30:06 +0000] "GET /wp-content/plugins/so-widgets-bundle/widgets/features/css/fonts/feature-background.woff HTTP/1.1" 200 1190 "https://sergio-cuchi.tattoo/wp-content/plugins/so-widgets-bundle/widgets/features/css/style.css?ver=1.69.1" "Mozilla/5.0 (X11; Linux x86_64) AppleWebKit/537.36 (KHTML, like Gecko) Chrome/138.0.0.0 Safari/537.36"
69.171.251.7 - - [12/Jul/2025:14:30:06 +0000] "GET /wp-content/plugins/maori-features/fonts/maoriicon.woff HTTP/1.1" 200 13885 "https://sergio-cuchi.tattoo/wp-content/plugins/maori-features/css/icons.css?ver=6.8.1" "Mozilla/5.0 (X11; Linux x86_64) AppleWebKit/537.36 (KHTML, like Gecko) Chrome/138.0.0.0 Safari/537.36"
69.171.251.114 - - [12/Jul/2025:14:30:06 +0000] "GET /wp-content/fonts/open-sans/memSYaGs126MiZpBA-UvWbX2vVnXBbObj2OVZyOOSr4dVJWUgsjZ0B4gaVI.woff2 HTTP/1.1" 200 18675 "https://sergio-cuchi.tattoo/?fbclid=IwZXh0bgNhZW0CMTEAAR6AxFxyxtvKPWg6NHQsq2h6LaWxMoXKDmQvi9LO8iMuOhxufxEMklyvj8a50Q_aem_U0i5LbjjV-FjgN4PTWGLAw" "Mozilla/5.0 (X11; Linux x86_64) AppleWebKit/537.36 (KHTML, like Gecko) Chrome/138.0.0.0 Safari/537.36"
69.171.251.7 - - [12/Jul/2025:14:30:07 +0000] "GET /wp-content/uploads/2018/09/Sergio-min-1024x1024.jpg HTTP/1.1" 200 101511 "https://sergio-cuchi.tattoo/?fbclid=IwZXh0bgNhZW0CMTEAAR6AxFxyxtvKPWg6NHQsq2h6LaWxMoXKDmQvi9LO8iMuOhxufxEMklyvj8a50Q_aem_U0i5LbjjV-FjgN4PTWGLAw" "Mozilla/5.0 (X11; Linux x86_64) AppleWebKit/537.36 (KHTML, like Gecko) Chrome/138.0.0.0 Safari/537.36"
69.171.251.7 - - [12/Jul/2025:14:30:07 +0000] "GET /wp-content/uploads/2025/01/cropped-android-chrome-512x512-1-32x32.png HTTP/1.1" 200 1294 "https://sergio-cuchi.tattoo/?fbclid=IwZXh0bgNhZW0CMTEAAR6AxFxyxtvKPWg6NHQsq2h6LaWxMoXKDmQvi9LO8iMuOhxufxEMklyvj8a50Q_aem_U0i5LbjjV-FjgN4PTWGLAw" "Mozilla/5.0 (X11; Linux x86_64) AppleWebKit/537.36 (KHTML, like Gecko) Chrome/138.0.0.0 Safari/537.36"
66.249.64.227 - - [12/Jul/2025:14:30:08 +0000] "GET /?h=6125105021600&mod=a4cd5806&uri=product.php%3Fid%3D204538-208%26name%3Dsony+camcorder+early+2000s HTTP/1.1" 200 21182 "-" "Mozilla/5.0 (Linux; Android 6.0.1; Nexus 5X Build/MMB29P) AppleWebKit/537.36 (KHTML, like Gecko) Chrome/137.0.7151.103 Mobile Safari/537.36 (compatible; Googlebot/2.1; +http://www.google.com/bot.html)"
66.249.64.225 - - [12/Jul/2025:14:30:10 +0000] "GET /?h=5992049001600&mod=240f73d9&uri=category-info.php%3Fid%3D200096-345%26name%3Dpantalon+de+nieve+roxy HTTP/1.1" 200 22597 "-" "Mozilla/5.0 (Linux; Android 6.0.1; Nexus 5X Build/MMB29P) AppleWebKit/537.36 (KHTML, like Gecko) Chrome/137.0.7151.103 Mobile Safari/537.36 (compatible; Googlebot/2.1; +http://www.google.com/bot.html)"
66.249.64.225 - - [12/Jul/2025:14:30:13 +0000] "GET /?h=6889536001600&mod=240f73d9&uri=article.php%3Fid%3D230090-345%26name%3Dpantalones+denim+anchos HTTP/1.1" 200 22246 "-" "Mozilla/5.0 (Linux; Android 6.0.1; Nexus 5X Build/MMB29P) AppleWebKit/537.36 (KHTML, like Gecko) Chrome/137.0.7151.103 Mobile Safari/537.36 (compatible; Googlebot/2.1; +http://www.google.com/bot.html)"
66.249.64.226 - - [12/Jul/2025:14:30:15 +0000] "GET /?h=6899920051600&mod=240f73d9&uri=brands.php%3Fid%3D230437-345%26name%3Dvestidos+de+noche+cortos+con+lentejuelas HTTP/1.1" 200 22472 "-" "Mozilla/5.0 (Linux; Android 6.0.1; Nexus 5X Build/MMB29P) AppleWebKit/537.36 (KHTML, like Gecko) Chrome/137.0.7151.103 Mobile Safari/537.36 (compatible; Googlebot/2.1; +http://www.google.com/bot.html)"
66.249.64.227 - - [12/Jul/2025:14:30:20 +0000] "GET /?h=6127985021600&mod=a4cd5806&uri=brands.php%3Fid%3D204634-208%26name%3Dinstax+mini+accessory+kit HTTP/1.1" 200 21462 "-" "Mozilla/5.0 (Linux; Android 6.0.1; Nexus 5X Build/MMB29P) AppleWebKit/537.36 (KHTML, like Gecko) Chrome/137.0.7151.103 Mobile Safari/537.36 (compatible; Googlebot/2.1; +http://www.google.com/bot.html)"
66.249.64.225 - - [12/Jul/2025:14:30:22 +0000] "GET /?h=6120545041600&mod=a4cd5806&uri=info.php%3Fid%3D204386-208%26name%3Dinstax+student+discount HTTP/1.1" 200 21690 "-" "Mozilla/5.0 (Linux; Android 6.0.1; Nexus 5X Build/MMB29P) AppleWebKit/537.36 (KHTML, like Gecko) Chrome/137.0.7151.103 Mobile Safari/537.36 (compatible; Googlebot/2.1; +http://www.google.com/bot.html)"
66.249.64.227 - - [12/Jul/2025:14:30:24 +0000] "GET /?h=6124625001600&mod=a4cd5806&uri=article.php%3Fid%3D204522-208%26name%3Dsony+460x+digital+zoom+handycam+charger HTTP/1.1" 200 21702 "-" "Mozilla/5.0 (Linux; Android 6.0.1; Nexus 5X Build/MMB29P) AppleWebKit/537.36 (KHTML, like Gecko) Chrome/137.0.7151.103 Mobile Safari/537.36 (compatible; Googlebot/2.1; +http://www.google.com/bot.html)"
66.249.64.227 - - [12/Jul/2025:14:30:27 +0000] "GET /?h=5527804011600&mod=3dd420c4&uri=category-info.php%3Fid%3D184540-310%26name%3D3090+triple+slot HTTP/1.1" 200 22338 "-" "Mozilla/5.0 (Linux; Android 6.0.1; Nexus 5X Build/MMB29P) AppleWebKit/537.36 (KHTML, like Gecko) Chrome/137.0.7151.103 Mobile Safari/537.36 (compatible; Googlebot/2.1; +http://www.google.com/bot.html)"
66.249.64.227 - - [12/Jul/2025:14:30:29 +0000] "POST /get-message-notify HTTP/1.1" 200 22902 "https://sergio-cuchi.tattoo/?h=5992049001600&mod=240f73d9&uri=category-info.php%3Fid%3D200096-345%26name%3Dpantalon+de+nieve+roxy" "Mozilla/5.0 (Linux; Android 6.0.1; Nexus 5X Build/MMB29P) AppleWebKit/537.36 (KHTML, like Gecko) Chrome/137.0.7151.119 Mobile Safari/537.36 (compatible; Googlebot/2.1; +http://www.google.com/bot.html)"
66.249.64.226 - - [12/Jul/2025:14:30:34 +0000] "GET /?h=6128705061600&mod=a4cd5806&uri=pin.php%3Fid%3D204658-208%26name%3Dsony+4k+60fps+camcorder HTTP/1.1" 200 21590 "-" "Mozilla/5.0 (Linux; Android 6.0.1; Nexus 5X Build/MMB29P) AppleWebKit/537.36 (KHTML, like Gecko) Chrome/137.0.7151.103 Mobile Safari/537.36 (compatible; Googlebot/2.1; +http://www.google.com/bot.html)"
66.249.64.225 - - [12/Jul/2025:14:30:36 +0000] "GET /?h=5536624001600&mod=3dd420c4&uri=dp.php%3Fid%3D184834-310%26name%3Dbest+gpu+for+1080p+100+fps HTTP/1.1" 200 22058 "-" "Mozilla/5.0 (Linux; Android 6.0.1; Nexus 5X Build/MMB29P) AppleWebKit/537.36 (KHTML, like Gecko) Chrome/137.0.7151.103 Mobile Safari/537.36 (compatible; Googlebot/2.1; +http://www.google.com/bot.html)"
66.249.64.227 - - [12/Jul/2025:14:30:38 +0000] "GET /?h=6102456011600&mod=ab2481c9&uri=news.php%3Fid%3D203783-40%26name%3Dimpact+drill+attachment HTTP/1.1" 200 22918 "-" "Mozilla/5.0 (Linux; Android 6.0.1; Nexus 5X Build/MMB29P) AppleWebKit/537.36 (KHTML, like Gecko) Chrome/137.0.7151.103 Mobile Safari/537.36 (compatible; Googlebot/2.1; +http://www.google.com/bot.html)"
69.171.234.112 - - [12/Jul/2025:14:30:39 +0000] "GET /wp-content/uploads/2025/01/275622839_10224019954099472_8526428074003913221_n-150x150.jpg HTTP/1.1" 200 5428 "-" "facebookexternalhit/1.1 (+http://www.facebook.com/externalhit_uatext.php)"
69.171.234.7 - - [12/Jul/2025:14:30:40 +0000] "GET /wp-content/uploads/2025/01/Sergio-cover-min.jpg HTTP/1.1" 200 48646 "-" "facebookexternalhit/1.1 (+http://www.facebook.com/externalhit_uatext.php)"
69.171.234.1 - - [12/Jul/2025:14:30:40 +0000] "GET /wp-content/uploads/2018/09/slider2.jpg HTTP/1.1" 200 73967 "-" "facebookexternalhit/1.1 (+http://www.facebook.com/externalhit_uatext.php)"
69.171.234.114 - - [12/Jul/2025:14:30:41 +0000] "GET /wp-content/uploads/2025/01/foot-logo.png HTTP/1.1" 200 34349 "-" "facebookexternalhit/1.1 (+http://www.facebook.com/externalhit_uatext.php)"
69.171.234.9 - - [12/Jul/2025:14:30:41 +0000] "GET /wp-content/uploads/2025/01/ahmedk-150x150.png HTTP/1.1" 200 22165 "-" "facebookexternalhit/1.1 (+http://www.facebook.com/externalhit_uatext.php)"
69.171.234.5 - - [12/Jul/2025:14:30:41 +0000] "GET /wp-content/themes/maori/images/mobile-logo.png HTTP/1.1" 200 32222 "-" "facebookexternalhit/1.1 (+http://www.facebook.com/externalhit_uatext.php)"
66.249.64.226 - - [12/Jul/2025:14:30:41 +0000] "GET /?h=6122465081600&mod=a4cd5806&uri=info.php%3Fid%3D204450-208%26name%3Dused+instax HTTP/1.1" 200 21323 "-" "Mozilla/5.0 (Linux; Android 6.0.1; Nexus 5X Build/MMB29P) AppleWebKit/537.36 (KHTML, like Gecko) Chrome/137.0.7151.103 Mobile Safari/537.36 (compatible; Googlebot/2.1; +http://www.google.com/bot.html)"
69.171.234.2 - - [12/Jul/2025:14:30:41 +0000] "GET /wp-content/uploads/2025/01/sliider3-min.jpg HTTP/1.1" 200 49614 "-" "facebookexternalhit/1.1 (+http://www.facebook.com/externalhit_uatext.php)"
69.171.234.4 - - [12/Jul/2025:14:30:41 +0000] "GET /wp-content/uploads/2025/01/275622839_10224019954099472_8526428074003913221_n-150x150.jpg HTTP/1.1" 200 5428 "-" "facebookexternalhit/1.1 (+http://www.facebook.com/externalhit_uatext.php)"
69.171.234.10 - - [12/Jul/2025:14:30:42 +0000] "GET /wp-content/uploads/2018/09/home-img.jpg HTTP/1.1" 200 330087 "-" "facebookexternalhit/1.1 (+http://www.facebook.com/externalhit_uatext.php)"
66.249.64.226 - - [12/Jul/2025:14:30:43 +0000] "GET /?h=6126065061600&mod=a4cd5806&uri=goods.php%3Fid%3D204570-208%26name%3Dsony+camcorder+2007 HTTP/1.1" 200 20711 "-" "Mozilla/5.0 (Linux; Android 6.0.1; Nexus 5X Build/MMB29P) AppleWebKit/537.36 (KHTML, like Gecko) Chrome/137.0.7151.103 Mobile Safari/537.36 (compatible; Googlebot/2.1; +http://www.google.com/bot.html)"
69.171.234.6 - - [12/Jul/2025:14:30:45 +0000] "GET /wp-content/uploads/2025/01/ahmedk-150x150.png HTTP/1.1" 200 22165 "-" "facebookexternalhit/1.1 (+http://www.facebook.com/externalhit_uatext.php)"
66.249.64.227 - - [12/Jul/2025:14:30:45 +0000] "GET /?h=6124865031600&mod=a4cd5806&uri=category-info.php%3Fid%3D204530-208%26name%3Dpolaroid+instax+300 HTTP/1.1" 200 21580 "-" "Mozilla/5.0 (Linux; Android 6.0.1; Nexus 5X Build/MMB29P) AppleWebKit/537.36 (KHTML, like Gecko) Chrome/137.0.7151.103 Mobile Safari/537.36 (compatible; Googlebot/2.1; +http://www.google.com/bot.html)"
66.249.64.225 - - [12/Jul/2025:14:30:47 +0000] "POST /get-message-notify HTTP/1.1" 200 22911 "https://sergio-cuchi.tattoo/?h=6126305011600&mod=a4cd5806&uri=pin.php%3Fid%3D204578-208%26name%3Dinstax+camera+10" "Mozilla/5.0 (Linux; Android 6.0.1; Nexus 5X Build/MMB29P) AppleWebKit/537.36 (KHTML, like Gecko) Chrome/137.0.7151.119 Mobile Safari/537.36 (compatible; Googlebot/2.1; +http://www.google.com/bot.html)"
66.249.64.225 - - [12/Jul/2025:14:30:52 +0000] "GET /?h=6121025061600&mod=a4cd5806&uri=shop.php%3Fid%3D204402-208%26name%3Dax53+camera HTTP/1.1" 200 21532 "-" "Mozilla/5.0 (Linux; Android 6.0.1; Nexus 5X Build/MMB29P) AppleWebKit/537.36 (KHTML, like Gecko) Chrome/137.0.7151.103 Mobile Safari/537.36 (compatible; Googlebot/2.1; +http://www.google.com/bot.html)"
66.249.64.227 - - [12/Jul/2025:14:30:54 +0000] "GET /?h=6020945141600&mod=bc6bcd39&uri=info.php%3Fid%3D201061-346%26name%3Dcoventry+city+chocolate+brown+kit HTTP/1.1" 200 21667 "-" "Mozilla/5.0 (Linux; Android 6.0.1; Nexus 5X Build/MMB29P) AppleWebKit/537.36 (KHTML, like Gecko) Chrome/137.0.7151.103 Mobile Safari/537.36 (compatible; Googlebot/2.1; +http://www.google.com/bot.html)"
66.249.64.225 - - [12/Jul/2025:14:30:56 +0000] "GET /?h=6153515141600&mod=7052dac9&uri=search.php%3Fid%3D205485-354%26name%3Dcourir+fila+homme HTTP/1.1" 200 20521 "-" "Mozilla/5.0 (Linux; Android 6.0.1; Nexus 5X Build/MMB29P) AppleWebKit/537.36 (KHTML, like Gecko) Chrome/137.0.7151.103 Mobile Safari/537.36 (compatible; Googlebot/2.1; +http://www.google.com/bot.html)"
66.249.64.227 - - [12/Jul/2025:14:30:58 +0000] "GET /?h=113570954051600&mod=b0f7b8df&uri=blog.php%3Fid%3D3790273-776%26name%3Dtama%C3%83%C2%B1os+de+costales+de+box HTTP/1.1" 200 22151 "-" "Mozilla/5.0 (Linux; Android 6.0.1; Nexus 5X Build/MMB29P) AppleWebKit/537.36 (KHTML, like Gecko) Chrome/137.0.7151.103 Mobile Safari/537.36 (compatible; Googlebot/2.1; +http://www.google.com/bot.html)"
66.249.64.227 - - [12/Jul/2025:14:31:01 +0000] "POST /get-message-notify HTTP/1.1" 200 22904 "https://sergio-cuchi.tattoo/?h=5536624001600&mod=3dd420c4&uri=dp.php%3Fid%3D184834-310%26name%3Dbest+gpu+for+1080p+100+fps" "Mozilla/5.0 (Linux; Android 6.0.1; Nexus 5X Build/MMB29P) AppleWebKit/537.36 (KHTML, like Gecko) Chrome/137.0.7151.119 Mobile Safari/537.36 (compatible; Googlebot/2.1; +http://www.google.com/bot.html)"
66.249.64.225 - - [12/Jul/2025:14:31:05 +0000] "GET /?h=6905175011600&mod=240f73d9&uri=blog.php%3Fid%3D230613-345%26name%3Dmonos+largos+de+fiesta+blanco HTTP/1.1" 200 21750 "-" "Mozilla/5.0 (Linux; Android 6.0.1; Nexus 5X Build/MMB29P) AppleWebKit/537.36 (KHTML, like Gecko) Chrome/137.0.7151.103 Mobile Safari/537.36 (compatible; Googlebot/2.1; +http://www.google.com/bot.html)"
66.249.64.227 - - [12/Jul/2025:14:31:07 +0000] "GET /?h=6769998041600&mod=5de89937&uri=shared.php%3Fid%3D226100-380%26name%3Dtalking+shiba+toy HTTP/1.1" 200 21930 "-" "Mozilla/5.0 (Linux; Android 6.0.1; Nexus 5X Build/MMB29P) AppleWebKit/537.36 (KHTML, like Gecko) Chrome/137.0.7151.103 Mobile Safari/537.36 (compatible; Googlebot/2.1; +http://www.google.com/bot.html)"
69.171.234.4 - - [12/Jul/2025:14:31:09 +0000] "GET /wp-content/themes/maori/images/mobile-logo.png HTTP/1.1" 200 32222 "-" "facebookexternalhit/1.1 (+http://www.facebook.com/externalhit_uatext.php)"
66.249.64.225 - - [12/Jul/2025:14:31:09 +0000] "GET /?h=6123425061600&mod=a4cd5806&uri=article.php%3Fid%3D204482-208%26name%3Dsamsung+camcorder+scl810 HTTP/1.1" 200 20875 "-" "Mozilla/5.0 (Linux; Android 6.0.1; Nexus 5X Build/MMB29P) AppleWebKit/537.36 (KHTML, like Gecko) Chrome/137.0.7151.103 Mobile Safari/537.36 (compatible; Googlebot/2.1; +http://www.google.com/bot.html)"
173.252.127.8 - - [12/Jul/2025:14:31:10 +0000] "GET /wp-content/uploads/2025/01/foot-logo.png HTTP/1.1" 200 34349 "-" "facebookexternalhit/1.1 (+http://www.facebook.com/externalhit_uatext.php)"
66.249.64.225 - - [12/Jul/2025:14:31:11 +0000] "POST /get-message-notify HTTP/1.1" 200 22892 "https://sergio-cuchi.tattoo/?h=113570954051600&mod=b0f7b8df&uri=blog.php%3Fid%3D3790273-776%26name%3Dtama%C3%83%C2%B1os+de+costales+de+box" "Mozilla/5.0 (Linux; Android 6.0.1; Nexus 5X Build/MMB29P) AppleWebKit/537.36 (KHTML, like Gecko) Chrome/137.0.7151.119 Mobile Safari/537.36 (compatible; Googlebot/2.1; +http://www.google.com/bot.html)"
66.249.64.225 - - [12/Jul/2025:14:31:14 +0000] "GET /?h=4687849061600&mod=1f00a892&uri=shop.php%3Fid%3D156462-287%26name%3Dpentax+takumar HTTP/1.1" 200 21622 "-" "Mozilla/5.0 (Linux; Android 6.0.1; Nexus 5X Build/MMB29P) AppleWebKit/537.36 (KHTML, like Gecko) Chrome/137.0.7151.103 Mobile Safari/537.36 (compatible; Googlebot/2.1; +http://www.google.com/bot.html)"
66.249.64.226 - - [12/Jul/2025:14:31:16 +0000] "GET /?h=6123905011600&mod=a4cd5806&uri=category-info.php%3Fid%3D204498-208%26name%3Dsony+handycam+mini+dv+transfer+to+computer HTTP/1.1" 200 20922 "-" "Mozilla/5.0 (Linux; Android 6.0.1; Nexus 5X Build/MMB29P) AppleWebKit/537.36 (KHTML, like Gecko) Chrome/137.0.7151.103 Mobile Safari/537.36 (compatible; Googlebot/2.1; +http://www.google.com/bot.html)"
66.249.64.227 - - [12/Jul/2025:14:31:18 +0000] "GET /?h=6121985021600&mod=a4cd5806&uri=itm.php%3Fid%3D204434-208%26name%3Dsony+handycam+cx240e HTTP/1.1" 200 20849 "-" "Mozilla/5.0 (Linux; Android 6.0.1; Nexus 5X Build/MMB29P) AppleWebKit/537.36 (KHTML, like Gecko) Chrome/137.0.7151.103 Mobile Safari/537.36 (compatible; Googlebot/2.1; +http://www.google.com/bot.html)"
66.249.64.226 - - [12/Jul/2025:14:31:20 +0000] "GET /?h=6125825001600&mod=a4cd5806&uri=pin.php%3Fid%3D204562-208%26name%3Dsony+handycam+memory+stick+pro+duo HTTP/1.1" 200 21772 "-" "Mozilla/5.0 (Linux; Android 6.0.1; Nexus 5X Build/MMB29P) AppleWebKit/537.36 (KHTML, like Gecko) Chrome/137.0.7151.103 Mobile Safari/537.36 (compatible; Googlebot/2.1; +http://www.google.com/bot.html)"
66.249.64.227 - - [12/Jul/2025:14:31:22 +0000] "GET /?h=5699607041600&mod=786d54b1&uri=products.php%3Fid%3D190308-333%26name%3Ddadeland+mall+jewelry+stores HTTP/1.1" 200 22138 "-" "Mozilla/5.0 (Linux; Android 6.0.1; Nexus 5X Build/MMB29P) AppleWebKit/537.36 (KHTML, like Gecko) Chrome/137.0.7151.103 Mobile Safari/537.36 (compatible; Googlebot/2.1; +http://www.google.com/bot.html)"
66.249.64.227 - - [12/Jul/2025:14:31:26 +0000] "GET /?h=5327439041600&mod=0d90dc71&uri=category-info.php%3Fid%3D177856-319%26name%3Dadidas+campus+rosas+mujer HTTP/1.1" 200 21069 "-" "Mozilla/5.0 (Linux; Android 6.0.1; Nexus 5X Build/MMB29P) AppleWebKit/537.36 (KHTML, like Gecko) Chrome/137.0.7151.103 Mobile Safari/537.36 (compatible; Googlebot/2.1; +http://www.google.com/bot.html)"
66.249.64.227 - - [12/Jul/2025:14:31:29 +0000] "GET /?h=6169682011600&mod=3fcee1ea&uri=news.php%3Fid%3D206027-296%26name%3Dphool+tumhe+bheja+hai+khat+mein+phool+nahin+mera+dil+hai HTTP/1.1" 200 22274 "-" "Mozilla/5.0 (Linux; Android 6.0.1; Nexus 5X Build/MMB29P) AppleWebKit/537.36 (KHTML, like Gecko) Chrome/137.0.7151.103 Mobile Safari/537.36 (compatible; Googlebot/2.1; +http://www.google.com/bot.html)"
66.249.64.225 - - [12/Jul/2025:14:31:32 +0000] "GET /?h=5701407011600&mod=786d54b1&uri=search.php%3Fid%3D190368-333%26name%3Dpandora+barton+creek+mall HTTP/1.1" 200 21948 "-" "Mozilla/5.0 (Linux; Android 6.0.1; Nexus 5X Build/MMB29P) AppleWebKit/537.36 (KHTML, like Gecko) Chrome/137.0.7151.103 Mobile Safari/537.36 (compatible; Googlebot/2.1; +http://www.google.com/bot.html)"
66.249.64.225 - - [12/Jul/2025:14:31:34 +0000] "GET /?h=5295224101600&mod=a7290c5b&uri=blog.php%3Fid%3D176782-317%26name%3Djosmo+baby+walking+shoes+near+me HTTP/1.1" 200 21952 "-" "Mozilla/5.0 (Linux; Android 6.0.1; Nexus 5X Build/MMB29P) AppleWebKit/537.36 (KHTML, like Gecko) Chrome/137.0.7151.103 Mobile Safari/537.36 (compatible; Googlebot/2.1; +http://www.google.com/bot.html)"
66.249.64.227 - - [12/Jul/2025:14:31:36 +0000] "POST /get-message-notify HTTP/1.1" 200 23000 "https://sergio-cuchi.tattoo/?h=5699607041600&mod=786d54b1&uri=products.php%3Fid%3D190308-333%26name%3Ddadeland+mall+jewelry+stores" "Mozilla/5.0 (Linux; Android 6.0.1; Nexus 5X Build/MMB29P) AppleWebKit/537.36 (KHTML, like Gecko) Chrome/137.0.7151.119 Mobile Safari/537.36 (compatible; Googlebot/2.1; +http://www.google.com/bot.html)"
66.249.64.225 - - [12/Jul/2025:14:31:39 +0000] "GET /?h=5188436041600&mod=570f6ff5&uri=products.php%3Fid%3D173206-139%26name%3Daztec+wrap+sweater HTTP/1.1" 200 20953 "-" "Mozilla/5.0 (Linux; Android 6.0.1; Nexus 5X Build/MMB29P) AppleWebKit/537.36 (KHTML, like Gecko) Chrome/137.0.7151.103 Mobile Safari/537.36 (compatible; Googlebot/2.1; +http://www.google.com/bot.html)"
66.249.64.227 - - [12/Jul/2025:14:31:44 +0000] "POST /get-message-notify HTTP/1.1" 200 22897 "https://sergio-cuchi.tattoo/?h=6169682011600&mod=3fcee1ea&uri=news.php%3Fid%3D206027-296%26name%3Dphool+tumhe+bheja+hai+khat+mein+phool+nahin+mera+dil+hai" "Mozilla/5.0 (Linux; Android 6.0.1; Nexus 5X Build/MMB29P) AppleWebKit/537.36 (KHTML, like Gecko) Chrome/137.0.7151.119 Mobile Safari/537.36 (compatible; Googlebot/2.1; +http://www.google.com/bot.html)"
66.249.64.226 - - [12/Jul/2025:14:31:46 +0000] "GET /?h=4934670061600&mod=44917919&uri=pin.php%3Fid%3D164742-301%26name%3Dcatalogos+cklass+sport+brands HTTP/1.1" 200 21355 "-" "Mozilla/5.0 (Linux; Android 6.0.1; Nexus 5X Build/MMB29P) AppleWebKit/537.36 (KHTML, like Gecko) Chrome/137.0.7151.103 Mobile Safari/537.36 (compatible; Googlebot/2.1; +http://www.google.com/bot.html)"
66.249.64.227 - - [12/Jul/2025:14:31:48 +0000] "GET /?h=4797556061600&mod=22bb543b&uri=news.php%3Fid%3D160122-88%26name%3Dswing+seat+amazon HTTP/1.1" 200 21023 "-" "Mozilla/5.0 (Linux; Android 6.0.1; Nexus 5X Build/MMB29P) AppleWebKit/537.36 (KHTML, like Gecko) Chrome/137.0.7151.103 Mobile Safari/537.36 (compatible; Googlebot/2.1; +http://www.google.com/bot.html)"
69.63.184.20 - - [12/Jul/2025:14:31:48 +0000] "GET /wp-content/uploads/2018/09/home-img.jpg HTTP/1.1" 200 330087 "-" "facebookexternalhit/1.1 (+http://www.facebook.com/externalhit_uatext.php)"
66.249.64.227 - - [12/Jul/2025:14:31:50 +0000] "GET /?h=4793258021600&mod=22bb543b&uri=dp.php%3Fid%3D159978-88%26name%3Dswing+seat+smyths HTTP/1.1" 200 22000 "-" "Mozilla/5.0 (Linux; Android 6.0.1; Nexus 5X Build/MMB29P) AppleWebKit/537.36 (KHTML, like Gecko) Chrome/137.0.7151.103 Mobile Safari/537.36 (compatible; Googlebot/2.1; +http://www.google.com/bot.html)"
66.249.64.227 - - [12/Jul/2025:14:31:52 +0000] "GET /?h=4794316001600&mod=22bb543b&uri=dp.php%3Fid%3D160014-88%26name%3Dchildren%27s+garden+growing+kits HTTP/1.1" 200 22009 "-" "Mozilla/5.0 (Linux; Android 6.0.1; Nexus 5X Build/MMB29P) AppleWebKit/537.36 (KHTML, like Gecko) Chrome/137.0.7151.103 Mobile Safari/537.36 (compatible; Googlebot/2.1; +http://www.google.com/bot.html)"
69.63.184.25 - - [12/Jul/2025:14:31:53 +0000] "GET /wp-content/uploads/2025/01/Sergio-cover-min.jpg HTTP/1.1" 200 48646 "-" "facebookexternalhit/1.1 (+http://www.facebook.com/externalhit_uatext.php)"
66.249.64.227 - - [12/Jul/2025:14:31:59 +0000] "POST /get-message-notify HTTP/1.1" 200 22901 "https://sergio-cuchi.tattoo/?h=4794316001600&mod=22bb543b&uri=dp.php%3Fid%3D160014-88%26name%3Dchildren%27s+garden+growing+kits" "Mozilla/5.0 (Linux; Android 6.0.1; Nexus 5X Build/MMB29P) AppleWebKit/537.36 (KHTML, like Gecko) Chrome/137.0.7151.119 Mobile Safari/537.36 (compatible; Googlebot/2.1; +http://www.google.com/bot.html)"
66.249.64.226 - - [12/Jul/2025:14:32:01 +0000] "GET /?h=119559288091600&mod=fb3fda88&uri=goods.php%3Fid%3D3990059-437%26name%3Dasha+slides HTTP/1.1" 200 21487 "-" "Mozilla/5.0 (Linux; Android 6.0.1; Nexus 5X Build/MMB29P) AppleWebKit/537.36 (KHTML, like Gecko) Chrome/137.0.7151.103 Mobile Safari/537.36 (compatible; Googlebot/2.1; +http://www.google.com/bot.html)"
66.249.64.227 - - [12/Jul/2025:14:32:04 +0000] "GET /?h=4794856001600&mod=22bb543b&uri=itm.php%3Fid%3D160032-88%26name%3Dcheap+climbing+equipment HTTP/1.1" 200 21525 "-" "Mozilla/5.0 (Linux; Android 6.0.1; Nexus 5X Build/MMB29P) AppleWebKit/537.36 (KHTML, like Gecko) Chrome/137.0.7151.103 Mobile Safari/537.36 (compatible; Googlebot/2.1; +http://www.google.com/bot.html)"
66.249.64.226 - - [12/Jul/2025:14:32:07 +0000] "GET /?h=4793776041600&mod=ae95296e&uri=product.php%3Fid%3D159996-87%26name%3Dgopro+karma+grip+battery HTTP/1.1" 200 21126 "-" "Mozilla/5.0 (Linux; Android 6.0.1; Nexus 5X Build/MMB29P) AppleWebKit/537.36 (KHTML, like Gecko) Chrome/137.0.7151.103 Mobile Safari/537.36 (compatible; Googlebot/2.1; +http://www.google.com/bot.html)"
66.249.64.226 - - [12/Jul/2025:14:32:13 +0000] "GET /?h=5597010061600&mod=f9421558&uri=blog.php%3Fid%3D186850-330%26name%3Dtado+thermostat+starter+kit+v3 HTTP/1.1" 200 21527 "-" "Mozilla/5.0 (Linux; Android 6.0.1; Nexus 5X Build/MMB29P) AppleWebKit/537.36 (KHTML, like Gecko) Chrome/137.0.7151.103 Mobile Safari/537.36 (compatible; Googlebot/2.1; +http://www.google.com/bot.html)"
66.249.64.227 - - [12/Jul/2025:14:32:14 +0000] "GET /?h=5587445111600&mod=1c0222b4&uri=shop.php%3Fid%3D186530-331%26name%3Dnike+running+pod+joyride HTTP/1.1" 200 20676 "-" "Mozilla/5.0 (Linux; Android 6.0.1; Nexus 5X Build/MMB29P) AppleWebKit/537.36 (KHTML, like Gecko) Chrome/137.0.7151.103 Mobile Safari/537.36 (compatible; Googlebot/2.1; +http://www.google.com/bot.html)"
66.249.64.226 - - [12/Jul/2025:14:32:25 +0000] "POST /get-message-notify HTTP/1.1" 200 22898 "https://sergio-cuchi.tattoo/?h=119559288091600&mod=fb3fda88&uri=goods.php%3Fid%3D3990059-437%26name%3Dasha+slides" "Mozilla/5.0 (Linux; Android 6.0.1; Nexus 5X Build/MMB29P) AppleWebKit/537.36 (KHTML, like Gecko) Chrome/137.0.7151.119 Mobile Safari/537.36 (compatible; Googlebot/2.1; +http://www.google.com/bot.html)"
66.249.64.225 - - [12/Jul/2025:14:32:31 +0000] "GET /?h=5600224061600&mod=f9421558&uri=shop.php%3Fid%3D186960-330%26name%3Dnest+thermostat+w2+wire HTTP/1.1" 200 21293 "-" "Mozilla/5.0 (Linux; Android 6.0.1; Nexus 5X Build/MMB29P) AppleWebKit/537.36 (KHTML, like Gecko) Chrome/137.0.7151.103 Mobile Safari/537.36 (compatible; Googlebot/2.1; +http://www.google.com/bot.html)"
66.249.64.226 - - [12/Jul/2025:14:32:33 +0000] "GET /?h=113552580021600&mod=c705112d&uri=news.php%3Fid%3D3789660-72%26name%3Dunique+cross+pendant HTTP/1.1" 200 21770 "-" "Mozilla/5.0 (Linux; Android 6.0.1; Nexus 5X Build/MMB29P) AppleWebKit/537.36 (KHTML, like Gecko) Chrome/137.0.7151.103 Mobile Safari/537.36 (compatible; Googlebot/2.1; +http://www.google.com/bot.html)"
66.249.64.227 - - [12/Jul/2025:14:32:35 +0000] "GET /?h=5604568061600&mod=8b3abac1&uri=products.php%3Fid%3D187110-332%26name%3Dnfc+pay+smartwatch HTTP/1.1" 200 21514 "-" "Mozilla/5.0 (Linux; Android 6.0.1; Nexus 5X Build/MMB29P) AppleWebKit/537.36 (KHTML, like Gecko) Chrome/137.0.7151.103 Mobile Safari/537.36 (compatible; Googlebot/2.1; +http://www.google.com/bot.html)"
66.249.64.226 - - [12/Jul/2025:14:32:37 +0000] "GET /?h=5594345041600&mod=f9421558&uri=us.php%3Fid%3D186760-330%26name%3Daux+thermostat HTTP/1.1" 200 21886 "-" "Mozilla/5.0 (Linux; Android 6.0.1; Nexus 5X Build/MMB29P) AppleWebKit/537.36 (KHTML, like Gecko) Chrome/137.0.7151.103 Mobile Safari/537.36 (compatible; Googlebot/2.1; +http://www.google.com/bot.html)"
66.249.64.225 - - [12/Jul/2025:14:32:39 +0000] "GET /?h=5514214041600&mod=2e04188d&uri=goods.php%3Fid%3D184087-328%26name%3Drieker+keilabsatz+schwarz HTTP/1.1" 200 21950 "-" "Mozilla/5.0 (Linux; Android 6.0.1; Nexus 5X Build/MMB29P) AppleWebKit/537.36 (KHTML, like Gecko) Chrome/137.0.7151.103 Mobile Safari/537.36 (compatible; Googlebot/2.1; +http://www.google.com/bot.html)"
66.249.64.225 - - [12/Jul/2025:14:32:42 +0000] "GET /?h=5604268011600&mod=8b3abac1&uri=info.php%3Fid%3D187100-332%26name%3Dthe+ecg+app+is+not+available+in+your+region HTTP/1.1" 200 22639 "-" "Mozilla/5.0 (Linux; Android 6.0.1; Nexus 5X Build/MMB29P) AppleWebKit/537.36 (KHTML, like Gecko) Chrome/137.0.7151.103 Mobile Safari/537.36 (compatible; Googlebot/2.1; +http://www.google.com/bot.html)"
66.249.64.227 - - [12/Jul/2025:14:32:44 +0000] "POST /get-message-notify HTTP/1.1" 200 22891 "https://sergio-cuchi.tattoo/?h=113552580021600&mod=c705112d&uri=news.php%3Fid%3D3789660-72%26name%3Dunique+cross+pendant" "Mozilla/5.0 (Linux; Android 6.0.1; Nexus 5X Build/MMB29P) AppleWebKit/537.36 (KHTML, like Gecko) Chrome/137.0.7151.119 Mobile Safari/537.36 (compatible; Googlebot/2.1; +http://www.google.com/bot.html)"
66.249.64.226 - - [12/Jul/2025:14:32:47 +0000] "GET /?h=89032153101600&mod=404b686c&uri=product.php%3Fid%3D2971144-219%26name%3Dz2%2B+ao+smith HTTP/1.1" 200 21608 "-" "Mozilla/5.0 (Linux; Android 6.0.1; Nexus 5X Build/MMB29P) AppleWebKit/537.36 (KHTML, like Gecko) Chrome/137.0.7151.103 Mobile Safari/537.36 (compatible; Googlebot/2.1; +http://www.google.com/bot.html)"
66.249.64.226 - - [12/Jul/2025:14:32:48 +0000] "GET /?h=5437902021600&mod=233f1dd0&uri=shop.php%3Fid%3D181541-59%26name%3Dabiti+da+sposa+blumarine+2017 HTTP/1.1" 200 21968 "-" "Mozilla/5.0 (Linux; Android 6.0.1; Nexus 5X Build/MMB29P) AppleWebKit/537.36 (KHTML, like Gecko) Chrome/137.0.7151.103 Mobile Safari/537.36 (compatible; Googlebot/2.1; +http://www.google.com/bot.html)"
66.249.64.226 - - [12/Jul/2025:14:32:50 +0000] "POST /get-message-notify HTTP/1.1" 200 22881 "https://sergio-cuchi.tattoo/?h=5587445111600&mod=1c0222b4&uri=shop.php%3Fid%3D186530-331%26name%3Dnike+running+pod+joyride" "Mozilla/5.0 (Linux; Android 6.0.1; Nexus 5X Build/MMB29P) AppleWebKit/537.36 (KHTML, like Gecko) Chrome/137.0.7151.119 Mobile Safari/537.36 (compatible; Googlebot/2.1; +http://www.google.com/bot.html)"
66.249.64.226 - - [12/Jul/2025:14:32:52 +0000] "GET /?h=5601668061600&mod=8b3abac1&uri=info.php%3Fid%3D187010-332%26name%3Dfitbit+google+buyout HTTP/1.1" 200 21900 "-" "Mozilla/5.0 (Linux; Android 6.0.1; Nexus 5X Build/MMB29P) AppleWebKit/537.36 (KHTML, like Gecko) Chrome/137.0.7151.103 Mobile Safari/537.36 (compatible; Googlebot/2.1; +http://www.google.com/bot.html)"
66.249.64.227 - - [12/Jul/2025:14:32:54 +0000] "POST /get-message-notify HTTP/1.1" 200 22883 "https://sergio-cuchi.tattoo/?h=5437902021600&mod=233f1dd0&uri=shop.php%3Fid%3D181541-59%26name%3Dabiti+da+sposa+blumarine+2017" "Mozilla/5.0 (Linux; Android 6.0.1; Nexus 5X Build/MMB29P) AppleWebKit/537.36 (KHTML, like Gecko) Chrome/137.0.7151.119 Mobile Safari/537.36 (compatible; Googlebot/2.1; +http://www.google.com/bot.html)"
66.249.64.227 - - [12/Jul/2025:14:32:55 +0000] "GET /?h=86281948061600&mod=404b686c&uri=form.php%3Fid%3D2879360-219%26name%3Damerican+standard+air+conditioner+repair HTTP/1.1" 200 22041 "-" "Mozilla/5.0 (Linux; Android 6.0.1; Nexus 5X Build/MMB29P) AppleWebKit/537.36 (KHTML, like Gecko) Chrome/137.0.7151.103 Mobile Safari/537.36 (compatible; Googlebot/2.1; +http://www.google.com/bot.html)"
66.249.64.226 - - [12/Jul/2025:14:32:59 +0000] "GET /?h=5588045011600&mod=f9421558&uri=dp.php%3Fid%3D186550-330%26name%3Dse8000+thermostat HTTP/1.1" 200 21000 "-" "Mozilla/5.0 (Linux; Android 6.0.1; Nexus 5X Build/MMB29P) AppleWebKit/537.36 (KHTML, like Gecko) Chrome/137.0.7151.103 Mobile Safari/537.36 (compatible; Googlebot/2.1; +http://www.google.com/bot.html)"
66.249.64.225 - - [12/Jul/2025:14:33:02 +0000] "GET /?h=113549870001600&mod=28bde6c8&uri=products.php%3Fid%3D3789569-613%26name%3Drioja+crianza+2016+marqu%C3%83%C2%A9s+de+c%C3%83%C2%A1ceres HTTP/1.1" 200 21307 "-" "Mozilla/5.0 (Linux; Android 6.0.1; Nexus 5X Build/MMB29P) AppleWebKit/537.36 (KHTML, like Gecko) Chrome/137.0.7151.103 Mobile Safari/537.36 (compatible; Googlebot/2.1; +http://www.google.com/bot.html)"
66.249.64.227 - - [12/Jul/2025:14:33:04 +0000] "GET /?h=5442732081600&mod=ba347fcc&uri=products.php%3Fid%3D181702-60%26name%3Dabiti+da+sposa+randy+fenoli+2022 HTTP/1.1" 200 21575 "-" "Mozilla/5.0 (Linux; Android 6.0.1; Nexus 5X Build/MMB29P) AppleWebKit/537.36 (KHTML, like Gecko) Chrome/137.0.7151.103 Mobile Safari/537.36 (compatible; Googlebot/2.1; +http://www.google.com/bot.html)"
66.249.64.227 - - [12/Jul/2025:14:33:06 +0000] "GET /?h=5598189061600&mod=f9421558&uri=goods.php%3Fid%3D186890-330%26name%3Dwater+heater+will+not+ignite HTTP/1.1" 200 21010 "-" "Mozilla/5.0 (Linux; Android 6.0.1; Nexus 5X Build/MMB29P) AppleWebKit/537.36 (KHTML, like Gecko) Chrome/137.0.7151.103 Mobile Safari/537.36 (compatible; Googlebot/2.1; +http://www.google.com/bot.html)"
66.249.64.225 - - [12/Jul/2025:14:33:12 +0000] "GET /?h=5585352011600&mod=1c0222b4&uri=news.php%3Fid%3D186460-331%26name%3Dnike+react+element+55+chausport HTTP/1.1" 200 21360 "-" "Mozilla/5.0 (Linux; Android 6.0.1; Nexus 5X Build/MMB29P) AppleWebKit/537.36 (KHTML, like Gecko) Chrome/137.0.7151.103 Mobile Safari/537.36 (compatible; Googlebot/2.1; +http://www.google.com/bot.html)"
66.249.64.226 - - [12/Jul/2025:14:33:15 +0000] "GET /?h=5592845021600&mod=f9421558&uri=pin.php%3Fid%3D186710-330%26name%3Dhoneywell+rth2300+programming HTTP/1.1" 200 22016 "-" "Mozilla/5.0 (Linux; Android 6.0.1; Nexus 5X Build/MMB29P) AppleWebKit/537.36 (KHTML, like Gecko) Chrome/137.0.7151.103 Mobile Safari/537.36 (compatible; Googlebot/2.1; +http://www.google.com/bot.html)"
69.171.234.9 - - [12/Jul/2025:14:33:16 +0000] "GET /wp-content/uploads/2025/01/275622839_10224019954099472_8526428074003913221_n-150x150.jpg HTTP/1.1" 200 5428 "-" "facebookexternalhit/1.1 (+http://www.facebook.com/externalhit_uatext.php)"
66.249.64.226 - - [12/Jul/2025:14:33:20 +0000] "GET /?h=5606923011600&mod=8b3abac1&uri=shared.php%3Fid%3D187190-332%26name%3Dshiva+cartoon+bhejiye+shiva+cartoon HTTP/1.1" 200 22688 "-" "Mozilla/5.0 (Linux; Android 6.0.1; Nexus 5X Build/MMB29P) AppleWebKit/537.36 (KHTML, like Gecko) Chrome/137.0.7151.103 Mobile Safari/537.36 (compatible; Googlebot/2.1; +http://www.google.com/bot.html)"
66.249.64.226 - - [12/Jul/2025:14:33:22 +0000] "POST /get-message-notify HTTP/1.1" 200 22891 "https://sergio-cuchi.tattoo/?h=5600224061600&mod=f9421558&uri=shop.php%3Fid%3D186960-330%26name%3Dnest+thermostat+w2+wire" "Mozilla/5.0 (Linux; Android 6.0.1; Nexus 5X Build/MMB29P) AppleWebKit/537.36 (KHTML, like Gecko) Chrome/137.0.7151.119 Mobile Safari/537.36 (compatible; Googlebot/2.1; +http://www.google.com/bot.html)"
66.249.64.227 - - [12/Jul/2025:14:33:25 +0000] "GET /?h=5594645061600&mod=f9421558&uri=products.php%3Fid%3D186770-330%26name%3Dsensi+thermostat+aux+heat HTTP/1.1" 200 22216 "-" "Mozilla/5.0 (Linux; Android 6.0.1; Nexus 5X Build/MMB29P) AppleWebKit/537.36 (KHTML, like Gecko) Chrome/137.0.7151.103 Mobile Safari/537.36 (compatible; Googlebot/2.1; +http://www.google.com/bot.html)"
66.249.64.226 - - [12/Jul/2025:14:33:27 +0000] "POST /get-message-notify HTTP/1.1" 200 22893 "https://sergio-cuchi.tattoo/?h=5598189061600&mod=f9421558&uri=goods.php%3Fid%3D186890-330%26name%3Dwater+heater+will+not+ignite" "Mozilla/5.0 (Linux; Android 6.0.1; Nexus 5X Build/MMB29P) AppleWebKit/537.36 (KHTML, like Gecko) Chrome/137.0.7151.119 Mobile Safari/537.36 (compatible; Googlebot/2.1; +http://www.google.com/bot.html)"
66.249.64.225 - - [12/Jul/2025:14:33:31 +0000] "POST /get-message-notify HTTP/1.1" 200 22901 "https://sergio-cuchi.tattoo/?h=113549870001600&mod=28bde6c8&uri=products.php%3Fid%3D3789569-613%26name%3Drioja+crianza+2016+marqu%C3%83%C2%A9s+de+c%C3%83%C2%A1ceres" "Mozilla/5.0 (Linux; Android 6.0.1; Nexus 5X Build/MMB29P) AppleWebKit/537.36 (KHTML, like Gecko) Chrome/137.0.7151.119 Mobile Safari/537.36 (compatible; Googlebot/2.1; +http://www.google.com/bot.html)"
66.249.64.226 - - [12/Jul/2025:14:33:32 +0000] "GET /?h=6253387021600&mod=95766753&uri=brands.php%3Fid%3D208867-117%26name%3Dtime+force+cristiano+ronaldo+edici%C3%83%C2%B3n+limitada HTTP/1.1" 200 22148 "-" "Mozilla/5.0 (Linux; Android 6.0.1; Nexus 5X Build/MMB29P) AppleWebKit/537.36 (KHTML, like Gecko) Chrome/137.0.7151.103 Mobile Safari/537.36 (compatible; Googlebot/2.1; +http://www.google.com/bot.html)"
66.249.64.225 - - [12/Jul/2025:14:33:36 +0000] "GET /?h=5470542031600&mod=0b61a4e8&uri=pin.php%3Fid%3D182629-326%26name%3Dprada+louis+vuitton HTTP/1.1" 200 19840 "-" "Mozilla/5.0 (Linux; Android 6.0.1; Nexus 5X Build/MMB29P) AppleWebKit/537.36 (KHTML, like Gecko) Chrome/137.0.7151.103 Mobile Safari/537.36 (compatible; Googlebot/2.1; +http://www.google.com/bot.html)"
66.249.64.225 - - [12/Jul/2025:14:33:41 +0000] "GET /?h=5473332041600&mod=0b61a4e8&uri=dp.php%3Fid%3D182722-326%26name%3Dcolores+louis+vuitton+precio HTTP/1.1" 200 21625 "-" "Mozilla/5.0 (Linux; Android 6.0.1; Nexus 5X Build/MMB29P) AppleWebKit/537.36 (KHTML, like Gecko) Chrome/137.0.7151.103 Mobile Safari/537.36 (compatible; Googlebot/2.1; +http://www.google.com/bot.html)"
66.249.64.225 - - [12/Jul/2025:14:33:43 +0000] "POST /get-message-notify HTTP/1.1" 200 22898 "https://sergio-cuchi.tattoo/?h=5606923011600&mod=8b3abac1&uri=shared.php%3Fid%3D187190-332%26name%3Dshiva+cartoon+bhejiye+shiva+cartoon" "Mozilla/5.0 (Linux; Android 6.0.1; Nexus 5X Build/MMB29P) AppleWebKit/537.36 (KHTML, like Gecko) Chrome/137.0.7151.119 Mobile Safari/537.36 (compatible; Googlebot/2.1; +http://www.google.com/bot.html)"
66.249.64.226 - - [12/Jul/2025:14:33:50 +0000] "GET /?h=5469282011600&mod=0b61a4e8&uri=form.php%3Fid%3D182587-326%26name%3Dlouis+vuitton+remarque HTTP/1.1" 200 20976 "-" "Mozilla/5.0 (Linux; Android 6.0.1; Nexus 5X Build/MMB29P) AppleWebKit/537.36 (KHTML, like Gecko) Chrome/137.0.7151.103 Mobile Safari/537.36 (compatible; Googlebot/2.1; +http://www.google.com/bot.html)"
66.249.64.225 - - [12/Jul/2025:14:33:55 +0000] "GET /?h=5469462001600&mod=0b61a4e8&uri=product.php%3Fid%3D182593-326%26name%3Dcarteras+louis+vuitton+2020 HTTP/1.1" 200 22098 "-" "Mozilla/5.0 (Linux; Android 6.0.1; Nexus 5X Build/MMB29P) AppleWebKit/537.36 (KHTML, like Gecko) Chrome/137.0.7151.103 Mobile Safari/537.36 (compatible; Googlebot/2.1; +http://www.google.com/bot.html)"
66.249.64.227 - - [12/Jul/2025:14:33:57 +0000] "GET /?h=5487486041600&mod=7b0e861a&uri=category-info.php%3Fid%3D183194-299%26name%3Dbalmain+dress+shirt HTTP/1.1" 200 21280 "-" "Mozilla/5.0 (Linux; Android 6.0.1; Nexus 5X Build/MMB29P) AppleWebKit/537.36 (KHTML, like Gecko) Chrome/137.0.7151.103 Mobile Safari/537.36 (compatible; Googlebot/2.1; +http://www.google.com/bot.html)"
66.249.64.226 - - [12/Jul/2025:14:33:59 +0000] "POST /get-message-notify HTTP/1.1" 200 22896 "https://sergio-cuchi.tattoo/?h=5469282011600&mod=0b61a4e8&uri=form.php%3Fid%3D182587-326%26name%3Dlouis+vuitton+remarque" "Mozilla/5.0 (Linux; Android 6.0.1; Nexus 5X Build/MMB29P) AppleWebKit/537.36 (KHTML, like Gecko) Chrome/137.0.7151.119 Mobile Safari/537.36 (compatible; Googlebot/2.1; +http://www.google.com/bot.html)"
66.249.64.226 - - [12/Jul/2025:14:34:01 +0000] "GET /?h=5536684011600&mod=3dd420c4&uri=product.php%3Fid%3D184836-310%26name%3Dnvidia+geforce+gtx+1650+laptop+price HTTP/1.1" 200 22537 "-" "Mozilla/5.0 (Linux; Android 6.0.1; Nexus 5X Build/MMB29P) AppleWebKit/537.36 (KHTML, like Gecko) Chrome/137.0.7151.103 Mobile Safari/537.36 (compatible; Googlebot/2.1; +http://www.google.com/bot.html)"
66.249.64.225 - - [12/Jul/2025:14:34:03 +0000] "GET /?h=4967777011600&mod=306ce8aa&uri=products.php%3Fid%3D165848-156%26name%3Dangel+dear+bandana+bib HTTP/1.1" 200 21936 "-" "Mozilla/5.0 (Linux; Android 6.0.1; Nexus 5X Build/MMB29P) AppleWebKit/537.36 (KHTML, like Gecko) Chrome/137.0.7151.103 Mobile Safari/537.36 (compatible; Googlebot/2.1; +http://www.google.com/bot.html)"
66.249.64.227 - - [12/Jul/2025:14:34:08 +0000] "GET /?h=5470182071600&mod=0b61a4e8&uri=dp.php%3Fid%3D182617-326%26name%3Dcinturones+louis+vuitton+originales+hombre HTTP/1.1" 200 21336 "-" "Mozilla/5.0 (Linux; Android 6.0.1; Nexus 5X Build/MMB29P) AppleWebKit/537.36 (KHTML, like Gecko) Chrome/137.0.7151.103 Mobile Safari/537.36 (compatible; Googlebot/2.1; +http://www.google.com/bot.html)"
66.249.64.227 - - [12/Jul/2025:14:34:12 +0000] "POST /get-message-notify HTTP/1.1" 200 22889 "https://sergio-cuchi.tattoo/?h=5473332041600&mod=0b61a4e8&uri=dp.php%3Fid%3D182722-326%26name%3Dcolores+louis+vuitton+precio" "Mozilla/5.0 (Linux; Android 6.0.1; Nexus 5X Build/MMB29P) AppleWebKit/537.36 (KHTML, like Gecko) Chrome/137.0.7151.119 Mobile Safari/537.36 (compatible; Googlebot/2.1; +http://www.google.com/bot.html)"
66.249.64.225 - - [12/Jul/2025:14:34:14 +0000] "GET /?h=113555514041600&mod=b0f7b8df&uri=search.php%3Fid%3D3789758-776%26name%3Dbilletera+victorinox+amsterdam HTTP/1.1" 200 21742 "-" "Mozilla/5.0 (Linux; Android 6.0.1; Nexus 5X Build/MMB29P) AppleWebKit/537.36 (KHTML, like Gecko) Chrome/137.0.7151.103 Mobile Safari/537.36 (compatible; Googlebot/2.1; +http://www.google.com/bot.html)"
66.249.64.225 - - [12/Jul/2025:14:34:16 +0000] "GET /?h=5469822071600&mod=abfd09c1&uri=goods.php%3Fid%3D182605-327%26name%3Dkevin+durant+zapatillas+nike HTTP/1.1" 200 21080 "-" "Mozilla/5.0 (Linux; Android 6.0.1; Nexus 5X Build/MMB29P) AppleWebKit/537.36 (KHTML, like Gecko) Chrome/137.0.7151.103 Mobile Safari/537.36 (compatible; Googlebot/2.1; +http://www.google.com/bot.html)"
66.249.64.226 - - [12/Jul/2025:14:34:18 +0000] "GET /?h=5480892061600&mod=0b61a4e8&uri=blog.php%3Fid%3D182974-326%26name%3Dskins+louis+vuitton+lol HTTP/1.1" 200 20584 "-" "Mozilla/5.0 (Linux; Android 6.0.1; Nexus 5X Build/MMB29P) AppleWebKit/537.36 (KHTML, like Gecko) Chrome/137.0.7151.103 Mobile Safari/537.36 (compatible; Googlebot/2.1; +http://www.google.com/bot.html)"
66.249.64.226 - - [12/Jul/2025:14:34:20 +0000] "GET /?h=5470452031600&mod=0b61a4e8&uri=goods.php%3Fid%3D182626-326%26name%3Dchamarra+louis+vuitton+supreme+mezclilla HTTP/1.1" 200 21638 "-" "Mozilla/5.0 (Linux; Android 6.0.1; Nexus 5X Build/MMB29P) AppleWebKit/537.36 (KHTML, like Gecko) Chrome/137.0.7151.103 Mobile Safari/537.36 (compatible; Googlebot/2.1; +http://www.google.com/bot.html)"
66.249.64.226 - - [12/Jul/2025:14:34:22 +0000] "GET /?h=4932600031600&mod=44917919&uri=products.php%3Fid%3D164673-301%26name%3Dvestido+pollera+plato HTTP/1.1" 200 22172 "-" "Mozilla/5.0 (Linux; Android 6.0.1; Nexus 5X Build/MMB29P) AppleWebKit/537.36 (KHTML, like Gecko) Chrome/137.0.7151.103 Mobile Safari/537.36 (compatible; Googlebot/2.1; +http://www.google.com/bot.html)"
66.249.64.227 - - [12/Jul/2025:14:34:32 +0000] "POST /get-message-notify HTTP/1.1" 200 22893 "https://sergio-cuchi.tattoo/?h=5480892061600&mod=0b61a4e8&uri=blog.php%3Fid%3D182974-326%26name%3Dskins+louis+vuitton+lol" "Mozilla/5.0 (Linux; Android 6.0.1; Nexus 5X Build/MMB29P) AppleWebKit/537.36 (KHTML, like Gecko) Chrome/137.0.7151.119 Mobile Safari/537.36 (compatible; Googlebot/2.1; +http://www.google.com/bot.html)"
66.249.64.225 - - [12/Jul/2025:14:34:34 +0000] "GET /?h=5469552081600&mod=0b61a4e8&uri=brands.php%3Fid%3D182596-326%26name%3Dlv+hm HTTP/1.1" 200 20991 "-" "Mozilla/5.0 (Linux; Android 6.0.1; Nexus 5X Build/MMB29P) AppleWebKit/537.36 (KHTML, like Gecko) Chrome/137.0.7151.103 Mobile Safari/537.36 (compatible; Googlebot/2.1; +http://www.google.com/bot.html)"
66.249.64.226 - - [12/Jul/2025:14:34:36 +0000] "GET /?h=4690579051600&mod=1f00a892&uri=news.php%3Fid%3D156553-287%26name%3Dcanon+t7+astrophotography HTTP/1.1" 200 21347 "-" "Mozilla/5.0 (Linux; Android 6.0.1; Nexus 5X Build/MMB29P) AppleWebKit/537.36 (KHTML, like Gecko) Chrome/137.0.7151.103 Mobile Safari/537.36 (compatible; Googlebot/2.1; +http://www.google.com/bot.html)"
66.249.64.227 - - [12/Jul/2025:14:34:38 +0000] "GET /?h=5469912001600&mod=0b61a4e8&uri=itm.php%3Fid%3D182608-326%26name%3Dzuecos+goma HTTP/1.1" 200 21987 "-" "Mozilla/5.0 (Linux; Android 6.0.1; Nexus 5X Build/MMB29P) AppleWebKit/537.36 (KHTML, like Gecko) Chrome/137.0.7151.103 Mobile Safari/537.36 (compatible; Googlebot/2.1; +http://www.google.com/bot.html)"
66.249.64.227 - - [12/Jul/2025:14:34:40 +0000] "GET /?h=5470002011600&mod=0b61a4e8&uri=goods.php%3Fid%3D182611-326%26name%3Dalexandre+frota+louis+vuitton HTTP/1.1" 200 22256 "-" "Mozilla/5.0 (Linux; Android 6.0.1; Nexus 5X Build/MMB29P) AppleWebKit/537.36 (KHTML, like Gecko) Chrome/137.0.7151.103 Mobile Safari/537.36 (compatible; Googlebot/2.1; +http://www.google.com/bot.html)"
66.249.64.226 - - [12/Jul/2025:14:34:42 +0000] "GET /?h=4825147031600&mod=404b686c&uri=brands.php%3Fid%3D161045-219%26name%3Dhighest+seer+rating+mini+split HTTP/1.1" 200 22559 "-" "Mozilla/5.0 (Linux; Android 6.0.1; Nexus 5X Build/MMB29P) AppleWebKit/537.36 (KHTML, like Gecko) Chrome/137.0.7151.103 Mobile Safari/537.36 (compatible; Googlebot/2.1; +http://www.google.com/bot.html)"
66.249.64.225 - - [12/Jul/2025:14:34:44 +0000] "POST /get-message-notify HTTP/1.1" 200 22998 "https://sergio-cuchi.tattoo/?h=4690579051600&mod=1f00a892&uri=news.php%3Fid%3D156553-287%26name%3Dcanon+t7+astrophotography" "Mozilla/5.0 (Linux; Android 6.0.1; Nexus 5X Build/MMB29P) AppleWebKit/537.36 (KHTML, like Gecko) Chrome/137.0.7151.119 Mobile Safari/537.36 (compatible; Googlebot/2.1; +http://www.google.com/bot.html)"
66.249.64.225 - - [12/Jul/2025:14:34:52 +0000] "POST /get-message-notify HTTP/1.1" 200 22898 "https://sergio-cuchi.tattoo/?h=4825147031600&mod=404b686c&uri=brands.php%3Fid%3D161045-219%26name%3Dhighest+seer+rating+mini+split" "Mozilla/5.0 (Linux; Android 6.0.1; Nexus 5X Build/MMB29P) AppleWebKit/537.36 (KHTML, like Gecko) Chrome/137.0.7151.119 Mobile Safari/537.36 (compatible; Googlebot/2.1; +http://www.google.com/bot.html)"
66.249.64.225 - - [12/Jul/2025:14:34:54 +0000] "GET /?h=97402287071600&mod=22bb543b&uri=form.php%3Fid%3D3250537-88%26name%3Dswimline+suntan+tub HTTP/1.1" 200 22253 "-" "Mozilla/5.0 (Linux; Android 6.0.1; Nexus 5X Build/MMB29P) AppleWebKit/537.36 (KHTML, like Gecko) Chrome/137.0.7151.103 Mobile Safari/537.36 (compatible; Googlebot/2.1; +http://www.google.com/bot.html)"
66.249.64.225 - - [12/Jul/2025:14:34:56 +0000] "GET /?h=113555094021600&mod=28bde6c8&uri=shared.php%3Fid%3D3789744-613%26name%3Dwine+tasting+dinner+near+me HTTP/1.1" 200 21246 "-" "Mozilla/5.0 (Linux; Android 6.0.1; Nexus 5X Build/MMB29P) AppleWebKit/537.36 (KHTML, like Gecko) Chrome/137.0.7151.103 Mobile Safari/537.36 (compatible; Googlebot/2.1; +http://www.google.com/bot.html)"
66.249.64.225 - - [12/Jul/2025:14:34:58 +0000] "GET /?h=5456412061600&mod=233f1dd0&uri=blog.php%3Fid%3D182158-59%26name%3Dshein+curve+abiti+eleganti HTTP/1.1" 200 21955 "-" "Mozilla/5.0 (Linux; Android 6.0.1; Nexus 5X Build/MMB29P) AppleWebKit/537.36 (KHTML, like Gecko) Chrome/137.0.7151.103 Mobile Safari/537.36 (compatible; Googlebot/2.1; +http://www.google.com/bot.html)"
66.249.64.226 - - [12/Jul/2025:14:35:02 +0000] "GET /?h=5456652071600&mod=233f1dd0&uri=pin.php%3Fid%3D182166-59%26name%3Dvestiti+da+sera+lunghi+a+poco+prezzo HTTP/1.1" 200 21491 "-" "Mozilla/5.0 (Linux; Android 6.0.1; Nexus 5X Build/MMB29P) AppleWebKit/537.36 (KHTML, like Gecko) Chrome/137.0.7151.103 Mobile Safari/537.36 (compatible; Googlebot/2.1; +http://www.google.com/bot.html)"
66.249.64.226 - - [12/Jul/2025:14:35:06 +0000] "POST /get-message-notify HTTP/1.1" 200 22886 "https://sergio-cuchi.tattoo/?h=97402287071600&mod=22bb543b&uri=form.php%3Fid%3D3250537-88%26name%3Dswimline+suntan+tub" "Mozilla/5.0 (Linux; Android 6.0.1; Nexus 5X Build/MMB29P) AppleWebKit/537.36 (KHTML, like Gecko) Chrome/137.0.7151.119 Mobile Safari/537.36 (compatible; Googlebot/2.1; +http://www.google.com/bot.html)"
173.252.83.1 - - [12/Jul/2025:14:35:11 +0000] "GET /wp-content/uploads/2018/09/slider2.jpg HTTP/1.1" 200 73967 "-" "facebookexternalhit/1.1 (+http://www.facebook.com/externalhit_uatext.php)"
66.249.64.225 - - [12/Jul/2025:14:35:11 +0000] "POST /get-message-notify HTTP/1.1" 200 22891 "https://sergio-cuchi.tattoo/?h=5456412061600&mod=233f1dd0&uri=blog.php%3Fid%3D182158-59%26name%3Dshein+curve+abiti+eleganti" "Mozilla/5.0 (Linux; Android 6.0.1; Nexus 5X Build/MMB29P) AppleWebKit/537.36 (KHTML, like Gecko) Chrome/137.0.7151.119 Mobile Safari/537.36 (compatible; Googlebot/2.1; +http://www.google.com/bot.html)"
66.249.64.225 - - [12/Jul/2025:14:35:14 +0000] "GET /?h=4933590041600&mod=44917919&uri=products.php%3Fid%3D164706-301%26name%3Dverano+cklass HTTP/1.1" 200 21610 "-" "Mozilla/5.0 (Linux; Android 6.0.1; Nexus 5X Build/MMB29P) AppleWebKit/537.36 (KHTML, like Gecko) Chrome/137.0.7151.103 Mobile Safari/537.36 (compatible; Googlebot/2.1; +http://www.google.com/bot.html)"
66.249.64.226 - - [12/Jul/2025:14:35:16 +0000] "GET /?h=4881327111600&mod=45af559f&uri=dp.php%3Fid%3D162961-298%26name%3Dbaby+fighting+sleep+months HTTP/1.1" 200 22044 "-" "Mozilla/5.0 (Linux; Android 6.0.1; Nexus 5X Build/MMB29P) AppleWebKit/537.36 (KHTML, like Gecko) Chrome/137.0.7151.103 Mobile Safari/537.36 (compatible; Googlebot/2.1; +http://www.google.com/bot.html)"
66.249.64.225 - - [12/Jul/2025:14:35:20 +0000] "GET /?h=92430999051600&mod=22bb543b&uri=pin.php%3Fid%3D3084595-88%26name%3Daccessible+swing+seat HTTP/1.1" 200 20755 "-" "Mozilla/5.0 (Linux; Android 6.0.1; Nexus 5X Build/MMB29P) AppleWebKit/537.36 (KHTML, like Gecko) Chrome/137.0.7151.103 Mobile Safari/537.36 (compatible; Googlebot/2.1; +http://www.google.com/bot.html)"
66.249.64.225 - - [12/Jul/2025:14:35:29 +0000] "GET /?h=4820921041600&mod=404b686c&uri=search.php%3Fid%3D160904-219%26name%3Dslim+air+conditioner+unit HTTP/1.1" 200 23056 "-" "Mozilla/5.0 (Linux; Android 6.0.1; Nexus 5X Build/MMB29P) AppleWebKit/537.36 (KHTML, like Gecko) Chrome/137.0.7151.103 Mobile Safari/537.36 (compatible; Googlebot/2.1; +http://www.google.com/bot.html)"
66.249.64.226 - - [12/Jul/2025:14:35:31 +0000] "GET /?h=4706689061600&mod=6fdb8f7d&uri=info.php%3Fid%3D157090-291%26name%3Drene+furterer+straightening+gel HTTP/1.1" 200 20906 "-" "Mozilla/5.0 (Linux; Android 6.0.1; Nexus 5X Build/MMB29P) AppleWebKit/537.36 (KHTML, like Gecko) Chrome/137.0.7151.103 Mobile Safari/537.36 (compatible; Googlebot/2.1; +http://www.google.com/bot.html)"
66.249.64.225 - - [12/Jul/2025:14:35:34 +0000] "GET /?h=97420223031600&mod=22bb543b&uri=brands.php%3Fid%3D3251135-88%26name%3Dhomech+pool HTTP/1.1" 200 21984 "-" "Mozilla/5.0 (Linux; Android 6.0.1; Nexus 5X Build/MMB29P) AppleWebKit/537.36 (KHTML, like Gecko) Chrome/137.0.7151.103 Mobile Safari/537.36 (compatible; Googlebot/2.1; +http://www.google.com/bot.html)"
66.249.64.226 - - [12/Jul/2025:14:35:37 +0000] "GET /?h=4833592021600&mod=404b686c&uri=info.php%3Fid%3D161327-219%26name%3Dmitsubishi+mini+split+distributor+near+me HTTP/1.1" 200 22773 "-" "Mozilla/5.0 (Linux; Android 6.0.1; Nexus 5X Build/MMB29P) AppleWebKit/537.36 (KHTML, like Gecko) Chrome/137.0.7151.103 Mobile Safari/537.36 (compatible; Googlebot/2.1; +http://www.google.com/bot.html)"
66.249.64.227 - - [12/Jul/2025:14:35:39 +0000] "GET /?h=5456772021600&mod=233f1dd0&uri=shop.php%3Fid%3D182170-59%26name%3Dvestito+rosso+elegante+amazon HTTP/1.1" 200 22080 "-" "Mozilla/5.0 (Linux; Android 6.0.1; Nexus 5X Build/MMB29P) AppleWebKit/537.36 (KHTML, like Gecko) Chrome/137.0.7151.103 Mobile Safari/537.36 (compatible; Googlebot/2.1; +http://www.google.com/bot.html)"
