66.249.64.225 - - [12/Jul/2025:22:28:42 +0000] "GET /?h=114118698031600&mod=be29a775&uri=brands.php%3Fid%3D3808565-478%26name%3Ddio+new+look HTTP/1.1" 200 21945 "-" "Mozilla/5.0 (Linux; Android 6.0.1; Nexus 5X Build/MMB29P) AppleWebKit/537.36 (KHTML, like Gecko) Chrome/137.0.7151.103 Mobile Safari/537.36 (compatible; Googlebot/2.1; +http://www.google.com/bot.html)"
66.249.64.226 - - [12/Jul/2025:22:28:43 +0000] "GET /?h=114124098011600&mod=4c4e5249&uri=goods.php%3Fid%3D3808745-53%26name%3Dtuta+adidas+nera+e+blu HTTP/1.1" 200 22708 "-" "Mozilla/5.0 (Linux; Android 6.0.1; Nexus 5X Build/MMB29P) AppleWebKit/537.36 (KHTML, like Gecko) Chrome/137.0.7151.103 Mobile Safari/537.36 (compatible; Googlebot/2.1; +http://www.google.com/bot.html)"
66.249.64.226 - - [12/Jul/2025:22:28:44 +0000] "GET /?h=113969221041600&mod=149cacc4&uri=blog.php%3Fid%3D3803568-963%26name%3Dorologi+polso+antichi HTTP/1.1" 200 21557 "-" "Mozilla/5.0 (Linux; Android 6.0.1; Nexus 5X Build/MMB29P) AppleWebKit/537.36 (KHTML, like Gecko) Chrome/137.0.7151.103 Mobile Safari/537.36 (compatible; Googlebot/2.1; +http://www.google.com/bot.html)"
66.249.64.226 - - [12/Jul/2025:22:28:45 +0000] "GET /?h=5600704021600&mod=8b3abac1&uri=article.php%3Fid%3D186976-332%26name%3Dfenix+pro+refurbished HTTP/1.1" 200 22372 "-" "Mozilla/5.0 (Linux; Android 6.0.1; Nexus 5X Build/MMB29P) AppleWebKit/537.36 (KHTML, like Gecko) Chrome/137.0.7151.103 Mobile Safari/537.36 (compatible; Googlebot/2.1; +http://www.google.com/bot.html)"
66.249.64.226 - - [12/Jul/2025:22:28:46 +0000] "POST /get-message-notify HTTP/1.1" 200 22898 "https://sergio-cuchi.tattoo/?h=114132454051600&mod=fb4c835f&uri=dp.php%3Fid%3D3809025-54%26name%3Dsandali+s+oliver" "Mozilla/5.0 (Linux; Android 6.0.1; Nexus 5X Build/MMB29P) AppleWebKit/537.36 (KHTML, like Gecko) Chrome/137.0.7151.119 Mobile Safari/537.36 (compatible; Googlebot/2.1; +http://www.google.com/bot.html)"
66.249.64.225 - - [12/Jul/2025:22:28:48 +0000] "GET /?h=114128292011600&mod=be29a775&uri=us.php%3Fid%3D3808885-478%26name%3Dsuzuki+intruder+1500+oil+change HTTP/1.1" 200 22395 "-" "Mozilla/5.0 (Linux; Android 6.0.1; Nexus 5X Build/MMB29P) AppleWebKit/537.36 (KHTML, like Gecko) Chrome/137.0.7151.103 Mobile Safari/537.36 (compatible; Googlebot/2.1; +http://www.google.com/bot.html)"
66.249.64.226 - - [12/Jul/2025:22:28:50 +0000] "GET /?h=6317885031600&mod=b0bef4c9&uri=us.php%3Fid%3D211020-27%26name%3Dpuzzles+ravensburger+catalogo HTTP/1.1" 200 22187 "-" "Mozilla/5.0 (Linux; Android 6.0.1; Nexus 5X Build/MMB29P) AppleWebKit/537.36 (KHTML, like Gecko) Chrome/137.0.7151.103 Mobile Safari/537.36 (compatible; Googlebot/2.1; +http://www.google.com/bot.html)"
66.249.64.226 - - [12/Jul/2025:22:28:52 +0000] "GET /?h=114122298011600&mod=be29a775&uri=category-info.php%3Fid%3D3808685-478%26name%3Dveloretti+cafechaser+review HTTP/1.1" 200 22417 "-" "Mozilla/5.0 (Linux; Android 6.0.1; Nexus 5X Build/MMB29P) AppleWebKit/537.36 (KHTML, like Gecko) Chrome/137.0.7151.103 Mobile Safari/537.36 (compatible; Googlebot/2.1; +http://www.google.com/bot.html)"
66.249.64.226 - - [12/Jul/2025:22:28:53 +0000] "GET /?h=114116898011600&mod=be29a775&uri=product.php%3Fid%3D3808505-478%26name%3Dhonda+forza+300+maintenance HTTP/1.1" 200 21732 "-" "Mozilla/5.0 (Linux; Android 6.0.1; Nexus 5X Build/MMB29P) AppleWebKit/537.36 (KHTML, like Gecko) Chrome/137.0.7151.103 Mobile Safari/537.36 (compatible; Googlebot/2.1; +http://www.google.com/bot.html)"
66.249.64.225 - - [12/Jul/2025:22:28:55 +0000] "POST /get-message-notify HTTP/1.1" 200 22893 "https://sergio-cuchi.tattoo/?h=114128292011600&mod=be29a775&uri=us.php%3Fid%3D3808885-478%26name%3Dsuzuki+intruder+1500+oil+change" "Mozilla/5.0 (Linux; Android 6.0.1; Nexus 5X Build/MMB29P) AppleWebKit/537.36 (KHTML, like Gecko) Chrome/137.0.7151.119 Mobile Safari/537.36 (compatible; Googlebot/2.1; +http://www.google.com/bot.html)"
209.74.77.214 - - [12/Jul/2025:22:28:55 +0000] "POST /wp-cron.php?doing_wp_cron=1752359335.6488280296325683593750 HTTP/1.1" 200 - "-" "WordPress/6.8.1; https://sergio-cuchi.tattoo"
43.130.53.252 - - [12/Jul/2025:22:28:55 +0000] "GET / HTTP/1.1" 200 16226 "-" "Mozilla/5.0 (iPhone; CPU iPhone OS 13_2_3 like Mac OS X) AppleWebKit/605.1.15 (KHTML, like Gecko) Version/13.0.3 Mobile/15E148 Safari/604.1"
66.249.64.225 - - [12/Jul/2025:22:28:56 +0000] "GET /?h=114116298111600&mod=be29a775&uri=search.php%3Fid%3D3808485-478%26name%3Dexcel+bajaj+service HTTP/1.1" 200 22102 "-" "Mozilla/5.0 (Linux; Android 6.0.1; Nexus 5X Build/MMB29P) AppleWebKit/537.36 (KHTML, like Gecko) Chrome/137.0.7151.103 Mobile Safari/537.36 (compatible; Googlebot/2.1; +http://www.google.com/bot.html)"
66.249.64.225 - - [12/Jul/2025:22:28:57 +0000] "GET /?h=5498657041600&mod=2e04188d&uri=category-info.php%3Fid%3D183568-328%26name%3Drieker+riemensandalette+blau HTTP/1.1" 200 22454 "-" "Mozilla/5.0 (Linux; Android 6.0.1; Nexus 5X Build/MMB29P) AppleWebKit/537.36 (KHTML, like Gecko) Chrome/137.0.7151.103 Mobile Safari/537.36 (compatible; Googlebot/2.1; +http://www.google.com/bot.html)"
66.249.64.225 - - [12/Jul/2025:22:28:58 +0000] "GET /?h=5515114011600&mod=3dd420c4&uri=form.php%3Fid%3D184117-310%26name%3D6gb+graphics+card+for+laptop HTTP/1.1" 200 22068 "-" "Mozilla/5.0 (Linux; Android 6.0.1; Nexus 5X Build/MMB29P) AppleWebKit/537.36 (KHTML, like Gecko) Chrome/137.0.7151.103 Mobile Safari/537.36 (compatible; Googlebot/2.1; +http://www.google.com/bot.html)"
66.249.64.225 - - [12/Jul/2025:22:29:09 +0000] "POST /get-message-notify HTTP/1.1" 200 22898 "https://sergio-cuchi.tattoo/?h=114130087071600&mod=4c4e5249&uri=shop.php%3Fid%3D3808945-53%26name%3Dscarpe+estive+per+piedi+brutti" "Mozilla/5.0 (Linux; Android 6.0.1; Nexus 5X Build/MMB29P) AppleWebKit/537.36 (KHTML, like Gecko) Chrome/137.0.7151.119 Mobile Safari/537.36 (compatible; Googlebot/2.1; +http://www.google.com/bot.html)"
66.249.64.225 - - [12/Jul/2025:22:29:12 +0000] "POST /get-message-notify HTTP/1.1" 200 22890 "https://sergio-cuchi.tattoo/?h=114113622011600&mod=be29a775&uri=news.php%3Fid%3D3808395-478%26name%3Dharley+davidson+oil+change+instructions" "Mozilla/5.0 (Linux; Android 6.0.1; Nexus 5X Build/MMB29P) AppleWebKit/537.36 (KHTML, like Gecko) Chrome/137.0.7151.119 Mobile Safari/537.36 (compatible; Googlebot/2.1; +http://www.google.com/bot.html)"
66.249.64.226 - - [12/Jul/2025:22:29:14 +0000] "GET /?h=113612774051600&mod=57629d5a&uri=blog.php%3Fid%3D3791667-1684%26name%3Dlowepro+whistler+bp+350+aw HTTP/1.1" 200 21304 "-" "Mozilla/5.0 (Linux; Android 6.0.1; Nexus 5X Build/MMB29P) AppleWebKit/537.36 (KHTML, like Gecko) Chrome/137.0.7151.103 Mobile Safari/537.36 (compatible; Googlebot/2.1; +http://www.google.com/bot.html)"
66.249.64.225 - - [12/Jul/2025:22:29:17 +0000] "GET /?h=67982563041600&mod=884738b4&uri=news.php%3Fid%3D2268634-322%26name%3Dbosch+sks62e22eu+review HTTP/1.1" 200 22065 "-" "Mozilla/5.0 (Linux; Android 6.0.1; Nexus 5X Build/MMB29P) AppleWebKit/537.36 (KHTML, like Gecko) Chrome/137.0.7151.103 Mobile Safari/537.36 (compatible; Googlebot/2.1; +http://www.google.com/bot.html)"
66.249.64.225 - - [12/Jul/2025:22:29:19 +0000] "GET /?h=5499727041600&mod=2e04188d&uri=form.php%3Fid%3D183604-328%26name%3Dbraune+rieker+sandalen HTTP/1.1" 200 21869 "-" "Mozilla/5.0 (Linux; Android 6.0.1; Nexus 5X Build/MMB29P) AppleWebKit/537.36 (KHTML, like Gecko) Chrome/137.0.7151.103 Mobile Safari/537.36 (compatible; Googlebot/2.1; +http://www.google.com/bot.html)"
66.249.64.225 - - [12/Jul/2025:22:29:20 +0000] "GET /?h=5516734021600&mod=3dd420c4&uri=article.php%3Fid%3D184171-310%26name%3Dintel+tiger+lake+integrated+graphics HTTP/1.1" 200 22720 "-" "Mozilla/5.0 (Linux; Android 6.0.1; Nexus 5X Build/MMB29P) AppleWebKit/537.36 (KHTML, like Gecko) Chrome/137.0.7151.103 Mobile Safari/537.36 (compatible; Googlebot/2.1; +http://www.google.com/bot.html)"
66.249.64.225 - - [12/Jul/2025:22:29:22 +0000] "GET /?h=5509984071600&mod=2e04188d&uri=product.php%3Fid%3D183946-328%26name%3Dbisgaard+winterstiefel+rose HTTP/1.1" 200 21604 "-" "Mozilla/5.0 (Linux; Android 6.0.1; Nexus 5X Build/MMB29P) AppleWebKit/537.36 (KHTML, like Gecko) Chrome/137.0.7151.103 Mobile Safari/537.36 (compatible; Googlebot/2.1; +http://www.google.com/bot.html)"
66.249.64.225 - - [12/Jul/2025:22:29:24 +0000] "GET /?h=6370840021600&mod=4fbdc7de&uri=search.php%3Fid%3D212790-363%26name%3Dis+zales+doing+ring+inspections HTTP/1.1" 200 21720 "-" "Mozilla/5.0 (Linux; Android 6.0.1; Nexus 5X Build/MMB29P) AppleWebKit/537.36 (KHTML, like Gecko) Chrome/137.0.7151.103 Mobile Safari/537.36 (compatible; Googlebot/2.1; +http://www.google.com/bot.html)"
66.249.64.225 - - [12/Jul/2025:22:29:25 +0000] "GET /?h=5506474011600&mod=2e04188d&uri=blog.php%3Fid%3D183829-328%26name%3Drieker+damenschuhe+38 HTTP/1.1" 200 22270 "-" "Mozilla/5.0 (Linux; Android 6.0.1; Nexus 5X Build/MMB29P) AppleWebKit/537.36 (KHTML, like Gecko) Chrome/137.0.7151.103 Mobile Safari/537.36 (compatible; Googlebot/2.1; +http://www.google.com/bot.html)"
66.249.64.225 - - [12/Jul/2025:22:29:26 +0000] "GET /?h=5511064031600&mod=2e04188d&uri=itm.php%3Fid%3D183982-328%26name%3Dwinter+arbeitsschuhe+wasserdicht HTTP/1.1" 200 21987 "-" "Mozilla/5.0 (Linux; Android 6.0.1; Nexus 5X Build/MMB29P) AppleWebKit/537.36 (KHTML, like Gecko) Chrome/137.0.7151.103 Mobile Safari/537.36 (compatible; Googlebot/2.1; +http://www.google.com/bot.html)"
66.249.64.225 - - [12/Jul/2025:22:29:27 +0000] "POST /get-message-notify HTTP/1.1" 200 23000 "https://sergio-cuchi.tattoo/?h=5499727041600&mod=2e04188d&uri=form.php%3Fid%3D183604-328%26name%3Dbraune+rieker+sandalen" "Mozilla/5.0 (Linux; Android 6.0.1; Nexus 5X Build/MMB29P) AppleWebKit/537.36 (KHTML, like Gecko) Chrome/137.0.7151.119 Mobile Safari/537.36 (compatible; Googlebot/2.1; +http://www.google.com/bot.html)"
66.249.64.225 - - [12/Jul/2025:22:29:29 +0000] "GET /?h=5501614031600&mod=2e04188d&uri=us.php%3Fid%3D183667-328%26name%3Dbunte+winterschuhe HTTP/1.1" 200 21889 "-" "Mozilla/5.0 (Linux; Android 6.0.1; Nexus 5X Build/MMB29P) AppleWebKit/537.36 (KHTML, like Gecko) Chrome/137.0.7151.103 Mobile Safari/537.36 (compatible; Googlebot/2.1; +http://www.google.com/bot.html)"
66.249.64.225 - - [12/Jul/2025:22:29:30 +0000] "GET /?h=5387835071600&mod=604580f8&uri=pin.php%3Fid%3D179871-270%26name%3Dgood+ink+pens HTTP/1.1" 200 22154 "-" "Mozilla/5.0 (Linux; Android 6.0.1; Nexus 5X Build/MMB29P) AppleWebKit/537.36 (KHTML, like Gecko) Chrome/137.0.7151.103 Mobile Safari/537.36 (compatible; Googlebot/2.1; +http://www.google.com/bot.html)"
66.249.64.225 - - [12/Jul/2025:22:29:31 +0000] "GET /?h=5517814131600&mod=2e04188d&uri=form.php%3Fid%3D184207-328%26name%3Dunterschied+stiefel+stiefeletten HTTP/1.1" 200 21182 "-" "Mozilla/5.0 (Linux; Android 6.0.1; Nexus 5X Build/MMB29P) AppleWebKit/537.36 (KHTML, like Gecko) Chrome/137.0.7151.103 Mobile Safari/537.36 (compatible; Googlebot/2.1; +http://www.google.com/bot.html)"
66.249.64.225 - - [12/Jul/2025:22:29:33 +0000] "GET /?h=5508094041600&mod=2e04188d&uri=goods.php%3Fid%3D183883-328%26name%3Dsommerstiefeln HTTP/1.1" 200 22352 "-" "Mozilla/5.0 (Linux; Android 6.0.1; Nexus 5X Build/MMB29P) AppleWebKit/537.36 (KHTML, like Gecko) Chrome/137.0.7151.103 Mobile Safari/537.36 (compatible; Googlebot/2.1; +http://www.google.com/bot.html)"
66.249.64.225 - - [12/Jul/2025:22:29:34 +0000] "POST /get-message-notify HTTP/1.1" 200 22891 "https://sergio-cuchi.tattoo/?h=5509984071600&mod=2e04188d&uri=product.php%3Fid%3D183946-328%26name%3Dbisgaard+winterstiefel+rose" "Mozilla/5.0 (Linux; Android 6.0.1; Nexus 5X Build/MMB29P) AppleWebKit/537.36 (KHTML, like Gecko) Chrome/137.0.7151.119 Mobile Safari/537.36 (compatible; Googlebot/2.1; +http://www.google.com/bot.html)"
66.249.64.225 - - [12/Jul/2025:22:29:35 +0000] "GET /?h=5358072041600&mod=884738b4&uri=form.php%3Fid%3D178878-322%26name%3Dasko+db16631s HTTP/1.1" 200 21807 "-" "Mozilla/5.0 (Linux; Android 6.0.1; Nexus 5X Build/MMB29P) AppleWebKit/537.36 (KHTML, like Gecko) Chrome/137.0.7151.103 Mobile Safari/537.36 (compatible; Googlebot/2.1; +http://www.google.com/bot.html)"
66.249.64.226 - - [12/Jul/2025:22:29:37 +0000] "GET /?h=5504584021600&mod=2e04188d&uri=goods.php%3Fid%3D183766-328%26name%3Dkennel+und+schmenger+reduziert HTTP/1.1" 200 22134 "-" "Mozilla/5.0 (Linux; Android 6.0.1; Nexus 5X Build/MMB29P) AppleWebKit/537.36 (KHTML, like Gecko) Chrome/137.0.7151.103 Mobile Safari/537.36 (compatible; Googlebot/2.1; +http://www.google.com/bot.html)"
66.249.64.226 - - [12/Jul/2025:22:29:42 +0000] "GET /?h=5501074001600&mod=2e04188d&uri=goods.php%3Fid%3D183649-328%26name%3Drieker+schuhe+sommerschuhe HTTP/1.1" 200 21890 "-" "Mozilla/5.0 (Linux; Android 6.0.1; Nexus 5X Build/MMB29P) AppleWebKit/537.36 (KHTML, like Gecko) Chrome/137.0.7151.103 Mobile Safari/537.36 (compatible; Googlebot/2.1; +http://www.google.com/bot.html)"
66.249.64.225 - - [12/Jul/2025:22:29:43 +0000] "POST /get-message-notify HTTP/1.1" 200 22899 "https://sergio-cuchi.tattoo/?h=5508094041600&mod=2e04188d&uri=goods.php%3Fid%3D183883-328%26name%3Dsommerstiefeln" "Mozilla/5.0 (Linux; Android 6.0.1; Nexus 5X Build/MMB29P) AppleWebKit/537.36 (KHTML, like Gecko) Chrome/137.0.7151.119 Mobile Safari/537.36 (compatible; Googlebot/2.1; +http://www.google.com/bot.html)"
66.249.64.225 - - [12/Jul/2025:22:29:44 +0000] "GET /?h=5427549011600&mod=404b686c&uri=dp.php%3Fid%3D181195-219%26name%3Dnatural+gas+furnace+vs+heat+pump HTTP/1.1" 200 22378 "-" "Mozilla/5.0 (Linux; Android 6.0.1; Nexus 5X Build/MMB29P) AppleWebKit/537.36 (KHTML, like Gecko) Chrome/137.0.7151.103 Mobile Safari/537.36 (compatible; Googlebot/2.1; +http://www.google.com/bot.html)"
66.249.64.225 - - [12/Jul/2025:22:29:45 +0000] "GET /?h=5517274101600&mod=3dd420c4&uri=shared.php%3Fid%3D184189-310%26name%3Ddell+inspiron+15+7000+nvidia+geforce+gtx HTTP/1.1" 200 21338 "-" "Mozilla/5.0 (Linux; Android 6.0.1; Nexus 5X Build/MMB29P) AppleWebKit/537.36 (KHTML, like Gecko) Chrome/137.0.7151.103 Mobile Safari/537.36 (compatible; Googlebot/2.1; +http://www.google.com/bot.html)"
66.249.64.226 - - [12/Jul/2025:22:29:47 +0000] "GET /?h=5507824001600&mod=2e04188d&uri=us.php%3Fid%3D183874-328%26name%3Dwadenhohe+chelsea+boots HTTP/1.1" 200 22270 "-" "Mozilla/5.0 (Linux; Android 6.0.1; Nexus 5X Build/MMB29P) AppleWebKit/537.36 (KHTML, like Gecko) Chrome/137.0.7151.103 Mobile Safari/537.36 (compatible; Googlebot/2.1; +http://www.google.com/bot.html)"
66.249.64.226 - - [12/Jul/2025:22:29:50 +0000] "GET /?h=5509714031600&mod=2e04188d&uri=shop.php%3Fid%3D183937-328%26name%3Dmeindl+wanderschuhe+damen+winter HTTP/1.1" 200 21337 "-" "Mozilla/5.0 (Linux; Android 6.0.1; Nexus 5X Build/MMB29P) AppleWebKit/537.36 (KHTML, like Gecko) Chrome/137.0.7151.103 Mobile Safari/537.36 (compatible; Googlebot/2.1; +http://www.google.com/bot.html)"
66.249.64.226 - - [12/Jul/2025:22:29:51 +0000] "POST /get-message-notify HTTP/1.1" 200 22890 "https://sergio-cuchi.tattoo/?h=6370840021600&mod=4fbdc7de&uri=search.php%3Fid%3D212790-363%26name%3Dis+zales+doing+ring+inspections" "Mozilla/5.0 (Linux; Android 6.0.1; Nexus 5X Build/MMB29P) AppleWebKit/537.36 (KHTML, like Gecko) Chrome/137.0.7151.119 Mobile Safari/537.36 (compatible; Googlebot/2.1; +http://www.google.com/bot.html)"
66.249.64.226 - - [12/Jul/2025:22:29:53 +0000] "GET /?h=5513224041600&mod=3dd420c4&uri=info.php%3Fid%3D184054-310%26name%3Dnvidia+geforce+gtx+1050+hp+laptop HTTP/1.1" 200 22115 "-" "Mozilla/5.0 (Linux; Android 6.0.1; Nexus 5X Build/MMB29P) AppleWebKit/537.36 (KHTML, like Gecko) Chrome/137.0.7151.103 Mobile Safari/537.36 (compatible; Googlebot/2.1; +http://www.google.com/bot.html)"
66.249.64.225 - - [12/Jul/2025:22:29:54 +0000] "GET /?h=5507284071600&mod=2e04188d&uri=form.php%3Fid%3D183856-328%26name%3Drieker+damenschuhe+gr+36 HTTP/1.1" 200 21273 "-" "Mozilla/5.0 (Linux; Android 6.0.1; Nexus 5X Build/MMB29P) AppleWebKit/537.36 (KHTML, like Gecko) Chrome/137.0.7151.103 Mobile Safari/537.36 (compatible; Googlebot/2.1; +http://www.google.com/bot.html)"
66.249.64.226 - - [12/Jul/2025:22:29:55 +0000] "GET /?h=5514034011600&mod=2e04188d&uri=category-info.php%3Fid%3D184081-328%26name%3Dbiker+boots+damen+breuninger HTTP/1.1" 200 22132 "-" "Mozilla/5.0 (Linux; Android 6.0.1; Nexus 5X Build/MMB29P) AppleWebKit/537.36 (KHTML, like Gecko) Chrome/137.0.7151.103 Mobile Safari/537.36 (compatible; Googlebot/2.1; +http://www.google.com/bot.html)"
66.249.64.225 - - [12/Jul/2025:22:29:57 +0000] "GET /?h=5500264041600&mod=2e04188d&uri=blog.php%3Fid%3D183622-328%26name%3Drieker+sleehak+sandalen HTTP/1.1" 200 20997 "-" "Mozilla/5.0 (Linux; Android 6.0.1; Nexus 5X Build/MMB29P) AppleWebKit/537.36 (KHTML, like Gecko) Chrome/137.0.7151.103 Mobile Safari/537.36 (compatible; Googlebot/2.1; +http://www.google.com/bot.html)"
66.249.64.225 - - [12/Jul/2025:22:29:58 +0000] "GET /?h=5514844021600&mod=3dd420c4&uri=shop.php%3Fid%3D184108-310%26name%3Dnvidia+graphics+chip+for+laptop HTTP/1.1" 200 22086 "-" "Mozilla/5.0 (Linux; Android 6.0.1; Nexus 5X Build/MMB29P) AppleWebKit/537.36 (KHTML, like Gecko) Chrome/137.0.7151.103 Mobile Safari/537.36 (compatible; Googlebot/2.1; +http://www.google.com/bot.html)"
66.249.64.225 - - [12/Jul/2025:22:30:02 +0000] "GET /?h=5505934071600&mod=0b61a4e8&uri=products.php%3Fid%3D183811-326%26name%3Dsueter+louis+vuitton+precio HTTP/1.1" 200 22168 "-" "Mozilla/5.0 (Linux; Android 6.0.1; Nexus 5X Build/MMB29P) AppleWebKit/537.36 (KHTML, like Gecko) Chrome/137.0.7151.103 Mobile Safari/537.36 (compatible; Googlebot/2.1; +http://www.google.com/bot.html)"
66.249.64.225 - - [12/Jul/2025:22:30:03 +0000] "GET /?h=5503234071600&mod=2e04188d&uri=blog.php%3Fid%3D183721-328%26name%3Dbisgaard+stiefel+gebraucht HTTP/1.1" 200 21187 "-" "Mozilla/5.0 (Linux; Android 6.0.1; Nexus 5X Build/MMB29P) AppleWebKit/537.36 (KHTML, like Gecko) Chrome/137.0.7151.103 Mobile Safari/537.36 (compatible; Googlebot/2.1; +http://www.google.com/bot.html)"
66.249.64.225 - - [12/Jul/2025:22:30:04 +0000] "GET /?h=5518624001600&mod=3dd420c4&uri=news.php%3Fid%3D184234-310%26name%3Dentry+level+graphics+card+for+video+editing HTTP/1.1" 200 21425 "-" "Mozilla/5.0 (Linux; Android 6.0.1; Nexus 5X Build/MMB29P) AppleWebKit/537.36 (KHTML, like Gecko) Chrome/137.0.7151.103 Mobile Safari/537.36 (compatible; Googlebot/2.1; +http://www.google.com/bot.html)"
66.249.64.226 - - [12/Jul/2025:22:30:06 +0000] "GET /?h=5512414031600&mod=2e04188d&uri=news.php%3Fid%3D184027-328%26name%3Dgummistiefel+blume HTTP/1.1" 200 21831 "-" "Mozilla/5.0 (Linux; Android 6.0.1; Nexus 5X Build/MMB29P) AppleWebKit/537.36 (KHTML, like Gecko) Chrome/137.0.7151.103 Mobile Safari/537.36 (compatible; Googlebot/2.1; +http://www.google.com/bot.html)"
66.249.64.225 - - [12/Jul/2025:22:30:07 +0000] "POST /get-message-notify HTTP/1.1" 200 22884 "https://sergio-cuchi.tattoo/?h=5513224041600&mod=3dd420c4&uri=info.php%3Fid%3D184054-310%26name%3Dnvidia+geforce+gtx+1050+hp+laptop" "Mozilla/5.0 (Linux; Android 6.0.1; Nexus 5X Build/MMB29P) AppleWebKit/537.36 (KHTML, like Gecko) Chrome/137.0.7151.119 Mobile Safari/537.36 (compatible; Googlebot/2.1; +http://www.google.com/bot.html)"
66.249.64.225 - - [12/Jul/2025:22:30:08 +0000] "GET /?h=5502694051600&mod=2e04188d&uri=category-info.php%3Fid%3D183703-328%26name%3Dscarpa+wanderschuhe+gtx HTTP/1.1" 200 22099 "-" "Mozilla/5.0 (Linux; Android 6.0.1; Nexus 5X Build/MMB29P) AppleWebKit/537.36 (KHTML, like Gecko) Chrome/137.0.7151.103 Mobile Safari/537.36 (compatible; Googlebot/2.1; +http://www.google.com/bot.html)"
66.249.64.225 - - [12/Jul/2025:22:30:10 +0000] "GET /?h=5509444041600&mod=2e04188d&uri=blog.php%3Fid%3D183928-328%26name%3Dshabbies+amsterdam+lammfell HTTP/1.1" 200 21745 "-" "Mozilla/5.0 (Linux; Android 6.0.1; Nexus 5X Build/MMB29P) AppleWebKit/537.36 (KHTML, like Gecko) Chrome/137.0.7151.103 Mobile Safari/537.36 (compatible; Googlebot/2.1; +http://www.google.com/bot.html)"
66.249.64.225 - - [12/Jul/2025:22:30:11 +0000] "GET /?h=5506204011600&mod=2e04188d&uri=shop.php%3Fid%3D183820-328%26name%3Dtimberland+damen+gef%C3%83%C2%BCttert+sale HTTP/1.1" 200 21517 "-" "Mozilla/5.0 (Linux; Android 6.0.1; Nexus 5X Build/MMB29P) AppleWebKit/537.36 (KHTML, like Gecko) Chrome/137.0.7151.103 Mobile Safari/537.36 (compatible; Googlebot/2.1; +http://www.google.com/bot.html)"
66.249.64.225 - - [12/Jul/2025:22:30:13 +0000] "GET /?h=5518084041600&mod=2e04188d&uri=form.php%3Fid%3D184216-328%26name%3Drieker+halbschuhe+herren HTTP/1.1" 200 22320 "-" "Mozilla/5.0 (Linux; Android 6.0.1; Nexus 5X Build/MMB29P) AppleWebKit/537.36 (KHTML, like Gecko) Chrome/137.0.7151.103 Mobile Safari/537.36 (compatible; Googlebot/2.1; +http://www.google.com/bot.html)"
66.249.64.225 - - [12/Jul/2025:22:30:14 +0000] "POST /get-message-notify HTTP/1.1" 200 22905 "https://sergio-cuchi.tattoo/?h=5502694051600&mod=2e04188d&uri=category-info.php%3Fid%3D183703-328%26name%3Dscarpa+wanderschuhe+gtx" "Mozilla/5.0 (Linux; Android 6.0.1; Nexus 5X Build/MMB29P) AppleWebKit/537.36 (KHTML, like Gecko) Chrome/137.0.7151.119 Mobile Safari/537.36 (compatible; Googlebot/2.1; +http://www.google.com/bot.html)"
66.249.64.225 - - [12/Jul/2025:22:30:15 +0000] "GET /?h=5499197021600&mod=2e04188d&uri=news.php%3Fid%3D183586-328%26name%3Dhse+hirschleder+schuhe HTTP/1.1" 200 22213 "-" "Mozilla/5.0 (Linux; Android 6.0.1; Nexus 5X Build/MMB29P) AppleWebKit/537.36 (KHTML, like Gecko) Chrome/137.0.7151.103 Mobile Safari/537.36 (compatible; Googlebot/2.1; +http://www.google.com/bot.html)"
66.249.64.225 - - [12/Jul/2025:22:30:17 +0000] "GET /?h=5498927011600&mod=2e04188d&uri=article.php%3Fid%3D183577-328%26name%3Ddeichmann+online+medicus HTTP/1.1" 200 21824 "-" "Mozilla/5.0 (Linux; Android 6.0.1; Nexus 5X Build/MMB29P) AppleWebKit/537.36 (KHTML, like Gecko) Chrome/137.0.7151.103 Mobile Safari/537.36 (compatible; Googlebot/2.1; +http://www.google.com/bot.html)"
66.249.64.225 - - [12/Jul/2025:22:30:18 +0000] "GET /?h=5507554011600&mod=2e04188d&uri=itm.php%3Fid%3D183865-328%26name%3Ddamen+schuhe+43+44 HTTP/1.1" 200 21258 "-" "Mozilla/5.0 (Linux; Android 6.0.1; Nexus 5X Build/MMB29P) AppleWebKit/537.36 (KHTML, like Gecko) Chrome/137.0.7151.103 Mobile Safari/537.36 (compatible; Googlebot/2.1; +http://www.google.com/bot.html)"
66.249.64.225 - - [12/Jul/2025:22:30:19 +0000] "GET /?h=5502424041600&mod=2e04188d&uri=product.php%3Fid%3D183694-328%26name%3Drieker+damen+sandalen+gelb HTTP/1.1" 200 21509 "-" "Mozilla/5.0 (Linux; Android 6.0.1; Nexus 5X Build/MMB29P) AppleWebKit/537.36 (KHTML, like Gecko) Chrome/137.0.7151.103 Mobile Safari/537.36 (compatible; Googlebot/2.1; +http://www.google.com/bot.html)"
66.249.64.225 - - [12/Jul/2025:22:30:22 +0000] "GET /?h=5358132061600&mod=884738b4&uri=article.php%3Fid%3D178880-322%26name%3Dbest+24+inch+portable+dishwasher HTTP/1.1" 200 21189 "-" "Mozilla/5.0 (Linux; Android 6.0.1; Nexus 5X Build/MMB29P) AppleWebKit/537.36 (KHTML, like Gecko) Chrome/137.0.7151.103 Mobile Safari/537.36 (compatible; Googlebot/2.1; +http://www.google.com/bot.html)"
66.249.64.226 - - [12/Jul/2025:22:30:24 +0000] "GET /?h=5503504011600&mod=2e04188d&uri=article.php%3Fid%3D183730-328%26name%3Dricosta+sandalen+gr+39 HTTP/1.1" 200 21827 "-" "Mozilla/5.0 (Linux; Android 6.0.1; Nexus 5X Build/MMB29P) AppleWebKit/537.36 (KHTML, like Gecko) Chrome/137.0.7151.103 Mobile Safari/537.36 (compatible; Googlebot/2.1; +http://www.google.com/bot.html)"
66.249.64.226 - - [12/Jul/2025:22:30:25 +0000] "POST /get-message-notify HTTP/1.1" 200 22908 "https://sergio-cuchi.tattoo/?h=5507554011600&mod=2e04188d&uri=itm.php%3Fid%3D183865-328%26name%3Ddamen+schuhe+43+44" "Mozilla/5.0 (Linux; Android 6.0.1; Nexus 5X Build/MMB29P) AppleWebKit/537.36 (KHTML, like Gecko) Chrome/137.0.7151.119 Mobile Safari/537.36 (compatible; Googlebot/2.1; +http://www.google.com/bot.html)"
66.249.64.225 - - [12/Jul/2025:22:30:26 +0000] "GET /?h=5507014031600&mod=2e04188d&uri=article.php%3Fid%3D183847-328%26name%3Dschuhe+von+rieker+damenschuhe HTTP/1.1" 200 22089 "-" "Mozilla/5.0 (Linux; Android 6.0.1; Nexus 5X Build/MMB29P) AppleWebKit/537.36 (KHTML, like Gecko) Chrome/137.0.7151.103 Mobile Safari/537.36 (compatible; Googlebot/2.1; +http://www.google.com/bot.html)"
66.249.64.225 - - [12/Jul/2025:22:30:28 +0000] "GET /?h=5518354011600&mod=3dd420c4&uri=products.php%3Fid%3D184225-310%26name%3Dlaptop+nvidia+geforce+rtx+3090 HTTP/1.1" 200 21554 "-" "Mozilla/5.0 (Linux; Android 6.0.1; Nexus 5X Build/MMB29P) AppleWebKit/537.36 (KHTML, like Gecko) Chrome/137.0.7151.103 Mobile Safari/537.36 (compatible; Googlebot/2.1; +http://www.google.com/bot.html)"
66.249.64.226 - - [12/Jul/2025:22:30:31 +0000] "GET /?h=5512684021600&mod=2e04188d&uri=product.php%3Fid%3D184036-328%26name%3Dchelsea+boots+farbige+sohle HTTP/1.1" 200 22060 "-" "Mozilla/5.0 (Linux; Android 6.0.1; Nexus 5X Build/MMB29P) AppleWebKit/537.36 (KHTML, like Gecko) Chrome/137.0.7151.103 Mobile Safari/537.36 (compatible; Googlebot/2.1; +http://www.google.com/bot.html)"
66.249.64.226 - - [12/Jul/2025:22:30:32 +0000] "GET /?h=5499467011600&mod=2e04188d&uri=product.php%3Fid%3D183595-328%26name%3Dwinterschuhe+gr%C3%83%C2%BCn+damen HTTP/1.1" 200 22481 "-" "Mozilla/5.0 (Linux; Android 6.0.1; Nexus 5X Build/MMB29P) AppleWebKit/537.36 (KHTML, like Gecko) Chrome/137.0.7151.103 Mobile Safari/537.36 (compatible; Googlebot/2.1; +http://www.google.com/bot.html)"
66.249.64.225 - - [12/Jul/2025:22:30:33 +0000] "POST /get-message-notify HTTP/1.1" 200 22902 "https://sergio-cuchi.tattoo/?h=5502424041600&mod=2e04188d&uri=product.php%3Fid%3D183694-328%26name%3Drieker+damen+sandalen+gelb" "Mozilla/5.0 (Linux; Android 6.0.1; Nexus 5X Build/MMB29P) AppleWebKit/537.36 (KHTML, like Gecko) Chrome/137.0.7151.119 Mobile Safari/537.36 (compatible; Googlebot/2.1; +http://www.google.com/bot.html)"
66.249.64.225 - - [12/Jul/2025:22:30:35 +0000] "GET /?h=5513764081600&mod=3dd420c4&uri=shared.php%3Fid%3D184072-310%26name%3Dlaptop+asus+gtx+1060 HTTP/1.1" 200 21612 "-" "Mozilla/5.0 (Linux; Android 6.0.1; Nexus 5X Build/MMB29P) AppleWebKit/537.36 (KHTML, like Gecko) Chrome/137.0.7151.103 Mobile Safari/537.36 (compatible; Googlebot/2.1; +http://www.google.com/bot.html)"
66.249.64.225 - - [12/Jul/2025:22:30:36 +0000] "GET /?h=5515654051600&mod=2e04188d&uri=product.php%3Fid%3D184135-328%26name%3Dkn%C3%83%C2%B6chel+boots HTTP/1.1" 200 21331 "-" "Mozilla/5.0 (Linux; Android 6.0.1; Nexus 5X Build/MMB29P) AppleWebKit/537.36 (KHTML, like Gecko) Chrome/137.0.7151.103 Mobile Safari/537.36 (compatible; Googlebot/2.1; +http://www.google.com/bot.html)"
66.249.64.226 - - [12/Jul/2025:22:30:37 +0000] "GET /?h=5515924001600&mod=3dd420c4&uri=shop.php%3Fid%3D184144-310%26name%3Damd+radeon+hd+5000+driver+download HTTP/1.1" 200 22201 "-" "Mozilla/5.0 (Linux; Android 6.0.1; Nexus 5X Build/MMB29P) AppleWebKit/537.36 (KHTML, like Gecko) Chrome/137.0.7151.103 Mobile Safari/537.36 (compatible; Googlebot/2.1; +http://www.google.com/bot.html)"
66.249.64.226 - - [12/Jul/2025:22:30:40 +0000] "GET /?h=5505394091600&mod=2e04188d&uri=goods.php%3Fid%3D183793-328%26name%3Dzalando+snowboots+damen HTTP/1.1" 200 21477 "-" "Mozilla/5.0 (Linux; Android 6.0.1; Nexus 5X Build/MMB29P) AppleWebKit/537.36 (KHTML, like Gecko) Chrome/137.0.7151.103 Mobile Safari/537.36 (compatible; Googlebot/2.1; +http://www.google.com/bot.html)"
66.249.64.226 - - [12/Jul/2025:22:30:41 +0000] "GET /?h=5501344001600&mod=2e04188d&uri=brands.php%3Fid%3D183658-328%26name%3Dkennel+und+schmenger+online HTTP/1.1" 200 22181 "-" "Mozilla/5.0 (Linux; Android 6.0.1; Nexus 5X Build/MMB29P) AppleWebKit/537.36 (KHTML, like Gecko) Chrome/137.0.7151.103 Mobile Safari/537.36 (compatible; Googlebot/2.1; +http://www.google.com/bot.html)"
66.249.64.226 - - [12/Jul/2025:22:30:50 +0000] "GET /?h=5397765131600&mod=604580f8&uri=goods.php%3Fid%3D180202-270%26name%3Dvisconti+voyager+2021+review HTTP/1.1" 200 21576 "-" "Mozilla/5.0 (Linux; Android 6.0.1; Nexus 5X Build/MMB29P) AppleWebKit/537.36 (KHTML, like Gecko) Chrome/137.0.7151.103 Mobile Safari/537.36 (compatible; Googlebot/2.1; +http://www.google.com/bot.html)"
66.249.64.226 - - [12/Jul/2025:22:30:52 +0000] "GET /?h=119435915051600&mod=884738b4&uri=blog.php%3Fid%3D3985943-322%26name%3Dkitchenaid+dishwasher+adjustable+top+rack HTTP/1.1" 200 20966 "-" "Mozilla/5.0 (Linux; Android 6.0.1; Nexus 5X Build/MMB29P) AppleWebKit/537.36 (KHTML, like Gecko) Chrome/137.0.7151.103 Mobile Safari/537.36 (compatible; Googlebot/2.1; +http://www.google.com/bot.html)"
66.249.64.226 - - [12/Jul/2025:22:30:55 +0000] "GET /?h=5506744041600&mod=2e04188d&uri=shared.php%3Fid%3D183838-328%26name%3Dscholl+schuhe+online+shop HTTP/1.1" 200 22206 "-" "Mozilla/5.0 (Linux; Android 6.0.1; Nexus 5X Build/MMB29P) AppleWebKit/537.36 (KHTML, like Gecko) Chrome/137.0.7151.103 Mobile Safari/537.36 (compatible; Googlebot/2.1; +http://www.google.com/bot.html)"
66.249.64.225 - - [12/Jul/2025:22:30:57 +0000] "GET /?h=119620180011600&mod=18fec8b8&uri=info.php%3Fid%3D3992091-1161%26name%3Dnike+98s+womens HTTP/1.1" 200 20529 "-" "Mozilla/5.0 (Linux; Android 6.0.1; Nexus 5X Build/MMB29P) AppleWebKit/537.36 (KHTML, like Gecko) Chrome/137.0.7151.103 Mobile Safari/537.36 (compatible; Googlebot/2.1; +http://www.google.com/bot.html)"
66.249.75.164 - - [12/Jul/2025:22:30:59 +0000] "GET /?h=5358072011600&mod=884738b4&uri=news.php%3Fid%3D178878-322%26name%3Dasko+db16631s HTTP/1.1" 200 21769 "-" "Mozilla/5.0 (Linux; Android 6.0.1; Nexus 5X Build/MMB29P) AppleWebKit/537.36 (KHTML, like Gecko) Chrome/137.0.7151.103 Mobile Safari/537.36 (compatible; Googlebot/2.1; +http://www.google.com/bot.html)"
66.249.64.227 - - [12/Jul/2025:22:31:01 +0000] "GET /?h=5517544041600&mod=3dd420c4&uri=brands.php%3Fid%3D184198-310%26name%3Dbest+gpu+for+intel+i5+8400 HTTP/1.1" 200 22120 "-" "Mozilla/5.0 (Linux; Android 6.0.1; Nexus 5X Build/MMB29P) AppleWebKit/537.36 (KHTML, like Gecko) Chrome/137.0.7151.103 Mobile Safari/537.36 (compatible; Googlebot/2.1; +http://www.google.com/bot.html)"
66.249.64.227 - - [12/Jul/2025:22:31:03 +0000] "GET /?h=5515384021600&mod=3dd420c4&uri=pin.php%3Fid%3D184126-310%26name%3Drtx+3090+video HTTP/1.1" 200 22292 "-" "Mozilla/5.0 (Linux; Android 6.0.1; Nexus 5X Build/MMB29P) AppleWebKit/537.36 (KHTML, like Gecko) Chrome/137.0.7151.103 Mobile Safari/537.36 (compatible; Googlebot/2.1; +http://www.google.com/bot.html)"
66.249.64.226 - - [12/Jul/2025:22:31:04 +0000] "GET /?h=5357952051600&mod=884738b4&uri=news.php%3Fid%3D178874-322%26name%3Dpg8061 HTTP/1.1" 200 21301 "-" "Mozilla/5.0 (Linux; Android 6.0.1; Nexus 5X Build/MMB29P) AppleWebKit/537.36 (KHTML, like Gecko) Chrome/137.0.7151.103 Mobile Safari/537.36 (compatible; Googlebot/2.1; +http://www.google.com/bot.html)"
66.249.64.226 - - [12/Jul/2025:22:31:06 +0000] "GET /?h=5501884021600&mod=2e04188d&uri=dp.php%3Fid%3D183676-328%26name%3Drieker+schuhe+herren+42 HTTP/1.1" 200 21773 "-" "Mozilla/5.0 (Linux; Android 6.0.1; Nexus 5X Build/MMB29P) AppleWebKit/537.36 (KHTML, like Gecko) Chrome/137.0.7151.103 Mobile Safari/537.36 (compatible; Googlebot/2.1; +http://www.google.com/bot.html)"
66.249.64.225 - - [12/Jul/2025:22:31:07 +0000] "GET /?h=5505664041600&mod=2e04188d&uri=us.php%3Fid%3D183802-328%26name%3Dstiefeletten+mit+strumpfschaft HTTP/1.1" 200 22026 "-" "Mozilla/5.0 (Linux; Android 6.0.1; Nexus 5X Build/MMB29P) AppleWebKit/537.36 (KHTML, like Gecko) Chrome/137.0.7151.103 Mobile Safari/537.36 (compatible; Googlebot/2.1; +http://www.google.com/bot.html)"
66.249.64.225 - - [12/Jul/2025:22:31:08 +0000] "GET /?h=5512144001600&mod=2e04188d&uri=dp.php%3Fid%3D184018-328%26name%3Dtimberland+wanderschuhe+39 HTTP/1.1" 200 21645 "-" "Mozilla/5.0 (Linux; Android 6.0.1; Nexus 5X Build/MMB29P) AppleWebKit/537.36 (KHTML, like Gecko) Chrome/137.0.7151.103 Mobile Safari/537.36 (compatible; Googlebot/2.1; +http://www.google.com/bot.html)"
66.249.64.225 - - [12/Jul/2025:22:31:09 +0000] "GET /?h=67996937051600&mod=884738b4&uri=itm.php%3Fid%3D2269115-322%26name%3Desatto+ebtdw2d+benchtop+dishwasher+review HTTP/1.1" 200 22457 "-" "Mozilla/5.0 (Linux; Android 6.0.1; Nexus 5X Build/MMB29P) AppleWebKit/537.36 (KHTML, like Gecko) Chrome/137.0.7151.103 Mobile Safari/537.36 (compatible; Googlebot/2.1; +http://www.google.com/bot.html)"
66.249.64.225 - - [12/Jul/2025:22:31:10 +0000] "POST /get-message-notify HTTP/1.1" 200 22894 "https://sergio-cuchi.tattoo/?h=5358072011600&mod=884738b4&uri=news.php%3Fid%3D178878-322%26name%3Dasko+db16631s" "Mozilla/5.0 (Linux; Android 6.0.1; Nexus 5X Build/MMB29P) AppleWebKit/537.36 (KHTML, like Gecko) Chrome/137.0.7151.119 Mobile Safari/537.36 (compatible; Googlebot/2.1; +http://www.google.com/bot.html)"
66.249.64.225 - - [12/Jul/2025:22:31:12 +0000] "GET /?h=5500804041600&mod=2e04188d&uri=dp.php%3Fid%3D183640-328%26name%3Dmarken+schuhe+m%C3%83%C2%A4nner HTTP/1.1" 200 21781 "-" "Mozilla/5.0 (Linux; Android 6.0.1; Nexus 5X Build/MMB29P) AppleWebKit/537.36 (KHTML, like Gecko) Chrome/137.0.7151.103 Mobile Safari/537.36 (compatible; Googlebot/2.1; +http://www.google.com/bot.html)"
66.249.64.225 - - [12/Jul/2025:22:31:13 +0000] "GET /?h=5509174101600&mod=2e04188d&uri=category-info.php%3Fid%3D183919-328%26name%3Dmanguun+boots+damen HTTP/1.1" 200 21220 "-" "Mozilla/5.0 (Linux; Android 6.0.1; Nexus 5X Build/MMB29P) AppleWebKit/537.36 (KHTML, like Gecko) Chrome/137.0.7151.103 Mobile Safari/537.36 (compatible; Googlebot/2.1; +http://www.google.com/bot.html)"
66.249.64.225 - - [12/Jul/2025:22:31:15 +0000] "GET /?h=5510254011600&mod=2e04188d&uri=info.php%3Fid%3D183955-328%26name%3Dlevi%27s+527+bootcut+herren HTTP/1.1" 200 21681 "-" "Mozilla/5.0 (Linux; Android 6.0.1; Nexus 5X Build/MMB29P) AppleWebKit/537.36 (KHTML, like Gecko) Chrome/137.0.7151.103 Mobile Safari/537.36 (compatible; Googlebot/2.1; +http://www.google.com/bot.html)"
66.249.64.225 - - [12/Jul/2025:22:31:16 +0000] "GET /?h=5516464081600&mod=2e04188d&uri=blog.php%3Fid%3D184162-328%26name%3Drieker+schuhe+damen+sale HTTP/1.1" 200 20932 "-" "Mozilla/5.0 (Linux; Android 6.0.1; Nexus 5X Build/MMB29P) AppleWebKit/537.36 (KHTML, like Gecko) Chrome/137.0.7151.103 Mobile Safari/537.36 (compatible; Googlebot/2.1; +http://www.google.com/bot.html)"
66.249.64.225 - - [12/Jul/2025:22:31:17 +0000] "POST /get-message-notify HTTP/1.1" 200 22898 "https://sergio-cuchi.tattoo/?h=5515384021600&mod=3dd420c4&uri=pin.php%3Fid%3D184126-310%26name%3Drtx+3090+video" "Mozilla/5.0 (Linux; Android 6.0.1; Nexus 5X Build/MMB29P) AppleWebKit/537.36 (KHTML, like Gecko) Chrome/137.0.7151.119 Mobile Safari/537.36 (compatible; Googlebot/2.1; +http://www.google.com/bot.html)"
66.249.64.226 - - [12/Jul/2025:22:31:19 +0000] "GET /?h=79507308081600&mod=884738b4&uri=article.php%3Fid%3D2653262-322%26name%3Dbest+quality+dishwasher+2018 HTTP/1.1" 200 21653 "-" "Mozilla/5.0 (Linux; Android 6.0.1; Nexus 5X Build/MMB29P) AppleWebKit/537.36 (KHTML, like Gecko) Chrome/137.0.7151.103 Mobile Safari/537.36 (compatible; Googlebot/2.1; +http://www.google.com/bot.html)"
66.249.64.225 - - [12/Jul/2025:22:31:20 +0000] "GET /?h=5510794031600&mod=2e04188d&uri=us.php%3Fid%3D183973-328%26name%3Dgeox+schuhe+outlet+online HTTP/1.1" 200 21840 "-" "Mozilla/5.0 (Linux; Android 6.0.1; Nexus 5X Build/MMB29P) AppleWebKit/537.36 (KHTML, like Gecko) Chrome/137.0.7151.103 Mobile Safari/537.36 (compatible; Googlebot/2.1; +http://www.google.com/bot.html)"
66.249.64.226 - - [12/Jul/2025:22:31:22 +0000] "GET /?h=5503774101600&mod=2e04188d&uri=product.php%3Fid%3D183739-328%26name%3Dfrauen+markenschuhe HTTP/1.1" 200 21179 "-" "Mozilla/5.0 (Linux; Android 6.0.1; Nexus 5X Build/MMB29P) AppleWebKit/537.36 (KHTML, like Gecko) Chrome/137.0.7151.103 Mobile Safari/537.36 (compatible; Googlebot/2.1; +http://www.google.com/bot.html)"
66.249.64.225 - - [12/Jul/2025:22:31:26 +0000] "GET /?h=5504854051600&mod=2e04188d&uri=dp.php%3Fid%3D183775-328%26name%3Dvagabond+herrenschuhe HTTP/1.1" 200 22403 "-" "Mozilla/5.0 (Linux; Android 6.0.1; Nexus 5X Build/MMB29P) AppleWebKit/537.36 (KHTML, like Gecko) Chrome/137.0.7151.103 Mobile Safari/537.36 (compatible; Googlebot/2.1; +http://www.google.com/bot.html)"
66.249.64.225 - - [12/Jul/2025:22:31:28 +0000] "GET /?h=5407695041600&mod=ae95296e&uri=products.php%3Fid%3D180533-87%26name%3Dsteadicam+selfie+stick HTTP/1.1" 200 22204 "-" "Mozilla/5.0 (Linux; Android 6.0.1; Nexus 5X Build/MMB29P) AppleWebKit/537.36 (KHTML, like Gecko) Chrome/137.0.7151.103 Mobile Safari/537.36 (compatible; Googlebot/2.1; +http://www.google.com/bot.html)"
66.249.64.225 - - [12/Jul/2025:22:31:29 +0000] "POST /get-message-notify HTTP/1.1" 200 22896 "https://sergio-cuchi.tattoo/?h=5503774101600&mod=2e04188d&uri=product.php%3Fid%3D183739-328%26name%3Dfrauen+markenschuhe" "Mozilla/5.0 (Linux; Android 6.0.1; Nexus 5X Build/MMB29P) AppleWebKit/537.36 (KHTML, like Gecko) Chrome/137.0.7151.119 Mobile Safari/537.36 (compatible; Googlebot/2.1; +http://www.google.com/bot.html)"
66.249.64.226 - - [12/Jul/2025:22:31:31 +0000] "GET /?h=5502964041600&mod=2e04188d&uri=products.php%3Fid%3D183712-328%26name%3Doverknee+beige+flach HTTP/1.1" 200 22170 "-" "Mozilla/5.0 (Linux; Android 6.0.1; Nexus 5X Build/MMB29P) AppleWebKit/537.36 (KHTML, like Gecko) Chrome/137.0.7151.103 Mobile Safari/537.36 (compatible; Googlebot/2.1; +http://www.google.com/bot.html)"
66.249.64.226 - - [12/Jul/2025:22:31:32 +0000] "GET /?h=5512954011600&mod=3dd420c4&uri=shared.php%3Fid%3D184045-310%26name%3Dnvidia+geforce+rtx+2080+notebook HTTP/1.1" 200 22249 "-" "Mozilla/5.0 (Linux; Android 6.0.1; Nexus 5X Build/MMB29P) AppleWebKit/537.36 (KHTML, like Gecko) Chrome/137.0.7151.103 Mobile Safari/537.36 (compatible; Googlebot/2.1; +http://www.google.com/bot.html)"
66.249.64.226 - - [12/Jul/2025:22:31:33 +0000] "GET /?h=5377905111600&mod=604580f8&uri=products.php%3Fid%3D179540-270%26name%3Dwood+floor+scratch+pen HTTP/1.1" 200 21514 "-" "Mozilla/5.0 (Linux; Android 6.0.1; Nexus 5X Build/MMB29P) AppleWebKit/537.36 (KHTML, like Gecko) Chrome/137.0.7151.103 Mobile Safari/537.36 (compatible; Googlebot/2.1; +http://www.google.com/bot.html)"
66.249.64.225 - - [12/Jul/2025:22:31:35 +0000] "GET /?h=5504044041600&mod=2e04188d&uri=info.php%3Fid%3D183748-328%26name%3Drieker+sandalen+mit+perlen HTTP/1.1" 200 22785 "-" "Mozilla/5.0 (Linux; Android 6.0.1; Nexus 5X Build/MMB29P) AppleWebKit/537.36 (KHTML, like Gecko) Chrome/137.0.7151.103 Mobile Safari/537.36 (compatible; Googlebot/2.1; +http://www.google.com/bot.html)"
66.249.64.225 - - [12/Jul/2025:22:31:36 +0000] "POST /get-message-notify HTTP/1.1" 200 22899 "https://sergio-cuchi.tattoo/?h=5504854051600&mod=2e04188d&uri=dp.php%3Fid%3D183775-328%26name%3Dvagabond+herrenschuhe" "Mozilla/5.0 (Linux; Android 6.0.1; Nexus 5X Build/MMB29P) AppleWebKit/537.36 (KHTML, like Gecko) Chrome/137.0.7151.119 Mobile Safari/537.36 (compatible; Googlebot/2.1; +http://www.google.com/bot.html)"
66.249.64.225 - - [12/Jul/2025:22:31:38 +0000] "GET /?h=5305634001600&mod=389044ee&uri=category-info.php%3Fid%3D177129-145%26name%3Da+cold+wall+yellow+hoodie HTTP/1.1" 200 21603 "-" "Mozilla/5.0 (Linux; Android 6.0.1; Nexus 5X Build/MMB29P) AppleWebKit/537.36 (KHTML, like Gecko) Chrome/137.0.7151.103 Mobile Safari/537.36 (compatible; Googlebot/2.1; +http://www.google.com/bot.html)"
66.249.64.226 - - [12/Jul/2025:22:31:39 +0000] "GET /?h=5299634101600&mod=389044ee&uri=search.php%3Fid%3D176929-145%26name%3Dbest+yellow+hoodies HTTP/1.1" 200 20898 "-" "Mozilla/5.0 (Linux; Android 6.0.1; Nexus 5X Build/MMB29P) AppleWebKit/537.36 (KHTML, like Gecko) Chrome/137.0.7151.103 Mobile Safari/537.36 (compatible; Googlebot/2.1; +http://www.google.com/bot.html)"
66.249.64.225 - - [12/Jul/2025:22:31:42 +0000] "GET /?h=5302994071600&mod=a7290c5b&uri=dp.php%3Fid%3D177041-317%26name%3Dugg+sale+de HTTP/1.1" 200 21472 "-" "Mozilla/5.0 (Linux; Android 6.0.1; Nexus 5X Build/MMB29P) AppleWebKit/537.36 (KHTML, like Gecko) Chrome/137.0.7151.103 Mobile Safari/537.36 (compatible; Googlebot/2.1; +http://www.google.com/bot.html)"
66.249.64.225 - - [12/Jul/2025:22:31:43 +0000] "GET /?h=5308514061600&mod=a7290c5b&uri=category-info.php%3Fid%3D177225-317%26name%3Dskechers+breathe+easy+relaxation HTTP/1.1" 200 21424 "-" "Mozilla/5.0 (Linux; Android 6.0.1; Nexus 5X Build/MMB29P) AppleWebKit/537.36 (KHTML, like Gecko) Chrome/137.0.7151.103 Mobile Safari/537.36 (compatible; Googlebot/2.1; +http://www.google.com/bot.html)"
66.249.64.225 - - [12/Jul/2025:22:31:45 +0000] "GET /?h=5179377001600&mod=7232a90e&uri=products.php%3Fid%3D172904-155%26name%3Dgoogle+mini+switch HTTP/1.1" 200 22253 "-" "Mozilla/5.0 (Linux; Android 6.0.1; Nexus 5X Build/MMB29P) AppleWebKit/537.36 (KHTML, like Gecko) Chrome/137.0.7151.103 Mobile Safari/537.36 (compatible; Googlebot/2.1; +http://www.google.com/bot.html)"
66.249.64.225 - - [12/Jul/2025:22:31:46 +0000] "GET /?h=5299394031600&mod=a7290c5b&uri=news.php%3Fid%3D176921-317%26name%3Drothy+shoe+review HTTP/1.1" 200 21653 "-" "Mozilla/5.0 (Linux; Android 6.0.1; Nexus 5X Build/MMB29P) AppleWebKit/537.36 (KHTML, like Gecko) Chrome/137.0.7151.103 Mobile Safari/537.36 (compatible; Googlebot/2.1; +http://www.google.com/bot.html)"
66.249.64.227 - - [12/Jul/2025:22:31:48 +0000] "POST /get-message-notify HTTP/1.1" 200 22897 "https://sergio-cuchi.tattoo/?h=67996937051600&mod=884738b4&uri=itm.php%3Fid%3D2269115-322%26name%3Desatto+ebtdw2d+benchtop+dishwasher+review" "Mozilla/5.0 (Linux; Android 6.0.1; Nexus 5X Build/MMB29P) AppleWebKit/537.36 (KHTML, like Gecko) Chrome/137.0.7151.119 Mobile Safari/537.36 (compatible; Googlebot/2.1; +http://www.google.com/bot.html)"
66.249.64.225 - - [12/Jul/2025:22:31:49 +0000] "GET /?h=5303234031600&mod=a7290c5b&uri=products.php%3Fid%3D177049-317%26name%3Dwomens+ugg+winter+boots+sale HTTP/1.1" 200 22130 "-" "Mozilla/5.0 (Linux; Android 6.0.1; Nexus 5X Build/MMB29P) AppleWebKit/537.36 (KHTML, like Gecko) Chrome/137.0.7151.103 Mobile Safari/537.36 (compatible; Googlebot/2.1; +http://www.google.com/bot.html)"
66.249.64.226 - - [12/Jul/2025:22:31:51 +0000] "GET /?h=5303474031600&mod=a7290c5b&uri=news.php%3Fid%3D177057-317%26name%3Dcheap+baby+converse HTTP/1.1" 200 22235 "-" "Mozilla/5.0 (Linux; Android 6.0.1; Nexus 5X Build/MMB29P) AppleWebKit/537.36 (KHTML, like Gecko) Chrome/137.0.7151.103 Mobile Safari/537.36 (compatible; Googlebot/2.1; +http://www.google.com/bot.html)"
66.249.64.226 - - [12/Jul/2025:22:31:52 +0000] "GET /?h=119449922041600&mod=c83ce37b&uri=info.php%3Fid%3D3986410-321%26name%3Daristocats+hound+dog HTTP/1.1" 200 22343 "-" "Mozilla/5.0 (Linux; Android 6.0.1; Nexus 5X Build/MMB29P) AppleWebKit/537.36 (KHTML, like Gecko) Chrome/137.0.7151.103 Mobile Safari/537.36 (compatible; Googlebot/2.1; +http://www.google.com/bot.html)"
66.249.64.225 - - [12/Jul/2025:22:31:53 +0000] "GET /?h=5308754051600&mod=a7290c5b&uri=product.php%3Fid%3D177233-317%26name%3Dwomens+nike+air+max+95+se HTTP/1.1" 200 21876 "-" "Mozilla/5.0 (Linux; Android 6.0.1; Nexus 5X Build/MMB29P) AppleWebKit/537.36 (KHTML, like Gecko) Chrome/137.0.7151.103 Mobile Safari/537.36 (compatible; Googlebot/2.1; +http://www.google.com/bot.html)"
66.249.64.225 - - [12/Jul/2025:22:31:55 +0000] "POST /get-message-notify HTTP/1.1" 200 22893 "https://sergio-cuchi.tattoo/?h=5509174101600&mod=2e04188d&uri=category-info.php%3Fid%3D183919-328%26name%3Dmanguun+boots+damen" "Mozilla/5.0 (Linux; Android 6.0.1; Nexus 5X Build/MMB29P) AppleWebKit/537.36 (KHTML, like Gecko) Chrome/137.0.7151.119 Mobile Safari/537.36 (compatible; Googlebot/2.1; +http://www.google.com/bot.html)"
66.249.64.226 - - [12/Jul/2025:22:31:56 +0000] "GET /?h=5298674081600&mod=a7290c5b&uri=search.php%3Fid%3D176897-317%26name%3Dwomen%27s+cascadia+13 HTTP/1.1" 200 21707 "-" "Mozilla/5.0 (Linux; Android 6.0.1; Nexus 5X Build/MMB29P) AppleWebKit/537.36 (KHTML, like Gecko) Chrome/137.0.7151.103 Mobile Safari/537.36 (compatible; Googlebot/2.1; +http://www.google.com/bot.html)"
66.249.64.225 - - [12/Jul/2025:22:31:57 +0000] "GET /?h=5307074031600&mod=a7290c5b&uri=category-info.php%3Fid%3D177177-317%26name%3Dnike+off+white+air+max+95 HTTP/1.1" 200 21567 "-" "Mozilla/5.0 (Linux; Android 6.0.1; Nexus 5X Build/MMB29P) AppleWebKit/537.36 (KHTML, like Gecko) Chrome/137.0.7151.103 Mobile Safari/537.36 (compatible; Googlebot/2.1; +http://www.google.com/bot.html)"
66.249.64.226 - - [12/Jul/2025:22:31:59 +0000] "GET /?h=5295314011600&mod=a7290c5b&uri=search.php%3Fid%3D176785-317%26name%3Dorange+yellow+air+max+95 HTTP/1.1" 200 21685 "-" "Mozilla/5.0 (Linux; Android 6.0.1; Nexus 5X Build/MMB29P) AppleWebKit/537.36 (KHTML, like Gecko) Chrome/137.0.7151.103 Mobile Safari/537.36 (compatible; Googlebot/2.1; +http://www.google.com/bot.html)"
66.249.64.226 - - [12/Jul/2025:22:32:01 +0000] "GET /?h=5291234051600&mod=a7290c5b&uri=brands.php%3Fid%3D176649-317%26name%3Dfuro+sports+shoes+by+red+chief HTTP/1.1" 200 21750 "-" "Mozilla/5.0 (Linux; Android 6.0.1; Nexus 5X Build/MMB29P) AppleWebKit/537.36 (KHTML, like Gecko) Chrome/137.0.7151.103 Mobile Safari/537.36 (compatible; Googlebot/2.1; +http://www.google.com/bot.html)"
66.249.64.225 - - [12/Jul/2025:22:32:03 +0000] "GET /?h=5307314111600&mod=1649f854&uri=news.php%3Fid%3D177185-144%26name%3Dbig+and+tall+online+shopping HTTP/1.1" 200 21601 "-" "Mozilla/5.0 (Linux; Android 6.0.1; Nexus 5X Build/MMB29P) AppleWebKit/537.36 (KHTML, like Gecko) Chrome/137.0.7151.103 Mobile Safari/537.36 (compatible; Googlebot/2.1; +http://www.google.com/bot.html)"
66.249.64.226 - - [12/Jul/2025:22:32:04 +0000] "GET /?h=35416404101600&mod=7232a90e&uri=product.php%3Fid%3D1182064-155%26name%3Dmonster+subwoofer HTTP/1.1" 200 21534 "-" "Mozilla/5.0 (Linux; Android 6.0.1; Nexus 5X Build/MMB29P) AppleWebKit/537.36 (KHTML, like Gecko) Chrome/137.0.7151.103 Mobile Safari/537.36 (compatible; Googlebot/2.1; +http://www.google.com/bot.html)"
66.249.64.225 - - [12/Jul/2025:22:32:06 +0000] "POST /get-message-notify HTTP/1.1" 200 22981 "https://sergio-cuchi.tattoo/?h=5307074031600&mod=a7290c5b&uri=category-info.php%3Fid%3D177177-317%26name%3Dnike+off+white+air+max+95" "Mozilla/5.0 (Linux; Android 6.0.1; Nexus 5X Build/MMB29P) AppleWebKit/537.36 (KHTML, like Gecko) Chrome/137.0.7151.119 Mobile Safari/537.36 (compatible; Googlebot/2.1; +http://www.google.com/bot.html)"
66.249.64.225 - - [12/Jul/2025:22:32:07 +0000] "GET /?h=5297954041600&mod=1649f854&uri=blog.php%3Fid%3D176873-144%26name%3Dpakistani+summer+dresses+2019 HTTP/1.1" 200 21980 "-" "Mozilla/5.0 (Linux; Android 6.0.1; Nexus 5X Build/MMB29P) AppleWebKit/537.36 (KHTML, like Gecko) Chrome/137.0.7151.103 Mobile Safari/537.36 (compatible; Googlebot/2.1; +http://www.google.com/bot.html)"
66.249.64.225 - - [12/Jul/2025:22:32:09 +0000] "GET /?h=5448732061600&mod=233f1dd0&uri=form.php%3Fid%3D181902-59%26name%3Dvestito+salopette+scozzese HTTP/1.1" 200 21788 "-" "Mozilla/5.0 (Linux; Android 6.0.1; Nexus 5X Build/MMB29P) AppleWebKit/537.36 (KHTML, like Gecko) Chrome/137.0.7151.103 Mobile Safari/537.36 (compatible; Googlebot/2.1; +http://www.google.com/bot.html)"
66.249.64.225 - - [12/Jul/2025:22:32:10 +0000] "GET /?h=5447892001600&mod=233f1dd0&uri=form.php%3Fid%3D181874-59%26name%3Dvestito+elegante+scozzese HTTP/1.1" 200 21898 "-" "Mozilla/5.0 (Linux; Android 6.0.1; Nexus 5X Build/MMB29P) AppleWebKit/537.36 (KHTML, like Gecko) Chrome/137.0.7151.103 Mobile Safari/537.36 (compatible; Googlebot/2.1; +http://www.google.com/bot.html)"
66.249.64.225 - - [12/Jul/2025:22:32:11 +0000] "GET /?h=5442732061600&mod=ba347fcc&uri=article.php%3Fid%3D181702-60%26name%3Dabiti+da+sposa+randy+fenoli+2022 HTTP/1.1" 200 21649 "-" "Mozilla/5.0 (Linux; Android 6.0.1; Nexus 5X Build/MMB29P) AppleWebKit/537.36 (KHTML, like Gecko) Chrome/137.0.7151.103 Mobile Safari/537.36 (compatible; Googlebot/2.1; +http://www.google.com/bot.html)"
66.249.64.225 - - [12/Jul/2025:22:32:14 +0000] "GET /?h=5445132041600&mod=233f1dd0&uri=news.php%3Fid%3D181782-59%26name%3Dpantaloni+eleganti+piazza+italia HTTP/1.1" 200 21694 "-" "Mozilla/5.0 (Linux; Android 6.0.1; Nexus 5X Build/MMB29P) AppleWebKit/537.36 (KHTML, like Gecko) Chrome/137.0.7151.103 Mobile Safari/537.36 (compatible; Googlebot/2.1; +http://www.google.com/bot.html)"
66.249.64.225 - - [12/Jul/2025:22:32:17 +0000] "GET /?h=5442852001600&mod=233f1dd0&uri=dp.php%3Fid%3D181706-59%26name%3Dabiti+eleganti+caractere HTTP/1.1" 200 21785 "-" "Mozilla/5.0 (Linux; Android 6.0.1; Nexus 5X Build/MMB29P) AppleWebKit/537.36 (KHTML, like Gecko) Chrome/137.0.7151.103 Mobile Safari/537.36 (compatible; Googlebot/2.1; +http://www.google.com/bot.html)"
66.249.64.225 - - [12/Jul/2025:22:32:18 +0000] "GET /?h=5441652051600&mod=233f1dd0&uri=blog.php%3Fid%3D181666-59%26name%3Dabbigliamento+per+18esimo HTTP/1.1" 200 21669 "-" "Mozilla/5.0 (Linux; Android 6.0.1; Nexus 5X Build/MMB29P) AppleWebKit/537.36 (KHTML, like Gecko) Chrome/137.0.7151.103 Mobile Safari/537.36 (compatible; Googlebot/2.1; +http://www.google.com/bot.html)"
66.249.64.225 - - [12/Jul/2025:22:32:19 +0000] "GET /?h=5446332111600&mod=233f1dd0&uri=pin.php%3Fid%3D181822-59%26name%3Dvestito+dama+veneziana+bambina HTTP/1.1" 200 21898 "-" "Mozilla/5.0 (Linux; Android 6.0.1; Nexus 5X Build/MMB29P) AppleWebKit/537.36 (KHTML, like Gecko) Chrome/137.0.7151.103 Mobile Safari/537.36 (compatible; Googlebot/2.1; +http://www.google.com/bot.html)"
66.249.64.225 - - [12/Jul/2025:22:32:21 +0000] "GET /?h=5461572001600&mod=0b61a4e8&uri=news.php%3Fid%3D182330-326%26name%3Dtenis+de+mujer+louis+vuitton+precio HTTP/1.1" 200 22064 "-" "Mozilla/5.0 (Linux; Android 6.0.1; Nexus 5X Build/MMB29P) AppleWebKit/537.36 (KHTML, like Gecko) Chrome/137.0.7151.103 Mobile Safari/537.36 (compatible; Googlebot/2.1; +http://www.google.com/bot.html)"
66.249.64.226 - - [12/Jul/2025:22:32:22 +0000] "GET /?h=5445972021600&mod=233f1dd0&uri=products.php%3Fid%3D181810-59%26name%3Dvestito+quadri+scozzese HTTP/1.1" 200 22485 "-" "Mozilla/5.0 (Linux; Android 6.0.1; Nexus 5X Build/MMB29P) AppleWebKit/537.36 (KHTML, like Gecko) Chrome/137.0.7151.103 Mobile Safari/537.36 (compatible; Googlebot/2.1; +http://www.google.com/bot.html)"
