54.157.84.74 - - [12/Jul/2025:17:41:05 +0000] "GET /wp-content/uploads/2018/09/Snapinst.app_357731172_18382210099039446_9171217547061608322_n_1080.jpg HTTP/1.1" 200 105387 "-" "Mozilla/5.0 AppleWebKit/537.36 (KHTML, like Gecko; compatible; Amazonbot/0.1; +https://developer.amazon.com/support/amazonbot) Chrome/119.0.6045.214 Safari/537.36"
66.249.64.226 - - [12/Jul/2025:17:41:06 +0000] "GET /?h=113505531031600&mod=657538ca&uri=info.php%3Fid%3D3788089-129%26name%3Dhow+to+increase+wifi+strength+in+house HTTP/1.1" 200 21981 "-" "Mozilla/5.0 (Linux; Android 6.0.1; Nexus 5X Build/MMB29P) AppleWebKit/537.36 (KHTML, like Gecko) Chrome/137.0.7151.103 Mobile Safari/537.36 (compatible; Googlebot/2.1; +http://www.google.com/bot.html)"
66.249.64.226 - - [12/Jul/2025:17:41:08 +0000] "GET /?h=5505244031600&mod=2e04188d&uri=shared.php%3Fid%3D183788-328%26name%3Dniedrige+stiefeletten HTTP/1.1" 200 21154 "-" "Mozilla/5.0 (Linux; Android 6.0.1; Nexus 5X Build/MMB29P) AppleWebKit/537.36 (KHTML, like Gecko) Chrome/137.0.7151.103 Mobile Safari/537.36 (compatible; Googlebot/2.1; +http://www.google.com/bot.html)"
34.224.9.144 - - [12/Jul/2025:17:41:09 +0000] "GET /wp-content/uploads/2018/09/Snapinst.app_360463214_1040653970645642_7807836725125226226_n_1080.jpg HTTP/1.1" 200 75469 "-" "Mozilla/5.0 AppleWebKit/537.36 (KHTML, like Gecko; compatible; Amazonbot/0.1; +https://developer.amazon.com/support/amazonbot) Chrome/119.0.6045.214 Safari/537.36"
52.203.152.231 - - [12/Jul/2025:17:41:13 +0000] "GET /wp-content/uploads/2018/09/Snapinst.app_468533641_18483595633039446_7113568639094072817_n_1080.jpg HTTP/1.1" 200 91940 "-" "Mozilla/5.0 AppleWebKit/537.36 (KHTML, like Gecko; compatible; Amazonbot/0.1; +https://developer.amazon.com/support/amazonbot) Chrome/119.0.6045.214 Safari/537.36"
52.4.229.9 - - [12/Jul/2025:17:41:17 +0000] "GET /wp-content/uploads/2018/09/Snapinst.app_357735654_18382209475039446_466803727706416838_n_1080-819x1024.jpg HTTP/1.1" 200 182485 "-" "Mozilla/5.0 AppleWebKit/537.36 (KHTML, like Gecko; compatible; Amazonbot/0.1; +https://developer.amazon.com/support/amazonbot) Chrome/119.0.6045.214 Safari/537.36"
66.249.64.226 - - [12/Jul/2025:17:41:17 +0000] "GET /?h=89410525031600&mod=404b686c&uri=products.php%3Fid%3D2983766-219%26name%3Dno+hot+water+in+tub HTTP/1.1" 200 22734 "-" "Mozilla/5.0 (Linux; Android 6.0.1; Nexus 5X Build/MMB29P) AppleWebKit/537.36 (KHTML, like Gecko) Chrome/137.0.7151.103 Mobile Safari/537.36 (compatible; Googlebot/2.1; +http://www.google.com/bot.html)"
52.0.41.164 - - [12/Jul/2025:17:41:21 +0000] "GET /wp-content/uploads/2018/09/Snapinst.app_468533641_18483595633039446_7113568639094072817_n_1080-819x1024.jpg HTTP/1.1" 200 83825 "-" "Mozilla/5.0 AppleWebKit/537.36 (KHTML, like Gecko; compatible; Amazonbot/0.1; +https://developer.amazon.com/support/amazonbot) Chrome/119.0.6045.214 Safari/537.36"
3.223.181.32 - - [12/Jul/2025:17:41:25 +0000] "GET /wp-content/uploads/2018/09/Snapinst.app_435283961_18437589070039446_1650785522627811290_n_1080.jpg HTTP/1.1" 200 147063 "-" "Mozilla/5.0 AppleWebKit/537.36 (KHTML, like Gecko; compatible; Amazonbot/0.1; +https://developer.amazon.com/support/amazonbot) Chrome/119.0.6045.214 Safari/537.36"
66.249.64.226 - - [12/Jul/2025:17:41:19 +0000] "GET /?h=5505994011600&mod=2e04188d&uri=dp.php%3Fid%3D183813-328%26name%3Drieker+sandalen+otto HTTP/1.1" 200 21337 "-" "Mozilla/5.0 (Linux; Android 6.0.1; Nexus 5X Build/MMB29P) AppleWebKit/537.36 (KHTML, like Gecko) Chrome/137.0.7151.103 Mobile Safari/537.36 (compatible; Googlebot/2.1; +http://www.google.com/bot.html)"
54.144.185.255 - - [12/Jul/2025:17:41:29 +0000] "GET /wp-content/uploads/2018/09/Snapinst.app_448057307_966544951619904_6922405787956690951_n_1080-819x1024.jpg HTTP/1.1" 200 156714 "-" "Mozilla/5.0 AppleWebKit/537.36 (KHTML, like Gecko; compatible; Amazonbot/0.1; +https://developer.amazon.com/support/amazonbot) Chrome/119.0.6045.214 Safari/537.36"
66.249.64.226 - - [12/Jul/2025:17:41:29 +0000] "GET /?h=5508214051600&mod=2e04188d&uri=search.php%3Fid%3D183887-328%26name%3Drieker+pantoletten+gr+40 HTTP/1.1" 200 22169 "-" "Mozilla/5.0 (Linux; Android 6.0.1; Nexus 5X Build/MMB29P) AppleWebKit/537.36 (KHTML, like Gecko) Chrome/137.0.7151.103 Mobile Safari/537.36 (compatible; Googlebot/2.1; +http://www.google.com/bot.html)"
66.249.64.227 - - [12/Jul/2025:17:41:31 +0000] "GET /?h=5513614141600&mod=3dd420c4&uri=news.php%3Fid%3D184067-310%26name%3Drtx+3080+video HTTP/1.1" 200 21325 "-" "Mozilla/5.0 (Linux; Android 6.0.1; Nexus 5X Build/MMB29P) AppleWebKit/537.36 (KHTML, like Gecko) Chrome/137.0.7151.103 Mobile Safari/537.36 (compatible; Googlebot/2.1; +http://www.google.com/bot.html)"
66.249.64.227 - - [12/Jul/2025:17:41:36 +0000] "POST /get-message-notify HTTP/1.1" 200 22882 "https://sergio-cuchi.tattoo/?h=5505244031600&mod=2e04188d&uri=shared.php%3Fid%3D183788-328%26name%3Dniedrige+stiefeletten" "Mozilla/5.0 (Linux; Android 6.0.1; Nexus 5X Build/MMB29P) AppleWebKit/537.36 (KHTML, like Gecko) Chrome/137.0.7151.119 Mobile Safari/537.36 (compatible; Googlebot/2.1; +http://www.google.com/bot.html)"
66.249.64.227 - - [12/Jul/2025:17:41:38 +0000] "GET /?h=5455962041600&mod=ba347fcc&uri=blog.php%3Fid%3D182143-60%26name%3Dgemelli+per+camicie HTTP/1.1" 200 22309 "-" "Mozilla/5.0 (Linux; Android 6.0.1; Nexus 5X Build/MMB29P) AppleWebKit/537.36 (KHTML, like Gecko) Chrome/137.0.7151.103 Mobile Safari/537.36 (compatible; Googlebot/2.1; +http://www.google.com/bot.html)"
66.249.64.227 - - [12/Jul/2025:17:41:40 +0000] "GET /?h=5516764141600&mod=3dd420c4&uri=form.php%3Fid%3D184172-310%26name%3Dnvidia+geforce+gtx+770+laptop HTTP/1.1" 200 21776 "-" "Mozilla/5.0 (Linux; Android 6.0.1; Nexus 5X Build/MMB29P) AppleWebKit/537.36 (KHTML, like Gecko) Chrome/137.0.7151.103 Mobile Safari/537.36 (compatible; Googlebot/2.1; +http://www.google.com/bot.html)"
66.249.64.225 - - [12/Jul/2025:17:41:43 +0000] "GET /?h=5513314041600&mod=2e04188d&uri=us.php%3Fid%3D184057-328%26name%3Drieker+schuhe+sommer HTTP/1.1" 200 21903 "-" "Mozilla/5.0 (Linux; Android 6.0.1; Nexus 5X Build/MMB29P) AppleWebKit/537.36 (KHTML, like Gecko) Chrome/137.0.7151.103 Mobile Safari/537.36 (compatible; Googlebot/2.1; +http://www.google.com/bot.html)"
66.249.64.226 - - [12/Jul/2025:17:41:46 +0000] "POST /get-message-notify HTTP/1.1" 200 22897 "https://sergio-cuchi.tattoo/?h=5543974031600&mod=23f1d15c&uri=search.php%3Fid%3D185079-220%26name%3Dupland+bird+vest" "Mozilla/5.0 (Linux; Android 6.0.1; Nexus 5X Build/MMB29P) AppleWebKit/537.36 (KHTML, like Gecko) Chrome/137.0.7151.119 Mobile Safari/537.36 (compatible; Googlebot/2.1; +http://www.google.com/bot.html)"
66.249.64.227 - - [12/Jul/2025:17:41:51 +0000] "GET /?h=5489144021600&mod=0b61a4e8&uri=blog.php%3Fid%3D183250-326%26name%3Dlouis+vuitton+marignan+sesame HTTP/1.1" 200 21843 "-" "Mozilla/5.0 (Linux; Android 6.0.1; Nexus 5X Build/MMB29P) AppleWebKit/537.36 (KHTML, like Gecko) Chrome/137.0.7151.103 Mobile Safari/537.36 (compatible; Googlebot/2.1; +http://www.google.com/bot.html)"
66.249.64.225 - - [12/Jul/2025:17:42:02 +0000] "POST /get-message-notify HTTP/1.1" 200 22901 "https://sergio-cuchi.tattoo/?h=5508214051600&mod=2e04188d&uri=search.php%3Fid%3D183887-328%26name%3Drieker+pantoletten+gr+40" "Mozilla/5.0 (Linux; Android 6.0.1; Nexus 5X Build/MMB29P) AppleWebKit/537.36 (KHTML, like Gecko) Chrome/137.0.7151.119 Mobile Safari/537.36 (compatible; Googlebot/2.1; +http://www.google.com/bot.html)"
66.249.64.225 - - [12/Jul/2025:17:42:05 +0000] "GET /?h=5509144031600&mod=2e04188d&uri=goods.php%3Fid%3D183918-328%26name%3Dlammfell+stiefelette HTTP/1.1" 200 22130 "-" "Mozilla/5.0 (Linux; Android 6.0.1; Nexus 5X Build/MMB29P) AppleWebKit/537.36 (KHTML, like Gecko) Chrome/137.0.7151.103 Mobile Safari/537.36 (compatible; Googlebot/2.1; +http://www.google.com/bot.html)"
66.249.64.225 - - [12/Jul/2025:17:42:07 +0000] "GET /?h=57778142001600&mod=ddebfb96&uri=shop.php%3Fid%3D1928089-686%26name%3Dbotas+con+tacon+cuadrado HTTP/1.1" 200 21470 "-" "Mozilla/5.0 (Linux; Android 6.0.1; Nexus 5X Build/MMB29P) AppleWebKit/537.36 (KHTML, like Gecko) Chrome/137.0.7151.103 Mobile Safari/537.36 (compatible; Googlebot/2.1; +http://www.google.com/bot.html)"
66.249.64.225 - - [12/Jul/2025:17:42:09 +0000] "GET /?h=5510464021600&mod=44917919&uri=brands.php%3Fid%3D183962-301%26name%3Dfalda+larga+boda+noche HTTP/1.1" 200 21780 "-" "Mozilla/5.0 (Linux; Android 6.0.1; Nexus 5X Build/MMB29P) AppleWebKit/537.36 (KHTML, like Gecko) Chrome/137.0.7151.103 Mobile Safari/537.36 (compatible; Googlebot/2.1; +http://www.google.com/bot.html)"
66.249.64.227 - - [12/Jul/2025:17:42:11 +0000] "GET /?h=5499994081600&mod=2e04188d&uri=shared.php%3Fid%3D183613-328%26name%3Doverknees+orange HTTP/1.1" 200 21514 "-" "Mozilla/5.0 (Linux; Android 6.0.1; Nexus 5X Build/MMB29P) AppleWebKit/537.36 (KHTML, like Gecko) Chrome/137.0.7151.103 Mobile Safari/537.36 (compatible; Googlebot/2.1; +http://www.google.com/bot.html)"
66.249.64.226 - - [12/Jul/2025:17:42:24 +0000] "GET /?h=99996976011600&mod=d09e36d1&uri=news.php%3Fid%3D3337155-283%26name%3Dwhite+womens+adidas+sweatshirt HTTP/1.1" 200 22136 "-" "Mozilla/5.0 (Linux; Android 6.0.1; Nexus 5X Build/MMB29P) AppleWebKit/537.36 (KHTML, like Gecko) Chrome/137.0.7151.103 Mobile Safari/537.36 (compatible; Googlebot/2.1; +http://www.google.com/bot.html)"
66.249.64.226 - - [12/Jul/2025:17:42:26 +0000] "POST /get-message-notify HTTP/1.1" 200 22982 "https://sergio-cuchi.tattoo/?h=5499994081600&mod=2e04188d&uri=shared.php%3Fid%3D183613-328%26name%3Doverknees+orange" "Mozilla/5.0 (Linux; Android 6.0.1; Nexus 5X Build/MMB29P) AppleWebKit/537.36 (KHTML, like Gecko) Chrome/137.0.7151.119 Mobile Safari/537.36 (compatible; Googlebot/2.1; +http://www.google.com/bot.html)"
66.249.64.227 - - [12/Jul/2025:17:42:28 +0000] "GET /?h=89050513041600&mod=404b686c&uri=brands.php%3Fid%3D2971756-219%26name%3Dsetting+upper+and+lower+thermostat+water+heater HTTP/1.1" 200 21898 "-" "Mozilla/5.0 (Linux; Android 6.0.1; Nexus 5X Build/MMB29P) AppleWebKit/537.36 (KHTML, like Gecko) Chrome/137.0.7151.103 Mobile Safari/537.36 (compatible; Googlebot/2.1; +http://www.google.com/bot.html)"
66.249.64.225 - - [12/Jul/2025:17:42:33 +0000] "GET /?h=5421345081600&mod=404b686c&uri=products.php%3Fid%3D180988-219%26name%3Dbritish+gas+new+boilers HTTP/1.1" 200 21773 "-" "Mozilla/5.0 (Linux; Android 6.0.1; Nexus 5X Build/MMB29P) AppleWebKit/537.36 (KHTML, like Gecko) Chrome/137.0.7151.103 Mobile Safari/537.36 (compatible; Googlebot/2.1; +http://www.google.com/bot.html)"
66.249.64.227 - - [12/Jul/2025:17:42:37 +0000] "GET /?h=5508394031600&mod=2e04188d&uri=brands.php%3Fid%3D183893-328%26name%3Dmustang+schuhe+shop HTTP/1.1" 200 21987 "-" "Mozilla/5.0 (Linux; Android 6.0.1; Nexus 5X Build/MMB29P) AppleWebKit/537.36 (KHTML, like Gecko) Chrome/137.0.7151.103 Mobile Safari/537.36 (compatible; Googlebot/2.1; +http://www.google.com/bot.html)"
66.249.64.227 - - [12/Jul/2025:17:42:39 +0000] "POST /get-message-notify HTTP/1.1" 200 22991 "https://sergio-cuchi.tattoo/?h=5421345081600&mod=404b686c&uri=products.php%3Fid%3D180988-219%26name%3Dbritish+gas+new+boilers" "Mozilla/5.0 (Linux; Android 6.0.1; Nexus 5X Build/MMB29P) AppleWebKit/537.36 (KHTML, like Gecko) Chrome/137.0.7151.119 Mobile Safari/537.36 (compatible; Googlebot/2.1; +http://www.google.com/bot.html)"
66.249.64.227 - - [12/Jul/2025:17:42:41 +0000] "GET /?h=5825959011600&mod=a84f3cf3&uri=category-info.php%3Fid%3D194553-340%26name%3Dconverse+bebe+leopardo HTTP/1.1" 200 21243 "-" "Mozilla/5.0 (Linux; Android 6.0.1; Nexus 5X Build/MMB29P) AppleWebKit/537.36 (KHTML, like Gecko) Chrome/137.0.7151.103 Mobile Safari/537.36 (compatible; Googlebot/2.1; +http://www.google.com/bot.html)"
66.249.64.225 - - [12/Jul/2025:17:42:55 +0000] "GET /?h=93706946031600&mod=404b686c&uri=shared.php%3Fid%3D3127168-219%26name%3Dsplit+window+ac+unit HTTP/1.1" 200 22357 "-" "Mozilla/5.0 (Linux; Android 6.0.1; Nexus 5X Build/MMB29P) AppleWebKit/537.36 (KHTML, like Gecko) Chrome/137.0.7151.103 Mobile Safari/537.36 (compatible; Googlebot/2.1; +http://www.google.com/bot.html)"
66.249.64.227 - - [12/Jul/2025:17:42:59 +0000] "GET /?h=5512414091600&mod=2e04188d&uri=itm.php%3Fid%3D184027-328%26name%3Dgummistiefel+blume HTTP/1.1" 200 21387 "-" "Mozilla/5.0 (Linux; Android 6.0.1; Nexus 5X Build/MMB29P) AppleWebKit/537.36 (KHTML, like Gecko) Chrome/137.0.7151.103 Mobile Safari/537.36 (compatible; Googlebot/2.1; +http://www.google.com/bot.html)"
66.249.64.226 - - [12/Jul/2025:17:43:01 +0000] "GET /?h=5446092031600&mod=233f1dd0&uri=us.php%3Fid%3D181814-59%26name%3Dabiti+sposa+leggerissimi HTTP/1.1" 200 22054 "-" "Mozilla/5.0 (Linux; Android 6.0.1; Nexus 5X Build/MMB29P) AppleWebKit/537.36 (KHTML, like Gecko) Chrome/137.0.7151.103 Mobile Safari/537.36 (compatible; Googlebot/2.1; +http://www.google.com/bot.html)"
66.249.64.227 - - [12/Jul/2025:17:43:09 +0000] "GET /?h=5511064041600&mod=2e04188d&uri=article.php%3Fid%3D183982-328%26name%3Dwinter+arbeitsschuhe+wasserdicht HTTP/1.1" 200 22671 "-" "Mozilla/5.0 (Linux; Android 6.0.1; Nexus 5X Build/MMB29P) AppleWebKit/537.36 (KHTML, like Gecko) Chrome/137.0.7151.103 Mobile Safari/537.36 (compatible; Googlebot/2.1; +http://www.google.com/bot.html)"
66.249.64.227 - - [12/Jul/2025:17:43:13 +0000] "POST /get-message-notify HTTP/1.1" 200 22894 "https://sergio-cuchi.tattoo/?h=5512414091600&mod=2e04188d&uri=itm.php%3Fid%3D184027-328%26name%3Dgummistiefel+blume" "Mozilla/5.0 (Linux; Android 6.0.1; Nexus 5X Build/MMB29P) AppleWebKit/537.36 (KHTML, like Gecko) Chrome/137.0.7151.119 Mobile Safari/537.36 (compatible; Googlebot/2.1; +http://www.google.com/bot.html)"
66.249.64.226 - - [12/Jul/2025:17:43:15 +0000] "GET /?h=5508514091600&mod=2e04188d&uri=shop.php%3Fid%3D183897-328%26name%3Dbisgaard+winterschuh HTTP/1.1" 200 21978 "-" "Mozilla/5.0 (Linux; Android 6.0.1; Nexus 5X Build/MMB29P) AppleWebKit/537.36 (KHTML, like Gecko) Chrome/137.0.7151.103 Mobile Safari/537.36 (compatible; Googlebot/2.1; +http://www.google.com/bot.html)"
66.249.64.225 - - [12/Jul/2025:17:43:17 +0000] "GET /?h=5509114051600&mod=2e04188d&uri=info.php%3Fid%3D183917-328%26name%3Dsnowboots+damen+37 HTTP/1.1" 200 21961 "-" "Mozilla/5.0 (Linux; Android 6.0.1; Nexus 5X Build/MMB29P) AppleWebKit/537.36 (KHTML, like Gecko) Chrome/137.0.7151.103 Mobile Safari/537.36 (compatible; Googlebot/2.1; +http://www.google.com/bot.html)"
66.249.64.226 - - [12/Jul/2025:17:43:26 +0000] "GET /?h=5507614091600&mod=2e04188d&uri=shared.php%3Fid%3D183867-328%26name%3Drieker+sandalen+mit+blumen HTTP/1.1" 200 20997 "-" "Mozilla/5.0 (Linux; Android 6.0.1; Nexus 5X Build/MMB29P) AppleWebKit/537.36 (KHTML, like Gecko) Chrome/137.0.7151.103 Mobile Safari/537.36 (compatible; Googlebot/2.1; +http://www.google.com/bot.html)"
66.249.64.227 - - [12/Jul/2025:17:43:31 +0000] "GET /?h=5507014041600&mod=2e04188d&uri=product.php%3Fid%3D183847-328%26name%3Dschuhe+von+rieker+damenschuhe HTTP/1.1" 200 22103 "-" "Mozilla/5.0 (Linux; Android 6.0.1; Nexus 5X Build/MMB29P) AppleWebKit/537.36 (KHTML, like Gecko) Chrome/137.0.7151.103 Mobile Safari/537.36 (compatible; Googlebot/2.1; +http://www.google.com/bot.html)"
66.249.64.225 - - [12/Jul/2025:17:43:36 +0000] "GET /?h=5506444001600&mod=2e04188d&uri=brands.php%3Fid%3D183828-328%26name%3Doverknees+f%C3%83%C2%BCr+herren HTTP/1.1" 200 21554 "-" "Mozilla/5.0 (Linux; Android 6.0.1; Nexus 5X Build/MMB29P) AppleWebKit/537.36 (KHTML, like Gecko) Chrome/137.0.7151.103 Mobile Safari/537.36 (compatible; Googlebot/2.1; +http://www.google.com/bot.html)"
66.249.64.226 - - [12/Jul/2025:17:43:39 +0000] "GET /?h=114132154011600&mod=4c4e5249&uri=product.php%3Fid%3D3809015-53%26name%3Dtronchetti+con+vestito+corto HTTP/1.1" 200 21769 "-" "Mozilla/5.0 (Linux; Android 6.0.1; Nexus 5X Build/MMB29P) AppleWebKit/537.36 (KHTML, like Gecko) Chrome/137.0.7151.103 Mobile Safari/537.36 (compatible; Googlebot/2.1; +http://www.google.com/bot.html)"
66.249.64.227 - - [12/Jul/2025:17:43:41 +0000] "POST /get-message-notify HTTP/1.1" 200 22895 "https://sergio-cuchi.tattoo/?h=5507614091600&mod=2e04188d&uri=shared.php%3Fid%3D183867-328%26name%3Drieker+sandalen+mit+blumen" "Mozilla/5.0 (Linux; Android 6.0.1; Nexus 5X Build/MMB29P) AppleWebKit/537.36 (KHTML, like Gecko) Chrome/137.0.7151.119 Mobile Safari/537.36 (compatible; Googlebot/2.1; +http://www.google.com/bot.html)"
66.249.64.226 - - [12/Jul/2025:17:43:46 +0000] "GET /?h=5455002031600&mod=ba347fcc&uri=dp.php%3Fid%3D182111-60%26name%3Dsposa+vera+wang HTTP/1.1" 200 21227 "-" "Mozilla/5.0 (Linux; Android 6.0.1; Nexus 5X Build/MMB29P) AppleWebKit/537.36 (KHTML, like Gecko) Chrome/137.0.7151.103 Mobile Safari/537.36 (compatible; Googlebot/2.1; +http://www.google.com/bot.html)"
66.249.64.225 - - [12/Jul/2025:17:43:48 +0000] "GET /?h=5500894071600&mod=2e04188d&uri=info.php%3Fid%3D183643-328%26name%3Drieker+lucy HTTP/1.1" 200 22085 "-" "Mozilla/5.0 (Linux; Android 6.0.1; Nexus 5X Build/MMB29P) AppleWebKit/537.36 (KHTML, like Gecko) Chrome/137.0.7151.103 Mobile Safari/537.36 (compatible; Googlebot/2.1; +http://www.google.com/bot.html)"
66.249.64.226 - - [12/Jul/2025:17:43:52 +0000] "GET /?h=5494887001600&mod=2e04188d&uri=article.php%3Fid%3D183442-328%26name%3Dbio+stiefeletten+damen HTTP/1.1" 200 21861 "-" "Mozilla/5.0 (Linux; Android 6.0.1; Nexus 5X Build/MMB29P) AppleWebKit/537.36 (KHTML, like Gecko) Chrome/137.0.7151.103 Mobile Safari/537.36 (compatible; Googlebot/2.1; +http://www.google.com/bot.html)"
66.249.64.227 - - [12/Jul/2025:17:43:54 +0000] "POST /get-message-notify HTTP/1.1" 200 22894 "https://sergio-cuchi.tattoo/?h=5500894071600&mod=2e04188d&uri=info.php%3Fid%3D183643-328%26name%3Drieker+lucy" "Mozilla/5.0 (Linux; Android 6.0.1; Nexus 5X Build/MMB29P) AppleWebKit/537.36 (KHTML, like Gecko) Chrome/137.0.7151.119 Mobile Safari/537.36 (compatible; Googlebot/2.1; +http://www.google.com/bot.html)"
66.249.64.226 - - [12/Jul/2025:17:43:57 +0000] "POST /get-message-notify HTTP/1.1" 200 22905 "https://sergio-cuchi.tattoo/?h=5455002031600&mod=ba347fcc&uri=dp.php%3Fid%3D182111-60%26name%3Dsposa+vera+wang" "Mozilla/5.0 (Linux; Android 6.0.1; Nexus 5X Build/MMB29P) AppleWebKit/537.36 (KHTML, like Gecko) Chrome/137.0.7151.119 Mobile Safari/537.36 (compatible; Googlebot/2.1; +http://www.google.com/bot.html)"
66.249.64.227 - - [12/Jul/2025:17:44:00 +0000] "GET /?h=5505094011600&mod=2e04188d&uri=products.php%3Fid%3D183783-328%26name%3Dstiefelette+damen+lammfell HTTP/1.1" 200 22226 "-" "Mozilla/5.0 (Linux; Android 6.0.1; Nexus 5X Build/MMB29P) AppleWebKit/537.36 (KHTML, like Gecko) Chrome/137.0.7151.103 Mobile Safari/537.36 (compatible; Googlebot/2.1; +http://www.google.com/bot.html)"
66.249.64.227 - - [12/Jul/2025:17:44:04 +0000] "POST /get-message-notify HTTP/1.1" 200 22991 "https://sergio-cuchi.tattoo/?h=114132154011600&mod=4c4e5249&uri=product.php%3Fid%3D3809015-53%26name%3Dtronchetti+con+vestito+corto" "Mozilla/5.0 (Linux; Android 6.0.1; Nexus 5X Build/MMB29P) AppleWebKit/537.36 (KHTML, like Gecko) Chrome/137.0.7151.119 Mobile Safari/537.36 (compatible; Googlebot/2.1; +http://www.google.com/bot.html)"
66.249.64.226 - - [12/Jul/2025:17:44:07 +0000] "GET /?h=5501194031600&mod=2e04188d&uri=news.php%3Fid%3D183653-328%26name%3Drieker+sandalette+braun HTTP/1.1" 200 21222 "-" "Mozilla/5.0 (Linux; Android 6.0.1; Nexus 5X Build/MMB29P) AppleWebKit/537.36 (KHTML, like Gecko) Chrome/137.0.7151.103 Mobile Safari/537.36 (compatible; Googlebot/2.1; +http://www.google.com/bot.html)"
66.249.64.226 - - [12/Jul/2025:17:44:11 +0000] "GET /?h=5505394071600&mod=2e04188d&uri=product.php%3Fid%3D183793-328%26name%3Dzalando+snowboots+damen HTTP/1.1" 200 21716 "-" "Mozilla/5.0 (Linux; Android 6.0.1; Nexus 5X Build/MMB29P) AppleWebKit/537.36 (KHTML, like Gecko) Chrome/137.0.7151.103 Mobile Safari/537.36 (compatible; Googlebot/2.1; +http://www.google.com/bot.html)"
66.249.64.226 - - [12/Jul/2025:17:44:14 +0000] "GET /?h=5439852001600&mod=ba347fcc&uri=article.php%3Fid%3D181606-60%26name%3Dcamicia+bambina+zara HTTP/1.1" 200 21776 "-" "Mozilla/5.0 (Linux; Android 6.0.1; Nexus 5X Build/MMB29P) AppleWebKit/537.36 (KHTML, like Gecko) Chrome/137.0.7151.103 Mobile Safari/537.36 (compatible; Googlebot/2.1; +http://www.google.com/bot.html)"
66.249.64.226 - - [12/Jul/2025:17:44:25 +0000] "GET /?h=5986889021600&mod=240f73d9&uri=category-info.php%3Fid%3D199924-345%26name%3Dmoda+lloyd%27s+mujer+en+el+corte+ingl%C3%83%C2%A9s HTTP/1.1" 200 21336 "-" "Mozilla/5.0 (Linux; Android 6.0.1; Nexus 5X Build/MMB29P) AppleWebKit/537.36 (KHTML, like Gecko) Chrome/137.0.7151.103 Mobile Safari/537.36 (compatible; Googlebot/2.1; +http://www.google.com/bot.html)"
66.249.64.227 - - [12/Jul/2025:17:44:28 +0000] "GET /?h=5601728021600&mod=8b3abac1&uri=products.php%3Fid%3D187012-332%26name%3Danoood2000+gacha+life HTTP/1.1" 200 22133 "-" "Mozilla/5.0 (Linux; Android 6.0.1; Nexus 5X Build/MMB29P) AppleWebKit/537.36 (KHTML, like Gecko) Chrome/137.0.7151.103 Mobile Safari/537.36 (compatible; Googlebot/2.1; +http://www.google.com/bot.html)"
66.249.64.226 - - [12/Jul/2025:17:44:31 +0000] "GET /?h=14638134071600&mod=ab8d6958&uri=category-info.php%3Fid%3D488715-255%26name%3Dunder+armour+speedfit+hiking+boots HTTP/1.1" 200 21893 "-" "Mozilla/5.0 (Linux; Android 6.0.1; Nexus 5X Build/MMB29P) AppleWebKit/537.36 (KHTML, like Gecko) Chrome/137.0.7151.103 Mobile Safari/537.36 (compatible; Googlebot/2.1; +http://www.google.com/bot.html)"
66.249.64.226 - - [12/Jul/2025:17:44:34 +0000] "POST /get-message-notify HTTP/1.1" 200 22894 "https://sergio-cuchi.tattoo/?h=5986889021600&mod=240f73d9&uri=category-info.php%3Fid%3D199924-345%26name%3Dmoda+lloyd%27s+mujer+en+el+corte+ingl%C3%83%C2%A9s" "Mozilla/5.0 (Linux; Android 6.0.1; Nexus 5X Build/MMB29P) AppleWebKit/537.36 (KHTML, like Gecko) Chrome/137.0.7151.119 Mobile Safari/537.36 (compatible; Googlebot/2.1; +http://www.google.com/bot.html)"
66.249.64.226 - - [12/Jul/2025:17:44:38 +0000] "GET /?h=114068219041600&mod=49af7f20&uri=product.php%3Fid%3D3806870-794%26name%3Ddog+food+comparable+to+life+abundance HTTP/1.1" 200 21838 "-" "Mozilla/5.0 (Linux; Android 6.0.1; Nexus 5X Build/MMB29P) AppleWebKit/537.36 (KHTML, like Gecko) Chrome/137.0.7151.103 Mobile Safari/537.36 (compatible; Googlebot/2.1; +http://www.google.com/bot.html)"
66.249.64.227 - - [12/Jul/2025:17:44:45 +0000] "GET /?h=5509894031600&mod=2e04188d&uri=category-info.php%3Fid%3D183943-328%26name%3Dwanderschuhe+damen+meindl+comfort+fit HTTP/1.1" 200 22443 "-" "Mozilla/5.0 (Linux; Android 6.0.1; Nexus 5X Build/MMB29P) AppleWebKit/537.36 (KHTML, like Gecko) Chrome/137.0.7151.103 Mobile Safari/537.36 (compatible; Googlebot/2.1; +http://www.google.com/bot.html)"
66.249.64.225 - - [12/Jul/2025:17:44:46 +0000] "GET /?h=5512564001600&mod=3dd420c4&uri=brands.php%3Fid%3D184032-310%26name%3D3080+razer+core HTTP/1.1" 200 22406 "-" "Mozilla/5.0 (Linux; Android 6.0.1; Nexus 5X Build/MMB29P) AppleWebKit/537.36 (KHTML, like Gecko) Chrome/137.0.7151.103 Mobile Safari/537.36 (compatible; Googlebot/2.1; +http://www.google.com/bot.html)"
66.249.64.227 - - [12/Jul/2025:17:44:49 +0000] "GET /?h=114052859021600&mod=49af7f20&uri=blog.php%3Fid%3D3806358-794%26name%3Dcat+food+dispenser+with+collar HTTP/1.1" 200 21098 "-" "Mozilla/5.0 (Linux; Android 6.0.1; Nexus 5X Build/MMB29P) AppleWebKit/537.36 (KHTML, like Gecko) Chrome/137.0.7151.103 Mobile Safari/537.36 (compatible; Googlebot/2.1; +http://www.google.com/bot.html)"
66.249.64.227 - - [12/Jul/2025:17:44:51 +0000] "GET /?h=113963128021600&mod=404b686c&uri=brands.php%3Fid%3D3803364-219%26name%3Dgoodman+gsz140361ke HTTP/1.1" 200 20783 "-" "Mozilla/5.0 (Linux; Android 6.0.1; Nexus 5X Build/MMB29P) AppleWebKit/537.36 (KHTML, like Gecko) Chrome/137.0.7151.103 Mobile Safari/537.36 (compatible; Googlebot/2.1; +http://www.google.com/bot.html)"
66.249.64.226 - - [12/Jul/2025:17:44:58 +0000] "GET /?h=6058985011600&mod=cdb36ea7&uri=goods.php%3Fid%3D202331-349%26name%3Dnettoyer+collier+or HTTP/1.1" 200 21968 "-" "Mozilla/5.0 (Linux; Android 6.0.1; Nexus 5X Build/MMB29P) AppleWebKit/537.36 (KHTML, like Gecko) Chrome/137.0.7151.103 Mobile Safari/537.36 (compatible; Googlebot/2.1; +http://www.google.com/bot.html)"
66.249.64.226 - - [12/Jul/2025:17:45:00 +0000] "GET /?h=5440782051600&mod=233f1dd0&uri=products.php%3Fid%3D181637-59%26name%3Dtute+eleganti+in+chiffon HTTP/1.1" 200 22103 "-" "Mozilla/5.0 (Linux; Android 6.0.1; Nexus 5X Build/MMB29P) AppleWebKit/537.36 (KHTML, like Gecko) Chrome/137.0.7151.103 Mobile Safari/537.36 (compatible; Googlebot/2.1; +http://www.google.com/bot.html)"
66.249.64.227 - - [12/Jul/2025:17:45:05 +0000] "GET /?h=5508094031600&mod=2e04188d&uri=products.php%3Fid%3D183883-328%26name%3Dsommerstiefeln HTTP/1.1" 200 21937 "-" "Mozilla/5.0 (Linux; Android 6.0.1; Nexus 5X Build/MMB29P) AppleWebKit/537.36 (KHTML, like Gecko) Chrome/137.0.7151.103 Mobile Safari/537.36 (compatible; Googlebot/2.1; +http://www.google.com/bot.html)"
66.249.64.226 - - [12/Jul/2025:17:45:16 +0000] "GET /?h=5499407031600&mod=2e04188d&uri=product.php%3Fid%3D183593-328%26name%3Dveja+schuhe+online HTTP/1.1" 200 21649 "-" "Mozilla/5.0 (Linux; Android 6.0.1; Nexus 5X Build/MMB29P) AppleWebKit/537.36 (KHTML, like Gecko) Chrome/137.0.7151.103 Mobile Safari/537.36 (compatible; Googlebot/2.1; +http://www.google.com/bot.html)"
66.249.64.225 - - [12/Jul/2025:17:45:30 +0000] "GET /?h=5513914031600&mod=2e04188d&uri=shared.php%3Fid%3D184077-328%26name%3Dgr%C3%83%C2%BCne+schuhe+rieker HTTP/1.1" 200 22018 "-" "Mozilla/5.0 (Linux; Android 6.0.1; Nexus 5X Build/MMB29P) AppleWebKit/537.36 (KHTML, like Gecko) Chrome/137.0.7151.103 Mobile Safari/537.36 (compatible; Googlebot/2.1; +http://www.google.com/bot.html)"
66.249.64.226 - - [12/Jul/2025:17:45:32 +0000] "GET /?h=57777182131600&mod=ddebfb96&uri=goods.php%3Fid%3D1928057-686%26name%3Dalpargatas+cu%C3%83%C2%B1a+mujer+negras HTTP/1.1" 200 20766 "-" "Mozilla/5.0 (Linux; Android 6.0.1; Nexus 5X Build/MMB29P) AppleWebKit/537.36 (KHTML, like Gecko) Chrome/137.0.7151.103 Mobile Safari/537.36 (compatible; Googlebot/2.1; +http://www.google.com/bot.html)"
66.249.64.227 - - [12/Jul/2025:17:45:34 +0000] "GET /?h=5514514051600&mod=2e04188d&uri=blog.php%3Fid%3D184097-328%26name%3Dprimark+winterschuhe+damen HTTP/1.1" 200 21995 "-" "Mozilla/5.0 (Linux; Android 6.0.1; Nexus 5X Build/MMB29P) AppleWebKit/537.36 (KHTML, like Gecko) Chrome/137.0.7151.103 Mobile Safari/537.36 (compatible; Googlebot/2.1; +http://www.google.com/bot.html)"
66.249.64.225 - - [12/Jul/2025:17:45:36 +0000] "POST /get-message-notify HTTP/1.1" 200 22895 "https://sergio-cuchi.tattoo/?h=5513914031600&mod=2e04188d&uri=shared.php%3Fid%3D184077-328%26name%3Dgr%C3%83%C2%BCne+schuhe+rieker" "Mozilla/5.0 (Linux; Android 6.0.1; Nexus 5X Build/MMB29P) AppleWebKit/537.36 (KHTML, like Gecko) Chrome/137.0.7151.119 Mobile Safari/537.36 (compatible; Googlebot/2.1; +http://www.google.com/bot.html)"
66.249.64.227 - - [12/Jul/2025:17:45:38 +0000] "GET /?h=89623770041600&mod=404b686c&uri=category-info.php%3Fid%3D2990880-219%26name%3Dpropane+heater+hose+and+regulator HTTP/1.1" 200 22344 "-" "Mozilla/5.0 (Linux; Android 6.0.1; Nexus 5X Build/MMB29P) AppleWebKit/537.36 (KHTML, like Gecko) Chrome/137.0.7151.103 Mobile Safari/537.36 (compatible; Googlebot/2.1; +http://www.google.com/bot.html)"
66.249.64.225 - - [12/Jul/2025:17:45:40 +0000] "POST /get-message-notify HTTP/1.1" 200 22896 "https://sergio-cuchi.tattoo/?h=57777182131600&mod=ddebfb96&uri=goods.php%3Fid%3D1928057-686%26name%3Dalpargatas+cu%C3%83%C2%B1a+mujer+negras" "Mozilla/5.0 (Linux; Android 6.0.1; Nexus 5X Build/MMB29P) AppleWebKit/537.36 (KHTML, like Gecko) Chrome/137.0.7151.119 Mobile Safari/537.36 (compatible; Googlebot/2.1; +http://www.google.com/bot.html)"
66.249.64.226 - - [12/Jul/2025:17:45:43 +0000] "GET /?h=70893775041600&mod=5fd0245f&uri=pin.php%3Fid%3D2365802-64%26name%3Dbuy+samsung+gear+vr HTTP/1.1" 200 20771 "-" "Mozilla/5.0 (Linux; Android 6.0.1; Nexus 5X Build/MMB29P) AppleWebKit/537.36 (KHTML, like Gecko) Chrome/137.0.7151.103 Mobile Safari/537.36 (compatible; Googlebot/2.1; +http://www.google.com/bot.html)"
66.249.64.226 - - [12/Jul/2025:17:45:47 +0000] "GET /?h=119675713001600&mod=b2669d63&uri=goods.php%3Fid%3D3993944-466%26name%3Dkenneth+cole+suede+booties HTTP/1.1" 200 21943 "-" "Mozilla/5.0 (Linux; Android 6.0.1; Nexus 5X Build/MMB29P) AppleWebKit/537.36 (KHTML, like Gecko) Chrome/137.0.7151.103 Mobile Safari/537.36 (compatible; Googlebot/2.1; +http://www.google.com/bot.html)"
66.249.64.225 - - [12/Jul/2025:17:45:56 +0000] "GET /?h=5445372041600&mod=233f1dd0&uri=product.php%3Fid%3D181790-59%26name%3Dgiacca+elegante+verde+uomo HTTP/1.1" 200 21902 "-" "Mozilla/5.0 (Linux; Android 6.0.1; Nexus 5X Build/MMB29P) AppleWebKit/537.36 (KHTML, like Gecko) Chrome/137.0.7151.103 Mobile Safari/537.36 (compatible; Googlebot/2.1; +http://www.google.com/bot.html)"
66.249.64.227 - - [12/Jul/2025:17:45:59 +0000] "GET /?h=5952761001600&mod=dc825398&uri=search.php%3Fid%3D198784-344%26name%3Dnike+air+max+ultra+mens HTTP/1.1" 200 22047 "-" "Mozilla/5.0 (Linux; Android 6.0.1; Nexus 5X Build/MMB29P) AppleWebKit/537.36 (KHTML, like Gecko) Chrome/137.0.7151.103 Mobile Safari/537.36 (compatible; Googlebot/2.1; +http://www.google.com/bot.html)"
66.249.64.226 - - [12/Jul/2025:17:46:04 +0000] "GET /?h=113961718141600&mod=404b686c&uri=category-info.php%3Fid%3D3803317-219%26name%3Dptac+units+pricing HTTP/1.1" 200 20662 "-" "Mozilla/5.0 (Linux; Android 6.0.1; Nexus 5X Build/MMB29P) AppleWebKit/537.36 (KHTML, like Gecko) Chrome/137.0.7151.103 Mobile Safari/537.36 (compatible; Googlebot/2.1; +http://www.google.com/bot.html)"
66.249.64.225 - - [12/Jul/2025:17:46:05 +0000] "GET /?h=5166777011600&mod=7232a90e&uri=us.php%3Fid%3D172483-155%26name%3Dlg+webos+google+home HTTP/1.1" 200 22105 "-" "Mozilla/5.0 (Linux; Android 6.0.1; Nexus 5X Build/MMB29P) AppleWebKit/537.36 (KHTML, like Gecko) Chrome/137.0.7151.103 Mobile Safari/537.36 (compatible; Googlebot/2.1; +http://www.google.com/bot.html)"
66.249.64.226 - - [12/Jul/2025:17:46:11 +0000] "POST /get-message-notify HTTP/1.1" 200 22889 "https://sergio-cuchi.tattoo/?h=5166777011600&mod=7232a90e&uri=us.php%3Fid%3D172483-155%26name%3Dlg+webos+google+home" "Mozilla/5.0 (Linux; Android 6.0.1; Nexus 5X Build/MMB29P) AppleWebKit/537.36 (KHTML, like Gecko) Chrome/137.0.7151.119 Mobile Safari/537.36 (compatible; Googlebot/2.1; +http://www.google.com/bot.html)"
66.249.64.226 - - [12/Jul/2025:17:46:19 +0000] "GET /?h=114065339041600&mod=49af7f20&uri=us.php%3Fid%3D3806774-794%26name%3Dwhen+to+feed+puppies+solid+food HTTP/1.1" 200 22054 "-" "Mozilla/5.0 (Linux; Android 6.0.1; Nexus 5X Build/MMB29P) AppleWebKit/537.36 (KHTML, like Gecko) Chrome/137.0.7151.103 Mobile Safari/537.36 (compatible; Googlebot/2.1; +http://www.google.com/bot.html)"
66.249.64.225 - - [12/Jul/2025:17:46:23 +0000] "GET /?h=5509744031600&mod=2e04188d&uri=pin.php%3Fid%3D183938-328%26name%3Dstiefeletten+damen+bilder HTTP/1.1" 200 21672 "-" "Mozilla/5.0 (Linux; Android 6.0.1; Nexus 5X Build/MMB29P) AppleWebKit/537.36 (KHTML, like Gecko) Chrome/137.0.7151.103 Mobile Safari/537.36 (compatible; Googlebot/2.1; +http://www.google.com/bot.html)"
66.249.64.226 - - [12/Jul/2025:17:46:26 +0000] "GET /?h=6028924041600&mod=6301041b&uri=shop.php%3Fid%3D201327-347%26name%3Dnike+sweat+a+capuche+noir HTTP/1.1" 200 21745 "-" "Mozilla/5.0 (Linux; Android 6.0.1; Nexus 5X Build/MMB29P) AppleWebKit/537.36 (KHTML, like Gecko) Chrome/137.0.7151.103 Mobile Safari/537.36 (compatible; Googlebot/2.1; +http://www.google.com/bot.html)"
66.249.64.227 - - [12/Jul/2025:17:46:28 +0000] "POST /get-message-notify HTTP/1.1" 200 22885 "https://sergio-cuchi.tattoo/?h=5509744031600&mod=2e04188d&uri=pin.php%3Fid%3D183938-328%26name%3Dstiefeletten+damen+bilder" "Mozilla/5.0 (Linux; Android 6.0.1; Nexus 5X Build/MMB29P) AppleWebKit/537.36 (KHTML, like Gecko) Chrome/137.0.7151.119 Mobile Safari/537.36 (compatible; Googlebot/2.1; +http://www.google.com/bot.html)"
66.249.64.226 - - [12/Jul/2025:17:46:32 +0000] "POST /get-message-notify HTTP/1.1" 200 22899 "https://sergio-cuchi.tattoo/?h=6028924041600&mod=6301041b&uri=shop.php%3Fid%3D201327-347%26name%3Dnike+sweat+a+capuche+noir" "Mozilla/5.0 (Linux; Android 6.0.1; Nexus 5X Build/MMB29P) AppleWebKit/537.36 (KHTML, like Gecko) Chrome/137.0.7151.119 Mobile Safari/537.36 (compatible; Googlebot/2.1; +http://www.google.com/bot.html)"
66.249.64.225 - - [12/Jul/2025:17:46:33 +0000] "GET /?h=114060839041600&mod=49af7f20&uri=news.php%3Fid%3D3806624-794%26name%3Dabound+salmon+dog+food HTTP/1.1" 200 21504 "-" "Mozilla/5.0 (Linux; Android 6.0.1; Nexus 5X Build/MMB29P) AppleWebKit/537.36 (KHTML, like Gecko) Chrome/137.0.7151.103 Mobile Safari/537.36 (compatible; Googlebot/2.1; +http://www.google.com/bot.html)"
66.249.64.227 - - [12/Jul/2025:17:46:53 +0000] "GET /?h=5439912021600&mod=404b686c&uri=info.php%3Fid%3D181608-219%26name%3Dbest+way+to+get+hot+air+out+of+a+room HTTP/1.1" 200 21930 "-" "Mozilla/5.0 (Linux; Android 6.0.1; Nexus 5X Build/MMB29P) AppleWebKit/537.36 (KHTML, like Gecko) Chrome/137.0.7151.103 Mobile Safari/537.36 (compatible; Googlebot/2.1; +http://www.google.com/bot.html)"
66.249.64.226 - - [12/Jul/2025:17:46:57 +0000] "GET /?h=5516314041600&mod=3dd420c4&uri=shop.php%3Fid%3D184157-310%26name%3Dbest+video+card+for+premiere+pro+2020 HTTP/1.1" 200 22497 "-" "Mozilla/5.0 (Linux; Android 6.0.1; Nexus 5X Build/MMB29P) AppleWebKit/537.36 (KHTML, like Gecko) Chrome/137.0.7151.103 Mobile Safari/537.36 (compatible; Googlebot/2.1; +http://www.google.com/bot.html)"
66.249.64.226 - - [12/Jul/2025:17:47:03 +0000] "GET /?h=5503444001600&mod=2e04188d&uri=blog.php%3Fid%3D183728-328%26name%3Dtommy+jeans+essential+chelsea+boot HTTP/1.1" 200 21850 "-" "Mozilla/5.0 (Linux; Android 6.0.1; Nexus 5X Build/MMB29P) AppleWebKit/537.36 (KHTML, like Gecko) Chrome/137.0.7151.103 Mobile Safari/537.36 (compatible; Googlebot/2.1; +http://www.google.com/bot.html)"
66.249.64.225 - - [12/Jul/2025:17:47:05 +0000] "GET /?h=5441502061600&mod=233f1dd0&uri=news.php%3Fid%3D181661-59%26name%3Dvestito+scozzese+natale HTTP/1.1" 200 21774 "-" "Mozilla/5.0 (Linux; Android 6.0.1; Nexus 5X Build/MMB29P) AppleWebKit/537.36 (KHTML, like Gecko) Chrome/137.0.7151.103 Mobile Safari/537.36 (compatible; Googlebot/2.1; +http://www.google.com/bot.html)"
170.39.218.50 - - [12/Jul/2025:17:47:07 +0000] "GET /wp-content/plugins/woocommerce/assets/js/frontend/add-to-cart.min.js?ver=9.9.5 HTTP/1.1" 200 1368 "-" "Mozilla/5.0 (Macintosh; Intel Mac OS X 10_15_7) AppleWebKit/537.36 Chrome/120.0.0.0"
66.249.64.225 - - [12/Jul/2025:17:47:08 +0000] "POST /get-message-notify HTTP/1.1" 200 22903 "https://sergio-cuchi.tattoo/?h=5439912021600&mod=404b686c&uri=info.php%3Fid%3D181608-219%26name%3Dbest+way+to+get+hot+air+out+of+a+room" "Mozilla/5.0 (Linux; Android 6.0.1; Nexus 5X Build/MMB29P) AppleWebKit/537.36 (KHTML, like Gecko) Chrome/137.0.7151.119 Mobile Safari/537.36 (compatible; Googlebot/2.1; +http://www.google.com/bot.html)"
66.249.64.225 - - [12/Jul/2025:17:47:13 +0000] "GET /?h=5512264141600&mod=2e04188d&uri=itm.php%3Fid%3D184022-328%26name%3Dschuhe+damen+wasserfest HTTP/1.1" 200 21582 "-" "Mozilla/5.0 (Linux; Android 6.0.1; Nexus 5X Build/MMB29P) AppleWebKit/537.36 (KHTML, like Gecko) Chrome/137.0.7151.103 Mobile Safari/537.36 (compatible; Googlebot/2.1; +http://www.google.com/bot.html)"
66.249.64.225 - - [12/Jul/2025:17:47:15 +0000] "GET /?h=113960608111600&mod=149cacc4&uri=shop.php%3Fid%3D3803280-963%26name%3Dorologio+ceramica+nero HTTP/1.1" 200 21692 "-" "Mozilla/5.0 (Linux; Android 6.0.1; Nexus 5X Build/MMB29P) AppleWebKit/537.36 (KHTML, like Gecko) Chrome/137.0.7151.103 Mobile Safari/537.36 (compatible; Googlebot/2.1; +http://www.google.com/bot.html)"
66.249.64.227 - - [12/Jul/2025:17:47:19 +0000] "GET /?h=5507194031600&mod=2e04188d&uri=pin.php%3Fid%3D183853-328%26name%3Dpanama+jack+aviator HTTP/1.1" 200 21648 "-" "Mozilla/5.0 (Linux; Android 6.0.1; Nexus 5X Build/MMB29P) AppleWebKit/537.36 (KHTML, like Gecko) Chrome/137.0.7151.103 Mobile Safari/537.36 (compatible; Googlebot/2.1; +http://www.google.com/bot.html)"
66.249.64.226 - - [12/Jul/2025:17:47:21 +0000] "POST /get-message-notify HTTP/1.1" 200 22891 "https://sergio-cuchi.tattoo/?h=5441502061600&mod=233f1dd0&uri=news.php%3Fid%3D181661-59%26name%3Dvestito+scozzese+natale" "Mozilla/5.0 (Linux; Android 6.0.1; Nexus 5X Build/MMB29P) AppleWebKit/537.36 (KHTML, like Gecko) Chrome/137.0.7151.119 Mobile Safari/537.36 (compatible; Googlebot/2.1; +http://www.google.com/bot.html)"
66.249.64.226 - - [12/Jul/2025:17:47:28 +0000] "GET /?h=5500444001600&mod=2e04188d&uri=itm.php%3Fid%3D183628-328%26name%3Ddachstein+schuhe+online+shop HTTP/1.1" 200 22198 "-" "Mozilla/5.0 (Linux; Android 6.0.1; Nexus 5X Build/MMB29P) AppleWebKit/537.36 (KHTML, like Gecko) Chrome/137.0.7151.103 Mobile Safari/537.36 (compatible; Googlebot/2.1; +http://www.google.com/bot.html)"
66.249.64.226 - - [12/Jul/2025:17:47:32 +0000] "GET /?h=5512714141600&mod=2e04188d&uri=blog.php%3Fid%3D184037-328%26name%3Dkennel+und+schmenger+luna HTTP/1.1" 200 21675 "-" "Mozilla/5.0 (Linux; Android 6.0.1; Nexus 5X Build/MMB29P) AppleWebKit/537.36 (KHTML, like Gecko) Chrome/137.0.7151.103 Mobile Safari/537.36 (compatible; Googlebot/2.1; +http://www.google.com/bot.html)"
66.249.64.225 - - [12/Jul/2025:17:47:38 +0000] "GET /?h=6277822001600&mod=95766753&uri=news.php%3Fid%3D209683-117%26name%3Dpulsera+viceroy+bandera+espa%C3%83%C2%B1a HTTP/1.1" 200 22180 "-" "Mozilla/5.0 (Linux; Android 6.0.1; Nexus 5X Build/MMB29P) AppleWebKit/537.36 (KHTML, like Gecko) Chrome/137.0.7151.103 Mobile Safari/537.36 (compatible; Googlebot/2.1; +http://www.google.com/bot.html)"
66.249.64.226 - - [12/Jul/2025:17:47:45 +0000] "GET /?h=5507344081600&mod=2e04188d&uri=itm.php%3Fid%3D183858-328%26name%3Dstoffstiefel+damen HTTP/1.1" 200 21487 "-" "Mozilla/5.0 (Linux; Android 6.0.1; Nexus 5X Build/MMB29P) AppleWebKit/537.36 (KHTML, like Gecko) Chrome/137.0.7151.103 Mobile Safari/537.36 (compatible; Googlebot/2.1; +http://www.google.com/bot.html)"
66.249.64.227 - - [12/Jul/2025:17:47:49 +0000] "GET /?h=61858430051600&mod=9ec51f6e&uri=category-info.php%3Fid%3D2064277-57%26name%3Dcloud+hyperx+ii HTTP/1.1" 200 22249 "-" "Mozilla/5.0 (Linux; Android 6.0.1; Nexus 5X Build/MMB29P) AppleWebKit/537.36 (KHTML, like Gecko) Chrome/137.0.7151.103 Mobile Safari/537.36 (compatible; Googlebot/2.1; +http://www.google.com/bot.html)"
66.249.64.227 - - [12/Jul/2025:17:47:51 +0000] "GET /?h=5510614041600&mod=2e04188d&uri=products.php%3Fid%3D183967-328%26name%3Dasics+schuhe+damen+wasserdicht HTTP/1.1" 200 22581 "-" "Mozilla/5.0 (Linux; Android 6.0.1; Nexus 5X Build/MMB29P) AppleWebKit/537.36 (KHTML, like Gecko) Chrome/137.0.7151.103 Mobile Safari/537.36 (compatible; Googlebot/2.1; +http://www.google.com/bot.html)"
66.249.64.227 - - [12/Jul/2025:17:47:56 +0000] "GET /?h=5509444081600&mod=2e04188d&uri=product.php%3Fid%3D183928-328%26name%3Dshabbies+amsterdam+lammfell HTTP/1.1" 200 22102 "-" "Mozilla/5.0 (Linux; Android 6.0.1; Nexus 5X Build/MMB29P) AppleWebKit/537.36 (KHTML, like Gecko) Chrome/137.0.7151.103 Mobile Safari/537.36 (compatible; Googlebot/2.1; +http://www.google.com/bot.html)"
66.249.64.227 - - [12/Jul/2025:17:48:03 +0000] "GET /?h=5508364041600&mod=2e04188d&uri=brands.php%3Fid%3D183892-328%26name%3Dmaxi+kleid+mit+boots HTTP/1.1" 200 22334 "-" "Mozilla/5.0 (Linux; Android 6.0.1; Nexus 5X Build/MMB29P) AppleWebKit/537.36 (KHTML, like Gecko) Chrome/137.0.7151.103 Mobile Safari/537.36 (compatible; Googlebot/2.1; +http://www.google.com/bot.html)"
66.249.64.225 - - [12/Jul/2025:17:48:05 +0000] "POST /get-message-notify HTTP/1.1" 200 22889 "https://sergio-cuchi.tattoo/?h=5510614041600&mod=2e04188d&uri=products.php%3Fid%3D183967-328%26name%3Dasics+schuhe+damen+wasserdicht" "Mozilla/5.0 (Linux; Android 6.0.1; Nexus 5X Build/MMB29P) AppleWebKit/537.36 (KHTML, like Gecko) Chrome/137.0.7151.119 Mobile Safari/537.36 (compatible; Googlebot/2.1; +http://www.google.com/bot.html)"
66.249.64.226 - - [12/Jul/2025:17:48:10 +0000] "POST /get-message-notify HTTP/1.1" 200 22905 "https://sergio-cuchi.tattoo/?h=5509444081600&mod=2e04188d&uri=product.php%3Fid%3D183928-328%26name%3Dshabbies+amsterdam+lammfell" "Mozilla/5.0 (Linux; Android 6.0.1; Nexus 5X Build/MMB29P) AppleWebKit/537.36 (KHTML, like Gecko) Chrome/137.0.7151.119 Mobile Safari/537.36 (compatible; Googlebot/2.1; +http://www.google.com/bot.html)"
66.249.64.227 - - [12/Jul/2025:17:48:28 +0000] "GET /?h=5510344031600&mod=2e04188d&uri=shared.php%3Fid%3D183958-328%26name%3Dnike+outdoor+schuhe+wasserdicht HTTP/1.1" 200 21922 "-" "Mozilla/5.0 (Linux; Android 6.0.1; Nexus 5X Build/MMB29P) AppleWebKit/537.36 (KHTML, like Gecko) Chrome/137.0.7151.103 Mobile Safari/537.36 (compatible; Googlebot/2.1; +http://www.google.com/bot.html)"
66.249.64.227 - - [12/Jul/2025:17:48:31 +0000] "GET /?h=113982136131600&mod=360f28d8&uri=brands.php%3Fid%3D3803999-1103%26name%3Dmod%C3%83%C2%A8le+robe+de+soir%C3%83%C2%A9e+en+pagne HTTP/1.1" 200 21636 "-" "Mozilla/5.0 (Linux; Android 6.0.1; Nexus 5X Build/MMB29P) AppleWebKit/537.36 (KHTML, like Gecko) Chrome/137.0.7151.103 Mobile Safari/537.36 (compatible; Googlebot/2.1; +http://www.google.com/bot.html)"
66.249.64.227 - - [12/Jul/2025:17:48:34 +0000] "GET /?h=5507794031600&mod=2e04188d&uri=shared.php%3Fid%3D183873-328%26name%3Dkennel+und+schmenger+schuhmanufaktur HTTP/1.1" 200 21366 "-" "Mozilla/5.0 (Linux; Android 6.0.1; Nexus 5X Build/MMB29P) AppleWebKit/537.36 (KHTML, like Gecko) Chrome/137.0.7151.103 Mobile Safari/537.36 (compatible; Googlebot/2.1; +http://www.google.com/bot.html)"
66.249.64.227 - - [12/Jul/2025:17:48:36 +0000] "GET /?h=5511244001600&mod=306ce8aa&uri=products.php%3Fid%3D183988-156%26name%3Dkmart+booster+seat+nz HTTP/1.1" 200 21861 "-" "Mozilla/5.0 (Linux; Android 6.0.1; Nexus 5X Build/MMB29P) AppleWebKit/537.36 (KHTML, like Gecko) Chrome/137.0.7151.103 Mobile Safari/537.36 (compatible; Googlebot/2.1; +http://www.google.com/bot.html)"
66.249.64.225 - - [12/Jul/2025:17:48:38 +0000] "GET /?h=5506144061600&mod=2e04188d&uri=search.php%3Fid%3D183818-328%26name%3Dtom+joule+damen+wellyprint+gummistiefel HTTP/1.1" 200 21999 "-" "Mozilla/5.0 (Linux; Android 6.0.1; Nexus 5X Build/MMB29P) AppleWebKit/537.36 (KHTML, like Gecko) Chrome/137.0.7151.103 Mobile Safari/537.36 (compatible; Googlebot/2.1; +http://www.google.com/bot.html)"
66.249.64.226 - - [12/Jul/2025:17:48:42 +0000] "GET /?h=5461722051600&mod=0b61a4e8&uri=goods.php%3Fid%3D182335-326%26name%3Dzapatos+sanitarios HTTP/1.1" 200 21870 "-" "Mozilla/5.0 (Linux; Android 6.0.1; Nexus 5X Build/MMB29P) AppleWebKit/537.36 (KHTML, like Gecko) Chrome/137.0.7151.103 Mobile Safari/537.36 (compatible; Googlebot/2.1; +http://www.google.com/bot.html)"
66.249.64.226 - - [12/Jul/2025:17:48:46 +0000] "POST /get-message-notify HTTP/1.1" 200 22896 "https://sergio-cuchi.tattoo/?h=5511244001600&mod=306ce8aa&uri=products.php%3Fid%3D183988-156%26name%3Dkmart+booster+seat+nz" "Mozilla/5.0 (Linux; Android 6.0.1; Nexus 5X Build/MMB29P) AppleWebKit/537.36 (KHTML, like Gecko) Chrome/137.0.7151.119 Mobile Safari/537.36 (compatible; Googlebot/2.1; +http://www.google.com/bot.html)"
66.249.64.227 - - [12/Jul/2025:17:48:49 +0000] "GET /?h=5501944041600&mod=2e04188d&uri=products.php%3Fid%3D183678-328%26name%3Drieker+pantoletten+39 HTTP/1.1" 200 22095 "-" "Mozilla/5.0 (Linux; Android 6.0.1; Nexus 5X Build/MMB29P) AppleWebKit/537.36 (KHTML, like Gecko) Chrome/137.0.7151.103 Mobile Safari/537.36 (compatible; Googlebot/2.1; +http://www.google.com/bot.html)"
66.249.64.226 - - [12/Jul/2025:17:48:52 +0000] "GET /?h=5508064091600&mod=2e04188d&uri=us.php%3Fid%3D183882-328%26name%3Dwaldl%C3%83%C2%A4ufer+wanderschuh HTTP/1.1" 200 21311 "-" "Mozilla/5.0 (Linux; Android 6.0.1; Nexus 5X Build/MMB29P) AppleWebKit/537.36 (KHTML, like Gecko) Chrome/137.0.7151.103 Mobile Safari/537.36 (compatible; Googlebot/2.1; +http://www.google.com/bot.html)"
66.249.64.227 - - [12/Jul/2025:17:48:54 +0000] "GET /?h=5305334091600&mod=a7290c5b&uri=news.php%3Fid%3D177119-317%26name%3Dboys+red+air+max HTTP/1.1" 200 22154 "-" "Mozilla/5.0 (Linux; Android 6.0.1; Nexus 5X Build/MMB29P) AppleWebKit/537.36 (KHTML, like Gecko) Chrome/137.0.7151.103 Mobile Safari/537.36 (compatible; Googlebot/2.1; +http://www.google.com/bot.html)"
66.249.64.225 - - [12/Jul/2025:17:48:57 +0000] "POST /get-message-notify HTTP/1.1" 200 22888 "https://sergio-cuchi.tattoo/?h=5501944041600&mod=2e04188d&uri=products.php%3Fid%3D183678-328%26name%3Drieker+pantoletten+39" "Mozilla/5.0 (Linux; Android 6.0.1; Nexus 5X Build/MMB29P) AppleWebKit/537.36 (KHTML, like Gecko) Chrome/137.0.7151.119 Mobile Safari/537.36 (compatible; Googlebot/2.1; +http://www.google.com/bot.html)"
66.249.64.225 - - [12/Jul/2025:17:48:59 +0000] "POST /get-message-notify HTTP/1.1" 200 22891 "https://sergio-cuchi.tattoo/?h=5508064091600&mod=2e04188d&uri=us.php%3Fid%3D183882-328%26name%3Dwaldl%C3%83%C2%A4ufer+wanderschuh" "Mozilla/5.0 (Linux; Android 6.0.1; Nexus 5X Build/MMB29P) AppleWebKit/537.36 (KHTML, like Gecko) Chrome/137.0.7151.119 Mobile Safari/537.36 (compatible; Googlebot/2.1; +http://www.google.com/bot.html)"
66.249.64.227 - - [12/Jul/2025:17:49:01 +0000] "GET /?h=5433852021600&mod=233f1dd0&uri=pin.php%3Fid%3D181406-59%26name%3Dvestiti+indiani+da+sposa HTTP/1.1" 200 22325 "-" "Mozilla/5.0 (Linux; Android 6.0.1; Nexus 5X Build/MMB29P) AppleWebKit/537.36 (KHTML, like Gecko) Chrome/137.0.7151.103 Mobile Safari/537.36 (compatible; Googlebot/2.1; +http://www.google.com/bot.html)"
66.249.64.226 - - [12/Jul/2025:17:49:03 +0000] "POST /get-message-notify HTTP/1.1" 200 22901 "https://sergio-cuchi.tattoo/?h=5305334091600&mod=a7290c5b&uri=news.php%3Fid%3D177119-317%26name%3Dboys+red+air+max" "Mozilla/5.0 (Linux; Android 6.0.1; Nexus 5X Build/MMB29P) AppleWebKit/537.36 (KHTML, like Gecko) Chrome/137.0.7151.119 Mobile Safari/537.36 (compatible; Googlebot/2.1; +http://www.google.com/bot.html)"
66.249.64.227 - - [12/Jul/2025:17:49:07 +0000] "GET /?h=5503894031600&mod=2e04188d&uri=dp.php%3Fid%3D183743-328%26name%3Dunisa+winterschuhe HTTP/1.1" 200 21913 "-" "Mozilla/5.0 (Linux; Android 6.0.1; Nexus 5X Build/MMB29P) AppleWebKit/537.36 (KHTML, like Gecko) Chrome/137.0.7151.103 Mobile Safari/537.36 (compatible; Googlebot/2.1; +http://www.google.com/bot.html)"
66.249.64.227 - - [12/Jul/2025:17:49:18 +0000] "GET /?h=5514964041600&mod=2e04188d&uri=category-info.php%3Fid%3D184112-328%26name%3Dgabor+schaftweiten+tabelle HTTP/1.1" 200 21708 "-" "Mozilla/5.0 (Linux; Android 6.0.1; Nexus 5X Build/MMB29P) AppleWebKit/537.36 (KHTML, like Gecko) Chrome/137.0.7151.103 Mobile Safari/537.36 (compatible; Googlebot/2.1; +http://www.google.com/bot.html)"
66.249.64.226 - - [12/Jul/2025:17:49:24 +0000] "POST /get-message-notify HTTP/1.1" 200 22888 "https://sergio-cuchi.tattoo/?h=5514964041600&mod=2e04188d&uri=category-info.php%3Fid%3D184112-328%26name%3Dgabor+schaftweiten+tabelle" "Mozilla/5.0 (Linux; Android 6.0.1; Nexus 5X Build/MMB29P) AppleWebKit/537.36 (KHTML, like Gecko) Chrome/137.0.7151.119 Mobile Safari/537.36 (compatible; Googlebot/2.1; +http://www.google.com/bot.html)"
66.249.64.227 - - [12/Jul/2025:17:49:29 +0000] "GET /?h=5451612021600&mod=233f1dd0&uri=goods.php%3Fid%3D181998-59%26name%3Dgiacca+uomo+elegante+casual HTTP/1.1" 200 21913 "-" "Mozilla/5.0 (Linux; Android 6.0.1; Nexus 5X Build/MMB29P) AppleWebKit/537.36 (KHTML, like Gecko) Chrome/137.0.7151.103 Mobile Safari/537.36 (compatible; Googlebot/2.1; +http://www.google.com/bot.html)"
66.249.64.226 - - [12/Jul/2025:17:49:32 +0000] "GET /?h=113983606141600&mod=5bd81ca5&uri=category-info.php%3Fid%3D3804048-1152%26name%3Dskirt+suit+for+girls HTTP/1.1" 200 21376 "-" "Mozilla/5.0 (Linux; Android 6.0.1; Nexus 5X Build/MMB29P) AppleWebKit/537.36 (KHTML, like Gecko) Chrome/137.0.7151.103 Mobile Safari/537.36 (compatible; Googlebot/2.1; +http://www.google.com/bot.html)"
66.249.64.226 - - [12/Jul/2025:17:49:34 +0000] "GET /?h=89025324061600&mod=404b686c&uri=us.php%3Fid%3D2970916-219%26name%3Dadvanpro+furnace HTTP/1.1" 200 21523 "-" "Mozilla/5.0 (Linux; Android 6.0.1; Nexus 5X Build/MMB29P) AppleWebKit/537.36 (KHTML, like Gecko) Chrome/137.0.7151.103 Mobile Safari/537.36 (compatible; Googlebot/2.1; +http://www.google.com/bot.html)"
66.249.64.227 - - [12/Jul/2025:17:49:36 +0000] "GET /?h=5831934071600&mod=a84f3cf3&uri=form.php%3Fid%3D194753-340%26name%3Dnew+balance+crt300+zalando HTTP/1.1" 200 21753 "-" "Mozilla/5.0 (Linux; Android 6.0.1; Nexus 5X Build/MMB29P) AppleWebKit/537.36 (KHTML, like Gecko) Chrome/137.0.7151.103 Mobile Safari/537.36 (compatible; Googlebot/2.1; +http://www.google.com/bot.html)"
66.249.64.225 - - [12/Jul/2025:17:49:53 +0000] "GET /?h=5516164001600&mod=3dd420c4&uri=form.php%3Fid%3D184152-310%26name%3Dalienware+m17x+r3+graphics+card HTTP/1.1" 200 21837 "-" "Mozilla/5.0 (Linux; Android 6.0.1; Nexus 5X Build/MMB29P) AppleWebKit/537.36 (KHTML, like Gecko) Chrome/137.0.7151.103 Mobile Safari/537.36 (compatible; Googlebot/2.1; +http://www.google.com/bot.html)"
66.249.64.227 - - [12/Jul/2025:17:49:56 +0000] "GET /?h=5506864021600&mod=2e04188d&uri=category-info.php%3Fid%3D183842-328%26name%3Dtimberland+damenjacke HTTP/1.1" 200 22184 "-" "Mozilla/5.0 (Linux; Android 6.0.1; Nexus 5X Build/MMB29P) AppleWebKit/537.36 (KHTML, like Gecko) Chrome/137.0.7151.103 Mobile Safari/537.36 (compatible; Googlebot/2.1; +http://www.google.com/bot.html)"
66.249.64.225 - - [12/Jul/2025:17:50:01 +0000] "GET /?h=5421315041600&mod=404b686c&uri=blog.php%3Fid%3D180987-219%26name%3Dhome+depot+gas+water+heaters HTTP/1.1" 200 22594 "-" "Mozilla/5.0 (Linux; Android 6.0.1; Nexus 5X Build/MMB29P) AppleWebKit/537.36 (KHTML, like Gecko) Chrome/137.0.7151.103 Mobile Safari/537.36 (compatible; Googlebot/2.1; +http://www.google.com/bot.html)"
66.249.64.227 - - [12/Jul/2025:17:50:03 +0000] "GET /?h=5510014041600&mod=2e04188d&uri=itm.php%3Fid%3D183947-328%26name%3Dtimberland+damenschuhe+sale HTTP/1.1" 200 22388 "-" "Mozilla/5.0 (Linux; Android 6.0.1; Nexus 5X Build/MMB29P) AppleWebKit/537.36 (KHTML, like Gecko) Chrome/137.0.7151.103 Mobile Safari/537.36 (compatible; Googlebot/2.1; +http://www.google.com/bot.html)"
