Current File : /home/kelaby89/access-logs/sixpacksecurity.com.au.sixpack.studio-ssl_log
209.74.77.214 - - [12/Jul/2025:13:26:08 +0000] "POST /wp-cron.php?doing_wp_cron=1752326768.0437910556793212890625 HTTP/1.1" 200 - "-" "WordPress/6.8.1; https://sixpacksecurity.com.au"
66.249.64.65 - - [12/Jul/2025:13:26:06 +0000] "GET /em_team/liza-anderson/ HTTP/1.1" 200 10025 "-" "Mozilla/5.0 (Linux; Android 6.0.1; Nexus 5X Build/MMB29P) AppleWebKit/537.36 (KHTML, like Gecko) Chrome/137.0.7151.103 Mobile Safari/537.36 (compatible; Googlebot/2.1; +http://www.google.com/bot.html)"
209.74.77.214 - - [12/Jul/2025:13:26:08 +0000] "POST /wp-admin/admin-ajax.php?action=async_litespeed&nonce=Li2HddQ7yjh3LfWRfdrmpZTniabSbGLZ&litespeed_type=imgoptm HTTP/1.1" 200 21 "-" "WordPress/6.8.1; https://sixpacksecurity.com.au"
66.249.64.76 - - [12/Jul/2025:13:26:32 +0000] "GET /em_portfolios/demo-media-title-3/ HTTP/1.1" 200 10556 "-" "Mozilla/5.0 (Linux; Android 6.0.1; Nexus 5X Build/MMB29P) AppleWebKit/537.36 (KHTML, like Gecko) Chrome/137.0.7151.103 Mobile Safari/537.36 (compatible; Googlebot/2.1; +http://www.google.com/bot.html)"
209.74.77.214 - - [12/Jul/2025:13:26:59 +0000] "POST /wp-cron.php?doing_wp_cron=1752326819.6211740970611572265625 HTTP/1.1" 200 - "-" "WordPress/6.8.1; https://sixpacksecurity.com.au"
66.249.64.76 - - [12/Jul/2025:13:26:59 +0000] "GET /em_portfolios/demo-media-title-5/ HTTP/1.1" 200 10557 "-" "Mozilla/5.0 (Linux; Android 6.0.1; Nexus 5X Build/MMB29P) AppleWebKit/537.36 (KHTML, like Gecko) Chrome/137.0.7151.103 Mobile Safari/537.36 (compatible; Googlebot/2.1; +http://www.google.com/bot.html)"
209.74.77.214 - - [12/Jul/2025:13:26:59 +0000] "POST /wp-admin/admin-ajax.php?action=async_litespeed&nonce=NmgL74Chy5eWIWOMCkCxXPbYNY9UxmVc&litespeed_type=imgoptm HTTP/1.1" 200 21 "-" "WordPress/6.8.1; https://sixpacksecurity.com.au"
66.249.64.76 - - [12/Jul/2025:13:27:10 +0000] "GET /em_portfolios/demo-media-title-4/ HTTP/1.1" 200 10555 "-" "Mozilla/5.0 (Linux; Android 6.0.1; Nexus 5X Build/MMB29P) AppleWebKit/537.36 (KHTML, like Gecko) Chrome/137.0.7151.103 Mobile Safari/537.36 (compatible; Googlebot/2.1; +http://www.google.com/bot.html)"
66.249.64.76 - - [12/Jul/2025:13:27:14 +0000] "GET /em_portfolios/demo-media-title-6/ HTTP/1.1" 200 10556 "-" "Mozilla/5.0 (Linux; Android 6.0.1; Nexus 5X Build/MMB29P) AppleWebKit/537.36 (KHTML, like Gecko) Chrome/137.0.7151.103 Mobile Safari/537.36 (compatible; Googlebot/2.1; +http://www.google.com/bot.html)"
209.74.77.214 - - [12/Jul/2025:13:27:52 +0000] "POST /wp-admin/admin-ajax.php?action=async_litespeed&nonce=DnEvLID3MijNFH8DQhN4W0TDQgD7v8Vd&litespeed_type=imgoptm HTTP/1.1" 200 21 "-" "WordPress/6.8.1; https://sixpacksecurity.com.au"
66.249.64.64 - - [12/Jul/2025:13:28:27 +0000] "GET / HTTP/1.1" 200 23762 "-" "Mozilla/5.0 (Linux; Android 6.0.1; Nexus 5X Build/MMB29P) AppleWebKit/537.36 (KHTML, like Gecko) Chrome/137.0.7151.103 Mobile Safari/537.36 (compatible; Googlebot/2.1; +http://www.google.com/bot.html)"
66.249.64.64 - - [12/Jul/2025:13:28:41 +0000] "GET / HTTP/1.1" 200 23763 "-" "Mozilla/5.0 (Linux; Android 6.0.1; Nexus 5X Build/MMB29P) AppleWebKit/537.36 (KHTML, like Gecko) Chrome/137.0.7151.103 Mobile Safari/537.36 (compatible; Googlebot/2.1; +http://www.google.com/bot.html)"
209.74.77.214 - - [12/Jul/2025:13:28:45 +0000] "POST /wp-cron.php?doing_wp_cron=1752326925.5481369495391845703125 HTTP/1.1" 200 - "-" "WordPress/6.8.1; https://sixpacksecurity.com.au"
66.249.64.76 - - [12/Jul/2025:13:28:45 +0000] "GET /em_portfolios/demo-media-title-7/ HTTP/1.1" 200 10553 "-" "Mozilla/5.0 (Linux; Android 6.0.1; Nexus 5X Build/MMB29P) AppleWebKit/537.36 (KHTML, like Gecko) Chrome/137.0.7151.103 Mobile Safari/537.36 (compatible; Googlebot/2.1; +http://www.google.com/bot.html)"
209.74.77.214 - - [12/Jul/2025:13:28:45 +0000] "POST /wp-admin/admin-ajax.php?action=async_litespeed&nonce=ZVY2Rv4BYXsPgpFl5Sz1U9vk04jDQlAD&litespeed_type=imgoptm HTTP/1.1" 200 21 "-" "WordPress/6.8.1; https://sixpacksecurity.com.au"
66.249.64.76 - - [12/Jul/2025:13:28:52 +0000] "GET /wp-json/contact-form-7/v1/contact-forms/14155/refill HTTP/1.1" 200 22 "https://sixpacksecurity.com.au/" "Mozilla/5.0 (Linux; Android 6.0.1; Nexus 5X Build/MMB29P) AppleWebKit/537.36 (KHTML, like Gecko) Chrome/137.0.7151.119 Mobile Safari/537.36 (compatible; Googlebot/2.1; +http://www.google.com/bot.html)"
66.249.64.76 - - [12/Jul/2025:13:29:04 +0000] "GET /faq/ HTTP/1.1" 200 14419 "-" "Mozilla/5.0 (Linux; Android 6.0.1; Nexus 5X Build/MMB29P) AppleWebKit/537.36 (KHTML, like Gecko) Chrome/137.0.7151.103 Mobile Safari/537.36 (compatible; Googlebot/2.1; +http://www.google.com/bot.html)"
66.249.64.76 - - [12/Jul/2025:13:29:18 +0000] "GET /pricing/ HTTP/1.1" 200 12843 "-" "Mozilla/5.0 (Linux; Android 6.0.1; Nexus 5X Build/MMB29P) AppleWebKit/537.36 (KHTML, like Gecko) Chrome/137.0.7151.103 Mobile Safari/537.36 (compatible; Googlebot/2.1; +http://www.google.com/bot.html)"
209.74.77.214 - - [12/Jul/2025:13:29:55 +0000] "POST /wp-admin/admin-ajax.php?action=async_litespeed&nonce=VP14MKdo0zOiR21yuxNRvSSrXa6Dsmhp&litespeed_type=imgoptm HTTP/1.1" 200 21 "-" "WordPress/6.8.1; https://sixpacksecurity.com.au"
66.249.64.64 - - [12/Jul/2025:13:30:13 +0000] "GET /wp-content/plugins/themex-ppro-elementor/assets/css/maincss/all_color.min.css?ver=6.8.1 HTTP/1.1" 200 7351 "https://sixpacksecurity.com.au/pricing/" "Mozilla/5.0 (Linux; Android 6.0.1; Nexus 5X Build/MMB29P) AppleWebKit/537.36 (KHTML, like Gecko) Chrome/137.0.7151.119 Mobile Safari/537.36 (compatible; Googlebot/2.1; +http://www.google.com/bot.html)"
66.249.64.76 - - [12/Jul/2025:13:30:27 +0000] "GET / HTTP/1.1" 200 23763 "-" "Mozilla/5.0 (compatible; Googlebot/2.1; +http://www.google.com/bot.html)"
66.249.64.76 - - [12/Jul/2025:13:30:29 +0000] "GET /em_team/tomas-brown/ HTTP/1.1" 200 10021 "-" "Mozilla/5.0 (Linux; Android 6.0.1; Nexus 5X Build/MMB29P) AppleWebKit/537.36 (KHTML, like Gecko) Chrome/137.0.7151.103 Mobile Safari/537.36 (compatible; Googlebot/2.1; +http://www.google.com/bot.html)"
209.74.77.214 - - [12/Jul/2025:13:30:43 +0000] "POST /wp-cron.php?doing_wp_cron=1752327043.0146389007568359375000 HTTP/1.1" 200 - "-" "WordPress/6.8.1; https://sixpacksecurity.com.au"
209.74.77.214 - - [12/Jul/2025:13:30:43 +0000] "POST /wp-admin/admin-ajax.php?action=async_litespeed&nonce=k5o5AGY4ZvieFyKfFiwAZHdUVq24syuV&litespeed_type=imgoptm HTTP/1.1" 200 21 "-" "WordPress/6.8.1; https://sixpacksecurity.com.au"
66.249.64.76 - - [12/Jul/2025:13:30:42 +0000] "GET /landing-page/ HTTP/1.1" 200 23473 "-" "Mozilla/5.0 (Linux; Android 6.0.1; Nexus 5X Build/MMB29P) AppleWebKit/537.36 (KHTML, like Gecko) Chrome/137.0.7151.103 Mobile Safari/537.36 (compatible; Googlebot/2.1; +http://www.google.com/bot.html)"
66.249.64.76 - - [12/Jul/2025:13:30:49 +0000] "GET /service/ HTTP/1.1" 200 12606 "-" "Mozilla/5.0 (Linux; Android 6.0.1; Nexus 5X Build/MMB29P) AppleWebKit/537.36 (KHTML, like Gecko) Chrome/137.0.7151.103 Mobile Safari/537.36 (compatible; Googlebot/2.1; +http://www.google.com/bot.html)"
66.249.64.76 - - [12/Jul/2025:13:30:53 +0000] "GET / HTTP/1.1" 200 23763 "-" "Mozilla/5.0 (Linux; Android 6.0.1; Nexus 5X Build/MMB29P) AppleWebKit/537.36 (KHTML, like Gecko) Chrome/99.0.4844.84 Mobile Safari/537.36 (compatible; Googlebot/2.1; +http://www.google.com/bot.html)"
209.74.77.214 - - [12/Jul/2025:13:32:36 +0000] "POST /wp-cron.php?doing_wp_cron=1752327156.8579161167144775390625 HTTP/1.1" 200 - "-" "WordPress/6.8.1; https://sixpacksecurity.com.au"
66.249.64.64 - - [12/Jul/2025:13:32:35 +0000] "GET /best-construction-tips-you-will-read-2021-year/ HTTP/1.1" 200 13362 "-" "Mozilla/5.0 (Linux; Android 6.0.1; Nexus 5X Build/MMB29P) AppleWebKit/537.36 (KHTML, like Gecko) Chrome/137.0.7151.103 Mobile Safari/537.36 (compatible; Googlebot/2.1; +http://www.google.com/bot.html)"
209.74.77.214 - - [12/Jul/2025:13:32:36 +0000] "POST /wp-admin/admin-ajax.php?action=async_litespeed&nonce=nYooCd7uZblUhSmGikmefLGvCD2L37uo&litespeed_type=imgoptm HTTP/1.1" 200 21 "-" "WordPress/6.8.1; https://sixpacksecurity.com.au"
66.249.64.65 - - [12/Jul/2025:13:32:38 +0000] "GET /portfolio/ HTTP/1.1" 200 12751 "-" "Mozilla/5.0 (Linux; Android 6.0.1; Nexus 5X Build/MMB29P) AppleWebKit/537.36 (KHTML, like Gecko) Chrome/137.0.7151.103 Mobile Safari/537.36 (compatible; Googlebot/2.1; +http://www.google.com/bot.html)"
66.249.64.64 - - [12/Jul/2025:13:32:57 +0000] "GET /wp-includes/js/jquery/jquery-migrate.min.js?ver=3.4.1 HTTP/1.1" 200 4872 "https://sixpacksecurity.com.au/best-construction-tips-you-will-read-2021-year/" "Mozilla/5.0 (Linux; Android 6.0.1; Nexus 5X Build/MMB29P) AppleWebKit/537.36 (KHTML, like Gecko) Chrome/137.0.7151.119 Mobile Safari/537.36 (compatible; Googlebot/2.1; +http://www.google.com/bot.html)"
66.249.64.76 - - [12/Jul/2025:13:33:03 +0000] "GET /wp-content/themes/poket/assets/css/bootstrap.min.css?ver=6.8.1 HTTP/1.1" 200 21047 "https://sixpacksecurity.com.au/best-construction-tips-you-will-read-2021-year/" "Mozilla/5.0 (Linux; Android 6.0.1; Nexus 5X Build/MMB29P) AppleWebKit/537.36 (KHTML, like Gecko) Chrome/137.0.7151.119 Mobile Safari/537.36 (compatible; Googlebot/2.1; +http://www.google.com/bot.html)"
209.74.77.214 - - [12/Jul/2025:13:41:24 +0000] "POST /wp-cron.php?doing_wp_cron=1752327684.2510819435119628906250 HTTP/1.1" 200 - "-" "WordPress/6.8.1; https://sixpacksecurity.com.au"
52.205.222.214 - - [12/Jul/2025:13:41:22 +0000] "GET /author/six-pack-security/ HTTP/1.1" 200 12339 "-" "Mozilla/5.0 AppleWebKit/537.36 (KHTML, like Gecko; compatible; Amazonbot/0.1; +https://developer.amazon.com/support/amazonbot) Chrome/119.0.6045.214 Safari/537.36"
209.74.77.214 - - [12/Jul/2025:13:41:24 +0000] "POST /wp-admin/admin-ajax.php?action=async_litespeed&nonce=HGX5m4AQreX3ldgvjMSC5kxav5krsQXJ&litespeed_type=imgoptm HTTP/1.1" 200 21 "-" "WordPress/6.8.1; https://sixpacksecurity.com.au"
52.4.213.199 - - [12/Jul/2025:13:41:27 +0000] "GET /how-will-you-know-success-it-shows-up/ HTTP/1.1" 200 13340 "-" "Mozilla/5.0 AppleWebKit/537.36 (KHTML, like Gecko; compatible; Amazonbot/0.1; +https://developer.amazon.com/support/amazonbot) Chrome/119.0.6045.214 Safari/537.36"
3.223.181.32 - - [12/Jul/2025:13:41:31 +0000] "GET /wp-login.php HTTP/1.1" 200 2026 "-" "Mozilla/5.0 AppleWebKit/537.36 (KHTML, like Gecko; compatible; Amazonbot/0.1; +https://developer.amazon.com/support/amazonbot) Chrome/119.0.6045.214 Safari/537.36"
209.74.77.214 - - [12/Jul/2025:14:09:36 +0000] "POST /wp-cron.php?doing_wp_cron=1752329376.2886559963226318359375 HTTP/1.1" 200 - "-" "WordPress/6.8.1; https://sixpacksecurity.com.au"
54.197.178.107 - - [12/Jul/2025:14:09:34 +0000] "GET /em_portfolios/demo-media-title-6/ HTTP/1.1" 200 10557 "-" "Mozilla/5.0 AppleWebKit/537.36 (KHTML, like Gecko; compatible; Amazonbot/0.1; +https://developer.amazon.com/support/amazonbot) Chrome/119.0.6045.214 Safari/537.36"
209.74.77.214 - - [12/Jul/2025:14:09:36 +0000] "POST /wp-admin/admin-ajax.php?action=async_litespeed&nonce=xIBjTJWZ0peZn5xoZwhTmYqlPlh66RMb&litespeed_type=imgoptm HTTP/1.1" 200 21 "-" "WordPress/6.8.1; https://sixpacksecurity.com.au"
209.74.77.214 - - [12/Jul/2025:14:16:14 +0000] "POST /wp-cron.php?doing_wp_cron=1752329774.2814300060272216796875 HTTP/1.1" 200 - "-" "WordPress/6.8.1; https://sixpacksecurity.com.au"
85.208.96.203 - - [12/Jul/2025:14:16:13 +0000] "GET /robots.txt HTTP/1.1" 200 118 "-" "Mozilla/5.0 (compatible; SemrushBot/7~bl; +http://www.semrush.com/bot.html)"
209.74.77.214 - - [12/Jul/2025:14:16:14 +0000] "POST /wp-admin/admin-ajax.php?action=async_litespeed&nonce=80EEibUgovwdiMykAUjKryP1LRMOFD9d&litespeed_type=imgoptm HTTP/1.1" 200 21 "-" "WordPress/6.8.1; https://sixpacksecurity.com.au"
185.191.171.17 - - [12/Jul/2025:14:16:15 +0000] "GET /em_portfolios/ HTTP/1.1" 200 11643 "-" "Mozilla/5.0 (compatible; SemrushBot/7~bl; +http://www.semrush.com/bot.html)"
209.74.77.214 - - [12/Jul/2025:14:28:41 +0000] "POST /wp-cron.php?doing_wp_cron=1752330521.6129550933837890625000 HTTP/1.1" 200 - "-" "WordPress/6.8.1; https://sixpacksecurity.com.au"
34.106.1.180 - - [12/Jul/2025:14:28:40 +0000] "GET /.git/config HTTP/1.1" 301 - "-" "-"
209.74.77.214 - - [12/Jul/2025:14:28:41 +0000] "POST /wp-admin/admin-ajax.php?action=async_litespeed&nonce=ZqtKmaSezhMhH4P2IoF8feTKi8tPRkrd&litespeed_type=imgoptm HTTP/1.1" 200 21 "-" "WordPress/6.8.1; https://sixpacksecurity.com.au"
209.74.77.214 - - [12/Jul/2025:15:35:21 +0000] "POST /wp-cron.php?doing_wp_cron=1752334521.8309249877929687500000 HTTP/1.1" 200 - "-" "WordPress/6.8.1; https://sixpacksecurity.com.au"
209.74.77.214 - - [12/Jul/2025:15:35:21 +0000] "POST /wp-admin/admin-ajax.php?action=async_litespeed&nonce=kNH0fabqibbbSS37I1EmXLFnjjN8m8YH&litespeed_type=imgoptm HTTP/1.1" 200 21 "-" "WordPress/6.8.1; https://sixpacksecurity.com.au"
66.249.64.65 - - [12/Jul/2025:15:35:20 +0000] "GET /contact/ HTTP/1.1" 200 13012 "-" "Mozilla/5.0 (Linux; Android 6.0.1; Nexus 5X Build/MMB29P) AppleWebKit/537.36 (KHTML, like Gecko) Chrome/137.0.7151.103 Mobile Safari/537.36 (compatible; Googlebot/2.1; +http://www.google.com/bot.html)"
66.249.64.65 - - [12/Jul/2025:15:35:24 +0000] "GET /wp-content/plugins/elementor/assets/css/frontend.min.css?ver=3.29.1 HTTP/1.1" 200 7106 "https://sixpacksecurity.com.au/contact/" "Mozilla/5.0 (Linux; Android 6.0.1; Nexus 5X Build/MMB29P) AppleWebKit/537.36 (KHTML, like Gecko) Chrome/137.0.7151.119 Mobile Safari/537.36 (compatible; Googlebot/2.1; +http://www.google.com/bot.html)"
66.249.64.64 - - [12/Jul/2025:15:35:26 +0000] "GET /wp-content/uploads/elementor/css/post-415.css?ver=1745212253 HTTP/1.1" 200 1033 "https://sixpacksecurity.com.au/contact/" "Mozilla/5.0 (Linux; Android 6.0.1; Nexus 5X Build/MMB29P) AppleWebKit/537.36 (KHTML, like Gecko) Chrome/137.0.7151.119 Mobile Safari/537.36 (compatible; Googlebot/2.1; +http://www.google.com/bot.html)"
66.249.64.65 - - [12/Jul/2025:15:35:27 +0000] "GET /wp-content/plugins/themex-ppro-elementor/assets/css/themify-icons.css?ver=6.8.1 HTTP/1.1" 200 2824 "https://sixpacksecurity.com.au/contact/" "Mozilla/5.0 (Linux; Android 6.0.1; Nexus 5X Build/MMB29P) AppleWebKit/537.36 (KHTML, like Gecko) Chrome/137.0.7151.119 Mobile Safari/537.36 (compatible; Googlebot/2.1; +http://www.google.com/bot.html)"
66.249.64.64 - - [12/Jul/2025:15:35:29 +0000] "GET /wp-content/plugins/themex-ppro-elementor/assets/css/maincss/wtitle.min.css?ver=6.8.1 HTTP/1.1" 200 1013 "https://sixpacksecurity.com.au/contact/" "Mozilla/5.0 (Linux; Android 6.0.1; Nexus 5X Build/MMB29P) AppleWebKit/537.36 (KHTML, like Gecko) Chrome/137.0.7151.119 Mobile Safari/537.36 (compatible; Googlebot/2.1; +http://www.google.com/bot.html)"
66.249.64.65 - - [12/Jul/2025:15:35:35 +0000] "GET /wp-content/uploads/elementor/google-fonts/css/roboto.css?ver=1745212336 HTTP/1.1" 200 2881 "https://sixpacksecurity.com.au/contact/" "Mozilla/5.0 (Linux; Android 6.0.1; Nexus 5X Build/MMB29P) AppleWebKit/537.36 (KHTML, like Gecko) Chrome/137.0.7151.119 Mobile Safari/537.36 (compatible; Googlebot/2.1; +http://www.google.com/bot.html)"
66.249.64.64 - - [12/Jul/2025:15:35:37 +0000] "GET /wp-content/plugins/themex-ppro-elementor/assets/js/slick.min.js?ver=1.0.0 HTTP/1.1" 200 10442 "https://sixpacksecurity.com.au/contact/" "Mozilla/5.0 (Linux; Android 6.0.1; Nexus 5X Build/MMB29P) AppleWebKit/537.36 (KHTML, like Gecko) Chrome/137.0.7151.119 Mobile Safari/537.36 (compatible; Googlebot/2.1; +http://www.google.com/bot.html)"
66.249.64.65 - - [12/Jul/2025:15:35:39 +0000] "GET /wp-content/plugins/elementor/assets/js/frontend.min.js?ver=3.29.1 HTTP/1.1" 200 10595 "https://sixpacksecurity.com.au/contact/" "Mozilla/5.0 (Linux; Android 6.0.1; Nexus 5X Build/MMB29P) AppleWebKit/537.36 (KHTML, like Gecko) Chrome/137.0.7151.119 Mobile Safari/537.36 (compatible; Googlebot/2.1; +http://www.google.com/bot.html)"
66.249.64.76 - - [12/Jul/2025:15:35:41 +0000] "GET /wp-content/themes/poket/assets/js/theme.js?ver=3.2.4 HTTP/1.1" 200 1538 "https://sixpacksecurity.com.au/contact/" "Mozilla/5.0 (Linux; Android 6.0.1; Nexus 5X Build/MMB29P) AppleWebKit/537.36 (KHTML, like Gecko) Chrome/137.0.7151.119 Mobile Safari/537.36 (compatible; Googlebot/2.1; +http://www.google.com/bot.html)"
66.249.64.76 - - [12/Jul/2025:15:35:45 +0000] "GET /wp-includes/js/dist/vendor/wp-polyfill.min.js?ver=3.15.0 HTTP/1.1" 200 14471 "https://sixpacksecurity.com.au/contact/" "Mozilla/5.0 (Linux; Android 6.0.1; Nexus 5X Build/MMB29P) AppleWebKit/537.36 (KHTML, like Gecko) Chrome/137.0.7151.119 Mobile Safari/537.36 (compatible; Googlebot/2.1; +http://www.google.com/bot.html)"
66.249.64.64 - - [12/Jul/2025:15:35:47 +0000] "GET /wp-content/themes/poket/venobox/venobox.min.js?ver=3.2.4 HTTP/1.1" 200 3447 "https://sixpacksecurity.com.au/contact/" "Mozilla/5.0 (Linux; Android 6.0.1; Nexus 5X Build/MMB29P) AppleWebKit/537.36 (KHTML, like Gecko) Chrome/137.0.7151.119 Mobile Safari/537.36 (compatible; Googlebot/2.1; +http://www.google.com/bot.html)"
209.74.77.214 - - [12/Jul/2025:15:35:51 +0000] "POST /wp-cron.php?doing_wp_cron=1752334551.1838788986206054687500 HTTP/1.1" 200 - "-" "WordPress/6.8.1; https://sixpacksecurity.com.au"
66.249.64.65 - - [12/Jul/2025:15:35:51 +0000] "GET /wp-json/contact-form-7/v1/contact-forms/14155/feedback/schema HTTP/1.1" 200 93 "https://sixpacksecurity.com.au/contact/" "Mozilla/5.0 (Linux; Android 6.0.1; Nexus 5X Build/MMB29P) AppleWebKit/537.36 (KHTML, like Gecko) Chrome/137.0.7151.119 Mobile Safari/537.36 (compatible; Googlebot/2.1; +http://www.google.com/bot.html)"
209.74.77.214 - - [12/Jul/2025:15:35:51 +0000] "POST /wp-admin/admin-ajax.php?action=async_litespeed&nonce=LjkCV9NAhh2FnCl0gk5BETo9nP2zYajz&litespeed_type=imgoptm HTTP/1.1" 200 21 "-" "WordPress/6.8.1; https://sixpacksecurity.com.au"
66.249.64.65 - - [12/Jul/2025:15:35:53 +0000] "GET /wp-json/contact-form-7/v1/contact-forms/14155/refill HTTP/1.1" 200 22 "https://sixpacksecurity.com.au/contact/" "Mozilla/5.0 (Linux; Android 6.0.1; Nexus 5X Build/MMB29P) AppleWebKit/537.36 (KHTML, like Gecko) Chrome/137.0.7151.119 Mobile Safari/537.36 (compatible; Googlebot/2.1; +http://www.google.com/bot.html)"
209.74.77.214 - - [12/Jul/2025:15:44:28 +0000] "POST /wp-cron.php?doing_wp_cron=1752335068.7908909320831298828125 HTTP/1.1" 200 - "-" "WordPress/6.8.1; https://sixpacksecurity.com.au"
85.208.96.194 - - [12/Jul/2025:15:44:27 +0000] "GET /robots.txt HTTP/1.1" 200 118 "-" "Mozilla/5.0 (compatible; SemrushBot/7~bl; +http://www.semrush.com/bot.html)"
209.74.77.214 - - [12/Jul/2025:15:44:28 +0000] "POST /wp-admin/admin-ajax.php?action=async_litespeed&nonce=ugotQOIizOKghZ4IaEbmKiLnygIHDSNg&litespeed_type=imgoptm HTTP/1.1" 200 21 "-" "WordPress/6.8.1; https://sixpacksecurity.com.au"
185.191.171.19 - - [12/Jul/2025:15:44:30 +0000] "GET /em_testimonial/ HTTP/1.1" 200 11154 "-" "Mozilla/5.0 (compatible; SemrushBot/7~bl; +http://www.semrush.com/bot.html)"
209.74.77.214 - - [12/Jul/2025:15:59:23 +0000] "POST /wp-admin/admin-ajax.php?action=async_litespeed&nonce=Ls1xwCyLmCtuP07rvCtStLm8jEjhI0Rg&litespeed_type=imgoptm HTTP/1.1" 200 21 "-" "WordPress/6.8.1; https://sixpacksecurity.com.au"
209.74.77.214 - - [12/Jul/2025:16:09:39 +0000] "POST /wp-cron.php?doing_wp_cron=1752336579.1193420886993408203125 HTTP/1.1" 200 - "-" "WordPress/6.8.1; https://sixpacksecurity.com.au"
185.191.171.10 - - [12/Jul/2025:16:09:37 +0000] "GET /slider/ HTTP/1.1" 200 10326 "-" "Mozilla/5.0 (compatible; SemrushBot/7~bl; +http://www.semrush.com/bot.html)"
209.74.77.214 - - [12/Jul/2025:16:09:39 +0000] "POST /wp-admin/admin-ajax.php?action=async_litespeed&nonce=U493ikfZeijK9PNEZmPcqUbuqtxrMi9V&litespeed_type=imgoptm HTTP/1.1" 200 21 "-" "WordPress/6.8.1; https://sixpacksecurity.com.au"
209.74.77.214 - - [12/Jul/2025:16:21:46 +0000] "POST /wp-admin/admin-ajax.php?action=async_litespeed&nonce=bUd3J6KGpBBF8TrU3jmdbEhsfnQmdDN6&litespeed_type=imgoptm HTTP/1.1" 200 21 "-" "WordPress/6.8.1; https://sixpacksecurity.com.au"
64.227.33.79 - - [12/Jul/2025:16:21:47 +0000] "GET / HTTP/1.1" 200 23763 "-" "Mozilla/5.0 (X11; Linux x86_64) AppleWebKit/537.36 (KHTML, like Gecko) Chrome/137.0.0.0 Safari/537.36"
64.227.33.79 - - [12/Jul/2025:16:21:51 +0000] "GET /wp-content/uploads/2023/06/cropped-android-chrome-512x512-2-32x32.png HTTP/1.1" 200 692 "https://sixpacksecurity.com.au/" "Mozilla/5.0 (X11; Linux x86_64) AppleWebKit/537.36 (KHTML, like Gecko) Chrome/137.0.0.0 Safari/537.36"
209.74.77.214 - - [12/Jul/2025:16:35:56 +0000] "POST /wp-cron.php?doing_wp_cron=1752338156.5838880538940429687500 HTTP/1.1" 200 - "-" "WordPress/6.8.1; https://sixpacksecurity.com.au"
85.208.96.196 - - [12/Jul/2025:16:35:55 +0000] "GET /2023/06/ HTTP/1.1" 200 11407 "-" "Mozilla/5.0 (compatible; SemrushBot/7~bl; +http://www.semrush.com/bot.html)"
209.74.77.214 - - [12/Jul/2025:16:35:56 +0000] "POST /wp-admin/admin-ajax.php?action=async_litespeed&nonce=vFfQnhFUYFVk1SpYIGJVqwBRHe2ZqyhU&litespeed_type=imgoptm HTTP/1.1" 200 21 "-" "WordPress/6.8.1; https://sixpacksecurity.com.au"
209.74.77.214 - - [12/Jul/2025:16:55:07 +0000] "POST /wp-cron.php?doing_wp_cron=1752339307.0584220886230468750000 HTTP/1.1" 200 - "-" "WordPress/6.8.1; https://sixpacksecurity.com.au"
69.171.231.2 - - [12/Jul/2025:16:55:05 +0000] "GET /robots.txt HTTP/1.1" 200 123 "-" "facebookexternalhit/1.1 (+http://www.facebook.com/externalhit_uatext.php)"
209.74.77.214 - - [12/Jul/2025:16:55:07 +0000] "POST /wp-admin/admin-ajax.php?action=async_litespeed&nonce=mjtdGEGtGhYGXZdhZVORkdJ0THQWnIHx&litespeed_type=imgoptm HTTP/1.1" 200 21 "-" "WordPress/6.8.1; https://sixpacksecurity.com.au"
209.74.77.214 - - [12/Jul/2025:17:00:50 +0000] "POST /wp-cron.php?doing_wp_cron=1752339650.6578879356384277343750 HTTP/1.1" 200 - "-" "WordPress/6.8.1; https://sixpacksecurity.com.au"
85.208.96.200 - - [12/Jul/2025:17:00:49 +0000] "GET /robots.txt HTTP/1.1" 200 118 "-" "Mozilla/5.0 (compatible; SemrushBot/7~bl; +http://www.semrush.com/bot.html)"
209.74.77.214 - - [12/Jul/2025:17:00:50 +0000] "POST /wp-admin/admin-ajax.php?action=async_litespeed&nonce=aP9dZYynh1SLbH6zhCRxnFawnGFeePeI&litespeed_type=imgoptm HTTP/1.1" 200 21 "-" "WordPress/6.8.1; https://sixpacksecurity.com.au"
85.208.96.205 - - [12/Jul/2025:17:00:50 +0000] "GET /2021/01/ HTTP/1.1" 200 11902 "-" "Mozilla/5.0 (compatible; SemrushBot/7~bl; +http://www.semrush.com/bot.html)"
209.74.77.214 - - [12/Jul/2025:18:03:37 +0000] "POST /wp-admin/admin-ajax.php?action=async_litespeed&nonce=OFiuzp1nhD5m1ciXTS6FMIlzX2JnyDz1&litespeed_type=imgoptm HTTP/1.1" 200 21 "-" "WordPress/6.8.1; https://sixpacksecurity.com.au"
209.74.77.214 - - [12/Jul/2025:18:03:44 +0000] "POST /wp-admin/admin-ajax.php?action=async_litespeed&nonce=YYSeVCmQ0jBls3UzpBjaZHE8WUiJogJi&litespeed_type=imgoptm HTTP/1.1" 200 21 "-" "WordPress/6.8.1; https://sixpacksecurity.com.au"
209.74.77.214 - - [12/Jul/2025:18:13:52 +0000] "POST /wp-cron.php?doing_wp_cron=1752344032.1667580604553222656250 HTTP/1.1" 200 - "-" "WordPress/6.8.1; https://sixpacksecurity.com.au"
85.208.96.206 - - [12/Jul/2025:18:13:50 +0000] "GET /robots.txt HTTP/1.1" 200 118 "-" "Mozilla/5.0 (compatible; SemrushBot/7~bl; +http://www.semrush.com/bot.html)"
209.74.77.214 - - [12/Jul/2025:18:13:52 +0000] "POST /wp-admin/admin-ajax.php?action=async_litespeed&nonce=qT13f6Ejk1bgTrthVOmqfbivmLsaml2g&litespeed_type=imgoptm HTTP/1.1" 200 21 "-" "WordPress/6.8.1; https://sixpacksecurity.com.au"
185.191.171.14 - - [12/Jul/2025:18:13:53 +0000] "GET /em_testimonial/roboto-william/ HTTP/1.1" 200 10729 "-" "Mozilla/5.0 (compatible; SemrushBot/7~bl; +http://www.semrush.com/bot.html)"
209.74.77.214 - - [12/Jul/2025:20:05:39 +0000] "POST /wp-cron.php?doing_wp_cron=1752350739.1248118877410888671875 HTTP/1.1" 200 - "-" "WordPress/6.8.1; https://sixpacksecurity.com.au"
17.241.75.66 - - [12/Jul/2025:20:05:37 +0000] "GET /category/safety/ HTTP/1.1" 200 11391 "-" "Mozilla/5.0 (Macintosh; Intel Mac OS X 10_15_7) AppleWebKit/605.1.15 (KHTML, like Gecko) Version/17.4 Safari/605.1.15 (Applebot/0.1; +http://www.apple.com/go/applebot)"
209.74.77.214 - - [12/Jul/2025:20:05:39 +0000] "POST /wp-admin/admin-ajax.php?action=async_litespeed&nonce=ga8AciPgtyskrpvNx0ADhC9NmWaAVQJa&litespeed_type=imgoptm HTTP/1.1" 200 21 "-" "WordPress/6.8.1; https://sixpacksecurity.com.au"
209.74.77.214 - - [12/Jul/2025:20:16:34 +0000] "POST /wp-cron.php?doing_wp_cron=1752351394.9044179916381835937500 HTTP/1.1" 200 - "-" "WordPress/6.8.1; https://sixpacksecurity.com.au"
85.208.96.204 - - [12/Jul/2025:20:16:33 +0000] "GET /robots.txt HTTP/1.1" 200 118 "-" "Mozilla/5.0 (compatible; SemrushBot/7~bl; +http://www.semrush.com/bot.html)"
209.74.77.214 - - [12/Jul/2025:20:16:34 +0000] "POST /wp-admin/admin-ajax.php?action=async_litespeed&nonce=ESBbkJuQWq5dzoIBFte4QMBPQ41y0Bg4&litespeed_type=imgoptm HTTP/1.1" 200 21 "-" "WordPress/6.8.1; https://sixpacksecurity.com.au"
185.191.171.3 - - [12/Jul/2025:20:16:36 +0000] "GET /em_team/ HTTP/1.1" 200 11325 "-" "Mozilla/5.0 (compatible; SemrushBot/7~bl; +http://www.semrush.com/bot.html)"
209.74.77.214 - - [12/Jul/2025:21:53:03 +0000] "POST /wp-cron.php?doing_wp_cron=1752357183.0140049457550048828125 HTTP/1.1" 200 - "-" "WordPress/6.8.1; https://sixpacksecurity.com.au"
185.191.171.1 - - [12/Jul/2025:21:53:01 +0000] "GET /robots.txt HTTP/1.1" 200 118 "-" "Mozilla/5.0 (compatible; SemrushBot/7~bl; +http://www.semrush.com/bot.html)"
209.74.77.214 - - [12/Jul/2025:21:53:03 +0000] "POST /wp-admin/admin-ajax.php?action=async_litespeed&nonce=cHFOibhB6UpmFk4YfstI5QScFZLsQCO7&litespeed_type=imgoptm HTTP/1.1" 200 21 "-" "WordPress/6.8.1; https://sixpacksecurity.com.au"
185.191.171.18 - - [12/Jul/2025:21:53:03 +0000] "GET /em_portfolios/demo-media-title-1/ HTTP/1.1" 200 10553 "-" "Mozilla/5.0 (compatible; SemrushBot/7~bl; +http://www.semrush.com/bot.html)"
209.74.77.214 - - [12/Jul/2025:21:59:11 +0000] "POST /wp-cron.php?doing_wp_cron=1752357551.2190868854522705078125 HTTP/1.1" 200 - "-" "WordPress/6.8.1; https://sixpacksecurity.com.au"
209.74.77.214 - - [12/Jul/2025:21:59:11 +0000] "POST /wp-admin/admin-ajax.php?action=async_litespeed&nonce=MrxtQe2t4hFHBpNzXPSO2RlBnD5vuEQc&litespeed_type=imgoptm HTTP/1.1" 200 21 "-" "WordPress/6.8.1; https://sixpacksecurity.com.au"
185.191.171.16 - - [12/Jul/2025:21:59:09 +0000] "GET /our-clients/ HTTP/1.1" 200 12441 "-" "Mozilla/5.0 (compatible; SemrushBot/7~bl; +http://www.semrush.com/bot.html)"
209.74.77.214 - - [12/Jul/2025:22:01:31 +0000] "POST /wp-admin/admin-ajax.php?action=async_litespeed&nonce=HcDCSNZr4l6ZnWY9lEUHkz7V6tKQm2IX&litespeed_type=imgoptm HTTP/1.1" 200 21 "-" "WordPress/6.8.1; https://sixpacksecurity.com.au"
185.241.208.99 - - [12/Jul/2025:22:01:31 +0000] "GET / HTTP/1.1" 200 176694 "-" "-"
185.241.208.99 - - [12/Jul/2025:22:01:33 +0000] "GET /wp-admin/install.php HTTP/1.1" 404 42447 "-" "-"
185.241.208.99 - - [12/Jul/2025:22:01:34 +0000] "GET /wp-admin/setup-config.php HTTP/1.1" 409 2665 "-" "-"
209.74.77.214 - - [12/Jul/2025:22:44:02 +0000] "POST /wp-cron.php?doing_wp_cron=1752360242.7190940380096435546875 HTTP/1.1" 200 - "-" "WordPress/6.8.1; https://sixpacksecurity.com.au"
209.74.77.214 - - [12/Jul/2025:22:44:02 +0000] "POST /wp-cron.php?doing_wp_cron=1752360242.7190940380096435546875 HTTP/1.1" 200 - "-" "WordPress/6.8.1; https://sixpacksecurity.com.au"
141.95.4.134 - - [12/Jul/2025:22:44:01 +0000] "GET /wp-content/plugins/HelloDollyV2/hello_dolly_v2.php HTTP/1.1" 404 43924 "-" "Mozilla/5.0 (Windows NT 10.0; Win64; x64) AppleWebKit/537.36 (KHTML, like Gecko) Chrome/127.0.0.0 Safari/537.36"
141.95.4.134 - - [12/Jul/2025:22:44:01 +0000] "GET /wp-content/plugins/WordPressCore/include.php HTTP/1.1" 404 43924 "-" "Mozilla/5.0 (Windows NT 10.0; Win64; x64) AppleWebKit/537.36 (KHTML, like Gecko) Chrome/127.0.0.0 Safari/537.36"
209.74.77.214 - - [12/Jul/2025:22:44:02 +0000] "POST /wp-admin/admin-ajax.php?action=async_litespeed&nonce=MbfyzcYLUjLJjmQaWdS4esX64f3NTcZL&litespeed_type=imgoptm HTTP/1.1" 200 21 "-" "WordPress/6.8.1; https://sixpacksecurity.com.au"
209.74.77.214 - - [12/Jul/2025:22:44:02 +0000] "POST /wp-admin/admin-ajax.php?action=async_litespeed&nonce=sgmFK5OOjyNlRYt4xlpVOQEqWmCliRtq&litespeed_type=imgoptm HTTP/1.1" 200 21 "-" "WordPress/6.8.1; https://sixpacksecurity.com.au"
66.249.64.76 - - [12/Jul/2025:22:44:26 +0000] "GET /robots.txt HTTP/1.1" 200 118 "-" "Mozilla/5.0 (compatible; Googlebot/2.1; +http://www.google.com/bot.html)"
209.74.77.214 - - [12/Jul/2025:22:44:56 +0000] "POST /wp-cron.php?doing_wp_cron=1752360296.4798009395599365234375 HTTP/1.1" 200 - "-" "WordPress/6.8.1; https://sixpacksecurity.com.au"
66.249.64.64 - - [12/Jul/2025:22:44:56 +0000] "GET /solar-windows-could-be-for-the-future/ HTTP/1.1" 200 14891 "-" "Mozilla/5.0 (Linux; Android 6.0.1; Nexus 5X Build/MMB29P) AppleWebKit/537.36 (KHTML, like Gecko) Chrome/137.0.7151.103 Mobile Safari/537.36 (compatible; Googlebot/2.1; +http://www.google.com/bot.html)"
209.74.77.214 - - [12/Jul/2025:22:44:56 +0000] "POST /wp-admin/admin-ajax.php?action=async_litespeed&nonce=Qw5papbhMh7ceZZOPgvPIDSMIBwEQEat&litespeed_type=imgoptm HTTP/1.1" 200 21 "-" "WordPress/6.8.1; https://sixpacksecurity.com.au"
66.249.64.76 - - [12/Jul/2025:22:45:01 +0000] "GET /reasons-why-is-important-to-install-cctv/ HTTP/1.1" 200 13485 "-" "Mozilla/5.0 (Linux; Android 6.0.1; Nexus 5X Build/MMB29P) AppleWebKit/537.36 (KHTML, like Gecko) Chrome/137.0.7151.103 Mobile Safari/537.36 (compatible; Googlebot/2.1; +http://www.google.com/bot.html)"
209.74.77.214 - - [12/Jul/2025:22:49:06 +0000] "POST /wp-cron.php?doing_wp_cron=1752360546.1133708953857421875000 HTTP/1.1" 200 - "-" "WordPress/6.8.1; https://sixpacksecurity.com.au"
44.205.120.22 - - [12/Jul/2025:22:49:04 +0000] "GET /em_portfolios/demo-media-title-2/ HTTP/1.1" 200 10557 "-" "Mozilla/5.0 AppleWebKit/537.36 (KHTML, like Gecko; compatible; Amazonbot/0.1; +https://developer.amazon.com/support/amazonbot) Chrome/119.0.6045.214 Safari/537.36"
209.74.77.214 - - [12/Jul/2025:22:49:06 +0000] "POST /wp-admin/admin-ajax.php?action=async_litespeed&nonce=EUzbxRv2fpi78IIRch7AdO9RRjJwmnB8&litespeed_type=imgoptm HTTP/1.1" 200 21 "-" "WordPress/6.8.1; https://sixpacksecurity.com.au"
209.74.77.214 - - [12/Jul/2025:23:16:51 +0000] "POST /wp-cron.php?doing_wp_cron=1752362211.5639159679412841796875 HTTP/1.1" 200 - "-" "WordPress/6.8.1; https://sixpacksecurity.com.au"
45.148.10.249 - - [12/Jul/2025:23:16:49 +0000] "GET /.env HTTP/1.1" 301 - "-" "Mozilla/5.0 (X11; Linux x86_64) AppleWebKit/537.36 (KHTML, like Gecko) Chrome/81.0.4044.129 Safari/537.36"
209.74.77.214 - - [12/Jul/2025:23:16:51 +0000] "POST /wp-admin/admin-ajax.php?action=async_litespeed&nonce=FnNGWkVCfoK7Nwn2QxxK60wQaGgtiO2r&litespeed_type=imgoptm HTTP/1.1" 200 21 "-" "WordPress/6.8.1; https://sixpacksecurity.com.au"
45.148.10.249 - - [12/Jul/2025:23:16:52 +0000] "GET /api/.env HTTP/1.1" 301 - "-" "Mozilla/5.0 (X11; Linux x86_64) AppleWebKit/537.36 (KHTML, like Gecko) Chrome/81.0.4044.129 Safari/537.36"
45.148.10.249 - - [12/Jul/2025:23:16:53 +0000] "GET /.env.save HTTP/1.1" 301 - "-" "Mozilla/5.0 (X11; Linux x86_64) AppleWebKit/537.36 (KHTML, like Gecko) Chrome/81.0.4044.129 Safari/537.36"
45.148.10.249 - - [12/Jul/2025:23:16:55 +0000] "GET /.env.prod HTTP/1.1" 301 - "-" "Mozilla/5.0 (X11; Linux x86_64) AppleWebKit/537.36 (KHTML, like Gecko) Chrome/81.0.4044.129 Safari/537.36"
45.148.10.249 - - [12/Jul/2025:23:16:55 +0000] "GET /env.js HTTP/1.1" 301 - "-" "Mozilla/5.0 (X11; Linux x86_64) AppleWebKit/537.36 (KHTML, like Gecko) Chrome/81.0.4044.129 Safari/537.36"
45.148.10.249 - - [12/Jul/2025:23:16:56 +0000] "GET /api/config.js HTTP/1.1" 301 - "-" "Mozilla/5.0 (X11; Linux x86_64) AppleWebKit/537.36 (KHTML, like Gecko) Chrome/81.0.4044.129 Safari/537.36"
45.148.10.249 - - [12/Jul/2025:23:16:57 +0000] "GET /assets/env.js HTTP/1.1" 301 - "-" "Mozilla/5.0 (X11; Linux x86_64) AppleWebKit/537.36 (KHTML, like Gecko) Chrome/81.0.4044.129 Safari/537.36"
45.148.10.249 - - [12/Jul/2025:23:16:57 +0000] "GET /js/config.js HTTP/1.1" 301 - "-" "Mozilla/5.0 (X11; Linux x86_64) AppleWebKit/537.36 (KHTML, like Gecko) Chrome/81.0.4044.129 Safari/537.36"
45.148.10.249 - - [12/Jul/2025:23:16:58 +0000] "GET /js/app.js HTTP/1.1" 301 - "-" "Mozilla/5.0 (X11; Linux x86_64) AppleWebKit/537.36 (KHTML, like Gecko) Chrome/81.0.4044.129 Safari/537.36"
45.148.10.249 - - [12/Jul/2025:23:16:59 +0000] "GET /config.json HTTP/1.1" 301 - "-" "Mozilla/5.0 (X11; Linux x86_64) AppleWebKit/537.36 (KHTML, like Gecko) Chrome/81.0.4044.129 Safari/537.36"
45.148.10.249 - - [12/Jul/2025:23:16:59 +0000] "GET /phpinfo.php HTTP/1.1" 301 - "-" "Mozilla/5.0 (X11; Linux x86_64) AppleWebKit/537.36 (KHTML, like Gecko) Chrome/81.0.4044.129 Safari/537.36"
45.148.10.249 - - [12/Jul/2025:23:17:00 +0000] "GET /phpinfo HTTP/1.1" 301 - "-" "Mozilla/5.0 (X11; Linux x86_64) AppleWebKit/537.36 (KHTML, like Gecko) Chrome/81.0.4044.129 Safari/537.36"
45.148.10.249 - - [12/Jul/2025:23:17:01 +0000] "GET /dev/.env HTTP/1.1" 301 - "-" "Mozilla/5.0 (X11; Linux x86_64) AppleWebKit/537.36 (KHTML, like Gecko) Chrome/81.0.4044.129 Safari/537.36"
45.148.10.249 - - [12/Jul/2025:23:17:01 +0000] "GET /application/.env HTTP/1.1" 301 - "-" "Mozilla/5.0 (X11; Linux x86_64) AppleWebKit/537.36 (KHTML, like Gecko) Chrome/81.0.4044.129 Safari/537.36"
45.148.10.249 - - [12/Jul/2025:23:17:02 +0000] "GET /php_info.php HTTP/1.1" 301 - "-" "Mozilla/5.0 (X11; Linux x86_64) AppleWebKit/537.36 (KHTML, like Gecko) Chrome/81.0.4044.129 Safari/537.36"
45.148.10.249 - - [12/Jul/2025:23:17:03 +0000] "GET /_profiler/phpinfo HTTP/1.1" 301 - "-" "Mozilla/5.0 (X11; Linux x86_64) AppleWebKit/537.36 (KHTML, like Gecko) Chrome/81.0.4044.129 Safari/537.36"
45.148.10.249 - - [12/Jul/2025:23:17:03 +0000] "POST / HTTP/1.1" 200 23719 "-" "Mozilla/5.0 (X11; Linux x86_64) AppleWebKit/537.36 (KHTML, like Gecko) Chrome/81.0.4044.129 Safari/537.36"
209.74.77.214 - - [12/Jul/2025:23:33:51 +0000] "POST /wp-cron.php?doing_wp_cron=1752363231.1964769363403320312500 HTTP/1.1" 200 - "-" "WordPress/6.8.1; https://sixpacksecurity.com.au"
209.74.77.214 - - [12/Jul/2025:23:33:51 +0000] "POST /wp-admin/admin-ajax.php?action=async_litespeed&nonce=kYhqe345ZmkweXWN5RawuTPiOf4ZTFin&litespeed_type=imgoptm HTTP/1.1" 200 21 "-" "WordPress/6.8.1; https://sixpacksecurity.com.au"
66.249.64.64 - - [12/Jul/2025:23:33:49 +0000] "GET /about/ HTTP/1.1" 200 16448 "-" "Mozilla/5.0 (Linux; Android 6.0.1; Nexus 5X Build/MMB29P) AppleWebKit/537.36 (KHTML, like Gecko) Chrome/137.0.7151.103 Mobile Safari/537.36 (compatible; Googlebot/2.1; +http://www.google.com/bot.html)"
66.249.64.76 - - [12/Jul/2025:23:34:19 +0000] "GET /wp-content/plugins/themex-ppro-elementor/assets/css/maincss/wbtn.min.css?ver=6.8.1 HTTP/1.1" 200 817 "https://sixpacksecurity.com.au/about/" "Mozilla/5.0 (Linux; Android 6.0.1; Nexus 5X Build/MMB29P) AppleWebKit/537.36 (KHTML, like Gecko) Chrome/137.0.7151.119 Mobile Safari/537.36 (compatible; Googlebot/2.1; +http://www.google.com/bot.html)"
66.249.64.64 - - [12/Jul/2025:23:34:26 +0000] "GET /wp-content/plugins/elementor/assets/js/webpack.runtime.min.js?ver=3.29.1 HTTP/1.1" 200 2516 "https://sixpacksecurity.com.au/about/" "Mozilla/5.0 (Linux; Android 6.0.1; Nexus 5X Build/MMB29P) AppleWebKit/537.36 (KHTML, like Gecko) Chrome/137.0.7151.119 Mobile Safari/537.36 (compatible; Googlebot/2.1; +http://www.google.com/bot.html)"
66.249.64.76 - - [12/Jul/2025:23:34:29 +0000] "GET /wp-content/plugins/contact-form-7/modules/recaptcha/index.js?ver=6.0.6 HTTP/1.1" 200 483 "https://sixpacksecurity.com.au/about/" "Mozilla/5.0 (Linux; Android 6.0.1; Nexus 5X Build/MMB29P) AppleWebKit/537.36 (KHTML, like Gecko) Chrome/137.0.7151.119 Mobile Safari/537.36 (compatible; Googlebot/2.1; +http://www.google.com/bot.html)"
209.74.77.214 - - [12/Jul/2025:23:43:54 +0000] "POST /wp-cron.php?doing_wp_cron=1752363834.3876020908355712890625 HTTP/1.1" 200 - "-" "WordPress/6.8.1; https://sixpacksecurity.com.au"
66.249.64.64 - - [12/Jul/2025:23:43:53 +0000] "GET /em_team/peshotan-mehta/ HTTP/1.1" 200 10022 "-" "Mozilla/5.0 (Linux; Android 6.0.1; Nexus 5X Build/MMB29P) AppleWebKit/537.36 (KHTML, like Gecko) Chrome/137.0.7151.103 Mobile Safari/537.36 (compatible; Googlebot/2.1; +http://www.google.com/bot.html)"
209.74.77.214 - - [12/Jul/2025:23:43:54 +0000] "POST /wp-admin/admin-ajax.php?action=async_litespeed&nonce=DzQsalL1OO7lQdGEjZtllENwfuB1c74a&litespeed_type=imgoptm HTTP/1.1" 200 21 "-" "WordPress/6.8.1; https://sixpacksecurity.com.au"
66.249.64.76 - - [12/Jul/2025:23:44:02 +0000] "GET /wp-content/themes/poket/assets/js/vendor/modernizr-3.11.2.min.js?ver=3.11.2 HTTP/1.1" 200 3588 "https://sixpacksecurity.com.au/em_team/peshotan-mehta/" "Mozilla/5.0 (Linux; Android 6.0.1; Nexus 5X Build/MMB29P) AppleWebKit/537.36 (KHTML, like Gecko) Chrome/137.0.7151.119 Mobile Safari/537.36 (compatible; Googlebot/2.1; +http://www.google.com/bot.html)"
209.74.77.214 - - [12/Jul/2025:23:52:24 +0000] "POST /wp-cron.php?doing_wp_cron=1752364344.1026620864868164062500 HTTP/1.1" 200 - "-" "WordPress/6.8.1; https://sixpacksecurity.com.au"
100.29.34.97 - - [12/Jul/2025:23:52:22 +0000] "GET /em_portfolios/demo-media-title-5/ HTTP/1.1" 200 10557 "-" "Mozilla/5.0 AppleWebKit/537.36 (KHTML, like Gecko; compatible; Amazonbot/0.1; +https://developer.amazon.com/support/amazonbot) Chrome/119.0.6045.214 Safari/537.36"
209.74.77.214 - - [12/Jul/2025:23:52:24 +0000] "POST /wp-admin/admin-ajax.php?action=async_litespeed&nonce=qit1olKutsPLiOl2MTqne1J59KqqnmZ8&litespeed_type=imgoptm HTTP/1.1" 200 21 "-" "WordPress/6.8.1; https://sixpacksecurity.com.au"
209.74.77.214 - - [12/Jul/2025:23:56:26 +0000] "POST /wp-cron.php?doing_wp_cron=1752364586.5014550685882568359375 HTTP/1.1" 200 - "-" "WordPress/6.8.1; https://sixpacksecurity.com.au"
66.249.64.76 - - [12/Jul/2025:23:56:25 +0000] "GET /em_portfolios/demo-media-title-8/ HTTP/1.1" 200 10557 "-" "Mozilla/5.0 (Linux; Android 6.0.1; Nexus 5X Build/MMB29P) AppleWebKit/537.36 (KHTML, like Gecko) Chrome/137.0.7151.103 Mobile Safari/537.36 (compatible; Googlebot/2.1; +http://www.google.com/bot.html)"
209.74.77.214 - - [12/Jul/2025:23:56:26 +0000] "POST /wp-admin/admin-ajax.php?action=async_litespeed&nonce=wK1aZIGaqJz5iehb2cNowLVq6N2U9aha&litespeed_type=imgoptm HTTP/1.1" 200 21 "-" "WordPress/6.8.1; https://sixpacksecurity.com.au"
66.249.64.64 - - [12/Jul/2025:23:56:35 +0000] "GET /wp-content/themes/poket/assets/js/jquery.meanmenu.min.js?ver=3.3.5 HTTP/1.1" 200 1422 "https://sixpacksecurity.com.au/em_portfolios/demo-media-title-8/" "Mozilla/5.0 (Linux; Android 6.0.1; Nexus 5X Build/MMB29P) AppleWebKit/537.36 (KHTML, like Gecko) Chrome/137.0.7151.119 Mobile Safari/537.36 (compatible; Googlebot/2.1; +http://www.google.com/bot.html)"
66.249.64.76 - - [12/Jul/2025:23:56:39 +0000] "GET /wp-content/themes/poket/assets/js/bootstrap.min.js?ver=3.3.5 HTTP/1.1" 200 14085 "https://sixpacksecurity.com.au/em_portfolios/demo-media-title-8/" "Mozilla/5.0 (Linux; Android 6.0.1; Nexus 5X Build/MMB29P) AppleWebKit/537.36 (KHTML, like Gecko) Chrome/137.0.7151.119 Mobile Safari/537.36 (compatible; Googlebot/2.1; +http://www.google.com/bot.html)"
209.74.77.214 - - [13/Jul/2025:00:12:13 +0000] "POST /wp-cron.php?doing_wp_cron=1752365533.1024250984191894531250 HTTP/1.1" 200 - "-" "WordPress/6.8.1; https://sixpacksecurity.com.au"
66.249.64.76 - - [13/Jul/2025:00:12:11 +0000] "GET /em_team/peter-fransisco/ HTTP/1.1" 200 9935 "-" "Mozilla/5.0 (Linux; Android 6.0.1; Nexus 5X Build/MMB29P) AppleWebKit/537.36 (KHTML, like Gecko) Chrome/137.0.7151.103 Mobile Safari/537.36 (compatible; Googlebot/2.1; +http://www.google.com/bot.html)"
209.74.77.214 - - [13/Jul/2025:00:12:13 +0000] "POST /wp-admin/admin-ajax.php?action=async_litespeed&nonce=R6g7mhdEZuCdW8TCCztkRRmAUA865Ixm&litespeed_type=imgoptm HTTP/1.1" 200 21 "-" "WordPress/6.8.1; https://sixpacksecurity.com.au"
66.249.64.76 - - [13/Jul/2025:00:12:21 +0000] "GET /how-will-you-know-success-when-it-shows-ups/ HTTP/1.1" 200 13349 "-" "Mozilla/5.0 (Linux; Android 6.0.1; Nexus 5X Build/MMB29P) AppleWebKit/537.36 (KHTML, like Gecko) Chrome/137.0.7151.103 Mobile Safari/537.36 (compatible; Googlebot/2.1; +http://www.google.com/bot.html)"
66.249.64.76 - - [13/Jul/2025:00:12:49 +0000] "GET /wp-content/themes/poket/assets/css/twr_theme_color.min.css?ver=6.8.1 HTTP/1.1" 200 4432 "https://sixpacksecurity.com.au/em_team/peter-fransisco/" "Mozilla/5.0 (Linux; Android 6.0.1; Nexus 5X Build/MMB29P) AppleWebKit/537.36 (KHTML, like Gecko) Chrome/137.0.7151.119 Mobile Safari/537.36 (compatible; Googlebot/2.1; +http://www.google.com/bot.html)"
66.249.64.76 - - [13/Jul/2025:00:12:54 +0000] "GET /wp-content/themes/poket/venobox/venobox.css?ver=6.8.1 HTTP/1.1" 200 1357 "https://sixpacksecurity.com.au/em_team/peter-fransisco/" "Mozilla/5.0 (Linux; Android 6.0.1; Nexus 5X Build/MMB29P) AppleWebKit/537.36 (KHTML, like Gecko) Chrome/137.0.7151.119 Mobile Safari/537.36 (compatible; Googlebot/2.1; +http://www.google.com/bot.html)"
66.249.64.76 - - [13/Jul/2025:00:12:57 +0000] "GET /wp-content/themes/poket/style.css?ver=6.8.1 HTTP/1.1" 200 427 "https://sixpacksecurity.com.au/em_team/peter-fransisco/" "Mozilla/5.0 (Linux; Android 6.0.1; Nexus 5X Build/MMB29P) AppleWebKit/537.36 (KHTML, like Gecko) Chrome/137.0.7151.119 Mobile Safari/537.36 (compatible; Googlebot/2.1; +http://www.google.com/bot.html)"
66.249.64.65 - - [13/Jul/2025:00:13:03 +0000] "GET /wp-includes/js/wp-emoji-release.min.js?ver=6.8.1 HTTP/1.1" 200 5166 "https://sixpacksecurity.com.au/em_team/peter-fransisco/" "Mozilla/5.0 (Linux; Android 6.0.1; Nexus 5X Build/MMB29P) AppleWebKit/537.36 (KHTML, like Gecko) Chrome/137.0.7151.119 Mobile Safari/537.36 (compatible; Googlebot/2.1; +http://www.google.com/bot.html)"
Page not found – Hello World !