216.73.216.126 - - [13/Jul/2025:00:37:13 +0000] "GET /events/list/?ical=1&tribe-bar-date=2027-12-14 HTTP/1.1" 200 1137 "-" "Mozilla/5.0 AppleWebKit/537.36 (KHTML, like Gecko; compatible; ClaudeBot/1.0; [email protected])"
216.73.216.126 - - [13/Jul/2025:00:37:13 +0000] "GET /events/list/?ical=1&tribe-bar-date=2028-01-19 HTTP/1.1" 200 1137 "-" "Mozilla/5.0 AppleWebKit/537.36 (KHTML, like Gecko; compatible; ClaudeBot/1.0; [email protected])"
216.73.216.126 - - [13/Jul/2025:00:37:14 +0000] "GET /events/list/?outlook-ical=1&tribe-bar-date=2028-01-27 HTTP/1.1" 200 1131 "-" "Mozilla/5.0 AppleWebKit/537.36 (KHTML, like Gecko; compatible; ClaudeBot/1.0; [email protected])"
216.73.216.126 - - [13/Jul/2025:00:37:14 +0000] "GET /events/2028-03-13/ HTTP/1.1" 200 19474 "https://teamhachem.com/events/2028-03-13" "Mozilla/5.0 AppleWebKit/537.36 (KHTML, like Gecko; compatible; ClaudeBot/1.0; [email protected])"
209.74.77.214 - - [13/Jul/2025:00:38:03 +0000] "POST /wp-cron.php?doing_wp_cron=1752367083.1501009464263916015625 HTTP/1.1" 200 - "-" "WordPress/6.8.1; https://teamhachem.com"
216.73.216.126 - - [13/Jul/2025:00:38:01 +0000] "GET /events/list/?eventDisplay=past&tribe-bar-date=2027-12-08 HTTP/1.1" 200 20222 "-" "Mozilla/5.0 AppleWebKit/537.36 (KHTML, like Gecko; compatible; ClaudeBot/1.0; [email protected])"
209.74.77.214 - - [13/Jul/2025:00:38:55 +0000] "POST /wp-cron.php?doing_wp_cron=1752367135.2467401027679443359375 HTTP/1.1" 200 - "-" "WordPress/6.8.1; https://teamhachem.com"
216.73.216.126 - - [13/Jul/2025:00:38:53 +0000] "GET /events/list/?outlook-ical=1&tribe-bar-date=2028-01-25 HTTP/1.1" 200 1132 "-" "Mozilla/5.0 AppleWebKit/537.36 (KHTML, like Gecko; compatible; ClaudeBot/1.0; [email protected])"
209.74.77.214 - - [13/Jul/2025:00:39:50 +0000] "POST /wp-cron.php?doing_wp_cron=1752367190.2443180084228515625000 HTTP/1.1" 200 - "-" "WordPress/6.8.1; https://teamhachem.com"
216.73.216.126 - - [13/Jul/2025:00:39:48 +0000] "GET /events/list/?ical=1&tribe-bar-date=2028-01-17 HTTP/1.1" 200 1137 "-" "Mozilla/5.0 AppleWebKit/537.36 (KHTML, like Gecko; compatible; ClaudeBot/1.0; [email protected])"
51.222.253.1 - - [13/Jul/2025:00:39:54 +0000] "GET /events/month/2025-12/ HTTP/1.1" 200 24557 "-" "Mozilla/5.0 (compatible; AhrefsBot/7.0; +http://ahrefs.com/robot/)"
209.74.77.214 - - [13/Jul/2025:00:40:25 +0000] "POST /wp-cron.php?doing_wp_cron=1752367225.0152380466461181640625 HTTP/1.1" 200 - "-" "WordPress/6.8.1; https://teamhachem.com"
216.73.216.126 - - [13/Jul/2025:00:40:24 +0000] "GET /events/2028-03-22 HTTP/1.1" 301 - "-" "Mozilla/5.0 AppleWebKit/537.36 (KHTML, like Gecko; compatible; ClaudeBot/1.0; [email protected])"
216.73.216.126 - - [13/Jul/2025:00:40:25 +0000] "GET /events/2028-03-22/ HTTP/1.1" 200 19462 "https://teamhachem.com/events/2028-03-22" "Mozilla/5.0 AppleWebKit/537.36 (KHTML, like Gecko; compatible; ClaudeBot/1.0; [email protected])"
209.74.77.214 - - [13/Jul/2025:00:41:17 +0000] "POST /wp-cron.php?doing_wp_cron=1752367277.2580270767211914062500 HTTP/1.1" 200 - "-" "WordPress/6.8.1; https://teamhachem.com"
209.74.77.214 - - [13/Jul/2025:00:41:17 +0000] "POST /wp-cron.php?doing_wp_cron=1752367277.2580270767211914062500 HTTP/1.1" 200 - "-" "WordPress/6.8.1; https://teamhachem.com"
216.73.216.126 - - [13/Jul/2025:00:41:15 +0000] "GET /events/list/?ical=1&tribe-bar-date=2028-01-29 HTTP/1.1" 200 1137 "-" "Mozilla/5.0 AppleWebKit/537.36 (KHTML, like Gecko; compatible; ClaudeBot/1.0; [email protected])"
216.73.216.126 - - [13/Jul/2025:00:41:16 +0000] "GET /events/list/?outlook-ical=1&tribe-bar-date=2028-01-19 HTTP/1.1" 200 1132 "-" "Mozilla/5.0 AppleWebKit/537.36 (KHTML, like Gecko; compatible; ClaudeBot/1.0; [email protected])"
209.74.77.214 - - [13/Jul/2025:00:42:51 +0000] "POST /wp-cron.php?doing_wp_cron=1752367371.3376860618591308593750 HTTP/1.1" 200 - "-" "WordPress/6.8.1; https://teamhachem.com"
209.74.77.214 - - [13/Jul/2025:00:42:51 +0000] "POST /wp-cron.php?doing_wp_cron=1752367371.3378291130065917968750 HTTP/1.1" 200 - "-" "WordPress/6.8.1; https://teamhachem.com"
216.73.216.126 - - [13/Jul/2025:00:42:49 +0000] "GET /events/2028-03-16 HTTP/1.1" 301 - "-" "Mozilla/5.0 AppleWebKit/537.36 (KHTML, like Gecko; compatible; ClaudeBot/1.0; [email protected])"
216.73.216.126 - - [13/Jul/2025:00:42:50 +0000] "GET /events/list/?outlook-ical=1&tribe-bar-date=2028-01-05 HTTP/1.1" 200 1132 "-" "Mozilla/5.0 AppleWebKit/537.36 (KHTML, like Gecko; compatible; ClaudeBot/1.0; [email protected])"
216.73.216.126 - - [13/Jul/2025:00:42:51 +0000] "GET /events/2028-03-16/ HTTP/1.1" 200 19475 "https://teamhachem.com/events/2028-03-16" "Mozilla/5.0 AppleWebKit/537.36 (KHTML, like Gecko; compatible; ClaudeBot/1.0; [email protected])"
209.74.77.214 - - [13/Jul/2025:00:45:07 +0000] "POST /wp-cron.php?doing_wp_cron=1752367507.9775149822235107421875 HTTP/1.1" 200 - "-" "WordPress/6.8.1; https://teamhachem.com"
209.74.77.214 - - [13/Jul/2025:00:45:07 +0000] "POST /wp-cron.php?doing_wp_cron=1752367507.9775149822235107421875 HTTP/1.1" 200 - "-" "WordPress/6.8.1; https://teamhachem.com"
216.73.216.126 - - [13/Jul/2025:00:45:06 +0000] "GET /events/list/?ical=1&tribe-bar-date=2027-12-20 HTTP/1.1" 200 1137 "-" "Mozilla/5.0 AppleWebKit/537.36 (KHTML, like Gecko; compatible; ClaudeBot/1.0; [email protected])"
216.73.216.126 - - [13/Jul/2025:00:45:06 +0000] "GET /events/2028-02-28/?outlook-ical=1 HTTP/1.1" 200 1131 "-" "Mozilla/5.0 AppleWebKit/537.36 (KHTML, like Gecko; compatible; ClaudeBot/1.0; [email protected])"
209.74.77.214 - - [13/Jul/2025:00:45:43 +0000] "POST /wp-cron.php?doing_wp_cron=1752367543.9460361003875732421875 HTTP/1.1" 200 - "-" "WordPress/6.8.1; https://teamhachem.com"
209.74.77.214 - - [13/Jul/2025:00:45:43 +0000] "POST /wp-cron.php?doing_wp_cron=1752367543.9460370540618896484375 HTTP/1.1" 200 - "-" "WordPress/6.8.1; https://teamhachem.com"
216.73.216.126 - - [13/Jul/2025:00:45:42 +0000] "GET /events/2028-03-30 HTTP/1.1" 301 - "-" "Mozilla/5.0 AppleWebKit/537.36 (KHTML, like Gecko; compatible; ClaudeBot/1.0; [email protected])"
216.73.216.126 - - [13/Jul/2025:00:45:42 +0000] "GET /events/list/?eventDisplay=past&ical=1&tribe-bar-date=2027-11-10 HTTP/1.1" 200 1298 "-" "Mozilla/5.0 AppleWebKit/537.36 (KHTML, like Gecko; compatible; ClaudeBot/1.0; [email protected])"
216.73.216.126 - - [13/Jul/2025:00:45:44 +0000] "GET /events/2028-03-30/ HTTP/1.1" 200 19480 "https://teamhachem.com/events/2028-03-30" "Mozilla/5.0 AppleWebKit/537.36 (KHTML, like Gecko; compatible; ClaudeBot/1.0; [email protected])"
51.222.253.6 - - [13/Jul/2025:00:45:51 +0000] "GET /events/list/?tribe-bar-date=2025-01-23 HTTP/1.1" 200 19790 "-" "Mozilla/5.0 (compatible; AhrefsBot/7.0; +http://ahrefs.com/robot/)"
209.74.77.214 - - [13/Jul/2025:00:46:19 +0000] "POST /wp-cron.php?doing_wp_cron=1752367579.4491760730743408203125 HTTP/1.1" 200 - "-" "WordPress/6.8.1; https://teamhachem.com"
216.73.216.126 - - [13/Jul/2025:00:46:19 +0000] "GET /events/list/?eventDisplay=past&ical=1&tribe-bar-date=2027-11-17 HTTP/1.1" 200 1291 "-" "Mozilla/5.0 AppleWebKit/537.36 (KHTML, like Gecko; compatible; ClaudeBot/1.0; [email protected])"
209.74.77.214 - - [13/Jul/2025:00:47:16 +0000] "POST /wp-cron.php?doing_wp_cron=1752367636.6505711078643798828125 HTTP/1.1" 200 - "-" "WordPress/6.8.1; https://teamhachem.com"
216.73.216.126 - - [13/Jul/2025:00:47:14 +0000] "GET /events/2028-02-28/?ical=1 HTTP/1.1" 200 1137 "-" "Mozilla/5.0 AppleWebKit/537.36 (KHTML, like Gecko; compatible; ClaudeBot/1.0; [email protected])"
209.74.77.214 - - [13/Jul/2025:00:47:57 +0000] "POST /wp-cron.php?doing_wp_cron=1752367677.2768700122833251953125 HTTP/1.1" 200 - "-" "WordPress/6.8.1; https://teamhachem.com"
216.73.216.126 - - [13/Jul/2025:00:47:55 +0000] "GET /events/2028-03-24 HTTP/1.1" 301 - "-" "Mozilla/5.0 AppleWebKit/537.36 (KHTML, like Gecko; compatible; ClaudeBot/1.0; [email protected])"
216.73.216.126 - - [13/Jul/2025:00:47:56 +0000] "GET /events/list/?ical=1&tribe-bar-date=2027-12-17 HTTP/1.1" 200 1138 "-" "Mozilla/5.0 AppleWebKit/537.36 (KHTML, like Gecko; compatible; ClaudeBot/1.0; [email protected])"
216.73.216.126 - - [13/Jul/2025:00:47:57 +0000] "GET /events/2028-03-24/ HTTP/1.1" 200 19466 "https://teamhachem.com/events/2028-03-24" "Mozilla/5.0 AppleWebKit/537.36 (KHTML, like Gecko; compatible; ClaudeBot/1.0; [email protected])"
209.74.77.214 - - [13/Jul/2025:00:49:41 +0000] "POST /wp-cron.php?doing_wp_cron=1752367781.3430669307708740234375 HTTP/1.1" 200 - "-" "WordPress/6.8.1; https://teamhachem.com"
209.74.77.214 - - [13/Jul/2025:00:49:41 +0000] "POST /wp-cron.php?doing_wp_cron=1752367781.3432610034942626953125 HTTP/1.1" 200 - "-" "WordPress/6.8.1; https://teamhachem.com"
209.74.77.214 - - [13/Jul/2025:00:49:41 +0000] "POST /wp-cron.php?doing_wp_cron=1752367781.3431510925292968750000 HTTP/1.1" 200 - "-" "WordPress/6.8.1; https://teamhachem.com"
216.73.216.126 - - [13/Jul/2025:00:49:39 +0000] "GET /events/month/2028-04 HTTP/1.1" 301 - "-" "Mozilla/5.0 AppleWebKit/537.36 (KHTML, like Gecko; compatible; ClaudeBot/1.0; [email protected])"
216.73.216.126 - - [13/Jul/2025:00:49:39 +0000] "GET /events/list/?outlook-ical=1&tribe-bar-date=2027-12-14 HTTP/1.1" 200 1132 "-" "Mozilla/5.0 AppleWebKit/537.36 (KHTML, like Gecko; compatible; ClaudeBot/1.0; [email protected])"
216.73.216.126 - - [13/Jul/2025:00:49:39 +0000] "GET /events/list/?outlook-ical=1&tribe-bar-date=2028-01-17 HTTP/1.1" 200 1132 "-" "Mozilla/5.0 AppleWebKit/537.36 (KHTML, like Gecko; compatible; ClaudeBot/1.0; [email protected])"
216.73.216.126 - - [13/Jul/2025:00:49:41 +0000] "GET /events/month/2028-04/ HTTP/1.1" 200 24564 "https://teamhachem.com/events/month/2028-04" "Mozilla/5.0 AppleWebKit/537.36 (KHTML, like Gecko; compatible; ClaudeBot/1.0; [email protected])"
209.74.77.214 - - [13/Jul/2025:00:55:42 +0000] "POST /wp-cron.php?doing_wp_cron=1752368142.9120481014251708984375 HTTP/1.1" 200 - "-" "WordPress/6.8.1; https://teamhachem.com"
216.73.216.126 - - [13/Jul/2025:00:55:41 +0000] "GET /events/list/?eventDisplay=past&tribe-bar-date=2028-01-23 HTTP/1.1" 200 20227 "-" "Mozilla/5.0 AppleWebKit/537.36 (KHTML, like Gecko; compatible; ClaudeBot/1.0; [email protected])"
209.74.77.214 - - [13/Jul/2025:00:56:17 +0000] "POST /wp-cron.php?doing_wp_cron=1752368177.1791250705718994140625 HTTP/1.1" 200 - "-" "WordPress/6.8.1; https://teamhachem.com"
216.73.216.126 - - [13/Jul/2025:00:56:17 +0000] "GET /events/list/?eventDisplay=past&ical=1&tribe-bar-date=2027-12-29 HTTP/1.1" 200 1291 "-" "Mozilla/5.0 AppleWebKit/537.36 (KHTML, like Gecko; compatible; ClaudeBot/1.0; [email protected])"
216.73.216.126 - - [13/Jul/2025:00:56:17 +0000] "GET /events/list/?ical=1&tribe-bar-date=2028-01-28 HTTP/1.1" 200 1138 "-" "Mozilla/5.0 AppleWebKit/537.36 (KHTML, like Gecko; compatible; ClaudeBot/1.0; [email protected])"
209.74.77.214 - - [13/Jul/2025:00:57:53 +0000] "POST /wp-cron.php?doing_wp_cron=1752368273.6744439601898193359375 HTTP/1.1" 200 - "-" "WordPress/6.8.1; https://teamhachem.com"
209.74.77.214 - - [13/Jul/2025:00:57:53 +0000] "POST /wp-cron.php?doing_wp_cron=1752368273.6744430065155029296875 HTTP/1.1" 200 - "-" "WordPress/6.8.1; https://teamhachem.com"
209.74.77.214 - - [13/Jul/2025:00:57:53 +0000] "POST /wp-cron.php?doing_wp_cron=1752368273.6745259761810302734375 HTTP/1.1" 200 - "-" "WordPress/6.8.1; https://teamhachem.com"
216.73.216.126 - - [13/Jul/2025:00:57:52 +0000] "GET /events/2028-03-19 HTTP/1.1" 301 - "-" "Mozilla/5.0 AppleWebKit/537.36 (KHTML, like Gecko; compatible; ClaudeBot/1.0; [email protected])"
216.73.216.126 - - [13/Jul/2025:00:57:52 +0000] "GET /events/list/?ical=1&tribe-bar-date=2028-01-05 HTTP/1.1" 200 1138 "-" "Mozilla/5.0 AppleWebKit/537.36 (KHTML, like Gecko; compatible; ClaudeBot/1.0; [email protected])"
216.73.216.126 - - [13/Jul/2025:00:57:52 +0000] "GET /events/list/?eventDisplay=past&tribe-bar-date=2027-12-20 HTTP/1.1" 200 20205 "-" "Mozilla/5.0 AppleWebKit/537.36 (KHTML, like Gecko; compatible; ClaudeBot/1.0; [email protected])"
216.73.216.126 - - [13/Jul/2025:00:57:53 +0000] "GET /events/2028-03-19/ HTTP/1.1" 200 19458 "https://teamhachem.com/events/2028-03-19" "Mozilla/5.0 AppleWebKit/537.36 (KHTML, like Gecko; compatible; ClaudeBot/1.0; [email protected])"
66.249.73.225 - - [13/Jul/2025:00:58:05 +0000] "GET /robots.txt HTTP/1.1" 200 154 "-" "Mozilla/5.0 (compatible; Googlebot/2.1; +http://www.google.com/bot.html)"
66.249.73.227 - - [13/Jul/2025:00:58:05 +0000] "GET /shop/ HTTP/1.1" 200 16144 "-" "Mozilla/5.0 (Linux; Android 6.0.1; Nexus 5X Build/MMB29P) AppleWebKit/537.36 (KHTML, like Gecko) Chrome/137.0.7151.103 Mobile Safari/537.36 (compatible; Googlebot/2.1; +http://www.google.com/bot.html)"
66.249.73.225 - - [13/Jul/2025:00:58:12 +0000] "GET /wp-content/plugins/woocommerce/assets/js/frontend/order-attribution.min.js?ver=9.9.5 HTTP/1.1" 200 1128 "https://teamhachem.com/shop/" "Mozilla/5.0 (Linux; Android 6.0.1; Nexus 5X Build/MMB29P) AppleWebKit/537.36 (KHTML, like Gecko) Chrome/137.0.7151.119 Mobile Safari/537.36 (compatible; Googlebot/2.1; +http://www.google.com/bot.html)"
66.249.73.225 - - [13/Jul/2025:00:58:13 +0000] "GET /wp-includes/js/jquery/ui/core.min.js?ver=1.13.3 HTTP/1.1" 200 7106 "https://teamhachem.com/shop/" "Mozilla/5.0 (Linux; Android 6.0.1; Nexus 5X Build/MMB29P) AppleWebKit/537.36 (KHTML, like Gecko) Chrome/137.0.7151.119 Mobile Safari/537.36 (compatible; Googlebot/2.1; +http://www.google.com/bot.html)"
66.249.73.225 - - [13/Jul/2025:00:58:13 +0000] "GET /wp-includes/js/jquery/ui/slider.min.js?ver=1.13.3 HTTP/1.1" 200 3138 "https://teamhachem.com/shop/" "Mozilla/5.0 (Linux; Android 6.0.1; Nexus 5X Build/MMB29P) AppleWebKit/537.36 (KHTML, like Gecko) Chrome/137.0.7151.119 Mobile Safari/537.36 (compatible; Googlebot/2.1; +http://www.google.com/bot.html)"
66.249.73.226 - - [13/Jul/2025:00:58:13 +0000] "GET /wp-includes/js/jquery/ui/mouse.min.js?ver=1.13.3 HTTP/1.1" 200 1098 "https://teamhachem.com/shop/" "Mozilla/5.0 (Linux; Android 6.0.1; Nexus 5X Build/MMB29P) AppleWebKit/537.36 (KHTML, like Gecko) Chrome/137.0.7151.119 Mobile Safari/537.36 (compatible; Googlebot/2.1; +http://www.google.com/bot.html)"
66.249.73.225 - - [13/Jul/2025:00:58:13 +0000] "GET /wp-content/plugins/woocommerce/assets/js/jquery-ui-touch-punch/jquery-ui-touch-punch.min.js?ver=9.9.5 HTTP/1.1" 200 594 "https://teamhachem.com/shop/" "Mozilla/5.0 (Linux; Android 6.0.1; Nexus 5X Build/MMB29P) AppleWebKit/537.36 (KHTML, like Gecko) Chrome/137.0.7151.119 Mobile Safari/537.36 (compatible; Googlebot/2.1; +http://www.google.com/bot.html)"
66.249.73.225 - - [13/Jul/2025:00:58:14 +0000] "GET /wp-content/plugins/woocommerce/assets/js/accounting/accounting.min.js?ver=0.4.2 HTTP/1.1" 200 1410 "https://teamhachem.com/shop/" "Mozilla/5.0 (Linux; Android 6.0.1; Nexus 5X Build/MMB29P) AppleWebKit/537.36 (KHTML, like Gecko) Chrome/137.0.7151.119 Mobile Safari/537.36 (compatible; Googlebot/2.1; +http://www.google.com/bot.html)"
66.249.73.225 - - [13/Jul/2025:00:58:14 +0000] "GET /wp-content/plugins/woocommerce/assets/js/frontend/cart-fragments.min.js?ver=9.9.5 HTTP/1.1" 200 1045 "https://teamhachem.com/shop/" "Mozilla/5.0 (Linux; Android 6.0.1; Nexus 5X Build/MMB29P) AppleWebKit/537.36 (KHTML, like Gecko) Chrome/137.0.7151.119 Mobile Safari/537.36 (compatible; Googlebot/2.1; +http://www.google.com/bot.html)"
66.249.73.226 - - [13/Jul/2025:00:58:14 +0000] "GET /wp-content/plugins/woocommerce/assets/js/frontend/price-slider.min.js?ver=9.9.5 HTTP/1.1" 200 605 "https://teamhachem.com/shop/" "Mozilla/5.0 (Linux; Android 6.0.1; Nexus 5X Build/MMB29P) AppleWebKit/537.36 (KHTML, like Gecko) Chrome/137.0.7151.119 Mobile Safari/537.36 (compatible; Googlebot/2.1; +http://www.google.com/bot.html)"
209.74.77.214 - - [13/Jul/2025:00:58:14 +0000] "POST /wp-cron.php?doing_wp_cron=1752368294.8851780891418457031250 HTTP/1.1" 200 - "-" "WordPress/6.8.1; https://teamhachem.com"
66.249.73.225 - - [13/Jul/2025:00:58:14 +0000] "POST /?wc-ajax=get_refreshed_fragments HTTP/1.1" 200 161 "https://teamhachem.com/shop/" "Mozilla/5.0 (Linux; Android 6.0.1; Nexus 5X Build/MMB29P) AppleWebKit/537.36 (KHTML, like Gecko) Chrome/137.0.7151.119 Mobile Safari/537.36 (compatible; Googlebot/2.1; +http://www.google.com/bot.html)"
209.74.77.214 - - [13/Jul/2025:00:58:44 +0000] "POST /wp-cron.php?doing_wp_cron=1752368324.9435589313507080078125 HTTP/1.1" 200 - "-" "WordPress/6.8.1; https://teamhachem.com"
216.73.216.126 - - [13/Jul/2025:00:58:44 +0000] "GET /events/list/?eventDisplay=past&tribe-bar-date=2028-01-29 HTTP/1.1" 200 20204 "-" "Mozilla/5.0 AppleWebKit/537.36 (KHTML, like Gecko; compatible; ClaudeBot/1.0; [email protected])"
216.73.216.126 - - [13/Jul/2025:00:58:45 +0000] "GET /events/2028-03-10 HTTP/1.1" 301 - "-" "Mozilla/5.0 AppleWebKit/537.36 (KHTML, like Gecko; compatible; ClaudeBot/1.0; [email protected])"
216.73.216.126 - - [13/Jul/2025:00:58:45 +0000] "GET /events/2028-03-10/ HTTP/1.1" 200 19458 "https://teamhachem.com/events/2028-03-10" "Mozilla/5.0 AppleWebKit/537.36 (KHTML, like Gecko; compatible; ClaudeBot/1.0; [email protected])"
209.74.77.214 - - [13/Jul/2025:00:59:26 +0000] "POST /wp-cron.php?doing_wp_cron=1752368366.5164771080017089843750 HTTP/1.1" 200 - "-" "WordPress/6.8.1; https://teamhachem.com"
216.73.216.126 - - [13/Jul/2025:00:59:26 +0000] "GET /events/list/?ical=1&tribe-bar-date=2028-01-27 HTTP/1.1" 200 1138 "-" "Mozilla/5.0 AppleWebKit/537.36 (KHTML, like Gecko; compatible; ClaudeBot/1.0; [email protected])"
216.73.216.126 - - [13/Jul/2025:01:00:03 +0000] "GET /events/list/?ical=1&tribe-bar-date=2028-01-02 HTTP/1.1" 200 1137 "-" "Mozilla/5.0 AppleWebKit/537.36 (KHTML, like Gecko; compatible; ClaudeBot/1.0; [email protected])"
209.74.77.214 - - [13/Jul/2025:01:00:40 +0000] "POST /wp-cron.php?doing_wp_cron=1752368440.6951279640197753906250 HTTP/1.1" 200 - "-" "WordPress/6.8.1; https://teamhachem.com"
216.73.216.126 - - [13/Jul/2025:01:00:40 +0000] "GET /events/list/?eventDisplay=past&ical=1&tribe-bar-date=2027-12-09 HTTP/1.1" 200 1290 "-" "Mozilla/5.0 AppleWebKit/537.36 (KHTML, like Gecko; compatible; ClaudeBot/1.0; [email protected])"
209.74.77.214 - - [13/Jul/2025:01:03:39 +0000] "POST /wp-cron.php?doing_wp_cron=1752368618.9886178970336914062500 HTTP/1.1" 200 - "-" "WordPress/6.8.1; https://teamhachem.com"
209.74.77.214 - - [13/Jul/2025:01:03:39 +0000] "POST /wp-cron.php?doing_wp_cron=1752368618.9886178970336914062500 HTTP/1.1" 200 - "-" "WordPress/6.8.1; https://teamhachem.com"
216.73.216.126 - - [13/Jul/2025:01:03:37 +0000] "GET /events/2028-03-14 HTTP/1.1" 301 - "-" "Mozilla/5.0 AppleWebKit/537.36 (KHTML, like Gecko; compatible; ClaudeBot/1.0; [email protected])"
216.73.216.126 - - [13/Jul/2025:01:03:37 +0000] "GET /events/list/?eventDisplay=past&tribe-bar-date=2027-12-17 HTTP/1.1" 200 20223 "-" "Mozilla/5.0 AppleWebKit/537.36 (KHTML, like Gecko; compatible; ClaudeBot/1.0; [email protected])"
216.73.216.126 - - [13/Jul/2025:01:03:39 +0000] "GET /events/2028-03-14/ HTTP/1.1" 200 19480 "https://teamhachem.com/events/2028-03-14" "Mozilla/5.0 AppleWebKit/537.36 (KHTML, like Gecko; compatible; ClaudeBot/1.0; [email protected])"
203.33.203.148 - - [13/Jul/2025:01:03:51 +0000] "GET / HTTP/1.1" 200 22845 "http://www.teamhachem.com" "Mozilla/5.0 (iPhone; CPU iPhone OS 13_2_3 like Mac OS X) AppleWebKit/605.1.15 (KHTML, like Gecko) Version/13.0.3 Mobile/15E148 Safari/604.1"
209.74.77.214 - - [13/Jul/2025:01:05:18 +0000] "POST /wp-cron.php?doing_wp_cron=1752368718.4800639152526855468750 HTTP/1.1" 200 - "-" "WordPress/6.8.1; https://teamhachem.com"
209.74.77.214 - - [13/Jul/2025:01:05:18 +0000] "POST /wp-cron.php?doing_wp_cron=1752368718.4800789356231689453125 HTTP/1.1" 200 - "-" "WordPress/6.8.1; https://teamhachem.com"
216.73.216.126 - - [13/Jul/2025:01:05:17 +0000] "GET /events/list/?ical=1&tribe-bar-date=2028-01-24 HTTP/1.1" 200 1137 "-" "Mozilla/5.0 AppleWebKit/537.36 (KHTML, like Gecko; compatible; ClaudeBot/1.0; [email protected])"
216.73.216.126 - - [13/Jul/2025:01:05:16 +0000] "GET /events/list/?eventDisplay=past&tribe-bar-date=2028-01-05 HTTP/1.1" 200 20216 "-" "Mozilla/5.0 AppleWebKit/537.36 (KHTML, like Gecko; compatible; ClaudeBot/1.0; [email protected])"
209.74.77.214 - - [13/Jul/2025:01:05:55 +0000] "POST /wp-cron.php?doing_wp_cron=1752368755.8423249721527099609375 HTTP/1.1" 200 - "-" "WordPress/6.8.1; https://teamhachem.com"
216.73.216.126 - - [13/Jul/2025:01:05:54 +0000] "GET /events/list/?eventDisplay=past&tribe-bar-date=2028-01-28 HTTP/1.1" 200 20215 "-" "Mozilla/5.0 AppleWebKit/537.36 (KHTML, like Gecko; compatible; ClaudeBot/1.0; [email protected])"
209.74.77.214 - - [13/Jul/2025:01:06:28 +0000] "POST /wp-cron.php?doing_wp_cron=1752368788.5845549106597900390625 HTTP/1.1" 200 - "-" "WordPress/6.8.1; https://teamhachem.com"
216.73.216.126 - - [13/Jul/2025:01:06:28 +0000] "GET /events/list/?eventDisplay=past&ical=1&tribe-bar-date=2027-12-27 HTTP/1.1" 200 1291 "-" "Mozilla/5.0 AppleWebKit/537.36 (KHTML, like Gecko; compatible; ClaudeBot/1.0; [email protected])"
216.73.216.126 - - [13/Jul/2025:01:06:28 +0000] "GET /events/list/?outlook-ical=1&tribe-bar-date=2027-12-17 HTTP/1.1" 200 1131 "-" "Mozilla/5.0 AppleWebKit/537.36 (KHTML, like Gecko; compatible; ClaudeBot/1.0; [email protected])"
216.73.216.126 - - [13/Jul/2025:01:06:28 +0000] "GET /events/list/?outlook-ical=1&tribe-bar-date=2028-01-26 HTTP/1.1" 200 1131 "-" "Mozilla/5.0 AppleWebKit/537.36 (KHTML, like Gecko; compatible; ClaudeBot/1.0; [email protected])"
209.74.77.214 - - [13/Jul/2025:01:08:05 +0000] "POST /wp-cron.php?doing_wp_cron=1752368885.4383509159088134765625 HTTP/1.1" 200 - "-" "WordPress/6.8.1; https://teamhachem.com"
216.73.216.126 - - [13/Jul/2025:01:08:03 +0000] "GET /events/list/?eventDisplay=past&ical=1&tribe-bar-date=2027-12-11 HTTP/1.1" 200 1291 "-" "Mozilla/5.0 AppleWebKit/537.36 (KHTML, like Gecko; compatible; ClaudeBot/1.0; [email protected])"
209.74.77.214 - - [13/Jul/2025:01:09:34 +0000] "POST /wp-cron.php?doing_wp_cron=1752368974.5685849189758300781250 HTTP/1.1" 200 - "-" "WordPress/6.8.1; https://teamhachem.com"
216.73.216.126 - - [13/Jul/2025:01:09:32 +0000] "GET /events/list/?eventDisplay=past&tribe-bar-date=2027-12-19 HTTP/1.1" 200 20217 "-" "Mozilla/5.0 AppleWebKit/537.36 (KHTML, like Gecko; compatible; ClaudeBot/1.0; [email protected])"
209.74.77.214 - - [13/Jul/2025:01:10:35 +0000] "POST /wp-cron.php?doing_wp_cron=1752369035.4019188880920410156250 HTTP/1.1" 200 - "-" "WordPress/6.8.1; https://teamhachem.com"
216.73.216.126 - - [13/Jul/2025:01:10:33 +0000] "GET /events/list/?eventDisplay=past&tribe-bar-date=2028-01-17 HTTP/1.1" 200 20210 "-" "Mozilla/5.0 AppleWebKit/537.36 (KHTML, like Gecko; compatible; ClaudeBot/1.0; [email protected])"
209.74.77.214 - - [13/Jul/2025:01:11:24 +0000] "POST /wp-cron.php?doing_wp_cron=1752369084.2988200187683105468750 HTTP/1.1" 200 - "-" "WordPress/6.8.1; https://teamhachem.com"
216.73.216.126 - - [13/Jul/2025:01:11:22 +0000] "GET /events/2028-03-12 HTTP/1.1" 301 - "-" "Mozilla/5.0 AppleWebKit/537.36 (KHTML, like Gecko; compatible; ClaudeBot/1.0; [email protected])"
216.73.216.126 - - [13/Jul/2025:01:11:24 +0000] "GET /events/2028-03-12/ HTTP/1.1" 200 19476 "https://teamhachem.com/events/2028-03-12" "Mozilla/5.0 AppleWebKit/537.36 (KHTML, like Gecko; compatible; ClaudeBot/1.0; [email protected])"
216.73.216.126 - - [13/Jul/2025:01:12:00 +0000] "GET /events/list/?outlook-ical=1&tribe-bar-date=2028-01-23 HTTP/1.1" 200 1132 "-" "Mozilla/5.0 AppleWebKit/537.36 (KHTML, like Gecko; compatible; ClaudeBot/1.0; [email protected])"
209.74.77.214 - - [13/Jul/2025:01:12:53 +0000] "POST /wp-cron.php?doing_wp_cron=1752369173.4109029769897460937500 HTTP/1.1" 200 - "-" "WordPress/6.8.1; https://teamhachem.com"
216.73.216.126 - - [13/Jul/2025:01:12:51 +0000] "GET /events/list/?outlook-ical=1&tribe-bar-date=2028-01-20 HTTP/1.1" 200 1132 "-" "Mozilla/5.0 AppleWebKit/537.36 (KHTML, like Gecko; compatible; ClaudeBot/1.0; [email protected])"
85.208.96.196 - - [13/Jul/2025:01:13:02 +0000] "GET /events/list/?tribe-bar-date=2025-01-05 HTTP/1.1" 200 19789 "-" "Mozilla/5.0 (compatible; SemrushBot/7~bl; +http://www.semrush.com/bot.html)"
209.74.77.214 - - [13/Jul/2025:01:14:20 +0000] "POST /wp-cron.php?doing_wp_cron=1752369260.1922221183776855468750 HTTP/1.1" 200 - "-" "WordPress/6.8.1; https://teamhachem.com"
216.73.216.126 - - [13/Jul/2025:01:14:18 +0000] "GET /events/list/?eventDisplay=past&ical=1&tribe-bar-date=2027-12-23 HTTP/1.1" 200 1290 "-" "Mozilla/5.0 AppleWebKit/537.36 (KHTML, like Gecko; compatible; ClaudeBot/1.0; [email protected])"
216.73.216.126 - - [13/Jul/2025:01:14:18 +0000] "GET /events/list/?eventDisplay=past&ical=1&tribe-bar-date=2027-12-02 HTTP/1.1" 200 1290 "-" "Mozilla/5.0 AppleWebKit/537.36 (KHTML, like Gecko; compatible; ClaudeBot/1.0; [email protected])"
209.74.77.214 - - [13/Jul/2025:01:16:17 +0000] "POST /wp-cron.php?doing_wp_cron=1752369377.9138638973236083984375 HTTP/1.1" 200 - "-" "WordPress/6.8.1; https://teamhachem.com"
216.73.216.126 - - [13/Jul/2025:01:16:16 +0000] "GET /events/2028-03-08 HTTP/1.1" 301 - "-" "Mozilla/5.0 AppleWebKit/537.36 (KHTML, like Gecko; compatible; ClaudeBot/1.0; [email protected])"
216.73.216.126 - - [13/Jul/2025:01:16:18 +0000] "GET /events/2028-03-08/ HTTP/1.1" 200 19467 "https://teamhachem.com/events/2028-03-08" "Mozilla/5.0 AppleWebKit/537.36 (KHTML, like Gecko; compatible; ClaudeBot/1.0; [email protected])"
209.74.77.214 - - [13/Jul/2025:01:17:13 +0000] "POST /wp-cron.php?doing_wp_cron=1752369433.4890749454498291015625 HTTP/1.1" 200 - "-" "WordPress/6.8.1; https://teamhachem.com"
216.73.216.126 - - [13/Jul/2025:01:17:11 +0000] "GET /events/2028-03-26 HTTP/1.1" 301 - "-" "Mozilla/5.0 AppleWebKit/537.36 (KHTML, like Gecko; compatible; ClaudeBot/1.0; [email protected])"
216.73.216.126 - - [13/Jul/2025:01:17:13 +0000] "GET /events/list/?ical=1&tribe-bar-date=2028-01-16 HTTP/1.1" 200 1137 "-" "Mozilla/5.0 AppleWebKit/537.36 (KHTML, like Gecko; compatible; ClaudeBot/1.0; [email protected])"
216.73.216.126 - - [13/Jul/2025:01:17:12 +0000] "GET /events/list/?eventDisplay=past&tribe-bar-date=2028-01-27 HTTP/1.1" 200 20224 "-" "Mozilla/5.0 AppleWebKit/537.36 (KHTML, like Gecko; compatible; ClaudeBot/1.0; [email protected])"
216.73.216.126 - - [13/Jul/2025:01:17:13 +0000] "GET /events/2028-03-26/ HTTP/1.1" 200 19474 "https://teamhachem.com/events/2028-03-26" "Mozilla/5.0 AppleWebKit/537.36 (KHTML, like Gecko; compatible; ClaudeBot/1.0; [email protected])"
209.74.77.214 - - [13/Jul/2025:01:19:03 +0000] "POST /wp-cron.php?doing_wp_cron=1752369543.4391560554504394531250 HTTP/1.1" 200 - "-" "WordPress/6.8.1; https://teamhachem.com"
216.73.216.126 - - [13/Jul/2025:01:19:01 +0000] "GET /events/list/?ical=1&tribe-bar-date=2028-01-15 HTTP/1.1" 200 1137 "-" "Mozilla/5.0 AppleWebKit/537.36 (KHTML, like Gecko; compatible; ClaudeBot/1.0; [email protected])"
209.74.77.214 - - [13/Jul/2025:01:20:52 +0000] "POST /wp-cron.php?doing_wp_cron=1752369652.7365028858184814453125 HTTP/1.1" 200 - "-" "WordPress/6.8.1; https://teamhachem.com"
216.73.216.126 - - [13/Jul/2025:01:20:50 +0000] "GET /events/list/?eventDisplay=past&ical=1&tribe-bar-date=2027-12-26 HTTP/1.1" 200 1292 "-" "Mozilla/5.0 AppleWebKit/537.36 (KHTML, like Gecko; compatible; ClaudeBot/1.0; [email protected])"
209.74.77.214 - - [13/Jul/2025:01:21:39 +0000] "POST /wp-cron.php?doing_wp_cron=1752369699.3820049762725830078125 HTTP/1.1" 200 - "-" "WordPress/6.8.1; https://teamhachem.com"
216.73.216.126 - - [13/Jul/2025:01:21:38 +0000] "GET /events/list/?eventDisplay=past&tribe-bar-date=2028-01-22 HTTP/1.1" 200 20202 "-" "Mozilla/5.0 AppleWebKit/537.36 (KHTML, like Gecko; compatible; ClaudeBot/1.0; [email protected])"
216.73.216.126 - - [13/Jul/2025:01:21:37 +0000] "GET /events/list/?eventDisplay=past&tribe-bar-date=2027-12-13 HTTP/1.1" 200 20238 "-" "Mozilla/5.0 AppleWebKit/537.36 (KHTML, like Gecko; compatible; ClaudeBot/1.0; [email protected])"
209.74.77.214 - - [13/Jul/2025:01:22:26 +0000] "POST /wp-cron.php?doing_wp_cron=1752369746.6650350093841552734375 HTTP/1.1" 200 - "-" "WordPress/6.8.1; https://teamhachem.com"
216.73.216.126 - - [13/Jul/2025:01:22:24 +0000] "GET /events/list/?eventDisplay=past&ical=1&tribe-bar-date=2027-11-14 HTTP/1.1" 200 1292 "-" "Mozilla/5.0 AppleWebKit/537.36 (KHTML, like Gecko; compatible; ClaudeBot/1.0; [email protected])"
209.74.77.214 - - [13/Jul/2025:01:23:29 +0000] "POST /wp-cron.php?doing_wp_cron=1752369809.7562921047210693359375 HTTP/1.1" 200 - "-" "WordPress/6.8.1; https://teamhachem.com"
51.222.253.2 - - [13/Jul/2025:01:23:27 +0000] "GET /wp-sitemap.xml HTTP/1.1" 200 325 "-" "Mozilla/5.0 (compatible; AhrefsBot/7.0; +http://ahrefs.com/robot/)"
51.222.253.11 - - [13/Jul/2025:01:23:31 +0000] "GET /wp-sitemap-posts-post-1.xml HTTP/1.1" 200 937 "-" "Mozilla/5.0 (compatible; AhrefsBot/7.0; +http://ahrefs.com/robot/)"
51.222.253.15 - - [13/Jul/2025:01:23:32 +0000] "GET /wp-sitemap-posts-page-1.xml HTTP/1.1" 200 805 "-" "Mozilla/5.0 (compatible; AhrefsBot/7.0; +http://ahrefs.com/robot/)"
51.222.253.19 - - [13/Jul/2025:01:23:34 +0000] "GET /wp-sitemap-posts-product-1.xml HTTP/1.1" 200 361 "-" "Mozilla/5.0 (compatible; AhrefsBot/7.0; +http://ahrefs.com/robot/)"
51.222.253.1 - - [13/Jul/2025:01:23:36 +0000] "GET /wp-sitemap-posts-testimonials-1.xml HTTP/1.1" 200 389 "-" "Mozilla/5.0 (compatible; AhrefsBot/7.0; +http://ahrefs.com/robot/)"
51.222.253.8 - - [13/Jul/2025:01:23:37 +0000] "GET /wp-sitemap-posts-sections-1.xml HTTP/1.1" 200 222 "-" "Mozilla/5.0 (compatible; AhrefsBot/7.0; +http://ahrefs.com/robot/)"
51.222.253.1 - - [13/Jul/2025:01:23:39 +0000] "GET /wp-sitemap-posts-services-1.xml HTTP/1.1" 200 380 "-" "Mozilla/5.0 (compatible; AhrefsBot/7.0; +http://ahrefs.com/robot/)"
51.222.253.17 - - [13/Jul/2025:01:23:41 +0000] "GET /wp-sitemap-posts-sliders-1.xml HTTP/1.1" 200 346 "-" "Mozilla/5.0 (compatible; AhrefsBot/7.0; +http://ahrefs.com/robot/)"
51.222.253.14 - - [13/Jul/2025:01:23:42 +0000] "GET /wp-sitemap-posts-gallery-1.xml HTTP/1.1" 200 318 "-" "Mozilla/5.0 (compatible; AhrefsBot/7.0; +http://ahrefs.com/robot/)"
51.222.253.5 - - [13/Jul/2025:01:23:44 +0000] "GET /wp-sitemap-posts-team-1.xml HTTP/1.1" 200 346 "-" "Mozilla/5.0 (compatible; AhrefsBot/7.0; +http://ahrefs.com/robot/)"
51.222.253.9 - - [13/Jul/2025:01:23:46 +0000] "GET /wp-sitemap-posts-faq-1.xml HTTP/1.1" 200 535 "-" "Mozilla/5.0 (compatible; AhrefsBot/7.0; +http://ahrefs.com/robot/)"
51.222.253.6 - - [13/Jul/2025:01:23:48 +0000] "GET /wp-sitemap-posts-tribe_events-1.xml HTTP/1.1" 200 244 "-" "Mozilla/5.0 (compatible; AhrefsBot/7.0; +http://ahrefs.com/robot/)"
51.222.253.15 - - [13/Jul/2025:01:23:49 +0000] "GET /wp-sitemap-taxonomies-category-1.xml HTTP/1.1" 200 239 "-" "Mozilla/5.0 (compatible; AhrefsBot/7.0; +http://ahrefs.com/robot/)"
51.222.253.19 - - [13/Jul/2025:01:23:51 +0000] "GET /wp-sitemap-taxonomies-post_tag-1.xml HTTP/1.1" 200 229 "-" "Mozilla/5.0 (compatible; AhrefsBot/7.0; +http://ahrefs.com/robot/)"
51.222.253.8 - - [13/Jul/2025:01:23:52 +0000] "GET /wp-sitemap-taxonomies-post_format-1.xml HTTP/1.1" 200 213 "-" "Mozilla/5.0 (compatible; AhrefsBot/7.0; +http://ahrefs.com/robot/)"
51.222.253.10 - - [13/Jul/2025:01:23:55 +0000] "GET /wp-sitemap-taxonomies-product_cat-1.xml HTTP/1.1" 200 223 "-" "Mozilla/5.0 (compatible; AhrefsBot/7.0; +http://ahrefs.com/robot/)"
51.222.253.8 - - [13/Jul/2025:01:23:58 +0000] "GET /wp-sitemap-taxonomies-product_tag-1.xml HTTP/1.1" 200 219 "-" "Mozilla/5.0 (compatible; AhrefsBot/7.0; +http://ahrefs.com/robot/)"
51.222.253.13 - - [13/Jul/2025:01:24:04 +0000] "GET /wp-sitemap-taxonomies-services-category-1.xml HTTP/1.1" 200 220 "-" "Mozilla/5.0 (compatible; AhrefsBot/7.0; +http://ahrefs.com/robot/)"
51.222.253.11 - - [13/Jul/2025:01:24:05 +0000] "GET /wp-sitemap-taxonomies-sliders-category-1.xml HTTP/1.1" 200 220 "-" "Mozilla/5.0 (compatible; AhrefsBot/7.0; +http://ahrefs.com/robot/)"
209.74.77.214 - - [13/Jul/2025:01:24:07 +0000] "POST /wp-cron.php?doing_wp_cron=1752369847.8798360824584960937500 HTTP/1.1" 200 - "-" "WordPress/6.8.1; https://teamhachem.com"
51.222.253.17 - - [13/Jul/2025:01:24:07 +0000] "GET /wp-sitemap-taxonomies-faq-category-1.xml HTTP/1.1" 200 222 "-" "Mozilla/5.0 (compatible; AhrefsBot/7.0; +http://ahrefs.com/robot/)"
51.222.253.17 - - [13/Jul/2025:01:24:09 +0000] "GET /wp-sitemap-users-1.xml HTTP/1.1" 200 181 "-" "Mozilla/5.0 (compatible; AhrefsBot/7.0; +http://ahrefs.com/robot/)"
209.74.77.214 - - [13/Jul/2025:01:26:17 +0000] "POST /wp-cron.php?doing_wp_cron=1752369977.3543040752410888671875 HTTP/1.1" 200 - "-" "WordPress/6.8.1; https://teamhachem.com"
89.110.80.171 - - [13/Jul/2025:01:26:15 +0000] "GET / HTTP/1.1" 301 - "-" "Mozilla/5.0 (Macintosh; Intel Mac OS X 10_15_7) AppleWebKit/537.36 (KHTML, like Gecko) Chrome/133.0.0.0 Safari/537.36"
89.110.80.171 - - [13/Jul/2025:01:26:18 +0000] "GET / HTTP/1.1" 200 22836 "https://TEAMHACHEM.COM" "Mozilla/5.0 (Macintosh; Intel Mac OS X 10_15_7) AppleWebKit/537.36 (KHTML, like Gecko) Chrome/133.0.0.0 Safari/537.36"
209.74.77.214 - - [13/Jul/2025:01:26:21 +0000] "POST /wp-cron.php?doing_wp_cron=1752369981.0998580455780029296875 HTTP/1.1" 200 - "-" "WordPress/6.8.1; https://teamhachem.com"
170.247.41.193 - - [13/Jul/2025:01:26:20 +0000] "POST / HTTP/1.1" 200 22932 "-" "Mozilla/5.0 (Macintosh; Intel Mac OS X 10_15_7) AppleWebKit/537.36 (KHTML, like Gecko) Chrome/133.0.0.0 Safari/537.36"
209.74.77.214 - - [13/Jul/2025:01:26:23 +0000] "POST /wp-cron.php?doing_wp_cron=1752369983.6732320785522460937500 HTTP/1.1" 200 - "-" "WordPress/6.8.1; https://teamhachem.com"
89.110.80.171 - - [13/Jul/2025:01:26:23 +0000] "GET /comments/feed/ HTTP/1.1" 200 2074 "-" "Mozilla/5.0 (Macintosh; Intel Mac OS X 10_15_7) AppleWebKit/537.36 (KHTML, like Gecko) Chrome/133.0.0.0 Safari/537.36"
209.74.77.214 - - [13/Jul/2025:01:26:26 +0000] "POST /wp-cron.php?doing_wp_cron=1752369986.9253599643707275390625 HTTP/1.1" 200 - "-" "WordPress/6.8.1; https://teamhachem.com"
89.110.80.171 - - [13/Jul/2025:01:26:26 +0000] "GET /martial-arts-for-women-the-best-way-of-self-defense/ HTTP/1.1" 200 19206 "-" "Mozilla/5.0 (Macintosh; Intel Mac OS X 10_15_7) AppleWebKit/537.36 (KHTML, like Gecko) Chrome/133.0.0.0 Safari/537.36"
209.74.77.214 - - [13/Jul/2025:01:26:29 +0000] "POST /wp-cron.php?doing_wp_cron=1752369989.9677760601043701171875 HTTP/1.1" 200 - "-" "WordPress/6.8.1; https://teamhachem.com"
170.247.41.193 - - [13/Jul/2025:01:26:29 +0000] "POST /wp-comments-post.php HTTP/1.1" 200 1106 "-" "Mozilla/5.0 (Macintosh; Intel Mac OS X 10_15_7) AppleWebKit/537.36 (KHTML, like Gecko) Chrome/133.0.0.0 Safari/537.36"
170.247.41.193 - - [13/Jul/2025:01:26:31 +0000] "POST /wp-comments-post.php HTTP/1.1" 200 - "-" "Mozilla/5.0 (Windows NT 10.0; Win64; x64) AppleWebKit/537.36 (KHTML, like Gecko) Chrome/120.0.0.0 Safari/537.36"
209.74.77.214 - - [13/Jul/2025:01:26:35 +0000] "POST /wp-cron.php?doing_wp_cron=1752369995.4222600460052490234375 HTTP/1.1" 200 - "-" "WordPress/6.8.1; https://teamhachem.com"
170.247.41.193 - - [13/Jul/2025:01:26:35 +0000] "POST /martial-arts-for-women-the-best-way-of-self-defense/ HTTP/1.1" 200 19316 "-" "Mozilla/5.0 (Macintosh; Intel Mac OS X 10_15_7) AppleWebKit/537.36 (KHTML, like Gecko) Chrome/133.0.0.0 Safari/537.36"
89.110.80.171 - - [13/Jul/2025:01:26:37 +0000] "GET /checkout/ HTTP/1.1" 302 - "-" "Mozilla/5.0 (Macintosh; Intel Mac OS X 10_15_7) AppleWebKit/537.36 (KHTML, like Gecko) Chrome/133.0.0.0 Safari/537.36"
89.110.80.171 - - [13/Jul/2025:01:26:38 +0000] "GET /cart/ HTTP/1.1" 200 34319 "https://teamhachem.com/checkout/" "Mozilla/5.0 (Macintosh; Intel Mac OS X 10_15_7) AppleWebKit/537.36 (KHTML, like Gecko) Chrome/133.0.0.0 Safari/537.36"
209.74.77.214 - - [13/Jul/2025:01:26:41 +0000] "POST /wp-cron.php?doing_wp_cron=1752370001.6701030731201171875000 HTTP/1.1" 200 - "-" "WordPress/6.8.1; https://teamhachem.com"
170.247.41.193 - - [13/Jul/2025:01:26:41 +0000] "POST /cart/ HTTP/1.1" 200 34425 "-" "Mozilla/5.0 (Macintosh; Intel Mac OS X 10_15_7) AppleWebKit/537.36 (KHTML, like Gecko) Chrome/133.0.0.0 Safari/537.36"
89.110.80.171 - - [13/Jul/2025:01:26:44 +0000] "GET /my-account/ HTTP/1.1" 200 13401 "-" "Mozilla/5.0 (Macintosh; Intel Mac OS X 10_15_7) AppleWebKit/537.36 (KHTML, like Gecko) Chrome/133.0.0.0 Safari/537.36"
209.74.77.214 - - [13/Jul/2025:01:26:47 +0000] "POST /wp-cron.php?doing_wp_cron=1752370007.0072190761566162109375 HTTP/1.1" 200 - "-" "WordPress/6.8.1; https://teamhachem.com"
170.247.41.193 - - [13/Jul/2025:01:26:46 +0000] "POST /my-account/ HTTP/1.1" 200 13509 "-" "Mozilla/5.0 (Macintosh; Intel Mac OS X 10_15_7) AppleWebKit/537.36 (KHTML, like Gecko) Chrome/133.0.0.0 Safari/537.36"
89.110.80.171 - - [13/Jul/2025:01:26:49 +0000] "GET /my-account/lost-password/ HTTP/1.1" 200 13325 "-" "Mozilla/5.0 (Macintosh; Intel Mac OS X 10_15_7) AppleWebKit/537.36 (KHTML, like Gecko) Chrome/133.0.0.0 Safari/537.36"
170.247.41.193 - - [13/Jul/2025:01:26:52 +0000] "POST /my-account/lost-password/ HTTP/1.1" 200 13274 "-" "Mozilla/5.0 (Windows NT 10.0; Win64; x64) AppleWebKit/537.36 (KHTML, like Gecko) Chrome/120.0.0.0 Safari/537.36"
89.110.80.171 - - [13/Jul/2025:01:26:55 +0000] "GET /contacts/ HTTP/1.1" 200 14623 "-" "Mozilla/5.0 (Macintosh; Intel Mac OS X 10_15_7) AppleWebKit/537.36 (KHTML, like Gecko) Chrome/133.0.0.0 Safari/537.36"
216.73.216.126 - - [13/Jul/2025:01:26:57 +0000] "GET /events/list/?tribe-bar-date=2028-02-28 HTTP/1.1" 200 19801 "-" "Mozilla/5.0 AppleWebKit/537.36 (KHTML, like Gecko; compatible; ClaudeBot/1.0; [email protected])"
170.247.41.193 - - [13/Jul/2025:01:26:58 +0000] "POST /contacts/ HTTP/1.1" 200 14736 "-" "Mozilla/5.0 (Macintosh; Intel Mac OS X 10_15_7) AppleWebKit/537.36 (KHTML, like Gecko) Chrome/133.0.0.0 Safari/537.36"
170.247.41.193 - - [13/Jul/2025:01:27:00 +0000] "POST /contacts/ HTTP/1.1" 200 14576 "-" "Mozilla/5.0 (Windows NT 10.0; Win64; x64) AppleWebKit/537.36 (KHTML, like Gecko) Chrome/120.0.0.0 Safari/537.36"
89.110.80.171 - - [13/Jul/2025:01:27:01 +0000] "GET /elements/accordions/ HTTP/1.1" 200 13573 "-" "Mozilla/5.0 (Macintosh; Intel Mac OS X 10_15_7) AppleWebKit/537.36 (KHTML, like Gecko) Chrome/133.0.0.0 Safari/537.36"
170.247.41.193 - - [13/Jul/2025:01:27:03 +0000] "POST /elements/accordions/ HTTP/1.1" 200 13693 "-" "Mozilla/5.0 (Macintosh; Intel Mac OS X 10_15_7) AppleWebKit/537.36 (KHTML, like Gecko) Chrome/133.0.0.0 Safari/537.36"
170.247.41.193 - - [13/Jul/2025:01:27:05 +0000] "POST /elements/accordions/ HTTP/1.1" 200 13523 "-" "Mozilla/5.0 (Windows NT 10.0; Win64; x64) AppleWebKit/537.36 (KHTML, like Gecko) Chrome/120.0.0.0 Safari/537.36"
89.110.80.171 - - [13/Jul/2025:01:27:06 +0000] "GET /blog/ HTTP/1.1" 200 14840 "-" "Mozilla/5.0 (Macintosh; Intel Mac OS X 10_15_7) AppleWebKit/537.36 (KHTML, like Gecko) Chrome/133.0.0.0 Safari/537.36"
209.74.77.214 - - [13/Jul/2025:01:27:08 +0000] "POST /wp-cron.php?doing_wp_cron=1752370028.5521841049194335937500 HTTP/1.1" 200 - "-" "WordPress/6.8.1; https://teamhachem.com"
170.247.41.193 - - [13/Jul/2025:01:27:08 +0000] "POST /blog/ HTTP/1.1" 200 14954 "-" "Mozilla/5.0 (Macintosh; Intel Mac OS X 10_15_7) AppleWebKit/537.36 (KHTML, like Gecko) Chrome/133.0.0.0 Safari/537.36"
170.247.41.193 - - [13/Jul/2025:01:27:10 +0000] "POST /blog/ HTTP/1.1" 200 14792 "-" "Mozilla/5.0 (Windows NT 10.0; Win64; x64) AppleWebKit/537.36 (KHTML, like Gecko) Chrome/120.0.0.0 Safari/537.36"
89.110.80.171 - - [13/Jul/2025:01:27:11 +0000] "GET /blog/ HTTP/1.1" 200 14839 "-" "Mozilla/5.0 (Macintosh; Intel Mac OS X 10_15_7) AppleWebKit/537.36 (KHTML, like Gecko) Chrome/133.0.0.0 Safari/537.36"
170.247.41.193 - - [13/Jul/2025:01:27:13 +0000] "POST /blog/ HTTP/1.1" 200 14953 "-" "Mozilla/5.0 (Macintosh; Intel Mac OS X 10_15_7) AppleWebKit/537.36 (KHTML, like Gecko) Chrome/133.0.0.0 Safari/537.36"
170.247.41.193 - - [13/Jul/2025:01:27:15 +0000] "POST /blog/ HTTP/1.1" 200 14792 "-" "Mozilla/5.0 (Windows NT 10.0; Win64; x64) AppleWebKit/537.36 (KHTML, like Gecko) Chrome/120.0.0.0 Safari/537.36"
89.110.80.171 - - [13/Jul/2025:01:27:17 +0000] "GET /7-most-high-profile-japan-martial-arts/ HTTP/1.1" 200 18314 "-" "Mozilla/5.0 (Macintosh; Intel Mac OS X 10_15_7) AppleWebKit/537.36 (KHTML, like Gecko) Chrome/133.0.0.0 Safari/537.36"
170.247.41.193 - - [13/Jul/2025:01:27:19 +0000] "POST /wp-comments-post.php HTTP/1.1" 200 1106 "-" "Mozilla/5.0 (Macintosh; Intel Mac OS X 10_15_7) AppleWebKit/537.36 (KHTML, like Gecko) Chrome/133.0.0.0 Safari/537.36"
209.74.77.214 - - [13/Jul/2025:01:27:21 +0000] "POST /wp-cron.php?doing_wp_cron=1752370041.4454600811004638671875 HTTP/1.1" 200 - "-" "WordPress/6.8.1; https://teamhachem.com"
170.247.41.193 - - [13/Jul/2025:01:27:21 +0000] "POST /wp-comments-post.php HTTP/1.1" 200 - "-" "Mozilla/5.0 (Windows NT 10.0; Win64; x64) AppleWebKit/537.36 (KHTML, like Gecko) Chrome/120.0.0.0 Safari/537.36"
170.247.41.193 - - [13/Jul/2025:01:27:23 +0000] "POST /7-most-high-profile-japan-martial-arts/ HTTP/1.1" 200 18423 "-" "Mozilla/5.0 (Macintosh; Intel Mac OS X 10_15_7) AppleWebKit/537.36 (KHTML, like Gecko) Chrome/133.0.0.0 Safari/537.36"
170.247.41.193 - - [13/Jul/2025:01:27:25 +0000] "POST /7-most-high-profile-japan-martial-arts/ HTTP/1.1" 200 18266 "-" "Mozilla/5.0 (Windows NT 10.0; Win64; x64) AppleWebKit/537.36 (KHTML, like Gecko) Chrome/120.0.0.0 Safari/537.36"
89.110.80.171 - - [13/Jul/2025:01:27:27 +0000] "GET /blog/page/2/ HTTP/1.1" 200 16526 "-" "Mozilla/5.0 (Macintosh; Intel Mac OS X 10_15_7) AppleWebKit/537.36 (KHTML, like Gecko) Chrome/133.0.0.0 Safari/537.36"
170.247.41.193 - - [13/Jul/2025:01:27:29 +0000] "POST /blog/page/2/ HTTP/1.1" 200 16635 "-" "Mozilla/5.0 (Macintosh; Intel Mac OS X 10_15_7) AppleWebKit/537.36 (KHTML, like Gecko) Chrome/133.0.0.0 Safari/537.36"
170.247.41.193 - - [13/Jul/2025:01:27:32 +0000] "POST /blog/page/2/ HTTP/1.1" 200 16478 "-" "Mozilla/5.0 (Windows NT 10.0; Win64; x64) AppleWebKit/537.36 (KHTML, like Gecko) Chrome/120.0.0.0 Safari/537.36"
216.73.216.126 - - [13/Jul/2025:01:27:36 +0000] "GET /robots.txt HTTP/1.1" 200 154 "-" "Mozilla/5.0 AppleWebKit/537.36 (KHTML, like Gecko; compatible; ClaudeBot/1.0; [email protected])"
216.73.216.126 - - [13/Jul/2025:01:27:36 +0000] "GET /events/list/?eventDisplay=past&tribe-bar-date=2028-01-15 HTTP/1.1" 200 20223 "-" "Mozilla/5.0 AppleWebKit/537.36 (KHTML, like Gecko; compatible; ClaudeBot/1.0; [email protected])"
216.73.216.126 - - [13/Jul/2025:01:27:36 +0000] "GET /events/list/?ical=1&tribe-bar-date=2028-01-23 HTTP/1.1" 200 1138 "-" "Mozilla/5.0 AppleWebKit/537.36 (KHTML, like Gecko; compatible; ClaudeBot/1.0; [email protected])"
209.74.77.214 - - [13/Jul/2025:01:28:32 +0000] "POST /wp-cron.php?doing_wp_cron=1752370112.6953670978546142578125 HTTP/1.1" 200 - "-" "WordPress/6.8.1; https://teamhachem.com"
216.73.216.126 - - [13/Jul/2025:01:28:30 +0000] "GET /events/list/?eventDisplay=past&ical=1&tribe-bar-date=2027-11-02 HTTP/1.1" 200 1292 "-" "Mozilla/5.0 AppleWebKit/537.36 (KHTML, like Gecko; compatible; ClaudeBot/1.0; [email protected])"
85.208.96.205 - - [13/Jul/2025:01:28:56 +0000] "GET /robots.txt HTTP/1.1" 200 154 "-" "Mozilla/5.0 (compatible; SemrushBot/7~bl; +http://www.semrush.com/bot.html)"
185.191.171.3 - - [13/Jul/2025:01:28:57 +0000] "GET /events/list/?tribe-bar-date=2025-01-23 HTTP/1.1" 200 19797 "-" "Mozilla/5.0 (compatible; SemrushBot/7~bl; +http://www.semrush.com/bot.html)"
209.74.77.214 - - [13/Jul/2025:01:30:13 +0000] "POST /wp-cron.php?doing_wp_cron=1752370213.4956440925598144531250 HTTP/1.1" 200 - "-" "WordPress/6.8.1; https://teamhachem.com"
216.73.216.126 - - [13/Jul/2025:01:30:11 +0000] "GET /events/2028-03-31 HTTP/1.1" 301 - "-" "Mozilla/5.0 AppleWebKit/537.36 (KHTML, like Gecko; compatible; ClaudeBot/1.0; [email protected])"
216.73.216.126 - - [13/Jul/2025:01:30:12 +0000] "GET /events/list/?ical=1&tribe-bar-date=2028-01-10 HTTP/1.1" 200 1136 "-" "Mozilla/5.0 AppleWebKit/537.36 (KHTML, like Gecko; compatible; ClaudeBot/1.0; [email protected])"
216.73.216.126 - - [13/Jul/2025:01:30:13 +0000] "GET /events/2028-03-31/ HTTP/1.1" 200 19481 "https://teamhachem.com/events/2028-03-31" "Mozilla/5.0 AppleWebKit/537.36 (KHTML, like Gecko; compatible; ClaudeBot/1.0; [email protected])"
209.74.77.214 - - [13/Jul/2025:01:30:49 +0000] "POST /wp-cron.php?doing_wp_cron=1752370249.6643130779266357421875 HTTP/1.1" 200 - "-" "WordPress/6.8.1; https://teamhachem.com"
51.222.253.13 - - [13/Jul/2025:01:30:47 +0000] "GET /events/list/?tribe-bar-date=2025-01-21 HTTP/1.1" 200 19793 "-" "Mozilla/5.0 (compatible; AhrefsBot/7.0; +http://ahrefs.com/robot/)"
216.73.216.126 - - [13/Jul/2025:01:31:05 +0000] "GET /events/list/?eventDisplay=past&tribe-bar-date=2028-01-10 HTTP/1.1" 200 20212 "-" "Mozilla/5.0 AppleWebKit/537.36 (KHTML, like Gecko; compatible; ClaudeBot/1.0; [email protected])"
216.73.216.126 - - [13/Jul/2025:01:31:05 +0000] "GET /events/list/?ical=1&tribe-bar-date=2028-01-22 HTTP/1.1" 200 1138 "-" "Mozilla/5.0 AppleWebKit/537.36 (KHTML, like Gecko; compatible; ClaudeBot/1.0; [email protected])"
216.73.216.126 - - [13/Jul/2025:01:31:05 +0000] "GET /events/list/?outlook-ical=1&tribe-bar-date=2028-01-14 HTTP/1.1" 200 1132 "-" "Mozilla/5.0 AppleWebKit/537.36 (KHTML, like Gecko; compatible; ClaudeBot/1.0; [email protected])"
209.74.77.214 - - [13/Jul/2025:01:32:02 +0000] "POST /wp-cron.php?doing_wp_cron=1752370322.0886199474334716796875 HTTP/1.1" 200 - "-" "WordPress/6.8.1; https://teamhachem.com"
209.74.77.214 - - [13/Jul/2025:01:32:02 +0000] "POST /wp-cron.php?doing_wp_cron=1752370322.0887570381164550781250 HTTP/1.1" 200 - "-" "WordPress/6.8.1; https://teamhachem.com"
216.73.216.126 - - [13/Jul/2025:01:32:00 +0000] "GET /events/2028-03-28 HTTP/1.1" 301 - "-" "Mozilla/5.0 AppleWebKit/537.36 (KHTML, like Gecko; compatible; ClaudeBot/1.0; [email protected])"
216.73.216.126 - - [13/Jul/2025:01:32:00 +0000] "GET /events/list/?outlook-ical=1&tribe-bar-date=2028-01-15 HTTP/1.1" 200 1131 "-" "Mozilla/5.0 AppleWebKit/537.36 (KHTML, like Gecko; compatible; ClaudeBot/1.0; [email protected])"
216.73.216.126 - - [13/Jul/2025:01:32:02 +0000] "GET /events/2028-03-28/ HTTP/1.1" 200 19463 "https://teamhachem.com/events/2028-03-28" "Mozilla/5.0 AppleWebKit/537.36 (KHTML, like Gecko; compatible; ClaudeBot/1.0; [email protected])"
209.74.77.214 - - [13/Jul/2025:01:33:03 +0000] "POST /wp-cron.php?doing_wp_cron=1752370383.4306271076202392578125 HTTP/1.1" 200 - "-" "WordPress/6.8.1; https://teamhachem.com"
216.73.216.126 - - [13/Jul/2025:01:33:01 +0000] "GET /events/list/?eventDisplay=past&tribe-bar-date=2028-01-24 HTTP/1.1" 200 20212 "-" "Mozilla/5.0 AppleWebKit/537.36 (KHTML, like Gecko; compatible; ClaudeBot/1.0; [email protected])"
209.74.77.214 - - [13/Jul/2025:01:33:54 +0000] "POST /wp-cron.php?doing_wp_cron=1752370434.1317250728607177734375 HTTP/1.1" 200 - "-" "WordPress/6.8.1; https://teamhachem.com"
216.73.216.126 - - [13/Jul/2025:01:33:52 +0000] "GET /events/month/2028-03/?outlook-ical=1 HTTP/1.1" 200 1132 "-" "Mozilla/5.0 AppleWebKit/537.36 (KHTML, like Gecko; compatible; ClaudeBot/1.0; [email protected])"
209.74.77.214 - - [13/Jul/2025:01:34:32 +0000] "POST /wp-cron.php?doing_wp_cron=1752370472.5882749557495117187500 HTTP/1.1" 200 - "-" "WordPress/6.8.1; https://teamhachem.com"
216.73.216.126 - - [13/Jul/2025:01:34:31 +0000] "GET /events/list/?outlook-ical=1&tribe-bar-date=2027-12-08 HTTP/1.1" 200 1132 "-" "Mozilla/5.0 AppleWebKit/537.36 (KHTML, like Gecko; compatible; ClaudeBot/1.0; [email protected])"
185.191.171.19 - - [13/Jul/2025:01:34:30 +0000] "GET /events/2025-01-09/ HTTP/1.1" 200 19464 "-" "Mozilla/5.0 (compatible; SemrushBot/7~bl; +http://www.semrush.com/bot.html)"
209.74.77.214 - - [13/Jul/2025:01:35:30 +0000] "POST /wp-cron.php?doing_wp_cron=1752370530.1256630420684814453125 HTTP/1.1" 200 - "-" "WordPress/6.8.1; https://teamhachem.com"
216.73.216.126 - - [13/Jul/2025:01:35:28 +0000] "GET /events/list/?outlook-ical=1&tribe-bar-date=2028-01-21 HTTP/1.1" 200 1131 "-" "Mozilla/5.0 AppleWebKit/537.36 (KHTML, like Gecko; compatible; ClaudeBot/1.0; [email protected])"
209.74.77.214 - - [13/Jul/2025:01:36:16 +0000] "POST /wp-cron.php?doing_wp_cron=1752370576.4362690448760986328125 HTTP/1.1" 200 - "-" "WordPress/6.8.1; https://teamhachem.com"
216.73.216.126 - - [13/Jul/2025:01:36:14 +0000] "GET /events/list/?ical=1&tribe-bar-date=2028-01-21 HTTP/1.1" 200 1138 "-" "Mozilla/5.0 AppleWebKit/537.36 (KHTML, like Gecko; compatible; ClaudeBot/1.0; [email protected])"
209.74.77.214 - - [13/Jul/2025:01:37:01 +0000] "POST /wp-cron.php?doing_wp_cron=1752370621.5710160732269287109375 HTTP/1.1" 200 - "-" "WordPress/6.8.1; https://teamhachem.com"
209.74.77.214 - - [13/Jul/2025:01:37:01 +0000] "POST /wp-cron.php?doing_wp_cron=1752370621.5710709095001220703125 HTTP/1.1" 200 - "-" "WordPress/6.8.1; https://teamhachem.com"
216.73.216.126 - - [13/Jul/2025:01:36:59 +0000] "GET /events/2028-03-20 HTTP/1.1" 301 - "-" "Mozilla/5.0 AppleWebKit/537.36 (KHTML, like Gecko; compatible; ClaudeBot/1.0; [email protected])"
216.73.216.126 - - [13/Jul/2025:01:37:00 +0000] "GET /events/list/?eventDisplay=past&tribe-bar-date=2028-01-02 HTTP/1.1" 200 20202 "-" "Mozilla/5.0 AppleWebKit/537.36 (KHTML, like Gecko; compatible; ClaudeBot/1.0; [email protected])"
216.73.216.126 - - [13/Jul/2025:01:37:01 +0000] "GET /events/2028-03-20/ HTTP/1.1" 200 19473 "https://teamhachem.com/events/2028-03-20" "Mozilla/5.0 AppleWebKit/537.36 (KHTML, like Gecko; compatible; ClaudeBot/1.0; [email protected])"
209.74.77.214 - - [13/Jul/2025:01:37:44 +0000] "POST /wp-cron.php?doing_wp_cron=1752370664.1733870506286621093750 HTTP/1.1" 200 - "-" "WordPress/6.8.1; https://teamhachem.com"
4.227.36.117 - - [13/Jul/2025:01:37:42 +0000] "GET /robots.txt HTTP/1.1" 200 154 "-" "Mozilla/5.0 AppleWebKit/537.36 (KHTML, like Gecko; compatible; GPTBot/1.2; +https://openai.com/gptbot)"
209.74.77.214 - - [13/Jul/2025:01:38:12 +0000] "POST /wp-cron.php?doing_wp_cron=1752370692.5196321010589599609375 HTTP/1.1" 200 - "-" "WordPress/6.8.1; https://teamhachem.com"
