Current File : /home/kelaby89/access-logs/teamhachem.com.sixpack.studio-ssl_log
209.74.77.214 - - [12/Jul/2025:12:14:52 +0000] "POST /wp-cron.php?doing_wp_cron=1752322492.9463460445404052734375 HTTP/1.1" 200 - "-" "WordPress/6.8.1; https://teamhachem.com"
209.74.77.214 - - [12/Jul/2025:12:14:52 +0000] "POST /wp-cron.php?doing_wp_cron=1752322492.9463460445404052734375 HTTP/1.1" 200 - "-" "WordPress/6.8.1; https://teamhachem.com"
209.74.77.214 - - [12/Jul/2025:12:14:52 +0000] "POST /wp-cron.php?doing_wp_cron=1752322492.9463438987731933593750 HTTP/1.1" 200 - "-" "WordPress/6.8.1; https://teamhachem.com"
216.73.216.126 - - [12/Jul/2025:12:14:51 +0000] "GET /events/2027-12-20 HTTP/1.1" 301 - "-" "Mozilla/5.0 AppleWebKit/537.36 (KHTML, like Gecko; compatible; ClaudeBot/1.0; [email protected])"
216.73.216.126 - - [12/Jul/2025:12:14:51 +0000] "GET /events/2028-01-02 HTTP/1.1" 301 - "-" "Mozilla/5.0 AppleWebKit/537.36 (KHTML, like Gecko; compatible; ClaudeBot/1.0; [email protected])"
216.73.216.126 - - [12/Jul/2025:12:14:51 +0000] "GET /events/2027-11-18/?outlook-ical=1 HTTP/1.1" 200 1132 "-" "Mozilla/5.0 AppleWebKit/537.36 (KHTML, like Gecko; compatible; ClaudeBot/1.0; [email protected])"
216.73.216.126 - - [12/Jul/2025:12:14:53 +0000] "GET /events/2027-12-20/ HTTP/1.1" 200 19470 "https://teamhachem.com/events/2027-12-20" "Mozilla/5.0 AppleWebKit/537.36 (KHTML, like Gecko; compatible; ClaudeBot/1.0; [email protected])"
216.73.216.126 - - [12/Jul/2025:12:14:53 +0000] "GET /events/2028-01-02/ HTTP/1.1" 200 19481 "https://teamhachem.com/events/2028-01-02" "Mozilla/5.0 AppleWebKit/537.36 (KHTML, like Gecko; compatible; ClaudeBot/1.0; [email protected])"
209.74.77.214 - - [12/Jul/2025:12:15:05 +0000] "POST /wp-cron.php?doing_wp_cron=1752322505.1083040237426757812500 HTTP/1.1" 200 - "-" "WordPress/6.8.1; https://teamhachem.com"
54.147.182.90 - - [12/Jul/2025:12:15:04 +0000] "GET /events/2024-09-24/ HTTP/1.1" 200 18819 "-" "Mozilla/5.0 AppleWebKit/537.36 (KHTML, like Gecko; compatible; Amazonbot/0.1; +https://developer.amazon.com/support/amazonbot) Chrome/119.0.6045.214 Safari/537.36"
52.22.64.232 - - [12/Jul/2025:12:15:08 +0000] "GET /events/list/?tribe-bar-date=2024-06-02 HTTP/1.1" 200 20183 "-" "Mozilla/5.0 AppleWebKit/537.36 (KHTML, like Gecko; compatible; Amazonbot/0.1; +https://developer.amazon.com/support/amazonbot) Chrome/119.0.6045.214 Safari/537.36"
216.73.216.126 - - [12/Jul/2025:12:15:26 +0000] "GET /events/2027-12-25 HTTP/1.1" 301 - "-" "Mozilla/5.0 AppleWebKit/537.36 (KHTML, like Gecko; compatible; ClaudeBot/1.0; [email protected])"
216.73.216.126 - - [12/Jul/2025:12:15:27 +0000] "GET /events/2027-12-02/?ical=1 HTTP/1.1" 200 1138 "-" "Mozilla/5.0 AppleWebKit/537.36 (KHTML, like Gecko; compatible; ClaudeBot/1.0; [email protected])"
216.73.216.126 - - [12/Jul/2025:12:15:27 +0000] "GET /events/2027-12-25/ HTTP/1.1" 200 19468 "https://teamhachem.com/events/2027-12-25" "Mozilla/5.0 AppleWebKit/537.36 (KHTML, like Gecko; compatible; ClaudeBot/1.0; [email protected])"
209.74.77.214 - - [12/Jul/2025:12:16:56 +0000] "POST /wp-cron.php?doing_wp_cron=1752322616.0610098838806152343750 HTTP/1.1" 200 - "-" "WordPress/6.8.1; https://teamhachem.com"
216.73.216.126 - - [12/Jul/2025:12:16:54 +0000] "GET /events/list/?tribe-bar-date=2027-11-16 HTTP/1.1" 200 19798 "-" "Mozilla/5.0 AppleWebKit/537.36 (KHTML, like Gecko; compatible; ClaudeBot/1.0; [email protected])"
209.74.77.214 - - [12/Jul/2025:12:17:34 +0000] "POST /wp-cron.php?doing_wp_cron=1752322654.4869248867034912109375 HTTP/1.1" 200 - "-" "WordPress/6.8.1; https://teamhachem.com"
216.73.216.126 - - [12/Jul/2025:12:17:32 +0000] "GET /events/2027-11-29/?outlook-ical=1 HTTP/1.1" 200 1131 "-" "Mozilla/5.0 AppleWebKit/537.36 (KHTML, like Gecko; compatible; ClaudeBot/1.0; [email protected])"
209.74.77.214 - - [12/Jul/2025:12:18:16 +0000] "POST /wp-cron.php?doing_wp_cron=1752322696.3361320495605468750000 HTTP/1.1" 200 - "-" "WordPress/6.8.1; https://teamhachem.com"
216.73.216.126 - - [12/Jul/2025:12:18:14 +0000] "GET /events/2027-12-15 HTTP/1.1" 301 - "-" "Mozilla/5.0 AppleWebKit/537.36 (KHTML, like Gecko; compatible; ClaudeBot/1.0; [email protected])"
216.73.216.126 - - [12/Jul/2025:12:18:16 +0000] "GET /events/2027-12-15/ HTTP/1.1" 200 19461 "https://teamhachem.com/events/2027-12-15" "Mozilla/5.0 AppleWebKit/537.36 (KHTML, like Gecko; compatible; ClaudeBot/1.0; [email protected])"
209.74.77.214 - - [12/Jul/2025:12:19:46 +0000] "POST /wp-cron.php?doing_wp_cron=1752322786.5812549591064453125000 HTTP/1.1" 200 - "-" "WordPress/6.8.1; https://teamhachem.com"
216.73.216.126 - - [12/Jul/2025:12:19:44 +0000] "GET /events/list/?eventDisplay=past&ical=1&tribe-bar-date=2027-09-10 HTTP/1.1" 200 1292 "-" "Mozilla/5.0 AppleWebKit/537.36 (KHTML, like Gecko; compatible; ClaudeBot/1.0; [email protected])"
209.74.77.214 - - [12/Jul/2025:12:20:58 +0000] "POST /wp-cron.php?doing_wp_cron=1752322858.1159620285034179687500 HTTP/1.1" 200 - "-" "WordPress/6.8.1; https://teamhachem.com"
185.191.171.12 - - [12/Jul/2025:12:20:56 +0000] "GET /events/list/?eventDisplay=past&tribe-bar-date=2025-11-24 HTTP/1.1" 200 20217 "-" "Mozilla/5.0 (compatible; SemrushBot/7~bl; +http://www.semrush.com/bot.html)"
216.73.216.126 - - [12/Jul/2025:12:20:59 +0000] "GET /events/list/?tribe-bar-date=2027-12-02 HTTP/1.1" 200 19791 "-" "Mozilla/5.0 AppleWebKit/537.36 (KHTML, like Gecko; compatible; ClaudeBot/1.0; [email protected])"
216.73.216.126 - - [12/Jul/2025:12:20:59 +0000] "GET /events/2027-11-18/?ical=1 HTTP/1.1" 200 1138 "-" "Mozilla/5.0 AppleWebKit/537.36 (KHTML, like Gecko; compatible; ClaudeBot/1.0; [email protected])"
209.74.77.214 - - [12/Jul/2025:12:21:47 +0000] "POST /wp-cron.php?doing_wp_cron=1752322907.9220409393310546875000 HTTP/1.1" 200 - "-" "WordPress/6.8.1; https://teamhachem.com"
216.73.216.126 - - [12/Jul/2025:12:21:46 +0000] "GET /events/2027-11-10/?ical=1 HTTP/1.1" 200 1138 "-" "Mozilla/5.0 AppleWebKit/537.36 (KHTML, like Gecko; compatible; ClaudeBot/1.0; [email protected])"
185.191.171.3 - - [12/Jul/2025:12:21:59 +0000] "GET /events/list/?eventDisplay=past&tribe-bar-date=2026-01-20 HTTP/1.1" 200 20220 "-" "Mozilla/5.0 (compatible; SemrushBot/7~bl; +http://www.semrush.com/bot.html)"
209.74.77.214 - - [12/Jul/2025:12:22:49 +0000] "POST /wp-cron.php?doing_wp_cron=1752322969.2443308830261230468750 HTTP/1.1" 200 - "-" "WordPress/6.8.1; https://teamhachem.com"
185.191.171.7 - - [12/Jul/2025:12:22:47 +0000] "GET /events/2026-06-25/ HTTP/1.1" 200 19483 "-" "Mozilla/5.0 (compatible; SemrushBot/7~bl; +http://www.semrush.com/bot.html)"
209.74.77.214 - - [12/Jul/2025:12:23:22 +0000] "POST /wp-cron.php?doing_wp_cron=1752323002.8704619407653808593750 HTTP/1.1" 200 - "-" "WordPress/6.8.1; https://teamhachem.com"
185.191.171.19 - - [12/Jul/2025:12:23:21 +0000] "GET /events/list/?tribe-bar-date=2024-06-26 HTTP/1.1" 200 20184 "-" "Mozilla/5.0 (compatible; SemrushBot/7~bl; +http://www.semrush.com/bot.html)"
85.208.96.206 - - [12/Jul/2025:12:23:35 +0000] "GET /events/list/?eventDisplay=past&tribe-bar-date=2026-01-30 HTTP/1.1" 200 20215 "-" "Mozilla/5.0 (compatible; SemrushBot/7~bl; +http://www.semrush.com/bot.html)"
85.208.96.194 - - [12/Jul/2025:12:23:58 +0000] "GET /events/list/?tribe-bar-date=2026-05-09 HTTP/1.1" 200 19782 "-" "Mozilla/5.0 (compatible; SemrushBot/7~bl; +http://www.semrush.com/bot.html)"
209.74.77.214 - - [12/Jul/2025:12:24:26 +0000] "POST /wp-cron.php?doing_wp_cron=1752323066.9308009147644042968750 HTTP/1.1" 200 - "-" "WordPress/6.8.1; https://teamhachem.com"
216.73.216.126 - - [12/Jul/2025:12:24:26 +0000] "GET /events/2027-12-13 HTTP/1.1" 301 - "-" "Mozilla/5.0 AppleWebKit/537.36 (KHTML, like Gecko; compatible; ClaudeBot/1.0; [email protected])"
216.73.216.126 - - [12/Jul/2025:12:24:27 +0000] "GET /events/2027-12-05/?outlook-ical=1 HTTP/1.1" 200 1132 "-" "Mozilla/5.0 AppleWebKit/537.36 (KHTML, like Gecko; compatible; ClaudeBot/1.0; [email protected])"
216.73.216.126 - - [12/Jul/2025:12:24:27 +0000] "GET /events/2027-12-13/ HTTP/1.1" 200 19473 "https://teamhachem.com/events/2027-12-13" "Mozilla/5.0 AppleWebKit/537.36 (KHTML, like Gecko; compatible; ClaudeBot/1.0; [email protected])"
209.74.77.214 - - [12/Jul/2025:12:25:17 +0000] "POST /wp-cron.php?doing_wp_cron=1752323117.9816460609436035156250 HTTP/1.1" 200 - "-" "WordPress/6.8.1; https://teamhachem.com"
209.74.77.214 - - [12/Jul/2025:12:25:17 +0000] "POST /wp-cron.php?doing_wp_cron=1752323117.9818298816680908203125 HTTP/1.1" 200 - "-" "WordPress/6.8.1; https://teamhachem.com"
216.73.216.126 - - [12/Jul/2025:12:25:16 +0000] "GET /events/list/?tribe-bar-date=2027-11-29 HTTP/1.1" 200 19787 "-" "Mozilla/5.0 AppleWebKit/537.36 (KHTML, like Gecko; compatible; ClaudeBot/1.0; [email protected])"
216.73.216.126 - - [12/Jul/2025:12:25:16 +0000] "GET /events/list/?tribe-bar-date=2027-11-19 HTTP/1.1" 200 19801 "-" "Mozilla/5.0 AppleWebKit/537.36 (KHTML, like Gecko; compatible; ClaudeBot/1.0; [email protected])"
216.73.216.126 - - [12/Jul/2025:12:25:55 +0000] "GET /events/list/?tribe-bar-date=2027-11-28 HTTP/1.1" 200 19805 "-" "Mozilla/5.0 AppleWebKit/537.36 (KHTML, like Gecko; compatible; ClaudeBot/1.0; [email protected])"
216.73.216.126 - - [12/Jul/2025:12:25:55 +0000] "GET /events/list/?tribe-bar-date=2027-11-07 HTTP/1.1" 200 19790 "-" "Mozilla/5.0 AppleWebKit/537.36 (KHTML, like Gecko; compatible; ClaudeBot/1.0; [email protected])"
185.191.171.7 - - [12/Jul/2025:12:25:55 +0000] "GET /events/list/?tribe-bar-date=2026-05-26 HTTP/1.1" 200 19803 "-" "Mozilla/5.0 (compatible; SemrushBot/7~bl; +http://www.semrush.com/bot.html)"
209.74.77.214 - - [12/Jul/2025:12:26:31 +0000] "POST /wp-cron.php?doing_wp_cron=1752323191.3605589866638183593750 HTTP/1.1" 200 - "-" "WordPress/6.8.1; https://teamhachem.com"
209.74.77.214 - - [12/Jul/2025:12:26:31 +0000] "POST /wp-cron.php?doing_wp_cron=1752323191.3605589866638183593750 HTTP/1.1" 200 - "-" "WordPress/6.8.1; https://teamhachem.com"
216.73.216.126 - - [12/Jul/2025:12:26:29 +0000] "GET /events/2027-11-08/?ical=1 HTTP/1.1" 200 1137 "-" "Mozilla/5.0 AppleWebKit/537.36 (KHTML, like Gecko; compatible; ClaudeBot/1.0; [email protected])"
216.73.216.126 - - [12/Jul/2025:12:26:30 +0000] "GET /events/list/?ical=1&tribe-bar-date=2027-10-05 HTTP/1.1" 200 1137 "-" "Mozilla/5.0 AppleWebKit/537.36 (KHTML, like Gecko; compatible; ClaudeBot/1.0; [email protected])"
209.74.77.214 - - [12/Jul/2025:12:26:32 +0000] "POST /wp-cron.php?doing_wp_cron=1752323192.7280778884887695312500 HTTP/1.1" 200 - "-" "WordPress/6.8.1; https://teamhachem.com"
185.191.171.4 - - [12/Jul/2025:12:26:32 +0000] "GET /events/2025-08-01/ HTTP/1.1" 200 19464 "-" "Mozilla/5.0 (compatible; SemrushBot/7~bl; +http://www.semrush.com/bot.html)"
209.74.77.214 - - [12/Jul/2025:12:27:22 +0000] "POST /wp-cron.php?doing_wp_cron=1752323242.2203989028930664062500 HTTP/1.1" 200 - "-" "WordPress/6.8.1; https://teamhachem.com"
209.74.77.214 - - [12/Jul/2025:12:27:22 +0000] "POST /wp-cron.php?doing_wp_cron=1752323242.2204520702362060546875 HTTP/1.1" 200 - "-" "WordPress/6.8.1; https://teamhachem.com"
209.74.77.214 - - [12/Jul/2025:12:27:22 +0000] "POST /wp-cron.php?doing_wp_cron=1752323242.2204129695892333984375 HTTP/1.1" 200 - "-" "WordPress/6.8.1; https://teamhachem.com"
216.73.216.126 - - [12/Jul/2025:12:27:21 +0000] "GET /events/2027-12-08 HTTP/1.1" 301 - "-" "Mozilla/5.0 AppleWebKit/537.36 (KHTML, like Gecko; compatible; ClaudeBot/1.0; [email protected])"
216.73.216.126 - - [12/Jul/2025:12:27:20 +0000] "GET /events/2027-12-16 HTTP/1.1" 301 - "-" "Mozilla/5.0 AppleWebKit/537.36 (KHTML, like Gecko; compatible; ClaudeBot/1.0; [email protected])"
216.73.216.126 - - [12/Jul/2025:12:27:20 +0000] "GET /events/list/?tribe-bar-date=2027-12-04 HTTP/1.1" 200 19788 "-" "Mozilla/5.0 AppleWebKit/537.36 (KHTML, like Gecko; compatible; ClaudeBot/1.0; [email protected])"
216.73.216.126 - - [12/Jul/2025:12:27:22 +0000] "GET /events/2027-12-08/ HTTP/1.1" 200 19478 "https://teamhachem.com/events/2027-12-08" "Mozilla/5.0 AppleWebKit/537.36 (KHTML, like Gecko; compatible; ClaudeBot/1.0; [email protected])"
216.73.216.126 - - [12/Jul/2025:12:27:22 +0000] "GET /events/2027-12-16/ HTTP/1.1" 200 19466 "https://teamhachem.com/events/2027-12-16" "Mozilla/5.0 AppleWebKit/537.36 (KHTML, like Gecko; compatible; ClaudeBot/1.0; [email protected])"
209.74.77.214 - - [12/Jul/2025:12:28:59 +0000] "POST /wp-cron.php?doing_wp_cron=1752323339.4625430107116699218750 HTTP/1.1" 200 - "-" "WordPress/6.8.1; https://teamhachem.com"
216.73.216.126 - - [12/Jul/2025:12:28:58 +0000] "GET /events/2027-12-30 HTTP/1.1" 301 - "-" "Mozilla/5.0 AppleWebKit/537.36 (KHTML, like Gecko; compatible; ClaudeBot/1.0; [email protected])"
34.194.14.255 - - [12/Jul/2025:12:28:57 +0000] "GET /events/2026-09-03/ HTTP/1.1" 200 19481 "-" "Mozilla/5.0 AppleWebKit/537.36 (KHTML, like Gecko; compatible; Amazonbot/0.1; +https://developer.amazon.com/support/amazonbot) Chrome/119.0.6045.214 Safari/537.36"
216.73.216.126 - - [12/Jul/2025:12:28:59 +0000] "GET /events/2027-12-30/ HTTP/1.1" 200 19465 "https://teamhachem.com/events/2027-12-30" "Mozilla/5.0 AppleWebKit/537.36 (KHTML, like Gecko; compatible; ClaudeBot/1.0; [email protected])"
35.174.141.243 - - [12/Jul/2025:12:29:00 +0000] "GET /events/month/2026-09/ HTTP/1.1" 200 24557 "-" "Mozilla/5.0 AppleWebKit/537.36 (KHTML, like Gecko; compatible; Amazonbot/0.1; +https://developer.amazon.com/support/amazonbot) Chrome/119.0.6045.214 Safari/537.36"
209.74.77.214 - - [12/Jul/2025:12:29:05 +0000] "POST /wp-cron.php?doing_wp_cron=1752323345.5886950492858886718750 HTTP/1.1" 200 - "-" "WordPress/6.8.1; https://teamhachem.com"
35.168.238.50 - - [12/Jul/2025:12:29:05 +0000] "GET /events/2026-08-05/ HTTP/1.1" 200 19472 "-" "Mozilla/5.0 AppleWebKit/537.36 (KHTML, like Gecko; compatible; Amazonbot/0.1; +https://developer.amazon.com/support/amazonbot) Chrome/119.0.6045.214 Safari/537.36"
85.208.96.208 - - [12/Jul/2025:12:29:26 +0000] "GET /events/list/?tribe-bar-date=2026-05-24 HTTP/1.1" 200 19806 "-" "Mozilla/5.0 (compatible; SemrushBot/7~bl; +http://www.semrush.com/bot.html)"
209.74.77.214 - - [12/Jul/2025:12:29:35 +0000] "POST /wp-cron.php?doing_wp_cron=1752323375.1212720870971679687500 HTTP/1.1" 200 - "-" "WordPress/6.8.1; https://teamhachem.com"
216.73.216.126 - - [12/Jul/2025:12:29:34 +0000] "GET /events/2027-12-19 HTTP/1.1" 301 - "-" "Mozilla/5.0 AppleWebKit/537.36 (KHTML, like Gecko; compatible; ClaudeBot/1.0; [email protected])"
216.73.216.126 - - [12/Jul/2025:12:29:35 +0000] "GET /events/2027-12-19/ HTTP/1.1" 200 19475 "https://teamhachem.com/events/2027-12-19" "Mozilla/5.0 AppleWebKit/537.36 (KHTML, like Gecko; compatible; ClaudeBot/1.0; [email protected])"
209.74.77.214 - - [12/Jul/2025:12:31:37 +0000] "POST /wp-cron.php?doing_wp_cron=1752323497.5401399135589599609375 HTTP/1.1" 200 - "-" "WordPress/6.8.1; https://teamhachem.com"
209.74.77.214 - - [12/Jul/2025:12:31:37 +0000] "POST /wp-cron.php?doing_wp_cron=1752323497.5401461124420166015625 HTTP/1.1" 200 - "-" "WordPress/6.8.1; https://teamhachem.com"
216.73.216.126 - - [12/Jul/2025:12:31:36 +0000] "GET /events/2027-11-21/?outlook-ical=1 HTTP/1.1" 200 1132 "-" "Mozilla/5.0 AppleWebKit/537.36 (KHTML, like Gecko; compatible; ClaudeBot/1.0; [email protected])"
216.73.216.126 - - [12/Jul/2025:12:31:35 +0000] "GET /events/2027-11-22/?ical=1 HTTP/1.1" 200 1138 "-" "Mozilla/5.0 AppleWebKit/537.36 (KHTML, like Gecko; compatible; ClaudeBot/1.0; [email protected])"
51.222.253.15 - - [12/Jul/2025:12:31:38 +0000] "GET /events/2025-12-05/ HTTP/1.1" 200 19466 "-" "Mozilla/5.0 (compatible; AhrefsBot/7.0; +http://ahrefs.com/robot/)"
185.191.171.3 - - [12/Jul/2025:12:31:47 +0000] "GET /events/list/?tribe-bar-date=2024-06-23 HTTP/1.1" 200 20182 "-" "Mozilla/5.0 (compatible; SemrushBot/7~bl; +http://www.semrush.com/bot.html)"
209.74.77.214 - - [12/Jul/2025:12:32:26 +0000] "POST /wp-cron.php?doing_wp_cron=1752323546.4523949623107910156250 HTTP/1.1" 200 - "-" "WordPress/6.8.1; https://teamhachem.com"
185.191.171.12 - - [12/Jul/2025:12:32:24 +0000] "GET /events/2026-06-01/ HTTP/1.1" 200 19470 "-" "Mozilla/5.0 (compatible; SemrushBot/7~bl; +http://www.semrush.com/bot.html)"
43.173.1.57 - - [12/Jul/2025:12:32:34 +0000] "GET / HTTP/1.1" 200 22843 "http://www.teamhachem.com" "Mozilla/5.0 (iPhone; CPU iPhone OS 13_2_3 like Mac OS X) AppleWebKit/605.1.15 (KHTML, like Gecko) Version/13.0.3 Mobile/15E148 Safari/604.1"
209.74.77.214 - - [12/Jul/2025:12:33:25 +0000] "POST /wp-cron.php?doing_wp_cron=1752323605.7870790958404541015625 HTTP/1.1" 200 - "-" "WordPress/6.8.1; https://teamhachem.com"
216.73.216.126 - - [12/Jul/2025:12:33:24 +0000] "GET /events/2027-12-07 HTTP/1.1" 301 - "-" "Mozilla/5.0 AppleWebKit/537.36 (KHTML, like Gecko; compatible; ClaudeBot/1.0; [email protected])"
216.73.216.126 - - [12/Jul/2025:12:33:25 +0000] "GET /events/2027-12-07/ HTTP/1.1" 200 19460 "https://teamhachem.com/events/2027-12-07" "Mozilla/5.0 AppleWebKit/537.36 (KHTML, like Gecko; compatible; ClaudeBot/1.0; [email protected])"
209.74.77.214 - - [12/Jul/2025:12:34:03 +0000] "POST /wp-cron.php?doing_wp_cron=1752323643.0035049915313720703125 HTTP/1.1" 200 - "-" "WordPress/6.8.1; https://teamhachem.com"
85.208.96.196 - - [12/Jul/2025:12:34:01 +0000] "GET /events/2026-07-02/ HTTP/1.1" 200 19473 "-" "Mozilla/5.0 (compatible; SemrushBot/7~bl; +http://www.semrush.com/bot.html)"
209.74.77.214 - - [12/Jul/2025:12:35:06 +0000] "POST /wp-cron.php?doing_wp_cron=1752323706.7360548973083496093750 HTTP/1.1" 200 - "-" "WordPress/6.8.1; https://teamhachem.com"
209.74.77.214 - - [12/Jul/2025:12:35:06 +0000] "POST /wp-cron.php?doing_wp_cron=1752323706.7360739707946777343750 HTTP/1.1" 200 - "-" "WordPress/6.8.1; https://teamhachem.com"
209.74.77.214 - - [12/Jul/2025:12:35:06 +0000] "POST /wp-cron.php?doing_wp_cron=1752323706.7359609603881835937500 HTTP/1.1" 200 - "-" "WordPress/6.8.1; https://teamhachem.com"
216.73.216.126 - - [12/Jul/2025:12:35:05 +0000] "GET /events/2027-12-10 HTTP/1.1" 301 - "-" "Mozilla/5.0 AppleWebKit/537.36 (KHTML, like Gecko; compatible; ClaudeBot/1.0; [email protected])"
216.73.216.126 - - [12/Jul/2025:12:35:05 +0000] "GET /events/2027-12-01/?outlook-ical=1 HTTP/1.1" 200 1132 "-" "Mozilla/5.0 AppleWebKit/537.36 (KHTML, like Gecko; compatible; ClaudeBot/1.0; [email protected])"
216.73.216.126 - - [12/Jul/2025:12:35:04 +0000] "GET /events/2027-12-14 HTTP/1.1" 301 - "-" "Mozilla/5.0 AppleWebKit/537.36 (KHTML, like Gecko; compatible; ClaudeBot/1.0; [email protected])"
216.73.216.126 - - [12/Jul/2025:12:35:06 +0000] "GET /events/2027-12-10/ HTTP/1.1" 200 19481 "https://teamhachem.com/events/2027-12-10" "Mozilla/5.0 AppleWebKit/537.36 (KHTML, like Gecko; compatible; ClaudeBot/1.0; [email protected])"
216.73.216.126 - - [12/Jul/2025:12:35:06 +0000] "GET /events/2027-12-14/ HTTP/1.1" 200 19469 "https://teamhachem.com/events/2027-12-14" "Mozilla/5.0 AppleWebKit/537.36 (KHTML, like Gecko; compatible; ClaudeBot/1.0; [email protected])"
209.74.77.214 - - [12/Jul/2025:12:36:32 +0000] "POST /wp-cron.php?doing_wp_cron=1752323792.3627328872680664062500 HTTP/1.1" 200 - "-" "WordPress/6.8.1; https://teamhachem.com"
216.73.216.126 - - [12/Jul/2025:12:36:30 +0000] "GET /events/list/?outlook-ical=1&tribe-bar-date=2027-10-05 HTTP/1.1" 200 1133 "-" "Mozilla/5.0 AppleWebKit/537.36 (KHTML, like Gecko; compatible; ClaudeBot/1.0; [email protected])"
209.74.77.214 - - [12/Jul/2025:12:37:15 +0000] "POST /wp-cron.php?doing_wp_cron=1752323835.4645340442657470703125 HTTP/1.1" 200 - "-" "WordPress/6.8.1; https://teamhachem.com"
85.208.96.211 - - [12/Jul/2025:12:37:13 +0000] "GET /events/list/?eventDisplay=past&tribe-bar-date=2024-06-07 HTTP/1.1" 200 19849 "-" "Mozilla/5.0 (compatible; SemrushBot/7~bl; +http://www.semrush.com/bot.html)"
209.74.77.214 - - [12/Jul/2025:12:38:55 +0000] "POST /wp-cron.php?doing_wp_cron=1752323935.7558701038360595703125 HTTP/1.1" 200 - "-" "WordPress/6.8.1; https://teamhachem.com"
209.74.77.214 - - [12/Jul/2025:12:38:55 +0000] "POST /wp-cron.php?doing_wp_cron=1752323935.7558701038360595703125 HTTP/1.1" 200 - "-" "WordPress/6.8.1; https://teamhachem.com"
209.74.77.214 - - [12/Jul/2025:12:38:55 +0000] "POST /wp-cron.php?doing_wp_cron=1752323935.7558701038360595703125 HTTP/1.1" 200 - "-" "WordPress/6.8.1; https://teamhachem.com"
216.73.216.126 - - [12/Jul/2025:12:38:54 +0000] "GET /events/2027-12-11 HTTP/1.1" 301 - "-" "Mozilla/5.0 AppleWebKit/537.36 (KHTML, like Gecko; compatible; ClaudeBot/1.0; [email protected])"
216.73.216.126 - - [12/Jul/2025:12:38:55 +0000] "GET /events/2027-11-08/?outlook-ical=1 HTTP/1.1" 200 1132 "-" "Mozilla/5.0 AppleWebKit/537.36 (KHTML, like Gecko; compatible; ClaudeBot/1.0; [email protected])"
216.73.216.126 - - [12/Jul/2025:12:38:53 +0000] "GET /events/2027-11-17/?ical=1 HTTP/1.1" 200 1138 "-" "Mozilla/5.0 AppleWebKit/537.36 (KHTML, like Gecko; compatible; ClaudeBot/1.0; [email protected])"
216.73.216.126 - - [12/Jul/2025:12:38:55 +0000] "GET /events/2027-12-11/ HTTP/1.1" 200 19474 "https://teamhachem.com/events/2027-12-11" "Mozilla/5.0 AppleWebKit/537.36 (KHTML, like Gecko; compatible; ClaudeBot/1.0; [email protected])"
209.74.77.214 - - [12/Jul/2025:12:39:45 +0000] "POST /wp-cron.php?doing_wp_cron=1752323985.6568109989166259765625 HTTP/1.1" 200 - "-" "WordPress/6.8.1; https://teamhachem.com"
216.73.216.126 - - [12/Jul/2025:12:39:43 +0000] "GET /events/month/2027-12/?outlook-ical=1 HTTP/1.1" 200 1133 "-" "Mozilla/5.0 AppleWebKit/537.36 (KHTML, like Gecko; compatible; ClaudeBot/1.0; [email protected])"
209.74.77.214 - - [12/Jul/2025:12:40:30 +0000] "POST /wp-cron.php?doing_wp_cron=1752324030.1728239059448242187500 HTTP/1.1" 200 - "-" "WordPress/6.8.1; https://teamhachem.com"
216.73.216.126 - - [12/Jul/2025:12:40:28 +0000] "GET /events/2027-11-07/?ical=1 HTTP/1.1" 200 1136 "-" "Mozilla/5.0 AppleWebKit/537.36 (KHTML, like Gecko; compatible; ClaudeBot/1.0; [email protected])"
209.74.77.214 - - [12/Jul/2025:12:41:47 +0000] "POST /wp-cron.php?doing_wp_cron=1752324107.6359291076660156250000 HTTP/1.1" 200 - "-" "WordPress/6.8.1; https://teamhachem.com"
216.73.216.126 - - [12/Jul/2025:12:41:45 +0000] "GET /events/month/2028-01 HTTP/1.1" 301 - "-" "Mozilla/5.0 AppleWebKit/537.36 (KHTML, like Gecko; compatible; ClaudeBot/1.0; [email protected])"
216.73.216.126 - - [12/Jul/2025:12:41:47 +0000] "GET /events/month/2028-01/ HTTP/1.1" 200 25250 "https://teamhachem.com/events/month/2028-01" "Mozilla/5.0 AppleWebKit/537.36 (KHTML, like Gecko; compatible; ClaudeBot/1.0; [email protected])"
209.74.77.214 - - [12/Jul/2025:12:42:13 +0000] "POST /wp-cron.php?doing_wp_cron=1752324133.0355238914489746093750 HTTP/1.1" 200 - "-" "WordPress/6.8.1; https://teamhachem.com"
185.191.171.10 - - [12/Jul/2025:12:42:12 +0000] "GET /robots.txt HTTP/1.1" 200 154 "-" "Mozilla/5.0 (compatible; SemrushBot/7~bl; +http://www.semrush.com/bot.html)"
85.208.96.193 - - [12/Jul/2025:12:42:13 +0000] "GET /category/kickboxing/ HTTP/1.1" 200 13664 "-" "Mozilla/5.0 (compatible; SemrushBot/7~bl; +http://www.semrush.com/bot.html)"
209.74.77.214 - - [12/Jul/2025:12:43:41 +0000] "POST /wp-cron.php?doing_wp_cron=1752324221.4793179035186767578125 HTTP/1.1" 200 - "-" "WordPress/6.8.1; https://teamhachem.com"
85.208.96.195 - - [12/Jul/2025:12:43:39 +0000] "GET /events/list/?eventDisplay=past&tribe-bar-date=2024-06-04 HTTP/1.1" 200 19846 "-" "Mozilla/5.0 (compatible; SemrushBot/7~bl; +http://www.semrush.com/bot.html)"
209.74.77.214 - - [12/Jul/2025:12:44:29 +0000] "POST /wp-cron.php?doing_wp_cron=1752324269.9242999553680419921875 HTTP/1.1" 200 - "-" "WordPress/6.8.1; https://teamhachem.com"
185.191.171.16 - - [12/Jul/2025:12:44:28 +0000] "GET /events/2026-03-05/ HTTP/1.1" 200 19481 "-" "Mozilla/5.0 (compatible; SemrushBot/7~bl; +http://www.semrush.com/bot.html)"
209.74.77.214 - - [12/Jul/2025:12:45:44 +0000] "POST /wp-cron.php?doing_wp_cron=1752324344.5834081172943115234375 HTTP/1.1" 200 - "-" "WordPress/6.8.1; https://teamhachem.com"
185.191.171.9 - - [12/Jul/2025:12:45:42 +0000] "GET /events/list/?eventDisplay=past&tribe-bar-date=2026-05-01 HTTP/1.1" 200 20206 "-" "Mozilla/5.0 (compatible; SemrushBot/7~bl; +http://www.semrush.com/bot.html)"
209.74.77.214 - - [12/Jul/2025:12:46:13 +0000] "POST /wp-cron.php?doing_wp_cron=1752324373.4733619689941406250000 HTTP/1.1" 200 - "-" "WordPress/6.8.1; https://teamhachem.com"
216.73.216.126 - - [12/Jul/2025:12:46:13 +0000] "GET /events/list/?tribe-bar-date=2027-12-05 HTTP/1.1" 200 19793 "-" "Mozilla/5.0 AppleWebKit/537.36 (KHTML, like Gecko; compatible; ClaudeBot/1.0; [email protected])"
216.73.216.126 - - [12/Jul/2025:12:46:13 +0000] "GET /events/list/?tribe-bar-date=2027-11-22 HTTP/1.1" 200 19804 "-" "Mozilla/5.0 AppleWebKit/537.36 (KHTML, like Gecko; compatible; ClaudeBot/1.0; [email protected])"
216.73.216.126 - - [12/Jul/2025:12:46:13 +0000] "GET /events/2027-11-14/?outlook-ical=1 HTTP/1.1" 200 1131 "-" "Mozilla/5.0 AppleWebKit/537.36 (KHTML, like Gecko; compatible; ClaudeBot/1.0; [email protected])"
209.74.77.214 - - [12/Jul/2025:12:46:59 +0000] "POST /wp-cron.php?doing_wp_cron=1752324419.9839239120483398437500 HTTP/1.1" 200 - "-" "WordPress/6.8.1; https://teamhachem.com"
216.73.216.126 - - [12/Jul/2025:12:46:58 +0000] "GET /events/list/?eventDisplay=past&ical=1&tribe-bar-date=2027-09-18 HTTP/1.1" 200 1291 "-" "Mozilla/5.0 AppleWebKit/537.36 (KHTML, like Gecko; compatible; ClaudeBot/1.0; [email protected])"
209.74.77.214 - - [12/Jul/2025:12:47:47 +0000] "POST /wp-cron.php?doing_wp_cron=1752324467.2204830646514892578125 HTTP/1.1" 200 - "-" "WordPress/6.8.1; https://teamhachem.com"
185.191.171.4 - - [12/Jul/2025:12:47:45 +0000] "GET /events/2026-04-04/ HTTP/1.1" 200 19486 "-" "Mozilla/5.0 (compatible; SemrushBot/7~bl; +http://www.semrush.com/bot.html)"
209.74.77.214 - - [12/Jul/2025:12:48:17 +0000] "POST /wp-cron.php?doing_wp_cron=1752324497.9276049137115478515625 HTTP/1.1" 200 - "-" "WordPress/6.8.1; https://teamhachem.com"
85.208.96.195 - - [12/Jul/2025:12:48:17 +0000] "GET /events/2024-03-30/ HTTP/1.1" 200 18822 "-" "Mozilla/5.0 (compatible; SemrushBot/7~bl; +http://www.semrush.com/bot.html)"
209.74.77.214 - - [12/Jul/2025:12:49:11 +0000] "POST /wp-cron.php?doing_wp_cron=1752324551.0283789634704589843750 HTTP/1.1" 200 - "-" "WordPress/6.8.1; https://teamhachem.com"
52.3.102.51 - - [12/Jul/2025:12:49:09 +0000] "GET /events/2026-08-28/ HTTP/1.1" 200 19476 "-" "Mozilla/5.0 AppleWebKit/537.36 (KHTML, like Gecko; compatible; Amazonbot/0.1; +https://developer.amazon.com/support/amazonbot) Chrome/119.0.6045.214 Safari/537.36"
98.84.184.80 - - [12/Jul/2025:12:49:12 +0000] "GET /events/list/?eventDisplay=past&tribe-bar-date=2024-09-26 HTTP/1.1" 200 19839 "-" "Mozilla/5.0 AppleWebKit/537.36 (KHTML, like Gecko; compatible; Amazonbot/0.1; +https://developer.amazon.com/support/amazonbot) Chrome/119.0.6045.214 Safari/537.36"
23.23.212.212 - - [12/Jul/2025:12:49:16 +0000] "GET /events/list/?tribe-bar-date=2026-07-22 HTTP/1.1" 200 19806 "-" "Mozilla/5.0 AppleWebKit/537.36 (KHTML, like Gecko; compatible; Amazonbot/0.1; +https://developer.amazon.com/support/amazonbot) Chrome/119.0.6045.214 Safari/537.36"
3.210.114.189 - - [12/Jul/2025:12:49:20 +0000] "GET /events/list/?eventDisplay=past&tribe-bar-date=2026-07-09 HTTP/1.1" 200 20229 "-" "Mozilla/5.0 AppleWebKit/537.36 (KHTML, like Gecko; compatible; Amazonbot/0.1; +https://developer.amazon.com/support/amazonbot) Chrome/119.0.6045.214 Safari/537.36"
209.74.77.214 - - [12/Jul/2025:12:49:57 +0000] "POST /wp-cron.php?doing_wp_cron=1752324597.5148909091949462890625 HTTP/1.1" 200 - "-" "WordPress/6.8.1; https://teamhachem.com"
216.73.216.126 - - [12/Jul/2025:12:49:55 +0000] "GET /events/2027-11-21/?ical=1 HTTP/1.1" 200 1137 "-" "Mozilla/5.0 AppleWebKit/537.36 (KHTML, like Gecko; compatible; ClaudeBot/1.0; [email protected])"
209.74.77.214 - - [12/Jul/2025:12:50:57 +0000] "POST /wp-cron.php?doing_wp_cron=1752324657.9780631065368652343750 HTTP/1.1" 200 - "-" "WordPress/6.8.1; https://teamhachem.com"
209.74.77.214 - - [12/Jul/2025:12:50:57 +0000] "POST /wp-cron.php?doing_wp_cron=1752324657.9780590534210205078125 HTTP/1.1" 200 - "-" "WordPress/6.8.1; https://teamhachem.com"
216.73.216.126 - - [12/Jul/2025:12:50:56 +0000] "GET /events/2027-12-12 HTTP/1.1" 301 - "-" "Mozilla/5.0 AppleWebKit/537.36 (KHTML, like Gecko; compatible; ClaudeBot/1.0; [email protected])"
216.73.216.126 - - [12/Jul/2025:12:50:56 +0000] "GET /events/2027-11-29/?ical=1 HTTP/1.1" 200 1136 "-" "Mozilla/5.0 AppleWebKit/537.36 (KHTML, like Gecko; compatible; ClaudeBot/1.0; [email protected])"
216.73.216.126 - - [12/Jul/2025:12:50:58 +0000] "GET /events/2027-12-12/ HTTP/1.1" 200 19466 "https://teamhachem.com/events/2027-12-12" "Mozilla/5.0 AppleWebKit/537.36 (KHTML, like Gecko; compatible; ClaudeBot/1.0; [email protected])"
209.74.77.214 - - [12/Jul/2025:12:51:20 +0000] "POST /wp-cron.php?doing_wp_cron=1752324680.2283599376678466796875 HTTP/1.1" 200 - "-" "WordPress/6.8.1; https://teamhachem.com"
85.208.96.200 - - [12/Jul/2025:12:51:20 +0000] "GET /events/list/?tribe-bar-date=2024-10-14 HTTP/1.1" 200 20182 "-" "Mozilla/5.0 (compatible; SemrushBot/7~bl; +http://www.semrush.com/bot.html)"
209.74.77.214 - - [12/Jul/2025:12:53:50 +0000] "POST /wp-cron.php?doing_wp_cron=1752324830.2517929077148437500000 HTTP/1.1" 200 - "-" "WordPress/6.8.1; https://teamhachem.com"
185.191.171.8 - - [12/Jul/2025:12:53:48 +0000] "GET /events/list/?tribe-bar-date=2026-05-05 HTTP/1.1" 200 19784 "-" "Mozilla/5.0 (compatible; SemrushBot/7~bl; +http://www.semrush.com/bot.html)"
209.74.77.214 - - [12/Jul/2025:12:55:54 +0000] "POST /wp-cron.php?doing_wp_cron=1752324954.9780070781707763671875 HTTP/1.1" 200 - "-" "WordPress/6.8.1; https://teamhachem.com"
85.208.96.209 - - [12/Jul/2025:12:55:53 +0000] "GET /events/2026-06-08/ HTTP/1.1" 200 19474 "-" "Mozilla/5.0 (compatible; SemrushBot/7~bl; +http://www.semrush.com/bot.html)"
209.74.77.214 - - [12/Jul/2025:12:56:09 +0000] "POST /wp-cron.php?doing_wp_cron=1752324969.7305479049682617187500 HTTP/1.1" 200 - "-" "WordPress/6.8.1; https://teamhachem.com"
85.208.96.210 - - [12/Jul/2025:12:56:09 +0000] "GET /events/2025-01-29/ HTTP/1.1" 200 19472 "-" "Mozilla/5.0 (compatible; SemrushBot/7~bl; +http://www.semrush.com/bot.html)"
209.74.77.214 - - [12/Jul/2025:12:56:57 +0000] "POST /wp-cron.php?doing_wp_cron=1752325017.9102599620819091796875 HTTP/1.1" 200 - "-" "WordPress/6.8.1; https://teamhachem.com"
216.73.216.126 - - [12/Jul/2025:12:56:56 +0000] "GET /events/list/?eventDisplay=past&ical=1&tribe-bar-date=2027-09-28 HTTP/1.1" 200 1292 "-" "Mozilla/5.0 AppleWebKit/537.36 (KHTML, like Gecko; compatible; ClaudeBot/1.0; [email protected])"
209.74.77.214 - - [12/Jul/2025:12:57:23 +0000] "POST /wp-cron.php?doing_wp_cron=1752325043.7671909332275390625000 HTTP/1.1" 200 - "-" "WordPress/6.8.1; https://teamhachem.com"
185.191.171.13 - - [12/Jul/2025:12:57:23 +0000] "GET /events/2025-12-27/ HTTP/1.1" 200 19471 "-" "Mozilla/5.0 (compatible; SemrushBot/7~bl; +http://www.semrush.com/bot.html)"
209.74.77.214 - - [12/Jul/2025:12:58:02 +0000] "POST /wp-cron.php?doing_wp_cron=1752325082.9823870658874511718750 HTTP/1.1" 200 - "-" "WordPress/6.8.1; https://teamhachem.com"
51.222.253.3 - - [12/Jul/2025:12:58:01 +0000] "GET /events/list/?tribe-bar-date=2025-03-27 HTTP/1.1" 200 19791 "-" "Mozilla/5.0 (compatible; AhrefsBot/7.0; +http://ahrefs.com/robot/)"
209.74.77.214 - - [12/Jul/2025:12:58:30 +0000] "POST /wp-cron.php?doing_wp_cron=1752325110.7366011142730712890625 HTTP/1.1" 200 - "-" "WordPress/6.8.1; https://teamhachem.com"
216.73.216.126 - - [12/Jul/2025:12:58:30 +0000] "GET /events/list/?tribe-bar-date=2027-12-03 HTTP/1.1" 200 19800 "-" "Mozilla/5.0 AppleWebKit/537.36 (KHTML, like Gecko; compatible; ClaudeBot/1.0; [email protected])"
209.74.77.214 - - [12/Jul/2025:12:58:53 +0000] "POST /wp-cron.php?doing_wp_cron=1752325133.2049629688262939453125 HTTP/1.1" 200 - "-" "WordPress/6.8.1; https://teamhachem.com"
85.208.96.206 - - [12/Jul/2025:12:58:53 +0000] "GET /events/2026-03-21/ HTTP/1.1" 200 19478 "-" "Mozilla/5.0 (compatible; SemrushBot/7~bl; +http://www.semrush.com/bot.html)"
209.74.77.214 - - [12/Jul/2025:12:59:06 +0000] "POST /wp-cron.php?doing_wp_cron=1752325146.8777499198913574218750 HTTP/1.1" 200 - "-" "WordPress/6.8.1; https://teamhachem.com"
216.73.216.126 - - [12/Jul/2025:12:59:06 +0000] "GET /events/list/?outlook-ical=1&tribe-bar-date=2027-10-28 HTTP/1.1" 200 1132 "-" "Mozilla/5.0 AppleWebKit/537.36 (KHTML, like Gecko; compatible; ClaudeBot/1.0; [email protected])"
102.218.193.86 - - [12/Jul/2025:12:59:52 +0000] "POST /wp-comments-post.php HTTP/1.1" 302 - "-" "Mozilla/5.0 (Windows NT 10.0; Win64; x64) AppleWebKit/537.36 (KHTML, like Gecko) Chrome/120.0.0.0 Safari/537.36"
209.74.77.214 - - [12/Jul/2025:13:00:08 +0000] "POST /wp-cron.php?doing_wp_cron=1752325208.7156639099121093750000 HTTP/1.1" 200 - "-" "WordPress/6.8.1; https://teamhachem.com"
216.73.216.126 - - [12/Jul/2025:13:00:08 +0000] "GET /events/2027-12-03/?ical=1 HTTP/1.1" 200 1137 "-" "Mozilla/5.0 AppleWebKit/537.36 (KHTML, like Gecko; compatible; ClaudeBot/1.0; [email protected])"
102.218.193.86 - - [12/Jul/2025:13:00:19 +0000] "POST /wp-comments-post.php HTTP/1.1" 302 - "-" "Mozilla/5.0 (Windows NT 10.0; Win64; x64) AppleWebKit/537.36 (KHTML, like Gecko) Chrome/120.0.0.0 Safari/537.36"
209.74.77.214 - - [12/Jul/2025:13:00:44 +0000] "POST /wp-cron.php?doing_wp_cron=1752325244.7210950851440429687500 HTTP/1.1" 200 - "-" "WordPress/6.8.1; https://teamhachem.com"
102.218.193.86 - - [12/Jul/2025:13:00:44 +0000] "POST /wp-comments-post.php HTTP/1.1" 302 - "-" "Mozilla/5.0 (Windows NT 10.0; Win64; x64) AppleWebKit/537.36 (KHTML, like Gecko) Chrome/120.0.0.0 Safari/537.36"
209.74.77.214 - - [12/Jul/2025:13:01:09 +0000] "POST /wp-cron.php?doing_wp_cron=1752325269.7662699222564697265625 HTTP/1.1" 200 - "-" "WordPress/6.8.1; https://teamhachem.com"
102.218.193.86 - - [12/Jul/2025:13:01:09 +0000] "POST /wp-comments-post.php HTTP/1.1" 302 - "-" "Mozilla/5.0 (Windows NT 10.0; Win64; x64) AppleWebKit/537.36 (KHTML, like Gecko) Chrome/120.0.0.0 Safari/537.36"
209.74.77.214 - - [12/Jul/2025:13:01:37 +0000] "POST /wp-cron.php?doing_wp_cron=1752325297.8252251148223876953125 HTTP/1.1" 200 - "-" "WordPress/6.8.1; https://teamhachem.com"
102.218.193.86 - - [12/Jul/2025:13:01:37 +0000] "POST /wp-comments-post.php HTTP/1.1" 302 - "-" "Mozilla/5.0 (Windows NT 10.0; Win64; x64) AppleWebKit/537.36 (KHTML, like Gecko) Chrome/120.0.0.0 Safari/537.36"
185.191.171.19 - - [12/Jul/2025:13:01:46 +0000] "GET /events/list/?eventDisplay=past&tribe-bar-date=2025-11-04 HTTP/1.1" 200 20224 "-" "Mozilla/5.0 (compatible; SemrushBot/7~bl; +http://www.semrush.com/bot.html)"
185.191.171.1 - - [12/Jul/2025:13:01:59 +0000] "GET /events/list/?eventDisplay=past&tribe-bar-date=2025-12-08 HTTP/1.1" 200 20224 "-" "Mozilla/5.0 (compatible; SemrushBot/7~bl; +http://www.semrush.com/bot.html)"
102.218.193.86 - - [12/Jul/2025:13:02:03 +0000] "POST /wp-comments-post.php HTTP/1.1" 302 - "-" "Mozilla/5.0 (Windows NT 10.0; Win64; x64) AppleWebKit/537.36 (KHTML, like Gecko) Chrome/120.0.0.0 Safari/537.36"
209.74.77.214 - - [12/Jul/2025:13:02:28 +0000] "POST /wp-cron.php?doing_wp_cron=1752325348.8680961132049560546875 HTTP/1.1" 200 - "-" "WordPress/6.8.1; https://teamhachem.com"
102.218.193.86 - - [12/Jul/2025:13:02:28 +0000] "POST /wp-comments-post.php HTTP/1.1" 302 - "-" "Mozilla/5.0 (Windows NT 10.0; Win64; x64) AppleWebKit/537.36 (KHTML, like Gecko) Chrome/120.0.0.0 Safari/537.36"
209.74.77.214 - - [12/Jul/2025:13:03:06 +0000] "POST /wp-cron.php?doing_wp_cron=1752325386.7238059043884277343750 HTTP/1.1" 200 - "-" "WordPress/6.8.1; https://teamhachem.com"
209.74.77.214 - - [12/Jul/2025:13:03:06 +0000] "POST /wp-cron.php?doing_wp_cron=1752325386.7238039970397949218750 HTTP/1.1" 200 - "-" "WordPress/6.8.1; https://teamhachem.com"
85.208.96.212 - - [12/Jul/2025:13:03:05 +0000] "GET /events/2026-06-12/ HTTP/1.1" 200 19466 "-" "Mozilla/5.0 (compatible; SemrushBot/7~bl; +http://www.semrush.com/bot.html)"
102.218.193.86 - - [12/Jul/2025:13:03:05 +0000] "POST /wp-comments-post.php HTTP/1.1" 302 - "-" "Mozilla/5.0 (Windows NT 10.0; Win64; x64) AppleWebKit/537.36 (KHTML, like Gecko) Chrome/120.0.0.0 Safari/537.36"
209.74.77.214 - - [12/Jul/2025:13:03:40 +0000] "POST /wp-cron.php?doing_wp_cron=1752325420.6702589988708496093750 HTTP/1.1" 200 - "-" "WordPress/6.8.1; https://teamhachem.com"
102.218.193.86 - - [12/Jul/2025:13:03:38 +0000] "POST /wp-comments-post.php HTTP/1.1" 302 - "-" "Mozilla/5.0 (Windows NT 10.0; Win64; x64) AppleWebKit/537.36 (KHTML, like Gecko) Chrome/120.0.0.0 Safari/537.36"
185.191.171.11 - - [12/Jul/2025:13:03:42 +0000] "GET /events/list/?tribe-bar-date=2024-08-25 HTTP/1.1" 200 20196 "-" "Mozilla/5.0 (compatible; SemrushBot/7~bl; +http://www.semrush.com/bot.html)"
85.208.96.211 - - [12/Jul/2025:13:04:01 +0000] "GET /events/2026-06-16/ HTTP/1.1" 200 19478 "-" "Mozilla/5.0 (compatible; SemrushBot/7~bl; +http://www.semrush.com/bot.html)"
209.74.77.214 - - [12/Jul/2025:13:05:44 +0000] "POST /wp-cron.php?doing_wp_cron=1752325544.2012579441070556640625 HTTP/1.1" 200 - "-" "WordPress/6.8.1; https://teamhachem.com"
185.191.171.7 - - [12/Jul/2025:13:05:42 +0000] "GET /events/list/?tribe-bar-date=2026-05-21 HTTP/1.1" 200 19803 "-" "Mozilla/5.0 (compatible; SemrushBot/7~bl; +http://www.semrush.com/bot.html)"
209.74.77.214 - - [12/Jul/2025:13:06:05 +0000] "POST /wp-cron.php?doing_wp_cron=1752325565.2383639812469482421875 HTTP/1.1" 200 - "-" "WordPress/6.8.1; https://teamhachem.com"
216.73.216.126 - - [12/Jul/2025:13:06:05 +0000] "GET /robots.txt HTTP/1.1" 200 154 "-" "Mozilla/5.0 AppleWebKit/537.36 (KHTML, like Gecko; compatible; ClaudeBot/1.0; [email protected])"
216.73.216.126 - - [12/Jul/2025:13:06:05 +0000] "GET /events/2027-11-02/?outlook-ical=1 HTTP/1.1" 200 1132 "-" "Mozilla/5.0 AppleWebKit/537.36 (KHTML, like Gecko; compatible; ClaudeBot/1.0; [email protected])"
85.208.96.199 - - [12/Jul/2025:13:06:23 +0000] "GET /events/list/?eventDisplay=past&tribe-bar-date=2026-01-15 HTTP/1.1" 200 20223 "-" "Mozilla/5.0 (compatible; SemrushBot/7~bl; +http://www.semrush.com/bot.html)"
209.74.77.214 - - [12/Jul/2025:13:07:39 +0000] "POST /wp-cron.php?doing_wp_cron=1752325659.9385709762573242187500 HTTP/1.1" 200 - "-" "WordPress/6.8.1; https://teamhachem.com"
85.208.96.211 - - [12/Jul/2025:13:07:38 +0000] "GET /events/2026-06-27/ HTTP/1.1" 200 19482 "-" "Mozilla/5.0 (compatible; SemrushBot/7~bl; +http://www.semrush.com/bot.html)"
209.74.77.214 - - [12/Jul/2025:13:10:19 +0000] "POST /wp-cron.php?doing_wp_cron=1752325819.9147310256958007812500 HTTP/1.1" 200 - "-" "WordPress/6.8.1; https://teamhachem.com"
185.191.171.12 - - [12/Jul/2025:13:10:18 +0000] "GET /events/2025-01-18/ HTTP/1.1" 200 19448 "-" "Mozilla/5.0 (compatible; SemrushBot/7~bl; +http://www.semrush.com/bot.html)"
216.73.216.126 - - [12/Jul/2025:13:10:24 +0000] "GET /events/list/?eventDisplay=past&ical=1&tribe-bar-date=2027-10-10 HTTP/1.1" 200 1291 "-" "Mozilla/5.0 AppleWebKit/537.36 (KHTML, like Gecko; compatible; ClaudeBot/1.0; [email protected])"
209.74.77.214 - - [12/Jul/2025:13:11:33 +0000] "POST /wp-cron.php?doing_wp_cron=1752325893.4198300838470458984375 HTTP/1.1" 200 - "-" "WordPress/6.8.1; https://teamhachem.com"
85.208.96.196 - - [12/Jul/2025:13:11:31 +0000] "GET /events/list/?eventDisplay=past&tribe-bar-date=2026-01-19 HTTP/1.1" 200 20218 "-" "Mozilla/5.0 (compatible; SemrushBot/7~bl; +http://www.semrush.com/bot.html)"
85.208.96.193 - - [12/Jul/2025:13:11:44 +0000] "GET /events/2026-03-06/ HTTP/1.1" 200 19468 "-" "Mozilla/5.0 (compatible; SemrushBot/7~bl; +http://www.semrush.com/bot.html)"
209.74.77.214 - - [12/Jul/2025:13:12:34 +0000] "POST /wp-cron.php?doing_wp_cron=1752325954.6563420295715332031250 HTTP/1.1" 200 - "-" "WordPress/6.8.1; https://teamhachem.com"
216.73.216.126 - - [12/Jul/2025:13:12:32 +0000] "GET /events/2027-11-27/?ical=1 HTTP/1.1" 200 1137 "-" "Mozilla/5.0 AppleWebKit/537.36 (KHTML, like Gecko; compatible; ClaudeBot/1.0; [email protected])"
85.208.96.207 - - [12/Jul/2025:13:12:37 +0000] "GET /events/list/?tribe-bar-date=2024-08-08 HTTP/1.1" 200 20187 "-" "Mozilla/5.0 (compatible; SemrushBot/7~bl; +http://www.semrush.com/bot.html)"
46.101.223.118 - - [12/Jul/2025:13:13:47 +0000] "GET / HTTP/1.1" 301 - "-" "Mozilla/5.0 (X11; Linux x86_64) AppleWebKit/537.36 (KHTML, like Gecko) Chrome/137.0.0.0 Safari/537.36"
85.208.96.197 - - [12/Jul/2025:13:13:48 +0000] "GET /events/list/?eventDisplay=past&tribe-bar-date=2025-11-15 HTTP/1.1" 200 20206 "-" "Mozilla/5.0 (compatible; SemrushBot/7~bl; +http://www.semrush.com/bot.html)"
46.101.223.118 - - [12/Jul/2025:13:13:51 +0000] "GET /favicon.ico HTTP/1.1" 302 - "https://www.teamhachem.com/" "Mozilla/5.0 (X11; Linux x86_64) AppleWebKit/537.36 (KHTML, like Gecko) Chrome/137.0.0.0 Safari/537.36"
209.74.77.214 - - [12/Jul/2025:13:16:27 +0000] "POST /wp-cron.php?doing_wp_cron=1752326187.6247820854187011718750 HTTP/1.1" 200 - "-" "WordPress/6.8.1; https://teamhachem.com"
216.73.216.126 - - [12/Jul/2025:13:16:25 +0000] "GET /events/2027-11-12/?ical=1 HTTP/1.1" 200 1138 "-" "Mozilla/5.0 AppleWebKit/537.36 (KHTML, like Gecko; compatible; ClaudeBot/1.0; [email protected])"
209.74.77.214 - - [12/Jul/2025:13:18:30 +0000] "POST /wp-cron.php?doing_wp_cron=1752326310.9749789237976074218750 HTTP/1.1" 200 - "-" "WordPress/6.8.1; https://teamhachem.com"
185.191.171.10 - - [12/Jul/2025:13:18:29 +0000] "GET /events/list/?tribe-bar-date=2026-05-18 HTTP/1.1" 200 19795 "-" "Mozilla/5.0 (compatible; SemrushBot/7~bl; +http://www.semrush.com/bot.html)"
209.74.77.214 - - [12/Jul/2025:13:18:56 +0000] "POST /wp-cron.php?doing_wp_cron=1752326336.9669370651245117187500 HTTP/1.1" 200 - "-" "WordPress/6.8.1; https://teamhachem.com"
85.208.96.212 - - [12/Jul/2025:13:18:56 +0000] "GET /events/list/?tribe-bar-date=2026-02-28 HTTP/1.1" 200 19795 "-" "Mozilla/5.0 (compatible; SemrushBot/7~bl; +http://www.semrush.com/bot.html)"
209.74.77.214 - - [12/Jul/2025:13:24:45 +0000] "POST /wp-cron.php?doing_wp_cron=1752326685.5574851036071777343750 HTTP/1.1" 200 - "-" "WordPress/6.8.1; https://teamhachem.com"
51.222.253.9 - - [12/Jul/2025:13:24:43 +0000] "GET /events/list/?tribe-bar-date=2025-03-29 HTTP/1.1" 200 19785 "-" "Mozilla/5.0 (compatible; AhrefsBot/7.0; +http://ahrefs.com/robot/)"
209.74.77.214 - - [12/Jul/2025:13:25:39 +0000] "POST /wp-cron.php?doing_wp_cron=1752326739.3156509399414062500000 HTTP/1.1" 200 - "-" "WordPress/6.8.1; https://teamhachem.com"
85.208.96.207 - - [12/Jul/2025:13:25:37 +0000] "GET /events/list/?tribe-bar-date=2024-06-08 HTTP/1.1" 200 20198 "-" "Mozilla/5.0 (compatible; SemrushBot/7~bl; +http://www.semrush.com/bot.html)"
52.200.142.199 - - [12/Jul/2025:13:25:57 +0000] "GET /events/2026-08-29/ HTTP/1.1" 200 19476 "-" "Mozilla/5.0 AppleWebKit/537.36 (KHTML, like Gecko; compatible; Amazonbot/0.1; +https://developer.amazon.com/support/amazonbot) Chrome/119.0.6045.214 Safari/537.36"
3.218.103.254 - - [12/Jul/2025:13:26:00 +0000] "GET /events/list/?tribe-bar-date=2024-03-01 HTTP/1.1" 200 20183 "-" "Mozilla/5.0 AppleWebKit/537.36 (KHTML, like Gecko; compatible; Amazonbot/0.1; +https://developer.amazon.com/support/amazonbot) Chrome/119.0.6045.214 Safari/537.36"
209.74.77.214 - - [12/Jul/2025:13:26:45 +0000] "POST /wp-cron.php?doing_wp_cron=1752326805.4347469806671142578125 HTTP/1.1" 200 - "-" "WordPress/6.8.1; https://teamhachem.com"
85.208.96.210 - - [12/Jul/2025:13:26:43 +0000] "GET /events/list/?eventDisplay=past&tribe-bar-date=2026-04-23 HTTP/1.1" 200 20225 "-" "Mozilla/5.0 (compatible; SemrushBot/7~bl; +http://www.semrush.com/bot.html)"
209.74.77.214 - - [12/Jul/2025:13:27:27 +0000] "POST /wp-cron.php?doing_wp_cron=1752326847.7189431190490722656250 HTTP/1.1" 200 - "-" "WordPress/6.8.1; https://teamhachem.com"
85.208.96.208 - - [12/Jul/2025:13:27:25 +0000] "GET /events/2025-01-19/ HTTP/1.1" 200 19470 "-" "Mozilla/5.0 (compatible; SemrushBot/7~bl; +http://www.semrush.com/bot.html)"
216.73.216.126 - - [12/Jul/2025:13:27:28 +0000] "GET /events/list/?eventDisplay=past&ical=1&tribe-bar-date=2027-10-30 HTTP/1.1" 200 1292 "-" "Mozilla/5.0 AppleWebKit/537.36 (KHTML, like Gecko; compatible; ClaudeBot/1.0; [email protected])"
216.73.216.126 - - [12/Jul/2025:13:27:28 +0000] "GET /events/list/?eventDisplay=past&ical=1&tribe-bar-date=2027-10-09 HTTP/1.1" 200 1292 "-" "Mozilla/5.0 AppleWebKit/537.36 (KHTML, like Gecko; compatible; ClaudeBot/1.0; [email protected])"
216.73.216.126 - - [12/Jul/2025:13:27:28 +0000] "GET /events/list/?eventDisplay=past&ical=1&tribe-bar-date=2027-10-07 HTTP/1.1" 200 1292 "-" "Mozilla/5.0 AppleWebKit/537.36 (KHTML, like Gecko; compatible; ClaudeBot/1.0; [email protected])"
209.74.77.214 - - [12/Jul/2025:13:28:01 +0000] "POST /wp-cron.php?doing_wp_cron=1752326881.9661679267883300781250 HTTP/1.1" 200 - "-" "WordPress/6.8.1; https://teamhachem.com"
85.208.96.212 - - [12/Jul/2025:13:28:00 +0000] "GET /events/2025-12-24/ HTTP/1.1" 200 19468 "-" "Mozilla/5.0 (compatible; SemrushBot/7~bl; +http://www.semrush.com/bot.html)"
209.74.77.214 - - [12/Jul/2025:13:31:39 +0000] "POST /wp-cron.php?doing_wp_cron=1752327099.8184649944305419921875 HTTP/1.1" 200 - "-" "WordPress/6.8.1; https://teamhachem.com"
216.73.216.126 - - [12/Jul/2025:13:31:38 +0000] "GET /events/list/?tribe-bar-date=2027-11-30 HTTP/1.1" 200 19798 "-" "Mozilla/5.0 AppleWebKit/537.36 (KHTML, like Gecko; compatible; ClaudeBot/1.0; [email protected])"
185.191.171.6 - - [12/Jul/2025:13:31:38 +0000] "GET /events/list/?eventDisplay=past&tribe-bar-date=2026-04-13 HTTP/1.1" 200 20217 "-" "Mozilla/5.0 (compatible; SemrushBot/7~bl; +http://www.semrush.com/bot.html)"
209.74.77.214 - - [12/Jul/2025:13:32:31 +0000] "POST /wp-cron.php?doing_wp_cron=1752327151.7813549041748046875000 HTTP/1.1" 200 - "-" "WordPress/6.8.1; https://teamhachem.com"
216.73.216.126 - - [12/Jul/2025:13:32:30 +0000] "GET /events/list/?tribe-bar-date=2027-11-09 HTTP/1.1" 200 19801 "-" "Mozilla/5.0 AppleWebKit/537.36 (KHTML, like Gecko; compatible; ClaudeBot/1.0; [email protected])"
209.74.77.214 - - [12/Jul/2025:13:32:43 +0000] "POST /wp-cron.php?doing_wp_cron=1752327163.6338710784912109375000 HTTP/1.1" 200 - "-" "WordPress/6.8.1; https://teamhachem.com"
85.208.96.208 - - [12/Jul/2025:13:32:43 +0000] "GET /events/2025-12-12/ HTTP/1.1" 200 19464 "-" "Mozilla/5.0 (compatible; SemrushBot/7~bl; +http://www.semrush.com/bot.html)"
209.74.77.214 - - [12/Jul/2025:13:34:19 +0000] "POST /wp-cron.php?doing_wp_cron=1752327259.7459359169006347656250 HTTP/1.1" 200 - "-" "WordPress/6.8.1; https://teamhachem.com"
216.73.216.126 - - [12/Jul/2025:13:34:17 +0000] "GET /events/list/?tribe-bar-date=2027-11-06 HTTP/1.1" 200 19791 "-" "Mozilla/5.0 AppleWebKit/537.36 (KHTML, like Gecko; compatible; ClaudeBot/1.0; [email protected])"
209.74.77.214 - - [12/Jul/2025:13:36:46 +0000] "POST /wp-cron.php?doing_wp_cron=1752327406.6440811157226562500000 HTTP/1.1" 200 - "-" "WordPress/6.8.1; https://teamhachem.com"
216.73.216.126 - - [12/Jul/2025:13:36:44 +0000] "GET /events/2027-11-25/?ical=1 HTTP/1.1" 200 1138 "-" "Mozilla/5.0 AppleWebKit/537.36 (KHTML, like Gecko; compatible; ClaudeBot/1.0; [email protected])"
209.74.77.214 - - [12/Jul/2025:13:39:10 +0000] "POST /wp-cron.php?doing_wp_cron=1752327550.5503740310668945312500 HTTP/1.1" 200 - "-" "WordPress/6.8.1; https://teamhachem.com"
216.73.216.126 - - [12/Jul/2025:13:39:08 +0000] "GET /events/2027-11-13/?outlook-ical=1 HTTP/1.1" 200 1132 "-" "Mozilla/5.0 AppleWebKit/537.36 (KHTML, like Gecko; compatible; ClaudeBot/1.0; [email protected])"
209.74.77.214 - - [12/Jul/2025:13:40:22 +0000] "POST /wp-cron.php?doing_wp_cron=1752327622.6942999362945556640625 HTTP/1.1" 200 - "-" "WordPress/6.8.1; https://teamhachem.com"
3.212.86.97 - - [12/Jul/2025:13:40:20 +0000] "GET /events/2026-08-16/ HTTP/1.1" 200 19477 "-" "Mozilla/5.0 AppleWebKit/537.36 (KHTML, like Gecko; compatible; Amazonbot/0.1; +https://developer.amazon.com/support/amazonbot) Chrome/119.0.6045.214 Safari/537.36"
209.74.77.214 - - [12/Jul/2025:13:41:26 +0000] "POST /wp-cron.php?doing_wp_cron=1752327686.6878280639648437500000 HTTP/1.1" 200 - "-" "WordPress/6.8.1; https://teamhachem.com"
185.191.171.9 - - [12/Jul/2025:13:41:24 +0000] "GET /events/list/?eventDisplay=past&tribe-bar-date=2024-09-07 HTTP/1.1" 200 19842 "-" "Mozilla/5.0 (compatible; SemrushBot/7~bl; +http://www.semrush.com/bot.html)"
209.74.77.214 - - [12/Jul/2025:13:42:26 +0000] "POST /wp-cron.php?doing_wp_cron=1752327746.6969680786132812500000 HTTP/1.1" 200 - "-" "WordPress/6.8.1; https://teamhachem.com"
18.209.137.234 - - [12/Jul/2025:13:42:24 +0000] "GET /?post_type=sliders HTTP/1.1" 200 13374 "-" "Mozilla/5.0 AppleWebKit/537.36 (KHTML, like Gecko; compatible; Amazonbot/0.1; +https://developer.amazon.com/support/amazonbot) Chrome/119.0.6045.214 Safari/537.36"
209.74.77.214 - - [12/Jul/2025:13:42:53 +0000] "POST /wp-cron.php?doing_wp_cron=1752327773.1725769042968750000000 HTTP/1.1" 200 - "-" "WordPress/6.8.1; https://teamhachem.com"
85.208.96.212 - - [12/Jul/2025:13:42:53 +0000] "GET /robots.txt HTTP/1.1" 200 154 "-" "Mozilla/5.0 (compatible; SemrushBot/7~bl; +http://www.semrush.com/bot.html)"
185.191.171.3 - - [12/Jul/2025:13:42:54 +0000] "GET /events/2025-12-09/ HTTP/1.1" 200 19473 "-" "Mozilla/5.0 (compatible; SemrushBot/7~bl; +http://www.semrush.com/bot.html)"
209.74.77.214 - - [12/Jul/2025:13:43:17 +0000] "POST /wp-cron.php?doing_wp_cron=1752327797.6801719665527343750000 HTTP/1.1" 200 - "-" "WordPress/6.8.1; https://teamhachem.com"
17.241.227.230 - - [12/Jul/2025:13:43:17 +0000] "GET /former-world-boxing-champion-roosevelt-was-detained-on-suspicion-of-violation/ HTTP/1.1" 200 16548 "-" "Mozilla/5.0 (Macintosh; Intel Mac OS X 10_15_7) AppleWebKit/605.1.15 (KHTML, like Gecko) Version/17.4 Safari/605.1.15 (Applebot/0.1; +http://www.apple.com/go/applebot)"
209.74.77.214 - - [12/Jul/2025:13:43:46 +0000] "POST /wp-cron.php?doing_wp_cron=1752327826.1414051055908203125000 HTTP/1.1" 200 - "-" "WordPress/6.8.1; https://teamhachem.com"
