51.222.253.7 - - [13/Jul/2025:01:38:12 +0000] "GET /events/list/?tribe-bar-date=2025-01-12 HTTP/1.1" 200 19790 "-" "Mozilla/5.0 (compatible; AhrefsBot/7.0; +http://ahrefs.com/robot/)"
209.74.77.214 - - [13/Jul/2025:01:38:35 +0000] "POST /wp-cron.php?doing_wp_cron=1752370715.8576440811157226562500 HTTP/1.1" 200 - "-" "WordPress/6.8.1; https://teamhachem.com"
216.73.216.126 - - [13/Jul/2025:01:38:35 +0000] "GET /events/2028-03-15 HTTP/1.1" 301 - "-" "Mozilla/5.0 AppleWebKit/537.36 (KHTML, like Gecko; compatible; ClaudeBot/1.0; [email protected])"
216.73.216.126 - - [13/Jul/2025:01:38:35 +0000] "GET /events/2028-03-15/ HTTP/1.1" 200 19470 "https://teamhachem.com/events/2028-03-15" "Mozilla/5.0 AppleWebKit/537.36 (KHTML, like Gecko; compatible; ClaudeBot/1.0; [email protected])"
209.74.77.214 - - [13/Jul/2025:01:39:24 +0000] "POST /wp-cron.php?doing_wp_cron=1752370764.8359169960021972656250 HTTP/1.1" 200 - "-" "WordPress/6.8.1; https://teamhachem.com"
209.74.77.214 - - [13/Jul/2025:01:39:24 +0000] "POST /wp-cron.php?doing_wp_cron=1752370764.8359169960021972656250 HTTP/1.1" 200 - "-" "WordPress/6.8.1; https://teamhachem.com"
209.74.77.214 - - [13/Jul/2025:01:39:24 +0000] "POST /wp-cron.php?doing_wp_cron=1752370764.8359959125518798828125 HTTP/1.1" 200 - "-" "WordPress/6.8.1; https://teamhachem.com"
216.73.216.126 - - [13/Jul/2025:01:39:24 +0000] "GET /events/2028-04-02 HTTP/1.1" 301 - "-" "Mozilla/5.0 AppleWebKit/537.36 (KHTML, like Gecko; compatible; ClaudeBot/1.0; [email protected])"
216.73.216.126 - - [13/Jul/2025:01:39:23 +0000] "GET /events/2028-03-18 HTTP/1.1" 301 - "-" "Mozilla/5.0 AppleWebKit/537.36 (KHTML, like Gecko; compatible; ClaudeBot/1.0; [email protected])"
216.73.216.126 - - [13/Jul/2025:01:39:24 +0000] "GET /events/list/?outlook-ical=1&tribe-bar-date=2027-12-13 HTTP/1.1" 200 1132 "-" "Mozilla/5.0 AppleWebKit/537.36 (KHTML, like Gecko; compatible; ClaudeBot/1.0; [email protected])"
216.73.216.126 - - [13/Jul/2025:01:39:24 +0000] "GET /events/2028-04-02/ HTTP/1.1" 200 19462 "https://teamhachem.com/events/2028-04-02" "Mozilla/5.0 AppleWebKit/537.36 (KHTML, like Gecko; compatible; ClaudeBot/1.0; [email protected])"
216.73.216.126 - - [13/Jul/2025:01:39:24 +0000] "GET /events/2028-03-18/ HTTP/1.1" 200 19481 "https://teamhachem.com/events/2028-03-18" "Mozilla/5.0 AppleWebKit/537.36 (KHTML, like Gecko; compatible; ClaudeBot/1.0; [email protected])"
185.191.171.13 - - [13/Jul/2025:01:39:34 +0000] "GET /events/2025-09-24/ HTTP/1.1" 200 19481 "-" "Mozilla/5.0 (compatible; SemrushBot/7~bl; +http://www.semrush.com/bot.html)"
209.74.77.214 - - [13/Jul/2025:01:41:48 +0000] "POST /wp-cron.php?doing_wp_cron=1752370908.9672889709472656250000 HTTP/1.1" 200 - "-" "WordPress/6.8.1; https://teamhachem.com"
216.73.216.126 - - [13/Jul/2025:01:41:47 +0000] "GET /events/list/?outlook-ical=1&tribe-bar-date=2028-01-10 HTTP/1.1" 200 1132 "-" "Mozilla/5.0 AppleWebKit/537.36 (KHTML, like Gecko; compatible; ClaudeBot/1.0; [email protected])"
209.74.77.214 - - [13/Jul/2025:01:42:31 +0000] "POST /wp-cron.php?doing_wp_cron=1752370951.7553040981292724609375 HTTP/1.1" 200 - "-" "WordPress/6.8.1; https://teamhachem.com"
216.73.216.126 - - [13/Jul/2025:01:42:29 +0000] "GET /events/list/?outlook-ical=1&tribe-bar-date=2028-01-16 HTTP/1.1" 200 1132 "-" "Mozilla/5.0 AppleWebKit/537.36 (KHTML, like Gecko; compatible; ClaudeBot/1.0; [email protected])"
209.74.77.214 - - [13/Jul/2025:01:43:19 +0000] "POST /wp-cron.php?doing_wp_cron=1752370999.9043960571289062500000 HTTP/1.1" 200 - "-" "WordPress/6.8.1; https://teamhachem.com"
216.73.216.126 - - [13/Jul/2025:01:43:18 +0000] "GET /events/list/?eventDisplay=past&tribe-bar-date=2028-01-14 HTTP/1.1" 200 20226 "-" "Mozilla/5.0 AppleWebKit/537.36 (KHTML, like Gecko; compatible; ClaudeBot/1.0; [email protected])"
209.74.77.214 - - [13/Jul/2025:01:44:50 +0000] "POST /wp-cron.php?doing_wp_cron=1752371090.2291009426116943359375 HTTP/1.1" 200 - "-" "WordPress/6.8.1; https://teamhachem.com"
51.222.253.9 - - [13/Jul/2025:01:44:48 +0000] "GET /events/list/?tribe-bar-date=2025-01-14 HTTP/1.1" 200 19783 "-" "Mozilla/5.0 (compatible; AhrefsBot/7.0; +http://ahrefs.com/robot/)"
209.74.77.214 - - [13/Jul/2025:01:45:31 +0000] "POST /wp-cron.php?doing_wp_cron=1752371131.5676629543304443359375 HTTP/1.1" 200 - "-" "WordPress/6.8.1; https://teamhachem.com"
216.73.216.126 - - [13/Jul/2025:01:45:29 +0000] "GET /events/list/?ical=1&tribe-bar-date=2028-01-20 HTTP/1.1" 200 1137 "-" "Mozilla/5.0 AppleWebKit/537.36 (KHTML, like Gecko; compatible; ClaudeBot/1.0; [email protected])"
209.74.77.214 - - [13/Jul/2025:01:46:09 +0000] "POST /wp-cron.php?doing_wp_cron=1752371169.4277420043945312500000 HTTP/1.1" 200 - "-" "WordPress/6.8.1; https://teamhachem.com"
216.73.216.126 - - [13/Jul/2025:01:46:07 +0000] "GET /events/list/?outlook-ical=1&tribe-bar-date=2027-12-20 HTTP/1.1" 200 1132 "-" "Mozilla/5.0 AppleWebKit/537.36 (KHTML, like Gecko; compatible; ClaudeBot/1.0; [email protected])"
209.74.77.214 - - [13/Jul/2025:01:46:29 +0000] "POST /wp-cron.php?doing_wp_cron=1752371189.2082970142364501953125 HTTP/1.1" 200 - "-" "WordPress/6.8.1; https://teamhachem.com"
52.2.58.41 - - [13/Jul/2025:01:46:29 +0000] "GET /events/list/?eventDisplay=past&tribe-bar-date=2026-07-16 HTTP/1.1" 200 20230 "-" "Mozilla/5.0 AppleWebKit/537.36 (KHTML, like Gecko; compatible; Amazonbot/0.1; +https://developer.amazon.com/support/amazonbot) Chrome/119.0.6045.214 Safari/537.36"
216.73.216.126 - - [13/Jul/2025:01:46:54 +0000] "GET /events/list/?eventDisplay=past&tribe-bar-date=2028-01-21 HTTP/1.1" 200 20219 "-" "Mozilla/5.0 AppleWebKit/537.36 (KHTML, like Gecko; compatible; ClaudeBot/1.0; [email protected])"
209.74.77.214 - - [13/Jul/2025:01:48:22 +0000] "POST /wp-cron.php?doing_wp_cron=1752371302.0065279006958007812500 HTTP/1.1" 200 - "-" "WordPress/6.8.1; https://teamhachem.com"
216.73.216.126 - - [13/Jul/2025:01:48:20 +0000] "GET /events/list/?eventDisplay=past&tribe-bar-date=2027-12-14 HTTP/1.1" 200 20215 "-" "Mozilla/5.0 AppleWebKit/537.36 (KHTML, like Gecko; compatible; ClaudeBot/1.0; [email protected])"
209.74.77.214 - - [13/Jul/2025:01:49:47 +0000] "POST /wp-cron.php?doing_wp_cron=1752371387.7137439250946044921875 HTTP/1.1" 200 - "-" "WordPress/6.8.1; https://teamhachem.com"
216.73.216.126 - - [13/Jul/2025:01:49:46 +0000] "GET /events/list/?outlook-ical=1&tribe-bar-date=2028-01-02 HTTP/1.1" 200 1133 "-" "Mozilla/5.0 AppleWebKit/537.36 (KHTML, like Gecko; compatible; ClaudeBot/1.0; [email protected])"
216.73.216.126 - - [13/Jul/2025:01:49:45 +0000] "GET /events/list/?outlook-ical=1&tribe-bar-date=2028-01-22 HTTP/1.1" 200 1133 "-" "Mozilla/5.0 AppleWebKit/537.36 (KHTML, like Gecko; compatible; ClaudeBot/1.0; [email protected])"
209.74.77.214 - - [13/Jul/2025:01:50:35 +0000] "POST /wp-cron.php?doing_wp_cron=1752371435.4294269084930419921875 HTTP/1.1" 200 - "-" "WordPress/6.8.1; https://teamhachem.com"
209.74.77.214 - - [13/Jul/2025:01:50:35 +0000] "POST /wp-cron.php?doing_wp_cron=1752371435.4294109344482421875000 HTTP/1.1" 200 - "-" "WordPress/6.8.1; https://teamhachem.com"
216.73.216.126 - - [13/Jul/2025:01:50:33 +0000] "GET /events/2028-03-23 HTTP/1.1" 301 - "-" "Mozilla/5.0 AppleWebKit/537.36 (KHTML, like Gecko; compatible; ClaudeBot/1.0; [email protected])"
216.73.216.126 - - [13/Jul/2025:01:50:34 +0000] "GET /events/list/?eventDisplay=past&ical=1&tribe-bar-date=2027-11-07 HTTP/1.1" 200 1292 "-" "Mozilla/5.0 AppleWebKit/537.36 (KHTML, like Gecko; compatible; ClaudeBot/1.0; [email protected])"
216.73.216.126 - - [13/Jul/2025:01:50:35 +0000] "GET /events/2028-03-23/ HTTP/1.1" 200 19468 "https://teamhachem.com/events/2028-03-23" "Mozilla/5.0 AppleWebKit/537.36 (KHTML, like Gecko; compatible; ClaudeBot/1.0; [email protected])"
209.74.77.214 - - [13/Jul/2025:01:51:35 +0000] "POST /wp-cron.php?doing_wp_cron=1752371495.5870769023895263671875 HTTP/1.1" 200 - "-" "WordPress/6.8.1; https://teamhachem.com"
51.222.253.7 - - [13/Jul/2025:01:51:33 +0000] "GET /events/list/?tribe-bar-date=2025-01-15 HTTP/1.1" 200 19793 "-" "Mozilla/5.0 (compatible; AhrefsBot/7.0; +http://ahrefs.com/robot/)"
216.73.216.126 - - [13/Jul/2025:01:51:48 +0000] "GET /events/list/?eventDisplay=past&tribe-bar-date=2028-01-19 HTTP/1.1" 200 20222 "-" "Mozilla/5.0 AppleWebKit/537.36 (KHTML, like Gecko; compatible; ClaudeBot/1.0; [email protected])"
209.74.77.214 - - [13/Jul/2025:01:52:34 +0000] "POST /wp-cron.php?doing_wp_cron=1752371554.6500470638275146484375 HTTP/1.1" 200 - "-" "WordPress/6.8.1; https://teamhachem.com"
216.73.216.126 - - [13/Jul/2025:01:52:32 +0000] "GET /events/2028-03-21 HTTP/1.1" 301 - "-" "Mozilla/5.0 AppleWebKit/537.36 (KHTML, like Gecko; compatible; ClaudeBot/1.0; [email protected])"
216.73.216.126 - - [13/Jul/2025:01:52:34 +0000] "GET /events/2028-03-21/ HTTP/1.1" 200 19475 "https://teamhachem.com/events/2028-03-21" "Mozilla/5.0 AppleWebKit/537.36 (KHTML, like Gecko; compatible; ClaudeBot/1.0; [email protected])"
209.74.77.214 - - [13/Jul/2025:01:53:16 +0000] "POST /wp-cron.php?doing_wp_cron=1752371596.9347760677337646484375 HTTP/1.1" 200 - "-" "WordPress/6.8.1; https://teamhachem.com"
216.73.216.126 - - [13/Jul/2025:01:53:15 +0000] "GET /events/list/?ical=1&tribe-bar-date=2028-01-14 HTTP/1.1" 200 1138 "-" "Mozilla/5.0 AppleWebKit/537.36 (KHTML, like Gecko; compatible; ClaudeBot/1.0; [email protected])"
209.74.77.214 - - [13/Jul/2025:01:54:07 +0000] "POST /wp-cron.php?doing_wp_cron=1752371647.8811860084533691406250 HTTP/1.1" 200 - "-" "WordPress/6.8.1; https://teamhachem.com"
216.73.216.126 - - [13/Jul/2025:01:54:06 +0000] "GET /events/list/?outlook-ical=1&tribe-bar-date=2027-12-19 HTTP/1.1" 200 1132 "-" "Mozilla/5.0 AppleWebKit/537.36 (KHTML, like Gecko; compatible; ClaudeBot/1.0; [email protected])"
209.74.77.214 - - [13/Jul/2025:01:54:47 +0000] "POST /wp-cron.php?doing_wp_cron=1752371687.7189729213714599609375 HTTP/1.1" 200 - "-" "WordPress/6.8.1; https://teamhachem.com"
216.73.216.126 - - [13/Jul/2025:01:54:45 +0000] "GET /events/list/?eventDisplay=past&ical=1&tribe-bar-date=2027-11-11 HTTP/1.1" 200 1292 "-" "Mozilla/5.0 AppleWebKit/537.36 (KHTML, like Gecko; compatible; ClaudeBot/1.0; [email protected])"
209.74.77.214 - - [13/Jul/2025:01:57:53 +0000] "POST /wp-cron.php?doing_wp_cron=1752371872.9903819561004638671875 HTTP/1.1" 200 - "-" "WordPress/6.8.1; https://teamhachem.com"
209.74.77.214 - - [13/Jul/2025:01:57:53 +0000] "POST /wp-cron.php?doing_wp_cron=1752371872.9903810024261474609375 HTTP/1.1" 200 - "-" "WordPress/6.8.1; https://teamhachem.com"
216.73.216.126 - - [13/Jul/2025:01:57:51 +0000] "GET /events/list/?ical=1&tribe-bar-date=2028-01-25 HTTP/1.1" 200 1138 "-" "Mozilla/5.0 AppleWebKit/537.36 (KHTML, like Gecko; compatible; ClaudeBot/1.0; [email protected])"
216.73.216.126 - - [13/Jul/2025:01:57:51 +0000] "GET /events/list/?eventDisplay=past&ical=1&tribe-bar-date=2027-11-25 HTTP/1.1" 200 1292 "-" "Mozilla/5.0 AppleWebKit/537.36 (KHTML, like Gecko; compatible; ClaudeBot/1.0; [email protected])"
209.74.77.214 - - [13/Jul/2025:01:58:30 +0000] "POST /wp-cron.php?doing_wp_cron=1752371910.1269168853759765625000 HTTP/1.1" 200 - "-" "WordPress/6.8.1; https://teamhachem.com"
51.222.253.13 - - [13/Jul/2025:01:58:28 +0000] "GET /events/2025-12-07/ HTTP/1.1" 200 19460 "-" "Mozilla/5.0 (compatible; AhrefsBot/7.0; +http://ahrefs.com/robot/)"
216.73.216.126 - - [13/Jul/2025:01:58:37 +0000] "GET /events/list/?eventDisplay=past&tribe-bar-date=2028-01-16 HTTP/1.1" 200 20224 "-" "Mozilla/5.0 AppleWebKit/537.36 (KHTML, like Gecko; compatible; ClaudeBot/1.0; [email protected])"
216.73.216.126 - - [13/Jul/2025:01:58:37 +0000] "GET /events/2028-03-09 HTTP/1.1" 301 - "-" "Mozilla/5.0 AppleWebKit/537.36 (KHTML, like Gecko; compatible; ClaudeBot/1.0; [email protected])"
216.73.216.126 - - [13/Jul/2025:01:58:37 +0000] "GET /events/list/?ical=1&tribe-bar-date=2027-12-19 HTTP/1.1" 200 1138 "-" "Mozilla/5.0 AppleWebKit/537.36 (KHTML, like Gecko; compatible; ClaudeBot/1.0; [email protected])"
216.73.216.126 - - [13/Jul/2025:01:58:37 +0000] "GET /events/2028-03-09/ HTTP/1.1" 200 19479 "https://teamhachem.com/events/2028-03-09" "Mozilla/5.0 AppleWebKit/537.36 (KHTML, like Gecko; compatible; ClaudeBot/1.0; [email protected])"
209.74.77.214 - - [13/Jul/2025:02:00:31 +0000] "POST /wp-cron.php?doing_wp_cron=1752372031.8132541179656982421875 HTTP/1.1" 200 - "-" "WordPress/6.8.1; https://teamhachem.com"
216.73.216.126 - - [13/Jul/2025:02:00:30 +0000] "GET /events/list/?outlook-ical=1&tribe-bar-date=2028-01-29 HTTP/1.1" 200 1132 "-" "Mozilla/5.0 AppleWebKit/537.36 (KHTML, like Gecko; compatible; ClaudeBot/1.0; [email protected])"
209.74.77.214 - - [13/Jul/2025:02:01:07 +0000] "POST /wp-cron.php?doing_wp_cron=1752372067.6513609886169433593750 HTTP/1.1" 200 - "-" "WordPress/6.8.1; https://teamhachem.com"
85.208.96.205 - - [13/Jul/2025:02:01:05 +0000] "GET /events/list/?eventDisplay=past&tribe-bar-date=2025-08-27 HTTP/1.1" 200 20211 "-" "Mozilla/5.0 (compatible; SemrushBot/7~bl; +http://www.semrush.com/bot.html)"
209.74.77.214 - - [13/Jul/2025:02:03:30 +0000] "POST /wp-cron.php?doing_wp_cron=1752372210.5190489292144775390625 HTTP/1.1" 200 - "-" "WordPress/6.8.1; https://teamhachem.com"
216.73.216.126 - - [13/Jul/2025:02:03:28 +0000] "GET /events/2027-11-15/?ical=1 HTTP/1.1" 200 1137 "-" "Mozilla/5.0 AppleWebKit/537.36 (KHTML, like Gecko; compatible; ClaudeBot/1.0; [email protected])"
209.74.77.214 - - [13/Jul/2025:02:05:08 +0000] "POST /wp-cron.php?doing_wp_cron=1752372308.9769840240478515625000 HTTP/1.1" 200 - "-" "WordPress/6.8.1; https://teamhachem.com"
51.222.253.20 - - [13/Jul/2025:02:05:06 +0000] "GET /events/list/?tribe-bar-date=2025-01-19 HTTP/1.1" 200 19796 "-" "Mozilla/5.0 (compatible; AhrefsBot/7.0; +http://ahrefs.com/robot/)"
209.74.77.214 - - [13/Jul/2025:02:06:41 +0000] "POST /wp-cron.php?doing_wp_cron=1752372401.6287748813629150390625 HTTP/1.1" 200 - "-" "WordPress/6.8.1; https://teamhachem.com"
20.171.207.98 - - [13/Jul/2025:02:06:39 +0000] "GET /events/2023-04-28/?outlook-ical=1 HTTP/1.1" 200 - "-" "Mozilla/5.0 AppleWebKit/537.36 (KHTML, like Gecko; compatible; GPTBot/1.2; +https://openai.com/gptbot)"
20.171.207.98 - - [13/Jul/2025:02:06:43 +0000] "GET /events/2023-04-28/?ical=1 HTTP/1.1" 200 - "-" "Mozilla/5.0 AppleWebKit/537.36 (KHTML, like Gecko; compatible; GPTBot/1.2; +https://openai.com/gptbot)"
209.74.77.214 - - [13/Jul/2025:02:07:12 +0000] "POST /wp-cron.php?doing_wp_cron=1752372432.0675890445709228515625 HTTP/1.1" 200 - "-" "WordPress/6.8.1; https://teamhachem.com"
216.73.216.126 - - [13/Jul/2025:02:07:11 +0000] "GET /events/list/?eventDisplay=past&tribe-bar-date=2027-12-10 HTTP/1.1" 200 20201 "-" "Mozilla/5.0 AppleWebKit/537.36 (KHTML, like Gecko; compatible; ClaudeBot/1.0; [email protected])"
209.74.77.214 - - [13/Jul/2025:02:08:02 +0000] "POST /wp-cron.php?doing_wp_cron=1752372482.0698370933532714843750 HTTP/1.1" 200 - "-" "WordPress/6.8.1; https://teamhachem.com"
216.73.216.126 - - [13/Jul/2025:02:08:00 +0000] "GET /events/list/?eventDisplay=past&ical=1&tribe-bar-date=2027-09-16 HTTP/1.1" 200 1291 "-" "Mozilla/5.0 AppleWebKit/537.36 (KHTML, like Gecko; compatible; ClaudeBot/1.0; [email protected])"
209.74.77.214 - - [13/Jul/2025:02:11:00 +0000] "POST /wp-cron.php?doing_wp_cron=1752372660.6324589252471923828125 HTTP/1.1" 200 - "-" "WordPress/6.8.1; https://teamhachem.com"
216.73.216.126 - - [13/Jul/2025:02:10:58 +0000] "GET /events/2027-11-05/?ical=1 HTTP/1.1" 200 1137 "-" "Mozilla/5.0 AppleWebKit/537.36 (KHTML, like Gecko; compatible; ClaudeBot/1.0; [email protected])"
209.74.77.214 - - [13/Jul/2025:02:11:51 +0000] "POST /wp-cron.php?doing_wp_cron=1752372711.7367889881134033203125 HTTP/1.1" 200 - "-" "WordPress/6.8.1; https://teamhachem.com"
216.73.216.126 - - [13/Jul/2025:02:11:49 +0000] "GET /events/list/?ical=1&tribe-bar-date=2027-10-06 HTTP/1.1" 200 1137 "-" "Mozilla/5.0 AppleWebKit/537.36 (KHTML, like Gecko; compatible; ClaudeBot/1.0; [email protected])"
209.74.77.214 - - [13/Jul/2025:02:12:20 +0000] "POST /wp-cron.php?doing_wp_cron=1752372740.9307229518890380859375 HTTP/1.1" 200 - "-" "WordPress/6.8.1; https://teamhachem.com"
51.222.253.9 - - [13/Jul/2025:02:12:20 +0000] "GET /events/list/?tribe-bar-date=2025-01-18 HTTP/1.1" 200 19780 "-" "Mozilla/5.0 (compatible; AhrefsBot/7.0; +http://ahrefs.com/robot/)"
209.74.77.214 - - [13/Jul/2025:02:15:06 +0000] "POST /wp-cron.php?doing_wp_cron=1752372906.5625929832458496093750 HTTP/1.1" 200 - "-" "WordPress/6.8.1; https://teamhachem.com"
100.25.120.246 - - [13/Jul/2025:02:15:04 +0000] "GET /events/2026-09-22/ HTTP/1.1" 200 19470 "-" "Mozilla/5.0 AppleWebKit/537.36 (KHTML, like Gecko; compatible; Amazonbot/0.1; +https://developer.amazon.com/support/amazonbot) Chrome/119.0.6045.214 Safari/537.36"
209.74.77.214 - - [13/Jul/2025:02:15:35 +0000] "POST /wp-cron.php?doing_wp_cron=1752372935.3162450790405273437500 HTTP/1.1" 200 - "-" "WordPress/6.8.1; https://teamhachem.com"
216.73.216.126 - - [13/Jul/2025:02:15:35 +0000] "GET /events/list/?eventDisplay=past&ical=1&tribe-bar-date=2027-11-19 HTTP/1.1" 200 1290 "-" "Mozilla/5.0 AppleWebKit/537.36 (KHTML, like Gecko; compatible; ClaudeBot/1.0; [email protected])"
209.74.77.214 - - [13/Jul/2025:02:16:55 +0000] "POST /wp-cron.php?doing_wp_cron=1752373015.3723990917205810546875 HTTP/1.1" 200 - "-" "WordPress/6.8.1; https://teamhachem.com"
216.73.216.126 - - [13/Jul/2025:02:16:53 +0000] "GET /events/list/?outlook-ical=1&tribe-bar-date=2027-12-10 HTTP/1.1" 200 1132 "-" "Mozilla/5.0 AppleWebKit/537.36 (KHTML, like Gecko; compatible; ClaudeBot/1.0; [email protected])"
209.74.77.214 - - [13/Jul/2025:02:18:30 +0000] "POST /wp-cron.php?doing_wp_cron=1752373110.7495019435882568359375 HTTP/1.1" 200 - "-" "WordPress/6.8.1; https://teamhachem.com"
216.73.216.126 - - [13/Jul/2025:02:18:29 +0000] "GET /events/2028-02-01/?outlook-ical=1 HTTP/1.1" 200 1131 "-" "Mozilla/5.0 AppleWebKit/537.36 (KHTML, like Gecko; compatible; ClaudeBot/1.0; [email protected])"
209.74.77.214 - - [13/Jul/2025:02:19:38 +0000] "POST /wp-cron.php?doing_wp_cron=1752373178.2678320407867431640625 HTTP/1.1" 200 - "-" "WordPress/6.8.1; https://teamhachem.com"
104.210.140.142 - - [13/Jul/2025:02:19:36 +0000] "GET /robots.txt HTTP/1.1" 200 154 "-" "Mozilla/5.0 (Macintosh; Intel Mac OS X 10_15_7) AppleWebKit/537.36 (KHTML, like Gecko) Chrome/131.0.0.0 Safari/537.36; compatible; OAI-SearchBot/1.0; +https://openai.com/searchbot"
51.222.253.3 - - [13/Jul/2025:02:19:38 +0000] "GET /events/list/?tribe-bar-date=2025-01-13 HTTP/1.1" 200 19789 "-" "Mozilla/5.0 (compatible; AhrefsBot/7.0; +http://ahrefs.com/robot/)"
209.74.77.214 - - [13/Jul/2025:02:24:45 +0000] "POST /wp-cron.php?doing_wp_cron=1752373485.4358899593353271484375 HTTP/1.1" 200 - "-" "WordPress/6.8.1; https://teamhachem.com"
216.73.216.126 - - [13/Jul/2025:02:24:43 +0000] "GET /events/list/?tribe-bar-date=2028-01-08 HTTP/1.1" 200 19796 "-" "Mozilla/5.0 AppleWebKit/537.36 (KHTML, like Gecko; compatible; ClaudeBot/1.0; [email protected])"
209.74.77.214 - - [13/Jul/2025:02:25:56 +0000] "POST /wp-cron.php?doing_wp_cron=1752373556.0489621162414550781250 HTTP/1.1" 200 - "-" "WordPress/6.8.1; https://teamhachem.com"
85.208.96.195 - - [13/Jul/2025:02:25:54 +0000] "GET /faq/ HTTP/1.1" 200 14122 "-" "Mozilla/5.0 (compatible; SemrushBot/7~bl; +http://www.semrush.com/bot.html)"
51.222.253.14 - - [13/Jul/2025:02:26:00 +0000] "GET /events/month/2026-01/ HTTP/1.1" 200 24599 "-" "Mozilla/5.0 (compatible; AhrefsBot/7.0; +http://ahrefs.com/robot/)"
209.74.77.214 - - [13/Jul/2025:02:28:06 +0000] "POST /wp-cron.php?doing_wp_cron=1752373686.5758109092712402343750 HTTP/1.1" 200 - "-" "WordPress/6.8.1; https://teamhachem.com"
216.73.216.126 - - [13/Jul/2025:02:28:04 +0000] "GET /robots.txt HTTP/1.1" 200 154 "-" "Mozilla/5.0 AppleWebKit/537.36 (KHTML, like Gecko; compatible; ClaudeBot/1.0; [email protected])"
216.73.216.126 - - [13/Jul/2025:02:28:06 +0000] "GET /events/list/?eventDisplay=past&ical=1&tribe-bar-date=2027-12-18 HTTP/1.1" 200 1292 "-" "Mozilla/5.0 AppleWebKit/537.36 (KHTML, like Gecko; compatible; ClaudeBot/1.0; [email protected])"
209.74.77.214 - - [13/Jul/2025:02:29:58 +0000] "POST /wp-cron.php?doing_wp_cron=1752373798.8076798915863037109375 HTTP/1.1" 200 - "-" "WordPress/6.8.1; https://teamhachem.com"
216.73.216.126 - - [13/Jul/2025:02:29:57 +0000] "GET /events/list/?eventDisplay=past&ical=1&tribe-bar-date=2027-11-20 HTTP/1.1" 200 1291 "-" "Mozilla/5.0 AppleWebKit/537.36 (KHTML, like Gecko; compatible; ClaudeBot/1.0; [email protected])"
209.74.77.214 - - [13/Jul/2025:02:30:36 +0000] "POST /wp-cron.php?doing_wp_cron=1752373836.7149169445037841796875 HTTP/1.1" 200 - "-" "WordPress/6.8.1; https://teamhachem.com"
216.73.216.126 - - [13/Jul/2025:02:30:35 +0000] "GET /events/2028-02-06/?ical=1 HTTP/1.1" 200 1137 "-" "Mozilla/5.0 AppleWebKit/537.36 (KHTML, like Gecko; compatible; ClaudeBot/1.0; [email protected])"
209.74.77.214 - - [13/Jul/2025:02:31:23 +0000] "POST /wp-cron.php?doing_wp_cron=1752373883.0008990764617919921875 HTTP/1.1" 200 - "-" "WordPress/6.8.1; https://teamhachem.com"
216.73.216.126 - - [13/Jul/2025:02:31:21 +0000] "GET /events/list/?eventDisplay=past&ical=1&tribe-bar-date=2027-10-11 HTTP/1.1" 200 1290 "-" "Mozilla/5.0 AppleWebKit/537.36 (KHTML, like Gecko; compatible; ClaudeBot/1.0; [email protected])"
209.74.77.214 - - [13/Jul/2025:02:32:24 +0000] "POST /wp-cron.php?doing_wp_cron=1752373944.7342910766601562500000 HTTP/1.1" 200 - "-" "WordPress/6.8.1; https://teamhachem.com"
51.222.253.9 - - [13/Jul/2025:02:32:22 +0000] "GET /events/list/?tribe-bar-date=2025-01-01&eventDisplay=past HTTP/1.1" 200 20218 "-" "Mozilla/5.0 (compatible; AhrefsBot/7.0; +http://ahrefs.com/robot/)"
209.74.77.214 - - [13/Jul/2025:02:35:22 +0000] "POST /wp-cron.php?doing_wp_cron=1752374122.0506079196929931640625 HTTP/1.1" 200 - "-" "WordPress/6.8.1; https://teamhachem.com"
216.73.216.126 - - [13/Jul/2025:02:35:20 +0000] "GET /events/2027-11-15/?outlook-ical=1 HTTP/1.1" 200 1133 "-" "Mozilla/5.0 AppleWebKit/537.36 (KHTML, like Gecko; compatible; ClaudeBot/1.0; [email protected])"
216.73.216.126 - - [13/Jul/2025:02:35:20 +0000] "GET /events/list/?eventDisplay=past&ical=1&tribe-bar-date=2027-12-31 HTTP/1.1" 200 1290 "-" "Mozilla/5.0 AppleWebKit/537.36 (KHTML, like Gecko; compatible; ClaudeBot/1.0; [email protected])"
209.74.77.214 - - [13/Jul/2025:02:38:32 +0000] "POST /wp-cron.php?doing_wp_cron=1752374312.6151409149169921875000 HTTP/1.1" 200 - "-" "WordPress/6.8.1; https://teamhachem.com"
185.191.171.16 - - [13/Jul/2025:02:38:30 +0000] "GET /robots.txt HTTP/1.1" 200 154 "-" "Mozilla/5.0 (compatible; SemrushBot/7~bl; +http://www.semrush.com/bot.html)"
185.191.171.1 - - [13/Jul/2025:02:38:33 +0000] "GET /events/list/?eventDisplay=past&tribe-bar-date=2025-08-29 HTTP/1.1" 200 20210 "-" "Mozilla/5.0 (compatible; SemrushBot/7~bl; +http://www.semrush.com/bot.html)"
216.73.216.126 - - [13/Jul/2025:02:38:35 +0000] "GET /events/list/?ical=1&tribe-bar-date=2027-12-06 HTTP/1.1" 200 1138 "-" "Mozilla/5.0 AppleWebKit/537.36 (KHTML, like Gecko; compatible; ClaudeBot/1.0; [email protected])"
51.222.253.12 - - [13/Jul/2025:02:38:58 +0000] "GET /events/list/?tribe-bar-date=2025-01-16&eventDisplay=past HTTP/1.1" 200 20210 "-" "Mozilla/5.0 (compatible; AhrefsBot/7.0; +http://ahrefs.com/robot/)"
209.74.77.214 - - [13/Jul/2025:02:39:22 +0000] "POST /wp-cron.php?doing_wp_cron=1752374362.7780089378356933593750 HTTP/1.1" 200 - "-" "WordPress/6.8.1; https://teamhachem.com"
216.73.216.126 - - [13/Jul/2025:02:39:22 +0000] "GET /events/list/?outlook-ical=1&tribe-bar-date=2027-10-31 HTTP/1.1" 200 1133 "-" "Mozilla/5.0 AppleWebKit/537.36 (KHTML, like Gecko; compatible; ClaudeBot/1.0; [email protected])"
209.74.77.214 - - [13/Jul/2025:02:40:11 +0000] "POST /wp-cron.php?doing_wp_cron=1752374411.1109690666198730468750 HTTP/1.1" 200 - "-" "WordPress/6.8.1; https://teamhachem.com"
216.73.216.126 - - [13/Jul/2025:02:40:09 +0000] "GET /events/list/?eventDisplay=past&tribe-bar-date=2027-10-31 HTTP/1.1" 200 20216 "-" "Mozilla/5.0 AppleWebKit/537.36 (KHTML, like Gecko; compatible; ClaudeBot/1.0; [email protected])"
209.74.77.214 - - [13/Jul/2025:02:42:06 +0000] "POST /wp-cron.php?doing_wp_cron=1752374526.5289320945739746093750 HTTP/1.1" 200 - "-" "WordPress/6.8.1; https://teamhachem.com"
51.222.253.4 - - [13/Jul/2025:02:42:04 +0000] "GET /events/list/?tribe-bar-date=2025-01-10&eventDisplay=past HTTP/1.1" 200 20204 "-" "Mozilla/5.0 (compatible; AhrefsBot/7.0; +http://ahrefs.com/robot/)"
209.74.77.214 - - [13/Jul/2025:02:42:37 +0000] "POST /wp-cron.php?doing_wp_cron=1752374557.5272369384765625000000 HTTP/1.1" 200 - "-" "WordPress/6.8.1; https://teamhachem.com"
216.73.216.126 - - [13/Jul/2025:02:42:37 +0000] "GET /events/2028-02-01/?ical=1 HTTP/1.1" 200 1137 "-" "Mozilla/5.0 AppleWebKit/537.36 (KHTML, like Gecko; compatible; ClaudeBot/1.0; [email protected])"
209.74.77.214 - - [13/Jul/2025:02:43:46 +0000] "POST /wp-cron.php?doing_wp_cron=1752374626.4807350635528564453125 HTTP/1.1" 200 - "-" "WordPress/6.8.1; https://teamhachem.com"
54.89.90.224 - - [13/Jul/2025:02:43:44 +0000] "GET /events/list/?eventDisplay=past&tribe-bar-date=2026-07-18 HTTP/1.1" 200 20219 "-" "Mozilla/5.0 AppleWebKit/537.36 (KHTML, like Gecko; compatible; Amazonbot/0.1; +https://developer.amazon.com/support/amazonbot) Chrome/119.0.6045.214 Safari/537.36"
Page not found – Hello World !