216.73.216.126 - - [12/Jul/2025:22:55:09 +0000] "GET /events/2028-02-24/?ical=1 HTTP/1.1" 200 1138 "-" "Mozilla/5.0 AppleWebKit/537.36 (KHTML, like Gecko; compatible; ClaudeBot/1.0; [email protected])"
216.73.216.126 - - [12/Jul/2025:22:55:10 +0000] "GET /events/list/?outlook-ical=1&tribe-bar-date=2028-02-03 HTTP/1.1" 200 1132 "-" "Mozilla/5.0 AppleWebKit/537.36 (KHTML, like Gecko; compatible; ClaudeBot/1.0; [email protected])"
209.74.77.214 - - [12/Jul/2025:22:55:44 +0000] "POST /wp-cron.php?doing_wp_cron=1752360944.1080279350280761718750 HTTP/1.1" 200 - "-" "WordPress/6.8.1; https://teamhachem.com"
20.171.207.98 - - [12/Jul/2025:22:55:42 +0000] "GET /events/2022-08-26/?outlook-ical=1 HTTP/1.1" 200 - "-" "Mozilla/5.0 AppleWebKit/537.36 (KHTML, like Gecko; compatible; GPTBot/1.2; +https://openai.com/gptbot)"
20.171.207.98 - - [12/Jul/2025:22:55:52 +0000] "GET /events/2022-08-26/?ical=1 HTTP/1.1" 200 - "-" "Mozilla/5.0 AppleWebKit/537.36 (KHTML, like Gecko; compatible; GPTBot/1.2; +https://openai.com/gptbot)"
209.74.77.214 - - [12/Jul/2025:22:56:59 +0000] "POST /wp-cron.php?doing_wp_cron=1752361019.3787519931793212890625 HTTP/1.1" 200 - "-" "WordPress/6.8.1; https://teamhachem.com"
216.73.216.126 - - [12/Jul/2025:22:56:58 +0000] "GET /events/list/?ical=1&tribe-bar-date=2028-01-07 HTTP/1.1" 200 1138 "-" "Mozilla/5.0 AppleWebKit/537.36 (KHTML, like Gecko; compatible; ClaudeBot/1.0; [email protected])"
216.73.216.126 - - [12/Jul/2025:22:56:57 +0000] "GET /events/2028-02-17/?ical=1 HTTP/1.1" 200 1138 "-" "Mozilla/5.0 AppleWebKit/537.36 (KHTML, like Gecko; compatible; ClaudeBot/1.0; [email protected])"
216.73.216.126 - - [12/Jul/2025:22:56:58 +0000] "GET /events/2028-02-16/?outlook-ical=1 HTTP/1.1" 200 1132 "-" "Mozilla/5.0 AppleWebKit/537.36 (KHTML, like Gecko; compatible; ClaudeBot/1.0; [email protected])"
209.74.77.214 - - [12/Jul/2025:22:57:01 +0000] "POST /wp-cron.php?doing_wp_cron=1752361021.4368720054626464843750 HTTP/1.1" 200 - "-" "WordPress/6.8.1; https://teamhachem.com"
20.171.207.98 - - [12/Jul/2025:22:57:01 +0000] "GET /events/2023-11-03/?ical=1 HTTP/1.1" 200 - "-" "Mozilla/5.0 AppleWebKit/537.36 (KHTML, like Gecko; compatible; GPTBot/1.2; +https://openai.com/gptbot)"
20.171.207.98 - - [12/Jul/2025:22:57:02 +0000] "GET /events/2023-11-03/?outlook-ical=1 HTTP/1.1" 200 - "-" "Mozilla/5.0 AppleWebKit/537.36 (KHTML, like Gecko; compatible; GPTBot/1.2; +https://openai.com/gptbot)"
20.171.207.98 - - [12/Jul/2025:22:57:05 +0000] "GET /events/2023-10-31/?ical=1 HTTP/1.1" 200 - "-" "Mozilla/5.0 AppleWebKit/537.36 (KHTML, like Gecko; compatible; GPTBot/1.2; +https://openai.com/gptbot)"
209.74.77.214 - - [12/Jul/2025:22:57:48 +0000] "POST /wp-cron.php?doing_wp_cron=1752361068.2863619327545166015625 HTTP/1.1" 200 - "-" "WordPress/6.8.1; https://teamhachem.com"
209.74.77.214 - - [12/Jul/2025:22:57:48 +0000] "POST /wp-cron.php?doing_wp_cron=1752361068.2863469123840332031250 HTTP/1.1" 200 - "-" "WordPress/6.8.1; https://teamhachem.com"
209.74.77.214 - - [12/Jul/2025:22:57:48 +0000] "POST /wp-cron.php?doing_wp_cron=1752361068.2863469123840332031250 HTTP/1.1" 200 - "-" "WordPress/6.8.1; https://teamhachem.com"
216.73.216.126 - - [12/Jul/2025:22:57:47 +0000] "GET /events/2028-02-20/?outlook-ical=1 HTTP/1.1" 200 1132 "-" "Mozilla/5.0 AppleWebKit/537.36 (KHTML, like Gecko; compatible; ClaudeBot/1.0; [email protected])"
216.73.216.126 - - [12/Jul/2025:22:57:47 +0000] "GET /events/list/?outlook-ical=1&tribe-bar-date=2028-02-01 HTTP/1.1" 200 1132 "-" "Mozilla/5.0 AppleWebKit/537.36 (KHTML, like Gecko; compatible; ClaudeBot/1.0; [email protected])"
216.73.216.126 - - [12/Jul/2025:22:57:46 +0000] "GET /events/list/?tribe-bar-date=2028-02-12 HTTP/1.1" 200 19799 "-" "Mozilla/5.0 AppleWebKit/537.36 (KHTML, like Gecko; compatible; ClaudeBot/1.0; [email protected])"
209.74.77.214 - - [12/Jul/2025:22:58:45 +0000] "POST /wp-cron.php?doing_wp_cron=1752361125.2392759323120117187500 HTTP/1.1" 200 - "-" "WordPress/6.8.1; https://teamhachem.com"
216.73.216.126 - - [12/Jul/2025:22:58:43 +0000] "GET /events/2028-02-15/?outlook-ical=1 HTTP/1.1" 200 1132 "-" "Mozilla/5.0 AppleWebKit/537.36 (KHTML, like Gecko; compatible; ClaudeBot/1.0; [email protected])"
185.191.171.9 - - [12/Jul/2025:22:58:54 +0000] "GET /product-category/boxing-classes/ HTTP/1.1" 200 15210 "-" "Mozilla/5.0 (compatible; SemrushBot/7~bl; +http://www.semrush.com/bot.html)"
209.74.77.214 - - [12/Jul/2025:23:00:05 +0000] "POST /wp-cron.php?doing_wp_cron=1752361205.2305240631103515625000 HTTP/1.1" 200 - "-" "WordPress/6.8.1; https://teamhachem.com"
209.74.77.214 - - [12/Jul/2025:23:00:05 +0000] "POST /wp-cron.php?doing_wp_cron=1752361205.2304029464721679687500 HTTP/1.1" 200 - "-" "WordPress/6.8.1; https://teamhachem.com"
216.73.216.126 - - [12/Jul/2025:23:00:03 +0000] "GET /events/list/?ical=1&tribe-bar-date=2028-02-02 HTTP/1.1" 200 1136 "-" "Mozilla/5.0 AppleWebKit/537.36 (KHTML, like Gecko; compatible; ClaudeBot/1.0; [email protected])"
216.73.216.126 - - [12/Jul/2025:23:00:03 +0000] "GET /events/list/?eventDisplay=past&tribe-bar-date=2028-01-30 HTTP/1.1" 200 20215 "-" "Mozilla/5.0 AppleWebKit/537.36 (KHTML, like Gecko; compatible; ClaudeBot/1.0; [email protected])"
209.74.77.214 - - [12/Jul/2025:23:00:58 +0000] "POST /wp-cron.php?doing_wp_cron=1752361258.9424300193786621093750 HTTP/1.1" 200 - "-" "WordPress/6.8.1; https://teamhachem.com"
209.74.77.214 - - [12/Jul/2025:23:00:58 +0000] "POST /wp-cron.php?doing_wp_cron=1752361258.9425210952758789062500 HTTP/1.1" 200 - "-" "WordPress/6.8.1; https://teamhachem.com"
209.74.77.214 - - [12/Jul/2025:23:00:58 +0000] "POST /wp-cron.php?doing_wp_cron=1752361258.9424810409545898437500 HTTP/1.1" 200 - "-" "WordPress/6.8.1; https://teamhachem.com"
216.73.216.126 - - [12/Jul/2025:23:00:57 +0000] "GET /events/2028-03-02/?outlook-ical=1 HTTP/1.1" 200 1133 "-" "Mozilla/5.0 AppleWebKit/537.36 (KHTML, like Gecko; compatible; ClaudeBot/1.0; [email protected])"
216.73.216.126 - - [12/Jul/2025:23:00:57 +0000] "GET /events/2028-02-11/?outlook-ical=1 HTTP/1.1" 200 1133 "-" "Mozilla/5.0 AppleWebKit/537.36 (KHTML, like Gecko; compatible; ClaudeBot/1.0; [email protected])"
216.73.216.126 - - [12/Jul/2025:23:00:57 +0000] "GET /events/list/?tribe-bar-date=2028-02-07 HTTP/1.1" 200 19791 "-" "Mozilla/5.0 AppleWebKit/537.36 (KHTML, like Gecko; compatible; ClaudeBot/1.0; [email protected])"
209.74.77.214 - - [12/Jul/2025:23:01:43 +0000] "POST /wp-cron.php?doing_wp_cron=1752361303.4381520748138427734375 HTTP/1.1" 200 - "-" "WordPress/6.8.1; https://teamhachem.com"
209.74.77.214 - - [12/Jul/2025:23:01:43 +0000] "POST /wp-cron.php?doing_wp_cron=1752361303.4381699562072753906250 HTTP/1.1" 200 - "-" "WordPress/6.8.1; https://teamhachem.com"
216.73.216.126 - - [12/Jul/2025:23:01:42 +0000] "GET /events/list/?ical=1&tribe-bar-date=2028-01-13 HTTP/1.1" 200 1136 "-" "Mozilla/5.0 AppleWebKit/537.36 (KHTML, like Gecko; compatible; ClaudeBot/1.0; [email protected])"
216.73.216.126 - - [12/Jul/2025:23:01:41 +0000] "GET /events/2028-02-12/?outlook-ical=1 HTTP/1.1" 200 1130 "-" "Mozilla/5.0 AppleWebKit/537.36 (KHTML, like Gecko; compatible; ClaudeBot/1.0; [email protected])"
209.74.77.214 - - [12/Jul/2025:23:03:17 +0000] "POST /wp-cron.php?doing_wp_cron=1752361397.1880660057067871093750 HTTP/1.1" 200 - "-" "WordPress/6.8.1; https://teamhachem.com"
216.73.216.126 - - [12/Jul/2025:23:03:15 +0000] "GET /events/2028-02-15/?ical=1 HTTP/1.1" 200 1137 "-" "Mozilla/5.0 AppleWebKit/537.36 (KHTML, like Gecko; compatible; ClaudeBot/1.0; [email protected])"
209.74.77.214 - - [12/Jul/2025:23:04:07 +0000] "POST /wp-cron.php?doing_wp_cron=1752361447.6883730888366699218750 HTTP/1.1" 200 - "-" "WordPress/6.8.1; https://teamhachem.com"
216.73.216.126 - - [12/Jul/2025:23:04:05 +0000] "GET /events/list/?outlook-ical=1&tribe-bar-date=2028-01-11 HTTP/1.1" 200 1131 "-" "Mozilla/5.0 AppleWebKit/537.36 (KHTML, like Gecko; compatible; ClaudeBot/1.0; [email protected])"
209.74.77.214 - - [12/Jul/2025:23:07:53 +0000] "POST /wp-cron.php?doing_wp_cron=1752361673.0831110477447509765625 HTTP/1.1" 200 - "-" "WordPress/6.8.1; https://teamhachem.com"
216.73.216.126 - - [12/Jul/2025:23:07:51 +0000] "GET /events/2028-02-22/?outlook-ical=1 HTTP/1.1" 200 1131 "-" "Mozilla/5.0 AppleWebKit/537.36 (KHTML, like Gecko; compatible; ClaudeBot/1.0; [email protected])"
209.74.77.214 - - [12/Jul/2025:23:08:41 +0000] "POST /wp-cron.php?doing_wp_cron=1752361721.3131599426269531250000 HTTP/1.1" 200 - "-" "WordPress/6.8.1; https://teamhachem.com"
185.191.171.15 - - [12/Jul/2025:23:08:39 +0000] "GET /events/list/?eventDisplay=past&tribe-bar-date=2025-08-23 HTTP/1.1" 200 20217 "-" "Mozilla/5.0 (compatible; SemrushBot/7~bl; +http://www.semrush.com/bot.html)"
216.73.216.126 - - [12/Jul/2025:23:08:49 +0000] "GET /events/list/?tribe-bar-date=2028-02-23 HTTP/1.1" 200 19795 "-" "Mozilla/5.0 AppleWebKit/537.36 (KHTML, like Gecko; compatible; ClaudeBot/1.0; [email protected])"
216.73.216.126 - - [12/Jul/2025:23:08:49 +0000] "GET /events/list/?tribe-bar-date=2028-02-10 HTTP/1.1" 200 19796 "-" "Mozilla/5.0 AppleWebKit/537.36 (KHTML, like Gecko; compatible; ClaudeBot/1.0; [email protected])"
216.73.216.126 - - [12/Jul/2025:23:08:49 +0000] "GET /events/list/?eventDisplay=past&tribe-bar-date=2028-01-11 HTTP/1.1" 200 20220 "-" "Mozilla/5.0 AppleWebKit/537.36 (KHTML, like Gecko; compatible; ClaudeBot/1.0; [email protected])"
209.74.77.214 - - [12/Jul/2025:23:09:13 +0000] "POST /wp-cron.php?doing_wp_cron=1752361753.1487879753112792968750 HTTP/1.1" 200 - "-" "WordPress/6.8.1; https://teamhachem.com"
51.222.253.13 - - [12/Jul/2025:23:09:13 +0000] "GET /events/2025-01-15/ HTTP/1.1" 200 19469 "-" "Mozilla/5.0 (compatible; AhrefsBot/7.0; +http://ahrefs.com/robot/)"
209.74.77.214 - - [12/Jul/2025:23:11:43 +0000] "POST /wp-cron.php?doing_wp_cron=1752361903.2337779998779296875000 HTTP/1.1" 200 - "-" "WordPress/6.8.1; https://teamhachem.com"
209.74.77.214 - - [12/Jul/2025:23:11:43 +0000] "POST /wp-cron.php?doing_wp_cron=1752361903.2338199615478515625000 HTTP/1.1" 200 - "-" "WordPress/6.8.1; https://teamhachem.com"
216.73.216.126 - - [12/Jul/2025:23:11:41 +0000] "GET /events/2028-02-08/?ical=1 HTTP/1.1" 200 1137 "-" "Mozilla/5.0 AppleWebKit/537.36 (KHTML, like Gecko; compatible; ClaudeBot/1.0; [email protected])"
216.73.216.126 - - [12/Jul/2025:23:11:41 +0000] "GET /events/list/?tribe-bar-date=2028-02-14 HTTP/1.1" 200 19797 "-" "Mozilla/5.0 AppleWebKit/537.36 (KHTML, like Gecko; compatible; ClaudeBot/1.0; [email protected])"
216.73.216.126 - - [12/Jul/2025:23:11:42 +0000] "GET /events/list/?eventDisplay=past&tribe-bar-date=2028-02-02 HTTP/1.1" 200 20216 "-" "Mozilla/5.0 AppleWebKit/537.36 (KHTML, like Gecko; compatible; ClaudeBot/1.0; [email protected])"
209.74.77.214 - - [12/Jul/2025:23:12:25 +0000] "POST /wp-cron.php?doing_wp_cron=1752361945.7556281089782714843750 HTTP/1.1" 200 - "-" "WordPress/6.8.1; https://teamhachem.com"
85.208.96.206 - - [12/Jul/2025:23:12:23 +0000] "GET /robots.txt HTTP/1.1" 200 154 "-" "Mozilla/5.0 (compatible; SemrushBot/7~bl; +http://www.semrush.com/bot.html)"
216.73.216.126 - - [12/Jul/2025:23:12:25 +0000] "GET /events/2028-03-05/?outlook-ical=1 HTTP/1.1" 200 1131 "-" "Mozilla/5.0 AppleWebKit/537.36 (KHTML, like Gecko; compatible; ClaudeBot/1.0; [email protected])"
185.191.171.11 - - [12/Jul/2025:23:12:26 +0000] "GET /events/list/?tribe-bar-date=2025-05-12 HTTP/1.1" 200 19787 "-" "Mozilla/5.0 (compatible; SemrushBot/7~bl; +http://www.semrush.com/bot.html)"
209.74.77.214 - - [12/Jul/2025:23:13:13 +0000] "POST /wp-cron.php?doing_wp_cron=1752361993.6592919826507568359375 HTTP/1.1" 200 - "-" "WordPress/6.8.1; https://teamhachem.com"
216.73.216.126 - - [12/Jul/2025:23:13:11 +0000] "GET /events/2028-02-24/?outlook-ical=1 HTTP/1.1" 200 1130 "-" "Mozilla/5.0 AppleWebKit/537.36 (KHTML, like Gecko; compatible; ClaudeBot/1.0; [email protected])"
209.74.77.214 - - [12/Jul/2025:23:14:08 +0000] "POST /wp-cron.php?doing_wp_cron=1752362048.5058810710906982421875 HTTP/1.1" 200 - "-" "WordPress/6.8.1; https://teamhachem.com"
216.73.216.126 - - [12/Jul/2025:23:14:06 +0000] "GET /events/list/?tribe-bar-date=2028-02-11 HTTP/1.1" 200 19800 "-" "Mozilla/5.0 AppleWebKit/537.36 (KHTML, like Gecko; compatible; ClaudeBot/1.0; [email protected])"
209.74.77.214 - - [12/Jul/2025:23:15:00 +0000] "POST /wp-cron.php?doing_wp_cron=1752362100.8716340065002441406250 HTTP/1.1" 200 - "-" "WordPress/6.8.1; https://teamhachem.com"
216.73.216.126 - - [12/Jul/2025:23:14:59 +0000] "GET /events/list/?tribe-bar-date=2028-03-04 HTTP/1.1" 200 19784 "-" "Mozilla/5.0 AppleWebKit/537.36 (KHTML, like Gecko; compatible; ClaudeBot/1.0; [email protected])"
209.74.77.214 - - [12/Jul/2025:23:15:48 +0000] "POST /wp-cron.php?doing_wp_cron=1752362148.4698069095611572265625 HTTP/1.1" 200 - "-" "WordPress/6.8.1; https://teamhachem.com"
216.73.216.126 - - [12/Jul/2025:23:15:46 +0000] "GET /events/list/?eventDisplay=past&tribe-bar-date=2028-01-13 HTTP/1.1" 200 20220 "-" "Mozilla/5.0 AppleWebKit/537.36 (KHTML, like Gecko; compatible; ClaudeBot/1.0; [email protected])"
209.74.77.214 - - [12/Jul/2025:23:16:22 +0000] "POST /wp-cron.php?doing_wp_cron=1752362182.1348869800567626953125 HTTP/1.1" 200 - "-" "WordPress/6.8.1; https://teamhachem.com"
51.222.253.14 - - [12/Jul/2025:23:16:20 +0000] "GET /events/2025-01-11/ HTTP/1.1" 200 19470 "-" "Mozilla/5.0 (compatible; AhrefsBot/7.0; +http://ahrefs.com/robot/)"
216.73.216.126 - - [12/Jul/2025:23:16:34 +0000] "GET /events/2028-02-21/?outlook-ical=1 HTTP/1.1" 200 1132 "-" "Mozilla/5.0 AppleWebKit/537.36 (KHTML, like Gecko; compatible; ClaudeBot/1.0; [email protected])"
209.74.77.214 - - [12/Jul/2025:23:17:35 +0000] "POST /wp-cron.php?doing_wp_cron=1752362255.0600070953369140625000 HTTP/1.1" 200 - "-" "WordPress/6.8.1; https://teamhachem.com"
185.191.171.3 - - [12/Jul/2025:23:17:33 +0000] "GET /events/2025-01-12/ HTTP/1.1" 200 19465 "-" "Mozilla/5.0 (compatible; SemrushBot/7~bl; +http://www.semrush.com/bot.html)"
209.74.77.214 - - [12/Jul/2025:23:19:11 +0000] "POST /wp-cron.php?doing_wp_cron=1752362351.4959020614624023437500 HTTP/1.1" 200 - "-" "WordPress/6.8.1; https://teamhachem.com"
216.73.216.126 - - [12/Jul/2025:23:19:09 +0000] "GET /events/2028-02-09/?outlook-ical=1 HTTP/1.1" 200 1130 "-" "Mozilla/5.0 AppleWebKit/537.36 (KHTML, like Gecko; compatible; ClaudeBot/1.0; [email protected])"
209.74.77.214 - - [12/Jul/2025:23:20:15 +0000] "POST /wp-cron.php?doing_wp_cron=1752362415.4744639396667480468750 HTTP/1.1" 200 - "-" "WordPress/6.8.1; https://teamhachem.com"
216.73.216.126 - - [12/Jul/2025:23:20:13 +0000] "GET /events/2028-03-01/?ical=1 HTTP/1.1" 200 1137 "-" "Mozilla/5.0 AppleWebKit/537.36 (KHTML, like Gecko; compatible; ClaudeBot/1.0; [email protected])"
209.74.77.214 - - [12/Jul/2025:23:22:03 +0000] "POST /wp-cron.php?doing_wp_cron=1752362523.0081379413604736328125 HTTP/1.1" 200 - "-" "WordPress/6.8.1; https://teamhachem.com"
209.74.77.214 - - [12/Jul/2025:23:22:03 +0000] "POST /wp-cron.php?doing_wp_cron=1752362523.0082080364227294921875 HTTP/1.1" 200 - "-" "WordPress/6.8.1; https://teamhachem.com"
216.73.216.126 - - [12/Jul/2025:23:22:01 +0000] "GET /events/2028-03-04/?ical=1 HTTP/1.1" 200 1137 "-" "Mozilla/5.0 AppleWebKit/537.36 (KHTML, like Gecko; compatible; ClaudeBot/1.0; [email protected])"
216.73.216.126 - - [12/Jul/2025:23:22:01 +0000] "GET /events/2028-02-13/?outlook-ical=1 HTTP/1.1" 200 1132 "-" "Mozilla/5.0 AppleWebKit/537.36 (KHTML, like Gecko; compatible; ClaudeBot/1.0; [email protected])"
209.74.77.214 - - [12/Jul/2025:23:23:14 +0000] "POST /wp-cron.php?doing_wp_cron=1752362594.4249839782714843750000 HTTP/1.1" 200 - "-" "WordPress/6.8.1; https://teamhachem.com"
51.222.253.13 - - [12/Jul/2025:23:23:12 +0000] "GET /events/list/?tribe-bar-date=2025-01-22&eventDisplay=past HTTP/1.1" 200 20221 "-" "Mozilla/5.0 (compatible; AhrefsBot/7.0; +http://ahrefs.com/robot/)"
209.74.77.214 - - [12/Jul/2025:23:23:35 +0000] "POST /wp-cron.php?doing_wp_cron=1752362615.1728270053863525390625 HTTP/1.1" 200 - "-" "WordPress/6.8.1; https://teamhachem.com"
216.73.216.126 - - [12/Jul/2025:23:23:35 +0000] "GET /events/list/?tribe-bar-date=2028-02-26 HTTP/1.1" 200 19794 "-" "Mozilla/5.0 AppleWebKit/537.36 (KHTML, like Gecko; compatible; ClaudeBot/1.0; [email protected])"
209.74.77.214 - - [12/Jul/2025:23:25:39 +0000] "POST /wp-cron.php?doing_wp_cron=1752362739.1413519382476806640625 HTTP/1.1" 200 - "-" "WordPress/6.8.1; https://teamhachem.com"
209.74.77.214 - - [12/Jul/2025:23:25:39 +0000] "POST /wp-cron.php?doing_wp_cron=1752362739.1414461135864257812500 HTTP/1.1" 200 - "-" "WordPress/6.8.1; https://teamhachem.com"
216.73.216.126 - - [12/Jul/2025:23:25:38 +0000] "GET /events/2028-02-25/?ical=1 HTTP/1.1" 200 1137 "-" "Mozilla/5.0 AppleWebKit/537.36 (KHTML, like Gecko; compatible; ClaudeBot/1.0; [email protected])"
216.73.216.126 - - [12/Jul/2025:23:25:37 +0000] "GET /events/list/?tribe-bar-date=2028-02-17 HTTP/1.1" 200 19783 "-" "Mozilla/5.0 AppleWebKit/537.36 (KHTML, like Gecko; compatible; ClaudeBot/1.0; [email protected])"
209.74.77.214 - - [12/Jul/2025:23:26:29 +0000] "POST /wp-cron.php?doing_wp_cron=1752362789.3029339313507080078125 HTTP/1.1" 200 - "-" "WordPress/6.8.1; https://teamhachem.com"
216.73.216.126 - - [12/Jul/2025:23:26:27 +0000] "GET /robots.txt HTTP/1.1" 200 154 "-" "Mozilla/5.0 AppleWebKit/537.36 (KHTML, like Gecko; compatible; ClaudeBot/1.0; [email protected])"
216.73.216.126 - - [12/Jul/2025:23:26:29 +0000] "GET /events/2028-03-04/?outlook-ical=1 HTTP/1.1" 200 1131 "-" "Mozilla/5.0 AppleWebKit/537.36 (KHTML, like Gecko; compatible; ClaudeBot/1.0; [email protected])"
209.74.77.214 - - [12/Jul/2025:23:27:31 +0000] "POST /wp-cron.php?doing_wp_cron=1752362851.2265310287475585937500 HTTP/1.1" 200 - "-" "WordPress/6.8.1; https://teamhachem.com"
209.74.77.214 - - [12/Jul/2025:23:27:31 +0000] "POST /wp-cron.php?doing_wp_cron=1752362851.2265310287475585937500 HTTP/1.1" 200 - "-" "WordPress/6.8.1; https://teamhachem.com"
216.73.216.126 - - [12/Jul/2025:23:27:30 +0000] "GET /events/2028-02-23/?outlook-ical=1 HTTP/1.1" 200 1132 "-" "Mozilla/5.0 AppleWebKit/537.36 (KHTML, like Gecko; compatible; ClaudeBot/1.0; [email protected])"
216.73.216.126 - - [12/Jul/2025:23:27:29 +0000] "GET /events/2028-02-27/?ical=1 HTTP/1.1" 200 1137 "-" "Mozilla/5.0 AppleWebKit/537.36 (KHTML, like Gecko; compatible; ClaudeBot/1.0; [email protected])"
209.74.77.214 - - [12/Jul/2025:23:30:31 +0000] "POST /wp-cron.php?doing_wp_cron=1752363031.2805840969085693359375 HTTP/1.1" 200 - "-" "WordPress/6.8.1; https://teamhachem.com"
85.208.96.195 - - [12/Jul/2025:23:30:29 +0000] "GET /testimonials/ HTTP/1.1" 200 14580 "-" "Mozilla/5.0 (compatible; SemrushBot/7~bl; +http://www.semrush.com/bot.html)"
51.222.253.13 - - [12/Jul/2025:23:30:46 +0000] "GET /events/list/?tribe-bar-date=2025-01-06&eventDisplay=past HTTP/1.1" 200 20206 "-" "Mozilla/5.0 (compatible; AhrefsBot/7.0; +http://ahrefs.com/robot/)"
209.74.77.214 - - [12/Jul/2025:23:31:36 +0000] "POST /wp-cron.php?doing_wp_cron=1752363096.5174450874328613281250 HTTP/1.1" 200 - "-" "WordPress/6.8.1; https://teamhachem.com"
216.73.216.126 - - [12/Jul/2025:23:31:34 +0000] "GET /events/2028-02-14/?ical=1 HTTP/1.1" 200 1137 "-" "Mozilla/5.0 AppleWebKit/537.36 (KHTML, like Gecko; compatible; ClaudeBot/1.0; [email protected])"
52.45.194.165 - - [12/Jul/2025:23:31:56 +0000] "GET /events/2026-08-18/ HTTP/1.1" 200 19462 "-" "Mozilla/5.0 AppleWebKit/537.36 (KHTML, like Gecko; compatible; Amazonbot/0.1; +https://developer.amazon.com/support/amazonbot) Chrome/119.0.6045.214 Safari/537.36"
209.74.77.214 - - [12/Jul/2025:23:32:01 +0000] "POST /wp-cron.php?doing_wp_cron=1752363121.1079390048980712890625 HTTP/1.1" 200 - "-" "WordPress/6.8.1; https://teamhachem.com"
44.193.115.232 - - [12/Jul/2025:23:32:00 +0000] "GET /events/2026-08-13/ HTTP/1.1" 200 19480 "-" "Mozilla/5.0 AppleWebKit/537.36 (KHTML, like Gecko; compatible; Amazonbot/0.1; +https://developer.amazon.com/support/amazonbot) Chrome/119.0.6045.214 Safari/537.36"
3.224.104.67 - - [12/Jul/2025:23:32:04 +0000] "GET /events/list/?eventDisplay=past&tribe-bar-date=2026-07-14 HTTP/1.1" 200 20208 "-" "Mozilla/5.0 AppleWebKit/537.36 (KHTML, like Gecko; compatible; Amazonbot/0.1; +https://developer.amazon.com/support/amazonbot) Chrome/119.0.6045.214 Safari/537.36"
209.74.77.214 - - [12/Jul/2025:23:32:26 +0000] "POST /wp-cron.php?doing_wp_cron=1752363146.7507700920104980468750 HTTP/1.1" 200 - "-" "WordPress/6.8.1; https://teamhachem.com"
216.73.216.126 - - [12/Jul/2025:23:32:26 +0000] "GET /events/list/?ical=1&tribe-bar-date=2028-01-18 HTTP/1.1" 200 1138 "-" "Mozilla/5.0 AppleWebKit/537.36 (KHTML, like Gecko; compatible; ClaudeBot/1.0; [email protected])"
216.73.216.126 - - [12/Jul/2025:23:32:26 +0000] "GET /events/list/?eventDisplay=past&ical=1&tribe-bar-date=2027-12-05 HTTP/1.1" 200 1292 "-" "Mozilla/5.0 AppleWebKit/537.36 (KHTML, like Gecko; compatible; ClaudeBot/1.0; [email protected])"
209.74.77.214 - - [12/Jul/2025:23:34:19 +0000] "POST /wp-cron.php?doing_wp_cron=1752363259.4317939281463623046875 HTTP/1.1" 200 - "-" "WordPress/6.8.1; https://teamhachem.com"
216.73.216.126 - - [12/Jul/2025:23:34:17 +0000] "GET /events/list/?outlook-ical=1&tribe-bar-date=2028-01-18 HTTP/1.1" 200 1131 "-" "Mozilla/5.0 AppleWebKit/537.36 (KHTML, like Gecko; compatible; ClaudeBot/1.0; [email protected])"
209.74.77.214 - - [12/Jul/2025:23:35:18 +0000] "POST /wp-cron.php?doing_wp_cron=1752363318.3964910507202148437500 HTTP/1.1" 200 - "-" "WordPress/6.8.1; https://teamhachem.com"
216.73.216.126 - - [12/Jul/2025:23:35:16 +0000] "GET /events/list/?tribe-bar-date=2028-02-22 HTTP/1.1" 200 19801 "-" "Mozilla/5.0 AppleWebKit/537.36 (KHTML, like Gecko; compatible; ClaudeBot/1.0; [email protected])"
209.74.77.214 - - [12/Jul/2025:23:36:06 +0000] "POST /wp-cron.php?doing_wp_cron=1752363366.4538009166717529296875 HTTP/1.1" 200 - "-" "WordPress/6.8.1; https://teamhachem.com"
216.73.216.126 - - [12/Jul/2025:23:36:05 +0000] "GET /events/2028-02-26/?ical=1 HTTP/1.1" 200 1137 "-" "Mozilla/5.0 AppleWebKit/537.36 (KHTML, like Gecko; compatible; ClaudeBot/1.0; [email protected])"
216.73.216.126 - - [12/Jul/2025:23:36:04 +0000] "GET /events/list/?tribe-bar-date=2028-02-27 HTTP/1.1" 200 19800 "-" "Mozilla/5.0 AppleWebKit/537.36 (KHTML, like Gecko; compatible; ClaudeBot/1.0; [email protected])"
209.74.77.214 - - [12/Jul/2025:23:36:47 +0000] "POST /wp-cron.php?doing_wp_cron=1752363407.0295989513397216796875 HTTP/1.1" 200 - "-" "WordPress/6.8.1; https://teamhachem.com"
216.73.216.126 - - [12/Jul/2025:23:36:45 +0000] "GET /events/list/?outlook-ical=1&tribe-bar-date=2028-01-30 HTTP/1.1" 200 1131 "-" "Mozilla/5.0 AppleWebKit/537.36 (KHTML, like Gecko; compatible; ClaudeBot/1.0; [email protected])"
209.74.77.214 - - [12/Jul/2025:23:37:17 +0000] "POST /wp-cron.php?doing_wp_cron=1752363437.4266510009765625000000 HTTP/1.1" 200 - "-" "WordPress/6.8.1; https://teamhachem.com"
185.191.171.11 - - [12/Jul/2025:23:37:17 +0000] "GET /events/list/?tribe-bar-date=2025-09-16 HTTP/1.1" 200 19801 "-" "Mozilla/5.0 (compatible; SemrushBot/7~bl; +http://www.semrush.com/bot.html)"
209.74.77.214 - - [12/Jul/2025:23:38:21 +0000] "POST /wp-cron.php?doing_wp_cron=1752363501.6638100147247314453125 HTTP/1.1" 200 - "-" "WordPress/6.8.1; https://teamhachem.com"
51.222.253.14 - - [12/Jul/2025:23:38:19 +0000] "GET /events/list/?tribe-bar-date=2025-01-09&eventDisplay=past HTTP/1.1" 200 20212 "-" "Mozilla/5.0 (compatible; AhrefsBot/7.0; +http://ahrefs.com/robot/)"
216.73.216.126 - - [12/Jul/2025:23:38:35 +0000] "GET /events/2028-02-23/?ical=1 HTTP/1.1" 200 1137 "-" "Mozilla/5.0 AppleWebKit/537.36 (KHTML, like Gecko; compatible; ClaudeBot/1.0; [email protected])"
209.74.77.214 - - [12/Jul/2025:23:39:30 +0000] "POST /wp-cron.php?doing_wp_cron=1752363570.2065029144287109375000 HTTP/1.1" 200 - "-" "WordPress/6.8.1; https://teamhachem.com"
216.73.216.126 - - [12/Jul/2025:23:39:28 +0000] "GET /events/2028-02-22/?ical=1 HTTP/1.1" 200 1137 "-" "Mozilla/5.0 AppleWebKit/537.36 (KHTML, like Gecko; compatible; ClaudeBot/1.0; [email protected])"
209.74.77.214 - - [12/Jul/2025:23:42:02 +0000] "POST /wp-cron.php?doing_wp_cron=1752363722.0915479660034179687500 HTTP/1.1" 200 - "-" "WordPress/6.8.1; https://teamhachem.com"
216.73.216.126 - - [12/Jul/2025:23:42:00 +0000] "GET /events/2028-02-09/?ical=1 HTTP/1.1" 200 1136 "-" "Mozilla/5.0 AppleWebKit/537.36 (KHTML, like Gecko; compatible; ClaudeBot/1.0; [email protected])"
209.74.77.214 - - [12/Jul/2025:23:44:03 +0000] "POST /wp-cron.php?doing_wp_cron=1752363843.2286579608917236328125 HTTP/1.1" 200 - "-" "WordPress/6.8.1; https://teamhachem.com"
185.191.171.10 - - [12/Jul/2025:23:44:01 +0000] "GET /events/list/?tribe-bar-date=2025-09-25 HTTP/1.1" 200 19789 "-" "Mozilla/5.0 (compatible; SemrushBot/7~bl; +http://www.semrush.com/bot.html)"
209.74.77.214 - - [12/Jul/2025:23:45:34 +0000] "POST /wp-cron.php?doing_wp_cron=1752363934.8685319423675537109375 HTTP/1.1" 200 - "-" "WordPress/6.8.1; https://teamhachem.com"
185.191.171.3 - - [12/Jul/2025:23:45:33 +0000] "GET /events/2025-02-26/ HTTP/1.1" 200 19476 "-" "Mozilla/5.0 (compatible; SemrushBot/7~bl; +http://www.semrush.com/bot.html)"
51.222.253.20 - - [12/Jul/2025:23:45:33 +0000] "GET /events/list/?tribe-bar-date=2025-01-20&eventDisplay=past HTTP/1.1" 200 20224 "-" "Mozilla/5.0 (compatible; AhrefsBot/7.0; +http://ahrefs.com/robot/)"
209.74.77.214 - - [12/Jul/2025:23:48:24 +0000] "POST /wp-cron.php?doing_wp_cron=1752364104.1516311168670654296875 HTTP/1.1" 200 - "-" "WordPress/6.8.1; https://teamhachem.com"
209.74.77.214 - - [12/Jul/2025:23:48:24 +0000] "POST /wp-cron.php?doing_wp_cron=1752364104.1516280174255371093750 HTTP/1.1" 200 - "-" "WordPress/6.8.1; https://teamhachem.com"
216.73.216.126 - - [12/Jul/2025:23:48:23 +0000] "GET /events/list/?outlook-ical=1&tribe-bar-date=2028-01-07 HTTP/1.1" 200 1131 "-" "Mozilla/5.0 AppleWebKit/537.36 (KHTML, like Gecko; compatible; ClaudeBot/1.0; [email protected])"
216.73.216.126 - - [12/Jul/2025:23:48:22 +0000] "GET /events/list/?eventDisplay=past&tribe-bar-date=2028-02-03 HTTP/1.1" 200 20208 "-" "Mozilla/5.0 AppleWebKit/537.36 (KHTML, like Gecko; compatible; ClaudeBot/1.0; [email protected])"
209.74.77.214 - - [12/Jul/2025:23:49:22 +0000] "POST /wp-cron.php?doing_wp_cron=1752364162.7318980693817138671875 HTTP/1.1" 200 - "-" "WordPress/6.8.1; https://teamhachem.com"
85.208.96.195 - - [12/Jul/2025:23:49:20 +0000] "GET /events/list/?tribe-bar-date=2025-06-11 HTTP/1.1" 200 19798 "-" "Mozilla/5.0 (compatible; SemrushBot/7~bl; +http://www.semrush.com/bot.html)"
209.74.77.214 - - [12/Jul/2025:23:50:16 +0000] "POST /wp-cron.php?doing_wp_cron=1752364216.7414150238037109375000 HTTP/1.1" 200 - "-" "WordPress/6.8.1; https://teamhachem.com"
216.73.216.126 - - [12/Jul/2025:23:50:14 +0000] "GET /events/2028-03-01/?outlook-ical=1 HTTP/1.1" 200 1130 "-" "Mozilla/5.0 AppleWebKit/537.36 (KHTML, like Gecko; compatible; ClaudeBot/1.0; [email protected])"
209.74.77.214 - - [12/Jul/2025:23:51:07 +0000] "POST /wp-cron.php?doing_wp_cron=1752364267.6161279678344726562500 HTTP/1.1" 200 - "-" "WordPress/6.8.1; https://teamhachem.com"
216.73.216.126 - - [12/Jul/2025:23:51:06 +0000] "GET /events/list/?outlook-ical=1&tribe-bar-date=2028-01-13 HTTP/1.1" 200 1131 "-" "Mozilla/5.0 AppleWebKit/537.36 (KHTML, like Gecko; compatible; ClaudeBot/1.0; [email protected])"
216.73.216.126 - - [12/Jul/2025:23:51:06 +0000] "GET /events/list/?tribe-bar-date=2028-02-13 HTTP/1.1" 200 19801 "-" "Mozilla/5.0 AppleWebKit/537.36 (KHTML, like Gecko; compatible; ClaudeBot/1.0; [email protected])"
216.73.216.126 - - [12/Jul/2025:23:51:05 +0000] "GET /events/list/?tribe-bar-date=2028-03-05 HTTP/1.1" 200 19793 "-" "Mozilla/5.0 AppleWebKit/537.36 (KHTML, like Gecko; compatible; ClaudeBot/1.0; [email protected])"
209.74.77.214 - - [12/Jul/2025:23:52:02 +0000] "POST /wp-cron.php?doing_wp_cron=1752364322.7919590473175048828125 HTTP/1.1" 200 - "-" "WordPress/6.8.1; https://teamhachem.com"
209.74.77.214 - - [12/Jul/2025:23:52:02 +0000] "POST /wp-cron.php?doing_wp_cron=1752364322.7919089794158935546875 HTTP/1.1" 200 - "-" "WordPress/6.8.1; https://teamhachem.com"
216.73.216.126 - - [12/Jul/2025:23:52:01 +0000] "GET /events/2028-02-07/?outlook-ical=1 HTTP/1.1" 200 1130 "-" "Mozilla/5.0 AppleWebKit/537.36 (KHTML, like Gecko; compatible; ClaudeBot/1.0; [email protected])"
216.73.216.126 - - [12/Jul/2025:23:52:00 +0000] "GET /events/2028-02-25/?outlook-ical=1 HTTP/1.1" 200 1130 "-" "Mozilla/5.0 AppleWebKit/537.36 (KHTML, like Gecko; compatible; ClaudeBot/1.0; [email protected])"
209.74.77.214 - - [12/Jul/2025:23:52:52 +0000] "POST /wp-cron.php?doing_wp_cron=1752364372.0636150836944580078125 HTTP/1.1" 200 - "-" "WordPress/6.8.1; https://teamhachem.com"
216.73.216.126 - - [12/Jul/2025:23:52:50 +0000] "GET /events/list/?tribe-bar-date=2028-02-29 HTTP/1.1" 200 19792 "-" "Mozilla/5.0 AppleWebKit/537.36 (KHTML, like Gecko; compatible; ClaudeBot/1.0; [email protected])"
51.222.253.3 - - [12/Jul/2025:23:52:56 +0000] "GET /events/list/?tribe-bar-date=2025-01-08&eventDisplay=past HTTP/1.1" 200 20213 "-" "Mozilla/5.0 (compatible; AhrefsBot/7.0; +http://ahrefs.com/robot/)"
209.74.77.214 - - [12/Jul/2025:23:53:38 +0000] "POST /wp-cron.php?doing_wp_cron=1752364418.8094909191131591796875 HTTP/1.1" 200 - "-" "WordPress/6.8.1; https://teamhachem.com"
216.73.216.126 - - [12/Jul/2025:23:53:37 +0000] "GET /events/list/?tribe-bar-date=2028-02-18 HTTP/1.1" 200 19793 "-" "Mozilla/5.0 AppleWebKit/537.36 (KHTML, like Gecko; compatible; ClaudeBot/1.0; [email protected])"
209.74.77.214 - - [12/Jul/2025:23:55:05 +0000] "POST /wp-cron.php?doing_wp_cron=1752364505.1539180278778076171875 HTTP/1.1" 200 - "-" "WordPress/6.8.1; https://teamhachem.com"
209.74.77.214 - - [12/Jul/2025:23:55:05 +0000] "POST /wp-cron.php?doing_wp_cron=1752364505.1541130542755126953125 HTTP/1.1" 200 - "-" "WordPress/6.8.1; https://teamhachem.com"
216.73.216.126 - - [12/Jul/2025:23:55:03 +0000] "GET /events/2028-02-26/?outlook-ical=1 HTTP/1.1" 200 1130 "-" "Mozilla/5.0 AppleWebKit/537.36 (KHTML, like Gecko; compatible; ClaudeBot/1.0; [email protected])"
216.73.216.126 - - [12/Jul/2025:23:55:03 +0000] "GET /events/list/?tribe-bar-date=2028-02-08 HTTP/1.1" 200 19788 "-" "Mozilla/5.0 AppleWebKit/537.36 (KHTML, like Gecko; compatible; ClaudeBot/1.0; [email protected])"
209.74.77.214 - - [12/Jul/2025:23:55:59 +0000] "POST /wp-cron.php?doing_wp_cron=1752364559.6199100017547607421875 HTTP/1.1" 200 - "-" "WordPress/6.8.1; https://teamhachem.com"
216.73.216.126 - - [12/Jul/2025:23:55:57 +0000] "GET /events/list/?ical=1&tribe-bar-date=2028-01-11 HTTP/1.1" 200 1137 "-" "Mozilla/5.0 AppleWebKit/537.36 (KHTML, like Gecko; compatible; ClaudeBot/1.0; [email protected])"
209.74.77.214 - - [12/Jul/2025:23:56:47 +0000] "POST /wp-cron.php?doing_wp_cron=1752364607.3657710552215576171875 HTTP/1.1" 200 - "-" "WordPress/6.8.1; https://teamhachem.com"
216.73.216.126 - - [12/Jul/2025:23:56:45 +0000] "GET /events/list/?ical=1&tribe-bar-date=2028-02-01 HTTP/1.1" 200 1136 "-" "Mozilla/5.0 AppleWebKit/537.36 (KHTML, like Gecko; compatible; ClaudeBot/1.0; [email protected])"
209.74.77.214 - - [12/Jul/2025:23:57:23 +0000] "POST /wp-cron.php?doing_wp_cron=1752364643.7746369838714599609375 HTTP/1.1" 200 - "-" "WordPress/6.8.1; https://teamhachem.com"
216.73.216.126 - - [12/Jul/2025:23:57:22 +0000] "GET /events/list/?eventDisplay=past&tribe-bar-date=2028-02-01 HTTP/1.1" 200 20208 "-" "Mozilla/5.0 AppleWebKit/537.36 (KHTML, like Gecko; compatible; ClaudeBot/1.0; [email protected])"
209.74.77.214 - - [12/Jul/2025:23:59:38 +0000] "POST /wp-cron.php?doing_wp_cron=1752364778.7824769020080566406250 HTTP/1.1" 200 - "-" "WordPress/6.8.1; https://teamhachem.com"
216.73.216.126 - - [12/Jul/2025:23:59:36 +0000] "GET /events/list/?tribe-bar-date=2028-03-02 HTTP/1.1" 200 19796 "-" "Mozilla/5.0 AppleWebKit/537.36 (KHTML, like Gecko; compatible; ClaudeBot/1.0; [email protected])"
209.74.77.214 - - [13/Jul/2025:00:00:24 +0000] "POST /wp-cron.php?doing_wp_cron=1752364824.9299149513244628906250 HTTP/1.1" 200 - "-" "WordPress/6.8.1; https://teamhachem.com"
51.222.253.5 - - [13/Jul/2025:00:00:22 +0000] "GET /events/list/?tribe-bar-date=2025-01-07 HTTP/1.1" 200 19781 "-" "Mozilla/5.0 (compatible; AhrefsBot/7.0; +http://ahrefs.com/robot/)"
209.74.77.214 - - [13/Jul/2025:00:01:09 +0000] "POST /wp-cron.php?doing_wp_cron=1752364869.2797489166259765625000 HTTP/1.1" 200 - "-" "WordPress/6.8.1; https://teamhachem.com"
216.73.216.126 - - [13/Jul/2025:00:01:07 +0000] "GET /events/2028-02-13/?ical=1 HTTP/1.1" 200 1136 "-" "Mozilla/5.0 AppleWebKit/537.36 (KHTML, like Gecko; compatible; ClaudeBot/1.0; [email protected])"
209.74.77.214 - - [13/Jul/2025:00:02:02 +0000] "POST /wp-cron.php?doing_wp_cron=1752364921.9862470626831054687500 HTTP/1.1" 200 - "-" "WordPress/6.8.1; https://teamhachem.com"
216.73.216.126 - - [13/Jul/2025:00:02:00 +0000] "GET /events/list/?tribe-bar-date=2028-02-15 HTTP/1.1" 200 19800 "-" "Mozilla/5.0 AppleWebKit/537.36 (KHTML, like Gecko; compatible; ClaudeBot/1.0; [email protected])"
209.74.77.214 - - [13/Jul/2025:00:02:38 +0000] "POST /wp-cron.php?doing_wp_cron=1752364958.2079501152038574218750 HTTP/1.1" 200 - "-" "WordPress/6.8.1; https://teamhachem.com"
209.74.77.214 - - [13/Jul/2025:00:02:38 +0000] "POST /wp-cron.php?doing_wp_cron=1752364958.2080059051513671875000 HTTP/1.1" 200 - "-" "WordPress/6.8.1; https://teamhachem.com"
216.73.216.126 - - [13/Jul/2025:00:02:36 +0000] "GET /events/2028-02-16/?ical=1 HTTP/1.1" 200 1137 "-" "Mozilla/5.0 AppleWebKit/537.36 (KHTML, like Gecko; compatible; ClaudeBot/1.0; [email protected])"
216.73.216.126 - - [13/Jul/2025:00:02:36 +0000] "GET /events/list/?tribe-bar-date=2028-02-24 HTTP/1.1" 200 19801 "-" "Mozilla/5.0 AppleWebKit/537.36 (KHTML, like Gecko; compatible; ClaudeBot/1.0; [email protected])"
209.74.77.214 - - [13/Jul/2025:00:03:17 +0000] "POST /wp-cron.php?doing_wp_cron=1752364997.5567629337310791015625 HTTP/1.1" 200 - "-" "WordPress/6.8.1; https://teamhachem.com"
209.74.77.214 - - [13/Jul/2025:00:03:17 +0000] "POST /wp-cron.php?doing_wp_cron=1752364997.5567629337310791015625 HTTP/1.1" 200 - "-" "WordPress/6.8.1; https://teamhachem.com"
216.73.216.126 - - [13/Jul/2025:00:03:16 +0000] "GET /events/2028-03-06 HTTP/1.1" 301 - "-" "Mozilla/5.0 AppleWebKit/537.36 (KHTML, like Gecko; compatible; ClaudeBot/1.0; [email protected])"
216.73.216.126 - - [13/Jul/2025:00:03:15 +0000] "GET /events/list/?tribe-bar-date=2028-02-21 HTTP/1.1" 200 19801 "-" "Mozilla/5.0 AppleWebKit/537.36 (KHTML, like Gecko; compatible; ClaudeBot/1.0; [email protected])"
216.73.216.126 - - [13/Jul/2025:00:03:17 +0000] "GET /events/2028-03-06/ HTTP/1.1" 200 19476 "https://teamhachem.com/events/2028-03-06" "Mozilla/5.0 AppleWebKit/537.36 (KHTML, like Gecko; compatible; ClaudeBot/1.0; [email protected])"
209.74.77.214 - - [13/Jul/2025:00:05:07 +0000] "POST /wp-cron.php?doing_wp_cron=1752365107.6905660629272460937500 HTTP/1.1" 200 - "-" "WordPress/6.8.1; https://teamhachem.com"
216.73.216.126 - - [13/Jul/2025:00:05:05 +0000] "GET /events/2028-02-17/?outlook-ical=1 HTTP/1.1" 200 1129 "-" "Mozilla/5.0 AppleWebKit/537.36 (KHTML, like Gecko; compatible; ClaudeBot/1.0; [email protected])"
209.74.77.214 - - [13/Jul/2025:00:05:55 +0000] "POST /wp-cron.php?doing_wp_cron=1752365155.7337279319763183593750 HTTP/1.1" 200 - "-" "WordPress/6.8.1; https://teamhachem.com"
216.73.216.126 - - [13/Jul/2025:00:05:53 +0000] "GET /events/2028-02-21/?ical=1 HTTP/1.1" 200 1137 "-" "Mozilla/5.0 AppleWebKit/537.36 (KHTML, like Gecko; compatible; ClaudeBot/1.0; [email protected])"
209.74.77.214 - - [13/Jul/2025:00:06:47 +0000] "POST /wp-cron.php?doing_wp_cron=1752365207.1275050640106201171875 HTTP/1.1" 200 - "-" "WordPress/6.8.1; https://teamhachem.com"
216.73.216.126 - - [13/Jul/2025:00:06:45 +0000] "GET /events/2028-02-10/?outlook-ical=1 HTTP/1.1" 200 1130 "-" "Mozilla/5.0 AppleWebKit/537.36 (KHTML, like Gecko; compatible; ClaudeBot/1.0; [email protected])"
209.74.77.214 - - [13/Jul/2025:00:07:38 +0000] "POST /wp-cron.php?doing_wp_cron=1752365258.5023040771484375000000 HTTP/1.1" 200 - "-" "WordPress/6.8.1; https://teamhachem.com"
209.74.77.214 - - [13/Jul/2025:00:07:38 +0000] "POST /wp-cron.php?doing_wp_cron=1752365258.5023040771484375000000 HTTP/1.1" 200 - "-" "WordPress/6.8.1; https://teamhachem.com"
216.73.216.126 - - [13/Jul/2025:00:07:36 +0000] "GET /events/list/?eventDisplay=past&ical=1&tribe-bar-date=2027-11-27 HTTP/1.1" 200 1291 "-" "Mozilla/5.0 AppleWebKit/537.36 (KHTML, like Gecko; compatible; ClaudeBot/1.0; [email protected])"
51.222.253.15 - - [13/Jul/2025:00:07:37 +0000] "GET /events/2025-01-14/ HTTP/1.1" 200 19479 "-" "Mozilla/5.0 (compatible; AhrefsBot/7.0; +http://ahrefs.com/robot/)"
209.74.77.214 - - [13/Jul/2025:00:08:14 +0000] "POST /wp-cron.php?doing_wp_cron=1752365294.7567000389099121093750 HTTP/1.1" 200 - "-" "WordPress/6.8.1; https://teamhachem.com"
216.73.216.126 - - [13/Jul/2025:00:08:12 +0000] "GET /events/list/?outlook-ical=1&tribe-bar-date=2028-02-02 HTTP/1.1" 200 1131 "-" "Mozilla/5.0 AppleWebKit/537.36 (KHTML, like Gecko; compatible; ClaudeBot/1.0; [email protected])"
209.74.77.214 - - [13/Jul/2025:00:10:05 +0000] "POST /wp-cron.php?doing_wp_cron=1752365405.1638340950012207031250 HTTP/1.1" 200 - "-" "WordPress/6.8.1; https://teamhachem.com"
216.73.216.126 - - [13/Jul/2025:00:10:03 +0000] "GET /events/list/?tribe-bar-date=2028-02-09 HTTP/1.1" 200 19794 "-" "Mozilla/5.0 AppleWebKit/537.36 (KHTML, like Gecko; compatible; ClaudeBot/1.0; [email protected])"
209.74.77.214 - - [13/Jul/2025:00:10:16 +0000] "POST /wp-cron.php?doing_wp_cron=1752365416.8600430488586425781250 HTTP/1.1" 200 - "-" "WordPress/6.8.1; https://teamhachem.com"
185.191.171.9 - - [13/Jul/2025:00:10:16 +0000] "GET /events/2024-12-02/ HTTP/1.1" 200 19469 "-" "Mozilla/5.0 (compatible; SemrushBot/7~bl; +http://www.semrush.com/bot.html)"
209.74.77.214 - - [13/Jul/2025:00:14:53 +0000] "POST /wp-cron.php?doing_wp_cron=1752365693.0308320522308349609375 HTTP/1.1" 200 - "-" "WordPress/6.8.1; https://teamhachem.com"
51.222.253.3 - - [13/Jul/2025:00:14:51 +0000] "GET /events/2025-01-13/ HTTP/1.1" 200 19464 "-" "Mozilla/5.0 (compatible; AhrefsBot/7.0; +http://ahrefs.com/robot/)"
209.74.77.214 - - [13/Jul/2025:00:17:27 +0000] "POST /wp-cron.php?doing_wp_cron=1752365847.3410339355468750000000 HTTP/1.1" 200 - "-" "WordPress/6.8.1; https://teamhachem.com"
209.74.77.214 - - [13/Jul/2025:00:17:27 +0000] "POST /wp-cron.php?doing_wp_cron=1752365847.3410348892211914062500 HTTP/1.1" 200 - "-" "WordPress/6.8.1; https://teamhachem.com"
216.73.216.126 - - [13/Jul/2025:00:17:25 +0000] "GET /events/list/?eventDisplay=past&ical=1&tribe-bar-date=2027-12-22 HTTP/1.1" 200 1290 "-" "Mozilla/5.0 AppleWebKit/537.36 (KHTML, like Gecko; compatible; ClaudeBot/1.0; [email protected])"
216.73.216.126 - - [13/Jul/2025:00:17:26 +0000] "GET /events/list/?eventDisplay=past&tribe-bar-date=2028-01-26 HTTP/1.1" 200 20217 "-" "Mozilla/5.0 AppleWebKit/537.36 (KHTML, like Gecko; compatible; ClaudeBot/1.0; [email protected])"
209.74.77.214 - - [13/Jul/2025:00:18:24 +0000] "POST /wp-cron.php?doing_wp_cron=1752365904.7072908878326416015625 HTTP/1.1" 200 - "-" "WordPress/6.8.1; https://teamhachem.com"
216.73.216.126 - - [13/Jul/2025:00:18:22 +0000] "GET /events/list/?eventDisplay=past&ical=1&tribe-bar-date=2027-11-23 HTTP/1.1" 200 1291 "-" "Mozilla/5.0 AppleWebKit/537.36 (KHTML, like Gecko; compatible; ClaudeBot/1.0; [email protected])"
209.74.77.214 - - [13/Jul/2025:00:19:51 +0000] "POST /wp-cron.php?doing_wp_cron=1752365991.4879240989685058593750 HTTP/1.1" 200 - "-" "WordPress/6.8.1; https://teamhachem.com"
54.245.79.102 - - [13/Jul/2025:00:19:49 +0000] "GET /robots.txt HTTP/1.1" 200 154 "-" "HawaiiBot"
209.74.77.214 - - [13/Jul/2025:00:20:56 +0000] "POST /wp-cron.php?doing_wp_cron=1752366056.6199390888214111328125 HTTP/1.1" 200 - "-" "WordPress/6.8.1; https://teamhachem.com"
51.222.253.20 - - [13/Jul/2025:00:20:54 +0000] "GET /events/2025-01-12/ HTTP/1.1" 200 19468 "-" "Mozilla/5.0 (compatible; AhrefsBot/7.0; +http://ahrefs.com/robot/)"
209.74.77.214 - - [13/Jul/2025:00:21:56 +0000] "POST /wp-cron.php?doing_wp_cron=1752366116.2788169384002685546875 HTTP/1.1" 200 - "-" "WordPress/6.8.1; https://teamhachem.com"
209.74.77.214 - - [13/Jul/2025:00:21:56 +0000] "POST /wp-cron.php?doing_wp_cron=1752366116.2787530422210693359375 HTTP/1.1" 200 - "-" "WordPress/6.8.1; https://teamhachem.com"
216.73.216.126 - - [13/Jul/2025:00:21:54 +0000] "GET /events/2028-03-25 HTTP/1.1" 301 - "-" "Mozilla/5.0 AppleWebKit/537.36 (KHTML, like Gecko; compatible; ClaudeBot/1.0; [email protected])"
216.73.216.126 - - [13/Jul/2025:00:21:55 +0000] "GET /events/list/?outlook-ical=1&tribe-bar-date=2028-01-28 HTTP/1.1" 200 1132 "-" "Mozilla/5.0 AppleWebKit/537.36 (KHTML, like Gecko; compatible; ClaudeBot/1.0; [email protected])"
216.73.216.126 - - [13/Jul/2025:00:21:56 +0000] "GET /events/2028-03-25/ HTTP/1.1" 200 19478 "https://teamhachem.com/events/2028-03-25" "Mozilla/5.0 AppleWebKit/537.36 (KHTML, like Gecko; compatible; ClaudeBot/1.0; [email protected])"
209.74.77.214 - - [13/Jul/2025:00:23:36 +0000] "POST /wp-cron.php?doing_wp_cron=1752366216.1601510047912597656250 HTTP/1.1" 200 - "-" "WordPress/6.8.1; https://teamhachem.com"
216.73.216.126 - - [13/Jul/2025:00:23:34 +0000] "GET /events/2028-03-11 HTTP/1.1" 301 - "-" "Mozilla/5.0 AppleWebKit/537.36 (KHTML, like Gecko; compatible; ClaudeBot/1.0; [email protected])"
216.73.216.126 - - [13/Jul/2025:00:23:36 +0000] "GET /events/2028-03-11/ HTTP/1.1" 200 19471 "https://teamhachem.com/events/2028-03-11" "Mozilla/5.0 AppleWebKit/537.36 (KHTML, like Gecko; compatible; ClaudeBot/1.0; [email protected])"
103.97.178.14 - - [13/Jul/2025:00:23:39 +0000] "POST /xmlrpc.php HTTP/1.1" 200 403 "-" "Mozilla/5.0 (Windows NT 5.1; rv:52.0) Gecko/20100101 Firefox/52.0"
23.251.157.11 - - [13/Jul/2025:00:23:42 +0000] "POST /xmlrpc.php HTTP/1.1" 200 403 "-" "Mozilla/5.0 (Linux; Android 10) AppleWebKit/537.36 (KHTML, like Gecko) Chrome/91.0.4472.114 Mobile Safari/537.36"
207.244.240.203 - - [13/Jul/2025:00:23:47 +0000] "POST /xmlrpc.php HTTP/1.1" 200 403 "-" "Mozilla/5.0 (Windows; U; Windows NT 5.1; en-US; rv:1.7.12) Gecko/20050915 Firefox/1.0.7"
103.72.96.84 - - [13/Jul/2025:00:23:51 +0000] "POST /xmlrpc.php HTTP/1.1" 200 403 "-" "Mozilla/5.0 (Linux; Android 10; SM-N960U) AppleWebKit/537.36 (KHTML, like Gecko) Chrome/91.0.4472.114 Mobile Safari/537.36"
99.198.97.74 - - [13/Jul/2025:00:24:04 +0000] "POST /xmlrpc.php HTTP/1.1" 200 403 "-" "Mozilla/5.0 (Windows NT 10.0; Win64; x64) AppleWebKit/537.36 (KHTML, like Gecko) Chrome/65.0.3325.181 Safari/537.36"
209.74.77.214 - - [13/Jul/2025:00:24:07 +0000] "POST /wp-cron.php?doing_wp_cron=1752366247.7863900661468505859375 HTTP/1.1" 200 - "-" "WordPress/6.8.1; https://teamhachem.com"
188.166.177.113 - - [13/Jul/2025:00:24:07 +0000] "POST /xmlrpc.php HTTP/1.1" 200 403 "-" "Mozilla/5.0 (Windows NT 5.1; rv:30.0) Gecko/20100101 Firefox/30.0"
23.251.157.11 - - [13/Jul/2025:00:24:11 +0000] "POST /xmlrpc.php HTTP/1.1" 200 403 "-" "Mozilla/5.0 (Windows NT 5.1; Win64; x64) AppleWebKit/537.36 (KHTML, like Gecko) Chrome/60.0.3112.90 Safari/537.36"
207.244.240.203 - - [13/Jul/2025:00:24:15 +0000] "POST /xmlrpc.php HTTP/1.1" 200 403 "-" "Mozilla/5.0 (Windows NT 10.0; WOW64) AppleWebKit/537.36 (KHTML, like Gecko) Chrome/91.0.4472.114 Safari/537.36"
209.74.77.214 - - [13/Jul/2025:00:24:24 +0000] "POST /wp-cron.php?doing_wp_cron=1752366264.2474770545959472656250 HTTP/1.1" 200 - "-" "WordPress/6.8.1; https://teamhachem.com"
207.244.240.203 - - [13/Jul/2025:00:24:24 +0000] "POST /xmlrpc.php HTTP/1.1" 200 403 "-" "Mozilla/5.0 (Windows; U; Windows NT 5.1; en-US; rv:1.7.5) Gecko/20041107 Firefox/1.0"
92.118.56.197 - - [13/Jul/2025:00:24:31 +0000] "POST /xmlrpc.php HTTP/1.1" 200 403 "-" "Mozilla/5.0 (Windows NT 10.0; Win64; x64; rv:85.0) Gecko/20100101 Firefox/85.0"
185.191.171.1 - - [13/Jul/2025:00:24:41 +0000] "GET /robots.txt HTTP/1.1" 200 154 "-" "Mozilla/5.0 (compatible; SemrushBot/7~bl; +http://www.semrush.com/bot.html)"
185.191.171.11 - - [13/Jul/2025:00:24:43 +0000] "GET /events/list/?eventDisplay=past&tribe-bar-date=2025-08-05 HTTP/1.1" 200 20218 "-" "Mozilla/5.0 (compatible; SemrushBot/7~bl; +http://www.semrush.com/bot.html)"
52.4.213.199 - - [13/Jul/2025:00:25:04 +0000] "GET /events/list/?tribe-bar-date=2024-05-02 HTTP/1.1" 200 20195 "-" "Mozilla/5.0 AppleWebKit/537.36 (KHTML, like Gecko; compatible; Amazonbot/0.1; +https://developer.amazon.com/support/amazonbot) Chrome/119.0.6045.214 Safari/537.36"
209.74.77.214 - - [13/Jul/2025:00:25:08 +0000] "POST /wp-cron.php?doing_wp_cron=1752366308.8986821174621582031250 HTTP/1.1" 200 - "-" "WordPress/6.8.1; https://teamhachem.com"
3.221.244.28 - - [13/Jul/2025:00:25:08 +0000] "GET /events/list/?eventDisplay=past&tribe-bar-date=2024-09-05 HTTP/1.1" 200 19845 "-" "Mozilla/5.0 AppleWebKit/537.36 (KHTML, like Gecko; compatible; Amazonbot/0.1; +https://developer.amazon.com/support/amazonbot) Chrome/119.0.6045.214 Safari/537.36"
209.74.77.214 - - [13/Jul/2025:00:25:36 +0000] "POST /wp-cron.php?doing_wp_cron=1752366336.9523649215698242187500 HTTP/1.1" 200 - "-" "WordPress/6.8.1; https://teamhachem.com"
216.73.216.126 - - [13/Jul/2025:00:25:36 +0000] "GET /events/list/?ical=1&tribe-bar-date=2027-12-08 HTTP/1.1" 200 1138 "-" "Mozilla/5.0 AppleWebKit/537.36 (KHTML, like Gecko; compatible; ClaudeBot/1.0; [email protected])"
209.74.77.214 - - [13/Jul/2025:00:27:08 +0000] "POST /wp-cron.php?doing_wp_cron=1752366428.9250929355621337890625 HTTP/1.1" 200 - "-" "WordPress/6.8.1; https://teamhachem.com"
216.73.216.126 - - [13/Jul/2025:00:27:07 +0000] "GET /robots.txt HTTP/1.1" 200 154 "-" "Mozilla/5.0 AppleWebKit/537.36 (KHTML, like Gecko; compatible; ClaudeBot/1.0; [email protected])"
216.73.216.126 - - [13/Jul/2025:00:27:09 +0000] "GET /events/2028-03-07 HTTP/1.1" 301 - "-" "Mozilla/5.0 AppleWebKit/537.36 (KHTML, like Gecko; compatible; ClaudeBot/1.0; [email protected])"
216.73.216.126 - - [13/Jul/2025:00:27:09 +0000] "GET /events/2028-03-07/ HTTP/1.1" 200 19476 "https://teamhachem.com/events/2028-03-07" "Mozilla/5.0 AppleWebKit/537.36 (KHTML, like Gecko; compatible; ClaudeBot/1.0; [email protected])"
216.73.216.126 - - [13/Jul/2025:00:27:09 +0000] "GET /events/2028-04-01 HTTP/1.1" 301 - "-" "Mozilla/5.0 AppleWebKit/537.36 (KHTML, like Gecko; compatible; ClaudeBot/1.0; [email protected])"
216.73.216.126 - - [13/Jul/2025:00:27:09 +0000] "GET /events/2028-04-01/ HTTP/1.1" 200 19478 "https://teamhachem.com/events/2028-04-01" "Mozilla/5.0 AppleWebKit/537.36 (KHTML, like Gecko; compatible; ClaudeBot/1.0; [email protected])"
51.222.253.17 - - [13/Jul/2025:00:27:09 +0000] "GET /events/list/?tribe-bar-date=2025-01-01 HTTP/1.1" 200 19780 "-" "Mozilla/5.0 (compatible; AhrefsBot/7.0; +http://ahrefs.com/robot/)"
209.74.77.214 - - [13/Jul/2025:00:34:06 +0000] "POST /wp-cron.php?doing_wp_cron=1752366846.5414888858795166015625 HTTP/1.1" 200 - "-" "WordPress/6.8.1; https://teamhachem.com"
51.222.253.16 - - [13/Jul/2025:00:34:04 +0000] "GET /events/2025-12-06/ HTTP/1.1" 200 19469 "-" "Mozilla/5.0 (compatible; AhrefsBot/7.0; +http://ahrefs.com/robot/)"
209.74.77.214 - - [13/Jul/2025:00:34:51 +0000] "POST /wp-cron.php?doing_wp_cron=1752366891.7470810413360595703125 HTTP/1.1" 200 - "-" "WordPress/6.8.1; https://teamhachem.com"
216.73.216.126 - - [13/Jul/2025:00:34:49 +0000] "GET /events/list/?eventDisplay=past&tribe-bar-date=2028-01-25 HTTP/1.1" 200 20211 "-" "Mozilla/5.0 AppleWebKit/537.36 (KHTML, like Gecko; compatible; ClaudeBot/1.0; [email protected])"
209.74.77.214 - - [13/Jul/2025:00:36:02 +0000] "POST /wp-cron.php?doing_wp_cron=1752366962.7959330081939697265625 HTTP/1.1" 200 - "-" "WordPress/6.8.1; https://teamhachem.com"
34.206.193.60 - - [13/Jul/2025:00:36:00 +0000] "GET /events/list/?tribe-bar-date=2026-04-23 HTTP/1.1" 200 19805 "-" "Mozilla/5.0 AppleWebKit/537.36 (KHTML, like Gecko; compatible; Amazonbot/0.1; +https://developer.amazon.com/support/amazonbot) Chrome/119.0.6045.214 Safari/537.36"
3.217.171.106 - - [13/Jul/2025:00:36:04 +0000] "GET /events/list/?eventDisplay=past&tribe-bar-date=2026-06-16 HTTP/1.1" 200 20212 "-" "Mozilla/5.0 AppleWebKit/537.36 (KHTML, like Gecko; compatible; Amazonbot/0.1; +https://developer.amazon.com/support/amazonbot) Chrome/119.0.6045.214 Safari/537.36"
209.74.77.214 - - [13/Jul/2025:00:36:25 +0000] "POST /wp-cron.php?doing_wp_cron=1752366985.7100698947906494140625 HTTP/1.1" 200 - "-" "WordPress/6.8.1; https://teamhachem.com"
216.73.216.126 - - [13/Jul/2025:00:36:25 +0000] "GET /events/list/?eventDisplay=past&tribe-bar-date=2028-01-20 HTTP/1.1" 200 20216 "-" "Mozilla/5.0 AppleWebKit/537.36 (KHTML, like Gecko; compatible; ClaudeBot/1.0; [email protected])"
20.171.207.98 - - [13/Jul/2025:00:37:02 +0000] "GET /events/2024-05-31/?ical=1 HTTP/1.1" 200 - "-" "Mozilla/5.0 AppleWebKit/537.36 (KHTML, like Gecko; compatible; GPTBot/1.2; +https://openai.com/gptbot)"
20.171.207.98 - - [13/Jul/2025:00:37:04 +0000] "GET /events/2022-05-26/?ical=1 HTTP/1.1" 200 - "-" "Mozilla/5.0 AppleWebKit/537.36 (KHTML, like Gecko; compatible; GPTBot/1.2; +https://openai.com/gptbot)"
209.74.77.214 - - [13/Jul/2025:00:37:07 +0000] "POST /wp-cron.php?doing_wp_cron=1752367027.8451321125030517578125 HTTP/1.1" 200 - "-" "WordPress/6.8.1; https://teamhachem.com"
20.171.207.98 - - [13/Jul/2025:00:37:07 +0000] "GET /events/2024-05-31/?outlook-ical=1 HTTP/1.1" 200 - "-" "Mozilla/5.0 AppleWebKit/537.36 (KHTML, like Gecko; compatible; GPTBot/1.2; +https://openai.com/gptbot)"
20.171.207.98 - - [13/Jul/2025:00:37:11 +0000] "GET /events/2022-09-18/?ical=1 HTTP/1.1" 200 - "-" "Mozilla/5.0 AppleWebKit/537.36 (KHTML, like Gecko; compatible; GPTBot/1.2; +https://openai.com/gptbot)"
216.73.216.126 - - [13/Jul/2025:00:37:13 +0000] "GET /events/2028-03-13 HTTP/1.1" 301 - "-" "Mozilla/5.0 AppleWebKit/537.36 (KHTML, like Gecko; compatible; ClaudeBot/1.0; [email protected])"
