216.73.216.126 - - [12/Jul/2025:19:19:35 +0000] "GET /events/2028-01-29/?outlook-ical=1 HTTP/1.1" 200 1133 "-" "Mozilla/5.0 AppleWebKit/537.36 (KHTML, like Gecko; compatible; ClaudeBot/1.0; [email protected])"
209.74.77.214 - - [12/Jul/2025:19:20:24 +0000] "POST /wp-cron.php?doing_wp_cron=1752348024.4881711006164550781250 HTTP/1.1" 200 - "-" "WordPress/6.8.1; https://teamhachem.com"
216.73.216.126 - - [12/Jul/2025:19:20:22 +0000] "GET /events/2028-02-04/?ical=1 HTTP/1.1" 200 1137 "-" "Mozilla/5.0 AppleWebKit/537.36 (KHTML, like Gecko; compatible; ClaudeBot/1.0; [email protected])"
209.74.77.214 - - [12/Jul/2025:19:21:24 +0000] "POST /wp-cron.php?doing_wp_cron=1752348084.5135729312896728515625 HTTP/1.1" 200 - "-" "WordPress/6.8.1; https://teamhachem.com"
216.73.216.126 - - [12/Jul/2025:19:21:22 +0000] "GET /events/list/?eventDisplay=past&tribe-bar-date=2028-01-01 HTTP/1.1" 200 20212 "-" "Mozilla/5.0 AppleWebKit/537.36 (KHTML, like Gecko; compatible; ClaudeBot/1.0; [email protected])"
209.74.77.214 - - [12/Jul/2025:19:22:05 +0000] "POST /wp-cron.php?doing_wp_cron=1752348125.8194830417633056640625 HTTP/1.1" 200 - "-" "WordPress/6.8.1; https://teamhachem.com"
216.73.216.126 - - [12/Jul/2025:19:22:04 +0000] "GET /events/2028-02-23 HTTP/1.1" 301 - "-" "Mozilla/5.0 AppleWebKit/537.36 (KHTML, like Gecko; compatible; ClaudeBot/1.0; [email protected])"
216.73.216.126 - - [12/Jul/2025:19:22:05 +0000] "GET /events/2028-02-23/ HTTP/1.1" 200 19473 "https://teamhachem.com/events/2028-02-23" "Mozilla/5.0 AppleWebKit/537.36 (KHTML, like Gecko; compatible; ClaudeBot/1.0; [email protected])"
90.156.143.133 - - [12/Jul/2025:19:22:23 +0000] "POST /xmlrpc.php HTTP/1.1" 200 403 "-" "Mozilla/5.0 (Windows NT 10.0; Win64; x64; rv:78.0) Gecko/20100101 Firefox/78.0"
103.69.98.51 - - [12/Jul/2025:19:22:26 +0000] "POST /xmlrpc.php HTTP/1.1" 200 403 "-" "Mozilla/5.0 (Windows NT 6.3; Win64; x64; rv:73.0) Gecko/20100101 Firefox/73.0"
23.251.157.11 - - [12/Jul/2025:19:22:28 +0000] "POST /xmlrpc.php HTTP/1.1" 200 403 "-" "Mozilla/5.0 (iPad; CPU OS 14_6 like Mac OS X) AppleWebKit/605.1.15 (KHTML, like Gecko) CriOS/91.0.4472.80 Mobile/15E148 Safari/604.1"
209.74.77.214 - - [12/Jul/2025:19:22:35 +0000] "POST /wp-cron.php?doing_wp_cron=1752348155.8250749111175537109375 HTTP/1.1" 200 - "-" "WordPress/6.8.1; https://teamhachem.com"
207.244.240.203 - - [12/Jul/2025:19:22:35 +0000] "POST /xmlrpc.php HTTP/1.1" 200 403 "-" "Mozilla/5.0 (Windows NT 6.1; WOW64; rv:44.0) Gecko/20100101 Firefox/44.0"
198.24.151.122 - - [12/Jul/2025:19:22:38 +0000] "POST /xmlrpc.php HTTP/1.1" 200 403 "-" "Mozilla/5.0 (Windows NT 10.0; Win64; x64; rv:60.0) Gecko/20100101 Firefox/60.0"
216.73.216.126 - - [12/Jul/2025:19:22:39 +0000] "GET /robots.txt HTTP/1.1" 200 154 "-" "Mozilla/5.0 AppleWebKit/537.36 (KHTML, like Gecko; compatible; ClaudeBot/1.0; [email protected])"
216.73.216.126 - - [12/Jul/2025:19:22:39 +0000] "GET /events/list/?tribe-bar-date=2028-02-01 HTTP/1.1" 200 19798 "-" "Mozilla/5.0 AppleWebKit/537.36 (KHTML, like Gecko; compatible; ClaudeBot/1.0; [email protected])"
185.80.49.12 - - [12/Jul/2025:19:22:41 +0000] "POST /xmlrpc.php HTTP/1.1" 200 403 "-" "Mozilla/5.0 (Windows NT 10.0; Win64; x64; rv:60.0) Gecko/20100101 Firefox/60.0"
41.111.172.42 - - [12/Jul/2025:19:22:50 +0000] "POST /xmlrpc.php HTTP/1.1" 200 403 "-" "Mozilla/5.0 (iPod; CPU iPhone OS 14_6 like Mac OS X) AppleWebKit/605.1.15 (KHTML, like Gecko) CriOS/91.0.4472.80 Mobile/15E148 Safari/604.1"
185.80.49.12 - - [12/Jul/2025:19:22:50 +0000] "POST /xmlrpc.php HTTP/1.1" 200 403 "-" "Mozilla/5.0 (Windows NT 6.1; WOW64; rv:43.0) Gecko/20100101 Firefox/43.0"
185.80.49.12 - - [12/Jul/2025:19:22:55 +0000] "POST /xmlrpc.php HTTP/1.1" 200 403 "-" "Mozilla/5.0 (Windows NT 5.1; rv:33.0) Gecko/20100101 Firefox/33.0"
185.80.49.12 - - [12/Jul/2025:19:22:55 +0000] "POST /xmlrpc.php HTTP/1.1" 200 403 "-" "Mozilla/5.0 (Windows NT 10.0; Win64; x64; rv:62.0) Gecko/20100101 Firefox/62.0"
192.140.162.207 - - [12/Jul/2025:19:22:56 +0000] "POST /xmlrpc.php HTTP/1.1" 200 403 "-" "Mozilla/5.0 (Linux; Android 10; SM-G960U) AppleWebKit/537.36 (KHTML, like Gecko) Chrome/91.0.4472.114 Mobile Safari/537.36"
209.74.77.214 - - [12/Jul/2025:19:23:04 +0000] "POST /wp-cron.php?doing_wp_cron=1752348184.9752728939056396484375 HTTP/1.1" 200 - "-" "WordPress/6.8.1; https://teamhachem.com"
188.166.177.113 - - [12/Jul/2025:19:23:04 +0000] "POST /xmlrpc.php HTTP/1.1" 200 403 "-" "Mozilla/5.0 (Windows NT 10.0; Win64; x64) AppleWebKit/537.36 (KHTML, like Gecko) Chrome/83.0.4103.116 Safari/537.36"
207.244.246.108 - - [12/Jul/2025:19:23:10 +0000] "POST /xmlrpc.php HTTP/1.1" 200 403 "-" "Mozilla/5.0 (Windows NT 6.1; WOW64) AppleWebKit/537.1 (KHTML, like Gecko) Chrome/21.0.1180.83 Safari/537.1"
23.251.157.11 - - [12/Jul/2025:19:23:15 +0000] "POST /xmlrpc.php HTTP/1.1" 200 403 "-" "Mozilla/5.0 (Windows; U; Windows NT 5.1; en-US; rv:1.7.12) Gecko/20050915 Firefox/1.0.7"
51.222.253.12 - - [12/Jul/2025:19:23:20 +0000] "GET /events/2025-01-16/ HTTP/1.1" 200 19462 "-" "Mozilla/5.0 (compatible; AhrefsBot/7.0; +http://ahrefs.com/robot/)"
216.73.216.126 - - [12/Jul/2025:19:23:24 +0000] "GET /events/2028-02-13 HTTP/1.1" 301 - "-" "Mozilla/5.0 AppleWebKit/537.36 (KHTML, like Gecko; compatible; ClaudeBot/1.0; [email protected])"
216.73.216.126 - - [12/Jul/2025:19:23:24 +0000] "GET /events/2028-02-13/ HTTP/1.1" 200 19473 "https://teamhachem.com/events/2028-02-13" "Mozilla/5.0 AppleWebKit/537.36 (KHTML, like Gecko; compatible; ClaudeBot/1.0; [email protected])"
209.74.77.214 - - [12/Jul/2025:19:24:05 +0000] "POST /wp-cron.php?doing_wp_cron=1752348245.8441450595855712890625 HTTP/1.1" 200 - "-" "WordPress/6.8.1; https://teamhachem.com"
216.73.216.126 - - [12/Jul/2025:19:24:04 +0000] "GET /events/2028-02-14 HTTP/1.1" 301 - "-" "Mozilla/5.0 AppleWebKit/537.36 (KHTML, like Gecko; compatible; ClaudeBot/1.0; [email protected])"
216.73.216.126 - - [12/Jul/2025:19:24:05 +0000] "GET /events/2028-02-14/ HTTP/1.1" 200 19477 "https://teamhachem.com/events/2028-02-14" "Mozilla/5.0 AppleWebKit/537.36 (KHTML, like Gecko; compatible; ClaudeBot/1.0; [email protected])"
209.74.77.214 - - [12/Jul/2025:19:24:50 +0000] "POST /wp-cron.php?doing_wp_cron=1752348290.5329430103302001953125 HTTP/1.1" 200 - "-" "WordPress/6.8.1; https://teamhachem.com"
216.73.216.126 - - [12/Jul/2025:19:24:48 +0000] "GET /events/2028-02-22 HTTP/1.1" 301 - "-" "Mozilla/5.0 AppleWebKit/537.36 (KHTML, like Gecko; compatible; ClaudeBot/1.0; [email protected])"
216.73.216.126 - - [12/Jul/2025:19:24:50 +0000] "GET /events/2028-02-22/ HTTP/1.1" 200 19478 "https://teamhachem.com/events/2028-02-22" "Mozilla/5.0 AppleWebKit/537.36 (KHTML, like Gecko; compatible; ClaudeBot/1.0; [email protected])"
209.74.77.214 - - [12/Jul/2025:19:25:28 +0000] "POST /wp-cron.php?doing_wp_cron=1752348328.0609369277954101562500 HTTP/1.1" 200 - "-" "WordPress/6.8.1; https://teamhachem.com"
216.73.216.126 - - [12/Jul/2025:19:25:26 +0000] "GET /events/2028-01-04/?ical=1 HTTP/1.1" 200 1138 "-" "Mozilla/5.0 AppleWebKit/537.36 (KHTML, like Gecko; compatible; ClaudeBot/1.0; [email protected])"
85.208.96.198 - - [12/Jul/2025:19:25:26 +0000] "GET /404-layout/ HTTP/1.1" 200 12099 "-" "Mozilla/5.0 (compatible; SemrushBot/7~bl; +http://www.semrush.com/bot.html)"
209.74.77.214 - - [12/Jul/2025:19:26:07 +0000] "POST /wp-cron.php?doing_wp_cron=1752348367.8215050697326660156250 HTTP/1.1" 200 - "-" "WordPress/6.8.1; https://teamhachem.com"
216.73.216.126 - - [12/Jul/2025:19:26:06 +0000] "GET /events/2028-02-20 HTTP/1.1" 301 - "-" "Mozilla/5.0 AppleWebKit/537.36 (KHTML, like Gecko; compatible; ClaudeBot/1.0; [email protected])"
216.73.216.126 - - [12/Jul/2025:19:26:07 +0000] "GET /events/2028-02-20/ HTTP/1.1" 200 19474 "https://teamhachem.com/events/2028-02-20" "Mozilla/5.0 AppleWebKit/537.36 (KHTML, like Gecko; compatible; ClaudeBot/1.0; [email protected])"
209.74.77.214 - - [12/Jul/2025:19:26:54 +0000] "POST /wp-cron.php?doing_wp_cron=1752348413.9917778968811035156250 HTTP/1.1" 200 - "-" "WordPress/6.8.1; https://teamhachem.com"
216.73.216.126 - - [12/Jul/2025:19:26:52 +0000] "GET /events/2028-02-21 HTTP/1.1" 301 - "-" "Mozilla/5.0 AppleWebKit/537.36 (KHTML, like Gecko; compatible; ClaudeBot/1.0; [email protected])"
216.73.216.126 - - [12/Jul/2025:19:26:54 +0000] "GET /events/2028-02-21/ HTTP/1.1" 200 19475 "https://teamhachem.com/events/2028-02-21" "Mozilla/5.0 AppleWebKit/537.36 (KHTML, like Gecko; compatible; ClaudeBot/1.0; [email protected])"
209.74.77.214 - - [12/Jul/2025:19:27:31 +0000] "POST /wp-cron.php?doing_wp_cron=1752348451.3515310287475585937500 HTTP/1.1" 200 - "-" "WordPress/6.8.1; https://teamhachem.com"
216.73.216.126 - - [12/Jul/2025:19:27:29 +0000] "GET /events/list/?tribe-bar-date=2028-02-04 HTTP/1.1" 200 19800 "-" "Mozilla/5.0 AppleWebKit/537.36 (KHTML, like Gecko; compatible; ClaudeBot/1.0; [email protected])"
209.74.77.214 - - [12/Jul/2025:19:28:07 +0000] "POST /wp-cron.php?doing_wp_cron=1752348487.8865129947662353515625 HTTP/1.1" 200 - "-" "WordPress/6.8.1; https://teamhachem.com"
216.73.216.126 - - [12/Jul/2025:19:28:06 +0000] "GET /events/2028-01-26/?ical=1 HTTP/1.1" 200 1138 "-" "Mozilla/5.0 AppleWebKit/537.36 (KHTML, like Gecko; compatible; ClaudeBot/1.0; [email protected])"
209.74.77.214 - - [12/Jul/2025:19:28:47 +0000] "POST /wp-cron.php?doing_wp_cron=1752348527.7223539352416992187500 HTTP/1.1" 200 - "-" "WordPress/6.8.1; https://teamhachem.com"
216.73.216.126 - - [12/Jul/2025:19:28:45 +0000] "GET /events/2028-02-26 HTTP/1.1" 301 - "-" "Mozilla/5.0 AppleWebKit/537.36 (KHTML, like Gecko; compatible; ClaudeBot/1.0; [email protected])"
216.73.216.126 - - [12/Jul/2025:19:28:47 +0000] "GET /events/2028-02-26/ HTTP/1.1" 200 19474 "https://teamhachem.com/events/2028-02-26" "Mozilla/5.0 AppleWebKit/537.36 (KHTML, like Gecko; compatible; ClaudeBot/1.0; [email protected])"
209.74.77.214 - - [12/Jul/2025:19:29:38 +0000] "POST /wp-cron.php?doing_wp_cron=1752348578.8884561061859130859375 HTTP/1.1" 200 - "-" "WordPress/6.8.1; https://teamhachem.com"
216.73.216.126 - - [12/Jul/2025:19:29:37 +0000] "GET /events/2028-02-17 HTTP/1.1" 301 - "-" "Mozilla/5.0 AppleWebKit/537.36 (KHTML, like Gecko; compatible; ClaudeBot/1.0; [email protected])"
216.73.216.126 - - [12/Jul/2025:19:29:38 +0000] "GET /events/2028-02-17/ HTTP/1.1" 200 19471 "https://teamhachem.com/events/2028-02-17" "Mozilla/5.0 AppleWebKit/537.36 (KHTML, like Gecko; compatible; ClaudeBot/1.0; [email protected])"
209.74.77.214 - - [12/Jul/2025:19:30:28 +0000] "POST /wp-cron.php?doing_wp_cron=1752348628.5835740566253662109375 HTTP/1.1" 200 - "-" "WordPress/6.8.1; https://teamhachem.com"
216.73.216.126 - - [12/Jul/2025:19:30:26 +0000] "GET /events/2028-03-02 HTTP/1.1" 301 - "-" "Mozilla/5.0 AppleWebKit/537.36 (KHTML, like Gecko; compatible; ClaudeBot/1.0; [email protected])"
216.73.216.126 - - [12/Jul/2025:19:30:28 +0000] "GET /events/2028-03-02/ HTTP/1.1" 200 19461 "https://teamhachem.com/events/2028-03-02" "Mozilla/5.0 AppleWebKit/537.36 (KHTML, like Gecko; compatible; ClaudeBot/1.0; [email protected])"
209.74.77.214 - - [12/Jul/2025:19:30:48 +0000] "POST /wp-cron.php?doing_wp_cron=1752348648.2260749340057373046875 HTTP/1.1" 200 - "-" "WordPress/6.8.1; https://teamhachem.com"
85.208.96.198 - - [12/Jul/2025:19:30:48 +0000] "GET /events/2025-06-25/ HTTP/1.1" 200 19473 "-" "Mozilla/5.0 (compatible; SemrushBot/7~bl; +http://www.semrush.com/bot.html)"
209.74.77.214 - - [12/Jul/2025:19:31:08 +0000] "POST /wp-cron.php?doing_wp_cron=1752348668.6287980079650878906250 HTTP/1.1" 200 - "-" "WordPress/6.8.1; https://teamhachem.com"
216.73.216.126 - - [12/Jul/2025:19:31:08 +0000] "GET /events/2028-02-25 HTTP/1.1" 301 - "-" "Mozilla/5.0 AppleWebKit/537.36 (KHTML, like Gecko; compatible; ClaudeBot/1.0; [email protected])"
216.73.216.126 - - [12/Jul/2025:19:31:08 +0000] "GET /events/2028-02-25/ HTTP/1.1" 200 19462 "https://teamhachem.com/events/2028-02-25" "Mozilla/5.0 AppleWebKit/537.36 (KHTML, like Gecko; compatible; ClaudeBot/1.0; [email protected])"
185.191.171.7 - - [12/Jul/2025:19:31:27 +0000] "GET /events/list/?tribe-bar-date=2025-09-23 HTTP/1.1" 200 19792 "-" "Mozilla/5.0 (compatible; SemrushBot/7~bl; +http://www.semrush.com/bot.html)"
209.74.77.214 - - [12/Jul/2025:19:32:12 +0000] "POST /wp-cron.php?doing_wp_cron=1752348732.5587201118469238281250 HTTP/1.1" 200 - "-" "WordPress/6.8.1; https://teamhachem.com"
216.73.216.126 - - [12/Jul/2025:19:32:10 +0000] "GET /events/list/?eventDisplay=past&ical=1&tribe-bar-date=2027-11-18 HTTP/1.1" 200 1292 "-" "Mozilla/5.0 AppleWebKit/537.36 (KHTML, like Gecko; compatible; ClaudeBot/1.0; [email protected])"
209.74.77.214 - - [12/Jul/2025:19:33:01 +0000] "POST /wp-cron.php?doing_wp_cron=1752348781.6840178966522216796875 HTTP/1.1" 200 - "-" "WordPress/6.8.1; https://teamhachem.com"
216.73.216.126 - - [12/Jul/2025:19:32:59 +0000] "GET /events/2028-02-19 HTTP/1.1" 301 - "-" "Mozilla/5.0 AppleWebKit/537.36 (KHTML, like Gecko; compatible; ClaudeBot/1.0; [email protected])"
216.73.216.126 - - [12/Jul/2025:19:33:01 +0000] "GET /events/2028-02-19/ HTTP/1.1" 200 19471 "https://teamhachem.com/events/2028-02-19" "Mozilla/5.0 AppleWebKit/537.36 (KHTML, like Gecko; compatible; ClaudeBot/1.0; [email protected])"
209.74.77.214 - - [12/Jul/2025:19:33:51 +0000] "POST /wp-cron.php?doing_wp_cron=1752348831.8905808925628662109375 HTTP/1.1" 200 - "-" "WordPress/6.8.1; https://teamhachem.com"
216.73.216.126 - - [12/Jul/2025:19:33:50 +0000] "GET /events/2028-02-02/?ical=1 HTTP/1.1" 200 1138 "-" "Mozilla/5.0 AppleWebKit/537.36 (KHTML, like Gecko; compatible; ClaudeBot/1.0; [email protected])"
209.74.77.214 - - [12/Jul/2025:19:34:16 +0000] "POST /wp-cron.php?doing_wp_cron=1752348856.5957300662994384765625 HTTP/1.1" 200 - "-" "WordPress/6.8.1; https://teamhachem.com"
85.208.96.198 - - [12/Jul/2025:19:34:16 +0000] "GET /events/list/?tribe-bar-date=2025-09-15 HTTP/1.1" 200 19783 "-" "Mozilla/5.0 (compatible; SemrushBot/7~bl; +http://www.semrush.com/bot.html)"
216.73.216.126 - - [12/Jul/2025:19:34:24 +0000] "GET /events/2028-03-03 HTTP/1.1" 301 - "-" "Mozilla/5.0 AppleWebKit/537.36 (KHTML, like Gecko; compatible; ClaudeBot/1.0; [email protected])"
216.73.216.126 - - [12/Jul/2025:19:34:25 +0000] "GET /events/2028-03-03/ HTTP/1.1" 200 19478 "https://teamhachem.com/events/2028-03-03" "Mozilla/5.0 AppleWebKit/537.36 (KHTML, like Gecko; compatible; ClaudeBot/1.0; [email protected])"
209.74.77.214 - - [12/Jul/2025:19:35:06 +0000] "POST /wp-cron.php?doing_wp_cron=1752348906.1904020309448242187500 HTTP/1.1" 200 - "-" "WordPress/6.8.1; https://teamhachem.com"
216.73.216.126 - - [12/Jul/2025:19:35:04 +0000] "GET /events/2028-01-15/?ical=1 HTTP/1.1" 200 1138 "-" "Mozilla/5.0 AppleWebKit/537.36 (KHTML, like Gecko; compatible; ClaudeBot/1.0; [email protected])"
209.74.77.214 - - [12/Jul/2025:19:35:54 +0000] "POST /wp-cron.php?doing_wp_cron=1752348954.1778659820556640625000 HTTP/1.1" 200 - "-" "WordPress/6.8.1; https://teamhachem.com"
216.73.216.126 - - [12/Jul/2025:19:35:52 +0000] "GET /events/list/?tribe-bar-date=2028-01-04 HTTP/1.1" 200 19782 "-" "Mozilla/5.0 AppleWebKit/537.36 (KHTML, like Gecko; compatible; ClaudeBot/1.0; [email protected])"
209.74.77.214 - - [12/Jul/2025:19:36:40 +0000] "POST /wp-cron.php?doing_wp_cron=1752349000.5496020317077636718750 HTTP/1.1" 200 - "-" "WordPress/6.8.1; https://teamhachem.com"
216.73.216.126 - - [12/Jul/2025:19:36:38 +0000] "GET /events/2028-03-05 HTTP/1.1" 301 - "-" "Mozilla/5.0 AppleWebKit/537.36 (KHTML, like Gecko; compatible; ClaudeBot/1.0; [email protected])"
216.73.216.126 - - [12/Jul/2025:19:36:40 +0000] "GET /events/2028-03-05/ HTTP/1.1" 200 19474 "https://teamhachem.com/events/2028-03-05" "Mozilla/5.0 AppleWebKit/537.36 (KHTML, like Gecko; compatible; ClaudeBot/1.0; [email protected])"
209.74.77.214 - - [12/Jul/2025:19:37:31 +0000] "POST /wp-cron.php?doing_wp_cron=1752349051.0249130725860595703125 HTTP/1.1" 200 - "-" "WordPress/6.8.1; https://teamhachem.com"
216.73.216.126 - - [12/Jul/2025:19:37:29 +0000] "GET /events/2028-01-13/?ical=1 HTTP/1.1" 200 1138 "-" "Mozilla/5.0 AppleWebKit/537.36 (KHTML, like Gecko; compatible; ClaudeBot/1.0; [email protected])"
209.74.77.214 - - [12/Jul/2025:19:38:22 +0000] "POST /wp-cron.php?doing_wp_cron=1752349102.2515189647674560546875 HTTP/1.1" 200 - "-" "WordPress/6.8.1; https://teamhachem.com"
216.73.216.126 - - [12/Jul/2025:19:38:20 +0000] "GET /events/list/?tribe-bar-date=2028-01-07 HTTP/1.1" 200 19798 "-" "Mozilla/5.0 AppleWebKit/537.36 (KHTML, like Gecko; compatible; ClaudeBot/1.0; [email protected])"
209.74.77.214 - - [12/Jul/2025:19:39:08 +0000] "POST /wp-cron.php?doing_wp_cron=1752349148.6587049961090087890625 HTTP/1.1" 200 - "-" "WordPress/6.8.1; https://teamhachem.com"
216.73.216.126 - - [12/Jul/2025:19:39:06 +0000] "GET /events/list/?tribe-bar-date=2028-02-02 HTTP/1.1" 200 19790 "-" "Mozilla/5.0 AppleWebKit/537.36 (KHTML, like Gecko; compatible; ClaudeBot/1.0; [email protected])"
51.222.253.10 - - [12/Jul/2025:19:39:19 +0000] "GET /wp-sitemap.xml HTTP/1.1" 200 325 "-" "Mozilla/5.0 (compatible; AhrefsBot/7.0; +http://ahrefs.com/robot/)"
51.222.253.12 - - [12/Jul/2025:19:39:20 +0000] "GET /wp-sitemap-posts-post-1.xml HTTP/1.1" 200 937 "-" "Mozilla/5.0 (compatible; AhrefsBot/7.0; +http://ahrefs.com/robot/)"
51.222.253.2 - - [12/Jul/2025:19:39:21 +0000] "GET /wp-sitemap-posts-page-1.xml HTTP/1.1" 200 805 "-" "Mozilla/5.0 (compatible; AhrefsBot/7.0; +http://ahrefs.com/robot/)"
51.222.253.19 - - [12/Jul/2025:19:39:23 +0000] "GET /wp-sitemap-posts-product-1.xml HTTP/1.1" 200 361 "-" "Mozilla/5.0 (compatible; AhrefsBot/7.0; +http://ahrefs.com/robot/)"
51.222.253.2 - - [12/Jul/2025:19:39:25 +0000] "GET /wp-sitemap-posts-testimonials-1.xml HTTP/1.1" 200 389 "-" "Mozilla/5.0 (compatible; AhrefsBot/7.0; +http://ahrefs.com/robot/)"
51.222.253.12 - - [12/Jul/2025:19:39:27 +0000] "GET /wp-sitemap-posts-sections-1.xml HTTP/1.1" 200 222 "-" "Mozilla/5.0 (compatible; AhrefsBot/7.0; +http://ahrefs.com/robot/)"
51.222.253.19 - - [12/Jul/2025:19:39:28 +0000] "GET /wp-sitemap-posts-services-1.xml HTTP/1.1" 200 380 "-" "Mozilla/5.0 (compatible; AhrefsBot/7.0; +http://ahrefs.com/robot/)"
51.222.253.7 - - [12/Jul/2025:19:39:30 +0000] "GET /wp-sitemap-posts-sliders-1.xml HTTP/1.1" 200 346 "-" "Mozilla/5.0 (compatible; AhrefsBot/7.0; +http://ahrefs.com/robot/)"
51.222.253.12 - - [12/Jul/2025:19:39:31 +0000] "GET /wp-sitemap-posts-gallery-1.xml HTTP/1.1" 200 318 "-" "Mozilla/5.0 (compatible; AhrefsBot/7.0; +http://ahrefs.com/robot/)"
209.74.77.214 - - [12/Jul/2025:19:39:37 +0000] "POST /wp-cron.php?doing_wp_cron=1752349177.4043970108032226562500 HTTP/1.1" 200 - "-" "WordPress/6.8.1; https://teamhachem.com"
51.222.253.13 - - [12/Jul/2025:19:39:37 +0000] "GET /wp-sitemap-posts-team-1.xml HTTP/1.1" 200 346 "-" "Mozilla/5.0 (compatible; AhrefsBot/7.0; +http://ahrefs.com/robot/)"
51.222.253.19 - - [12/Jul/2025:19:39:38 +0000] "GET /wp-sitemap-posts-faq-1.xml HTTP/1.1" 200 535 "-" "Mozilla/5.0 (compatible; AhrefsBot/7.0; +http://ahrefs.com/robot/)"
51.222.253.7 - - [12/Jul/2025:19:39:40 +0000] "GET /wp-sitemap-posts-tribe_events-1.xml HTTP/1.1" 200 244 "-" "Mozilla/5.0 (compatible; AhrefsBot/7.0; +http://ahrefs.com/robot/)"
51.222.253.5 - - [12/Jul/2025:19:39:41 +0000] "GET /wp-sitemap-taxonomies-category-1.xml HTTP/1.1" 200 239 "-" "Mozilla/5.0 (compatible; AhrefsBot/7.0; +http://ahrefs.com/robot/)"
51.222.253.9 - - [12/Jul/2025:19:39:43 +0000] "GET /wp-sitemap-taxonomies-post_tag-1.xml HTTP/1.1" 200 229 "-" "Mozilla/5.0 (compatible; AhrefsBot/7.0; +http://ahrefs.com/robot/)"
51.222.253.3 - - [12/Jul/2025:19:39:45 +0000] "GET /wp-sitemap-taxonomies-post_format-1.xml HTTP/1.1" 200 213 "-" "Mozilla/5.0 (compatible; AhrefsBot/7.0; +http://ahrefs.com/robot/)"
51.222.253.6 - - [12/Jul/2025:19:39:46 +0000] "GET /wp-sitemap-taxonomies-product_cat-1.xml HTTP/1.1" 200 223 "-" "Mozilla/5.0 (compatible; AhrefsBot/7.0; +http://ahrefs.com/robot/)"
51.222.253.16 - - [12/Jul/2025:19:39:48 +0000] "GET /wp-sitemap-taxonomies-product_tag-1.xml HTTP/1.1" 200 219 "-" "Mozilla/5.0 (compatible; AhrefsBot/7.0; +http://ahrefs.com/robot/)"
51.222.253.19 - - [12/Jul/2025:19:39:50 +0000] "GET /wp-sitemap-taxonomies-services-category-1.xml HTTP/1.1" 200 220 "-" "Mozilla/5.0 (compatible; AhrefsBot/7.0; +http://ahrefs.com/robot/)"
51.222.253.9 - - [12/Jul/2025:19:39:52 +0000] "GET /wp-sitemap-taxonomies-sliders-category-1.xml HTTP/1.1" 200 220 "-" "Mozilla/5.0 (compatible; AhrefsBot/7.0; +http://ahrefs.com/robot/)"
51.222.253.10 - - [12/Jul/2025:19:39:53 +0000] "GET /wp-sitemap-taxonomies-faq-category-1.xml HTTP/1.1" 200 222 "-" "Mozilla/5.0 (compatible; AhrefsBot/7.0; +http://ahrefs.com/robot/)"
51.222.253.19 - - [12/Jul/2025:19:39:55 +0000] "GET /wp-sitemap-users-1.xml HTTP/1.1" 200 181 "-" "Mozilla/5.0 (compatible; AhrefsBot/7.0; +http://ahrefs.com/robot/)"
216.73.216.126 - - [12/Jul/2025:19:40:00 +0000] "GET /events/2028-02-24 HTTP/1.1" 301 - "-" "Mozilla/5.0 AppleWebKit/537.36 (KHTML, like Gecko; compatible; ClaudeBot/1.0; [email protected])"
216.73.216.126 - - [12/Jul/2025:19:40:00 +0000] "GET /events/2028-02-24/ HTTP/1.1" 200 19462 "https://teamhachem.com/events/2028-02-24" "Mozilla/5.0 AppleWebKit/537.36 (KHTML, like Gecko; compatible; ClaudeBot/1.0; [email protected])"
209.74.77.214 - - [12/Jul/2025:19:40:50 +0000] "POST /wp-cron.php?doing_wp_cron=1752349250.1670870780944824218750 HTTP/1.1" 200 - "-" "WordPress/6.8.1; https://teamhachem.com"
216.73.216.126 - - [12/Jul/2025:19:40:48 +0000] "GET /events/2028-01-18/?ical=1 HTTP/1.1" 200 1137 "-" "Mozilla/5.0 AppleWebKit/537.36 (KHTML, like Gecko; compatible; ClaudeBot/1.0; [email protected])"
209.74.77.214 - - [12/Jul/2025:19:41:36 +0000] "POST /wp-cron.php?doing_wp_cron=1752349296.9575400352478027343750 HTTP/1.1" 200 - "-" "WordPress/6.8.1; https://teamhachem.com"
216.73.216.126 - - [12/Jul/2025:19:41:35 +0000] "GET /events/2028-01-21/?ical=1 HTTP/1.1" 200 1138 "-" "Mozilla/5.0 AppleWebKit/537.36 (KHTML, like Gecko; compatible; ClaudeBot/1.0; [email protected])"
209.74.77.214 - - [12/Jul/2025:19:42:24 +0000] "POST /wp-cron.php?doing_wp_cron=1752349344.2701730728149414062500 HTTP/1.1" 200 - "-" "WordPress/6.8.1; https://teamhachem.com"
216.73.216.126 - - [12/Jul/2025:19:42:22 +0000] "GET /events/2028-02-27 HTTP/1.1" 301 - "-" "Mozilla/5.0 AppleWebKit/537.36 (KHTML, like Gecko; compatible; ClaudeBot/1.0; [email protected])"
216.73.216.126 - - [12/Jul/2025:19:42:24 +0000] "GET /events/2028-02-27/ HTTP/1.1" 200 19476 "https://teamhachem.com/events/2028-02-27" "Mozilla/5.0 AppleWebKit/537.36 (KHTML, like Gecko; compatible; ClaudeBot/1.0; [email protected])"
209.74.77.214 - - [12/Jul/2025:19:42:51 +0000] "POST /wp-cron.php?doing_wp_cron=1752349371.8307330608367919921875 HTTP/1.1" 200 - "-" "WordPress/6.8.1; https://teamhachem.com"
185.191.171.18 - - [12/Jul/2025:19:42:51 +0000] "GET /events/2025-10-12/ HTTP/1.1" 200 19453 "-" "Mozilla/5.0 (compatible; SemrushBot/7~bl; +http://www.semrush.com/bot.html)"
209.74.77.214 - - [12/Jul/2025:19:43:19 +0000] "POST /wp-cron.php?doing_wp_cron=1752349399.7924289703369140625000 HTTP/1.1" 200 - "-" "WordPress/6.8.1; https://teamhachem.com"
216.73.216.126 - - [12/Jul/2025:19:43:19 +0000] "GET /events/2028-01-30/?ical=1 HTTP/1.1" 200 1137 "-" "Mozilla/5.0 AppleWebKit/537.36 (KHTML, like Gecko; compatible; ClaudeBot/1.0; [email protected])"
209.74.77.214 - - [12/Jul/2025:19:44:07 +0000] "POST /wp-cron.php?doing_wp_cron=1752349447.6897280216217041015625 HTTP/1.1" 200 - "-" "WordPress/6.8.1; https://teamhachem.com"
216.73.216.126 - - [12/Jul/2025:19:44:05 +0000] "GET /events/2028-02-29 HTTP/1.1" 301 - "-" "Mozilla/5.0 AppleWebKit/537.36 (KHTML, like Gecko; compatible; ClaudeBot/1.0; [email protected])"
216.73.216.126 - - [12/Jul/2025:19:44:07 +0000] "GET /events/2028-02-29/ HTTP/1.1" 200 19474 "https://teamhachem.com/events/2028-02-29" "Mozilla/5.0 AppleWebKit/537.36 (KHTML, like Gecko; compatible; ClaudeBot/1.0; [email protected])"
209.74.77.214 - - [12/Jul/2025:19:44:50 +0000] "POST /wp-cron.php?doing_wp_cron=1752349490.5749659538269042968750 HTTP/1.1" 200 - "-" "WordPress/6.8.1; https://teamhachem.com"
216.73.216.126 - - [12/Jul/2025:19:44:48 +0000] "GET /events/2028-01-31/?ical=1 HTTP/1.1" 200 1138 "-" "Mozilla/5.0 AppleWebKit/537.36 (KHTML, like Gecko; compatible; ClaudeBot/1.0; [email protected])"
209.74.77.214 - - [12/Jul/2025:19:45:38 +0000] "POST /wp-cron.php?doing_wp_cron=1752349537.9963140487670898437500 HTTP/1.1" 200 - "-" "WordPress/6.8.1; https://teamhachem.com"
216.73.216.126 - - [12/Jul/2025:19:45:36 +0000] "GET /events/list/?tribe-bar-date=2028-01-18 HTTP/1.1" 200 19792 "-" "Mozilla/5.0 AppleWebKit/537.36 (KHTML, like Gecko; compatible; ClaudeBot/1.0; [email protected])"
209.74.77.214 - - [12/Jul/2025:19:46:17 +0000] "POST /wp-cron.php?doing_wp_cron=1752349577.0146009922027587890625 HTTP/1.1" 200 - "-" "WordPress/6.8.1; https://teamhachem.com"
216.73.216.126 - - [12/Jul/2025:19:46:15 +0000] "GET /events/2027-12-17/?outlook-ical=1 HTTP/1.1" 200 1132 "-" "Mozilla/5.0 AppleWebKit/537.36 (KHTML, like Gecko; compatible; ClaudeBot/1.0; [email protected])"
209.74.77.214 - - [12/Jul/2025:19:47:01 +0000] "POST /wp-cron.php?doing_wp_cron=1752349621.7869310379028320312500 HTTP/1.1" 200 - "-" "WordPress/6.8.1; https://teamhachem.com"
216.73.216.126 - - [12/Jul/2025:19:46:59 +0000] "GET /events/list/?eventDisplay=past&ical=1&tribe-bar-date=2027-11-26 HTTP/1.1" 200 1293 "-" "Mozilla/5.0 AppleWebKit/537.36 (KHTML, like Gecko; compatible; ClaudeBot/1.0; [email protected])"
209.74.77.214 - - [12/Jul/2025:19:47:48 +0000] "POST /wp-cron.php?doing_wp_cron=1752349668.2276639938354492187500 HTTP/1.1" 200 - "-" "WordPress/6.8.1; https://teamhachem.com"
216.73.216.126 - - [12/Jul/2025:19:47:46 +0000] "GET /events/list/?tribe-bar-date=2028-01-11 HTTP/1.1" 200 19792 "-" "Mozilla/5.0 AppleWebKit/537.36 (KHTML, like Gecko; compatible; ClaudeBot/1.0; [email protected])"
209.74.77.214 - - [12/Jul/2025:19:48:34 +0000] "POST /wp-cron.php?doing_wp_cron=1752349714.7302720546722412109375 HTTP/1.1" 200 - "-" "WordPress/6.8.1; https://teamhachem.com"
209.74.77.214 - - [12/Jul/2025:19:48:34 +0000] "POST /wp-cron.php?doing_wp_cron=1752349714.7302980422973632812500 HTTP/1.1" 200 - "-" "WordPress/6.8.1; https://teamhachem.com"
216.73.216.126 - - [12/Jul/2025:19:48:32 +0000] "GET /events/list/?eventDisplay=past&ical=1&tribe-bar-date=2027-11-21 HTTP/1.1" 200 1292 "-" "Mozilla/5.0 AppleWebKit/537.36 (KHTML, like Gecko; compatible; ClaudeBot/1.0; [email protected])"
85.208.96.208 - - [12/Jul/2025:19:48:34 +0000] "GET /gallery/ HTTP/1.1" 200 13459 "-" "Mozilla/5.0 (compatible; SemrushBot/7~bl; +http://www.semrush.com/bot.html)"
209.74.77.214 - - [12/Jul/2025:19:49:30 +0000] "POST /wp-cron.php?doing_wp_cron=1752349770.3852360248565673828125 HTTP/1.1" 200 - "-" "WordPress/6.8.1; https://teamhachem.com"
216.73.216.126 - - [12/Jul/2025:19:49:28 +0000] "GET /events/list/?tribe-bar-date=2028-02-03 HTTP/1.1" 200 19793 "-" "Mozilla/5.0 AppleWebKit/537.36 (KHTML, like Gecko; compatible; ClaudeBot/1.0; [email protected])"
209.74.77.214 - - [12/Jul/2025:19:50:19 +0000] "POST /wp-cron.php?doing_wp_cron=1752349818.9859619140625000000000 HTTP/1.1" 200 - "-" "WordPress/6.8.1; https://teamhachem.com"
216.73.216.126 - - [12/Jul/2025:19:50:17 +0000] "GET /events/2028-01-23/?ical=1 HTTP/1.1" 200 1138 "-" "Mozilla/5.0 AppleWebKit/537.36 (KHTML, like Gecko; compatible; ClaudeBot/1.0; [email protected])"
209.74.77.214 - - [12/Jul/2025:19:51:04 +0000] "POST /wp-cron.php?doing_wp_cron=1752349864.0926399230957031250000 HTTP/1.1" 200 - "-" "WordPress/6.8.1; https://teamhachem.com"
216.73.216.126 - - [12/Jul/2025:19:51:02 +0000] "GET /events/list/?tribe-bar-date=2028-01-30 HTTP/1.1" 200 19797 "-" "Mozilla/5.0 AppleWebKit/537.36 (KHTML, like Gecko; compatible; ClaudeBot/1.0; [email protected])"
17.241.227.104 - - [12/Jul/2025:19:51:23 +0000] "GET /blog/ HTTP/1.1" 200 14842 "-" "Mozilla/5.0 (Macintosh; Intel Mac OS X 10_15_7) AppleWebKit/605.1.15 (KHTML, like Gecko) Version/17.4 Safari/605.1.15 (Applebot/0.1; +http://www.apple.com/go/applebot)"
209.74.77.214 - - [12/Jul/2025:19:51:50 +0000] "POST /wp-cron.php?doing_wp_cron=1752349910.7321820259094238281250 HTTP/1.1" 200 - "-" "WordPress/6.8.1; https://teamhachem.com"
216.73.216.126 - - [12/Jul/2025:19:51:50 +0000] "GET /events/2028-01-27/?ical=1 HTTP/1.1" 200 1138 "-" "Mozilla/5.0 AppleWebKit/537.36 (KHTML, like Gecko; compatible; ClaudeBot/1.0; [email protected])"
209.74.77.214 - - [12/Jul/2025:19:52:43 +0000] "POST /wp-cron.php?doing_wp_cron=1752349963.5984730720520019531250 HTTP/1.1" 200 - "-" "WordPress/6.8.1; https://teamhachem.com"
216.73.216.126 - - [12/Jul/2025:19:52:41 +0000] "GET /events/2028-02-15 HTTP/1.1" 301 - "-" "Mozilla/5.0 AppleWebKit/537.36 (KHTML, like Gecko; compatible; ClaudeBot/1.0; [email protected])"
216.73.216.126 - - [12/Jul/2025:19:52:43 +0000] "GET /events/2028-02-15/ HTTP/1.1" 200 19487 "https://teamhachem.com/events/2028-02-15" "Mozilla/5.0 AppleWebKit/537.36 (KHTML, like Gecko; compatible; ClaudeBot/1.0; [email protected])"
209.74.77.214 - - [12/Jul/2025:19:53:31 +0000] "POST /wp-cron.php?doing_wp_cron=1752350011.0423018932342529296875 HTTP/1.1" 200 - "-" "WordPress/6.8.1; https://teamhachem.com"
216.73.216.126 - - [12/Jul/2025:19:53:29 +0000] "GET /events/list/?tribe-bar-date=2028-01-23 HTTP/1.1" 200 19791 "-" "Mozilla/5.0 AppleWebKit/537.36 (KHTML, like Gecko; compatible; ClaudeBot/1.0; [email protected])"
209.74.77.214 - - [12/Jul/2025:19:54:14 +0000] "POST /wp-cron.php?doing_wp_cron=1752350054.6970360279083251953125 HTTP/1.1" 200 - "-" "WordPress/6.8.1; https://teamhachem.com"
216.73.216.126 - - [12/Jul/2025:19:54:12 +0000] "GET /events/2028-01-14/?ical=1 HTTP/1.1" 200 1138 "-" "Mozilla/5.0 AppleWebKit/537.36 (KHTML, like Gecko; compatible; ClaudeBot/1.0; [email protected])"
51.222.253.20 - - [12/Jul/2025:19:54:21 +0000] "GET /events/2025-01-21/ HTTP/1.1" 200 19467 "-" "Mozilla/5.0 (compatible; AhrefsBot/7.0; +http://ahrefs.com/robot/)"
209.74.77.214 - - [12/Jul/2025:19:55:04 +0000] "POST /wp-cron.php?doing_wp_cron=1752350103.9870970249176025390625 HTTP/1.1" 200 - "-" "WordPress/6.8.1; https://teamhachem.com"
216.73.216.126 - - [12/Jul/2025:19:55:02 +0000] "GET /events/2028-01-22/?ical=1 HTTP/1.1" 200 1138 "-" "Mozilla/5.0 AppleWebKit/537.36 (KHTML, like Gecko; compatible; ClaudeBot/1.0; [email protected])"
209.74.77.214 - - [12/Jul/2025:19:55:58 +0000] "POST /wp-cron.php?doing_wp_cron=1752350158.9279611110687255859375 HTTP/1.1" 200 - "-" "WordPress/6.8.1; https://teamhachem.com"
216.73.216.126 - - [12/Jul/2025:19:55:57 +0000] "GET /events/list/?tribe-bar-date=2028-01-14 HTTP/1.1" 200 19797 "-" "Mozilla/5.0 AppleWebKit/537.36 (KHTML, like Gecko; compatible; ClaudeBot/1.0; [email protected])"
209.74.77.214 - - [12/Jul/2025:19:56:56 +0000] "POST /wp-cron.php?doing_wp_cron=1752350216.3570780754089355468750 HTTP/1.1" 200 - "-" "WordPress/6.8.1; https://teamhachem.com"
216.73.216.126 - - [12/Jul/2025:19:56:54 +0000] "GET /events/list/?tribe-bar-date=2028-01-13 HTTP/1.1" 200 19796 "-" "Mozilla/5.0 AppleWebKit/537.36 (KHTML, like Gecko; compatible; ClaudeBot/1.0; [email protected])"
209.74.77.214 - - [12/Jul/2025:19:57:51 +0000] "POST /wp-cron.php?doing_wp_cron=1752350271.7938590049743652343750 HTTP/1.1" 200 - "-" "WordPress/6.8.1; https://teamhachem.com"
216.73.216.126 - - [12/Jul/2025:19:57:50 +0000] "GET /events/2028-01-17/?ical=1 HTTP/1.1" 200 1138 "-" "Mozilla/5.0 AppleWebKit/537.36 (KHTML, like Gecko; compatible; ClaudeBot/1.0; [email protected])"
209.74.77.214 - - [12/Jul/2025:19:58:53 +0000] "POST /wp-cron.php?doing_wp_cron=1752350333.0111830234527587890625 HTTP/1.1" 200 - "-" "WordPress/6.8.1; https://teamhachem.com"
216.73.216.126 - - [12/Jul/2025:19:58:51 +0000] "GET /events/list/?tribe-bar-date=2028-01-20 HTTP/1.1" 200 19790 "-" "Mozilla/5.0 AppleWebKit/537.36 (KHTML, like Gecko; compatible; ClaudeBot/1.0; [email protected])"
209.74.77.214 - - [12/Jul/2025:19:59:54 +0000] "POST /wp-cron.php?doing_wp_cron=1752350394.0359220504760742187500 HTTP/1.1" 200 - "-" "WordPress/6.8.1; https://teamhachem.com"
216.73.216.126 - - [12/Jul/2025:19:59:52 +0000] "GET /events/list/?tribe-bar-date=2028-01-22 HTTP/1.1" 200 19789 "-" "Mozilla/5.0 AppleWebKit/537.36 (KHTML, like Gecko; compatible; ClaudeBot/1.0; [email protected])"
209.74.77.214 - - [12/Jul/2025:20:00:44 +0000] "POST /wp-cron.php?doing_wp_cron=1752350444.3915081024169921875000 HTTP/1.1" 200 - "-" "WordPress/6.8.1; https://teamhachem.com"
216.73.216.126 - - [12/Jul/2025:20:00:42 +0000] "GET /events/list/?eventDisplay=past&ical=1&tribe-bar-date=2027-10-15 HTTP/1.1" 200 1291 "-" "Mozilla/5.0 AppleWebKit/537.36 (KHTML, like Gecko; compatible; ClaudeBot/1.0; [email protected])"
209.74.77.214 - - [12/Jul/2025:20:01:32 +0000] "POST /wp-cron.php?doing_wp_cron=1752350492.5208880901336669921875 HTTP/1.1" 200 - "-" "WordPress/6.8.1; https://teamhachem.com"
216.73.216.126 - - [12/Jul/2025:20:01:30 +0000] "GET /events/2028-01-24/?ical=1 HTTP/1.1" 200 1138 "-" "Mozilla/5.0 AppleWebKit/537.36 (KHTML, like Gecko; compatible; ClaudeBot/1.0; [email protected])"
209.74.77.214 - - [12/Jul/2025:20:02:19 +0000] "POST /wp-cron.php?doing_wp_cron=1752350539.4088521003723144531250 HTTP/1.1" 200 - "-" "WordPress/6.8.1; https://teamhachem.com"
216.73.216.126 - - [12/Jul/2025:20:02:17 +0000] "GET /events/2028-01-11/?ical=1 HTTP/1.1" 200 1138 "-" "Mozilla/5.0 AppleWebKit/537.36 (KHTML, like Gecko; compatible; ClaudeBot/1.0; [email protected])"
209.74.77.214 - - [12/Jul/2025:20:03:10 +0000] "POST /wp-cron.php?doing_wp_cron=1752350590.4251799583435058593750 HTTP/1.1" 200 - "-" "WordPress/6.8.1; https://teamhachem.com"
216.73.216.126 - - [12/Jul/2025:20:03:08 +0000] "GET /events/list/?eventDisplay=past&ical=1&tribe-bar-date=2027-10-28 HTTP/1.1" 200 1291 "-" "Mozilla/5.0 AppleWebKit/537.36 (KHTML, like Gecko; compatible; ClaudeBot/1.0; [email protected])"
209.74.77.214 - - [12/Jul/2025:20:03:56 +0000] "POST /wp-cron.php?doing_wp_cron=1752350636.7218549251556396484375 HTTP/1.1" 200 - "-" "WordPress/6.8.1; https://teamhachem.com"
216.73.216.126 - - [12/Jul/2025:20:03:54 +0000] "GET /events/list/?eventDisplay=past&tribe-bar-date=2027-11-04 HTTP/1.1" 200 20217 "-" "Mozilla/5.0 AppleWebKit/537.36 (KHTML, like Gecko; compatible; ClaudeBot/1.0; [email protected])"
209.74.77.214 - - [12/Jul/2025:20:04:20 +0000] "POST /wp-cron.php?doing_wp_cron=1752350660.8825991153717041015625 HTTP/1.1" 200 - "-" "WordPress/6.8.1; https://teamhachem.com"
3.221.156.96 - - [12/Jul/2025:20:04:20 +0000] "GET /events/2024-10-04/ HTTP/1.1" 200 18807 "-" "Mozilla/5.0 AppleWebKit/537.36 (KHTML, like Gecko; compatible; Amazonbot/0.1; +https://developer.amazon.com/support/amazonbot) Chrome/119.0.6045.214 Safari/537.36"
44.194.134.53 - - [12/Jul/2025:20:04:24 +0000] "GET /events/2024-08-05/ HTTP/1.1" 200 18817 "-" "Mozilla/5.0 AppleWebKit/537.36 (KHTML, like Gecko; compatible; Amazonbot/0.1; +https://developer.amazon.com/support/amazonbot) Chrome/119.0.6045.214 Safari/537.36"
23.21.179.120 - - [12/Jul/2025:20:04:29 +0000] "GET /events/2026-08-15/ HTTP/1.1" 200 19471 "-" "Mozilla/5.0 AppleWebKit/537.36 (KHTML, like Gecko; compatible; Amazonbot/0.1; +https://developer.amazon.com/support/amazonbot) Chrome/119.0.6045.214 Safari/537.36"
209.74.77.214 - - [12/Jul/2025:20:04:41 +0000] "POST /wp-cron.php?doing_wp_cron=1752350681.3526339530944824218750 HTTP/1.1" 200 - "-" "WordPress/6.8.1; https://teamhachem.com"
216.73.216.126 - - [12/Jul/2025:20:04:41 +0000] "GET /events/list/?tribe-bar-date=2028-01-31 HTTP/1.1" 200 19794 "-" "Mozilla/5.0 AppleWebKit/537.36 (KHTML, like Gecko; compatible; ClaudeBot/1.0; [email protected])"
209.74.77.214 - - [12/Jul/2025:20:05:32 +0000] "POST /wp-cron.php?doing_wp_cron=1752350732.4956009387969970703125 HTTP/1.1" 200 - "-" "WordPress/6.8.1; https://teamhachem.com"
216.73.216.126 - - [12/Jul/2025:20:05:30 +0000] "GET /events/2028-01-20/?ical=1 HTTP/1.1" 200 1138 "-" "Mozilla/5.0 AppleWebKit/537.36 (KHTML, like Gecko; compatible; ClaudeBot/1.0; [email protected])"
209.74.77.214 - - [12/Jul/2025:20:06:24 +0000] "POST /wp-cron.php?doing_wp_cron=1752350784.7496099472045898437500 HTTP/1.1" 200 - "-" "WordPress/6.8.1; https://teamhachem.com"
216.73.216.126 - - [12/Jul/2025:20:06:22 +0000] "GET /events/2028-01-25/?ical=1 HTTP/1.1" 200 1138 "-" "Mozilla/5.0 AppleWebKit/537.36 (KHTML, like Gecko; compatible; ClaudeBot/1.0; [email protected])"
209.74.77.214 - - [12/Jul/2025:20:06:32 +0000] "POST /wp-cron.php?doing_wp_cron=1752350792.3538579940795898437500 HTTP/1.1" 200 - "-" "WordPress/6.8.1; https://teamhachem.com"
85.208.96.211 - - [12/Jul/2025:20:06:32 +0000] "GET /robots.txt HTTP/1.1" 200 154 "-" "Mozilla/5.0 (compatible; SemrushBot/7~bl; +http://www.semrush.com/bot.html)"
85.208.96.203 - - [12/Jul/2025:20:06:32 +0000] "GET /category/martial-arts/ HTTP/1.1" 200 13699 "-" "Mozilla/5.0 (compatible; SemrushBot/7~bl; +http://www.semrush.com/bot.html)"
209.74.77.214 - - [12/Jul/2025:20:07:04 +0000] "POST /wp-cron.php?doing_wp_cron=1752350824.2442460060119628906250 HTTP/1.1" 200 - "-" "WordPress/6.8.1; https://teamhachem.com"
216.73.216.126 - - [12/Jul/2025:20:07:04 +0000] "GET /events/list/?tribe-bar-date=2028-01-17 HTTP/1.1" 200 19792 "-" "Mozilla/5.0 AppleWebKit/537.36 (KHTML, like Gecko; compatible; ClaudeBot/1.0; [email protected])"
209.74.77.214 - - [12/Jul/2025:20:07:45 +0000] "POST /wp-cron.php?doing_wp_cron=1752350865.6524870395660400390625 HTTP/1.1" 200 - "-" "WordPress/6.8.1; https://teamhachem.com"
216.73.216.126 - - [12/Jul/2025:20:07:45 +0000] "GET /events/list/?tribe-bar-date=2028-01-26 HTTP/1.1" 200 19788 "-" "Mozilla/5.0 AppleWebKit/537.36 (KHTML, like Gecko; compatible; ClaudeBot/1.0; [email protected])"
209.74.77.214 - - [12/Jul/2025:20:08:40 +0000] "POST /wp-cron.php?doing_wp_cron=1752350920.9592030048370361328125 HTTP/1.1" 200 - "-" "WordPress/6.8.1; https://teamhachem.com"
51.222.253.19 - - [12/Jul/2025:20:08:39 +0000] "GET /events/2025-01-07/ HTTP/1.1" 200 19460 "-" "Mozilla/5.0 (compatible; AhrefsBot/7.0; +http://ahrefs.com/robot/)"
216.73.216.126 - - [12/Jul/2025:20:08:43 +0000] "GET /events/list/?tribe-bar-date=2028-01-05 HTTP/1.1" 200 19794 "-" "Mozilla/5.0 AppleWebKit/537.36 (KHTML, like Gecko; compatible; ClaudeBot/1.0; [email protected])"
209.74.77.214 - - [12/Jul/2025:20:09:34 +0000] "POST /wp-cron.php?doing_wp_cron=1752350974.0229079723358154296875 HTTP/1.1" 200 - "-" "WordPress/6.8.1; https://teamhachem.com"
216.73.216.126 - - [12/Jul/2025:20:09:32 +0000] "GET /events/2028-02-28 HTTP/1.1" 301 - "-" "Mozilla/5.0 AppleWebKit/537.36 (KHTML, like Gecko; compatible; ClaudeBot/1.0; [email protected])"
216.73.216.126 - - [12/Jul/2025:20:09:34 +0000] "GET /events/2028-02-28/ HTTP/1.1" 200 19482 "https://teamhachem.com/events/2028-02-28" "Mozilla/5.0 AppleWebKit/537.36 (KHTML, like Gecko; compatible; ClaudeBot/1.0; [email protected])"
209.74.77.214 - - [12/Jul/2025:20:10:19 +0000] "POST /wp-cron.php?doing_wp_cron=1752351019.3829538822174072265625 HTTP/1.1" 200 - "-" "WordPress/6.8.1; https://teamhachem.com"
216.73.216.126 - - [12/Jul/2025:20:10:17 +0000] "GET /events/list/?tribe-bar-date=2028-01-19 HTTP/1.1" 200 19776 "-" "Mozilla/5.0 AppleWebKit/537.36 (KHTML, like Gecko; compatible; ClaudeBot/1.0; [email protected])"
209.74.77.214 - - [12/Jul/2025:20:11:05 +0000] "POST /wp-cron.php?doing_wp_cron=1752351065.8127760887145996093750 HTTP/1.1" 200 - "-" "WordPress/6.8.1; https://teamhachem.com"
216.73.216.126 - - [12/Jul/2025:20:11:05 +0000] "GET /events/list/?tribe-bar-date=2028-01-25 HTTP/1.1" 200 19793 "-" "Mozilla/5.0 AppleWebKit/537.36 (KHTML, like Gecko; compatible; ClaudeBot/1.0; [email protected])"
216.73.216.126 - - [12/Jul/2025:20:12:01 +0000] "GET /events/list/?tribe-bar-date=2028-01-21 HTTP/1.1" 200 19794 "-" "Mozilla/5.0 AppleWebKit/537.36 (KHTML, like Gecko; compatible; ClaudeBot/1.0; [email protected])"
209.74.77.214 - - [12/Jul/2025:20:13:01 +0000] "POST /wp-cron.php?doing_wp_cron=1752351181.1414809226989746093750 HTTP/1.1" 200 - "-" "WordPress/6.8.1; https://teamhachem.com"
216.73.216.126 - - [12/Jul/2025:20:12:59 +0000] "GET /events/list/?tribe-bar-date=2028-01-24 HTTP/1.1" 200 19813 "-" "Mozilla/5.0 AppleWebKit/537.36 (KHTML, like Gecko; compatible; ClaudeBot/1.0; [email protected])"
209.74.77.214 - - [12/Jul/2025:20:13:13 +0000] "POST /wp-cron.php?doing_wp_cron=1752351193.8118610382080078125000 HTTP/1.1" 200 - "-" "WordPress/6.8.1; https://teamhachem.com"
185.191.171.12 - - [12/Jul/2025:20:13:13 +0000] "GET /events/list/?tribe-bar-date=2025-09-09 HTTP/1.1" 200 19782 "-" "Mozilla/5.0 (compatible; SemrushBot/7~bl; +http://www.semrush.com/bot.html)"
209.74.77.214 - - [12/Jul/2025:20:13:54 +0000] "POST /wp-cron.php?doing_wp_cron=1752351234.5350570678710937500000 HTTP/1.1" 200 - "-" "WordPress/6.8.1; https://teamhachem.com"
216.73.216.126 - - [12/Jul/2025:20:13:52 +0000] "GET /events/2028-01-19/?ical=1 HTTP/1.1" 200 1138 "-" "Mozilla/5.0 AppleWebKit/537.36 (KHTML, like Gecko; compatible; ClaudeBot/1.0; [email protected])"
209.74.77.214 - - [12/Jul/2025:20:14:07 +0000] "POST /wp-cron.php?doing_wp_cron=1752351247.3163518905639648437500 HTTP/1.1" 200 - "-" "WordPress/6.8.1; https://teamhachem.com"
185.191.171.4 - - [12/Jul/2025:20:14:07 +0000] "GET /events/list/?tribe-bar-date=2025-01-29 HTTP/1.1" 200 19801 "-" "Mozilla/5.0 (compatible; SemrushBot/7~bl; +http://www.semrush.com/bot.html)"
209.74.77.214 - - [12/Jul/2025:20:14:33 +0000] "POST /wp-cron.php?doing_wp_cron=1752351273.0418610572814941406250 HTTP/1.1" 200 - "-" "WordPress/6.8.1; https://teamhachem.com"
216.73.216.126 - - [12/Jul/2025:20:14:32 +0000] "GET /events/month/2028-02/?outlook-ical=1 HTTP/1.1" 200 1132 "-" "Mozilla/5.0 AppleWebKit/537.36 (KHTML, like Gecko; compatible; ClaudeBot/1.0; [email protected])"
209.74.77.214 - - [12/Jul/2025:20:15:24 +0000] "POST /wp-cron.php?doing_wp_cron=1752351324.7047679424285888671875 HTTP/1.1" 200 - "-" "WordPress/6.8.1; https://teamhachem.com"
216.73.216.126 - - [12/Jul/2025:20:15:22 +0000] "GET /events/list/?tribe-bar-date=2028-01-27 HTTP/1.1" 200 19797 "-" "Mozilla/5.0 AppleWebKit/537.36 (KHTML, like Gecko; compatible; ClaudeBot/1.0; [email protected])"
209.74.77.214 - - [12/Jul/2025:20:15:35 +0000] "POST /wp-cron.php?doing_wp_cron=1752351335.4866409301757812500000 HTTP/1.1" 200 - "-" "WordPress/6.8.1; https://teamhachem.com"
85.208.96.199 - - [12/Jul/2025:20:15:35 +0000] "GET /events/2026-01-01/ HTTP/1.1" 200 19480 "-" "Mozilla/5.0 (compatible; SemrushBot/7~bl; +http://www.semrush.com/bot.html)"
209.74.77.214 - - [12/Jul/2025:20:16:23 +0000] "POST /wp-cron.php?doing_wp_cron=1752351383.2783141136169433593750 HTTP/1.1" 200 - "-" "WordPress/6.8.1; https://teamhachem.com"
216.73.216.126 - - [12/Jul/2025:20:16:21 +0000] "GET /events/list/?eventDisplay=past&tribe-bar-date=2027-11-10 HTTP/1.1" 200 20223 "-" "Mozilla/5.0 AppleWebKit/537.36 (KHTML, like Gecko; compatible; ClaudeBot/1.0; [email protected])"
209.74.77.214 - - [12/Jul/2025:20:17:13 +0000] "POST /wp-cron.php?doing_wp_cron=1752351433.5658960342407226562500 HTTP/1.1" 200 - "-" "WordPress/6.8.1; https://teamhachem.com"
216.73.216.126 - - [12/Jul/2025:20:17:11 +0000] "GET /events/list/?eventDisplay=past&tribe-bar-date=2027-11-02 HTTP/1.1" 200 20220 "-" "Mozilla/5.0 AppleWebKit/537.36 (KHTML, like Gecko; compatible; ClaudeBot/1.0; [email protected])"
209.74.77.214 - - [12/Jul/2025:20:17:54 +0000] "POST /wp-cron.php?doing_wp_cron=1752351474.8967530727386474609375 HTTP/1.1" 200 - "-" "WordPress/6.8.1; https://teamhachem.com"
216.73.216.126 - - [12/Jul/2025:20:17:53 +0000] "GET /events/2028-02-03/?ical=1 HTTP/1.1" 200 1138 "-" "Mozilla/5.0 AppleWebKit/537.36 (KHTML, like Gecko; compatible; ClaudeBot/1.0; [email protected])"
209.74.77.214 - - [12/Jul/2025:20:18:12 +0000] "POST /wp-cron.php?doing_wp_cron=1752351492.4918019771575927734375 HTTP/1.1" 200 - "-" "WordPress/6.8.1; https://teamhachem.com"
185.191.171.9 - - [12/Jul/2025:20:18:12 +0000] "GET /events/2025-02-27/ HTTP/1.1" 200 19469 "-" "Mozilla/5.0 (compatible; SemrushBot/7~bl; +http://www.semrush.com/bot.html)"
209.74.77.214 - - [12/Jul/2025:20:18:43 +0000] "POST /wp-cron.php?doing_wp_cron=1752351523.0161149501800537109375 HTTP/1.1" 200 - "-" "WordPress/6.8.1; https://teamhachem.com"
216.73.216.126 - - [12/Jul/2025:20:18:42 +0000] "GET /events/list/?eventDisplay=past&tribe-bar-date=2027-11-11 HTTP/1.1" 200 20207 "-" "Mozilla/5.0 AppleWebKit/537.36 (KHTML, like Gecko; compatible; ClaudeBot/1.0; [email protected])"
209.74.77.214 - - [12/Jul/2025:20:19:36 +0000] "POST /wp-cron.php?doing_wp_cron=1752351576.0780088901519775390625 HTTP/1.1" 200 - "-" "WordPress/6.8.1; https://teamhachem.com"
216.73.216.126 - - [12/Jul/2025:20:19:34 +0000] "GET /events/list/?tribe-bar-date=2028-01-29 HTTP/1.1" 200 19803 "-" "Mozilla/5.0 AppleWebKit/537.36 (KHTML, like Gecko; compatible; ClaudeBot/1.0; [email protected])"
209.74.77.214 - - [12/Jul/2025:20:20:28 +0000] "POST /wp-cron.php?doing_wp_cron=1752351628.0142400264739990234375 HTTP/1.1" 200 - "-" "WordPress/6.8.1; https://teamhachem.com"
216.73.216.126 - - [12/Jul/2025:20:20:26 +0000] "GET /events/list/?eventDisplay=past&tribe-bar-date=2027-11-23 HTTP/1.1" 200 20209 "-" "Mozilla/5.0 AppleWebKit/537.36 (KHTML, like Gecko; compatible; ClaudeBot/1.0; [email protected])"
209.74.77.214 - - [12/Jul/2025:20:21:17 +0000] "POST /wp-cron.php?doing_wp_cron=1752351677.5933461189270019531250 HTTP/1.1" 200 - "-" "WordPress/6.8.1; https://teamhachem.com"
216.73.216.126 - - [12/Jul/2025:20:21:15 +0000] "GET /events/list/?eventDisplay=past&tribe-bar-date=2027-12-09 HTTP/1.1" 200 20222 "-" "Mozilla/5.0 AppleWebKit/537.36 (KHTML, like Gecko; compatible; ClaudeBot/1.0; [email protected])"
209.74.77.214 - - [12/Jul/2025:20:21:56 +0000] "POST /wp-cron.php?doing_wp_cron=1752351716.7285170555114746093750 HTTP/1.1" 200 - "-" "WordPress/6.8.1; https://teamhachem.com"
216.73.216.126 - - [12/Jul/2025:20:21:54 +0000] "GET /events/list/?eventDisplay=past&tribe-bar-date=2027-11-14 HTTP/1.1" 200 20216 "-" "Mozilla/5.0 AppleWebKit/537.36 (KHTML, like Gecko; compatible; ClaudeBot/1.0; [email protected])"
209.74.77.214 - - [12/Jul/2025:20:22:31 +0000] "POST /wp-cron.php?doing_wp_cron=1752351751.5659890174865722656250 HTTP/1.1" 200 - "-" "WordPress/6.8.1; https://teamhachem.com"
51.222.253.17 - - [12/Jul/2025:20:22:29 +0000] "GET /events/list/?tribe-bar-date=2025-01-09 HTTP/1.1" 200 19789 "-" "Mozilla/5.0 (compatible; AhrefsBot/7.0; +http://ahrefs.com/robot/)"
209.74.77.214 - - [12/Jul/2025:20:22:38 +0000] "POST /wp-cron.php?doing_wp_cron=1752351758.0639960765838623046875 HTTP/1.1" 200 - "-" "WordPress/6.8.1; https://teamhachem.com"
216.73.216.126 - - [12/Jul/2025:20:22:37 +0000] "GET /events/2028-01-05/?ical=1 HTTP/1.1" 200 1137 "-" "Mozilla/5.0 AppleWebKit/537.36 (KHTML, like Gecko; compatible; ClaudeBot/1.0; [email protected])"
209.74.77.214 - - [12/Jul/2025:20:23:29 +0000] "POST /wp-cron.php?doing_wp_cron=1752351809.5673010349273681640625 HTTP/1.1" 200 - "-" "WordPress/6.8.1; https://teamhachem.com"
216.73.216.126 - - [12/Jul/2025:20:23:27 +0000] "GET /robots.txt HTTP/1.1" 200 154 "-" "Mozilla/5.0 AppleWebKit/537.36 (KHTML, like Gecko; compatible; ClaudeBot/1.0; [email protected])"
216.73.216.126 - - [12/Jul/2025:20:23:29 +0000] "GET /events/list/?tribe-bar-date=2028-01-15 HTTP/1.1" 200 19785 "-" "Mozilla/5.0 AppleWebKit/537.36 (KHTML, like Gecko; compatible; ClaudeBot/1.0; [email protected])"
209.74.77.214 - - [12/Jul/2025:20:24:15 +0000] "POST /wp-cron.php?doing_wp_cron=1752351855.1439199447631835937500 HTTP/1.1" 200 - "-" "WordPress/6.8.1; https://teamhachem.com"
216.73.216.126 - - [12/Jul/2025:20:24:13 +0000] "GET /events/list/?eventDisplay=past&tribe-bar-date=2027-12-11 HTTP/1.1" 200 20198 "-" "Mozilla/5.0 AppleWebKit/537.36 (KHTML, like Gecko; compatible; ClaudeBot/1.0; [email protected])"
209.74.77.214 - - [12/Jul/2025:20:25:03 +0000] "POST /wp-cron.php?doing_wp_cron=1752351903.4953000545501708984375 HTTP/1.1" 200 - "-" "WordPress/6.8.1; https://teamhachem.com"
216.73.216.126 - - [12/Jul/2025:20:25:01 +0000] "GET /events/2028-01-29/?ical=1 HTTP/1.1" 200 1136 "-" "Mozilla/5.0 AppleWebKit/537.36 (KHTML, like Gecko; compatible; ClaudeBot/1.0; [email protected])"
209.74.77.214 - - [12/Jul/2025:20:25:50 +0000] "POST /wp-cron.php?doing_wp_cron=1752351950.9043729305267333984375 HTTP/1.1" 200 - "-" "WordPress/6.8.1; https://teamhachem.com"
216.73.216.126 - - [12/Jul/2025:20:25:49 +0000] "GET /events/list/?eventDisplay=past&tribe-bar-date=2027-12-23 HTTP/1.1" 200 20228 "-" "Mozilla/5.0 AppleWebKit/537.36 (KHTML, like Gecko; compatible; ClaudeBot/1.0; [email protected])"
209.74.77.214 - - [12/Jul/2025:20:26:38 +0000] "POST /wp-cron.php?doing_wp_cron=1752351998.2775669097900390625000 HTTP/1.1" 200 - "-" "WordPress/6.8.1; https://teamhachem.com"
216.73.216.126 - - [12/Jul/2025:20:26:36 +0000] "GET /events/list/?eventDisplay=past&tribe-bar-date=2027-11-25 HTTP/1.1" 200 20224 "-" "Mozilla/5.0 AppleWebKit/537.36 (KHTML, like Gecko; compatible; ClaudeBot/1.0; [email protected])"
209.74.77.214 - - [12/Jul/2025:20:27:28 +0000] "POST /wp-cron.php?doing_wp_cron=1752352048.8558061122894287109375 HTTP/1.1" 200 - "-" "WordPress/6.8.1; https://teamhachem.com"
216.73.216.126 - - [12/Jul/2025:20:27:27 +0000] "GET /events/list/?eventDisplay=past&tribe-bar-date=2027-12-26 HTTP/1.1" 200 20215 "-" "Mozilla/5.0 AppleWebKit/537.36 (KHTML, like Gecko; compatible; ClaudeBot/1.0; [email protected])"
209.74.77.214 - - [12/Jul/2025:20:28:22 +0000] "POST /wp-cron.php?doing_wp_cron=1752352102.9029960632324218750000 HTTP/1.1" 200 - "-" "WordPress/6.8.1; https://teamhachem.com"
216.73.216.126 - - [12/Jul/2025:20:28:21 +0000] "GET /events/list/?tribe-bar-date=2027-12-17 HTTP/1.1" 200 19797 "-" "Mozilla/5.0 AppleWebKit/537.36 (KHTML, like Gecko; compatible; ClaudeBot/1.0; [email protected])"
209.74.77.214 - - [12/Jul/2025:20:29:18 +0000] "POST /wp-cron.php?doing_wp_cron=1752352158.5484600067138671875000 HTTP/1.1" 200 - "-" "WordPress/6.8.1; https://teamhachem.com"
