216.73.216.126 - - [12/Jul/2025:20:29:16 +0000] "GET /events/2027-12-17/?ical=1 HTTP/1.1" 200 1137 "-" "Mozilla/5.0 AppleWebKit/537.36 (KHTML, like Gecko; compatible; ClaudeBot/1.0; [email protected])"
209.74.77.214 - - [12/Jul/2025:20:29:55 +0000] "POST /wp-cron.php?doing_wp_cron=1752352195.1956501007080078125000 HTTP/1.1" 200 - "-" "WordPress/6.8.1; https://teamhachem.com"
34.227.156.153 - - [12/Jul/2025:20:29:53 +0000] "GET /events/2024-03-01/ HTTP/1.1" 200 18820 "-" "Mozilla/5.0 AppleWebKit/537.36 (KHTML, like Gecko; compatible; Amazonbot/0.1; +https://developer.amazon.com/support/amazonbot) Chrome/119.0.6045.214 Safari/537.36"
18.215.77.19 - - [12/Jul/2025:20:29:57 +0000] "GET /events/2026-08-23/ HTTP/1.1" 200 19483 "-" "Mozilla/5.0 AppleWebKit/537.36 (KHTML, like Gecko; compatible; Amazonbot/0.1; +https://developer.amazon.com/support/amazonbot) Chrome/119.0.6045.214 Safari/537.36"
52.201.155.215 - - [12/Jul/2025:20:30:01 +0000] "GET /events/list/?eventDisplay=past&tribe-bar-date=2024-04-01 HTTP/1.1" 200 19853 "-" "Mozilla/5.0 AppleWebKit/537.36 (KHTML, like Gecko; compatible; Amazonbot/0.1; +https://developer.amazon.com/support/amazonbot) Chrome/119.0.6045.214 Safari/537.36"
209.74.77.214 - - [12/Jul/2025:20:30:05 +0000] "POST /wp-cron.php?doing_wp_cron=1752352204.9901459217071533203125 HTTP/1.1" 200 - "-" "WordPress/6.8.1; https://teamhachem.com"
100.29.160.53 - - [12/Jul/2025:20:30:04 +0000] "GET /events/list/?tribe-bar-date=2026-07-27 HTTP/1.1" 200 19791 "-" "Mozilla/5.0 AppleWebKit/537.36 (KHTML, like Gecko; compatible; Amazonbot/0.1; +https://developer.amazon.com/support/amazonbot) Chrome/119.0.6045.214 Safari/537.36"
216.73.216.126 - - [12/Jul/2025:20:30:08 +0000] "GET /events/month/2028-02/?ical=1 HTTP/1.1" 200 1137 "-" "Mozilla/5.0 AppleWebKit/537.36 (KHTML, like Gecko; compatible; ClaudeBot/1.0; [email protected])"
23.21.227.240 - - [12/Jul/2025:20:30:08 +0000] "GET /events/list/?eventDisplay=past&tribe-bar-date=2026-07-26 HTTP/1.1" 200 20212 "-" "Mozilla/5.0 AppleWebKit/537.36 (KHTML, like Gecko; compatible; Amazonbot/0.1; +https://developer.amazon.com/support/amazonbot) Chrome/119.0.6045.214 Safari/537.36"
209.74.77.214 - - [12/Jul/2025:20:31:00 +0000] "POST /wp-cron.php?doing_wp_cron=1752352260.5650410652160644531250 HTTP/1.1" 200 - "-" "WordPress/6.8.1; https://teamhachem.com"
216.73.216.126 - - [12/Jul/2025:20:30:58 +0000] "GET /events/month/2028-03 HTTP/1.1" 301 - "-" "Mozilla/5.0 AppleWebKit/537.36 (KHTML, like Gecko; compatible; ClaudeBot/1.0; [email protected])"
216.73.216.126 - - [12/Jul/2025:20:31:00 +0000] "GET /events/month/2028-03/ HTTP/1.1" 200 24562 "https://teamhachem.com/events/month/2028-03" "Mozilla/5.0 AppleWebKit/537.36 (KHTML, like Gecko; compatible; ClaudeBot/1.0; [email protected])"
209.74.77.214 - - [12/Jul/2025:20:32:43 +0000] "POST /wp-cron.php?doing_wp_cron=1752352362.9992380142211914062500 HTTP/1.1" 200 - "-" "WordPress/6.8.1; https://teamhachem.com"
216.73.216.126 - - [12/Jul/2025:20:32:41 +0000] "GET /events/list/?eventDisplay=past&tribe-bar-date=2027-12-29 HTTP/1.1" 200 20206 "-" "Mozilla/5.0 AppleWebKit/537.36 (KHTML, like Gecko; compatible; ClaudeBot/1.0; [email protected])"
209.74.77.214 - - [12/Jul/2025:20:34:08 +0000] "POST /wp-cron.php?doing_wp_cron=1752352448.8002920150756835937500 HTTP/1.1" 200 - "-" "WordPress/6.8.1; https://teamhachem.com"
209.74.77.214 - - [12/Jul/2025:20:34:08 +0000] "POST /wp-cron.php?doing_wp_cron=1752352448.8002910614013671875000 HTTP/1.1" 200 - "-" "WordPress/6.8.1; https://teamhachem.com"
216.73.216.126 - - [12/Jul/2025:20:34:07 +0000] "GET /events/list/?eventDisplay=past&ical=1&tribe-bar-date=2027-11-12 HTTP/1.1" 200 1292 "-" "Mozilla/5.0 AppleWebKit/537.36 (KHTML, like Gecko; compatible; ClaudeBot/1.0; [email protected])"
216.73.216.126 - - [12/Jul/2025:20:34:07 +0000] "GET /events/list/?eventDisplay=past&tribe-bar-date=2027-12-02 HTTP/1.1" 200 20218 "-" "Mozilla/5.0 AppleWebKit/537.36 (KHTML, like Gecko; compatible; ClaudeBot/1.0; [email protected])"
209.74.77.214 - - [12/Jul/2025:20:35:07 +0000] "POST /wp-cron.php?doing_wp_cron=1752352507.3008239269256591796875 HTTP/1.1" 200 - "-" "WordPress/6.8.1; https://teamhachem.com"
216.73.216.126 - - [12/Jul/2025:20:35:05 +0000] "GET /events/list/?ical=1&tribe-bar-date=2027-12-31 HTTP/1.1" 200 1137 "-" "Mozilla/5.0 AppleWebKit/537.36 (KHTML, like Gecko; compatible; ClaudeBot/1.0; [email protected])"
209.74.77.214 - - [12/Jul/2025:20:36:31 +0000] "POST /wp-cron.php?doing_wp_cron=1752352591.5714130401611328125000 HTTP/1.1" 200 - "-" "WordPress/6.8.1; https://teamhachem.com"
209.74.77.214 - - [12/Jul/2025:20:36:31 +0000] "POST /wp-cron.php?doing_wp_cron=1752352591.5714130401611328125000 HTTP/1.1" 200 - "-" "WordPress/6.8.1; https://teamhachem.com"
216.73.216.126 - - [12/Jul/2025:20:36:30 +0000] "GET /events/2027-12-14/?ical=1 HTTP/1.1" 200 1137 "-" "Mozilla/5.0 AppleWebKit/537.36 (KHTML, like Gecko; compatible; ClaudeBot/1.0; [email protected])"
216.73.216.126 - - [12/Jul/2025:20:36:30 +0000] "GET /events/2027-12-28/?ical=1 HTTP/1.1" 200 1137 "-" "Mozilla/5.0 AppleWebKit/537.36 (KHTML, like Gecko; compatible; ClaudeBot/1.0; [email protected])"
51.222.253.19 - - [12/Jul/2025:20:36:30 +0000] "GET /events/list/?tribe-bar-date=2025-01-20 HTTP/1.1" 200 19789 "-" "Mozilla/5.0 (compatible; AhrefsBot/7.0; +http://ahrefs.com/robot/)"
209.74.77.214 - - [12/Jul/2025:20:37:18 +0000] "POST /wp-cron.php?doing_wp_cron=1752352638.8437759876251220703125 HTTP/1.1" 200 - "-" "WordPress/6.8.1; https://teamhachem.com"
216.73.216.126 - - [12/Jul/2025:20:37:17 +0000] "GET /events/list/?outlook-ical=1&tribe-bar-date=2027-11-07 HTTP/1.1" 200 1132 "-" "Mozilla/5.0 AppleWebKit/537.36 (KHTML, like Gecko; compatible; ClaudeBot/1.0; [email protected])"
209.74.77.214 - - [12/Jul/2025:20:38:20 +0000] "POST /wp-cron.php?doing_wp_cron=1752352700.5496590137481689453125 HTTP/1.1" 200 - "-" "WordPress/6.8.1; https://teamhachem.com"
216.73.216.126 - - [12/Jul/2025:20:38:18 +0000] "GET /events/2027-12-28/?outlook-ical=1 HTTP/1.1" 200 1132 "-" "Mozilla/5.0 AppleWebKit/537.36 (KHTML, like Gecko; compatible; ClaudeBot/1.0; [email protected])"
209.74.77.214 - - [12/Jul/2025:20:39:11 +0000] "POST /wp-cron.php?doing_wp_cron=1752352751.5625131130218505859375 HTTP/1.1" 200 - "-" "WordPress/6.8.1; https://teamhachem.com"
216.73.216.126 - - [12/Jul/2025:20:39:09 +0000] "GET /events/list/?outlook-ical=1&tribe-bar-date=2027-12-29 HTTP/1.1" 200 1131 "-" "Mozilla/5.0 AppleWebKit/537.36 (KHTML, like Gecko; compatible; ClaudeBot/1.0; [email protected])"
209.74.77.214 - - [12/Jul/2025:20:39:46 +0000] "POST /wp-cron.php?doing_wp_cron=1752352786.6893930435180664062500 HTTP/1.1" 200 - "-" "WordPress/6.8.1; https://teamhachem.com"
216.73.216.126 - - [12/Jul/2025:20:39:44 +0000] "GET /events/list/?eventDisplay=past&tribe-bar-date=2027-11-17 HTTP/1.1" 200 20211 "-" "Mozilla/5.0 AppleWebKit/537.36 (KHTML, like Gecko; compatible; ClaudeBot/1.0; [email protected])"
209.74.77.214 - - [12/Jul/2025:20:40:36 +0000] "POST /wp-cron.php?doing_wp_cron=1752352836.4555089473724365234375 HTTP/1.1" 200 - "-" "WordPress/6.8.1; https://teamhachem.com"
216.73.216.126 - - [12/Jul/2025:20:40:34 +0000] "GET /events/list/?tribe-bar-date=2027-12-13 HTTP/1.1" 200 19797 "-" "Mozilla/5.0 AppleWebKit/537.36 (KHTML, like Gecko; compatible; ClaudeBot/1.0; [email protected])"
209.74.77.214 - - [12/Jul/2025:20:46:27 +0000] "POST /wp-cron.php?doing_wp_cron=1752353187.8880209922790527343750 HTTP/1.1" 200 - "-" "WordPress/6.8.1; https://teamhachem.com"
216.73.216.126 - - [12/Jul/2025:20:46:26 +0000] "GET /events/list/?outlook-ical=1&tribe-bar-date=2027-12-27 HTTP/1.1" 200 1132 "-" "Mozilla/5.0 AppleWebKit/537.36 (KHTML, like Gecko; compatible; ClaudeBot/1.0; [email protected])"
209.74.77.214 - - [12/Jul/2025:20:47:46 +0000] "POST /wp-cron.php?doing_wp_cron=1752353266.6805291175842285156250 HTTP/1.1" 200 - "-" "WordPress/6.8.1; https://teamhachem.com"
85.208.96.207 - - [12/Jul/2025:20:47:44 +0000] "GET /events/list/?tribe-bar-date=2025-01-16 HTTP/1.1" 200 19792 "-" "Mozilla/5.0 (compatible; SemrushBot/7~bl; +http://www.semrush.com/bot.html)"
209.74.77.214 - - [12/Jul/2025:20:48:04 +0000] "POST /wp-cron.php?doing_wp_cron=1752353284.5135860443115234375000 HTTP/1.1" 200 - "-" "WordPress/6.8.1; https://teamhachem.com"
216.73.216.126 - - [12/Jul/2025:20:48:04 +0000] "GET /events/2027-12-06/?ical=1 HTTP/1.1" 200 1138 "-" "Mozilla/5.0 AppleWebKit/537.36 (KHTML, like Gecko; compatible; ClaudeBot/1.0; [email protected])"
209.74.77.214 - - [12/Jul/2025:20:48:51 +0000] "POST /wp-cron.php?doing_wp_cron=1752353331.8620610237121582031250 HTTP/1.1" 200 - "-" "WordPress/6.8.1; https://teamhachem.com"
216.73.216.126 - - [12/Jul/2025:20:48:50 +0000] "GET /events/list/?tribe-bar-date=2027-12-19 HTTP/1.1" 200 19799 "-" "Mozilla/5.0 AppleWebKit/537.36 (KHTML, like Gecko; compatible; ClaudeBot/1.0; [email protected])"
209.74.77.214 - - [12/Jul/2025:20:49:26 +0000] "POST /wp-cron.php?doing_wp_cron=1752353366.3739089965820312500000 HTTP/1.1" 200 - "-" "WordPress/6.8.1; https://teamhachem.com"
209.74.77.214 - - [12/Jul/2025:20:49:26 +0000] "POST /wp-cron.php?doing_wp_cron=1752353366.3739120960235595703125 HTTP/1.1" 200 - "-" "WordPress/6.8.1; https://teamhachem.com"
216.73.216.126 - - [12/Jul/2025:20:49:25 +0000] "GET /events/2028-01-16/?outlook-ical=1 HTTP/1.1" 200 1133 "-" "Mozilla/5.0 AppleWebKit/537.36 (KHTML, like Gecko; compatible; ClaudeBot/1.0; [email protected])"
216.73.216.126 - - [12/Jul/2025:20:49:24 +0000] "GET /events/list/?tribe-bar-date=2028-01-16 HTTP/1.1" 200 19796 "-" "Mozilla/5.0 AppleWebKit/537.36 (KHTML, like Gecko; compatible; ClaudeBot/1.0; [email protected])"
209.74.77.214 - - [12/Jul/2025:20:50:04 +0000] "POST /wp-cron.php?doing_wp_cron=1752353404.0091199874877929687500 HTTP/1.1" 200 - "-" "WordPress/6.8.1; https://teamhachem.com"
51.222.253.10 - - [12/Jul/2025:20:50:02 +0000] "GET /events/list/?tribe-bar-date=2025-01-08 HTTP/1.1" 200 19790 "-" "Mozilla/5.0 (compatible; AhrefsBot/7.0; +http://ahrefs.com/robot/)"
209.74.77.214 - - [12/Jul/2025:20:50:57 +0000] "POST /wp-cron.php?doing_wp_cron=1752353457.2264389991760253906250 HTTP/1.1" 200 - "-" "WordPress/6.8.1; https://teamhachem.com"
216.73.216.126 - - [12/Jul/2025:20:50:55 +0000] "GET /events/list/?eventDisplay=past&tribe-bar-date=2027-12-27 HTTP/1.1" 200 20220 "-" "Mozilla/5.0 AppleWebKit/537.36 (KHTML, like Gecko; compatible; ClaudeBot/1.0; [email protected])"
209.74.77.214 - - [12/Jul/2025:20:51:17 +0000] "POST /wp-cron.php?doing_wp_cron=1752353477.1834869384765625000000 HTTP/1.1" 200 - "-" "WordPress/6.8.1; https://teamhachem.com"
20.171.207.98 - - [12/Jul/2025:20:51:17 +0000] "GET /events/2022-03-26/?outlook-ical=1 HTTP/1.1" 200 - "-" "Mozilla/5.0 AppleWebKit/537.36 (KHTML, like Gecko; compatible; GPTBot/1.2; +https://openai.com/gptbot)"
20.171.207.98 - - [12/Jul/2025:20:51:20 +0000] "GET /events/2022-03-26/?ical=1 HTTP/1.1" 200 - "-" "Mozilla/5.0 AppleWebKit/537.36 (KHTML, like Gecko; compatible; GPTBot/1.2; +https://openai.com/gptbot)"
209.74.77.214 - - [12/Jul/2025:20:51:43 +0000] "POST /wp-cron.php?doing_wp_cron=1752353503.0200109481811523437500 HTTP/1.1" 200 - "-" "WordPress/6.8.1; https://teamhachem.com"
216.73.216.126 - - [12/Jul/2025:20:51:42 +0000] "GET /events/list/?eventDisplay=past&tribe-bar-date=2027-12-22 HTTP/1.1" 200 20207 "-" "Mozilla/5.0 AppleWebKit/537.36 (KHTML, like Gecko; compatible; ClaudeBot/1.0; [email protected])"
209.74.77.214 - - [12/Jul/2025:20:53:03 +0000] "POST /wp-cron.php?doing_wp_cron=1752353583.2754371166229248046875 HTTP/1.1" 200 - "-" "WordPress/6.8.1; https://teamhachem.com"
216.73.216.126 - - [12/Jul/2025:20:53:01 +0000] "GET /events/list/?eventDisplay=past&ical=1&tribe-bar-date=2027-11-30 HTTP/1.1" 200 1291 "-" "Mozilla/5.0 AppleWebKit/537.36 (KHTML, like Gecko; compatible; ClaudeBot/1.0; [email protected])"
170.106.161.78 - - [12/Jul/2025:20:54:05 +0000] "GET / HTTP/1.1" 200 22850 "http://teamhachem.com" "Mozilla/5.0 (iPhone; CPU iPhone OS 13_2_3 like Mac OS X) AppleWebKit/605.1.15 (KHTML, like Gecko) Version/13.0.3 Mobile/15E148 Safari/604.1"
209.74.77.214 - - [12/Jul/2025:20:55:14 +0000] "POST /wp-cron.php?doing_wp_cron=1752353714.3470609188079833984375 HTTP/1.1" 200 - "-" "WordPress/6.8.1; https://teamhachem.com"
216.73.216.126 - - [12/Jul/2025:20:55:12 +0000] "GET /events/list/?eventDisplay=past&ical=1&tribe-bar-date=2027-11-13 HTTP/1.1" 200 1290 "-" "Mozilla/5.0 AppleWebKit/537.36 (KHTML, like Gecko; compatible; ClaudeBot/1.0; [email protected])"
209.74.77.214 - - [12/Jul/2025:20:56:10 +0000] "POST /wp-cron.php?doing_wp_cron=1752353770.6381390094757080078125 HTTP/1.1" 200 - "-" "WordPress/6.8.1; https://teamhachem.com"
44.210.204.255 - - [12/Jul/2025:20:56:08 +0000] "GET /events/list/?tribe-bar-date=2024-08-04 HTTP/1.1" 200 20190 "-" "Mozilla/5.0 AppleWebKit/537.36 (KHTML, like Gecko; compatible; Amazonbot/0.1; +https://developer.amazon.com/support/amazonbot) Chrome/119.0.6045.214 Safari/537.36"
185.191.171.16 - - [12/Jul/2025:20:56:13 +0000] "GET /events/list/?eventDisplay=past&tribe-bar-date=2025-08-30 HTTP/1.1" 200 20219 "-" "Mozilla/5.0 (compatible; SemrushBot/7~bl; +http://www.semrush.com/bot.html)"
209.74.77.214 - - [12/Jul/2025:20:56:38 +0000] "POST /wp-cron.php?doing_wp_cron=1752353798.3672130107879638671875 HTTP/1.1" 200 - "-" "WordPress/6.8.1; https://teamhachem.com"
20.171.207.98 - - [12/Jul/2025:20:56:38 +0000] "GET /events/2022-11-23/?ical=1 HTTP/1.1" 200 - "-" "Mozilla/5.0 AppleWebKit/537.36 (KHTML, like Gecko; compatible; GPTBot/1.2; +https://openai.com/gptbot)"
209.74.77.214 - - [12/Jul/2025:21:03:26 +0000] "POST /wp-cron.php?doing_wp_cron=1752354206.7420489788055419921875 HTTP/1.1" 200 - "-" "WordPress/6.8.1; https://teamhachem.com"
51.222.253.19 - - [12/Jul/2025:21:03:24 +0000] "GET /events/list/?tribe-bar-date=2025-01-06 HTTP/1.1" 200 19777 "-" "Mozilla/5.0 (compatible; AhrefsBot/7.0; +http://ahrefs.com/robot/)"
209.74.77.214 - - [12/Jul/2025:21:03:35 +0000] "POST /wp-cron.php?doing_wp_cron=1752354215.0833098888397216796875 HTTP/1.1" 200 - "-" "WordPress/6.8.1; https://teamhachem.com"
185.191.171.10 - - [12/Jul/2025:21:03:34 +0000] "GET /events/2025-02-08/ HTTP/1.1" 200 19487 "-" "Mozilla/5.0 (compatible; SemrushBot/7~bl; +http://www.semrush.com/bot.html)"
209.74.77.214 - - [12/Jul/2025:21:04:14 +0000] "POST /wp-cron.php?doing_wp_cron=1752354254.8332519531250000000000 HTTP/1.1" 200 - "-" "WordPress/6.8.1; https://teamhachem.com"
216.73.216.126 - - [12/Jul/2025:21:04:14 +0000] "GET /events/2027-12-08/?outlook-ical=1 HTTP/1.1" 200 1132 "-" "Mozilla/5.0 AppleWebKit/537.36 (KHTML, like Gecko; compatible; ClaudeBot/1.0; [email protected])"
216.73.216.126 - - [12/Jul/2025:21:04:14 +0000] "GET /events/list/?outlook-ical=1&tribe-bar-date=2027-12-22 HTTP/1.1" 200 1132 "-" "Mozilla/5.0 AppleWebKit/537.36 (KHTML, like Gecko; compatible; ClaudeBot/1.0; [email protected])"
209.74.77.214 - - [12/Jul/2025:21:05:03 +0000] "POST /wp-cron.php?doing_wp_cron=1752354303.4593598842620849609375 HTTP/1.1" 200 - "-" "WordPress/6.8.1; https://teamhachem.com"
216.73.216.126 - - [12/Jul/2025:21:05:01 +0000] "GET /events/list/?ical=1&tribe-bar-date=2027-11-17 HTTP/1.1" 200 1137 "-" "Mozilla/5.0 AppleWebKit/537.36 (KHTML, like Gecko; compatible; ClaudeBot/1.0; [email protected])"
209.74.77.214 - - [12/Jul/2025:21:06:44 +0000] "POST /wp-cron.php?doing_wp_cron=1752354404.0334930419921875000000 HTTP/1.1" 200 - "-" "WordPress/6.8.1; https://teamhachem.com"
209.74.77.214 - - [12/Jul/2025:21:06:44 +0000] "POST /wp-cron.php?doing_wp_cron=1752354404.0334820747375488281250 HTTP/1.1" 200 - "-" "WordPress/6.8.1; https://teamhachem.com"
209.74.77.214 - - [12/Jul/2025:21:06:44 +0000] "POST /wp-cron.php?doing_wp_cron=1752354404.0334050655364990234375 HTTP/1.1" 200 - "-" "WordPress/6.8.1; https://teamhachem.com"
216.73.216.126 - - [12/Jul/2025:21:06:42 +0000] "GET /events/2028-01-02/?ical=1 HTTP/1.1" 200 1138 "-" "Mozilla/5.0 AppleWebKit/537.36 (KHTML, like Gecko; compatible; ClaudeBot/1.0; [email protected])"
216.73.216.126 - - [12/Jul/2025:21:06:42 +0000] "GET /events/2027-12-20/?ical=1 HTTP/1.1" 200 1138 "-" "Mozilla/5.0 AppleWebKit/537.36 (KHTML, like Gecko; compatible; ClaudeBot/1.0; [email protected])"
216.73.216.126 - - [12/Jul/2025:21:06:42 +0000] "GET /events/list/?tribe-bar-date=2027-12-08 HTTP/1.1" 200 19786 "-" "Mozilla/5.0 AppleWebKit/537.36 (KHTML, like Gecko; compatible; ClaudeBot/1.0; [email protected])"
85.208.96.205 - - [12/Jul/2025:21:06:46 +0000] "GET /robots.txt HTTP/1.1" 200 154 "-" "Mozilla/5.0 (compatible; SemrushBot/7~bl; +http://www.semrush.com/bot.html)"
185.191.171.18 - - [12/Jul/2025:21:06:48 +0000] "GET /events/list/?tribe-bar-date=2025-01-07 HTTP/1.1" 200 19796 "-" "Mozilla/5.0 (compatible; SemrushBot/7~bl; +http://www.semrush.com/bot.html)"
209.74.77.214 - - [12/Jul/2025:21:07:25 +0000] "POST /wp-cron.php?doing_wp_cron=1752354445.2750329971313476562500 HTTP/1.1" 200 - "-" "WordPress/6.8.1; https://teamhachem.com"
216.73.216.126 - - [12/Jul/2025:21:07:25 +0000] "GET /events/list/?eventDisplay=past&ical=1&tribe-bar-date=2027-11-22 HTTP/1.1" 200 1290 "-" "Mozilla/5.0 AppleWebKit/537.36 (KHTML, like Gecko; compatible; ClaudeBot/1.0; [email protected])"
216.73.216.126 - - [12/Jul/2025:21:07:25 +0000] "GET /events/list/?outlook-ical=1&tribe-bar-date=2027-12-02 HTTP/1.1" 200 1131 "-" "Mozilla/5.0 AppleWebKit/537.36 (KHTML, like Gecko; compatible; ClaudeBot/1.0; [email protected])"
209.74.77.214 - - [12/Jul/2025:21:07:35 +0000] "POST /wp-cron.php?doing_wp_cron=1752354455.9895999431610107421875 HTTP/1.1" 200 - "-" "WordPress/6.8.1; https://teamhachem.com"
85.208.96.198 - - [12/Jul/2025:21:07:35 +0000] "GET /elements/list/ HTTP/1.1" 200 13060 "-" "Mozilla/5.0 (compatible; SemrushBot/7~bl; +http://www.semrush.com/bot.html)"
209.74.77.214 - - [12/Jul/2025:21:08:10 +0000] "POST /wp-cron.php?doing_wp_cron=1752354490.3850600719451904296875 HTTP/1.1" 200 - "-" "WordPress/6.8.1; https://teamhachem.com"
216.73.216.126 - - [12/Jul/2025:21:08:10 +0000] "GET /events/2027-12-19/?outlook-ical=1 HTTP/1.1" 200 1131 "-" "Mozilla/5.0 AppleWebKit/537.36 (KHTML, like Gecko; compatible; ClaudeBot/1.0; [email protected])"
216.73.216.126 - - [12/Jul/2025:21:08:10 +0000] "GET /events/2028-01-28/?outlook-ical=1 HTTP/1.1" 200 1131 "-" "Mozilla/5.0 AppleWebKit/537.36 (KHTML, like Gecko; compatible; ClaudeBot/1.0; [email protected])"
209.74.77.214 - - [12/Jul/2025:21:08:49 +0000] "POST /wp-cron.php?doing_wp_cron=1752354529.8290760517120361328125 HTTP/1.1" 200 - "-" "WordPress/6.8.1; https://teamhachem.com"
216.73.216.126 - - [12/Jul/2025:21:08:49 +0000] "GET /events/list/?ical=1&tribe-bar-date=2027-12-27 HTTP/1.1" 200 1137 "-" "Mozilla/5.0 AppleWebKit/537.36 (KHTML, like Gecko; compatible; ClaudeBot/1.0; [email protected])"
216.73.216.126 - - [12/Jul/2025:21:08:49 +0000] "GET /events/list/?outlook-ical=1&tribe-bar-date=2027-11-24 HTTP/1.1" 200 1132 "-" "Mozilla/5.0 AppleWebKit/537.36 (KHTML, like Gecko; compatible; ClaudeBot/1.0; [email protected])"
209.74.77.214 - - [12/Jul/2025:21:09:55 +0000] "POST /wp-cron.php?doing_wp_cron=1752354595.5376060009002685546875 HTTP/1.1" 200 - "-" "WordPress/6.8.1; https://teamhachem.com"
216.73.216.126 - - [12/Jul/2025:21:09:53 +0000] "GET /events/list/?ical=1&tribe-bar-date=2027-11-07 HTTP/1.1" 200 1138 "-" "Mozilla/5.0 AppleWebKit/537.36 (KHTML, like Gecko; compatible; ClaudeBot/1.0; [email protected])"
209.74.77.214 - - [12/Jul/2025:21:10:41 +0000] "POST /wp-cron.php?doing_wp_cron=1752354641.8138830661773681640625 HTTP/1.1" 200 - "-" "WordPress/6.8.1; https://teamhachem.com"
216.73.216.126 - - [12/Jul/2025:21:10:40 +0000] "GET /events/2027-12-14/?outlook-ical=1 HTTP/1.1" 200 1132 "-" "Mozilla/5.0 AppleWebKit/537.36 (KHTML, like Gecko; compatible; ClaudeBot/1.0; [email protected])"
52.73.6.26 - - [12/Jul/2025:21:10:52 +0000] "GET /events/2024-03-31/ HTTP/1.1" 200 18820 "-" "Mozilla/5.0 AppleWebKit/537.36 (KHTML, like Gecko; compatible; Amazonbot/0.1; +https://developer.amazon.com/support/amazonbot) Chrome/119.0.6045.214 Safari/537.36"
3.89.176.255 - - [12/Jul/2025:21:10:56 +0000] "GET /events/list/?eventDisplay=past&tribe-bar-date=2024-05-01 HTTP/1.1" 200 19850 "-" "Mozilla/5.0 AppleWebKit/537.36 (KHTML, like Gecko; compatible; Amazonbot/0.1; +https://developer.amazon.com/support/amazonbot) Chrome/119.0.6045.214 Safari/537.36"
3.219.81.66 - - [12/Jul/2025:21:11:01 +0000] "GET /events/list/?tribe-bar-date=2024-09-25 HTTP/1.1" 200 20207 "-" "Mozilla/5.0 AppleWebKit/537.36 (KHTML, like Gecko; compatible; Amazonbot/0.1; +https://developer.amazon.com/support/amazonbot) Chrome/119.0.6045.214 Safari/537.36"
209.74.77.214 - - [12/Jul/2025:21:11:05 +0000] "POST /wp-cron.php?doing_wp_cron=1752354665.6503620147705078125000 HTTP/1.1" 200 - "-" "WordPress/6.8.1; https://teamhachem.com"
50.16.72.185 - - [12/Jul/2025:21:11:05 +0000] "GET /events/list/?tribe-bar-date=2024-07-29 HTTP/1.1" 200 20185 "-" "Mozilla/5.0 AppleWebKit/537.36 (KHTML, like Gecko; compatible; Amazonbot/0.1; +https://developer.amazon.com/support/amazonbot) Chrome/119.0.6045.214 Safari/537.36"
52.5.232.250 - - [12/Jul/2025:21:11:09 +0000] "GET /events/list/?tribe-bar-date=2026-08-01 HTTP/1.1" 200 19793 "-" "Mozilla/5.0 AppleWebKit/537.36 (KHTML, like Gecko; compatible; Amazonbot/0.1; +https://developer.amazon.com/support/amazonbot) Chrome/119.0.6045.214 Safari/537.36"
98.83.226.125 - - [12/Jul/2025:21:11:12 +0000] "GET /events/list/?eventDisplay=past&tribe-bar-date=2026-07-05 HTTP/1.1" 200 20229 "-" "Mozilla/5.0 AppleWebKit/537.36 (KHTML, like Gecko; compatible; Amazonbot/0.1; +https://developer.amazon.com/support/amazonbot) Chrome/119.0.6045.214 Safari/537.36"
18.215.112.101 - - [12/Jul/2025:21:11:17 +0000] "GET /events/list/?eventDisplay=past&tribe-bar-date=2026-06-07 HTTP/1.1" 200 20203 "-" "Mozilla/5.0 AppleWebKit/537.36 (KHTML, like Gecko; compatible; Amazonbot/0.1; +https://developer.amazon.com/support/amazonbot) Chrome/119.0.6045.214 Safari/537.36"
209.74.77.214 - - [12/Jul/2025:21:11:33 +0000] "POST /wp-cron.php?doing_wp_cron=1752354693.7763030529022216796875 HTTP/1.1" 200 - "-" "WordPress/6.8.1; https://teamhachem.com"
216.73.216.126 - - [12/Jul/2025:21:11:33 +0000] "GET /events/list/?eventDisplay=past&ical=1&tribe-bar-date=2027-11-08 HTTP/1.1" 200 1291 "-" "Mozilla/5.0 AppleWebKit/537.36 (KHTML, like Gecko; compatible; ClaudeBot/1.0; [email protected])"
209.74.77.214 - - [12/Jul/2025:21:13:44 +0000] "POST /wp-cron.php?doing_wp_cron=1752354824.5686368942260742187500 HTTP/1.1" 200 - "-" "WordPress/6.8.1; https://teamhachem.com"
209.74.77.214 - - [12/Jul/2025:21:13:44 +0000] "POST /wp-cron.php?doing_wp_cron=1752354824.5686368942260742187500 HTTP/1.1" 200 - "-" "WordPress/6.8.1; https://teamhachem.com"
216.73.216.126 - - [12/Jul/2025:21:13:42 +0000] "GET /events/2027-12-25/?outlook-ical=1 HTTP/1.1" 200 1132 "-" "Mozilla/5.0 AppleWebKit/537.36 (KHTML, like Gecko; compatible; ClaudeBot/1.0; [email protected])"
216.73.216.126 - - [12/Jul/2025:21:13:43 +0000] "GET /events/2028-01-10/?outlook-ical=1 HTTP/1.1" 200 1132 "-" "Mozilla/5.0 AppleWebKit/537.36 (KHTML, like Gecko; compatible; ClaudeBot/1.0; [email protected])"
209.74.77.214 - - [12/Jul/2025:21:16:01 +0000] "POST /wp-cron.php?doing_wp_cron=1752354961.2188949584960937500000 HTTP/1.1" 200 - "-" "WordPress/6.8.1; https://teamhachem.com"
216.73.216.126 - - [12/Jul/2025:21:16:00 +0000] "GET /events/list/?tribe-bar-date=2027-12-28 HTTP/1.1" 200 19802 "-" "Mozilla/5.0 AppleWebKit/537.36 (KHTML, like Gecko; compatible; ClaudeBot/1.0; [email protected])"
51.222.253.7 - - [12/Jul/2025:21:15:59 +0000] "GET /events/list/?tribe-bar-date=2025-01-22 HTTP/1.1" 200 19779 "-" "Mozilla/5.0 (compatible; AhrefsBot/7.0; +http://ahrefs.com/robot/)"
216.73.216.126 - - [12/Jul/2025:21:16:39 +0000] "GET /events/2028-01-16/?ical=1 HTTP/1.1" 200 1137 "-" "Mozilla/5.0 AppleWebKit/537.36 (KHTML, like Gecko; compatible; ClaudeBot/1.0; [email protected])"
216.73.216.126 - - [12/Jul/2025:21:16:39 +0000] "GET /events/list/?eventDisplay=past&ical=1&tribe-bar-date=2027-10-05 HTTP/1.1" 200 1290 "-" "Mozilla/5.0 AppleWebKit/537.36 (KHTML, like Gecko; compatible; ClaudeBot/1.0; [email protected])"
209.74.77.214 - - [12/Jul/2025:21:17:29 +0000] "POST /wp-cron.php?doing_wp_cron=1752355049.4342610836029052734375 HTTP/1.1" 200 - "-" "WordPress/6.8.1; https://teamhachem.com"
216.73.216.126 - - [12/Jul/2025:21:17:27 +0000] "GET /events/list/?tribe-bar-date=2028-01-28 HTTP/1.1" 200 19787 "-" "Mozilla/5.0 AppleWebKit/537.36 (KHTML, like Gecko; compatible; ClaudeBot/1.0; [email protected])"
209.74.77.214 - - [12/Jul/2025:21:20:03 +0000] "POST /wp-cron.php?doing_wp_cron=1752355203.5290429592132568359375 HTTP/1.1" 200 - "-" "WordPress/6.8.1; https://teamhachem.com"
216.73.216.126 - - [12/Jul/2025:21:20:01 +0000] "GET /events/list/?ical=1&tribe-bar-date=2027-12-18 HTTP/1.1" 200 1138 "-" "Mozilla/5.0 AppleWebKit/537.36 (KHTML, like Gecko; compatible; ClaudeBot/1.0; [email protected])"
209.74.77.214 - - [12/Jul/2025:21:22:20 +0000] "POST /wp-cron.php?doing_wp_cron=1752355340.7891490459442138671875 HTTP/1.1" 200 - "-" "WordPress/6.8.1; https://teamhachem.com"
216.73.216.126 - - [12/Jul/2025:21:22:19 +0000] "GET /events/2027-12-16/?outlook-ical=1 HTTP/1.1" 200 1132 "-" "Mozilla/5.0 AppleWebKit/537.36 (KHTML, like Gecko; compatible; ClaudeBot/1.0; [email protected])"
209.74.77.214 - - [12/Jul/2025:21:24:17 +0000] "POST /wp-cron.php?doing_wp_cron=1752355457.6895740032196044921875 HTTP/1.1" 200 - "-" "WordPress/6.8.1; https://teamhachem.com"
85.208.96.204 - - [12/Jul/2025:21:24:15 +0000] "GET /events/2024-12-19/ HTTP/1.1" 200 19476 "-" "Mozilla/5.0 (compatible; SemrushBot/7~bl; +http://www.semrush.com/bot.html)"
216.73.216.126 - - [12/Jul/2025:21:24:47 +0000] "GET /robots.txt HTTP/1.1" 200 154 "-" "Mozilla/5.0 AppleWebKit/537.36 (KHTML, like Gecko; compatible; ClaudeBot/1.0; [email protected])"
216.73.216.126 - - [12/Jul/2025:21:24:47 +0000] "GET /events/2027-12-13/?outlook-ical=1 HTTP/1.1" 200 1132 "-" "Mozilla/5.0 AppleWebKit/537.36 (KHTML, like Gecko; compatible; ClaudeBot/1.0; [email protected])"
209.74.77.214 - - [12/Jul/2025:21:25:42 +0000] "POST /wp-cron.php?doing_wp_cron=1752355542.1719129085540771484375 HTTP/1.1" 200 - "-" "WordPress/6.8.1; https://teamhachem.com"
216.73.216.126 - - [12/Jul/2025:21:25:40 +0000] "GET /events/list/?ical=1&tribe-bar-date=2027-12-29 HTTP/1.1" 200 1138 "-" "Mozilla/5.0 AppleWebKit/537.36 (KHTML, like Gecko; compatible; ClaudeBot/1.0; [email protected])"
209.74.77.214 - - [12/Jul/2025:21:26:46 +0000] "POST /wp-cron.php?doing_wp_cron=1752355606.8152379989624023437500 HTTP/1.1" 200 - "-" "WordPress/6.8.1; https://teamhachem.com"
216.73.216.126 - - [12/Jul/2025:21:26:45 +0000] "GET /events/list/?outlook-ical=1&tribe-bar-date=2027-12-04 HTTP/1.1" 200 1132 "-" "Mozilla/5.0 AppleWebKit/537.36 (KHTML, like Gecko; compatible; ClaudeBot/1.0; [email protected])"
216.73.216.126 - - [12/Jul/2025:21:27:43 +0000] "GET /events/list/?tribe-bar-date=2028-01-03 HTTP/1.1" 200 19790 "-" "Mozilla/5.0 AppleWebKit/537.36 (KHTML, like Gecko; compatible; ClaudeBot/1.0; [email protected])"
216.73.216.126 - - [12/Jul/2025:21:27:43 +0000] "GET /events/list/?ical=1&tribe-bar-date=2027-11-28 HTTP/1.1" 200 1138 "-" "Mozilla/5.0 AppleWebKit/537.36 (KHTML, like Gecko; compatible; ClaudeBot/1.0; [email protected])"
51.222.253.10 - - [12/Jul/2025:21:27:59 +0000] "GET /events/2025-01-10/ HTTP/1.1" 200 19480 "-" "Mozilla/5.0 (compatible; AhrefsBot/7.0; +http://ahrefs.com/robot/)"
209.74.77.214 - - [12/Jul/2025:21:28:36 +0000] "POST /wp-cron.php?doing_wp_cron=1752355716.6281468868255615234375 HTTP/1.1" 200 - "-" "WordPress/6.8.1; https://teamhachem.com"
216.73.216.126 - - [12/Jul/2025:21:28:34 +0000] "GET /events/list/?eventDisplay=past&tribe-bar-date=2027-11-07 HTTP/1.1" 200 20224 "-" "Mozilla/5.0 AppleWebKit/537.36 (KHTML, like Gecko; compatible; ClaudeBot/1.0; [email protected])"
209.74.77.214 - - [12/Jul/2025:21:29:02 +0000] "POST /wp-cron.php?doing_wp_cron=1752355742.2841091156005859375000 HTTP/1.1" 200 - "-" "WordPress/6.8.1; https://teamhachem.com"
141.95.4.134 - - [12/Jul/2025:21:29:01 +0000] "GET /wp-content/plugins/WordPressCore/include.php HTTP/1.1" 404 54660 "-" "Mozilla/5.0 (Windows NT 10.0; Win64; x64) AppleWebKit/537.36 (KHTML, like Gecko) Chrome/127.0.0.0 Safari/537.36"
141.95.4.134 - - [12/Jul/2025:21:29:02 +0000] "GET /wp-content/plugins/HelloDollyV2/hello_dolly_v2.php HTTP/1.1" 404 54659 "-" "Mozilla/5.0 (Windows NT 10.0; Win64; x64) AppleWebKit/537.36 (KHTML, like Gecko) Chrome/127.0.0.0 Safari/537.36"
209.74.77.214 - - [12/Jul/2025:21:30:05 +0000] "POST /wp-cron.php?doing_wp_cron=1752355805.6616048812866210937500 HTTP/1.1" 200 - "-" "WordPress/6.8.1; https://teamhachem.com"
216.73.216.126 - - [12/Jul/2025:21:30:04 +0000] "GET /events/list/?outlook-ical=1&tribe-bar-date=2027-11-20 HTTP/1.1" 200 1132 "-" "Mozilla/5.0 AppleWebKit/537.36 (KHTML, like Gecko; compatible; ClaudeBot/1.0; [email protected])"
216.73.216.126 - - [12/Jul/2025:21:30:03 +0000] "GET /events/list/?tribe-bar-date=2027-12-14 HTTP/1.1" 200 19786 "-" "Mozilla/5.0 AppleWebKit/537.36 (KHTML, like Gecko; compatible; ClaudeBot/1.0; [email protected])"
209.74.77.214 - - [12/Jul/2025:21:31:47 +0000] "POST /wp-cron.php?doing_wp_cron=1752355907.0383079051971435546875 HTTP/1.1" 200 - "-" "WordPress/6.8.1; https://teamhachem.com"
216.73.216.126 - - [12/Jul/2025:21:31:45 +0000] "GET /events/2027-12-07/?ical=1 HTTP/1.1" 200 1138 "-" "Mozilla/5.0 AppleWebKit/537.36 (KHTML, like Gecko; compatible; ClaudeBot/1.0; [email protected])"
209.74.77.214 - - [12/Jul/2025:21:33:24 +0000] "POST /wp-cron.php?doing_wp_cron=1752356004.5431818962097167968750 HTTP/1.1" 200 - "-" "WordPress/6.8.1; https://teamhachem.com"
216.73.216.126 - - [12/Jul/2025:21:33:22 +0000] "GET /events/list/?ical=1&tribe-bar-date=2027-12-04 HTTP/1.1" 200 1138 "-" "Mozilla/5.0 AppleWebKit/537.36 (KHTML, like Gecko; compatible; ClaudeBot/1.0; [email protected])"
209.74.77.214 - - [12/Jul/2025:21:34:43 +0000] "POST /wp-cron.php?doing_wp_cron=1752356083.9384260177612304687500 HTTP/1.1" 200 - "-" "WordPress/6.8.1; https://teamhachem.com"
216.73.216.126 - - [12/Jul/2025:21:34:42 +0000] "GET /events/list/?tribe-bar-date=2027-12-20 HTTP/1.1" 200 19799 "-" "Mozilla/5.0 AppleWebKit/537.36 (KHTML, like Gecko; compatible; ClaudeBot/1.0; [email protected])"
209.74.77.214 - - [12/Jul/2025:21:35:33 +0000] "POST /wp-cron.php?doing_wp_cron=1752356133.7778360843658447265625 HTTP/1.1" 200 - "-" "WordPress/6.8.1; https://teamhachem.com"
216.73.216.126 - - [12/Jul/2025:21:35:31 +0000] "GET /events/list/?outlook-ical=1&tribe-bar-date=2027-11-28 HTTP/1.1" 200 1133 "-" "Mozilla/5.0 AppleWebKit/537.36 (KHTML, like Gecko; compatible; ClaudeBot/1.0; [email protected])"
209.74.77.214 - - [12/Jul/2025:21:37:50 +0000] "POST /wp-cron.php?doing_wp_cron=1752356270.5154800415039062500000 HTTP/1.1" 200 - "-" "WordPress/6.8.1; https://teamhachem.com"
216.73.216.126 - - [12/Jul/2025:21:37:49 +0000] "GET /events/list/?ical=1&tribe-bar-date=2027-12-02 HTTP/1.1" 200 1138 "-" "Mozilla/5.0 AppleWebKit/537.36 (KHTML, like Gecko; compatible; ClaudeBot/1.0; [email protected])"
216.73.216.126 - - [12/Jul/2025:21:37:48 +0000] "GET /events/list/?eventDisplay=past&tribe-bar-date=2027-11-24 HTTP/1.1" 200 20216 "-" "Mozilla/5.0 AppleWebKit/537.36 (KHTML, like Gecko; compatible; ClaudeBot/1.0; [email protected])"
216.73.216.126 - - [12/Jul/2025:21:37:49 +0000] "GET /events/list/?tribe-bar-date=2028-01-10 HTTP/1.1" 200 19775 "-" "Mozilla/5.0 AppleWebKit/537.36 (KHTML, like Gecko; compatible; ClaudeBot/1.0; [email protected])"
209.74.77.214 - - [12/Jul/2025:21:38:40 +0000] "POST /wp-cron.php?doing_wp_cron=1752356320.7930579185485839843750 HTTP/1.1" 200 - "-" "WordPress/6.8.1; https://teamhachem.com"
216.73.216.126 - - [12/Jul/2025:21:38:39 +0000] "GET /events/list/?outlook-ical=1&tribe-bar-date=2027-12-18 HTTP/1.1" 200 1132 "-" "Mozilla/5.0 AppleWebKit/537.36 (KHTML, like Gecko; compatible; ClaudeBot/1.0; [email protected])"
209.74.77.214 - - [12/Jul/2025:21:39:29 +0000] "POST /wp-cron.php?doing_wp_cron=1752356369.9505400657653808593750 HTTP/1.1" 200 - "-" "WordPress/6.8.1; https://teamhachem.com"
51.222.253.12 - - [12/Jul/2025:21:39:28 +0000] "GET /events/list/?tribe-bar-date=2025-12-05&eventDisplay=past HTTP/1.1" 200 20221 "-" "Mozilla/5.0 (compatible; AhrefsBot/7.0; +http://ahrefs.com/robot/)"
209.74.77.214 - - [12/Jul/2025:21:40:25 +0000] "POST /wp-cron.php?doing_wp_cron=1752356425.6198439598083496093750 HTTP/1.1" 200 - "-" "WordPress/6.8.1; https://teamhachem.com"
216.73.216.126 - - [12/Jul/2025:21:40:23 +0000] "GET /events/2027-12-10/?outlook-ical=1 HTTP/1.1" 200 1131 "-" "Mozilla/5.0 AppleWebKit/537.36 (KHTML, like Gecko; compatible; ClaudeBot/1.0; [email protected])"
209.74.77.214 - - [12/Jul/2025:21:41:10 +0000] "POST /wp-cron.php?doing_wp_cron=1752356470.5253989696502685546875 HTTP/1.1" 200 - "-" "WordPress/6.8.1; https://teamhachem.com"
54.221.203.24 - - [12/Jul/2025:21:41:08 +0000] "GET /events/2026-08-10/ HTTP/1.1" 200 19470 "-" "Mozilla/5.0 AppleWebKit/537.36 (KHTML, like Gecko; compatible; Amazonbot/0.1; +https://developer.amazon.com/support/amazonbot) Chrome/119.0.6045.214 Safari/537.36"
216.73.216.126 - - [12/Jul/2025:21:41:58 +0000] "GET /events/2028-01-03/?ical=1 HTTP/1.1" 200 1138 "-" "Mozilla/5.0 AppleWebKit/537.36 (KHTML, like Gecko; compatible; ClaudeBot/1.0; [email protected])"
216.73.216.126 - - [12/Jul/2025:21:41:58 +0000] "GET /events/list/?tribe-bar-date=2028-01-02 HTTP/1.1" 200 19791 "-" "Mozilla/5.0 AppleWebKit/537.36 (KHTML, like Gecko; compatible; ClaudeBot/1.0; [email protected])"
209.74.77.214 - - [12/Jul/2025:21:44:39 +0000] "POST /wp-cron.php?doing_wp_cron=1752356679.2006480693817138671875 HTTP/1.1" 200 - "-" "WordPress/6.8.1; https://teamhachem.com"
216.73.216.126 - - [12/Jul/2025:21:44:37 +0000] "GET /events/list/?eventDisplay=past&ical=1&tribe-bar-date=2027-11-06 HTTP/1.1" 200 1292 "-" "Mozilla/5.0 AppleWebKit/537.36 (KHTML, like Gecko; compatible; ClaudeBot/1.0; [email protected])"
209.74.77.214 - - [12/Jul/2025:21:45:49 +0000] "POST /wp-cron.php?doing_wp_cron=1752356749.7918930053710937500000 HTTP/1.1" 200 - "-" "WordPress/6.8.1; https://teamhachem.com"
216.73.216.126 - - [12/Jul/2025:21:45:48 +0000] "GET /events/list/?eventDisplay=past&tribe-bar-date=2027-11-19 HTTP/1.1" 200 20212 "-" "Mozilla/5.0 AppleWebKit/537.36 (KHTML, like Gecko; compatible; ClaudeBot/1.0; [email protected])"
209.74.77.214 - - [12/Jul/2025:21:46:41 +0000] "POST /wp-cron.php?doing_wp_cron=1752356801.3144469261169433593750 HTTP/1.1" 200 - "-" "WordPress/6.8.1; https://teamhachem.com"
216.73.216.126 - - [12/Jul/2025:21:46:39 +0000] "GET /events/2027-12-06/?outlook-ical=1 HTTP/1.1" 200 1131 "-" "Mozilla/5.0 AppleWebKit/537.36 (KHTML, like Gecko; compatible; ClaudeBot/1.0; [email protected])"
209.74.77.214 - - [12/Jul/2025:21:48:21 +0000] "POST /wp-cron.php?doing_wp_cron=1752356901.7106959819793701171875 HTTP/1.1" 200 - "-" "WordPress/6.8.1; https://teamhachem.com"
216.73.216.126 - - [12/Jul/2025:21:48:19 +0000] "GET /events/list/?eventDisplay=past&tribe-bar-date=2027-12-31 HTTP/1.1" 200 20194 "-" "Mozilla/5.0 AppleWebKit/537.36 (KHTML, like Gecko; compatible; ClaudeBot/1.0; [email protected])"
209.74.77.214 - - [12/Jul/2025:21:49:59 +0000] "POST /wp-cron.php?doing_wp_cron=1752356999.9732329845428466796875 HTTP/1.1" 200 - "-" "WordPress/6.8.1; https://teamhachem.com"
185.191.171.10 - - [12/Jul/2025:21:49:58 +0000] "GET /category/boxing-classes/ HTTP/1.1" 200 13129 "-" "Mozilla/5.0 (compatible; SemrushBot/7~bl; +http://www.semrush.com/bot.html)"
209.74.77.214 - - [12/Jul/2025:21:51:25 +0000] "POST /wp-cron.php?doing_wp_cron=1752357085.0841228961944580078125 HTTP/1.1" 200 - "-" "WordPress/6.8.1; https://teamhachem.com"
51.222.253.17 - - [12/Jul/2025:21:51:23 +0000] "GET /events/list/?tribe-bar-date=2025-03-09&eventDisplay=past HTTP/1.1" 200 20210 "-" "Mozilla/5.0 (compatible; AhrefsBot/7.0; +http://ahrefs.com/robot/)"
216.73.216.126 - - [12/Jul/2025:21:51:44 +0000] "GET /events/list/?tribe-bar-date=2027-12-10 HTTP/1.1" 200 19780 "-" "Mozilla/5.0 AppleWebKit/537.36 (KHTML, like Gecko; compatible; ClaudeBot/1.0; [email protected])"
216.73.216.126 - - [12/Jul/2025:21:51:44 +0000] "GET /events/list/?tribe-bar-date=2027-12-16 HTTP/1.1" 200 19795 "-" "Mozilla/5.0 AppleWebKit/537.36 (KHTML, like Gecko; compatible; ClaudeBot/1.0; [email protected])"
209.74.77.214 - - [12/Jul/2025:21:53:38 +0000] "POST /wp-cron.php?doing_wp_cron=1752357218.3055160045623779296875 HTTP/1.1" 200 - "-" "WordPress/6.8.1; https://teamhachem.com"
209.74.77.214 - - [12/Jul/2025:21:53:38 +0000] "POST /wp-cron.php?doing_wp_cron=1752357218.3054111003875732421875 HTTP/1.1" 200 - "-" "WordPress/6.8.1; https://teamhachem.com"
216.73.216.126 - - [12/Jul/2025:21:53:37 +0000] "GET /events/2028-01-10/?ical=1 HTTP/1.1" 200 1138 "-" "Mozilla/5.0 AppleWebKit/537.36 (KHTML, like Gecko; compatible; ClaudeBot/1.0; [email protected])"
216.73.216.126 - - [12/Jul/2025:21:53:36 +0000] "GET /events/2027-12-30/?ical=1 HTTP/1.1" 200 1138 "-" "Mozilla/5.0 AppleWebKit/537.36 (KHTML, like Gecko; compatible; ClaudeBot/1.0; [email protected])"
209.74.77.214 - - [12/Jul/2025:21:55:11 +0000] "POST /wp-cron.php?doing_wp_cron=1752357311.1016380786895751953125 HTTP/1.1" 200 - "-" "WordPress/6.8.1; https://teamhachem.com"
216.73.216.126 - - [12/Jul/2025:21:55:09 +0000] "GET /events/2027-12-16/?ical=1 HTTP/1.1" 200 1138 "-" "Mozilla/5.0 AppleWebKit/537.36 (KHTML, like Gecko; compatible; ClaudeBot/1.0; [email protected])"
209.74.77.214 - - [12/Jul/2025:21:57:29 +0000] "POST /wp-cron.php?doing_wp_cron=1752357449.4748721122741699218750 HTTP/1.1" 200 - "-" "WordPress/6.8.1; https://teamhachem.com"
209.74.77.214 - - [12/Jul/2025:21:57:29 +0000] "POST /wp-cron.php?doing_wp_cron=1752357449.4748458862304687500000 HTTP/1.1" 200 - "-" "WordPress/6.8.1; https://teamhachem.com"
216.73.216.126 - - [12/Jul/2025:21:57:28 +0000] "GET /events/list/?ical=1&tribe-bar-date=2027-11-29 HTTP/1.1" 200 1137 "-" "Mozilla/5.0 AppleWebKit/537.36 (KHTML, like Gecko; compatible; ClaudeBot/1.0; [email protected])"
216.73.216.126 - - [12/Jul/2025:21:57:27 +0000] "GET /events/list/?tribe-bar-date=2027-12-07 HTTP/1.1" 200 19793 "-" "Mozilla/5.0 AppleWebKit/537.36 (KHTML, like Gecko; compatible; ClaudeBot/1.0; [email protected])"
209.74.77.214 - - [12/Jul/2025:21:58:19 +0000] "POST /wp-cron.php?doing_wp_cron=1752357499.5605239868164062500000 HTTP/1.1" 200 - "-" "WordPress/6.8.1; https://teamhachem.com"
216.73.216.126 - - [12/Jul/2025:21:58:17 +0000] "GET /events/list/?outlook-ical=1&tribe-bar-date=2027-11-29 HTTP/1.1" 200 1132 "-" "Mozilla/5.0 AppleWebKit/537.36 (KHTML, like Gecko; compatible; ClaudeBot/1.0; [email protected])"
209.74.77.214 - - [12/Jul/2025:21:59:53 +0000] "POST /wp-cron.php?doing_wp_cron=1752357593.2351419925689697265625 HTTP/1.1" 200 - "-" "WordPress/6.8.1; https://teamhachem.com"
216.73.216.126 - - [12/Jul/2025:21:59:51 +0000] "GET /events/2028-01-03/?outlook-ical=1 HTTP/1.1" 200 1133 "-" "Mozilla/5.0 AppleWebKit/537.36 (KHTML, like Gecko; compatible; ClaudeBot/1.0; [email protected])"
209.74.77.214 - - [12/Jul/2025:22:00:49 +0000] "POST /wp-cron.php?doing_wp_cron=1752357649.6175320148468017578125 HTTP/1.1" 200 - "-" "WordPress/6.8.1; https://teamhachem.com"
209.74.77.214 - - [12/Jul/2025:22:00:49 +0000] "POST /wp-cron.php?doing_wp_cron=1752357649.6175289154052734375000 HTTP/1.1" 200 - "-" "WordPress/6.8.1; https://teamhachem.com"
216.73.216.126 - - [12/Jul/2025:22:00:48 +0000] "GET /events/2028-01-28/?ical=1 HTTP/1.1" 200 1138 "-" "Mozilla/5.0 AppleWebKit/537.36 (KHTML, like Gecko; compatible; ClaudeBot/1.0; [email protected])"
216.73.216.126 - - [12/Jul/2025:22:00:47 +0000] "GET /events/2027-12-25/?ical=1 HTTP/1.1" 200 1138 "-" "Mozilla/5.0 AppleWebKit/537.36 (KHTML, like Gecko; compatible; ClaudeBot/1.0; [email protected])"
185.241.208.99 - - [12/Jul/2025:22:01:34 +0000] "GET / HTTP/1.1" 200 135166 "-" "-"
185.241.208.99 - - [12/Jul/2025:22:01:35 +0000] "GET /wp-admin/install.php HTTP/1.1" 404 54654 "-" "-"
185.241.208.99 - - [12/Jul/2025:22:01:36 +0000] "GET /wp-admin/setup-config.php HTTP/1.1" 409 2665 "-" "-"
216.73.216.126 - - [12/Jul/2025:22:01:41 +0000] "GET /events/list/?tribe-bar-date=2027-12-30 HTTP/1.1" 200 19791 "-" "Mozilla/5.0 AppleWebKit/537.36 (KHTML, like Gecko; compatible; ClaudeBot/1.0; [email protected])"
209.74.77.214 - - [12/Jul/2025:22:02:37 +0000] "POST /wp-cron.php?doing_wp_cron=1752357757.1672298908233642578125 HTTP/1.1" 200 - "-" "WordPress/6.8.1; https://teamhachem.com"
216.73.216.126 - - [12/Jul/2025:22:02:35 +0000] "GET /events/list/?eventDisplay=past&tribe-bar-date=2027-11-29 HTTP/1.1" 200 20224 "-" "Mozilla/5.0 AppleWebKit/537.36 (KHTML, like Gecko; compatible; ClaudeBot/1.0; [email protected])"
51.222.253.12 - - [12/Jul/2025:22:02:42 +0000] "GET /events/2025-01-17/ HTTP/1.1" 200 19467 "-" "Mozilla/5.0 (compatible; AhrefsBot/7.0; +http://ahrefs.com/robot/)"
209.74.77.214 - - [12/Jul/2025:22:03:32 +0000] "POST /wp-cron.php?doing_wp_cron=1752357812.5075259208679199218750 HTTP/1.1" 200 - "-" "WordPress/6.8.1; https://teamhachem.com"
216.73.216.126 - - [12/Jul/2025:22:03:30 +0000] "GET /events/2027-12-20/?outlook-ical=1 HTTP/1.1" 200 1133 "-" "Mozilla/5.0 AppleWebKit/537.36 (KHTML, like Gecko; compatible; ClaudeBot/1.0; [email protected])"
209.74.77.214 - - [12/Jul/2025:22:04:34 +0000] "POST /wp-cron.php?doing_wp_cron=1752357874.7446498870849609375000 HTTP/1.1" 200 - "-" "WordPress/6.8.1; https://teamhachem.com"
216.73.216.126 - - [12/Jul/2025:22:04:32 +0000] "GET /events/list/?eventDisplay=past&tribe-bar-date=2027-11-20 HTTP/1.1" 200 20208 "-" "Mozilla/5.0 AppleWebKit/537.36 (KHTML, like Gecko; compatible; ClaudeBot/1.0; [email protected])"
209.74.77.214 - - [12/Jul/2025:22:05:25 +0000] "POST /wp-cron.php?doing_wp_cron=1752357925.2853200435638427734375 HTTP/1.1" 200 - "-" "WordPress/6.8.1; https://teamhachem.com"
209.74.77.214 - - [12/Jul/2025:22:05:25 +0000] "POST /wp-cron.php?doing_wp_cron=1752357925.2852330207824707031250 HTTP/1.1" 200 - "-" "WordPress/6.8.1; https://teamhachem.com"
216.73.216.126 - - [12/Jul/2025:22:05:23 +0000] "GET /events/list/?eventDisplay=past&tribe-bar-date=2027-12-04 HTTP/1.1" 200 20218 "-" "Mozilla/5.0 AppleWebKit/537.36 (KHTML, like Gecko; compatible; ClaudeBot/1.0; [email protected])"
216.73.216.126 - - [12/Jul/2025:22:05:23 +0000] "GET /events/list/?eventDisplay=past&tribe-bar-date=2027-12-18 HTTP/1.1" 200 20216 "-" "Mozilla/5.0 AppleWebKit/537.36 (KHTML, like Gecko; compatible; ClaudeBot/1.0; [email protected])"
209.74.77.214 - - [12/Jul/2025:22:06:18 +0000] "POST /wp-cron.php?doing_wp_cron=1752357978.3485879898071289062500 HTTP/1.1" 200 - "-" "WordPress/6.8.1; https://teamhachem.com"
209.74.77.214 - - [12/Jul/2025:22:06:18 +0000] "POST /wp-cron.php?doing_wp_cron=1752357978.3485879898071289062500 HTTP/1.1" 200 - "-" "WordPress/6.8.1; https://teamhachem.com"
216.73.216.126 - - [12/Jul/2025:22:06:17 +0000] "GET /events/2027-12-30/?outlook-ical=1 HTTP/1.1" 200 1132 "-" "Mozilla/5.0 AppleWebKit/537.36 (KHTML, like Gecko; compatible; ClaudeBot/1.0; [email protected])"
216.73.216.126 - - [12/Jul/2025:22:06:16 +0000] "GET /events/list/?eventDisplay=past&tribe-bar-date=2027-11-28 HTTP/1.1" 200 20212 "-" "Mozilla/5.0 AppleWebKit/537.36 (KHTML, like Gecko; compatible; ClaudeBot/1.0; [email protected])"
209.74.77.214 - - [12/Jul/2025:22:07:09 +0000] "POST /wp-cron.php?doing_wp_cron=1752358029.2072360515594482421875 HTTP/1.1" 200 - "-" "WordPress/6.8.1; https://teamhachem.com"
209.74.77.214 - - [12/Jul/2025:22:07:09 +0000] "POST /wp-cron.php?doing_wp_cron=1752358029.2072370052337646484375 HTTP/1.1" 200 - "-" "WordPress/6.8.1; https://teamhachem.com"
216.73.216.126 - - [12/Jul/2025:22:07:07 +0000] "GET /events/list/?tribe-bar-date=2027-12-25 HTTP/1.1" 200 19799 "-" "Mozilla/5.0 AppleWebKit/537.36 (KHTML, like Gecko; compatible; ClaudeBot/1.0; [email protected])"
216.73.216.126 - - [12/Jul/2025:22:07:07 +0000] "GET /events/list/?tribe-bar-date=2027-12-06 HTTP/1.1" 200 19791 "-" "Mozilla/5.0 AppleWebKit/537.36 (KHTML, like Gecko; compatible; ClaudeBot/1.0; [email protected])"
209.74.77.214 - - [12/Jul/2025:22:08:04 +0000] "POST /wp-cron.php?doing_wp_cron=1752358084.4276909828186035156250 HTTP/1.1" 200 - "-" "WordPress/6.8.1; https://teamhachem.com"
216.73.216.126 - - [12/Jul/2025:22:08:02 +0000] "GET /events/2027-12-08/?ical=1 HTTP/1.1" 200 1138 "-" "Mozilla/5.0 AppleWebKit/537.36 (KHTML, like Gecko; compatible; ClaudeBot/1.0; [email protected])"
209.74.77.214 - - [12/Jul/2025:22:09:03 +0000] "POST /wp-cron.php?doing_wp_cron=1752358143.8148989677429199218750 HTTP/1.1" 200 - "-" "WordPress/6.8.1; https://teamhachem.com"
216.73.216.126 - - [12/Jul/2025:22:09:01 +0000] "GET /events/list/?eventDisplay=past&ical=1&tribe-bar-date=2027-12-01 HTTP/1.1" 200 1290 "-" "Mozilla/5.0 AppleWebKit/537.36 (KHTML, like Gecko; compatible; ClaudeBot/1.0; [email protected])"
209.74.77.214 - - [12/Jul/2025:22:10:04 +0000] "POST /wp-cron.php?doing_wp_cron=1752358204.7307379245758056640625 HTTP/1.1" 200 - "-" "WordPress/6.8.1; https://teamhachem.com"
85.208.96.195 - - [12/Jul/2025:22:10:02 +0000] "GET /robots.txt HTTP/1.1" 200 154 "-" "Mozilla/5.0 (compatible; SemrushBot/7~bl; +http://www.semrush.com/bot.html)"
85.208.96.203 - - [12/Jul/2025:22:10:05 +0000] "GET /events/2025-06-03/ HTTP/1.1" 200 19474 "-" "Mozilla/5.0 (compatible; SemrushBot/7~bl; +http://www.semrush.com/bot.html)"
209.74.77.214 - - [12/Jul/2025:22:11:38 +0000] "POST /wp-cron.php?doing_wp_cron=1752358298.6368858814239501953125 HTTP/1.1" 200 - "-" "WordPress/6.8.1; https://teamhachem.com"
3.89.170.186 - - [12/Jul/2025:22:11:36 +0000] "GET /events/2024-04-02/ HTTP/1.1" 200 18814 "-" "Mozilla/5.0 AppleWebKit/537.36 (KHTML, like Gecko; compatible; Amazonbot/0.1; +https://developer.amazon.com/support/amazonbot) Chrome/119.0.6045.214 Safari/537.36"
54.84.161.62 - - [12/Jul/2025:22:11:41 +0000] "GET /events/list/?tribe-bar-date=2026-07-30 HTTP/1.1" 200 19793 "-" "Mozilla/5.0 AppleWebKit/537.36 (KHTML, like Gecko; compatible; Amazonbot/0.1; +https://developer.amazon.com/support/amazonbot) Chrome/119.0.6045.214 Safari/537.36"
54.157.84.74 - - [12/Jul/2025:22:11:44 +0000] "GET /events/list/?tribe-bar-date=2026-07-19 HTTP/1.1" 200 19795 "-" "Mozilla/5.0 AppleWebKit/537.36 (KHTML, like Gecko; compatible; Amazonbot/0.1; +https://developer.amazon.com/support/amazonbot) Chrome/119.0.6045.214 Safari/537.36"
209.74.77.214 - - [12/Jul/2025:22:14:44 +0000] "POST /wp-cron.php?doing_wp_cron=1752358484.3538749217987060546875 HTTP/1.1" 200 - "-" "WordPress/6.8.1; https://teamhachem.com"
51.222.253.10 - - [12/Jul/2025:22:14:42 +0000] "GET /wp-sitemap.xml HTTP/1.1" 200 325 "-" "Mozilla/5.0 (compatible; AhrefsBot/7.0; +http://ahrefs.com/robot/)"
51.222.253.12 - - [12/Jul/2025:22:14:46 +0000] "GET /wp-sitemap-posts-post-1.xml HTTP/1.1" 200 937 "-" "Mozilla/5.0 (compatible; AhrefsBot/7.0; +http://ahrefs.com/robot/)"
51.222.253.6 - - [12/Jul/2025:22:14:47 +0000] "GET /wp-sitemap-posts-page-1.xml HTTP/1.1" 200 805 "-" "Mozilla/5.0 (compatible; AhrefsBot/7.0; +http://ahrefs.com/robot/)"
51.222.253.6 - - [12/Jul/2025:22:14:50 +0000] "GET /wp-sitemap-posts-product-1.xml HTTP/1.1" 200 361 "-" "Mozilla/5.0 (compatible; AhrefsBot/7.0; +http://ahrefs.com/robot/)"
51.222.253.16 - - [12/Jul/2025:22:14:52 +0000] "GET /wp-sitemap-posts-testimonials-1.xml HTTP/1.1" 200 389 "-" "Mozilla/5.0 (compatible; AhrefsBot/7.0; +http://ahrefs.com/robot/)"
51.222.253.10 - - [12/Jul/2025:22:14:54 +0000] "GET /wp-sitemap-posts-sections-1.xml HTTP/1.1" 200 222 "-" "Mozilla/5.0 (compatible; AhrefsBot/7.0; +http://ahrefs.com/robot/)"
51.222.253.17 - - [12/Jul/2025:22:14:57 +0000] "GET /wp-sitemap-posts-services-1.xml HTTP/1.1" 200 380 "-" "Mozilla/5.0 (compatible; AhrefsBot/7.0; +http://ahrefs.com/robot/)"
216.73.216.126 - - [12/Jul/2025:22:14:57 +0000] "GET /events/2027-12-13/?ical=1 HTTP/1.1" 200 1138 "-" "Mozilla/5.0 AppleWebKit/537.36 (KHTML, like Gecko; compatible; ClaudeBot/1.0; [email protected])"
51.222.253.19 - - [12/Jul/2025:22:14:58 +0000] "GET /wp-sitemap-posts-sliders-1.xml HTTP/1.1" 200 346 "-" "Mozilla/5.0 (compatible; AhrefsBot/7.0; +http://ahrefs.com/robot/)"
209.74.77.214 - - [12/Jul/2025:22:15:01 +0000] "POST /wp-cron.php?doing_wp_cron=1752358501.4161698818206787109375 HTTP/1.1" 200 - "-" "WordPress/6.8.1; https://teamhachem.com"
51.222.253.2 - - [12/Jul/2025:22:15:01 +0000] "GET /wp-sitemap-posts-gallery-1.xml HTTP/1.1" 200 318 "-" "Mozilla/5.0 (compatible; AhrefsBot/7.0; +http://ahrefs.com/robot/)"
51.222.253.7 - - [12/Jul/2025:22:15:04 +0000] "GET /wp-sitemap-posts-team-1.xml HTTP/1.1" 200 346 "-" "Mozilla/5.0 (compatible; AhrefsBot/7.0; +http://ahrefs.com/robot/)"
51.222.253.8 - - [12/Jul/2025:22:15:06 +0000] "GET /wp-sitemap-posts-faq-1.xml HTTP/1.1" 200 535 "-" "Mozilla/5.0 (compatible; AhrefsBot/7.0; +http://ahrefs.com/robot/)"
51.222.253.16 - - [12/Jul/2025:22:15:07 +0000] "GET /wp-sitemap-posts-tribe_events-1.xml HTTP/1.1" 200 244 "-" "Mozilla/5.0 (compatible; AhrefsBot/7.0; +http://ahrefs.com/robot/)"
51.222.253.20 - - [12/Jul/2025:22:15:09 +0000] "GET /wp-sitemap-taxonomies-category-1.xml HTTP/1.1" 200 239 "-" "Mozilla/5.0 (compatible; AhrefsBot/7.0; +http://ahrefs.com/robot/)"
51.222.253.9 - - [12/Jul/2025:22:15:10 +0000] "GET /wp-sitemap-taxonomies-post_tag-1.xml HTTP/1.1" 200 229 "-" "Mozilla/5.0 (compatible; AhrefsBot/7.0; +http://ahrefs.com/robot/)"
51.222.253.10 - - [12/Jul/2025:22:15:11 +0000] "GET /wp-sitemap-taxonomies-post_format-1.xml HTTP/1.1" 200 213 "-" "Mozilla/5.0 (compatible; AhrefsBot/7.0; +http://ahrefs.com/robot/)"
51.222.253.8 - - [12/Jul/2025:22:15:13 +0000] "GET /wp-sitemap-taxonomies-product_cat-1.xml HTTP/1.1" 200 223 "-" "Mozilla/5.0 (compatible; AhrefsBot/7.0; +http://ahrefs.com/robot/)"
