216.73.216.126 - - [12/Jul/2025:15:16:35 +0000] "GET /events/list/?eventDisplay=past&tribe-bar-date=2027-11-21 HTTP/1.1" 200 20200 "-" "Mozilla/5.0 AppleWebKit/537.36 (KHTML, like Gecko; compatible; ClaudeBot/1.0; [email protected])"
40.77.167.159 - - [12/Jul/2025:15:17:02 +0000] "GET /blog-2-columns-with-right-sidebar/page/2/ HTTP/1.1" 200 18187 "-" "Mozilla/5.0 AppleWebKit/537.36 (KHTML, like Gecko; compatible; bingbot/2.0; +http://www.bing.com/bingbot.htm) Chrome/116.0.1938.76 Safari/537.36"
209.74.77.214 - - [12/Jul/2025:15:17:07 +0000] "POST /wp-cron.php?doing_wp_cron=1752333427.6269168853759765625000 HTTP/1.1" 200 - "-" "WordPress/6.8.1; https://teamhachem.com"
85.208.96.199 - - [12/Jul/2025:15:17:07 +0000] "GET /events/list/?tribe-bar-date=2025-09-27 HTTP/1.1" 200 19800 "-" "Mozilla/5.0 (compatible; SemrushBot/7~bl; +http://www.semrush.com/bot.html)"
209.74.77.214 - - [12/Jul/2025:15:17:33 +0000] "POST /wp-cron.php?doing_wp_cron=1752333453.5366439819335937500000 HTTP/1.1" 200 - "-" "WordPress/6.8.1; https://teamhachem.com"
216.73.216.126 - - [12/Jul/2025:15:17:33 +0000] "GET /events/2028-01-23 HTTP/1.1" 301 - "-" "Mozilla/5.0 AppleWebKit/537.36 (KHTML, like Gecko; compatible; ClaudeBot/1.0; [email protected])"
216.73.216.126 - - [12/Jul/2025:15:17:33 +0000] "GET /events/list/?outlook-ical=1&tribe-bar-date=2027-11-26 HTTP/1.1" 200 1131 "-" "Mozilla/5.0 AppleWebKit/537.36 (KHTML, like Gecko; compatible; ClaudeBot/1.0; [email protected])"
216.73.216.126 - - [12/Jul/2025:15:17:33 +0000] "GET /events/2028-01-23/ HTTP/1.1" 200 19478 "https://teamhachem.com/events/2028-01-23" "Mozilla/5.0 AppleWebKit/537.36 (KHTML, like Gecko; compatible; ClaudeBot/1.0; [email protected])"
209.74.77.214 - - [12/Jul/2025:15:19:52 +0000] "POST /wp-cron.php?doing_wp_cron=1752333592.7820739746093750000000 HTTP/1.1" 200 - "-" "WordPress/6.8.1; https://teamhachem.com"
185.191.171.18 - - [12/Jul/2025:15:19:50 +0000] "GET /events/2026-03-24/ HTTP/1.1" 200 19463 "-" "Mozilla/5.0 (compatible; SemrushBot/7~bl; +http://www.semrush.com/bot.html)"
185.191.171.17 - - [12/Jul/2025:15:20:01 +0000] "GET /events/list/?eventDisplay=past&tribe-bar-date=2026-01-25 HTTP/1.1" 200 20220 "-" "Mozilla/5.0 (compatible; SemrushBot/7~bl; +http://www.semrush.com/bot.html)"
216.73.216.126 - - [12/Jul/2025:15:20:02 +0000] "GET /events/2028-01-30 HTTP/1.1" 301 - "-" "Mozilla/5.0 AppleWebKit/537.36 (KHTML, like Gecko; compatible; ClaudeBot/1.0; [email protected])"
216.73.216.126 - - [12/Jul/2025:15:20:02 +0000] "GET /events/2028-01-04 HTTP/1.1" 301 - "-" "Mozilla/5.0 AppleWebKit/537.36 (KHTML, like Gecko; compatible; ClaudeBot/1.0; [email protected])"
216.73.216.126 - - [12/Jul/2025:15:20:02 +0000] "GET /events/2028-02-04 HTTP/1.1" 301 - "-" "Mozilla/5.0 AppleWebKit/537.36 (KHTML, like Gecko; compatible; ClaudeBot/1.0; [email protected])"
216.73.216.126 - - [12/Jul/2025:15:20:02 +0000] "GET /events/2028-01-30/ HTTP/1.1" 200 19479 "https://teamhachem.com/events/2028-01-30" "Mozilla/5.0 AppleWebKit/537.36 (KHTML, like Gecko; compatible; ClaudeBot/1.0; [email protected])"
216.73.216.126 - - [12/Jul/2025:15:20:02 +0000] "GET /events/2028-01-04/ HTTP/1.1" 200 19473 "https://teamhachem.com/events/2028-01-04" "Mozilla/5.0 AppleWebKit/537.36 (KHTML, like Gecko; compatible; ClaudeBot/1.0; [email protected])"
216.73.216.126 - - [12/Jul/2025:15:20:03 +0000] "GET /events/2028-02-04/ HTTP/1.1" 200 19467 "https://teamhachem.com/events/2028-02-04" "Mozilla/5.0 AppleWebKit/537.36 (KHTML, like Gecko; compatible; ClaudeBot/1.0; [email protected])"
209.74.77.214 - - [12/Jul/2025:15:20:53 +0000] "POST /wp-cron.php?doing_wp_cron=1752333653.1981170177459716796875 HTTP/1.1" 200 - "-" "WordPress/6.8.1; https://teamhachem.com"
216.73.216.126 - - [12/Jul/2025:15:20:51 +0000] "GET /events/list/?ical=1&tribe-bar-date=2027-12-01 HTTP/1.1" 200 1138 "-" "Mozilla/5.0 AppleWebKit/537.36 (KHTML, like Gecko; compatible; ClaudeBot/1.0; [email protected])"
209.74.77.214 - - [12/Jul/2025:15:21:34 +0000] "POST /wp-cron.php?doing_wp_cron=1752333694.5671238899230957031250 HTTP/1.1" 200 - "-" "WordPress/6.8.1; https://teamhachem.com"
85.208.96.202 - - [12/Jul/2025:15:21:32 +0000] "GET /events/2025-09-17/ HTTP/1.1" 200 19474 "-" "Mozilla/5.0 (compatible; SemrushBot/7~bl; +http://www.semrush.com/bot.html)"
216.73.216.126 - - [12/Jul/2025:15:21:39 +0000] "GET /events/2028-01-21 HTTP/1.1" 301 - "-" "Mozilla/5.0 AppleWebKit/537.36 (KHTML, like Gecko; compatible; ClaudeBot/1.0; [email protected])"
216.73.216.126 - - [12/Jul/2025:15:21:39 +0000] "GET /events/2028-01-21/ HTTP/1.1" 200 19467 "https://teamhachem.com/events/2028-01-21" "Mozilla/5.0 AppleWebKit/537.36 (KHTML, like Gecko; compatible; ClaudeBot/1.0; [email protected])"
209.74.77.214 - - [12/Jul/2025:15:23:25 +0000] "POST /wp-cron.php?doing_wp_cron=1752333805.9598410129547119140625 HTTP/1.1" 200 - "-" "WordPress/6.8.1; https://teamhachem.com"
216.73.216.126 - - [12/Jul/2025:15:23:24 +0000] "GET /events/list/?eventDisplay=past&tribe-bar-date=2027-11-18 HTTP/1.1" 200 20220 "-" "Mozilla/5.0 AppleWebKit/537.36 (KHTML, like Gecko; compatible; ClaudeBot/1.0; [email protected])"
209.74.77.214 - - [12/Jul/2025:15:24:00 +0000] "POST /wp-cron.php?doing_wp_cron=1752333840.8158860206604003906250 HTTP/1.1" 200 - "-" "WordPress/6.8.1; https://teamhachem.com"
185.191.171.8 - - [12/Jul/2025:15:23:59 +0000] "GET /events/2026-06-19/ HTTP/1.1" 200 19474 "-" "Mozilla/5.0 (compatible; SemrushBot/7~bl; +http://www.semrush.com/bot.html)"
209.74.77.214 - - [12/Jul/2025:15:24:19 +0000] "POST /wp-cron.php?doing_wp_cron=1752333859.7924270629882812500000 HTTP/1.1" 200 - "-" "WordPress/6.8.1; https://teamhachem.com"
216.73.216.126 - - [12/Jul/2025:15:24:19 +0000] "GET /events/list/?tribe-bar-date=2027-12-23 HTTP/1.1" 200 19801 "-" "Mozilla/5.0 AppleWebKit/537.36 (KHTML, like Gecko; compatible; ClaudeBot/1.0; [email protected])"
209.74.77.214 - - [12/Jul/2025:15:25:12 +0000] "POST /wp-cron.php?doing_wp_cron=1752333912.8256869316101074218750 HTTP/1.1" 200 - "-" "WordPress/6.8.1; https://teamhachem.com"
216.73.216.126 - - [12/Jul/2025:15:25:11 +0000] "GET /events/month/2028-01/?ical=1 HTTP/1.1" 200 1138 "-" "Mozilla/5.0 AppleWebKit/537.36 (KHTML, like Gecko; compatible; ClaudeBot/1.0; [email protected])"
209.74.77.214 - - [12/Jul/2025:15:25:53 +0000] "POST /wp-cron.php?doing_wp_cron=1752333953.9150400161743164062500 HTTP/1.1" 200 - "-" "WordPress/6.8.1; https://teamhachem.com"
85.208.96.195 - - [12/Jul/2025:15:25:52 +0000] "GET /events/2026-04-02/ HTTP/1.1" 200 19486 "-" "Mozilla/5.0 (compatible; SemrushBot/7~bl; +http://www.semrush.com/bot.html)"
216.73.216.126 - - [12/Jul/2025:15:25:58 +0000] "GET /events/2028-02-05 HTTP/1.1" 301 - "-" "Mozilla/5.0 AppleWebKit/537.36 (KHTML, like Gecko; compatible; ClaudeBot/1.0; [email protected])"
216.73.216.126 - - [12/Jul/2025:15:25:58 +0000] "GET /events/2028-02-05/ HTTP/1.1" 200 19477 "https://teamhachem.com/events/2028-02-05" "Mozilla/5.0 AppleWebKit/537.36 (KHTML, like Gecko; compatible; ClaudeBot/1.0; [email protected])"
209.74.77.214 - - [12/Jul/2025:15:26:08 +0000] "POST /wp-cron.php?doing_wp_cron=1752333968.8425540924072265625000 HTTP/1.1" 200 - "-" "WordPress/6.8.1; https://teamhachem.com"
185.191.171.7 - - [12/Jul/2025:15:26:08 +0000] "GET /events/list/?eventDisplay=past&tribe-bar-date=2026-05-02 HTTP/1.1" 200 20224 "-" "Mozilla/5.0 (compatible; SemrushBot/7~bl; +http://www.semrush.com/bot.html)"
209.74.77.214 - - [12/Jul/2025:15:26:55 +0000] "POST /wp-cron.php?doing_wp_cron=1752334015.9699618816375732421875 HTTP/1.1" 200 - "-" "WordPress/6.8.1; https://teamhachem.com"
216.73.216.126 - - [12/Jul/2025:15:26:54 +0000] "GET /events/list/?ical=1&tribe-bar-date=2027-11-21 HTTP/1.1" 200 1138 "-" "Mozilla/5.0 AppleWebKit/537.36 (KHTML, like Gecko; compatible; ClaudeBot/1.0; [email protected])"
209.74.77.214 - - [12/Jul/2025:15:28:16 +0000] "POST /wp-cron.php?doing_wp_cron=1752334096.4545280933380126953125 HTTP/1.1" 200 - "-" "WordPress/6.8.1; https://teamhachem.com"
185.191.171.1 - - [12/Jul/2025:15:28:14 +0000] "GET /events/list/?eventDisplay=past&tribe-bar-date=2025-11-23 HTTP/1.1" 200 20217 "-" "Mozilla/5.0 (compatible; SemrushBot/7~bl; +http://www.semrush.com/bot.html)"
51.222.253.3 - - [12/Jul/2025:15:28:17 +0000] "GET /events/list/?tribe-bar-date=2025-03-26&eventDisplay=past HTTP/1.1" 200 20206 "-" "Mozilla/5.0 (compatible; AhrefsBot/7.0; +http://ahrefs.com/robot/)"
209.74.77.214 - - [12/Jul/2025:15:28:37 +0000] "POST /wp-cron.php?doing_wp_cron=1752334117.5990970134735107421875 HTTP/1.1" 200 - "-" "WordPress/6.8.1; https://teamhachem.com"
216.73.216.126 - - [12/Jul/2025:15:28:37 +0000] "GET /events/2027-12-21/?outlook-ical=1 HTTP/1.1" 200 1132 "-" "Mozilla/5.0 AppleWebKit/537.36 (KHTML, like Gecko; compatible; ClaudeBot/1.0; [email protected])"
85.208.96.207 - - [12/Jul/2025:15:28:37 +0000] "GET /events/list/?tribe-bar-date=2026-02-27 HTTP/1.1" 200 19806 "-" "Mozilla/5.0 (compatible; SemrushBot/7~bl; +http://www.semrush.com/bot.html)"
209.74.77.214 - - [12/Jul/2025:15:30:08 +0000] "POST /wp-cron.php?doing_wp_cron=1752334208.2451279163360595703125 HTTP/1.1" 200 - "-" "WordPress/6.8.1; https://teamhachem.com"
85.208.96.206 - - [12/Jul/2025:15:30:06 +0000] "GET /events/list/?tribe-bar-date=2026-02-25 HTTP/1.1" 200 19805 "-" "Mozilla/5.0 (compatible; SemrushBot/7~bl; +http://www.semrush.com/bot.html)"
209.74.77.214 - - [12/Jul/2025:15:31:05 +0000] "POST /wp-cron.php?doing_wp_cron=1752334265.4110610485076904296875 HTTP/1.1" 200 - "-" "WordPress/6.8.1; https://teamhachem.com"
216.73.216.126 - - [12/Jul/2025:15:31:03 +0000] "GET /events/2028-01-29 HTTP/1.1" 301 - "-" "Mozilla/5.0 AppleWebKit/537.36 (KHTML, like Gecko; compatible; ClaudeBot/1.0; [email protected])"
216.73.216.126 - - [12/Jul/2025:15:31:05 +0000] "GET /events/2028-01-29/ HTTP/1.1" 200 19476 "https://teamhachem.com/events/2028-01-29" "Mozilla/5.0 AppleWebKit/537.36 (KHTML, like Gecko; compatible; ClaudeBot/1.0; [email protected])"
57.141.2.28 - - [12/Jul/2025:15:31:24 +0000] "GET /wp-json/wp/v2/pages/5151 HTTP/1.1" 200 85793 "-" "meta-externalagent/1.1 (+https://developers.facebook.com/docs/sharing/webmasters/crawler)"
185.191.171.6 - - [12/Jul/2025:15:31:27 +0000] "GET /events/2025-12-16/ HTTP/1.1" 200 19484 "-" "Mozilla/5.0 (compatible; SemrushBot/7~bl; +http://www.semrush.com/bot.html)"
209.74.77.214 - - [12/Jul/2025:15:31:56 +0000] "POST /wp-cron.php?doing_wp_cron=1752334316.5208160877227783203125 HTTP/1.1" 200 - "-" "WordPress/6.8.1; https://teamhachem.com"
216.73.216.126 - - [12/Jul/2025:15:31:56 +0000] "GET /events/month/2028-02 HTTP/1.1" 301 - "-" "Mozilla/5.0 AppleWebKit/537.36 (KHTML, like Gecko; compatible; ClaudeBot/1.0; [email protected])"
216.73.216.126 - - [12/Jul/2025:15:31:56 +0000] "GET /events/2027-12-27/?ical=1 HTTP/1.1" 200 1138 "-" "Mozilla/5.0 AppleWebKit/537.36 (KHTML, like Gecko; compatible; ClaudeBot/1.0; [email protected])"
216.73.216.126 - - [12/Jul/2025:15:31:56 +0000] "GET /events/2028-01-05 HTTP/1.1" 301 - "-" "Mozilla/5.0 AppleWebKit/537.36 (KHTML, like Gecko; compatible; ClaudeBot/1.0; [email protected])"
216.73.216.126 - - [12/Jul/2025:15:31:57 +0000] "GET /events/2028-01-05/ HTTP/1.1" 200 19474 "https://teamhachem.com/events/2028-01-05" "Mozilla/5.0 AppleWebKit/537.36 (KHTML, like Gecko; compatible; ClaudeBot/1.0; [email protected])"
216.73.216.126 - - [12/Jul/2025:15:31:56 +0000] "GET /events/month/2028-02/ HTTP/1.1" 200 24561 "https://teamhachem.com/events/month/2028-02" "Mozilla/5.0 AppleWebKit/537.36 (KHTML, like Gecko; compatible; ClaudeBot/1.0; [email protected])"
209.74.77.214 - - [12/Jul/2025:15:32:51 +0000] "POST /wp-cron.php?doing_wp_cron=1752334371.7024149894714355468750 HTTP/1.1" 200 - "-" "WordPress/6.8.1; https://teamhachem.com"
216.73.216.126 - - [12/Jul/2025:15:32:49 +0000] "GET /events/2028-01-15 HTTP/1.1" 301 - "-" "Mozilla/5.0 AppleWebKit/537.36 (KHTML, like Gecko; compatible; ClaudeBot/1.0; [email protected])"
216.73.216.126 - - [12/Jul/2025:15:32:51 +0000] "GET /events/2028-01-15/ HTTP/1.1" 200 19480 "https://teamhachem.com/events/2028-01-15" "Mozilla/5.0 AppleWebKit/537.36 (KHTML, like Gecko; compatible; ClaudeBot/1.0; [email protected])"
185.191.171.19 - - [12/Jul/2025:15:32:55 +0000] "GET /events/2026-06-22/ HTTP/1.1" 200 19465 "-" "Mozilla/5.0 (compatible; SemrushBot/7~bl; +http://www.semrush.com/bot.html)"
209.74.77.214 - - [12/Jul/2025:15:33:26 +0000] "POST /wp-cron.php?doing_wp_cron=1752334406.3323240280151367187500 HTTP/1.1" 200 - "-" "WordPress/6.8.1; https://teamhachem.com"
23.21.250.48 - - [12/Jul/2025:15:33:26 +0000] "GET /events/2026-08-25/ HTTP/1.1" 200 19468 "-" "Mozilla/5.0 AppleWebKit/537.36 (KHTML, like Gecko; compatible; Amazonbot/0.1; +https://developer.amazon.com/support/amazonbot) Chrome/119.0.6045.214 Safari/537.36"
34.197.28.78 - - [12/Jul/2025:15:33:28 +0000] "GET /events/2026-08-30/ HTTP/1.1" 200 19482 "-" "Mozilla/5.0 AppleWebKit/537.36 (KHTML, like Gecko; compatible; Amazonbot/0.1; +https://developer.amazon.com/support/amazonbot) Chrome/119.0.6045.214 Safari/537.36"
209.74.77.214 - - [12/Jul/2025:15:35:58 +0000] "POST /wp-cron.php?doing_wp_cron=1752334558.5184919834136962890625 HTTP/1.1" 200 - "-" "WordPress/6.8.1; https://teamhachem.com"
85.208.96.205 - - [12/Jul/2025:15:35:56 +0000] "GET /events/list/?tribe-bar-date=2024-05-04 HTTP/1.1" 200 20191 "-" "Mozilla/5.0 (compatible; SemrushBot/7~bl; +http://www.semrush.com/bot.html)"
209.74.77.214 - - [12/Jul/2025:15:36:17 +0000] "POST /wp-cron.php?doing_wp_cron=1752334577.1000540256500244140625 HTTP/1.1" 200 - "-" "WordPress/6.8.1; https://teamhachem.com"
216.73.216.126 - - [12/Jul/2025:15:36:16 +0000] "GET /events/list/?ical=1&tribe-bar-date=2027-11-08 HTTP/1.1" 200 1138 "-" "Mozilla/5.0 AppleWebKit/537.36 (KHTML, like Gecko; compatible; ClaudeBot/1.0; [email protected])"
209.74.77.214 - - [12/Jul/2025:15:37:15 +0000] "POST /wp-cron.php?doing_wp_cron=1752334635.7586030960083007812500 HTTP/1.1" 200 - "-" "WordPress/6.8.1; https://teamhachem.com"
216.73.216.126 - - [12/Jul/2025:15:37:13 +0000] "GET /events/list/?eventDisplay=past&tribe-bar-date=2027-11-26 HTTP/1.1" 200 20213 "-" "Mozilla/5.0 AppleWebKit/537.36 (KHTML, like Gecko; compatible; ClaudeBot/1.0; [email protected])"
209.74.77.214 - - [12/Jul/2025:15:38:07 +0000] "POST /wp-cron.php?doing_wp_cron=1752334687.1787869930267333984375 HTTP/1.1" 200 - "-" "WordPress/6.8.1; https://teamhachem.com"
216.73.216.126 - - [12/Jul/2025:15:38:05 +0000] "GET /events/2027-12-23/?outlook-ical=1 HTTP/1.1" 200 1132 "-" "Mozilla/5.0 AppleWebKit/537.36 (KHTML, like Gecko; compatible; ClaudeBot/1.0; [email protected])"
209.74.77.214 - - [12/Jul/2025:15:38:45 +0000] "POST /wp-cron.php?doing_wp_cron=1752334725.9237771034240722656250 HTTP/1.1" 200 - "-" "WordPress/6.8.1; https://teamhachem.com"
85.208.96.201 - - [12/Jul/2025:15:38:44 +0000] "GET /events/list/?tribe-bar-date=2026-06-01 HTTP/1.1" 200 19791 "-" "Mozilla/5.0 (compatible; SemrushBot/7~bl; +http://www.semrush.com/bot.html)"
209.74.77.214 - - [12/Jul/2025:15:39:04 +0000] "POST /wp-cron.php?doing_wp_cron=1752334744.5885970592498779296875 HTTP/1.1" 200 - "-" "WordPress/6.8.1; https://teamhachem.com"
216.73.216.126 - - [12/Jul/2025:15:39:04 +0000] "GET /events/2027-12-11/?outlook-ical=1 HTTP/1.1" 200 1133 "-" "Mozilla/5.0 AppleWebKit/537.36 (KHTML, like Gecko; compatible; ClaudeBot/1.0; [email protected])"
209.74.77.214 - - [12/Jul/2025:15:40:07 +0000] "POST /wp-cron.php?doing_wp_cron=1752334807.6100180149078369140625 HTTP/1.1" 200 - "-" "WordPress/6.8.1; https://teamhachem.com"
209.74.77.214 - - [12/Jul/2025:15:40:07 +0000] "POST /wp-cron.php?doing_wp_cron=1752334807.6100180149078369140625 HTTP/1.1" 200 - "-" "WordPress/6.8.1; https://teamhachem.com"
216.73.216.126 - - [12/Jul/2025:15:40:07 +0000] "GET /events/2028-02-02 HTTP/1.1" 301 - "-" "Mozilla/5.0 AppleWebKit/537.36 (KHTML, like Gecko; compatible; ClaudeBot/1.0; [email protected])"
185.191.171.13 - - [12/Jul/2025:15:40:05 +0000] "GET /events/list/?eventDisplay=past&tribe-bar-date=2024-05-03 HTTP/1.1" 200 19850 "-" "Mozilla/5.0 (compatible; SemrushBot/7~bl; +http://www.semrush.com/bot.html)"
216.73.216.126 - - [12/Jul/2025:15:40:07 +0000] "GET /events/2028-02-02/ HTTP/1.1" 200 19473 "https://teamhachem.com/events/2028-02-02" "Mozilla/5.0 AppleWebKit/537.36 (KHTML, like Gecko; compatible; ClaudeBot/1.0; [email protected])"
209.74.77.214 - - [12/Jul/2025:15:40:55 +0000] "POST /wp-cron.php?doing_wp_cron=1752334855.7974700927734375000000 HTTP/1.1" 200 - "-" "WordPress/6.8.1; https://teamhachem.com"
216.73.216.126 - - [12/Jul/2025:15:40:53 +0000] "GET /events/list/?tribe-bar-date=2027-12-09 HTTP/1.1" 200 19788 "-" "Mozilla/5.0 AppleWebKit/537.36 (KHTML, like Gecko; compatible; ClaudeBot/1.0; [email protected])"
209.74.77.214 - - [12/Jul/2025:15:42:10 +0000] "POST /wp-cron.php?doing_wp_cron=1752334930.4868099689483642578125 HTTP/1.1" 200 - "-" "WordPress/6.8.1; https://teamhachem.com"
85.208.96.207 - - [12/Jul/2025:15:42:08 +0000] "GET /events/list/?tribe-bar-date=2025-09-08 HTTP/1.1" 200 19792 "-" "Mozilla/5.0 (compatible; SemrushBot/7~bl; +http://www.semrush.com/bot.html)"
185.191.171.3 - - [12/Jul/2025:15:42:15 +0000] "GET /events/list/?eventDisplay=past&tribe-bar-date=2026-04-12 HTTP/1.1" 200 20222 "-" "Mozilla/5.0 (compatible; SemrushBot/7~bl; +http://www.semrush.com/bot.html)"
209.74.77.214 - - [12/Jul/2025:15:42:52 +0000] "POST /wp-cron.php?doing_wp_cron=1752334972.9188559055328369140625 HTTP/1.1" 200 - "-" "WordPress/6.8.1; https://teamhachem.com"
185.191.171.7 - - [12/Jul/2025:15:42:51 +0000] "GET /events/2026-06-04/ HTTP/1.1" 200 19490 "-" "Mozilla/5.0 (compatible; SemrushBot/7~bl; +http://www.semrush.com/bot.html)"
209.74.77.214 - - [12/Jul/2025:15:44:21 +0000] "POST /wp-cron.php?doing_wp_cron=1752335061.2562370300292968750000 HTTP/1.1" 200 - "-" "WordPress/6.8.1; https://teamhachem.com"
216.73.216.126 - - [12/Jul/2025:15:44:19 +0000] "GET /events/2028-01-25 HTTP/1.1" 301 - "-" "Mozilla/5.0 AppleWebKit/537.36 (KHTML, like Gecko; compatible; ClaudeBot/1.0; [email protected])"
216.73.216.126 - - [12/Jul/2025:15:44:21 +0000] "GET /events/2028-01-25/ HTTP/1.1" 200 19475 "https://teamhachem.com/events/2028-01-25" "Mozilla/5.0 AppleWebKit/537.36 (KHTML, like Gecko; compatible; ClaudeBot/1.0; [email protected])"
85.208.96.209 - - [12/Jul/2025:15:44:29 +0000] "GET /robots.txt HTTP/1.1" 200 154 "-" "Mozilla/5.0 (compatible; SemrushBot/7~bl; +http://www.semrush.com/bot.html)"
209.74.77.214 - - [12/Jul/2025:15:44:33 +0000] "POST /wp-cron.php?doing_wp_cron=1752335073.7496509552001953125000 HTTP/1.1" 200 - "-" "WordPress/6.8.1; https://teamhachem.com"
85.208.96.206 - - [12/Jul/2025:15:44:33 +0000] "GET /events/list/?tribe-bar-date=2024-07-26 HTTP/1.1" 200 20189 "-" "Mozilla/5.0 (compatible; SemrushBot/7~bl; +http://www.semrush.com/bot.html)"
209.74.77.214 - - [12/Jul/2025:15:46:03 +0000] "POST /wp-cron.php?doing_wp_cron=1752335163.1873099803924560546875 HTTP/1.1" 200 - "-" "WordPress/6.8.1; https://teamhachem.com"
51.222.253.1 - - [12/Jul/2025:15:46:01 +0000] "GET /robots.txt HTTP/1.1" 200 154 "-" "Mozilla/5.0 (compatible; AhrefsBot/7.0; +http://ahrefs.com/robot/)"
209.74.77.214 - - [12/Jul/2025:15:47:17 +0000] "POST /wp-cron.php?doing_wp_cron=1752335237.8509678840637207031250 HTTP/1.1" 200 - "-" "WordPress/6.8.1; https://teamhachem.com"
209.74.77.214 - - [12/Jul/2025:15:47:17 +0000] "POST /wp-cron.php?doing_wp_cron=1752335237.8507499694824218750000 HTTP/1.1" 200 - "-" "WordPress/6.8.1; https://teamhachem.com"
209.74.77.214 - - [12/Jul/2025:15:47:17 +0000] "POST /wp-cron.php?doing_wp_cron=1752335237.8508551120758056640625 HTTP/1.1" 200 - "-" "WordPress/6.8.1; https://teamhachem.com"
216.73.216.126 - - [12/Jul/2025:15:47:16 +0000] "GET /events/2027-12-24/?ical=1 HTTP/1.1" 200 1138 "-" "Mozilla/5.0 AppleWebKit/537.36 (KHTML, like Gecko; compatible; ClaudeBot/1.0; [email protected])"
185.191.171.6 - - [12/Jul/2025:15:47:16 +0000] "GET /events/list/?tribe-bar-date=2024-07-07 HTTP/1.1" 200 20181 "-" "Mozilla/5.0 (compatible; SemrushBot/7~bl; +http://www.semrush.com/bot.html)"
216.73.216.126 - - [12/Jul/2025:15:47:16 +0000] "GET /events/list/?tribe-bar-date=2027-12-11 HTTP/1.1" 200 19799 "-" "Mozilla/5.0 AppleWebKit/537.36 (KHTML, like Gecko; compatible; ClaudeBot/1.0; [email protected])"
85.208.96.211 - - [12/Jul/2025:15:47:28 +0000] "GET /shop/ HTTP/1.1" 200 16142 "-" "Mozilla/5.0 (compatible; SemrushBot/7~bl; +http://www.semrush.com/bot.html)"
209.74.77.214 - - [12/Jul/2025:15:48:09 +0000] "POST /wp-cron.php?doing_wp_cron=1752335289.8155269622802734375000 HTTP/1.1" 200 - "-" "WordPress/6.8.1; https://teamhachem.com"
85.208.96.210 - - [12/Jul/2025:15:48:08 +0000] "GET /events/list/?tribe-bar-date=2026-02-24 HTTP/1.1" 200 19803 "-" "Mozilla/5.0 (compatible; SemrushBot/7~bl; +http://www.semrush.com/bot.html)"
216.73.216.126 - - [12/Jul/2025:15:48:09 +0000] "GET /events/list/?tribe-bar-date=2028-01-01 HTTP/1.1" 200 19798 "-" "Mozilla/5.0 AppleWebKit/537.36 (KHTML, like Gecko; compatible; ClaudeBot/1.0; [email protected])"
209.74.77.214 - - [12/Jul/2025:15:49:02 +0000] "POST /wp-cron.php?doing_wp_cron=1752335342.6072518825531005859375 HTTP/1.1" 200 - "-" "WordPress/6.8.1; https://teamhachem.com"
34.203.111.15 - - [12/Jul/2025:15:49:00 +0000] "GET /events/2026-08-19/ HTTP/1.1" 200 19467 "-" "Mozilla/5.0 AppleWebKit/537.36 (KHTML, like Gecko; compatible; Amazonbot/0.1; +https://developer.amazon.com/support/amazonbot) Chrome/119.0.6045.214 Safari/537.36"
209.74.77.214 - - [12/Jul/2025:15:49:05 +0000] "POST /wp-cron.php?doing_wp_cron=1752335345.7973480224609375000000 HTTP/1.1" 200 - "-" "WordPress/6.8.1; https://teamhachem.com"
3.208.146.193 - - [12/Jul/2025:15:49:05 +0000] "GET /events/list/?eventDisplay=past&tribe-bar-date=2024-10-06 HTTP/1.1" 200 19819 "-" "Mozilla/5.0 AppleWebKit/537.36 (KHTML, like Gecko; compatible; Amazonbot/0.1; +https://developer.amazon.com/support/amazonbot) Chrome/119.0.6045.214 Safari/537.36"
52.202.233.37 - - [12/Jul/2025:15:49:09 +0000] "GET /events/list/?eventDisplay=past&tribe-bar-date=2026-07-02 HTTP/1.1" 200 20221 "-" "Mozilla/5.0 AppleWebKit/537.36 (KHTML, like Gecko; compatible; Amazonbot/0.1; +https://developer.amazon.com/support/amazonbot) Chrome/119.0.6045.214 Safari/537.36"
54.157.84.74 - - [12/Jul/2025:15:49:12 +0000] "GET /events/list/?eventDisplay=past&tribe-bar-date=2026-07-15 HTTP/1.1" 200 20224 "-" "Mozilla/5.0 AppleWebKit/537.36 (KHTML, like Gecko; compatible; Amazonbot/0.1; +https://developer.amazon.com/support/amazonbot) Chrome/119.0.6045.214 Safari/537.36"
52.54.157.23 - - [12/Jul/2025:15:49:16 +0000] "GET /events/list/?tribe-bar-date=2026-07-17 HTTP/1.1" 200 19792 "-" "Mozilla/5.0 AppleWebKit/537.36 (KHTML, like Gecko; compatible; Amazonbot/0.1; +https://developer.amazon.com/support/amazonbot) Chrome/119.0.6045.214 Safari/537.36"
209.74.77.214 - - [12/Jul/2025:15:49:51 +0000] "POST /wp-cron.php?doing_wp_cron=1752335391.3808898925781250000000 HTTP/1.1" 200 - "-" "WordPress/6.8.1; https://teamhachem.com"
85.208.96.205 - - [12/Jul/2025:15:49:49 +0000] "GET /events/list/?eventDisplay=past&tribe-bar-date=2025-11-22 HTTP/1.1" 200 20205 "-" "Mozilla/5.0 (compatible; SemrushBot/7~bl; +http://www.semrush.com/bot.html)"
209.74.77.214 - - [12/Jul/2025:15:50:11 +0000] "POST /wp-cron.php?doing_wp_cron=1752335411.6788520812988281250000 HTTP/1.1" 200 - "-" "WordPress/6.8.1; https://teamhachem.com"
216.73.216.126 - - [12/Jul/2025:15:50:11 +0000] "GET /events/2028-01-17 HTTP/1.1" 301 - "-" "Mozilla/5.0 AppleWebKit/537.36 (KHTML, like Gecko; compatible; ClaudeBot/1.0; [email protected])"
216.73.216.126 - - [12/Jul/2025:15:50:11 +0000] "GET /events/2028-01-17/ HTTP/1.1" 200 19465 "https://teamhachem.com/events/2028-01-17" "Mozilla/5.0 AppleWebKit/537.36 (KHTML, like Gecko; compatible; ClaudeBot/1.0; [email protected])"
85.208.96.207 - - [12/Jul/2025:15:50:28 +0000] "GET /events/list/?eventDisplay=past&tribe-bar-date=2026-04-08 HTTP/1.1" 200 20237 "-" "Mozilla/5.0 (compatible; SemrushBot/7~bl; +http://www.semrush.com/bot.html)"
209.74.77.214 - - [12/Jul/2025:15:51:10 +0000] "POST /wp-cron.php?doing_wp_cron=1752335470.6767730712890625000000 HTTP/1.1" 200 - "-" "WordPress/6.8.1; https://teamhachem.com"
216.73.216.126 - - [12/Jul/2025:15:51:08 +0000] "GET /events/2028-01-31 HTTP/1.1" 301 - "-" "Mozilla/5.0 AppleWebKit/537.36 (KHTML, like Gecko; compatible; ClaudeBot/1.0; [email protected])"
216.73.216.126 - - [12/Jul/2025:15:51:10 +0000] "GET /events/2028-01-31/ HTTP/1.1" 200 19489 "https://teamhachem.com/events/2028-01-31" "Mozilla/5.0 AppleWebKit/537.36 (KHTML, like Gecko; compatible; ClaudeBot/1.0; [email protected])"
209.74.77.214 - - [12/Jul/2025:15:51:43 +0000] "POST /wp-cron.php?doing_wp_cron=1752335503.1087079048156738281250 HTTP/1.1" 200 - "-" "WordPress/6.8.1; https://teamhachem.com"
185.191.171.6 - - [12/Jul/2025:15:51:41 +0000] "GET /events/list/?tribe-bar-date=2026-05-10 HTTP/1.1" 200 19791 "-" "Mozilla/5.0 (compatible; SemrushBot/7~bl; +http://www.semrush.com/bot.html)"
209.74.77.214 - - [12/Jul/2025:15:53:19 +0000] "POST /wp-cron.php?doing_wp_cron=1752335599.9445910453796386718750 HTTP/1.1" 200 - "-" "WordPress/6.8.1; https://teamhachem.com"
185.191.171.6 - - [12/Jul/2025:15:53:18 +0000] "GET /events/2025-02-19/ HTTP/1.1" 200 19480 "-" "Mozilla/5.0 (compatible; SemrushBot/7~bl; +http://www.semrush.com/bot.html)"
209.74.77.214 - - [12/Jul/2025:15:53:59 +0000] "POST /wp-cron.php?doing_wp_cron=1752335639.2571439743041992187500 HTTP/1.1" 200 - "-" "WordPress/6.8.1; https://teamhachem.com"
185.191.171.16 - - [12/Jul/2025:15:53:57 +0000] "GET /events/list/?eventDisplay=past&tribe-bar-date=2024-07-24 HTTP/1.1" 200 19853 "-" "Mozilla/5.0 (compatible; SemrushBot/7~bl; +http://www.semrush.com/bot.html)"
209.74.77.214 - - [12/Jul/2025:15:54:04 +0000] "POST /wp-cron.php?doing_wp_cron=1752335644.3529009819030761718750 HTTP/1.1" 200 - "-" "WordPress/6.8.1; https://teamhachem.com"
85.208.96.204 - - [12/Jul/2025:15:54:04 +0000] "GET /events/list/?eventDisplay=past&tribe-bar-date=2025-11-09 HTTP/1.1" 200 20204 "-" "Mozilla/5.0 (compatible; SemrushBot/7~bl; +http://www.semrush.com/bot.html)"
209.74.77.214 - - [12/Jul/2025:15:55:26 +0000] "POST /wp-cron.php?doing_wp_cron=1752335726.4985001087188720703125 HTTP/1.1" 200 - "-" "WordPress/6.8.1; https://teamhachem.com"
185.191.171.15 - - [12/Jul/2025:15:55:24 +0000] "GET /events/2026-03-28/ HTTP/1.1" 200 19471 "-" "Mozilla/5.0 (compatible; SemrushBot/7~bl; +http://www.semrush.com/bot.html)"
209.74.77.214 - - [12/Jul/2025:15:55:36 +0000] "POST /wp-cron.php?doing_wp_cron=1752335736.2170650959014892578125 HTTP/1.1" 200 - "-" "WordPress/6.8.1; https://teamhachem.com"
216.73.216.126 - - [12/Jul/2025:15:55:36 +0000] "GET /events/list/?outlook-ical=1&tribe-bar-date=2027-11-08 HTTP/1.1" 200 1133 "-" "Mozilla/5.0 AppleWebKit/537.36 (KHTML, like Gecko; compatible; ClaudeBot/1.0; [email protected])"
209.74.77.214 - - [12/Jul/2025:15:56:40 +0000] "POST /wp-cron.php?doing_wp_cron=1752335800.4832301139831542968750 HTTP/1.1" 200 - "-" "WordPress/6.8.1; https://teamhachem.com"
216.73.216.126 - - [12/Jul/2025:15:56:38 +0000] "GET /events/2028-01-22 HTTP/1.1" 301 - "-" "Mozilla/5.0 AppleWebKit/537.36 (KHTML, like Gecko; compatible; ClaudeBot/1.0; [email protected])"
216.73.216.126 - - [12/Jul/2025:15:56:38 +0000] "GET /events/2028-01-26 HTTP/1.1" 301 - "-" "Mozilla/5.0 AppleWebKit/537.36 (KHTML, like Gecko; compatible; ClaudeBot/1.0; [email protected])"
216.73.216.126 - - [12/Jul/2025:15:56:38 +0000] "GET /events/2028-01-11 HTTP/1.1" 301 - "-" "Mozilla/5.0 AppleWebKit/537.36 (KHTML, like Gecko; compatible; ClaudeBot/1.0; [email protected])"
216.73.216.126 - - [12/Jul/2025:15:56:40 +0000] "GET /events/2028-01-22/ HTTP/1.1" 200 19473 "https://teamhachem.com/events/2028-01-22" "Mozilla/5.0 AppleWebKit/537.36 (KHTML, like Gecko; compatible; ClaudeBot/1.0; [email protected])"
216.73.216.126 - - [12/Jul/2025:15:56:40 +0000] "GET /events/2028-01-26/ HTTP/1.1" 200 19481 "https://teamhachem.com/events/2028-01-26" "Mozilla/5.0 AppleWebKit/537.36 (KHTML, like Gecko; compatible; ClaudeBot/1.0; [email protected])"
216.73.216.126 - - [12/Jul/2025:15:56:40 +0000] "GET /events/2028-01-11/ HTTP/1.1" 200 19467 "https://teamhachem.com/events/2028-01-11" "Mozilla/5.0 AppleWebKit/537.36 (KHTML, like Gecko; compatible; ClaudeBot/1.0; [email protected])"
209.74.77.214 - - [12/Jul/2025:15:59:10 +0000] "POST /wp-cron.php?doing_wp_cron=1752335950.8043169975280761718750 HTTP/1.1" 200 - "-" "WordPress/6.8.1; https://teamhachem.com"
85.208.96.203 - - [12/Jul/2025:15:59:09 +0000] "GET /events/list/?eventDisplay=past&tribe-bar-date=2026-04-09 HTTP/1.1" 200 20226 "-" "Mozilla/5.0 (compatible; SemrushBot/7~bl; +http://www.semrush.com/bot.html)"
209.74.77.214 - - [12/Jul/2025:15:59:40 +0000] "POST /wp-cron.php?doing_wp_cron=1752335980.7896749973297119140625 HTTP/1.1" 200 - "-" "WordPress/6.8.1; https://teamhachem.com"
216.73.216.126 - - [12/Jul/2025:15:59:40 +0000] "GET /events/list/?eventDisplay=past&ical=1&tribe-bar-date=2027-10-04 HTTP/1.1" 200 1291 "-" "Mozilla/5.0 AppleWebKit/537.36 (KHTML, like Gecko; compatible; ClaudeBot/1.0; [email protected])"
209.74.77.214 - - [12/Jul/2025:16:01:18 +0000] "POST /wp-cron.php?doing_wp_cron=1752336078.8789761066436767578125 HTTP/1.1" 200 - "-" "WordPress/6.8.1; https://teamhachem.com"
216.73.216.126 - - [12/Jul/2025:16:01:16 +0000] "GET /events/2027-12-29/?ical=1 HTTP/1.1" 200 1137 "-" "Mozilla/5.0 AppleWebKit/537.36 (KHTML, like Gecko; compatible; ClaudeBot/1.0; [email protected])"
118.195.153.213 - - [12/Jul/2025:16:01:24 +0000] "GET / HTTP/1.1" 200 22840 "http://teamhachem.com" "Mozilla/5.0 (iPhone; CPU iPhone OS 13_2_3 like Mac OS X) AppleWebKit/605.1.15 (KHTML, like Gecko) Version/13.0.3 Mobile/15E148 Safari/604.1"
209.74.77.214 - - [12/Jul/2025:16:02:15 +0000] "POST /wp-cron.php?doing_wp_cron=1752336135.4211900234222412109375 HTTP/1.1" 200 - "-" "WordPress/6.8.1; https://teamhachem.com"
216.73.216.126 - - [12/Jul/2025:16:02:13 +0000] "GET /events/2027-12-09/?outlook-ical=1 HTTP/1.1" 200 1131 "-" "Mozilla/5.0 AppleWebKit/537.36 (KHTML, like Gecko; compatible; ClaudeBot/1.0; [email protected])"
209.74.77.214 - - [12/Jul/2025:16:03:10 +0000] "POST /wp-cron.php?doing_wp_cron=1752336190.3738679885864257812500 HTTP/1.1" 200 - "-" "WordPress/6.8.1; https://teamhachem.com"
216.73.216.126 - - [12/Jul/2025:16:03:08 +0000] "GET /events/list/?tribe-bar-date=2027-12-21 HTTP/1.1" 200 19801 "-" "Mozilla/5.0 AppleWebKit/537.36 (KHTML, like Gecko; compatible; ClaudeBot/1.0; [email protected])"
51.222.253.9 - - [12/Jul/2025:16:03:18 +0000] "GET /events/list/?tribe-bar-date=2025-01-24&eventDisplay=past HTTP/1.1" 200 20234 "-" "Mozilla/5.0 (compatible; AhrefsBot/7.0; +http://ahrefs.com/robot/)"
209.74.77.214 - - [12/Jul/2025:16:04:04 +0000] "POST /wp-cron.php?doing_wp_cron=1752336244.2261099815368652343750 HTTP/1.1" 200 - "-" "WordPress/6.8.1; https://teamhachem.com"
216.73.216.126 - - [12/Jul/2025:16:04:02 +0000] "GET /events/list/?outlook-ical=1&tribe-bar-date=2027-12-01 HTTP/1.1" 200 1131 "-" "Mozilla/5.0 AppleWebKit/537.36 (KHTML, like Gecko; compatible; ClaudeBot/1.0; [email protected])"
216.73.216.126 - - [12/Jul/2025:16:05:02 +0000] "GET /events/2028-01-12 HTTP/1.1" 301 - "-" "Mozilla/5.0 AppleWebKit/537.36 (KHTML, like Gecko; compatible; ClaudeBot/1.0; [email protected])"
209.74.77.214 - - [12/Jul/2025:16:05:03 +0000] "POST /wp-cron.php?doing_wp_cron=1752336303.8508520126342773437500 HTTP/1.1" 200 - "-" "WordPress/6.8.1; https://teamhachem.com"
216.73.216.126 - - [12/Jul/2025:16:05:02 +0000] "GET /events/2027-12-18/?outlook-ical=1 HTTP/1.1" 200 1130 "-" "Mozilla/5.0 AppleWebKit/537.36 (KHTML, like Gecko; compatible; ClaudeBot/1.0; [email protected])"
216.73.216.126 - - [12/Jul/2025:16:05:03 +0000] "GET /events/2028-01-12/ HTTP/1.1" 200 19473 "https://teamhachem.com/events/2028-01-12" "Mozilla/5.0 AppleWebKit/537.36 (KHTML, like Gecko; compatible; ClaudeBot/1.0; [email protected])"
209.74.77.214 - - [12/Jul/2025:16:06:10 +0000] "POST /wp-cron.php?doing_wp_cron=1752336370.1463871002197265625000 HTTP/1.1" 200 - "-" "WordPress/6.8.1; https://teamhachem.com"
216.73.216.126 - - [12/Jul/2025:16:06:08 +0000] "GET /events/list/?tribe-bar-date=2027-12-24 HTTP/1.1" 200 19802 "-" "Mozilla/5.0 AppleWebKit/537.36 (KHTML, like Gecko; compatible; ClaudeBot/1.0; [email protected])"
185.191.171.15 - - [12/Jul/2025:16:06:27 +0000] "GET /events/2024-02-29/ HTTP/1.1" 200 18825 "-" "Mozilla/5.0 (compatible; SemrushBot/7~bl; +http://www.semrush.com/bot.html)"
209.74.77.214 - - [12/Jul/2025:16:07:14 +0000] "POST /wp-cron.php?doing_wp_cron=1752336434.9051039218902587890625 HTTP/1.1" 200 - "-" "WordPress/6.8.1; https://teamhachem.com"
216.73.216.126 - - [12/Jul/2025:16:07:13 +0000] "GET /events/list/?eventDisplay=past&ical=1&tribe-bar-date=2027-10-17 HTTP/1.1" 200 1289 "-" "Mozilla/5.0 AppleWebKit/537.36 (KHTML, like Gecko; compatible; ClaudeBot/1.0; [email protected])"
209.74.77.214 - - [12/Jul/2025:16:09:51 +0000] "POST /wp-cron.php?doing_wp_cron=1752336591.2986989021301269531250 HTTP/1.1" 200 - "-" "WordPress/6.8.1; https://teamhachem.com"
185.191.171.12 - - [12/Jul/2025:16:09:49 +0000] "GET /events/list/?tribe-bar-date=2026-05-31 HTTP/1.1" 200 19797 "-" "Mozilla/5.0 (compatible; SemrushBot/7~bl; +http://www.semrush.com/bot.html)"
209.74.77.214 - - [12/Jul/2025:16:10:14 +0000] "POST /wp-cron.php?doing_wp_cron=1752336614.1700830459594726562500 HTTP/1.1" 200 - "-" "WordPress/6.8.1; https://teamhachem.com"
216.73.216.126 - - [12/Jul/2025:16:10:14 +0000] "GET /events/2027-12-11/?ical=1 HTTP/1.1" 200 1137 "-" "Mozilla/5.0 AppleWebKit/537.36 (KHTML, like Gecko; compatible; ClaudeBot/1.0; [email protected])"
216.73.216.126 - - [12/Jul/2025:16:12:12 +0000] "GET /events/2027-12-22/?ical=1 HTTP/1.1" 500 1004 "-" "Mozilla/5.0 AppleWebKit/537.36 (KHTML, like Gecko; compatible; ClaudeBot/1.0; [email protected])"
209.74.77.214 - - [12/Jul/2025:16:15:55 +0000] "POST /wp-cron.php?doing_wp_cron=1752336955.0129609107971191406250 HTTP/1.1" 200 - "-" "WordPress/6.8.1; https://teamhachem.com"
35.172.125.172 - - [12/Jul/2025:16:15:52 +0000] "GET /events/2026-08-06/ HTTP/1.1" 200 19476 "-" "Mozilla/5.0 AppleWebKit/537.36 (KHTML, like Gecko; compatible; Amazonbot/0.1; +https://developer.amazon.com/support/amazonbot) Chrome/119.0.6045.214 Safari/537.36"
185.191.171.6 - - [12/Jul/2025:16:15:59 +0000] "GET /events/list/?eventDisplay=past&tribe-bar-date=2026-04-26 HTTP/1.1" 200 20227 "-" "Mozilla/5.0 (compatible; SemrushBot/7~bl; +http://www.semrush.com/bot.html)"
209.74.77.214 - - [12/Jul/2025:16:16:30 +0000] "POST /wp-cron.php?doing_wp_cron=1752336990.9484260082244873046875 HTTP/1.1" 200 - "-" "WordPress/6.8.1; https://teamhachem.com"
185.191.171.12 - - [12/Jul/2025:16:16:30 +0000] "GET /events/list/?eventDisplay=past&tribe-bar-date=2026-04-28 HTTP/1.1" 200 20215 "-" "Mozilla/5.0 (compatible; SemrushBot/7~bl; +http://www.semrush.com/bot.html)"
209.74.77.214 - - [12/Jul/2025:16:17:01 +0000] "POST /wp-cron.php?doing_wp_cron=1752337021.2517130374908447265625 HTTP/1.1" 200 - "-" "WordPress/6.8.1; https://teamhachem.com"
185.191.171.14 - - [12/Jul/2025:16:17:01 +0000] "GET /events/list/?eventDisplay=past&tribe-bar-date=2026-04-29 HTTP/1.1" 200 20228 "-" "Mozilla/5.0 (compatible; SemrushBot/7~bl; +http://www.semrush.com/bot.html)"
209.74.77.214 - - [12/Jul/2025:16:17:36 +0000] "POST /wp-cron.php?doing_wp_cron=1752337056.8707859516143798828125 HTTP/1.1" 200 - "-" "WordPress/6.8.1; https://teamhachem.com"
85.208.96.208 - - [12/Jul/2025:16:17:36 +0000] "GET /events/2024-10-10/ HTTP/1.1" 200 18806 "-" "Mozilla/5.0 (compatible; SemrushBot/7~bl; +http://www.semrush.com/bot.html)"
209.74.77.214 - - [12/Jul/2025:16:20:31 +0000] "POST /wp-cron.php?doing_wp_cron=1752337231.9096770286560058593750 HTTP/1.1" 200 - "-" "WordPress/6.8.1; https://teamhachem.com"
216.73.216.126 - - [12/Jul/2025:16:20:30 +0000] "GET /robots.txt HTTP/1.1" 200 154 "-" "Mozilla/5.0 AppleWebKit/537.36 (KHTML, like Gecko; compatible; ClaudeBot/1.0; [email protected])"
216.73.216.126 - - [12/Jul/2025:16:20:32 +0000] "GET /events/list/?eventDisplay=past&ical=1&tribe-bar-date=2027-10-13 HTTP/1.1" 200 1292 "-" "Mozilla/5.0 AppleWebKit/537.36 (KHTML, like Gecko; compatible; ClaudeBot/1.0; [email protected])"
216.73.216.126 - - [12/Jul/2025:16:20:32 +0000] "GET /events/2028-01-14 HTTP/1.1" 301 - "-" "Mozilla/5.0 AppleWebKit/537.36 (KHTML, like Gecko; compatible; ClaudeBot/1.0; [email protected])"
216.73.216.126 - - [12/Jul/2025:16:20:32 +0000] "GET /events/2028-01-14/ HTTP/1.1" 200 19476 "https://teamhachem.com/events/2028-01-14" "Mozilla/5.0 AppleWebKit/537.36 (KHTML, like Gecko; compatible; ClaudeBot/1.0; [email protected])"
85.208.96.210 - - [12/Jul/2025:16:20:44 +0000] "GET /events/2024-06-22/ HTTP/1.1" 200 18816 "-" "Mozilla/5.0 (compatible; SemrushBot/7~bl; +http://www.semrush.com/bot.html)"
209.74.77.214 - - [12/Jul/2025:16:21:30 +0000] "POST /wp-cron.php?doing_wp_cron=1752337290.6441779136657714843750 HTTP/1.1" 200 - "-" "WordPress/6.8.1; https://teamhachem.com"
85.208.96.203 - - [12/Jul/2025:16:21:28 +0000] "GET /events/list/?tribe-bar-date=2026-05-07 HTTP/1.1" 200 19791 "-" "Mozilla/5.0 (compatible; SemrushBot/7~bl; +http://www.semrush.com/bot.html)"
209.74.77.214 - - [12/Jul/2025:16:22:15 +0000] "POST /wp-cron.php?doing_wp_cron=1752337335.8545770645141601562500 HTTP/1.1" 200 - "-" "WordPress/6.8.1; https://teamhachem.com"
51.222.253.20 - - [12/Jul/2025:16:22:14 +0000] "GET /wp-sitemap.xml HTTP/1.1" 200 325 "-" "Mozilla/5.0 (compatible; AhrefsBot/7.0; +http://ahrefs.com/robot/)"
51.222.253.20 - - [12/Jul/2025:16:22:17 +0000] "GET /wp-sitemap-posts-post-1.xml HTTP/1.1" 200 937 "-" "Mozilla/5.0 (compatible; AhrefsBot/7.0; +http://ahrefs.com/robot/)"
51.222.253.14 - - [12/Jul/2025:16:22:19 +0000] "GET /wp-sitemap-posts-page-1.xml HTTP/1.1" 200 805 "-" "Mozilla/5.0 (compatible; AhrefsBot/7.0; +http://ahrefs.com/robot/)"
51.222.253.20 - - [12/Jul/2025:16:22:20 +0000] "GET /wp-sitemap-posts-product-1.xml HTTP/1.1" 200 361 "-" "Mozilla/5.0 (compatible; AhrefsBot/7.0; +http://ahrefs.com/robot/)"
51.222.253.19 - - [12/Jul/2025:16:22:22 +0000] "GET /wp-sitemap-posts-testimonials-1.xml HTTP/1.1" 200 389 "-" "Mozilla/5.0 (compatible; AhrefsBot/7.0; +http://ahrefs.com/robot/)"
51.222.253.17 - - [12/Jul/2025:16:22:24 +0000] "GET /wp-sitemap-posts-sections-1.xml HTTP/1.1" 200 222 "-" "Mozilla/5.0 (compatible; AhrefsBot/7.0; +http://ahrefs.com/robot/)"
51.222.253.5 - - [12/Jul/2025:16:22:25 +0000] "GET /wp-sitemap-posts-services-1.xml HTTP/1.1" 200 380 "-" "Mozilla/5.0 (compatible; AhrefsBot/7.0; +http://ahrefs.com/robot/)"
51.222.253.12 - - [12/Jul/2025:16:22:27 +0000] "GET /wp-sitemap-posts-sliders-1.xml HTTP/1.1" 200 346 "-" "Mozilla/5.0 (compatible; AhrefsBot/7.0; +http://ahrefs.com/robot/)"
51.222.253.17 - - [12/Jul/2025:16:22:28 +0000] "GET /wp-sitemap-posts-gallery-1.xml HTTP/1.1" 200 318 "-" "Mozilla/5.0 (compatible; AhrefsBot/7.0; +http://ahrefs.com/robot/)"
51.222.253.16 - - [12/Jul/2025:16:22:30 +0000] "GET /wp-sitemap-posts-team-1.xml HTTP/1.1" 200 346 "-" "Mozilla/5.0 (compatible; AhrefsBot/7.0; +http://ahrefs.com/robot/)"
209.74.77.214 - - [12/Jul/2025:16:22:33 +0000] "POST /wp-cron.php?doing_wp_cron=1752337353.4036700725555419921875 HTTP/1.1" 200 - "-" "WordPress/6.8.1; https://teamhachem.com"
51.222.253.8 - - [12/Jul/2025:16:22:33 +0000] "GET /wp-sitemap-posts-faq-1.xml HTTP/1.1" 200 535 "-" "Mozilla/5.0 (compatible; AhrefsBot/7.0; +http://ahrefs.com/robot/)"
51.222.253.8 - - [12/Jul/2025:16:22:34 +0000] "GET /wp-sitemap-posts-tribe_events-1.xml HTTP/1.1" 200 244 "-" "Mozilla/5.0 (compatible; AhrefsBot/7.0; +http://ahrefs.com/robot/)"
51.222.253.10 - - [12/Jul/2025:16:22:36 +0000] "GET /wp-sitemap-taxonomies-category-1.xml HTTP/1.1" 200 239 "-" "Mozilla/5.0 (compatible; AhrefsBot/7.0; +http://ahrefs.com/robot/)"
51.222.253.5 - - [12/Jul/2025:16:22:37 +0000] "GET /wp-sitemap-taxonomies-post_tag-1.xml HTTP/1.1" 200 229 "-" "Mozilla/5.0 (compatible; AhrefsBot/7.0; +http://ahrefs.com/robot/)"
51.222.253.19 - - [12/Jul/2025:16:22:40 +0000] "GET /wp-sitemap-taxonomies-post_format-1.xml HTTP/1.1" 200 213 "-" "Mozilla/5.0 (compatible; AhrefsBot/7.0; +http://ahrefs.com/robot/)"
51.222.253.14 - - [12/Jul/2025:16:22:45 +0000] "GET /wp-sitemap-taxonomies-product_cat-1.xml HTTP/1.1" 200 223 "-" "Mozilla/5.0 (compatible; AhrefsBot/7.0; +http://ahrefs.com/robot/)"
51.222.253.9 - - [12/Jul/2025:16:22:47 +0000] "GET /wp-sitemap-taxonomies-product_tag-1.xml HTTP/1.1" 200 219 "-" "Mozilla/5.0 (compatible; AhrefsBot/7.0; +http://ahrefs.com/robot/)"
51.222.253.17 - - [12/Jul/2025:16:22:49 +0000] "GET /wp-sitemap-taxonomies-services-category-1.xml HTTP/1.1" 200 220 "-" "Mozilla/5.0 (compatible; AhrefsBot/7.0; +http://ahrefs.com/robot/)"
51.222.253.5 - - [12/Jul/2025:16:22:50 +0000] "GET /wp-sitemap-taxonomies-sliders-category-1.xml HTTP/1.1" 200 220 "-" "Mozilla/5.0 (compatible; AhrefsBot/7.0; +http://ahrefs.com/robot/)"
51.222.253.5 - - [12/Jul/2025:16:22:52 +0000] "GET /wp-sitemap-taxonomies-faq-category-1.xml HTTP/1.1" 200 222 "-" "Mozilla/5.0 (compatible; AhrefsBot/7.0; +http://ahrefs.com/robot/)"
51.222.253.14 - - [12/Jul/2025:16:22:54 +0000] "GET /wp-sitemap-users-1.xml HTTP/1.1" 200 181 "-" "Mozilla/5.0 (compatible; AhrefsBot/7.0; +http://ahrefs.com/robot/)"
209.74.77.214 - - [12/Jul/2025:16:24:40 +0000] "POST /wp-cron.php?doing_wp_cron=1752337479.9984240531921386718750 HTTP/1.1" 200 - "-" "WordPress/6.8.1; https://teamhachem.com"
185.191.171.19 - - [12/Jul/2025:16:24:38 +0000] "GET /events/list/?tribe-bar-date=2026-02-23 HTTP/1.1" 200 19798 "-" "Mozilla/5.0 (compatible; SemrushBot/7~bl; +http://www.semrush.com/bot.html)"
185.191.171.12 - - [12/Jul/2025:16:24:42 +0000] "GET /events/list/?eventDisplay=past&tribe-bar-date=2026-01-24 HTTP/1.1" 200 20211 "-" "Mozilla/5.0 (compatible; SemrushBot/7~bl; +http://www.semrush.com/bot.html)"
85.208.96.196 - - [12/Jul/2025:16:24:57 +0000] "GET /events/list/?tribe-bar-date=2026-02-21 HTTP/1.1" 200 19796 "-" "Mozilla/5.0 (compatible; SemrushBot/7~bl; +http://www.semrush.com/bot.html)"
209.74.77.214 - - [12/Jul/2025:16:26:31 +0000] "POST /wp-cron.php?doing_wp_cron=1752337591.1645119190216064453125 HTTP/1.1" 200 - "-" "WordPress/6.8.1; https://teamhachem.com"
209.74.77.214 - - [12/Jul/2025:16:26:31 +0000] "POST /wp-cron.php?doing_wp_cron=1752337591.1645119190216064453125 HTTP/1.1" 200 - "-" "WordPress/6.8.1; https://teamhachem.com"
209.74.77.214 - - [12/Jul/2025:16:26:31 +0000] "POST /wp-cron.php?doing_wp_cron=1752337591.1645119190216064453125 HTTP/1.1" 200 - "-" "WordPress/6.8.1; https://teamhachem.com"
216.73.216.126 - - [12/Jul/2025:16:26:30 +0000] "GET /events/2028-01-20 HTTP/1.1" 301 - "-" "Mozilla/5.0 AppleWebKit/537.36 (KHTML, like Gecko; compatible; ClaudeBot/1.0; [email protected])"
216.73.216.126 - - [12/Jul/2025:16:26:30 +0000] "GET /events/list/?ical=1&tribe-bar-date=2027-11-18 HTTP/1.1" 200 1137 "-" "Mozilla/5.0 AppleWebKit/537.36 (KHTML, like Gecko; compatible; ClaudeBot/1.0; [email protected])"
216.73.216.126 - - [12/Jul/2025:16:26:29 +0000] "GET /events/2027-12-09/?ical=1 HTTP/1.1" 200 1137 "-" "Mozilla/5.0 AppleWebKit/537.36 (KHTML, like Gecko; compatible; ClaudeBot/1.0; [email protected])"
216.73.216.126 - - [12/Jul/2025:16:26:31 +0000] "GET /events/2028-01-20/ HTTP/1.1" 200 19484 "https://teamhachem.com/events/2028-01-20" "Mozilla/5.0 AppleWebKit/537.36 (KHTML, like Gecko; compatible; ClaudeBot/1.0; [email protected])"
209.74.77.214 - - [12/Jul/2025:16:26:56 +0000] "POST /wp-cron.php?doing_wp_cron=1752337616.1275620460510253906250 HTTP/1.1" 200 - "-" "WordPress/6.8.1; https://teamhachem.com"
35.87.97.132 - - [12/Jul/2025:16:26:55 +0000] "GET / HTTP/1.1" 301 - "-" "Mozilla/5.0 (iPhone; CPU iPhone OS 12_4 like Mac OS X) AppleWebKit/602.1.50 (KHTML, like Gecko) CriOS/56.0.2924.79 Mobile/16G77 Safari/602.1"
209.74.77.214 - - [12/Jul/2025:16:27:20 +0000] "POST /wp-cron.php?doing_wp_cron=1752337640.1102359294891357421875 HTTP/1.1" 200 - "-" "WordPress/6.8.1; https://teamhachem.com"
85.208.96.195 - - [12/Jul/2025:16:27:19 +0000] "GET /events/2026-03-11/ HTTP/1.1" 200 19471 "-" "Mozilla/5.0 (compatible; SemrushBot/7~bl; +http://www.semrush.com/bot.html)"
209.74.77.214 - - [12/Jul/2025:16:28:52 +0000] "POST /wp-cron.php?doing_wp_cron=1752337732.7440469264984130859375 HTTP/1.1" 200 - "-" "WordPress/6.8.1; https://teamhachem.com"
209.74.77.214 - - [12/Jul/2025:16:28:52 +0000] "POST /wp-cron.php?doing_wp_cron=1752337732.7440469264984130859375 HTTP/1.1" 200 - "-" "WordPress/6.8.1; https://teamhachem.com"
216.73.216.126 - - [12/Jul/2025:16:28:51 +0000] "GET /events/2028-01-27 HTTP/1.1" 301 - "-" "Mozilla/5.0 AppleWebKit/537.36 (KHTML, like Gecko; compatible; ClaudeBot/1.0; [email protected])"
216.73.216.126 - - [12/Jul/2025:16:28:50 +0000] "GET /events/2027-12-26/?ical=1 HTTP/1.1" 200 1138 "-" "Mozilla/5.0 AppleWebKit/537.36 (KHTML, like Gecko; compatible; ClaudeBot/1.0; [email protected])"
216.73.216.126 - - [12/Jul/2025:16:28:52 +0000] "GET /events/2028-01-27/ HTTP/1.1" 200 19481 "https://teamhachem.com/events/2028-01-27" "Mozilla/5.0 AppleWebKit/537.36 (KHTML, like Gecko; compatible; ClaudeBot/1.0; [email protected])"
209.74.77.214 - - [12/Jul/2025:16:29:53 +0000] "POST /wp-cron.php?doing_wp_cron=1752337793.9636659622192382812500 HTTP/1.1" 200 - "-" "WordPress/6.8.1; https://teamhachem.com"
216.73.216.126 - - [12/Jul/2025:16:29:52 +0000] "GET /events/list/?tribe-bar-date=2027-12-26 HTTP/1.1" 200 19789 "-" "Mozilla/5.0 AppleWebKit/537.36 (KHTML, like Gecko; compatible; ClaudeBot/1.0; [email protected])"
209.74.77.214 - - [12/Jul/2025:16:31:05 +0000] "POST /wp-cron.php?doing_wp_cron=1752337865.5049889087677001953125 HTTP/1.1" 200 - "-" "WordPress/6.8.1; https://teamhachem.com"
185.191.171.3 - - [12/Jul/2025:16:31:03 +0000] "GET /events/2025-12-13/ HTTP/1.1" 200 19470 "-" "Mozilla/5.0 (compatible; SemrushBot/7~bl; +http://www.semrush.com/bot.html)"
209.74.77.214 - - [12/Jul/2025:16:33:34 +0000] "POST /wp-cron.php?doing_wp_cron=1752338014.5923728942871093750000 HTTP/1.1" 200 - "-" "WordPress/6.8.1; https://teamhachem.com"
23.23.212.212 - - [12/Jul/2025:16:33:32 +0000] "GET /events/list/?tribe-bar-date=2026-07-12 HTTP/1.1" 200 19796 "-" "Mozilla/5.0 AppleWebKit/537.36 (KHTML, like Gecko; compatible; Amazonbot/0.1; +https://developer.amazon.com/support/amazonbot) Chrome/119.0.6045.214 Safari/537.36"
216.73.216.126 - - [12/Jul/2025:16:33:46 +0000] "GET /events/2027-12-24/?outlook-ical=1 HTTP/1.1" 200 1132 "-" "Mozilla/5.0 AppleWebKit/537.36 (KHTML, like Gecko; compatible; ClaudeBot/1.0; [email protected])"
209.74.77.214 - - [12/Jul/2025:16:34:42 +0000] "POST /wp-cron.php?doing_wp_cron=1752338082.4455060958862304687500 HTTP/1.1" 200 - "-" "WordPress/6.8.1; https://teamhachem.com"
85.208.96.212 - - [12/Jul/2025:16:34:40 +0000] "GET /events/list/?eventDisplay=past&tribe-bar-date=2026-01-10 HTTP/1.1" 200 20213 "-" "Mozilla/5.0 (compatible; SemrushBot/7~bl; +http://www.semrush.com/bot.html)"
185.191.171.10 - - [12/Jul/2025:16:35:01 +0000] "GET /events/list/?eventDisplay=past&tribe-bar-date=2026-04-25 HTTP/1.1" 200 20231 "-" "Mozilla/5.0 (compatible; SemrushBot/7~bl; +http://www.semrush.com/bot.html)"
209.74.77.214 - - [12/Jul/2025:16:35:37 +0000] "POST /wp-cron.php?doing_wp_cron=1752338137.1478960514068603515625 HTTP/1.1" 200 - "-" "WordPress/6.8.1; https://teamhachem.com"
216.73.216.126 - - [12/Jul/2025:16:35:35 +0000] "GET /events/2028-01-10 HTTP/1.1" 301 - "-" "Mozilla/5.0 AppleWebKit/537.36 (KHTML, like Gecko; compatible; ClaudeBot/1.0; [email protected])"
216.73.216.126 - - [12/Jul/2025:16:35:37 +0000] "GET /events/2028-01-10/ HTTP/1.1" 200 19472 "https://teamhachem.com/events/2028-01-10" "Mozilla/5.0 AppleWebKit/537.36 (KHTML, like Gecko; compatible; ClaudeBot/1.0; [email protected])"
85.208.96.206 - - [12/Jul/2025:16:36:00 +0000] "GET /events/list/?tribe-bar-date=2026-02-15 HTTP/1.1" 200 19799 "-" "Mozilla/5.0 (compatible; SemrushBot/7~bl; +http://www.semrush.com/bot.html)"
209.74.77.214 - - [12/Jul/2025:16:36:37 +0000] "POST /wp-cron.php?doing_wp_cron=1752338197.0358529090881347656250 HTTP/1.1" 200 - "-" "WordPress/6.8.1; https://teamhachem.com"
216.73.216.126 - - [12/Jul/2025:16:36:35 +0000] "GET /events/list/?eventDisplay=past&tribe-bar-date=2027-12-01 HTTP/1.1" 200 20210 "-" "Mozilla/5.0 AppleWebKit/537.36 (KHTML, like Gecko; compatible; ClaudeBot/1.0; [email protected])"
209.74.77.214 - - [12/Jul/2025:16:37:04 +0000] "POST /wp-cron.php?doing_wp_cron=1752338224.3844149112701416015625 HTTP/1.1" 200 - "-" "WordPress/6.8.1; https://teamhachem.com"
185.191.171.16 - - [12/Jul/2025:16:37:04 +0000] "GET /events/list/?tribe-bar-date=2026-05-25 HTTP/1.1" 200 19791 "-" "Mozilla/5.0 (compatible; SemrushBot/7~bl; +http://www.semrush.com/bot.html)"
51.222.253.8 - - [12/Jul/2025:16:37:20 +0000] "GET /events/2025-01-22/ HTTP/1.1" 200 19471 "-" "Mozilla/5.0 (compatible; AhrefsBot/7.0; +http://ahrefs.com/robot/)"
216.73.216.126 - - [12/Jul/2025:16:37:25 +0000] "GET /events/list/?tribe-bar-date=2027-12-27 HTTP/1.1" 200 19797 "-" "Mozilla/5.0 AppleWebKit/537.36 (KHTML, like Gecko; compatible; ClaudeBot/1.0; [email protected])"
216.73.216.126 - - [12/Jul/2025:16:37:25 +0000] "GET /events/list/?eventDisplay=past&tribe-bar-date=2027-11-08 HTTP/1.1" 200 20219 "-" "Mozilla/5.0 AppleWebKit/537.36 (KHTML, like Gecko; compatible; ClaudeBot/1.0; [email protected])"
216.73.216.126 - - [12/Jul/2025:16:37:25 +0000] "GET /events/2028-01-16 HTTP/1.1" 301 - "-" "Mozilla/5.0 AppleWebKit/537.36 (KHTML, like Gecko; compatible; ClaudeBot/1.0; [email protected])"
216.73.216.126 - - [12/Jul/2025:16:37:26 +0000] "GET /events/2028-01-16/ HTTP/1.1" 200 19453 "https://teamhachem.com/events/2028-01-16" "Mozilla/5.0 AppleWebKit/537.36 (KHTML, like Gecko; compatible; ClaudeBot/1.0; [email protected])"
209.74.77.214 - - [12/Jul/2025:16:39:27 +0000] "POST /wp-cron.php?doing_wp_cron=1752338367.4631760120391845703125 HTTP/1.1" 200 - "-" "WordPress/6.8.1; https://teamhachem.com"
