216.73.216.126 - - [12/Jul/2025:16:39:25 +0000] "GET /events/2027-12-21/?ical=1 HTTP/1.1" 200 1139 "-" "Mozilla/5.0 AppleWebKit/537.36 (KHTML, like Gecko; compatible; ClaudeBot/1.0; [email protected])"
209.74.77.214 - - [12/Jul/2025:16:39:38 +0000] "POST /wp-cron.php?doing_wp_cron=1752338378.3716270923614501953125 HTTP/1.1" 200 - "-" "WordPress/6.8.1; https://teamhachem.com"
85.208.96.196 - - [12/Jul/2025:16:39:38 +0000] "GET /events/list/?eventDisplay=past&tribe-bar-date=2026-01-17 HTTP/1.1" 200 20230 "-" "Mozilla/5.0 (compatible; SemrushBot/7~bl; +http://www.semrush.com/bot.html)"
209.74.77.214 - - [12/Jul/2025:16:40:28 +0000] "POST /wp-cron.php?doing_wp_cron=1752338428.6905930042266845703125 HTTP/1.1" 200 - "-" "WordPress/6.8.1; https://teamhachem.com"
216.73.216.126 - - [12/Jul/2025:16:40:27 +0000] "GET /events/2028-01-08 HTTP/1.1" 301 - "-" "Mozilla/5.0 AppleWebKit/537.36 (KHTML, like Gecko; compatible; ClaudeBot/1.0; [email protected])"
216.73.216.126 - - [12/Jul/2025:16:40:27 +0000] "GET /events/2028-02-06 HTTP/1.1" 301 - "-" "Mozilla/5.0 AppleWebKit/537.36 (KHTML, like Gecko; compatible; ClaudeBot/1.0; [email protected])"
216.73.216.126 - - [12/Jul/2025:16:40:27 +0000] "GET /events/2027-12-27/?outlook-ical=1 HTTP/1.1" 200 1131 "-" "Mozilla/5.0 AppleWebKit/537.36 (KHTML, like Gecko; compatible; ClaudeBot/1.0; [email protected])"
216.73.216.126 - - [12/Jul/2025:16:40:28 +0000] "GET /events/2028-01-08/ HTTP/1.1" 200 19463 "https://teamhachem.com/events/2028-01-08" "Mozilla/5.0 AppleWebKit/537.36 (KHTML, like Gecko; compatible; ClaudeBot/1.0; [email protected])"
216.73.216.126 - - [12/Jul/2025:16:40:28 +0000] "GET /events/2028-02-06/ HTTP/1.1" 200 19474 "https://teamhachem.com/events/2028-02-06" "Mozilla/5.0 AppleWebKit/537.36 (KHTML, like Gecko; compatible; ClaudeBot/1.0; [email protected])"
209.74.77.214 - - [12/Jul/2025:16:41:39 +0000] "POST /wp-cron.php?doing_wp_cron=1752338499.2962949275970458984375 HTTP/1.1" 200 - "-" "WordPress/6.8.1; https://teamhachem.com"
209.74.77.214 - - [12/Jul/2025:16:41:39 +0000] "POST /wp-cron.php?doing_wp_cron=1752338499.2962949275970458984375 HTTP/1.1" 200 - "-" "WordPress/6.8.1; https://teamhachem.com"
216.73.216.126 - - [12/Jul/2025:16:41:37 +0000] "GET /events/2028-02-01 HTTP/1.1" 301 - "-" "Mozilla/5.0 AppleWebKit/537.36 (KHTML, like Gecko; compatible; ClaudeBot/1.0; [email protected])"
216.73.216.126 - - [12/Jul/2025:16:41:38 +0000] "GET /events/2028-01-01/?outlook-ical=1 HTTP/1.1" 200 1132 "-" "Mozilla/5.0 AppleWebKit/537.36 (KHTML, like Gecko; compatible; ClaudeBot/1.0; [email protected])"
216.73.216.126 - - [12/Jul/2025:16:41:39 +0000] "GET /events/2028-02-01/ HTTP/1.1" 200 19473 "https://teamhachem.com/events/2028-02-01" "Mozilla/5.0 AppleWebKit/537.36 (KHTML, like Gecko; compatible; ClaudeBot/1.0; [email protected])"
209.74.77.214 - - [12/Jul/2025:16:42:14 +0000] "POST /wp-cron.php?doing_wp_cron=1752338533.9937019348144531250000 HTTP/1.1" 200 - "-" "WordPress/6.8.1; https://teamhachem.com"
85.208.96.202 - - [12/Jul/2025:16:42:12 +0000] "GET /events/2024-02-01/ HTTP/1.1" 200 18822 "-" "Mozilla/5.0 (compatible; SemrushBot/7~bl; +http://www.semrush.com/bot.html)"
209.74.77.214 - - [12/Jul/2025:16:43:20 +0000] "POST /wp-cron.php?doing_wp_cron=1752338600.7890980243682861328125 HTTP/1.1" 200 - "-" "WordPress/6.8.1; https://teamhachem.com"
90.156.143.133 - - [12/Jul/2025:16:43:19 +0000] "POST /xmlrpc.php HTTP/1.1" 200 403 "-" "Mozilla/5.0 (Windows NT 6.3; Win64; x64; rv:73.0) Gecko/20100101 Firefox/73.0"
220.158.233.133 - - [12/Jul/2025:16:43:19 +0000] "POST /xmlrpc.php HTTP/1.1" 200 403 "-" "Mozilla/5.0 (Windows NT 10.0; Win64; x64) AppleWebKit/537.36 (KHTML, like Gecko) Chrome/87.0.4280.141 Safari/537.36"
90.156.143.133 - - [12/Jul/2025:16:43:28 +0000] "POST /xmlrpc.php HTTP/1.1" 200 403 "-" "Mozilla/5.0 (Windows NT 6.1; WOW64; rv:43.0) Gecko/20100101 Firefox/43.0"
216.73.216.126 - - [12/Jul/2025:16:43:30 +0000] "GET /events/2028-01-01/?ical=1 HTTP/1.1" 200 1137 "-" "Mozilla/5.0 AppleWebKit/537.36 (KHTML, like Gecko; compatible; ClaudeBot/1.0; [email protected])"
209.74.77.214 - - [12/Jul/2025:16:43:37 +0000] "POST /wp-cron.php?doing_wp_cron=1752338617.0332069396972656250000 HTTP/1.1" 200 - "-" "WordPress/6.8.1; https://teamhachem.com"
198.12.243.102 - - [12/Jul/2025:16:43:36 +0000] "POST /xmlrpc.php HTTP/1.1" 200 403 "-" "Mozilla/5.0 (Windows NT 10.0; Win64; x64) AppleWebKit/537.36 (KHTML, like Gecko) Chrome/90.0.4430.212 Safari/537.36"
23.251.157.11 - - [12/Jul/2025:16:43:38 +0000] "POST /xmlrpc.php HTTP/1.1" 200 403 "-" "Mozilla/5.0 (Windows NT 5.1; rv:30.0) Gecko/20100101 Firefox/30.0"
101.43.151.37 - - [12/Jul/2025:16:44:00 +0000] "POST /xmlrpc.php HTTP/1.1" 200 403 "-" "Mozilla/5.0 (Linux; Android 10; LM-Q720) AppleWebKit/537.36 (KHTML, like Gecko) Chrome/91.0.4472.114 Mobile Safari/537.36"
209.74.77.214 - - [12/Jul/2025:16:44:09 +0000] "POST /wp-cron.php?doing_wp_cron=1752338649.4523310661315917968750 HTTP/1.1" 200 - "-" "WordPress/6.8.1; https://teamhachem.com"
157.66.13.60 - - [12/Jul/2025:16:44:09 +0000] "POST /xmlrpc.php HTTP/1.1" 200 403 "-" "Mozilla/5.0 (Windows NT 10.0; Win64; x64; rv:66.0) Gecko/20100101 Firefox/66.0"
216.73.216.126 - - [12/Jul/2025:16:44:28 +0000] "GET /events/list/?tribe-bar-date=2027-12-29 HTTP/1.1" 200 19789 "-" "Mozilla/5.0 AppleWebKit/537.36 (KHTML, like Gecko; compatible; ClaudeBot/1.0; [email protected])"
209.74.77.214 - - [12/Jul/2025:16:45:39 +0000] "POST /wp-cron.php?doing_wp_cron=1752338739.7286159992218017578125 HTTP/1.1" 200 - "-" "WordPress/6.8.1; https://teamhachem.com"
85.208.96.198 - - [12/Jul/2025:16:45:37 +0000] "GET /robots.txt HTTP/1.1" 200 154 "-" "Mozilla/5.0 (compatible; SemrushBot/7~bl; +http://www.semrush.com/bot.html)"
185.191.171.5 - - [12/Jul/2025:16:45:40 +0000] "GET /events/list/?eventDisplay=past&tribe-bar-date=2025-07-15 HTTP/1.1" 200 20208 "-" "Mozilla/5.0 (compatible; SemrushBot/7~bl; +http://www.semrush.com/bot.html)"
209.74.77.214 - - [12/Jul/2025:16:46:24 +0000] "POST /wp-cron.php?doing_wp_cron=1752338784.7971129417419433593750 HTTP/1.1" 200 - "-" "WordPress/6.8.1; https://teamhachem.com"
216.73.216.126 - - [12/Jul/2025:16:46:23 +0000] "GET /events/list/?eventDisplay=past&ical=1&tribe-bar-date=2027-10-12 HTTP/1.1" 200 1292 "-" "Mozilla/5.0 AppleWebKit/537.36 (KHTML, like Gecko; compatible; ClaudeBot/1.0; [email protected])"
209.74.77.214 - - [12/Jul/2025:16:49:29 +0000] "POST /wp-cron.php?doing_wp_cron=1752338969.7981040477752685546875 HTTP/1.1" 200 - "-" "WordPress/6.8.1; https://teamhachem.com"
216.73.216.126 - - [12/Jul/2025:16:49:27 +0000] "GET /events/list/?tribe-bar-date=2027-12-22 HTTP/1.1" 200 19795 "-" "Mozilla/5.0 AppleWebKit/537.36 (KHTML, like Gecko; compatible; ClaudeBot/1.0; [email protected])"
209.74.77.214 - - [12/Jul/2025:16:49:59 +0000] "POST /wp-cron.php?doing_wp_cron=1752338999.6279840469360351562500 HTTP/1.1" 200 - "-" "WordPress/6.8.1; https://teamhachem.com"
185.191.171.12 - - [12/Jul/2025:16:49:59 +0000] "GET /events/2026-06-02/ HTTP/1.1" 200 19480 "-" "Mozilla/5.0 (compatible; SemrushBot/7~bl; +http://www.semrush.com/bot.html)"
209.74.77.214 - - [12/Jul/2025:16:50:21 +0000] "POST /wp-cron.php?doing_wp_cron=1752339021.7860119342803955078125 HTTP/1.1" 200 - "-" "WordPress/6.8.1; https://teamhachem.com"
216.73.216.126 - - [12/Jul/2025:16:50:21 +0000] "GET /events/list/?ical=1&tribe-bar-date=2027-11-26 HTTP/1.1" 200 1138 "-" "Mozilla/5.0 AppleWebKit/537.36 (KHTML, like Gecko; compatible; ClaudeBot/1.0; [email protected])"
209.74.77.214 - - [12/Jul/2025:16:51:08 +0000] "POST /wp-cron.php?doing_wp_cron=1752339068.5609879493713378906250 HTTP/1.1" 200 - "-" "WordPress/6.8.1; https://teamhachem.com"
209.74.77.214 - - [12/Jul/2025:16:51:08 +0000] "POST /wp-cron.php?doing_wp_cron=1752339068.5611550807952880859375 HTTP/1.1" 200 - "-" "WordPress/6.8.1; https://teamhachem.com"
216.73.216.126 - - [12/Jul/2025:16:51:07 +0000] "GET /events/list/?tribe-bar-date=2027-12-18 HTTP/1.1" 200 19797 "-" "Mozilla/5.0 AppleWebKit/537.36 (KHTML, like Gecko; compatible; ClaudeBot/1.0; [email protected])"
216.73.216.126 - - [12/Jul/2025:16:51:06 +0000] "GET /events/list/?tribe-bar-date=2027-12-31 HTTP/1.1" 200 19797 "-" "Mozilla/5.0 AppleWebKit/537.36 (KHTML, like Gecko; compatible; ClaudeBot/1.0; [email protected])"
216.73.216.126 - - [12/Jul/2025:16:51:07 +0000] "GET /events/2027-12-26/?outlook-ical=1 HTTP/1.1" 200 1132 "-" "Mozilla/5.0 AppleWebKit/537.36 (KHTML, like Gecko; compatible; ClaudeBot/1.0; [email protected])"
209.74.77.214 - - [12/Jul/2025:16:52:21 +0000] "POST /wp-cron.php?doing_wp_cron=1752339141.2054278850555419921875 HTTP/1.1" 200 - "-" "WordPress/6.8.1; https://teamhachem.com"
51.222.253.4 - - [12/Jul/2025:16:52:19 +0000] "GET /events/list/?tribe-bar-date=2025-03-26&eventDisplay=past HTTP/1.1" 200 20218 "-" "Mozilla/5.0 (compatible; AhrefsBot/7.0; +http://ahrefs.com/robot/)"
209.74.77.214 - - [12/Jul/2025:16:53:33 +0000] "POST /wp-cron.php?doing_wp_cron=1752339213.3947269916534423828125 HTTP/1.1" 200 - "-" "WordPress/6.8.1; https://teamhachem.com"
216.73.216.126 - - [12/Jul/2025:16:53:31 +0000] "GET /events/2028-01-03 HTTP/1.1" 301 - "-" "Mozilla/5.0 AppleWebKit/537.36 (KHTML, like Gecko; compatible; ClaudeBot/1.0; [email protected])"
216.73.216.126 - - [12/Jul/2025:16:53:33 +0000] "GET /events/2028-01-03/ HTTP/1.1" 200 19481 "https://teamhachem.com/events/2028-01-03" "Mozilla/5.0 AppleWebKit/537.36 (KHTML, like Gecko; compatible; ClaudeBot/1.0; [email protected])"
185.191.171.2 - - [12/Jul/2025:16:53:58 +0000] "GET /events/2024-08-09/ HTTP/1.1" 200 18820 "-" "Mozilla/5.0 (compatible; SemrushBot/7~bl; +http://www.semrush.com/bot.html)"
209.74.77.214 - - [12/Jul/2025:16:54:28 +0000] "POST /wp-cron.php?doing_wp_cron=1752339268.6140050888061523437500 HTTP/1.1" 200 - "-" "WordPress/6.8.1; https://teamhachem.com"
216.73.216.126 - - [12/Jul/2025:16:54:28 +0000] "GET /events/list/?outlook-ical=1&tribe-bar-date=2027-11-18 HTTP/1.1" 200 1132 "-" "Mozilla/5.0 AppleWebKit/537.36 (KHTML, like Gecko; compatible; ClaudeBot/1.0; [email protected])"
209.74.77.214 - - [12/Jul/2025:16:55:20 +0000] "POST /wp-cron.php?doing_wp_cron=1752339320.3893558979034423828125 HTTP/1.1" 200 - "-" "WordPress/6.8.1; https://teamhachem.com"
216.73.216.126 - - [12/Jul/2025:16:55:18 +0000] "GET /events/2027-12-18/?ical=1 HTTP/1.1" 200 1138 "-" "Mozilla/5.0 AppleWebKit/537.36 (KHTML, like Gecko; compatible; ClaudeBot/1.0; [email protected])"
209.74.77.214 - - [12/Jul/2025:16:55:55 +0000] "POST /wp-cron.php?doing_wp_cron=1752339355.7704770565032958984375 HTTP/1.1" 200 - "-" "WordPress/6.8.1; https://teamhachem.com"
185.191.171.18 - - [12/Jul/2025:16:55:54 +0000] "GET /events/list/?eventDisplay=past&tribe-bar-date=2026-01-21 HTTP/1.1" 200 20221 "-" "Mozilla/5.0 (compatible; SemrushBot/7~bl; +http://www.semrush.com/bot.html)"
185.191.171.3 - - [12/Jul/2025:16:55:58 +0000] "GET /events/list/?eventDisplay=past&tribe-bar-date=2026-04-21 HTTP/1.1" 200 20209 "-" "Mozilla/5.0 (compatible; SemrushBot/7~bl; +http://www.semrush.com/bot.html)"
209.74.77.214 - - [12/Jul/2025:16:56:09 +0000] "POST /wp-cron.php?doing_wp_cron=1752339369.4503829479217529296875 HTTP/1.1" 200 - "-" "WordPress/6.8.1; https://teamhachem.com"
216.73.216.126 - - [12/Jul/2025:16:56:09 +0000] "GET /events/2028-01-28 HTTP/1.1" 301 - "-" "Mozilla/5.0 AppleWebKit/537.36 (KHTML, like Gecko; compatible; ClaudeBot/1.0; [email protected])"
216.73.216.126 - - [12/Jul/2025:16:56:09 +0000] "GET /events/2028-01-28/ HTTP/1.1" 200 19472 "https://teamhachem.com/events/2028-01-28" "Mozilla/5.0 AppleWebKit/537.36 (KHTML, like Gecko; compatible; ClaudeBot/1.0; [email protected])"
209.74.77.214 - - [12/Jul/2025:16:57:57 +0000] "POST /wp-cron.php?doing_wp_cron=1752339477.7919280529022216796875 HTTP/1.1" 200 - "-" "WordPress/6.8.1; https://teamhachem.com"
216.73.216.126 - - [12/Jul/2025:16:57:56 +0000] "GET /events/list/?ical=1&tribe-bar-date=2027-11-27 HTTP/1.1" 200 1138 "-" "Mozilla/5.0 AppleWebKit/537.36 (KHTML, like Gecko; compatible; ClaudeBot/1.0; [email protected])"
85.208.96.206 - - [12/Jul/2025:16:57:59 +0000] "GET /events/list/?eventDisplay=past&tribe-bar-date=2024-06-01 HTTP/1.1" 200 19857 "-" "Mozilla/5.0 (compatible; SemrushBot/7~bl; +http://www.semrush.com/bot.html)"
209.74.77.214 - - [12/Jul/2025:16:58:57 +0000] "POST /wp-cron.php?doing_wp_cron=1752339537.0806849002838134765625 HTTP/1.1" 200 - "-" "WordPress/6.8.1; https://teamhachem.com"
185.191.171.5 - - [12/Jul/2025:16:58:55 +0000] "GET /events/list/?eventDisplay=past&tribe-bar-date=2024-10-12 HTTP/1.1" 200 19837 "-" "Mozilla/5.0 (compatible; SemrushBot/7~bl; +http://www.semrush.com/bot.html)"
209.74.77.214 - - [12/Jul/2025:16:59:24 +0000] "POST /wp-cron.php?doing_wp_cron=1752339564.2162320613861083984375 HTTP/1.1" 200 - "-" "WordPress/6.8.1; https://teamhachem.com"
216.73.216.126 - - [12/Jul/2025:16:59:24 +0000] "GET /events/list/?ical=1&tribe-bar-date=2027-11-09 HTTP/1.1" 200 1138 "-" "Mozilla/5.0 AppleWebKit/537.36 (KHTML, like Gecko; compatible; ClaudeBot/1.0; [email protected])"
209.74.77.214 - - [12/Jul/2025:17:01:39 +0000] "POST /wp-cron.php?doing_wp_cron=1752339699.0703790187835693359375 HTTP/1.1" 200 - "-" "WordPress/6.8.1; https://teamhachem.com"
216.73.216.126 - - [12/Jul/2025:17:01:37 +0000] "GET /events/list/?outlook-ical=1&tribe-bar-date=2027-11-30 HTTP/1.1" 200 1132 "-" "Mozilla/5.0 AppleWebKit/537.36 (KHTML, like Gecko; compatible; ClaudeBot/1.0; [email protected])"
209.74.77.214 - - [12/Jul/2025:17:03:23 +0000] "POST /wp-cron.php?doing_wp_cron=1752339803.3227410316467285156250 HTTP/1.1" 200 - "-" "WordPress/6.8.1; https://teamhachem.com"
85.208.96.197 - - [12/Jul/2025:17:03:21 +0000] "GET /events/2024-04-29/ HTTP/1.1" 200 18821 "-" "Mozilla/5.0 (compatible; SemrushBot/7~bl; +http://www.semrush.com/bot.html)"
209.74.77.214 - - [12/Jul/2025:17:03:41 +0000] "POST /wp-cron.php?doing_wp_cron=1752339821.6349380016326904296875 HTTP/1.1" 200 - "-" "WordPress/6.8.1; https://teamhachem.com"
85.208.96.209 - - [12/Jul/2025:17:03:41 +0000] "GET /events/2024-08-24/ HTTP/1.1" 200 18820 "-" "Mozilla/5.0 (compatible; SemrushBot/7~bl; +http://www.semrush.com/bot.html)"
209.74.77.214 - - [12/Jul/2025:17:04:10 +0000] "POST /wp-cron.php?doing_wp_cron=1752339850.6185081005096435546875 HTTP/1.1" 200 - "-" "WordPress/6.8.1; https://teamhachem.com"
85.208.96.193 - - [12/Jul/2025:17:04:10 +0000] "GET /events/list/?tribe-bar-date=2025-10-03 HTTP/1.1" 200 19784 "-" "Mozilla/5.0 (compatible; SemrushBot/7~bl; +http://www.semrush.com/bot.html)"
85.208.96.200 - - [12/Jul/2025:17:04:21 +0000] "GET /events/list/?eventDisplay=past&tribe-bar-date=2025-11-21 HTTP/1.1" 200 20212 "-" "Mozilla/5.0 (compatible; SemrushBot/7~bl; +http://www.semrush.com/bot.html)"
18.214.251.19 - - [12/Jul/2025:17:04:25 +0000] "GET /events/2026-08-20/ HTTP/1.1" 200 19486 "-" "Mozilla/5.0 AppleWebKit/537.36 (KHTML, like Gecko; compatible; Amazonbot/0.1; +https://developer.amazon.com/support/amazonbot) Chrome/119.0.6045.214 Safari/537.36"
44.205.192.249 - - [12/Jul/2025:17:04:29 +0000] "GET /events/2026-08-12/ HTTP/1.1" 200 19470 "-" "Mozilla/5.0 AppleWebKit/537.36 (KHTML, like Gecko; compatible; Amazonbot/0.1; +https://developer.amazon.com/support/amazonbot) Chrome/119.0.6045.214 Safari/537.36"
209.74.77.214 - - [12/Jul/2025:17:04:33 +0000] "POST /wp-cron.php?doing_wp_cron=1752339873.7404000759124755859375 HTTP/1.1" 200 - "-" "WordPress/6.8.1; https://teamhachem.com"
18.215.49.176 - - [12/Jul/2025:17:04:33 +0000] "GET /events/list/?tribe-bar-date=2024-07-03 HTTP/1.1" 200 20181 "-" "Mozilla/5.0 AppleWebKit/537.36 (KHTML, like Gecko; compatible; Amazonbot/0.1; +https://developer.amazon.com/support/amazonbot) Chrome/119.0.6045.214 Safari/537.36"
34.225.243.131 - - [12/Jul/2025:17:04:37 +0000] "GET /events/list/?eventDisplay=past&tribe-bar-date=2026-06-03 HTTP/1.1" 200 20227 "-" "Mozilla/5.0 AppleWebKit/537.36 (KHTML, like Gecko; compatible; Amazonbot/0.1; +https://developer.amazon.com/support/amazonbot) Chrome/119.0.6045.214 Safari/537.36"
3.93.253.174 - - [12/Jul/2025:17:04:40 +0000] "GET /events/2026-08-08/ HTTP/1.1" 200 19473 "-" "Mozilla/5.0 AppleWebKit/537.36 (KHTML, like Gecko; compatible; Amazonbot/0.1; +https://developer.amazon.com/support/amazonbot) Chrome/119.0.6045.214 Safari/537.36"
85.208.96.199 - - [12/Jul/2025:17:04:42 +0000] "GET /events/list/?tribe-bar-date=2025-10-11 HTTP/1.1" 200 19796 "-" "Mozilla/5.0 (compatible; SemrushBot/7~bl; +http://www.semrush.com/bot.html)"
54.92.171.106 - - [12/Jul/2025:17:04:44 +0000] "GET /events/list/?eventDisplay=past&tribe-bar-date=2026-06-09 HTTP/1.1" 200 20217 "-" "Mozilla/5.0 AppleWebKit/537.36 (KHTML, like Gecko; compatible; Amazonbot/0.1; +https://developer.amazon.com/support/amazonbot) Chrome/119.0.6045.214 Safari/537.36"
185.191.171.17 - - [12/Jul/2025:17:04:59 +0000] "GET /events/2026-03-09/ HTTP/1.1" 200 19469 "-" "Mozilla/5.0 (compatible; SemrushBot/7~bl; +http://www.semrush.com/bot.html)"
209.74.77.214 - - [12/Jul/2025:17:05:35 +0000] "POST /wp-cron.php?doing_wp_cron=1752339935.8977160453796386718750 HTTP/1.1" 200 - "-" "WordPress/6.8.1; https://teamhachem.com"
216.73.216.126 - - [12/Jul/2025:17:05:34 +0000] "GET /events/list/?eventDisplay=past&tribe-bar-date=2027-11-06 HTTP/1.1" 200 20214 "-" "Mozilla/5.0 AppleWebKit/537.36 (KHTML, like Gecko; compatible; ClaudeBot/1.0; [email protected])"
209.74.77.214 - - [12/Jul/2025:17:06:37 +0000] "POST /wp-cron.php?doing_wp_cron=1752339997.4440460205078125000000 HTTP/1.1" 200 - "-" "WordPress/6.8.1; https://teamhachem.com"
216.73.216.126 - - [12/Jul/2025:17:06:35 +0000] "GET /events/list/?ical=1&tribe-bar-date=2027-11-12 HTTP/1.1" 200 1138 "-" "Mozilla/5.0 AppleWebKit/537.36 (KHTML, like Gecko; compatible; ClaudeBot/1.0; [email protected])"
51.222.253.4 - - [12/Jul/2025:17:06:45 +0000] "GET /events/list/?tribe-bar-date=2025-03-29&eventDisplay=past HTTP/1.1" 200 20208 "-" "Mozilla/5.0 (compatible; AhrefsBot/7.0; +http://ahrefs.com/robot/)"
209.74.77.214 - - [12/Jul/2025:17:08:11 +0000] "POST /wp-cron.php?doing_wp_cron=1752340091.7097470760345458984375 HTTP/1.1" 200 - "-" "WordPress/6.8.1; https://teamhachem.com"
216.73.216.126 - - [12/Jul/2025:17:08:09 +0000] "GET /events/list/?ical=1&tribe-bar-date=2027-12-05 HTTP/1.1" 200 1138 "-" "Mozilla/5.0 AppleWebKit/537.36 (KHTML, like Gecko; compatible; ClaudeBot/1.0; [email protected])"
209.74.77.214 - - [12/Jul/2025:17:12:22 +0000] "POST /wp-cron.php?doing_wp_cron=1752340342.2511799335479736328125 HTTP/1.1" 200 - "-" "WordPress/6.8.1; https://teamhachem.com"
185.191.171.4 - - [12/Jul/2025:17:12:20 +0000] "GET /events/list/?eventDisplay=past&tribe-bar-date=2026-01-23 HTTP/1.1" 200 20232 "-" "Mozilla/5.0 (compatible; SemrushBot/7~bl; +http://www.semrush.com/bot.html)"
209.74.77.214 - - [12/Jul/2025:17:15:37 +0000] "POST /wp-cron.php?doing_wp_cron=1752340537.3861479759216308593750 HTTP/1.1" 200 - "-" "WordPress/6.8.1; https://teamhachem.com"
216.73.216.126 - - [12/Jul/2025:17:15:35 +0000] "GET /events/list/?outlook-ical=1&tribe-bar-date=2027-11-12 HTTP/1.1" 200 1132 "-" "Mozilla/5.0 AppleWebKit/537.36 (KHTML, like Gecko; compatible; ClaudeBot/1.0; [email protected])"
209.74.77.214 - - [12/Jul/2025:17:19:59 +0000] "POST /wp-cron.php?doing_wp_cron=1752340799.4881050586700439453125 HTTP/1.1" 200 - "-" "WordPress/6.8.1; https://teamhachem.com"
51.222.253.6 - - [12/Jul/2025:17:19:57 +0000] "GET /events/list/?tribe-bar-date=2025-12-05 HTTP/1.1" 200 19782 "-" "Mozilla/5.0 (compatible; AhrefsBot/7.0; +http://ahrefs.com/robot/)"
209.74.77.214 - - [12/Jul/2025:17:20:12 +0000] "POST /wp-cron.php?doing_wp_cron=1752340812.5493540763854980468750 HTTP/1.1" 200 - "-" "WordPress/6.8.1; https://teamhachem.com"
85.208.96.202 - - [12/Jul/2025:17:20:12 +0000] "GET /events/list/?eventDisplay=past&tribe-bar-date=2025-11-25 HTTP/1.1" 200 20229 "-" "Mozilla/5.0 (compatible; SemrushBot/7~bl; +http://www.semrush.com/bot.html)"
209.74.77.214 - - [12/Jul/2025:17:21:00 +0000] "POST /wp-cron.php?doing_wp_cron=1752340860.8918149471282958984375 HTTP/1.1" 200 - "-" "WordPress/6.8.1; https://teamhachem.com"
216.73.216.126 - - [12/Jul/2025:17:20:59 +0000] "GET /robots.txt HTTP/1.1" 200 154 "-" "Mozilla/5.0 AppleWebKit/537.36 (KHTML, like Gecko; compatible; ClaudeBot/1.0; [email protected])"
216.73.216.126 - - [12/Jul/2025:17:21:00 +0000] "GET /events/list/?eventDisplay=past&tribe-bar-date=2027-11-22 HTTP/1.1" 200 20209 "-" "Mozilla/5.0 AppleWebKit/537.36 (KHTML, like Gecko; compatible; ClaudeBot/1.0; [email protected])"
209.74.77.214 - - [12/Jul/2025:17:22:15 +0000] "POST /wp-cron.php?doing_wp_cron=1752340935.9672820568084716796875 HTTP/1.1" 200 - "-" "WordPress/6.8.1; https://teamhachem.com"
185.191.171.9 - - [12/Jul/2025:17:22:14 +0000] "GET /events/2026-06-23/ HTTP/1.1" 200 19484 "-" "Mozilla/5.0 (compatible; SemrushBot/7~bl; +http://www.semrush.com/bot.html)"
209.74.77.214 - - [12/Jul/2025:17:24:30 +0000] "POST /wp-cron.php?doing_wp_cron=1752341070.5029070377349853515625 HTTP/1.1" 200 - "-" "WordPress/6.8.1; https://teamhachem.com"
216.73.216.126 - - [12/Jul/2025:17:24:28 +0000] "GET /events/list/?outlook-ical=1&tribe-bar-date=2027-11-06 HTTP/1.1" 200 1131 "-" "Mozilla/5.0 AppleWebKit/537.36 (KHTML, like Gecko; compatible; ClaudeBot/1.0; [email protected])"
209.74.77.214 - - [12/Jul/2025:17:25:22 +0000] "POST /wp-cron.php?doing_wp_cron=1752341122.6168730258941650390625 HTTP/1.1" 200 - "-" "WordPress/6.8.1; https://teamhachem.com"
34.106.233.147 - - [12/Jul/2025:17:25:20 +0000] "GET /.git/config HTTP/1.1" 301 - "-" "-"
209.74.77.214 - - [12/Jul/2025:17:25:57 +0000] "POST /wp-cron.php?doing_wp_cron=1752341157.3249199390411376953125 HTTP/1.1" 200 - "-" "WordPress/6.8.1; https://teamhachem.com"
216.73.216.126 - - [12/Jul/2025:17:25:55 +0000] "GET /events/list/?eventDisplay=past&tribe-bar-date=2027-11-12 HTTP/1.1" 200 20226 "-" "Mozilla/5.0 AppleWebKit/537.36 (KHTML, like Gecko; compatible; ClaudeBot/1.0; [email protected])"
209.74.77.214 - - [12/Jul/2025:17:31:32 +0000] "POST /wp-cron.php?doing_wp_cron=1752341492.9515109062194824218750 HTTP/1.1" 200 - "-" "WordPress/6.8.1; https://teamhachem.com"
85.208.96.212 - - [12/Jul/2025:17:31:31 +0000] "GET /events/list/?eventDisplay=past&tribe-bar-date=2026-04-16 HTTP/1.1" 200 20224 "-" "Mozilla/5.0 (compatible; SemrushBot/7~bl; +http://www.semrush.com/bot.html)"
85.208.96.212 - - [12/Jul/2025:17:31:57 +0000] "GET /events/list/?tribe-bar-date=2026-02-13 HTTP/1.1" 200 19806 "-" "Mozilla/5.0 (compatible; SemrushBot/7~bl; +http://www.semrush.com/bot.html)"
209.74.77.214 - - [12/Jul/2025:17:33:28 +0000] "POST /wp-cron.php?doing_wp_cron=1752341608.7441620826721191406250 HTTP/1.1" 200 - "-" "WordPress/6.8.1; https://teamhachem.com"
51.222.253.19 - - [12/Jul/2025:17:33:26 +0000] "GET /events/list/?tribe-bar-date=2025-03-27&eventDisplay=past HTTP/1.1" 200 20223 "-" "Mozilla/5.0 (compatible; AhrefsBot/7.0; +http://ahrefs.com/robot/)"
209.74.77.214 - - [12/Jul/2025:17:34:30 +0000] "POST /wp-cron.php?doing_wp_cron=1752341670.0001881122589111328125 HTTP/1.1" 200 - "-" "WordPress/6.8.1; https://teamhachem.com"
216.73.216.126 - - [12/Jul/2025:17:34:28 +0000] "GET /events/list/?eventDisplay=past&tribe-bar-date=2027-11-13 HTTP/1.1" 200 20231 "-" "Mozilla/5.0 AppleWebKit/537.36 (KHTML, like Gecko; compatible; ClaudeBot/1.0; [email protected])"
209.74.77.214 - - [12/Jul/2025:17:38:56 +0000] "POST /wp-cron.php?doing_wp_cron=1752341936.8818719387054443359375 HTTP/1.1" 200 - "-" "WordPress/6.8.1; https://teamhachem.com"
216.73.216.126 - - [12/Jul/2025:17:38:55 +0000] "GET /events/list/?outlook-ical=1&tribe-bar-date=2027-11-27 HTTP/1.1" 200 1130 "-" "Mozilla/5.0 AppleWebKit/537.36 (KHTML, like Gecko; compatible; ClaudeBot/1.0; [email protected])"
209.74.77.214 - - [12/Jul/2025:17:40:22 +0000] "POST /wp-cron.php?doing_wp_cron=1752342022.4762260913848876953125 HTTP/1.1" 200 - "-" "WordPress/6.8.1; https://teamhachem.com"
216.73.216.126 - - [12/Jul/2025:17:40:20 +0000] "GET /events/list/?ical=1&tribe-bar-date=2027-11-06 HTTP/1.1" 200 1138 "-" "Mozilla/5.0 AppleWebKit/537.36 (KHTML, like Gecko; compatible; ClaudeBot/1.0; [email protected])"
209.74.77.214 - - [12/Jul/2025:17:43:00 +0000] "POST /wp-cron.php?doing_wp_cron=1752342180.3600881099700927734375 HTTP/1.1" 200 - "-" "WordPress/6.8.1; https://teamhachem.com"
216.73.216.126 - - [12/Jul/2025:17:42:58 +0000] "GET /events/list/?eventDisplay=past&tribe-bar-date=2027-11-30 HTTP/1.1" 200 20231 "-" "Mozilla/5.0 AppleWebKit/537.36 (KHTML, like Gecko; compatible; ClaudeBot/1.0; [email protected])"
51.222.253.10 - - [12/Jul/2025:17:46:56 +0000] "GET /events/2025-01-06/ HTTP/1.1" 200 19464 "-" "Mozilla/5.0 (compatible; AhrefsBot/7.0; +http://ahrefs.com/robot/)"
118.174.95.24 - - [12/Jul/2025:17:46:59 +0000] "POST /wp-comments-post.php HTTP/1.1" 302 - "-" "Mozilla/5.0 (Windows NT 10.0; Win64; x64) AppleWebKit/537.36 (KHTML, like Gecko) Chrome/120.0.0.0 Safari/537.36"
209.74.77.214 - - [12/Jul/2025:17:47:12 +0000] "POST /wp-cron.php?doing_wp_cron=1752342432.0206029415130615234375 HTTP/1.1" 200 - "-" "WordPress/6.8.1; https://teamhachem.com"
185.191.171.19 - - [12/Jul/2025:17:47:11 +0000] "GET /robots.txt HTTP/1.1" 200 154 "-" "Mozilla/5.0 (compatible; SemrushBot/7~bl; +http://www.semrush.com/bot.html)"
185.191.171.14 - - [12/Jul/2025:17:47:13 +0000] "GET /events/2025-02-10/ HTTP/1.1" 200 19487 "-" "Mozilla/5.0 (compatible; SemrushBot/7~bl; +http://www.semrush.com/bot.html)"
118.174.95.24 - - [12/Jul/2025:17:47:26 +0000] "POST /wp-comments-post.php HTTP/1.1" 302 - "-" "Mozilla/5.0 (Windows NT 10.0; Win64; x64) AppleWebKit/537.36 (KHTML, like Gecko) Chrome/120.0.0.0 Safari/537.36"
209.74.77.214 - - [12/Jul/2025:17:47:52 +0000] "POST /wp-cron.php?doing_wp_cron=1752342472.9551301002502441406250 HTTP/1.1" 200 - "-" "WordPress/6.8.1; https://teamhachem.com"
118.174.95.24 - - [12/Jul/2025:17:47:52 +0000] "POST /wp-comments-post.php HTTP/1.1" 302 - "-" "Mozilla/5.0 (Windows NT 10.0; Win64; x64) AppleWebKit/537.36 (KHTML, like Gecko) Chrome/120.0.0.0 Safari/537.36"
209.74.77.214 - - [12/Jul/2025:17:48:20 +0000] "POST /wp-cron.php?doing_wp_cron=1752342500.8149940967559814453125 HTTP/1.1" 200 - "-" "WordPress/6.8.1; https://teamhachem.com"
118.174.95.24 - - [12/Jul/2025:17:48:20 +0000] "POST /wp-comments-post.php HTTP/1.1" 302 - "-" "Mozilla/5.0 (Windows NT 10.0; Win64; x64) AppleWebKit/537.36 (KHTML, like Gecko) Chrome/120.0.0.0 Safari/537.36"
209.74.77.214 - - [12/Jul/2025:17:48:48 +0000] "POST /wp-cron.php?doing_wp_cron=1752342528.6343080997467041015625 HTTP/1.1" 200 - "-" "WordPress/6.8.1; https://teamhachem.com"
118.174.95.24 - - [12/Jul/2025:17:48:48 +0000] "POST /wp-comments-post.php HTTP/1.1" 302 - "-" "Mozilla/5.0 (Windows NT 10.0; Win64; x64) AppleWebKit/537.36 (KHTML, like Gecko) Chrome/120.0.0.0 Safari/537.36"
209.74.77.214 - - [12/Jul/2025:17:49:16 +0000] "POST /wp-cron.php?doing_wp_cron=1752342556.9380700588226318359375 HTTP/1.1" 200 - "-" "WordPress/6.8.1; https://teamhachem.com"
118.174.95.24 - - [12/Jul/2025:17:49:16 +0000] "POST /wp-comments-post.php HTTP/1.1" 302 - "-" "Mozilla/5.0 (Windows NT 10.0; Win64; x64) AppleWebKit/537.36 (KHTML, like Gecko) Chrome/120.0.0.0 Safari/537.36"
209.74.77.214 - - [12/Jul/2025:17:49:44 +0000] "POST /wp-cron.php?doing_wp_cron=1752342584.7194459438323974609375 HTTP/1.1" 200 - "-" "WordPress/6.8.1; https://teamhachem.com"
118.174.95.24 - - [12/Jul/2025:17:49:44 +0000] "POST /wp-comments-post.php HTTP/1.1" 302 - "-" "Mozilla/5.0 (Windows NT 10.0; Win64; x64) AppleWebKit/537.36 (KHTML, like Gecko) Chrome/120.0.0.0 Safari/537.36"
209.74.77.214 - - [12/Jul/2025:17:50:11 +0000] "POST /wp-cron.php?doing_wp_cron=1752342611.6552491188049316406250 HTTP/1.1" 200 - "-" "WordPress/6.8.1; https://teamhachem.com"
118.174.95.24 - - [12/Jul/2025:17:50:11 +0000] "POST /wp-comments-post.php HTTP/1.1" 302 - "-" "Mozilla/5.0 (Windows NT 10.0; Win64; x64) AppleWebKit/537.36 (KHTML, like Gecko) Chrome/120.0.0.0 Safari/537.36"
209.74.77.214 - - [12/Jul/2025:17:50:39 +0000] "POST /wp-cron.php?doing_wp_cron=1752342639.4298191070556640625000 HTTP/1.1" 200 - "-" "WordPress/6.8.1; https://teamhachem.com"
118.174.95.24 - - [12/Jul/2025:17:50:39 +0000] "POST /wp-comments-post.php HTTP/1.1" 302 - "-" "Mozilla/5.0 (Windows NT 10.0; Win64; x64) AppleWebKit/537.36 (KHTML, like Gecko) Chrome/120.0.0.0 Safari/537.36"
209.74.77.214 - - [12/Jul/2025:17:51:07 +0000] "POST /wp-cron.php?doing_wp_cron=1752342667.4735178947448730468750 HTTP/1.1" 200 - "-" "WordPress/6.8.1; https://teamhachem.com"
118.174.95.24 - - [12/Jul/2025:17:51:07 +0000] "POST /wp-comments-post.php HTTP/1.1" 302 - "-" "Mozilla/5.0 (Windows NT 10.0; Win64; x64) AppleWebKit/537.36 (KHTML, like Gecko) Chrome/120.0.0.0 Safari/537.36"
209.74.77.214 - - [12/Jul/2025:17:52:58 +0000] "POST /wp-cron.php?doing_wp_cron=1752342778.9517788887023925781250 HTTP/1.1" 200 - "-" "WordPress/6.8.1; https://teamhachem.com"
98.84.70.201 - - [12/Jul/2025:17:52:57 +0000] "GET /events/2026-08-17/ HTTP/1.1" 200 19463 "-" "Mozilla/5.0 AppleWebKit/537.36 (KHTML, like Gecko; compatible; Amazonbot/0.1; +https://developer.amazon.com/support/amazonbot) Chrome/119.0.6045.214 Safari/537.36"
44.196.118.6 - - [12/Jul/2025:17:53:00 +0000] "GET /events/2026-08-07/ HTTP/1.1" 200 19472 "-" "Mozilla/5.0 AppleWebKit/537.36 (KHTML, like Gecko; compatible; Amazonbot/0.1; +https://developer.amazon.com/support/amazonbot) Chrome/119.0.6045.214 Safari/537.36"
209.74.77.214 - - [12/Jul/2025:17:55:52 +0000] "POST /wp-cron.php?doing_wp_cron=1752342952.8000500202178955078125 HTTP/1.1" 200 - "-" "WordPress/6.8.1; https://teamhachem.com"
185.191.171.4 - - [12/Jul/2025:17:55:50 +0000] "GET /events/2026-03-08/ HTTP/1.1" 200 19486 "-" "Mozilla/5.0 (compatible; SemrushBot/7~bl; +http://www.semrush.com/bot.html)"
209.74.77.214 - - [12/Jul/2025:17:56:48 +0000] "POST /wp-cron.php?doing_wp_cron=1752343008.2670290470123291015625 HTTP/1.1" 200 - "-" "WordPress/6.8.1; https://teamhachem.com"
85.208.96.199 - - [12/Jul/2025:17:56:46 +0000] "GET /events/list/?eventDisplay=past&tribe-bar-date=2026-04-17 HTTP/1.1" 200 20218 "-" "Mozilla/5.0 (compatible; SemrushBot/7~bl; +http://www.semrush.com/bot.html)"
209.74.77.214 - - [12/Jul/2025:17:58:43 +0000] "POST /wp-cron.php?doing_wp_cron=1752343123.3747460842132568359375 HTTP/1.1" 200 - "-" "WordPress/6.8.1; https://teamhachem.com"
185.191.171.2 - - [12/Jul/2025:17:58:41 +0000] "GET /events/list/?eventDisplay=past&tribe-bar-date=2026-04-22 HTTP/1.1" 200 20206 "-" "Mozilla/5.0 (compatible; SemrushBot/7~bl; +http://www.semrush.com/bot.html)"
209.74.77.214 - - [12/Jul/2025:17:59:07 +0000] "POST /wp-cron.php?doing_wp_cron=1752343147.2741699218750000000000 HTTP/1.1" 200 - "-" "WordPress/6.8.1; https://teamhachem.com"
216.73.216.126 - - [12/Jul/2025:17:59:07 +0000] "GET /events/list/?outlook-ical=1&tribe-bar-date=2027-12-05 HTTP/1.1" 200 1131 "-" "Mozilla/5.0 AppleWebKit/537.36 (KHTML, like Gecko; compatible; ClaudeBot/1.0; [email protected])"
209.74.77.214 - - [12/Jul/2025:18:00:47 +0000] "POST /wp-cron.php?doing_wp_cron=1752343247.5759310722351074218750 HTTP/1.1" 200 - "-" "WordPress/6.8.1; https://teamhachem.com"
216.73.216.126 - - [12/Jul/2025:18:00:45 +0000] "GET /events/list/?outlook-ical=1&tribe-bar-date=2027-11-22 HTTP/1.1" 200 1132 "-" "Mozilla/5.0 AppleWebKit/537.36 (KHTML, like Gecko; compatible; ClaudeBot/1.0; [email protected])"
51.222.253.6 - - [12/Jul/2025:18:00:50 +0000] "GET /events/2025-01-09/ HTTP/1.1" 200 19465 "-" "Mozilla/5.0 (compatible; AhrefsBot/7.0; +http://ahrefs.com/robot/)"
209.74.77.214 - - [12/Jul/2025:18:02:28 +0000] "POST /wp-cron.php?doing_wp_cron=1752343348.9739871025085449218750 HTTP/1.1" 200 - "-" "WordPress/6.8.1; https://teamhachem.com"
216.73.216.126 - - [12/Jul/2025:18:02:27 +0000] "GET /events/list/?ical=1&tribe-bar-date=2027-11-13 HTTP/1.1" 200 1137 "-" "Mozilla/5.0 AppleWebKit/537.36 (KHTML, like Gecko; compatible; ClaudeBot/1.0; [email protected])"
209.74.77.214 - - [12/Jul/2025:18:03:25 +0000] "POST /wp-cron.php?doing_wp_cron=1752343405.7912380695343017578125 HTTP/1.1" 200 - "-" "WordPress/6.8.1; https://teamhachem.com"
216.73.216.126 - - [12/Jul/2025:18:03:24 +0000] "GET /events/list/?ical=1&tribe-bar-date=2027-11-22 HTTP/1.1" 200 1138 "-" "Mozilla/5.0 AppleWebKit/537.36 (KHTML, like Gecko; compatible; ClaudeBot/1.0; [email protected])"
209.74.77.214 - - [12/Jul/2025:18:03:55 +0000] "POST /wp-cron.php?doing_wp_cron=1752343435.5281739234924316406250 HTTP/1.1" 200 - "-" "WordPress/6.8.1; https://teamhachem.com"
85.208.96.203 - - [12/Jul/2025:18:03:55 +0000] "GET /events/month/2024-12/ HTTP/1.1" 200 25293 "-" "Mozilla/5.0 (compatible; SemrushBot/7~bl; +http://www.semrush.com/bot.html)"
209.74.77.214 - - [12/Jul/2025:18:04:05 +0000] "POST /wp-cron.php?doing_wp_cron=1752343445.4331030845642089843750 HTTP/1.1" 200 - "-" "WordPress/6.8.1; https://teamhachem.com"
216.73.216.126 - - [12/Jul/2025:18:04:05 +0000] "GET /events/2027-12-12/?outlook-ical=1 HTTP/1.1" 200 1132 "-" "Mozilla/5.0 AppleWebKit/537.36 (KHTML, like Gecko; compatible; ClaudeBot/1.0; [email protected])"
209.74.77.214 - - [12/Jul/2025:18:05:45 +0000] "POST /wp-cron.php?doing_wp_cron=1752343545.9055559635162353515625 HTTP/1.1" 200 - "-" "WordPress/6.8.1; https://teamhachem.com"
216.73.216.126 - - [12/Jul/2025:18:05:44 +0000] "GET /events/2027-12-12/?ical=1 HTTP/1.1" 200 1138 "-" "Mozilla/5.0 AppleWebKit/537.36 (KHTML, like Gecko; compatible; ClaudeBot/1.0; [email protected])"
209.74.77.214 - - [12/Jul/2025:18:12:05 +0000] "POST /wp-cron.php?doing_wp_cron=1752343925.5184528827667236328125 HTTP/1.1" 200 - "-" "WordPress/6.8.1; https://teamhachem.com"
216.73.216.126 - - [12/Jul/2025:18:12:03 +0000] "GET /events/list/?eventDisplay=past&tribe-bar-date=2027-12-05 HTTP/1.1" 200 20215 "-" "Mozilla/5.0 AppleWebKit/537.36 (KHTML, like Gecko; compatible; ClaudeBot/1.0; [email protected])"
185.191.171.4 - - [12/Jul/2025:18:12:17 +0000] "GET /events/list/?tribe-bar-date=2025-09-03 HTTP/1.1" 200 19793 "-" "Mozilla/5.0 (compatible; SemrushBot/7~bl; +http://www.semrush.com/bot.html)"
209.74.77.214 - - [12/Jul/2025:18:13:50 +0000] "POST /wp-cron.php?doing_wp_cron=1752344030.3825809955596923828125 HTTP/1.1" 200 - "-" "WordPress/6.8.1; https://teamhachem.com"
51.222.253.15 - - [12/Jul/2025:18:13:48 +0000] "GET /events/2025-01-08/ HTTP/1.1" 200 19467 "-" "Mozilla/5.0 (compatible; AhrefsBot/7.0; +http://ahrefs.com/robot/)"
209.74.77.214 - - [12/Jul/2025:18:15:54 +0000] "POST /wp-cron.php?doing_wp_cron=1752344154.3351891040802001953125 HTTP/1.1" 200 - "-" "WordPress/6.8.1; https://teamhachem.com"
216.73.216.126 - - [12/Jul/2025:18:15:52 +0000] "GET /events/list/?eventDisplay=past&tribe-bar-date=2027-11-27 HTTP/1.1" 200 20229 "-" "Mozilla/5.0 AppleWebKit/537.36 (KHTML, like Gecko; compatible; ClaudeBot/1.0; [email protected])"
209.74.77.214 - - [12/Jul/2025:18:16:17 +0000] "POST /wp-cron.php?doing_wp_cron=1752344177.4379940032958984375000 HTTP/1.1" 200 - "-" "WordPress/6.8.1; https://teamhachem.com"
85.208.96.201 - - [12/Jul/2025:18:16:17 +0000] "GET /events/2026-03-12/ HTTP/1.1" 200 19482 "-" "Mozilla/5.0 (compatible; SemrushBot/7~bl; +http://www.semrush.com/bot.html)"
209.74.77.214 - - [12/Jul/2025:18:17:42 +0000] "POST /wp-cron.php?doing_wp_cron=1752344262.7771708965301513671875 HTTP/1.1" 200 - "-" "WordPress/6.8.1; https://teamhachem.com"
66.249.65.33 - - [12/Jul/2025:18:17:41 +0000] "GET /robots.txt HTTP/1.1" 301 - "-" "Mozilla/5.0 (compatible; Googlebot/2.1; +http://www.google.com/bot.html)"
66.249.73.225 - - [12/Jul/2025:18:17:43 +0000] "GET /robots.txt HTTP/1.1" 200 154 "-" "Mozilla/5.0 (compatible; Googlebot/2.1; +http://www.google.com/bot.html)"
66.249.65.34 - - [12/Jul/2025:18:17:43 +0000] "GET / HTTP/1.1" 301 - "-" "Mozilla/5.0 (Linux; Android 6.0.1; Nexus 5X Build/MMB29P) AppleWebKit/537.36 (KHTML, like Gecko) Chrome/137.0.7151.103 Mobile Safari/537.36 (compatible; Googlebot/2.1; +http://www.google.com/bot.html)"
66.249.73.226 - - [12/Jul/2025:18:17:43 +0000] "GET / HTTP/1.1" 200 22827 "-" "Mozilla/5.0 (Linux; Android 6.0.1; Nexus 5X Build/MMB29P) AppleWebKit/537.36 (KHTML, like Gecko) Chrome/137.0.7151.103 Mobile Safari/537.36 (compatible; Googlebot/2.1; +http://www.google.com/bot.html)"
85.208.96.201 - - [12/Jul/2025:18:18:03 +0000] "GET /events/list/?eventDisplay=past&tribe-bar-date=2025-01-25 HTTP/1.1" 200 20216 "-" "Mozilla/5.0 (compatible; SemrushBot/7~bl; +http://www.semrush.com/bot.html)"
66.249.73.227 - - [12/Jul/2025:18:18:31 +0000] "GET /wp-includes/js/dist/i18n.min.js?ver=5e580eb46a90c2b997e6 HTTP/1.1" 200 3667 "https://teamhachem.com/" "Mozilla/5.0 (Linux; Android 6.0.1; Nexus 5X Build/MMB29P) AppleWebKit/537.36 (KHTML, like Gecko) Chrome/137.0.7151.119 Mobile Safari/537.36 (compatible; Googlebot/2.1; +http://www.google.com/bot.html)"
66.249.73.225 - - [12/Jul/2025:18:18:32 +0000] "GET /wp-includes/js/wp-emoji-release.min.js?ver=6.8.1 HTTP/1.1" 200 5166 "https://teamhachem.com/" "Mozilla/5.0 (Linux; Android 6.0.1; Nexus 5X Build/MMB29P) AppleWebKit/537.36 (KHTML, like Gecko) Chrome/137.0.7151.119 Mobile Safari/537.36 (compatible; Googlebot/2.1; +http://www.google.com/bot.html)"
209.74.77.214 - - [12/Jul/2025:18:18:32 +0000] "POST /wp-cron.php?doing_wp_cron=1752344312.7109889984130859375000 HTTP/1.1" 200 - "-" "WordPress/6.8.1; https://teamhachem.com"
66.249.73.226 - - [12/Jul/2025:18:18:32 +0000] "GET /wp-json/contact-form-7/v1/contact-forms/6102/feedback/schema HTTP/1.1" 200 93 "https://teamhachem.com/" "Mozilla/5.0 (Linux; Android 6.0.1; Nexus 5X Build/MMB29P) AppleWebKit/537.36 (KHTML, like Gecko) Chrome/137.0.7151.119 Mobile Safari/537.36 (compatible; Googlebot/2.1; +http://www.google.com/bot.html)"
66.249.73.225 - - [12/Jul/2025:18:18:34 +0000] "GET /wp-json/contact-form-7/v1/contact-forms/6102/refill HTTP/1.1" 200 22 "https://teamhachem.com/" "Mozilla/5.0 (Linux; Android 6.0.1; Nexus 5X Build/MMB29P) AppleWebKit/537.36 (KHTML, like Gecko) Chrome/137.0.7151.119 Mobile Safari/537.36 (compatible; Googlebot/2.1; +http://www.google.com/bot.html)"
209.74.77.214 - - [12/Jul/2025:18:20:20 +0000] "POST /wp-cron.php?doing_wp_cron=1752344420.7890629768371582031250 HTTP/1.1" 200 - "-" "WordPress/6.8.1; https://teamhachem.com"
209.74.77.214 - - [12/Jul/2025:18:20:20 +0000] "POST /wp-cron.php?doing_wp_cron=1752344420.7890660762786865234375 HTTP/1.1" 200 - "-" "WordPress/6.8.1; https://teamhachem.com"
66.249.65.34 - - [12/Jul/2025:18:20:19 +0000] "GET / HTTP/1.1" 301 - "-" "Mozilla/5.0 (compatible; Googlebot/2.1; +http://www.google.com/bot.html)"
66.249.65.32 - - [12/Jul/2025:18:20:19 +0000] "GET / HTTP/1.1" 301 - "-" "Mozilla/5.0 (Linux; Android 6.0.1; Nexus 5X Build/MMB29P) AppleWebKit/537.36 (KHTML, like Gecko) Chrome/99.0.4844.84 Mobile Safari/537.36 (compatible; Googlebot/2.1; +http://www.google.com/bot.html)"
66.249.73.227 - - [12/Jul/2025:18:20:19 +0000] "GET / HTTP/1.1" 200 22844 "-" "Mozilla/5.0 (Linux; Android 6.0.1; Nexus 5X Build/MMB29P) AppleWebKit/537.36 (KHTML, like Gecko) Chrome/99.0.4844.84 Mobile Safari/537.36 (compatible; Googlebot/2.1; +http://www.google.com/bot.html)"
66.249.73.226 - - [12/Jul/2025:18:20:21 +0000] "GET / HTTP/1.1" 200 22833 "-" "Mozilla/5.0 (compatible; Googlebot/2.1; +http://www.google.com/bot.html)"
66.249.73.227 - - [12/Jul/2025:18:20:21 +0000] "GET / HTTP/1.1" 200 22843 "-" "Mozilla/5.0 (compatible; Googlebot/2.1; +http://www.google.com/bot.html)"
66.249.73.226 - - [12/Jul/2025:18:20:21 +0000] "GET / HTTP/1.1" 200 22838 "-" "Mozilla/5.0 (Linux; Android 6.0.1; Nexus 5X Build/MMB29P) AppleWebKit/537.36 (KHTML, like Gecko) Chrome/99.0.4844.84 Mobile Safari/537.36 (compatible; Googlebot/2.1; +http://www.google.com/bot.html)"
209.74.77.214 - - [12/Jul/2025:18:22:15 +0000] "POST /wp-cron.php?doing_wp_cron=1752344535.0600469112396240234375 HTTP/1.1" 200 - "-" "WordPress/6.8.1; https://teamhachem.com"
216.73.216.126 - - [12/Jul/2025:18:22:13 +0000] "GET /robots.txt HTTP/1.1" 200 154 "-" "Mozilla/5.0 AppleWebKit/537.36 (KHTML, like Gecko; compatible; ClaudeBot/1.0; [email protected])"
216.73.216.126 - - [12/Jul/2025:18:22:15 +0000] "GET /events/list/?outlook-ical=1&tribe-bar-date=2027-11-13 HTTP/1.1" 200 1132 "-" "Mozilla/5.0 AppleWebKit/537.36 (KHTML, like Gecko; compatible; ClaudeBot/1.0; [email protected])"
209.74.77.214 - - [12/Jul/2025:18:24:40 +0000] "POST /wp-cron.php?doing_wp_cron=1752344680.6802320480346679687500 HTTP/1.1" 200 - "-" "WordPress/6.8.1; https://teamhachem.com"
216.73.216.126 - - [12/Jul/2025:18:24:38 +0000] "GET /events/list/?ical=1&tribe-bar-date=2027-11-30 HTTP/1.1" 200 1137 "-" "Mozilla/5.0 AppleWebKit/537.36 (KHTML, like Gecko; compatible; ClaudeBot/1.0; [email protected])"
209.74.77.214 - - [12/Jul/2025:18:26:46 +0000] "POST /wp-cron.php?doing_wp_cron=1752344806.9086771011352539062500 HTTP/1.1" 200 - "-" "WordPress/6.8.1; https://teamhachem.com"
52.200.142.199 - - [12/Jul/2025:18:26:45 +0000] "GET /events/2026-08-22/ HTTP/1.1" 200 19478 "-" "Mozilla/5.0 AppleWebKit/537.36 (KHTML, like Gecko; compatible; Amazonbot/0.1; +https://developer.amazon.com/support/amazonbot) Chrome/119.0.6045.214 Safari/537.36"
44.223.193.255 - - [12/Jul/2025:18:26:48 +0000] "GET /events/2026-08-31/ HTTP/1.1" 200 19474 "-" "Mozilla/5.0 AppleWebKit/537.36 (KHTML, like Gecko; compatible; Amazonbot/0.1; +https://developer.amazon.com/support/amazonbot) Chrome/119.0.6045.214 Safari/537.36"
209.74.77.214 - - [12/Jul/2025:18:27:42 +0000] "POST /wp-cron.php?doing_wp_cron=1752344862.6889629364013671875000 HTTP/1.1" 200 - "-" "WordPress/6.8.1; https://teamhachem.com"
51.222.253.16 - - [12/Jul/2025:18:27:40 +0000] "GET /events/2025-01-20/ HTTP/1.1" 200 19472 "-" "Mozilla/5.0 (compatible; AhrefsBot/7.0; +http://ahrefs.com/robot/)"
216.73.216.126 - - [12/Jul/2025:18:27:49 +0000] "GET /events/list/?eventDisplay=past&tribe-bar-date=2027-11-09 HTTP/1.1" 200 20229 "-" "Mozilla/5.0 AppleWebKit/537.36 (KHTML, like Gecko; compatible; ClaudeBot/1.0; [email protected])"
115.72.161.38 - - [12/Jul/2025:18:28:41 +0000] "POST /wp-comments-post.php HTTP/1.1" 302 - "-" "Mozilla/5.0 (Windows NT 10.0; Win64; x64) AppleWebKit/537.36 (KHTML, like Gecko) Chrome/120.0.0.0 Safari/537.36"
209.74.77.214 - - [12/Jul/2025:18:29:05 +0000] "POST /wp-cron.php?doing_wp_cron=1752344945.6485950946807861328125 HTTP/1.1" 200 - "-" "WordPress/6.8.1; https://teamhachem.com"
115.72.161.38 - - [12/Jul/2025:18:29:05 +0000] "POST /wp-comments-post.php HTTP/1.1" 302 - "-" "Mozilla/5.0 (Windows NT 10.0; Win64; x64) AppleWebKit/537.36 (KHTML, like Gecko) Chrome/120.0.0.0 Safari/537.36"
216.73.216.126 - - [12/Jul/2025:18:29:16 +0000] "GET /events/list/?tribe-bar-date=2027-12-12 HTTP/1.1" 200 19795 "-" "Mozilla/5.0 AppleWebKit/537.36 (KHTML, like Gecko; compatible; ClaudeBot/1.0; [email protected])"
115.72.161.38 - - [12/Jul/2025:18:29:28 +0000] "POST /wp-comments-post.php HTTP/1.1" 302 - "-" "Mozilla/5.0 (Windows NT 10.0; Win64; x64) AppleWebKit/537.36 (KHTML, like Gecko) Chrome/120.0.0.0 Safari/537.36"
209.74.77.214 - - [12/Jul/2025:18:29:51 +0000] "POST /wp-cron.php?doing_wp_cron=1752344991.5307650566101074218750 HTTP/1.1" 200 - "-" "WordPress/6.8.1; https://teamhachem.com"
115.72.161.38 - - [12/Jul/2025:18:29:51 +0000] "POST /wp-comments-post.php HTTP/1.1" 302 - "-" "Mozilla/5.0 (Windows NT 10.0; Win64; x64) AppleWebKit/537.36 (KHTML, like Gecko) Chrome/120.0.0.0 Safari/537.36"
209.74.77.214 - - [12/Jul/2025:18:30:17 +0000] "POST /wp-cron.php?doing_wp_cron=1752345017.3496360778808593750000 HTTP/1.1" 200 - "-" "WordPress/6.8.1; https://teamhachem.com"
115.72.161.38 - - [12/Jul/2025:18:30:17 +0000] "POST /wp-comments-post.php HTTP/1.1" 302 - "-" "Mozilla/5.0 (Windows NT 10.0; Win64; x64) AppleWebKit/537.36 (KHTML, like Gecko) Chrome/120.0.0.0 Safari/537.36"
209.74.77.214 - - [12/Jul/2025:18:30:51 +0000] "POST /wp-cron.php?doing_wp_cron=1752345051.7520411014556884765625 HTTP/1.1" 200 - "-" "WordPress/6.8.1; https://teamhachem.com"
115.72.161.38 - - [12/Jul/2025:18:30:49 +0000] "POST /wp-comments-post.php HTTP/1.1" 302 - "-" "Mozilla/5.0 (Windows NT 10.0; Win64; x64) AppleWebKit/537.36 (KHTML, like Gecko) Chrome/120.0.0.0 Safari/537.36"
115.72.161.38 - - [12/Jul/2025:18:30:52 +0000] "POST /wp-comments-post.php HTTP/1.1" 429 1107 "-" "Mozilla/5.0 (Windows NT 10.0; Win64; x64) AppleWebKit/537.36 (KHTML, like Gecko) Chrome/120.0.0.0 Safari/537.36"
115.72.161.38 - - [12/Jul/2025:18:30:54 +0000] "POST /wp-comments-post.php HTTP/1.1" 429 1107 "-" "Mozilla/5.0 (Windows NT 10.0; Win64; x64) AppleWebKit/537.36 (KHTML, like Gecko) Chrome/120.0.0.0 Safari/537.36"
115.72.161.38 - - [12/Jul/2025:18:30:56 +0000] "POST /wp-comments-post.php HTTP/1.1" 429 1107 "-" "Mozilla/5.0 (Windows NT 10.0; Win64; x64) AppleWebKit/537.36 (KHTML, like Gecko) Chrome/120.0.0.0 Safari/537.36"
115.72.161.38 - - [12/Jul/2025:18:30:59 +0000] "POST /wp-comments-post.php HTTP/1.1" 429 1107 "-" "Mozilla/5.0 (Windows NT 10.0; Win64; x64) AppleWebKit/537.36 (KHTML, like Gecko) Chrome/120.0.0.0 Safari/537.36"
209.74.77.214 - - [12/Jul/2025:18:31:04 +0000] "POST /wp-cron.php?doing_wp_cron=1752345064.4713909626007080078125 HTTP/1.1" 200 - "-" "WordPress/6.8.1; https://teamhachem.com"
216.73.216.126 - - [12/Jul/2025:18:31:04 +0000] "GET /events/list/?outlook-ical=1&tribe-bar-date=2027-11-09 HTTP/1.1" 200 1132 "-" "Mozilla/5.0 AppleWebKit/537.36 (KHTML, like Gecko; compatible; ClaudeBot/1.0; [email protected])"
209.74.77.214 - - [12/Jul/2025:18:38:01 +0000] "POST /wp-cron.php?doing_wp_cron=1752345481.8384449481964111328125 HTTP/1.1" 200 - "-" "WordPress/6.8.1; https://teamhachem.com"
67.20.113.35 - - [12/Jul/2025:18:37:59 +0000] "POST /xmlrpc.php HTTP/1.1" 200 225 "-" "Mozilla/5.0 (X11; Ubuntu; Linux x86_64; rv:85.0) Gecko/20100101 Firefox/91.0"
209.74.77.214 - - [12/Jul/2025:18:38:25 +0000] "POST /wp-cron.php?doing_wp_cron=1752345505.9735751152038574218750 HTTP/1.1" 200 - "-" "WordPress/6.8.1; https://teamhachem.com"
216.73.216.126 - - [12/Jul/2025:18:38:25 +0000] "GET /events/list/?ical=1&tribe-bar-date=2028-01-01 HTTP/1.1" 200 1138 "-" "Mozilla/5.0 AppleWebKit/537.36 (KHTML, like Gecko; compatible; ClaudeBot/1.0; [email protected])"
216.73.216.126 - - [12/Jul/2025:18:38:26 +0000] "GET /events/list/?outlook-ical=1&tribe-bar-date=2028-01-01 HTTP/1.1" 200 1133 "-" "Mozilla/5.0 AppleWebKit/537.36 (KHTML, like Gecko; compatible; ClaudeBot/1.0; [email protected])"
209.74.77.214 - - [12/Jul/2025:18:39:28 +0000] "POST /wp-cron.php?doing_wp_cron=1752345568.5091071128845214843750 HTTP/1.1" 200 - "-" "WordPress/6.8.1; https://teamhachem.com"
209.74.77.214 - - [12/Jul/2025:18:39:28 +0000] "POST /wp-cron.php?doing_wp_cron=1752345568.5090739727020263671875 HTTP/1.1" 200 - "-" "WordPress/6.8.1; https://teamhachem.com"
216.73.216.126 - - [12/Jul/2025:18:39:26 +0000] "GET /events/list/?outlook-ical=1&tribe-bar-date=2027-11-10 HTTP/1.1" 200 1133 "-" "Mozilla/5.0 AppleWebKit/537.36 (KHTML, like Gecko; compatible; ClaudeBot/1.0; [email protected])"
216.73.216.126 - - [12/Jul/2025:18:39:27 +0000] "GET /events/list/?outlook-ical=1&tribe-bar-date=2027-11-04 HTTP/1.1" 200 1133 "-" "Mozilla/5.0 AppleWebKit/537.36 (KHTML, like Gecko; compatible; ClaudeBot/1.0; [email protected])"
209.74.77.214 - - [12/Jul/2025:18:40:20 +0000] "POST /wp-cron.php?doing_wp_cron=1752345620.5404770374298095703125 HTTP/1.1" 200 - "-" "WordPress/6.8.1; https://teamhachem.com"
216.73.216.126 - - [12/Jul/2025:18:40:18 +0000] "GET /events/list/?outlook-ical=1&tribe-bar-date=2027-11-11 HTTP/1.1" 200 1132 "-" "Mozilla/5.0 AppleWebKit/537.36 (KHTML, like Gecko; compatible; ClaudeBot/1.0; [email protected])"
216.73.216.126 - - [12/Jul/2025:18:40:19 +0000] "GET /events/list/?outlook-ical=1&tribe-bar-date=2027-11-02 HTTP/1.1" 200 1132 "-" "Mozilla/5.0 AppleWebKit/537.36 (KHTML, like Gecko; compatible; ClaudeBot/1.0; [email protected])"
209.74.77.214 - - [12/Jul/2025:18:40:54 +0000] "POST /wp-cron.php?doing_wp_cron=1752345654.7269380092620849609375 HTTP/1.1" 200 - "-" "WordPress/6.8.1; https://teamhachem.com"
54.243.63.52 - - [12/Jul/2025:18:40:52 +0000] "GET /events/2024-10-16/ HTTP/1.1" 200 18814 "-" "Mozilla/5.0 AppleWebKit/537.36 (KHTML, like Gecko; compatible; Amazonbot/0.1; +https://developer.amazon.com/support/amazonbot) Chrome/119.0.6045.214 Safari/537.36"
52.3.127.170 - - [12/Jul/2025:18:40:56 +0000] "GET /events/list/?eventDisplay=past&tribe-bar-date=2026-06-05 HTTP/1.1" 200 20226 "-" "Mozilla/5.0 AppleWebKit/537.36 (KHTML, like Gecko; compatible; Amazonbot/0.1; +https://developer.amazon.com/support/amazonbot) Chrome/119.0.6045.214 Safari/537.36"
216.73.216.126 - - [12/Jul/2025:18:40:59 +0000] "GET /events/list/?outlook-ical=1&tribe-bar-date=2027-12-09 HTTP/1.1" 200 1132 "-" "Mozilla/5.0 AppleWebKit/537.36 (KHTML, like Gecko; compatible; ClaudeBot/1.0; [email protected])"
216.73.216.126 - - [12/Jul/2025:18:40:59 +0000] "GET /events/list/?outlook-ical=1&tribe-bar-date=2027-11-23 HTTP/1.1" 200 1132 "-" "Mozilla/5.0 AppleWebKit/537.36 (KHTML, like Gecko; compatible; ClaudeBot/1.0; [email protected])"
209.74.77.214 - - [12/Jul/2025:18:41:34 +0000] "POST /wp-cron.php?doing_wp_cron=1752345694.8781158924102783203125 HTTP/1.1" 200 - "-" "WordPress/6.8.1; https://teamhachem.com"
216.73.216.126 - - [12/Jul/2025:18:41:33 +0000] "GET /events/list/?outlook-ical=1&tribe-bar-date=2027-11-14 HTTP/1.1" 200 1132 "-" "Mozilla/5.0 AppleWebKit/537.36 (KHTML, like Gecko; compatible; ClaudeBot/1.0; [email protected])"
216.73.216.126 - - [12/Jul/2025:18:41:33 +0000] "GET /events/list/?outlook-ical=1&tribe-bar-date=2027-12-11 HTTP/1.1" 200 1132 "-" "Mozilla/5.0 AppleWebKit/537.36 (KHTML, like Gecko; compatible; ClaudeBot/1.0; [email protected])"
51.222.253.3 - - [12/Jul/2025:18:42:01 +0000] "GET /events/2025-01-21/ HTTP/1.1" 200 19467 "-" "Mozilla/5.0 (compatible; AhrefsBot/7.0; +http://ahrefs.com/robot/)"
209.74.77.214 - - [12/Jul/2025:18:42:32 +0000] "POST /wp-cron.php?doing_wp_cron=1752345752.5082008838653564453125 HTTP/1.1" 200 - "-" "WordPress/6.8.1; https://teamhachem.com"
