Current File : /home/kelaby89/access-logs/topflowroofingplumbing.com.au.sixpack.studio-ssl_log |
209.74.77.214 - - [12/Jul/2025:12:15:10 +0000] "POST /wp-cron.php?doing_wp_cron=1752322510.7786140441894531250000 HTTP/1.1" 200 - "-" "WordPress/6.8.1; https://topflowroofingplumbing.com.au"
51.222.253.2 - - [12/Jul/2025:12:15:09 +0000] "GET /shopdetail/455020852 HTTP/1.1" 404 11640 "-" "Mozilla/5.0 (compatible; AhrefsBot/7.0; +http://ahrefs.com/robot/)"
157.173.126.116 - - [12/Jul/2025:12:15:36 +0000] "POST /xmlrpc.php HTTP/1.1" 200 225 "-" "Mozilla/5.0 (X11; Ubuntu; Linux x86_64; rv:85.0) Gecko/20100101 Firefox/91.0"
66.249.73.97 - - [12/Jul/2025:12:19:48 +0000] "GET /?_gl=1*rgknbr*_ga*MzY3MjE1MDcwLjE3MzcwOTUyMjA.*_ga_0VKVKKN4NV*MTczNzEwMjM4NC4yLjEuMTczNzEwMjQ1My42MC4wLjA.&_bd_prev_page=https://topflowroofingplumbing.com.au/detail.php HTTP/1.1" 200 20780 "-" "Mozilla/5.0 (Linux; Android 6.0.1; Nexus 5X Build/MMB29P) AppleWebKit/537.36 (KHTML, like Gecko) Chrome/137.0.7151.103 Mobile Safari/537.36 (compatible; Googlebot/2.1; +http://www.google.com/bot.html)"
51.222.253.2 - - [12/Jul/2025:12:20:27 +0000] "GET /shopdetail/462079452 HTTP/1.1" 404 11640 "-" "Mozilla/5.0 (compatible; AhrefsBot/7.0; +http://ahrefs.com/robot/)"
51.222.253.3 - - [12/Jul/2025:12:24:44 +0000] "GET /shopdetail/462693952 HTTP/1.1" 404 11640 "-" "Mozilla/5.0 (compatible; AhrefsBot/7.0; +http://ahrefs.com/robot/)"
149.88.23.89 - - [12/Jul/2025:12:25:47 +0000] "POST /xmlrpc.php HTTP/1.1" 200 206 "-" "python-requests/2.32.3"
51.222.253.11 - - [12/Jul/2025:12:28:50 +0000] "GET /shopdetail/47716752 HTTP/1.1" 404 11640 "-" "Mozilla/5.0 (compatible; AhrefsBot/7.0; +http://ahrefs.com/robot/)"
85.208.96.206 - - [12/Jul/2025:12:31:22 +0000] "GET /single-service-style-01/ HTTP/1.1" 404 14033 "-" "Mozilla/5.0 (compatible; SemrushBot/7~bl; +http://www.semrush.com/bot.html)"
51.222.253.8 - - [12/Jul/2025:12:33:04 +0000] "GET /shopdetail/47780752 HTTP/1.1" 404 11640 "-" "Mozilla/5.0 (compatible; AhrefsBot/7.0; +http://ahrefs.com/robot/)"
2a06:98c0:3600::103 - - [12/Jul/2025:12:33:07 +0000] "GET /wordpress/wp-admin/setup-config.php HTTP/1.1" 404 11640 "-" "Mozilla/5.0 (Windows NT 10.0; Win64; x64) AppleWebKit/537.36 (KHTML, like Gecko) Chrome/137.0.0.0 Safari/537.36"
199.195.253.169 - - [12/Jul/2025:12:34:43 +0000] "GET /wp-login.php HTTP/1.1" 200 2076 "-" "Mozilla/5.0 (iPhone; CPU iPhone OS 7_1_1 like Mac OS X) AppleWebKit/537.51.2 (KHTML, like Gecko) Version/7.0 Mobile/11D201 Safari/9537.53"
199.195.253.169 - - [12/Jul/2025:12:35:07 +0000] "POST /wp-login.php HTTP/1.1" 200 2172 "-" "Mozilla/5.0 (iPhone; CPU iPhone OS 7_1_1 like Mac OS X) AppleWebKit/537.51.2 (KHTML, like Gecko) Version/7.0 Mobile/11D201 Safari/9537.53"
2a06:98c0:3600::103 - - [12/Jul/2025:12:36:17 +0000] "GET /wp-admin/setup-config.php HTTP/1.1" 409 1144 "-" "Mozilla/5.0 (Windows NT 10.0; Win64; x64) AppleWebKit/537.36 (KHTML, like Gecko) Chrome/137.0.0.0 Safari/537.36"
51.222.253.6 - - [12/Jul/2025:12:36:38 +0000] "GET /shopdetail/488683752 HTTP/1.1" 404 11640 "-" "Mozilla/5.0 (compatible; AhrefsBot/7.0; +http://ahrefs.com/robot/)"
51.222.253.14 - - [12/Jul/2025:12:40:27 +0000] "GET /shopdetail/490882152 HTTP/1.1" 404 11640 "-" "Mozilla/5.0 (compatible; AhrefsBot/7.0; +http://ahrefs.com/robot/)"
66.249.73.97 - - [12/Jul/2025:12:41:53 +0000] "GET /robots.txt HTTP/1.1" 304 - "-" "Mozilla/5.0 (compatible; Googlebot/2.1; +http://www.google.com/bot.html)"
66.249.73.97 - - [12/Jul/2025:12:41:53 +0000] "GET /category/recent-news/ HTTP/1.1" 200 21590 "-" "Mozilla/5.0 (Linux; Android 6.0.1; Nexus 5X Build/MMB29P) AppleWebKit/537.36 (KHTML, like Gecko) Chrome/137.0.7151.103 Mobile Safari/537.36 (compatible; Googlebot/2.1; +http://www.google.com/bot.html)"
51.222.253.1 - - [12/Jul/2025:12:44:26 +0000] "GET /shopdetail/497989952 HTTP/1.1" 404 11640 "-" "Mozilla/5.0 (compatible; AhrefsBot/7.0; +http://ahrefs.com/robot/)"
51.222.253.17 - - [12/Jul/2025:12:48:44 +0000] "GET /shopdetail/511865152 HTTP/1.1" 404 11640 "-" "Mozilla/5.0 (compatible; AhrefsBot/7.0; +http://ahrefs.com/robot/)"
51.222.253.9 - - [12/Jul/2025:12:52:49 +0000] "GET /shopdetail/512002452 HTTP/1.1" 404 11640 "-" "Mozilla/5.0 (compatible; AhrefsBot/7.0; +http://ahrefs.com/robot/)"
51.222.253.11 - - [12/Jul/2025:12:56:51 +0000] "GET /shopdetail/514990552 HTTP/1.1" 404 11640 "-" "Mozilla/5.0 (compatible; AhrefsBot/7.0; +http://ahrefs.com/robot/)"
51.222.253.1 - - [12/Jul/2025:13:01:40 +0000] "GET /shopdetail/533969252 HTTP/1.1" 404 11640 "-" "Mozilla/5.0 (compatible; AhrefsBot/7.0; +http://ahrefs.com/robot/)"
138.199.60.166 - - [12/Jul/2025:13:03:54 +0000] "POST /xmlrpc.php HTTP/1.1" 200 206 "-" "python-requests/2.32.3"
51.222.253.20 - - [12/Jul/2025:13:06:38 +0000] "GET /shopdetail/537026452 HTTP/1.1" 404 11640 "-" "Mozilla/5.0 (compatible; AhrefsBot/7.0; +http://ahrefs.com/robot/)"
209.74.77.214 - - [12/Jul/2025:13:12:24 +0000] "POST /wp-cron.php?doing_wp_cron=1752325944.3068830966949462890625 HTTP/1.1" 200 - "-" "WordPress/6.8.1; https://topflowroofingplumbing.com.au"
51.222.253.15 - - [12/Jul/2025:13:12:22 +0000] "GET /shopdetail/543813852 HTTP/1.1" 404 11640 "-" "Mozilla/5.0 (compatible; AhrefsBot/7.0; +http://ahrefs.com/robot/)"
170.39.218.50 - - [12/Jul/2025:13:15:17 +0000] "GET /wp-content/themes/homlane/assets/js/jquery.tinyscrollbar.js?ver=2.1.2 HTTP/1.1" 200 2866 "-" "Mozilla/5.0 (Macintosh; Intel Mac OS X 10_15_7) AppleWebKit/537.36 Chrome/120.0.0.0"
51.222.253.20 - - [12/Jul/2025:13:17:09 +0000] "GET /shopdetail/556447052 HTTP/1.1" 404 11640 "-" "Mozilla/5.0 (compatible; AhrefsBot/7.0; +http://ahrefs.com/robot/)"
51.222.253.3 - - [12/Jul/2025:13:22:06 +0000] "GET /shopdetail/562209252 HTTP/1.1" 404 11640 "-" "Mozilla/5.0 (compatible; AhrefsBot/7.0; +http://ahrefs.com/robot/)"
2a03:2880:10ff:4:: - - [12/Jul/2025:13:27:25 +0000] "GET /about-us HTTP/1.1" 404 21 "-" "facebookexternalhit/1.1 (+http://www.facebook.com/externalhit_uatext.php)"
51.222.253.14 - - [12/Jul/2025:13:27:32 +0000] "GET /shopdetail/568321552 HTTP/1.1" 404 11640 "-" "Mozilla/5.0 (compatible; AhrefsBot/7.0; +http://ahrefs.com/robot/)"
51.222.253.4 - - [12/Jul/2025:13:32:19 +0000] "GET /shopdetail/580157452 HTTP/1.1" 404 11640 "-" "Mozilla/5.0 (compatible; AhrefsBot/7.0; +http://ahrefs.com/robot/)"
170.39.218.50 - - [12/Jul/2025:13:34:11 +0000] "GET /wp-content/themes/homlane/assets/js/jquery-ui.js?ver=2.1.2 HTTP/1.1" 200 125176 "-" "Mozilla/5.0 (Macintosh; Intel Mac OS X 10_15_7) AppleWebKit/537.36 Chrome/120.0.0.0"
51.222.253.15 - - [12/Jul/2025:13:37:09 +0000] "GET /shopdetail/582721152 HTTP/1.1" 404 11640 "-" "Mozilla/5.0 (compatible; AhrefsBot/7.0; +http://ahrefs.com/robot/)"
149.88.23.89 - - [12/Jul/2025:13:41:12 +0000] "POST /xmlrpc.php HTTP/1.1" 200 206 "-" "python-requests/2.32.3"
51.222.253.16 - - [12/Jul/2025:13:42:06 +0000] "GET /shopdetail/588469752 HTTP/1.1" 404 11640 "-" "Mozilla/5.0 (compatible; AhrefsBot/7.0; +http://ahrefs.com/robot/)"
66.249.73.97 - - [12/Jul/2025:13:45:47 +0000] "GET /view-all-services/plumbing-repairs/ HTTP/1.1" 200 22215 "-" "Mozilla/5.0 (Linux; Android 6.0.1; Nexus 5X Build/MMB29P) AppleWebKit/537.36 (KHTML, like Gecko) Chrome/137.0.7151.103 Mobile Safari/537.36 (compatible; Googlebot/2.1; +http://www.google.com/bot.html)"
66.249.73.103 - - [12/Jul/2025:13:45:52 +0000] "POST /get-message-notify HTTP/1.1" 200 20734 "https://topflowroofingplumbing.com.au/view-all-services/plumbing-repairs/" "Mozilla/5.0 (Linux; Android 6.0.1; Nexus 5X Build/MMB29P) AppleWebKit/537.36 (KHTML, like Gecko) Chrome/137.0.7151.119 Mobile Safari/537.36 (compatible; Googlebot/2.1; +http://www.google.com/bot.html)"
85.208.96.195 - - [12/Jul/2025:13:46:30 +0000] "GET /robots.txt HTTP/1.1" 200 110 "-" "Mozilla/5.0 (compatible; SemrushBot/7~bl; +http://www.semrush.com/bot.html)"
51.222.253.9 - - [12/Jul/2025:13:46:31 +0000] "GET /shopdetail/588847552 HTTP/1.1" 404 11640 "-" "Mozilla/5.0 (compatible; AhrefsBot/7.0; +http://ahrefs.com/robot/)"
185.191.171.15 - - [12/Jul/2025:13:46:30 +0000] "GET /portfolio-grid-view-03/ HTTP/1.1" 404 12890 "-" "Mozilla/5.0 (compatible; SemrushBot/7~bl; +http://www.semrush.com/bot.html)"
51.222.253.7 - - [12/Jul/2025:14:00:05 +0000] "GET /shopdetail/61568852 HTTP/1.1" 404 11640 "-" "Mozilla/5.0 (compatible; AhrefsBot/7.0; +http://ahrefs.com/robot/)"
51.222.253.14 - - [12/Jul/2025:14:04:49 +0000] "GET /shopdetail/6236152 HTTP/1.1" 404 11640 "-" "Mozilla/5.0 (compatible; AhrefsBot/7.0; +http://ahrefs.com/robot/)"
52.159.227.36 - - [12/Jul/2025:14:07:43 +0000] "GET / HTTP/1.1" 404 17435 "-" "Mozilla/5.0 AppleWebKit/537.36 (KHTML, like Gecko); compatible; ChatGPT-User/1.0; +https://openai.com/bot"
52.159.227.42 - - [12/Jul/2025:14:07:49 +0000] "GET / HTTP/1.1" 404 17435 "-" "Mozilla/5.0 AppleWebKit/537.36 (KHTML, like Gecko); compatible; ChatGPT-User/1.0; +https://openai.com/bot"
209.74.77.214 - - [12/Jul/2025:14:12:22 +0000] "POST /wp-cron.php?doing_wp_cron=1752329541.9758889675140380859375 HTTP/1.1" 200 - "-" "WordPress/6.8.1; https://topflowroofingplumbing.com.au"
51.222.253.16 - - [12/Jul/2025:14:12:20 +0000] "GET /shadow.php?shopdetail/127349552 HTTP/1.1" 404 11640 "-" "Mozilla/5.0 (compatible; AhrefsBot/7.0; +http://ahrefs.com/robot/)"
149.88.23.89 - - [12/Jul/2025:14:19:47 +0000] "POST /xmlrpc.php HTTP/1.1" 200 206 "-" "python-requests/2.32.3"
51.222.253.3 - - [12/Jul/2025:14:20:45 +0000] "GET /shadow.php?shopdetail/135178052 HTTP/1.1" 404 11640 "-" "Mozilla/5.0 (compatible; AhrefsBot/7.0; +http://ahrefs.com/robot/)"
51.222.253.1 - - [12/Jul/2025:14:28:43 +0000] "GET /shadow.php?shopdetail/155982252 HTTP/1.1" 404 11640 "-" "Mozilla/5.0 (compatible; AhrefsBot/7.0; +http://ahrefs.com/robot/)"
51.222.253.19 - - [12/Jul/2025:14:37:05 +0000] "GET /shadow.php?shopdetail/1577352 HTTP/1.1" 404 11640 "-" "Mozilla/5.0 (compatible; AhrefsBot/7.0; +http://ahrefs.com/robot/)"
103.219.70.114 - - [12/Jul/2025:14:40:44 +0000] "POST /xmlrpc.php HTTP/1.1" 200 225 "-" "Mozilla/5.0 (X11; Ubuntu; Linux x86_64; rv:85.0) Gecko/20100101 Firefox/91.0"
170.39.218.50 - - [12/Jul/2025:14:43:00 +0000] "GET /wp-content/themes/homlane/assets/js/jQuery.style.switcher.min.js?ver=2.1.2 HTTP/1.1" 200 1138 "-" "Mozilla/5.0 (Windows NT 10.0; Win64; x64) AppleWebKit/537.36 Chrome/121.0.0.0"
51.222.253.8 - - [12/Jul/2025:14:45:01 +0000] "GET /shadow.php?shopdetail/162410452 HTTP/1.1" 404 11640 "-" "Mozilla/5.0 (compatible; AhrefsBot/7.0; +http://ahrefs.com/robot/)"
162.142.125.215 - - [12/Jul/2025:14:47:39 +0000] "GET / HTTP/1.1" 404 21 "-" "Mozilla/5.0 (compatible; CensysInspect/1.1; +https://about.censys.io/)"
2620:96:e000::d7 - - [12/Jul/2025:14:48:11 +0000] "GET /favicon.ico HTTP/1.1" 404 21 "-" "Mozilla/5.0 (compatible; CensysInspect/1.1; +https://about.censys.io/)"
51.222.253.4 - - [12/Jul/2025:14:53:05 +0000] "GET /shadow.php?shopdetail/163480952 HTTP/1.1" 404 11640 "-" "Mozilla/5.0 (compatible; AhrefsBot/7.0; +http://ahrefs.com/robot/)"
149.88.23.89 - - [12/Jul/2025:14:56:53 +0000] "POST /xmlrpc.php HTTP/1.1" 200 206 "-" "python-requests/2.32.3"
51.222.253.19 - - [12/Jul/2025:15:00:54 +0000] "GET /shadow.php?shopdetail/249095252 HTTP/1.1" 404 11640 "-" "Mozilla/5.0 (compatible; AhrefsBot/7.0; +http://ahrefs.com/robot/)"
104.210.140.136 - - [12/Jul/2025:15:01:53 +0000] "GET /robots.txt HTTP/1.1" 304 - "-" "Mozilla/5.0 (Macintosh; Intel Mac OS X 10_15_7) AppleWebKit/537.36 (KHTML, like Gecko) Chrome/131.0.0.0 Safari/537.36; compatible; OAI-SearchBot/1.0; +https://openai.com/searchbot"
185.191.171.19 - - [12/Jul/2025:15:05:51 +0000] "GET /window/ HTTP/1.1" 404 16105 "-" "Mozilla/5.0 (compatible; SemrushBot/7~bl; +http://www.semrush.com/bot.html)"
51.222.253.14 - - [12/Jul/2025:15:08:49 +0000] "GET /shadow.php?shopdetail/24965752 HTTP/1.1" 404 11640 "-" "Mozilla/5.0 (compatible; AhrefsBot/7.0; +http://ahrefs.com/robot/)"
66.249.73.103 - - [12/Jul/2025:15:15:47 +0000] "GET /plumbing/ HTTP/1.1" 200 21768 "-" "Mozilla/5.0 (Linux; Android 6.0.1; Nexus 5X Build/MMB29P) AppleWebKit/537.36 (KHTML, like Gecko) Chrome/137.0.7151.103 Mobile Safari/537.36 (compatible; Googlebot/2.1; +http://www.google.com/bot.html)"
66.249.73.96 - - [12/Jul/2025:15:15:58 +0000] "POST /get-message-notify HTTP/1.1" 200 20734 "https://topflowroofingplumbing.com.au/plumbing/" "Mozilla/5.0 (Linux; Android 6.0.1; Nexus 5X Build/MMB29P) AppleWebKit/537.36 (KHTML, like Gecko) Chrome/137.0.7151.119 Mobile Safari/537.36 (compatible; Googlebot/2.1; +http://www.google.com/bot.html)"
209.74.77.214 - - [12/Jul/2025:15:16:29 +0000] "POST /wp-cron.php?doing_wp_cron=1752333389.4339430332183837890625 HTTP/1.1" 200 - "-" "WordPress/6.8.1; https://topflowroofingplumbing.com.au"
51.222.253.20 - - [12/Jul/2025:15:16:28 +0000] "GET /shadow.php?shopdetail/252474752 HTTP/1.1" 404 11640 "-" "Mozilla/5.0 (compatible; AhrefsBot/7.0; +http://ahrefs.com/robot/)"
51.222.253.2 - - [12/Jul/2025:15:24:26 +0000] "GET /shadow.php?shopdetail/254078352 HTTP/1.1" 404 11640 "-" "Mozilla/5.0 (compatible; AhrefsBot/7.0; +http://ahrefs.com/robot/)"
51.222.253.8 - - [12/Jul/2025:15:30:12 +0000] "GET /shadow.php?shopdetail/261284452 HTTP/1.1" 404 11640 "-" "Mozilla/5.0 (compatible; AhrefsBot/7.0; +http://ahrefs.com/robot/)"
51.222.253.11 - - [12/Jul/2025:15:34:54 +0000] "GET /shadow.php?shopdetail/26914652 HTTP/1.1" 404 11640 "-" "Mozilla/5.0 (compatible; AhrefsBot/7.0; +http://ahrefs.com/robot/)"
138.199.60.166 - - [12/Jul/2025:15:35:42 +0000] "POST /xmlrpc.php HTTP/1.1" 200 206 "-" "python-requests/2.32.3"
51.222.253.19 - - [12/Jul/2025:15:39:45 +0000] "GET /shadow.php?shopdetail/306586152 HTTP/1.1" 404 11640 "-" "Mozilla/5.0 (compatible; AhrefsBot/7.0; +http://ahrefs.com/robot/)"
185.191.171.19 - - [12/Jul/2025:15:39:54 +0000] "GET /service/roofing/ HTTP/1.1" 404 11876 "-" "Mozilla/5.0 (compatible; SemrushBot/7~bl; +http://www.semrush.com/bot.html)"
51.222.253.3 - - [12/Jul/2025:15:44:28 +0000] "GET /shadow.php?shopdetail/308831252 HTTP/1.1" 404 11640 "-" "Mozilla/5.0 (compatible; AhrefsBot/7.0; +http://ahrefs.com/robot/)"
51.222.253.1 - - [12/Jul/2025:15:49:29 +0000] "GET /shadow.php?shopdetail/313341352 HTTP/1.1" 404 11640 "-" "Mozilla/5.0 (compatible; AhrefsBot/7.0; +http://ahrefs.com/robot/)"
51.222.253.10 - - [12/Jul/2025:15:53:21 +0000] "GET /shadow.php?shopdetail/345091152 HTTP/1.1" 404 11640 "-" "Mozilla/5.0 (compatible; AhrefsBot/7.0; +http://ahrefs.com/robot/)"
51.222.253.4 - - [12/Jul/2025:15:58:18 +0000] "GET /shadow.php?shopdetail/34591752 HTTP/1.1" 404 11640 "-" "Mozilla/5.0 (compatible; AhrefsBot/7.0; +http://ahrefs.com/robot/)"
162.142.125.214 - - [12/Jul/2025:16:00:26 +0000] "GET / HTTP/1.1" 404 17435 "-" "Mozilla/5.0 (compatible; CensysInspect/1.1; +https://about.censys.io/)"
51.222.253.3 - - [12/Jul/2025:16:02:56 +0000] "GET /shadow.php?shopdetail/362713152 HTTP/1.1" 404 11640 "-" "Mozilla/5.0 (compatible; AhrefsBot/7.0; +http://ahrefs.com/robot/)"
2a03:2880:13ff:7:: - - [12/Jul/2025:16:05:42 +0000] "GET /robots.txt HTTP/1.1" 200 110 "-" "facebookexternalhit/1.1 (+http://www.facebook.com/externalhit_uatext.php)"
2a03:2880:13ff:5:: - - [12/Jul/2025:16:05:42 +0000] "GET / HTTP/1.1" 404 21 "-" "facebookexternalhit/1.1 (+http://www.facebook.com/externalhit_uatext.php)"
51.222.253.10 - - [12/Jul/2025:16:07:37 +0000] "GET /shadow.php?shopdetail/367597852 HTTP/1.1" 404 11640 "-" "Mozilla/5.0 (compatible; AhrefsBot/7.0; +http://ahrefs.com/robot/)"
51.222.253.13 - - [12/Jul/2025:16:11:34 +0000] "GET /shadow.php?shopdetail/66303352 HTTP/1.1" 404 11640 "-" "Mozilla/5.0 (compatible; AhrefsBot/7.0; +http://ahrefs.com/robot/)"
209.74.77.214 - - [12/Jul/2025:16:14:36 +0000] "POST /wp-cron.php?doing_wp_cron=1752336875.9287900924682617187500 HTTP/1.1" 200 - "-" "WordPress/6.8.1; https://topflowroofingplumbing.com.au"
138.199.60.166 - - [12/Jul/2025:16:14:34 +0000] "POST /xmlrpc.php HTTP/1.1" 200 206 "-" "python-requests/2.32.3"
51.222.253.12 - - [12/Jul/2025:16:15:32 +0000] "GET /shadow.php?shopdetail/84133552 HTTP/1.1" 404 11640 "-" "Mozilla/5.0 (compatible; AhrefsBot/7.0; +http://ahrefs.com/robot/)"
51.222.253.6 - - [12/Jul/2025:16:20:13 +0000] "GET /shopdetail/109106852 HTTP/1.1" 404 11640 "-" "Mozilla/5.0 (compatible; AhrefsBot/7.0; +http://ahrefs.com/robot/)"
170.39.218.50 - - [12/Jul/2025:16:23:35 +0000] "GET /wp-content/themes/homlane/assets/js/jquery.easing.min.js?ver=2.1.2 HTTP/1.1" 200 1859 "-" "Mozilla/5.0 (Windows NT 10.0; Win64; x64) AppleWebKit/537.36 Chrome/121.0.0.0"
51.222.253.8 - - [12/Jul/2025:16:24:17 +0000] "GET /shopdetail/123373552 HTTP/1.1" 404 11640 "-" "Mozilla/5.0 (compatible; AhrefsBot/7.0; +http://ahrefs.com/robot/)"
51.222.253.9 - - [12/Jul/2025:16:28:54 +0000] "GET /shopdetail/134212052 HTTP/1.1" 404 11640 "-" "Mozilla/5.0 (compatible; AhrefsBot/7.0; +http://ahrefs.com/robot/)"
205.185.116.195 - - [12/Jul/2025:16:29:30 +0000] "GET /wp-login.php HTTP/1.1" 200 2076 "-" "Mozilla/5.0 (Macintosh; Intel Mac OS X 10_10) AppleWebKit/600.1.3 (KHTML, like Gecko) Version/8.0 Safari/600.1.3"
205.185.116.195 - - [12/Jul/2025:16:29:31 +0000] "POST /wp-login.php HTTP/1.1" 200 2172 "-" "Mozilla/5.0 (Macintosh; Intel Mac OS X 10_10) AppleWebKit/600.1.3 (KHTML, like Gecko) Version/8.0 Safari/600.1.3"
51.222.253.15 - - [12/Jul/2025:16:33:27 +0000] "GET /shopdetail/136241552 HTTP/1.1" 404 11640 "-" "Mozilla/5.0 (compatible; AhrefsBot/7.0; +http://ahrefs.com/robot/)"
51.222.253.16 - - [12/Jul/2025:16:38:18 +0000] "GET /shopdetail/147174552 HTTP/1.1" 404 11640 "-" "Mozilla/5.0 (compatible; AhrefsBot/7.0; +http://ahrefs.com/robot/)"
51.222.253.9 - - [12/Jul/2025:16:43:00 +0000] "GET /shopdetail/149800952 HTTP/1.1" 404 11640 "-" "Mozilla/5.0 (compatible; AhrefsBot/7.0; +http://ahrefs.com/robot/)"
66.249.73.103 - - [12/Jul/2025:16:46:47 +0000] "GET /heating-worker-truned-to-your-ac-as-new-type-heater-2/ HTTP/1.1" 200 21856 "-" "Mozilla/5.0 (Linux; Android 6.0.1; Nexus 5X Build/MMB29P) AppleWebKit/537.36 (KHTML, like Gecko) Chrome/137.0.7151.103 Mobile Safari/537.36 (compatible; Googlebot/2.1; +http://www.google.com/bot.html)"
51.222.253.7 - - [12/Jul/2025:16:48:07 +0000] "GET /shopdetail/153785252 HTTP/1.1" 404 11640 "-" "Mozilla/5.0 (compatible; AhrefsBot/7.0; +http://ahrefs.com/robot/)"
51.222.253.16 - - [12/Jul/2025:16:53:16 +0000] "GET /shopdetail/165031052 HTTP/1.1" 404 11640 "-" "Mozilla/5.0 (compatible; AhrefsBot/7.0; +http://ahrefs.com/robot/)"
51.222.253.14 - - [12/Jul/2025:17:02:30 +0000] "GET /shopdetail/182797052 HTTP/1.1" 404 11640 "-" "Mozilla/5.0 (compatible; AhrefsBot/7.0; +http://ahrefs.com/robot/)"
51.222.253.4 - - [12/Jul/2025:17:06:52 +0000] "GET /shopdetail/190674352 HTTP/1.1" 404 11640 "-" "Mozilla/5.0 (compatible; AhrefsBot/7.0; +http://ahrefs.com/robot/)"
138.199.213.207 - - [12/Jul/2025:17:09:43 +0000] "POST /xmlrpc.php HTTP/1.1" 200 225 "-" "Mozilla/5.0 (X11; Ubuntu; Linux x86_64; rv:85.0) Gecko/20100101 Firefox/91.0"
209.74.77.214 - - [12/Jul/2025:17:16:05 +0000] "POST /wp-cron.php?doing_wp_cron=1752340565.4062750339508056640625 HTTP/1.1" 200 - "-" "WordPress/6.8.1; https://topflowroofingplumbing.com.au"
51.222.253.14 - - [12/Jul/2025:17:16:04 +0000] "GET /shopdetail/222676452 HTTP/1.1" 404 11640 "-" "Mozilla/5.0 (compatible; AhrefsBot/7.0; +http://ahrefs.com/robot/)"
51.222.253.8 - - [12/Jul/2025:17:20:25 +0000] "GET /shopdetail/227683252 HTTP/1.1" 404 11640 "-" "Mozilla/5.0 (compatible; AhrefsBot/7.0; +http://ahrefs.com/robot/)"
51.222.253.19 - - [12/Jul/2025:17:24:58 +0000] "GET /shopdetail/227739752 HTTP/1.1" 404 11640 "-" "Mozilla/5.0 (compatible; AhrefsBot/7.0; +http://ahrefs.com/robot/)"
141.95.4.134 - - [12/Jul/2025:17:27:27 +0000] "GET /wp-content/plugins/WordPressCore/include.php HTTP/1.1" 404 11640 "-" "Mozilla/5.0 (Windows NT 10.0; Win64; x64) AppleWebKit/537.36 (KHTML, like Gecko) Chrome/127.0.0.0 Safari/537.36"
141.95.4.134 - - [12/Jul/2025:17:27:28 +0000] "GET /wp-content/plugins/HelloDollyV2/hello_dolly_v2.php HTTP/1.1" 404 11640 "-" "Mozilla/5.0 (Windows NT 10.0; Win64; x64) AppleWebKit/537.36 (KHTML, like Gecko) Chrome/127.0.0.0 Safari/537.36"
51.222.253.6 - - [12/Jul/2025:17:29:15 +0000] "GET /shopdetail/233669452 HTTP/1.1" 404 11640 "-" "Mozilla/5.0 (compatible; AhrefsBot/7.0; +http://ahrefs.com/robot/)"
2001:4ca0:108:42::24 - - [12/Jul/2025:17:30:37 +0000] "GET /robots.txt HTTP/1.1" 304 - "-" "Mozilla/5.0 (Windows NT 10.0; Win64; x64) AppleWebKit/537.36 (KHTML, like Gecko) Chrome/103.0.5060.134 Safari/537.36"
116.90.51.9 - - [12/Jul/2025:17:32:06 +0000] "HEAD / HTTP/1.1" 404 - "-" "Mozilla/5.0 (DomainChecker)"
2a06:98c0:3600::103 - - [12/Jul/2025:17:33:12 +0000] "GET /wp-admin/setup-config.php HTTP/1.1" 409 1144 "-" "Mozilla/5.0 (Windows NT 10.0; Win64; x64) AppleWebKit/537.36 (KHTML, like Gecko) Chrome/137.0.0.0 Safari/537.36"
51.222.253.3 - - [12/Jul/2025:17:33:21 +0000] "GET /shopdetail/274389352 HTTP/1.1" 404 11640 "-" "Mozilla/5.0 (compatible; AhrefsBot/7.0; +http://ahrefs.com/robot/)"
2a06:98c0:3600::103 - - [12/Jul/2025:17:34:03 +0000] "GET /wordpress/wp-admin/setup-config.php HTTP/1.1" 404 11640 "-" "Mozilla/5.0 (Windows NT 10.0; Win64; x64) AppleWebKit/537.36 (KHTML, like Gecko) Chrome/137.0.0.0 Safari/537.36"
51.222.253.10 - - [12/Jul/2025:17:37:41 +0000] "GET /shopdetail/285928952 HTTP/1.1" 404 11640 "-" "Mozilla/5.0 (compatible; AhrefsBot/7.0; +http://ahrefs.com/robot/)"
51.222.253.1 - - [12/Jul/2025:17:42:25 +0000] "GET /shopdetail/305759152 HTTP/1.1" 404 11640 "-" "Mozilla/5.0 (compatible; AhrefsBot/7.0; +http://ahrefs.com/robot/)"
51.222.253.4 - - [12/Jul/2025:17:46:40 +0000] "GET /shopdetail/31792152 HTTP/1.1" 404 11640 "-" "Mozilla/5.0 (compatible; AhrefsBot/7.0; +http://ahrefs.com/robot/)"
170.39.218.50 - - [12/Jul/2025:17:47:55 +0000] "GET /wp-includes/js/dist/hooks.min.js?ver=4d63a3d491d11ffd8ac6 HTTP/1.1" 200 1648 "-" "Mozilla/5.0 (Windows NT 10.0; Win64; x64) AppleWebKit/537.36 Chrome/121.0.0.0"
51.222.253.6 - - [12/Jul/2025:17:54:30 +0000] "GET /shopdetail/360684752 HTTP/1.1" 404 11640 "-" "Mozilla/5.0 (compatible; AhrefsBot/7.0; +http://ahrefs.com/robot/)"
196.251.70.18 - - [12/Jul/2025:17:58:00 +0000] "GET / HTTP/1.1" 404 17435 "-" "Mozilla/5.0 (Windows NT 5.1) AppleWebKit/537.36 (KHTML, like Gecko) Chrome/44.0.2403.130 Safari/537.36"
51.222.253.5 - - [12/Jul/2025:17:58:04 +0000] "GET /shopdetail/377637652 HTTP/1.1" 404 11640 "-" "Mozilla/5.0 (compatible; AhrefsBot/7.0; +http://ahrefs.com/robot/)"
51.222.253.19 - - [12/Jul/2025:18:02:25 +0000] "GET /shopdetail/410509152 HTTP/1.1" 404 11640 "-" "Mozilla/5.0 (compatible; AhrefsBot/7.0; +http://ahrefs.com/robot/)"
51.222.253.11 - - [12/Jul/2025:18:05:58 +0000] "GET /shopdetail/415496852 HTTP/1.1" 404 11640 "-" "Mozilla/5.0 (compatible; AhrefsBot/7.0; +http://ahrefs.com/robot/)"
198.98.58.59 - - [12/Jul/2025:18:07:19 +0000] "GET /wp-login.php HTTP/1.1" 200 2076 "-" "Mozilla/5.0 (Windows NT 6.1; WOW64; rv:24.0) Gecko/20100101 Firefox/24.0"
198.98.58.59 - - [12/Jul/2025:18:09:35 +0000] "POST /wp-login.php HTTP/1.1" 200 2172 "-" "Mozilla/5.0 (Windows NT 6.1; WOW64; rv:24.0) Gecko/20100101 Firefox/24.0"
51.222.253.4 - - [12/Jul/2025:18:09:51 +0000] "GET /shopdetail/429036652 HTTP/1.1" 404 11640 "-" "Mozilla/5.0 (compatible; AhrefsBot/7.0; +http://ahrefs.com/robot/)"
209.74.77.214 - - [12/Jul/2025:18:13:49 +0000] "POST /wp-cron.php?doing_wp_cron=1752344029.4100270271301269531250 HTTP/1.1" 200 - "-" "WordPress/6.8.1; https://topflowroofingplumbing.com.au"
51.222.253.14 - - [12/Jul/2025:18:13:48 +0000] "GET /shopdetail/438147552 HTTP/1.1" 404 11640 "-" "Mozilla/5.0 (compatible; AhrefsBot/7.0; +http://ahrefs.com/robot/)"
66.249.73.103 - - [12/Jul/2025:18:15:47 +0000] "GET /hobby.html HTTP/1.1" 200 23189 "-" "Mozilla/5.0 (Linux; Android 6.0.1; Nexus 5X Build/MMB29P) AppleWebKit/537.36 (KHTML, like Gecko) Chrome/137.0.7151.103 Mobile Safari/537.36 (compatible; Googlebot/2.1; +http://www.google.com/bot.html)"
51.222.253.2 - - [12/Jul/2025:18:17:29 +0000] "GET /shopdetail/446831352 HTTP/1.1" 404 11640 "-" "Mozilla/5.0 (compatible; AhrefsBot/7.0; +http://ahrefs.com/robot/)"
167.99.71.235 - - [12/Jul/2025:18:19:39 +0000] "POST /xmlrpc.php HTTP/1.1" 200 225 "-" "Mozilla/5.0 (X11; Ubuntu; Linux x86_64; rv:85.0) Gecko/20100101 Firefox/91.0"
51.222.253.8 - - [12/Jul/2025:18:21:14 +0000] "GET /shopdetail/461426652 HTTP/1.1" 404 11640 "-" "Mozilla/5.0 (compatible; AhrefsBot/7.0; +http://ahrefs.com/robot/)"
51.222.253.5 - - [12/Jul/2025:18:24:52 +0000] "GET /shopdetail/467130952 HTTP/1.1" 404 11640 "-" "Mozilla/5.0 (compatible; AhrefsBot/7.0; +http://ahrefs.com/robot/)"
45.61.186.113 - - [12/Jul/2025:18:25:23 +0000] "GET /wp-login.php HTTP/1.1" 200 2076 "-" "Mozilla/5.0 (compatible; MSIE 10.0; Windows NT 6.1; WOW64; Trident/6.0)"
45.61.186.113 - - [12/Jul/2025:18:25:32 +0000] "POST /wp-login.php HTTP/1.1" 200 2172 "-" "Mozilla/5.0 (compatible; MSIE 10.0; Windows NT 6.1; WOW64; Trident/6.0)"
51.222.253.11 - - [12/Jul/2025:18:29:20 +0000] "GET /flushing-food-down-the-toilet-be-careful-and-do-best-to-protect/ HTTP/1.1" 404 13334 "-" "Mozilla/5.0 (compatible; AhrefsBot/7.0; +http://ahrefs.com/robot/)"
51.222.253.10 - - [12/Jul/2025:18:35:07 +0000] "GET /the-importance-of-hiring-plumbers-for-your-plumbing-fixes/ HTTP/1.1" 404 13340 "-" "Mozilla/5.0 (compatible; AhrefsBot/7.0; +http://ahrefs.com/robot/)"
51.222.253.10 - - [12/Jul/2025:18:39:50 +0000] "GET /shadow.php?shopdetail/307296752 HTTP/1.1" 404 11640 "-" "Mozilla/5.0 (compatible; AhrefsBot/7.0; +http://ahrefs.com/robot/)"
51.222.253.16 - - [12/Jul/2025:18:44:47 +0000] "GET /shadow.php?shopdetail/308216952 HTTP/1.1" 404 11640 "-" "Mozilla/5.0 (compatible; AhrefsBot/7.0; +http://ahrefs.com/robot/)"
51.222.253.7 - - [12/Jul/2025:18:49:55 +0000] "GET /shadow.php?shopdetail/339050852 HTTP/1.1" 404 11640 "-" "Mozilla/5.0 (compatible; AhrefsBot/7.0; +http://ahrefs.com/robot/)"
51.222.253.5 - - [12/Jul/2025:18:54:14 +0000] "GET /shadow.php?shopdetail/342807052 HTTP/1.1" 404 11640 "-" "Mozilla/5.0 (compatible; AhrefsBot/7.0; +http://ahrefs.com/robot/)"
170.39.218.50 - - [12/Jul/2025:18:55:29 +0000] "GET /wp-content/themes/homlane/assets/js/parallax.min.js?ver=2.1.2 HTTP/1.1" 200 5261 "-" "Mozilla/5.0 (Macintosh; Intel Mac OS X 10_15_7) AppleWebKit/537.36 Chrome/120.0.0.0"
51.222.253.6 - - [12/Jul/2025:18:58:47 +0000] "GET /shadow.php?shopdetail/69767452 HTTP/1.1" 404 11640 "-" "Mozilla/5.0 (compatible; AhrefsBot/7.0; +http://ahrefs.com/robot/)"
51.222.253.12 - - [12/Jul/2025:19:03:10 +0000] "GET /shadow.php?shopdetail/9835152 HTTP/1.1" 404 11640 "-" "Mozilla/5.0 (compatible; AhrefsBot/7.0; +http://ahrefs.com/robot/)"
51.222.253.1 - - [12/Jul/2025:19:07:57 +0000] "GET /shadow.php?shopdetail/9873852 HTTP/1.1" 404 11640 "-" "Mozilla/5.0 (compatible; AhrefsBot/7.0; +http://ahrefs.com/robot/)"
51.222.253.1 - - [12/Jul/2025:19:12:48 +0000] "GET /shopdetail/156714352 HTTP/1.1" 404 11640 "-" "Mozilla/5.0 (compatible; AhrefsBot/7.0; +http://ahrefs.com/robot/)"
51.222.253.17 - - [12/Jul/2025:19:17:33 +0000] "GET /shopdetail/173682752 HTTP/1.1" 404 11640 "-" "Mozilla/5.0 (compatible; AhrefsBot/7.0; +http://ahrefs.com/robot/)"
78.153.140.218 - - [12/Jul/2025:19:20:39 +0000] "GET /.env HTTP/1.1" 404 21 "-" "Mozilla/5.0 (compatible; MSIE 10.0; Windows NT 6.2; Win64; x64; Trident/6.0)"
85.208.96.201 - - [12/Jul/2025:19:21:19 +0000] "GET /robots.txt HTTP/1.1" 200 110 "-" "Mozilla/5.0 (compatible; SemrushBot/7~bl; +http://www.semrush.com/bot.html)"
85.208.96.199 - - [12/Jul/2025:19:21:19 +0000] "GET /air-conditioner-worker-treak-truned-into-your-ac-as-new-type-cooling-3/ HTTP/1.1" 404 14070 "-" "Mozilla/5.0 (compatible; SemrushBot/7~bl; +http://www.semrush.com/bot.html)"
51.222.253.5 - - [12/Jul/2025:19:22:28 +0000] "GET /shopdetail/182576652 HTTP/1.1" 404 11640 "-" "Mozilla/5.0 (compatible; AhrefsBot/7.0; +http://ahrefs.com/robot/)"
51.222.253.5 - - [12/Jul/2025:19:27:26 +0000] "GET /shopdetail/193415452 HTTP/1.1" 404 11640 "-" "Mozilla/5.0 (compatible; AhrefsBot/7.0; +http://ahrefs.com/robot/)"
51.222.253.6 - - [12/Jul/2025:19:32:03 +0000] "GET /shopdetail/200547952 HTTP/1.1" 404 11640 "-" "Mozilla/5.0 (compatible; AhrefsBot/7.0; +http://ahrefs.com/robot/)"
2406:5900:3:6742:a626:bc21:b549:12f8 - - [12/Jul/2025:19:32:34 +0000] "POST /xmlrpc.php HTTP/1.1" 200 225 "-" "Mozilla/5.0 (X11; Ubuntu; Linux x86_64; rv:85.0) Gecko/20100101 Firefox/91.0"
51.222.253.9 - - [12/Jul/2025:19:36:08 +0000] "GET /shopdetail/221748452 HTTP/1.1" 404 11640 "-" "Mozilla/5.0 (compatible; AhrefsBot/7.0; +http://ahrefs.com/robot/)"
142.93.0.66 - - [12/Jul/2025:19:43:06 +0000] "GET / HTTP/1.1" 404 17435 "-" "-"
142.93.0.66 - - [12/Jul/2025:19:43:07 +0000] "GET / HTTP/1.1" 404 17435 "-" "Mozilla/5.0 (Linux; Android 6.0; HTC One M9 Build/MRA615981) AppleWebKit/537.36 (KHTML, like Gecko) Chrome/52.0.3161.98 Mobile Safari/537.3"
142.93.0.66 - - [12/Jul/2025:19:43:07 +0000] "GET /@vite/env HTTP/1.1" 404 11640 "-" "Go-http-client/1.1"
142.93.0.66 - - [12/Jul/2025:19:43:07 +0000] "GET /actuator/env HTTP/1.1" 404 11640 "-" "Go-http-client/1.1"
142.93.0.66 - - [12/Jul/2025:19:43:08 +0000] "GET /server HTTP/1.1" 404 11640 "-" "Go-http-client/1.1"
142.93.0.66 - - [12/Jul/2025:19:43:08 +0000] "GET /version HTTP/1.1" 404 11640 "-" "Go-http-client/1.1"
142.93.0.66 - - [12/Jul/2025:19:43:09 +0000] "GET /.vscode/sftp.json HTTP/1.1" 404 11640 "-" "Go-http-client/1.1"
142.93.0.66 - - [12/Jul/2025:19:43:09 +0000] "GET /about HTTP/1.1" 404 21 "-" "Go-http-client/1.1"
142.93.0.66 - - [12/Jul/2025:19:43:09 +0000] "GET /debug/default/view?panel=config HTTP/1.1" 404 11640 "-" "Go-http-client/1.1"
142.93.0.66 - - [12/Jul/2025:19:43:10 +0000] "GET /v2/_catalog HTTP/1.1" 404 11640 "-" "Go-http-client/1.1"
142.93.0.66 - - [12/Jul/2025:19:43:10 +0000] "GET /ecp/Current/exporttool/microsoft.exchange.ediscovery.exporttool.application HTTP/1.1" 404 11640 "-" "Go-http-client/1.1"
142.93.0.66 - - [12/Jul/2025:19:43:10 +0000] "GET /server-status HTTP/1.1" 404 11640 "-" "Go-http-client/1.1"
142.93.0.66 - - [12/Jul/2025:19:43:11 +0000] "GET /login.action HTTP/1.1" 404 11640 "-" "Go-http-client/1.1"
142.93.0.66 - - [12/Jul/2025:19:43:11 +0000] "GET /_all_dbs HTTP/1.1" 404 11640 "-" "Mozilla/5.0 (l9scan/2.0.33e27393e2431313e2838313; +https://leakix.net)"
142.93.0.66 - - [12/Jul/2025:19:43:11 +0000] "GET /.DS_Store HTTP/1.1" 404 11640 "-" "Go-http-client/1.1"
142.93.0.66 - - [12/Jul/2025:19:43:12 +0000] "GET /.env HTTP/1.1" 404 11640 "-" "Go-http-client/1.1"
142.93.0.66 - - [12/Jul/2025:19:43:12 +0000] "GET /.git/config HTTP/1.1" 404 11640 "-" "Go-http-client/1.1"
142.93.0.66 - - [12/Jul/2025:19:43:12 +0000] "GET /s/33e27393e2431313e2838313/_/;/META-INF/maven/com.atlassian.jira/jira-webapp-dist/pom.properties HTTP/1.1" 404 11640 "-" "Go-http-client/1.1"
142.93.0.66 - - [12/Jul/2025:19:43:13 +0000] "GET /config.json HTTP/1.1" 404 11640 "-" "Go-http-client/1.1"
142.93.0.66 - - [12/Jul/2025:19:43:13 +0000] "GET /telescope/requests HTTP/1.1" 404 11640 "-" "Go-http-client/1.1"
142.93.0.66 - - [12/Jul/2025:19:43:13 +0000] "GET /info.php HTTP/1.1" 404 11640 "-" "Go-http-client/1.1"
142.93.0.66 - - [12/Jul/2025:19:43:14 +0000] "GET /?rest_route=/wp/v2/users/ HTTP/1.1" 404 364 "-" "Go-http-client/1.1"
51.222.253.13 - - [12/Jul/2025:19:45:00 +0000] "GET /shopdetail/26125652 HTTP/1.1" 404 11640 "-" "Mozilla/5.0 (compatible; AhrefsBot/7.0; +http://ahrefs.com/robot/)"
66.249.73.103 - - [12/Jul/2025:19:45:50 +0000] "GET /books.html HTTP/1.1" 200 21655 "-" "Mozilla/5.0 (Linux; Android 6.0.1; Nexus 5X Build/MMB29P) AppleWebKit/537.36 (KHTML, like Gecko) Chrome/137.0.7151.103 Mobile Safari/537.36 (compatible; Googlebot/2.1; +http://www.google.com/bot.html)"
66.249.73.97 - - [12/Jul/2025:19:46:32 +0000] "POST /get-message-notify HTTP/1.1" 200 20734 "https://topflowroofingplumbing.com.au/books.html" "Mozilla/5.0 (Linux; Android 6.0.1; Nexus 5X Build/MMB29P) AppleWebKit/537.36 (KHTML, like Gecko) Chrome/137.0.7151.119 Mobile Safari/537.36 (compatible; Googlebot/2.1; +http://www.google.com/bot.html)"
51.222.253.10 - - [12/Jul/2025:19:49:24 +0000] "GET /shopdetail/284084952 HTTP/1.1" 404 11640 "-" "Mozilla/5.0 (compatible; AhrefsBot/7.0; +http://ahrefs.com/robot/)"
51.222.253.17 - - [12/Jul/2025:19:58:05 +0000] "GET /shopdetail/326058052 HTTP/1.1" 404 11640 "-" "Mozilla/5.0 (compatible; AhrefsBot/7.0; +http://ahrefs.com/robot/)"
213.202.68.104 - - [12/Jul/2025:19:58:35 +0000] "POST /xmlrpc.php HTTP/1.1" 200 206 "-" "Mozilla/5.0 (Windows NT 10.0; Win64; x64) AppleWebKit/537.36 (KHTML, like Gecko) Chrome/91.0.4472.124 Safari/537.36"
45.61.185.238 - - [12/Jul/2025:19:59:46 +0000] "GET /wp-login.php HTTP/1.1" 200 2076 "-" "Mozilla/5.0 (Macintosh; Intel Mac OS X 10_10_0) AppleWebKit/537.36 (KHTML, like Gecko) Chrome/36.0.1985.125 Safari/537.36"
45.61.185.238 - - [12/Jul/2025:19:59:49 +0000] "POST /wp-login.php HTTP/1.1" 200 2172 "-" "Mozilla/5.0 (Macintosh; Intel Mac OS X 10_10_0) AppleWebKit/537.36 (KHTML, like Gecko) Chrome/36.0.1985.125 Safari/537.36"
51.222.253.9 - - [12/Jul/2025:20:02:40 +0000] "GET /shopdetail/347719652 HTTP/1.1" 404 11640 "-" "Mozilla/5.0 (compatible; AhrefsBot/7.0; +http://ahrefs.com/robot/)"
51.222.253.2 - - [12/Jul/2025:20:07:31 +0000] "GET /general-maintenance-for-your-water-heater/ HTTP/1.1" 404 13279 "-" "Mozilla/5.0 (compatible; AhrefsBot/7.0; +http://ahrefs.com/robot/)"
51.222.253.7 - - [12/Jul/2025:20:12:02 +0000] "GET /author/TopFlow/page/6/ HTTP/1.1" 404 12255 "-" "Mozilla/5.0 (compatible; AhrefsBot/7.0; +http://ahrefs.com/robot/)"
209.74.77.214 - - [12/Jul/2025:20:15:49 +0000] "POST /wp-cron.php?doing_wp_cron=1752351349.7616150379180908203125 HTTP/1.1" 200 - "-" "WordPress/6.8.1; https://topflowroofingplumbing.com.au"
51.222.253.17 - - [12/Jul/2025:20:15:48 +0000] "GET /shadow.php?shopdetail/261253852 HTTP/1.1" 404 11640 "-" "Mozilla/5.0 (compatible; AhrefsBot/7.0; +http://ahrefs.com/robot/)"
51.222.253.4 - - [12/Jul/2025:20:22:58 +0000] "GET /shopdetail/14676452 HTTP/1.1" 404 11640 "-" "Mozilla/5.0 (compatible; AhrefsBot/7.0; +http://ahrefs.com/robot/)"
51.222.253.20 - - [12/Jul/2025:20:27:00 +0000] "GET /shopdetail/160006652 HTTP/1.1" 404 11640 "-" "Mozilla/5.0 (compatible; AhrefsBot/7.0; +http://ahrefs.com/robot/)"
51.222.253.19 - - [12/Jul/2025:20:30:26 +0000] "GET /shopdetail/214795852 HTTP/1.1" 404 11640 "-" "Mozilla/5.0 (compatible; AhrefsBot/7.0; +http://ahrefs.com/robot/)"
170.39.218.50 - - [12/Jul/2025:20:30:32 +0000] "GET /wp-includes/js/jquery/ui/core.min.js?ver=1.13.3 HTTP/1.1" 200 7106 "-" "Mozilla/5.0 (Macintosh; Intel Mac OS X 10_15_7) AppleWebKit/537.36 Chrome/120.0.0.0"
51.222.253.7 - - [12/Jul/2025:20:33:41 +0000] "GET /shopdetail/230692452 HTTP/1.1" 404 11640 "-" "Mozilla/5.0 (compatible; AhrefsBot/7.0; +http://ahrefs.com/robot/)"
51.222.253.6 - - [12/Jul/2025:20:37:11 +0000] "GET /shopdetail/252855552 HTTP/1.1" 404 11640 "-" "Mozilla/5.0 (compatible; AhrefsBot/7.0; +http://ahrefs.com/robot/)"
51.222.253.10 - - [12/Jul/2025:20:40:40 +0000] "GET /shopdetail/258609452 HTTP/1.1" 404 11640 "-" "Mozilla/5.0 (compatible; AhrefsBot/7.0; +http://ahrefs.com/robot/)"
51.222.253.11 - - [12/Jul/2025:20:47:27 +0000] "GET /shopdetail/398771052 HTTP/1.1" 404 11640 "-" "Mozilla/5.0 (compatible; AhrefsBot/7.0; +http://ahrefs.com/robot/)"
51.222.253.5 - - [12/Jul/2025:20:50:56 +0000] "GET /shopdetail/41346052 HTTP/1.1" 404 11640 "-" "Mozilla/5.0 (compatible; AhrefsBot/7.0; +http://ahrefs.com/robot/)"
51.222.253.2 - - [12/Jul/2025:20:54:44 +0000] "GET /shopdetail/424684052 HTTP/1.1" 404 11640 "-" "Mozilla/5.0 (compatible; AhrefsBot/7.0; +http://ahrefs.com/robot/)"
51.222.253.1 - - [12/Jul/2025:21:03:02 +0000] "GET /shopdetail/456212152 HTTP/1.1" 404 1005 "-" "Mozilla/5.0 (compatible; AhrefsBot/7.0; +http://ahrefs.com/robot/)"
51.222.253.8 - - [12/Jul/2025:21:09:28 +0000] "GET /shopdetail/462938852 HTTP/1.1" 404 11640 "-" "Mozilla/5.0 (compatible; AhrefsBot/7.0; +http://ahrefs.com/robot/)"
170.39.218.50 - - [12/Jul/2025:21:15:22 +0000] "GET /wp-includes/js/dist/i18n.min.js?ver=5e580eb46a90c2b997e6 HTTP/1.1" 200 3667 "-" "Mozilla/5.0 (Windows NT 10.0; Win64; x64) AppleWebKit/537.36 Chrome/121.0.0.0"
66.249.73.103 - - [12/Jul/2025:21:15:47 +0000] "GET /robots.txt HTTP/1.1" 304 - "-" "Mozilla/5.0 (compatible; Googlebot/2.1; +http://www.google.com/bot.html)"
66.249.73.96 - - [12/Jul/2025:21:15:47 +0000] "GET /author/topflow/ HTTP/1.1" 200 20650 "-" "Mozilla/5.0 (Linux; Android 6.0.1; Nexus 5X Build/MMB29P) AppleWebKit/537.36 (KHTML, like Gecko) Chrome/137.0.7151.103 Mobile Safari/537.36 (compatible; Googlebot/2.1; +http://www.google.com/bot.html)"
209.74.77.214 - - [12/Jul/2025:21:15:54 +0000] "POST /wp-cron.php?doing_wp_cron=1752354954.0360839366912841796875 HTTP/1.1" 200 - "-" "WordPress/6.8.1; https://topflowroofingplumbing.com.au"
51.222.253.1 - - [12/Jul/2025:21:15:53 +0000] "GET /shopdetail/472280552 HTTP/1.1" 404 11640 "-" "Mozilla/5.0 (compatible; AhrefsBot/7.0; +http://ahrefs.com/robot/)"
51.222.253.20 - - [12/Jul/2025:21:22:34 +0000] "GET /shopdetail/477328752 HTTP/1.1" 404 11640 "-" "Mozilla/5.0 (compatible; AhrefsBot/7.0; +http://ahrefs.com/robot/)"
51.222.253.7 - - [12/Jul/2025:21:29:44 +0000] "GET /shopdetail/479177952 HTTP/1.1" 404 11640 "-" "Mozilla/5.0 (compatible; AhrefsBot/7.0; +http://ahrefs.com/robot/)"
51.222.253.5 - - [12/Jul/2025:21:35:49 +0000] "GET /shopdetail/496979152 HTTP/1.1" 404 11640 "-" "Mozilla/5.0 (compatible; AhrefsBot/7.0; +http://ahrefs.com/robot/)"
51.222.253.3 - - [12/Jul/2025:21:41:30 +0000] "GET /shopdetail/497846052 HTTP/1.1" 404 11640 "-" "Mozilla/5.0 (compatible; AhrefsBot/7.0; +http://ahrefs.com/robot/)"
51.222.253.14 - - [12/Jul/2025:21:47:10 +0000] "GET /shopdetail/499715852 HTTP/1.1" 404 11640 "-" "Mozilla/5.0 (compatible; AhrefsBot/7.0; +http://ahrefs.com/robot/)"
51.222.253.6 - - [12/Jul/2025:21:53:18 +0000] "GET /shopdetail/512016752 HTTP/1.1" 404 11640 "-" "Mozilla/5.0 (compatible; AhrefsBot/7.0; +http://ahrefs.com/robot/)"
51.222.253.4 - - [12/Jul/2025:21:59:45 +0000] "GET /shopdetail/52889052 HTTP/1.1" 404 11640 "-" "Mozilla/5.0 (compatible; AhrefsBot/7.0; +http://ahrefs.com/robot/)"
51.222.253.11 - - [12/Jul/2025:22:08:14 +0000] "GET /job-details/ HTTP/1.1" 404 13927 "-" "Mozilla/5.0 (compatible; AhrefsBot/7.0; +http://ahrefs.com/robot/)"
51.222.253.14 - - [12/Jul/2025:22:11:59 +0000] "GET /a-good-lawn-always-adds-value-to-your-property/ HTTP/1.1" 404 13305 "-" "Mozilla/5.0 (compatible; AhrefsBot/7.0; +http://ahrefs.com/robot/)"
209.74.77.214 - - [12/Jul/2025:22:15:46 +0000] "POST /wp-cron.php?doing_wp_cron=1752358545.8597359657287597656250 HTTP/1.1" 200 - "-" "WordPress/6.8.1; https://topflowroofingplumbing.com.au"
51.222.253.15 - - [12/Jul/2025:22:15:44 +0000] "GET /heating-worker-truned-to-your-ac-as-new-type-heater-5/ HTTP/1.1" 404 13309 "-" "Mozilla/5.0 (compatible; AhrefsBot/7.0; +http://ahrefs.com/robot/)"
2a06:98c0:3600::103 - - [12/Jul/2025:22:16:03 +0000] "GET /wp-admin/setup-config.php HTTP/1.1" 409 1144 "-" "Mozilla/5.0 (Windows NT 10.0; Win64; x64) AppleWebKit/537.36 (KHTML, like Gecko) Chrome/137.0.0.0 Safari/537.36"
2a06:98c0:3600::103 - - [12/Jul/2025:22:17:13 +0000] "GET /wordpress/wp-admin/setup-config.php HTTP/1.1" 404 11640 "-" "Mozilla/5.0 (Windows NT 10.0; Win64; x64) AppleWebKit/537.36 (KHTML, like Gecko) Chrome/137.0.0.0 Safari/537.36"