13.94.97.122 - - [16/Jul/2025:06:00:41 +0000] "GET /install.php HTTP/1.1" 404 44350 "-" "-"
13.94.97.122 - - [16/Jul/2025:06:00:42 +0000] "GET /wp-content/uploads/wp.php HTTP/1.1" 404 44350 "-" "-"
13.94.97.122 - - [16/Jul/2025:06:00:42 +0000] "GET /default.php HTTP/1.1" 404 44350 "-" "-"
13.94.97.122 - - [16/Jul/2025:06:00:42 +0000] "GET /wp-admin/chosen.php HTTP/1.1" 404 44350 "-" "-"
13.94.97.122 - - [16/Jul/2025:06:00:43 +0000] "GET /wp-content/upgrade/admin.php HTTP/1.1" 404 44350 "-" "-"
13.94.97.122 - - [16/Jul/2025:06:00:43 +0000] "GET /.well-known/gecko-litespeed.php HTTP/1.1" 404 44350 "-" "-"
13.94.97.122 - - [16/Jul/2025:06:00:43 +0000] "GET /item.php HTTP/1.1" 404 44350 "-" "-"
13.94.97.122 - - [16/Jul/2025:06:00:44 +0000] "GET /wp-includes/js/about.php HTTP/1.1" 404 44350 "-" "-"
13.94.97.122 - - [16/Jul/2025:06:00:44 +0000] "GET /as/function.php HTTP/1.1" 404 44350 "-" "-"
13.94.97.122 - - [16/Jul/2025:06:00:44 +0000] "GET /.well-known/pki-validation/dropdown.php HTTP/1.1" 404 - "-" "-"
13.94.97.122 - - [16/Jul/2025:06:00:44 +0000] "GET /wp-content/themes/file.php HTTP/1.1" 404 44350 "-" "-"
13.94.97.122 - - [16/Jul/2025:06:00:45 +0000] "GET /doc.php HTTP/1.1" 404 44350 "-" "-"
13.94.97.122 - - [16/Jul/2025:06:00:45 +0000] "GET /.well-known/pki-validation/index.php HTTP/1.1" 404 - "-" "-"
13.94.97.122 - - [16/Jul/2025:06:00:45 +0000] "GET /k.php HTTP/1.1" 404 44350 "-" "-"
13.94.97.122 - - [16/Jul/2025:06:00:45 +0000] "GET /2.php HTTP/1.1" 404 44350 "-" "-"
13.94.97.122 - - [16/Jul/2025:06:00:46 +0000] "GET /wp-content/themes/admin.php HTTP/1.1" 404 44350 "-" "-"
13.94.97.122 - - [16/Jul/2025:06:00:46 +0000] "GET /wp-content/themes/twentytwentytwo/index.php HTTP/1.1" 301 - "-" "-"
13.94.97.122 - - [16/Jul/2025:06:00:46 +0000] "GET /wp-content/themes/twentytwentytwo/ HTTP/1.1" 404 44350 "-" "-"
13.94.97.122 - - [16/Jul/2025:06:00:46 +0000] "GET /wp-content/themes/about.php HTTP/1.1" 404 44350 "-" "-"
13.94.97.122 - - [16/Jul/2025:06:00:47 +0000] "GET /wp-admin/css/colors/blue/atomlib.php HTTP/1.1" 404 44350 "-" "-"
13.94.97.122 - - [16/Jul/2025:06:00:47 +0000] "GET /packed.php HTTP/1.1" 404 44350 "-" "-"
13.94.97.122 - - [16/Jul/2025:06:00:47 +0000] "GET /wp-includes/pomo/about.php HTTP/1.1" 404 44350 "-" "-"
13.94.97.122 - - [16/Jul/2025:06:00:47 +0000] "GET /moon.php HTTP/1.1" 404 44350 "-" "-"
13.94.97.122 - - [16/Jul/2025:06:00:48 +0000] "GET /wp-admin/classwithtostring.php HTTP/1.1" 404 44350 "-" "-"
13.94.97.122 - - [16/Jul/2025:06:00:48 +0000] "GET /wp-content/themes/pridmag/db.php HTTP/1.1" 404 44350 "-" "-"
13.94.97.122 - - [16/Jul/2025:06:00:49 +0000] "GET /system.php HTTP/1.1" 404 44350 "-" "-"
13.94.97.122 - - [16/Jul/2025:06:00:49 +0000] "GET /file.php HTTP/1.1" 404 44350 "-" "-"
13.94.97.122 - - [16/Jul/2025:06:00:49 +0000] "GET /wp-includes/style-engine/index.php HTTP/1.1" 301 - "-" "-"
13.94.97.122 - - [16/Jul/2025:06:00:50 +0000] "GET /wp-includes/style-engine/ HTTP/1.1" 404 44350 "-" "-"
13.94.97.122 - - [16/Jul/2025:06:00:50 +0000] "GET /wp-admin/images/file.php HTTP/1.1" 404 44350 "-" "-"
13.94.97.122 - - [16/Jul/2025:06:00:50 +0000] "GET /wp-admin/function.php HTTP/1.1" 404 44350 "-" "-"
13.94.97.122 - - [16/Jul/2025:06:00:51 +0000] "GET /wp-includes/IXR/about.php HTTP/1.1" 404 44350 "-" "-"
13.94.97.122 - - [16/Jul/2025:06:00:51 +0000] "GET /mar.php HTTP/1.1" 404 44350 "-" "-"
13.94.97.122 - - [16/Jul/2025:06:00:51 +0000] "GET /wp-content/cong.php HTTP/1.1" 404 44350 "-" "-"
13.94.97.122 - - [16/Jul/2025:06:00:51 +0000] "GET /wp-content/plugins/linkpreview/db.php?u HTTP/1.1" 404 44356 "-" "-"
13.94.97.122 - - [16/Jul/2025:06:00:52 +0000] "GET /wp-includes/block-supports/about.php HTTP/1.1" 404 44350 "-" "-"
154.195.97.206 - - [16/Jul/2025:06:16:43 +0000] "GET /lms-wordpress-plugin/ HTTP/1.0" 200 69368 "http://abl.academy/lms-wordpress-plugin/" "Mozilla/5.0 (Windows NT 10.0; Win64; x64) AppleWebKit/537.36 (KHTML, like Gecko) Chrome/129.0.0.0 Safari/537.36"
154.195.97.206 - - [16/Jul/2025:06:16:44 +0000] "POST /wp-comments-post.php HTTP/1.0" 302 - "http://abl.academy/lms-wordpress-plugin/" "Mozilla/5.0 (Windows NT 10.0; Win64; x64) AppleWebKit/537.36 (KHTML, like Gecko) Chrome/129.0.0.0 Safari/537.36"
209.74.77.214 - - [16/Jul/2025:06:20:04 +0000] "POST /wp-cron.php?doing_wp_cron=1752646804.0344200134277343750000 HTTP/1.1" 200 - "-" "WordPress/6.8.2; https://abl.academy"
66.249.65.203 - - [16/Jul/2025:06:20:02 +0000] "GET /sitemapl.xml HTTP/1.1" 404 9559 "-" "Mozilla/5.0 (compatible; Googlebot/2.1; +http://www.google.com/bot.html)"
5.255.231.65 - - [16/Jul/2025:06:56:08 +0000] "GET /robots.txt HTTP/1.1" 200 285 "-" "Mozilla/5.0 (compatible; YandexBot/3.0; +http://yandex.com/bots)"
209.74.77.214 - - [16/Jul/2025:06:56:10 +0000] "POST /wp-cron.php?doing_wp_cron=1752648970.6351211071014404296875 HTTP/1.1" 200 - "-" "WordPress/6.8.2; https://abl.academy"
95.108.213.126 - - [16/Jul/2025:06:56:09 +0000] "GET /shadow.php?shopdetail/198948549 HTTP/1.1" 404 9558 "-" "Mozilla/5.0 (compatible; YandexBot/3.0; +http://yandex.com/bots)"
66.249.65.204 - - [16/Jul/2025:07:32:50 +0000] "GET /robots.txt HTTP/1.1" 200 114 "-" "Mozilla/5.0 (compatible; Googlebot/2.1; +http://www.google.com/bot.html)"
209.74.77.214 - - [16/Jul/2025:07:32:52 +0000] "POST /wp-cron.php?doing_wp_cron=1752651172.4136979579925537109375 HTTP/1.1" 200 - "-" "WordPress/6.8.2; https://abl.academy"
66.249.65.204 - - [16/Jul/2025:07:32:50 +0000] "GET /sitemapg.xml HTTP/1.1" 404 9558 "-" "Mozilla/5.0 (compatible; Googlebot/2.1; +http://www.google.com/bot.html)"
66.249.65.204 - - [16/Jul/2025:07:40:48 +0000] "GET /robots.txt HTTP/1.1" 200 114 "-" "Mozilla/5.0 (compatible; Googlebot/2.1; +http://www.google.com/bot.html)"
209.74.77.214 - - [16/Jul/2025:07:40:50 +0000] "POST /wp-cron.php?doing_wp_cron=1752651650.1331710815429687500000 HTTP/1.1" 200 - "-" "WordPress/6.8.2; https://abl.academy"
66.249.65.204 - - [16/Jul/2025:07:40:48 +0000] "GET /item/attri50514356/ HTTP/1.1" 404 9558 "-" "Mozilla/5.0 (Linux; Android 6.0.1; Nexus 5X Build/MMB29P) AppleWebKit/537.36 (KHTML, like Gecko) Chrome/137.0.7151.103 Mobile Safari/537.36 (compatible; Googlebot/2.1; +http://www.google.com/bot.html)"
66.249.65.202 - - [16/Jul/2025:07:42:37 +0000] "GET /robots.txt HTTP/1.1" 200 114 "-" "Mozilla/5.0 (compatible; Googlebot/2.1; +http://www.google.com/bot.html)"
66.249.65.202 - - [16/Jul/2025:07:42:37 +0000] "GET /item/adapt50653988/ HTTP/1.1" 404 9558 "-" "Mozilla/5.0 (Linux; Android 6.0.1; Nexus 5X Build/MMB29P) AppleWebKit/537.36 (KHTML, like Gecko) Chrome/137.0.7151.103 Mobile Safari/537.36 (compatible; Googlebot/2.1; +http://www.google.com/bot.html)"
66.249.65.202 - - [16/Jul/2025:07:43:54 +0000] "GET /robots.txt HTTP/1.1" 200 114 "-" "Mozilla/5.0 (compatible; Googlebot/2.1; +http://www.google.com/bot.html)"
209.74.77.214 - - [16/Jul/2025:07:43:56 +0000] "POST /wp-cron.php?doing_wp_cron=1752651836.1935811042785644531250 HTTP/1.1" 200 - "-" "WordPress/6.8.2; https://abl.academy"
66.249.65.203 - - [16/Jul/2025:07:43:54 +0000] "GET /item/neigh22165617/ HTTP/1.1" 404 9559 "-" "Mozilla/5.0 (Linux; Android 6.0.1; Nexus 5X Build/MMB29P) AppleWebKit/537.36 (KHTML, like Gecko) Chrome/137.0.7151.103 Mobile Safari/537.36 (compatible; Googlebot/2.1; +http://www.google.com/bot.html)"
209.74.77.214 - - [16/Jul/2025:07:55:57 +0000] "POST /wp-cron.php?doing_wp_cron=1752652557.8204679489135742187500 HTTP/1.1" 200 - "-" "WordPress/6.8.2; https://abl.academy"
154.195.97.206 - - [16/Jul/2025:07:55:56 +0000] "GET /lms-wordpress-plugin/ HTTP/1.0" 200 69368 "http://abl.academy/lms-wordpress-plugin/" "Mozilla/5.0 (Windows NT 10.0; Win64; x64) AppleWebKit/537.36 (KHTML, like Gecko) Chrome/129.0.0.0 Safari/537.36"
154.195.97.206 - - [16/Jul/2025:07:55:58 +0000] "POST /wp-comments-post.php HTTP/1.0" 302 - "http://abl.academy/lms-wordpress-plugin/" "Mozilla/5.0 (Windows NT 10.0; Win64; x64) AppleWebKit/537.36 (KHTML, like Gecko) Chrome/129.0.0.0 Safari/537.36"
209.74.77.214 - - [16/Jul/2025:07:59:35 +0000] "POST /wp-cron.php?doing_wp_cron=1752652775.2144770622253417968750 HTTP/1.1" 200 - "-" "WordPress/6.8.2; https://abl.academy"
66.249.65.202 - - [16/Jul/2025:07:59:33 +0000] "GET /sitemapc.xml HTTP/1.1" 404 9559 "-" "Mozilla/5.0 (compatible; Googlebot/2.1; +http://www.google.com/bot.html)"
209.74.77.214 - - [16/Jul/2025:07:59:59 +0000] "POST /wp-cron.php?doing_wp_cron=1752652799.8568680286407470703125 HTTP/1.1" 200 - "-" "WordPress/6.8.2; https://abl.academy"
66.249.65.203 - - [16/Jul/2025:07:59:59 +0000] "GET /sitemape.xml HTTP/1.1" 404 9558 "-" "Mozilla/5.0 (compatible; Googlebot/2.1; +http://www.google.com/bot.html)"
209.74.77.214 - - [16/Jul/2025:08:24:36 +0000] "POST /wp-cron.php?doing_wp_cron=1752654276.3286209106445312500000 HTTP/1.1" 200 - "-" "WordPress/6.8.2; https://abl.academy"
66.249.65.202 - - [16/Jul/2025:08:24:34 +0000] "GET /item/clums51337868/ HTTP/1.1" 404 9558 "-" "Mozilla/5.0 (Linux; Android 6.0.1; Nexus 5X Build/MMB29P) AppleWebKit/537.36 (KHTML, like Gecko) Chrome/137.0.7151.103 Mobile Safari/537.36 (compatible; Googlebot/2.1; +http://www.google.com/bot.html)"
209.74.77.214 - - [16/Jul/2025:08:55:40 +0000] "POST /wp-cron.php?doing_wp_cron=1752656140.7459859848022460937500 HTTP/1.1" 200 - "-" "WordPress/6.8.2; https://abl.academy"
43.167.245.18 - - [16/Jul/2025:08:55:38 +0000] "GET / HTTP/1.1" 301 - "-" "Mozilla/5.0 (iPhone; CPU iPhone OS 13_2_3 like Mac OS X) AppleWebKit/605.1.15 (KHTML, like Gecko) Version/13.0.3 Mobile/15E148 Safari/604.1"
209.74.77.214 - - [16/Jul/2025:09:05:38 +0000] "POST /wp-cron.php?doing_wp_cron=1752656738.1562759876251220703125 HTTP/1.1" 200 - "-" "WordPress/6.8.2; https://abl.academy"
66.249.65.202 - - [16/Jul/2025:09:05:36 +0000] "GET /item/usefu22200281/ HTTP/1.1" 404 9559 "-" "Mozilla/5.0 (Linux; Android 6.0.1; Nexus 5X Build/MMB29P) AppleWebKit/537.36 (KHTML, like Gecko) Chrome/137.0.7151.103 Mobile Safari/537.36 (compatible; Googlebot/2.1; +http://www.google.com/bot.html)"
209.74.77.214 - - [16/Jul/2025:09:06:57 +0000] "POST /wp-cron.php?doing_wp_cron=1752656817.0892539024353027343750 HTTP/1.1" 200 - "-" "WordPress/6.8.2; https://abl.academy"
43.163.206.70 - - [16/Jul/2025:09:06:55 +0000] "GET / HTTP/1.1" 301 - "-" "Mozilla/5.0 (iPhone; CPU iPhone OS 13_2_3 like Mac OS X) AppleWebKit/605.1.15 (KHTML, like Gecko) Version/13.0.3 Mobile/15E148 Safari/604.1"
66.249.65.202 - - [16/Jul/2025:09:16:57 +0000] "GET /item/roast50582452/ HTTP/1.1" 200 40947 "-" "Mozilla/5.0 (Linux; Android 6.0.1; Nexus 5X Build/MMB29P) AppleWebKit/537.36 (KHTML, like Gecko) Chrome/137.0.7151.103 Mobile Safari/537.36 (compatible; Googlebot/2.1; +http://www.google.com/bot.html)"
66.249.65.204 - - [16/Jul/2025:09:18:09 +0000] "GET /item/unfor22979689/ HTTP/1.1" 200 39922 "-" "Mozilla/5.0 (Linux; Android 6.0.1; Nexus 5X Build/MMB29P) AppleWebKit/537.36 (KHTML, like Gecko) Chrome/137.0.7151.103 Mobile Safari/537.36 (compatible; Googlebot/2.1; +http://www.google.com/bot.html)"
66.249.65.202 - - [16/Jul/2025:09:19:20 +0000] "GET /item/uniqu32666074/ HTTP/1.1" 200 40602 "-" "Mozilla/5.0 (Linux; Android 6.0.1; Nexus 5X Build/MMB29P) AppleWebKit/537.36 (KHTML, like Gecko) Chrome/137.0.7151.103 Mobile Safari/537.36 (compatible; Googlebot/2.1; +http://www.google.com/bot.html)"
66.249.65.203 - - [16/Jul/2025:09:32:11 +0000] "GET /sitemapj.xml HTTP/1.1" 200 12366 "-" "Mozilla/5.0 (compatible; Googlebot/2.1; +http://www.google.com/bot.html)"
66.249.65.204 - - [16/Jul/2025:09:33:39 +0000] "GET /sitemapo.xml HTTP/1.1" 200 10191 "-" "Mozilla/5.0 (compatible; Googlebot/2.1; +http://www.google.com/bot.html)"
66.249.65.203 - - [16/Jul/2025:09:36:34 +0000] "GET /sitemaph.xml HTTP/1.1" 200 16640 "-" "Mozilla/5.0 (compatible; Googlebot/2.1; +http://www.google.com/bot.html)"
209.74.77.214 - - [16/Jul/2025:09:37:27 +0000] "POST /wp-cron.php?doing_wp_cron=1752658647.4612140655517578125000 HTTP/1.1" 200 - "-" "WordPress/6.8.2; https://abl.academy"
154.195.155.206 - - [16/Jul/2025:09:37:27 +0000] "GET /lms-wordpress-plugin/ HTTP/1.0" 200 69368 "http://abl.academy/lms-wordpress-plugin/" "Mozilla/5.0 (Windows NT 10.0; Win64; x64) AppleWebKit/537.36 (KHTML, like Gecko) Chrome/130.0.0.0 Safari/537.36"
154.195.155.206 - - [16/Jul/2025:09:37:28 +0000] "POST /wp-comments-post.php HTTP/1.0" 302 - "http://abl.academy/lms-wordpress-plugin/" "Mozilla/5.0 (Windows NT 10.0; Win64; x64) AppleWebKit/537.36 (KHTML, like Gecko) Chrome/130.0.0.0 Safari/537.36"
209.74.77.214 - - [16/Jul/2025:09:38:02 +0000] "POST /wp-cron.php?doing_wp_cron=1752658682.6003921031951904296875 HTTP/1.1" 200 - "-" "WordPress/6.8.2; https://abl.academy"
117.62.235.53 - - [16/Jul/2025:09:38:01 +0000] "GET / HTTP/1.1" 301 - "-" "Mozilla/5.0 (iPhone; CPU iPhone OS 13_2_3 like Mac OS X) AppleWebKit/605.1.15 (KHTML, like Gecko) Version/13.0.3 Mobile/15E148 Safari/604.1"
5.255.231.40 - - [16/Jul/2025:09:43:51 +0000] "GET /robots.txt HTTP/1.1" 200 285 "-" "Mozilla/5.0 (compatible; YandexBot/3.0; +http://yandex.com/bots)"
209.74.77.214 - - [16/Jul/2025:09:43:53 +0000] "POST /wp-cron.php?doing_wp_cron=1752659033.8964929580688476562500 HTTP/1.1" 200 - "-" "WordPress/6.8.2; https://abl.academy"
5.255.231.92 - - [16/Jul/2025:09:43:52 +0000] "GET /shopdetail/293876049 HTTP/1.1" 404 9558 "-" "Mozilla/5.0 (compatible; YandexBot/3.0; +http://yandex.com/bots)"
66.249.65.202 - - [16/Jul/2025:10:03:36 +0000] "GET /item/blade50750820/ HTTP/1.1" 200 40228 "-" "Mozilla/5.0 (Linux; Android 6.0.1; Nexus 5X Build/MMB29P) AppleWebKit/537.36 (KHTML, like Gecko) Chrome/137.0.7151.103 Mobile Safari/537.36 (compatible; Googlebot/2.1; +http://www.google.com/bot.html)"
66.249.65.204 - - [16/Jul/2025:10:03:36 +0000] "GET /item/fancy21018385/ HTTP/1.1" 200 40926 "-" "Mozilla/5.0 (Linux; Android 6.0.1; Nexus 5X Build/MMB29P) AppleWebKit/537.36 (KHTML, like Gecko) Chrome/137.0.7151.103 Mobile Safari/537.36 (compatible; Googlebot/2.1; +http://www.google.com/bot.html)"
66.249.65.203 - - [16/Jul/2025:10:03:36 +0000] "GET /item/needy31418234/ HTTP/1.1" 200 41002 "-" "Mozilla/5.0 (Linux; Android 6.0.1; Nexus 5X Build/MMB29P) AppleWebKit/537.36 (KHTML, like Gecko) Chrome/137.0.7151.103 Mobile Safari/537.36 (compatible; Googlebot/2.1; +http://www.google.com/bot.html)"
66.249.65.202 - - [16/Jul/2025:10:03:40 +0000] "POST /get-message-notify HTTP/1.1" 200 40299 "http://abl.academy/item/fancy21018385/" "Mozilla/5.0 (Linux; Android 6.0.1; Nexus 5X Build/MMB29P) AppleWebKit/537.36 (KHTML, like Gecko) Chrome/137.0.7151.119 Mobile Safari/537.36 (compatible; Googlebot/2.1; +http://www.google.com/bot.html)"
66.249.65.202 - - [16/Jul/2025:10:03:55 +0000] "GET /item/annua71134238/ HTTP/1.1" 200 40140 "-" "Mozilla/5.0 (Linux; Android 6.0.1; Nexus 5X Build/MMB29P) AppleWebKit/537.36 (KHTML, like Gecko) Chrome/137.0.7151.103 Mobile Safari/537.36 (compatible; Googlebot/2.1; +http://www.google.com/bot.html)"
66.249.65.202 - - [16/Jul/2025:10:03:58 +0000] "GET /item/rumou50079748/ HTTP/1.1" 200 40019 "-" "Mozilla/5.0 (Linux; Android 6.0.1; Nexus 5X Build/MMB29P) AppleWebKit/537.36 (KHTML, like Gecko) Chrome/137.0.7151.103 Mobile Safari/537.36 (compatible; GoogleOther)"
66.249.65.202 - - [16/Jul/2025:10:04:14 +0000] "POST /get-message-notify HTTP/1.1" 200 40318 "http://abl.academy/item/needy31418234/" "Mozilla/5.0 (Linux; Android 6.0.1; Nexus 5X Build/MMB29P) AppleWebKit/537.36 (KHTML, like Gecko) Chrome/137.0.7151.119 Mobile Safari/537.36 (compatible; Googlebot/2.1; +http://www.google.com/bot.html)"
66.249.65.204 - - [16/Jul/2025:10:06:51 +0000] "GET /item/date50024756/ HTTP/1.1" 200 40070 "-" "Mozilla/5.0 (Linux; Android 6.0.1; Nexus 5X Build/MMB29P) AppleWebKit/537.36 (KHTML, like Gecko) Chrome/137.0.7151.103 Mobile Safari/537.36 (compatible; Googlebot/2.1; +http://www.google.com/bot.html)"
66.249.65.203 - - [16/Jul/2025:10:06:56 +0000] "GET /item/airli52404636/ HTTP/1.1" 200 40868 "-" "Mozilla/5.0 (Linux; Android 6.0.1; Nexus 5X Build/MMB29P) AppleWebKit/537.36 (KHTML, like Gecko) Chrome/137.0.7151.103 Mobile Safari/537.36 (compatible; Googlebot/2.1; +http://www.google.com/bot.html)"
66.249.65.202 - - [16/Jul/2025:10:06:58 +0000] "GET /item/artic42544475/ HTTP/1.1" 200 40330 "-" "Mozilla/5.0 (Linux; Android 6.0.1; Nexus 5X Build/MMB29P) AppleWebKit/537.36 (KHTML, like Gecko) Chrome/137.0.7151.103 Mobile Safari/537.36 (compatible; Googlebot/2.1; +http://www.google.com/bot.html)"
66.249.65.204 - - [16/Jul/2025:10:07:00 +0000] "GET /item/mostl71143590/ HTTP/1.1" 200 40308 "-" "Mozilla/5.0 (Linux; Android 6.0.1; Nexus 5X Build/MMB29P) AppleWebKit/537.36 (KHTML, like Gecko) Chrome/137.0.7151.103 Mobile Safari/537.36 (compatible; Googlebot/2.1; +http://www.google.com/bot.html)"
66.249.65.204 - - [16/Jul/2025:10:07:02 +0000] "GET /item/sauce52025684/ HTTP/1.1" 200 40460 "-" "Mozilla/5.0 (Linux; Android 6.0.1; Nexus 5X Build/MMB29P) AppleWebKit/537.36 (KHTML, like Gecko) Chrome/137.0.7151.103 Mobile Safari/537.36 (compatible; Googlebot/2.1; +http://www.google.com/bot.html)"
66.249.65.202 - - [16/Jul/2025:10:07:04 +0000] "GET /item/pour70889582/ HTTP/1.1" 200 39777 "-" "Mozilla/5.0 (Linux; Android 6.0.1; Nexus 5X Build/MMB29P) AppleWebKit/537.36 (KHTML, like Gecko) Chrome/137.0.7151.103 Mobile Safari/537.36 (compatible; Googlebot/2.1; +http://www.google.com/bot.html)"
66.249.65.202 - - [16/Jul/2025:10:07:06 +0000] "GET /item/half31028506/ HTTP/1.1" 200 40191 "-" "Mozilla/5.0 (Linux; Android 6.0.1; Nexus 5X Build/MMB29P) AppleWebKit/537.36 (KHTML, like Gecko) Chrome/137.0.7151.103 Mobile Safari/537.36 (compatible; Googlebot/2.1; +http://www.google.com/bot.html)"
66.249.65.202 - - [16/Jul/2025:10:07:08 +0000] "GET /item/surro60667293/ HTTP/1.1" 200 40812 "-" "Mozilla/5.0 (Linux; Android 6.0.1; Nexus 5X Build/MMB29P) AppleWebKit/537.36 (KHTML, like Gecko) Chrome/137.0.7151.103 Mobile Safari/537.36 (compatible; Googlebot/2.1; +http://www.google.com/bot.html)"
66.249.65.202 - - [16/Jul/2025:10:07:11 +0000] "GET /item/aim50065588/ HTTP/1.1" 200 41072 "-" "Mozilla/5.0 (Linux; Android 6.0.1; Nexus 5X Build/MMB29P) AppleWebKit/537.36 (KHTML, like Gecko) Chrome/137.0.7151.103 Mobile Safari/537.36 (compatible; Googlebot/2.1; +http://www.google.com/bot.html)"
66.249.65.202 - - [16/Jul/2025:10:07:15 +0000] "GET /item/expla80160895/ HTTP/1.1" 200 40097 "-" "Mozilla/5.0 (Linux; Android 6.0.1; Nexus 5X Build/MMB29P) AppleWebKit/537.36 (KHTML, like Gecko) Chrome/137.0.7151.103 Mobile Safari/537.36 (compatible; Googlebot/2.1; +http://www.google.com/bot.html)"
66.249.65.202 - - [16/Jul/2025:10:07:18 +0000] "POST /get-message-notify HTTP/1.1" 200 40422 "http://abl.academy/item/expla80160895/" "Mozilla/5.0 (Linux; Android 6.0.1; Nexus 5X Build/MMB29P) AppleWebKit/537.36 (KHTML, like Gecko) Chrome/137.0.7151.119 Mobile Safari/537.36 (compatible; Googlebot/2.1; +http://www.google.com/bot.html)"
66.249.65.202 - - [16/Jul/2025:10:07:20 +0000] "GET /item/forec60522677/ HTTP/1.1" 200 40043 "-" "Mozilla/5.0 (Linux; Android 6.0.1; Nexus 5X Build/MMB29P) AppleWebKit/537.36 (KHTML, like Gecko) Chrome/137.0.7151.103 Mobile Safari/537.36 (compatible; Googlebot/2.1; +http://www.google.com/bot.html)"
66.249.65.202 - - [16/Jul/2025:10:07:21 +0000] "GET /item/enter51525308/ HTTP/1.1" 200 40055 "-" "Mozilla/5.0 (Linux; Android 6.0.1; Nexus 5X Build/MMB29P) AppleWebKit/537.36 (KHTML, like Gecko) Chrome/137.0.7151.103 Mobile Safari/537.36 (compatible; Googlebot/2.1; +http://www.google.com/bot.html)"
66.249.65.202 - - [16/Jul/2025:10:07:22 +0000] "GET /item/make52925500/ HTTP/1.1" 200 39944 "-" "Mozilla/5.0 (Linux; Android 6.0.1; Nexus 5X Build/MMB29P) AppleWebKit/537.36 (KHTML, like Gecko) Chrome/137.0.7151.103 Mobile Safari/537.36 (compatible; Googlebot/2.1; +http://www.google.com/bot.html)"
66.249.65.202 - - [16/Jul/2025:10:07:25 +0000] "POST /get-message-notify HTTP/1.1" 200 40381 "http://abl.academy/item/pour70889582/" "Mozilla/5.0 (Linux; Android 6.0.1; Nexus 5X Build/MMB29P) AppleWebKit/537.36 (KHTML, like Gecko) Chrome/137.0.7151.119 Mobile Safari/537.36 (compatible; Googlebot/2.1; +http://www.google.com/bot.html)"
66.249.65.202 - - [16/Jul/2025:10:07:28 +0000] "GET /item/vent10571904/ HTTP/1.1" 200 40226 "-" "Mozilla/5.0 (Linux; Android 6.0.1; Nexus 5X Build/MMB29P) AppleWebKit/537.36 (KHTML, like Gecko) Chrome/137.0.7151.103 Mobile Safari/537.36 (compatible; Googlebot/2.1; +http://www.google.com/bot.html)"
66.249.65.203 - - [16/Jul/2025:10:07:30 +0000] "GET /item/merit10806128/ HTTP/1.1" 200 39877 "-" "Mozilla/5.0 (Linux; Android 6.0.1; Nexus 5X Build/MMB29P) AppleWebKit/537.36 (KHTML, like Gecko) Chrome/137.0.7151.103 Mobile Safari/537.36 (compatible; Googlebot/2.1; +http://www.google.com/bot.html)"
66.249.65.203 - - [16/Jul/2025:10:07:35 +0000] "GET /item/man12037480/ HTTP/1.1" 200 39854 "-" "Mozilla/5.0 (Linux; Android 6.0.1; Nexus 5X Build/MMB29P) AppleWebKit/537.36 (KHTML, like Gecko) Chrome/137.0.7151.103 Mobile Safari/537.36 (compatible; Googlebot/2.1; +http://www.google.com/bot.html)"
66.249.65.202 - - [16/Jul/2025:10:07:38 +0000] "GET /item/answe22077129/ HTTP/1.1" 200 40637 "-" "Mozilla/5.0 (Linux; Android 6.0.1; Nexus 5X Build/MMB29P) AppleWebKit/537.36 (KHTML, like Gecko) Chrome/137.0.7151.103 Mobile Safari/537.36 (compatible; Googlebot/2.1; +http://www.google.com/bot.html)"
66.249.65.202 - - [16/Jul/2025:10:07:42 +0000] "GET /item/hill21621105/ HTTP/1.1" 200 40803 "-" "Mozilla/5.0 (Linux; Android 6.0.1; Nexus 5X Build/MMB29P) AppleWebKit/537.36 (KHTML, like Gecko) Chrome/137.0.7151.103 Mobile Safari/537.36 (compatible; Googlebot/2.1; +http://www.google.com/bot.html)"
66.249.65.202 - - [16/Jul/2025:10:07:42 +0000] "GET /item/myth31406434/ HTTP/1.1" 200 39765 "-" "Mozilla/5.0 (Linux; Android 6.0.1; Nexus 5X Build/MMB29P) AppleWebKit/537.36 (KHTML, like Gecko) Chrome/137.0.7151.103 Mobile Safari/537.36 (compatible; Googlebot/2.1; +http://www.google.com/bot.html)"
66.249.65.202 - - [16/Jul/2025:10:07:44 +0000] "GET /item/plea72379878/ HTTP/1.1" 200 39900 "-" "Mozilla/5.0 (Linux; Android 6.0.1; Nexus 5X Build/MMB29P) AppleWebKit/537.36 (KHTML, like Gecko) Chrome/137.0.7151.103 Mobile Safari/537.36 (compatible; Googlebot/2.1; +http://www.google.com/bot.html)"
66.249.65.203 - - [16/Jul/2025:10:07:45 +0000] "GET /item/drama40166139/ HTTP/1.1" 200 39906 "-" "Mozilla/5.0 (Linux; Android 6.0.1; Nexus 5X Build/MMB29P) AppleWebKit/537.36 (KHTML, like Gecko) Chrome/137.0.7151.103 Mobile Safari/537.36 (compatible; Googlebot/2.1; +http://www.google.com/bot.html)"
66.249.65.202 - - [16/Jul/2025:10:07:46 +0000] "POST /get-message-notify HTTP/1.1" 200 40319 "http://abl.academy/item/myth31406434/" "Mozilla/5.0 (Linux; Android 6.0.1; Nexus 5X Build/MMB29P) AppleWebKit/537.36 (KHTML, like Gecko) Chrome/137.0.7151.119 Mobile Safari/537.36 (compatible; Googlebot/2.1; +http://www.google.com/bot.html)"
66.249.65.203 - - [16/Jul/2025:10:07:46 +0000] "GET /item/refre21090049/ HTTP/1.1" 200 39899 "-" "Mozilla/5.0 (Linux; Android 6.0.1; Nexus 5X Build/MMB29P) AppleWebKit/537.36 (KHTML, like Gecko) Chrome/137.0.7151.103 Mobile Safari/537.36 (compatible; Googlebot/2.1; +http://www.google.com/bot.html)"
66.249.65.203 - - [16/Jul/2025:10:07:47 +0000] "GET /item/docum12381352/ HTTP/1.1" 200 39727 "-" "Mozilla/5.0 (Linux; Android 6.0.1; Nexus 5X Build/MMB29P) AppleWebKit/537.36 (KHTML, like Gecko) Chrome/137.0.7151.103 Mobile Safari/537.36 (compatible; Googlebot/2.1; +http://www.google.com/bot.html)"
66.249.65.203 - - [16/Jul/2025:10:07:48 +0000] "GET /item/depen32833306/ HTTP/1.1" 200 39874 "-" "Mozilla/5.0 (Linux; Android 6.0.1; Nexus 5X Build/MMB29P) AppleWebKit/537.36 (KHTML, like Gecko) Chrome/137.0.7151.103 Mobile Safari/537.36 (compatible; Googlebot/2.1; +http://www.google.com/bot.html)"
66.249.65.202 - - [16/Jul/2025:10:07:49 +0000] "GET /item/secur71881958/ HTTP/1.1" 200 39881 "-" "Mozilla/5.0 (Linux; Android 6.0.1; Nexus 5X Build/MMB29P) AppleWebKit/537.36 (KHTML, like Gecko) Chrome/137.0.7151.103 Mobile Safari/537.36 (compatible; Googlebot/2.1; +http://www.google.com/bot.html)"
66.249.65.203 - - [16/Jul/2025:10:07:51 +0000] "GET /item/highl40082363/ HTTP/1.1" 200 39922 "-" "Mozilla/5.0 (Linux; Android 6.0.1; Nexus 5X Build/MMB29P) AppleWebKit/537.36 (KHTML, like Gecko) Chrome/137.0.7151.103 Mobile Safari/537.36 (compatible; Googlebot/2.1; +http://www.google.com/bot.html)"
66.249.65.203 - - [16/Jul/2025:10:07:53 +0000] "GET /item/moder22120065/ HTTP/1.1" 200 40349 "-" "Mozilla/5.0 (Linux; Android 6.0.1; Nexus 5X Build/MMB29P) AppleWebKit/537.36 (KHTML, like Gecko) Chrome/137.0.7151.103 Mobile Safari/537.36 (compatible; Googlebot/2.1; +http://www.google.com/bot.html)"
66.249.65.204 - - [16/Jul/2025:10:07:57 +0000] "POST /get-message-notify HTTP/1.1" 200 40364 "http://abl.academy/item/hill21621105/" "Mozilla/5.0 (Linux; Android 6.0.1; Nexus 5X Build/MMB29P) AppleWebKit/537.36 (KHTML, like Gecko) Chrome/137.0.7151.119 Mobile Safari/537.36 (compatible; Googlebot/2.1; +http://www.google.com/bot.html)"
66.249.65.202 - - [16/Jul/2025:10:08:11 +0000] "POST /get-message-notify HTTP/1.1" 200 40287 "http://abl.academy/item/docum12381352/" "Mozilla/5.0 (Linux; Android 6.0.1; Nexus 5X Build/MMB29P) AppleWebKit/537.36 (KHTML, like Gecko) Chrome/137.0.7151.119 Mobile Safari/537.36 (compatible; Googlebot/2.1; +http://www.google.com/bot.html)"
66.249.65.202 - - [16/Jul/2025:10:31:34 +0000] "GET /item/which20416745/ HTTP/1.1" 200 40279 "-" "Mozilla/5.0 (Linux; Android 6.0.1; Nexus 5X Build/MMB29P) AppleWebKit/537.36 (KHTML, like Gecko) Chrome/137.0.7151.103 Mobile Safari/537.36 (compatible; Googlebot/2.1; +http://www.google.com/bot.html)"
66.249.65.204 - - [16/Jul/2025:10:32:32 +0000] "POST /get-message-notify HTTP/1.1" 200 40334 "http://abl.academy/item/which20416745/" "Mozilla/5.0 (Linux; Android 6.0.1; Nexus 5X Build/MMB29P) AppleWebKit/537.36 (KHTML, like Gecko) Chrome/137.0.7151.119 Mobile Safari/537.36 (compatible; Googlebot/2.1; +http://www.google.com/bot.html)"
209.74.77.214 - - [16/Jul/2025:10:45:48 +0000] "POST /wp-cron.php?doing_wp_cron=1752662748.8953819274902343750000 HTTP/1.1" 200 - "-" "WordPress/6.8.2; https://abl.academy"
5.175.234.59 - - [16/Jul/2025:10:45:46 +0000] "GET / HTTP/1.1" 301 - "-" "-"
66.249.65.202 - - [16/Jul/2025:10:48:16 +0000] "GET /item/sell50121788/ HTTP/1.1" 200 39914 "-" "Mozilla/5.0 (Linux; Android 6.0.1; Nexus 5X Build/MMB29P) AppleWebKit/537.36 (KHTML, like Gecko) Chrome/137.0.7151.103 Mobile Safari/537.36 (compatible; Googlebot/2.1; +http://www.google.com/bot.html)"
66.249.65.203 - - [16/Jul/2025:10:48:21 +0000] "POST /get-message-notify HTTP/1.1" 200 40381 "http://abl.academy/item/sell50121788/" "Mozilla/5.0 (Linux; Android 6.0.1; Nexus 5X Build/MMB29P) AppleWebKit/537.36 (KHTML, like Gecko) Chrome/137.0.7151.119 Mobile Safari/537.36 (compatible; Googlebot/2.1; +http://www.google.com/bot.html)"
66.249.65.204 - - [16/Jul/2025:11:14:46 +0000] "GET /item/lonel71376878/ HTTP/1.1" 200 40377 "-" "Mozilla/5.0 (Linux; Android 6.0.1; Nexus 5X Build/MMB29P) AppleWebKit/537.36 (KHTML, like Gecko) Chrome/137.0.7151.103 Mobile Safari/537.36 (compatible; Googlebot/2.1; +http://www.google.com/bot.html)"
66.249.65.204 - - [16/Jul/2025:11:16:49 +0000] "POST /get-message-notify HTTP/1.1" 200 40314 "http://abl.academy/item/lonel71376878/" "Mozilla/5.0 (Linux; Android 6.0.1; Nexus 5X Build/MMB29P) AppleWebKit/537.36 (KHTML, like Gecko) Chrome/137.0.7151.119 Mobile Safari/537.36 (compatible; Googlebot/2.1; +http://www.google.com/bot.html)"
2.58.56.215 - - [16/Jul/2025:11:30:06 +0000] "GET /wp-admin/setup-config.php HTTP/1.1" 409 2665 "-" "Mozilla/5.0 (Windows NT 10.0; Win64; x64)"
209.74.77.214 - - [16/Jul/2025:11:30:10 +0000] "POST /wp-cron.php?doing_wp_cron=1752665410.4808828830718994140625 HTTP/1.1" 200 - "-" "WordPress/6.8.2; https://abl.academy"
2.58.56.215 - - [16/Jul/2025:11:30:09 +0000] "GET /wp/wp-admin/setup-config.php HTTP/1.1" 404 44350 "-" "Mozilla/5.0 (Windows NT 10.0; Win64; x64)"
209.74.77.214 - - [16/Jul/2025:11:30:14 +0000] "POST /wp-cron.php?doing_wp_cron=1752665414.1551029682159423828125 HTTP/1.1" 200 - "-" "WordPress/6.8.2; https://abl.academy"
2.58.56.215 - - [16/Jul/2025:11:30:14 +0000] "GET /blog/wp-admin/setup-config.php HTTP/1.1" 404 44350 "-" "Mozilla/5.0 (Windows NT 10.0; Win64; x64)"
2.58.56.215 - - [16/Jul/2025:11:30:14 +0000] "GET /new/wp-admin/setup-config.php HTTP/1.1" 404 44350 "-" "Mozilla/5.0 (Windows NT 10.0; Win64; x64)"
66.249.65.203 - - [16/Jul/2025:11:36:16 +0000] "GET /item/raid61111773/ HTTP/1.1" 200 39918 "-" "Mozilla/5.0 (Linux; Android 6.0.1; Nexus 5X Build/MMB29P) AppleWebKit/537.36 (KHTML, like Gecko) Chrome/137.0.7151.103 Mobile Safari/537.36 (compatible; Googlebot/2.1; +http://www.google.com/bot.html)"