209.74.77.214 - - [14/Jul/2025:14:07:38 +0000] "POST /wp-cron.php?doing_wp_cron=1752502058.4117510318756103515625 HTTP/1.1" 200 - "-" "WordPress/6.8.1; https://cartel.express"
178.156.143.173 - - [14/Jul/2025:14:07:36 +0000] "POST /xmlrpc.php HTTP/1.1" 200 403 "-" "Mozilla/5.0 (Windows NT 10.0) AppleWebKit/537.36 (KHTML, like Gecko) Chrome/91.0.4472.114 Safari/537.36"
209.74.77.214 - - [14/Jul/2025:14:08:04 +0000] "POST /wp-cron.php?doing_wp_cron=1752502083.9909670352935791015625 HTTP/1.1" 200 - "-" "WordPress/6.8.1; https://cartel.express"
198.187.29.74 - - [14/Jul/2025:14:08:03 +0000] "POST /xmlrpc.php HTTP/1.1" 200 403 "-" "Mozilla/5.0 (Windows NT 6.1; rv:52.0) Gecko/20100101 Firefox/52.0"
14.225.8.141 - - [14/Jul/2025:14:08:06 +0000] "POST /xmlrpc.php HTTP/1.1" 200 403 "-" "Mozilla/5.0 (Windows NT 5.1; rv:7.0.1) Gecko/20100101 Firefox/7.0.1"
209.74.77.214 - - [14/Jul/2025:14:10:33 +0000] "POST /wp-cron.php?doing_wp_cron=1752502233.7864809036254882812500 HTTP/1.1" 200 - "-" "WordPress/6.8.1; https://cartel.express"
51.222.253.10 - - [14/Jul/2025:14:10:30 +0000] "GET /services/repair-service/ HTTP/1.1" 200 37635 "-" "Mozilla/5.0 (compatible; AhrefsBot/7.0; +http://ahrefs.com/robot/)"
51.222.253.6 - - [14/Jul/2025:14:10:54 +0000] "GET /wp-content/uploads/2020/05/portf19-copyright.jpg HTTP/1.1" 200 133131 "-" "Mozilla/5.0 (compatible; AhrefsBot/7.0; +http://ahrefs.com/robot/)"
52.167.144.217 - - [14/Jul/2025:14:13:28 +0000] "GET /experts-share-their-top-favorite-detailing-products/ HTTP/1.1" 200 18570 "-" "Mozilla/5.0 AppleWebKit/537.36 (KHTML, like Gecko; compatible; bingbot/2.0; +http://www.bing.com/bingbot.htm) Chrome/116.0.1938.76 Safari/537.36"
66.249.73.131 - - [14/Jul/2025:14:15:48 +0000] "GET /feature/eposcard/index.html HTTP/1.1" 200 19579 "-" "Mozilla/5.0 (Linux; Android 6.0.1; Nexus 5X Build/MMB29P) AppleWebKit/537.36 (KHTML, like Gecko) Chrome/137.0.7151.103 Mobile Safari/537.36 (compatible; GoogleOther)"
209.74.77.214 - - [14/Jul/2025:14:21:30 +0000] "POST /wp-cron.php?doing_wp_cron=1752502890.0974950790405273437500 HTTP/1.1" 200 - "-" "WordPress/6.8.1; https://cartel.express"
85.208.96.201 - - [14/Jul/2025:14:21:27 +0000] "GET /blog-standard/ HTTP/1.1" 200 29876 "-" "Mozilla/5.0 (compatible; SemrushBot/7~bl; +http://www.semrush.com/bot.html)"
66.249.73.131 - - [14/Jul/2025:14:22:03 +0000] "GET /dozin.html HTTP/1.1" 200 18756 "-" "Mozilla/5.0 (Linux; Android 6.0.1; Nexus 5X Build/MMB29P) AppleWebKit/537.36 (KHTML, like Gecko) Chrome/137.0.7151.103 Mobile Safari/537.36 (compatible; GoogleOther)"
66.249.73.128 - - [14/Jul/2025:14:24:00 +0000] "POST /get-message-notify HTTP/1.1" 200 18670 "https://cartel.express/feature/eposcard/index.html" "Mozilla/5.0 (Linux; Android 6.0.1; Nexus 5X Build/MMB29P) AppleWebKit/537.36 (KHTML, like Gecko) Chrome/137.0.7151.119 Mobile Safari/537.36 (compatible; Googlebot/2.1; +http://www.google.com/bot.html)"
66.249.73.131 - - [14/Jul/2025:14:24:58 +0000] "GET /shopdetail/3902792.shtml HTTP/1.1" 200 20206 "-" "Mozilla/5.0 (Linux; Android 6.0.1; Nexus 5X Build/MMB29P) AppleWebKit/537.36 (KHTML, like Gecko) Chrome/137.0.7151.103 Mobile Safari/537.36 (compatible; GoogleOther)"
66.249.73.128 - - [14/Jul/2025:14:25:20 +0000] "GET /shopdetail/2614166.shtml HTTP/1.1" 200 18103 "-" "Mozilla/5.0 (Linux; Android 6.0.1; Nexus 5X Build/MMB29P) AppleWebKit/537.36 (KHTML, like Gecko) Chrome/137.0.7151.103 Mobile Safari/537.36 (compatible; GoogleOther)"
66.249.73.132 - - [14/Jul/2025:14:25:28 +0000] "POST /get-message-notify HTTP/1.1" 200 18670 "https://cartel.express/shopdetail/2614166.shtml" "Mozilla/5.0 (Linux; Android 6.0.1; Nexus 5X Build/MMB29P) AppleWebKit/537.36 (KHTML, like Gecko) Chrome/137.0.7151.119 Mobile Safari/537.36 (compatible; Googlebot/2.1; +http://www.google.com/bot.html)"
66.249.73.132 - - [14/Jul/2025:14:26:03 +0000] "GET /shopdetail/2553776.shtml HTTP/1.1" 200 18657 "-" "Mozilla/5.0 (Linux; Android 6.0.1; Nexus 5X Build/MMB29P) AppleWebKit/537.36 (KHTML, like Gecko) Chrome/137.0.7151.103 Mobile Safari/537.36 (compatible; GoogleOther)"
66.249.73.131 - - [14/Jul/2025:14:27:18 +0000] "GET /shopdetail/3899234.shtml HTTP/1.1" 200 18473 "-" "Mozilla/5.0 (Linux; Android 6.0.1; Nexus 5X Build/MMB29P) AppleWebKit/537.36 (KHTML, like Gecko) Chrome/137.0.7151.103 Mobile Safari/537.36 (compatible; GoogleOther)"
66.249.73.131 - - [14/Jul/2025:14:27:29 +0000] "GET /shopdetail/3841156.shtml HTTP/1.1" 200 20065 "-" "Mozilla/5.0 (Linux; Android 6.0.1; Nexus 5X Build/MMB29P) AppleWebKit/537.36 (KHTML, like Gecko) Chrome/137.0.7151.103 Mobile Safari/537.36 (compatible; GoogleOther)"
66.249.73.131 - - [14/Jul/2025:14:27:50 +0000] "GET /shopdetail/2446924.shtml HTTP/1.1" 200 19398 "-" "Mozilla/5.0 (Linux; Android 6.0.1; Nexus 5X Build/MMB29P) AppleWebKit/537.36 (KHTML, like Gecko) Chrome/137.0.7151.103 Mobile Safari/537.36 (compatible; GoogleOther)"
209.74.77.214 - - [14/Jul/2025:14:30:02 +0000] "POST /wp-cron.php?doing_wp_cron=1752503402.3421790599822998046875 HTTP/1.1" 200 - "-" "WordPress/6.8.1; https://cartel.express"
51.222.253.16 - - [14/Jul/2025:14:29:59 +0000] "GET /services/car-diagnosis/ HTTP/1.1" 200 37627 "-" "Mozilla/5.0 (compatible; AhrefsBot/7.0; +http://ahrefs.com/robot/)"
66.249.73.132 - - [14/Jul/2025:14:32:07 +0000] "GET /category/standard/feed/ HTTP/1.1" 200 19597 "-" "Mozilla/5.0 (Linux; Android 6.0.1; Nexus 5X Build/MMB29P) AppleWebKit/537.36 (KHTML, like Gecko) Chrome/137.0.7151.103 Mobile Safari/537.36 (compatible; Googlebot/2.1; +http://www.google.com/bot.html)"
66.249.73.132 - - [14/Jul/2025:14:37:52 +0000] "POST /get-message-notify HTTP/1.1" 200 18670 "https://cartel.express/shopdetail/3902792.shtml" "Mozilla/5.0 (Linux; Android 6.0.1; Nexus 5X Build/MMB29P) AppleWebKit/537.36 (KHTML, like Gecko) Chrome/137.0.7151.119 Mobile Safari/537.36 (compatible; Googlebot/2.1; +http://www.google.com/bot.html)"
209.74.77.214 - - [14/Jul/2025:14:46:34 +0000] "POST /wp-cron.php?doing_wp_cron=1752504394.5879249572753906250000 HTTP/1.1" 200 - "-" "WordPress/6.8.1; https://cartel.express"
51.222.253.15 - - [14/Jul/2025:14:46:31 +0000] "GET /product-tag/brakes/ HTTP/1.1" 200 38665 "-" "Mozilla/5.0 (compatible; AhrefsBot/7.0; +http://ahrefs.com/robot/)"
66.249.73.128 - - [14/Jul/2025:14:51:06 +0000] "GET /wp-content/uploads/elementor/thumbs/image05-copyright-qsjjce9pqghwrpf12qvjtma55j7908lkinl0yu76ti.jpg HTTP/1.1" 200 74015 "-" "Googlebot-Image/1.0"
66.249.73.132 - - [14/Jul/2025:14:51:53 +0000] "GET /shopdetail/4573582.shtml HTTP/1.1" 200 18434 "-" "Mozilla/5.0 (Linux; Android 6.0.1; Nexus 5X Build/MMB29P) AppleWebKit/537.36 (KHTML, like Gecko) Chrome/137.0.7151.103 Mobile Safari/537.36 (compatible; GoogleOther)"
66.249.73.131 - - [14/Jul/2025:14:52:11 +0000] "POST /get-message-notify HTTP/1.1" 200 18670 "https://cartel.express/shopdetail/4573582.shtml" "Mozilla/5.0 (Linux; Android 6.0.1; Nexus 5X Build/MMB29P) AppleWebKit/537.36 (KHTML, like Gecko) Chrome/137.0.7151.119 Mobile Safari/537.36 (compatible; Googlebot/2.1; +http://www.google.com/bot.html)"
66.249.73.132 - - [14/Jul/2025:14:52:16 +0000] "GET /shopdetail/2664386.shtml HTTP/1.1" 200 18768 "-" "Mozilla/5.0 (Linux; Android 6.0.1; Nexus 5X Build/MMB29P) AppleWebKit/537.36 (KHTML, like Gecko) Chrome/137.0.7151.103 Mobile Safari/537.36 (compatible; GoogleOther)"
66.249.73.128 - - [14/Jul/2025:14:53:53 +0000] "GET /shopdetail/2871682.shtml HTTP/1.1" 200 18539 "-" "Mozilla/5.0 (Linux; Android 6.0.1; Nexus 5X Build/MMB29P) AppleWebKit/537.36 (KHTML, like Gecko) Chrome/137.0.7151.103 Mobile Safari/537.36 (compatible; GoogleOther)"
66.249.73.131 - - [14/Jul/2025:14:57:50 +0000] "GET /shopdetail/2520910.shtml HTTP/1.1" 200 18398 "-" "Mozilla/5.0 (Linux; Android 6.0.1; Nexus 5X Build/MMB29P) AppleWebKit/537.36 (KHTML, like Gecko) Chrome/137.0.7151.103 Mobile Safari/537.36 (compatible; GoogleOther)"
66.249.73.131 - - [14/Jul/2025:14:58:03 +0000] "GET /shopdetail/55587700.shtml HTTP/1.1" 200 18265 "-" "Mozilla/5.0 (Linux; Android 6.0.1; Nexus 5X Build/MMB29P) AppleWebKit/537.36 (KHTML, like Gecko) Chrome/137.0.7151.103 Mobile Safari/537.36 (compatible; GoogleOther)"
66.249.73.132 - - [14/Jul/2025:14:58:39 +0000] "GET /shopdetail/3017594.shtml HTTP/1.1" 200 18394 "-" "Mozilla/5.0 (Linux; Android 6.0.1; Nexus 5X Build/MMB29P) AppleWebKit/537.36 (KHTML, like Gecko) Chrome/137.0.7151.103 Mobile Safari/537.36 (compatible; GoogleOther)"
66.249.73.131 - - [14/Jul/2025:14:58:52 +0000] "GET /shopdetail/2480916.shtml HTTP/1.1" 200 20607 "-" "Mozilla/5.0 (Linux; Android 6.0.1; Nexus 5X Build/MMB29P) AppleWebKit/537.36 (KHTML, like Gecko) Chrome/137.0.7151.103 Mobile Safari/537.36 (compatible; GoogleOther)"
66.249.73.131 - - [14/Jul/2025:14:58:53 +0000] "POST /get-message-notify HTTP/1.1" 200 18670 "https://cartel.express/shopdetail/3017594.shtml" "Mozilla/5.0 (Linux; Android 6.0.1; Nexus 5X Build/MMB29P) AppleWebKit/537.36 (KHTML, like Gecko) Chrome/137.0.7151.119 Mobile Safari/537.36 (compatible; Googlebot/2.1; +http://www.google.com/bot.html)"
66.249.73.131 - - [14/Jul/2025:14:59:04 +0000] "GET /shopdetail/2893324.shtml HTTP/1.1" 200 19134 "-" "Mozilla/5.0 (Linux; Android 6.0.1; Nexus 5X Build/MMB29P) AppleWebKit/537.36 (KHTML, like Gecko) Chrome/137.0.7151.103 Mobile Safari/537.36 (compatible; GoogleOther)"
66.249.73.132 - - [14/Jul/2025:15:00:19 +0000] "GET /shopdetail/3081350.shtml HTTP/1.1" 200 18300 "-" "Mozilla/5.0 (Linux; Android 6.0.1; Nexus 5X Build/MMB29P) AppleWebKit/537.36 (KHTML, like Gecko) Chrome/137.0.7151.103 Mobile Safari/537.36 (compatible; GoogleOther)"
66.249.73.132 - - [14/Jul/2025:15:00:55 +0000] "GET /shopdetail/2468574.shtml HTTP/1.1" 200 18394 "-" "Mozilla/5.0 (Linux; Android 6.0.1; Nexus 5X Build/MMB29P) AppleWebKit/537.36 (KHTML, like Gecko) Chrome/137.0.7151.103 Mobile Safari/537.36 (compatible; GoogleOther)"
209.74.77.214 - - [14/Jul/2025:15:01:43 +0000] "POST /wp-cron.php?doing_wp_cron=1752505303.7727580070495605468750 HTTP/1.1" 200 - "-" "WordPress/6.8.1; https://cartel.express"
51.222.253.14 - - [14/Jul/2025:15:01:41 +0000] "GET /services/client-transfer/ HTTP/1.1" 200 37600 "-" "Mozilla/5.0 (compatible; AhrefsBot/7.0; +http://ahrefs.com/robot/)"
66.249.73.131 - - [14/Jul/2025:15:02:58 +0000] "GET /shopdetail/3043728.shtml HTTP/1.1" 200 19562 "-" "Mozilla/5.0 (Linux; Android 6.0.1; Nexus 5X Build/MMB29P) AppleWebKit/537.36 (KHTML, like Gecko) Chrome/137.0.7151.103 Mobile Safari/537.36 (compatible; GoogleOther)"
43.130.31.17 - - [14/Jul/2025:15:03:15 +0000] "GET / HTTP/1.1" 200 40613 "http://www.cartel.express" "Mozilla/5.0 (iPhone; CPU iPhone OS 13_2_3 like Mac OS X) AppleWebKit/605.1.15 (KHTML, like Gecko) Version/13.0.3 Mobile/15E148 Safari/604.1"
66.249.73.131 - - [14/Jul/2025:15:04:13 +0000] "GET /shopdetail/57043568.shtml HTTP/1.1" 200 18716 "-" "Mozilla/5.0 (Linux; Android 6.0.1; Nexus 5X Build/MMB29P) AppleWebKit/537.36 (KHTML, like Gecko) Chrome/137.0.7151.103 Mobile Safari/537.36 (compatible; GoogleOther)"
66.249.73.131 - - [14/Jul/2025:15:04:30 +0000] "GET /shopdetail/3980140.shtml HTTP/1.1" 200 18437 "-" "Mozilla/5.0 (Linux; Android 6.0.1; Nexus 5X Build/MMB29P) AppleWebKit/537.36 (KHTML, like Gecko) Chrome/137.0.7151.103 Mobile Safari/537.36 (compatible; GoogleOther)"
66.249.73.132 - - [14/Jul/2025:15:05:21 +0000] "GET /pcmypage?callback=/product%2Fdetail%2FC1683293831 HTTP/1.1" 200 20990 "-" "Mozilla/5.0 (Linux; Android 6.0.1; Nexus 5X Build/MMB29P) AppleWebKit/537.36 (KHTML, like Gecko) Chrome/137.0.7151.103 Mobile Safari/537.36 (compatible; GoogleOther)"
66.249.73.128 - - [14/Jul/2025:15:11:35 +0000] "GET /shopdetail/3877520.shtml HTTP/1.1" 200 18459 "-" "Mozilla/5.0 (Linux; Android 6.0.1; Nexus 5X Build/MMB29P) AppleWebKit/537.36 (KHTML, like Gecko) Chrome/137.0.7151.103 Mobile Safari/537.36 (compatible; GoogleOther)"
66.249.73.131 - - [14/Jul/2025:15:12:23 +0000] "POST /get-message-notify HTTP/1.1" 200 18670 "https://cartel.express/shopdetail/57043568.shtml" "Mozilla/5.0 (Linux; Android 6.0.1; Nexus 5X Build/MMB29P) AppleWebKit/537.36 (KHTML, like Gecko) Chrome/137.0.7151.119 Mobile Safari/537.36 (compatible; Googlebot/2.1; +http://www.google.com/bot.html)"
66.249.64.132 - - [14/Jul/2025:15:16:19 +0000] "GET /shopdetail/2518538.shtml HTTP/1.1" 200 18092 "-" "Mozilla/5.0 (Linux; Android 6.0.1; Nexus 5X Build/MMB29P) AppleWebKit/537.36 (KHTML, like Gecko) Chrome/137.0.7151.103 Mobile Safari/537.36 (compatible; GoogleOther)"
209.74.77.214 - - [14/Jul/2025:15:16:42 +0000] "POST /wp-cron.php?doing_wp_cron=1752506202.6199500560760498046875 HTTP/1.1" 200 - "-" "WordPress/6.8.1; https://cartel.express"
51.222.253.8 - - [14/Jul/2025:15:16:40 +0000] "GET /portfolio/pads-rotors/ HTTP/1.1" 200 36925 "-" "Mozilla/5.0 (compatible; AhrefsBot/7.0; +http://ahrefs.com/robot/)"
66.249.73.131 - - [14/Jul/2025:15:18:59 +0000] "GET /shopdetail/2485536.shtml HTTP/1.1" 200 20330 "-" "Mozilla/5.0 (Linux; Android 6.0.1; Nexus 5X Build/MMB29P) AppleWebKit/537.36 (KHTML, like Gecko) Chrome/137.0.7151.103 Mobile Safari/537.36 (compatible; GoogleOther)"
66.249.73.132 - - [14/Jul/2025:15:19:36 +0000] "GET /shopdetail/55532928.shtml HTTP/1.1" 200 18100 "-" "Mozilla/5.0 (Linux; Android 6.0.1; Nexus 5X Build/MMB29P) AppleWebKit/537.36 (KHTML, like Gecko) Chrome/137.0.7151.103 Mobile Safari/537.36 (compatible; GoogleOther)"
66.249.73.131 - - [14/Jul/2025:15:19:49 +0000] "POST /get-message-notify HTTP/1.1" 200 18670 "https://cartel.express/shopdetail/55532928.shtml" "Mozilla/5.0 (Linux; Android 6.0.1; Nexus 5X Build/MMB29P) AppleWebKit/537.36 (KHTML, like Gecko) Chrome/137.0.7151.119 Mobile Safari/537.36 (compatible; Googlebot/2.1; +http://www.google.com/bot.html)"
66.249.73.132 - - [14/Jul/2025:15:20:13 +0000] "GET /shopdetail/3069998.shtml HTTP/1.1" 200 18501 "-" "Mozilla/5.0 (Linux; Android 6.0.1; Nexus 5X Build/MMB29P) AppleWebKit/537.36 (KHTML, like Gecko) Chrome/137.0.7151.103 Mobile Safari/537.36 (compatible; GoogleOther)"
66.249.73.132 - - [14/Jul/2025:15:20:32 +0000] "POST /get-message-notify HTTP/1.1" 200 18670 "https://cartel.express/shopdetail/3069998.shtml" "Mozilla/5.0 (Linux; Android 6.0.1; Nexus 5X Build/MMB29P) AppleWebKit/537.36 (KHTML, like Gecko) Chrome/137.0.7151.119 Mobile Safari/537.36 (compatible; Googlebot/2.1; +http://www.google.com/bot.html)"
66.249.73.131 - - [14/Jul/2025:15:20:37 +0000] "GET /shopdetail/2917154.shtml HTTP/1.1" 200 18047 "-" "Mozilla/5.0 (Linux; Android 6.0.1; Nexus 5X Build/MMB29P) AppleWebKit/537.36 (KHTML, like Gecko) Chrome/137.0.7151.103 Mobile Safari/537.36 (compatible; GoogleOther)"
66.249.73.128 - - [14/Jul/2025:15:21:27 +0000] "GET /shopdetail/2438814.shtml HTTP/1.1" 200 20573 "-" "Mozilla/5.0 (Linux; Android 6.0.1; Nexus 5X Build/MMB29P) AppleWebKit/537.36 (KHTML, like Gecko) Chrome/137.0.7151.103 Mobile Safari/537.36 (compatible; GoogleOther)"
66.249.73.132 - - [14/Jul/2025:15:21:43 +0000] "POST /get-message-notify HTTP/1.1" 200 18670 "https://cartel.express/shopdetail/2518538.shtml" "Mozilla/5.0 (Linux; Android 6.0.1; Nexus 5X Build/MMB29P) AppleWebKit/537.36 (KHTML, like Gecko) Chrome/137.0.7151.119 Mobile Safari/537.36 (compatible; Googlebot/2.1; +http://www.google.com/bot.html)"
66.249.73.131 - - [14/Jul/2025:15:21:52 +0000] "GET /shopdetail/4164536.shtml HTTP/1.1" 200 17941 "-" "Mozilla/5.0 (Linux; Android 6.0.1; Nexus 5X Build/MMB29P) AppleWebKit/537.36 (KHTML, like Gecko) Chrome/137.0.7151.103 Mobile Safari/537.36 (compatible; GoogleOther)"
66.249.73.128 - - [14/Jul/2025:15:22:03 +0000] "GET /shopdetail/3023332.shtml HTTP/1.1" 200 18338 "-" "Mozilla/5.0 (Linux; Android 6.0.1; Nexus 5X Build/MMB29P) AppleWebKit/537.36 (KHTML, like Gecko) Chrome/137.0.7151.103 Mobile Safari/537.36 (compatible; GoogleOther)"
66.249.73.132 - - [14/Jul/2025:15:22:16 +0000] "GET /shopdetail/3889000.shtml HTTP/1.1" 200 18615 "-" "Mozilla/5.0 (Linux; Android 6.0.1; Nexus 5X Build/MMB29P) AppleWebKit/537.36 (KHTML, like Gecko) Chrome/137.0.7151.103 Mobile Safari/537.36 (compatible; GoogleOther)"
66.249.73.131 - - [14/Jul/2025:15:22:53 +0000] "GET /product/edit/C563337910 HTTP/1.1" 200 19435 "-" "Mozilla/5.0 (Linux; Android 6.0.1; Nexus 5X Build/MMB29P) AppleWebKit/537.36 (KHTML, like Gecko) Chrome/137.0.7151.103 Mobile Safari/537.36 (compatible; GoogleOther)"
66.249.73.132 - - [14/Jul/2025:15:24:43 +0000] "GET /shopdetail/55580840.shtml HTTP/1.1" 200 18370 "-" "Mozilla/5.0 (Linux; Android 6.0.1; Nexus 5X Build/MMB29P) AppleWebKit/537.36 (KHTML, like Gecko) Chrome/137.0.7151.103 Mobile Safari/537.36 (compatible; GoogleOther)"
66.249.73.128 - - [14/Jul/2025:15:25:48 +0000] "GET /shopdetail/4423178.shtml HTTP/1.1" 200 17940 "-" "Mozilla/5.0 (Linux; Android 6.0.1; Nexus 5X Build/MMB29P) AppleWebKit/537.36 (KHTML, like Gecko) Chrome/137.0.7151.103 Mobile Safari/537.36 (compatible; GoogleOther)"
66.249.73.132 - - [14/Jul/2025:15:25:54 +0000] "POST /get-message-notify HTTP/1.1" 200 18670 "https://cartel.express/shopdetail/3023332.shtml" "Mozilla/5.0 (Linux; Android 6.0.1; Nexus 5X Build/MMB29P) AppleWebKit/537.36 (KHTML, like Gecko) Chrome/137.0.7151.119 Mobile Safari/537.36 (compatible; Googlebot/2.1; +http://www.google.com/bot.html)"
66.249.73.131 - - [14/Jul/2025:15:25:56 +0000] "GET /shopdetail/3849338.shtml HTTP/1.1" 200 19343 "-" "Mozilla/5.0 (Linux; Android 6.0.1; Nexus 5X Build/MMB29P) AppleWebKit/537.36 (KHTML, like Gecko) Chrome/137.0.7151.103 Mobile Safari/537.36 (compatible; GoogleOther)"
66.249.73.128 - - [14/Jul/2025:15:26:46 +0000] "GET /shopdetail/462058734.shtml HTTP/1.1" 200 18264 "-" "Mozilla/5.0 (Linux; Android 6.0.1; Nexus 5X Build/MMB29P) AppleWebKit/537.36 (KHTML, like Gecko) Chrome/137.0.7151.103 Mobile Safari/537.36 (compatible; GoogleOther)"
194.26.192.154 - - [14/Jul/2025:15:26:55 +0000] "GET / HTTP/1.1" 200 269969 "-" "Mozlila/5.0 (Linux; Android 7.0; SM-G892A Bulid/NRD90M; wv) AppleWebKit/537.36 (KHTML, like Gecko) Version/4.0 Chrome/60.0.3112.107 Moblie Safari/537.36"
194.26.192.154 - - [14/Jul/2025:15:26:56 +0000] "GET /wp-content/themes/seotheme/db.php?u HTTP/1.1" 404 147017 "www.google.com" "Mozlila/5.0 (Linux; Android 7.0; SM-G892A Bulid/NRD90M; wv) AppleWebKit/537.36 (KHTML, like Gecko) Version/4.0 Chrome/60.0.3112.107 Moblie Safari/537.36"
209.74.77.214 - - [14/Jul/2025:15:26:57 +0000] "POST /wp-cron.php?doing_wp_cron=1752506817.3252670764923095703125 HTTP/1.1" 200 - "-" "WordPress/6.8.1; https://cartel.express"
194.26.192.154 - - [14/Jul/2025:15:26:57 +0000] "GET /wp-content/plugins/apikey/apikey.php?test=hello HTTP/1.1" 404 147020 "-" "Mozlila/5.0 (Linux; Android 7.0; SM-G892A Bulid/NRD90M; wv) AppleWebKit/537.36 (KHTML, like Gecko) Version/4.0 Chrome/60.0.3112.107 Moblie Safari/537.36"
194.26.192.154 - - [14/Jul/2025:15:26:57 +0000] "GET /plugins/content/apismtp/apismtp.php?test=hello HTTP/1.1" 404 147021 "-" "Mozlila/5.0 (Linux; Android 7.0; SM-G892A Bulid/NRD90M; wv) AppleWebKit/537.36 (KHTML, like Gecko) Version/4.0 Chrome/60.0.3112.107 Moblie Safari/537.36"
194.26.192.154 - - [14/Jul/2025:15:26:57 +0000] "POST /wp-plain.php HTTP/1.1" 404 146932 "www.google.com" "Mozilla/5.0 (Linux; Android 7.0; SM-G892A Bulid/NRD90M; wv) AppleWebKit/537.36 (KHTML, like Gecko) Version/4.0 Chrome/60.0.3112.107 Moblie Safari/537.36"
194.26.192.154 - - [14/Jul/2025:15:26:58 +0000] "GET /wp-content/plugins/apikey/apikey.php.suspected?test=hello HTTP/1.1" 404 147020 "-" "Mozlila/5.0 (Linux; Android 7.0; SM-G892A Bulid/NRD90M; wv) AppleWebKit/537.36 (KHTML, like Gecko) Version/4.0 Chrome/60.0.3112.107 Moblie Safari/537.36"
66.249.73.131 - - [14/Jul/2025:15:26:59 +0000] "GET /pcmypage?callback=product/review/C3960237285 HTTP/1.1" 200 22075 "-" "Mozilla/5.0 (Linux; Android 6.0.1; Nexus 5X Build/MMB29P) AppleWebKit/537.36 (KHTML, like Gecko) Chrome/137.0.7151.103 Mobile Safari/537.36 (compatible; GoogleOther)"
194.26.192.154 - - [14/Jul/2025:15:26:58 +0000] "GET /pdtcbvqd.php?Fox=d3wL7 HTTP/1.1" 404 146930 "www.google.com" "Mozilla/5.0 (Linux; Android 7.0; SM-G892A Bulid/NRD90M; wv) AppleWebKit/537.36 (KHTML, like Gecko) Version/4.0 Chrome/60.0.3112.107 Moblie Safari/537.36"
66.249.73.131 - - [14/Jul/2025:15:27:11 +0000] "GET /shopdetail/4362788.shtml HTTP/1.1" 200 18538 "-" "Mozilla/5.0 (Linux; Android 6.0.1; Nexus 5X Build/MMB29P) AppleWebKit/537.36 (KHTML, like Gecko) Chrome/137.0.7151.103 Mobile Safari/537.36 (compatible; GoogleOther)"
66.249.73.131 - - [14/Jul/2025:15:27:36 +0000] "GET /shopdetail/1850557134.shtml HTTP/1.1" 200 18926 "-" "Mozilla/5.0 (Linux; Android 6.0.1; Nexus 5X Build/MMB29P) AppleWebKit/537.36 (KHTML, like Gecko) Chrome/137.0.7151.103 Mobile Safari/537.36 (compatible; GoogleOther)"
66.249.73.131 - - [14/Jul/2025:15:27:48 +0000] "GET /shopdetail/4139524.shtml HTTP/1.1" 200 18092 "-" "Mozilla/5.0 (Linux; Android 6.0.1; Nexus 5X Build/MMB29P) AppleWebKit/537.36 (KHTML, like Gecko) Chrome/137.0.7151.103 Mobile Safari/537.36 (compatible; GoogleOther)"
209.74.77.214 - - [14/Jul/2025:15:41:44 +0000] "POST /wp-cron.php?doing_wp_cron=1752507704.6997261047363281250000 HTTP/1.1" 200 - "-" "WordPress/6.8.1; https://cartel.express"
51.222.253.9 - - [14/Jul/2025:15:41:42 +0000] "GET /cars_model/astra/ HTTP/1.1" 200 35662 "-" "Mozilla/5.0 (compatible; AhrefsBot/7.0; +http://ahrefs.com/robot/)"
66.249.73.128 - - [14/Jul/2025:15:54:40 +0000] "GET /shopdetail/1695036.shtml HTTP/1.1" 200 18544 "-" "Mozilla/5.0 (Linux; Android 6.0.1; Nexus 5X Build/MMB29P) AppleWebKit/537.36 (KHTML, like Gecko) Chrome/137.0.7151.103 Mobile Safari/537.36 (compatible; Googlebot/2.1; +http://www.google.com/bot.html)"
66.249.73.131 - - [14/Jul/2025:15:58:53 +0000] "GET /shopdetail/5858586.shtml HTTP/1.1" 200 20073 "-" "Mozilla/5.0 (Linux; Android 6.0.1; Nexus 5X Build/MMB29P) AppleWebKit/537.36 (KHTML, like Gecko) Chrome/137.0.7151.103 Mobile Safari/537.36 (compatible; GoogleOther)"
66.249.73.128 - - [14/Jul/2025:16:01:28 +0000] "GET /shopdetail/2914974.shtml HTTP/1.1" 200 18646 "-" "Mozilla/5.0 (Linux; Android 6.0.1; Nexus 5X Build/MMB29P) AppleWebKit/537.36 (KHTML, like Gecko) Chrome/137.0.7151.103 Mobile Safari/537.36 (compatible; GoogleOther)"
209.74.77.214 - - [14/Jul/2025:16:03:34 +0000] "POST /wp-cron.php?doing_wp_cron=1752509014.1286599636077880859375 HTTP/1.1" 200 - "-" "WordPress/6.8.1; https://cartel.express"
51.222.253.11 - - [14/Jul/2025:16:03:31 +0000] "GET /type/audio/ HTTP/1.1" 200 26739 "-" "Mozilla/5.0 (compatible; AhrefsBot/7.0; +http://ahrefs.com/robot/)"
173.252.83.115 - - [14/Jul/2025:16:07:21 +0000] "GET /robots.txt HTTP/1.1" 206 79 "-" "facebookexternalhit/1.1 (+http://www.facebook.com/externalhit_uatext.php)"
66.249.73.128 - - [14/Jul/2025:16:09:16 +0000] "GET /shopdetail/2847656.shtml HTTP/1.1" 200 18416 "-" "Mozilla/5.0 (Linux; Android 6.0.1; Nexus 5X Build/MMB29P) AppleWebKit/537.36 (KHTML, like Gecko) Chrome/137.0.7151.103 Mobile Safari/537.36 (compatible; GoogleOther)"
66.249.73.131 - - [14/Jul/2025:16:10:05 +0000] "GET /shopdetail/2748730.shtml HTTP/1.1" 200 18465 "-" "Mozilla/5.0 (Linux; Android 6.0.1; Nexus 5X Build/MMB29P) AppleWebKit/537.36 (KHTML, like Gecko) Chrome/137.0.7151.103 Mobile Safari/537.36 (compatible; GoogleOther)"
66.249.73.132 - - [14/Jul/2025:16:13:22 +0000] "GET /shopdetail/2899134.shtml HTTP/1.1" 200 18636 "-" "Mozilla/5.0 (Linux; Android 6.0.1; Nexus 5X Build/MMB29P) AppleWebKit/537.36 (KHTML, like Gecko) Chrome/137.0.7151.103 Mobile Safari/537.36 (compatible; GoogleOther)"
209.74.77.214 - - [14/Jul/2025:16:17:19 +0000] "POST /wp-cron.php?doing_wp_cron=1752509839.2472720146179199218750 HTTP/1.1" 200 - "-" "WordPress/6.8.1; https://cartel.express"
57.141.2.11 - - [14/Jul/2025:16:17:16 +0000] "GET /portfolio/car-painting/ HTTP/1.1" 200 236014 "-" "meta-externalagent/1.1 (+https://developers.facebook.com/docs/sharing/webmasters/crawler)"
66.249.73.131 - - [14/Jul/2025:16:17:40 +0000] "GET /shopdetail/2587102.shtml HTTP/1.1" 200 18583 "-" "Mozilla/5.0 (Linux; Android 6.0.1; Nexus 5X Build/MMB29P) AppleWebKit/537.36 (KHTML, like Gecko) Chrome/137.0.7151.103 Mobile Safari/537.36 (compatible; GoogleOther)"
66.249.73.131 - - [14/Jul/2025:16:20:08 +0000] "GET /shopdetail/2877484.shtml HTTP/1.1" 200 18745 "-" "Mozilla/5.0 (Linux; Android 6.0.1; Nexus 5X Build/MMB29P) AppleWebKit/537.36 (KHTML, like Gecko) Chrome/137.0.7151.103 Mobile Safari/537.36 (compatible; GoogleOther)"
209.74.77.214 - - [14/Jul/2025:16:20:28 +0000] "POST /wp-cron.php?doing_wp_cron=1752510028.5524170398712158203125 HTTP/1.1" 200 - "-" "WordPress/6.8.1; https://cartel.express"
46.4.91.137 - - [14/Jul/2025:16:20:26 +0000] "POST /xmlrpc.php HTTP/1.1" 200 403 "-" "Mozilla/5.0 (Windows NT 10.0; Win64; x64; rv:63.0) Gecko/20100101 Firefox/63.0"
185.26.107.174 - - [14/Jul/2025:16:20:38 +0000] "POST /xmlrpc.php HTTP/1.1" 200 403 "-" "Mozilla/5.0 (Windows; U; Windows NT 5.1; en-US; rv:1.7.12) Gecko/20050915 Firefox/1.0.7"
91.151.17.11 - - [14/Jul/2025:16:20:43 +0000] "POST /xmlrpc.php HTTP/1.1" 200 403 "-" "Mozilla/5.0 (Windows NT 6.1; WOW64; rv:40.0) Gecko/20100101 Firefox/40.1"
207.38.87.177 - - [14/Jul/2025:16:20:54 +0000] "POST /xmlrpc.php HTTP/1.1" 200 403 "-" "Mozilla/5.0 (Windows NT 10.0; Win64; x64) AppleWebKit/537.36 (KHTML, like Gecko) Chrome/83.0.4103.116 Safari/537.36"
209.74.77.214 - - [14/Jul/2025:16:21:23 +0000] "POST /wp-cron.php?doing_wp_cron=1752510083.9763441085815429687500 HTTP/1.1" 200 - "-" "WordPress/6.8.1; https://cartel.express"
80.238.224.146 - - [14/Jul/2025:16:21:23 +0000] "POST /xmlrpc.php HTTP/1.1" 200 403 "-" "Mozilla/5.0 (Windows NT 6.1; WOW64) AppleWebKit/537.1 (KHTML, like Gecko) Chrome/21.0.1180.83 Safari/537.1"
66.249.73.132 - - [14/Jul/2025:16:22:04 +0000] "POST /get-message-notify HTTP/1.1" 200 18670 "https://cartel.express/shopdetail/2877484.shtml" "Mozilla/5.0 (Linux; Android 6.0.1; Nexus 5X Build/MMB29P) AppleWebKit/537.36 (KHTML, like Gecko) Chrome/137.0.7151.119 Mobile Safari/537.36 (compatible; Googlebot/2.1; +http://www.google.com/bot.html)"
209.74.77.214 - - [14/Jul/2025:16:22:38 +0000] "POST /wp-cron.php?doing_wp_cron=1752510158.9443891048431396484375 HTTP/1.1" 200 - "-" "WordPress/6.8.1; https://cartel.express"
51.222.253.14 - - [14/Jul/2025:16:22:36 +0000] "GET /testimonials_group/single-1/ HTTP/1.1" 200 26273 "-" "Mozilla/5.0 (compatible; AhrefsBot/7.0; +http://ahrefs.com/robot/)"
51.222.253.14 - - [14/Jul/2025:16:23:02 +0000] "GET /wp-content/uploads/2020/05/post21-copyright-120x120.jpg HTTP/1.1" 200 1765 "-" "Mozilla/5.0 (compatible; AhrefsBot/7.0; +http://ahrefs.com/robot/)"
51.222.253.4 - - [14/Jul/2025:16:23:02 +0000] "GET /wp-content/uploads/2020/05/post20-copyright-120x120.jpg HTTP/1.1" 200 2324 "-" "Mozilla/5.0 (compatible; AhrefsBot/7.0; +http://ahrefs.com/robot/)"
51.222.253.2 - - [14/Jul/2025:16:23:03 +0000] "GET /wp-content/uploads/2023/08/banner-copyright.jpg HTTP/1.1" 200 5717 "-" "Mozilla/5.0 (compatible; AhrefsBot/7.0; +http://ahrefs.com/robot/)"
66.249.73.131 - - [14/Jul/2025:16:23:26 +0000] "GET /shopdetail/1160802.shtml HTTP/1.1" 200 19683 "-" "Mozilla/5.0 (Linux; Android 6.0.1; Nexus 5X Build/MMB29P) AppleWebKit/537.36 (KHTML, like Gecko) Chrome/137.0.7151.103 Mobile Safari/537.36 (compatible; Googlebot/2.1; +http://www.google.com/bot.html)"
66.249.73.132 - - [14/Jul/2025:16:23:38 +0000] "GET /shopdetail/3900420.shtml HTTP/1.1" 200 18750 "-" "Mozilla/5.0 (Linux; Android 6.0.1; Nexus 5X Build/MMB29P) AppleWebKit/537.36 (KHTML, like Gecko) Chrome/137.0.7151.103 Mobile Safari/537.36 (compatible; GoogleOther)"
66.249.73.131 - - [14/Jul/2025:16:23:50 +0000] "GET /shopdetail/2633692.shtml HTTP/1.1" 200 18640 "-" "Mozilla/5.0 (Linux; Android 6.0.1; Nexus 5X Build/MMB29P) AppleWebKit/537.36 (KHTML, like Gecko) Chrome/137.0.7151.103 Mobile Safari/537.36 (compatible; GoogleOther)"
66.249.73.131 - - [14/Jul/2025:16:25:41 +0000] "GET /shopdetail/3835418.shtml HTTP/1.1" 200 18827 "-" "Mozilla/5.0 (Linux; Android 6.0.1; Nexus 5X Build/MMB29P) AppleWebKit/537.36 (KHTML, like Gecko) Chrome/137.0.7151.103 Mobile Safari/537.36 (compatible; GoogleOther)"
66.249.73.128 - - [14/Jul/2025:16:26:14 +0000] "POST /get-message-notify HTTP/1.1" 200 18670 "https://cartel.express/shopdetail/2633692.shtml" "Mozilla/5.0 (Linux; Android 6.0.1; Nexus 5X Build/MMB29P) AppleWebKit/537.36 (KHTML, like Gecko) Chrome/137.0.7151.119 Mobile Safari/537.36 (compatible; Googlebot/2.1; +http://www.google.com/bot.html)"
66.249.73.128 - - [14/Jul/2025:16:29:18 +0000] "GET /pcmypage?callback=product/review/C4052786350 HTTP/1.1" 200 19292 "-" "Mozilla/5.0 (Linux; Android 6.0.1; Nexus 5X Build/MMB29P) AppleWebKit/537.36 (KHTML, like Gecko) Chrome/137.0.7151.103 Mobile Safari/537.36 (compatible; GoogleOther)"
66.249.73.132 - - [14/Jul/2025:16:30:11 +0000] "GET /shopdetail/3920876.shtml HTTP/1.1" 200 19898 "-" "Mozilla/5.0 (Linux; Android 6.0.1; Nexus 5X Build/MMB29P) AppleWebKit/537.36 (KHTML, like Gecko) Chrome/137.0.7151.103 Mobile Safari/537.36 (compatible; GoogleOther)"
66.249.73.128 - - [14/Jul/2025:16:30:14 +0000] "POST /get-message-notify HTTP/1.1" 200 18670 "https://cartel.express/pcmypage?callback=product/review/C4052786350" "Mozilla/5.0 (Linux; Android 6.0.1; Nexus 5X Build/MMB29P) AppleWebKit/537.36 (KHTML, like Gecko) Chrome/137.0.7151.119 Mobile Safari/537.36 (compatible; Googlebot/2.1; +http://www.google.com/bot.html)"
66.249.73.131 - - [14/Jul/2025:16:30:48 +0000] "GET /shopdetail/2769190.shtml HTTP/1.1" 200 18192 "-" "Mozilla/5.0 (Linux; Android 6.0.1; Nexus 5X Build/MMB29P) AppleWebKit/537.36 (KHTML, like Gecko) Chrome/137.0.7151.103 Mobile Safari/537.36 (compatible; GoogleOther)"
66.249.73.131 - - [14/Jul/2025:16:31:01 +0000] "GET /shopdetail/2651780.shtml HTTP/1.1" 200 18773 "-" "Mozilla/5.0 (Linux; Android 6.0.1; Nexus 5X Build/MMB29P) AppleWebKit/537.36 (KHTML, like Gecko) Chrome/137.0.7151.103 Mobile Safari/537.36 (compatible; GoogleOther)"
66.249.73.131 - - [14/Jul/2025:16:31:37 +0000] "POST /get-message-notify HTTP/1.1" 200 18670 "https://cartel.express/shopdetail/3920876.shtml" "Mozilla/5.0 (Linux; Android 6.0.1; Nexus 5X Build/MMB29P) AppleWebKit/537.36 (KHTML, like Gecko) Chrome/137.0.7151.119 Mobile Safari/537.36 (compatible; Googlebot/2.1; +http://www.google.com/bot.html)"
66.249.73.131 - - [14/Jul/2025:16:31:58 +0000] "POST /get-message-notify HTTP/1.1" 200 18670 "https://cartel.express/shopdetail/2651780.shtml" "Mozilla/5.0 (Linux; Android 6.0.1; Nexus 5X Build/MMB29P) AppleWebKit/537.36 (KHTML, like Gecko) Chrome/137.0.7151.119 Mobile Safari/537.36 (compatible; Googlebot/2.1; +http://www.google.com/bot.html)"
66.249.73.131 - - [14/Jul/2025:16:32:02 +0000] "POST /get-message-notify HTTP/1.1" 200 18670 "https://cartel.express/pcmypage?callback=product/review/C4052786350" "Mozilla/5.0 (Linux; Android 6.0.1; Nexus 5X Build/MMB29P) AppleWebKit/537.36 (KHTML, like Gecko) Chrome/137.0.7151.119 Mobile Safari/537.36 (compatible; Googlebot/2.1; +http://www.google.com/bot.html)"
66.249.73.128 - - [14/Jul/2025:16:33:18 +0000] "GET /shopdetail/1852028714.shtml HTTP/1.1" 200 17964 "-" "Mozilla/5.0 (Linux; Android 6.0.1; Nexus 5X Build/MMB29P) AppleWebKit/537.36 (KHTML, like Gecko) Chrome/137.0.7151.103 Mobile Safari/537.36 (compatible; GoogleOther)"
4.227.36.25 - - [14/Jul/2025:16:34:21 +0000] "GET /robots.txt HTTP/1.1" 200 94 "-" "Mozilla/5.0 AppleWebKit/537.36 (KHTML, like Gecko; compatible; GPTBot/1.2; +https://openai.com/gptbot)"
20.171.207.211 - - [14/Jul/2025:16:34:21 +0000] "GET /wp-sitemap.xml HTTP/1.1" 200 4506 "-" "Mozilla/5.0 AppleWebKit/537.36 (KHTML, like Gecko; compatible; GPTBot/1.2; +https://openai.com/gptbot)"
209.74.77.214 - - [14/Jul/2025:16:34:27 +0000] "POST /wp-cron.php?doing_wp_cron=1752510867.2333860397338867187500 HTTP/1.1" 200 - "-" "WordPress/6.8.1; https://cartel.express"
20.171.207.211 - - [14/Jul/2025:16:34:25 +0000] "GET /shopdetail/1092221154.shtml HTTP/1.1" 404 24673 "-" "Mozilla/5.0 AppleWebKit/537.36 (KHTML, like Gecko; compatible; GPTBot/1.2; +https://openai.com/gptbot)"
20.171.207.211 - - [14/Jul/2025:16:34:28 +0000] "GET /shopdetail/1092361000.shtml HTTP/1.1" 404 24673 "-" "Mozilla/5.0 AppleWebKit/537.36 (KHTML, like Gecko; compatible; GPTBot/1.2; +https://openai.com/gptbot)"
20.171.207.211 - - [14/Jul/2025:16:34:31 +0000] "GET /shopdetail/1091777988.shtml HTTP/1.1" 404 24672 "-" "Mozilla/5.0 AppleWebKit/537.36 (KHTML, like Gecko; compatible; GPTBot/1.2; +https://openai.com/gptbot)"
20.171.207.211 - - [14/Jul/2025:16:34:34 +0000] "GET /shopdetail/1091946476.shtml HTTP/1.1" 404 24671 "-" "Mozilla/5.0 AppleWebKit/537.36 (KHTML, like Gecko; compatible; GPTBot/1.2; +https://openai.com/gptbot)"
20.171.207.211 - - [14/Jul/2025:16:34:36 +0000] "GET /shopdetail/1091784916.shtml HTTP/1.1" 404 24668 "-" "Mozilla/5.0 AppleWebKit/537.36 (KHTML, like Gecko; compatible; GPTBot/1.2; +https://openai.com/gptbot)"
20.171.207.211 - - [14/Jul/2025:16:34:39 +0000] "GET /shopdetail/1091979546.shtml HTTP/1.1" 404 24670 "-" "Mozilla/5.0 AppleWebKit/537.36 (KHTML, like Gecko; compatible; GPTBot/1.2; +https://openai.com/gptbot)"
20.171.207.211 - - [14/Jul/2025:16:34:42 +0000] "GET /shopdetail/1092143546.shtml HTTP/1.1" 404 24672 "-" "Mozilla/5.0 AppleWebKit/537.36 (KHTML, like Gecko; compatible; GPTBot/1.2; +https://openai.com/gptbot)"
20.171.207.211 - - [14/Jul/2025:16:34:45 +0000] "GET /shopdetail/1092197000.shtml HTTP/1.1" 404 24673 "-" "Mozilla/5.0 AppleWebKit/537.36 (KHTML, like Gecko; compatible; GPTBot/1.2; +https://openai.com/gptbot)"
20.171.207.211 - - [14/Jul/2025:16:34:48 +0000] "GET /shopdetail/1092554956.shtml HTTP/1.1" 404 24673 "-" "Mozilla/5.0 AppleWebKit/537.36 (KHTML, like Gecko; compatible; GPTBot/1.2; +https://openai.com/gptbot)"
20.171.207.211 - - [14/Jul/2025:16:34:50 +0000] "GET /shopdetail/1091947670.shtml HTTP/1.1" 404 24670 "-" "Mozilla/5.0 AppleWebKit/537.36 (KHTML, like Gecko; compatible; GPTBot/1.2; +https://openai.com/gptbot)"
20.171.207.211 - - [14/Jul/2025:16:34:53 +0000] "GET /shopdetail/1092258636.shtml HTTP/1.1" 404 24673 "-" "Mozilla/5.0 AppleWebKit/537.36 (KHTML, like Gecko; compatible; GPTBot/1.2; +https://openai.com/gptbot)"
20.171.207.211 - - [14/Jul/2025:16:34:56 +0000] "GET /shopdetail/1091912228.shtml HTTP/1.1" 404 24670 "-" "Mozilla/5.0 AppleWebKit/537.36 (KHTML, like Gecko; compatible; GPTBot/1.2; +https://openai.com/gptbot)"
209.74.77.214 - - [14/Jul/2025:16:34:59 +0000] "POST /wp-cron.php?doing_wp_cron=1752510899.7005898952484130859375 HTTP/1.1" 200 - "-" "WordPress/6.8.1; https://cartel.express"
20.171.207.211 - - [14/Jul/2025:16:34:59 +0000] "GET /shopdetail/1092488828.shtml HTTP/1.1" 404 24670 "-" "Mozilla/5.0 AppleWebKit/537.36 (KHTML, like Gecko; compatible; GPTBot/1.2; +https://openai.com/gptbot)"
20.171.207.211 - - [14/Jul/2025:16:35:02 +0000] "GET /shopdetail/1092355522.shtml HTTP/1.1" 404 24670 "-" "Mozilla/5.0 AppleWebKit/537.36 (KHTML, like Gecko; compatible; GPTBot/1.2; +https://openai.com/gptbot)"
20.171.207.211 - - [14/Jul/2025:16:35:05 +0000] "GET /shopdetail/1092333936.shtml HTTP/1.1" 404 24673 "-" "Mozilla/5.0 AppleWebKit/537.36 (KHTML, like Gecko; compatible; GPTBot/1.2; +https://openai.com/gptbot)"
20.171.207.211 - - [14/Jul/2025:16:35:08 +0000] "GET /shopdetail/1092444290.shtml HTTP/1.1" 404 24672 "-" "Mozilla/5.0 AppleWebKit/537.36 (KHTML, like Gecko; compatible; GPTBot/1.2; +https://openai.com/gptbot)"
20.171.207.211 - - [14/Jul/2025:16:35:10 +0000] "GET /shopdetail/1092226760.shtml HTTP/1.1" 404 24674 "-" "Mozilla/5.0 AppleWebKit/537.36 (KHTML, like Gecko; compatible; GPTBot/1.2; +https://openai.com/gptbot)"
209.74.77.214 - - [14/Jul/2025:16:35:13 +0000] "POST /wp-cron.php?doing_wp_cron=1752510913.8490390777587890625000 HTTP/1.1" 200 - "-" "WordPress/6.8.1; https://cartel.express"
20.171.207.211 - - [14/Jul/2025:16:35:13 +0000] "GET /shopdetail/1091766636.shtml HTTP/1.1" 404 24671 "-" "Mozilla/5.0 AppleWebKit/537.36 (KHTML, like Gecko; compatible; GPTBot/1.2; +https://openai.com/gptbot)"
20.171.207.211 - - [14/Jul/2025:16:35:16 +0000] "GET /shopdetail/1092044480.shtml HTTP/1.1" 404 24671 "-" "Mozilla/5.0 AppleWebKit/537.36 (KHTML, like Gecko; compatible; GPTBot/1.2; +https://openai.com/gptbot)"
20.171.207.211 - - [14/Jul/2025:16:35:18 +0000] "GET /shopdetail/1092559444.shtml HTTP/1.1" 404 24670 "-" "Mozilla/5.0 AppleWebKit/537.36 (KHTML, like Gecko; compatible; GPTBot/1.2; +https://openai.com/gptbot)"
20.171.207.211 - - [14/Jul/2025:16:35:21 +0000] "GET /shopdetail/1092087772.shtml HTTP/1.1" 404 24671 "-" "Mozilla/5.0 AppleWebKit/537.36 (KHTML, like Gecko; compatible; GPTBot/1.2; +https://openai.com/gptbot)"
209.74.77.214 - - [14/Jul/2025:16:35:25 +0000] "POST /wp-cron.php?doing_wp_cron=1752510925.1021339893341064453125 HTTP/1.1" 200 - "-" "WordPress/6.8.1; https://cartel.express"
20.171.207.211 - - [14/Jul/2025:16:35:24 +0000] "GET /shopdetail/1092405550.shtml HTTP/1.1" 404 24670 "-" "Mozilla/5.0 AppleWebKit/537.36 (KHTML, like Gecko; compatible; GPTBot/1.2; +https://openai.com/gptbot)"
20.171.207.211 - - [14/Jul/2025:16:35:27 +0000] "GET /shopdetail/1092446662.shtml HTTP/1.1" 404 24672 "-" "Mozilla/5.0 AppleWebKit/537.36 (KHTML, like Gecko; compatible; GPTBot/1.2; +https://openai.com/gptbot)"
209.74.77.214 - - [14/Jul/2025:16:35:30 +0000] "POST /wp-cron.php?doing_wp_cron=1752510930.8686869144439697265625 HTTP/1.1" 200 - "-" "WordPress/6.8.1; https://cartel.express"
20.171.207.211 - - [14/Jul/2025:16:35:30 +0000] "GET /shopdetail/1091945554.shtml HTTP/1.1" 404 24672 "-" "Mozilla/5.0 AppleWebKit/537.36 (KHTML, like Gecko; compatible; GPTBot/1.2; +https://openai.com/gptbot)"
20.171.207.211 - - [14/Jul/2025:16:35:33 +0000] "GET /shopdetail/1092177730.shtml HTTP/1.1" 404 24672 "-" "Mozilla/5.0 AppleWebKit/537.36 (KHTML, like Gecko; compatible; GPTBot/1.2; +https://openai.com/gptbot)"
20.171.207.211 - - [14/Jul/2025:16:35:36 +0000] "GET /shopdetail/1091822214.shtml HTTP/1.1" 404 24673 "-" "Mozilla/5.0 AppleWebKit/537.36 (KHTML, like Gecko; compatible; GPTBot/1.2; +https://openai.com/gptbot)"
20.171.207.211 - - [14/Jul/2025:16:35:39 +0000] "GET /shopdetail/1092264446.shtml HTTP/1.1" 404 24672 "-" "Mozilla/5.0 AppleWebKit/537.36 (KHTML, like Gecko; compatible; GPTBot/1.2; +https://openai.com/gptbot)"
20.171.207.211 - - [14/Jul/2025:16:35:41 +0000] "GET /shopdetail/1092111670.shtml HTTP/1.1" 404 24670 "-" "Mozilla/5.0 AppleWebKit/537.36 (KHTML, like Gecko; compatible; GPTBot/1.2; +https://openai.com/gptbot)"
20.171.207.211 - - [14/Jul/2025:16:35:44 +0000] "GET /shopdetail/1091888406.shtml HTTP/1.1" 404 24672 "-" "Mozilla/5.0 AppleWebKit/537.36 (KHTML, like Gecko; compatible; GPTBot/1.2; +https://openai.com/gptbot)"
20.171.207.211 - - [14/Jul/2025:16:35:47 +0000] "GET /shopdetail/1092223270.shtml HTTP/1.1" 404 24669 "-" "Mozilla/5.0 AppleWebKit/537.36 (KHTML, like Gecko; compatible; GPTBot/1.2; +https://openai.com/gptbot)"
20.171.207.211 - - [14/Jul/2025:16:35:50 +0000] "GET /shopdetail/1092555954.shtml HTTP/1.1" 404 24673 "-" "Mozilla/5.0 AppleWebKit/537.36 (KHTML, like Gecko; compatible; GPTBot/1.2; +https://openai.com/gptbot)"
20.171.207.211 - - [14/Jul/2025:16:35:53 +0000] "GET /shopdetail/1091803000.shtml HTTP/1.1" 404 24671 "-" "Mozilla/5.0 AppleWebKit/537.36 (KHTML, like Gecko; compatible; GPTBot/1.2; +https://openai.com/gptbot)"
20.171.207.211 - - [14/Jul/2025:16:35:56 +0000] "GET /shopdetail/1092229200.shtml HTTP/1.1" 404 24670 "-" "Mozilla/5.0 AppleWebKit/537.36 (KHTML, like Gecko; compatible; GPTBot/1.2; +https://openai.com/gptbot)"
209.74.77.214 - - [14/Jul/2025:16:35:59 +0000] "POST /wp-cron.php?doing_wp_cron=1752510959.4362180233001708984375 HTTP/1.1" 200 - "-" "WordPress/6.8.1; https://cartel.express"
20.171.207.211 - - [14/Jul/2025:16:35:59 +0000] "GET /shopdetail/1091998880.shtml HTTP/1.1" 404 24670 "-" "Mozilla/5.0 AppleWebKit/537.36 (KHTML, like Gecko; compatible; GPTBot/1.2; +https://openai.com/gptbot)"
20.171.207.211 - - [14/Jul/2025:16:36:02 +0000] "GET /shopdetail/1092544406.shtml HTTP/1.1" 404 24674 "-" "Mozilla/5.0 AppleWebKit/537.36 (KHTML, like Gecko; compatible; GPTBot/1.2; +https://openai.com/gptbot)"
20.171.207.211 - - [14/Jul/2025:16:36:04 +0000] "GET /shopdetail/1092067444.shtml HTTP/1.1" 404 24674 "-" "Mozilla/5.0 AppleWebKit/537.36 (KHTML, like Gecko; compatible; GPTBot/1.2; +https://openai.com/gptbot)"
20.171.207.211 - - [14/Jul/2025:16:36:07 +0000] "GET /shopdetail/1092533314.shtml HTTP/1.1" 404 24672 "-" "Mozilla/5.0 AppleWebKit/537.36 (KHTML, like Gecko; compatible; GPTBot/1.2; +https://openai.com/gptbot)"
20.171.207.211 - - [14/Jul/2025:16:36:10 +0000] "GET /shopdetail/1092411156.shtml HTTP/1.1" 404 24673 "-" "Mozilla/5.0 AppleWebKit/537.36 (KHTML, like Gecko; compatible; GPTBot/1.2; +https://openai.com/gptbot)"
209.74.77.214 - - [14/Jul/2025:16:36:13 +0000] "POST /wp-cron.php?doing_wp_cron=1752510973.6636168956756591796875 HTTP/1.1" 200 - "-" "WordPress/6.8.1; https://cartel.express"
20.171.207.211 - - [14/Jul/2025:16:36:13 +0000] "GET /shopdetail/1091857776.shtml HTTP/1.1" 404 24673 "-" "Mozilla/5.0 AppleWebKit/537.36 (KHTML, like Gecko; compatible; GPTBot/1.2; +https://openai.com/gptbot)"
20.171.207.211 - - [14/Jul/2025:16:36:16 +0000] "GET /shopdetail/1092225642.shtml HTTP/1.1" 404 24671 "-" "Mozilla/5.0 AppleWebKit/537.36 (KHTML, like Gecko; compatible; GPTBot/1.2; +https://openai.com/gptbot)"
20.171.207.211 - - [14/Jul/2025:16:36:19 +0000] "GET /shopdetail/1092227758.shtml HTTP/1.1" 404 24671 "-" "Mozilla/5.0 AppleWebKit/537.36 (KHTML, like Gecko; compatible; GPTBot/1.2; +https://openai.com/gptbot)"
20.171.207.211 - - [14/Jul/2025:16:36:21 +0000] "GET /shopdetail/1092224388.shtml HTTP/1.1" 404 24669 "-" "Mozilla/5.0 AppleWebKit/537.36 (KHTML, like Gecko; compatible; GPTBot/1.2; +https://openai.com/gptbot)"
20.171.207.211 - - [14/Jul/2025:16:36:24 +0000] "GET /shopdetail/1092406668.shtml HTTP/1.1" 404 24670 "-" "Mozilla/5.0 AppleWebKit/537.36 (KHTML, like Gecko; compatible; GPTBot/1.2; +https://openai.com/gptbot)"
20.171.207.211 - - [14/Jul/2025:16:36:27 +0000] "GET /shopdetail/1092228876.shtml HTTP/1.1" 404 24671 "-" "Mozilla/5.0 AppleWebKit/537.36 (KHTML, like Gecko; compatible; GPTBot/1.2; +https://openai.com/gptbot)"
20.171.207.211 - - [14/Jul/2025:16:36:30 +0000] "GET /shopdetail/1092358884.shtml HTTP/1.1" 404 24671 "-" "Mozilla/5.0 AppleWebKit/537.36 (KHTML, like Gecko; compatible; GPTBot/1.2; +https://openai.com/gptbot)"
20.171.207.211 - - [14/Jul/2025:16:36:33 +0000] "GET /shopdetail/1091835810.shtml HTTP/1.1" 404 24672 "-" "Mozilla/5.0 AppleWebKit/537.36 (KHTML, like Gecko; compatible; GPTBot/1.2; +https://openai.com/gptbot)"
20.171.207.211 - - [14/Jul/2025:16:36:36 +0000] "GET /shopdetail/1092426202.shtml HTTP/1.1" 404 24671 "-" "Mozilla/5.0 AppleWebKit/537.36 (KHTML, like Gecko; compatible; GPTBot/1.2; +https://openai.com/gptbot)"
20.171.207.211 - - [14/Jul/2025:16:36:38 +0000] "GET /shopdetail/1092050290.shtml HTTP/1.1" 404 24673 "-" "Mozilla/5.0 AppleWebKit/537.36 (KHTML, like Gecko; compatible; GPTBot/1.2; +https://openai.com/gptbot)"
20.171.207.211 - - [14/Jul/2025:16:36:41 +0000] "GET /shopdetail/1091834880.shtml HTTP/1.1" 404 24672 "-" "Mozilla/5.0 AppleWebKit/537.36 (KHTML, like Gecko; compatible; GPTBot/1.2; +https://openai.com/gptbot)"
20.171.207.211 - - [14/Jul/2025:16:36:44 +0000] "GET /shopdetail/1092089030.shtml HTTP/1.1" 404 24674 "-" "Mozilla/5.0 AppleWebKit/537.36 (KHTML, like Gecko; compatible; GPTBot/1.2; +https://openai.com/gptbot)"
20.171.207.211 - - [14/Jul/2025:16:36:47 +0000] "GET /shopdetail/1091793700.shtml HTTP/1.1" 404 24672 "-" "Mozilla/5.0 AppleWebKit/537.36 (KHTML, like Gecko; compatible; GPTBot/1.2; +https://openai.com/gptbot)"
20.171.207.211 - - [14/Jul/2025:16:36:50 +0000] "GET /shopdetail/1092174424.shtml HTTP/1.1" 404 24672 "-" "Mozilla/5.0 AppleWebKit/537.36 (KHTML, like Gecko; compatible; GPTBot/1.2; +https://openai.com/gptbot)"
20.171.207.211 - - [14/Jul/2025:16:36:53 +0000] "GET /shopdetail/1092402180.shtml HTTP/1.1" 404 24672 "-" "Mozilla/5.0 AppleWebKit/537.36 (KHTML, like Gecko; compatible; GPTBot/1.2; +https://openai.com/gptbot)"
20.171.207.211 - - [14/Jul/2025:16:36:56 +0000] "GET /shopdetail/1091969376.shtml HTTP/1.1" 404 24672 "-" "Mozilla/5.0 AppleWebKit/537.36 (KHTML, like Gecko; compatible; GPTBot/1.2; +https://openai.com/gptbot)"
209.74.77.214 - - [14/Jul/2025:16:36:59 +0000] "POST /wp-cron.php?doing_wp_cron=1752511019.3700931072235107421875 HTTP/1.1" 200 - "-" "WordPress/6.8.1; https://cartel.express"
20.171.207.211 - - [14/Jul/2025:16:36:59 +0000] "GET /shopdetail/1092172052.shtml HTTP/1.1" 404 24671 "-" "Mozilla/5.0 AppleWebKit/537.36 (KHTML, like Gecko; compatible; GPTBot/1.2; +https://openai.com/gptbot)"
20.171.207.211 - - [14/Jul/2025:16:37:01 +0000] "GET /shopdetail/1092190460.shtml HTTP/1.1" 404 24671 "-" "Mozilla/5.0 AppleWebKit/537.36 (KHTML, like Gecko; compatible; GPTBot/1.2; +https://openai.com/gptbot)"
20.171.207.211 - - [14/Jul/2025:16:37:04 +0000] "GET /shopdetail/1092499062.shtml HTTP/1.1" 404 24673 "-" "Mozilla/5.0 AppleWebKit/537.36 (KHTML, like Gecko; compatible; GPTBot/1.2; +https://openai.com/gptbot)"
20.171.207.211 - - [14/Jul/2025:16:37:07 +0000] "GET /shopdetail/1092318898.shtml HTTP/1.1" 404 24671 "-" "Mozilla/5.0 AppleWebKit/537.36 (KHTML, like Gecko; compatible; GPTBot/1.2; +https://openai.com/gptbot)"
20.171.207.211 - - [14/Jul/2025:16:37:10 +0000] "GET /shopdetail/1091850848.shtml HTTP/1.1" 404 24670 "-" "Mozilla/5.0 AppleWebKit/537.36 (KHTML, like Gecko; compatible; GPTBot/1.2; +https://openai.com/gptbot)"
209.74.77.214 - - [14/Jul/2025:16:37:13 +0000] "POST /wp-cron.php?doing_wp_cron=1752511033.4294428825378417968750 HTTP/1.1" 200 - "-" "WordPress/6.8.1; https://cartel.express"
20.171.207.211 - - [14/Jul/2025:16:37:13 +0000] "GET /shopdetail/1092151656.shtml HTTP/1.1" 404 24672 "-" "Mozilla/5.0 AppleWebKit/537.36 (KHTML, like Gecko; compatible; GPTBot/1.2; +https://openai.com/gptbot)"
20.171.207.211 - - [14/Jul/2025:16:37:16 +0000] "GET /shopdetail/1091951032.shtml HTTP/1.1" 404 24672 "-" "Mozilla/5.0 AppleWebKit/537.36 (KHTML, like Gecko; compatible; GPTBot/1.2; +https://openai.com/gptbot)"
20.171.207.211 - - [14/Jul/2025:16:37:18 +0000] "GET /shopdetail/1092117276.shtml HTTP/1.1" 404 24672 "-" "Mozilla/5.0 AppleWebKit/537.36 (KHTML, like Gecko; compatible; GPTBot/1.2; +https://openai.com/gptbot)"
20.171.207.211 - - [14/Jul/2025:16:37:21 +0000] "GET /shopdetail/1092080912.shtml HTTP/1.1" 404 24672 "-" "Mozilla/5.0 AppleWebKit/537.36 (KHTML, like Gecko; compatible; GPTBot/1.2; +https://openai.com/gptbot)"
20.171.207.211 - - [14/Jul/2025:16:37:24 +0000] "GET /shopdetail/1091854414.shtml HTTP/1.1" 404 24671 "-" "Mozilla/5.0 AppleWebKit/537.36 (KHTML, like Gecko; compatible; GPTBot/1.2; +https://openai.com/gptbot)"
20.171.207.211 - - [14/Jul/2025:16:37:27 +0000] "GET /shopdetail/1092580902.shtml HTTP/1.1" 404 24672 "-" "Mozilla/5.0 AppleWebKit/537.36 (KHTML, like Gecko; compatible; GPTBot/1.2; +https://openai.com/gptbot)"
20.171.207.211 - - [14/Jul/2025:16:37:30 +0000] "GET /shopdetail/1092200694.shtml HTTP/1.1" 404 24672 "-" "Mozilla/5.0 AppleWebKit/537.36 (KHTML, like Gecko; compatible; GPTBot/1.2; +https://openai.com/gptbot)"
20.171.207.211 - - [14/Jul/2025:16:37:32 +0000] "GET /shopdetail/1092168818.shtml HTTP/1.1" 404 24673 "-" "Mozilla/5.0 AppleWebKit/537.36 (KHTML, like Gecko; compatible; GPTBot/1.2; +https://openai.com/gptbot)"
20.171.207.211 - - [14/Jul/2025:16:37:35 +0000] "GET /shopdetail/1091795150.shtml HTTP/1.1" 404 24672 "-" "Mozilla/5.0 AppleWebKit/537.36 (KHTML, like Gecko; compatible; GPTBot/1.2; +https://openai.com/gptbot)"
20.171.207.211 - - [14/Jul/2025:16:37:38 +0000] "GET /shopdetail/1091792710.shtml HTTP/1.1" 404 24672 "-" "Mozilla/5.0 AppleWebKit/537.36 (KHTML, like Gecko; compatible; GPTBot/1.2; +https://openai.com/gptbot)"
20.171.207.211 - - [14/Jul/2025:16:37:41 +0000] "GET /shopdetail/1091995514.shtml HTTP/1.1" 404 24673 "-" "Mozilla/5.0 AppleWebKit/537.36 (KHTML, like Gecko; compatible; GPTBot/1.2; +https://openai.com/gptbot)"
20.171.207.211 - - [14/Jul/2025:16:37:44 +0000] "GET /shopdetail/1091825900.shtml HTTP/1.1" 404 24670 "-" "Mozilla/5.0 AppleWebKit/537.36 (KHTML, like Gecko; compatible; GPTBot/1.2; +https://openai.com/gptbot)"
20.171.207.211 - - [14/Jul/2025:16:37:47 +0000] "GET /shopdetail/1091943114.shtml HTTP/1.1" 404 24673 "-" "Mozilla/5.0 AppleWebKit/537.36 (KHTML, like Gecko; compatible; GPTBot/1.2; +https://openai.com/gptbot)"
20.171.207.211 - - [14/Jul/2025:16:37:50 +0000] "GET /shopdetail/1091896516.shtml HTTP/1.1" 404 24670 "-" "Mozilla/5.0 AppleWebKit/537.36 (KHTML, like Gecko; compatible; GPTBot/1.2; +https://openai.com/gptbot)"
20.171.207.211 - - [14/Jul/2025:16:37:52 +0000] "GET /shopdetail/1092004494.shtml HTTP/1.1" 404 24672 "-" "Mozilla/5.0 AppleWebKit/537.36 (KHTML, like Gecko; compatible; GPTBot/1.2; +https://openai.com/gptbot)"
20.171.207.211 - - [14/Jul/2025:16:37:55 +0000] "GET /shopdetail/1091892894.shtml HTTP/1.1" 404 24673 "-" "Mozilla/5.0 AppleWebKit/537.36 (KHTML, like Gecko; compatible; GPTBot/1.2; +https://openai.com/gptbot)"
209.74.77.214 - - [14/Jul/2025:16:37:58 +0000] "POST /wp-cron.php?doing_wp_cron=1752511078.8671140670776367187500 HTTP/1.1" 200 - "-" "WordPress/6.8.1; https://cartel.express"
20.171.207.211 - - [14/Jul/2025:16:37:58 +0000] "GET /shopdetail/1092169612.shtml HTTP/1.1" 404 24671 "-" "Mozilla/5.0 AppleWebKit/537.36 (KHTML, like Gecko; compatible; GPTBot/1.2; +https://openai.com/gptbot)"
20.171.207.211 - - [14/Jul/2025:16:38:01 +0000] "GET /shopdetail/1091934996.shtml HTTP/1.1" 404 24671 "-" "Mozilla/5.0 AppleWebKit/537.36 (KHTML, like Gecko; compatible; GPTBot/1.2; +https://openai.com/gptbot)"
20.171.207.211 - - [14/Jul/2025:16:38:04 +0000] "GET /shopdetail/1091833630.shtml HTTP/1.1" 404 24674 "-" "Mozilla/5.0 AppleWebKit/537.36 (KHTML, like Gecko; compatible; GPTBot/1.2; +https://openai.com/gptbot)"
20.171.207.211 - - [14/Jul/2025:16:38:07 +0000] "GET /shopdetail/1092311036.shtml HTTP/1.1" 404 24672 "-" "Mozilla/5.0 AppleWebKit/537.36 (KHTML, like Gecko; compatible; GPTBot/1.2; +https://openai.com/gptbot)"
