20.171.207.211 - - [14/Jul/2025:16:58:00 +0000] "GET /shopdetail/1091836134.shtml HTTP/1.1" 404 24674 "-" "Mozilla/5.0 AppleWebKit/537.36 (KHTML, like Gecko; compatible; GPTBot/1.2; +https://openai.com/gptbot)"
20.171.207.211 - - [14/Jul/2025:16:58:03 +0000] "GET /shopdetail/1092218650.shtml HTTP/1.1" 404 24673 "-" "Mozilla/5.0 AppleWebKit/537.36 (KHTML, like Gecko; compatible; GPTBot/1.2; +https://openai.com/gptbot)"
20.171.207.211 - - [14/Jul/2025:16:58:05 +0000] "GET /shopdetail/1092356512.shtml HTTP/1.1" 404 24672 "-" "Mozilla/5.0 AppleWebKit/537.36 (KHTML, like Gecko; compatible; GPTBot/1.2; +https://openai.com/gptbot)"
20.171.207.211 - - [14/Jul/2025:16:58:08 +0000] "GET /shopdetail/1092036370.shtml HTTP/1.1" 404 24673 "-" "Mozilla/5.0 AppleWebKit/537.36 (KHTML, like Gecko; compatible; GPTBot/1.2; +https://openai.com/gptbot)"
20.171.207.211 - - [14/Jul/2025:16:58:11 +0000] "GET /shopdetail/1092366938.shtml HTTP/1.1" 404 24672 "-" "Mozilla/5.0 AppleWebKit/537.36 (KHTML, like Gecko; compatible; GPTBot/1.2; +https://openai.com/gptbot)"
209.74.77.214 - - [14/Jul/2025:16:58:15 +0000] "POST /wp-cron.php?doing_wp_cron=1752512295.0294148921966552734375 HTTP/1.1" 200 - "-" "WordPress/6.8.1; https://cartel.express"
20.171.207.211 - - [14/Jul/2025:16:58:14 +0000] "GET /shopdetail/1092526450.shtml HTTP/1.1" 404 24672 "-" "Mozilla/5.0 AppleWebKit/537.36 (KHTML, like Gecko; compatible; GPTBot/1.2; +https://openai.com/gptbot)"
20.171.207.211 - - [14/Jul/2025:16:58:17 +0000] "GET /shopdetail/1092497808.shtml HTTP/1.1" 404 24674 "-" "Mozilla/5.0 AppleWebKit/537.36 (KHTML, like Gecko; compatible; GPTBot/1.2; +https://openai.com/gptbot)"
20.171.207.211 - - [14/Jul/2025:16:58:20 +0000] "GET /shopdetail/1092137736.shtml HTTP/1.1" 404 24672 "-" "Mozilla/5.0 AppleWebKit/537.36 (KHTML, like Gecko; compatible; GPTBot/1.2; +https://openai.com/gptbot)"
20.171.207.211 - - [14/Jul/2025:16:58:23 +0000] "GET /shopdetail/1092015974.shtml HTTP/1.1" 404 24673 "-" "Mozilla/5.0 AppleWebKit/537.36 (KHTML, like Gecko; compatible; GPTBot/1.2; +https://openai.com/gptbot)"
20.171.207.211 - - [14/Jul/2025:16:58:26 +0000] "GET /shopdetail/1092198254.shtml HTTP/1.1" 404 24673 "-" "Mozilla/5.0 AppleWebKit/537.36 (KHTML, like Gecko; compatible; GPTBot/1.2; +https://openai.com/gptbot)"
20.171.207.211 - - [14/Jul/2025:16:58:29 +0000] "GET /shopdetail/1092576606.shtml HTTP/1.1" 404 24670 "-" "Mozilla/5.0 AppleWebKit/537.36 (KHTML, like Gecko; compatible; GPTBot/1.2; +https://openai.com/gptbot)"
20.171.207.211 - - [14/Jul/2025:16:58:31 +0000] "GET /shopdetail/1091885966.shtml HTTP/1.1" 404 24672 "-" "Mozilla/5.0 AppleWebKit/537.36 (KHTML, like Gecko; compatible; GPTBot/1.2; +https://openai.com/gptbot)"
20.171.207.211 - - [14/Jul/2025:16:58:34 +0000] "GET /shopdetail/1092094508.shtml HTTP/1.1" 404 24670 "-" "Mozilla/5.0 AppleWebKit/537.36 (KHTML, like Gecko; compatible; GPTBot/1.2; +https://openai.com/gptbot)"
20.171.207.211 - - [14/Jul/2025:16:58:37 +0000] "GET /shopdetail/1091864640.shtml HTTP/1.1" 404 24672 "-" "Mozilla/5.0 AppleWebKit/537.36 (KHTML, like Gecko; compatible; GPTBot/1.2; +https://openai.com/gptbot)"
20.171.207.211 - - [14/Jul/2025:16:58:40 +0000] "GET /shopdetail/1092088706.shtml HTTP/1.1" 404 24673 "-" "Mozilla/5.0 AppleWebKit/537.36 (KHTML, like Gecko; compatible; GPTBot/1.2; +https://openai.com/gptbot)"
20.171.207.211 - - [14/Jul/2025:16:58:43 +0000] "GET /shopdetail/1092163008.shtml HTTP/1.1" 404 24672 "-" "Mozilla/5.0 AppleWebKit/537.36 (KHTML, like Gecko; compatible; GPTBot/1.2; +https://openai.com/gptbot)"
20.171.207.211 - - [14/Jul/2025:16:58:45 +0000] "GET /shopdetail/1092371234.shtml HTTP/1.1" 404 24671 "-" "Mozilla/5.0 AppleWebKit/537.36 (KHTML, like Gecko; compatible; GPTBot/1.2; +https://openai.com/gptbot)"
20.171.207.211 - - [14/Jul/2025:16:58:48 +0000] "GET /shopdetail/1091882724.shtml HTTP/1.1" 404 24670 "-" "Mozilla/5.0 AppleWebKit/537.36 (KHTML, like Gecko; compatible; GPTBot/1.2; +https://openai.com/gptbot)"
20.171.207.211 - - [14/Jul/2025:16:58:51 +0000] "GET /shopdetail/1092303186.shtml HTTP/1.1" 404 24671 "-" "Mozilla/5.0 AppleWebKit/537.36 (KHTML, like Gecko; compatible; GPTBot/1.2; +https://openai.com/gptbot)"
20.171.207.211 - - [14/Jul/2025:16:58:54 +0000] "GET /shopdetail/1092265564.shtml HTTP/1.1" 404 24671 "-" "Mozilla/5.0 AppleWebKit/537.36 (KHTML, like Gecko; compatible; GPTBot/1.2; +https://openai.com/gptbot)"
209.74.77.214 - - [14/Jul/2025:16:58:57 +0000] "POST /wp-cron.php?doing_wp_cron=1752512337.5255138874053955078125 HTTP/1.1" 200 - "-" "WordPress/6.8.1; https://cartel.express"
20.171.207.211 - - [14/Jul/2025:16:58:57 +0000] "GET /shopdetail/1092419274.shtml HTTP/1.1" 404 24672 "-" "Mozilla/5.0 AppleWebKit/537.36 (KHTML, like Gecko; compatible; GPTBot/1.2; +https://openai.com/gptbot)"
20.171.207.211 - - [14/Jul/2025:16:58:59 +0000] "GET /shopdetail/1091774366.shtml HTTP/1.1" 404 24670 "-" "Mozilla/5.0 AppleWebKit/537.36 (KHTML, like Gecko; compatible; GPTBot/1.2; +https://openai.com/gptbot)"
20.171.207.211 - - [14/Jul/2025:16:59:02 +0000] "GET /shopdetail/1092118466.shtml HTTP/1.1" 404 24673 "-" "Mozilla/5.0 AppleWebKit/537.36 (KHTML, like Gecko; compatible; GPTBot/1.2; +https://openai.com/gptbot)"
20.171.207.211 - - [14/Jul/2025:16:59:05 +0000] "GET /shopdetail/1091870126.shtml HTTP/1.1" 404 24672 "-" "Mozilla/5.0 AppleWebKit/537.36 (KHTML, like Gecko; compatible; GPTBot/1.2; +https://openai.com/gptbot)"
20.171.207.211 - - [14/Jul/2025:16:59:08 +0000] "GET /shopdetail/1092134502.shtml HTTP/1.1" 404 24672 "-" "Mozilla/5.0 AppleWebKit/537.36 (KHTML, like Gecko; compatible; GPTBot/1.2; +https://openai.com/gptbot)"
20.171.207.211 - - [14/Jul/2025:16:59:11 +0000] "GET /shopdetail/1092503554.shtml HTTP/1.1" 404 24672 "-" "Mozilla/5.0 AppleWebKit/537.36 (KHTML, like Gecko; compatible; GPTBot/1.2; +https://openai.com/gptbot)"
209.74.77.214 - - [14/Jul/2025:16:59:14 +0000] "POST /wp-cron.php?doing_wp_cron=1752512354.5580639839172363281250 HTTP/1.1" 200 - "-" "WordPress/6.8.1; https://cartel.express"
20.171.207.211 - - [14/Jul/2025:16:59:14 +0000] "GET /shopdetail/1092232570.shtml HTTP/1.1" 404 24671 "-" "Mozilla/5.0 AppleWebKit/537.36 (KHTML, like Gecko; compatible; GPTBot/1.2; +https://openai.com/gptbot)"
20.171.207.211 - - [14/Jul/2025:16:59:17 +0000] "GET /shopdetail/1092391954.shtml HTTP/1.1" 404 24672 "-" "Mozilla/5.0 AppleWebKit/537.36 (KHTML, like Gecko; compatible; GPTBot/1.2; +https://openai.com/gptbot)"
20.171.207.211 - - [14/Jul/2025:16:59:19 +0000] "GET /shopdetail/1091933878.shtml HTTP/1.1" 404 24673 "-" "Mozilla/5.0 AppleWebKit/537.36 (KHTML, like Gecko; compatible; GPTBot/1.2; +https://openai.com/gptbot)"
20.171.207.211 - - [14/Jul/2025:16:59:22 +0000] "GET /shopdetail/1091960268.shtml HTTP/1.1" 404 24673 "-" "Mozilla/5.0 AppleWebKit/537.36 (KHTML, like Gecko; compatible; GPTBot/1.2; +https://openai.com/gptbot)"
20.171.207.211 - - [14/Jul/2025:16:59:25 +0000] "GET /shopdetail/1092242796.shtml HTTP/1.1" 404 24670 "-" "Mozilla/5.0 AppleWebKit/537.36 (KHTML, like Gecko; compatible; GPTBot/1.2; +https://openai.com/gptbot)"
20.171.207.211 - - [14/Jul/2025:16:59:28 +0000] "GET /shopdetail/1092394326.shtml HTTP/1.1" 404 24673 "-" "Mozilla/5.0 AppleWebKit/537.36 (KHTML, like Gecko; compatible; GPTBot/1.2; +https://openai.com/gptbot)"
20.171.207.211 - - [14/Jul/2025:16:59:31 +0000] "GET /shopdetail/1092247284.shtml HTTP/1.1" 404 24673 "-" "Mozilla/5.0 AppleWebKit/537.36 (KHTML, like Gecko; compatible; GPTBot/1.2; +https://openai.com/gptbot)"
20.171.207.211 - - [14/Jul/2025:16:59:34 +0000] "GET /shopdetail/1092495692.shtml HTTP/1.1" 404 24671 "-" "Mozilla/5.0 AppleWebKit/537.36 (KHTML, like Gecko; compatible; GPTBot/1.2; +https://openai.com/gptbot)"
20.171.207.211 - - [14/Jul/2025:16:59:37 +0000] "GET /shopdetail/1091804126.shtml HTTP/1.1" 404 24672 "-" "Mozilla/5.0 AppleWebKit/537.36 (KHTML, like Gecko; compatible; GPTBot/1.2; +https://openai.com/gptbot)"
20.171.207.211 - - [14/Jul/2025:16:59:39 +0000] "GET /shopdetail/1091856530.shtml HTTP/1.1" 404 24674 "-" "Mozilla/5.0 AppleWebKit/537.36 (KHTML, like Gecko; compatible; GPTBot/1.2; +https://openai.com/gptbot)"
20.171.207.211 - - [14/Jul/2025:16:59:42 +0000] "GET /shopdetail/1092072866.shtml HTTP/1.1" 404 24673 "-" "Mozilla/5.0 AppleWebKit/537.36 (KHTML, like Gecko; compatible; GPTBot/1.2; +https://openai.com/gptbot)"
20.171.207.211 - - [14/Jul/2025:16:59:45 +0000] "GET /shopdetail/1091773240.shtml HTTP/1.1" 404 24673 "-" "Mozilla/5.0 AppleWebKit/537.36 (KHTML, like Gecko; compatible; GPTBot/1.2; +https://openai.com/gptbot)"
20.171.207.211 - - [14/Jul/2025:16:59:48 +0000] "GET /shopdetail/1092484340.shtml HTTP/1.1" 404 24673 "-" "Mozilla/5.0 AppleWebKit/537.36 (KHTML, like Gecko; compatible; GPTBot/1.2; +https://openai.com/gptbot)"
20.171.207.211 - - [14/Jul/2025:16:59:51 +0000] "GET /shopdetail/1091816792.shtml HTTP/1.1" 404 24672 "-" "Mozilla/5.0 AppleWebKit/537.36 (KHTML, like Gecko; compatible; GPTBot/1.2; +https://openai.com/gptbot)"
20.171.207.211 - - [14/Jul/2025:16:59:54 +0000] "GET /shopdetail/1091840622.shtml HTTP/1.1" 404 24673 "-" "Mozilla/5.0 AppleWebKit/537.36 (KHTML, like Gecko; compatible; GPTBot/1.2; +https://openai.com/gptbot)"
209.74.77.214 - - [14/Jul/2025:16:59:57 +0000] "POST /wp-cron.php?doing_wp_cron=1752512397.2465450763702392578125 HTTP/1.1" 200 - "-" "WordPress/6.8.1; https://cartel.express"
20.171.207.211 - - [14/Jul/2025:16:59:56 +0000] "GET /shopdetail/1092585390.shtml HTTP/1.1" 404 24672 "-" "Mozilla/5.0 AppleWebKit/537.36 (KHTML, like Gecko; compatible; GPTBot/1.2; +https://openai.com/gptbot)"
66.249.73.128 - - [14/Jul/2025:16:59:57 +0000] "GET /shopdetail/4161174.shtml HTTP/1.1" 200 18484 "-" "Mozilla/5.0 (Linux; Android 6.0.1; Nexus 5X Build/MMB29P) AppleWebKit/537.36 (KHTML, like Gecko) Chrome/137.0.7151.103 Mobile Safari/537.36 (compatible; GoogleOther)"
20.171.207.211 - - [14/Jul/2025:16:59:59 +0000] "GET /shopdetail/1091845178.shtml HTTP/1.1" 404 24669 "-" "Mozilla/5.0 AppleWebKit/537.36 (KHTML, like Gecko; compatible; GPTBot/1.2; +https://openai.com/gptbot)"
20.171.207.211 - - [14/Jul/2025:17:00:02 +0000] "GET /shopdetail/1091922654.shtml HTTP/1.1" 404 24671 "-" "Mozilla/5.0 AppleWebKit/537.36 (KHTML, like Gecko; compatible; GPTBot/1.2; +https://openai.com/gptbot)"
20.171.207.211 - - [14/Jul/2025:17:00:05 +0000] "GET /shopdetail/1092057154.shtml HTTP/1.1" 404 24672 "-" "Mozilla/5.0 AppleWebKit/537.36 (KHTML, like Gecko; compatible; GPTBot/1.2; +https://openai.com/gptbot)"
20.171.207.211 - - [14/Jul/2025:17:00:08 +0000] "GET /shopdetail/1092588948.shtml HTTP/1.1" 404 24670 "-" "Mozilla/5.0 AppleWebKit/537.36 (KHTML, like Gecko; compatible; GPTBot/1.2; +https://openai.com/gptbot)"
20.171.207.211 - - [14/Jul/2025:17:00:11 +0000] "GET /shopdetail/1091872498.shtml HTTP/1.1" 404 24671 "-" "Mozilla/5.0 AppleWebKit/537.36 (KHTML, like Gecko; compatible; GPTBot/1.2; +https://openai.com/gptbot)"
209.74.77.214 - - [14/Jul/2025:17:00:14 +0000] "POST /wp-cron.php?doing_wp_cron=1752512414.4099650382995605468750 HTTP/1.1" 200 - "-" "WordPress/6.8.1; https://cartel.express"
20.171.207.211 - - [14/Jul/2025:17:00:14 +0000] "GET /shopdetail/1091897514.shtml HTTP/1.1" 404 24671 "-" "Mozilla/5.0 AppleWebKit/537.36 (KHTML, like Gecko; compatible; GPTBot/1.2; +https://openai.com/gptbot)"
20.171.207.211 - - [14/Jul/2025:17:00:16 +0000] "GET /shopdetail/1092477412.shtml HTTP/1.1" 404 24670 "-" "Mozilla/5.0 AppleWebKit/537.36 (KHTML, like Gecko; compatible; GPTBot/1.2; +https://openai.com/gptbot)"
20.171.207.211 - - [14/Jul/2025:17:00:19 +0000] "GET /shopdetail/1091785914.shtml HTTP/1.1" 404 24671 "-" "Mozilla/5.0 AppleWebKit/537.36 (KHTML, like Gecko; compatible; GPTBot/1.2; +https://openai.com/gptbot)"
20.171.207.211 - - [14/Jul/2025:17:00:22 +0000] "GET /shopdetail/1092452140.shtml HTTP/1.1" 404 24673 "-" "Mozilla/5.0 AppleWebKit/537.36 (KHTML, like Gecko; compatible; GPTBot/1.2; +https://openai.com/gptbot)"
209.74.77.214 - - [14/Jul/2025:17:00:25 +0000] "POST /wp-cron.php?doing_wp_cron=1752512425.6616070270538330078125 HTTP/1.1" 200 - "-" "WordPress/6.8.1; https://cartel.express"
20.171.207.211 - - [14/Jul/2025:17:00:25 +0000] "GET /shopdetail/1091940742.shtml HTTP/1.1" 404 24672 "-" "Mozilla/5.0 AppleWebKit/537.36 (KHTML, like Gecko; compatible; GPTBot/1.2; +https://openai.com/gptbot)"
209.74.77.214 - - [14/Jul/2025:17:00:28 +0000] "POST /wp-cron.php?doing_wp_cron=1752512428.3812808990478515625000 HTTP/1.1" 200 - "-" "WordPress/6.8.1; https://cartel.express"
20.171.207.211 - - [14/Jul/2025:17:00:28 +0000] "GET /shopdetail/1092153772.shtml HTTP/1.1" 404 24672 "-" "Mozilla/5.0 AppleWebKit/537.36 (KHTML, like Gecko; compatible; GPTBot/1.2; +https://openai.com/gptbot)"
20.171.207.211 - - [14/Jul/2025:17:00:31 +0000] "GET /shopdetail/1092047918.shtml HTTP/1.1" 404 24671 "-" "Mozilla/5.0 AppleWebKit/537.36 (KHTML, like Gecko; compatible; GPTBot/1.2; +https://openai.com/gptbot)"
20.171.207.211 - - [14/Jul/2025:17:00:33 +0000] "GET /shopdetail/1092012668.shtml HTTP/1.1" 404 24672 "-" "Mozilla/5.0 AppleWebKit/537.36 (KHTML, like Gecko; compatible; GPTBot/1.2; +https://openai.com/gptbot)"
20.171.207.211 - - [14/Jul/2025:17:00:36 +0000] "GET /shopdetail/1092387398.shtml HTTP/1.1" 404 24673 "-" "Mozilla/5.0 AppleWebKit/537.36 (KHTML, like Gecko; compatible; GPTBot/1.2; +https://openai.com/gptbot)"
20.171.207.211 - - [14/Jul/2025:17:00:39 +0000] "GET /shopdetail/1092597066.shtml HTTP/1.1" 404 24669 "-" "Mozilla/5.0 AppleWebKit/537.36 (KHTML, like Gecko; compatible; GPTBot/1.2; +https://openai.com/gptbot)"
20.171.207.211 - - [14/Jul/2025:17:00:42 +0000] "GET /shopdetail/1091932880.shtml HTTP/1.1" 404 24673 "-" "Mozilla/5.0 AppleWebKit/537.36 (KHTML, like Gecko; compatible; GPTBot/1.2; +https://openai.com/gptbot)"
20.171.207.211 - - [14/Jul/2025:17:00:45 +0000] "GET /shopdetail/1092410038.shtml HTTP/1.1" 404 24670 "-" "Mozilla/5.0 AppleWebKit/537.36 (KHTML, like Gecko; compatible; GPTBot/1.2; +https://openai.com/gptbot)"
66.249.73.132 - - [14/Jul/2025:17:00:46 +0000] "GET /shopdetail/57103958.shtml HTTP/1.1" 200 18660 "-" "Mozilla/5.0 (Linux; Android 6.0.1; Nexus 5X Build/MMB29P) AppleWebKit/537.36 (KHTML, like Gecko) Chrome/137.0.7151.103 Mobile Safari/537.36 (compatible; GoogleOther)"
20.171.207.211 - - [14/Jul/2025:17:00:48 +0000] "GET /shopdetail/1092379280.shtml HTTP/1.1" 404 24671 "-" "Mozilla/5.0 AppleWebKit/537.36 (KHTML, like Gecko; compatible; GPTBot/1.2; +https://openai.com/gptbot)"
20.171.207.211 - - [14/Jul/2025:17:00:51 +0000] "GET /shopdetail/1092512530.shtml HTTP/1.1" 404 24672 "-" "Mozilla/5.0 AppleWebKit/537.36 (KHTML, like Gecko; compatible; GPTBot/1.2; +https://openai.com/gptbot)"
20.171.207.211 - - [14/Jul/2025:17:00:53 +0000] "GET /shopdetail/1092416902.shtml HTTP/1.1" 404 24672 "-" "Mozilla/5.0 AppleWebKit/537.36 (KHTML, like Gecko; compatible; GPTBot/1.2; +https://openai.com/gptbot)"
209.74.77.214 - - [14/Jul/2025:17:00:57 +0000] "POST /wp-cron.php?doing_wp_cron=1752512457.0098791122436523437500 HTTP/1.1" 200 - "-" "WordPress/6.8.1; https://cartel.express"
20.171.207.211 - - [14/Jul/2025:17:00:56 +0000] "GET /shopdetail/1092571794.shtml HTTP/1.1" 404 24672 "-" "Mozilla/5.0 AppleWebKit/537.36 (KHTML, like Gecko; compatible; GPTBot/1.2; +https://openai.com/gptbot)"
66.249.73.132 - - [14/Jul/2025:17:00:59 +0000] "GET /shopdetail/2918272.shtml HTTP/1.1" 200 18414 "-" "Mozilla/5.0 (Linux; Android 6.0.1; Nexus 5X Build/MMB29P) AppleWebKit/537.36 (KHTML, like Gecko) Chrome/137.0.7151.103 Mobile Safari/537.36 (compatible; GoogleOther)"
20.171.207.211 - - [14/Jul/2025:17:00:59 +0000] "GET /shopdetail/1092286024.shtml HTTP/1.1" 404 24672 "-" "Mozilla/5.0 AppleWebKit/537.36 (KHTML, like Gecko; compatible; GPTBot/1.2; +https://openai.com/gptbot)"
20.171.207.211 - - [14/Jul/2025:17:01:02 +0000] "GET /shopdetail/1092043362.shtml HTTP/1.1" 404 24670 "-" "Mozilla/5.0 AppleWebKit/537.36 (KHTML, like Gecko; compatible; GPTBot/1.2; +https://openai.com/gptbot)"
20.171.207.211 - - [14/Jul/2025:17:01:05 +0000] "GET /shopdetail/1092337178.shtml HTTP/1.1" 404 24671 "-" "Mozilla/5.0 AppleWebKit/537.36 (KHTML, like Gecko; compatible; GPTBot/1.2; +https://openai.com/gptbot)"
20.171.207.211 - - [14/Jul/2025:17:01:08 +0000] "GET /shopdetail/1091798512.shtml HTTP/1.1" 404 24670 "-" "Mozilla/5.0 AppleWebKit/537.36 (KHTML, like Gecko; compatible; GPTBot/1.2; +https://openai.com/gptbot)"
20.171.207.211 - - [14/Jul/2025:17:01:11 +0000] "GET /shopdetail/1092440916.shtml HTTP/1.1" 404 24669 "-" "Mozilla/5.0 AppleWebKit/537.36 (KHTML, like Gecko; compatible; GPTBot/1.2; +https://openai.com/gptbot)"
209.74.77.214 - - [14/Jul/2025:17:01:14 +0000] "POST /wp-cron.php?doing_wp_cron=1752512474.3202619552612304687500 HTTP/1.1" 200 - "-" "WordPress/6.8.1; https://cartel.express"
20.171.207.211 - - [14/Jul/2025:17:01:13 +0000] "GET /shopdetail/1091987332.shtml HTTP/1.1" 404 24672 "-" "Mozilla/5.0 AppleWebKit/537.36 (KHTML, like Gecko; compatible; GPTBot/1.2; +https://openai.com/gptbot)"
20.171.207.211 - - [14/Jul/2025:17:01:16 +0000] "GET /shopdetail/1092210596.shtml HTTP/1.1" 404 24668 "-" "Mozilla/5.0 AppleWebKit/537.36 (KHTML, like Gecko; compatible; GPTBot/1.2; +https://openai.com/gptbot)"
20.171.207.211 - - [14/Jul/2025:17:01:19 +0000] "GET /shopdetail/1092036694.shtml HTTP/1.1" 404 24671 "-" "Mozilla/5.0 AppleWebKit/537.36 (KHTML, like Gecko; compatible; GPTBot/1.2; +https://openai.com/gptbot)"
20.171.207.211 - - [14/Jul/2025:17:01:22 +0000] "GET /shopdetail/1092098074.shtml HTTP/1.1" 404 24674 "-" "Mozilla/5.0 AppleWebKit/537.36 (KHTML, like Gecko; compatible; GPTBot/1.2; +https://openai.com/gptbot)"
20.171.207.211 - - [14/Jul/2025:17:01:25 +0000] "GET /shopdetail/1091839368.shtml HTTP/1.1" 404 24672 "-" "Mozilla/5.0 AppleWebKit/537.36 (KHTML, like Gecko; compatible; GPTBot/1.2; +https://openai.com/gptbot)"
20.171.207.211 - - [14/Jul/2025:17:01:28 +0000] "GET /shopdetail/1092002378.shtml HTTP/1.1" 404 24672 "-" "Mozilla/5.0 AppleWebKit/537.36 (KHTML, like Gecko; compatible; GPTBot/1.2; +https://openai.com/gptbot)"
20.171.207.211 - - [14/Jul/2025:17:01:31 +0000] "GET /shopdetail/1092594626.shtml HTTP/1.1" 404 24670 "-" "Mozilla/5.0 AppleWebKit/537.36 (KHTML, like Gecko; compatible; GPTBot/1.2; +https://openai.com/gptbot)"
20.171.207.211 - - [14/Jul/2025:17:01:33 +0000] "GET /shopdetail/1092533054.shtml HTTP/1.1" 404 24668 "-" "Mozilla/5.0 AppleWebKit/537.36 (KHTML, like Gecko; compatible; GPTBot/1.2; +https://openai.com/gptbot)"
20.171.207.211 - - [14/Jul/2025:17:01:36 +0000] "GET /shopdetail/1092218974.shtml HTTP/1.1" 404 24666 "-" "Mozilla/5.0 AppleWebKit/537.36 (KHTML, like Gecko; compatible; GPTBot/1.2; +https://openai.com/gptbot)"
20.171.207.211 - - [14/Jul/2025:17:01:39 +0000] "GET /shopdetail/1091977430.shtml HTTP/1.1" 404 24671 "-" "Mozilla/5.0 AppleWebKit/537.36 (KHTML, like Gecko; compatible; GPTBot/1.2; +https://openai.com/gptbot)"
20.171.207.211 - - [14/Jul/2025:17:01:42 +0000] "GET /shopdetail/1092469302.shtml HTTP/1.1" 404 24672 "-" "Mozilla/5.0 AppleWebKit/537.36 (KHTML, like Gecko; compatible; GPTBot/1.2; +https://openai.com/gptbot)"
20.171.207.211 - - [14/Jul/2025:17:01:45 +0000] "GET /shopdetail/1091765390.shtml HTTP/1.1" 404 24670 "-" "Mozilla/5.0 AppleWebKit/537.36 (KHTML, like Gecko; compatible; GPTBot/1.2; +https://openai.com/gptbot)"
20.171.207.211 - - [14/Jul/2025:17:01:48 +0000] "GET /shopdetail/1092136618.shtml HTTP/1.1" 404 24673 "-" "Mozilla/5.0 AppleWebKit/537.36 (KHTML, like Gecko; compatible; GPTBot/1.2; +https://openai.com/gptbot)"
20.171.207.211 - - [14/Jul/2025:17:01:50 +0000] "GET /shopdetail/1091873616.shtml HTTP/1.1" 404 24672 "-" "Mozilla/5.0 AppleWebKit/537.36 (KHTML, like Gecko; compatible; GPTBot/1.2; +https://openai.com/gptbot)"
20.171.207.211 - - [14/Jul/2025:17:01:53 +0000] "GET /shopdetail/1091801754.shtml HTTP/1.1" 404 24672 "-" "Mozilla/5.0 AppleWebKit/537.36 (KHTML, like Gecko; compatible; GPTBot/1.2; +https://openai.com/gptbot)"
20.171.207.211 - - [14/Jul/2025:17:01:56 +0000] "GET /shopdetail/1091965754.shtml HTTP/1.1" 404 24669 "-" "Mozilla/5.0 AppleWebKit/537.36 (KHTML, like Gecko; compatible; GPTBot/1.2; +https://openai.com/gptbot)"
209.74.77.214 - - [14/Jul/2025:17:01:59 +0000] "POST /wp-cron.php?doing_wp_cron=1752512519.5164759159088134765625 HTTP/1.1" 200 - "-" "WordPress/6.8.1; https://cartel.express"
20.171.207.211 - - [14/Jul/2025:17:01:59 +0000] "GET /shopdetail/1092412478.shtml HTTP/1.1" 404 24670 "-" "Mozilla/5.0 AppleWebKit/537.36 (KHTML, like Gecko; compatible; GPTBot/1.2; +https://openai.com/gptbot)"
20.171.207.211 - - [14/Jul/2025:17:02:02 +0000] "GET /shopdetail/1092139058.shtml HTTP/1.1" 404 24670 "-" "Mozilla/5.0 AppleWebKit/537.36 (KHTML, like Gecko; compatible; GPTBot/1.2; +https://openai.com/gptbot)"
20.171.207.211 - - [14/Jul/2025:17:02:05 +0000] "GET /shopdetail/1092124268.shtml HTTP/1.1" 404 24671 "-" "Mozilla/5.0 AppleWebKit/537.36 (KHTML, like Gecko; compatible; GPTBot/1.2; +https://openai.com/gptbot)"
20.171.207.211 - - [14/Jul/2025:17:02:07 +0000] "GET /shopdetail/1091783798.shtml HTTP/1.1" 404 24672 "-" "Mozilla/5.0 AppleWebKit/537.36 (KHTML, like Gecko; compatible; GPTBot/1.2; +https://openai.com/gptbot)"
20.171.207.211 - - [14/Jul/2025:17:02:10 +0000] "GET /shopdetail/1092501178.shtml HTTP/1.1" 404 24671 "-" "Mozilla/5.0 AppleWebKit/537.36 (KHTML, like Gecko; compatible; GPTBot/1.2; +https://openai.com/gptbot)"
209.74.77.214 - - [14/Jul/2025:17:02:13 +0000] "POST /wp-cron.php?doing_wp_cron=1752512533.6490080356597900390625 HTTP/1.1" 200 - "-" "WordPress/6.8.1; https://cartel.express"
20.171.207.211 - - [14/Jul/2025:17:02:13 +0000] "GET /shopdetail/1092241550.shtml HTTP/1.1" 404 24669 "-" "Mozilla/5.0 AppleWebKit/537.36 (KHTML, like Gecko; compatible; GPTBot/1.2; +https://openai.com/gptbot)"
20.171.207.211 - - [14/Jul/2025:17:02:16 +0000] "GET /shopdetail/1092443032.shtml HTTP/1.1" 404 24673 "-" "Mozilla/5.0 AppleWebKit/537.36 (KHTML, like Gecko; compatible; GPTBot/1.2; +https://openai.com/gptbot)"
20.171.207.211 - - [14/Jul/2025:17:02:18 +0000] "GET /shopdetail/1092566180.shtml HTTP/1.1" 404 24672 "-" "Mozilla/5.0 AppleWebKit/537.36 (KHTML, like Gecko; compatible; GPTBot/1.2; +https://openai.com/gptbot)"
20.171.207.211 - - [14/Jul/2025:17:02:21 +0000] "GET /shopdetail/1091987656.shtml HTTP/1.1" 404 24673 "-" "Mozilla/5.0 AppleWebKit/537.36 (KHTML, like Gecko; compatible; GPTBot/1.2; +https://openai.com/gptbot)"
20.171.207.211 - - [14/Jul/2025:17:02:24 +0000] "GET /shopdetail/1092476166.shtml HTTP/1.1" 404 24671 "-" "Mozilla/5.0 AppleWebKit/537.36 (KHTML, like Gecko; compatible; GPTBot/1.2; +https://openai.com/gptbot)"
20.171.207.211 - - [14/Jul/2025:17:02:27 +0000] "GET /shopdetail/1092435310.shtml HTTP/1.1" 404 24673 "-" "Mozilla/5.0 AppleWebKit/537.36 (KHTML, like Gecko; compatible; GPTBot/1.2; +https://openai.com/gptbot)"
20.171.207.211 - - [14/Jul/2025:17:02:30 +0000] "GET /shopdetail/1092323710.shtml HTTP/1.1" 404 24670 "-" "Mozilla/5.0 AppleWebKit/537.36 (KHTML, like Gecko; compatible; GPTBot/1.2; +https://openai.com/gptbot)"
20.171.207.211 - - [14/Jul/2025:17:02:33 +0000] "GET /shopdetail/1092173306.shtml HTTP/1.1" 404 24671 "-" "Mozilla/5.0 AppleWebKit/537.36 (KHTML, like Gecko; compatible; GPTBot/1.2; +https://openai.com/gptbot)"
20.171.207.211 - - [14/Jul/2025:17:02:35 +0000] "GET /shopdetail/1092381720.shtml HTTP/1.1" 404 24668 "-" "Mozilla/5.0 AppleWebKit/537.36 (KHTML, like Gecko; compatible; GPTBot/1.2; +https://openai.com/gptbot)"
20.171.207.211 - - [14/Jul/2025:17:02:38 +0000] "GET /shopdetail/1091788286.shtml HTTP/1.1" 404 24671 "-" "Mozilla/5.0 AppleWebKit/537.36 (KHTML, like Gecko; compatible; GPTBot/1.2; +https://openai.com/gptbot)"
20.171.207.211 - - [14/Jul/2025:17:02:41 +0000] "GET /shopdetail/1092289394.shtml HTTP/1.1" 404 24672 "-" "Mozilla/5.0 AppleWebKit/537.36 (KHTML, like Gecko; compatible; GPTBot/1.2; +https://openai.com/gptbot)"
20.171.207.211 - - [14/Jul/2025:17:02:44 +0000] "GET /shopdetail/1092504800.shtml HTTP/1.1" 404 24672 "-" "Mozilla/5.0 AppleWebKit/537.36 (KHTML, like Gecko; compatible; GPTBot/1.2; +https://openai.com/gptbot)"
20.171.207.211 - - [14/Jul/2025:17:02:47 +0000] "GET /shopdetail/1092351892.shtml HTTP/1.1" 404 24672 "-" "Mozilla/5.0 AppleWebKit/537.36 (KHTML, like Gecko; compatible; GPTBot/1.2; +https://openai.com/gptbot)"
20.171.207.211 - - [14/Jul/2025:17:02:50 +0000] "GET /shopdetail/1092077678.shtml HTTP/1.1" 404 24673 "-" "Mozilla/5.0 AppleWebKit/537.36 (KHTML, like Gecko; compatible; GPTBot/1.2; +https://openai.com/gptbot)"
20.171.207.211 - - [14/Jul/2025:17:02:52 +0000] "GET /shopdetail/1092494574.shtml HTTP/1.1" 404 24670 "-" "Mozilla/5.0 AppleWebKit/537.36 (KHTML, like Gecko; compatible; GPTBot/1.2; +https://openai.com/gptbot)"
20.171.207.211 - - [14/Jul/2025:17:02:55 +0000] "GET /shopdetail/1091935320.shtml HTTP/1.1" 404 24672 "-" "Mozilla/5.0 AppleWebKit/537.36 (KHTML, like Gecko; compatible; GPTBot/1.2; +https://openai.com/gptbot)"
209.74.77.214 - - [14/Jul/2025:17:02:58 +0000] "POST /wp-cron.php?doing_wp_cron=1752512578.6534879207611083984375 HTTP/1.1" 200 - "-" "WordPress/6.8.1; https://cartel.express"
20.171.207.211 - - [14/Jul/2025:17:02:58 +0000] "GET /shopdetail/1092579904.shtml HTTP/1.1" 404 24669 "-" "Mozilla/5.0 AppleWebKit/537.36 (KHTML, like Gecko; compatible; GPTBot/1.2; +https://openai.com/gptbot)"
209.74.77.214 - - [14/Jul/2025:17:03:01 +0000] "POST /wp-cron.php?doing_wp_cron=1752512581.4384589195251464843750 HTTP/1.1" 200 - "-" "WordPress/6.8.1; https://cartel.express"
20.171.207.211 - - [14/Jul/2025:17:03:01 +0000] "GET /shopdetail/1092189146.shtml HTTP/1.1" 404 24673 "-" "Mozilla/5.0 AppleWebKit/537.36 (KHTML, like Gecko; compatible; GPTBot/1.2; +https://openai.com/gptbot)"
20.171.207.211 - - [14/Jul/2025:17:03:03 +0000] "GET /shopdetail/1092156144.shtml HTTP/1.1" 404 24672 "-" "Mozilla/5.0 AppleWebKit/537.36 (KHTML, like Gecko; compatible; GPTBot/1.2; +https://openai.com/gptbot)"
20.171.207.211 - - [14/Jul/2025:17:03:06 +0000] "GET /shopdetail/1091986214.shtml HTTP/1.1" 404 24671 "-" "Mozilla/5.0 AppleWebKit/537.36 (KHTML, like Gecko; compatible; GPTBot/1.2; +https://openai.com/gptbot)"
20.171.207.211 - - [14/Jul/2025:17:03:09 +0000] "GET /shopdetail/1092291834.shtml HTTP/1.1" 404 24669 "-" "Mozilla/5.0 AppleWebKit/537.36 (KHTML, like Gecko; compatible; GPTBot/1.2; +https://openai.com/gptbot)"
209.74.77.214 - - [14/Jul/2025:17:03:12 +0000] "POST /wp-cron.php?doing_wp_cron=1752512592.4773719310760498046875 HTTP/1.1" 200 - "-" "WordPress/6.8.1; https://cartel.express"
20.171.207.211 - - [14/Jul/2025:17:03:12 +0000] "GET /shopdetail/1091904374.shtml HTTP/1.1" 404 24669 "-" "Mozilla/5.0 AppleWebKit/537.36 (KHTML, like Gecko; compatible; GPTBot/1.2; +https://openai.com/gptbot)"
209.74.77.214 - - [14/Jul/2025:17:03:15 +0000] "POST /wp-cron.php?doing_wp_cron=1752512595.2693700790405273437500 HTTP/1.1" 200 - "-" "WordPress/6.8.1; https://cartel.express"
20.171.207.211 - - [14/Jul/2025:17:03:14 +0000] "GET /shopdetail/1092340540.shtml HTTP/1.1" 404 24672 "-" "Mozilla/5.0 AppleWebKit/537.36 (KHTML, like Gecko; compatible; GPTBot/1.2; +https://openai.com/gptbot)"
20.171.207.211 - - [14/Jul/2025:17:03:17 +0000] "GET /shopdetail/1092028640.shtml HTTP/1.1" 404 24669 "-" "Mozilla/5.0 AppleWebKit/537.36 (KHTML, like Gecko; compatible; GPTBot/1.2; +https://openai.com/gptbot)"
94.103.93.19 - - [14/Jul/2025:17:03:18 +0000] "GET / HTTP/1.1" 301 - "-" "Mozilla/5.0 (Macintosh; Intel Mac OS X 10_15_7) AppleWebKit/537.36 (KHTML, like Gecko) Chrome/133.0.0.0 Safari/537.36"
94.103.93.19 - - [14/Jul/2025:17:03:19 +0000] "GET / HTTP/1.1" 200 40526 "https://CARTEL.EXPRESS" "Mozilla/5.0 (Macintosh; Intel Mac OS X 10_15_7) AppleWebKit/537.36 (KHTML, like Gecko) Chrome/133.0.0.0 Safari/537.36"
20.171.207.211 - - [14/Jul/2025:17:03:20 +0000] "GET /shopdetail/1091886290.shtml HTTP/1.1" 404 24671 "-" "Mozilla/5.0 AppleWebKit/537.36 (KHTML, like Gecko; compatible; GPTBot/1.2; +https://openai.com/gptbot)"
182.53.207.69 - - [14/Jul/2025:17:03:23 +0000] "POST / HTTP/1.1" 200 40639 "-" "Mozilla/5.0 (Macintosh; Intel Mac OS X 10_15_7) AppleWebKit/537.36 (KHTML, like Gecko) Chrome/133.0.0.0 Safari/537.36"
20.171.207.211 - - [14/Jul/2025:17:03:23 +0000] "GET /shopdetail/1092135620.shtml HTTP/1.1" 404 24672 "-" "Mozilla/5.0 AppleWebKit/537.36 (KHTML, like Gecko; compatible; GPTBot/1.2; +https://openai.com/gptbot)"
182.53.207.69 - - [14/Jul/2025:17:03:25 +0000] "POST / HTTP/1.1" 200 40472 "-" "Mozilla/5.0 (Windows NT 10.0; Win64; x64) AppleWebKit/537.36 (KHTML, like Gecko) Chrome/120.0.0.0 Safari/537.36"
20.171.207.211 - - [14/Jul/2025:17:03:26 +0000] "GET /shopdetail/1092276788.shtml HTTP/1.1" 404 24672 "-" "Mozilla/5.0 AppleWebKit/537.36 (KHTML, like Gecko; compatible; GPTBot/1.2; +https://openai.com/gptbot)"
182.53.207.69 - - [14/Jul/2025:17:03:27 +0000] "POST / HTTP/1.1" 200 40707 "-" "Mozilla/5.0 (Macintosh; Intel Mac OS X 10_15_7) AppleWebKit/537.36 (KHTML, like Gecko) Chrome/133.0.0.0 Safari/537.36"
20.171.207.211 - - [14/Jul/2025:17:03:28 +0000] "GET /shopdetail/1092270184.shtml HTTP/1.1" 404 24672 "-" "Mozilla/5.0 AppleWebKit/537.36 (KHTML, like Gecko; compatible; GPTBot/1.2; +https://openai.com/gptbot)"
182.53.207.69 - - [14/Jul/2025:17:03:30 +0000] "POST / HTTP/1.1" 200 40471 "-" "Mozilla/5.0 (Windows NT 10.0; Win64; x64) AppleWebKit/537.36 (KHTML, like Gecko) Chrome/120.0.0.0 Safari/537.36"
20.171.207.211 - - [14/Jul/2025:17:03:31 +0000] "GET /shopdetail/1091864380.shtml HTTP/1.1" 404 24674 "-" "Mozilla/5.0 AppleWebKit/537.36 (KHTML, like Gecko; compatible; GPTBot/1.2; +https://openai.com/gptbot)"
94.103.93.19 - - [14/Jul/2025:17:03:32 +0000] "GET /comments/feed/ HTTP/1.1" 200 1595 "-" "Mozilla/5.0 (Macintosh; Intel Mac OS X 10_15_7) AppleWebKit/537.36 (KHTML, like Gecko) Chrome/133.0.0.0 Safari/537.36"
94.103.93.19 - - [14/Jul/2025:17:03:34 +0000] "GET /what-can-go-wrong-while-diagnosing-a-car-problem/ HTTP/1.1" 200 29405 "-" "Mozilla/5.0 (Macintosh; Intel Mac OS X 10_15_7) AppleWebKit/537.36 (KHTML, like Gecko) Chrome/133.0.0.0 Safari/537.36"
20.171.207.211 - - [14/Jul/2025:17:03:34 +0000] "GET /shopdetail/1092342916.shtml HTTP/1.1" 404 24673 "-" "Mozilla/5.0 AppleWebKit/537.36 (KHTML, like Gecko; compatible; GPTBot/1.2; +https://openai.com/gptbot)"
182.53.207.69 - - [14/Jul/2025:17:03:36 +0000] "POST /wp-comments-post.php HTTP/1.1" 200 1106 "-" "Mozilla/5.0 (Macintosh; Intel Mac OS X 10_15_7) AppleWebKit/537.36 (KHTML, like Gecko) Chrome/133.0.0.0 Safari/537.36"
182.53.207.69 - - [14/Jul/2025:17:03:38 +0000] "POST /wp-comments-post.php HTTP/1.1" 200 - "-" "Mozilla/5.0 (Windows NT 10.0; Win64; x64) AppleWebKit/537.36 (KHTML, like Gecko) Chrome/120.0.0.0 Safari/537.36"
20.171.207.211 - - [14/Jul/2025:17:03:37 +0000] "GET /shopdetail/1092324828.shtml HTTP/1.1" 404 24672 "-" "Mozilla/5.0 AppleWebKit/537.36 (KHTML, like Gecko; compatible; GPTBot/1.2; +https://openai.com/gptbot)"
94.103.93.19 - - [14/Jul/2025:17:03:39 +0000] "GET /contact/ HTTP/1.1" 200 27346 "-" "Mozilla/5.0 (Macintosh; Intel Mac OS X 10_15_7) AppleWebKit/537.36 (KHTML, like Gecko) Chrome/133.0.0.0 Safari/537.36"
20.171.207.211 - - [14/Jul/2025:17:03:40 +0000] "GET /shopdetail/1091769878.shtml HTTP/1.1" 404 24670 "-" "Mozilla/5.0 AppleWebKit/537.36 (KHTML, like Gecko; compatible; GPTBot/1.2; +https://openai.com/gptbot)"
182.53.207.69 - - [14/Jul/2025:17:03:41 +0000] "POST /contact/ HTTP/1.1" 200 27464 "-" "Mozilla/5.0 (Macintosh; Intel Mac OS X 10_15_7) AppleWebKit/537.36 (KHTML, like Gecko) Chrome/133.0.0.0 Safari/537.36"
182.53.207.69 - - [14/Jul/2025:17:03:43 +0000] "POST /contact/ HTTP/1.1" 200 27296 "-" "Mozilla/5.0 (Windows NT 10.0; Win64; x64) AppleWebKit/537.36 (KHTML, like Gecko) Chrome/120.0.0.0 Safari/537.36"
20.171.207.211 - - [14/Jul/2025:17:03:43 +0000] "GET /shopdetail/1092474050.shtml HTTP/1.1" 404 24671 "-" "Mozilla/5.0 AppleWebKit/537.36 (KHTML, like Gecko; compatible; GPTBot/1.2; +https://openai.com/gptbot)"
94.103.93.19 - - [14/Jul/2025:17:03:44 +0000] "GET /newsletter-popup/ HTTP/1.1" 200 27634 "-" "Mozilla/5.0 (Macintosh; Intel Mac OS X 10_15_7) AppleWebKit/537.36 (KHTML, like Gecko) Chrome/133.0.0.0 Safari/537.36"
20.171.207.211 - - [14/Jul/2025:17:03:46 +0000] "GET /shopdetail/1092493252.shtml HTTP/1.1" 404 24673 "-" "Mozilla/5.0 AppleWebKit/537.36 (KHTML, like Gecko; compatible; GPTBot/1.2; +https://openai.com/gptbot)"
182.53.207.69 - - [14/Jul/2025:17:03:46 +0000] "POST /newsletter-popup/ HTTP/1.1" 200 27808 "-" "Mozilla/5.0 (Macintosh; Intel Mac OS X 10_15_7) AppleWebKit/537.36 (KHTML, like Gecko) Chrome/133.0.0.0 Safari/537.36"
20.171.207.211 - - [14/Jul/2025:17:03:49 +0000] "GET /shopdetail/1091915726.shtml HTTP/1.1" 404 24671 "-" "Mozilla/5.0 AppleWebKit/537.36 (KHTML, like Gecko; compatible; GPTBot/1.2; +https://openai.com/gptbot)"
182.53.207.69 - - [14/Jul/2025:17:03:49 +0000] "POST /newsletter-popup/ HTTP/1.1" 200 27584 "-" "Mozilla/5.0 (Windows NT 10.0; Win64; x64) AppleWebKit/537.36 (KHTML, like Gecko) Chrome/120.0.0.0 Safari/537.36"
182.53.207.69 - - [14/Jul/2025:17:03:51 +0000] "POST /newsletter-popup/ HTTP/1.1" 200 27808 "-" "Mozilla/5.0 (Macintosh; Intel Mac OS X 10_15_7) AppleWebKit/537.36 (KHTML, like Gecko) Chrome/133.0.0.0 Safari/537.36"
20.171.207.211 - - [14/Jul/2025:17:03:51 +0000] "GET /shopdetail/1092158584.shtml HTTP/1.1" 404 24673 "-" "Mozilla/5.0 AppleWebKit/537.36 (KHTML, like Gecko; compatible; GPTBot/1.2; +https://openai.com/gptbot)"
182.53.207.69 - - [14/Jul/2025:17:03:53 +0000] "POST /newsletter-popup/ HTTP/1.1" 200 27587 "-" "Mozilla/5.0 (Windows NT 10.0; Win64; x64) AppleWebKit/537.36 (KHTML, like Gecko) Chrome/120.0.0.0 Safari/537.36"
20.171.207.211 - - [14/Jul/2025:17:03:54 +0000] "GET /shopdetail/1091781358.shtml HTTP/1.1" 404 24671 "-" "Mozilla/5.0 AppleWebKit/537.36 (KHTML, like Gecko; compatible; GPTBot/1.2; +https://openai.com/gptbot)"
94.103.93.19 - - [14/Jul/2025:17:03:55 +0000] "GET /blog-standard/ HTTP/1.1" 200 29879 "-" "Mozilla/5.0 (Macintosh; Intel Mac OS X 10_15_7) AppleWebKit/537.36 (KHTML, like Gecko) Chrome/133.0.0.0 Safari/537.36"
209.74.77.214 - - [14/Jul/2025:17:03:57 +0000] "POST /wp-cron.php?doing_wp_cron=1752512637.3558530807495117187500 HTTP/1.1" 200 - "-" "WordPress/6.8.1; https://cartel.express"
94.103.93.19 - - [14/Jul/2025:17:03:57 +0000] "GET /must-do-regular-checkups-for-a-better-car-operation/ HTTP/1.1" 200 29233 "-" "Mozilla/5.0 (Macintosh; Intel Mac OS X 10_15_7) AppleWebKit/537.36 (KHTML, like Gecko) Chrome/133.0.0.0 Safari/537.36"
20.171.207.211 - - [14/Jul/2025:17:03:57 +0000] "GET /shopdetail/1091778986.shtml HTTP/1.1" 404 24672 "-" "Mozilla/5.0 AppleWebKit/537.36 (KHTML, like Gecko; compatible; GPTBot/1.2; +https://openai.com/gptbot)"
182.53.207.69 - - [14/Jul/2025:17:03:59 +0000] "POST /wp-comments-post.php HTTP/1.1" 200 1106 "-" "Mozilla/5.0 (Macintosh; Intel Mac OS X 10_15_7) AppleWebKit/537.36 (KHTML, like Gecko) Chrome/133.0.0.0 Safari/537.36"
20.171.207.211 - - [14/Jul/2025:17:04:00 +0000] "GET /shopdetail/1091889652.shtml HTTP/1.1" 404 24669 "-" "Mozilla/5.0 AppleWebKit/537.36 (KHTML, like Gecko; compatible; GPTBot/1.2; +https://openai.com/gptbot)"
182.53.207.69 - - [14/Jul/2025:17:04:00 +0000] "POST /wp-comments-post.php HTTP/1.1" 200 - "-" "Mozilla/5.0 (Windows NT 10.0; Win64; x64) AppleWebKit/537.36 (KHTML, like Gecko) Chrome/120.0.0.0 Safari/537.36"
94.103.93.19 - - [14/Jul/2025:17:04:02 +0000] "GET /top-10-ideas-how-to-paint-your-sports-and-racing-car/ HTTP/1.1" 200 29380 "-" "Mozilla/5.0 (Macintosh; Intel Mac OS X 10_15_7) AppleWebKit/537.36 (KHTML, like Gecko) Chrome/133.0.0.0 Safari/537.36"
20.171.207.211 - - [14/Jul/2025:17:04:03 +0000] "GET /shopdetail/1091827026.shtml HTTP/1.1" 404 24673 "-" "Mozilla/5.0 AppleWebKit/537.36 (KHTML, like Gecko; compatible; GPTBot/1.2; +https://openai.com/gptbot)"
94.103.93.19 - - [14/Jul/2025:17:04:03 +0000] "GET /blog-standard/page/2/ HTTP/1.1" 200 29163 "-" "Mozilla/5.0 (Macintosh; Intel Mac OS X 10_15_7) AppleWebKit/537.36 (KHTML, like Gecko) Chrome/133.0.0.0 Safari/537.36"
94.103.93.19 - - [14/Jul/2025:17:04:05 +0000] "GET /blog-standard/page/3/ HTTP/1.1" 200 27593 "-" "Mozilla/5.0 (Macintosh; Intel Mac OS X 10_15_7) AppleWebKit/537.36 (KHTML, like Gecko) Chrome/133.0.0.0 Safari/537.36"
20.171.207.211 - - [14/Jul/2025:17:04:06 +0000] "GET /shopdetail/1092564064.shtml HTTP/1.1" 404 24673 "-" "Mozilla/5.0 AppleWebKit/537.36 (KHTML, like Gecko; compatible; GPTBot/1.2; +https://openai.com/gptbot)"
94.103.93.19 - - [14/Jul/2025:17:04:07 +0000] "GET /tag/news/ HTTP/1.1" 200 26684 "-" "Mozilla/5.0 (Macintosh; Intel Mac OS X 10_15_7) AppleWebKit/537.36 (KHTML, like Gecko) Chrome/133.0.0.0 Safari/537.36"
94.103.93.19 - - [14/Jul/2025:17:04:08 +0000] "GET /blog-list/ HTTP/1.1" 200 27435 "-" "Mozilla/5.0 (Macintosh; Intel Mac OS X 10_15_7) AppleWebKit/537.36 (KHTML, like Gecko) Chrome/133.0.0.0 Safari/537.36"
20.171.207.211 - - [14/Jul/2025:17:04:08 +0000] "GET /shopdetail/1092230198.shtml HTTP/1.1" 404 24670 "-" "Mozilla/5.0 AppleWebKit/537.36 (KHTML, like Gecko; compatible; GPTBot/1.2; +https://openai.com/gptbot)"
94.103.93.19 - - [14/Jul/2025:17:04:10 +0000] "GET /blog-list/page/2/ HTTP/1.1" 200 27296 "-" "Mozilla/5.0 (Macintosh; Intel Mac OS X 10_15_7) AppleWebKit/537.36 (KHTML, like Gecko) Chrome/133.0.0.0 Safari/537.36"
94.103.93.19 - - [14/Jul/2025:17:04:11 +0000] "GET /blog-grid/ HTTP/1.1" 200 26029 "-" "Mozilla/5.0 (Macintosh; Intel Mac OS X 10_15_7) AppleWebKit/537.36 (KHTML, like Gecko) Chrome/133.0.0.0 Safari/537.36"
20.171.207.211 - - [14/Jul/2025:17:04:11 +0000] "GET /shopdetail/1092158260.shtml HTTP/1.1" 404 24670 "-" "Mozilla/5.0 AppleWebKit/537.36 (KHTML, like Gecko; compatible; GPTBot/1.2; +https://openai.com/gptbot)"
209.74.77.214 - - [14/Jul/2025:17:04:13 +0000] "POST /wp-cron.php?doing_wp_cron=1752512653.6326670646667480468750 HTTP/1.1" 200 - "-" "WordPress/6.8.1; https://cartel.express"
94.103.93.19 - - [14/Jul/2025:17:04:13 +0000] "GET /giving-a-new-life-to-old-headlights-polish-sealing/ HTTP/1.1" 200 28785 "-" "Mozilla/5.0 (Macintosh; Intel Mac OS X 10_15_7) AppleWebKit/537.36 (KHTML, like Gecko) Chrome/133.0.0.0 Safari/537.36"
94.103.93.19 - - [14/Jul/2025:17:04:14 +0000] "GET /must-do-regular-checkups-for-a-better-car-operation/ HTTP/1.1" 200 28500 "-" "Mozilla/5.0 (Macintosh; Intel Mac OS X 10_15_7) AppleWebKit/537.36 (KHTML, like Gecko) Chrome/133.0.0.0 Safari/537.36"
20.171.207.211 - - [14/Jul/2025:17:04:14 +0000] "GET /shopdetail/1092269860.shtml HTTP/1.1" 404 24673 "-" "Mozilla/5.0 AppleWebKit/537.36 (KHTML, like Gecko; compatible; GPTBot/1.2; +https://openai.com/gptbot)"
94.103.93.19 - - [14/Jul/2025:17:04:16 +0000] "GET /must-do-regular-checkups-for-a-better-car-operation/feed/ HTTP/1.1" 200 480 "-" "Mozilla/5.0 (Macintosh; Intel Mac OS X 10_15_7) AppleWebKit/537.36 (KHTML, like Gecko) Chrome/133.0.0.0 Safari/537.36"
94.103.93.19 - - [14/Jul/2025:17:04:16 +0000] "GET /must-do-regular-checkups-for-a-better-car-operation/ HTTP/1.1" 200 29262 "-" "Mozilla/5.0 (Macintosh; Intel Mac OS X 10_15_7) AppleWebKit/537.36 (KHTML, like Gecko) Chrome/133.0.0.0 Safari/537.36"
20.171.207.211 - - [14/Jul/2025:17:04:17 +0000] "GET /shopdetail/1091956778.shtml HTTP/1.1" 404 24672 "-" "Mozilla/5.0 AppleWebKit/537.36 (KHTML, like Gecko; compatible; GPTBot/1.2; +https://openai.com/gptbot)"
94.103.93.19 - - [14/Jul/2025:17:04:18 +0000] "GET /checkout/ HTTP/1.1" 302 - "-" "Mozilla/5.0 (Macintosh; Intel Mac OS X 10_15_7) AppleWebKit/537.36 (KHTML, like Gecko) Chrome/133.0.0.0 Safari/537.36"
94.103.93.19 - - [14/Jul/2025:17:04:19 +0000] "GET /cart/ HTTP/1.1" 200 55958 "https://cartel.express/checkout/" "Mozilla/5.0 (Macintosh; Intel Mac OS X 10_15_7) AppleWebKit/537.36 (KHTML, like Gecko) Chrome/133.0.0.0 Safari/537.36"
20.171.207.211 - - [14/Jul/2025:17:04:20 +0000] "GET /shopdetail/1092577596.shtml HTTP/1.1" 404 24671 "-" "Mozilla/5.0 AppleWebKit/537.36 (KHTML, like Gecko; compatible; GPTBot/1.2; +https://openai.com/gptbot)"
94.103.93.19 - - [14/Jul/2025:17:04:21 +0000] "GET /car-body-polish-makes-it-look-like-new/ HTTP/1.1" 200 28661 "-" "Mozilla/5.0 (Macintosh; Intel Mac OS X 10_15_7) AppleWebKit/537.36 (KHTML, like Gecko) Chrome/133.0.0.0 Safari/537.36"
94.103.93.19 - - [14/Jul/2025:17:04:22 +0000] "GET /car-body-polish-makes-it-look-like-new/feed/ HTTP/1.1" 200 472 "-" "Mozilla/5.0 (Macintosh; Intel Mac OS X 10_15_7) AppleWebKit/537.36 (KHTML, like Gecko) Chrome/133.0.0.0 Safari/537.36"
20.171.207.211 - - [14/Jul/2025:17:04:23 +0000] "GET /shopdetail/1092549026.shtml HTTP/1.1" 404 24671 "-" "Mozilla/5.0 AppleWebKit/537.36 (KHTML, like Gecko; compatible; GPTBot/1.2; +https://openai.com/gptbot)"
94.103.93.19 - - [14/Jul/2025:17:04:23 +0000] "GET /car-body-polish-makes-it-look-like-new/ HTTP/1.1" 200 28660 "-" "Mozilla/5.0 (Macintosh; Intel Mac OS X 10_15_7) AppleWebKit/537.36 (KHTML, like Gecko) Chrome/133.0.0.0 Safari/537.36"
94.103.93.19 - - [14/Jul/2025:17:04:24 +0000] "GET /car-body-polish-makes-it-look-like-new/ HTTP/1.1" 200 28661 "-" "Mozilla/5.0 (Macintosh; Intel Mac OS X 10_15_7) AppleWebKit/537.36 (KHTML, like Gecko) Chrome/133.0.0.0 Safari/537.36"
20.171.207.211 - - [14/Jul/2025:17:04:25 +0000] "GET /shopdetail/1092442238.shtml HTTP/1.1" 404 24673 "-" "Mozilla/5.0 AppleWebKit/537.36 (KHTML, like Gecko; compatible; GPTBot/1.2; +https://openai.com/gptbot)"
20.171.207.211 - - [14/Jul/2025:17:04:28 +0000] "GET /shopdetail/1092104742.shtml HTTP/1.1" 404 24672 "-" "Mozilla/5.0 AppleWebKit/537.36 (KHTML, like Gecko; compatible; GPTBot/1.2; +https://openai.com/gptbot)"
20.171.207.211 - - [14/Jul/2025:17:04:31 +0000] "GET /shopdetail/1091855336.shtml HTTP/1.1" 404 24672 "-" "Mozilla/5.0 AppleWebKit/537.36 (KHTML, like Gecko; compatible; GPTBot/1.2; +https://openai.com/gptbot)"
20.171.207.211 - - [14/Jul/2025:17:04:34 +0000] "GET /shopdetail/1092087904.shtml HTTP/1.1" 404 24672 "-" "Mozilla/5.0 AppleWebKit/537.36 (KHTML, like Gecko; compatible; GPTBot/1.2; +https://openai.com/gptbot)"
20.171.207.211 - - [14/Jul/2025:17:04:37 +0000] "GET /shopdetail/1092430498.shtml HTTP/1.1" 404 24675 "-" "Mozilla/5.0 AppleWebKit/537.36 (KHTML, like Gecko; compatible; GPTBot/1.2; +https://openai.com/gptbot)"
20.171.207.211 - - [14/Jul/2025:17:04:40 +0000] "GET /shopdetail/1091809864.shtml HTTP/1.1" 404 24667 "-" "Mozilla/5.0 AppleWebKit/537.36 (KHTML, like Gecko; compatible; GPTBot/1.2; +https://openai.com/gptbot)"
20.171.207.211 - - [14/Jul/2025:17:04:42 +0000] "GET /shopdetail/1091866756.shtml HTTP/1.1" 404 24673 "-" "Mozilla/5.0 AppleWebKit/537.36 (KHTML, like Gecko; compatible; GPTBot/1.2; +https://openai.com/gptbot)"
20.171.207.211 - - [14/Jul/2025:17:04:45 +0000] "GET /shopdetail/1092046596.shtml HTTP/1.1" 404 24671 "-" "Mozilla/5.0 AppleWebKit/537.36 (KHTML, like Gecko; compatible; GPTBot/1.2; +https://openai.com/gptbot)"
20.171.207.211 - - [14/Jul/2025:17:04:48 +0000] "GET /shopdetail/1091862264.shtml HTTP/1.1" 404 24669 "-" "Mozilla/5.0 AppleWebKit/537.36 (KHTML, like Gecko; compatible; GPTBot/1.2; +https://openai.com/gptbot)"
20.171.207.211 - - [14/Jul/2025:17:04:51 +0000] "GET /shopdetail/1092568552.shtml HTTP/1.1" 404 24670 "-" "Mozilla/5.0 AppleWebKit/537.36 (KHTML, like Gecko; compatible; GPTBot/1.2; +https://openai.com/gptbot)"
20.171.207.211 - - [14/Jul/2025:17:04:54 +0000] "GET /shopdetail/1092138060.shtml HTTP/1.1" 404 24671 "-" "Mozilla/5.0 AppleWebKit/537.36 (KHTML, like Gecko; compatible; GPTBot/1.2; +https://openai.com/gptbot)"
209.74.77.214 - - [14/Jul/2025:17:04:57 +0000] "POST /wp-cron.php?doing_wp_cron=1752512697.4249069690704345703125 HTTP/1.1" 200 - "-" "WordPress/6.8.1; https://cartel.express"
20.171.207.211 - - [14/Jul/2025:17:04:57 +0000] "GET /shopdetail/1091885164.shtml HTTP/1.1" 404 24672 "-" "Mozilla/5.0 AppleWebKit/537.36 (KHTML, like Gecko; compatible; GPTBot/1.2; +https://openai.com/gptbot)"
20.171.207.211 - - [14/Jul/2025:17:04:59 +0000] "GET /shopdetail/1092340800.shtml HTTP/1.1" 404 24673 "-" "Mozilla/5.0 AppleWebKit/537.36 (KHTML, like Gecko; compatible; GPTBot/1.2; +https://openai.com/gptbot)"
209.74.77.214 - - [14/Jul/2025:17:05:03 +0000] "POST /wp-cron.php?doing_wp_cron=1752512703.2737989425659179687500 HTTP/1.1" 200 - "-" "WordPress/6.8.1; https://cartel.express"
20.171.207.211 - - [14/Jul/2025:17:05:02 +0000] "GET /shopdetail/1092563932.shtml HTTP/1.1" 404 24674 "-" "Mozilla/5.0 AppleWebKit/537.36 (KHTML, like Gecko; compatible; GPTBot/1.2; +https://openai.com/gptbot)"
20.171.207.211 - - [14/Jul/2025:17:05:06 +0000] "GET /shopdetail/1092430498.shtml HTTP/1.1" 404 24672 "-" "Mozilla/5.0 AppleWebKit/537.36 (KHTML, like Gecko; compatible; GPTBot/1.2; +https://openai.com/gptbot)"
20.171.207.211 - - [14/Jul/2025:17:05:08 +0000] "GET /shopdetail/1092168494.shtml HTTP/1.1" 404 24672 "-" "Mozilla/5.0 AppleWebKit/537.36 (KHTML, like Gecko; compatible; GPTBot/1.2; +https://openai.com/gptbot)"
20.171.207.211 - - [14/Jul/2025:17:05:11 +0000] "GET /shopdetail/1092250658.shtml HTTP/1.1" 404 24670 "-" "Mozilla/5.0 AppleWebKit/537.36 (KHTML, like Gecko; compatible; GPTBot/1.2; +https://openai.com/gptbot)"
209.74.77.214 - - [14/Jul/2025:17:05:14 +0000] "POST /wp-cron.php?doing_wp_cron=1752512714.8504140377044677734375 HTTP/1.1" 200 - "-" "WordPress/6.8.1; https://cartel.express"
20.171.207.211 - - [14/Jul/2025:17:05:14 +0000] "GET /shopdetail/1092257518.shtml HTTP/1.1" 404 24671 "-" "Mozilla/5.0 AppleWebKit/537.36 (KHTML, like Gecko; compatible; GPTBot/1.2; +https://openai.com/gptbot)"
20.171.207.211 - - [14/Jul/2025:17:05:17 +0000] "GET /shopdetail/1092248410.shtml HTTP/1.1" 404 24669 "-" "Mozilla/5.0 AppleWebKit/537.36 (KHTML, like Gecko; compatible; GPTBot/1.2; +https://openai.com/gptbot)"
20.171.207.211 - - [14/Jul/2025:17:05:20 +0000] "GET /shopdetail/1092116158.shtml HTTP/1.1" 404 24674 "-" "Mozilla/5.0 AppleWebKit/537.36 (KHTML, like Gecko; compatible; GPTBot/1.2; +https://openai.com/gptbot)"
20.171.207.211 - - [14/Jul/2025:17:05:22 +0000] "GET /shopdetail/1092103744.shtml HTTP/1.1" 404 24670 "-" "Mozilla/5.0 AppleWebKit/537.36 (KHTML, like Gecko; compatible; GPTBot/1.2; +https://openai.com/gptbot)"
209.74.77.214 - - [14/Jul/2025:17:05:26 +0000] "POST /wp-cron.php?doing_wp_cron=1752512726.1459228992462158203125 HTTP/1.1" 200 - "-" "WordPress/6.8.1; https://cartel.express"
20.171.207.211 - - [14/Jul/2025:17:05:25 +0000] "GET /shopdetail/1091764264.shtml HTTP/1.1" 404 24672 "-" "Mozilla/5.0 AppleWebKit/537.36 (KHTML, like Gecko; compatible; GPTBot/1.2; +https://openai.com/gptbot)"
209.74.77.214 - - [14/Jul/2025:17:05:28 +0000] "POST /wp-cron.php?doing_wp_cron=1752512728.8275289535522460937500 HTTP/1.1" 200 - "-" "WordPress/6.8.1; https://cartel.express"
20.171.207.211 - - [14/Jul/2025:17:05:28 +0000] "GET /shopdetail/1091876056.shtml HTTP/1.1" 404 24673 "-" "Mozilla/5.0 AppleWebKit/537.36 (KHTML, like Gecko; compatible; GPTBot/1.2; +https://openai.com/gptbot)"
20.171.207.211 - - [14/Jul/2025:17:05:31 +0000] "GET /shopdetail/1092492134.shtml HTTP/1.1" 404 24672 "-" "Mozilla/5.0 AppleWebKit/537.36 (KHTML, like Gecko; compatible; GPTBot/1.2; +https://openai.com/gptbot)"
20.171.207.211 - - [14/Jul/2025:17:05:34 +0000] "GET /shopdetail/1092267744.shtml HTTP/1.1" 404 24671 "-" "Mozilla/5.0 AppleWebKit/537.36 (KHTML, like Gecko; compatible; GPTBot/1.2; +https://openai.com/gptbot)"
20.171.207.211 - - [14/Jul/2025:17:05:36 +0000] "GET /shopdetail/1092483094.shtml HTTP/1.1" 404 24672 "-" "Mozilla/5.0 AppleWebKit/537.36 (KHTML, like Gecko; compatible; GPTBot/1.2; +https://openai.com/gptbot)"
20.171.207.211 - - [14/Jul/2025:17:05:39 +0000] "GET /shopdetail/1091963638.shtml HTTP/1.1" 404 24673 "-" "Mozilla/5.0 AppleWebKit/537.36 (KHTML, like Gecko; compatible; GPTBot/1.2; +https://openai.com/gptbot)"
20.171.207.211 - - [14/Jul/2025:17:05:42 +0000] "GET /shopdetail/1091787032.shtml HTTP/1.1" 404 24672 "-" "Mozilla/5.0 AppleWebKit/537.36 (KHTML, like Gecko; compatible; GPTBot/1.2; +https://openai.com/gptbot)"
20.171.207.211 - - [14/Jul/2025:17:05:45 +0000] "GET /shopdetail/1092508042.shtml HTTP/1.1" 404 24672 "-" "Mozilla/5.0 AppleWebKit/537.36 (KHTML, like Gecko; compatible; GPTBot/1.2; +https://openai.com/gptbot)"
20.171.207.211 - - [14/Jul/2025:17:05:48 +0000] "GET /shopdetail/1092353214.shtml HTTP/1.1" 404 24673 "-" "Mozilla/5.0 AppleWebKit/537.36 (KHTML, like Gecko; compatible; GPTBot/1.2; +https://openai.com/gptbot)"
20.171.207.211 - - [14/Jul/2025:17:05:51 +0000] "GET /shopdetail/1092082166.shtml HTTP/1.1" 404 24672 "-" "Mozilla/5.0 AppleWebKit/537.36 (KHTML, like Gecko; compatible; GPTBot/1.2; +https://openai.com/gptbot)"
20.171.207.211 - - [14/Jul/2025:17:05:54 +0000] "GET /shopdetail/1092147970.shtml HTTP/1.1" 404 24673 "-" "Mozilla/5.0 AppleWebKit/537.36 (KHTML, like Gecko; compatible; GPTBot/1.2; +https://openai.com/gptbot)"
209.74.77.214 - - [14/Jul/2025:17:05:57 +0000] "POST /wp-cron.php?doing_wp_cron=1752512757.0346100330352783203125 HTTP/1.1" 200 - "-" "WordPress/6.8.1; https://cartel.express"
20.171.207.211 - - [14/Jul/2025:17:05:56 +0000] "GET /shopdetail/1091791584.shtml HTTP/1.1" 404 24672 "-" "Mozilla/5.0 AppleWebKit/537.36 (KHTML, like Gecko; compatible; GPTBot/1.2; +https://openai.com/gptbot)"
20.171.207.211 - - [14/Jul/2025:17:05:59 +0000] "GET /shopdetail/1091938626.shtml HTTP/1.1" 404 24672 "-" "Mozilla/5.0 AppleWebKit/537.36 (KHTML, like Gecko; compatible; GPTBot/1.2; +https://openai.com/gptbot)"
20.171.207.211 - - [14/Jul/2025:17:06:02 +0000] "GET /shopdetail/1091953404.shtml HTTP/1.1" 404 24671 "-" "Mozilla/5.0 AppleWebKit/537.36 (KHTML, like Gecko; compatible; GPTBot/1.2; +https://openai.com/gptbot)"
20.171.207.211 - - [14/Jul/2025:17:06:05 +0000] "GET /shopdetail/1092514970.shtml HTTP/1.1" 404 24671 "-" "Mozilla/5.0 AppleWebKit/537.36 (KHTML, like Gecko; compatible; GPTBot/1.2; +https://openai.com/gptbot)"
20.171.207.211 - - [14/Jul/2025:17:06:08 +0000] "GET /shopdetail/1092085400.shtml HTTP/1.1" 404 24673 "-" "Mozilla/5.0 AppleWebKit/537.36 (KHTML, like Gecko; compatible; GPTBot/1.2; +https://openai.com/gptbot)"
