Current File : /home/kelaby89/access-logs/diamondtiptiling.com.sixpack.studio-ssl_log
209.74.77.214 - - [12/Jul/2025:13:07:03 +0000] "POST /wp-cron.php?doing_wp_cron=1752325623.7561779022216796875000 HTTP/1.1" 200 - "-" "WordPress/6.8.1; https://diamondtiptiling.com"
57.141.2.8 - - [12/Jul/2025:13:07:01 +0000] "GET /floens-shop/ HTTP/1.1" 200 80308 "-" "meta-externalagent/1.1 (+https://developers.facebook.com/docs/sharing/webmasters/crawler)"
185.177.72.204 - - [12/Jul/2025:13:14:15 +0000] "GET / HTTP/1.1" 200 25793 "-" "Mozilla/5.0 (Windows NT 10.0; Win64; x64) AppleWebKit/537.36 (KHTML, like Gecko) Chrome/91.0.4472.124 Safari/537.36"
209.74.77.214 - - [12/Jul/2025:13:25:37 +0000] "POST /wp-cron.php?doing_wp_cron=1752326737.7099909782409667968750 HTTP/1.1" 200 - "-" "WordPress/6.8.1; https://diamondtiptiling.com"
66.249.64.5 - - [12/Jul/2025:13:25:35 +0000] "GET /tag/digital-print-tiles/ HTTP/1.1" 200 20292 "-" "Mozilla/5.0 (Linux; Android 6.0.1; Nexus 5X Build/MMB29P) AppleWebKit/537.36 (KHTML, like Gecko) Chrome/137.0.7151.103 Mobile Safari/537.36 (compatible; Googlebot/2.1; +http://www.google.com/bot.html)"
66.249.64.108 - - [12/Jul/2025:13:25:39 +0000] "GET /robots.txt HTTP/1.1" 301 - "-" "Mozilla/5.0 (compatible; Googlebot/2.1; +http://www.google.com/bot.html)"
66.249.64.5 - - [12/Jul/2025:13:25:43 +0000] "GET /robots.txt HTTP/1.1" 200 157 "-" "Mozilla/5.0 (compatible; Googlebot/2.1; +http://www.google.com/bot.html)"
66.249.64.5 - - [12/Jul/2025:13:25:49 +0000] "GET /wp-includes/css/dist/block-library/style.min.css?ver=6.8.1 HTTP/1.1" 200 15323 "https://diamondtiptiling.com/tag/digital-print-tiles/" "Mozilla/5.0 (Linux; Android 6.0.1; Nexus 5X Build/MMB29P) AppleWebKit/537.36 (KHTML, like Gecko) Chrome/137.0.7151.119 Mobile Safari/537.36 (compatible; Googlebot/2.1; +http://www.google.com/bot.html)"
66.249.64.5 - - [12/Jul/2025:13:25:57 +0000] "GET /talk-about-the-three-major-types-of-floor-tiles/ HTTP/1.1" 200 21302 "-" "Mozilla/5.0 (Linux; Android 6.0.1; Nexus 5X Build/MMB29P) AppleWebKit/537.36 (KHTML, like Gecko) Chrome/137.0.7151.103 Mobile Safari/537.36 (compatible; Googlebot/2.1; +http://www.google.com/bot.html)"
209.74.77.214 - - [12/Jul/2025:13:26:08 +0000] "POST /wp-cron.php?doing_wp_cron=1752326768.3344581127166748046875 HTTP/1.1" 200 - "-" "WordPress/6.8.1; https://diamondtiptiling.com"
66.249.64.109 - - [12/Jul/2025:13:26:08 +0000] "GET / HTTP/1.1" 301 - "-" "Mozilla/5.0 (Linux; Android 6.0.1; Nexus 5X Build/MMB29P) AppleWebKit/537.36 (KHTML, like Gecko) Chrome/137.0.7151.103 Mobile Safari/537.36 (compatible; Googlebot/2.1; +http://www.google.com/bot.html)"
66.249.64.5 - - [12/Jul/2025:13:26:13 +0000] "GET / HTTP/1.1" 200 25794 "-" "Mozilla/5.0 (Linux; Android 6.0.1; Nexus 5X Build/MMB29P) AppleWebKit/537.36 (KHTML, like Gecko) Chrome/137.0.7151.103 Mobile Safari/537.36 (compatible; Googlebot/2.1; +http://www.google.com/bot.html)"
66.249.64.6 - - [12/Jul/2025:13:26:15 +0000] "GET /why-choose-vinyl-plank-over-other-flooring-types/ HTTP/1.1" 200 21359 "-" "Mozilla/5.0 (Linux; Android 6.0.1; Nexus 5X Build/MMB29P) AppleWebKit/537.36 (KHTML, like Gecko) Chrome/137.0.7151.103 Mobile Safari/537.36 (compatible; Googlebot/2.1; +http://www.google.com/bot.html)"
66.249.64.5 - - [12/Jul/2025:13:26:24 +0000] "GET /how-to-make-your-house-look-high-end/ HTTP/1.1" 200 21308 "-" "Mozilla/5.0 (Linux; Android 6.0.1; Nexus 5X Build/MMB29P) AppleWebKit/537.36 (KHTML, like Gecko) Chrome/137.0.7151.103 Mobile Safari/537.36 (compatible; Googlebot/2.1; +http://www.google.com/bot.html)"
66.249.64.5 - - [12/Jul/2025:13:26:24 +0000] "GET /wp-content/themes/floens/assets/js/floens-theme.js?ver=1752192000 HTTP/1.1" 200 2990 "https://diamondtiptiling.com/talk-about-the-three-major-types-of-floor-tiles/" "Mozilla/5.0 (Linux; Android 6.0.1; Nexus 5X Build/MMB29P) AppleWebKit/537.36 (KHTML, like Gecko) Chrome/137.0.7151.119 Mobile Safari/537.36 (compatible; Googlebot/2.1; +http://www.google.com/bot.html)"
66.249.64.5 - - [12/Jul/2025:13:26:28 +0000] "GET / HTTP/1.1" 200 25793 "-" "Mozilla/5.0 (Linux; Android 6.0.1; Nexus 5X Build/MMB29P) AppleWebKit/537.36 (KHTML, like Gecko) Chrome/137.0.7151.103 Mobile Safari/537.36 (compatible; Googlebot/2.1; +http://www.google.com/bot.html)"
66.249.64.5 - - [12/Jul/2025:13:26:39 +0000] "GET /category/patterned-tiles/ HTTP/1.1" 200 19656 "-" "Mozilla/5.0 (Linux; Android 6.0.1; Nexus 5X Build/MMB29P) AppleWebKit/537.36 (KHTML, like Gecko) Chrome/137.0.7151.103 Mobile Safari/537.36 (compatible; Googlebot/2.1; +http://www.google.com/bot.html)"
66.249.64.5 - - [12/Jul/2025:13:26:50 +0000] "POST /?wc-ajax=woosw_get_data HTTP/1.1" 200 191 "https://diamondtiptiling.com/how-to-make-your-house-look-high-end/" "Mozilla/5.0 (Linux; Android 6.0.1; Nexus 5X Build/MMB29P) AppleWebKit/537.36 (KHTML, like Gecko) Chrome/137.0.7151.119 Mobile Safari/537.36 (compatible; Googlebot/2.1; +http://www.google.com/bot.html)"
66.249.64.5 - - [12/Jul/2025:13:27:08 +0000] "GET /wp-content/themes/floens/assets/vendors/isotope/isotope.js?ver=2.1.1 HTTP/1.1" 200 10188 "https://diamondtiptiling.com/category/patterned-tiles/" "Mozilla/5.0 (Linux; Android 6.0.1; Nexus 5X Build/MMB29P) AppleWebKit/537.36 (KHTML, like Gecko) Chrome/137.0.7151.119 Mobile Safari/537.36 (compatible; Googlebot/2.1; +http://www.google.com/bot.html)"
209.74.77.214 - - [12/Jul/2025:13:27:16 +0000] "POST /wp-cron.php?doing_wp_cron=1752326836.4471731185913085937500 HTTP/1.1" 200 - "-" "WordPress/6.8.1; https://diamondtiptiling.com"
66.249.64.6 - - [12/Jul/2025:13:27:16 +0000] "GET /tag/patterned-tiles/ HTTP/1.1" 200 20245 "-" "Mozilla/5.0 (Linux; Android 6.0.1; Nexus 5X Build/MMB29P) AppleWebKit/537.36 (KHTML, like Gecko) Chrome/137.0.7151.103 Mobile Safari/537.36 (compatible; Googlebot/2.1; +http://www.google.com/bot.html)"
66.249.64.5 - - [12/Jul/2025:13:27:23 +0000] "POST /?wc-ajax=woosw_get_data HTTP/1.1" 200 191 "https://diamondtiptiling.com/" "Mozilla/5.0 (Linux; Android 6.0.1; Nexus 5X Build/MMB29P) AppleWebKit/537.36 (KHTML, like Gecko) Chrome/137.0.7151.119 Mobile Safari/537.36 (compatible; Googlebot/2.1; +http://www.google.com/bot.html)"
66.249.64.5 - - [12/Jul/2025:13:27:30 +0000] "GET /grouting/ HTTP/1.1" 200 21139 "-" "Mozilla/5.0 (Linux; Android 6.0.1; Nexus 5X Build/MMB29P) AppleWebKit/537.36 (KHTML, like Gecko) Chrome/137.0.7151.103 Mobile Safari/537.36 (compatible; Googlebot/2.1; +http://www.google.com/bot.html)"
66.249.64.5 - - [12/Jul/2025:13:27:39 +0000] "GET /wp-content/uploads/elementor/css/post-283.css?ver=1748507474 HTTP/1.1" 200 757 "https://diamondtiptiling.com/grouting/" "Mozilla/5.0 (Linux; Android 6.0.1; Nexus 5X Build/MMB29P) AppleWebKit/537.36 (KHTML, like Gecko) Chrome/137.0.7151.119 Mobile Safari/537.36 (compatible; Googlebot/2.1; +http://www.google.com/bot.html)"
66.249.64.5 - - [12/Jul/2025:13:27:42 +0000] "GET /wp-content/plugins/floens-addon/assets/vendors/floens-icons/style.css?ver=1.1 HTTP/1.1" 200 787 "https://diamondtiptiling.com/grouting/" "Mozilla/5.0 (Linux; Android 6.0.1; Nexus 5X Build/MMB29P) AppleWebKit/537.36 (KHTML, like Gecko) Chrome/137.0.7151.119 Mobile Safari/537.36 (compatible; Googlebot/2.1; +http://www.google.com/bot.html)"
66.249.64.5 - - [12/Jul/2025:13:27:53 +0000] "POST /?wc-ajax=woosw_get_data HTTP/1.1" 200 191 "https://diamondtiptiling.com/grouting/" "Mozilla/5.0 (Linux; Android 6.0.1; Nexus 5X Build/MMB29P) AppleWebKit/537.36 (KHTML, like Gecko) Chrome/137.0.7151.119 Mobile Safari/537.36 (compatible; Googlebot/2.1; +http://www.google.com/bot.html)"
66.249.64.5 - - [12/Jul/2025:13:27:56 +0000] "GET /quote/ HTTP/1.1" 200 17113 "-" "Mozilla/5.0 (Linux; Android 6.0.1; Nexus 5X Build/MMB29P) AppleWebKit/537.36 (KHTML, like Gecko) Chrome/137.0.7151.103 Mobile Safari/537.36 (compatible; Googlebot/2.1; +http://www.google.com/bot.html)"
66.249.64.7 - - [12/Jul/2025:13:28:03 +0000] "GET /wp-content/uploads/2025/04/cropped-android-icon-96x96-1-32x32.png HTTP/1.1" 200 915 "-" "Googlebot-Image/1.0"
66.249.64.5 - - [12/Jul/2025:13:28:04 +0000] "GET /wp-content/uploads/2025/04/cropped-android-icon-96x96-1-192x192.png HTTP/1.1" 200 11787 "-" "Googlebot-Image/1.0"
66.249.64.6 - - [12/Jul/2025:13:28:09 +0000] "GET /wp-content/uploads/elementor/css/post-2470.css?ver=1748507474 HTTP/1.1" 200 157 "https://diamondtiptiling.com/quote/" "Mozilla/5.0 (Linux; Android 6.0.1; Nexus 5X Build/MMB29P) AppleWebKit/537.36 (KHTML, like Gecko) Chrome/137.0.7151.119 Mobile Safari/537.36 (compatible; Googlebot/2.1; +http://www.google.com/bot.html)"
209.74.77.214 - - [12/Jul/2025:13:28:15 +0000] "POST /wp-cron.php?doing_wp_cron=1752326894.9988420009613037109375 HTTP/1.1" 200 - "-" "WordPress/6.8.1; https://diamondtiptiling.com"
66.249.64.5 - - [12/Jul/2025:13:28:14 +0000] "GET /hardwood-oak-flooring-at-simple-flooring/ HTTP/1.1" 200 21330 "-" "Mozilla/5.0 (Linux; Android 6.0.1; Nexus 5X Build/MMB29P) AppleWebKit/537.36 (KHTML, like Gecko) Chrome/137.0.7151.103 Mobile Safari/537.36 (compatible; Googlebot/2.1; +http://www.google.com/bot.html)"
66.249.64.5 - - [12/Jul/2025:13:28:21 +0000] "POST /?wc-ajax=woosw_get_data HTTP/1.1" 200 191 "https://diamondtiptiling.com/quote/" "Mozilla/5.0 (Linux; Android 6.0.1; Nexus 5X Build/MMB29P) AppleWebKit/537.36 (KHTML, like Gecko) Chrome/137.0.7151.119 Mobile Safari/537.36 (compatible; Googlebot/2.1; +http://www.google.com/bot.html)"
66.249.64.5 - - [12/Jul/2025:13:28:32 +0000] "GET /favicon.ico HTTP/1.1" 302 - "-" "Googlebot-Image/1.0"
66.249.64.5 - - [12/Jul/2025:13:28:47 +0000] "GET / HTTP/1.1" 200 25793 "-" "Mozilla/5.0 (Linux; Android 6.0.1; Nexus 5X Build/MMB29P) AppleWebKit/537.36 (KHTML, like Gecko) Chrome/99.0.4844.84 Mobile Safari/537.36 (compatible; Googlebot/2.1; +http://www.google.com/bot.html)"
66.249.64.7 - - [12/Jul/2025:13:29:01 +0000] "GET /wishlist/ HTTP/1.1" 200 19186 "-" "Mozilla/5.0 (Linux; Android 6.0.1; Nexus 5X Build/MMB29P) AppleWebKit/537.36 (KHTML, like Gecko) Chrome/137.0.7151.103 Mobile Safari/537.36 (compatible; Googlebot/2.1; +http://www.google.com/bot.html)"
209.74.77.214 - - [12/Jul/2025:13:29:07 +0000] "POST /wp-cron.php?doing_wp_cron=1752326947.0377299785614013671875 HTTP/1.1" 200 - "-" "WordPress/6.8.1; https://diamondtiptiling.com"
66.249.64.5 - - [12/Jul/2025:13:29:06 +0000] "GET / HTTP/1.1" 200 25793 "-" "Mozilla/5.0 (compatible; Googlebot/2.1; +http://www.google.com/bot.html)"
66.249.64.5 - - [12/Jul/2025:13:29:17 +0000] "GET /wp-content/uploads/2025/04/cropped-android-icon-96x96-1-32x32.png HTTP/1.1" 200 915 "-" "Googlebot-Image/1.0"
66.249.64.5 - - [12/Jul/2025:13:29:26 +0000] "GET /favicon.ico HTTP/1.1" 302 - "-" "Googlebot-Image/1.0"
66.249.64.5 - - [12/Jul/2025:13:29:33 +0000] "POST /?wc-ajax=woosw_get_data HTTP/1.1" 200 191 "https://diamondtiptiling.com/" "Mozilla/5.0 (Linux; Android 6.0.1; Nexus 5X Build/MMB29P) AppleWebKit/537.36 (KHTML, like Gecko) Chrome/137.0.7151.119 Mobile Safari/537.36 (compatible; Googlebot/2.1; +http://www.google.com/bot.html)"
66.249.64.5 - - [12/Jul/2025:13:29:36 +0000] "GET /wp-content/uploads/2025/04/cropped-android-icon-96x96-1-180x180.png HTTP/1.1" 200 12279 "-" "Googlebot-Image/1.0"
66.249.64.5 - - [12/Jul/2025:13:29:41 +0000] "GET /wp-content/uploads/2025/04/cropped-android-icon-96x96-1-192x192.png HTTP/1.1" 200 11787 "-" "Googlebot-Image/1.0"
66.249.64.5 - - [12/Jul/2025:13:29:47 +0000] "GET /wp-content/uploads/2025/04/cropped-android-icon-96x96-1-32x32.png HTTP/1.1" 200 915 "-" "Googlebot-Image/1.0"
66.249.64.6 - - [12/Jul/2025:13:30:09 +0000] "GET /wp-content/uploads/2025/04/cropped-android-icon-96x96-1-180x180.png HTTP/1.1" 200 12279 "-" "Googlebot-Image/1.0"
209.74.77.214 - - [12/Jul/2025:13:30:25 +0000] "POST /wp-cron.php?doing_wp_cron=1752327025.1639358997344970703125 HTTP/1.1" 200 - "-" "WordPress/6.8.1; https://diamondtiptiling.com"
66.249.64.5 - - [12/Jul/2025:13:30:23 +0000] "GET /pricing/ HTTP/1.1" 200 18954 "-" "Mozilla/5.0 (Linux; Android 6.0.1; Nexus 5X Build/MMB29P) AppleWebKit/537.36 (KHTML, like Gecko) Chrome/137.0.7151.103 Mobile Safari/537.36 (compatible; Googlebot/2.1; +http://www.google.com/bot.html)"
66.249.64.5 - - [12/Jul/2025:13:30:30 +0000] "GET /wp-content/uploads/2025/04/cropped-android-icon-96x96-1-32x32.png HTTP/1.1" 200 915 "-" "Googlebot-Image/1.0"
66.249.64.5 - - [12/Jul/2025:13:30:56 +0000] "GET /work/ HTTP/1.1" 200 19038 "-" "Mozilla/5.0 (Linux; Android 6.0.1; Nexus 5X Build/MMB29P) AppleWebKit/537.36 (KHTML, like Gecko) Chrome/137.0.7151.103 Mobile Safari/537.36 (compatible; Googlebot/2.1; +http://www.google.com/bot.html)"
209.74.77.214 - - [12/Jul/2025:13:31:07 +0000] "POST /wp-cron.php?doing_wp_cron=1752327067.2625410556793212890625 HTTP/1.1" 200 - "-" "WordPress/6.8.1; https://diamondtiptiling.com"
66.249.64.5 - - [12/Jul/2025:13:31:07 +0000] "GET /product/laying-floor-tiles/ HTTP/1.1" 200 18645 "-" "Mozilla/5.0 (Linux; Android 6.0.1; Nexus 5X Build/MMB29P) AppleWebKit/537.36 (KHTML, like Gecko) Chrome/137.0.7151.103 Mobile Safari/537.36 (compatible; Googlebot/2.1; +http://www.google.com/bot.html)"
66.249.64.5 - - [12/Jul/2025:13:31:08 +0000] "GET /favicon.ico HTTP/1.1" 302 - "-" "Googlebot-Image/1.0"
66.249.64.5 - - [12/Jul/2025:13:31:09 +0000] "GET /wp-content/plugins/woo-smart-wishlist/assets/css/frontend.css?ver=4.9.9 HTTP/1.1" 200 3063 "https://diamondtiptiling.com/work/" "Mozilla/5.0 (Linux; Android 6.0.1; Nexus 5X Build/MMB29P) AppleWebKit/537.36 (KHTML, like Gecko) Chrome/137.0.7151.119 Mobile Safari/537.36 (compatible; Googlebot/2.1; +http://www.google.com/bot.html)"
66.249.64.5 - - [12/Jul/2025:13:31:14 +0000] "GET /wp-content/plugins/leadconnector/public/css/lc-public.css?ver=3.0.8 HTTP/1.1" 200 106 "https://diamondtiptiling.com/work/" "Mozilla/5.0 (Linux; Android 6.0.1; Nexus 5X Build/MMB29P) AppleWebKit/537.36 (KHTML, like Gecko) Chrome/137.0.7151.119 Mobile Safari/537.36 (compatible; Googlebot/2.1; +http://www.google.com/bot.html)"
66.249.64.5 - - [12/Jul/2025:13:31:16 +0000] "GET /wp-content/uploads/2025/04/cropped-android-icon-96x96-1-32x32.png HTTP/1.1" 200 915 "-" "Googlebot-Image/1.0"
66.249.64.5 - - [12/Jul/2025:13:31:17 +0000] "GET /wp-content/plugins/floens-addon/assets/vendors/circleType/jquery.lettering.min.js?ver=1744546415 HTTP/1.1" 200 499 "https://diamondtiptiling.com/work/" "Mozilla/5.0 (Linux; Android 6.0.1; Nexus 5X Build/MMB29P) AppleWebKit/537.36 (KHTML, like Gecko) Chrome/137.0.7151.119 Mobile Safari/537.36 (compatible; Googlebot/2.1; +http://www.google.com/bot.html)"
66.249.64.5 - - [12/Jul/2025:13:31:22 +0000] "GET /wp-content/plugins/woo-smart-quick-view/assets/js/frontend.js?ver=4.1.8 HTTP/1.1" 200 2307 "https://diamondtiptiling.com/work/" "Mozilla/5.0 (Linux; Android 6.0.1; Nexus 5X Build/MMB29P) AppleWebKit/537.36 (KHTML, like Gecko) Chrome/137.0.7151.119 Mobile Safari/537.36 (compatible; Googlebot/2.1; +http://www.google.com/bot.html)"
66.249.64.5 - - [12/Jul/2025:13:31:27 +0000] "GET /wp-content/plugins/woo-smart-quick-view/assets/libs/magnific-popup/jquery.magnific-popup.min.js?ver=4.1.8 HTTP/1.1" 200 7346 "https://diamondtiptiling.com/work/" "Mozilla/5.0 (Linux; Android 6.0.1; Nexus 5X Build/MMB29P) AppleWebKit/537.36 (KHTML, like Gecko) Chrome/137.0.7151.119 Mobile Safari/537.36 (compatible; Googlebot/2.1; +http://www.google.com/bot.html)"
66.249.64.5 - - [12/Jul/2025:13:31:36 +0000] "GET /product/digital-print-tiles/ HTTP/1.1" 200 18647 "-" "Mozilla/5.0 (Linux; Android 6.0.1; Nexus 5X Build/MMB29P) AppleWebKit/537.36 (KHTML, like Gecko) Chrome/137.0.7151.103 Mobile Safari/537.36 (compatible; Googlebot/2.1; +http://www.google.com/bot.html)"
66.249.64.5 - - [12/Jul/2025:13:31:41 +0000] "GET /header/header-two/ HTTP/1.1" 200 14777 "-" "Mozilla/5.0 (Linux; Android 6.0.1; Nexus 5X Build/MMB29P) AppleWebKit/537.36 (KHTML, like Gecko) Chrome/137.0.7151.103 Mobile Safari/537.36 (compatible; Googlebot/2.1; +http://www.google.com/bot.html)"
66.249.64.5 - - [12/Jul/2025:13:31:43 +0000] "GET /2024/01/ HTTP/1.1" 200 20871 "-" "Mozilla/5.0 (Linux; Android 6.0.1; Nexus 5X Build/MMB29P) AppleWebKit/537.36 (KHTML, like Gecko) Chrome/137.0.7151.103 Mobile Safari/537.36 (compatible; Googlebot/2.1; +http://www.google.com/bot.html)"
66.249.64.5 - - [12/Jul/2025:13:31:44 +0000] "GET /wp-content/plugins/woocommerce/assets/css/photoswipe/photoswipe.min.css?ver=9.8.5 HTTP/1.1" 200 997 "https://diamondtiptiling.com/product/digital-print-tiles/" "Mozilla/5.0 (Linux; Android 6.0.1; Nexus 5X Build/MMB29P) AppleWebKit/537.36 (KHTML, like Gecko) Chrome/137.0.7151.119 Mobile Safari/537.36 (compatible; Googlebot/2.1; +http://www.google.com/bot.html)"
66.249.64.5 - - [12/Jul/2025:13:31:46 +0000] "GET /category/penny-tiles/ HTTP/1.1" 200 20225 "-" "Mozilla/5.0 (Linux; Android 6.0.1; Nexus 5X Build/MMB29P) AppleWebKit/537.36 (KHTML, like Gecko) Chrome/137.0.7151.103 Mobile Safari/537.36 (compatible; Googlebot/2.1; +http://www.google.com/bot.html)"
66.249.64.5 - - [12/Jul/2025:13:31:49 +0000] "GET /wp-content/plugins/floens-addon/assets/vendors/timepicker/timePicker.css?ver=1744546415 HTTP/1.1" 200 1055 "https://diamondtiptiling.com/product/digital-print-tiles/" "Mozilla/5.0 (Linux; Android 6.0.1; Nexus 5X Build/MMB29P) AppleWebKit/537.36 (KHTML, like Gecko) Chrome/137.0.7151.119 Mobile Safari/537.36 (compatible; Googlebot/2.1; +http://www.google.com/bot.html)"
66.249.64.6 - - [12/Jul/2025:13:32:04 +0000] "GET /home-two/ HTTP/1.1" 200 25914 "-" "Mozilla/5.0 (Linux; Android 6.0.1; Nexus 5X Build/MMB29P) AppleWebKit/537.36 (KHTML, like Gecko) Chrome/137.0.7151.103 Mobile Safari/537.36 (compatible; Googlebot/2.1; +http://www.google.com/bot.html)"
209.74.77.214 - - [12/Jul/2025:13:32:23 +0000] "POST /wp-cron.php?doing_wp_cron=1752327143.7585110664367675781250 HTTP/1.1" 200 - "-" "WordPress/6.8.1; https://diamondtiptiling.com"
66.249.64.6 - - [12/Jul/2025:13:32:23 +0000] "GET /work-grid/ HTTP/1.1" 200 17850 "-" "Mozilla/5.0 (Linux; Android 6.0.1; Nexus 5X Build/MMB29P) AppleWebKit/537.36 (KHTML, like Gecko) Chrome/137.0.7151.103 Mobile Safari/537.36 (compatible; Googlebot/2.1; +http://www.google.com/bot.html)"
66.249.64.5 - - [12/Jul/2025:13:32:32 +0000] "GET /tag/octagon/ HTTP/1.1" 200 20402 "-" "Mozilla/5.0 (Linux; Android 6.0.1; Nexus 5X Build/MMB29P) AppleWebKit/537.36 (KHTML, like Gecko) Chrome/137.0.7151.103 Mobile Safari/537.36 (compatible; Googlebot/2.1; +http://www.google.com/bot.html)"
66.249.64.5 - - [12/Jul/2025:13:32:51 +0000] "GET /wp-content/plugins/elementor-pro/assets/js/elements-handlers.min.js?ver=3.28.4 HTTP/1.1" 200 10702 "https://diamondtiptiling.com/tag/octagon/" "Mozilla/5.0 (Linux; Android 6.0.1; Nexus 5X Build/MMB29P) AppleWebKit/537.36 (KHTML, like Gecko) Chrome/137.0.7151.119 Mobile Safari/537.36 (compatible; Googlebot/2.1; +http://www.google.com/bot.html)"
209.74.77.214 - - [12/Jul/2025:13:33:48 +0000] "POST /wp-cron.php?doing_wp_cron=1752327228.5868439674377441406250 HTTP/1.1" 200 - "-" "WordPress/6.8.1; https://diamondtiptiling.com"
66.249.64.7 - - [12/Jul/2025:13:33:47 +0000] "GET /category/metal-tiles/ HTTP/1.1" 200 19653 "-" "Mozilla/5.0 (Linux; Android 6.0.1; Nexus 5X Build/MMB29P) AppleWebKit/537.36 (KHTML, like Gecko) Chrome/137.0.7151.103 Mobile Safari/537.36 (compatible; Googlebot/2.1; +http://www.google.com/bot.html)"
66.249.64.7 - - [12/Jul/2025:13:34:04 +0000] "GET /wp-content/plugins/floens-addon/assets/vendors/tiny-slider/tiny-slider.css?ver=1744546415 HTTP/1.1" 200 742 "https://diamondtiptiling.com/category/metal-tiles/" "Mozilla/5.0 (Linux; Android 6.0.1; Nexus 5X Build/MMB29P) AppleWebKit/537.36 (KHTML, like Gecko) Chrome/137.0.7151.119 Mobile Safari/537.36 (compatible; Googlebot/2.1; +http://www.google.com/bot.html)"
66.249.64.5 - - [12/Jul/2025:13:34:24 +0000] "GET /wp-content/plugins/floens-addon/assets/vendors/reey-font/stylesheet.css?ver=1744546415 HTTP/1.1" 200 201 "https://diamondtiptiling.com/home-two/" "Mozilla/5.0 (Linux; Android 6.0.1; Nexus 5X Build/MMB29P) AppleWebKit/537.36 (KHTML, like Gecko) Chrome/137.0.7151.119 Mobile Safari/537.36 (compatible; Googlebot/2.1; +http://www.google.com/bot.html)"
66.249.64.5 - - [12/Jul/2025:13:34:26 +0000] "GET /wp-content/uploads/elementor/css/post-523.css?ver=1749129299 HTTP/1.1" 200 367 "https://diamondtiptiling.com/home-two/" "Mozilla/5.0 (Linux; Android 6.0.1; Nexus 5X Build/MMB29P) AppleWebKit/537.36 (KHTML, like Gecko) Chrome/137.0.7151.119 Mobile Safari/537.36 (compatible; Googlebot/2.1; +http://www.google.com/bot.html)"
66.249.64.5 - - [12/Jul/2025:13:34:29 +0000] "GET /wp-content/plugins/floens-addon/assets/vendors/jarallax/jarallax.min.js?ver=1744546415 HTTP/1.1" 200 5252 "https://diamondtiptiling.com/home-two/" "Mozilla/5.0 (Linux; Android 6.0.1; Nexus 5X Build/MMB29P) AppleWebKit/537.36 (KHTML, like Gecko) Chrome/137.0.7151.119 Mobile Safari/537.36 (compatible; Googlebot/2.1; +http://www.google.com/bot.html)"
66.249.64.5 - - [12/Jul/2025:13:34:31 +0000] "GET /wp-content/uploads/elementor/css/post-114.css?ver=1749083523 HTTP/1.1" 200 125 "https://diamondtiptiling.com/home-two/" "Mozilla/5.0 (Linux; Android 6.0.1; Nexus 5X Build/MMB29P) AppleWebKit/537.36 (KHTML, like Gecko) Chrome/137.0.7151.119 Mobile Safari/537.36 (compatible; Googlebot/2.1; +http://www.google.com/bot.html)"
66.249.64.5 - - [12/Jul/2025:13:34:34 +0000] "GET /wp-content/plugins/woo-smart-wishlist/assets/js/frontend.js?ver=4.9.9 HTTP/1.1" 200 4482 "https://diamondtiptiling.com/home-two/" "Mozilla/5.0 (Linux; Android 6.0.1; Nexus 5X Build/MMB29P) AppleWebKit/537.36 (KHTML, like Gecko) Chrome/137.0.7151.119 Mobile Safari/537.36 (compatible; Googlebot/2.1; +http://www.google.com/bot.html)"
209.74.77.214 - - [12/Jul/2025:13:34:38 +0000] "POST /wp-cron.php?doing_wp_cron=1752327278.5491120815277099609375 HTTP/1.1" 200 - "-" "WordPress/6.8.1; https://diamondtiptiling.com"
66.249.64.5 - - [12/Jul/2025:13:34:37 +0000] "POST /?wc-ajax=woosw_get_data HTTP/1.1" 200 191 "https://diamondtiptiling.com/home-two/" "Mozilla/5.0 (Linux; Android 6.0.1; Nexus 5X Build/MMB29P) AppleWebKit/537.36 (KHTML, like Gecko) Chrome/137.0.7151.119 Mobile Safari/537.36 (compatible; Googlebot/2.1; +http://www.google.com/bot.html)"
66.249.64.7 - - [12/Jul/2025:13:38:29 +0000] "GET /wp-content/plugins/woo-smart-quick-view/assets/libs/perfect-scrollbar/js/perfect-scrollbar.jquery.min.js?ver=4.1.8 HTTP/1.1" 200 6509 "https://diamondtiptiling.com/work-grid/" "Mozilla/5.0 (Linux; Android 6.0.1; Nexus 5X Build/MMB29P) AppleWebKit/537.36 (KHTML, like Gecko) Chrome/137.0.7151.119 Mobile Safari/537.36 (compatible; Googlebot/2.1; +http://www.google.com/bot.html)"
209.74.77.214 - - [12/Jul/2025:13:38:46 +0000] "POST /wp-cron.php?doing_wp_cron=1752327526.2197721004486083984375 HTTP/1.1" 200 - "-" "WordPress/6.8.1; https://diamondtiptiling.com"
66.249.64.5 - - [12/Jul/2025:13:38:44 +0000] "POST /?wc-ajax=woosw_get_data HTTP/1.1" 200 191 "https://diamondtiptiling.com/work-grid/" "Mozilla/5.0 (Linux; Android 6.0.1; Nexus 5X Build/MMB29P) AppleWebKit/537.36 (KHTML, like Gecko) Chrome/137.0.7151.119 Mobile Safari/537.36 (compatible; Googlebot/2.1; +http://www.google.com/bot.html)"
107.180.191.156 - - [12/Jul/2025:13:46:33 +0000] "GET /wp-content/uploads/2024/01/blog-1-370x422.jpg HTTP/1.1" 200 23151 "-" "Mozilla/5.0 (Macintosh; Intel Mac OS X 10_15_7) AppleWebKit/537.36 (KHTML, like Gecko) Chrome/130.0.0.0 Safari/537.36"
222.79.103.59 - - [12/Jul/2025:14:01:33 +0000] "GET / HTTP/1.1" 200 25794 "http://diamondtiptiling.com" "Mozilla/5.0 (iPhone; CPU iPhone OS 13_2_3 like Mac OS X) AppleWebKit/605.1.15 (KHTML, like Gecko) Version/13.0.3 Mobile/15E148 Safari/604.1"
209.74.77.214 - - [12/Jul/2025:14:07:19 +0000] "POST /wp-cron.php?doing_wp_cron=1752329239.2003500461578369140625 HTTP/1.1" 200 - "-" "WordPress/6.8.1; https://diamondtiptiling.com"
51.222.253.19 - - [12/Jul/2025:14:07:17 +0000] "GET /robots.txt HTTP/1.1" 200 157 "-" "Mozilla/5.0 (compatible; AhrefsBot/7.0; +http://ahrefs.com/robot/)"
43.130.16.212 - - [12/Jul/2025:14:24:31 +0000] "GET / HTTP/1.1" 200 25793 "http://www.diamondtiptiling.com" "Mozilla/5.0 (iPhone; CPU iPhone OS 13_2_3 like Mac OS X) AppleWebKit/605.1.15 (KHTML, like Gecko) Version/13.0.3 Mobile/15E148 Safari/604.1"
209.74.77.214 - - [12/Jul/2025:15:00:08 +0000] "POST /wp-cron.php?doing_wp_cron=1752332408.5980050563812255859375 HTTP/1.1" 200 - "-" "WordPress/6.8.1; https://diamondtiptiling.com"
47.82.60.6 - - [12/Jul/2025:15:00:06 +0000] "GET /tag/octagon HTTP/1.1" 301 - "https://diamondtiptiling.com/tag/octagon" "Mozilla/5.0 (Windows NT 10.0; Win64; x64) AppleWebKit/537.36 (KHTML, like Gecko) Chrome/114.0.0.0 Safari/537.36 Edg/114.0.1823.43"
47.82.60.6 - - [12/Jul/2025:15:00:08 +0000] "GET /tag/octagon/ HTTP/1.1" 200 20402 "https://diamondtiptiling.com/tag/octagon" "Mozilla/5.0 (Windows NT 10.0; Win64; x64) AppleWebKit/537.36 (KHTML, like Gecko) Chrome/114.0.0.0 Safari/537.36 Edg/114.0.1823.43"
209.74.77.214 - - [12/Jul/2025:15:02:15 +0000] "POST /wp-cron.php?doing_wp_cron=1752332535.5712480545043945312500 HTTP/1.1" 200 - "-" "WordPress/6.8.1; https://diamondtiptiling.com"
57.141.2.15 - - [12/Jul/2025:15:02:13 +0000] "GET / HTTP/1.1" 200 159176 "-" "meta-externalagent/1.1 (+https://developers.facebook.com/docs/sharing/webmasters/crawler)"
156.59.198.136 - - [12/Jul/2025:15:32:03 +0000] "GET /wp-content/uploads/2024/01/client-rating-1.jpg HTTP/1.1" 200 2994 "-" "Mozilla/5.0 (Linux; Android 5.0) AppleWebKit/537.36 (KHTML, like Gecko) Mobile Safari/537.36 (compatible; Bytespider; [email protected])"
209.74.77.214 - - [12/Jul/2025:15:33:44 +0000] "POST /wp-cron.php?doing_wp_cron=1752334424.0480608940124511718750 HTTP/1.1" 200 - "-" "WordPress/6.8.1; https://diamondtiptiling.com"
66.249.64.6 - - [12/Jul/2025:15:33:42 +0000] "GET /tower-garden-growing-resource-guide/ HTTP/1.1" 200 21339 "-" "Mozilla/5.0 (Linux; Android 6.0.1; Nexus 5X Build/MMB29P) AppleWebKit/537.36 (KHTML, like Gecko) Chrome/137.0.7151.103 Mobile Safari/537.36 (compatible; Googlebot/2.1; +http://www.google.com/bot.html)"
66.249.64.6 - - [12/Jul/2025:15:33:48 +0000] "GET /wp-content/plugins/floens-addon/assets/vendors/timepicker/timePicker.css?ver=1744546415 HTTP/1.1" 200 1055 "https://diamondtiptiling.com/tower-garden-growing-resource-guide/" "Mozilla/5.0 (Linux; Android 6.0.1; Nexus 5X Build/MMB29P) AppleWebKit/537.36 (KHTML, like Gecko) Chrome/137.0.7151.119 Mobile Safari/537.36 (compatible; Googlebot/2.1; +http://www.google.com/bot.html)"
66.249.64.5 - - [12/Jul/2025:15:33:49 +0000] "GET /wp-includes/css/dist/block-library/style.min.css?ver=6.8.1 HTTP/1.1" 200 15323 "https://diamondtiptiling.com/tower-garden-growing-resource-guide/" "Mozilla/5.0 (Linux; Android 6.0.1; Nexus 5X Build/MMB29P) AppleWebKit/537.36 (KHTML, like Gecko) Chrome/137.0.7151.119 Mobile Safari/537.36 (compatible; Googlebot/2.1; +http://www.google.com/bot.html)"
66.249.64.5 - - [12/Jul/2025:15:33:50 +0000] "GET /wp-content/plugins/woo-smart-quick-view/assets/libs/perfect-scrollbar/js/perfect-scrollbar.jquery.min.js?ver=4.1.8 HTTP/1.1" 200 6509 "https://diamondtiptiling.com/tower-garden-growing-resource-guide/" "Mozilla/5.0 (Linux; Android 6.0.1; Nexus 5X Build/MMB29P) AppleWebKit/537.36 (KHTML, like Gecko) Chrome/137.0.7151.119 Mobile Safari/537.36 (compatible; Googlebot/2.1; +http://www.google.com/bot.html)"
66.249.64.6 - - [12/Jul/2025:15:33:52 +0000] "GET /wp-content/plugins/woocommerce/assets/js/frontend/order-attribution.min.js?ver=9.8.5 HTTP/1.1" 200 1137 "https://diamondtiptiling.com/tower-garden-growing-resource-guide/" "Mozilla/5.0 (Linux; Android 6.0.1; Nexus 5X Build/MMB29P) AppleWebKit/537.36 (KHTML, like Gecko) Chrome/137.0.7151.119 Mobile Safari/537.36 (compatible; Googlebot/2.1; +http://www.google.com/bot.html)"
66.249.64.7 - - [12/Jul/2025:15:33:58 +0000] "GET /wp-includes/js/comment-reply.min.js?ver=6.8.1 HTTP/1.1" 200 1375 "https://diamondtiptiling.com/tower-garden-growing-resource-guide/" "Mozilla/5.0 (Linux; Android 6.0.1; Nexus 5X Build/MMB29P) AppleWebKit/537.36 (KHTML, like Gecko) Chrome/137.0.7151.119 Mobile Safari/537.36 (compatible; Googlebot/2.1; +http://www.google.com/bot.html)"
209.74.77.214 - - [12/Jul/2025:15:34:11 +0000] "POST /wp-cron.php?doing_wp_cron=1752334451.2038779258728027343750 HTTP/1.1" 200 - "-" "WordPress/6.8.1; https://diamondtiptiling.com"
66.249.64.7 - - [12/Jul/2025:15:34:11 +0000] "POST /?wc-ajax=woosw_get_data HTTP/1.1" 200 191 "https://diamondtiptiling.com/tower-garden-growing-resource-guide/" "Mozilla/5.0 (Linux; Android 6.0.1; Nexus 5X Build/MMB29P) AppleWebKit/537.36 (KHTML, like Gecko) Chrome/137.0.7151.119 Mobile Safari/537.36 (compatible; Googlebot/2.1; +http://www.google.com/bot.html)"
66.249.64.7 - - [12/Jul/2025:15:34:23 +0000] "GET /services/ HTTP/1.1" 200 18813 "-" "Mozilla/5.0 (Linux; Android 6.0.1; Nexus 5X Build/MMB29P) AppleWebKit/537.36 (KHTML, like Gecko) Chrome/137.0.7151.103 Mobile Safari/537.36 (compatible; Googlebot/2.1; +http://www.google.com/bot.html)"
66.249.64.7 - - [12/Jul/2025:15:34:29 +0000] "POST /?wc-ajax=woosw_get_data HTTP/1.1" 200 191 "https://diamondtiptiling.com/services/" "Mozilla/5.0 (Linux; Android 6.0.1; Nexus 5X Build/MMB29P) AppleWebKit/537.36 (KHTML, like Gecko) Chrome/137.0.7151.119 Mobile Safari/537.36 (compatible; Googlebot/2.1; +http://www.google.com/bot.html)"
209.74.77.214 - - [12/Jul/2025:16:18:36 +0000] "POST /wp-cron.php?doing_wp_cron=1752337116.6696801185607910156250 HTTP/1.1" 200 - "-" "WordPress/6.8.1; https://diamondtiptiling.com"
94.247.172.129 - - [12/Jul/2025:16:18:34 +0000] "GET / HTTP/1.1" 301 - "-" "Mozilla/5.0 (Macintosh; Intel Mac OS X 10_9_2)"
209.74.77.214 - - [12/Jul/2025:16:18:37 +0000] "POST /wp-cron.php HTTP/1.1" 200 - "-" "WordPress/6.8.1; https://diamondtiptiling.com"
94.247.172.129 - - [12/Jul/2025:16:18:37 +0000] "GET / HTTP/1.1" 200 25793 "-" "Mozilla/5.0 (Macintosh; Intel Mac OS X 10_9_2)"
209.74.77.214 - - [12/Jul/2025:16:18:37 +0000] "GET / HTTP/1.1" 200 25793 "-" "WordPress/6.8.1; https://diamondtiptiling.com"
209.74.77.214 - - [12/Jul/2025:16:18:38 +0000] "GET / HTTP/1.1" 200 25793 "-" "WordPress/6.8.1; https://diamondtiptiling.com"
209.74.77.214 - - [12/Jul/2025:16:18:38 +0000] "GET / HTTP/1.1" 200 25793 "-" "WordPress/6.8.1; https://diamondtiptiling.com"
209.74.77.214 - - [12/Jul/2025:16:18:38 +0000] "GET / HTTP/1.1" 200 25793 "-" "WordPress/6.8.1; https://diamondtiptiling.com"
205.210.31.36 - - [12/Jul/2025:16:32:51 +0000] "GET / HTTP/1.1" 200 159176 "http://209.74.77.214:80/" "-"
209.74.77.214 - - [12/Jul/2025:16:36:31 +0000] "POST /wp-cron.php?doing_wp_cron=1752338191.4396519660949707031250 HTTP/1.1" 200 - "-" "WordPress/6.8.1; https://diamondtiptiling.com"
2a06:98c0:3600::103 - - [12/Jul/2025:16:36:29 +0000] "GET /wordpress/wp-admin/setup-config.php HTTP/1.1" 404 17048 "-" "Mozilla/5.0 (Windows NT 10.0; Win64; x64) AppleWebKit/537.36 (KHTML, like Gecko) Chrome/137.0.0.0 Safari/537.36"
2a06:98c0:3600::103 - - [12/Jul/2025:16:38:41 +0000] "GET /wp-admin/setup-config.php HTTP/1.1" 404 17048 "-" "Mozilla/5.0 (Windows NT 10.0; Win64; x64) AppleWebKit/537.36 (KHTML, like Gecko) Chrome/137.0.0.0 Safari/537.36"
209.74.77.214 - - [12/Jul/2025:16:40:39 +0000] "POST /wp-cron.php?doing_wp_cron=1752338439.0694139003753662109375 HTTP/1.1" 200 - "-" "WordPress/6.8.1; https://diamondtiptiling.com"
2a06:98c0:3600::103 - - [12/Jul/2025:16:40:37 +0000] "GET /wp-admin/setup-config.php HTTP/1.1" 404 17048 "-" "Mozilla/5.0 (Windows NT 10.0; Win64; x64) AppleWebKit/537.36 (KHTML, like Gecko) Chrome/137.0.0.0 Safari/537.36"
170.106.15.3 - - [12/Jul/2025:16:50:11 +0000] "GET / HTTP/1.1" 200 25793 "http://diamondtiptiling.com" "Mozilla/5.0 (iPhone; CPU iPhone OS 13_2_3 like Mac OS X) AppleWebKit/605.1.15 (KHTML, like Gecko) Version/13.0.3 Mobile/15E148 Safari/604.1"
209.74.77.214 - - [12/Jul/2025:17:03:23 +0000] "POST /wp-cron.php?doing_wp_cron=1752339803.6946289539337158203125 HTTP/1.1" 200 - "-" "WordPress/6.8.1; https://diamondtiptiling.com"
47.82.60.53 - - [12/Jul/2025:17:03:22 +0000] "GET /category/patterned-tiles HTTP/1.1" 301 - "https://diamondtiptiling.com/category/patterned-tiles" "Mozilla/5.0 (Windows NT 10.0; Win64; x64) AppleWebKit/537.36 (KHTML, like Gecko) Chrome/114.0.0.0 Safari/537.36 Edg/114.0.1823.43"
47.82.60.53 - - [12/Jul/2025:17:03:24 +0000] "GET /category/patterned-tiles/ HTTP/1.1" 200 19656 "https://diamondtiptiling.com/category/patterned-tiles" "Mozilla/5.0 (Windows NT 10.0; Win64; x64) AppleWebKit/537.36 (KHTML, like Gecko) Chrome/114.0.0.0 Safari/537.36 Edg/114.0.1823.43"
209.74.77.214 - - [12/Jul/2025:17:04:33 +0000] "POST /wp-cron.php?doing_wp_cron=1752339873.9423480033874511718750 HTTP/1.1" 200 - "-" "WordPress/6.8.1; https://diamondtiptiling.com"
43.135.130.202 - - [12/Jul/2025:17:04:32 +0000] "GET /wp-json/oembed/1.0/embed?url=https%3A%2F%2Fdiamondtiptiling.com%2F HTTP/1.1" 200 1046 "-" "Mozilla/5.0 (iPhone; CPU iPhone OS 13_2_3 like Mac OS X) AppleWebKit/605.1.15 (KHTML, like Gecko) Version/13.0.3 Mobile/15E148 Safari/604.1"
209.74.77.214 - - [12/Jul/2025:17:14:14 +0000] "POST /wp-cron.php?doing_wp_cron=1752340454.3288609981536865234375 HTTP/1.1" 200 - "-" "WordPress/6.8.1; https://diamondtiptiling.com"
43.166.251.233 - - [12/Jul/2025:17:14:12 +0000] "GET /wp-json/wp/v2/pages/1612 HTTP/1.1" 200 11500 "-" "Mozilla/5.0 (iPhone; CPU iPhone OS 13_2_3 like Mac OS X) AppleWebKit/605.1.15 (KHTML, like Gecko) Version/13.0.3 Mobile/15E148 Safari/604.1"
182.42.105.144 - - [12/Jul/2025:17:16:45 +0000] "GET / HTTP/1.1" 200 25792 "http://www.diamondtiptiling.com" "Mozilla/5.0 (iPhone; CPU iPhone OS 13_2_3 like Mac OS X) AppleWebKit/605.1.15 (KHTML, like Gecko) Version/13.0.3 Mobile/15E148 Safari/604.1"
44.250.66.209 - - [12/Jul/2025:17:26:37 +0000] "GET / HTTP/1.1" 200 25793 "-" "Mozilla/5.0 (Windows NT 10.0; Win64; x64)AppleWebKit/537.36 (KHTML, like Gecko) Chrome/66.0.3359.181 Safari/537.36"
44.250.66.209 - - [12/Jul/2025:17:26:41 +0000] "GET / HTTP/1.1" 200 25793 "-" "Mozilla/5.0 (Windows NT 10.0; Win64; x64)AppleWebKit/537.36 (KHTML, like Gecko) Chrome/66.0.3359.181 Safari/537.36"
35.80.3.242 - - [12/Jul/2025:17:26:45 +0000] "GET / HTTP/1.1" 200 25793 "-" "Mozilla/5.0 (X11; Linux x86_64) AppleWebKit/537.36 (KHTML, like Gecko) HeadlessChrome/68.0.3440.106 Safari/537.36"
35.80.3.242 - - [12/Jul/2025:17:26:46 +0000] "GET /wp-content/plugins/contact-form-7/includes/css/styles.css?ver=6.0.6 HTTP/1.1" 200 1015 "https://diamondtiptiling.com/" "Mozilla/5.0 (X11; Linux x86_64) AppleWebKit/537.36 (KHTML, like Gecko) HeadlessChrome/68.0.3440.106 Safari/537.36"
35.80.3.242 - - [12/Jul/2025:17:26:46 +0000] "GET /wp-content/plugins/leadconnector/public/css/lc-public.css?ver=3.0.8 HTTP/1.1" 200 106 "https://diamondtiptiling.com/" "Mozilla/5.0 (X11; Linux x86_64) AppleWebKit/537.36 (KHTML, like Gecko) HeadlessChrome/68.0.3440.106 Safari/537.36"
35.80.3.242 - - [12/Jul/2025:17:26:46 +0000] "GET /wp-content/plugins/floens-addon/assets/vendors/animate/animate.min.css?ver=1744546415 HTTP/1.1" 200 4734 "https://diamondtiptiling.com/" "Mozilla/5.0 (X11; Linux x86_64) AppleWebKit/537.36 (KHTML, like Gecko) HeadlessChrome/68.0.3440.106 Safari/537.36"
35.80.3.242 - - [12/Jul/2025:17:26:46 +0000] "GET /wp-content/plugins/floens-addon/assets/vendors/bxslider/jquery.bxslider.css?ver=1744546415 HTTP/1.1" 200 1219 "https://diamondtiptiling.com/" "Mozilla/5.0 (X11; Linux x86_64) AppleWebKit/537.36 (KHTML, like Gecko) HeadlessChrome/68.0.3440.106 Safari/537.36"
35.80.3.242 - - [12/Jul/2025:17:26:46 +0000] "GET /wp-content/plugins/floens-addon/assets/vendors/bootstrap-select/css/bootstrap-select.min.css?ver=1744546415 HTTP/1.1" 200 2357 "https://diamondtiptiling.com/" "Mozilla/5.0 (X11; Linux x86_64) AppleWebKit/537.36 (KHTML, like Gecko) HeadlessChrome/68.0.3440.106 Safari/537.36"
35.80.3.242 - - [12/Jul/2025:17:26:46 +0000] "GET /wp-content/plugins/floens-addon/assets/vendors/animate/custom-animate.css?ver=1744546415 HTTP/1.1" 200 2551 "https://diamondtiptiling.com/" "Mozilla/5.0 (X11; Linux x86_64) AppleWebKit/537.36 (KHTML, like Gecko) HeadlessChrome/68.0.3440.106 Safari/537.36"
35.80.3.242 - - [12/Jul/2025:17:26:46 +0000] "GET /wp-content/plugins/floens-addon/assets/vendors/jarallax/jarallax.css?ver=1744546415 HTTP/1.1" 200 208 "https://diamondtiptiling.com/" "Mozilla/5.0 (X11; Linux x86_64) AppleWebKit/537.36 (KHTML, like Gecko) HeadlessChrome/68.0.3440.106 Safari/537.36"
35.80.3.242 - - [12/Jul/2025:17:26:46 +0000] "GET /wp-content/plugins/floens-addon/assets/vendors/jquery-magnific-popup/jquery.magnific-popup.css?ver=1744546415 HTTP/1.1" 200 1830 "https://diamondtiptiling.com/" "Mozilla/5.0 (X11; Linux x86_64) AppleWebKit/537.36 (KHTML, like Gecko) HeadlessChrome/68.0.3440.106 Safari/537.36"
35.80.3.242 - - [12/Jul/2025:17:26:46 +0000] "GET /wp-content/plugins/floens-addon/assets/vendors/odometer/odometer.min.css?ver=1744546415 HTTP/1.1" 200 484 "https://diamondtiptiling.com/" "Mozilla/5.0 (X11; Linux x86_64) AppleWebKit/537.36 (KHTML, like Gecko) HeadlessChrome/68.0.3440.106 Safari/537.36"
35.80.3.242 - - [12/Jul/2025:17:26:46 +0000] "GET /wp-content/plugins/floens-addon/assets/vendors/owl-carousel/owl.theme.default.min.css?ver=1744546415 HTTP/1.1" 200 483 "https://diamondtiptiling.com/" "Mozilla/5.0 (X11; Linux x86_64) AppleWebKit/537.36 (KHTML, like Gecko) HeadlessChrome/68.0.3440.106 Safari/537.36"
35.80.3.242 - - [12/Jul/2025:17:26:46 +0000] "GET /wp-content/plugins/floens-addon/assets/vendors/owl-carousel/owl.carousel.min.css?ver=1744546415 HTTP/1.1" 200 1072 "https://diamondtiptiling.com/" "Mozilla/5.0 (X11; Linux x86_64) AppleWebKit/537.36 (KHTML, like Gecko) HeadlessChrome/68.0.3440.106 Safari/537.36"
35.80.3.242 - - [12/Jul/2025:17:26:46 +0000] "GET /wp-content/plugins/floens-addon/assets/vendors/reey-font/stylesheet.css?ver=1744546415 HTTP/1.1" 200 201 "https://diamondtiptiling.com/" "Mozilla/5.0 (X11; Linux x86_64) AppleWebKit/537.36 (KHTML, like Gecko) HeadlessChrome/68.0.3440.106 Safari/537.36"
35.80.3.242 - - [12/Jul/2025:17:26:46 +0000] "GET /wp-content/plugins/elementor/assets/lib/swiper/v8/css/swiper.min.css?ver=8.4.5 HTTP/1.1" 200 4583 "https://diamondtiptiling.com/" "Mozilla/5.0 (X11; Linux x86_64) AppleWebKit/537.36 (KHTML, like Gecko) HeadlessChrome/68.0.3440.106 Safari/537.36"
35.80.3.242 - - [12/Jul/2025:17:26:46 +0000] "GET /wp-content/plugins/floens-addon/assets/vendors/nouislider/nouislider.min.css?ver=1744546415 HTTP/1.1" 200 1181 "https://diamondtiptiling.com/" "Mozilla/5.0 (X11; Linux x86_64) AppleWebKit/537.36 (KHTML, like Gecko) HeadlessChrome/68.0.3440.106 Safari/537.36"
35.80.3.242 - - [12/Jul/2025:17:26:46 +0000] "GET /wp-content/plugins/floens-addon/assets/vendors/timepicker/timePicker.css?ver=1744546415 HTTP/1.1" 200 1055 "https://diamondtiptiling.com/" "Mozilla/5.0 (X11; Linux x86_64) AppleWebKit/537.36 (KHTML, like Gecko) HeadlessChrome/68.0.3440.106 Safari/537.36"
35.80.3.242 - - [12/Jul/2025:17:26:46 +0000] "GET /wp-content/plugins/floens-addon/assets/vendors/tiny-slider/tiny-slider.css?ver=1744546415 HTTP/1.1" 200 742 "https://diamondtiptiling.com/" "Mozilla/5.0 (X11; Linux x86_64) AppleWebKit/537.36 (KHTML, like Gecko) HeadlessChrome/68.0.3440.106 Safari/537.36"
35.80.3.242 - - [12/Jul/2025:17:26:46 +0000] "GET /wp-content/plugins/floens-addon/assets/css/floens-addon.css?ver=1744546415 HTTP/1.1" 200 25 "https://diamondtiptiling.com/" "Mozilla/5.0 (X11; Linux x86_64) AppleWebKit/537.36 (KHTML, like Gecko) HeadlessChrome/68.0.3440.106 Safari/537.36"
35.80.3.242 - - [12/Jul/2025:17:26:46 +0000] "GET /wp-content/plugins/floens-addon/assets/vendors/jquery-ui/jquery-ui.css?ver=1744546415 HTTP/1.1" 200 7685 "https://diamondtiptiling.com/" "Mozilla/5.0 (X11; Linux x86_64) AppleWebKit/537.36 (KHTML, like Gecko) HeadlessChrome/68.0.3440.106 Safari/537.36"
35.80.3.242 - - [12/Jul/2025:17:26:46 +0000] "GET /wp-content/plugins/floens-addon/assets/vendors/slick/slick.css?ver=1744546415 HTTP/1.1" 200 577 "https://diamondtiptiling.com/" "Mozilla/5.0 (X11; Linux x86_64) AppleWebKit/537.36 (KHTML, like Gecko) HeadlessChrome/68.0.3440.106 Safari/537.36"
35.80.3.242 - - [12/Jul/2025:17:26:46 +0000] "GET /wp-content/plugins/woo-smart-quick-view/assets/libs/perfect-scrollbar/css/perfect-scrollbar.min.css?ver=6.8.1 HTTP/1.1" 200 610 "https://diamondtiptiling.com/" "Mozilla/5.0 (X11; Linux x86_64) AppleWebKit/537.36 (KHTML, like Gecko) HeadlessChrome/68.0.3440.106 Safari/537.36"
35.80.3.242 - - [12/Jul/2025:17:26:46 +0000] "GET /wp-content/plugins/woo-smart-quick-view/assets/libs/perfect-scrollbar/css/custom-theme.css?ver=6.8.1 HTTP/1.1" 200 621 "https://diamondtiptiling.com/" "Mozilla/5.0 (X11; Linux x86_64) AppleWebKit/537.36 (KHTML, like Gecko) HeadlessChrome/68.0.3440.106 Safari/537.36"
35.80.3.242 - - [12/Jul/2025:17:26:46 +0000] "GET /wp-content/plugins/woo-smart-quick-view/assets/libs/magnific-popup/magnific-popup.css?ver=6.8.1 HTTP/1.1" 200 1804 "https://diamondtiptiling.com/" "Mozilla/5.0 (X11; Linux x86_64) AppleWebKit/537.36 (KHTML, like Gecko) HeadlessChrome/68.0.3440.106 Safari/537.36"
35.80.3.242 - - [12/Jul/2025:17:26:46 +0000] "GET /wp-content/plugins/woo-smart-quick-view/assets/libs/feather/feather.css?ver=6.8.1 HTTP/1.1" 200 169 "https://diamondtiptiling.com/" "Mozilla/5.0 (X11; Linux x86_64) AppleWebKit/537.36 (KHTML, like Gecko) HeadlessChrome/68.0.3440.106 Safari/537.36"
35.80.3.242 - - [12/Jul/2025:17:26:46 +0000] "GET /wp-content/plugins/woo-smart-quick-view/assets/css/icons.css?ver=4.1.8 HTTP/1.1" 200 773 "https://diamondtiptiling.com/" "Mozilla/5.0 (X11; Linux x86_64) AppleWebKit/537.36 (KHTML, like Gecko) HeadlessChrome/68.0.3440.106 Safari/537.36"
35.80.3.242 - - [12/Jul/2025:17:26:46 +0000] "GET /wp-content/plugins/woo-smart-quick-view/assets/css/frontend.css?ver=4.1.8 HTTP/1.1" 200 3569 "https://diamondtiptiling.com/" "Mozilla/5.0 (X11; Linux x86_64) AppleWebKit/537.36 (KHTML, like Gecko) HeadlessChrome/68.0.3440.106 Safari/537.36"
35.80.3.242 - - [12/Jul/2025:17:26:46 +0000] "GET /wp-content/plugins/woo-smart-wishlist/assets/css/icons.css?ver=4.9.9 HTTP/1.1" 200 674 "https://diamondtiptiling.com/" "Mozilla/5.0 (X11; Linux x86_64) AppleWebKit/537.36 (KHTML, like Gecko) HeadlessChrome/68.0.3440.106 Safari/537.36"
35.80.3.242 - - [12/Jul/2025:17:26:46 +0000] "GET /wp-content/plugins/woo-smart-wishlist/assets/css/frontend.css?ver=4.9.9 HTTP/1.1" 200 3063 "https://diamondtiptiling.com/" "Mozilla/5.0 (X11; Linux x86_64) AppleWebKit/537.36 (KHTML, like Gecko) HeadlessChrome/68.0.3440.106 Safari/537.36"
35.80.3.242 - - [12/Jul/2025:17:26:46 +0000] "GET /wp-content/plugins/woocommerce/assets/css/brands.css?ver=9.8.5 HTTP/1.1" 200 684 "https://diamondtiptiling.com/" "Mozilla/5.0 (X11; Linux x86_64) AppleWebKit/537.36 (KHTML, like Gecko) HeadlessChrome/68.0.3440.106 Safari/537.36"
35.80.3.242 - - [12/Jul/2025:17:26:46 +0000] "GET /wp-content/themes/floens/assets/vendors/floens-icons/style.css?ver=1.1 HTTP/1.1" 200 787 "https://diamondtiptiling.com/" "Mozilla/5.0 (X11; Linux x86_64) AppleWebKit/537.36 (KHTML, like Gecko) HeadlessChrome/68.0.3440.106 Safari/537.36"
35.80.3.242 - - [12/Jul/2025:17:26:46 +0000] "GET /wp-content/themes/floens/assets/vendors/fontawesome/css/all.min.css?ver=5.15.1 HTTP/1.1" 200 12873 "https://diamondtiptiling.com/" "Mozilla/5.0 (X11; Linux x86_64) AppleWebKit/537.36 (KHTML, like Gecko) HeadlessChrome/68.0.3440.106 Safari/537.36"
35.80.3.242 - - [12/Jul/2025:17:26:46 +0000] "GET /wp-content/themes/floens/assets/vendors/bootstrap/css/bootstrap.min.css?ver=5.0.0 HTTP/1.1" 200 22899 "https://diamondtiptiling.com/" "Mozilla/5.0 (X11; Linux x86_64) AppleWebKit/537.36 (KHTML, like Gecko) HeadlessChrome/68.0.3440.106 Safari/537.36"
35.80.3.242 - - [12/Jul/2025:17:26:46 +0000] "GET /wp-content/themes/floens-child/style.css?ver=6.8.1 HTTP/1.1" 200 242 "https://diamondtiptiling.com/" "Mozilla/5.0 (X11; Linux x86_64) AppleWebKit/537.36 (KHTML, like Gecko) HeadlessChrome/68.0.3440.106 Safari/537.36"
35.80.3.242 - - [12/Jul/2025:17:26:46 +0000] "GET /wp-content/themes/floens/style.css?ver=6.8.1 HTTP/1.1" 200 72998 "https://diamondtiptiling.com/" "Mozilla/5.0 (X11; Linux x86_64) AppleWebKit/537.36 (KHTML, like Gecko) HeadlessChrome/68.0.3440.106 Safari/537.36"
35.80.3.242 - - [12/Jul/2025:17:26:46 +0000] "GET /wp-content/themes/floens/assets/vendors/flaticons/css/flaticon.css?ver=1.1 HTTP/1.1" 200 2393 "https://diamondtiptiling.com/" "Mozilla/5.0 (X11; Linux x86_64) AppleWebKit/537.36 (KHTML, like Gecko) HeadlessChrome/68.0.3440.106 Safari/537.36"
35.80.3.242 - - [12/Jul/2025:17:26:46 +0000] "GET /wp-content/themes/floens/assets/css/modes/floens-dark.css?ver=1752341206 HTTP/1.1" 200 1078 "https://diamondtiptiling.com/" "Mozilla/5.0 (X11; Linux x86_64) AppleWebKit/537.36 (KHTML, like Gecko) HeadlessChrome/68.0.3440.106 Safari/537.36"
35.80.3.242 - - [12/Jul/2025:17:26:46 +0000] "GET /wp-content/plugins/elementor/assets/css/frontend.min.css?ver=3.29.1 HTTP/1.1" 200 7106 "https://diamondtiptiling.com/" "Mozilla/5.0 (X11; Linux x86_64) AppleWebKit/537.36 (KHTML, like Gecko) HeadlessChrome/68.0.3440.106 Safari/537.36"
35.80.3.242 - - [12/Jul/2025:17:26:46 +0000] "GET /wp-content/uploads/elementor/css/post-12.css?ver=1748500560 HTTP/1.1" 200 406 "https://diamondtiptiling.com/" "Mozilla/5.0 (X11; Linux x86_64) AppleWebKit/537.36 (KHTML, like Gecko) HeadlessChrome/68.0.3440.106 Safari/537.36"
35.80.3.242 - - [12/Jul/2025:17:26:46 +0000] "GET /wp-content/uploads/elementor/css/post-1612.css?ver=1748502217 HTTP/1.1" 200 362 "https://diamondtiptiling.com/" "Mozilla/5.0 (X11; Linux x86_64) AppleWebKit/537.36 (KHTML, like Gecko) HeadlessChrome/68.0.3440.106 Safari/537.36"
35.80.3.242 - - [12/Jul/2025:17:26:46 +0000] "GET /wp-content/uploads/elementor/google-fonts/css/robotoslab.css?ver=1744546815 HTTP/1.1" 200 962 "https://diamondtiptiling.com/" "Mozilla/5.0 (X11; Linux x86_64) AppleWebKit/537.36 (KHTML, like Gecko) HeadlessChrome/68.0.3440.106 Safari/537.36"
35.80.3.242 - - [12/Jul/2025:17:26:46 +0000] "GET /wp-content/uploads/elementor/google-fonts/css/roboto.css?ver=1744546798 HTTP/1.1" 200 2873 "https://diamondtiptiling.com/" "Mozilla/5.0 (X11; Linux x86_64) AppleWebKit/537.36 (KHTML, like Gecko) HeadlessChrome/68.0.3440.106 Safari/537.36"
35.80.3.242 - - [12/Jul/2025:17:26:46 +0000] "GET /wp-content/plugins/floens-addon/assets/vendors/floens-icons/style.css?ver=1.1 HTTP/1.1" 200 787 "https://diamondtiptiling.com/" "Mozilla/5.0 (X11; Linux x86_64) AppleWebKit/537.36 (KHTML, like Gecko) HeadlessChrome/68.0.3440.106 Safari/537.36"
35.80.3.242 - - [12/Jul/2025:17:26:46 +0000] "GET /wp-content/plugins/woocommerce/assets/client/blocks/wc-blocks.css?ver=wc-9.8.5 HTTP/1.1" 200 2500 "https://diamondtiptiling.com/" "Mozilla/5.0 (X11; Linux x86_64) AppleWebKit/537.36 (KHTML, like Gecko) HeadlessChrome/68.0.3440.106 Safari/537.36"
35.80.3.242 - - [12/Jul/2025:17:26:46 +0000] "GET /wp-content/uploads/elementor/css/post-167.css?ver=1748502217 HTTP/1.1" 200 125 "https://diamondtiptiling.com/" "Mozilla/5.0 (X11; Linux x86_64) AppleWebKit/537.36 (KHTML, like Gecko) HeadlessChrome/68.0.3440.106 Safari/537.36"
35.80.3.242 - - [12/Jul/2025:17:26:46 +0000] "GET /wp-content/uploads/elementor/css/post-176.css?ver=1748500559 HTTP/1.1" 200 588 "https://diamondtiptiling.com/" "Mozilla/5.0 (X11; Linux x86_64) AppleWebKit/537.36 (KHTML, like Gecko) HeadlessChrome/68.0.3440.106 Safari/537.36"
35.80.3.242 - - [12/Jul/2025:17:26:46 +0000] "GET /wp-includes/js/jquery/jquery-migrate.min.js?ver=3.4.1 HTTP/1.1" 200 4872 "https://diamondtiptiling.com/" "Mozilla/5.0 (X11; Linux x86_64) AppleWebKit/537.36 (KHTML, like Gecko) HeadlessChrome/68.0.3440.106 Safari/537.36"
35.80.3.242 - - [12/Jul/2025:17:26:46 +0000] "GET /wp-includes/js/jquery/jquery.min.js?ver=3.7.1 HTTP/1.1" 200 30368 "https://diamondtiptiling.com/" "Mozilla/5.0 (X11; Linux x86_64) AppleWebKit/537.36 (KHTML, like Gecko) HeadlessChrome/68.0.3440.106 Safari/537.36"
35.80.3.242 - - [12/Jul/2025:17:26:46 +0000] "GET /wp-content/plugins/leadconnector/public/js/lc-public.js?ver=3.0.8 HTTP/1.1" 200 1322 "https://diamondtiptiling.com/" "Mozilla/5.0 (X11; Linux x86_64) AppleWebKit/537.36 (KHTML, like Gecko) HeadlessChrome/68.0.3440.106 Safari/537.36"
35.80.3.242 - - [12/Jul/2025:17:26:46 +0000] "GET /wp-content/plugins/woocommerce/assets/js/jquery-blockui/jquery.blockUI.min.js?ver=2.7.0-wc.9.8.5 HTTP/1.1" 200 3537 "https://diamondtiptiling.com/" "Mozilla/5.0 (X11; Linux x86_64) AppleWebKit/537.36 (KHTML, like Gecko) HeadlessChrome/68.0.3440.106 Safari/537.36"
35.80.3.242 - - [12/Jul/2025:17:26:46 +0000] "GET /wp-content/plugins/woocommerce/assets/js/js-cookie/js.cookie.min.js?ver=2.1.4-wc.9.8.5 HTTP/1.1" 200 833 "https://diamondtiptiling.com/" "Mozilla/5.0 (X11; Linux x86_64) AppleWebKit/537.36 (KHTML, like Gecko) HeadlessChrome/68.0.3440.106 Safari/537.36"
35.80.3.242 - - [12/Jul/2025:17:26:46 +0000] "GET /wp-includes/js/underscore.min.js?ver=1.13.7 HTTP/1.1" 200 7317 "https://diamondtiptiling.com/" "Mozilla/5.0 (X11; Linux x86_64) AppleWebKit/537.36 (KHTML, like Gecko) HeadlessChrome/68.0.3440.106 Safari/537.36"
35.80.3.242 - - [12/Jul/2025:17:26:46 +0000] "GET /wp-includes/js/wp-util.min.js?ver=6.8.1 HTTP/1.1" 200 756 "https://diamondtiptiling.com/" "Mozilla/5.0 (X11; Linux x86_64) AppleWebKit/537.36 (KHTML, like Gecko) HeadlessChrome/68.0.3440.106 Safari/537.36"
35.80.3.242 - - [12/Jul/2025:17:26:47 +0000] "GET /wp-includes/js/jquery/ui/datepicker.min.js?ver=1.13.3 HTTP/1.1" 200 10907 "https://diamondtiptiling.com/" "Mozilla/5.0 (X11; Linux x86_64) AppleWebKit/537.36 (KHTML, like Gecko) HeadlessChrome/68.0.3440.106 Safari/537.36"
35.80.3.242 - - [12/Jul/2025:17:26:47 +0000] "GET /wp-includes/js/dist/hooks.min.js?ver=4d63a3d491d11ffd8ac6 HTTP/1.1" 200 1648 "https://diamondtiptiling.com/" "Mozilla/5.0 (X11; Linux x86_64) AppleWebKit/537.36 (KHTML, like Gecko) HeadlessChrome/68.0.3440.106 Safari/537.36"
35.80.3.242 - - [12/Jul/2025:17:26:47 +0000] "GET /wp-includes/js/dist/i18n.min.js?ver=5e580eb46a90c2b997e6 HTTP/1.1" 200 3667 "https://diamondtiptiling.com/" "Mozilla/5.0 (X11; Linux x86_64) AppleWebKit/537.36 (KHTML, like Gecko) HeadlessChrome/68.0.3440.106 Safari/537.36"
