Current File : /home/kelaby89/access-logs/jrncommunityhousing.charity.sixpack.studio-ssl_log
80.85.246.144 - - [15/Jul/2025:12:22:15 +0000] "GET / HTTP/1.1" 301 - "-" "Mozilla/5.0 (Macintosh; Intel Mac OS X 10_15_7) AppleWebKit/537.36 (KHTML, like Gecko) Chrome/133.0.0.0 Safari/537.36"
209.74.77.214 - - [15/Jul/2025:12:22:16 +0000] "POST /wp-cron.php?doing_wp_cron=1752582136.2175300121307373046875 HTTP/1.1" 200 - "-" "WordPress/6.8.1; https://jrncommunityhousing.charity"
80.85.246.144 - - [15/Jul/2025:12:22:16 +0000] "GET / HTTP/1.1" 200 1993 "https://JRNCOMMUNITYHOUSING.CHARITY" "Mozilla/5.0 (Macintosh; Intel Mac OS X 10_15_7) AppleWebKit/537.36 (KHTML, like Gecko) Chrome/133.0.0.0 Safari/537.36"
80.85.246.144 - - [15/Jul/2025:12:22:17 +0000] "GET /wp-login.php?action=lostpassword HTTP/1.1" 200 30879 "-" "Mozilla/5.0 (Macintosh; Intel Mac OS X 10_15_7) AppleWebKit/537.36 (KHTML, like Gecko) Chrome/133.0.0.0 Safari/537.36"
49.156.46.254 - - [15/Jul/2025:12:22:19 +0000] "POST /wp-login.php?action=lostpassword HTTP/1.1" 200 30975 "-" "Mozilla/5.0 (Macintosh; Intel Mac OS X 10_15_7) AppleWebKit/537.36 (KHTML, like Gecko) Chrome/133.0.0.0 Safari/537.36"
49.156.46.254 - - [15/Jul/2025:12:22:23 +0000] "POST /wp-login.php?action=lostpassword HTTP/1.1" 200 30950 "-" "Mozilla/5.0 (Windows NT 10.0; Win64; x64) AppleWebKit/537.36 (KHTML, like Gecko) Chrome/120.0.0.0 Safari/537.36"
80.85.246.144 - - [15/Jul/2025:12:22:24 +0000] "GET /wp-login.php HTTP/1.1" 200 31626 "-" "Mozilla/5.0 (Macintosh; Intel Mac OS X 10_15_7) AppleWebKit/537.36 (KHTML, like Gecko) Chrome/133.0.0.0 Safari/537.36"
209.74.77.214 - - [15/Jul/2025:12:32:31 +0000] "POST /wp-cron.php?doing_wp_cron=1752582751.4259529113769531250000 HTTP/1.1" 200 - "-" "WordPress/6.8.1; https://jrncommunityhousing.charity"
57.141.2.17 - - [15/Jul/2025:12:32:31 +0000] "GET /index.html HTTP/1.1" 404 6360 "-" "meta-externalagent/1.1 (+https://developers.facebook.com/docs/sharing/webmasters/crawler)"
45.227.253.15 - - [15/Jul/2025:12:43:11 +0000] "GET /index.php/jk HTTP/1.1" 200 59 "-" "Mozilla/5.0 (Windows NT 10.0; Win64; x64) AppleWebKit/537.36 (KHTML, like Gecko) Chrome/77.0.3760. Safari/537.36 Edg/77.0.141.7"
209.74.77.214 - - [15/Jul/2025:12:45:12 +0000] "POST /wp-cron.php?doing_wp_cron=1752583512.4682810306549072265625 HTTP/1.1" 200 - "-" "WordPress/6.8.1; https://jrncommunityhousing.charity"
57.141.2.26 - - [15/Jul/2025:12:45:09 +0000] "GET /?i=30154917031970& HTTP/1.1" 301 - "-" "meta-externalagent/1.1 (+https://developers.facebook.com/docs/sharing/webmasters/crawler)"
57.141.2.9 - - [15/Jul/2025:12:45:56 +0000] "GET /?i=56532475031970& HTTP/1.1" 301 - "-" "meta-externalagent/1.1 (+https://developers.facebook.com/docs/sharing/webmasters/crawler)"
57.141.2.16 - - [15/Jul/2025:12:49:48 +0000] "GET /?i=55331759051970& HTTP/1.1" 301 - "-" "meta-externalagent/1.1 (+https://developers.facebook.com/docs/sharing/webmasters/crawler)"
209.74.77.214 - - [15/Jul/2025:12:50:01 +0000] "POST /wp-cron.php?doing_wp_cron=1752583801.0162339210510253906250 HTTP/1.1" 200 - "-" "WordPress/6.8.1; https://jrncommunityhousing.charity"
57.141.2.21 - - [15/Jul/2025:12:50:00 +0000] "GET /?i=55331759051970 HTTP/1.1" 200 6374 "-" "meta-externalagent/1.1 (+https://developers.facebook.com/docs/sharing/webmasters/crawler)"
209.74.77.214 - - [15/Jul/2025:12:54:34 +0000] "POST /wp-cron.php?doing_wp_cron=1752584074.9364149570465087890625 HTTP/1.1" 200 - "-" "WordPress/6.8.1; https://jrncommunityhousing.charity"
57.141.2.1 - - [15/Jul/2025:12:54:33 +0000] "GET /?i=19561059031970& HTTP/1.1" 301 - "-" "meta-externalagent/1.1 (+https://developers.facebook.com/docs/sharing/webmasters/crawler)"
57.141.2.2 - - [15/Jul/2025:12:54:46 +0000] "GET /?i=19561059031970 HTTP/1.1" 200 6374 "-" "meta-externalagent/1.1 (+https://developers.facebook.com/docs/sharing/webmasters/crawler)"
195.26.224.235 - - [15/Jul/2025:12:55:50 +0000] "GET / HTTP/1.1" 301 - "-" "Mozilla/5.0 (Macintosh; Intel Mac OS X 10_15_7) AppleWebKit/537.36 (KHTML, like Gecko) Chrome/133.0.0.0 Safari/537.36"
195.26.224.235 - - [15/Jul/2025:12:55:51 +0000] "GET / HTTP/1.1" 200 1993 "https://JRNCOMMUNITYHOUSING.CHARITY" "Mozilla/5.0 (Macintosh; Intel Mac OS X 10_15_7) AppleWebKit/537.36 (KHTML, like Gecko) Chrome/133.0.0.0 Safari/537.36"
195.26.224.235 - - [15/Jul/2025:12:55:55 +0000] "GET /wp-login.php?action=lostpassword HTTP/1.1" 200 30879 "-" "Mozilla/5.0 (Macintosh; Intel Mac OS X 10_15_7) AppleWebKit/537.36 (KHTML, like Gecko) Chrome/133.0.0.0 Safari/537.36"
209.74.77.214 - - [15/Jul/2025:12:55:58 +0000] "POST /wp-cron.php?doing_wp_cron=1752584158.9283280372619628906250 HTTP/1.1" 200 - "-" "WordPress/6.8.1; https://jrncommunityhousing.charity"
103.174.225.228 - - [15/Jul/2025:12:55:58 +0000] "POST /wp-login.php?action=lostpassword HTTP/1.1" 200 30977 "-" "Mozilla/5.0 (Macintosh; Intel Mac OS X 10_15_7) AppleWebKit/537.36 (KHTML, like Gecko) Chrome/133.0.0.0 Safari/537.36"
103.174.225.228 - - [15/Jul/2025:12:56:02 +0000] "POST /wp-login.php?action=lostpassword HTTP/1.1" 200 30950 "-" "Mozilla/5.0 (Windows NT 10.0; Win64; x64) AppleWebKit/537.36 (KHTML, like Gecko) Chrome/120.0.0.0 Safari/537.36"
195.26.224.235 - - [15/Jul/2025:12:56:04 +0000] "GET /wp-login.php HTTP/1.1" 200 31626 "-" "Mozilla/5.0 (Macintosh; Intel Mac OS X 10_15_7) AppleWebKit/537.36 (KHTML, like Gecko) Chrome/133.0.0.0 Safari/537.36"
209.74.77.214 - - [15/Jul/2025:12:56:44 +0000] "POST /wp-cron.php?doing_wp_cron=1752584204.1358630657196044921875 HTTP/1.1" 200 - "-" "WordPress/6.8.1; https://jrncommunityhousing.charity"
57.141.2.12 - - [15/Jul/2025:12:56:42 +0000] "GET /?i=114223971031970& HTTP/1.1" 301 - "-" "meta-externalagent/1.1 (+https://developers.facebook.com/docs/sharing/webmasters/crawler)"
66.249.65.74 - - [15/Jul/2025:12:56:45 +0000] "GET /robots.txt HTTP/1.1" 200 130 "-" "Mozilla/5.0 (compatible; Googlebot/2.1; +http://www.google.com/bot.html)"
66.249.65.75 - - [15/Jul/2025:12:56:46 +0000] "GET / HTTP/1.1" 200 39953 "-" "Mozilla/5.0 (compatible; Googlebot/2.1; +http://www.google.com/bot.html)"
66.249.65.74 - - [15/Jul/2025:12:56:46 +0000] "GET / HTTP/1.1" 200 40091 "-" "Mozilla/5.0 (Linux; Android 6.0.1; Nexus 5X Build/MMB29P) AppleWebKit/537.36 (KHTML, like Gecko) Chrome/99.0.4844.84 Mobile Safari/537.36 (compatible; Googlebot/2.1; +http://www.google.com/bot.html)"
66.249.65.74 - - [15/Jul/2025:12:56:47 +0000] "POST /get-message-notify HTTP/1.1" 200 41257 "https://jrncommunityhousing.charity/" "Mozilla/5.0 (Linux; Android 6.0.1; Nexus 5X Build/MMB29P) AppleWebKit/537.36 (KHTML, like Gecko) Chrome/137.0.7151.119 Mobile Safari/537.36 (compatible; Googlebot/2.1; +http://www.google.com/bot.html)"
66.249.65.72 - - [15/Jul/2025:12:56:48 +0000] "POST /get-message-notify HTTP/1.1" 200 41175 "https://jrncommunityhousing.charity/" "Mozilla/5.0 AppleWebKit/537.36 (KHTML, like Gecko; compatible; Googlebot/2.1; +http://www.google.com/bot.html) Chrome/137.0.7151.119 Safari/537.36"
57.141.2.1 - - [15/Jul/2025:12:56:50 +0000] "GET /?i=101254654131970& HTTP/1.1" 301 - "-" "meta-externalagent/1.1 (+https://developers.facebook.com/docs/sharing/webmasters/crawler)"
66.249.65.72 - - [15/Jul/2025:12:56:50 +0000] "GET /favicon.ico HTTP/1.1" 200 40640 "-" "Googlebot-Image/1.0"
209.74.77.214 - - [15/Jul/2025:12:58:00 +0000] "POST /wp-cron.php?doing_wp_cron=1752584280.3450949192047119140625 HTTP/1.1" 200 - "-" "WordPress/6.8.1; https://jrncommunityhousing.charity"
57.141.2.9 - - [15/Jul/2025:12:58:00 +0000] "GET /?i=16795863031970& HTTP/1.1" 301 - "-" "meta-externalagent/1.1 (+https://developers.facebook.com/docs/sharing/webmasters/crawler)"
57.141.2.13 - - [15/Jul/2025:12:58:03 +0000] "GET /?i=31724894011970& HTTP/1.1" 301 - "-" "meta-externalagent/1.1 (+https://developers.facebook.com/docs/sharing/webmasters/crawler)"
209.74.77.214 - - [15/Jul/2025:12:58:22 +0000] "POST /wp-cron.php?doing_wp_cron=1752584302.3970859050750732421875 HTTP/1.1" 200 - "-" "WordPress/6.8.1; https://jrncommunityhousing.charity"
57.141.2.13 - - [15/Jul/2025:12:58:22 +0000] "GET /?i=19363713001970& HTTP/1.1" 301 - "-" "meta-externalagent/1.1 (+https://developers.facebook.com/docs/sharing/webmasters/crawler)"
57.141.2.29 - - [15/Jul/2025:12:58:25 +0000] "GET /?i=16795863031970 HTTP/1.1" 200 6374 "-" "meta-externalagent/1.1 (+https://developers.facebook.com/docs/sharing/webmasters/crawler)"
57.141.2.19 - - [15/Jul/2025:12:59:15 +0000] "GET /?i=112218574061970& HTTP/1.1" 301 - "-" "meta-externalagent/1.1 (+https://developers.facebook.com/docs/sharing/webmasters/crawler)"
57.141.2.12 - - [15/Jul/2025:13:03:20 +0000] "GET /?i=14005826001970& HTTP/1.1" 301 - "-" "meta-externalagent/1.1 (+https://developers.facebook.com/docs/sharing/webmasters/crawler)"
57.141.2.20 - - [15/Jul/2025:13:03:20 +0000] "GET /?i=57936773031970& HTTP/1.1" 301 - "-" "meta-externalagent/1.1 (+https://developers.facebook.com/docs/sharing/webmasters/crawler)"
57.141.2.14 - - [15/Jul/2025:13:03:30 +0000] "GET /?i=34337000001970& HTTP/1.1" 301 - "-" "meta-externalagent/1.1 (+https://developers.facebook.com/docs/sharing/webmasters/crawler)"
57.141.2.13 - - [15/Jul/2025:13:03:31 +0000] "GET /?i=14005826001970 HTTP/1.1" 200 6374 "-" "meta-externalagent/1.1 (+https://developers.facebook.com/docs/sharing/webmasters/crawler)"
209.74.77.214 - - [15/Jul/2025:13:03:37 +0000] "POST /wp-cron.php?doing_wp_cron=1752584617.9412219524383544921875 HTTP/1.1" 200 - "-" "WordPress/6.8.1; https://jrncommunityhousing.charity"
57.141.2.10 - - [15/Jul/2025:13:03:37 +0000] "GET /?i=57936773031970 HTTP/1.1" 200 6374 "-" "meta-externalagent/1.1 (+https://developers.facebook.com/docs/sharing/webmasters/crawler)"
57.141.2.23 - - [15/Jul/2025:13:03:40 +0000] "GET /?i=50393023101970& HTTP/1.1" 301 - "-" "meta-externalagent/1.1 (+https://developers.facebook.com/docs/sharing/webmasters/crawler)"
57.141.2.2 - - [15/Jul/2025:13:03:45 +0000] "GET /?i=34340030091970& HTTP/1.1" 301 - "-" "meta-externalagent/1.1 (+https://developers.facebook.com/docs/sharing/webmasters/crawler)"
57.141.2.8 - - [15/Jul/2025:13:03:48 +0000] "GET /?i=34337000001970 HTTP/1.1" 200 6374 "-" "meta-externalagent/1.1 (+https://developers.facebook.com/docs/sharing/webmasters/crawler)"
57.141.2.3 - - [15/Jul/2025:13:03:52 +0000] "GET /?i=34340030091970 HTTP/1.1" 200 6374 "-" "meta-externalagent/1.1 (+https://developers.facebook.com/docs/sharing/webmasters/crawler)"
57.141.2.8 - - [15/Jul/2025:13:04:03 +0000] "GET /?i=9156711021970& HTTP/1.1" 301 - "-" "meta-externalagent/1.1 (+https://developers.facebook.com/docs/sharing/webmasters/crawler)"
57.141.2.2 - - [15/Jul/2025:13:04:14 +0000] "GET /?i=110414375061970& HTTP/1.1" 301 - "-" "meta-externalagent/1.1 (+https://developers.facebook.com/docs/sharing/webmasters/crawler)"
209.74.77.214 - - [15/Jul/2025:13:04:20 +0000] "POST /wp-cron.php?doing_wp_cron=1752584660.3584339618682861328125 HTTP/1.1" 200 - "-" "WordPress/6.8.1; https://jrncommunityhousing.charity"
57.141.2.19 - - [15/Jul/2025:13:04:20 +0000] "GET /?i=110414375061970 HTTP/1.1" 200 6376 "-" "meta-externalagent/1.1 (+https://developers.facebook.com/docs/sharing/webmasters/crawler)"
57.141.2.21 - - [15/Jul/2025:13:04:22 +0000] "GET /?i=63673452061970& HTTP/1.1" 301 - "-" "meta-externalagent/1.1 (+https://developers.facebook.com/docs/sharing/webmasters/crawler)"
209.74.77.214 - - [15/Jul/2025:13:04:34 +0000] "POST /wp-cron.php?doing_wp_cron=1752584674.5017969608306884765625 HTTP/1.1" 200 - "-" "WordPress/6.8.1; https://jrncommunityhousing.charity"
57.141.2.4 - - [15/Jul/2025:13:04:34 +0000] "GET /?i=63928326071970& HTTP/1.1" 301 - "-" "meta-externalagent/1.1 (+https://developers.facebook.com/docs/sharing/webmasters/crawler)"
57.141.2.14 - - [15/Jul/2025:13:04:38 +0000] "GET /?i=63673452061970 HTTP/1.1" 200 6374 "-" "meta-externalagent/1.1 (+https://developers.facebook.com/docs/sharing/webmasters/crawler)"
57.141.2.4 - - [15/Jul/2025:13:06:28 +0000] "GET /?i=75061489071970& HTTP/1.1" 301 - "-" "meta-externalagent/1.1 (+https://developers.facebook.com/docs/sharing/webmasters/crawler)"
209.74.77.214 - - [15/Jul/2025:13:08:33 +0000] "POST /wp-cron.php?doing_wp_cron=1752584913.4922928810119628906250 HTTP/1.1" 200 - "-" "WordPress/6.8.1; https://jrncommunityhousing.charity"
57.141.2.28 - - [15/Jul/2025:13:08:33 +0000] "GET /?i=111715573061970& HTTP/1.1" 301 - "-" "meta-externalagent/1.1 (+https://developers.facebook.com/docs/sharing/webmasters/crawler)"
209.74.77.214 - - [15/Jul/2025:13:09:12 +0000] "POST /wp-cron.php?doing_wp_cron=1752584952.7282629013061523437500 HTTP/1.1" 200 - "-" "WordPress/6.8.1; https://jrncommunityhousing.charity"
57.141.2.9 - - [15/Jul/2025:13:09:11 +0000] "GET /?i=111715573061970 HTTP/1.1" 200 6376 "-" "meta-externalagent/1.1 (+https://developers.facebook.com/docs/sharing/webmasters/crawler)"
209.74.77.214 - - [15/Jul/2025:13:09:26 +0000] "POST /wp-cron.php?doing_wp_cron=1752584966.6219079494476318359375 HTTP/1.1" 200 - "-" "WordPress/6.8.1; https://jrncommunityhousing.charity"
57.141.2.2 - - [15/Jul/2025:13:09:26 +0000] "GET /?i=24960620031970& HTTP/1.1" 301 - "-" "meta-externalagent/1.1 (+https://developers.facebook.com/docs/sharing/webmasters/crawler)"
57.141.2.14 - - [15/Jul/2025:13:11:46 +0000] "GET /?i=118462428011970& HTTP/1.1" 301 - "-" "meta-externalagent/1.1 (+https://developers.facebook.com/docs/sharing/webmasters/crawler)"
57.141.2.30 - - [15/Jul/2025:13:11:46 +0000] "GET /?i=82050017031970& HTTP/1.1" 301 - "-" "meta-externalagent/1.1 (+https://developers.facebook.com/docs/sharing/webmasters/crawler)"
57.141.2.1 - - [15/Jul/2025:13:11:55 +0000] "GET /?i=82050017031970 HTTP/1.1" 200 6374 "-" "meta-externalagent/1.1 (+https://developers.facebook.com/docs/sharing/webmasters/crawler)"
209.74.77.214 - - [15/Jul/2025:13:12:06 +0000] "POST /wp-cron.php?doing_wp_cron=1752585126.7235560417175292968750 HTTP/1.1" 200 - "-" "WordPress/6.8.1; https://jrncommunityhousing.charity"
57.141.2.28 - - [15/Jul/2025:13:12:06 +0000] "GET /?i=103991907141970& HTTP/1.1" 301 - "-" "meta-externalagent/1.1 (+https://developers.facebook.com/docs/sharing/webmasters/crawler)"
185.191.171.14 - - [15/Jul/2025:13:12:11 +0000] "GET /robots.txt HTTP/1.1" 200 130 "-" "Mozilla/5.0 (compatible; SemrushBot/7~bl; +http://www.semrush.com/bot.html)"
85.208.96.204 - - [15/Jul/2025:13:12:11 +0000] "GET /donations/build-a-community-center/ HTTP/1.1" 200 2010 "-" "Mozilla/5.0 (compatible; SemrushBot/7~bl; +http://www.semrush.com/bot.html)"
57.141.2.14 - - [15/Jul/2025:13:12:29 +0000] "GET /?i=103991907141970 HTTP/1.1" 200 6376 "-" "meta-externalagent/1.1 (+https://developers.facebook.com/docs/sharing/webmasters/crawler)"
209.74.77.214 - - [15/Jul/2025:13:12:44 +0000] "POST /wp-cron.php?doing_wp_cron=1752585164.5753340721130371093750 HTTP/1.1" 200 - "-" "WordPress/6.8.1; https://jrncommunityhousing.charity"
57.141.2.13 - - [15/Jul/2025:13:12:44 +0000] "GET /?i=78356573031970& HTTP/1.1" 301 - "-" "meta-externalagent/1.1 (+https://developers.facebook.com/docs/sharing/webmasters/crawler)"
209.74.77.214 - - [15/Jul/2025:13:12:58 +0000] "POST /wp-cron.php?doing_wp_cron=1752585178.4289150238037109375000 HTTP/1.1" 200 - "-" "WordPress/6.8.1; https://jrncommunityhousing.charity"
57.141.2.23 - - [15/Jul/2025:13:12:58 +0000] "GET /?i=78356573031970 HTTP/1.1" 200 6374 "-" "meta-externalagent/1.1 (+https://developers.facebook.com/docs/sharing/webmasters/crawler)"
57.141.2.17 - - [15/Jul/2025:13:13:06 +0000] "GET /?i=80850094031970& HTTP/1.1" 301 - "-" "meta-externalagent/1.1 (+https://developers.facebook.com/docs/sharing/webmasters/crawler)"
209.74.77.214 - - [15/Jul/2025:13:14:25 +0000] "POST /wp-cron.php?doing_wp_cron=1752585265.4760720729827880859375 HTTP/1.1" 200 - "-" "WordPress/6.8.1; https://jrncommunityhousing.charity"
57.141.2.3 - - [15/Jul/2025:13:14:23 +0000] "GET /?i=24960620031970 HTTP/1.1" 200 6374 "-" "meta-externalagent/1.1 (+https://developers.facebook.com/docs/sharing/webmasters/crawler)"
209.74.77.214 - - [15/Jul/2025:13:15:32 +0000] "POST /wp-cron.php?doing_wp_cron=1752585332.3287470340728759765625 HTTP/1.1" 200 - "-" "WordPress/6.8.1; https://jrncommunityhousing.charity"
57.141.2.30 - - [15/Jul/2025:13:15:32 +0000] "GET /?i=35518596041970& HTTP/1.1" 301 - "-" "meta-externalagent/1.1 (+https://developers.facebook.com/docs/sharing/webmasters/crawler)"
57.141.2.20 - - [15/Jul/2025:13:15:42 +0000] "GET /?i=35518596041970 HTTP/1.1" 200 6374 "-" "meta-externalagent/1.1 (+https://developers.facebook.com/docs/sharing/webmasters/crawler)"
209.74.77.214 - - [15/Jul/2025:13:16:04 +0000] "POST /wp-cron.php?doing_wp_cron=1752585364.4672050476074218750000 HTTP/1.1" 200 - "-" "WordPress/6.8.1; https://jrncommunityhousing.charity"
152.53.228.103 - - [15/Jul/2025:13:16:04 +0000] "POST /xmlrpc.php HTTP/1.1" 200 403 "-" "Mozilla/5.0 (Windows NT 10.0; Win64; x64; rv:84.0) Gecko/20100101 Firefox/84.0"
209.74.77.214 - - [15/Jul/2025:13:22:42 +0000] "POST /wp-cron.php?doing_wp_cron=1752585762.5171620845794677734375 HTTP/1.1" 200 - "-" "WordPress/6.8.1; https://jrncommunityhousing.charity"
57.141.2.1 - - [15/Jul/2025:13:22:42 +0000] "GET /?i=86147302031970& HTTP/1.1" 301 - "-" "meta-externalagent/1.1 (+https://developers.facebook.com/docs/sharing/webmasters/crawler)"
209.74.77.214 - - [15/Jul/2025:13:26:40 +0000] "POST /wp-cron.php?doing_wp_cron=1752586000.0005381107330322265625 HTTP/1.1" 200 - "-" "WordPress/6.8.1; https://jrncommunityhousing.charity"
57.141.2.1 - - [15/Jul/2025:13:26:39 +0000] "GET /?i=62520496041970& HTTP/1.1" 301 - "-" "meta-externalagent/1.1 (+https://developers.facebook.com/docs/sharing/webmasters/crawler)"
57.141.2.5 - - [15/Jul/2025:13:26:40 +0000] "GET /?i=73216115031970& HTTP/1.1" 301 - "-" "meta-externalagent/1.1 (+https://developers.facebook.com/docs/sharing/webmasters/crawler)"
57.141.2.30 - - [15/Jul/2025:13:26:40 +0000] "GET /?i=73216115031970& HTTP/1.1" 301 - "-" "meta-externalagent/1.1 (+https://developers.facebook.com/docs/sharing/webmasters/crawler)"
57.141.2.30 - - [15/Jul/2025:13:26:46 +0000] "GET /?i=73216115031970 HTTP/1.1" 200 6374 "-" "meta-externalagent/1.1 (+https://developers.facebook.com/docs/sharing/webmasters/crawler)"
57.141.2.20 - - [15/Jul/2025:13:26:46 +0000] "GET /?i=98526159051970& HTTP/1.1" 301 - "-" "meta-externalagent/1.1 (+https://developers.facebook.com/docs/sharing/webmasters/crawler)"
209.74.77.214 - - [15/Jul/2025:13:26:59 +0000] "POST /wp-cron.php?doing_wp_cron=1752586019.8485319614410400390625 HTTP/1.1" 200 - "-" "WordPress/6.8.1; https://jrncommunityhousing.charity"
57.141.2.3 - - [15/Jul/2025:13:26:59 +0000] "GET /?i=62520496041970 HTTP/1.1" 200 6374 "-" "meta-externalagent/1.1 (+https://developers.facebook.com/docs/sharing/webmasters/crawler)"
57.141.2.7 - - [15/Jul/2025:13:30:54 +0000] "GET /?i=3220738031970& HTTP/1.1" 301 - "-" "meta-externalagent/1.1 (+https://developers.facebook.com/docs/sharing/webmasters/crawler)"
209.74.77.214 - - [15/Jul/2025:13:31:00 +0000] "POST /wp-cron.php?doing_wp_cron=1752586260.8664469718933105468750 HTTP/1.1" 200 - "-" "WordPress/6.8.1; https://jrncommunityhousing.charity"
57.141.2.24 - - [15/Jul/2025:13:31:00 +0000] "GET /?i=3220738031970 HTTP/1.1" 200 6372 "-" "meta-externalagent/1.1 (+https://developers.facebook.com/docs/sharing/webmasters/crawler)"
209.74.77.214 - - [15/Jul/2025:13:31:28 +0000] "POST /wp-cron.php?doing_wp_cron=1752586288.6692910194396972656250 HTTP/1.1" 200 - "-" "WordPress/6.8.1; https://jrncommunityhousing.charity"
57.141.2.2 - - [15/Jul/2025:13:31:28 +0000] "GET /?i=65588822001970& HTTP/1.1" 301 - "-" "meta-externalagent/1.1 (+https://developers.facebook.com/docs/sharing/webmasters/crawler)"
57.141.2.3 - - [15/Jul/2025:13:31:29 +0000] "GET /?i=69947830001970& HTTP/1.1" 301 - "-" "meta-externalagent/1.1 (+https://developers.facebook.com/docs/sharing/webmasters/crawler)"
209.74.77.214 - - [15/Jul/2025:13:32:16 +0000] "POST /wp-cron.php?doing_wp_cron=1752586336.2730560302734375000000 HTTP/1.1" 200 - "-" "WordPress/6.8.1; https://jrncommunityhousing.charity"
57.141.2.22 - - [15/Jul/2025:13:32:16 +0000] "GET /?i=13048947081970& HTTP/1.1" 301 - "-" "meta-externalagent/1.1 (+https://developers.facebook.com/docs/sharing/webmasters/crawler)"
209.74.77.214 - - [15/Jul/2025:13:33:34 +0000] "POST /wp-cron.php?doing_wp_cron=1752586414.9823660850524902343750 HTTP/1.1" 200 - "-" "WordPress/6.8.1; https://jrncommunityhousing.charity"
57.141.2.25 - - [15/Jul/2025:13:33:34 +0000] "GET /?i=25026585031970& HTTP/1.1" 301 - "-" "meta-externalagent/1.1 (+https://developers.facebook.com/docs/sharing/webmasters/crawler)"
57.141.2.18 - - [15/Jul/2025:13:33:46 +0000] "GET /?i=25026585031970 HTTP/1.1" 200 6374 "-" "meta-externalagent/1.1 (+https://developers.facebook.com/docs/sharing/webmasters/crawler)"
209.74.77.214 - - [15/Jul/2025:13:33:57 +0000] "POST /wp-cron.php?doing_wp_cron=1752586437.0797379016876220703125 HTTP/1.1" 200 - "-" "WordPress/6.8.1; https://jrncommunityhousing.charity"
57.141.2.5 - - [15/Jul/2025:13:33:56 +0000] "GET /?i=6533065021970& HTTP/1.1" 301 - "-" "meta-externalagent/1.1 (+https://developers.facebook.com/docs/sharing/webmasters/crawler)"
57.141.2.2 - - [15/Jul/2025:13:37:10 +0000] "GET /?i=80297658031970& HTTP/1.1" 301 - "-" "meta-externalagent/1.1 (+https://developers.facebook.com/docs/sharing/webmasters/crawler)"
209.74.77.214 - - [15/Jul/2025:13:39:51 +0000] "POST /wp-cron.php?doing_wp_cron=1752586791.4622099399566650390625 HTTP/1.1" 200 - "-" "WordPress/6.8.1; https://jrncommunityhousing.charity"
57.141.2.29 - - [15/Jul/2025:13:39:51 +0000] "GET /?i=64352852011970& HTTP/1.1" 301 - "-" "meta-externalagent/1.1 (+https://developers.facebook.com/docs/sharing/webmasters/crawler)"
209.74.77.214 - - [15/Jul/2025:13:42:26 +0000] "POST /wp-cron.php?doing_wp_cron=1752586946.7348868846893310546875 HTTP/1.1" 200 - "-" "WordPress/6.8.1; https://jrncommunityhousing.charity"
57.141.2.18 - - [15/Jul/2025:13:42:26 +0000] "GET /?i=110238266021970& HTTP/1.1" 301 - "-" "meta-externalagent/1.1 (+https://developers.facebook.com/docs/sharing/webmasters/crawler)"
209.74.77.214 - - [15/Jul/2025:13:45:05 +0000] "POST /wp-cron.php?doing_wp_cron=1752587105.2910010814666748046875 HTTP/1.1" 200 - "-" "WordPress/6.8.1; https://jrncommunityhousing.charity"
57.141.2.5 - - [15/Jul/2025:13:45:04 +0000] "GET /?i=75336735071970& HTTP/1.1" 301 - "-" "meta-externalagent/1.1 (+https://developers.facebook.com/docs/sharing/webmasters/crawler)"
57.141.2.13 - - [15/Jul/2025:13:45:17 +0000] "GET /?i=75336735071970 HTTP/1.1" 200 6374 "-" "meta-externalagent/1.1 (+https://developers.facebook.com/docs/sharing/webmasters/crawler)"
143.198.229.0 - - [15/Jul/2025:13:45:37 +0000] "GET /uploaded_script.php HTTP/1.1" 404 2000 "www.google.com" "Mozilla/5.0 (Linux; Android 7.0; SM-G892A Build/NRD90M; wv) AppleWebKit/537.36 (KHTML, like Gecko) Version/4.0 Chrome/60.0.3112.107 Mobile Safari/537.36"
209.74.77.214 - - [15/Jul/2025:13:46:33 +0000] "POST /wp-cron.php?doing_wp_cron=1752587193.7253479957580566406250 HTTP/1.1" 200 - "-" "WordPress/6.8.1; https://jrncommunityhousing.charity"
57.141.2.13 - - [15/Jul/2025:13:46:33 +0000] "GET /?i=50314573031970& HTTP/1.1" 301 - "-" "meta-externalagent/1.1 (+https://developers.facebook.com/docs/sharing/webmasters/crawler)"
209.74.77.214 - - [15/Jul/2025:13:48:36 +0000] "POST /wp-cron.php?doing_wp_cron=1752587316.1844930648803710937500 HTTP/1.1" 200 - "-" "WordPress/6.8.1; https://jrncommunityhousing.charity"
57.141.2.5 - - [15/Jul/2025:13:48:35 +0000] "GET /?i=34008626041970& HTTP/1.1" 301 - "-" "meta-externalagent/1.1 (+https://developers.facebook.com/docs/sharing/webmasters/crawler)"
209.74.77.214 - - [15/Jul/2025:13:49:04 +0000] "POST /wp-cron.php?doing_wp_cron=1752587344.6853110790252685546875 HTTP/1.1" 200 - "-" "WordPress/6.8.1; https://jrncommunityhousing.charity"
57.141.2.27 - - [15/Jul/2025:13:49:04 +0000] "GET /?i=34008626041970 HTTP/1.1" 200 6374 "-" "meta-externalagent/1.1 (+https://developers.facebook.com/docs/sharing/webmasters/crawler)"
209.74.77.214 - - [15/Jul/2025:13:50:09 +0000] "POST /wp-cron.php?doing_wp_cron=1752587409.2954440116882324218750 HTTP/1.1" 200 - "-" "WordPress/6.8.1; https://jrncommunityhousing.charity"
57.141.2.25 - - [15/Jul/2025:13:50:06 +0000] "GET /?i=29902145011970& HTTP/1.1" 301 - "-" "meta-externalagent/1.1 (+https://developers.facebook.com/docs/sharing/webmasters/crawler)"
57.141.2.25 - - [15/Jul/2025:13:50:09 +0000] "GET /?i=16302686031970& HTTP/1.1" 301 - "-" "meta-externalagent/1.1 (+https://developers.facebook.com/docs/sharing/webmasters/crawler)"
209.74.77.214 - - [15/Jul/2025:13:50:22 +0000] "POST /wp-cron.php?doing_wp_cron=1752587422.4211139678955078125000 HTTP/1.1" 200 - "-" "WordPress/6.8.1; https://jrncommunityhousing.charity"
57.141.2.1 - - [15/Jul/2025:13:50:22 +0000] "GET /?i=99676153001970& HTTP/1.1" 301 - "-" "meta-externalagent/1.1 (+https://developers.facebook.com/docs/sharing/webmasters/crawler)"
209.74.77.214 - - [15/Jul/2025:13:50:35 +0000] "POST /wp-cron.php?doing_wp_cron=1752587435.1469299793243408203125 HTTP/1.1" 200 - "-" "WordPress/6.8.1; https://jrncommunityhousing.charity"
57.141.2.30 - - [15/Jul/2025:13:50:34 +0000] "GET /?i=99676153001970 HTTP/1.1" 200 6374 "-" "meta-externalagent/1.1 (+https://developers.facebook.com/docs/sharing/webmasters/crawler)"
57.141.2.9 - - [15/Jul/2025:13:52:53 +0000] "GET /?i=20846737051970& HTTP/1.1" 301 - "-" "meta-externalagent/1.1 (+https://developers.facebook.com/docs/sharing/webmasters/crawler)"
209.74.77.214 - - [15/Jul/2025:13:53:01 +0000] "POST /wp-cron.php?doing_wp_cron=1752587581.4019989967346191406250 HTTP/1.1" 200 - "-" "WordPress/6.8.1; https://jrncommunityhousing.charity"
57.141.2.3 - - [15/Jul/2025:13:53:01 +0000] "GET /?i=20846737051970 HTTP/1.1" 200 6374 "-" "meta-externalagent/1.1 (+https://developers.facebook.com/docs/sharing/webmasters/crawler)"
209.74.77.214 - - [15/Jul/2025:13:55:25 +0000] "POST /wp-cron.php?doing_wp_cron=1752587725.6463329792022705078125 HTTP/1.1" 200 - "-" "WordPress/6.8.1; https://jrncommunityhousing.charity"
57.141.2.21 - - [15/Jul/2025:13:55:22 +0000] "GET /?i=37633973001970& HTTP/1.1" 301 - "-" "meta-externalagent/1.1 (+https://developers.facebook.com/docs/sharing/webmasters/crawler)"
209.74.77.214 - - [15/Jul/2025:13:55:37 +0000] "POST /wp-cron.php?doing_wp_cron=1752587737.4948589801788330078125 HTTP/1.1" 200 - "-" "WordPress/6.8.1; https://jrncommunityhousing.charity"
57.141.2.3 - - [15/Jul/2025:13:55:37 +0000] "GET /?i=37633973001970 HTTP/1.1" 200 6374 "-" "meta-externalagent/1.1 (+https://developers.facebook.com/docs/sharing/webmasters/crawler)"
57.141.2.9 - - [15/Jul/2025:13:55:55 +0000] "GET /?i=76743878051970& HTTP/1.1" 301 - "-" "meta-externalagent/1.1 (+https://developers.facebook.com/docs/sharing/webmasters/crawler)"
209.74.77.214 - - [15/Jul/2025:13:56:15 +0000] "POST /wp-cron.php?doing_wp_cron=1752587775.8083560466766357421875 HTTP/1.1" 200 - "-" "WordPress/6.8.1; https://jrncommunityhousing.charity"
57.141.2.6 - - [15/Jul/2025:13:56:15 +0000] "GET /?i=52047939051970& HTTP/1.1" 301 - "-" "meta-externalagent/1.1 (+https://developers.facebook.com/docs/sharing/webmasters/crawler)"
209.74.77.214 - - [15/Jul/2025:13:57:30 +0000] "POST /wp-cron.php?doing_wp_cron=1752587850.4248180389404296875000 HTTP/1.1" 200 - "-" "WordPress/6.8.1; https://jrncommunityhousing.charity"
57.141.2.30 - - [15/Jul/2025:13:57:28 +0000] "GET /?i=113834904031970& HTTP/1.1" 301 - "-" "meta-externalagent/1.1 (+https://developers.facebook.com/docs/sharing/webmasters/crawler)"
57.141.2.5 - - [15/Jul/2025:13:57:53 +0000] "GET /?i=111438951131970& HTTP/1.1" 301 - "-" "meta-externalagent/1.1 (+https://developers.facebook.com/docs/sharing/webmasters/crawler)"
209.74.77.214 - - [15/Jul/2025:13:59:58 +0000] "POST /wp-cron.php?doing_wp_cron=1752587998.6660969257354736328125 HTTP/1.1" 200 - "-" "WordPress/6.8.1; https://jrncommunityhousing.charity"
57.141.2.13 - - [15/Jul/2025:13:59:58 +0000] "GET /?i=24694704051970& HTTP/1.1" 301 - "-" "meta-externalagent/1.1 (+https://developers.facebook.com/docs/sharing/webmasters/crawler)"
209.74.77.214 - - [15/Jul/2025:14:00:07 +0000] "POST /wp-cron.php?doing_wp_cron=1752588007.4663810729980468750000 HTTP/1.1" 200 - "-" "WordPress/6.8.1; https://jrncommunityhousing.charity"
57.141.2.24 - - [15/Jul/2025:14:00:07 +0000] "GET /?i=86595672001970& HTTP/1.1" 301 - "-" "meta-externalagent/1.1 (+https://developers.facebook.com/docs/sharing/webmasters/crawler)"
209.74.77.214 - - [15/Jul/2025:14:00:16 +0000] "POST /wp-cron.php?doing_wp_cron=1752588016.8271400928497314453125 HTTP/1.1" 200 - "-" "WordPress/6.8.1; https://jrncommunityhousing.charity"
209.74.77.214 - - [15/Jul/2025:14:00:16 +0000] "POST /wp-cron.php?doing_wp_cron=1752588016.8271160125732421875000 HTTP/1.1" 200 - "-" "WordPress/6.8.1; https://jrncommunityhousing.charity"
57.141.2.17 - - [15/Jul/2025:14:00:16 +0000] "GET /?i=112218664061970& HTTP/1.1" 301 - "-" "meta-externalagent/1.1 (+https://developers.facebook.com/docs/sharing/webmasters/crawler)"
57.141.2.7 - - [15/Jul/2025:14:00:16 +0000] "GET /?i=24694704051970 HTTP/1.1" 200 6374 "-" "meta-externalagent/1.1 (+https://developers.facebook.com/docs/sharing/webmasters/crawler)"
57.141.2.28 - - [15/Jul/2025:14:00:22 +0000] "GET /?i=112218664061970 HTTP/1.1" 200 6376 "-" "meta-externalagent/1.1 (+https://developers.facebook.com/docs/sharing/webmasters/crawler)"
57.141.2.16 - - [15/Jul/2025:14:00:22 +0000] "GET /?i=86595672001970 HTTP/1.1" 200 6374 "-" "meta-externalagent/1.1 (+https://developers.facebook.com/docs/sharing/webmasters/crawler)"
57.141.2.25 - - [15/Jul/2025:14:00:39 +0000] "GET /sitemapd.xml HTTP/1.1" 200 106406 "-" "meta-externalagent/1.1 (+https://developers.facebook.com/docs/sharing/webmasters/crawler)"
209.74.77.214 - - [15/Jul/2025:14:01:14 +0000] "POST /wp-cron.php?doing_wp_cron=1752588074.9019010066986083984375 HTTP/1.1" 200 - "-" "WordPress/6.8.1; https://jrncommunityhousing.charity"
57.141.2.5 - - [15/Jul/2025:14:01:14 +0000] "GET /?i=14509052021970& HTTP/1.1" 301 - "-" "meta-externalagent/1.1 (+https://developers.facebook.com/docs/sharing/webmasters/crawler)"
209.74.77.214 - - [15/Jul/2025:14:01:30 +0000] "POST /wp-cron.php?doing_wp_cron=1752588090.8430900573730468750000 HTTP/1.1" 200 - "-" "WordPress/6.8.1; https://jrncommunityhousing.charity"
57.141.2.2 - - [15/Jul/2025:14:01:30 +0000] "GET /?i=66596803031970& HTTP/1.1" 301 - "-" "meta-externalagent/1.1 (+https://developers.facebook.com/docs/sharing/webmasters/crawler)"
209.74.77.214 - - [15/Jul/2025:14:01:35 +0000] "POST /wp-cron.php?doing_wp_cron=1752588095.6212580204010009765625 HTTP/1.1" 200 - "-" "WordPress/6.8.1; https://jrncommunityhousing.charity"
57.141.2.20 - - [15/Jul/2025:14:01:35 +0000] "GET /?i=14509052021970 HTTP/1.1" 200 6374 "-" "meta-externalagent/1.1 (+https://developers.facebook.com/docs/sharing/webmasters/crawler)"
209.74.77.214 - - [15/Jul/2025:14:01:57 +0000] "POST /wp-cron.php?doing_wp_cron=1752588117.3571460247039794921875 HTTP/1.1" 200 - "-" "WordPress/6.8.1; https://jrncommunityhousing.charity"
57.141.2.24 - - [15/Jul/2025:14:01:57 +0000] "GET /?i=119230327091970& HTTP/1.1" 301 - "-" "meta-externalagent/1.1 (+https://developers.facebook.com/docs/sharing/webmasters/crawler)"
57.141.2.5 - - [15/Jul/2025:14:02:02 +0000] "GET /?i=80575650071970& HTTP/1.1" 301 - "-" "meta-externalagent/1.1 (+https://developers.facebook.com/docs/sharing/webmasters/crawler)"
209.74.77.214 - - [15/Jul/2025:14:02:16 +0000] "POST /wp-cron.php?doing_wp_cron=1752588136.0543649196624755859375 HTTP/1.1" 200 - "-" "WordPress/6.8.1; https://jrncommunityhousing.charity"
57.141.2.4 - - [15/Jul/2025:14:02:15 +0000] "GET /?i=80575650071970 HTTP/1.1" 200 6374 "-" "meta-externalagent/1.1 (+https://developers.facebook.com/docs/sharing/webmasters/crawler)"
209.74.77.214 - - [15/Jul/2025:14:03:29 +0000] "POST /wp-cron.php?doing_wp_cron=1752588209.5092968940734863281250 HTTP/1.1" 200 - "-" "WordPress/6.8.1; https://jrncommunityhousing.charity"
57.141.2.4 - - [15/Jul/2025:14:03:29 +0000] "GET /?i=34905453011970& HTTP/1.1" 301 - "-" "meta-externalagent/1.1 (+https://developers.facebook.com/docs/sharing/webmasters/crawler)"
209.74.77.214 - - [15/Jul/2025:14:03:37 +0000] "POST /wp-cron.php?doing_wp_cron=1752588217.7649118900299072265625 HTTP/1.1" 200 - "-" "WordPress/6.8.1; https://jrncommunityhousing.charity"
57.141.2.21 - - [15/Jul/2025:14:03:37 +0000] "GET /?i=34905453011970 HTTP/1.1" 200 6374 "-" "meta-externalagent/1.1 (+https://developers.facebook.com/docs/sharing/webmasters/crawler)"
57.141.2.8 - - [15/Jul/2025:14:04:03 +0000] "GET /?i=117382446131970& HTTP/1.1" 301 - "-" "meta-externalagent/1.1 (+https://developers.facebook.com/docs/sharing/webmasters/crawler)"
209.74.77.214 - - [15/Jul/2025:14:04:20 +0000] "POST /wp-cron.php?doing_wp_cron=1752588260.7141740322113037109375 HTTP/1.1" 200 - "-" "WordPress/6.8.1; https://jrncommunityhousing.charity"
57.141.2.5 - - [15/Jul/2025:14:04:20 +0000] "GET /?i=16076828041970& HTTP/1.1" 301 - "-" "meta-externalagent/1.1 (+https://developers.facebook.com/docs/sharing/webmasters/crawler)"
57.141.2.3 - - [15/Jul/2025:14:04:26 +0000] "GET /?i=35963327021970& HTTP/1.1" 301 - "-" "meta-externalagent/1.1 (+https://developers.facebook.com/docs/sharing/webmasters/crawler)"
209.74.77.214 - - [15/Jul/2025:14:04:34 +0000] "POST /wp-cron.php?doing_wp_cron=1752588274.1144170761108398437500 HTTP/1.1" 200 - "-" "WordPress/6.8.1; https://jrncommunityhousing.charity"
57.141.2.7 - - [15/Jul/2025:14:04:33 +0000] "GET /?i=16076828041970 HTTP/1.1" 200 6374 "-" "meta-externalagent/1.1 (+https://developers.facebook.com/docs/sharing/webmasters/crawler)"
57.141.2.28 - - [15/Jul/2025:14:04:42 +0000] "GET /?i=35963327021970 HTTP/1.1" 200 6374 "-" "meta-externalagent/1.1 (+https://developers.facebook.com/docs/sharing/webmasters/crawler)"
57.141.2.30 - - [15/Jul/2025:14:04:45 +0000] "GET /?i=79180313021970& HTTP/1.1" 301 - "-" "meta-externalagent/1.1 (+https://developers.facebook.com/docs/sharing/webmasters/crawler)"
209.74.77.214 - - [15/Jul/2025:14:06:30 +0000] "POST /wp-cron.php?doing_wp_cron=1752588390.9132239818572998046875 HTTP/1.1" 200 - "-" "WordPress/6.8.1; https://jrncommunityhousing.charity"
57.141.2.25 - - [15/Jul/2025:14:06:30 +0000] "GET /?i=69606060031970& HTTP/1.1" 301 - "-" "meta-externalagent/1.1 (+https://developers.facebook.com/docs/sharing/webmasters/crawler)"
209.74.77.214 - - [15/Jul/2025:14:06:58 +0000] "POST /wp-cron.php?doing_wp_cron=1752588418.6154329776763916015625 HTTP/1.1" 200 - "-" "WordPress/6.8.1; https://jrncommunityhousing.charity"
57.141.2.9 - - [15/Jul/2025:14:06:58 +0000] "GET /?i=115576210091970& HTTP/1.1" 301 - "-" "meta-externalagent/1.1 (+https://developers.facebook.com/docs/sharing/webmasters/crawler)"
209.74.77.214 - - [15/Jul/2025:14:08:27 +0000] "POST /wp-cron.php?doing_wp_cron=1752588507.8057279586791992187500 HTTP/1.1" 200 - "-" "WordPress/6.8.1; https://jrncommunityhousing.charity"
57.141.2.17 - - [15/Jul/2025:14:08:27 +0000] "GET /?i=54529893021970& HTTP/1.1" 301 - "-" "meta-externalagent/1.1 (+https://developers.facebook.com/docs/sharing/webmasters/crawler)"
57.141.2.25 - - [15/Jul/2025:14:10:38 +0000] "GET /sitemape.xml HTTP/1.1" 200 105064 "-" "meta-externalagent/1.1 (+https://developers.facebook.com/docs/sharing/webmasters/crawler)"
209.74.77.214 - - [15/Jul/2025:14:10:53 +0000] "POST /wp-cron.php?doing_wp_cron=1752588653.0528020858764648437500 HTTP/1.1" 200 - "-" "WordPress/6.8.1; https://jrncommunityhousing.charity"
57.141.2.19 - - [15/Jul/2025:14:10:52 +0000] "GET /?i=39188016111970& HTTP/1.1" 301 - "-" "meta-externalagent/1.1 (+https://developers.facebook.com/docs/sharing/webmasters/crawler)"
209.74.77.214 - - [15/Jul/2025:14:13:10 +0000] "POST /wp-cron.php?doing_wp_cron=1752588790.8379139900207519531250 HTTP/1.1" 200 - "-" "WordPress/6.8.1; https://jrncommunityhousing.charity"
57.141.2.18 - - [15/Jul/2025:14:13:08 +0000] "GET /?i=103996077031970& HTTP/1.1" 301 - "-" "meta-externalagent/1.1 (+https://developers.facebook.com/docs/sharing/webmasters/crawler)"
57.141.2.5 - - [15/Jul/2025:14:13:27 +0000] "GET /?i=37182067031970& HTTP/1.1" 301 - "-" "meta-externalagent/1.1 (+https://developers.facebook.com/docs/sharing/webmasters/crawler)"
57.141.2.11 - - [15/Jul/2025:14:13:30 +0000] "GET /?i=103991217051970& HTTP/1.1" 301 - "-" "meta-externalagent/1.1 (+https://developers.facebook.com/docs/sharing/webmasters/crawler)"
57.141.2.9 - - [15/Jul/2025:14:13:36 +0000] "GET /?i=103996077031970 HTTP/1.1" 200 6376 "-" "meta-externalagent/1.1 (+https://developers.facebook.com/docs/sharing/webmasters/crawler)"
57.141.2.19 - - [15/Jul/2025:14:13:40 +0000] "GET /?i=37182067031970 HTTP/1.1" 200 6374 "-" "meta-externalagent/1.1 (+https://developers.facebook.com/docs/sharing/webmasters/crawler)"
57.141.2.18 - - [15/Jul/2025:14:14:51 +0000] "GET /?i=72706092031970& HTTP/1.1" 301 - "-" "meta-externalagent/1.1 (+https://developers.facebook.com/docs/sharing/webmasters/crawler)"
57.141.2.20 - - [15/Jul/2025:14:14:55 +0000] "GET /?i=72706092031970 HTTP/1.1" 200 6374 "-" "meta-externalagent/1.1 (+https://developers.facebook.com/docs/sharing/webmasters/crawler)"
57.141.2.1 - - [15/Jul/2025:14:15:51 +0000] "GET /?i=45651675031970& HTTP/1.1" 301 - "-" "meta-externalagent/1.1 (+https://developers.facebook.com/docs/sharing/webmasters/crawler)"
209.74.77.214 - - [15/Jul/2025:14:15:59 +0000] "POST /wp-cron.php?doing_wp_cron=1752588959.4100229740142822265625 HTTP/1.1" 200 - "-" "WordPress/6.8.1; https://jrncommunityhousing.charity"
57.141.2.16 - - [15/Jul/2025:14:15:59 +0000] "GET /?i=45651675031970 HTTP/1.1" 200 6374 "-" "meta-externalagent/1.1 (+https://developers.facebook.com/docs/sharing/webmasters/crawler)"
57.141.2.14 - - [15/Jul/2025:14:16:40 +0000] "GET /?i=10660921121970& HTTP/1.1" 301 - "-" "meta-externalagent/1.1 (+https://developers.facebook.com/docs/sharing/webmasters/crawler)"
57.141.2.17 - - [15/Jul/2025:14:16:49 +0000] "GET /?i=10660921121970 HTTP/1.1" 200 6374 "-" "meta-externalagent/1.1 (+https://developers.facebook.com/docs/sharing/webmasters/crawler)"
209.74.77.214 - - [15/Jul/2025:14:18:10 +0000] "POST /wp-cron.php?doing_wp_cron=1752589090.6964700222015380859375 HTTP/1.1" 200 - "-" "WordPress/6.8.1; https://jrncommunityhousing.charity"
57.141.2.3 - - [15/Jul/2025:14:18:10 +0000] "GET /?i=69503622011970& HTTP/1.1" 301 - "-" "meta-externalagent/1.1 (+https://developers.facebook.com/docs/sharing/webmasters/crawler)"
209.74.77.214 - - [15/Jul/2025:14:18:16 +0000] "POST /wp-cron.php?doing_wp_cron=1752589096.9774110317230224609375 HTTP/1.1" 200 - "-" "WordPress/6.8.1; https://jrncommunityhousing.charity"
57.141.2.23 - - [15/Jul/2025:14:18:16 +0000] "GET /?i=69503622011970 HTTP/1.1" 200 6374 "-" "meta-externalagent/1.1 (+https://developers.facebook.com/docs/sharing/webmasters/crawler)"
57.141.2.30 - - [15/Jul/2025:14:18:33 +0000] "GET /?i=83690175061970& HTTP/1.1" 301 - "-" "meta-externalagent/1.1 (+https://developers.facebook.com/docs/sharing/webmasters/crawler)"
57.141.2.24 - - [15/Jul/2025:14:18:36 +0000] "GET /?i=83690175061970 HTTP/1.1" 200 6374 "-" "meta-externalagent/1.1 (+https://developers.facebook.com/docs/sharing/webmasters/crawler)"
209.74.77.214 - - [15/Jul/2025:14:20:27 +0000] "POST /wp-cron.php?doing_wp_cron=1752589227.7250120639801025390625 HTTP/1.1" 200 - "-" "WordPress/6.8.1; https://jrncommunityhousing.charity"
57.141.2.3 - - [15/Jul/2025:14:20:25 +0000] "GET /?i=41689481091970& HTTP/1.1" 301 - "-" "meta-externalagent/1.1 (+https://developers.facebook.com/docs/sharing/webmasters/crawler)"
57.141.2.24 - - [15/Jul/2025:14:20:40 +0000] "GET /?i=41689481091970 HTTP/1.1" 200 6374 "-" "meta-externalagent/1.1 (+https://developers.facebook.com/docs/sharing/webmasters/crawler)"
57.141.2.18 - - [15/Jul/2025:14:25:11 +0000] "GET /?i=10416034091970& HTTP/1.1" 301 - "-" "meta-externalagent/1.1 (+https://developers.facebook.com/docs/sharing/webmasters/crawler)"
209.74.77.214 - - [15/Jul/2025:14:25:30 +0000] "POST /wp-cron.php?doing_wp_cron=1752589530.0130479335784912109375 HTTP/1.1" 200 - "-" "WordPress/6.8.1; https://jrncommunityhousing.charity"
57.141.2.25 - - [15/Jul/2025:14:25:29 +0000] "GET /?i=10416034091970 HTTP/1.1" 200 6374 "-" "meta-externalagent/1.1 (+https://developers.facebook.com/docs/sharing/webmasters/crawler)"
209.74.77.214 - - [15/Jul/2025:14:25:39 +0000] "POST /wp-cron.php?doing_wp_cron=1752589539.6893010139465332031250 HTTP/1.1" 200 - "-" "WordPress/6.8.1; https://jrncommunityhousing.charity"
57.141.2.13 - - [15/Jul/2025:14:25:39 +0000] "GET /?i=25265501011970& HTTP/1.1" 301 - "-" "meta-externalagent/1.1 (+https://developers.facebook.com/docs/sharing/webmasters/crawler)"
57.141.2.29 - - [15/Jul/2025:14:25:46 +0000] "GET /?i=18550177081970& HTTP/1.1" 301 - "-" "meta-externalagent/1.1 (+https://developers.facebook.com/docs/sharing/webmasters/crawler)"
209.74.77.214 - - [15/Jul/2025:14:25:58 +0000] "POST /wp-cron.php?doing_wp_cron=1752589558.5423369407653808593750 HTTP/1.1" 200 - "-" "WordPress/6.8.1; https://jrncommunityhousing.charity"
57.141.2.16 - - [15/Jul/2025:14:25:58 +0000] "GET /?i=25265501011970 HTTP/1.1" 200 6374 "-" "meta-externalagent/1.1 (+https://developers.facebook.com/docs/sharing/webmasters/crawler)"
57.141.2.5 - - [15/Jul/2025:14:26:11 +0000] "GET /?i=18550177081970 HTTP/1.1" 200 6374 "-" "meta-externalagent/1.1 (+https://developers.facebook.com/docs/sharing/webmasters/crawler)"
209.74.77.214 - - [15/Jul/2025:14:26:23 +0000] "POST /wp-cron.php?doing_wp_cron=1752589583.3669810295104980468750 HTTP/1.1" 200 - "-" "WordPress/6.8.1; https://jrncommunityhousing.charity"
57.141.2.19 - - [15/Jul/2025:14:26:23 +0000] "GET /?i=22776921041970& HTTP/1.1" 301 - "-" "meta-externalagent/1.1 (+https://developers.facebook.com/docs/sharing/webmasters/crawler)"
209.74.77.214 - - [15/Jul/2025:14:26:49 +0000] "POST /wp-cron.php?doing_wp_cron=1752589609.9255449771881103515625 HTTP/1.1" 200 - "-" "WordPress/6.8.1; https://jrncommunityhousing.charity"
57.141.2.2 - - [15/Jul/2025:14:26:49 +0000] "GET /?i=66095804031970& HTTP/1.1" 301 - "-" "meta-externalagent/1.1 (+https://developers.facebook.com/docs/sharing/webmasters/crawler)"
57.141.2.13 - - [15/Jul/2025:14:26:54 +0000] "GET /?i=66095804031970 HTTP/1.1" 200 6374 "-" "meta-externalagent/1.1 (+https://developers.facebook.com/docs/sharing/webmasters/crawler)"
57.141.2.6 - - [15/Jul/2025:14:27:03 +0000] "GET /?i=70794493031970& HTTP/1.1" 301 - "-" "meta-externalagent/1.1 (+https://developers.facebook.com/docs/sharing/webmasters/crawler)"
57.141.2.11 - - [15/Jul/2025:14:27:13 +0000] "GET /?i=70794493031970 HTTP/1.1" 200 6374 "-" "meta-externalagent/1.1 (+https://developers.facebook.com/docs/sharing/webmasters/crawler)"
209.74.77.214 - - [15/Jul/2025:14:27:28 +0000] "POST /wp-cron.php?doing_wp_cron=1752589648.6990659236907958984375 HTTP/1.1" 200 - "-" "WordPress/6.8.1; https://jrncommunityhousing.charity"
57.141.2.12 - - [15/Jul/2025:14:27:28 +0000] "GET /?i=97639666131970& HTTP/1.1" 301 - "-" "meta-externalagent/1.1 (+https://developers.facebook.com/docs/sharing/webmasters/crawler)"
209.74.77.214 - - [15/Jul/2025:14:27:36 +0000] "POST /wp-cron.php?doing_wp_cron=1752589656.1668748855590820312500 HTTP/1.1" 200 - "-" "WordPress/6.8.1; https://jrncommunityhousing.charity"
57.141.2.18 - - [15/Jul/2025:14:27:36 +0000] "GET /?i=10595908021970& HTTP/1.1" 301 - "-" "meta-externalagent/1.1 (+https://developers.facebook.com/docs/sharing/webmasters/crawler)"
209.74.77.214 - - [15/Jul/2025:14:28:20 +0000] "POST /wp-cron.php?doing_wp_cron=1752589700.3866870403289794921875 HTTP/1.1" 200 - "-" "WordPress/6.8.1; https://jrncommunityhousing.charity"
57.141.2.15 - - [15/Jul/2025:14:28:20 +0000] "GET /?i=7841950091970& HTTP/1.1" 301 - "-" "meta-externalagent/1.1 (+https://developers.facebook.com/docs/sharing/webmasters/crawler)"
209.74.77.214 - - [15/Jul/2025:14:28:34 +0000] "POST /wp-cron.php?doing_wp_cron=1752589714.5686919689178466796875 HTTP/1.1" 200 - "-" "WordPress/6.8.1; https://jrncommunityhousing.charity"
57.141.2.11 - - [15/Jul/2025:14:28:34 +0000] "GET /?i=7841950091970 HTTP/1.1" 200 6372 "-" "meta-externalagent/1.1 (+https://developers.facebook.com/docs/sharing/webmasters/crawler)"
209.74.77.214 - - [15/Jul/2025:14:29:45 +0000] "POST /wp-cron.php?doing_wp_cron=1752589785.4435091018676757812500 HTTP/1.1" 200 - "-" "WordPress/6.8.1; https://jrncommunityhousing.charity"
57.141.2.28 - - [15/Jul/2025:14:29:43 +0000] "GET /?i=68410955071970& HTTP/1.1" 301 - "-" "meta-externalagent/1.1 (+https://developers.facebook.com/docs/sharing/webmasters/crawler)"
209.74.77.214 - - [15/Jul/2025:14:30:22 +0000] "POST /wp-cron.php?doing_wp_cron=1752589822.6708691120147705078125 HTTP/1.1" 200 - "-" "WordPress/6.8.1; https://jrncommunityhousing.charity"
57.141.2.8 - - [15/Jul/2025:14:30:22 +0000] "GET /?i=115863566031970& HTTP/1.1" 301 - "-" "meta-externalagent/1.1 (+https://developers.facebook.com/docs/sharing/webmasters/crawler)"
57.141.2.8 - - [15/Jul/2025:14:30:24 +0000] "GET /?i=109242228021970& HTTP/1.1" 301 - "-" "meta-externalagent/1.1 (+https://developers.facebook.com/docs/sharing/webmasters/crawler)"
57.141.2.28 - - [15/Jul/2025:14:30:26 +0000] "GET /?i=115863566031970 HTTP/1.1" 200 6376 "-" "meta-externalagent/1.1 (+https://developers.facebook.com/docs/sharing/webmasters/crawler)"
57.141.2.13 - - [15/Jul/2025:14:30:30 +0000] "GET /?i=47346828081970& HTTP/1.1" 301 - "-" "meta-externalagent/1.1 (+https://developers.facebook.com/docs/sharing/webmasters/crawler)"
209.74.77.214 - - [15/Jul/2025:14:31:31 +0000] "POST /wp-cron.php?doing_wp_cron=1752589891.3680191040039062500000 HTTP/1.1" 200 - "-" "WordPress/6.8.1; https://jrncommunityhousing.charity"
57.141.2.1 - - [15/Jul/2025:14:31:31 +0000] "GET /?i=4590289031970& HTTP/1.1" 301 - "-" "meta-externalagent/1.1 (+https://developers.facebook.com/docs/sharing/webmasters/crawler)"
209.74.77.214 - - [15/Jul/2025:14:31:56 +0000] "POST /wp-cron.php?doing_wp_cron=1752589916.4393239021301269531250 HTTP/1.1" 200 - "-" "WordPress/6.8.1; https://jrncommunityhousing.charity"
57.141.2.13 - - [15/Jul/2025:14:31:56 +0000] "GET /?i=101449036031970& HTTP/1.1" 301 - "-" "meta-externalagent/1.1 (+https://developers.facebook.com/docs/sharing/webmasters/crawler)"
57.141.2.7 - - [15/Jul/2025:14:33:27 +0000] "GET /?i=3785510091970& HTTP/1.1" 301 - "-" "meta-externalagent/1.1 (+https://developers.facebook.com/docs/sharing/webmasters/crawler)"
209.74.77.214 - - [15/Jul/2025:14:33:42 +0000] "POST /wp-cron.php?doing_wp_cron=1752590022.1670839786529541015625 HTTP/1.1" 200 - "-" "WordPress/6.8.1; https://jrncommunityhousing.charity"
57.141.2.20 - - [15/Jul/2025:14:33:42 +0000] "GET /?i=3785510091970 HTTP/1.1" 200 6372 "-" "meta-externalagent/1.1 (+https://developers.facebook.com/docs/sharing/webmasters/crawler)"
57.141.2.12 - - [15/Jul/2025:14:36:30 +0000] "GET /sitemap.xml HTTP/1.1" 200 1458 "-" "meta-externalagent/1.1 (+https://developers.facebook.com/docs/sharing/webmasters/crawler)"
209.74.77.214 - - [15/Jul/2025:14:36:50 +0000] "POST /wp-cron.php?doing_wp_cron=1752590210.2786500453948974609375 HTTP/1.1" 200 - "-" "WordPress/6.8.1; https://jrncommunityhousing.charity"
57.141.2.5 - - [15/Jul/2025:14:36:50 +0000] "GET /?i=36328932051970& HTTP/1.1" 301 - "-" "meta-externalagent/1.1 (+https://developers.facebook.com/docs/sharing/webmasters/crawler)"
57.141.2.9 - - [15/Jul/2025:14:37:51 +0000] "GET /?i=81244724011970& HTTP/1.1" 301 - "-" "meta-externalagent/1.1 (+https://developers.facebook.com/docs/sharing/webmasters/crawler)"
209.74.77.214 - - [15/Jul/2025:14:37:57 +0000] "POST /wp-cron.php?doing_wp_cron=1752590277.5731339454650878906250 HTTP/1.1" 200 - "-" "WordPress/6.8.1; https://jrncommunityhousing.charity"
57.141.2.18 - - [15/Jul/2025:14:37:57 +0000] "GET /?i=42198347111970& HTTP/1.1" 301 - "-" "meta-externalagent/1.1 (+https://developers.facebook.com/docs/sharing/webmasters/crawler)"
57.141.2.4 - - [15/Jul/2025:14:37:59 +0000] "GET /?i=62681916011970& HTTP/1.1" 301 - "-" "meta-externalagent/1.1 (+https://developers.facebook.com/docs/sharing/webmasters/crawler)"
57.141.2.5 - - [15/Jul/2025:14:38:02 +0000] "GET /?i=42198347111970 HTTP/1.1" 200 6374 "-" "meta-externalagent/1.1 (+https://developers.facebook.com/docs/sharing/webmasters/crawler)"
57.141.2.12 - - [15/Jul/2025:14:39:52 +0000] "GET /?i=37517278111970& HTTP/1.1" 301 - "-" "meta-externalagent/1.1 (+https://developers.facebook.com/docs/sharing/webmasters/crawler)"
209.74.77.214 - - [15/Jul/2025:14:42:13 +0000] "POST /wp-cron.php?doing_wp_cron=1752590533.2932488918304443359375 HTTP/1.1" 200 - "-" "WordPress/6.8.1; https://jrncommunityhousing.charity"
57.141.2.5 - - [15/Jul/2025:14:42:13 +0000] "GET /?i=7339309021970& HTTP/1.1" 301 - "-" "meta-externalagent/1.1 (+https://developers.facebook.com/docs/sharing/webmasters/crawler)"
209.74.77.214 - - [15/Jul/2025:14:44:57 +0000] "POST /wp-cron.php?doing_wp_cron=1752590697.9599590301513671875000 HTTP/1.1" 200 - "-" "WordPress/6.8.1; https://jrncommunityhousing.charity"
57.141.2.16 - - [15/Jul/2025:14:44:57 +0000] "GET /?i=62087478001970& HTTP/1.1" 301 - "-" "meta-externalagent/1.1 (+https://developers.facebook.com/docs/sharing/webmasters/crawler)"
209.74.77.214 - - [15/Jul/2025:14:46:31 +0000] "POST /wp-cron.php?doing_wp_cron=1752590791.8155341148376464843750 HTTP/1.1" 200 - "-" "WordPress/6.8.1; https://jrncommunityhousing.charity"
57.141.2.2 - - [15/Jul/2025:14:46:31 +0000] "GET /?i=65080141101970& HTTP/1.1" 301 - "-" "meta-externalagent/1.1 (+https://developers.facebook.com/docs/sharing/webmasters/crawler)"
209.74.77.214 - - [15/Jul/2025:14:47:09 +0000] "POST /wp-cron.php?doing_wp_cron=1752590829.9670319557189941406250 HTTP/1.1" 200 - "-" "WordPress/6.8.1; https://jrncommunityhousing.charity"
57.141.2.30 - - [15/Jul/2025:14:47:09 +0000] "GET /?i=73029120031970& HTTP/1.1" 301 - "-" "meta-externalagent/1.1 (+https://developers.facebook.com/docs/sharing/webmasters/crawler)"
209.74.77.214 - - [15/Jul/2025:14:47:19 +0000] "POST /wp-cron.php?doing_wp_cron=1752590839.8228349685668945312500 HTTP/1.1" 200 - "-" "WordPress/6.8.1; https://jrncommunityhousing.charity"
