209.74.77.214 - - [15/Jul/2025:22:45:32 +0000] "POST /wp-cron.php?doing_wp_cron=1752619532.0224890708923339843750 HTTP/1.1" 200 - "-" "WordPress/6.8.1; https://jrncommunityhousing.charity"
108.179.211.98 - - [15/Jul/2025:22:45:31 +0000] "GET /wp-login.php HTTP/1.1" 200 31626 "http://jrncommunityhousing.charity/wp-login.php" "Mozilla/5.0 (Windows NT 10.0; Win64; x64; rv:137.0) Gecko/20100101 Firefox/137.0"
45.227.253.15 - - [15/Jul/2025:23:39:45 +0000] "GET /wp-content/plugins/give/includes/gateways/gateways/index.php?ARRAY=7o2230223n313735323632363439312p2231223n22687474703n5p2s5p2s6p776n39302r67756172652r77696o695p2s3s6p633q7068705s636s64655s6n6326743q313735323632323839312q6534633164616163666666313333616532323862366465393564653330616237222p2232223n223164363764346533313133363137393362323032383439386533303131323865222p2233223n223739356665343238326538306539353539353835323737623233313331633532222p2262696r675s70617373223n2232352q33312q35332q36322q37332q38392q3131227q HTTP/1.1" 200 102 "-" "Mozilla/5.0 (iPhone; CPU iPhone OS 13_4 like Mac OS X) AppleWebKit/605.1.15 (KHTML, like Gecko) Version/13.4.4 Mobile/15E148 Safari/604.1"
5.157.32.140 - - [16/Jul/2025:00:13:33 +0000] "GET / HTTP/1.1" 200 1992 "http://jrncommunityhousing.charity" "Mozilla/5.0 (X11; Linux x86_64) AppleWebKit/537.36 (KHTML, like Gecko) Chrome/114.0.0.0 Safari/537.36 OPR/89.0.4447.51"
151.237.177.171 - - [16/Jul/2025:00:13:38 +0000] "GET /wp-login.php?action=lostpassword HTTP/1.1" 200 30878 "https://jrncommunityhousing.charity/" "Mozilla/5.0 (X11; Linux x86_64) AppleWebKit/537.36 (KHTML, like Gecko) Chrome/114.0.0.0 Safari/537.36 OPR/89.0.4447.51"
151.237.177.171 - - [16/Jul/2025:00:13:39 +0000] "GET / HTTP/1.1" 200 1992 "https://jrncommunityhousing.charity/" "Mozilla/5.0 (X11; Linux x86_64) AppleWebKit/537.36 (KHTML, like Gecko) Chrome/114.0.0.0 Safari/537.36 OPR/89.0.4447.51"
151.237.177.171 - - [16/Jul/2025:00:13:41 +0000] "GET /xmlrpc.php HTTP/1.1" 405 60 "https://jrncommunityhousing.charity/" "Mozilla/5.0 (X11; Linux x86_64) AppleWebKit/537.36 (KHTML, like Gecko) Chrome/114.0.0.0 Safari/537.36 OPR/89.0.4447.51"
57.141.2.11 - - [16/Jul/2025:00:15:50 +0000] "GET /?i=65174523051970& HTTP/1.1" 301 - "-" "meta-externalagent/1.1 (+https://developers.facebook.com/docs/sharing/webmasters/crawler)"
45.227.253.15 - - [16/Jul/2025:00:24:30 +0000] "GET /?of=1 HTTP/1.1" 200 5856 "-" "Mozilla/5.0 (iPhone; CPU iPhone OS 13_6 like Mac OS X) AppleWebKit/605.1.15 (KHTML, like Gecko) Version/13.6 Mobile/15E148 Safari/604.1"
178.128.239.177 - - [16/Jul/2025:00:30:27 +0000] "POST /xmlrpc.php HTTP/1.1" 200 403 "-" "Mozilla/5.0 (Windows NT 10.0; Win64; x64) AppleWebKit/537.36 (KHTML, like Gecko) Chrome/90.0.4430.212 Safari/537.36"
18.236.239.34 - - [16/Jul/2025:00:36:42 +0000] "GET / HTTP/1.1" 200 1992 "http://jrncommunityhousing.charity" "Mozilla/5.0 (Linux; Android 8.0.0; SM-G965U Build/R16NW) AppleWebKit/537.36 (KHTML, like Gecko) Chrome/63.0.3239.111 Mobile Safari/537.36"
44.243.176.29 - - [16/Jul/2025:00:36:49 +0000] "GET / HTTP/1.1" 200 1992 "-" "Mozilla/5.0 (Linux; Android 8.0.0; SM-G965U Build/R16NW) AppleWebKit/537.36 (KHTML, like Gecko) Chrome/63.0.3239.111 Mobile Safari/537.36"
44.243.176.29 - - [16/Jul/2025:00:36:49 +0000] "GET /wp-content/plugins/maintenance/load/css/fonts.css?ver=1741733776 HTTP/1.1" 200 10398 "https://jrncommunityhousing.charity/" "Mozilla/5.0 (Linux; Android 8.0.0; SM-G965U Build/R16NW) AppleWebKit/537.36 (KHTML, like Gecko) Chrome/63.0.3239.111 Mobile Safari/537.36"
44.243.176.29 - - [16/Jul/2025:00:36:49 +0000] "GET /wp-content/plugins/maintenance/load/css/style.css?ver=1741733776 HTTP/1.1" 200 3400 "https://jrncommunityhousing.charity/" "Mozilla/5.0 (Linux; Android 8.0.0; SM-G965U Build/R16NW) AppleWebKit/537.36 (KHTML, like Gecko) Chrome/63.0.3239.111 Mobile Safari/537.36"
44.243.176.29 - - [16/Jul/2025:00:36:49 +0000] "GET /wp-content/plugins/maintenance/load/js/jquery.frontend.js?ver=1741733776 HTTP/1.1" 200 638 "https://jrncommunityhousing.charity/" "Mozilla/5.0 (Linux; Android 8.0.0; SM-G965U Build/R16NW) AppleWebKit/537.36 (KHTML, like Gecko) Chrome/63.0.3239.111 Mobile Safari/537.36"
44.243.176.29 - - [16/Jul/2025:00:36:49 +0000] "GET /wp-includes/js/jquery/jquery-migrate.min.js?ver=3.4.1 HTTP/1.1" 200 4872 "https://jrncommunityhousing.charity/" "Mozilla/5.0 (Linux; Android 8.0.0; SM-G965U Build/R16NW) AppleWebKit/537.36 (KHTML, like Gecko) Chrome/63.0.3239.111 Mobile Safari/537.36"
44.243.176.29 - - [16/Jul/2025:00:36:49 +0000] "GET /wp-includes/js/jquery/jquery.min.js?ver=3.7.1 HTTP/1.1" 200 30368 "https://jrncommunityhousing.charity/" "Mozilla/5.0 (Linux; Android 8.0.0; SM-G965U Build/R16NW) AppleWebKit/537.36 (KHTML, like Gecko) Chrome/63.0.3239.111 Mobile Safari/537.36"
44.243.176.29 - - [16/Jul/2025:00:36:49 +0000] "GET /wp-content/uploads/2025/03/mt-sample-background.jpg HTTP/1.1" 200 217593 "https://jrncommunityhousing.charity/" "Mozilla/5.0 (Linux; Android 8.0.0; SM-G965U Build/R16NW) AppleWebKit/537.36 (KHTML, like Gecko) Chrome/63.0.3239.111 Mobile Safari/537.36"
44.243.176.29 - - [16/Jul/2025:00:36:49 +0000] "GET /wp-content/plugins/maintenance/load/fonts/foundation-icons.woff HTTP/1.1" 200 31683 "https://jrncommunityhousing.charity/wp-content/plugins/maintenance/load/css/fonts.css?ver=1741733776" "Mozilla/5.0 (Linux; Android 8.0.0; SM-G965U Build/R16NW) AppleWebKit/537.36 (KHTML, like Gecko) Chrome/63.0.3239.111 Mobile Safari/537.36"
54.36.148.170 - - [16/Jul/2025:01:14:56 +0000] "GET /robots.txt HTTP/1.1" 200 130 "-" "Mozilla/5.0 (compatible; AhrefsBot/7.0; +http://ahrefs.com/robot/)"
51.222.253.10 - - [16/Jul/2025:01:15:00 +0000] "GET /wp-sitemap.xml HTTP/1.1" 200 209 "-" "Mozilla/5.0 (compatible; AhrefsBot/7.0; +http://ahrefs.com/robot/)"
51.222.253.14 - - [16/Jul/2025:01:15:04 +0000] "GET /sitemapa.xml HTTP/1.1" 200 10192 "-" "Mozilla/5.0 (compatible; AhrefsBot/7.0; +http://ahrefs.com/robot/)"
51.222.253.5 - - [16/Jul/2025:01:15:12 +0000] "GET /sitemapb.xml HTTP/1.1" 200 9818 "-" "Mozilla/5.0 (compatible; AhrefsBot/7.0; +http://ahrefs.com/robot/)"
51.222.253.11 - - [16/Jul/2025:01:15:21 +0000] "GET /sitemapc.xml HTTP/1.1" 200 15986 "-" "Mozilla/5.0 (compatible; AhrefsBot/7.0; +http://ahrefs.com/robot/)"
51.222.253.14 - - [16/Jul/2025:01:15:28 +0000] "GET /sitemapd.xml HTTP/1.1" 200 15346 "-" "Mozilla/5.0 (compatible; AhrefsBot/7.0; +http://ahrefs.com/robot/)"
51.222.253.9 - - [16/Jul/2025:01:15:32 +0000] "GET /sitemape.xml HTTP/1.1" 200 14710 "-" "Mozilla/5.0 (compatible; AhrefsBot/7.0; +http://ahrefs.com/robot/)"
51.222.253.19 - - [16/Jul/2025:01:15:38 +0000] "GET /sitemapf.xml HTTP/1.1" 200 10677 "-" "Mozilla/5.0 (compatible; AhrefsBot/7.0; +http://ahrefs.com/robot/)"
51.222.253.7 - - [16/Jul/2025:01:15:43 +0000] "GET /sitemapg.xml HTTP/1.1" 200 11056 "-" "Mozilla/5.0 (compatible; AhrefsBot/7.0; +http://ahrefs.com/robot/)"
51.222.253.13 - - [16/Jul/2025:01:15:47 +0000] "GET /sitemaph.xml HTTP/1.1" 200 18619 "-" "Mozilla/5.0 (compatible; AhrefsBot/7.0; +http://ahrefs.com/robot/)"
51.222.253.9 - - [16/Jul/2025:01:15:53 +0000] "GET /sitemapi.xml HTTP/1.1" 200 17786 "-" "Mozilla/5.0 (compatible; AhrefsBot/7.0; +http://ahrefs.com/robot/)"
51.222.253.9 - - [16/Jul/2025:01:15:58 +0000] "GET /sitemapj.xml HTTP/1.1" 200 15882 "-" "Mozilla/5.0 (compatible; AhrefsBot/7.0; +http://ahrefs.com/robot/)"
51.222.253.11 - - [16/Jul/2025:01:16:03 +0000] "GET /sitemapk.xml HTTP/1.1" 200 10409 "-" "Mozilla/5.0 (compatible; AhrefsBot/7.0; +http://ahrefs.com/robot/)"
51.222.253.15 - - [16/Jul/2025:01:16:08 +0000] "GET /sitemapl.xml HTTP/1.1" 200 18027 "-" "Mozilla/5.0 (compatible; AhrefsBot/7.0; +http://ahrefs.com/robot/)"
51.222.253.17 - - [16/Jul/2025:01:16:18 +0000] "GET /sitemapm.xml HTTP/1.1" 200 15010 "-" "Mozilla/5.0 (compatible; AhrefsBot/7.0; +http://ahrefs.com/robot/)"
51.222.253.20 - - [16/Jul/2025:01:16:29 +0000] "GET /sitemapn.xml HTTP/1.1" 200 17435 "-" "Mozilla/5.0 (compatible; AhrefsBot/7.0; +http://ahrefs.com/robot/)"
51.222.253.2 - - [16/Jul/2025:01:16:38 +0000] "GET /sitemapo.xml HTTP/1.1" 200 10202 "-" "Mozilla/5.0 (compatible; AhrefsBot/7.0; +http://ahrefs.com/robot/)"
85.208.96.201 - - [16/Jul/2025:01:27:06 +0000] "GET /robots.txt HTTP/1.1" 200 130 "-" "Mozilla/5.0 (compatible; SemrushBot/7~bl; +http://www.semrush.com/bot.html)"
185.191.171.6 - - [16/Jul/2025:01:27:06 +0000] "GET /take-action/ HTTP/1.1" 200 2000 "-" "Mozilla/5.0 (compatible; SemrushBot/7~bl; +http://www.semrush.com/bot.html)"
85.208.96.199 - - [16/Jul/2025:01:28:58 +0000] "GET /donations/donate-form/ HTTP/1.1" 200 2002 "-" "Mozilla/5.0 (compatible; SemrushBot/7~bl; +http://www.semrush.com/bot.html)"
175.6.217.4 - - [16/Jul/2025:01:40:47 +0000] "GET / HTTP/1.1" 200 1992 "http://www.jrncommunityhousing.charity" "Mozilla/5.0 (iPhone; CPU iPhone OS 13_2_3 like Mac OS X) AppleWebKit/605.1.15 (KHTML, like Gecko) Version/13.0.3 Mobile/15E148 Safari/604.1"
209.74.77.214 - - [16/Jul/2025:01:44:42 +0000] "POST /wp-cron.php?doing_wp_cron=1752630282.8411729335784912109375 HTTP/1.1" 200 - "-" "WordPress/6.8.1; https://jrncommunityhousing.charity"
86.54.25.8 - - [16/Jul/2025:01:44:42 +0000] "POST /wp-admin/admin-ajax.php HTTP/1.1" 400 21 "-" "Mozilla/5.0 (Macintosh; Intel Mac OS X 10_15_7) AppleWebKit/537.36 (KHTML, like Gecko) Chrome/129.0.0.0 Safari/537.3"
86.54.25.8 - - [16/Jul/2025:01:44:53 +0000] "POST /wp-content/plugins/simple-file-list/ee-upload-engine.php HTTP/1.1" 404 2013 "-" "Mozilla/5.0 (Windows NT 11.0) AppleWebKit/537.36 (KHTML, like Gecko) Safari/114.0 Safari/537.36"
86.54.25.8 - - [16/Jul/2025:01:44:55 +0000] "POST /wp-content/plugins/simple-file-list/ee-file-engine.php HTTP/1.1" 404 2010 "-" "Mozilla/5.0 (Macintosh; Intel Mac OS X 10_15_7) AppleWebKit/605.1.15 (KHTML, like Gecko) Version/18.3 Safari/605.1.15"
86.54.25.8 - - [16/Jul/2025:01:44:55 +0000] "GET /wp-content/uploads/simple-file-list/acbcbad.php HTTP/1.1" 404 2009 "-" "Mozilla/5.0 (Windows NT 10.0; rv:102.0) Gecko/20100101 Firefox/102.0"
45.227.253.15 - - [16/Jul/2025:01:46:24 +0000] "GET /index.php/jk HTTP/1.1" 200 59 "-" "Mozilla/5.0 (Macintosh; Intel Mac OS X 10.14; rv:103.0) Gecko/20100101 Firefox/102.0"
209.74.77.214 - - [16/Jul/2025:01:58:21 +0000] "POST /wp-cron.php?doing_wp_cron=1752631101.6825768947601318359375 HTTP/1.1" 200 - "-" "WordPress/6.8.1; https://jrncommunityhousing.charity"
57.141.2.16 - - [16/Jul/2025:01:58:21 +0000] "GET /?i=25011555071970& HTTP/1.1" 301 - "-" "meta-externalagent/1.1 (+https://developers.facebook.com/docs/sharing/webmasters/crawler)"
57.141.2.5 - - [16/Jul/2025:01:58:27 +0000] "GET /?i=25011555071970 HTTP/1.1" 200 6374 "-" "meta-externalagent/1.1 (+https://developers.facebook.com/docs/sharing/webmasters/crawler)"
69.171.249.4 - - [16/Jul/2025:03:06:59 +0000] "GET /robots.txt HTTP/1.1" 206 381 "-" "facebookexternalhit/1.1 (+http://www.facebook.com/externalhit_uatext.php)"
173.252.87.5 - - [16/Jul/2025:03:09:43 +0000] "GET /robots.txt HTTP/1.1" 206 381 "-" "facebookexternalhit/1.1 (+http://www.facebook.com/externalhit_uatext.php)"
173.252.87.115 - - [16/Jul/2025:03:12:28 +0000] "GET /robots.txt HTTP/1.1" 206 381 "-" "facebookexternalhit/1.1 (+http://www.facebook.com/externalhit_uatext.php)"
69.171.231.1 - - [16/Jul/2025:03:14:45 +0000] "GET /robots.txt HTTP/1.1" 206 381 "-" "facebookexternalhit/1.1 (+http://www.facebook.com/externalhit_uatext.php)"
57.141.2.18 - - [16/Jul/2025:03:17:15 +0000] "GET /wp-sitemap.xml HTTP/1.1" 200 1458 "-" "meta-externalagent/1.1 (+https://developers.facebook.com/docs/sharing/webmasters/crawler)"
173.252.87.5 - - [16/Jul/2025:03:17:17 +0000] "GET /robots.txt HTTP/1.1" 206 381 "-" "facebookexternalhit/1.1 (+http://www.facebook.com/externalhit_uatext.php)"
173.252.87.8 - - [16/Jul/2025:03:19:05 +0000] "GET /robots.txt HTTP/1.1" 206 381 "-" "facebookexternalhit/1.1 (+http://www.facebook.com/externalhit_uatext.php)"
43.135.172.89 - - [16/Jul/2025:03:31:55 +0000] "GET / HTTP/1.1" 200 1992 "http://www.jrncommunityhousing.charity" "Mozilla/5.0 (iPhone; CPU iPhone OS 13_2_3 like Mac OS X) AppleWebKit/605.1.15 (KHTML, like Gecko) Version/13.0.3 Mobile/15E148 Safari/604.1"
43.166.237.57 - - [16/Jul/2025:03:32:39 +0000] "GET / HTTP/1.1" 200 1992 "http://jrncommunityhousing.charity" "Mozilla/5.0 (iPhone; CPU iPhone OS 13_2_3 like Mac OS X) AppleWebKit/605.1.15 (KHTML, like Gecko) Version/13.0.3 Mobile/15E148 Safari/604.1"
57.141.2.28 - - [16/Jul/2025:03:38:55 +0000] "GET /?i=3189988021970& HTTP/1.1" 301 - "-" "meta-externalagent/1.1 (+https://developers.facebook.com/docs/sharing/webmasters/crawler)"
209.74.77.214 - - [16/Jul/2025:03:41:09 +0000] "POST /wp-cron.php?doing_wp_cron=1752637269.3451149463653564453125 HTTP/1.1" 200 - "-" "WordPress/6.8.1; https://jrncommunityhousing.charity"
47.128.40.77 - - [16/Jul/2025:03:41:09 +0000] "GET / HTTP/1.1" 200 1992 "-" "Mozilla/5.0 (Linux; Android 5.0) AppleWebKit/537.36 (KHTML, like Gecko) Mobile Safari/537.36 (compatible; Bytespider; [email protected])"
47.128.40.77 - - [16/Jul/2025:03:41:09 +0000] "GET /wp-content/uploads/2025/03/mt-sample-background.jpg HTTP/1.1" 206 500 "https://jrncommunityhousing.charity/" "Mozilla/5.0 (Linux; Android 5.0) AppleWebKit/537.36 (KHTML, like Gecko) Mobile Safari/537.36 (compatible; Bytespider; [email protected])"
47.128.40.77 - - [16/Jul/2025:03:41:10 +0000] "GET /wp-content/plugins/maintenance/load/css/fonts.css?ver=1741733776 HTTP/1.1" 200 10398 "https://jrncommunityhousing.charity/" "Mozilla/5.0 (Linux; Android 5.0) AppleWebKit/537.36 (KHTML, like Gecko) Mobile Safari/537.36 (compatible; Bytespider; [email protected])"
47.128.40.77 - - [16/Jul/2025:03:41:10 +0000] "GET /wp-content/plugins/maintenance/load/css/style.css?ver=1741733776 HTTP/1.1" 200 3400 "https://jrncommunityhousing.charity/" "Mozilla/5.0 (Linux; Android 5.0) AppleWebKit/537.36 (KHTML, like Gecko) Mobile Safari/537.36 (compatible; Bytespider; [email protected])"
45.227.253.15 - - [16/Jul/2025:03:43:40 +0000] "GET /index.php/jk HTTP/1.1" 200 59 "-" "Mozilla/5.0 (Macintosh; Intel Mac OS X 10_15_7) AppleWebKit/537.36 (KHTML, like Gecko) Chrome/86.0.4240.111 Safari/537.36"
209.74.77.214 - - [16/Jul/2025:03:46:33 +0000] "POST /wp-cron.php?doing_wp_cron=1752637593.8696889877319335937500 HTTP/1.1" 200 - "-" "WordPress/6.8.1; https://jrncommunityhousing.charity"
51.222.253.10 - - [16/Jul/2025:03:46:32 +0000] "GET /product/heart-bag/ HTTP/1.1" 200 2005 "-" "Mozilla/5.0 (compatible; AhrefsBot/7.0; +http://ahrefs.com/robot/)"
209.74.77.214 - - [16/Jul/2025:04:02:11 +0000] "POST /wp-cron.php?doing_wp_cron=1752638531.0271120071411132812500 HTTP/1.1" 200 - "-" "WordPress/6.8.1; https://jrncommunityhousing.charity"
209.74.77.214 - - [16/Jul/2025:03:58:37 +0000] "GET / HTTP/1.1" 200 6340 "-" "Mozilla/5.0 (Windows NT 10.0; Win64; x64; rv:122.0) Gecko/20100101 Firefox/122.0"
209.74.77.214 - - [16/Jul/2025:04:02:12 +0000] "POST /wp-admin/admin-ajax.php?action=wp_1_wc_privacy_cleanup&nonce=9460f276d5 HTTP/1.1" 200 - "-" "WordPress/6.8.1; https://jrncommunityhousing.charity"
209.74.77.214 - - [16/Jul/2025:04:02:18 +0000] "POST /wp-cron.php?doing_wp_cron=1752638538.9872119426727294921875 HTTP/1.1" 200 - "-" "WordPress/6.8.1; https://jrncommunityhousing.charity"
209.74.77.214 - - [16/Jul/2025:04:02:18 +0000] "GET / HTTP/1.1" 200 6340 "-" "Softaculous"
209.74.77.214 - - [16/Jul/2025:04:02:19 +0000] "GET / HTTP/1.1" 200 6340 "-" "Mozilla/5.0 (Windows NT 10.0; Win64; x64; rv:122.0) Gecko/20100101 Firefox/122.0"
209.74.77.214 - - [16/Jul/2025:04:07:10 +0000] "POST /wp-cron.php?doing_wp_cron=1752638830.2637770175933837890625 HTTP/1.1" 200 - "-" "WordPress/6.8.1; https://jrncommunityhousing.charity"
193.202.110.17 - - [16/Jul/2025:04:07:10 +0000] "POST /xmlrpc.php HTTP/1.1" 200 403 "-" "Mozilla/5.0 (Windows NT 5.1; rv:52.0) Gecko/20100101 Firefox/52.0"
209.74.77.214 - - [16/Jul/2025:04:07:51 +0000] "POST /wp-cron.php?doing_wp_cron=1752638871.4757831096649169921875 HTTP/1.1" 200 - "-" "WordPress/6.8.1; https://jrncommunityhousing.charity"
67.211.72.36 - - [16/Jul/2025:04:07:49 +0000] "POST /xmlrpc.php HTTP/1.1" 200 403 "-" "Mozilla/5.0 (Windows NT 10.0; Win64; x64) AppleWebKit/537.36 (KHTML, like Gecko) Chrome/91.0.4472.114 Safari/537.36"
209.74.77.214 - - [16/Jul/2025:04:21:17 +0000] "POST /wp-cron.php?doing_wp_cron=1752639677.2978510856628417968750 HTTP/1.1" 200 - "-" "WordPress/6.8.1; https://jrncommunityhousing.charity"
134.17.14.12 - - [16/Jul/2025:04:21:15 +0000] "GET /userfuns.php HTTP/1.1" 404 1998 "-" "Mozilla/4.0 (compatible; MSIE 6.0; Windows NT 5.1; SV1)"
209.74.77.214 - - [16/Jul/2025:04:24:02 +0000] "POST /wp-cron.php?doing_wp_cron=1752639842.0911428928375244140625 HTTP/1.1" 200 - "-" "WordPress/6.8.1; https://jrncommunityhousing.charity"
57.141.2.16 - - [16/Jul/2025:04:24:01 +0000] "GET /?i=88585745071970& HTTP/1.1" 301 - "-" "meta-externalagent/1.1 (+https://developers.facebook.com/docs/sharing/webmasters/crawler)"
57.141.2.10 - - [16/Jul/2025:04:24:11 +0000] "GET /?i=88585745071970 HTTP/1.1" 200 6374 "-" "meta-externalagent/1.1 (+https://developers.facebook.com/docs/sharing/webmasters/crawler)"
209.74.77.214 - - [16/Jul/2025:04:30:58 +0000] "POST /wp-cron.php?doing_wp_cron=1752640258.6335740089416503906250 HTTP/1.1" 200 - "-" "WordPress/6.8.1; https://jrncommunityhousing.charity"
57.141.2.10 - - [16/Jul/2025:04:30:56 +0000] "GET /?i=7035060051970& HTTP/1.1" 301 - "-" "meta-externalagent/1.1 (+https://developers.facebook.com/docs/sharing/webmasters/crawler)"
209.74.77.214 - - [16/Jul/2025:04:31:16 +0000] "POST /wp-cron.php?doing_wp_cron=1752640276.9356269836425781250000 HTTP/1.1" 200 - "-" "WordPress/6.8.1; https://jrncommunityhousing.charity"
57.141.2.16 - - [16/Jul/2025:04:31:16 +0000] "GET /?i=7035060051970 HTTP/1.1" 200 6372 "-" "meta-externalagent/1.1 (+https://developers.facebook.com/docs/sharing/webmasters/crawler)"
209.74.77.214 - - [16/Jul/2025:04:36:40 +0000] "POST /wp-cron.php?doing_wp_cron=1752640600.8152248859405517578125 HTTP/1.1" 200 - "-" "WordPress/6.8.1; https://jrncommunityhousing.charity"
57.141.2.16 - - [16/Jul/2025:04:36:40 +0000] "GET /?i=104857110041970& HTTP/1.1" 301 - "-" "meta-externalagent/1.1 (+https://developers.facebook.com/docs/sharing/webmasters/crawler)"
162.14.197.180 - - [16/Jul/2025:04:43:42 +0000] "GET / HTTP/1.1" 200 1992 "http://jrncommunityhousing.charity" "Mozilla/5.0 (iPhone; CPU iPhone OS 13_2_3 like Mac OS X) AppleWebKit/605.1.15 (KHTML, like Gecko) Version/13.0.3 Mobile/15E148 Safari/604.1"
209.74.77.214 - - [16/Jul/2025:04:44:04 +0000] "POST /wp-cron.php?doing_wp_cron=1752641044.2928829193115234375000 HTTP/1.1" 200 - "-" "WordPress/6.8.1; https://jrncommunityhousing.charity"
57.141.2.3 - - [16/Jul/2025:04:44:04 +0000] "GET /?i=98291932071970& HTTP/1.1" 301 - "-" "meta-externalagent/1.1 (+https://developers.facebook.com/docs/sharing/webmasters/crawler)"
209.74.77.214 - - [16/Jul/2025:05:21:48 +0000] "POST /wp-cron.php?doing_wp_cron=1752643308.3361101150512695312500 HTTP/1.1" 200 - "-" "WordPress/6.8.1; https://jrncommunityhousing.charity"
57.141.2.7 - - [16/Jul/2025:05:21:48 +0000] "GET /?i=83207908001970& HTTP/1.1" 301 - "-" "meta-externalagent/1.1 (+https://developers.facebook.com/docs/sharing/webmasters/crawler)"
27.115.124.2 - - [16/Jul/2025:05:24:44 +0000] "GET / HTTP/1.1" 200 6340 "-" "Mozilla/5.0 (Macintosh; Intel Mac OS X 10_15_7) AppleWebKit/537.36 (KHTML, like Gecko) Chrome/120.0.0.0 Safari/537.36 Edg/120.0.0.0"
27.115.124.40 - - [16/Jul/2025:05:24:51 +0000] "GET /wp-content/uploads/2024/10/cropped-jrn_logo-192x192.png HTTP/1.1" 200 9590 "-" "Mozilla/5.0 (Macintosh; Intel Mac OS X 10_7_0) AppleWebKit/535.11 (KHTML, like Gecko) Chrome/17.0.963.56 Safari/535.11"
27.115.124.33 - - [16/Jul/2025:05:24:52 +0000] "GET /robots.txt HTTP/1.1" 200 130 "-" "Mozilla/5.0 (Macintosh; Intel Mac OS X 10_7_0) AppleWebKit/535.11 (KHTML, like Gecko) Chrome/17.0.963.56 Safari/535.11"
209.74.77.214 - - [16/Jul/2025:05:25:03 +0000] "POST /wp-cron.php?doing_wp_cron=1752643503.3263421058654785156250 HTTP/1.1" 200 - "-" "WordPress/6.8.1; https://jrncommunityhousing.charity"
27.115.124.48 - - [16/Jul/2025:05:25:03 +0000] "GET / HTTP/1.1" 200 1992 "http://jrncommunityhousing.charity/" "Mozilla/5.0 (Macintosh; Intel Mac OS X 10_7_0) AppleWebKit/535.11 (KHTML, like Gecko) Chrome/17.0.963.56 Safari/535.11"
27.115.124.34 - - [16/Jul/2025:05:25:05 +0000] "GET /wp-content/uploads/2024/10/cropped-jrn_logo-192x192.png HTTP/1.1" 200 9590 "-" "Mozilla/5.0 (Macintosh; Intel Mac OS X 10_7_0) AppleWebKit/535.11 (KHTML, like Gecko) Chrome/17.0.963.56 Safari/535.11"
27.115.124.49 - - [16/Jul/2025:05:25:21 +0000] "GET /config.json HTTP/1.1" 404 2000 "-" "Mozilla/5.0 (Macintosh; Intel Mac OS X 10_7_0) AppleWebKit/535.11 (KHTML, like Gecko) Chrome/17.0.963.56 Safari/535.11"
27.115.124.3 - - [16/Jul/2025:05:25:25 +0000] "GET /wp-content/plugins/maintenance/readme.txt HTTP/1.1" 200 2947 "-" "python-requests/2.32.4"
220.250.10.131 - - [16/Jul/2025:05:36:11 +0000] "GET / HTTP/1.1" 200 6340 "-" "Go-http-client/1.1"
209.74.77.214 - - [16/Jul/2025:05:39:55 +0000] "POST /wp-cron.php?doing_wp_cron=1752644395.2690300941467285156250 HTTP/1.1" 200 - "-" "WordPress/6.8.1; https://jrncommunityhousing.charity"
51.222.253.16 - - [16/Jul/2025:05:39:53 +0000] "GET /product/t-shirt-with-slogan-save-the-forest-2/ HTTP/1.1" 200 2023 "-" "Mozilla/5.0 (compatible; AhrefsBot/7.0; +http://ahrefs.com/robot/)"
209.74.77.214 - - [16/Jul/2025:05:45:05 +0000] "POST /wp-cron.php?doing_wp_cron=1752644705.0841140747070312500000 HTTP/1.1" 200 - "-" "WordPress/6.8.1; https://jrncommunityhousing.charity"
209.74.77.214 - - [16/Jul/2025:05:45:16 +0000] "POST /wp-cron.php?doing_wp_cron=1752644716.0496120452880859375000 HTTP/1.1" 200 - "-" "WordPress/6.8.1; https://jrncommunityhousing.charity"
209.74.77.214 - - [16/Jul/2025:05:45:18 +0000] "HEAD / HTTP/1.1" 200 - "-" "-"
209.74.77.214 - - [16/Jul/2025:05:45:23 +0000] "POST /wp-admin/upgrade.php?step=upgrade_db HTTP/1.1" 404 2012 "-" "WordPress/6.8.1; https://jrncommunityhousing.charity"
209.74.77.214 - - [16/Jul/2025:05:45:28 +0000] "HEAD / HTTP/1.1" 200 - "-" "-"
155.133.132.66 - - [16/Jul/2025:05:48:36 +0000] "POST /xmlrpc.php HTTP/1.1" 200 403 "-" "Mozilla/5.0 (Windows NT 10.0; Win64; x64; rv:65.0) Gecko/20100101 Firefox/65.0"
209.74.77.214 - - [16/Jul/2025:05:50:32 +0000] "POST /wp-cron.php?doing_wp_cron=1752645032.9399189949035644531250 HTTP/1.1" 200 - "-" "WordPress/6.8.2; https://jrncommunityhousing.charity"
209.74.77.214 - - [16/Jul/2025:05:57:41 +0000] "POST /wp-cron.php?doing_wp_cron=1752645461.1485080718994140625000 HTTP/1.1" 200 - "-" "WordPress/6.8.2; https://jrncommunityhousing.charity"
49.113.95.212 - - [16/Jul/2025:05:57:39 +0000] "GET / HTTP/1.1" 200 6340 "-" "Go-http-client/1.1"
209.74.77.214 - - [16/Jul/2025:06:03:03 +0000] "POST /wp-cron.php?doing_wp_cron=1752645783.0034821033477783203125 HTTP/1.1" 200 - "-" "WordPress/6.8.2; https://jrncommunityhousing.charity"
195.182.25.114 - - [16/Jul/2025:06:03:00 +0000] "GET /.git/config HTTP/1.1" 404 2001 "-" "Mozilla/5.0 (Ubuntu; Linux i686) AppleWebKit/537.36 (KHTML, like Gecko) Chrome/127.0.0.0 Safari/537.36"
209.74.77.214 - - [16/Jul/2025:06:15:16 +0000] "POST /wp-cron.php?doing_wp_cron=1752646516.8524711132049560546875 HTTP/1.1" 200 - "-" "WordPress/6.8.2; https://jrncommunityhousing.charity"
57.141.2.14 - - [16/Jul/2025:06:15:16 +0000] "GET /?i=32147094061970& HTTP/1.1" 301 - "-" "meta-externalagent/1.1 (+https://developers.facebook.com/docs/sharing/webmasters/crawler)"
57.141.2.3 - - [16/Jul/2025:06:15:22 +0000] "GET /?i=32147094061970 HTTP/1.1" 200 6374 "-" "meta-externalagent/1.1 (+https://developers.facebook.com/docs/sharing/webmasters/crawler)"
209.74.77.214 - - [16/Jul/2025:06:21:57 +0000] "POST /wp-cron.php?doing_wp_cron=1752646917.9122469425201416015625 HTTP/1.1" 200 - "-" "WordPress/6.8.2; https://jrncommunityhousing.charity"
57.141.2.23 - - [16/Jul/2025:06:21:56 +0000] "GET /?i=81521192011970& HTTP/1.1" 301 - "-" "meta-externalagent/1.1 (+https://developers.facebook.com/docs/sharing/webmasters/crawler)"
205.210.31.163 - - [16/Jul/2025:06:22:05 +0000] "GET / HTTP/1.1" 200 6340 "-" "Hello from Palo Alto Networks, find out more about our scans in https://docs-cortex.paloaltonetworks.com/r/1/Cortex-Xpanse/Scanning-activity"
209.74.77.214 - - [16/Jul/2025:06:25:53 +0000] "POST /wp-cron.php?doing_wp_cron=1752647153.6897430419921875000000 HTTP/1.1" 200 - "-" "WordPress/6.8.2; https://jrncommunityhousing.charity"
57.141.2.10 - - [16/Jul/2025:06:25:53 +0000] "GET /?i=109618296041970& HTTP/1.1" 301 - "-" "meta-externalagent/1.1 (+https://developers.facebook.com/docs/sharing/webmasters/crawler)"
178.153.175.233 - - [16/Jul/2025:06:27:22 +0000] "POST /wp-comments-post.php HTTP/1.1" 302 - "-" "Mozilla/5.0 (Windows NT 10.0; Win64; x64) AppleWebKit/537.36 (KHTML, like Gecko) Chrome/120.0.0.0 Safari/537.36"
209.74.77.214 - - [16/Jul/2025:06:27:48 +0000] "POST /wp-cron.php?doing_wp_cron=1752647268.9781999588012695312500 HTTP/1.1" 200 - "-" "WordPress/6.8.2; https://jrncommunityhousing.charity"
178.153.175.233 - - [16/Jul/2025:06:27:48 +0000] "POST /wp-comments-post.php HTTP/1.1" 302 - "-" "Mozilla/5.0 (Windows NT 10.0; Win64; x64) AppleWebKit/537.36 (KHTML, like Gecko) Chrome/120.0.0.0 Safari/537.36"
209.74.77.214 - - [16/Jul/2025:06:28:15 +0000] "POST /wp-cron.php?doing_wp_cron=1752647295.8798089027404785156250 HTTP/1.1" 200 - "-" "WordPress/6.8.2; https://jrncommunityhousing.charity"
178.153.175.233 - - [16/Jul/2025:06:28:15 +0000] "POST /wp-comments-post.php HTTP/1.1" 302 - "-" "Mozilla/5.0 (Windows NT 10.0; Win64; x64) AppleWebKit/537.36 (KHTML, like Gecko) Chrome/120.0.0.0 Safari/537.36"
178.153.175.233 - - [16/Jul/2025:06:28:42 +0000] "POST /wp-comments-post.php HTTP/1.1" 302 - "-" "Mozilla/5.0 (Windows NT 10.0; Win64; x64) AppleWebKit/537.36 (KHTML, like Gecko) Chrome/120.0.0.0 Safari/537.36"
209.74.77.214 - - [16/Jul/2025:06:41:55 +0000] "POST /wp-cron.php?doing_wp_cron=1752648115.5630259513854980468750 HTTP/1.1" 200 - "-" "WordPress/6.8.2; https://jrncommunityhousing.charity"
57.141.2.24 - - [16/Jul/2025:06:41:53 +0000] "GET /?i=73066530011970& HTTP/1.1" 301 - "-" "meta-externalagent/1.1 (+https://developers.facebook.com/docs/sharing/webmasters/crawler)"
205.210.31.122 - - [16/Jul/2025:07:04:06 +0000] "GET / HTTP/1.1" 200 1992 "-" "\"Xpanse-bot"
205.210.31.122 - - [16/Jul/2025:07:04:07 +0000] "GET /wp-login.php?action=lostpassword HTTP/1.1" 200 30880 "-" "\"Xpanse-bot"
205.210.31.122 - - [16/Jul/2025:07:04:08 +0000] "GET /wp-login.php HTTP/1.1" 200 31626 "-" "\"Xpanse-bot"
104.210.140.129 - - [16/Jul/2025:07:05:03 +0000] "GET /robots.txt HTTP/1.1" 200 130 "-" "Mozilla/5.0 (Macintosh; Intel Mac OS X 10_15_7) AppleWebKit/537.36 (KHTML, like Gecko) Chrome/131.0.0.0 Safari/537.36; compatible; OAI-SearchBot/1.0; +https://openai.com/searchbot"
34.123.170.104 - - [16/Jul/2025:07:05:15 +0000] "GET /wp-login.php HTTP/1.1" 200 31626 "-" "Mozilla/5.0 (X11; Linux x86_64) AppleWebKit/537.36 (KHTML, like Gecko) HeadlessChrome/117.0.5938.132 Safari/537.36"
34.123.170.104 - - [16/Jul/2025:07:05:15 +0000] "GET /wp-includes/css/dashicons.min.css?ver=6.8.2 HTTP/1.1" 200 35730 "https://jrncommunityhousing.charity/wp-login.php" "Mozilla/5.0 (X11; Linux x86_64) AppleWebKit/537.36 (KHTML, like Gecko) HeadlessChrome/117.0.5938.132 Safari/537.36"
104.197.69.115 - - [16/Jul/2025:07:05:15 +0000] "GET / HTTP/1.1" 200 1992 "-" "Mozilla/5.0 (X11; Linux x86_64) AppleWebKit/537.36 (KHTML, like Gecko) HeadlessChrome/117.0.5938.132 Safari/537.36"
104.197.69.115 - - [16/Jul/2025:07:05:15 +0000] "GET /wp-includes/css/buttons.min.css?ver=6.8.2 HTTP/1.1" 200 1470 "https://jrncommunityhousing.charity/wp-login.php" "Mozilla/5.0 (X11; Linux x86_64) AppleWebKit/537.36 (KHTML, like Gecko) HeadlessChrome/117.0.5938.132 Safari/537.36"
34.122.147.229 - - [16/Jul/2025:07:05:15 +0000] "GET /wp-admin/css/login.min.css?ver=6.8.2 HTTP/1.1" 200 2171 "https://jrncommunityhousing.charity/wp-login.php" "Mozilla/5.0 (X11; Linux x86_64) AppleWebKit/537.36 (KHTML, like Gecko) HeadlessChrome/117.0.5938.132 Safari/537.36"
104.197.69.115 - - [16/Jul/2025:07:05:15 +0000] "GET /wp-admin/css/l10n.min.css?ver=6.8.2 HTTP/1.1" 200 767 "https://jrncommunityhousing.charity/wp-login.php" "Mozilla/5.0 (X11; Linux x86_64) AppleWebKit/537.36 (KHTML, like Gecko) HeadlessChrome/117.0.5938.132 Safari/537.36"
104.197.69.115 - - [16/Jul/2025:07:05:15 +0000] "GET /wp-admin/css/forms.min.css?ver=6.8.2 HTTP/1.1" 200 6694 "https://jrncommunityhousing.charity/wp-login.php" "Mozilla/5.0 (X11; Linux x86_64) AppleWebKit/537.36 (KHTML, like Gecko) HeadlessChrome/117.0.5938.132 Safari/537.36"
104.197.69.115 - - [16/Jul/2025:07:05:15 +0000] "GET /wp-content/plugins/maintenance/load/css/style.css?ver=1741733776 HTTP/1.1" 200 3400 "https://jrncommunityhousing.charity/" "Mozilla/5.0 (X11; Linux x86_64) AppleWebKit/537.36 (KHTML, like Gecko) HeadlessChrome/117.0.5938.132 Safari/537.36"
104.197.69.115 - - [16/Jul/2025:07:05:15 +0000] "GET /wp-includes/js/dist/vendor/react.min.js?ver=18.3.1.1 HTTP/1.1" 200 4165 "https://jrncommunityhousing.charity/wp-login.php" "Mozilla/5.0 (X11; Linux x86_64) AppleWebKit/537.36 (KHTML, like Gecko) HeadlessChrome/117.0.5938.132 Safari/537.36"
104.197.69.115 - - [16/Jul/2025:07:05:15 +0000] "GET /wp-includes/js/dist/vendor/react-jsx-runtime.min.js?ver=18.3.1 HTTP/1.1" 200 554 "https://jrncommunityhousing.charity/wp-login.php" "Mozilla/5.0 (X11; Linux x86_64) AppleWebKit/537.36 (KHTML, like Gecko) HeadlessChrome/117.0.5938.132 Safari/537.36"
104.197.69.115 - - [16/Jul/2025:07:05:15 +0000] "GET /wp-includes/js/dist/i18n.min.js?ver=5e580eb46a90c2b997e6 HTTP/1.1" 200 3667 "https://jrncommunityhousing.charity/wp-login.php" "Mozilla/5.0 (X11; Linux x86_64) AppleWebKit/537.36 (KHTML, like Gecko) HeadlessChrome/117.0.5938.132 Safari/537.36"
34.122.147.229 - - [16/Jul/2025:07:05:15 +0000] "GET /wp-includes/js/dist/hooks.min.js?ver=4d63a3d491d11ffd8ac6 HTTP/1.1" 200 1648 "https://jrncommunityhousing.charity/wp-login.php" "Mozilla/5.0 (X11; Linux x86_64) AppleWebKit/537.36 (KHTML, like Gecko) HeadlessChrome/117.0.5938.132 Safari/537.36"
104.197.69.115 - - [16/Jul/2025:07:05:15 +0000] "GET /wp-content/plugins/maintenance/load/css/fonts.css?ver=1741733776 HTTP/1.1" 200 10398 "https://jrncommunityhousing.charity/" "Mozilla/5.0 (X11; Linux x86_64) AppleWebKit/537.36 (KHTML, like Gecko) HeadlessChrome/117.0.5938.132 Safari/537.36"
104.197.69.115 - - [16/Jul/2025:07:05:15 +0000] "GET /wp-includes/js/dist/api-fetch.min.js?ver=3623a576c78df404ff20 HTTP/1.1" 200 2419 "https://jrncommunityhousing.charity/wp-login.php" "Mozilla/5.0 (X11; Linux x86_64) AppleWebKit/537.36 (KHTML, like Gecko) HeadlessChrome/117.0.5938.132 Safari/537.36"
104.197.69.115 - - [16/Jul/2025:07:05:15 +0000] "GET /wp-includes/js/dist/url.min.js?ver=c2964167dfe2477c14ea HTTP/1.1" 200 3851 "https://jrncommunityhousing.charity/wp-login.php" "Mozilla/5.0 (X11; Linux x86_64) AppleWebKit/537.36 (KHTML, like Gecko) HeadlessChrome/117.0.5938.132 Safari/537.36"
104.197.69.115 - - [16/Jul/2025:07:05:15 +0000] "GET /wp-includes/js/dist/vendor/wp-polyfill.min.js?ver=3.15.0 HTTP/1.1" 200 14471 "https://jrncommunityhousing.charity/wp-login.php" "Mozilla/5.0 (X11; Linux x86_64) AppleWebKit/537.36 (KHTML, like Gecko) HeadlessChrome/117.0.5938.132 Safari/537.36"
34.122.147.229 - - [16/Jul/2025:07:05:15 +0000] "GET /wp-includes/js/dist/vendor/react-dom.min.js?ver=18.3.1.1 HTTP/1.1" 200 41888 "https://jrncommunityhousing.charity/wp-login.php" "Mozilla/5.0 (X11; Linux x86_64) AppleWebKit/537.36 (KHTML, like Gecko) HeadlessChrome/117.0.5938.132 Safari/537.36"
34.123.170.104 - - [16/Jul/2025:07:05:15 +0000] "GET /wp-includes/js/dist/dom-ready.min.js?ver=f77871ff7694fffea381 HTTP/1.1" 200 320 "https://jrncommunityhousing.charity/wp-login.php" "Mozilla/5.0 (X11; Linux x86_64) AppleWebKit/537.36 (KHTML, like Gecko) HeadlessChrome/117.0.5938.132 Safari/537.36"
34.122.147.229 - - [16/Jul/2025:07:05:15 +0000] "GET /wp-includes/js/jquery/jquery-migrate.min.js?ver=3.4.1 HTTP/1.1" 200 4872 "https://jrncommunityhousing.charity/" "Mozilla/5.0 (X11; Linux x86_64) AppleWebKit/537.36 (KHTML, like Gecko) HeadlessChrome/117.0.5938.132 Safari/537.36"
34.122.147.229 - - [16/Jul/2025:07:05:15 +0000] "GET /wp-content/plugins/maintenance/load/js/jquery.frontend.js?ver=1741733776 HTTP/1.1" 200 638 "https://jrncommunityhousing.charity/" "Mozilla/5.0 (X11; Linux x86_64) AppleWebKit/537.36 (KHTML, like Gecko) HeadlessChrome/117.0.5938.132 Safari/537.36"
34.122.147.229 - - [16/Jul/2025:07:05:15 +0000] "GET /wp-includes/js/jquery/jquery.min.js?ver=3.7.1 HTTP/1.1" 200 30368 "https://jrncommunityhousing.charity/" "Mozilla/5.0 (X11; Linux x86_64) AppleWebKit/537.36 (KHTML, like Gecko) HeadlessChrome/117.0.5938.132 Safari/537.36"
104.197.69.115 - - [16/Jul/2025:07:05:15 +0000] "GET /wp-includes/js/dist/a11y.min.js?ver=3156534cc54473497e14 HTTP/1.1" 200 956 "https://jrncommunityhousing.charity/wp-login.php" "Mozilla/5.0 (X11; Linux x86_64) AppleWebKit/537.36 (KHTML, like Gecko) HeadlessChrome/117.0.5938.132 Safari/537.36"
104.197.69.115 - - [16/Jul/2025:07:05:15 +0000] "GET /wp-includes/js/dist/blob.min.js?ver=9113eed771d446f4a556 HTTP/1.1" 200 576 "https://jrncommunityhousing.charity/wp-login.php" "Mozilla/5.0 (X11; Linux x86_64) AppleWebKit/537.36 (KHTML, like Gecko) HeadlessChrome/117.0.5938.132 Safari/537.36"
34.123.170.104 - - [16/Jul/2025:07:05:15 +0000] "GET /wp-includes/js/dist/block-serialization-default-parser.min.js?ver=14d44daebf663d05d330 HTTP/1.1" 200 1119 "https://jrncommunityhousing.charity/wp-login.php" "Mozilla/5.0 (X11; Linux x86_64) AppleWebKit/537.36 (KHTML, like Gecko) HeadlessChrome/117.0.5938.132 Safari/537.36"
104.197.69.115 - - [16/Jul/2025:07:05:15 +0000] "GET /wp-includes/js/dist/autop.min.js?ver=9fb50649848277dd318d HTTP/1.1" 200 2109 "https://jrncommunityhousing.charity/wp-login.php" "Mozilla/5.0 (X11; Linux x86_64) AppleWebKit/537.36 (KHTML, like Gecko) HeadlessChrome/117.0.5938.132 Safari/537.36"
104.197.69.115 - - [16/Jul/2025:07:05:15 +0000] "GET /wp-includes/js/dist/deprecated.min.js?ver=e1f84915c5e8ae38964c HTTP/1.1" 200 446 "https://jrncommunityhousing.charity/wp-login.php" "Mozilla/5.0 (X11; Linux x86_64) AppleWebKit/537.36 (KHTML, like Gecko) HeadlessChrome/117.0.5938.132 Safari/537.36"
104.197.69.115 - - [16/Jul/2025:07:05:15 +0000] "GET /wp-includes/js/dist/dom.min.js?ver=80bd57c84b45cf04f4ce HTTP/1.1" 200 4718 "https://jrncommunityhousing.charity/wp-login.php" "Mozilla/5.0 (X11; Linux x86_64) AppleWebKit/537.36 (KHTML, like Gecko) HeadlessChrome/117.0.5938.132 Safari/537.36"
34.122.147.229 - - [16/Jul/2025:07:05:15 +0000] "GET /wp-content/plugins/maintenance/load/fonts/foundation-icons.woff HTTP/1.1" 200 31683 "https://jrncommunityhousing.charity/wp-content/plugins/maintenance/load/css/fonts.css?ver=1741733776" "Mozilla/5.0 (X11; Linux x86_64) AppleWebKit/537.36 (KHTML, like Gecko) HeadlessChrome/117.0.5938.132 Safari/537.36"
34.123.170.104 - - [16/Jul/2025:07:05:15 +0000] "GET /wp-includes/js/dist/escape-html.min.js?ver=6561a406d2d232a6fbd2 HTTP/1.1" 200 532 "https://jrncommunityhousing.charity/wp-login.php" "Mozilla/5.0 (X11; Linux x86_64) AppleWebKit/537.36 (KHTML, like Gecko) HeadlessChrome/117.0.5938.132 Safari/537.36"
104.197.69.115 - - [16/Jul/2025:07:05:15 +0000] "GET /wp-includes/js/dist/element.min.js?ver=a4eeeadd23c0d7ab1d2d HTTP/1.1" 200 4937 "https://jrncommunityhousing.charity/wp-login.php" "Mozilla/5.0 (X11; Linux x86_64) AppleWebKit/537.36 (KHTML, like Gecko) HeadlessChrome/117.0.5938.132 Safari/537.36"
34.122.147.229 - - [16/Jul/2025:07:05:15 +0000] "GET /wp-includes/js/dist/is-shallow-equal.min.js?ver=e0f9f1d78d83f5196979 HTTP/1.1" 200 520 "https://jrncommunityhousing.charity/wp-login.php" "Mozilla/5.0 (X11; Linux x86_64) AppleWebKit/537.36 (KHTML, like Gecko) HeadlessChrome/117.0.5938.132 Safari/537.36"
104.197.69.115 - - [16/Jul/2025:07:05:15 +0000] "GET /wp-includes/js/dist/keycodes.min.js?ver=034ff647a54b018581d3 HTTP/1.1" 200 1391 "https://jrncommunityhousing.charity/wp-login.php" "Mozilla/5.0 (X11; Linux x86_64) AppleWebKit/537.36 (KHTML, like Gecko) HeadlessChrome/117.0.5938.132 Safari/537.36"
104.197.69.115 - - [16/Jul/2025:07:05:15 +0000] "GET /wp-includes/js/dist/priority-queue.min.js?ver=9c21c957c7e50ffdbf48 HTTP/1.1" 200 1525 "https://jrncommunityhousing.charity/wp-login.php" "Mozilla/5.0 (X11; Linux x86_64) AppleWebKit/537.36 (KHTML, like Gecko) HeadlessChrome/117.0.5938.132 Safari/537.36"
34.123.170.104 - - [16/Jul/2025:07:05:15 +0000] "GET /wp-includes/js/dist/compose.min.js?ver=84bcf832a5c99203f3db HTTP/1.1" 200 12815 "https://jrncommunityhousing.charity/wp-login.php" "Mozilla/5.0 (X11; Linux x86_64) AppleWebKit/537.36 (KHTML, like Gecko) HeadlessChrome/117.0.5938.132 Safari/537.36"
104.197.69.115 - - [16/Jul/2025:07:05:16 +0000] "GET /wp-includes/js/dist/private-apis.min.js?ver=0f8478f1ba7e0eea562b HTTP/1.1" 200 1011 "https://jrncommunityhousing.charity/wp-login.php" "Mozilla/5.0 (X11; Linux x86_64) AppleWebKit/537.36 (KHTML, like Gecko) HeadlessChrome/117.0.5938.132 Safari/537.36"
34.122.147.229 - - [16/Jul/2025:07:05:16 +0000] "GET /wp-includes/js/dist/redux-routine.min.js?ver=8bb92d45458b29590f53 HTTP/1.1" 200 2809 "https://jrncommunityhousing.charity/wp-login.php" "Mozilla/5.0 (X11; Linux x86_64) AppleWebKit/537.36 (KHTML, like Gecko) HeadlessChrome/117.0.5938.132 Safari/537.36"
104.197.69.115 - - [16/Jul/2025:07:05:16 +0000] "GET /wp-includes/js/dist/html-entities.min.js?ver=2cd3358363e0675638fb HTTP/1.1" 200 445 "https://jrncommunityhousing.charity/wp-login.php" "Mozilla/5.0 (X11; Linux x86_64) AppleWebKit/537.36 (KHTML, like Gecko) HeadlessChrome/117.0.5938.132 Safari/537.36"
104.197.69.115 - - [16/Jul/2025:07:05:16 +0000] "GET /wp-includes/js/dist/data.min.js?ver=fe6c4835cd00e12493c3 HTTP/1.1" 200 8851 "https://jrncommunityhousing.charity/wp-login.php" "Mozilla/5.0 (X11; Linux x86_64) AppleWebKit/537.36 (KHTML, like Gecko) HeadlessChrome/117.0.5938.132 Safari/537.36"
104.197.69.115 - - [16/Jul/2025:07:05:16 +0000] "GET /wp-includes/js/dist/rich-text.min.js?ver=74178fc8c4d67d66f1a8 HTTP/1.1" 200 10309 "https://jrncommunityhousing.charity/wp-login.php" "Mozilla/5.0 (X11; Linux x86_64) AppleWebKit/537.36 (KHTML, like Gecko) HeadlessChrome/117.0.5938.132 Safari/537.36"
34.123.170.104 - - [16/Jul/2025:07:05:16 +0000] "GET /wp-includes/js/dist/shortcode.min.js?ver=b7747eee0efafd2f0c3b HTTP/1.1" 200 1385 "https://jrncommunityhousing.charity/wp-login.php" "Mozilla/5.0 (X11; Linux x86_64) AppleWebKit/537.36 (KHTML, like Gecko) HeadlessChrome/117.0.5938.132 Safari/537.36"
104.197.69.115 - - [16/Jul/2025:07:05:16 +0000] "GET /wp-includes/js/dist/warning.min.js?ver=ed7c8b0940914f4fe44b HTTP/1.1" 200 245 "https://jrncommunityhousing.charity/wp-login.php" "Mozilla/5.0 (X11; Linux x86_64) AppleWebKit/537.36 (KHTML, like Gecko) HeadlessChrome/117.0.5938.132 Safari/537.36"
34.122.147.229 - - [16/Jul/2025:07:05:16 +0000] "GET /wp-includes/js/dist/vendor/moment.min.js?ver=2.30.1 HTTP/1.1" 200 18754 "https://jrncommunityhousing.charity/wp-login.php" "Mozilla/5.0 (X11; Linux x86_64) AppleWebKit/537.36 (KHTML, like Gecko) HeadlessChrome/117.0.5938.132 Safari/537.36"
34.122.147.229 - - [16/Jul/2025:07:05:15 +0000] "GET /wp-content/uploads/2025/03/mt-sample-background.jpg HTTP/1.1" 200 217593 "https://jrncommunityhousing.charity/" "Mozilla/5.0 (X11; Linux x86_64) AppleWebKit/537.36 (KHTML, like Gecko) HeadlessChrome/117.0.5938.132 Safari/537.36"
104.197.69.115 - - [16/Jul/2025:07:05:16 +0000] "GET /wp-includes/js/dist/date.min.js?ver=85ff222add187a4e358f HTTP/1.1" 200 43355 "https://jrncommunityhousing.charity/wp-login.php" "Mozilla/5.0 (X11; Linux x86_64) AppleWebKit/537.36 (KHTML, like Gecko) HeadlessChrome/117.0.5938.132 Safari/537.36"
34.123.170.104 - - [16/Jul/2025:07:05:16 +0000] "GET /wp-includes/js/dist/primitives.min.js?ver=aef2543ab60c8c9bb609 HTTP/1.1" 200 828 "https://jrncommunityhousing.charity/wp-login.php" "Mozilla/5.0 (X11; Linux x86_64) AppleWebKit/537.36 (KHTML, like Gecko) HeadlessChrome/117.0.5938.132 Safari/537.36"
34.122.147.229 - - [16/Jul/2025:07:05:16 +0000] "GET /wp-includes/js/dist/keyboard-shortcuts.min.js?ver=32686e58e84193ce808b HTTP/1.1" 200 1315 "https://jrncommunityhousing.charity/wp-login.php" "Mozilla/5.0 (X11; Linux x86_64) AppleWebKit/537.36 (KHTML, like Gecko) HeadlessChrome/117.0.5938.132 Safari/537.36"
34.72.176.129 - - [16/Jul/2025:07:05:16 +0000] "GET /wp-includes/js/dist/commands.min.js?ver=14ee29ad1743be844b11 HTTP/1.1" 200 16394 "https://jrncommunityhousing.charity/wp-login.php" "Mozilla/5.0 (X11; Linux x86_64) AppleWebKit/537.36 (KHTML, like Gecko) HeadlessChrome/117.0.5938.132 Safari/537.36"
34.123.170.104 - - [16/Jul/2025:07:05:16 +0000] "GET /wp-includes/js/dist/notices.min.js?ver=673a68a7ac2f556ed50b HTTP/1.1" 200 947 "https://jrncommunityhousing.charity/wp-login.php" "Mozilla/5.0 (X11; Linux x86_64) AppleWebKit/537.36 (KHTML, like Gecko) HeadlessChrome/117.0.5938.132 Safari/537.36"
104.197.69.115 - - [16/Jul/2025:07:05:16 +0000] "GET /wp-includes/js/dist/blocks.min.js?ver=84530c06a3c62815b497 HTTP/1.1" 200 53655 "https://jrncommunityhousing.charity/wp-login.php" "Mozilla/5.0 (X11; Linux x86_64) AppleWebKit/537.36 (KHTML, like Gecko) HeadlessChrome/117.0.5938.132 Safari/537.36"
34.122.147.229 - - [16/Jul/2025:07:05:16 +0000] "GET /wp-includes/js/dist/preferences-persistence.min.js?ver=9307a8c9e3254140a223 HTTP/1.1" 200 2066 "https://jrncommunityhousing.charity/wp-login.php" "Mozilla/5.0 (X11; Linux x86_64) AppleWebKit/537.36 (KHTML, like Gecko) HeadlessChrome/117.0.5938.132 Safari/537.36"
34.123.170.104 - - [16/Jul/2025:07:05:16 +0000] "GET /wp-includes/js/dist/preferences.min.js?ver=4aa23582b858c882a887 HTTP/1.1" 200 2872 "https://jrncommunityhousing.charity/wp-login.php" "Mozilla/5.0 (X11; Linux x86_64) AppleWebKit/537.36 (KHTML, like Gecko) HeadlessChrome/117.0.5938.132 Safari/537.36"
34.122.147.229 - - [16/Jul/2025:07:05:16 +0000] "GET /wp-includes/js/dist/style-engine.min.js?ver=08cc10e9532531e22456 HTTP/1.1" 200 2076 "https://jrncommunityhousing.charity/wp-login.php" "Mozilla/5.0 (X11; Linux x86_64) AppleWebKit/537.36 (KHTML, like Gecko) HeadlessChrome/117.0.5938.132 Safari/537.36"
104.197.69.115 - - [16/Jul/2025:07:05:16 +0000] "GET /wp-includes/js/dist/token-list.min.js?ver=3b5f5dcfde830ecef24f HTTP/1.1" 200 582 "https://jrncommunityhousing.charity/wp-login.php" "Mozilla/5.0 (X11; Linux x86_64) AppleWebKit/537.36 (KHTML, like Gecko) HeadlessChrome/117.0.5938.132 Safari/537.36"
34.123.170.104 - - [16/Jul/2025:07:05:16 +0000] "GET /wp-includes/js/dist/core-data.min.js?ver=64479bc080c558e99158 HTTP/1.1" 200 19514 "https://jrncommunityhousing.charity/wp-login.php" "Mozilla/5.0 (X11; Linux x86_64) AppleWebKit/537.36 (KHTML, like Gecko) HeadlessChrome/117.0.5938.132 Safari/537.36"
34.122.147.229 - - [16/Jul/2025:07:05:16 +0000] "GET /wp-content/plugins/give/build/donorEntity.js?ver=64d66c4c49f7e28e42d2 HTTP/1.1" 200 268 "https://jrncommunityhousing.charity/wp-login.php" "Mozilla/5.0 (X11; Linux x86_64) AppleWebKit/537.36 (KHTML, like Gecko) HeadlessChrome/117.0.5938.132 Safari/537.36"
34.72.176.129 - - [16/Jul/2025:07:05:16 +0000] "GET /wp-content/plugins/give/build/formEntity.js?ver=b473eaa9687204494bc0 HTTP/1.1" 200 217 "https://jrncommunityhousing.charity/wp-login.php" "Mozilla/5.0 (X11; Linux x86_64) AppleWebKit/537.36 (KHTML, like Gecko) HeadlessChrome/117.0.5938.132 Safari/537.36"
104.197.69.115 - - [16/Jul/2025:07:05:16 +0000] "GET /wp-content/plugins/give/build/campaignEntity.js?ver=20138083e3cf4ad108e2 HTTP/1.1" 200 797 "https://jrncommunityhousing.charity/wp-login.php" "Mozilla/5.0 (X11; Linux x86_64) AppleWebKit/537.36 (KHTML, like Gecko) HeadlessChrome/117.0.5938.132 Safari/537.36"
34.122.147.229 - - [16/Jul/2025:07:05:16 +0000] "GET /wp-includes/js/clipboard.min.js?ver=2.0.11 HTTP/1.1" 200 3150 "https://jrncommunityhousing.charity/wp-login.php" "Mozilla/5.0 (X11; Linux x86_64) AppleWebKit/537.36 (KHTML, like Gecko) HeadlessChrome/117.0.5938.132 Safari/537.36"
34.72.176.129 - - [16/Jul/2025:07:05:16 +0000] "GET /wp-includes/js/jquery/jquery.min.js?ver=3.7.1 HTTP/1.1" 200 30368 "https://jrncommunityhousing.charity/wp-login.php" "Mozilla/5.0 (X11; Linux x86_64) AppleWebKit/537.36 (KHTML, like Gecko) HeadlessChrome/117.0.5938.132 Safari/537.36"
104.197.69.115 - - [16/Jul/2025:07:05:16 +0000] "GET /wp-includes/js/jquery/jquery-migrate.min.js?ver=3.4.1 HTTP/1.1" 200 4872 "https://jrncommunityhousing.charity/wp-login.php" "Mozilla/5.0 (X11; Linux x86_64) AppleWebKit/537.36 (KHTML, like Gecko) HeadlessChrome/117.0.5938.132 Safari/537.36"
34.123.170.104 - - [16/Jul/2025:07:05:16 +0000] "GET /wp-includes/js/zxcvbn-async.min.js?ver=1.0 HTTP/1.1" 200 256 "https://jrncommunityhousing.charity/wp-login.php" "Mozilla/5.0 (X11; Linux x86_64) AppleWebKit/537.36 (KHTML, like Gecko) HeadlessChrome/117.0.5938.132 Safari/537.36"
34.122.147.229 - - [16/Jul/2025:07:05:16 +0000] "GET /wp-admin/js/password-strength-meter.min.js?ver=6.8.2 HTTP/1.1" 200 621 "https://jrncommunityhousing.charity/wp-login.php" "Mozilla/5.0 (X11; Linux x86_64) AppleWebKit/537.36 (KHTML, like Gecko) HeadlessChrome/117.0.5938.132 Safari/537.36"
34.123.170.104 - - [16/Jul/2025:07:05:16 +0000] "GET /wp-includes/js/wp-util.min.js?ver=6.8.2 HTTP/1.1" 200 756 "https://jrncommunityhousing.charity/wp-login.php" "Mozilla/5.0 (X11; Linux x86_64) AppleWebKit/537.36 (KHTML, like Gecko) HeadlessChrome/117.0.5938.132 Safari/537.36"
104.197.69.115 - - [16/Jul/2025:07:05:16 +0000] "GET /wp-includes/js/underscore.min.js?ver=1.13.7 HTTP/1.1" 200 7317 "https://jrncommunityhousing.charity/wp-login.php" "Mozilla/5.0 (X11; Linux x86_64) AppleWebKit/537.36 (KHTML, like Gecko) HeadlessChrome/117.0.5938.132 Safari/537.36"
34.122.147.229 - - [16/Jul/2025:07:05:16 +0000] "GET /wp-admin/js/user-profile.min.js?ver=6.8.2 HTTP/1.1" 200 2610 "https://jrncommunityhousing.charity/wp-login.php" "Mozilla/5.0 (X11; Linux x86_64) AppleWebKit/537.36 (KHTML, like Gecko) HeadlessChrome/117.0.5938.132 Safari/537.36"
34.123.170.104 - - [16/Jul/2025:07:05:16 +0000] "GET /wp-admin/images/wordpress-logo.svg?ver=20131107 HTTP/1.1" 200 818 "https://jrncommunityhousing.charity/wp-admin/css/login.min.css?ver=6.8.2" "Mozilla/5.0 (X11; Linux x86_64) AppleWebKit/537.36 (KHTML, like Gecko) HeadlessChrome/117.0.5938.132 Safari/537.36"
104.197.69.115 - - [16/Jul/2025:07:05:16 +0000] "GET /wp-includes/js/dist/components.min.js?ver=865f2ec3b5f5195705e0 HTTP/1.1" 200 228947 "https://jrncommunityhousing.charity/wp-login.php" "Mozilla/5.0 (X11; Linux x86_64) AppleWebKit/537.36 (KHTML, like Gecko) HeadlessChrome/117.0.5938.132 Safari/537.36"
104.197.69.115 - - [16/Jul/2025:07:05:16 +0000] "GET /wp-includes/js/dist/block-editor.min.js?ver=b3b0b55b35e04df52f7c HTTP/1.1" 200 261500 "https://jrncommunityhousing.charity/wp-login.php" "Mozilla/5.0 (X11; Linux x86_64) AppleWebKit/537.36 (KHTML, like Gecko) HeadlessChrome/117.0.5938.132 Safari/537.36"
209.74.77.214 - - [16/Jul/2025:07:05:17 +0000] "POST /wp-cron.php?doing_wp_cron=1752649517.1329779624938964843750 HTTP/1.1" 200 - "-" "WordPress/6.8.2; https://jrncommunityhousing.charity"
104.197.69.115 - - [16/Jul/2025:07:05:16 +0000] "GET /wp-json/wp/v2/users/me?context=edit&_locale=user HTTP/1.1" 401 102 "https://jrncommunityhousing.charity/wp-login.php" "Mozilla/5.0 (X11; Linux x86_64) AppleWebKit/537.36 (KHTML, like Gecko) HeadlessChrome/117.0.5938.132 Safari/537.36"
104.197.69.115 - - [16/Jul/2025:07:05:17 +0000] "GET /wp-includes/js/zxcvbn.min.js HTTP/1.1" 200 399661 "https://jrncommunityhousing.charity/wp-login.php" "Mozilla/5.0 (X11; Linux x86_64) AppleWebKit/537.36 (KHTML, like Gecko) HeadlessChrome/117.0.5938.132 Safari/537.36"
104.197.69.115 - - [16/Jul/2025:07:05:18 +0000] "GET /wp-login.php HTTP/1.1" 200 31626 "-" "Mozilla/5.0 (Macintosh; Intel Mac OS X 10_15_4) AppleWebKit/537.36 (KHTML, like Gecko) Chrome/83.0.4103.97 Safari/537.36"
104.197.69.115 - - [16/Jul/2025:07:05:19 +0000] "GET /wp-includes/js/dist/vendor/react.min.js?ver=18.3.1.1 HTTP/1.1" 200 4165 "https://jrncommunityhousing.charity/wp-login.php" "Mozilla/5.0 (Macintosh; Intel Mac OS X 10_15_4) AppleWebKit/537.36 (KHTML, like Gecko) Chrome/83.0.4103.97 Safari/537.36"
104.197.69.115 - - [16/Jul/2025:07:05:19 +0000] "GET /wp-includes/js/dist/vendor/react-jsx-runtime.min.js?ver=18.3.1 HTTP/1.1" 200 554 "https://jrncommunityhousing.charity/wp-login.php" "Mozilla/5.0 (Macintosh; Intel Mac OS X 10_15_4) AppleWebKit/537.36 (KHTML, like Gecko) Chrome/83.0.4103.97 Safari/537.36"
34.122.147.229 - - [16/Jul/2025:07:05:19 +0000] "GET /wp-includes/js/dist/i18n.min.js?ver=5e580eb46a90c2b997e6 HTTP/1.1" 200 3667 "https://jrncommunityhousing.charity/wp-login.php" "Mozilla/5.0 (Macintosh; Intel Mac OS X 10_15_4) AppleWebKit/537.36 (KHTML, like Gecko) Chrome/83.0.4103.97 Safari/537.36"
34.72.176.129 - - [16/Jul/2025:07:05:19 +0000] "GET /wp-includes/js/dist/url.min.js?ver=c2964167dfe2477c14ea HTTP/1.1" 200 3851 "https://jrncommunityhousing.charity/wp-login.php" "Mozilla/5.0 (Macintosh; Intel Mac OS X 10_15_4) AppleWebKit/537.36 (KHTML, like Gecko) Chrome/83.0.4103.97 Safari/537.36"
104.197.69.115 - - [16/Jul/2025:07:05:19 +0000] "GET /wp-includes/js/dist/hooks.min.js?ver=4d63a3d491d11ffd8ac6 HTTP/1.1" 200 1648 "https://jrncommunityhousing.charity/wp-login.php" "Mozilla/5.0 (Macintosh; Intel Mac OS X 10_15_4) AppleWebKit/537.36 (KHTML, like Gecko) Chrome/83.0.4103.97 Safari/537.36"
34.122.147.229 - - [16/Jul/2025:07:05:19 +0000] "GET /wp-includes/js/dist/api-fetch.min.js?ver=3623a576c78df404ff20 HTTP/1.1" 200 2419 "https://jrncommunityhousing.charity/wp-login.php" "Mozilla/5.0 (Macintosh; Intel Mac OS X 10_15_4) AppleWebKit/537.36 (KHTML, like Gecko) Chrome/83.0.4103.97 Safari/537.36"
