66.249.79.232 - - [15/Jul/2025:19:29:54 +0000] "POST /get-message-notify HTTP/1.1" 200 19474 "https://www.kelaby.company/?h=23979392041960&mod=62c1507b&uri=article.php?detail/1652716" "Mozilla/5.0 (Linux; Android 6.0.1; Nexus 5X Build/MMB29P) AppleWebKit/537.36 (KHTML, like Gecko) Chrome/137.0.7151.119 Mobile Safari/537.36 (compatible; Googlebot/2.1; +http://www.google.com/bot.html)"
66.249.79.232 - - [15/Jul/2025:19:29:56 +0000] "POST /get-message-notify HTTP/1.1" 200 19474 "https://www.kelaby.company/?h=23979392041960&mod=62c1507b&uri=article.php?game.html" "Mozilla/5.0 (Linux; Android 6.0.1; Nexus 5X Build/MMB29P) AppleWebKit/537.36 (KHTML, like Gecko) Chrome/137.0.7151.119 Mobile Safari/537.36 (compatible; Googlebot/2.1; +http://www.google.com/bot.html)"
209.74.77.214 - - [15/Jul/2025:19:30:04 +0000] "POST /wp-cron.php?doing_wp_cron=1752607804.1378331184387207031250 HTTP/1.1" 200 - "-" "WordPress/6.8.1; https://kelaby.company"
216.73.216.13 - - [15/Jul/2025:19:30:03 +0000] "GET /detail/697356982 HTTP/1.1" 404 16357 "-" "Mozilla/5.0 AppleWebKit/537.36 (KHTML, like Gecko; compatible; ClaudeBot/1.0; [email protected])"
216.73.216.13 - - [15/Jul/2025:19:30:06 +0000] "GET /detail/697055899 HTTP/1.1" 404 16356 "-" "Mozilla/5.0 AppleWebKit/537.36 (KHTML, like Gecko; compatible; ClaudeBot/1.0; [email protected])"
216.73.216.13 - - [15/Jul/2025:19:30:09 +0000] "GET /detail/697292855 HTTP/1.1" 404 16356 "-" "Mozilla/5.0 AppleWebKit/537.36 (KHTML, like Gecko; compatible; ClaudeBot/1.0; [email protected])"
66.249.79.233 - - [15/Jul/2025:19:30:12 +0000] "GET /?h=23979392041960&mod=62c1507b&uri=article.php?detail/1676061 HTTP/1.1" 200 21529 "-" "Mozilla/5.0 (Linux; Android 6.0.1; Nexus 5X Build/MMB29P) AppleWebKit/537.36 (KHTML, like Gecko) Chrome/137.0.7151.103 Mobile Safari/537.36 (compatible; Googlebot/2.1; +http://www.google.com/bot.html)"
216.73.216.13 - - [15/Jul/2025:19:30:12 +0000] "GET /detail/697283950 HTTP/1.1" 404 16356 "-" "Mozilla/5.0 AppleWebKit/537.36 (KHTML, like Gecko; compatible; ClaudeBot/1.0; [email protected])"
216.73.216.13 - - [15/Jul/2025:19:30:15 +0000] "GET /detail/697069866 HTTP/1.1" 404 16356 "-" "Mozilla/5.0 AppleWebKit/537.36 (KHTML, like Gecko; compatible; ClaudeBot/1.0; [email protected])"
209.74.77.214 - - [15/Jul/2025:19:30:18 +0000] "POST /wp-cron.php?doing_wp_cron=1752607818.7224259376525878906250 HTTP/1.1" 200 - "-" "WordPress/6.8.1; https://kelaby.company"
216.73.216.13 - - [15/Jul/2025:19:30:18 +0000] "GET /detail/697282442 HTTP/1.1" 404 16356 "-" "Mozilla/5.0 AppleWebKit/537.36 (KHTML, like Gecko; compatible; ClaudeBot/1.0; [email protected])"
216.73.216.13 - - [15/Jul/2025:19:30:21 +0000] "GET /detail/697176229 HTTP/1.1" 404 16356 "-" "Mozilla/5.0 AppleWebKit/537.36 (KHTML, like Gecko; compatible; ClaudeBot/1.0; [email protected])"
216.73.216.13 - - [15/Jul/2025:19:30:24 +0000] "GET /detail/697108312 HTTP/1.1" 404 16356 "-" "Mozilla/5.0 AppleWebKit/537.36 (KHTML, like Gecko; compatible; ClaudeBot/1.0; [email protected])"
216.73.216.13 - - [15/Jul/2025:19:30:27 +0000] "GET /detail/697269983 HTTP/1.1" 404 16357 "-" "Mozilla/5.0 AppleWebKit/537.36 (KHTML, like Gecko; compatible; ClaudeBot/1.0; [email protected])"
66.249.79.232 - - [15/Jul/2025:19:30:32 +0000] "GET /?h=23979392041960&mod=62c1507b&uri=article.php?text/terms HTTP/1.1" 200 20179 "-" "Mozilla/5.0 (Linux; Android 6.0.1; Nexus 5X Build/MMB29P) AppleWebKit/537.36 (KHTML, like Gecko) Chrome/137.0.7151.103 Mobile Safari/537.36 (compatible; Googlebot/2.1; +http://www.google.com/bot.html)"
66.249.79.232 - - [15/Jul/2025:19:30:40 +0000] "GET /?h=23979392041960&mod=62c1507b&uri=article.php?detail/1661621 HTTP/1.1" 200 23452 "-" "Mozilla/5.0 (Linux; Android 6.0.1; Nexus 5X Build/MMB29P) AppleWebKit/537.36 (KHTML, like Gecko) Chrome/137.0.7151.103 Mobile Safari/537.36 (compatible; Googlebot/2.1; +http://www.google.com/bot.html)"
66.249.79.232 - - [15/Jul/2025:19:30:42 +0000] "POST /get-message-notify HTTP/1.1" 200 19474 "https://www.kelaby.company/?h=23979392041960&mod=62c1507b&uri=article.php?detail/1661621" "Mozilla/5.0 (Linux; Android 6.0.1; Nexus 5X Build/MMB29P) AppleWebKit/537.36 (KHTML, like Gecko) Chrome/137.0.7151.119 Mobile Safari/537.36 (compatible; Googlebot/2.1; +http://www.google.com/bot.html)"
66.249.79.234 - - [15/Jul/2025:19:31:01 +0000] "GET /?h=23979392041960&mod=62c1507b&uri=article.php?detail/1662919 HTTP/1.1" 200 19518 "-" "Mozilla/5.0 (Linux; Android 6.0.1; Nexus 5X Build/MMB29P) AppleWebKit/537.36 (KHTML, like Gecko) Chrome/137.0.7151.103 Mobile Safari/537.36 (compatible; Googlebot/2.1; +http://www.google.com/bot.html)"
66.249.79.232 - - [15/Jul/2025:19:31:08 +0000] "GET /?h=23979392041960&mod=62c1507b&uri=article.php?feature/honten/index.html HTTP/1.1" 200 19920 "-" "Mozilla/5.0 (Linux; Android 6.0.1; Nexus 5X Build/MMB29P) AppleWebKit/537.36 (KHTML, like Gecko) Chrome/137.0.7151.103 Mobile Safari/537.36 (compatible; Googlebot/2.1; +http://www.google.com/bot.html)"
66.249.79.232 - - [15/Jul/2025:19:31:12 +0000] "POST /get-message-notify HTTP/1.1" 200 19474 "https://www.kelaby.company/?h=23979392041960&mod=62c1507b&uri=article.php?feature/honten/index.html" "Mozilla/5.0 (Linux; Android 6.0.1; Nexus 5X Build/MMB29P) AppleWebKit/537.36 (KHTML, like Gecko) Chrome/137.0.7151.119 Mobile Safari/537.36 (compatible; Googlebot/2.1; +http://www.google.com/bot.html)"
66.249.79.232 - - [15/Jul/2025:19:31:16 +0000] "GET /?h=65567342031960&mod=6351bf9d&uri=products.php?detail/773851334 HTTP/1.1" 200 19986 "-" "Mozilla/5.0 (Linux; Android 6.0.1; Nexus 5X Build/MMB29P) AppleWebKit/537.36 (KHTML, like Gecko) Chrome/137.0.7151.103 Mobile Safari/537.36 (compatible; Googlebot/2.1; +http://www.google.com/bot.html)"
209.74.77.214 - - [15/Jul/2025:19:31:44 +0000] "POST /wp-cron.php?doing_wp_cron=1752607903.9321711063385009765625 HTTP/1.1" 200 - "-" "WordPress/6.8.1; https://kelaby.company"
216.73.216.13 - - [15/Jul/2025:19:31:43 +0000] "GET /detail/697361481 HTTP/1.1" 404 16357 "-" "Mozilla/5.0 AppleWebKit/537.36 (KHTML, like Gecko; compatible; ClaudeBot/1.0; [email protected])"
51.222.253.15 - - [15/Jul/2025:19:31:45 +0000] "GET /?h=8552542001960&uri=dp.php%3Fid%3D285591-43%26name%3Dsmall%20bags%20for%20girls%20with%20price HTTP/1.1" 200 26428 "-" "Mozilla/5.0 (compatible; AhrefsBot/7.0; +http://ahrefs.com/robot/)"
216.73.216.13 - - [15/Jul/2025:19:31:46 +0000] "GET /detail/697144943 HTTP/1.1" 404 16356 "-" "Mozilla/5.0 AppleWebKit/537.36 (KHTML, like Gecko; compatible; ClaudeBot/1.0; [email protected])"
216.73.216.13 - - [15/Jul/2025:19:31:49 +0000] "GET /detail/696870903 HTTP/1.1" 404 16357 "-" "Mozilla/5.0 AppleWebKit/537.36 (KHTML, like Gecko; compatible; ClaudeBot/1.0; [email protected])"
216.73.216.13 - - [15/Jul/2025:19:31:52 +0000] "GET /detail/697195589 HTTP/1.1" 404 16357 "-" "Mozilla/5.0 AppleWebKit/537.36 (KHTML, like Gecko; compatible; ClaudeBot/1.0; [email protected])"
216.73.216.13 - - [15/Jul/2025:19:31:55 +0000] "GET /detail/697351294 HTTP/1.1" 404 16357 "-" "Mozilla/5.0 AppleWebKit/537.36 (KHTML, like Gecko; compatible; ClaudeBot/1.0; [email protected])"
216.73.216.13 - - [15/Jul/2025:19:31:58 +0000] "GET /detail/697140345 HTTP/1.1" 404 16357 "-" "Mozilla/5.0 AppleWebKit/537.36 (KHTML, like Gecko; compatible; ClaudeBot/1.0; [email protected])"
209.74.77.214 - - [15/Jul/2025:19:32:01 +0000] "POST /wp-cron.php?doing_wp_cron=1752607921.2589519023895263671875 HTTP/1.1" 200 - "-" "WordPress/6.8.1; https://kelaby.company"
216.73.216.13 - - [15/Jul/2025:19:32:01 +0000] "GET /detail/697102432 HTTP/1.1" 404 16357 "-" "Mozilla/5.0 AppleWebKit/537.36 (KHTML, like Gecko; compatible; ClaudeBot/1.0; [email protected])"
216.73.216.13 - - [15/Jul/2025:19:32:04 +0000] "GET /detail/697257931 HTTP/1.1" 404 16356 "-" "Mozilla/5.0 AppleWebKit/537.36 (KHTML, like Gecko; compatible; ClaudeBot/1.0; [email protected])"
216.73.216.13 - - [15/Jul/2025:19:32:07 +0000] "GET /detail/696997712 HTTP/1.1" 404 16356 "-" "Mozilla/5.0 AppleWebKit/537.36 (KHTML, like Gecko; compatible; ClaudeBot/1.0; [email protected])"
66.249.79.233 - - [15/Jul/2025:19:32:17 +0000] "GET /?h=23979392041960&mod=62c1507b&uri=article.php?product/edit/K4201522605 HTTP/1.1" 200 19525 "-" "Mozilla/5.0 (Linux; Android 6.0.1; Nexus 5X Build/MMB29P) AppleWebKit/537.36 (KHTML, like Gecko) Chrome/137.0.7151.103 Mobile Safari/537.36 (compatible; Googlebot/2.1; +http://www.google.com/bot.html)"
66.249.79.232 - - [15/Jul/2025:19:32:38 +0000] "GET /?h=23979392041960&mod=62c1507b&uri=article.php?detail/2566695 HTTP/1.1" 200 20735 "-" "Mozilla/5.0 (Linux; Android 6.0.1; Nexus 5X Build/MMB29P) AppleWebKit/537.36 (KHTML, like Gecko) Chrome/137.0.7151.103 Mobile Safari/537.36 (compatible; Googlebot/2.1; +http://www.google.com/bot.html)"
66.249.79.232 - - [15/Jul/2025:19:32:45 +0000] "POST /get-message-notify HTTP/1.1" 200 19474 "https://www.kelaby.company/?h=23979392041960&mod=62c1507b&uri=article.php?detail/2566695" "Mozilla/5.0 (Linux; Android 6.0.1; Nexus 5X Build/MMB29P) AppleWebKit/537.36 (KHTML, like Gecko) Chrome/137.0.7151.119 Mobile Safari/537.36 (compatible; Googlebot/2.1; +http://www.google.com/bot.html)"
66.249.79.232 - - [15/Jul/2025:19:32:46 +0000] "GET /?h=5731788081960&mod=4428d361&uri=pin.php?detail/1049872901 HTTP/1.1" 200 18976 "-" "Mozilla/5.0 (Linux; Android 6.0.1; Nexus 5X Build/MMB29P) AppleWebKit/537.36 (KHTML, like Gecko) Chrome/137.0.7151.103 Mobile Safari/537.36 (compatible; Googlebot/2.1; +http://www.google.com/bot.html)"
66.249.79.232 - - [15/Jul/2025:19:32:54 +0000] "GET /?h=23979392041960&mod=62c1507b&uri=article.php?detail/37483787 HTTP/1.1" 200 19636 "-" "Mozilla/5.0 (Linux; Android 6.0.1; Nexus 5X Build/MMB29P) AppleWebKit/537.36 (KHTML, like Gecko) Chrome/137.0.7151.103 Mobile Safari/537.36 (compatible; Googlebot/2.1; +http://www.google.com/bot.html)"
66.249.79.233 - - [15/Jul/2025:19:33:01 +0000] "GET /?h=23979392041960&mod=62c1507b&uri=article.php?detail/37480908 HTTP/1.1" 200 19901 "-" "Mozilla/5.0 (Linux; Android 6.0.1; Nexus 5X Build/MMB29P) AppleWebKit/537.36 (KHTML, like Gecko) Chrome/137.0.7151.103 Mobile Safari/537.36 (compatible; Googlebot/2.1; +http://www.google.com/bot.html)"
66.249.79.233 - - [15/Jul/2025:19:33:09 +0000] "GET /?h=5731788081960&mod=4428d361&uri=pin.php?detail/1049874263 HTTP/1.1" 200 18935 "-" "Mozilla/5.0 (Linux; Android 6.0.1; Nexus 5X Build/MMB29P) AppleWebKit/537.36 (KHTML, like Gecko) Chrome/137.0.7151.103 Mobile Safari/537.36 (compatible; Googlebot/2.1; +http://www.google.com/bot.html)"
66.249.79.232 - - [15/Jul/2025:19:33:30 +0000] "GET /?h=23979392041960&mod=62c1507b&uri=article.php?detail/37483038 HTTP/1.1" 200 20548 "-" "Mozilla/5.0 (Linux; Android 6.0.1; Nexus 5X Build/MMB29P) AppleWebKit/537.36 (KHTML, like Gecko) Chrome/137.0.7151.103 Mobile Safari/537.36 (compatible; Googlebot/2.1; +http://www.google.com/bot.html)"
66.249.79.232 - - [15/Jul/2025:19:33:37 +0000] "GET /?h=5731788081960&mod=4428d361&uri=pin.php?detail/1049870835 HTTP/1.1" 200 20576 "-" "Mozilla/5.0 (Linux; Android 6.0.1; Nexus 5X Build/MMB29P) AppleWebKit/537.36 (KHTML, like Gecko) Chrome/137.0.7151.103 Mobile Safari/537.36 (compatible; Googlebot/2.1; +http://www.google.com/bot.html)"
66.249.79.232 - - [15/Jul/2025:19:33:43 +0000] "GET /?h=5731788081960&mod=4428d361&uri=pin.php?detail/1049871450 HTTP/1.1" 200 19296 "-" "Mozilla/5.0 (Linux; Android 6.0.1; Nexus 5X Build/MMB29P) AppleWebKit/537.36 (KHTML, like Gecko) Chrome/137.0.7151.103 Mobile Safari/537.36 (compatible; Googlebot/2.1; +http://www.google.com/bot.html)"
209.74.77.214 - - [15/Jul/2025:19:33:44 +0000] "POST /wp-cron.php?doing_wp_cron=1752608024.3716599941253662109375 HTTP/1.1" 200 - "-" "WordPress/6.8.1; https://kelaby.company"
216.73.216.13 - - [15/Jul/2025:19:33:43 +0000] "GET /detail/697334941 HTTP/1.1" 404 16356 "-" "Mozilla/5.0 AppleWebKit/537.36 (KHTML, like Gecko; compatible; ClaudeBot/1.0; [email protected])"
66.249.79.232 - - [15/Jul/2025:19:33:45 +0000] "GET /?h=23979392041960&mod=62c1507b&uri=article.php?detail/37484192 HTTP/1.1" 200 19592 "-" "Mozilla/5.0 (Linux; Android 6.0.1; Nexus 5X Build/MMB29P) AppleWebKit/537.36 (KHTML, like Gecko) Chrome/137.0.7151.103 Mobile Safari/537.36 (compatible; Googlebot/2.1; +http://www.google.com/bot.html)"
216.73.216.13 - - [15/Jul/2025:19:33:46 +0000] "GET /detail/697204472 HTTP/1.1" 404 16357 "-" "Mozilla/5.0 AppleWebKit/537.36 (KHTML, like Gecko; compatible; ClaudeBot/1.0; [email protected])"
216.73.216.13 - - [15/Jul/2025:19:33:49 +0000] "GET /detail/696945018 HTTP/1.1" 404 16357 "-" "Mozilla/5.0 AppleWebKit/537.36 (KHTML, like Gecko; compatible; ClaudeBot/1.0; [email protected])"
216.73.216.13 - - [15/Jul/2025:19:33:52 +0000] "GET /detail/696895736 HTTP/1.1" 404 16356 "-" "Mozilla/5.0 AppleWebKit/537.36 (KHTML, like Gecko; compatible; ClaudeBot/1.0; [email protected])"
216.73.216.13 - - [15/Jul/2025:19:33:55 +0000] "GET /detail/697151714 HTTP/1.1" 404 16357 "-" "Mozilla/5.0 AppleWebKit/537.36 (KHTML, like Gecko; compatible; ClaudeBot/1.0; [email protected])"
216.73.216.13 - - [15/Jul/2025:19:33:58 +0000] "GET /detail/697132482 HTTP/1.1" 404 16357 "-" "Mozilla/5.0 AppleWebKit/537.36 (KHTML, like Gecko; compatible; ClaudeBot/1.0; [email protected])"
209.74.77.214 - - [15/Jul/2025:19:34:01 +0000] "POST /wp-cron.php?doing_wp_cron=1752608041.7046430110931396484375 HTTP/1.1" 200 - "-" "WordPress/6.8.1; https://kelaby.company"
216.73.216.13 - - [15/Jul/2025:19:34:01 +0000] "GET /detail/697018815 HTTP/1.1" 404 16356 "-" "Mozilla/5.0 AppleWebKit/537.36 (KHTML, like Gecko; compatible; ClaudeBot/1.0; [email protected])"
216.73.216.13 - - [15/Jul/2025:19:34:04 +0000] "GET /detail/697145624 HTTP/1.1" 404 16356 "-" "Mozilla/5.0 AppleWebKit/537.36 (KHTML, like Gecko; compatible; ClaudeBot/1.0; [email protected])"
216.73.216.13 - - [15/Jul/2025:19:34:07 +0000] "GET /detail/697237547 HTTP/1.1" 404 16357 "-" "Mozilla/5.0 AppleWebKit/537.36 (KHTML, like Gecko; compatible; ClaudeBot/1.0; [email protected])"
66.249.79.230 - - [15/Jul/2025:19:34:34 +0000] "GET /?h=5731788081960&mod=4428d361&uri=pin.php?detail/1049873726 HTTP/1.1" 200 18867 "-" "Mozilla/5.0 (Linux; Android 6.0.1; Nexus 5X Build/MMB29P) AppleWebKit/537.36 (KHTML, like Gecko) Chrome/137.0.7151.103 Mobile Safari/537.36 (compatible; Googlebot/2.1; +http://www.google.com/bot.html)"
66.249.79.230 - - [15/Jul/2025:19:34:34 +0000] "GET /?h=65567342031960&mod=6351bf9d&uri=products.php?detail/773895257 HTTP/1.1" 200 19035 "-" "Mozilla/5.0 (Linux; Android 6.0.1; Nexus 5X Build/MMB29P) AppleWebKit/537.36 (KHTML, like Gecko) Chrome/137.0.7151.103 Mobile Safari/537.36 (compatible; Googlebot/2.1; +http://www.google.com/bot.html)"
66.249.79.230 - - [15/Jul/2025:19:34:35 +0000] "GET /?h=5946701111960&mod=9293eb98&uri=pin.php?detail/1694948 HTTP/1.1" 200 22565 "-" "Mozilla/5.0 (Linux; Android 6.0.1; Nexus 5X Build/MMB29P) AppleWebKit/537.36 (KHTML, like Gecko) Chrome/137.0.7151.103 Mobile Safari/537.36 (compatible; Googlebot/2.1; +http://www.google.com/bot.html)"
66.249.79.230 - - [15/Jul/2025:19:34:42 +0000] "POST /get-message-notify HTTP/1.1" 200 19474 "https://www.kelaby.company/?h=5946701111960&mod=9293eb98&uri=pin.php?detail/1694948" "Mozilla/5.0 (Linux; Android 6.0.1; Nexus 5X Build/MMB29P) AppleWebKit/537.36 (KHTML, like Gecko) Chrome/137.0.7151.119 Mobile Safari/537.36 (compatible; Googlebot/2.1; +http://www.google.com/bot.html)"
209.74.77.214 - - [15/Jul/2025:19:34:46 +0000] "POST /wp-cron.php?doing_wp_cron=1752608086.3335309028625488281250 HTTP/1.1" 200 - "-" "WordPress/6.8.1; https://kelaby.company"
216.73.216.13 - - [15/Jul/2025:19:34:45 +0000] "GET /detail/697177868 HTTP/1.1" 404 16357 "-" "Mozilla/5.0 AppleWebKit/537.36 (KHTML, like Gecko; compatible; ClaudeBot/1.0; [email protected])"
216.73.216.13 - - [15/Jul/2025:19:34:48 +0000] "GET /detail/697355471 HTTP/1.1" 404 16357 "-" "Mozilla/5.0 AppleWebKit/537.36 (KHTML, like Gecko; compatible; ClaudeBot/1.0; [email protected])"
216.73.216.13 - - [15/Jul/2025:19:34:51 +0000] "GET /detail/697227150 HTTP/1.1" 404 16356 "-" "Mozilla/5.0 AppleWebKit/537.36 (KHTML, like Gecko; compatible; ClaudeBot/1.0; [email protected])"
51.222.253.13 - - [15/Jul/2025:19:34:52 +0000] "GET /?h=83325099081960&uri=dp.php%3Fid%3D2780707-712%26name%3Durban%20auriculares HTTP/1.1" 200 26421 "-" "Mozilla/5.0 (compatible; AhrefsBot/7.0; +http://ahrefs.com/robot/)"
216.73.216.13 - - [15/Jul/2025:19:34:54 +0000] "GET /detail/697133997 HTTP/1.1" 404 16357 "-" "Mozilla/5.0 AppleWebKit/537.36 (KHTML, like Gecko; compatible; ClaudeBot/1.0; [email protected])"
66.249.79.230 - - [15/Jul/2025:19:34:54 +0000] "GET /?h=23979392041960&mod=62c1507b&uri=article.php?product/edit/K2643181926 HTTP/1.1" 200 22243 "-" "Mozilla/5.0 (Linux; Android 6.0.1; Nexus 5X Build/MMB29P) AppleWebKit/537.36 (KHTML, like Gecko) Chrome/137.0.7151.103 Mobile Safari/537.36 (compatible; Googlebot/2.1; +http://www.google.com/bot.html)"
216.73.216.13 - - [15/Jul/2025:19:34:57 +0000] "GET /detail/697316114 HTTP/1.1" 404 16357 "-" "Mozilla/5.0 AppleWebKit/537.36 (KHTML, like Gecko; compatible; ClaudeBot/1.0; [email protected])"
216.73.216.13 - - [15/Jul/2025:19:35:00 +0000] "GET /detail/697203875 HTTP/1.1" 404 16356 "-" "Mozilla/5.0 AppleWebKit/537.36 (KHTML, like Gecko; compatible; ClaudeBot/1.0; [email protected])"
66.249.79.232 - - [15/Jul/2025:19:35:02 +0000] "GET /?h=119655853041960&mod=84ea3a79&uri=news.php?product/edit/K2647325801 HTTP/1.1" 200 21185 "-" "Mozilla/5.0 (Linux; Android 6.0.1; Nexus 5X Build/MMB29P) AppleWebKit/537.36 (KHTML, like Gecko) Chrome/137.0.7151.103 Mobile Safari/537.36 (compatible; Googlebot/2.1; +http://www.google.com/bot.html)"
209.74.77.214 - - [15/Jul/2025:19:35:04 +0000] "POST /wp-cron.php?doing_wp_cron=1752608104.1713480949401855468750 HTTP/1.1" 200 - "-" "WordPress/6.8.1; https://kelaby.company"
216.73.216.13 - - [15/Jul/2025:19:35:03 +0000] "GET /detail/697132827 HTTP/1.1" 404 16357 "-" "Mozilla/5.0 AppleWebKit/537.36 (KHTML, like Gecko; compatible; ClaudeBot/1.0; [email protected])"
216.73.216.13 - - [15/Jul/2025:19:35:06 +0000] "GET /detail/697244871 HTTP/1.1" 404 16357 "-" "Mozilla/5.0 AppleWebKit/537.36 (KHTML, like Gecko; compatible; ClaudeBot/1.0; [email protected])"
216.73.216.13 - - [15/Jul/2025:19:35:09 +0000] "GET /detail/697042757 HTTP/1.1" 404 16356 "-" "Mozilla/5.0 AppleWebKit/537.36 (KHTML, like Gecko; compatible; ClaudeBot/1.0; [email protected])"
66.249.79.230 - - [15/Jul/2025:19:35:10 +0000] "GET /?h=23979392041960&mod=62c1507b&uri=article.php?detail/36034886 HTTP/1.1" 200 20475 "-" "Mozilla/5.0 (Linux; Android 6.0.1; Nexus 5X Build/MMB29P) AppleWebKit/537.36 (KHTML, like Gecko) Chrome/137.0.7151.103 Mobile Safari/537.36 (compatible; Googlebot/2.1; +http://www.google.com/bot.html)"
209.74.77.214 - - [15/Jul/2025:19:36:03 +0000] "POST /wp-cron.php?doing_wp_cron=1752608163.4741768836975097656250 HTTP/1.1" 200 - "-" "WordPress/6.8.1; https://kelaby.company"
216.73.216.13 - - [15/Jul/2025:19:36:02 +0000] "GET /detail/697166563 HTTP/1.1" 404 16356 "-" "Mozilla/5.0 AppleWebKit/537.36 (KHTML, like Gecko; compatible; ClaudeBot/1.0; [email protected])"
216.73.216.13 - - [15/Jul/2025:19:36:04 +0000] "GET /detail/697010513 HTTP/1.1" 404 16356 "-" "Mozilla/5.0 AppleWebKit/537.36 (KHTML, like Gecko; compatible; ClaudeBot/1.0; [email protected])"
216.73.216.13 - - [15/Jul/2025:19:36:07 +0000] "GET /detail/696991702 HTTP/1.1" 404 16356 "-" "Mozilla/5.0 AppleWebKit/537.36 (KHTML, like Gecko; compatible; ClaudeBot/1.0; [email protected])"
66.249.79.231 - - [15/Jul/2025:19:36:09 +0000] "GET /?h=119655853041960&mod=84ea3a79&uri=news.php?detail/4527463 HTTP/1.1" 200 20490 "-" "Mozilla/5.0 (Linux; Android 6.0.1; Nexus 5X Build/MMB29P) AppleWebKit/537.36 (KHTML, like Gecko) Chrome/137.0.7151.103 Mobile Safari/537.36 (compatible; Googlebot/2.1; +http://www.google.com/bot.html)"
216.73.216.13 - - [15/Jul/2025:19:36:10 +0000] "GET /detail/697131721 HTTP/1.1" 404 16356 "-" "Mozilla/5.0 AppleWebKit/537.36 (KHTML, like Gecko; compatible; ClaudeBot/1.0; [email protected])"
66.249.79.232 - - [15/Jul/2025:19:36:11 +0000] "GET /?h=119655853041960&mod=84ea3a79&uri=news.php?detail/4527804 HTTP/1.1" 200 18882 "-" "Mozilla/5.0 (Linux; Android 6.0.1; Nexus 5X Build/MMB29P) AppleWebKit/537.36 (KHTML, like Gecko) Chrome/137.0.7151.103 Mobile Safari/537.36 (compatible; Googlebot/2.1; +http://www.google.com/bot.html)"
216.73.216.13 - - [15/Jul/2025:19:36:13 +0000] "GET /detail/697143154 HTTP/1.1" 404 16356 "-" "Mozilla/5.0 AppleWebKit/537.36 (KHTML, like Gecko; compatible; ClaudeBot/1.0; [email protected])"
216.73.216.13 - - [15/Jul/2025:19:36:16 +0000] "GET /detail/697161981 HTTP/1.1" 404 16356 "-" "Mozilla/5.0 AppleWebKit/537.36 (KHTML, like Gecko; compatible; ClaudeBot/1.0; [email protected])"
209.74.77.214 - - [15/Jul/2025:19:36:20 +0000] "POST /wp-cron.php?doing_wp_cron=1752608179.8586080074310302734375 HTTP/1.1" 200 - "-" "WordPress/6.8.1; https://kelaby.company"
216.73.216.13 - - [15/Jul/2025:19:36:19 +0000] "GET /detail/696838595 HTTP/1.1" 404 16356 "-" "Mozilla/5.0 AppleWebKit/537.36 (KHTML, like Gecko; compatible; ClaudeBot/1.0; [email protected])"
216.73.216.13 - - [15/Jul/2025:19:36:22 +0000] "GET /detail/697081918 HTTP/1.1" 404 16356 "-" "Mozilla/5.0 AppleWebKit/537.36 (KHTML, like Gecko; compatible; ClaudeBot/1.0; [email protected])"
216.73.216.13 - - [15/Jul/2025:19:36:25 +0000] "GET /detail/697190669 HTTP/1.1" 404 16356 "-" "Mozilla/5.0 AppleWebKit/537.36 (KHTML, like Gecko; compatible; ClaudeBot/1.0; [email protected])"
66.249.79.231 - - [15/Jul/2025:19:36:26 +0000] "POST /get-message-notify HTTP/1.1" 200 19474 "https://www.kelaby.company/?h=119655853041960&mod=84ea3a79&uri=news.php?detail/4527463" "Mozilla/5.0 (Linux; Android 6.0.1; Nexus 5X Build/MMB29P) AppleWebKit/537.36 (KHTML, like Gecko) Chrome/137.0.7151.119 Mobile Safari/537.36 (compatible; Googlebot/2.1; +http://www.google.com/bot.html)"
66.249.79.230 - - [15/Jul/2025:19:36:30 +0000] "GET /?h=65567342031960&mod=6351bf9d&uri=products.php?product/edit/K827748115 HTTP/1.1" 200 20109 "-" "Mozilla/5.0 (Linux; Android 6.0.1; Nexus 5X Build/MMB29P) AppleWebKit/537.36 (KHTML, like Gecko) Chrome/137.0.7151.103 Mobile Safari/537.36 (compatible; Googlebot/2.1; +http://www.google.com/bot.html)"
66.249.79.230 - - [15/Jul/2025:19:36:38 +0000] "GET /?h=119655853041960&mod=84ea3a79&uri=news.php?detail/4520267 HTTP/1.1" 200 20044 "-" "Mozilla/5.0 (Linux; Android 6.0.1; Nexus 5X Build/MMB29P) AppleWebKit/537.36 (KHTML, like Gecko) Chrome/137.0.7151.103 Mobile Safari/537.36 (compatible; Googlebot/2.1; +http://www.google.com/bot.html)"
66.249.79.230 - - [15/Jul/2025:19:36:46 +0000] "GET /?h=5731788081960&mod=4428d361&uri=pin.php?product/edit/K1836533597 HTTP/1.1" 200 20264 "-" "Mozilla/5.0 (Linux; Android 6.0.1; Nexus 5X Build/MMB29P) AppleWebKit/537.36 (KHTML, like Gecko) Chrome/137.0.7151.103 Mobile Safari/537.36 (compatible; Googlebot/2.1; +http://www.google.com/bot.html)"
66.249.79.230 - - [15/Jul/2025:19:36:50 +0000] "POST /get-message-notify HTTP/1.1" 200 19474 "https://www.kelaby.company/?h=119655853041960&mod=84ea3a79&uri=news.php?detail/4520267" "Mozilla/5.0 (Linux; Android 6.0.1; Nexus 5X Build/MMB29P) AppleWebKit/537.36 (KHTML, like Gecko) Chrome/137.0.7151.119 Mobile Safari/537.36 (compatible; Googlebot/2.1; +http://www.google.com/bot.html)"
66.249.79.230 - - [15/Jul/2025:19:36:54 +0000] "GET /?h=119655853041960&mod=84ea3a79&uri=news.php?product/edit/K2694410185 HTTP/1.1" 200 20418 "-" "Mozilla/5.0 (Linux; Android 6.0.1; Nexus 5X Build/MMB29P) AppleWebKit/537.36 (KHTML, like Gecko) Chrome/137.0.7151.103 Mobile Safari/537.36 (compatible; Googlebot/2.1; +http://www.google.com/bot.html)"
51.222.253.7 - - [15/Jul/2025:19:37:00 +0000] "GET /?h=69109706041960&uri=itm.php%3Fid%3D2306276-1264%26name%3Dbicicleta%20wethepeople HTTP/1.1" 200 26419 "-" "Mozilla/5.0 (compatible; AhrefsBot/7.0; +http://ahrefs.com/robot/)"
66.249.79.230 - - [15/Jul/2025:19:37:02 +0000] "GET /?h=6012969131960&mod=62c1507b&uri=category-info.php?product/edit/K3426717236 HTTP/1.1" 200 19120 "-" "Mozilla/5.0 (Linux; Android 6.0.1; Nexus 5X Build/MMB29P) AppleWebKit/537.36 (KHTML, like Gecko) Chrome/137.0.7151.103 Mobile Safari/537.36 (compatible; Googlebot/2.1; +http://www.google.com/bot.html)"
66.249.79.230 - - [15/Jul/2025:19:37:10 +0000] "GET /?h=5731788081960&mod=4428d361&uri=pin.php?detail/1144758516 HTTP/1.1" 200 19629 "-" "Mozilla/5.0 (Linux; Android 6.0.1; Nexus 5X Build/MMB29P) AppleWebKit/537.36 (KHTML, like Gecko) Chrome/137.0.7151.103 Mobile Safari/537.36 (compatible; Googlebot/2.1; +http://www.google.com/bot.html)"
66.249.79.230 - - [15/Jul/2025:19:37:17 +0000] "POST /get-message-notify HTTP/1.1" 200 19474 "https://www.kelaby.company/?h=5731788081960&mod=4428d361&uri=pin.php?detail/1144758516" "Mozilla/5.0 (Linux; Android 6.0.1; Nexus 5X Build/MMB29P) AppleWebKit/537.36 (KHTML, like Gecko) Chrome/137.0.7151.119 Mobile Safari/537.36 (compatible; Googlebot/2.1; +http://www.google.com/bot.html)"
66.249.79.230 - - [15/Jul/2025:19:37:30 +0000] "GET /?h=5731788081960&mod=4428d361&uri=pin.php?detail/1144758797 HTTP/1.1" 200 21649 "-" "Mozilla/5.0 (Linux; Android 6.0.1; Nexus 5X Build/MMB29P) AppleWebKit/537.36 (KHTML, like Gecko) Chrome/137.0.7151.103 Mobile Safari/537.36 (compatible; Googlebot/2.1; +http://www.google.com/bot.html)"
51.222.253.15 - - [15/Jul/2025:19:37:37 +0000] "GET /wp-content/uploads/2024/06/Artboard-3-e1613655852657.jpg HTTP/1.1" 200 120184 "-" "Mozilla/5.0 (compatible; AhrefsBot/7.0; +http://ahrefs.com/robot/)"
51.222.253.20 - - [15/Jul/2025:19:37:39 +0000] "GET /wp-content/uploads/2024/06/Artboard-2-e1612884492853.jpg HTTP/1.1" 304 - "-" "Mozilla/5.0 (compatible; AhrefsBot/7.0; +http://ahrefs.com/robot/)"
209.74.77.214 - - [15/Jul/2025:19:37:41 +0000] "POST /wp-cron.php?doing_wp_cron=1752608261.1004550457000732421875 HTTP/1.1" 200 - "-" "WordPress/6.8.1; https://kelaby.company"
216.73.216.247 - - [15/Jul/2025:19:37:40 +0000] "GET /detail/697091502 HTTP/1.1" 404 16357 "-" "Mozilla/5.0 AppleWebKit/537.36 (KHTML, like Gecko; compatible; ClaudeBot/1.0; [email protected])"
51.222.253.12 - - [15/Jul/2025:19:37:41 +0000] "GET /wp-content/uploads/2024/06/portrait-2-2.jpg HTTP/1.1" 304 - "-" "Mozilla/5.0 (compatible; AhrefsBot/7.0; +http://ahrefs.com/robot/)"
216.73.216.247 - - [15/Jul/2025:19:37:43 +0000] "GET /detail/697152820 HTTP/1.1" 404 16356 "-" "Mozilla/5.0 AppleWebKit/537.36 (KHTML, like Gecko; compatible; ClaudeBot/1.0; [email protected])"
51.222.253.14 - - [15/Jul/2025:19:37:43 +0000] "GET /wp-content/uploads/elementor/thumbs/gonzalo-esteguy-11MRJs0NHNI-unsplash-2-e1613656101914-qqdlut3er5xwwffmsslzqpkagzezz3449pustzvqqo.jpg HTTP/1.1" 304 - "-" "Mozilla/5.0 (compatible; AhrefsBot/7.0; +http://ahrefs.com/robot/)"
51.222.253.15 - - [15/Jul/2025:19:37:45 +0000] "GET /wp-content/uploads/elementor/thumbs/jakob-owens-O_bhy3TnSYU-unsplash-2-e1613656088469-qqdlur7qdhvc97id3rsqlq1da7o9jownlgjtvfyj34.jpg HTTP/1.1" 200 70013 "-" "Mozilla/5.0 (compatible; AhrefsBot/7.0; +http://ahrefs.com/robot/)"
216.73.216.247 - - [15/Jul/2025:19:37:46 +0000] "GET /detail/696853522 HTTP/1.1" 404 16357 "-" "Mozilla/5.0 AppleWebKit/537.36 (KHTML, like Gecko; compatible; ClaudeBot/1.0; [email protected])"
51.222.253.5 - - [15/Jul/2025:19:37:47 +0000] "GET /wp-content/uploads/2024/06/portrait-4-2.jpg HTTP/1.1" 304 - "-" "Mozilla/5.0 (compatible; AhrefsBot/7.0; +http://ahrefs.com/robot/)"
51.222.253.15 - - [15/Jul/2025:19:37:49 +0000] "GET /wp-content/uploads/2024/06/7Artboard-1.png HTTP/1.1" 304 - "-" "Mozilla/5.0 (compatible; AhrefsBot/7.0; +http://ahrefs.com/robot/)"
216.73.216.247 - - [15/Jul/2025:19:37:49 +0000] "GET /detail/697343483 HTTP/1.1" 404 16357 "-" "Mozilla/5.0 AppleWebKit/537.36 (KHTML, like Gecko; compatible; ClaudeBot/1.0; [email protected])"
51.222.253.16 - - [15/Jul/2025:19:37:50 +0000] "GET /wp-content/uploads/2024/07/APC.png HTTP/1.1" 200 49830 "-" "Mozilla/5.0 (compatible; AhrefsBot/7.0; +http://ahrefs.com/robot/)"
66.249.79.230 - - [15/Jul/2025:19:37:51 +0000] "GET /?h=6012969131960&mod=62c1507b&uri=category-info.php?product/edit/K1689146317 HTTP/1.1" 200 20666 "-" "Mozilla/5.0 (Linux; Android 6.0.1; Nexus 5X Build/MMB29P) AppleWebKit/537.36 (KHTML, like Gecko) Chrome/137.0.7151.103 Mobile Safari/537.36 (compatible; Googlebot/2.1; +http://www.google.com/bot.html)"
51.222.253.3 - - [15/Jul/2025:19:37:52 +0000] "GET /wp-content/uploads/2024/06/portrait-1-2.jpg HTTP/1.1" 200 306653 "-" "Mozilla/5.0 (compatible; AhrefsBot/7.0; +http://ahrefs.com/robot/)"
216.73.216.247 - - [15/Jul/2025:19:37:52 +0000] "GET /detail/697352320 HTTP/1.1" 404 16356 "-" "Mozilla/5.0 AppleWebKit/537.36 (KHTML, like Gecko; compatible; ClaudeBot/1.0; [email protected])"
51.222.253.17 - - [15/Jul/2025:19:37:55 +0000] "GET /wp-content/uploads/2024/07/BeQuran.png HTTP/1.1" 304 - "-" "Mozilla/5.0 (compatible; AhrefsBot/7.0; +http://ahrefs.com/robot/)"
216.73.216.247 - - [15/Jul/2025:19:37:55 +0000] "GET /detail/697044185 HTTP/1.1" 404 16357 "-" "Mozilla/5.0 AppleWebKit/537.36 (KHTML, like Gecko; compatible; ClaudeBot/1.0; [email protected])"
216.73.216.247 - - [15/Jul/2025:19:37:58 +0000] "GET /detail/696980141 HTTP/1.1" 404 16356 "-" "Mozilla/5.0 AppleWebKit/537.36 (KHTML, like Gecko; compatible; ClaudeBot/1.0; [email protected])"
51.222.253.13 - - [15/Jul/2025:19:37:59 +0000] "GET /wp-content/uploads/elementor/thumbs/balazs-ketyi-LPWl2pEVGKc-unsplash-e1613656414380-qqdluuz34u0hjncwhtf8vp37nr5qehbkxz5rsjsye8.jpg HTTP/1.1" 304 - "-" "Mozilla/5.0 (compatible; AhrefsBot/7.0; +http://ahrefs.com/robot/)"
66.249.79.230 - - [15/Jul/2025:19:37:59 +0000] "GET /?h=65567342031960&mod=6351bf9d&uri=products.php?detail/773855575 HTTP/1.1" 200 18642 "-" "Mozilla/5.0 (Linux; Android 6.0.1; Nexus 5X Build/MMB29P) AppleWebKit/537.36 (KHTML, like Gecko) Chrome/137.0.7151.103 Mobile Safari/537.36 (compatible; Googlebot/2.1; +http://www.google.com/bot.html)"
51.222.253.2 - - [15/Jul/2025:19:38:00 +0000] "GET /wp-content/uploads/2024/06/portrait-of-business-woman_2.jpg HTTP/1.1" 304 - "-" "Mozilla/5.0 (compatible; AhrefsBot/7.0; +http://ahrefs.com/robot/)"
209.74.77.214 - - [15/Jul/2025:19:38:01 +0000] "POST /wp-cron.php?doing_wp_cron=1752608281.7727870941162109375000 HTTP/1.1" 200 - "-" "WordPress/6.8.1; https://kelaby.company"
216.73.216.247 - - [15/Jul/2025:19:38:01 +0000] "GET /detail/697059795 HTTP/1.1" 404 16356 "-" "Mozilla/5.0 AppleWebKit/537.36 (KHTML, like Gecko; compatible; ClaudeBot/1.0; [email protected])"
51.222.253.3 - - [15/Jul/2025:19:38:02 +0000] "GET /wp-content/uploads/elementor/thumbs/omid-armin-UtuGfdUwdRg-unsplash-e1612884266490-qqdluwurii326va66u8i0om4uiwgtvj1m8gqr3q61s.jpg HTTP/1.1" 304 - "-" "Mozilla/5.0 (compatible; AhrefsBot/7.0; +http://ahrefs.com/robot/)"
216.73.216.247 - - [15/Jul/2025:19:38:04 +0000] "GET /detail/697061306 HTTP/1.1" 404 16356 "-" "Mozilla/5.0 AppleWebKit/537.36 (KHTML, like Gecko; compatible; ClaudeBot/1.0; [email protected])"
51.222.253.17 - - [15/Jul/2025:19:38:04 +0000] "GET /wp-content/uploads/2024/06/Artboard-1-e1613655894102.jpg HTTP/1.1" 304 - "-" "Mozilla/5.0 (compatible; AhrefsBot/7.0; +http://ahrefs.com/robot/)"
51.222.253.20 - - [15/Jul/2025:19:38:06 +0000] "GET /wp-content/uploads/2024/07/KO.png HTTP/1.1" 304 - "-" "Mozilla/5.0 (compatible; AhrefsBot/7.0; +http://ahrefs.com/robot/)"
51.222.253.19 - - [15/Jul/2025:19:38:07 +0000] "GET /wp-content/uploads/elementor/thumbs/lloyd-dirks-0vsk2_9dkqo-unsplash-2-qqdlumijfbown5p6v7rlr982babfh7dzwtaeh25hy8.jpg HTTP/1.1" 304 - "-" "Mozilla/5.0 (compatible; AhrefsBot/7.0; +http://ahrefs.com/robot/)"
51.222.253.14 - - [15/Jul/2025:19:38:09 +0000] "GET /wp-content/uploads/2024/06/3Artboard-1.png HTTP/1.1" 200 928 "-" "Mozilla/5.0 (compatible; AhrefsBot/7.0; +http://ahrefs.com/robot/)"
51.222.253.16 - - [15/Jul/2025:19:38:10 +0000] "GET /wp-content/uploads/2024/07/MF.png HTTP/1.1" 304 - "-" "Mozilla/5.0 (compatible; AhrefsBot/7.0; +http://ahrefs.com/robot/)"
51.222.253.11 - - [15/Jul/2025:19:38:11 +0000] "GET /wp-content/uploads/2024/06/6Artboard-1-e1614058592918.png HTTP/1.1" 304 - "-" "Mozilla/5.0 (compatible; AhrefsBot/7.0; +http://ahrefs.com/robot/)"
51.222.253.19 - - [15/Jul/2025:19:38:13 +0000] "GET /wp-content/uploads/elementor/thumbs/nimble-made-kMGX6UK06Ps-unsplash-2-e1613656119707-qqdluoe7szrhadmgk8kuw8qzi225wllgl2ldfm2pls.jpg HTTP/1.1" 304 - "-" "Mozilla/5.0 (compatible; AhrefsBot/7.0; +http://ahrefs.com/robot/)"
51.222.253.6 - - [15/Jul/2025:19:38:15 +0000] "GET /wp-content/uploads/2024/07/Untitled-design-3.png HTTP/1.1" 304 - "-" "Mozilla/5.0 (compatible; AhrefsBot/7.0; +http://ahrefs.com/robot/)"
51.222.253.2 - - [15/Jul/2025:19:38:17 +0000] "GET /wp-content/uploads/elementor/thumbs/david-svihovec-bk7BYXWJcwM-unsplash-e1612884410662-qqdluq9w6nu1xljq99e4189wotswbzsx9bwce5zx9c.jpg HTTP/1.1" 304 - "-" "Mozilla/5.0 (compatible; AhrefsBot/7.0; +http://ahrefs.com/robot/)"
51.222.253.1 - - [15/Jul/2025:19:38:18 +0000] "GET /wp-content/uploads/2024/06/portrait-of-entrepreneur-2.jpg HTTP/1.1" 304 - "-" "Mozilla/5.0 (compatible; AhrefsBot/7.0; +http://ahrefs.com/robot/)"
66.249.79.230 - - [15/Jul/2025:19:38:32 +0000] "GET /?h=65567342031960&mod=6351bf9d&uri=products.php?detail/773888909 HTTP/1.1" 200 19121 "-" "Mozilla/5.0 (Linux; Android 6.0.1; Nexus 5X Build/MMB29P) AppleWebKit/537.36 (KHTML, like Gecko) Chrome/137.0.7151.103 Mobile Safari/537.36 (compatible; Googlebot/2.1; +http://www.google.com/bot.html)"
66.249.79.230 - - [15/Jul/2025:19:38:40 +0000] "GET /?h=65567342031960&mod=6351bf9d&uri=products.php?detail/773894654 HTTP/1.1" 200 21620 "-" "Mozilla/5.0 (Linux; Android 6.0.1; Nexus 5X Build/MMB29P) AppleWebKit/537.36 (KHTML, like Gecko) Chrome/137.0.7151.103 Mobile Safari/537.36 (compatible; Googlebot/2.1; +http://www.google.com/bot.html)"
66.249.79.230 - - [15/Jul/2025:19:38:41 +0000] "POST /get-message-notify HTTP/1.1" 200 19474 "https://www.kelaby.company/?h=65567342031960&mod=6351bf9d&uri=products.php?detail/773888909" "Mozilla/5.0 (Linux; Android 6.0.1; Nexus 5X Build/MMB29P) AppleWebKit/537.36 (KHTML, like Gecko) Chrome/137.0.7151.119 Mobile Safari/537.36 (compatible; Googlebot/2.1; +http://www.google.com/bot.html)"
66.249.79.230 - - [15/Jul/2025:19:38:43 +0000] "POST /get-message-notify HTTP/1.1" 200 19474 "https://www.kelaby.company/?h=65567342031960&mod=6351bf9d&uri=products.php?detail/773894654" "Mozilla/5.0 (Linux; Android 6.0.1; Nexus 5X Build/MMB29P) AppleWebKit/537.36 (KHTML, like Gecko) Chrome/137.0.7151.119 Mobile Safari/537.36 (compatible; Googlebot/2.1; +http://www.google.com/bot.html)"
209.74.77.214 - - [15/Jul/2025:19:38:46 +0000] "POST /wp-cron.php?doing_wp_cron=1752608325.8436729907989501953125 HTTP/1.1" 200 - "-" "WordPress/6.8.1; https://kelaby.company"
216.73.216.247 - - [15/Jul/2025:19:38:45 +0000] "GET /detail/697278543 HTTP/1.1" 404 16356 "-" "Mozilla/5.0 AppleWebKit/537.36 (KHTML, like Gecko; compatible; ClaudeBot/1.0; [email protected])"
64.23.170.70 - - [15/Jul/2025:19:38:47 +0000] "POST /xmlrpc.php HTTP/1.1" 200 206 "https://kelaby.company" "Mozilla/5.0 (Windows NT 10.0; Win64; x64; rv:129.0) Gecko/20100101 Firefox/129.0"
66.249.79.230 - - [15/Jul/2025:19:38:47 +0000] "GET /?h=65567342031960&mod=6351bf9d&uri=products.php?detail/773857086 HTTP/1.1" 200 18780 "-" "Mozilla/5.0 (Linux; Android 6.0.1; Nexus 5X Build/MMB29P) AppleWebKit/537.36 (KHTML, like Gecko) Chrome/137.0.7151.103 Mobile Safari/537.36 (compatible; Googlebot/2.1; +http://www.google.com/bot.html)"
216.73.216.247 - - [15/Jul/2025:19:38:48 +0000] "GET /detail/696972945 HTTP/1.1" 404 16357 "-" "Mozilla/5.0 AppleWebKit/537.36 (KHTML, like Gecko; compatible; ClaudeBot/1.0; [email protected])"
216.73.216.247 - - [15/Jul/2025:19:38:51 +0000] "GET /detail/697087441 HTTP/1.1" 404 16356 "-" "Mozilla/5.0 AppleWebKit/537.36 (KHTML, like Gecko; compatible; ClaudeBot/1.0; [email protected])"
216.73.216.247 - - [15/Jul/2025:19:38:54 +0000] "GET /detail/697131184 HTTP/1.1" 404 16357 "-" "Mozilla/5.0 AppleWebKit/537.36 (KHTML, like Gecko; compatible; ClaudeBot/1.0; [email protected])"
66.249.79.230 - - [15/Jul/2025:19:38:55 +0000] "GET /?h=65567342031960&mod=6351bf9d&uri=products.php?detail/773886505 HTTP/1.1" 200 20958 "-" "Mozilla/5.0 (Linux; Android 6.0.1; Nexus 5X Build/MMB29P) AppleWebKit/537.36 (KHTML, like Gecko) Chrome/137.0.7151.103 Mobile Safari/537.36 (compatible; Googlebot/2.1; +http://www.google.com/bot.html)"
216.73.216.247 - - [15/Jul/2025:19:38:57 +0000] "GET /detail/697180466 HTTP/1.1" 404 16356 "-" "Mozilla/5.0 AppleWebKit/537.36 (KHTML, like Gecko; compatible; ClaudeBot/1.0; [email protected])"
216.73.216.247 - - [15/Jul/2025:19:39:00 +0000] "GET /detail/697198462 HTTP/1.1" 404 16356 "-" "Mozilla/5.0 AppleWebKit/537.36 (KHTML, like Gecko; compatible; ClaudeBot/1.0; [email protected])"
209.74.77.214 - - [15/Jul/2025:19:39:03 +0000] "POST /wp-cron.php?doing_wp_cron=1752608343.6775228977203369140625 HTTP/1.1" 200 - "-" "WordPress/6.8.1; https://kelaby.company"
216.73.216.247 - - [15/Jul/2025:19:39:03 +0000] "GET /detail/697333216 HTTP/1.1" 404 16356 "-" "Mozilla/5.0 AppleWebKit/537.36 (KHTML, like Gecko; compatible; ClaudeBot/1.0; [email protected])"
66.249.79.233 - - [15/Jul/2025:19:39:04 +0000] "GET /?h=65567342031960&mod=6351bf9d&uri=products.php?detail/773854213 HTTP/1.1" 200 19442 "-" "Mozilla/5.0 (Linux; Android 6.0.1; Nexus 5X Build/MMB29P) AppleWebKit/537.36 (KHTML, like Gecko) Chrome/137.0.7151.103 Mobile Safari/537.36 (compatible; Googlebot/2.1; +http://www.google.com/bot.html)"
216.73.216.247 - - [15/Jul/2025:19:39:06 +0000] "GET /detail/697099301 HTTP/1.1" 404 16356 "-" "Mozilla/5.0 AppleWebKit/537.36 (KHTML, like Gecko; compatible; ClaudeBot/1.0; [email protected])"
216.73.216.247 - - [15/Jul/2025:19:39:09 +0000] "GET /detail/696917653 HTTP/1.1" 404 16356 "-" "Mozilla/5.0 AppleWebKit/537.36 (KHTML, like Gecko; compatible; ClaudeBot/1.0; [email protected])"
66.249.79.233 - - [15/Jul/2025:19:39:11 +0000] "POST /get-message-notify HTTP/1.1" 200 19474 "https://www.kelaby.company/?h=65567342031960&mod=6351bf9d&uri=products.php?detail/773854213" "Mozilla/5.0 (Linux; Android 6.0.1; Nexus 5X Build/MMB29P) AppleWebKit/537.36 (KHTML, like Gecko) Chrome/137.0.7151.119 Mobile Safari/537.36 (compatible; Googlebot/2.1; +http://www.google.com/bot.html)"
66.249.79.232 - - [15/Jul/2025:19:39:19 +0000] "GET /?h=65567342031960&mod=6351bf9d&uri=products.php?detail/773876446 HTTP/1.1" 200 19272 "-" "Mozilla/5.0 (Linux; Android 6.0.1; Nexus 5X Build/MMB29P) AppleWebKit/537.36 (KHTML, like Gecko) Chrome/137.0.7151.103 Mobile Safari/537.36 (compatible; Googlebot/2.1; +http://www.google.com/bot.html)"
209.74.77.214 - - [15/Jul/2025:19:39:25 +0000] "POST /wp-cron.php?doing_wp_cron=1752608365.2571480274200439453125 HTTP/1.1" 200 - "-" "WordPress/6.8.1; https://kelaby.company"
51.222.253.16 - - [15/Jul/2025:19:39:25 +0000] "GET /?h=60474059071960&uri=pin.php%3Fid%3D2018079-727%26name%3Dreebok%20gl%206000%20women HTTP/1.1" 200 26422 "-" "Mozilla/5.0 (compatible; AhrefsBot/7.0; +http://ahrefs.com/robot/)"
66.249.79.232 - - [15/Jul/2025:19:39:41 +0000] "POST /get-message-notify HTTP/1.1" 200 19474 "https://www.kelaby.company/?h=6098117091960&mod=f7efa4f8&uri=category-info.php?detail/1673312" "Mozilla/5.0 (Linux; Android 6.0.1; Nexus 5X Build/MMB29P) AppleWebKit/537.36 (KHTML, like Gecko) Chrome/137.0.7151.119 Mobile Safari/537.36 (compatible; Googlebot/2.1; +http://www.google.com/bot.html)"
66.249.79.232 - - [15/Jul/2025:19:39:47 +0000] "GET /?h=65567342031960&mod=6351bf9d&uri=products.php?product/edit/K4007077967 HTTP/1.1" 200 22183 "-" "Mozilla/5.0 (Linux; Android 6.0.1; Nexus 5X Build/MMB29P) AppleWebKit/537.36 (KHTML, like Gecko) Chrome/137.0.7151.103 Mobile Safari/537.36 (compatible; Googlebot/2.1; +http://www.google.com/bot.html)"
66.249.79.232 - - [15/Jul/2025:19:39:50 +0000] "POST /get-message-notify HTTP/1.1" 200 19474 "https://www.kelaby.company/?h=65567342031960&mod=6351bf9d&uri=products.php?product/edit/K4007077967" "Mozilla/5.0 (Linux; Android 6.0.1; Nexus 5X Build/MMB29P) AppleWebKit/537.36 (KHTML, like Gecko) Chrome/137.0.7151.119 Mobile Safari/537.36 (compatible; Googlebot/2.1; +http://www.google.com/bot.html)"
66.249.79.232 - - [15/Jul/2025:19:39:55 +0000] "GET /?h=65567342031960&mod=6351bf9d&uri=products.php?detail/773861263 HTTP/1.1" 200 19739 "-" "Mozilla/5.0 (Linux; Android 6.0.1; Nexus 5X Build/MMB29P) AppleWebKit/537.36 (KHTML, like Gecko) Chrome/137.0.7151.103 Mobile Safari/537.36 (compatible; Googlebot/2.1; +http://www.google.com/bot.html)"
66.249.79.234 - - [15/Jul/2025:19:40:05 +0000] "GET /?h=65567342031960&mod=6351bf9d&uri=products.php?detail/773851060 HTTP/1.1" 200 18570 "-" "Mozilla/5.0 (Linux; Android 6.0.1; Nexus 5X Build/MMB29P) AppleWebKit/537.36 (KHTML, like Gecko) Chrome/137.0.7151.103 Mobile Safari/537.36 (compatible; Googlebot/2.1; +http://www.google.com/bot.html)"
66.249.79.232 - - [15/Jul/2025:19:40:20 +0000] "GET /?h=65567342031960&mod=6351bf9d&uri=products.php?detail/773878706 HTTP/1.1" 200 19248 "-" "Mozilla/5.0 (Linux; Android 6.0.1; Nexus 5X Build/MMB29P) AppleWebKit/537.36 (KHTML, like Gecko) Chrome/137.0.7151.103 Mobile Safari/537.36 (compatible; Googlebot/2.1; +http://www.google.com/bot.html)"
209.74.77.214 - - [15/Jul/2025:19:40:25 +0000] "POST /wp-cron.php?doing_wp_cron=1752608425.7862939834594726562500 HTTP/1.1" 200 - "-" "WordPress/6.8.1; https://kelaby.company"
216.73.216.247 - - [15/Jul/2025:19:40:25 +0000] "GET /detail/697036813 HTTP/1.1" 404 16356 "-" "Mozilla/5.0 AppleWebKit/537.36 (KHTML, like Gecko; compatible; ClaudeBot/1.0; [email protected])"
216.73.216.247 - - [15/Jul/2025:19:40:28 +0000] "GET /detail/697125711 HTTP/1.1" 404 16356 "-" "Mozilla/5.0 AppleWebKit/537.36 (KHTML, like Gecko; compatible; ClaudeBot/1.0; [email protected])"
216.73.216.247 - - [15/Jul/2025:19:40:31 +0000] "GET /detail/697232070 HTTP/1.1" 404 16356 "-" "Mozilla/5.0 AppleWebKit/537.36 (KHTML, like Gecko; compatible; ClaudeBot/1.0; [email protected])"
216.73.216.247 - - [15/Jul/2025:19:40:34 +0000] "GET /detail/697292773 HTTP/1.1" 404 16356 "-" "Mozilla/5.0 AppleWebKit/537.36 (KHTML, like Gecko; compatible; ClaudeBot/1.0; [email protected])"
216.73.216.247 - - [15/Jul/2025:19:40:37 +0000] "GET /detail/697164790 HTTP/1.1" 404 16357 "-" "Mozilla/5.0 AppleWebKit/537.36 (KHTML, like Gecko; compatible; ClaudeBot/1.0; [email protected])"
216.73.216.247 - - [15/Jul/2025:19:40:40 +0000] "GET /detail/697065821 HTTP/1.1" 404 16356 "-" "Mozilla/5.0 AppleWebKit/537.36 (KHTML, like Gecko; compatible; ClaudeBot/1.0; [email protected])"
216.73.216.247 - - [15/Jul/2025:19:40:43 +0000] "GET /detail/697337750 HTTP/1.1" 404 16357 "-" "Mozilla/5.0 AppleWebKit/537.36 (KHTML, like Gecko; compatible; ClaudeBot/1.0; [email protected])"
66.249.79.232 - - [15/Jul/2025:19:40:44 +0000] "POST /get-message-notify HTTP/1.1" 200 19474 "https://www.kelaby.company/?h=65567342031960&mod=6351bf9d&uri=products.php?detail/773894654" "Mozilla/5.0 (Linux; Android 6.0.1; Nexus 5X Build/MMB29P) AppleWebKit/537.36 (KHTML, like Gecko) Chrome/137.0.7151.119 Mobile Safari/537.36 (compatible; Googlebot/2.1; +http://www.google.com/bot.html)"
216.73.216.247 - - [15/Jul/2025:19:40:46 +0000] "GET /detail/697032149 HTTP/1.1" 404 16356 "-" "Mozilla/5.0 AppleWebKit/537.36 (KHTML, like Gecko; compatible; ClaudeBot/1.0; [email protected])"
66.249.79.232 - - [15/Jul/2025:19:40:48 +0000] "GET /?h=65567342031960&mod=6351bf9d&uri=products.php?detail/773863861 HTTP/1.1" 200 20293 "-" "Mozilla/5.0 (Linux; Android 6.0.1; Nexus 5X Build/MMB29P) AppleWebKit/537.36 (KHTML, like Gecko) Chrome/137.0.7151.103 Mobile Safari/537.36 (compatible; Googlebot/2.1; +http://www.google.com/bot.html)"
216.73.216.247 - - [15/Jul/2025:19:40:49 +0000] "GET /detail/696859466 HTTP/1.1" 404 16357 "-" "Mozilla/5.0 AppleWebKit/537.36 (KHTML, like Gecko; compatible; ClaudeBot/1.0; [email protected])"
66.249.79.232 - - [15/Jul/2025:19:40:55 +0000] "GET /?h=6018335091960&mod=62c1507b&uri=itm.php?detail/1652716 HTTP/1.1" 200 20331 "-" "Mozilla/5.0 (Linux; Android 6.0.1; Nexus 5X Build/MMB29P) AppleWebKit/537.36 (KHTML, like Gecko) Chrome/137.0.7151.103 Mobile Safari/537.36 (compatible; Googlebot/2.1; +http://www.google.com/bot.html)"
66.249.79.232 - - [15/Jul/2025:19:40:56 +0000] "GET /?h=65567342031960&mod=6351bf9d&uri=products.php?detail/773847145 HTTP/1.1" 200 18770 "-" "Mozilla/5.0 (Linux; Android 6.0.1; Nexus 5X Build/MMB29P) AppleWebKit/537.36 (KHTML, like Gecko) Chrome/137.0.7151.103 Mobile Safari/537.36 (compatible; Googlebot/2.1; +http://www.google.com/bot.html)"
66.249.79.232 - - [15/Jul/2025:19:41:06 +0000] "GET /?h=65567342031960&mod=6351bf9d&uri=products.php?detail/773885006 HTTP/1.1" 200 18701 "-" "Mozilla/5.0 (Linux; Android 6.0.1; Nexus 5X Build/MMB29P) AppleWebKit/537.36 (KHTML, like Gecko) Chrome/137.0.7151.103 Mobile Safari/537.36 (compatible; Googlebot/2.1; +http://www.google.com/bot.html)"
66.249.79.234 - - [15/Jul/2025:19:41:07 +0000] "GET /?h=65567342031960&mod=6351bf9d&uri=products.php?detail/773886096 HTTP/1.1" 200 19167 "-" "Mozilla/5.0 (Linux; Android 6.0.1; Nexus 5X Build/MMB29P) AppleWebKit/537.36 (KHTML, like Gecko) Chrome/137.0.7151.103 Mobile Safari/537.36 (compatible; Googlebot/2.1; +http://www.google.com/bot.html)"
66.249.79.234 - - [15/Jul/2025:19:41:08 +0000] "POST /get-message-notify HTTP/1.1" 200 19474 "https://www.kelaby.company/?h=65567342031960&mod=6351bf9d&uri=products.php?detail/773847145" "Mozilla/5.0 (Linux; Android 6.0.1; Nexus 5X Build/MMB29P) AppleWebKit/537.36 (KHTML, like Gecko) Chrome/137.0.7151.119 Mobile Safari/537.36 (compatible; Googlebot/2.1; +http://www.google.com/bot.html)"
66.249.79.233 - - [15/Jul/2025:19:41:18 +0000] "GET /?h=6012969131960&mod=62c1507b&uri=category-info.php?detail/38659343 HTTP/1.1" 200 19815 "-" "Mozilla/5.0 (Linux; Android 6.0.1; Nexus 5X Build/MMB29P) AppleWebKit/537.36 (KHTML, like Gecko) Chrome/137.0.7151.103 Mobile Safari/537.36 (compatible; Googlebot/2.1; +http://www.google.com/bot.html)"
209.74.77.214 - - [15/Jul/2025:19:41:22 +0000] "POST /wp-cron.php?doing_wp_cron=1752608482.6761209964752197265625 HTTP/1.1" 200 - "-" "WordPress/6.8.1; https://kelaby.company"
51.222.253.13 - - [15/Jul/2025:19:41:22 +0000] "GET /?h=58907123071960&uri=form.php%3Fid%3D1965760-495%26name%3Dwhite%20denim%20mini%20skirt%20uk HTTP/1.1" 200 26420 "-" "Mozilla/5.0 (compatible; AhrefsBot/7.0; +http://ahrefs.com/robot/)"
66.249.79.232 - - [15/Jul/2025:19:41:35 +0000] "GET /?h=91806732041960&mod=1397d4cc&uri=goods.php?detail/38940417 HTTP/1.1" 200 20091 "-" "Mozilla/5.0 (Linux; Android 6.0.1; Nexus 5X Build/MMB29P) AppleWebKit/537.36 (KHTML, like Gecko) Chrome/137.0.7151.103 Mobile Safari/537.36 (compatible; Googlebot/2.1; +http://www.google.com/bot.html)"
160.251.96.90 - - [15/Jul/2025:19:41:53 +0000] "POST /xmlrpc.php HTTP/1.1" 200 225 "-" "Mozilla/5.0 (X11; Ubuntu; Linux x86_64; rv:85.0) Gecko/20100101 Firefox/91.0"
66.249.79.232 - - [15/Jul/2025:19:41:58 +0000] "GET /?h=91806732041960&mod=1397d4cc&uri=goods.php?detail/38940136 HTTP/1.1" 200 18967 "-" "Mozilla/5.0 (Linux; Android 6.0.1; Nexus 5X Build/MMB29P) AppleWebKit/537.36 (KHTML, like Gecko) Chrome/137.0.7151.103 Mobile Safari/537.36 (compatible; Googlebot/2.1; +http://www.google.com/bot.html)"
66.249.79.233 - - [15/Jul/2025:19:42:05 +0000] "GET /?h=91806732041960&mod=1397d4cc&uri=goods.php?detail/38985796 HTTP/1.1" 200 19247 "-" "Mozilla/5.0 (Linux; Android 6.0.1; Nexus 5X Build/MMB29P) AppleWebKit/537.36 (KHTML, like Gecko) Chrome/137.0.7151.103 Mobile Safari/537.36 (compatible; Googlebot/2.1; +http://www.google.com/bot.html)"
209.74.77.214 - - [15/Jul/2025:19:42:19 +0000] "POST /wp-cron.php?doing_wp_cron=1752608538.8052659034729003906250 HTTP/1.1" 200 - "-" "WordPress/6.8.1; https://kelaby.company"
216.73.216.247 - - [15/Jul/2025:19:42:18 +0000] "GET /detail/696926810 HTTP/1.1" 404 16357 "-" "Mozilla/5.0 AppleWebKit/537.36 (KHTML, like Gecko; compatible; ClaudeBot/1.0; [email protected])"
216.73.216.247 - - [15/Jul/2025:19:42:21 +0000] "GET /detail/696988893 HTTP/1.1" 404 16356 "-" "Mozilla/5.0 AppleWebKit/537.36 (KHTML, like Gecko; compatible; ClaudeBot/1.0; [email protected])"
216.73.216.247 - - [15/Jul/2025:19:42:24 +0000] "GET /detail/697298799 HTTP/1.1" 404 16357 "-" "Mozilla/5.0 AppleWebKit/537.36 (KHTML, like Gecko; compatible; ClaudeBot/1.0; [email protected])"
66.249.79.232 - - [15/Jul/2025:19:42:26 +0000] "GET /?h=91806732041960&mod=1397d4cc&uri=goods.php?detail/38940755 HTTP/1.1" 200 20225 "-" "Mozilla/5.0 (Linux; Android 6.0.1; Nexus 5X Build/MMB29P) AppleWebKit/537.36 (KHTML, like Gecko) Chrome/137.0.7151.103 Mobile Safari/537.36 (compatible; Googlebot/2.1; +http://www.google.com/bot.html)"
216.73.216.247 - - [15/Jul/2025:19:42:27 +0000] "GET /detail/696957006 HTTP/1.1" 404 16357 "-" "Mozilla/5.0 AppleWebKit/537.36 (KHTML, like Gecko; compatible; ClaudeBot/1.0; [email protected])"
216.73.216.247 - - [15/Jul/2025:19:42:30 +0000] "GET /detail/697265742 HTTP/1.1" 404 16357 "-" "Mozilla/5.0 AppleWebKit/537.36 (KHTML, like Gecko; compatible; ClaudeBot/1.0; [email protected])"
216.73.216.247 - - [15/Jul/2025:19:42:33 +0000] "GET /detail/697305915 HTTP/1.1" 404 16356 "-" "Mozilla/5.0 AppleWebKit/537.36 (KHTML, like Gecko; compatible; ClaudeBot/1.0; [email protected])"
66.249.79.232 - - [15/Jul/2025:19:42:33 +0000] "GET /?h=28142226041960&mod=c6fe3f96&uri=shared.php?detail/37488024 HTTP/1.1" 200 21483 "-" "Mozilla/5.0 (Linux; Android 6.0.1; Nexus 5X Build/MMB29P) AppleWebKit/537.36 (KHTML, like Gecko) Chrome/137.0.7151.103 Mobile Safari/537.36 (compatible; Googlebot/2.1; +http://www.google.com/bot.html)"
216.73.216.247 - - [15/Jul/2025:19:42:36 +0000] "GET /detail/697285659 HTTP/1.1" 404 16357 "-" "Mozilla/5.0 AppleWebKit/537.36 (KHTML, like Gecko; compatible; ClaudeBot/1.0; [email protected])"
