77.104.73.130 - - [15/Jul/2025:19:16:44 +0000] "POST /xmlrpc.php HTTP/1.1" 200 206 "https://kelaby.company" "Mozilla/5.0 (Macintosh; Intel Mac OS X 10_15_7; rv:128.0) Gecko/20100101 Firefox/128.0"
66.249.79.230 - - [15/Jul/2025:19:16:45 +0000] "GET /?h=23979392041960&mod=62c1507b&uri=article.php?feature/shoplist-friendly/index.html HTTP/1.1" 200 19397 "-" "Mozilla/5.0 (Linux; Android 6.0.1; Nexus 5X Build/MMB29P) AppleWebKit/537.36 (KHTML, like Gecko) Chrome/137.0.7151.103 Mobile Safari/537.36 (compatible; Googlebot/2.1; +http://www.google.com/bot.html)"
216.73.216.13 - - [15/Jul/2025:19:16:46 +0000] "GET /detail/697333835 HTTP/1.1" 404 16357 "-" "Mozilla/5.0 AppleWebKit/537.36 (KHTML, like Gecko; compatible; ClaudeBot/1.0; [email protected])"
216.73.216.13 - - [15/Jul/2025:19:16:49 +0000] "GET /detail/697243491 HTTP/1.1" 404 16357 "-" "Mozilla/5.0 AppleWebKit/537.36 (KHTML, like Gecko; compatible; ClaudeBot/1.0; [email protected])"
216.73.216.13 - - [15/Jul/2025:19:16:52 +0000] "GET /detail/697193055 HTTP/1.1" 404 16357 "-" "Mozilla/5.0 AppleWebKit/537.36 (KHTML, like Gecko; compatible; ClaudeBot/1.0; [email protected])"
66.249.79.231 - - [15/Jul/2025:19:16:54 +0000] "GET /?h=23979392041960&mod=62c1507b&uri=article.php?%3Fid%3D800366-330%26name%3Dstainless+steel+marine+cup+holders HTTP/1.1" 200 21359 "-" "Mozilla/5.0 (Linux; Android 6.0.1; Nexus 5X Build/MMB29P) AppleWebKit/537.36 (KHTML, like Gecko) Chrome/137.0.7151.103 Mobile Safari/537.36 (compatible; Googlebot/2.1; +http://www.google.com/bot.html)"
216.73.216.13 - - [15/Jul/2025:19:16:55 +0000] "GET /detail/697244597 HTTP/1.1" 404 16357 "-" "Mozilla/5.0 AppleWebKit/537.36 (KHTML, like Gecko; compatible; ClaudeBot/1.0; [email protected])"
216.73.216.13 - - [15/Jul/2025:19:16:58 +0000] "GET /detail/697173350 HTTP/1.1" 404 16355 "-" "Mozilla/5.0 AppleWebKit/537.36 (KHTML, like Gecko; compatible; ClaudeBot/1.0; [email protected])"
66.249.79.230 - - [15/Jul/2025:19:16:58 +0000] "POST /get-message-notify HTTP/1.1" 200 19474 "https://www.kelaby.company/?h=99876573071960&mod=c31081b5&uri=blog.php?detail/220091006" "Mozilla/5.0 (Linux; Android 6.0.1; Nexus 5X Build/MMB29P) AppleWebKit/537.36 (KHTML, like Gecko) Chrome/137.0.7151.119 Mobile Safari/537.36 (compatible; Googlebot/2.1; +http://www.google.com/bot.html)"
66.249.79.230 - - [15/Jul/2025:19:17:02 +0000] "GET /?h=23979392041960&mod=62c1507b&uri=article.php?detail/1654080 HTTP/1.1" 200 19309 "-" "Mozilla/5.0 (Linux; Android 6.0.1; Nexus 5X Build/MMB29P) AppleWebKit/537.36 (KHTML, like Gecko) Chrome/137.0.7151.103 Mobile Safari/537.36 (compatible; Googlebot/2.1; +http://www.google.com/bot.html)"
66.249.79.230 - - [15/Jul/2025:19:17:06 +0000] "POST /get-message-notify HTTP/1.1" 200 19474 "https://www.kelaby.company/?h=23979392041960&mod=62c1507b&uri=article.php?detail/1654080" "Mozilla/5.0 (Linux; Android 6.0.1; Nexus 5X Build/MMB29P) AppleWebKit/537.36 (KHTML, like Gecko) Chrome/137.0.7151.119 Mobile Safari/537.36 (compatible; Googlebot/2.1; +http://www.google.com/bot.html)"
66.249.79.230 - - [15/Jul/2025:19:17:09 +0000] "GET /?h=23979392041960&mod=62c1507b&uri=article.php?detail/1667302 HTTP/1.1" 200 20952 "-" "Mozilla/5.0 (Linux; Android 6.0.1; Nexus 5X Build/MMB29P) AppleWebKit/537.36 (KHTML, like Gecko) Chrome/137.0.7151.103 Mobile Safari/537.36 (compatible; Googlebot/2.1; +http://www.google.com/bot.html)"
66.249.79.230 - - [15/Jul/2025:19:17:30 +0000] "GET /?h=23979392041960&mod=62c1507b&uri=article.php?detail/1659832 HTTP/1.1" 200 20563 "-" "Mozilla/5.0 (Linux; Android 6.0.1; Nexus 5X Build/MMB29P) AppleWebKit/537.36 (KHTML, like Gecko) Chrome/137.0.7151.103 Mobile Safari/537.36 (compatible; Googlebot/2.1; +http://www.google.com/bot.html)"
66.249.79.230 - - [15/Jul/2025:19:17:38 +0000] "GET /?h=23979392041960&mod=62c1507b&uri=article.php?detail/1645666 HTTP/1.1" 200 19132 "-" "Mozilla/5.0 (Linux; Android 6.0.1; Nexus 5X Build/MMB29P) AppleWebKit/537.36 (KHTML, like Gecko) Chrome/137.0.7151.103 Mobile Safari/537.36 (compatible; Googlebot/2.1; +http://www.google.com/bot.html)"
66.249.79.230 - - [15/Jul/2025:19:17:40 +0000] "POST /get-message-notify HTTP/1.1" 200 19474 "https://www.kelaby.company/?h=23979392041960&mod=62c1507b&uri=article.php?detail/1645666" "Mozilla/5.0 (Linux; Android 6.0.1; Nexus 5X Build/MMB29P) AppleWebKit/537.36 (KHTML, like Gecko) Chrome/137.0.7151.119 Mobile Safari/537.36 (compatible; Googlebot/2.1; +http://www.google.com/bot.html)"
66.249.79.230 - - [15/Jul/2025:19:17:50 +0000] "POST /get-message-notify HTTP/1.1" 200 19474 "https://www.kelaby.company/?h=23979392041960&mod=62c1507b&uri=article.php?detail/1667302" "Mozilla/5.0 (Linux; Android 6.0.1; Nexus 5X Build/MMB29P) AppleWebKit/537.36 (KHTML, like Gecko) Chrome/137.0.7151.119 Mobile Safari/537.36 (compatible; Googlebot/2.1; +http://www.google.com/bot.html)"
209.74.77.214 - - [15/Jul/2025:19:17:52 +0000] "POST /wp-cron.php?doing_wp_cron=1752607072.0447781085968017578125 HTTP/1.1" 200 - "-" "WordPress/6.8.1; https://kelaby.company"
216.73.216.13 - - [15/Jul/2025:19:17:51 +0000] "GET /detail/697330085 HTTP/1.1" 404 16357 "-" "Mozilla/5.0 AppleWebKit/537.36 (KHTML, like Gecko; compatible; ClaudeBot/1.0; [email protected])"
216.73.216.13 - - [15/Jul/2025:19:17:54 +0000] "GET /detail/697139614 HTTP/1.1" 404 16356 "-" "Mozilla/5.0 AppleWebKit/537.36 (KHTML, like Gecko; compatible; ClaudeBot/1.0; [email protected])"
216.73.216.13 - - [15/Jul/2025:19:17:57 +0000] "GET /detail/697026610 HTTP/1.1" 404 16357 "-" "Mozilla/5.0 AppleWebKit/537.36 (KHTML, like Gecko; compatible; ClaudeBot/1.0; [email protected])"
216.73.216.13 - - [15/Jul/2025:19:18:00 +0000] "GET /detail/697221871 HTTP/1.1" 404 16357 "-" "Mozilla/5.0 AppleWebKit/537.36 (KHTML, like Gecko; compatible; ClaudeBot/1.0; [email protected])"
209.74.77.214 - - [15/Jul/2025:19:18:03 +0000] "POST /wp-cron.php?doing_wp_cron=1752607083.6854860782623291015625 HTTP/1.1" 200 - "-" "WordPress/6.8.1; https://kelaby.company"
216.73.216.13 - - [15/Jul/2025:19:18:03 +0000] "GET /detail/697021946 HTTP/1.1" 404 16356 "-" "Mozilla/5.0 AppleWebKit/537.36 (KHTML, like Gecko; compatible; ClaudeBot/1.0; [email protected])"
216.73.216.13 - - [15/Jul/2025:19:18:06 +0000] "GET /detail/697137747 HTTP/1.1" 404 16357 "-" "Mozilla/5.0 AppleWebKit/537.36 (KHTML, like Gecko; compatible; ClaudeBot/1.0; [email protected])"
216.73.216.13 - - [15/Jul/2025:19:18:09 +0000] "GET /detail/697326036 HTTP/1.1" 404 16356 "-" "Mozilla/5.0 AppleWebKit/537.36 (KHTML, like Gecko; compatible; ClaudeBot/1.0; [email protected])"
66.249.79.230 - - [15/Jul/2025:19:18:12 +0000] "GET /?h=23979392041960&mod=62c1507b&uri=article.php?detail/1662382 HTTP/1.1" 200 22598 "-" "Mozilla/5.0 (Linux; Android 6.0.1; Nexus 5X Build/MMB29P) AppleWebKit/537.36 (KHTML, like Gecko) Chrome/137.0.7151.103 Mobile Safari/537.36 (compatible; Googlebot/2.1; +http://www.google.com/bot.html)"
216.73.216.13 - - [15/Jul/2025:19:18:12 +0000] "GET /detail/697341031 HTTP/1.1" 404 16356 "-" "Mozilla/5.0 AppleWebKit/537.36 (KHTML, like Gecko; compatible; ClaudeBot/1.0; [email protected])"
216.73.216.13 - - [15/Jul/2025:19:18:15 +0000] "GET /detail/697247746 HTTP/1.1" 404 16356 "-" "Mozilla/5.0 AppleWebKit/537.36 (KHTML, like Gecko; compatible; ClaudeBot/1.0; [email protected])"
66.249.79.230 - - [15/Jul/2025:19:18:19 +0000] "GET /?h=23979392041960&mod=62c1507b&uri=article.php?detail/1656975 HTTP/1.1" 200 19782 "-" "Mozilla/5.0 (Linux; Android 6.0.1; Nexus 5X Build/MMB29P) AppleWebKit/537.36 (KHTML, like Gecko) Chrome/137.0.7151.103 Mobile Safari/537.36 (compatible; Googlebot/2.1; +http://www.google.com/bot.html)"
66.249.79.230 - - [15/Jul/2025:19:18:27 +0000] "GET /?h=23979392041960&mod=62c1507b&uri=article.php?feature/shoplist/index.html HTTP/1.1" 200 21370 "-" "Mozilla/5.0 (Linux; Android 6.0.1; Nexus 5X Build/MMB29P) AppleWebKit/537.36 (KHTML, like Gecko) Chrome/137.0.7151.103 Mobile Safari/537.36 (compatible; Googlebot/2.1; +http://www.google.com/bot.html)"
66.249.79.230 - - [15/Jul/2025:19:18:35 +0000] "GET /?h=23979392041960&mod=62c1507b&uri=article.php?detail/1655186 HTTP/1.1" 200 20325 "-" "Mozilla/5.0 (Linux; Android 6.0.1; Nexus 5X Build/MMB29P) AppleWebKit/537.36 (KHTML, like Gecko) Chrome/137.0.7151.103 Mobile Safari/537.36 (compatible; Googlebot/2.1; +http://www.google.com/bot.html)"
66.249.79.230 - - [15/Jul/2025:19:18:42 +0000] "GET /?h=23979392041960&mod=62c1507b&uri=article.php?recruit HTTP/1.1" 200 20584 "-" "Mozilla/5.0 (Linux; Android 6.0.1; Nexus 5X Build/MMB29P) AppleWebKit/537.36 (KHTML, like Gecko) Chrome/137.0.7151.103 Mobile Safari/537.36 (compatible; Googlebot/2.1; +http://www.google.com/bot.html)"
66.249.79.230 - - [15/Jul/2025:19:18:50 +0000] "GET /?h=23979392041960&mod=62c1507b&uri=article.php?detail/1696591 HTTP/1.1" 200 19056 "-" "Mozilla/5.0 (Linux; Android 6.0.1; Nexus 5X Build/MMB29P) AppleWebKit/537.36 (KHTML, like Gecko) Chrome/137.0.7151.103 Mobile Safari/537.36 (compatible; Googlebot/2.1; +http://www.google.com/bot.html)"
66.249.79.230 - - [15/Jul/2025:19:18:56 +0000] "POST /get-message-notify HTTP/1.1" 200 19474 "https://www.kelaby.company/?h=23979392041960&mod=62c1507b&uri=article.php?detail/1662382" "Mozilla/5.0 (Linux; Android 6.0.1; Nexus 5X Build/MMB29P) AppleWebKit/537.36 (KHTML, like Gecko) Chrome/137.0.7151.119 Mobile Safari/537.36 (compatible; Googlebot/2.1; +http://www.google.com/bot.html)"
66.249.79.230 - - [15/Jul/2025:19:19:03 +0000] "GET /?h=23979392041960&mod=62c1507b&uri=article.php?detail/1653335 HTTP/1.1" 200 19541 "-" "Mozilla/5.0 (Linux; Android 6.0.1; Nexus 5X Build/MMB29P) AppleWebKit/537.36 (KHTML, like Gecko) Chrome/137.0.7151.103 Mobile Safari/537.36 (compatible; Googlebot/2.1; +http://www.google.com/bot.html)"
66.249.79.230 - - [15/Jul/2025:19:19:13 +0000] "POST /get-message-notify HTTP/1.1" 200 19474 "https://www.kelaby.company/?h=23979392041960&mod=62c1507b&uri=article.php?detail/1653335" "Mozilla/5.0 (Linux; Android 6.0.1; Nexus 5X Build/MMB29P) AppleWebKit/537.36 (KHTML, like Gecko) Chrome/137.0.7151.119 Mobile Safari/537.36 (compatible; Googlebot/2.1; +http://www.google.com/bot.html)"
66.249.79.230 - - [15/Jul/2025:19:19:19 +0000] "GET /?h=23979392041960&mod=62c1507b&uri=article.php?detail/1650949 HTTP/1.1" 200 19788 "-" "Mozilla/5.0 (Linux; Android 6.0.1; Nexus 5X Build/MMB29P) AppleWebKit/537.36 (KHTML, like Gecko) Chrome/137.0.7151.103 Mobile Safari/537.36 (compatible; Googlebot/2.1; +http://www.google.com/bot.html)"
66.249.79.230 - - [15/Jul/2025:19:19:21 +0000] "POST /get-message-notify HTTP/1.1" 200 19474 "https://www.kelaby.company/?h=23979392041960&mod=62c1507b&uri=article.php?detail/1650949" "Mozilla/5.0 (Linux; Android 6.0.1; Nexus 5X Build/MMB29P) AppleWebKit/537.36 (KHTML, like Gecko) Chrome/137.0.7151.119 Mobile Safari/537.36 (compatible; Googlebot/2.1; +http://www.google.com/bot.html)"
209.74.77.214 - - [15/Jul/2025:19:19:29 +0000] "POST /wp-cron.php?doing_wp_cron=1752607169.2153449058532714843750 HTTP/1.1" 200 - "-" "WordPress/6.8.1; https://kelaby.company"
216.73.216.13 - - [15/Jul/2025:19:19:28 +0000] "GET /detail/697353682 HTTP/1.1" 404 16357 "-" "Mozilla/5.0 AppleWebKit/537.36 (KHTML, like Gecko; compatible; ClaudeBot/1.0; [email protected])"
216.73.216.13 - - [15/Jul/2025:19:19:31 +0000] "GET /detail/697306189 HTTP/1.1" 404 16357 "-" "Mozilla/5.0 AppleWebKit/537.36 (KHTML, like Gecko; compatible; ClaudeBot/1.0; [email protected])"
216.73.216.13 - - [15/Jul/2025:19:19:34 +0000] "GET /detail/697183894 HTTP/1.1" 404 16357 "-" "Mozilla/5.0 AppleWebKit/537.36 (KHTML, like Gecko; compatible; ClaudeBot/1.0; [email protected])"
66.249.79.232 - - [15/Jul/2025:19:19:34 +0000] "GET /?h=23979392041960&mod=62c1507b&uri=article.php?detail/1661212 HTTP/1.1" 200 19408 "-" "Mozilla/5.0 (Linux; Android 6.0.1; Nexus 5X Build/MMB29P) AppleWebKit/537.36 (KHTML, like Gecko) Chrome/137.0.7151.103 Mobile Safari/537.36 (compatible; Googlebot/2.1; +http://www.google.com/bot.html)"
216.73.216.13 - - [15/Jul/2025:19:19:37 +0000] "GET /detail/697036194 HTTP/1.1" 404 16357 "-" "Mozilla/5.0 AppleWebKit/537.36 (KHTML, like Gecko; compatible; ClaudeBot/1.0; [email protected])"
216.73.216.13 - - [15/Jul/2025:19:19:40 +0000] "GET /detail/696827046 HTTP/1.1" 404 16356 "-" "Mozilla/5.0 AppleWebKit/537.36 (KHTML, like Gecko; compatible; ClaudeBot/1.0; [email protected])"
216.73.216.13 - - [15/Jul/2025:19:19:43 +0000] "GET /detail/697289960 HTTP/1.1" 404 16357 "-" "Mozilla/5.0 AppleWebKit/537.36 (KHTML, like Gecko; compatible; ClaudeBot/1.0; [email protected])"
216.73.216.13 - - [15/Jul/2025:19:19:46 +0000] "GET /detail/697186492 HTTP/1.1" 404 16356 "-" "Mozilla/5.0 AppleWebKit/537.36 (KHTML, like Gecko; compatible; ClaudeBot/1.0; [email protected])"
216.73.216.13 - - [15/Jul/2025:19:19:49 +0000] "GET /detail/697250881 HTTP/1.1" 404 16357 "-" "Mozilla/5.0 AppleWebKit/537.36 (KHTML, like Gecko; compatible; ClaudeBot/1.0; [email protected])"
66.249.79.232 - - [15/Jul/2025:19:19:49 +0000] "GET /?h=23979392041960&mod=62c1507b&uri=article.php?detail/1674955 HTTP/1.1" 200 19093 "-" "Mozilla/5.0 (Linux; Android 6.0.1; Nexus 5X Build/MMB29P) AppleWebKit/537.36 (KHTML, like Gecko) Chrome/137.0.7151.103 Mobile Safari/537.36 (compatible; Googlebot/2.1; +http://www.google.com/bot.html)"
216.73.216.13 - - [15/Jul/2025:19:19:52 +0000] "GET /detail/697272858 HTTP/1.1" 404 16357 "-" "Mozilla/5.0 AppleWebKit/537.36 (KHTML, like Gecko; compatible; ClaudeBot/1.0; [email protected])"
66.249.79.232 - - [15/Jul/2025:19:19:54 +0000] "GET /?h=6012969131960&mod=62c1507b&uri=category-info.php?detail/38656793 HTTP/1.1" 200 19782 "-" "Mozilla/5.0 (Linux; Android 6.0.1; Nexus 5X Build/MMB29P) AppleWebKit/537.36 (KHTML, like Gecko) Chrome/137.0.7151.103 Mobile Safari/537.36 (compatible; Googlebot/2.1; +http://www.google.com/bot.html)"
66.249.79.234 - - [15/Jul/2025:19:20:18 +0000] "GET /?h=23979392041960&mod=62c1507b&uri=article.php?detail/1655595 HTTP/1.1" 200 18976 "-" "Mozilla/5.0 (Linux; Android 6.0.1; Nexus 5X Build/MMB29P) AppleWebKit/537.36 (KHTML, like Gecko) Chrome/137.0.7151.103 Mobile Safari/537.36 (compatible; Googlebot/2.1; +http://www.google.com/bot.html)"
66.249.79.233 - - [15/Jul/2025:19:20:18 +0000] "GET /?h=23979392041960&mod=62c1507b&uri=article.php? HTTP/1.1" 200 19211 "-" "Mozilla/5.0 (Linux; Android 6.0.1; Nexus 5X Build/MMB29P) AppleWebKit/537.36 (KHTML, like Gecko) Chrome/137.0.7151.103 Mobile Safari/537.36 (compatible; Googlebot/2.1; +http://www.google.com/bot.html)"
66.249.79.234 - - [15/Jul/2025:19:20:21 +0000] "POST /get-message-notify HTTP/1.1" 200 19474 "https://www.kelaby.company/?h=23979392041960&mod=62c1507b&uri=article.php?detail/1655595" "Mozilla/5.0 (Linux; Android 6.0.1; Nexus 5X Build/MMB29P) AppleWebKit/537.36 (KHTML, like Gecko) Chrome/137.0.7151.119 Mobile Safari/537.36 (compatible; Googlebot/2.1; +http://www.google.com/bot.html)"
209.74.77.214 - - [15/Jul/2025:19:20:21 +0000] "POST /wp-cron.php?doing_wp_cron=1752607221.7093310356140136718750 HTTP/1.1" 200 - "-" "WordPress/6.8.1; https://kelaby.company"
40.77.167.53 - - [15/Jul/2025:19:20:21 +0000] "GET /jakob-owens-O_bhy3TnSYU-unsplash-2-e1613656088469.jpg HTTP/1.1" 301 - "-" "Mozilla/5.0 AppleWebKit/537.36 (KHTML, like Gecko; compatible; bingbot/2.0; +http://www.bing.com/bingbot.htm) Chrome/116.0.1938.76 Safari/537.36"
40.77.167.53 - - [15/Jul/2025:19:20:22 +0000] "GET /jakob-owens-O_bhy3TnSYU-unsplash-2-e1613656088469.jpg/ HTTP/1.1" 200 21010 "-" "Mozilla/5.0 AppleWebKit/537.36 (KHTML, like Gecko; compatible; bingbot/2.0; +http://www.bing.com/bingbot.htm) Chrome/116.0.1938.76 Safari/537.36"
66.249.79.232 - - [15/Jul/2025:19:20:38 +0000] "GET /?h=23979392041960&mod=62c1507b&uri=article.php?vintagegame.html HTTP/1.1" 200 19074 "-" "Mozilla/5.0 (Linux; Android 6.0.1; Nexus 5X Build/MMB29P) AppleWebKit/537.36 (KHTML, like Gecko) Chrome/137.0.7151.103 Mobile Safari/537.36 (compatible; Googlebot/2.1; +http://www.google.com/bot.html)"
66.249.79.32 - - [15/Jul/2025:19:20:40 +0000] "POST /get-message-notify HTTP/1.1" 200 19449 "https://kelaby.company/detail/1693163" "Mozilla/5.0 (Linux; Android 6.0.1; Nexus 5X Build/MMB29P) AppleWebKit/537.36 (KHTML, like Gecko) Chrome/137.0.7151.119 Mobile Safari/537.36 (compatible; Googlebot/2.1; +http://www.google.com/bot.html)"
66.249.79.232 - - [15/Jul/2025:19:20:45 +0000] "GET /?h=23979392041960&mod=62c1507b&uri=article.php?detail/1649569 HTTP/1.1" 200 19528 "-" "Mozilla/5.0 (Linux; Android 6.0.1; Nexus 5X Build/MMB29P) AppleWebKit/537.36 (KHTML, like Gecko) Chrome/137.0.7151.103 Mobile Safari/537.36 (compatible; Googlebot/2.1; +http://www.google.com/bot.html)"
66.249.79.232 - - [15/Jul/2025:19:20:46 +0000] "GET /?h=23979392041960&mod=62c1507b&uri=article.php?detail/1677231 HTTP/1.1" 200 20037 "-" "Mozilla/5.0 (Linux; Android 6.0.1; Nexus 5X Build/MMB29P) AppleWebKit/537.36 (KHTML, like Gecko) Chrome/137.0.7151.103 Mobile Safari/537.36 (compatible; Googlebot/2.1; +http://www.google.com/bot.html)"
66.249.79.232 - - [15/Jul/2025:19:20:52 +0000] "GET /?h=119655853041960&mod=84ea3a79&uri=news.php?detail/3608226 HTTP/1.1" 200 19538 "-" "Mozilla/5.0 (Linux; Android 6.0.1; Nexus 5X Build/MMB29P) AppleWebKit/537.36 (KHTML, like Gecko) Chrome/137.0.7151.103 Mobile Safari/537.36 (compatible; Googlebot/2.1; +http://www.google.com/bot.html)"
66.249.79.232 - - [15/Jul/2025:19:20:54 +0000] "GET /?h=23979392041960&mod=62c1507b&uri=article.php?detail/1654425 HTTP/1.1" 200 21298 "-" "Mozilla/5.0 (Linux; Android 6.0.1; Nexus 5X Build/MMB29P) AppleWebKit/537.36 (KHTML, like Gecko) Chrome/137.0.7151.103 Mobile Safari/537.36 (compatible; Googlebot/2.1; +http://www.google.com/bot.html)"
51.222.253.1 - - [15/Jul/2025:19:20:53 +0000] "GET /?h=94825272031960&uri=brands.php%3Fid%3D3164552-1577%26name%3Dbandoulieres%20sacs HTTP/1.1" 200 26432 "-" "Mozilla/5.0 (compatible; AhrefsBot/7.0; +http://ahrefs.com/robot/)"
66.249.79.234 - - [15/Jul/2025:19:21:01 +0000] "POST /get-message-notify HTTP/1.1" 200 19474 "https://www.kelaby.company/?h=23979392041960&mod=62c1507b&uri=article.php?detail/1677231" "Mozilla/5.0 (Linux; Android 6.0.1; Nexus 5X Build/MMB29P) AppleWebKit/537.36 (KHTML, like Gecko) Chrome/137.0.7151.119 Mobile Safari/537.36 (compatible; Googlebot/2.1; +http://www.google.com/bot.html)"
66.249.79.233 - - [15/Jul/2025:19:21:06 +0000] "GET /?h=99876573071960&mod=c31081b5&uri=blog.php?detail/38471815 HTTP/1.1" 200 19638 "-" "Mozilla/5.0 (Linux; Android 6.0.1; Nexus 5X Build/MMB29P) AppleWebKit/537.36 (KHTML, like Gecko) Chrome/137.0.7151.103 Mobile Safari/537.36 (compatible; Googlebot/2.1; +http://www.google.com/bot.html)"
66.249.79.232 - - [15/Jul/2025:19:21:08 +0000] "POST /get-message-notify HTTP/1.1" 200 19474 "https://www.kelaby.company/?h=99876573071960&mod=c31081b5&uri=blog.php?detail/38471815" "Mozilla/5.0 (Linux; Android 6.0.1; Nexus 5X Build/MMB29P) AppleWebKit/537.36 (KHTML, like Gecko) Chrome/137.0.7151.119 Mobile Safari/537.36 (compatible; Googlebot/2.1; +http://www.google.com/bot.html)"
66.249.79.232 - - [15/Jul/2025:19:21:19 +0000] "GET /?h=23979392041960&mod=62c1507b&uri=article.php?feature/eposcard/index.html HTTP/1.1" 200 20499 "-" "Mozilla/5.0 (Linux; Android 6.0.1; Nexus 5X Build/MMB29P) AppleWebKit/537.36 (KHTML, like Gecko) Chrome/137.0.7151.103 Mobile Safari/537.36 (compatible; Googlebot/2.1; +http://www.google.com/bot.html)"
66.249.79.232 - - [15/Jul/2025:19:21:27 +0000] "GET /?h=23979392041960&mod=62c1507b&uri=article.php?detail/1666132 HTTP/1.1" 200 21980 "-" "Mozilla/5.0 (Linux; Android 6.0.1; Nexus 5X Build/MMB29P) AppleWebKit/537.36 (KHTML, like Gecko) Chrome/137.0.7151.103 Mobile Safari/537.36 (compatible; Googlebot/2.1; +http://www.google.com/bot.html)"
209.74.77.214 - - [15/Jul/2025:19:21:29 +0000] "POST /wp-cron.php?doing_wp_cron=1752607289.0730841159820556640625 HTTP/1.1" 200 - "-" "WordPress/6.8.1; https://kelaby.company"
216.73.216.13 - - [15/Jul/2025:19:21:28 +0000] "GET /detail/697100663 HTTP/1.1" 404 16357 "-" "Mozilla/5.0 AppleWebKit/537.36 (KHTML, like Gecko; compatible; ClaudeBot/1.0; [email protected])"
66.249.79.232 - - [15/Jul/2025:19:21:30 +0000] "POST /get-message-notify HTTP/1.1" 200 19474 "https://www.kelaby.company/?h=23979392041960&mod=62c1507b&uri=article.php?detail/1666132" "Mozilla/5.0 (Linux; Android 6.0.1; Nexus 5X Build/MMB29P) AppleWebKit/537.36 (KHTML, like Gecko) Chrome/137.0.7151.119 Mobile Safari/537.36 (compatible; Googlebot/2.1; +http://www.google.com/bot.html)"
216.73.216.13 - - [15/Jul/2025:19:21:31 +0000] "GET /detail/697245212 HTTP/1.1" 404 16357 "-" "Mozilla/5.0 AppleWebKit/537.36 (KHTML, like Gecko; compatible; ClaudeBot/1.0; [email protected])"
216.73.216.13 - - [15/Jul/2025:19:21:34 +0000] "GET /detail/697201341 HTTP/1.1" 404 16356 "-" "Mozilla/5.0 AppleWebKit/537.36 (KHTML, like Gecko; compatible; ClaudeBot/1.0; [email protected])"
66.249.79.232 - - [15/Jul/2025:19:21:37 +0000] "GET /?h=23979392041960&mod=62c1507b&uri=article.php?detail/1672633 HTTP/1.1" 200 19715 "-" "Mozilla/5.0 (Linux; Android 6.0.1; Nexus 5X Build/MMB29P) AppleWebKit/537.36 (KHTML, like Gecko) Chrome/137.0.7151.103 Mobile Safari/537.36 (compatible; Googlebot/2.1; +http://www.google.com/bot.html)"
216.73.216.13 - - [15/Jul/2025:19:21:37 +0000] "GET /detail/697352921 HTTP/1.1" 404 16355 "-" "Mozilla/5.0 AppleWebKit/537.36 (KHTML, like Gecko; compatible; ClaudeBot/1.0; [email protected])"
216.73.216.13 - - [15/Jul/2025:19:21:40 +0000] "GET /detail/697163428 HTTP/1.1" 404 16357 "-" "Mozilla/5.0 AppleWebKit/537.36 (KHTML, like Gecko; compatible; ClaudeBot/1.0; [email protected])"
216.73.216.13 - - [15/Jul/2025:19:21:43 +0000] "GET /detail/697162258 HTTP/1.1" 404 16356 "-" "Mozilla/5.0 AppleWebKit/537.36 (KHTML, like Gecko; compatible; ClaudeBot/1.0; [email protected])"
216.73.216.13 - - [15/Jul/2025:19:21:46 +0000] "GET /detail/697283189 HTTP/1.1" 404 16357 "-" "Mozilla/5.0 AppleWebKit/537.36 (KHTML, like Gecko; compatible; ClaudeBot/1.0; [email protected])"
216.73.216.13 - - [15/Jul/2025:19:21:49 +0000] "GET /detail/697332062 HTTP/1.1" 404 16357 "-" "Mozilla/5.0 AppleWebKit/537.36 (KHTML, like Gecko; compatible; ClaudeBot/1.0; [email protected])"
216.73.216.13 - - [15/Jul/2025:19:21:52 +0000] "GET /detail/697047140 HTTP/1.1" 404 16356 "-" "Mozilla/5.0 AppleWebKit/537.36 (KHTML, like Gecko; compatible; ClaudeBot/1.0; [email protected])"
66.249.79.232 - - [15/Jul/2025:19:21:52 +0000] "GET /?h=23979392041960&mod=62c1507b&uri=article.php?feature/yokohama_maruicity/index.html HTTP/1.1" 200 20392 "-" "Mozilla/5.0 (Linux; Android 6.0.1; Nexus 5X Build/MMB29P) AppleWebKit/537.36 (KHTML, like Gecko) Chrome/137.0.7151.103 Mobile Safari/537.36 (compatible; Googlebot/2.1; +http://www.google.com/bot.html)"
66.249.79.233 - - [15/Jul/2025:19:22:21 +0000] "GET /?h=23979392041960&mod=62c1507b&uri=article.php?detail/1643881 HTTP/1.1" 200 19071 "-" "Mozilla/5.0 (Linux; Android 6.0.1; Nexus 5X Build/MMB29P) AppleWebKit/537.36 (KHTML, like Gecko) Chrome/137.0.7151.103 Mobile Safari/537.36 (compatible; Googlebot/2.1; +http://www.google.com/bot.html)"
66.249.79.232 - - [15/Jul/2025:19:22:28 +0000] "GET /?h=23979392041960&mod=62c1507b&uri=article.php?man/kaitori/kantan.html HTTP/1.1" 200 20509 "-" "Mozilla/5.0 (Linux; Android 6.0.1; Nexus 5X Build/MMB29P) AppleWebKit/537.36 (KHTML, like Gecko) Chrome/137.0.7151.103 Mobile Safari/537.36 (compatible; Googlebot/2.1; +http://www.google.com/bot.html)"
209.74.77.214 - - [15/Jul/2025:19:22:36 +0000] "POST /wp-cron.php?doing_wp_cron=1752607356.8428509235382080078125 HTTP/1.1" 200 - "-" "WordPress/6.8.1; https://kelaby.company"
216.73.216.13 - - [15/Jul/2025:19:22:36 +0000] "GET /detail/697196695 HTTP/1.1" 404 16356 "-" "Mozilla/5.0 AppleWebKit/537.36 (KHTML, like Gecko; compatible; ClaudeBot/1.0; [email protected])"
66.249.79.232 - - [15/Jul/2025:19:22:38 +0000] "GET /?h=23979392041960&mod=62c1507b&uri=article.php?detail/1675716 HTTP/1.1" 200 20375 "-" "Mozilla/5.0 (Linux; Android 6.0.1; Nexus 5X Build/MMB29P) AppleWebKit/537.36 (KHTML, like Gecko) Chrome/137.0.7151.103 Mobile Safari/537.36 (compatible; Googlebot/2.1; +http://www.google.com/bot.html)"
216.73.216.13 - - [15/Jul/2025:19:22:39 +0000] "GET /detail/697153357 HTTP/1.1" 404 16357 "-" "Mozilla/5.0 AppleWebKit/537.36 (KHTML, like Gecko; compatible; ClaudeBot/1.0; [email protected])"
216.73.216.13 - - [15/Jul/2025:19:22:42 +0000] "GET /detail/696992938 HTTP/1.1" 404 16356 "-" "Mozilla/5.0 AppleWebKit/537.36 (KHTML, like Gecko; compatible; ClaudeBot/1.0; [email protected])"
216.73.216.13 - - [15/Jul/2025:19:22:45 +0000] "GET /detail/697090332 HTTP/1.1" 404 16357 "-" "Mozilla/5.0 AppleWebKit/537.36 (KHTML, like Gecko; compatible; ClaudeBot/1.0; [email protected])"
216.73.216.13 - - [15/Jul/2025:19:22:48 +0000] "GET /detail/697267597 HTTP/1.1" 404 16357 "-" "Mozilla/5.0 AppleWebKit/537.36 (KHTML, like Gecko; compatible; ClaudeBot/1.0; [email protected])"
216.73.216.13 - - [15/Jul/2025:19:22:51 +0000] "GET /detail/697238909 HTTP/1.1" 404 16357 "-" "Mozilla/5.0 AppleWebKit/537.36 (KHTML, like Gecko; compatible; ClaudeBot/1.0; [email protected])"
216.73.216.13 - - [15/Jul/2025:19:22:54 +0000] "GET /detail/697220100 HTTP/1.1" 404 16356 "-" "Mozilla/5.0 AppleWebKit/537.36 (KHTML, like Gecko; compatible; ClaudeBot/1.0; [email protected])"
66.249.79.232 - - [15/Jul/2025:19:22:56 +0000] "GET /?h=23979392041960&mod=62c1507b&uri=article.php?toreka/toreka_menu.html HTTP/1.1" 200 19155 "-" "Mozilla/5.0 (Linux; Android 6.0.1; Nexus 5X Build/MMB29P) AppleWebKit/537.36 (KHTML, like Gecko) Chrome/137.0.7151.103 Mobile Safari/537.36 (compatible; Googlebot/2.1; +http://www.google.com/bot.html)"
216.73.216.13 - - [15/Jul/2025:19:22:57 +0000] "GET /detail/696919145 HTTP/1.1" 404 16357 "-" "Mozilla/5.0 AppleWebKit/537.36 (KHTML, like Gecko; compatible; ClaudeBot/1.0; [email protected])"
216.73.216.13 - - [15/Jul/2025:19:23:00 +0000] "GET /detail/697027908 HTTP/1.1" 404 16356 "-" "Mozilla/5.0 AppleWebKit/537.36 (KHTML, like Gecko; compatible; ClaudeBot/1.0; [email protected])"
209.74.77.214 - - [15/Jul/2025:19:23:01 +0000] "POST /wp-cron.php?doing_wp_cron=1752607381.6209609508514404296875 HTTP/1.1" 200 - "-" "WordPress/6.8.1; https://kelaby.company"
51.222.253.3 - - [15/Jul/2025:19:23:01 +0000] "GET /?h=92546091001960&uri=itm.php%3Fid%3D3088433-1572%26name%3Dboots%20backpack%20reins HTTP/1.1" 200 26425 "-" "Mozilla/5.0 (compatible; AhrefsBot/7.0; +http://ahrefs.com/robot/)"
66.249.79.233 - - [15/Jul/2025:19:23:09 +0000] "GET /?h=23979392041960&mod=62c1507b&uri=article.php?product/edit/K3268552732 HTTP/1.1" 200 20593 "-" "Mozilla/5.0 (Linux; Android 6.0.1; Nexus 5X Build/MMB29P) AppleWebKit/537.36 (KHTML, like Gecko) Chrome/137.0.7151.103 Mobile Safari/537.36 (compatible; Googlebot/2.1; +http://www.google.com/bot.html)"
66.249.79.232 - - [15/Jul/2025:19:23:24 +0000] "GET /?h=23979392041960&mod=62c1507b&uri=article.php?feature/omiya_marui/index.html HTTP/1.1" 200 19787 "-" "Mozilla/5.0 (Linux; Android 6.0.1; Nexus 5X Build/MMB29P) AppleWebKit/537.36 (KHTML, like Gecko) Chrome/137.0.7151.103 Mobile Safari/537.36 (compatible; Googlebot/2.1; +http://www.google.com/bot.html)"
66.249.79.230 - - [15/Jul/2025:19:23:40 +0000] "GET /?h=23979392041960&mod=62c1507b&uri=article.php?detail/1671543 HTTP/1.1" 200 25132 "-" "Mozilla/5.0 (Linux; Android 6.0.1; Nexus 5X Build/MMB29P) AppleWebKit/537.36 (KHTML, like Gecko) Chrome/137.0.7151.103 Mobile Safari/537.36 (compatible; Googlebot/2.1; +http://www.google.com/bot.html)"
66.249.79.230 - - [15/Jul/2025:19:23:48 +0000] "POST /get-message-notify HTTP/1.1" 200 19474 "https://www.kelaby.company/?h=23979392041960&mod=62c1507b&uri=article.php?detail/1671543" "Mozilla/5.0 (Linux; Android 6.0.1; Nexus 5X Build/MMB29P) AppleWebKit/537.36 (KHTML, like Gecko) Chrome/137.0.7151.119 Mobile Safari/537.36 (compatible; Googlebot/2.1; +http://www.google.com/bot.html)"
66.249.79.230 - - [15/Jul/2025:19:23:55 +0000] "GET /?h=23979392041960&mod=62c1507b&uri=article.php?events/ HTTP/1.1" 200 19859 "-" "Mozilla/5.0 (Linux; Android 6.0.1; Nexus 5X Build/MMB29P) AppleWebKit/537.36 (KHTML, like Gecko) Chrome/137.0.7151.103 Mobile Safari/537.36 (compatible; Googlebot/2.1; +http://www.google.com/bot.html)"
66.249.79.230 - - [15/Jul/2025:19:23:56 +0000] "GET /?h=99876573071960&mod=c31081b5&uri=blog.php?detail/38512521 HTTP/1.1" 200 19189 "-" "Mozilla/5.0 (Linux; Android 6.0.1; Nexus 5X Build/MMB29P) AppleWebKit/537.36 (KHTML, like Gecko) Chrome/137.0.7151.103 Mobile Safari/537.36 (compatible; Googlebot/2.1; +http://www.google.com/bot.html)"
66.249.79.230 - - [15/Jul/2025:19:23:59 +0000] "POST /get-message-notify HTTP/1.1" 200 19474 "https://www.kelaby.company/?h=99876573071960&mod=c31081b5&uri=blog.php?detail/38512521" "Mozilla/5.0 (Linux; Android 6.0.1; Nexus 5X Build/MMB29P) AppleWebKit/537.36 (KHTML, like Gecko) Chrome/137.0.7151.119 Mobile Safari/537.36 (compatible; Googlebot/2.1; +http://www.google.com/bot.html)"
209.74.77.214 - - [15/Jul/2025:19:24:01 +0000] "POST /wp-cron.php?doing_wp_cron=1752607441.2939629554748535156250 HTTP/1.1" 200 - "-" "WordPress/6.8.1; https://kelaby.company"
216.73.216.13 - - [15/Jul/2025:19:24:00 +0000] "GET /detail/697038580 HTTP/1.1" 404 16356 "-" "Mozilla/5.0 AppleWebKit/537.36 (KHTML, like Gecko; compatible; ClaudeBot/1.0; [email protected])"
216.73.216.13 - - [15/Jul/2025:19:24:03 +0000] "GET /detail/697058854 HTTP/1.1" 404 16356 "-" "Mozilla/5.0 AppleWebKit/537.36 (KHTML, like Gecko; compatible; ClaudeBot/1.0; [email protected])"
216.73.216.13 - - [15/Jul/2025:19:24:06 +0000] "GET /detail/697111271 HTTP/1.1" 404 16355 "-" "Mozilla/5.0 AppleWebKit/537.36 (KHTML, like Gecko; compatible; ClaudeBot/1.0; [email protected])"
216.73.216.13 - - [15/Jul/2025:19:24:09 +0000] "GET /detail/697038175 HTTP/1.1" 404 16356 "-" "Mozilla/5.0 AppleWebKit/537.36 (KHTML, like Gecko; compatible; ClaudeBot/1.0; [email protected])"
216.73.216.13 - - [15/Jul/2025:19:24:12 +0000] "GET /detail/697080666 HTTP/1.1" 404 16356 "-" "Mozilla/5.0 AppleWebKit/537.36 (KHTML, like Gecko; compatible; ClaudeBot/1.0; [email protected])"
216.73.216.13 - - [15/Jul/2025:19:24:15 +0000] "GET /detail/697362992 HTTP/1.1" 404 16356 "-" "Mozilla/5.0 AppleWebKit/537.36 (KHTML, like Gecko; compatible; ClaudeBot/1.0; [email protected])"
209.74.77.214 - - [15/Jul/2025:19:24:18 +0000] "POST /wp-cron.php?doing_wp_cron=1752607458.7790129184722900390625 HTTP/1.1" 200 - "-" "WordPress/6.8.1; https://kelaby.company"
216.73.216.13 - - [15/Jul/2025:19:24:18 +0000] "GET /detail/696889726 HTTP/1.1" 404 16356 "-" "Mozilla/5.0 AppleWebKit/537.36 (KHTML, like Gecko; compatible; ClaudeBot/1.0; [email protected])"
216.73.216.13 - - [15/Jul/2025:19:24:21 +0000] "GET /detail/697029745 HTTP/1.1" 404 16356 "-" "Mozilla/5.0 AppleWebKit/537.36 (KHTML, like Gecko; compatible; ClaudeBot/1.0; [email protected])"
216.73.216.13 - - [15/Jul/2025:19:24:24 +0000] "GET /detail/697293388 HTTP/1.1" 404 16356 "-" "Mozilla/5.0 AppleWebKit/537.36 (KHTML, like Gecko; compatible; ClaudeBot/1.0; [email protected])"
66.249.79.230 - - [15/Jul/2025:19:24:36 +0000] "GET /?h=23979392041960&mod=62c1507b&uri=article.php?detail/1673182 HTTP/1.1" 200 19618 "-" "Mozilla/5.0 (Linux; Android 6.0.1; Nexus 5X Build/MMB29P) AppleWebKit/537.36 (KHTML, like Gecko) Chrome/137.0.7151.103 Mobile Safari/537.36 (compatible; Googlebot/2.1; +http://www.google.com/bot.html)"
66.249.79.230 - - [15/Jul/2025:19:24:42 +0000] "POST /get-message-notify HTTP/1.1" 200 19474 "https://www.kelaby.company/?h=23979392041960&mod=62c1507b&uri=article.php?detail/1673182" "Mozilla/5.0 (Linux; Android 6.0.1; Nexus 5X Build/MMB29P) AppleWebKit/537.36 (KHTML, like Gecko) Chrome/137.0.7151.119 Mobile Safari/537.36 (compatible; Googlebot/2.1; +http://www.google.com/bot.html)"
66.249.79.230 - - [15/Jul/2025:19:24:44 +0000] "GET /?h=23979392041960&mod=62c1507b&uri=article.php?detail/1649907 HTTP/1.1" 200 24890 "-" "Mozilla/5.0 (Linux; Android 6.0.1; Nexus 5X Build/MMB29P) AppleWebKit/537.36 (KHTML, like Gecko) Chrome/137.0.7151.103 Mobile Safari/537.36 (compatible; Googlebot/2.1; +http://www.google.com/bot.html)"
66.249.79.230 - - [15/Jul/2025:19:24:52 +0000] "GET /?h=23979392041960&mod=62c1507b&uri=article.php?detail/1650184 HTTP/1.1" 200 19312 "-" "Mozilla/5.0 (Linux; Android 6.0.1; Nexus 5X Build/MMB29P) AppleWebKit/537.36 (KHTML, like Gecko) Chrome/137.0.7151.103 Mobile Safari/537.36 (compatible; Googlebot/2.1; +http://www.google.com/bot.html)"
66.249.79.231 - - [15/Jul/2025:19:25:04 +0000] "POST /get-message-notify HTTP/1.1" 200 19474 "https://www.kelaby.company/?h=23979392041960&mod=62c1507b&uri=article.php?detail/1650184" "Mozilla/5.0 (Linux; Android 6.0.1; Nexus 5X Build/MMB29P) AppleWebKit/537.36 (KHTML, like Gecko) Chrome/137.0.7151.119 Mobile Safari/537.36 (compatible; Googlebot/2.1; +http://www.google.com/bot.html)"
209.74.77.214 - - [15/Jul/2025:19:25:05 +0000] "POST /wp-cron.php?doing_wp_cron=1752607505.3730070590972900390625 HTTP/1.1" 200 - "-" "WordPress/6.8.1; https://kelaby.company"
51.222.253.10 - - [15/Jul/2025:19:25:05 +0000] "GET /?h=91697915001960&uri=article.php%3Fid%3D3060129-630%26name%3Dindie%20festival%20outfits HTTP/1.1" 200 26423 "-" "Mozilla/5.0 (compatible; AhrefsBot/7.0; +http://ahrefs.com/robot/)"
66.249.79.230 - - [15/Jul/2025:19:25:25 +0000] "GET /?h=23979392041960&mod=62c1507b&uri=article.php?detail/1648070 HTTP/1.1" 200 21105 "-" "Mozilla/5.0 (Linux; Android 6.0.1; Nexus 5X Build/MMB29P) AppleWebKit/537.36 (KHTML, like Gecko) Chrome/137.0.7151.103 Mobile Safari/537.36 (compatible; Googlebot/2.1; +http://www.google.com/bot.html)"
66.249.79.230 - - [15/Jul/2025:19:25:28 +0000] "POST /get-message-notify HTTP/1.1" 200 19474 "https://www.kelaby.company/?h=23979392041960&mod=62c1507b&uri=article.php?detail/1648070" "Mozilla/5.0 (Linux; Android 6.0.1; Nexus 5X Build/MMB29P) AppleWebKit/537.36 (KHTML, like Gecko) Chrome/137.0.7151.119 Mobile Safari/537.36 (compatible; Googlebot/2.1; +http://www.google.com/bot.html)"
209.74.77.214 - - [15/Jul/2025:19:25:43 +0000] "POST /wp-cron.php?doing_wp_cron=1752607543.3174068927764892578125 HTTP/1.1" 200 - "-" "WordPress/6.8.1; https://kelaby.company"
216.73.216.13 - - [15/Jul/2025:19:25:42 +0000] "GET /detail/697137210 HTTP/1.1" 404 16357 "-" "Mozilla/5.0 AppleWebKit/537.36 (KHTML, like Gecko; compatible; ClaudeBot/1.0; [email protected])"
216.73.216.13 - - [15/Jul/2025:19:25:45 +0000] "GET /detail/696909984 HTTP/1.1" 404 16357 "-" "Mozilla/5.0 AppleWebKit/537.36 (KHTML, like Gecko; compatible; ClaudeBot/1.0; [email protected])"
66.249.79.230 - - [15/Jul/2025:19:25:46 +0000] "GET /?h=23979392041960&mod=62c1507b&uri=article.php?detail/1671820 HTTP/1.1" 200 19913 "-" "Mozilla/5.0 (Linux; Android 6.0.1; Nexus 5X Build/MMB29P) AppleWebKit/537.36 (KHTML, like Gecko) Chrome/137.0.7151.103 Mobile Safari/537.36 (compatible; Googlebot/2.1; +http://www.google.com/bot.html)"
216.73.216.13 - - [15/Jul/2025:19:25:48 +0000] "GET /detail/697251987 HTTP/1.1" 404 16356 "-" "Mozilla/5.0 AppleWebKit/537.36 (KHTML, like Gecko; compatible; ClaudeBot/1.0; [email protected])"
216.73.216.13 - - [15/Jul/2025:19:25:51 +0000] "GET /detail/697355197 HTTP/1.1" 404 16356 "-" "Mozilla/5.0 AppleWebKit/537.36 (KHTML, like Gecko; compatible; ClaudeBot/1.0; [email protected])"
66.249.79.230 - - [15/Jul/2025:19:25:54 +0000] "GET /?h=23979392041960&mod=62c1507b&uri=article.php?detail/1668392 HTTP/1.1" 200 19973 "-" "Mozilla/5.0 (Linux; Android 6.0.1; Nexus 5X Build/MMB29P) AppleWebKit/537.36 (KHTML, like Gecko) Chrome/137.0.7151.103 Mobile Safari/537.36 (compatible; Googlebot/2.1; +http://www.google.com/bot.html)"
216.73.216.13 - - [15/Jul/2025:19:25:54 +0000] "GET /detail/697048246 HTTP/1.1" 404 16357 "-" "Mozilla/5.0 AppleWebKit/537.36 (KHTML, like Gecko; compatible; ClaudeBot/1.0; [email protected])"
216.73.216.13 - - [15/Jul/2025:19:25:57 +0000] "GET /detail/697243082 HTTP/1.1" 404 16357 "-" "Mozilla/5.0 AppleWebKit/537.36 (KHTML, like Gecko; compatible; ClaudeBot/1.0; [email protected])"
216.73.216.13 - - [15/Jul/2025:19:26:00 +0000] "GET /detail/697013813 HTTP/1.1" 404 16357 "-" "Mozilla/5.0 AppleWebKit/537.36 (KHTML, like Gecko; compatible; ClaudeBot/1.0; [email protected])"
66.249.79.232 - - [15/Jul/2025:19:26:01 +0000] "GET /?h=23979392041960&mod=62c1507b&uri=article.php?feature/sapporo/index.html HTTP/1.1" 200 19726 "-" "Mozilla/5.0 (Linux; Android 6.0.1; Nexus 5X Build/MMB29P) AppleWebKit/537.36 (KHTML, like Gecko) Chrome/137.0.7151.103 Mobile Safari/537.36 (compatible; Googlebot/2.1; +http://www.google.com/bot.html)"
209.74.77.214 - - [15/Jul/2025:19:26:04 +0000] "POST /wp-cron.php?doing_wp_cron=1752607563.8641569614410400390625 HTTP/1.1" 200 - "-" "WordPress/6.8.1; https://kelaby.company"
216.73.216.13 - - [15/Jul/2025:19:26:03 +0000] "GET /detail/697071509 HTTP/1.1" 404 16356 "-" "Mozilla/5.0 AppleWebKit/537.36 (KHTML, like Gecko; compatible; ClaudeBot/1.0; [email protected])"
216.73.216.13 - - [15/Jul/2025:19:26:06 +0000] "GET /detail/697295648 HTTP/1.1" 404 16356 "-" "Mozilla/5.0 AppleWebKit/537.36 (KHTML, like Gecko; compatible; ClaudeBot/1.0; [email protected])"
66.249.79.230 - - [15/Jul/2025:19:26:09 +0000] "GET /?h=23979392041960&mod=62c1507b&uri=article.php?detail/1670181 HTTP/1.1" 200 19321 "-" "Mozilla/5.0 (Linux; Android 6.0.1; Nexus 5X Build/MMB29P) AppleWebKit/537.36 (KHTML, like Gecko) Chrome/137.0.7151.103 Mobile Safari/537.36 (compatible; Googlebot/2.1; +http://www.google.com/bot.html)"
66.249.79.230 - - [15/Jul/2025:19:26:17 +0000] "GET /?h=23979392041960&mod=62c1507b&uri=article.php?books.html HTTP/1.1" 200 20116 "-" "Mozilla/5.0 (Linux; Android 6.0.1; Nexus 5X Build/MMB29P) AppleWebKit/537.36 (KHTML, like Gecko) Chrome/137.0.7151.103 Mobile Safari/537.36 (compatible; Googlebot/2.1; +http://www.google.com/bot.html)"
66.249.79.230 - - [15/Jul/2025:19:26:19 +0000] "POST /get-message-notify HTTP/1.1" 200 19474 "https://www.kelaby.company/?h=23979392041960&mod=62c1507b&uri=article.php?feature/sapporo/index.html" "Mozilla/5.0 (Linux; Android 6.0.1; Nexus 5X Build/MMB29P) AppleWebKit/537.36 (KHTML, like Gecko) Chrome/137.0.7151.119 Mobile Safari/537.36 (compatible; Googlebot/2.1; +http://www.google.com/bot.html)"
66.249.79.230 - - [15/Jul/2025:19:26:28 +0000] "GET /?h=23979392041960&mod=62c1507b&uri=article.php?detail/1660515 HTTP/1.1" 200 19292 "-" "Mozilla/5.0 (Linux; Android 6.0.1; Nexus 5X Build/MMB29P) AppleWebKit/537.36 (KHTML, like Gecko) Chrome/137.0.7151.103 Mobile Safari/537.36 (compatible; Googlebot/2.1; +http://www.google.com/bot.html)"
66.249.79.230 - - [15/Jul/2025:19:26:44 +0000] "GET /?h=23979392041960&mod=62c1507b&uri=article.php?detail/1670778 HTTP/1.1" 200 22038 "-" "Mozilla/5.0 (Linux; Android 6.0.1; Nexus 5X Build/MMB29P) AppleWebKit/537.36 (KHTML, like Gecko) Chrome/137.0.7151.103 Mobile Safari/537.36 (compatible; Googlebot/2.1; +http://www.google.com/bot.html)"
209.74.77.214 - - [15/Jul/2025:19:26:45 +0000] "POST /wp-cron.php?doing_wp_cron=1752607605.2495050430297851562500 HTTP/1.1" 200 - "-" "WordPress/6.8.1; https://kelaby.company"
216.73.216.13 - - [15/Jul/2025:19:26:44 +0000] "GET /detail/697272517 HTTP/1.1" 404 16357 "-" "Mozilla/5.0 AppleWebKit/537.36 (KHTML, like Gecko; compatible; ClaudeBot/1.0; [email protected])"
216.73.216.13 - - [15/Jul/2025:19:26:47 +0000] "GET /detail/697149180 HTTP/1.1" 404 16357 "-" "Mozilla/5.0 AppleWebKit/537.36 (KHTML, like Gecko; compatible; ClaudeBot/1.0; [email protected])"
216.73.216.13 - - [15/Jul/2025:19:26:50 +0000] "GET /detail/697362587 HTTP/1.1" 404 16357 "-" "Mozilla/5.0 AppleWebKit/537.36 (KHTML, like Gecko; compatible; ClaudeBot/1.0; [email protected])"
216.73.216.13 - - [15/Jul/2025:19:26:53 +0000] "GET /detail/697067606 HTTP/1.1" 404 16357 "-" "Mozilla/5.0 AppleWebKit/537.36 (KHTML, like Gecko; compatible; ClaudeBot/1.0; [email protected])"
216.73.216.13 - - [15/Jul/2025:19:26:56 +0000] "GET /detail/697016539 HTTP/1.1" 404 16357 "-" "Mozilla/5.0 AppleWebKit/537.36 (KHTML, like Gecko; compatible; ClaudeBot/1.0; [email protected])"
216.73.216.13 - - [15/Jul/2025:19:26:59 +0000] "GET /detail/697209901 HTTP/1.1" 404 16357 "-" "Mozilla/5.0 AppleWebKit/537.36 (KHTML, like Gecko; compatible; ClaudeBot/1.0; [email protected])"
51.222.253.6 - - [15/Jul/2025:19:27:00 +0000] "GET /?h=909990031960&uri=article.php%3Fid%3D30386-58%26name%3Dchanel%20rouge%20coco%20lip%20gloss HTTP/1.1" 200 26423 "-" "Mozilla/5.0 (compatible; AhrefsBot/7.0; +http://ahrefs.com/robot/)"
209.74.77.214 - - [15/Jul/2025:19:27:02 +0000] "POST /wp-cron.php?doing_wp_cron=1752607622.7350919246673583984375 HTTP/1.1" 200 - "-" "WordPress/6.8.1; https://kelaby.company"
216.73.216.13 - - [15/Jul/2025:19:27:02 +0000] "GET /detail/696985758 HTTP/1.1" 404 16356 "-" "Mozilla/5.0 AppleWebKit/537.36 (KHTML, like Gecko; compatible; ClaudeBot/1.0; [email protected])"
216.73.216.13 - - [15/Jul/2025:19:27:05 +0000] "GET /detail/697045355 HTTP/1.1" 404 16357 "-" "Mozilla/5.0 AppleWebKit/537.36 (KHTML, like Gecko; compatible; ClaudeBot/1.0; [email protected])"
216.73.216.13 - - [15/Jul/2025:19:27:08 +0000] "GET /detail/697046994 HTTP/1.1" 404 16357 "-" "Mozilla/5.0 AppleWebKit/537.36 (KHTML, like Gecko; compatible; ClaudeBot/1.0; [email protected])"
66.249.79.231 - - [15/Jul/2025:19:27:12 +0000] "GET /?h=23979392041960&mod=62c1507b&uri=article.php?detail/1651546 HTTP/1.1" 200 19319 "-" "Mozilla/5.0 (Linux; Android 6.0.1; Nexus 5X Build/MMB29P) AppleWebKit/537.36 (KHTML, like Gecko) Chrome/137.0.7151.103 Mobile Safari/537.36 (compatible; Googlebot/2.1; +http://www.google.com/bot.html)"
66.249.79.230 - - [15/Jul/2025:19:27:20 +0000] "GET /?h=23979392041960&mod=62c1507b&uri=article.php?detail/1670035 HTTP/1.1" 200 19079 "-" "Mozilla/5.0 (Linux; Android 6.0.1; Nexus 5X Build/MMB29P) AppleWebKit/537.36 (KHTML, like Gecko) Chrome/137.0.7151.103 Mobile Safari/537.36 (compatible; Googlebot/2.1; +http://www.google.com/bot.html)"
209.74.77.214 - - [15/Jul/2025:19:27:47 +0000] "POST /wp-cron.php?doing_wp_cron=1752607667.6503639221191406250000 HTTP/1.1" 200 - "-" "WordPress/6.8.1; https://kelaby.company"
116.204.78.140 - - [15/Jul/2025:19:27:47 +0000] "POST /xmlrpc.php HTTP/1.1" 200 206 "https://kelaby.company" "Mozilla/5.0 (Macintosh; Intel Mac OS X 10.15; rv:126.0) Gecko/20100101 Firefox/126.0"
66.249.79.230 - - [15/Jul/2025:19:27:56 +0000] "GET /?h=23979392041960&mod=62c1507b&uri=article.php?oreka/plamodel_menu.html HTTP/1.1" 200 19547 "-" "Mozilla/5.0 (Linux; Android 6.0.1; Nexus 5X Build/MMB29P) AppleWebKit/537.36 (KHTML, like Gecko) Chrome/137.0.7151.103 Mobile Safari/537.36 (compatible; Googlebot/2.1; +http://www.google.com/bot.html)"
66.249.79.232 - - [15/Jul/2025:19:28:01 +0000] "POST /get-message-notify HTTP/1.1" 200 19474 "https://www.kelaby.company/?h=23979392041960&mod=62c1507b&uri=article.php?oreka/plamodel_menu.html" "Mozilla/5.0 (Linux; Android 6.0.1; Nexus 5X Build/MMB29P) AppleWebKit/537.36 (KHTML, like Gecko) Chrome/137.0.7151.119 Mobile Safari/537.36 (compatible; Googlebot/2.1; +http://www.google.com/bot.html)"
66.249.79.231 - - [15/Jul/2025:19:28:03 +0000] "GET /?h=23979392041960&mod=62c1507b&uri=article.php?detail/1665794 HTTP/1.1" 200 19513 "-" "Mozilla/5.0 (Linux; Android 6.0.1; Nexus 5X Build/MMB29P) AppleWebKit/537.36 (KHTML, like Gecko) Chrome/137.0.7151.103 Mobile Safari/537.36 (compatible; Googlebot/2.1; +http://www.google.com/bot.html)"
66.249.79.230 - - [15/Jul/2025:19:28:24 +0000] "GET /?h=23979392041960&mod=62c1507b&uri=article.php?detail/1668929 HTTP/1.1" 200 21638 "-" "Mozilla/5.0 (Linux; Android 6.0.1; Nexus 5X Build/MMB29P) AppleWebKit/537.36 (KHTML, like Gecko) Chrome/137.0.7151.103 Mobile Safari/537.36 (compatible; Googlebot/2.1; +http://www.google.com/bot.html)"
66.249.79.231 - - [15/Jul/2025:19:28:25 +0000] "GET /?h=119655853041960&mod=84ea3a79&uri=news.php?detail/2664073 HTTP/1.1" 200 20716 "-" "Mozilla/5.0 (Linux; Android 6.0.1; Nexus 5X Build/MMB29P) AppleWebKit/537.36 (KHTML, like Gecko) Chrome/137.0.7151.103 Mobile Safari/537.36 (compatible; Googlebot/2.1; +http://www.google.com/bot.html)"
66.249.79.230 - - [15/Jul/2025:19:28:32 +0000] "GET /?h=23979392041960&mod=62c1507b&uri=article.php?toreka/toreka_single.html HTTP/1.1" 200 20299 "-" "Mozilla/5.0 (Linux; Android 6.0.1; Nexus 5X Build/MMB29P) AppleWebKit/537.36 (KHTML, like Gecko) Chrome/137.0.7151.103 Mobile Safari/537.36 (compatible; Googlebot/2.1; +http://www.google.com/bot.html)"
66.249.79.230 - - [15/Jul/2025:19:28:40 +0000] "GET /?h=23979392041960&mod=62c1507b&uri=article.php?detail/1646772 HTTP/1.1" 200 19075 "-" "Mozilla/5.0 (Linux; Android 6.0.1; Nexus 5X Build/MMB29P) AppleWebKit/537.36 (KHTML, like Gecko) Chrome/137.0.7151.103 Mobile Safari/537.36 (compatible; Googlebot/2.1; +http://www.google.com/bot.html)"
209.74.77.214 - - [15/Jul/2025:19:28:41 +0000] "POST /wp-cron.php?doing_wp_cron=1752607720.9488799571990966796875 HTTP/1.1" 200 - "-" "WordPress/6.8.1; https://kelaby.company"
216.73.216.13 - - [15/Jul/2025:19:28:40 +0000] "GET /detail/697273623 HTTP/1.1" 404 16356 "-" "Mozilla/5.0 AppleWebKit/537.36 (KHTML, like Gecko; compatible; ClaudeBot/1.0; [email protected])"
216.73.216.13 - - [15/Jul/2025:19:28:43 +0000] "GET /detail/697039944 HTTP/1.1" 404 16356 "-" "Mozilla/5.0 AppleWebKit/537.36 (KHTML, like Gecko; compatible; ClaudeBot/1.0; [email protected])"
216.73.216.13 - - [15/Jul/2025:19:28:46 +0000] "GET /detail/697259716 HTTP/1.1" 404 16356 "-" "Mozilla/5.0 AppleWebKit/537.36 (KHTML, like Gecko; compatible; ClaudeBot/1.0; [email protected])"
66.249.79.230 - - [15/Jul/2025:19:28:47 +0000] "GET /?h=23979392041960&mod=62c1507b&uri=article.php?detail/1660106 HTTP/1.1" 200 19377 "-" "Mozilla/5.0 (Linux; Android 6.0.1; Nexus 5X Build/MMB29P) AppleWebKit/537.36 (KHTML, like Gecko) Chrome/137.0.7151.103 Mobile Safari/537.36 (compatible; Googlebot/2.1; +http://www.google.com/bot.html)"
216.73.216.13 - - [15/Jul/2025:19:28:49 +0000] "GET /detail/697004908 HTTP/1.1" 404 16357 "-" "Mozilla/5.0 AppleWebKit/537.36 (KHTML, like Gecko; compatible; ClaudeBot/1.0; [email protected])"
216.73.216.13 - - [15/Jul/2025:19:28:52 +0000] "GET /detail/697271137 HTTP/1.1" 404 16357 "-" "Mozilla/5.0 AppleWebKit/537.36 (KHTML, like Gecko; compatible; ClaudeBot/1.0; [email protected])"
66.249.79.230 - - [15/Jul/2025:19:28:53 +0000] "GET /?h=6098117091960&mod=f7efa4f8&uri=category-info.php?detail/1673312 HTTP/1.1" 200 20107 "-" "Mozilla/5.0 (Linux; Android 6.0.1; Nexus 5X Build/MMB29P) AppleWebKit/537.36 (KHTML, like Gecko) Chrome/137.0.7151.103 Mobile Safari/537.36 (compatible; Googlebot/2.1; +http://www.google.com/bot.html)"
216.73.216.13 - - [15/Jul/2025:19:28:55 +0000] "GET /detail/697164856 HTTP/1.1" 404 16357 "-" "Mozilla/5.0 AppleWebKit/537.36 (KHTML, like Gecko; compatible; ClaudeBot/1.0; [email protected])"
216.73.216.13 - - [15/Jul/2025:19:28:58 +0000] "GET /detail/697285577 HTTP/1.1" 404 16357 "-" "Mozilla/5.0 AppleWebKit/537.36 (KHTML, like Gecko; compatible; ClaudeBot/1.0; [email protected])"
66.249.79.230 - - [15/Jul/2025:19:29:00 +0000] "POST /get-message-notify HTTP/1.1" 200 19474 "https://www.kelaby.company/?h=23979392041960&mod=62c1507b&uri=article.php?detail/1660106" "Mozilla/5.0 (Linux; Android 6.0.1; Nexus 5X Build/MMB29P) AppleWebKit/537.36 (KHTML, like Gecko) Chrome/137.0.7151.119 Mobile Safari/537.36 (compatible; Googlebot/2.1; +http://www.google.com/bot.html)"
209.74.77.214 - - [15/Jul/2025:19:29:01 +0000] "POST /wp-cron.php?doing_wp_cron=1752607741.7941210269927978515625 HTTP/1.1" 200 - "-" "WordPress/6.8.1; https://kelaby.company"
216.73.216.13 - - [15/Jul/2025:19:29:01 +0000] "GET /detail/697208112 HTTP/1.1" 404 16356 "-" "Mozilla/5.0 AppleWebKit/537.36 (KHTML, like Gecko; compatible; ClaudeBot/1.0; [email protected])"
66.249.79.230 - - [15/Jul/2025:19:29:02 +0000] "GET /?h=23979392041960&mod=62c1507b&uri=article.php?detail/1657380 HTTP/1.1" 200 19976 "-" "Mozilla/5.0 (Linux; Android 6.0.1; Nexus 5X Build/MMB29P) AppleWebKit/537.36 (KHTML, like Gecko) Chrome/137.0.7151.103 Mobile Safari/537.36 (compatible; Googlebot/2.1; +http://www.google.com/bot.html)"
216.73.216.13 - - [15/Jul/2025:19:29:04 +0000] "GET /detail/697122560 HTTP/1.1" 404 16356 "-" "Mozilla/5.0 AppleWebKit/537.36 (KHTML, like Gecko; compatible; ClaudeBot/1.0; [email protected])"
209.74.77.214 - - [15/Jul/2025:19:29:29 +0000] "POST /wp-cron.php?doing_wp_cron=1752607769.8393819332122802734375 HTTP/1.1" 200 - "-" "WordPress/6.8.1; https://kelaby.company"
185.151.245.30 - - [15/Jul/2025:19:29:29 +0000] "GET / HTTP/1.1" 200 26420 "http://kelaby.com/xmlrpc.php" "Mozilla/5.0 (X11; Ubuntu; Linux x86_64; rv:85.0) Gecko/20100101 Firefox/91.0"
66.249.79.232 - - [15/Jul/2025:19:29:30 +0000] "GET /?h=23979392041960&mod=62c1507b&uri=article.php?game.html HTTP/1.1" 200 19842 "-" "Mozilla/5.0 (Linux; Android 6.0.1; Nexus 5X Build/MMB29P) AppleWebKit/537.36 (KHTML, like Gecko) Chrome/137.0.7151.103 Mobile Safari/537.36 (compatible; Googlebot/2.1; +http://www.google.com/bot.html)"
66.249.79.232 - - [15/Jul/2025:19:29:31 +0000] "GET /?h=6012969131960&mod=62c1507b&uri=category-info.php?detail/38690529 HTTP/1.1" 200 20510 "-" "Mozilla/5.0 (Linux; Android 6.0.1; Nexus 5X Build/MMB29P) AppleWebKit/537.36 (KHTML, like Gecko) Chrome/137.0.7151.103 Mobile Safari/537.36 (compatible; Googlebot/2.1; +http://www.google.com/bot.html)"
51.222.253.17 - - [15/Jul/2025:19:29:36 +0000] "GET /?h=89521571071960&uri=us.php%3Fid%3D2987471-1547%26name%3Dnike%20roshe%20gris%20mujer HTTP/1.1" 200 26424 "-" "Mozilla/5.0 (compatible; AhrefsBot/7.0; +http://ahrefs.com/robot/)"
66.249.79.232 - - [15/Jul/2025:19:29:51 +0000] "GET /?h=23979392041960&mod=62c1507b&uri=article.php?detail/1652716 HTTP/1.1" 200 20371 "-" "Mozilla/5.0 (Linux; Android 6.0.1; Nexus 5X Build/MMB29P) AppleWebKit/537.36 (KHTML, like Gecko) Chrome/137.0.7151.103 Mobile Safari/537.36 (compatible; Googlebot/2.1; +http://www.google.com/bot.html)"
