66.249.79.32 - - [15/Jul/2025:13:21:58 +0000] "POST /get-message-notify HTTP/1.1" 200 19448 "https://kelaby.company/detail/3580580" "Mozilla/5.0 (Linux; Android 6.0.1; Nexus 5X Build/MMB29P) AppleWebKit/537.36 (KHTML, like Gecko) Chrome/137.0.7151.119 Mobile Safari/537.36 (compatible; Googlebot/2.1; +http://www.google.com/bot.html)"
66.249.79.32 - - [15/Jul/2025:13:22:28 +0000] "GET /detail/1690565 HTTP/1.1" 200 20772 "-" "Mozilla/5.0 (Linux; Android 6.0.1; Nexus 5X Build/MMB29P) AppleWebKit/537.36 (KHTML, like Gecko) Chrome/137.0.7151.103 Mobile Safari/537.36 (compatible; GoogleOther)"
209.74.77.214 - - [15/Jul/2025:13:23:04 +0000] "POST /wp-cron.php?doing_wp_cron=1752585784.7478470802307128906250 HTTP/1.1" 200 - "-" "WordPress/6.8.1; https://kelaby.company"
51.222.253.11 - - [15/Jul/2025:13:23:03 +0000] "GET /?h=72634225051960&mod=bd5c22fe&uri=goods.php%3Fid%3D2423885-1446%26name%3Dadidas+nike+chino+blanco HTTP/1.1" 301 - "-" "Mozilla/5.0 (compatible; AhrefsBot/7.0; +http://ahrefs.com/robot/)"
66.249.79.32 - - [15/Jul/2025:13:23:07 +0000] "GET /detail/822515200 HTTP/1.1" 200 19679 "-" "Mozilla/5.0 (Linux; Android 6.0.1; Nexus 5X Build/MMB29P) AppleWebKit/537.36 (KHTML, like Gecko) Chrome/137.0.7151.103 Mobile Safari/537.36 (compatible; GoogleOther)"
66.249.79.32 - - [15/Jul/2025:13:23:10 +0000] "GET /?h=36559043031960&mod=ec66a085&uri=products.php?product_archives HTTP/1.1" 200 19316 "-" "Mozilla/5.0 (Linux; Android 6.0.1; Nexus 5X Build/MMB29P) AppleWebKit/537.36 (KHTML, like Gecko) Chrome/137.0.7151.103 Mobile Safari/537.36 (compatible; Googlebot/2.1; +http://www.google.com/bot.html)"
66.249.79.234 - - [15/Jul/2025:13:23:18 +0000] "GET /robots.txt HTTP/1.1" 304 - "-" "Mozilla/5.0 (compatible; Googlebot/2.1; +http://www.google.com/bot.html)"
66.249.79.234 - - [15/Jul/2025:13:23:18 +0000] "GET / HTTP/1.1" 200 18997 "-" "Mozilla/5.0 (Linux; Android 6.0.1; Nexus 5X Build/MMB29P) AppleWebKit/537.36 (KHTML, like Gecko) Chrome/137.0.7151.103 Mobile Safari/537.36 (compatible; Googlebot/2.1; +http://www.google.com/bot.html)"
66.249.79.234 - - [15/Jul/2025:13:23:20 +0000] "POST /get-message-notify HTTP/1.1" 200 19473 "https://www.kelaby.company/" "Mozilla/5.0 (Linux; Android 6.0.1; Nexus 5X Build/MMB29P) AppleWebKit/537.36 (KHTML, like Gecko) Chrome/137.0.7151.119 Mobile Safari/537.36 (compatible; Googlebot/2.1; +http://www.google.com/bot.html)"
66.249.79.37 - - [15/Jul/2025:13:23:47 +0000] "GET /detail/3565735 HTTP/1.1" 200 19060 "-" "Mozilla/5.0 (Linux; Android 6.0.1; Nexus 5X Build/MMB29P) AppleWebKit/537.36 (KHTML, like Gecko) Chrome/137.0.7151.103 Mobile Safari/537.36 (compatible; GoogleOther)"
66.249.79.37 - - [15/Jul/2025:13:23:51 +0000] "GET /?h=36559043031960&mod=ec66a085&uri=products.php?detail/1655186 HTTP/1.1" 200 20302 "-" "Mozilla/5.0 (Linux; Android 6.0.1; Nexus 5X Build/MMB29P) AppleWebKit/537.36 (KHTML, like Gecko) Chrome/137.0.7151.103 Mobile Safari/537.36 (compatible; Googlebot/2.1; +http://www.google.com/bot.html)"
66.249.79.37 - - [15/Jul/2025:13:23:54 +0000] "POST /get-message-notify HTTP/1.1" 200 19448 "https://kelaby.company/?h=36559043031960&mod=ec66a085&uri=products.php?detail/1655186" "Mozilla/5.0 (Linux; Android 6.0.1; Nexus 5X Build/MMB29P) AppleWebKit/537.36 (KHTML, like Gecko) Chrome/137.0.7151.119 Mobile Safari/537.36 (compatible; Googlebot/2.1; +http://www.google.com/bot.html)"
66.249.79.33 - - [15/Jul/2025:13:24:26 +0000] "GET /detail/37516353 HTTP/1.1" 200 18896 "-" "Mozilla/5.0 (Linux; Android 6.0.1; Nexus 5X Build/MMB29P) AppleWebKit/537.36 (KHTML, like Gecko) Chrome/137.0.7151.103 Mobile Safari/537.36 (compatible; GoogleOther)"
66.249.79.37 - - [15/Jul/2025:13:24:43 +0000] "GET /?h=36559043031960&mod=ec66a085&uri=products.php?detail/1654080 HTTP/1.1" 200 19298 "-" "Mozilla/5.0 (Linux; Android 6.0.1; Nexus 5X Build/MMB29P) AppleWebKit/537.36 (KHTML, like Gecko) Chrome/137.0.7151.103 Mobile Safari/537.36 (compatible; Googlebot/2.1; +http://www.google.com/bot.html)"
66.249.79.32 - - [15/Jul/2025:13:25:05 +0000] "GET /detail/822513431 HTTP/1.1" 200 21235 "-" "Mozilla/5.0 (Linux; Android 6.0.1; Nexus 5X Build/MMB29P) AppleWebKit/537.36 (KHTML, like Gecko) Chrome/137.0.7151.103 Mobile Safari/537.36 (compatible; GoogleOther)"
209.74.77.214 - - [15/Jul/2025:13:25:16 +0000] "POST /wp-cron.php?doing_wp_cron=1752585915.8222548961639404296875 HTTP/1.1" 200 - "-" "WordPress/6.8.1; https://kelaby.company"
51.222.253.11 - - [15/Jul/2025:13:25:14 +0000] "GET /?h=72756390021960&mod=6c43429b&uri=news.php%3Fid%3D2427958-1366%26name%3Dvente+de+manteau+pas+cher HTTP/1.1" 301 - "-" "Mozilla/5.0 (compatible; AhrefsBot/7.0; +http://ahrefs.com/robot/)"
66.249.79.37 - - [15/Jul/2025:13:25:45 +0000] "GET /detail/822542862 HTTP/1.1" 200 19631 "-" "Mozilla/5.0 (Linux; Android 6.0.1; Nexus 5X Build/MMB29P) AppleWebKit/537.36 (KHTML, like Gecko) Chrome/137.0.7151.103 Mobile Safari/537.36 (compatible; GoogleOther)"
66.249.79.37 - - [15/Jul/2025:13:26:06 +0000] "GET /?h=36559043031960&mod=ec66a085&uri=products.php?detail/1644174 HTTP/1.1" 200 19469 "-" "Mozilla/5.0 (Linux; Android 6.0.1; Nexus 5X Build/MMB29P) AppleWebKit/537.36 (KHTML, like Gecko) Chrome/137.0.7151.103 Mobile Safari/537.36 (compatible; Googlebot/2.1; +http://www.google.com/bot.html)"
66.249.79.37 - - [15/Jul/2025:13:26:11 +0000] "POST /get-message-notify HTTP/1.1" 200 19448 "https://kelaby.company/?h=36559043031960&mod=ec66a085&uri=products.php?detail/1644174" "Mozilla/5.0 (Linux; Android 6.0.1; Nexus 5X Build/MMB29P) AppleWebKit/537.36 (KHTML, like Gecko) Chrome/137.0.7151.119 Mobile Safari/537.36 (compatible; Googlebot/2.1; +http://www.google.com/bot.html)"
66.249.79.37 - - [15/Jul/2025:13:26:24 +0000] "GET /detail/2614188 HTTP/1.1" 200 20214 "-" "Mozilla/5.0 (Linux; Android 6.0.1; Nexus 5X Build/MMB29P) AppleWebKit/537.36 (KHTML, like Gecko) Chrome/137.0.7151.103 Mobile Safari/537.36 (compatible; GoogleOther)"
66.249.79.37 - - [15/Jul/2025:13:27:04 +0000] "GET /detail/36569193 HTTP/1.1" 200 19438 "-" "Mozilla/5.0 (Linux; Android 6.0.1; Nexus 5X Build/MMB29P) AppleWebKit/537.36 (KHTML, like Gecko) Chrome/137.0.7151.103 Mobile Safari/537.36 (compatible; GoogleOther)"
209.74.77.214 - - [15/Jul/2025:13:27:22 +0000] "POST /wp-cron.php?doing_wp_cron=1752586042.6235480308532714843750 HTTP/1.1" 200 - "-" "WordPress/6.8.1; https://kelaby.company"
51.222.253.14 - - [15/Jul/2025:13:27:21 +0000] "GET /?h=73741511061960&mod=88643858&uri=blog.php%3Fid%3D2460819-449%26name%3Dseater+sofa+that+comes+apart HTTP/1.1" 301 - "-" "Mozilla/5.0 (compatible; AhrefsBot/7.0; +http://ahrefs.com/robot/)"
66.249.79.32 - - [15/Jul/2025:13:27:29 +0000] "GET /?h=36559043031960&mod=ec66a085&uri=products.php?detail/1654425 HTTP/1.1" 200 21285 "-" "Mozilla/5.0 (Linux; Android 6.0.1; Nexus 5X Build/MMB29P) AppleWebKit/537.36 (KHTML, like Gecko) Chrome/137.0.7151.103 Mobile Safari/537.36 (compatible; Googlebot/2.1; +http://www.google.com/bot.html)"
66.249.79.32 - - [15/Jul/2025:13:27:43 +0000] "GET /detail/3564483 HTTP/1.1" 200 18688 "-" "Mozilla/5.0 (Linux; Android 6.0.1; Nexus 5X Build/MMB29P) AppleWebKit/537.36 (KHTML, like Gecko) Chrome/137.0.7151.103 Mobile Safari/537.36 (compatible; GoogleOther)"
66.249.79.233 - - [15/Jul/2025:13:28:15 +0000] "GET /robots.txt HTTP/1.1" 304 - "-" "Mozilla/5.0 (compatible; Googlebot/2.1; +http://www.google.com/bot.html)"
66.249.79.234 - - [15/Jul/2025:13:28:15 +0000] "GET /?h=70212418001960&mod=8ec0debd&uri=news.php%3Fid%3D2343062-878%26name%3Dkasai+clutch+louis+vuitton HTTP/1.1" 200 21331 "-" "Mozilla/5.0 (Linux; Android 6.0.1; Nexus 5X Build/MMB29P) AppleWebKit/537.36 (KHTML, like Gecko) Chrome/137.0.7151.103 Mobile Safari/537.36 (compatible; Googlebot/2.1; +http://www.google.com/bot.html)"
66.249.79.234 - - [15/Jul/2025:13:28:19 +0000] "POST /get-message-notify HTTP/1.1" 200 19473 "https://www.kelaby.company/?h=70212418001960&mod=8ec0debd&uri=news.php%3Fid%3D2343062-878%26name%3Dkasai+clutch+louis+vuitton" "Mozilla/5.0 (Linux; Android 6.0.1; Nexus 5X Build/MMB29P) AppleWebKit/537.36 (KHTML, like Gecko) Chrome/137.0.7151.119 Mobile Safari/537.36 (compatible; Googlebot/2.1; +http://www.google.com/bot.html)"
66.249.79.32 - - [15/Jul/2025:13:28:22 +0000] "GET /detail/2646754 HTTP/1.1" 200 19014 "-" "Mozilla/5.0 (Linux; Android 6.0.1; Nexus 5X Build/MMB29P) AppleWebKit/537.36 (KHTML, like Gecko) Chrome/137.0.7151.103 Mobile Safari/537.36 (compatible; GoogleOther)"
66.249.79.232 - - [15/Jul/2025:13:28:49 +0000] "GET /?h=5852447011960&mod=63a6cfc9&uri=form.php%3Fid%3D195437-340%26name%3Dhugo+boss+bottled+desodorante+spray HTTP/1.1" 200 21346 "-" "Mozilla/5.0 (Linux; Android 6.0.1; Nexus 5X Build/MMB29P) AppleWebKit/537.36 (KHTML, like Gecko) Chrome/137.0.7151.103 Mobile Safari/537.36 (compatible; Googlebot/2.1; +http://www.google.com/bot.html)"
66.249.79.32 - - [15/Jul/2025:13:28:52 +0000] "GET /?h=36559043031960&mod=ec66a085&uri=products.php?text/terms HTTP/1.1" 200 20168 "-" "Mozilla/5.0 (Linux; Android 6.0.1; Nexus 5X Build/MMB29P) AppleWebKit/537.36 (KHTML, like Gecko) Chrome/137.0.7151.103 Mobile Safari/537.36 (compatible; Googlebot/2.1; +http://www.google.com/bot.html)"
209.74.77.214 - - [15/Jul/2025:13:29:01 +0000] "POST /wp-cron.php?doing_wp_cron=1752586140.9619429111480712890625 HTTP/1.1" 200 - "-" "WordPress/6.8.1; https://kelaby.company"
51.222.253.14 - - [15/Jul/2025:13:28:59 +0000] "GET /?h=75050959041960&mod=54f82b47&uri=products.php%3Fid%3D2504499-1017%26name%3Dultraboost+orchid HTTP/1.1" 301 - "-" "Mozilla/5.0 (compatible; AhrefsBot/7.0; +http://ahrefs.com/robot/)"
66.249.79.34 - - [15/Jul/2025:13:29:02 +0000] "GET /detail/36564822 HTTP/1.1" 200 18776 "-" "Mozilla/5.0 (Linux; Android 6.0.1; Nexus 5X Build/MMB29P) AppleWebKit/537.36 (KHTML, like Gecko) Chrome/137.0.7151.103 Mobile Safari/537.36 (compatible; GoogleOther)"
66.249.79.32 - - [15/Jul/2025:13:29:41 +0000] "GET /detail/3551487 HTTP/1.1" 200 19451 "-" "Mozilla/5.0 (Linux; Android 6.0.1; Nexus 5X Build/MMB29P) AppleWebKit/537.36 (KHTML, like Gecko) Chrome/137.0.7151.103 Mobile Safari/537.36 (compatible; GoogleOther)"
66.249.79.233 - - [15/Jul/2025:13:29:56 +0000] "GET /?h=92199759031960&mod=db848bec&uri=news.php%3Fid%3D3076881-552%26name%3Dkawahome+summer+knit+blanket HTTP/1.1" 200 21339 "-" "Mozilla/5.0 (Linux; Android 6.0.1; Nexus 5X Build/MMB29P) AppleWebKit/537.36 (KHTML, like Gecko) Chrome/137.0.7151.103 Mobile Safari/537.36 (compatible; Googlebot/2.1; +http://www.google.com/bot.html)"
66.249.79.33 - - [15/Jul/2025:13:30:21 +0000] "GET /detail/2577707 HTTP/1.1" 200 18925 "-" "Mozilla/5.0 (Linux; Android 6.0.1; Nexus 5X Build/MMB29P) AppleWebKit/537.36 (KHTML, like Gecko) Chrome/137.0.7151.103 Mobile Safari/537.36 (compatible; GoogleOther)"
51.222.253.3 - - [15/Jul/2025:13:30:49 +0000] "GET /sitemap.xml HTTP/1.1" 200 4455 "-" "Mozilla/5.0 (compatible; AhrefsBot/7.0; +http://ahrefs.com/robot/)"
66.249.79.32 - - [15/Jul/2025:13:31:01 +0000] "GET /detail/2659896 HTTP/1.1" 200 18996 "-" "Mozilla/5.0 (Linux; Android 6.0.1; Nexus 5X Build/MMB29P) AppleWebKit/537.36 (KHTML, like Gecko) Chrome/137.0.7151.103 Mobile Safari/537.36 (compatible; GoogleOther)"
66.249.79.32 - - [15/Jul/2025:13:31:11 +0000] "GET /?h=36559043031960&mod=ec66a085&uri=products.php?detail/1645666 HTTP/1.1" 200 19121 "-" "Mozilla/5.0 (Linux; Android 6.0.1; Nexus 5X Build/MMB29P) AppleWebKit/537.36 (KHTML, like Gecko) Chrome/137.0.7151.103 Mobile Safari/537.36 (compatible; Googlebot/2.1; +http://www.google.com/bot.html)"
66.249.79.32 - - [15/Jul/2025:13:31:40 +0000] "GET /detail/2599343 HTTP/1.1" 200 21257 "-" "Mozilla/5.0 (Linux; Android 6.0.1; Nexus 5X Build/MMB29P) AppleWebKit/537.36 (KHTML, like Gecko) Chrome/137.0.7151.103 Mobile Safari/537.36 (compatible; GoogleOther)"
113.141.91.58 - - [15/Jul/2025:13:31:42 +0000] "GET / HTTP/1.1" 200 26421 "http://www.kelaby.company" "Mozilla/5.0 (iPhone; CPU iPhone OS 13_2_3 like Mac OS X) AppleWebKit/605.1.15 (KHTML, like Gecko) Version/13.0.3 Mobile/15E148 Safari/604.1"
66.249.79.32 - - [15/Jul/2025:13:31:57 +0000] "GET /?h=32925998061960&mod=fd683032&uri=itm.php?detail/35630740 HTTP/1.1" 200 19678 "-" "Mozilla/5.0 (Linux; Android 6.0.1; Nexus 5X Build/MMB29P) AppleWebKit/537.36 (KHTML, like Gecko) Chrome/137.0.7151.103 Mobile Safari/537.36 (compatible; Googlebot/2.1; +http://www.google.com/bot.html)"
66.249.79.32 - - [15/Jul/2025:13:32:02 +0000] "POST /get-message-notify HTTP/1.1" 200 19448 "https://kelaby.company/?h=32925998061960&mod=fd683032&uri=itm.php?detail/35630740" "Mozilla/5.0 (Linux; Android 6.0.1; Nexus 5X Build/MMB29P) AppleWebKit/537.36 (KHTML, like Gecko) Chrome/137.0.7151.119 Mobile Safari/537.36 (compatible; Googlebot/2.1; +http://www.google.com/bot.html)"
66.249.79.32 - - [15/Jul/2025:13:32:19 +0000] "GET /detail/822529363 HTTP/1.1" 200 18434 "-" "Mozilla/5.0 (Linux; Android 6.0.1; Nexus 5X Build/MMB29P) AppleWebKit/537.36 (KHTML, like Gecko) Chrome/137.0.7151.103 Mobile Safari/537.36 (compatible; GoogleOther)"
66.249.79.32 - - [15/Jul/2025:13:32:58 +0000] "GET /detail/848014654 HTTP/1.1" 200 19769 "-" "Mozilla/5.0 (Linux; Android 6.0.1; Nexus 5X Build/MMB29P) AppleWebKit/537.36 (KHTML, like Gecko) Chrome/137.0.7151.103 Mobile Safari/537.36 (compatible; GoogleOther)"
66.249.79.32 - - [15/Jul/2025:13:33:02 +0000] "GET /?h=32925998061960&mod=fd683032&uri=itm.php?detail/35633875 HTTP/1.1" 200 21052 "-" "Mozilla/5.0 (Linux; Android 6.0.1; Nexus 5X Build/MMB29P) AppleWebKit/537.36 (KHTML, like Gecko) Chrome/137.0.7151.103 Mobile Safari/537.36 (compatible; Googlebot/2.1; +http://www.google.com/bot.html)"
209.74.77.214 - - [15/Jul/2025:13:33:03 +0000] "POST /wp-cron.php?doing_wp_cron=1752586383.2695910930633544921875 HTTP/1.1" 200 - "-" "WordPress/6.8.1; https://kelaby.company"
51.222.253.1 - - [15/Jul/2025:13:33:02 +0000] "GET /?h=105885784141960&uri=news.php%3Fid%3D3533762-211%26name%3Dpeanut%20butter%20good%20for%20cats HTTP/1.1" 200 26420 "-" "Mozilla/5.0 (compatible; AhrefsBot/7.0; +http://ahrefs.com/robot/)"
50.16.216.166 - - [15/Jul/2025:13:33:13 +0000] "GET /?h=5090047011960&mod=32776512&uri=article.php?id%3D169924-309%26name%3Drtx%203060%20ti%20power%20connector HTTP/1.1" 301 - "-" "Mozilla/5.0 AppleWebKit/537.36 (KHTML, like Gecko; compatible; Amazonbot/0.1; +https://developer.amazon.com/support/amazonbot) Chrome/119.0.6045.214 Safari/537.36"
18.208.11.93 - - [15/Jul/2025:13:33:14 +0000] "GET /?h=5090047011960&mod=32776512&uri=article.php?id%3D169924-309%26name%3Drtx%203060%20ti%20power%20connector HTTP/1.1" 301 - "-" "Mozilla/5.0 AppleWebKit/537.36 (KHTML, like Gecko; compatible; Amazonbot/0.1; +https://developer.amazon.com/support/amazonbot) Chrome/119.0.6045.214 Safari/537.36"
66.249.79.32 - - [15/Jul/2025:13:33:38 +0000] "GET /detail/822547848 HTTP/1.1" 200 18638 "-" "Mozilla/5.0 (Linux; Android 6.0.1; Nexus 5X Build/MMB29P) AppleWebKit/537.36 (KHTML, like Gecko) Chrome/137.0.7151.103 Mobile Safari/537.36 (compatible; GoogleOther)"
66.249.79.32 - - [15/Jul/2025:13:34:17 +0000] "GET /detail/2652780 HTTP/1.1" 200 18892 "-" "Mozilla/5.0 (Linux; Android 6.0.1; Nexus 5X Build/MMB29P) AppleWebKit/537.36 (KHTML, like Gecko) Chrome/137.0.7151.103 Mobile Safari/537.36 (compatible; GoogleOther)"
66.249.79.32 - - [15/Jul/2025:13:34:57 +0000] "GET /detail/36595066 HTTP/1.1" 200 18600 "-" "Mozilla/5.0 (Linux; Android 6.0.1; Nexus 5X Build/MMB29P) AppleWebKit/537.36 (KHTML, like Gecko) Chrome/137.0.7151.103 Mobile Safari/537.36 (compatible; GoogleOther)"
209.74.77.214 - - [15/Jul/2025:13:34:58 +0000] "POST /wp-cron.php?doing_wp_cron=1752586498.2809751033782958984375 HTTP/1.1" 200 - "-" "WordPress/6.8.1; https://kelaby.company"
51.222.253.7 - - [15/Jul/2025:13:34:56 +0000] "GET /?h=106725858011960&uri=blog.php%3Fid%3D3561795-504%26name%3Dkickers%20wincut HTTP/1.1" 200 26419 "-" "Mozilla/5.0 (compatible; AhrefsBot/7.0; +http://ahrefs.com/robot/)"
66.249.79.34 - - [15/Jul/2025:13:35:36 +0000] "GET /product/edit/K3163289643 HTTP/1.1" 200 21733 "-" "Mozilla/5.0 (Linux; Android 6.0.1; Nexus 5X Build/MMB29P) AppleWebKit/537.36 (KHTML, like Gecko) Chrome/137.0.7151.103 Mobile Safari/537.36 (compatible; GoogleOther)"
66.249.79.32 - - [15/Jul/2025:13:36:15 +0000] "GET /detail/2591462 HTTP/1.1" 200 19098 "-" "Mozilla/5.0 (Linux; Android 6.0.1; Nexus 5X Build/MMB29P) AppleWebKit/537.36 (KHTML, like Gecko) Chrome/137.0.7151.103 Mobile Safari/537.36 (compatible; GoogleOther)"
66.249.79.34 - - [15/Jul/2025:13:36:17 +0000] "GET /?h=32925998061960&mod=fd683032&uri=itm.php?detail/35633338 HTTP/1.1" 200 19139 "-" "Mozilla/5.0 (Linux; Android 6.0.1; Nexus 5X Build/MMB29P) AppleWebKit/537.36 (KHTML, like Gecko) Chrome/137.0.7151.103 Mobile Safari/537.36 (compatible; Googlebot/2.1; +http://www.google.com/bot.html)"
66.249.79.230 - - [15/Jul/2025:13:36:17 +0000] "GET /?h=86758335111960&mod=6e32552f&uri=products.php%3Fid%3D2895254-332%26name%3Ddesh+bhakti+geet+dj+remix HTTP/1.1" 200 21340 "-" "Mozilla/5.0 (Linux; Android 6.0.1; Nexus 5X Build/MMB29P) AppleWebKit/537.36 (KHTML, like Gecko) Chrome/137.0.7151.103 Mobile Safari/537.36 (compatible; Googlebot/2.1; +http://www.google.com/bot.html)"
66.249.79.230 - - [15/Jul/2025:13:36:32 +0000] "POST /get-message-notify HTTP/1.1" 200 19473 "https://www.kelaby.company/detail/730486650" "Mozilla/5.0 (Linux; Android 6.0.1; Nexus 5X Build/MMB29P) AppleWebKit/537.36 (KHTML, like Gecko) Chrome/137.0.7151.119 Mobile Safari/537.36 (compatible; Googlebot/2.1; +http://www.google.com/bot.html)"
209.74.77.214 - - [15/Jul/2025:13:36:44 +0000] "POST /wp-cron.php?doing_wp_cron=1752586603.9825880527496337890625 HTTP/1.1" 200 - "-" "WordPress/6.8.1; https://kelaby.company"
51.222.253.2 - - [15/Jul/2025:13:36:42 +0000] "GET /?h=107609091001960&uri=shared.php%3Fid%3D3591269-1459%26name%3Dkyler%20murray%20jersey HTTP/1.1" 200 26416 "-" "Mozilla/5.0 (compatible; AhrefsBot/7.0; +http://ahrefs.com/robot/)"
66.249.79.32 - - [15/Jul/2025:13:36:55 +0000] "GET /detail/3634103 HTTP/1.1" 200 19790 "-" "Mozilla/5.0 (Linux; Android 6.0.1; Nexus 5X Build/MMB29P) AppleWebKit/537.36 (KHTML, like Gecko) Chrome/137.0.7151.103 Mobile Safari/537.36 (compatible; GoogleOther)"
66.249.79.32 - - [15/Jul/2025:13:37:19 +0000] "POST /get-message-notify HTTP/1.1" 200 19448 "https://kelaby.company/?h=32925998061960&mod=fd683032&uri=itm.php?detail/35633338" "Mozilla/5.0 (Linux; Android 6.0.1; Nexus 5X Build/MMB29P) AppleWebKit/537.36 (KHTML, like Gecko) Chrome/137.0.7151.119 Mobile Safari/537.36 (compatible; Googlebot/2.1; +http://www.google.com/bot.html)"
66.249.79.33 - - [15/Jul/2025:13:37:34 +0000] "GET /detail/60373910 HTTP/1.1" 200 19134 "-" "Mozilla/5.0 (Linux; Android 6.0.1; Nexus 5X Build/MMB29P) AppleWebKit/537.36 (KHTML, like Gecko) Chrome/137.0.7151.103 Mobile Safari/537.36 (compatible; GoogleOther)"
66.249.79.231 - - [15/Jul/2025:13:37:54 +0000] "POST /get-message-notify HTTP/1.1" 200 19473 "https://www.kelaby.company/?h=86758335111960&mod=6e32552f&uri=products.php%3Fid%3D2895254-332%26name%3Ddesh+bhakti+geet+dj+remix" "Mozilla/5.0 (Linux; Android 6.0.1; Nexus 5X Build/MMB29P) AppleWebKit/537.36 (KHTML, like Gecko) Chrome/137.0.7151.119 Mobile Safari/537.36 (compatible; Googlebot/2.1; +http://www.google.com/bot.html)"
66.249.79.34 - - [15/Jul/2025:13:38:14 +0000] "GET /detail/4519518 HTTP/1.1" 200 19218 "-" "Mozilla/5.0 (Linux; Android 6.0.1; Nexus 5X Build/MMB29P) AppleWebKit/537.36 (KHTML, like Gecko) Chrome/137.0.7151.103 Mobile Safari/537.36 (compatible; GoogleOther)"
209.74.77.214 - - [15/Jul/2025:13:38:29 +0000] "POST /wp-cron.php?doing_wp_cron=1752586709.5528800487518310546875 HTTP/1.1" 200 - "-" "WordPress/6.8.1; https://kelaby.company"
51.222.253.7 - - [15/Jul/2025:13:38:29 +0000] "GET /?h=111115291011960&uri=dp.php%3Fid%3D3708268-1356%26name%3Dmochila%20wenger%20negra HTTP/1.1" 200 26423 "-" "Mozilla/5.0 (compatible; AhrefsBot/7.0; +http://ahrefs.com/robot/)"
66.249.79.32 - - [15/Jul/2025:13:38:51 +0000] "GET /?h=32925998061960&mod=fd683032&uri=itm.php?detail/35636473 HTTP/1.1" 200 20431 "-" "Mozilla/5.0 (Linux; Android 6.0.1; Nexus 5X Build/MMB29P) AppleWebKit/537.36 (KHTML, like Gecko) Chrome/137.0.7151.103 Mobile Safari/537.36 (compatible; Googlebot/2.1; +http://www.google.com/bot.html)"
66.249.79.32 - - [15/Jul/2025:13:38:53 +0000] "GET /detail/4526293 HTTP/1.1" 200 18888 "-" "Mozilla/5.0 (Linux; Android 6.0.1; Nexus 5X Build/MMB29P) AppleWebKit/537.36 (KHTML, like Gecko) Chrome/137.0.7151.103 Mobile Safari/537.36 (compatible; GoogleOther)"
66.249.79.33 - - [15/Jul/2025:13:39:32 +0000] "GET /detail/4532319 HTTP/1.1" 200 21352 "-" "Mozilla/5.0 (Linux; Android 6.0.1; Nexus 5X Build/MMB29P) AppleWebKit/537.36 (KHTML, like Gecko) Chrome/137.0.7151.103 Mobile Safari/537.36 (compatible; GoogleOther)"
66.249.79.32 - - [15/Jul/2025:13:39:32 +0000] "GET /?h=32925998061960&mod=fd683032&uri=itm.php?detail/35641071 HTTP/1.1" 200 21011 "-" "Mozilla/5.0 (Linux; Android 6.0.1; Nexus 5X Build/MMB29P) AppleWebKit/537.36 (KHTML, like Gecko) Chrome/137.0.7151.103 Mobile Safari/537.36 (compatible; Googlebot/2.1; +http://www.google.com/bot.html)"
66.249.79.33 - - [15/Jul/2025:13:39:44 +0000] "GET /?h=32685752071960&mod=9bbcf8c9&uri=pin.php%3Fid%3D1090916-336%26name%3Dlongchamp+le+pliage+original+crossbody HTTP/1.1" 200 21300 "-" "Mozilla/5.0 (Linux; Android 6.0.1; Nexus 5X Build/MMB29P) AppleWebKit/537.36 (KHTML, like Gecko) Chrome/137.0.7151.103 Mobile Safari/537.36 (compatible; Googlebot/2.1; +http://www.google.com/bot.html)"
66.249.79.33 - - [15/Jul/2025:13:39:47 +0000] "POST /get-message-notify HTTP/1.1" 200 19448 "https://kelaby.company/?h=32685752071960&mod=9bbcf8c9&uri=pin.php%3Fid%3D1090916-336%26name%3Dlongchamp+le+pliage+original+crossbody" "Mozilla/5.0 (Linux; Android 6.0.1; Nexus 5X Build/MMB29P) AppleWebKit/537.36 (KHTML, like Gecko) Chrome/137.0.7151.119 Mobile Safari/537.36 (compatible; Googlebot/2.1; +http://www.google.com/bot.html)"
209.74.77.214 - - [15/Jul/2025:13:40:08 +0000] "POST /wp-cron.php?doing_wp_cron=1752586808.5903370380401611328125 HTTP/1.1" 200 - "-" "WordPress/6.8.1; https://kelaby.company"
51.222.253.16 - - [15/Jul/2025:13:40:07 +0000] "GET /?h=112852287021960&uri=article.php%3Fid%3D3766290-319%26name%3Dadidas%20bambas%20chica HTTP/1.1" 200 26422 "-" "Mozilla/5.0 (compatible; AhrefsBot/7.0; +http://ahrefs.com/robot/)"
66.249.79.33 - - [15/Jul/2025:13:40:12 +0000] "GET /detail/60382470 HTTP/1.1" 200 20115 "-" "Mozilla/5.0 (Linux; Android 6.0.1; Nexus 5X Build/MMB29P) AppleWebKit/537.36 (KHTML, like Gecko) Chrome/137.0.7151.103 Mobile Safari/537.36 (compatible; GoogleOther)"
66.249.79.32 - - [15/Jul/2025:13:40:14 +0000] "GET /?h=32925998061960&mod=fd683032&uri=itm.php?detail/35636766 HTTP/1.1" 200 19004 "-" "Mozilla/5.0 (Linux; Android 6.0.1; Nexus 5X Build/MMB29P) AppleWebKit/537.36 (KHTML, like Gecko) Chrome/137.0.7151.103 Mobile Safari/537.36 (compatible; Googlebot/2.1; +http://www.google.com/bot.html)"
66.249.79.32 - - [15/Jul/2025:13:40:27 +0000] "GET /cargo/detail HTTP/1.1" 200 18815 "-" "Mozilla/5.0 (Linux; Android 6.0.1; Nexus 5X Build/MMB29P) AppleWebKit/537.36 (KHTML, like Gecko) Chrome/137.0.7151.103 Mobile Safari/537.36 (compatible; Googlebot/2.1; +http://www.google.com/bot.html)"
66.249.79.32 - - [15/Jul/2025:13:40:49 +0000] "POST /get-message-notify HTTP/1.1" 200 19448 "https://kelaby.company/?h=32925998061960&mod=fd683032&uri=itm.php?detail/35641071" "Mozilla/5.0 (Linux; Android 6.0.1; Nexus 5X Build/MMB29P) AppleWebKit/537.36 (KHTML, like Gecko) Chrome/137.0.7151.119 Mobile Safari/537.36 (compatible; Googlebot/2.1; +http://www.google.com/bot.html)"
66.249.79.32 - - [15/Jul/2025:13:40:51 +0000] "GET /detail/3593381 HTTP/1.1" 200 20254 "-" "Mozilla/5.0 (Linux; Android 6.0.1; Nexus 5X Build/MMB29P) AppleWebKit/537.36 (KHTML, like Gecko) Chrome/137.0.7151.103 Mobile Safari/537.36 (compatible; GoogleOther)"
66.249.79.32 - - [15/Jul/2025:13:40:55 +0000] "GET /?h=28242007131960&mod=10164f72&uri=dp.php?man/customer_guide HTTP/1.1" 200 20505 "-" "Mozilla/5.0 (Linux; Android 6.0.1; Nexus 5X Build/MMB29P) AppleWebKit/537.36 (KHTML, like Gecko) Chrome/137.0.7151.103 Mobile Safari/537.36 (compatible; Googlebot/2.1; +http://www.google.com/bot.html)"
66.249.79.32 - - [15/Jul/2025:13:40:55 +0000] "GET /?h=32925998061960&mod=fd683032&uri=itm.php?detail/35639282 HTTP/1.1" 200 19894 "-" "Mozilla/5.0 (Linux; Android 6.0.1; Nexus 5X Build/MMB29P) AppleWebKit/537.36 (KHTML, like Gecko) Chrome/137.0.7151.103 Mobile Safari/537.36 (compatible; Googlebot/2.1; +http://www.google.com/bot.html)"
66.249.79.33 - - [15/Jul/2025:13:41:02 +0000] "POST /get-message-notify HTTP/1.1" 200 19448 "https://kelaby.company/?h=28242007131960&mod=10164f72&uri=dp.php?man/customer_guide" "Mozilla/5.0 (Linux; Android 6.0.1; Nexus 5X Build/MMB29P) AppleWebKit/537.36 (KHTML, like Gecko) Chrome/137.0.7151.119 Mobile Safari/537.36 (compatible; Googlebot/2.1; +http://www.google.com/bot.html)"
66.249.79.32 - - [15/Jul/2025:13:41:05 +0000] "POST /get-message-notify HTTP/1.1" 200 19448 "https://kelaby.company/detail/848022371" "Mozilla/5.0 (Linux; Android 6.0.1; Nexus 5X Build/MMB29P) AppleWebKit/537.36 (KHTML, like Gecko) Chrome/137.0.7151.119 Mobile Safari/537.36 (compatible; Googlebot/2.1; +http://www.google.com/bot.html)"
66.249.79.232 - - [15/Jul/2025:13:41:07 +0000] "GET /?h=5796368081960&mod=9bbcf8c9&uri=products.php%3Fid%3D193566-336%26name%3Dborse+uncinetto+schemi HTTP/1.1" 200 21325 "-" "Mozilla/5.0 (Linux; Android 6.0.1; Nexus 5X Build/MMB29P) AppleWebKit/537.36 (KHTML, like Gecko) Chrome/137.0.7151.103 Mobile Safari/537.36 (compatible; Googlebot/2.1; +http://www.google.com/bot.html)"
66.249.79.32 - - [15/Jul/2025:13:41:10 +0000] "GET /?h=5875938041960&mod=7530b57b&uri=products.php%3Fid%3D196222-341%26name%3Dbatido+pi%C3%83%C2%B1a+kiwi HTTP/1.1" 200 21327 "-" "Mozilla/5.0 (Linux; Android 6.0.1; Nexus 5X Build/MMB29P) AppleWebKit/537.36 (KHTML, like Gecko) Chrome/137.0.7151.103 Mobile Safari/537.36 (compatible; Googlebot/2.1; +http://www.google.com/bot.html)"
66.249.79.232 - - [15/Jul/2025:13:41:18 +0000] "GET /boyslove.html HTTP/1.1" 200 20066 "-" "Mozilla/5.0 (Linux; Android 6.0.1; Nexus 5X Build/MMB29P) AppleWebKit/537.36 (KHTML, like Gecko) Chrome/137.0.7151.103 Mobile Safari/537.36 (compatible; Googlebot/2.1; +http://www.google.com/bot.html)"
66.249.79.32 - - [15/Jul/2025:13:41:31 +0000] "GET /detail/823486594 HTTP/1.1" 200 19119 "-" "Mozilla/5.0 (Linux; Android 6.0.1; Nexus 5X Build/MMB29P) AppleWebKit/537.36 (KHTML, like Gecko) Chrome/137.0.7151.103 Mobile Safari/537.36 (compatible; GoogleOther)"
66.249.79.32 - - [15/Jul/2025:13:41:37 +0000] "GET /?h=36559043031960&mod=ec66a085&uri=products.php?detail/670357980 HTTP/1.1" 200 18944 "-" "Mozilla/5.0 (Linux; Android 6.0.1; Nexus 5X Build/MMB29P) AppleWebKit/537.36 (KHTML, like Gecko) Chrome/137.0.7151.103 Mobile Safari/537.36 (compatible; Googlebot/2.1; +http://www.google.com/bot.html)"
209.74.77.214 - - [15/Jul/2025:13:41:42 +0000] "POST /wp-cron.php?doing_wp_cron=1752586902.2906649112701416015625 HTTP/1.1" 200 - "-" "WordPress/6.8.1; https://kelaby.company"
93.123.109.7 - - [15/Jul/2025:13:41:41 +0000] "GET /.git/config HTTP/1.1" 404 16357 "-" "Mozilla/5.0 (Linux; Android 9; SM-G950F) AppleWebKit/537.36 (KHTML, like Gecko) Chrome/76.0.3809.89 Mobile Safari/537.36"
51.222.253.9 - - [15/Jul/2025:13:41:51 +0000] "GET /?h=114631575021960&uri=category-info.php%3Fid%3D3825682-700%26name%3Dhair%20loss%20dogs%20bald%20patches HTTP/1.1" 200 26427 "-" "Mozilla/5.0 (compatible; AhrefsBot/7.0; +http://ahrefs.com/robot/)"
66.249.79.33 - - [15/Jul/2025:13:42:10 +0000] "GET /detail/823477757 HTTP/1.1" 200 18618 "-" "Mozilla/5.0 (Linux; Android 6.0.1; Nexus 5X Build/MMB29P) AppleWebKit/537.36 (KHTML, like Gecko) Chrome/137.0.7151.103 Mobile Safari/537.36 (compatible; GoogleOther)"
66.249.79.32 - - [15/Jul/2025:13:42:50 +0000] "GET /detail/4472091 HTTP/1.1" 200 19609 "-" "Mozilla/5.0 (Linux; Android 6.0.1; Nexus 5X Build/MMB29P) AppleWebKit/537.36 (KHTML, like Gecko) Chrome/137.0.7151.103 Mobile Safari/537.36 (compatible; GoogleOther)"
66.249.79.32 - - [15/Jul/2025:13:43:29 +0000] "GET /detail/3628415 HTTP/1.1" 200 19608 "-" "Mozilla/5.0 (Linux; Android 6.0.1; Nexus 5X Build/MMB29P) AppleWebKit/537.36 (KHTML, like Gecko) Chrome/137.0.7151.103 Mobile Safari/537.36 (compatible; GoogleOther)"
66.249.79.32 - - [15/Jul/2025:13:43:39 +0000] "GET /?h=36559043031960&mod=ec66a085&uri=products.php?detail/1643881 HTTP/1.1" 200 19053 "-" "Mozilla/5.0 (Linux; Android 6.0.1; Nexus 5X Build/MMB29P) AppleWebKit/537.36 (KHTML, like Gecko) Chrome/137.0.7151.103 Mobile Safari/537.36 (compatible; Googlebot/2.1; +http://www.google.com/bot.html)"
209.74.77.214 - - [15/Jul/2025:13:43:51 +0000] "POST /wp-cron.php?doing_wp_cron=1752587031.2565040588378906250000 HTTP/1.1" 200 - "-" "WordPress/6.8.1; https://kelaby.company"
51.222.253.10 - - [15/Jul/2025:13:43:50 +0000] "GET /?h=116681517021960&uri=us.php%3Fid%3D3894069-1566%26name%3Dasics%20metarun%20silver HTTP/1.1" 200 26429 "-" "Mozilla/5.0 (compatible; AhrefsBot/7.0; +http://ahrefs.com/robot/)"
209.74.77.214 - - [15/Jul/2025:13:44:02 +0000] "POST /wp-cron.php?doing_wp_cron=1752587042.5592539310455322265625 HTTP/1.1" 200 - "-" "WordPress/6.8.1; https://kelaby.company"
216.73.216.13 - - [15/Jul/2025:13:44:02 +0000] "GET /detail/306981657 HTTP/1.1" 404 16357 "-" "Mozilla/5.0 AppleWebKit/537.36 (KHTML, like Gecko; compatible; ClaudeBot/1.0; [email protected])"
216.73.216.13 - - [15/Jul/2025:13:44:05 +0000] "GET /detail/306790717 HTTP/1.1" 404 16357 "-" "Mozilla/5.0 AppleWebKit/537.36 (KHTML, like Gecko; compatible; ClaudeBot/1.0; [email protected])"
216.73.216.13 - - [15/Jul/2025:13:44:08 +0000] "GET /detail/306865369 HTTP/1.1" 404 16357 "-" "Mozilla/5.0 AppleWebKit/537.36 (KHTML, like Gecko; compatible; ClaudeBot/1.0; [email protected])"
66.249.79.32 - - [15/Jul/2025:13:44:08 +0000] "GET /detail/823454693 HTTP/1.1" 200 20133 "-" "Mozilla/5.0 (Linux; Android 6.0.1; Nexus 5X Build/MMB29P) AppleWebKit/537.36 (KHTML, like Gecko) Chrome/137.0.7151.103 Mobile Safari/537.36 (compatible; GoogleOther)"
216.73.216.13 - - [15/Jul/2025:13:44:11 +0000] "GET /detail/197260090 HTTP/1.1" 404 16357 "-" "Mozilla/5.0 AppleWebKit/537.36 (KHTML, like Gecko; compatible; ClaudeBot/1.0; [email protected])"
216.73.216.13 - - [15/Jul/2025:13:44:14 +0000] "GET /detail/307119983 HTTP/1.1" 404 16358 "-" "Mozilla/5.0 AppleWebKit/537.36 (KHTML, like Gecko; compatible; ClaudeBot/1.0; [email protected])"
209.74.77.214 - - [15/Jul/2025:13:44:17 +0000] "POST /wp-cron.php?doing_wp_cron=1752587057.3732180595397949218750 HTTP/1.1" 200 - "-" "WordPress/6.8.1; https://kelaby.company"
216.73.216.13 - - [15/Jul/2025:13:44:17 +0000] "GET /detail/197129234 HTTP/1.1" 404 16357 "-" "Mozilla/5.0 AppleWebKit/537.36 (KHTML, like Gecko; compatible; ClaudeBot/1.0; [email protected])"
216.73.216.13 - - [15/Jul/2025:13:44:20 +0000] "GET /detail/306717962 HTTP/1.1" 404 16357 "-" "Mozilla/5.0 AppleWebKit/537.36 (KHTML, like Gecko; compatible; ClaudeBot/1.0; [email protected])"
216.73.216.13 - - [15/Jul/2025:13:44:23 +0000] "GET /detail/197488001 HTTP/1.1" 404 16357 "-" "Mozilla/5.0 AppleWebKit/537.36 (KHTML, like Gecko; compatible; ClaudeBot/1.0; [email protected])"
216.73.216.13 - - [15/Jul/2025:13:44:26 +0000] "GET /detail/306999052 HTTP/1.1" 404 16357 "-" "Mozilla/5.0 AppleWebKit/537.36 (KHTML, like Gecko; compatible; ClaudeBot/1.0; [email protected])"
216.73.216.13 - - [15/Jul/2025:13:44:29 +0000] "GET /detail/306593114 HTTP/1.1" 404 16357 "-" "Mozilla/5.0 AppleWebKit/537.36 (KHTML, like Gecko; compatible; ClaudeBot/1.0; [email protected])"
216.73.216.13 - - [15/Jul/2025:13:44:32 +0000] "GET /detail/306999390 HTTP/1.1" 404 16358 "-" "Mozilla/5.0 AppleWebKit/537.36 (KHTML, like Gecko; compatible; ClaudeBot/1.0; [email protected])"
216.73.216.13 - - [15/Jul/2025:13:44:35 +0000] "GET /detail/306734319 HTTP/1.1" 404 16358 "-" "Mozilla/5.0 AppleWebKit/537.36 (KHTML, like Gecko; compatible; ClaudeBot/1.0; [email protected])"
216.73.216.13 - - [15/Jul/2025:13:44:38 +0000] "GET /detail/197129152 HTTP/1.1" 404 16357 "-" "Mozilla/5.0 AppleWebKit/537.36 (KHTML, like Gecko; compatible; ClaudeBot/1.0; [email protected])"
216.73.216.13 - - [15/Jul/2025:13:44:41 +0000] "GET /detail/306965718 HTTP/1.1" 404 16358 "-" "Mozilla/5.0 AppleWebKit/537.36 (KHTML, like Gecko; compatible; ClaudeBot/1.0; [email protected])"
216.73.216.13 - - [15/Jul/2025:13:44:44 +0000] "GET /detail/307029296 HTTP/1.1" 404 16357 "-" "Mozilla/5.0 AppleWebKit/537.36 (KHTML, like Gecko; compatible; ClaudeBot/1.0; [email protected])"
216.73.216.13 - - [15/Jul/2025:13:44:47 +0000] "GET /detail/307103626 HTTP/1.1" 404 16358 "-" "Mozilla/5.0 AppleWebKit/537.36 (KHTML, like Gecko; compatible; ClaudeBot/1.0; [email protected])"
66.249.79.32 - - [15/Jul/2025:13:44:48 +0000] "GET /detail/823450388 HTTP/1.1" 200 18301 "-" "Mozilla/5.0 (Linux; Android 6.0.1; Nexus 5X Build/MMB29P) AppleWebKit/537.36 (KHTML, like Gecko) Chrome/137.0.7151.103 Mobile Safari/537.36 (compatible; GoogleOther)"
209.74.77.214 - - [15/Jul/2025:13:45:07 +0000] "POST /wp-cron.php?doing_wp_cron=1752587107.2109279632568359375000 HTTP/1.1" 200 - "-" "WordPress/6.8.1; https://kelaby.company"
216.73.216.13 - - [15/Jul/2025:13:45:06 +0000] "GET /detail/307061878 HTTP/1.1" 404 16357 "-" "Mozilla/5.0 AppleWebKit/537.36 (KHTML, like Gecko; compatible; ClaudeBot/1.0; [email protected])"
216.73.216.13 - - [15/Jul/2025:13:45:09 +0000] "GET /detail/306872227 HTTP/1.1" 404 16357 "-" "Mozilla/5.0 AppleWebKit/537.36 (KHTML, like Gecko; compatible; ClaudeBot/1.0; [email protected])"
216.73.216.13 - - [15/Jul/2025:13:45:12 +0000] "GET /detail/197072562 HTTP/1.1" 404 16357 "-" "Mozilla/5.0 AppleWebKit/537.36 (KHTML, like Gecko; compatible; ClaudeBot/1.0; [email protected])"
216.73.216.13 - - [15/Jul/2025:13:45:15 +0000] "GET /detail/197137776 HTTP/1.1" 404 16357 "-" "Mozilla/5.0 AppleWebKit/537.36 (KHTML, like Gecko; compatible; ClaudeBot/1.0; [email protected])"
66.249.79.32 - - [15/Jul/2025:13:45:17 +0000] "GET /?h=33045577051960&mod=8122f23d&uri=article.php%3Fid%3D1102931-910%26name%3Dkannada+naaptol+channel HTTP/1.1" 200 21328 "-" "Mozilla/5.0 (Linux; Android 6.0.1; Nexus 5X Build/MMB29P) AppleWebKit/537.36 (KHTML, like Gecko) Chrome/137.0.7151.103 Mobile Safari/537.36 (compatible; Googlebot/2.1; +http://www.google.com/bot.html)"
66.249.79.32 - - [15/Jul/2025:13:45:17 +0000] "GET /?h=36559043031960&mod=ec66a085&uri=products.php?detail/1658321 HTTP/1.1" 200 19158 "-" "Mozilla/5.0 (Linux; Android 6.0.1; Nexus 5X Build/MMB29P) AppleWebKit/537.36 (KHTML, like Gecko) Chrome/137.0.7151.103 Mobile Safari/537.36 (compatible; Googlebot/2.1; +http://www.google.com/bot.html)"
209.74.77.214 - - [15/Jul/2025:13:45:18 +0000] "POST /wp-cron.php?doing_wp_cron=1752587118.6729989051818847656250 HTTP/1.1" 200 - "-" "WordPress/6.8.1; https://kelaby.company"
216.73.216.13 - - [15/Jul/2025:13:45:18 +0000] "GET /detail/197085896 HTTP/1.1" 404 16357 "-" "Mozilla/5.0 AppleWebKit/537.36 (KHTML, like Gecko; compatible; ClaudeBot/1.0; [email protected])"
66.249.79.34 - - [15/Jul/2025:13:45:21 +0000] "GET /?h=6008559041960&mod=62c1507b&uri=search.php%3Fid%3D200648-330%26name%3Dpols+heating+and+cooling HTTP/1.1" 200 21315 "-" "Mozilla/5.0 (Linux; Android 6.0.1; Nexus 5X Build/MMB29P) AppleWebKit/537.36 (KHTML, like Gecko) Chrome/137.0.7151.103 Mobile Safari/537.36 (compatible; Googlebot/2.1; +http://www.google.com/bot.html)"
216.73.216.13 - - [15/Jul/2025:13:45:21 +0000] "GET /detail/306880038 HTTP/1.1" 404 16357 "-" "Mozilla/5.0 AppleWebKit/537.36 (KHTML, like Gecko; compatible; ClaudeBot/1.0; [email protected])"
216.73.216.13 - - [15/Jul/2025:13:45:24 +0000] "GET /detail/197184460 HTTP/1.1" 404 16358 "-" "Mozilla/5.0 AppleWebKit/537.36 (KHTML, like Gecko; compatible; ClaudeBot/1.0; [email protected])"
216.73.216.13 - - [15/Jul/2025:13:45:27 +0000] "GET /detail/197267480 HTTP/1.1" 404 16358 "-" "Mozilla/5.0 AppleWebKit/537.36 (KHTML, like Gecko; compatible; ClaudeBot/1.0; [email protected])"
66.249.79.33 - - [15/Jul/2025:13:45:27 +0000] "GET /detail/60397319 HTTP/1.1" 200 19124 "-" "Mozilla/5.0 (Linux; Android 6.0.1; Nexus 5X Build/MMB29P) AppleWebKit/537.36 (KHTML, like Gecko) Chrome/137.0.7151.103 Mobile Safari/537.36 (compatible; GoogleOther)"
216.73.216.13 - - [15/Jul/2025:13:45:30 +0000] "GET /detail/197360018 HTTP/1.1" 404 16358 "-" "Mozilla/5.0 AppleWebKit/537.36 (KHTML, like Gecko; compatible; ClaudeBot/1.0; [email protected])"
51.222.253.19 - - [15/Jul/2025:13:45:33 +0000] "GET /?h=13113957041960&uri=category-info.php%3Fid%3D437852-592%26name%3Dasics%20japan%20wrestling%20shoes HTTP/1.1" 200 26419 "-" "Mozilla/5.0 (compatible; AhrefsBot/7.0; +http://ahrefs.com/robot/)"
216.73.216.13 - - [15/Jul/2025:13:45:33 +0000] "GET /detail/306598802 HTTP/1.1" 404 16357 "-" "Mozilla/5.0 AppleWebKit/537.36 (KHTML, like Gecko; compatible; ClaudeBot/1.0; [email protected])"
216.73.216.13 - - [15/Jul/2025:13:45:36 +0000] "GET /detail/307002187 HTTP/1.1" 404 16357 "-" "Mozilla/5.0 AppleWebKit/537.36 (KHTML, like Gecko; compatible; ClaudeBot/1.0; [email protected])"
216.73.216.13 - - [15/Jul/2025:13:45:39 +0000] "GET /detail/197442972 HTTP/1.1" 404 16357 "-" "Mozilla/5.0 AppleWebKit/537.36 (KHTML, like Gecko; compatible; ClaudeBot/1.0; [email protected])"
216.73.216.13 - - [15/Jul/2025:13:45:42 +0000] "GET /detail/306603722 HTTP/1.1" 404 16358 "-" "Mozilla/5.0 AppleWebKit/537.36 (KHTML, like Gecko; compatible; ClaudeBot/1.0; [email protected])"
216.73.216.13 - - [15/Jul/2025:13:45:45 +0000] "GET /detail/197455417 HTTP/1.1" 404 16357 "-" "Mozilla/5.0 AppleWebKit/537.36 (KHTML, like Gecko; compatible; ClaudeBot/1.0; [email protected])"
216.73.216.13 - - [15/Jul/2025:13:45:48 +0000] "GET /detail/307008974 HTTP/1.1" 404 16357 "-" "Mozilla/5.0 AppleWebKit/537.36 (KHTML, like Gecko; compatible; ClaudeBot/1.0; [email protected])"
216.73.216.13 - - [15/Jul/2025:13:45:51 +0000] "GET /detail/306784691 HTTP/1.1" 404 16357 "-" "Mozilla/5.0 AppleWebKit/537.36 (KHTML, like Gecko; compatible; ClaudeBot/1.0; [email protected])"
66.249.79.32 - - [15/Jul/2025:13:45:59 +0000] "GET /?h=36559043031960&mod=ec66a085&uri=products.php?detail/1655595 HTTP/1.1" 200 18955 "-" "Mozilla/5.0 (Linux; Android 6.0.1; Nexus 5X Build/MMB29P) AppleWebKit/537.36 (KHTML, like Gecko) Chrome/137.0.7151.103 Mobile Safari/537.36 (compatible; Googlebot/2.1; +http://www.google.com/bot.html)"
66.249.79.32 - - [15/Jul/2025:13:46:07 +0000] "GET /detail/60381090 HTTP/1.1" 200 18742 "-" "Mozilla/5.0 (Linux; Android 6.0.1; Nexus 5X Build/MMB29P) AppleWebKit/537.36 (KHTML, like Gecko) Chrome/137.0.7151.103 Mobile Safari/537.36 (compatible; GoogleOther)"
66.249.79.32 - - [15/Jul/2025:13:46:46 +0000] "GET /detail/823463594 HTTP/1.1" 200 20052 "-" "Mozilla/5.0 (Linux; Android 6.0.1; Nexus 5X Build/MMB29P) AppleWebKit/537.36 (KHTML, like Gecko) Chrome/137.0.7151.103 Mobile Safari/537.36 (compatible; GoogleOther)"
209.74.77.214 - - [15/Jul/2025:13:46:49 +0000] "POST /wp-cron.php?doing_wp_cron=1752587209.0336539745330810546875 HTTP/1.1" 200 - "-" "WordPress/6.8.1; https://kelaby.company"
216.73.216.13 - - [15/Jul/2025:13:46:48 +0000] "GET /detail/307067145 HTTP/1.1" 404 16358 "-" "Mozilla/5.0 AppleWebKit/537.36 (KHTML, like Gecko; compatible; ClaudeBot/1.0; [email protected])"
216.73.216.13 - - [15/Jul/2025:13:46:50 +0000] "GET /detail/197105893 HTTP/1.1" 404 16357 "-" "Mozilla/5.0 AppleWebKit/537.36 (KHTML, like Gecko; compatible; ClaudeBot/1.0; [email protected])"
66.249.79.32 - - [15/Jul/2025:13:46:52 +0000] "GET /?h=36559043031960&mod=ec66a085&uri=products.php?detail/1648415 HTTP/1.1" 200 19760 "-" "Mozilla/5.0 (Linux; Android 6.0.1; Nexus 5X Build/MMB29P) AppleWebKit/537.36 (KHTML, like Gecko) Chrome/137.0.7151.103 Mobile Safari/537.36 (compatible; Googlebot/2.1; +http://www.google.com/bot.html)"
216.73.216.13 - - [15/Jul/2025:13:46:53 +0000] "GET /detail/306744863 HTTP/1.1" 404 16357 "-" "Mozilla/5.0 AppleWebKit/537.36 (KHTML, like Gecko; compatible; ClaudeBot/1.0; [email protected])"
216.73.216.13 - - [15/Jul/2025:13:46:56 +0000] "GET /detail/197341938 HTTP/1.1" 404 16356 "-" "Mozilla/5.0 AppleWebKit/537.36 (KHTML, like Gecko; compatible; ClaudeBot/1.0; [email protected])"
216.73.216.13 - - [15/Jul/2025:13:46:59 +0000] "GET /detail/197343318 HTTP/1.1" 404 16357 "-" "Mozilla/5.0 AppleWebKit/537.36 (KHTML, like Gecko; compatible; ClaudeBot/1.0; [email protected])"
209.74.77.214 - - [15/Jul/2025:13:47:03 +0000] "POST /wp-cron.php?doing_wp_cron=1752587222.9578909873962402343750 HTTP/1.1" 200 - "-" "WordPress/6.8.1; https://kelaby.company"
216.73.216.13 - - [15/Jul/2025:13:47:02 +0000] "GET /detail/197348713 HTTP/1.1" 404 16357 "-" "Mozilla/5.0 AppleWebKit/537.36 (KHTML, like Gecko; compatible; ClaudeBot/1.0; [email protected])"
216.73.216.13 - - [15/Jul/2025:13:47:05 +0000] "GET /detail/197349006 HTTP/1.1" 404 16356 "-" "Mozilla/5.0 AppleWebKit/537.36 (KHTML, like Gecko; compatible; ClaudeBot/1.0; [email protected])"
216.73.216.13 - - [15/Jul/2025:13:47:08 +0000] "GET /detail/197349819 HTTP/1.1" 404 16357 "-" "Mozilla/5.0 AppleWebKit/537.36 (KHTML, like Gecko; compatible; ClaudeBot/1.0; [email protected])"
216.73.216.13 - - [15/Jul/2025:13:47:11 +0000] "GET /detail/307110822 HTTP/1.1" 404 16357 "-" "Mozilla/5.0 AppleWebKit/537.36 (KHTML, like Gecko; compatible; ClaudeBot/1.0; [email protected])"
51.222.253.14 - - [15/Jul/2025:13:47:12 +0000] "GET /?h=13152951041960&uri=products.php%3Fid%3D439152-593%26name%3Dblack%20harem%20pants HTTP/1.1" 200 26419 "-" "Mozilla/5.0 (compatible; AhrefsBot/7.0; +http://ahrefs.com/robot/)"
216.73.216.13 - - [15/Jul/2025:13:47:14 +0000] "GET /detail/306916098 HTTP/1.1" 404 16357 "-" "Mozilla/5.0 AppleWebKit/537.36 (KHTML, like Gecko; compatible; ClaudeBot/1.0; [email protected])"
209.74.77.214 - - [15/Jul/2025:13:47:18 +0000] "POST /wp-cron.php?doing_wp_cron=1752587237.9556539058685302734375 HTTP/1.1" 200 - "-" "WordPress/6.8.1; https://kelaby.company"
216.73.216.13 - - [15/Jul/2025:13:47:17 +0000] "GET /detail/307033894 HTTP/1.1" 404 16357 "-" "Mozilla/5.0 AppleWebKit/537.36 (KHTML, like Gecko; compatible; ClaudeBot/1.0; [email protected])"
216.73.216.13 - - [15/Jul/2025:13:47:20 +0000] "GET /detail/306789611 HTTP/1.1" 404 16357 "-" "Mozilla/5.0 AppleWebKit/537.36 (KHTML, like Gecko; compatible; ClaudeBot/1.0; [email protected])"
216.73.216.13 - - [15/Jul/2025:13:47:23 +0000] "GET /detail/197206571 HTTP/1.1" 404 16357 "-" "Mozilla/5.0 AppleWebKit/537.36 (KHTML, like Gecko; compatible; ClaudeBot/1.0; [email protected])"
66.249.79.34 - - [15/Jul/2025:13:47:26 +0000] "GET /detail/3630184 HTTP/1.1" 200 19185 "-" "Mozilla/5.0 (Linux; Android 6.0.1; Nexus 5X Build/MMB29P) AppleWebKit/537.36 (KHTML, like Gecko) Chrome/137.0.7151.103 Mobile Safari/537.36 (compatible; GoogleOther)"
216.73.216.13 - - [15/Jul/2025:13:47:26 +0000] "GET /detail/197441105 HTTP/1.1" 404 16357 "-" "Mozilla/5.0 AppleWebKit/537.36 (KHTML, like Gecko; compatible; ClaudeBot/1.0; [email protected])"
216.73.216.13 - - [15/Jul/2025:13:47:29 +0000] "GET /detail/306875440 HTTP/1.1" 404 16357 "-" "Mozilla/5.0 AppleWebKit/537.36 (KHTML, like Gecko; compatible; ClaudeBot/1.0; [email protected])"
216.73.216.13 - - [15/Jul/2025:13:47:32 +0000] "GET /detail/306769081 HTTP/1.1" 404 16357 "-" "Mozilla/5.0 AppleWebKit/537.36 (KHTML, like Gecko; compatible; ClaudeBot/1.0; [email protected])"
66.249.79.32 - - [15/Jul/2025:13:48:05 +0000] "GET /detail/60353782 HTTP/1.1" 200 20606 "-" "Mozilla/5.0 (Linux; Android 6.0.1; Nexus 5X Build/MMB29P) AppleWebKit/537.36 (KHTML, like Gecko) Chrome/137.0.7151.103 Mobile Safari/537.36 (compatible; GoogleOther)"
209.74.77.214 - - [15/Jul/2025:13:48:29 +0000] "POST /wp-cron.php?doing_wp_cron=1752587309.1410999298095703125000 HTTP/1.1" 200 - "-" "WordPress/6.8.1; https://kelaby.company"
216.73.216.13 - - [15/Jul/2025:13:48:28 +0000] "GET /detail/307087739 HTTP/1.1" 404 16356 "-" "Mozilla/5.0 AppleWebKit/537.36 (KHTML, like Gecko; compatible; ClaudeBot/1.0; [email protected])"
216.73.216.13 - - [15/Jul/2025:13:48:31 +0000] "GET /detail/197149085 HTTP/1.1" 404 16357 "-" "Mozilla/5.0 AppleWebKit/537.36 (KHTML, like Gecko; compatible; ClaudeBot/1.0; [email protected])"
216.73.216.13 - - [15/Jul/2025:13:48:34 +0000] "GET /detail/306857997 HTTP/1.1" 404 16357 "-" "Mozilla/5.0 AppleWebKit/537.36 (KHTML, like Gecko; compatible; ClaudeBot/1.0; [email protected])"
216.73.216.13 - - [15/Jul/2025:13:48:37 +0000] "GET /detail/307079197 HTTP/1.1" 404 16358 "-" "Mozilla/5.0 AppleWebKit/537.36 (KHTML, like Gecko; compatible; ClaudeBot/1.0; [email protected])"
216.73.216.13 - - [15/Jul/2025:13:48:40 +0000] "GET /detail/307082006 HTTP/1.1" 404 16357 "-" "Mozilla/5.0 AppleWebKit/537.36 (KHTML, like Gecko; compatible; ClaudeBot/1.0; [email protected])"
216.73.216.13 - - [15/Jul/2025:13:48:43 +0000] "GET /detail/197362212 HTTP/1.1" 404 16357 "-" "Mozilla/5.0 AppleWebKit/537.36 (KHTML, like Gecko; compatible; ClaudeBot/1.0; [email protected])"
66.249.79.37 - - [15/Jul/2025:13:48:44 +0000] "GET /detail/4536218 HTTP/1.1" 200 19437 "-" "Mozilla/5.0 (Linux; Android 6.0.1; Nexus 5X Build/MMB29P) AppleWebKit/537.36 (KHTML, like Gecko) Chrome/137.0.7151.103 Mobile Safari/537.36 (compatible; GoogleOther)"
216.73.216.13 - - [15/Jul/2025:13:48:46 +0000] "GET /detail/306722203 HTTP/1.1" 404 16357 "-" "Mozilla/5.0 AppleWebKit/537.36 (KHTML, like Gecko; compatible; ClaudeBot/1.0; [email protected])"
51.222.253.16 - - [15/Jul/2025:13:48:46 +0000] "GET /?h=31458309001960&uri=us.php%3Fid%3D1049971-709%26name%3Dcoordinates%20bracelets%20for%20couples HTTP/1.1" 200 26424 "-" "Mozilla/5.0 (compatible; AhrefsBot/7.0; +http://ahrefs.com/robot/)"
216.73.216.13 - - [15/Jul/2025:13:48:49 +0000] "GET /detail/306711191 HTTP/1.1" 404 16358 "-" "Mozilla/5.0 AppleWebKit/537.36 (KHTML, like Gecko; compatible; ClaudeBot/1.0; [email protected])"
216.73.216.13 - - [15/Jul/2025:13:48:52 +0000] "GET /detail/307112250 HTTP/1.1" 404 16358 "-" "Mozilla/5.0 AppleWebKit/537.36 (KHTML, like Gecko; compatible; ClaudeBot/1.0; [email protected])"
216.73.216.13 - - [15/Jul/2025:13:48:55 +0000] "GET /detail/306765377 HTTP/1.1" 404 16357 "-" "Mozilla/5.0 AppleWebKit/537.36 (KHTML, like Gecko; compatible; ClaudeBot/1.0; [email protected])"
216.73.216.13 - - [15/Jul/2025:13:48:58 +0000] "GET /detail/197321344 HTTP/1.1" 404 16358 "-" "Mozilla/5.0 AppleWebKit/537.36 (KHTML, like Gecko; compatible; ClaudeBot/1.0; [email protected])"
209.74.77.214 - - [15/Jul/2025:13:49:01 +0000] "POST /wp-cron.php?doing_wp_cron=1752587341.7086379528045654296875 HTTP/1.1" 200 - "-" "WordPress/6.8.1; https://kelaby.company"
216.73.216.13 - - [15/Jul/2025:13:49:01 +0000] "GET /detail/197209718 HTTP/1.1" 404 16357 "-" "Mozilla/5.0 AppleWebKit/537.36 (KHTML, like Gecko; compatible; ClaudeBot/1.0; [email protected])"
216.73.216.13 - - [15/Jul/2025:13:49:04 +0000] "GET /detail/197263225 HTTP/1.1" 404 16357 "-" "Mozilla/5.0 AppleWebKit/537.36 (KHTML, like Gecko; compatible; ClaudeBot/1.0; [email protected])"
216.73.216.13 - - [15/Jul/2025:13:49:07 +0000] "GET /detail/307119574 HTTP/1.1" 404 16357 "-" "Mozilla/5.0 AppleWebKit/537.36 (KHTML, like Gecko; compatible; ClaudeBot/1.0; [email protected])"
216.73.216.13 - - [15/Jul/2025:13:49:10 +0000] "GET /detail/197208975 HTTP/1.1" 404 16357 "-" "Mozilla/5.0 AppleWebKit/537.36 (KHTML, like Gecko; compatible; ClaudeBot/1.0; [email protected])"
66.249.79.33 - - [15/Jul/2025:13:49:11 +0000] "GET /?h=36559043031960&mod=ec66a085&uri=products.php?%3Fid%3D1220201-1105%26name%3Dduck+boot+sizing HTTP/1.1" 200 21307 "-" "Mozilla/5.0 (Linux; Android 6.0.1; Nexus 5X Build/MMB29P) AppleWebKit/537.36 (KHTML, like Gecko) Chrome/137.0.7151.103 Mobile Safari/537.36 (compatible; Googlebot/2.1; +http://www.google.com/bot.html)"
66.249.79.32 - - [15/Jul/2025:13:49:12 +0000] "GET /?h=6501685041960&mod=95f769a1&uri=pin.php?detail/1667302 HTTP/1.1" 200 20928 "-" "Mozilla/5.0 (Linux; Android 6.0.1; Nexus 5X Build/MMB29P) AppleWebKit/537.36 (KHTML, like Gecko) Chrome/137.0.7151.103 Mobile Safari/537.36 (compatible; Googlebot/2.1; +http://www.google.com/bot.html)"
216.73.216.13 - - [15/Jul/2025:13:49:13 +0000] "GET /detail/306834997 HTTP/1.1" 404 16357 "-" "Mozilla/5.0 AppleWebKit/537.36 (KHTML, like Gecko; compatible; ClaudeBot/1.0; [email protected])"
66.249.79.32 - - [15/Jul/2025:13:49:18 +0000] "POST /get-message-notify HTTP/1.1" 200 19448 "https://kelaby.company/?h=36559043031960&mod=ec66a085&uri=products.php?%3Fid%3D1220201-1105%26name%3Dduck+boot+sizing" "Mozilla/5.0 (Linux; Android 6.0.1; Nexus 5X Build/MMB29P) AppleWebKit/537.36 (KHTML, like Gecko) Chrome/137.0.7151.119 Mobile Safari/537.36 (compatible; Googlebot/2.1; +http://www.google.com/bot.html)"
66.249.79.37 - - [15/Jul/2025:13:49:24 +0000] "GET /detail/823448749 HTTP/1.1" 200 18228 "-" "Mozilla/5.0 (Linux; Android 6.0.1; Nexus 5X Build/MMB29P) AppleWebKit/537.36 (KHTML, like Gecko) Chrome/137.0.7151.103 Mobile Safari/537.36 (compatible; GoogleOther)"
66.249.79.37 - - [15/Jul/2025:13:49:33 +0000] "POST /get-message-notify HTTP/1.1" 200 19448 "https://kelaby.company/detail/3567696" "Mozilla/5.0 (Linux; Android 6.0.1; Nexus 5X Build/MMB29P) AppleWebKit/537.36 (KHTML, like Gecko) Chrome/137.0.7151.119 Mobile Safari/537.36 (compatible; Googlebot/2.1; +http://www.google.com/bot.html)"
209.74.77.214 - - [15/Jul/2025:13:49:37 +0000] "POST /wp-cron.php?doing_wp_cron=1752587377.1027829647064208984375 HTTP/1.1" 200 - "-" "WordPress/6.8.1; https://kelaby.company"
216.73.216.13 - - [15/Jul/2025:13:49:36 +0000] "GET /detail/197450152 HTTP/1.1" 404 16357 "-" "Mozilla/5.0 AppleWebKit/537.36 (KHTML, like Gecko; compatible; ClaudeBot/1.0; [email protected])"
216.73.216.13 - - [15/Jul/2025:13:49:39 +0000] "GET /detail/306722608 HTTP/1.1" 404 16357 "-" "Mozilla/5.0 AppleWebKit/537.36 (KHTML, like Gecko; compatible; ClaudeBot/1.0; [email protected])"
216.73.216.13 - - [15/Jul/2025:13:49:42 +0000] "GET /detail/306604828 HTTP/1.1" 404 16357 "-" "Mozilla/5.0 AppleWebKit/537.36 (KHTML, like Gecko; compatible; ClaudeBot/1.0; [email protected])"
