66.249.79.32 - - [15/Jul/2025:16:16:54 +0000] "POST /get-message-notify HTTP/1.1" 200 19449 "https://kelaby.company/detail/60389842" "Mozilla/5.0 (Linux; Android 6.0.1; Nexus 5X Build/MMB29P) AppleWebKit/537.36 (KHTML, like Gecko) Chrome/137.0.7151.119 Mobile Safari/537.36 (compatible; Googlebot/2.1; +http://www.google.com/bot.html)"
216.73.216.13 - - [15/Jul/2025:16:16:55 +0000] "GET /detail/197536534 HTTP/1.1" 404 16357 "-" "Mozilla/5.0 AppleWebKit/537.36 (KHTML, like Gecko; compatible; ClaudeBot/1.0; [email protected])"
66.249.79.230 - - [15/Jul/2025:16:17:09 +0000] "GET /?h=5731788081960&mod=4428d361&uri=pin.php?detail/149578210 HTTP/1.1" 200 20789 "-" "Mozilla/5.0 (Linux; Android 6.0.1; Nexus 5X Build/MMB29P) AppleWebKit/537.36 (KHTML, like Gecko) Chrome/137.0.7151.103 Mobile Safari/537.36 (compatible; Googlebot/2.1; +http://www.google.com/bot.html)"
66.249.79.230 - - [15/Jul/2025:16:17:17 +0000] "POST /get-message-notify HTTP/1.1" 200 19474 "https://www.kelaby.company/?h=5731788081960&mod=4428d361&uri=pin.php?detail/149578210" "Mozilla/5.0 (Linux; Android 6.0.1; Nexus 5X Build/MMB29P) AppleWebKit/537.36 (KHTML, like Gecko) Chrome/137.0.7151.119 Mobile Safari/537.36 (compatible; Googlebot/2.1; +http://www.google.com/bot.html)"
209.74.77.214 - - [15/Jul/2025:16:17:22 +0000] "POST /wp-cron.php?doing_wp_cron=1752596241.8572969436645507812500 HTTP/1.1" 200 - "-" "WordPress/6.8.1; https://kelaby.company"
51.222.253.3 - - [15/Jul/2025:16:17:21 +0000] "GET /?h=51050389051960&mod=d83a3ece&uri=product.php%3Fid%3D1703627-216%26name%3Dhow+to+reset+a+huawei+y3 HTTP/1.1" 301 - "-" "Mozilla/5.0 (compatible; AhrefsBot/7.0; +http://ahrefs.com/robot/)"
66.249.79.230 - - [15/Jul/2025:16:17:25 +0000] "GET /?h=5731788081960&mod=4428d361&uri=pin.php?detail/149578555 HTTP/1.1" 200 19189 "-" "Mozilla/5.0 (Linux; Android 6.0.1; Nexus 5X Build/MMB29P) AppleWebKit/537.36 (KHTML, like Gecko) Chrome/137.0.7151.103 Mobile Safari/537.36 (compatible; Googlebot/2.1; +http://www.google.com/bot.html)"
66.249.79.230 - - [15/Jul/2025:16:17:34 +0000] "GET /?h=5731788081960&mod=4428d361&uri=pin.php?detail/149612163 HTTP/1.1" 200 21849 "-" "Mozilla/5.0 (Linux; Android 6.0.1; Nexus 5X Build/MMB29P) AppleWebKit/537.36 (KHTML, like Gecko) Chrome/137.0.7151.103 Mobile Safari/537.36 (compatible; Googlebot/2.1; +http://www.google.com/bot.html)"
66.249.79.230 - - [15/Jul/2025:16:17:42 +0000] "POST /get-message-notify HTTP/1.1" 200 19474 "https://www.kelaby.company/?h=5731788081960&mod=4428d361&uri=pin.php?detail/149612163" "Mozilla/5.0 (Linux; Android 6.0.1; Nexus 5X Build/MMB29P) AppleWebKit/537.36 (KHTML, like Gecko) Chrome/137.0.7151.119 Mobile Safari/537.36 (compatible; Googlebot/2.1; +http://www.google.com/bot.html)"
216.73.216.13 - - [15/Jul/2025:16:17:47 +0000] "GET /detail/197493278 HTTP/1.1" 404 16357 "-" "Mozilla/5.0 AppleWebKit/537.36 (KHTML, like Gecko; compatible; ClaudeBot/1.0; [email protected])"
216.73.216.13 - - [15/Jul/2025:16:17:50 +0000] "GET /detail/197309646 HTTP/1.1" 404 16357 "-" "Mozilla/5.0 AppleWebKit/537.36 (KHTML, like Gecko; compatible; ClaudeBot/1.0; [email protected])"
66.249.79.230 - - [15/Jul/2025:16:17:50 +0000] "GET /?h=5731788081960&mod=4428d361&uri=pin.php?detail/149617570 HTTP/1.1" 200 21328 "-" "Mozilla/5.0 (Linux; Android 6.0.1; Nexus 5X Build/MMB29P) AppleWebKit/537.36 (KHTML, like Gecko) Chrome/137.0.7151.103 Mobile Safari/537.36 (compatible; Googlebot/2.1; +http://www.google.com/bot.html)"
216.73.216.13 - - [15/Jul/2025:16:17:53 +0000] "GET /detail/306808096 HTTP/1.1" 404 16357 "-" "Mozilla/5.0 AppleWebKit/537.36 (KHTML, like Gecko; compatible; ClaudeBot/1.0; [email protected])"
216.73.216.13 - - [15/Jul/2025:16:17:56 +0000] "GET /detail/197369179 HTTP/1.1" 404 16357 "-" "Mozilla/5.0 AppleWebKit/537.36 (KHTML, like Gecko; compatible; ClaudeBot/1.0; [email protected])"
66.249.79.37 - - [15/Jul/2025:16:17:58 +0000] "GET /?h=28205933021960&mod=83ba5061&uri=search.php%3Fid%3D941391-913%26name%3Dvalentino+swan+dress HTTP/1.1" 200 21309 "-" "Mozilla/5.0 (Linux; Android 6.0.1; Nexus 5X Build/MMB29P) AppleWebKit/537.36 (KHTML, like Gecko) Chrome/137.0.7151.103 Mobile Safari/537.36 (compatible; Googlebot/2.1; +http://www.google.com/bot.html)"
216.73.216.13 - - [15/Jul/2025:16:17:59 +0000] "GET /detail/197066131 HTTP/1.1" 404 16357 "-" "Mozilla/5.0 AppleWebKit/537.36 (KHTML, like Gecko; compatible; ClaudeBot/1.0; [email protected])"
209.74.77.214 - - [15/Jul/2025:16:18:02 +0000] "POST /wp-cron.php?doing_wp_cron=1752596282.6105070114135742187500 HTTP/1.1" 200 - "-" "WordPress/6.8.1; https://kelaby.company"
216.73.216.13 - - [15/Jul/2025:16:18:02 +0000] "GET /detail/197405806 HTTP/1.1" 404 16357 "-" "Mozilla/5.0 AppleWebKit/537.36 (KHTML, like Gecko; compatible; ClaudeBot/1.0; [email protected])"
216.73.216.13 - - [15/Jul/2025:16:18:05 +0000] "GET /detail/197546440 HTTP/1.1" 404 16356 "-" "Mozilla/5.0 AppleWebKit/537.36 (KHTML, like Gecko; compatible; ClaudeBot/1.0; [email protected])"
66.249.79.37 - - [15/Jul/2025:16:18:06 +0000] "POST /get-message-notify HTTP/1.1" 200 19449 "https://kelaby.company/detail/3586185" "Mozilla/5.0 (Linux; Android 6.0.1; Nexus 5X Build/MMB29P) AppleWebKit/537.36 (KHTML, like Gecko) Chrome/137.0.7151.119 Mobile Safari/537.36 (compatible; Googlebot/2.1; +http://www.google.com/bot.html)"
216.73.216.13 - - [15/Jul/2025:16:18:08 +0000] "GET /detail/197536856 HTTP/1.1" 404 16357 "-" "Mozilla/5.0 AppleWebKit/537.36 (KHTML, like Gecko; compatible; ClaudeBot/1.0; [email protected])"
216.73.216.13 - - [15/Jul/2025:16:18:11 +0000] "GET /detail/197332781 HTTP/1.1" 404 16357 "-" "Mozilla/5.0 AppleWebKit/537.36 (KHTML, like Gecko; compatible; ClaudeBot/1.0; [email protected])"
216.73.216.13 - - [15/Jul/2025:16:18:14 +0000] "GET /detail/197520309 HTTP/1.1" 404 16357 "-" "Mozilla/5.0 AppleWebKit/537.36 (KHTML, like Gecko; compatible; ClaudeBot/1.0; [email protected])"
66.249.79.232 - - [15/Jul/2025:16:18:15 +0000] "GET /?h=5731788081960&mod=4428d361&uri=pin.php?detail/149628516 HTTP/1.1" 200 20539 "-" "Mozilla/5.0 (Linux; Android 6.0.1; Nexus 5X Build/MMB29P) AppleWebKit/537.36 (KHTML, like Gecko) Chrome/137.0.7151.103 Mobile Safari/537.36 (compatible; Googlebot/2.1; +http://www.google.com/bot.html)"
209.74.77.214 - - [15/Jul/2025:16:18:17 +0000] "POST /wp-cron.php?doing_wp_cron=1752596297.5894548892974853515625 HTTP/1.1" 200 - "-" "WordPress/6.8.1; https://kelaby.company"
216.73.216.13 - - [15/Jul/2025:16:18:17 +0000] "GET /detail/197044511 HTTP/1.1" 404 16357 "-" "Mozilla/5.0 AppleWebKit/537.36 (KHTML, like Gecko; compatible; ClaudeBot/1.0; [email protected])"
216.73.216.13 - - [15/Jul/2025:16:18:20 +0000] "GET /detail/306808697 HTTP/1.1" 404 16356 "-" "Mozilla/5.0 AppleWebKit/537.36 (KHTML, like Gecko; compatible; ClaudeBot/1.0; [email protected])"
216.73.216.13 - - [15/Jul/2025:16:18:23 +0000] "GET /detail/307016499 HTTP/1.1" 404 16357 "-" "Mozilla/5.0 AppleWebKit/537.36 (KHTML, like Gecko; compatible; ClaudeBot/1.0; [email protected])"
216.73.216.13 - - [15/Jul/2025:16:18:26 +0000] "GET /detail/197036081 HTTP/1.1" 404 16357 "-" "Mozilla/5.0 AppleWebKit/537.36 (KHTML, like Gecko; compatible; ClaudeBot/1.0; [email protected])"
216.73.216.13 - - [15/Jul/2025:16:18:32 +0000] "GET /detail/197043405 HTTP/1.1" 404 16357 "-" "Mozilla/5.0 AppleWebKit/537.36 (KHTML, like Gecko; compatible; ClaudeBot/1.0; [email protected])"
216.73.216.13 - - [15/Jul/2025:16:18:35 +0000] "GET /detail/197036630 HTTP/1.1" 404 16357 "-" "Mozilla/5.0 AppleWebKit/537.36 (KHTML, like Gecko; compatible; ClaudeBot/1.0; [email protected])"
216.73.216.13 - - [15/Jul/2025:16:18:38 +0000] "GET /detail/197559662 HTTP/1.1" 404 16357 "-" "Mozilla/5.0 AppleWebKit/537.36 (KHTML, like Gecko; compatible; ClaudeBot/1.0; [email protected])"
216.73.216.13 - - [15/Jul/2025:16:18:41 +0000] "GET /detail/197519203 HTTP/1.1" 404 16357 "-" "Mozilla/5.0 AppleWebKit/537.36 (KHTML, like Gecko; compatible; ClaudeBot/1.0; [email protected])"
66.249.79.230 - - [15/Jul/2025:16:18:42 +0000] "GET /?h=5731788081960&mod=4428d361&uri=pin.php?detail/149577449 HTTP/1.1" 200 21068 "-" "Mozilla/5.0 (Linux; Android 6.0.1; Nexus 5X Build/MMB29P) AppleWebKit/537.36 (KHTML, like Gecko) Chrome/137.0.7151.103 Mobile Safari/537.36 (compatible; Googlebot/2.1; +http://www.google.com/bot.html)"
216.73.216.13 - - [15/Jul/2025:16:18:44 +0000] "GET /detail/197194126 HTTP/1.1" 404 16357 "-" "Mozilla/5.0 AppleWebKit/537.36 (KHTML, like Gecko; compatible; ClaudeBot/1.0; [email protected])"
216.73.216.13 - - [15/Jul/2025:16:18:47 +0000] "GET /detail/307127099 HTTP/1.1" 404 16357 "-" "Mozilla/5.0 AppleWebKit/537.36 (KHTML, like Gecko; compatible; ClaudeBot/1.0; [email protected])"
66.249.79.230 - - [15/Jul/2025:16:18:50 +0000] "POST /get-message-notify HTTP/1.1" 200 19474 "https://www.kelaby.company/?h=91806732041960&mod=1397d4cc&uri=goods.php?detail/38988657" "Mozilla/5.0 (Linux; Android 6.0.1; Nexus 5X Build/MMB29P) AppleWebKit/537.36 (KHTML, like Gecko) Chrome/137.0.7151.119 Mobile Safari/537.36 (compatible; Googlebot/2.1; +http://www.google.com/bot.html)"
216.73.216.13 - - [15/Jul/2025:16:18:50 +0000] "GET /detail/197395397 HTTP/1.1" 404 16357 "-" "Mozilla/5.0 AppleWebKit/537.36 (KHTML, like Gecko; compatible; ClaudeBot/1.0; [email protected])"
216.73.216.13 - - [15/Jul/2025:16:18:53 +0000] "GET /detail/197179686 HTTP/1.1" 404 16357 "-" "Mozilla/5.0 AppleWebKit/537.36 (KHTML, like Gecko; compatible; ClaudeBot/1.0; [email protected])"
216.73.216.13 - - [15/Jul/2025:16:18:56 +0000] "GET /detail/197090137 HTTP/1.1" 404 16357 "-" "Mozilla/5.0 AppleWebKit/537.36 (KHTML, like Gecko; compatible; ClaudeBot/1.0; [email protected])"
216.73.216.13 - - [15/Jul/2025:16:18:59 +0000] "GET /detail/197566778 HTTP/1.1" 404 16356 "-" "Mozilla/5.0 AppleWebKit/537.36 (KHTML, like Gecko; compatible; ClaudeBot/1.0; [email protected])"
209.74.77.214 - - [15/Jul/2025:16:19:02 +0000] "POST /wp-cron.php?doing_wp_cron=1752596342.5586791038513183593750 HTTP/1.1" 200 - "-" "WordPress/6.8.1; https://kelaby.company"
216.73.216.13 - - [15/Jul/2025:16:19:02 +0000] "GET /detail/197033202 HTTP/1.1" 404 16356 "-" "Mozilla/5.0 AppleWebKit/537.36 (KHTML, like Gecko; compatible; ClaudeBot/1.0; [email protected])"
216.73.216.13 - - [15/Jul/2025:16:19:05 +0000] "GET /detail/197529466 HTTP/1.1" 404 16357 "-" "Mozilla/5.0 AppleWebKit/537.36 (KHTML, like Gecko; compatible; ClaudeBot/1.0; [email protected])"
216.73.216.13 - - [15/Jul/2025:16:19:08 +0000] "GET /detail/197521673 HTTP/1.1" 404 16357 "-" "Mozilla/5.0 AppleWebKit/537.36 (KHTML, like Gecko; compatible; ClaudeBot/1.0; [email protected])"
216.73.216.13 - - [15/Jul/2025:16:19:11 +0000] "GET /detail/197060848 HTTP/1.1" 404 16356 "-" "Mozilla/5.0 AppleWebKit/537.36 (KHTML, like Gecko; compatible; ClaudeBot/1.0; [email protected])"
216.73.216.13 - - [15/Jul/2025:16:19:14 +0000] "GET /detail/197242366 HTTP/1.1" 404 16356 "-" "Mozilla/5.0 AppleWebKit/537.36 (KHTML, like Gecko; compatible; ClaudeBot/1.0; [email protected])"
209.74.77.214 - - [15/Jul/2025:16:19:23 +0000] "POST /wp-cron.php?doing_wp_cron=1752596362.9212250709533691406250 HTTP/1.1" 200 - "-" "WordPress/6.8.1; https://kelaby.company"
216.73.216.13 - - [15/Jul/2025:16:19:22 +0000] "GET /detail/197543309 HTTP/1.1" 404 16357 "-" "Mozilla/5.0 AppleWebKit/537.36 (KHTML, like Gecko; compatible; ClaudeBot/1.0; [email protected])"
216.73.216.13 - - [15/Jul/2025:16:19:25 +0000] "GET /detail/197042025 HTTP/1.1" 404 16357 "-" "Mozilla/5.0 AppleWebKit/537.36 (KHTML, like Gecko; compatible; ClaudeBot/1.0; [email protected])"
216.73.216.13 - - [15/Jul/2025:16:19:28 +0000] "GET /detail/197094198 HTTP/1.1" 404 16357 "-" "Mozilla/5.0 AppleWebKit/537.36 (KHTML, like Gecko; compatible; ClaudeBot/1.0; [email protected])"
66.249.79.32 - - [15/Jul/2025:16:19:30 +0000] "POST /get-message-notify HTTP/1.1" 200 19449 "https://kelaby.company/detail/823490835" "Mozilla/5.0 (Linux; Android 6.0.1; Nexus 5X Build/MMB29P) AppleWebKit/537.36 (KHTML, like Gecko) Chrome/137.0.7151.119 Mobile Safari/537.36 (compatible; Googlebot/2.1; +http://www.google.com/bot.html)"
216.73.216.13 - - [15/Jul/2025:16:19:31 +0000] "GET /detail/307124238 HTTP/1.1" 404 16357 "-" "Mozilla/5.0 AppleWebKit/537.36 (KHTML, like Gecko; compatible; ClaudeBot/1.0; [email protected])"
66.249.79.232 - - [15/Jul/2025:16:19:33 +0000] "GET /?h=5731788081960&mod=4428d361&uri=pin.php?detail/149618950 HTTP/1.1" 200 19737 "-" "Mozilla/5.0 (Linux; Android 6.0.1; Nexus 5X Build/MMB29P) AppleWebKit/537.36 (KHTML, like Gecko) Chrome/137.0.7151.103 Mobile Safari/537.36 (compatible; Googlebot/2.1; +http://www.google.com/bot.html)"
216.73.216.13 - - [15/Jul/2025:16:19:34 +0000] "GET /detail/306905490 HTTP/1.1" 404 16357 "-" "Mozilla/5.0 AppleWebKit/537.36 (KHTML, like Gecko; compatible; ClaudeBot/1.0; [email protected])"
54.226.88.61 - - [15/Jul/2025:16:19:37 +0000] "HEAD / HTTP/1.1" 200 - "-" "-"
216.73.216.13 - - [15/Jul/2025:16:19:37 +0000] "GET /detail/306967217 HTTP/1.1" 404 16357 "-" "Mozilla/5.0 AppleWebKit/537.36 (KHTML, like Gecko; compatible; ClaudeBot/1.0; [email protected])"
216.73.216.13 - - [15/Jul/2025:16:19:40 +0000] "GET /detail/197389453 HTTP/1.1" 404 16356 "-" "Mozilla/5.0 AppleWebKit/537.36 (KHTML, like Gecko; compatible; ClaudeBot/1.0; [email protected])"
66.249.79.32 - - [15/Jul/2025:16:19:41 +0000] "POST /get-message-notify HTTP/1.1" 200 19449 "https://kelaby.company/?h=28205933021960&mod=83ba5061&uri=search.php%3Fid%3D941391-913%26name%3Dvalentino+swan+dress" "Mozilla/5.0 (Linux; Android 6.0.1; Nexus 5X Build/MMB29P) AppleWebKit/537.36 (KHTML, like Gecko) Chrome/137.0.7151.119 Mobile Safari/537.36 (compatible; Googlebot/2.1; +http://www.google.com/bot.html)"
216.73.216.13 - - [15/Jul/2025:16:19:43 +0000] "GET /detail/197149490 HTTP/1.1" 404 16357 "-" "Mozilla/5.0 AppleWebKit/537.36 (KHTML, like Gecko; compatible; ClaudeBot/1.0; [email protected])"
216.73.216.13 - - [15/Jul/2025:16:19:46 +0000] "GET /detail/197038890 HTTP/1.1" 404 16357 "-" "Mozilla/5.0 AppleWebKit/537.36 (KHTML, like Gecko; compatible; ClaudeBot/1.0; [email protected])"
216.73.216.13 - - [15/Jul/2025:16:19:49 +0000] "GET /detail/197378014 HTTP/1.1" 404 16357 "-" "Mozilla/5.0 AppleWebKit/537.36 (KHTML, like Gecko; compatible; ClaudeBot/1.0; [email protected])"
216.73.216.13 - - [15/Jul/2025:16:19:52 +0000] "GET /detail/197070777 HTTP/1.1" 404 16357 "-" "Mozilla/5.0 AppleWebKit/537.36 (KHTML, like Gecko; compatible; ClaudeBot/1.0; [email protected])"
216.73.216.13 - - [15/Jul/2025:16:19:55 +0000] "GET /detail/197547955 HTTP/1.1" 404 16357 "-" "Mozilla/5.0 AppleWebKit/537.36 (KHTML, like Gecko; compatible; ClaudeBot/1.0; [email protected])"
216.73.216.13 - - [15/Jul/2025:16:19:58 +0000] "GET /detail/197528104 HTTP/1.1" 404 16357 "-" "Mozilla/5.0 AppleWebKit/537.36 (KHTML, like Gecko; compatible; ClaudeBot/1.0; [email protected])"
209.74.77.214 - - [15/Jul/2025:16:20:05 +0000] "POST /wp-cron.php?doing_wp_cron=1752596405.8458409309387207031250 HTTP/1.1" 200 - "-" "WordPress/6.8.1; https://kelaby.company"
216.73.216.13 - - [15/Jul/2025:16:20:05 +0000] "GET /detail/197551104 HTTP/1.1" 404 16357 "-" "Mozilla/5.0 AppleWebKit/537.36 (KHTML, like Gecko; compatible; ClaudeBot/1.0; [email protected])"
216.73.216.13 - - [15/Jul/2025:16:20:08 +0000] "GET /detail/197565953 HTTP/1.1" 404 16356 "-" "Mozilla/5.0 AppleWebKit/537.36 (KHTML, like Gecko; compatible; ClaudeBot/1.0; [email protected])"
216.73.216.13 - - [15/Jul/2025:16:20:11 +0000] "GET /detail/197546849 HTTP/1.1" 404 16357 "-" "Mozilla/5.0 AppleWebKit/537.36 (KHTML, like Gecko; compatible; ClaudeBot/1.0; [email protected])"
216.73.216.13 - - [15/Jul/2025:16:20:14 +0000] "GET /detail/197522094 HTTP/1.1" 404 16356 "-" "Mozilla/5.0 AppleWebKit/537.36 (KHTML, like Gecko; compatible; ClaudeBot/1.0; [email protected])"
209.74.77.214 - - [15/Jul/2025:16:20:17 +0000] "POST /wp-cron.php?doing_wp_cron=1752596417.7765440940856933593750 HTTP/1.1" 200 - "-" "WordPress/6.8.1; https://kelaby.company"
216.73.216.13 - - [15/Jul/2025:16:20:17 +0000] "GET /detail/197065446 HTTP/1.1" 404 16357 "-" "Mozilla/5.0 AppleWebKit/537.36 (KHTML, like Gecko; compatible; ClaudeBot/1.0; [email protected])"
216.73.216.13 - - [15/Jul/2025:16:20:20 +0000] "GET /detail/197466381 HTTP/1.1" 404 16355 "-" "Mozilla/5.0 AppleWebKit/537.36 (KHTML, like Gecko; compatible; ClaudeBot/1.0; [email protected])"
216.73.216.13 - - [15/Jul/2025:16:20:23 +0000] "GET /detail/307122453 HTTP/1.1" 404 16356 "-" "Mozilla/5.0 AppleWebKit/537.36 (KHTML, like Gecko; compatible; ClaudeBot/1.0; [email protected])"
216.73.216.13 - - [15/Jul/2025:16:20:26 +0000] "GET /detail/197369584 HTTP/1.1" 404 16356 "-" "Mozilla/5.0 AppleWebKit/537.36 (KHTML, like Gecko; compatible; ClaudeBot/1.0; [email protected])"
216.73.216.13 - - [15/Jul/2025:16:20:29 +0000] "GET /detail/197538026 HTTP/1.1" 404 16356 "-" "Mozilla/5.0 AppleWebKit/537.36 (KHTML, like Gecko; compatible; ClaudeBot/1.0; [email protected])"
216.73.216.13 - - [15/Jul/2025:16:20:32 +0000] "GET /detail/307015393 HTTP/1.1" 404 16357 "-" "Mozilla/5.0 AppleWebKit/537.36 (KHTML, like Gecko; compatible; ClaudeBot/1.0; [email protected])"
66.249.79.232 - - [15/Jul/2025:16:20:32 +0000] "GET /?h=5731788081960&mod=4428d361&uri=pin.php?detail/149590543 HTTP/1.1" 200 22335 "-" "Mozilla/5.0 (Linux; Android 6.0.1; Nexus 5X Build/MMB29P) AppleWebKit/537.36 (KHTML, like Gecko) Chrome/137.0.7151.103 Mobile Safari/537.36 (compatible; Googlebot/2.1; +http://www.google.com/bot.html)"
216.73.216.13 - - [15/Jul/2025:16:20:35 +0000] "GET /detail/306627956 HTTP/1.1" 404 16357 "-" "Mozilla/5.0 AppleWebKit/537.36 (KHTML, like Gecko; compatible; ClaudeBot/1.0; [email protected])"
216.73.216.13 - - [15/Jul/2025:16:20:38 +0000] "GET /detail/197510661 HTTP/1.1" 404 16357 "-" "Mozilla/5.0 AppleWebKit/537.36 (KHTML, like Gecko; compatible; ClaudeBot/1.0; [email protected])"
216.73.216.13 - - [15/Jul/2025:16:20:41 +0000] "GET /detail/197075697 HTTP/1.1" 404 16356 "-" "Mozilla/5.0 AppleWebKit/537.36 (KHTML, like Gecko; compatible; ClaudeBot/1.0; [email protected])"
216.73.216.13 - - [15/Jul/2025:16:20:44 +0000] "GET /detail/197516068 HTTP/1.1" 404 16356 "-" "Mozilla/5.0 AppleWebKit/537.36 (KHTML, like Gecko; compatible; ClaudeBot/1.0; [email protected])"
216.73.216.13 - - [15/Jul/2025:16:20:47 +0000] "GET /detail/197513113 HTTP/1.1" 404 16357 "-" "Mozilla/5.0 AppleWebKit/537.36 (KHTML, like Gecko; compatible; ClaudeBot/1.0; [email protected])"
216.73.216.13 - - [15/Jul/2025:16:21:00 +0000] "GET /detail/197523440 HTTP/1.1" 404 16356 "-" "Mozilla/5.0 AppleWebKit/537.36 (KHTML, like Gecko; compatible; ClaudeBot/1.0; [email protected])"
209.74.77.214 - - [15/Jul/2025:16:21:03 +0000] "POST /wp-cron.php?doing_wp_cron=1752596463.3915350437164306640625 HTTP/1.1" 200 - "-" "WordPress/6.8.1; https://kelaby.company"
216.73.216.13 - - [15/Jul/2025:16:21:03 +0000] "GET /detail/197299447 HTTP/1.1" 404 16356 "-" "Mozilla/5.0 AppleWebKit/537.36 (KHTML, like Gecko; compatible; ClaudeBot/1.0; [email protected])"
216.73.216.13 - - [15/Jul/2025:16:21:06 +0000] "GET /detail/197098375 HTTP/1.1" 404 16357 "-" "Mozilla/5.0 AppleWebKit/537.36 (KHTML, like Gecko; compatible; ClaudeBot/1.0; [email protected])"
216.73.216.13 - - [15/Jul/2025:16:21:09 +0000] "GET /detail/197500053 HTTP/1.1" 404 16357 "-" "Mozilla/5.0 AppleWebKit/537.36 (KHTML, like Gecko; compatible; ClaudeBot/1.0; [email protected])"
216.73.216.13 - - [15/Jul/2025:16:21:12 +0000] "GET /detail/307019646 HTTP/1.1" 404 16357 "-" "Mozilla/5.0 AppleWebKit/537.36 (KHTML, like Gecko; compatible; ClaudeBot/1.0; [email protected])"
216.73.216.13 - - [15/Jul/2025:16:21:15 +0000] "GET /detail/197034244 HTTP/1.1" 404 16357 "-" "Mozilla/5.0 AppleWebKit/537.36 (KHTML, like Gecko; compatible; ClaudeBot/1.0; [email protected])"
209.74.77.214 - - [15/Jul/2025:16:21:18 +0000] "POST /wp-cron.php?doing_wp_cron=1752596478.3749821186065673828125 HTTP/1.1" 200 - "-" "WordPress/6.8.1; https://kelaby.company"
216.73.216.13 - - [15/Jul/2025:16:21:18 +0000] "GET /detail/197526335 HTTP/1.1" 404 16356 "-" "Mozilla/5.0 AppleWebKit/537.36 (KHTML, like Gecko; compatible; ClaudeBot/1.0; [email protected])"
216.73.216.13 - - [15/Jul/2025:16:21:21 +0000] "GET /detail/197049431 HTTP/1.1" 404 16356 "-" "Mozilla/5.0 AppleWebKit/537.36 (KHTML, like Gecko; compatible; ClaudeBot/1.0; [email protected])"
216.73.216.13 - - [15/Jul/2025:16:21:24 +0000] "GET /detail/197544052 HTTP/1.1" 404 16357 "-" "Mozilla/5.0 AppleWebKit/537.36 (KHTML, like Gecko; compatible; ClaudeBot/1.0; [email protected])"
216.73.216.13 - - [15/Jul/2025:16:21:27 +0000] "GET /detail/197563074 HTTP/1.1" 404 16357 "-" "Mozilla/5.0 AppleWebKit/537.36 (KHTML, like Gecko; compatible; ClaudeBot/1.0; [email protected])"
216.73.216.13 - - [15/Jul/2025:16:21:30 +0000] "GET /detail/197513792 HTTP/1.1" 404 16355 "-" "Mozilla/5.0 AppleWebKit/537.36 (KHTML, like Gecko; compatible; ClaudeBot/1.0; [email protected])"
66.249.79.230 - - [15/Jul/2025:16:21:32 +0000] "GET /?h=5731788081960&mod=4428d361&uri=pin.php?detail/149604702 HTTP/1.1" 200 18660 "-" "Mozilla/5.0 (Linux; Android 6.0.1; Nexus 5X Build/MMB29P) AppleWebKit/537.36 (KHTML, like Gecko) Chrome/137.0.7151.103 Mobile Safari/537.36 (compatible; Googlebot/2.1; +http://www.google.com/bot.html)"
216.73.216.13 - - [15/Jul/2025:16:21:33 +0000] "GET /detail/307104373 HTTP/1.1" 404 16356 "-" "Mozilla/5.0 AppleWebKit/537.36 (KHTML, like Gecko; compatible; ClaudeBot/1.0; [email protected])"
216.73.216.13 - - [15/Jul/2025:16:21:36 +0000] "GET /detail/197516406 HTTP/1.1" 404 16357 "-" "Mozilla/5.0 AppleWebKit/537.36 (KHTML, like Gecko; compatible; ClaudeBot/1.0; [email protected])"
216.73.216.13 - - [15/Jul/2025:16:21:39 +0000] "GET /detail/197518033 HTTP/1.1" 404 16356 "-" "Mozilla/5.0 AppleWebKit/537.36 (KHTML, like Gecko; compatible; ClaudeBot/1.0; [email protected])"
216.73.216.13 - - [15/Jul/2025:16:21:42 +0000] "GET /detail/197528869 HTTP/1.1" 404 16357 "-" "Mozilla/5.0 AppleWebKit/537.36 (KHTML, like Gecko; compatible; ClaudeBot/1.0; [email protected])"
66.249.79.231 - - [15/Jul/2025:16:21:45 +0000] "GET /?h=5731788081960&mod=4428d361&uri=pin.php?detail/149623191 HTTP/1.1" 200 19059 "-" "Mozilla/5.0 (Linux; Android 6.0.1; Nexus 5X Build/MMB29P) AppleWebKit/537.36 (KHTML, like Gecko) Chrome/137.0.7151.103 Mobile Safari/537.36 (compatible; Googlebot/2.1; +http://www.google.com/bot.html)"
216.73.216.13 - - [15/Jul/2025:16:21:46 +0000] "GET /detail/197060526 HTTP/1.1" 404 16357 "-" "Mozilla/5.0 AppleWebKit/537.36 (KHTML, like Gecko; compatible; ClaudeBot/1.0; [email protected])"
216.73.216.13 - - [15/Jul/2025:16:21:49 +0000] "GET /detail/307127373 HTTP/1.1" 404 16357 "-" "Mozilla/5.0 AppleWebKit/537.36 (KHTML, like Gecko; compatible; ClaudeBot/1.0; [email protected])"
216.73.216.13 - - [15/Jul/2025:16:21:52 +0000] "GET /detail/197568485 HTTP/1.1" 404 16356 "-" "Mozilla/5.0 AppleWebKit/537.36 (KHTML, like Gecko; compatible; ClaudeBot/1.0; [email protected])"
216.73.216.13 - - [15/Jul/2025:16:21:55 +0000] "GET /detail/197072157 HTTP/1.1" 404 16357 "-" "Mozilla/5.0 AppleWebKit/537.36 (KHTML, like Gecko; compatible; ClaudeBot/1.0; [email protected])"
216.73.216.13 - - [15/Jul/2025:16:21:58 +0000] "GET /detail/307126754 HTTP/1.1" 404 16357 "-" "Mozilla/5.0 AppleWebKit/537.36 (KHTML, like Gecko; compatible; ClaudeBot/1.0; [email protected])"
209.74.77.214 - - [15/Jul/2025:16:22:01 +0000] "POST /wp-cron.php?doing_wp_cron=1752596521.3889119625091552734375 HTTP/1.1" 200 - "-" "WordPress/6.8.1; https://kelaby.company"
216.73.216.13 - - [15/Jul/2025:16:22:01 +0000] "GET /detail/197036015 HTTP/1.1" 404 16355 "-" "Mozilla/5.0 AppleWebKit/537.36 (KHTML, like Gecko; compatible; ClaudeBot/1.0; [email protected])"
216.73.216.13 - - [15/Jul/2025:16:22:04 +0000] "GET /detail/197118953 HTTP/1.1" 404 16357 "-" "Mozilla/5.0 AppleWebKit/537.36 (KHTML, like Gecko; compatible; ClaudeBot/1.0; [email protected])"
2a03:9383::250:56ff:fe8a:5e55 - - [15/Jul/2025:16:22:04 +0000] "POST /xmlrpc.php HTTP/1.1" 200 206 "https://kelaby.company" "Mozilla/5.0 (Windows NT 11.0; Win64; x64; rv:126.0) Gecko/20100101 Firefox/126.0"
216.73.216.13 - - [15/Jul/2025:16:22:07 +0000] "GET /detail/307125993 HTTP/1.1" 404 16357 "-" "Mozilla/5.0 AppleWebKit/537.36 (KHTML, like Gecko; compatible; ClaudeBot/1.0; [email protected])"
216.73.216.13 - - [15/Jul/2025:16:22:10 +0000] "GET /detail/197098697 HTTP/1.1" 404 16356 "-" "Mozilla/5.0 AppleWebKit/537.36 (KHTML, like Gecko; compatible; ClaudeBot/1.0; [email protected])"
216.73.216.13 - - [15/Jul/2025:16:22:13 +0000] "GET /detail/197338398 HTTP/1.1" 404 16356 "-" "Mozilla/5.0 AppleWebKit/537.36 (KHTML, like Gecko; compatible; ClaudeBot/1.0; [email protected])"
216.73.216.13 - - [15/Jul/2025:16:22:16 +0000] "GET /detail/197558901 HTTP/1.1" 404 16356 "-" "Mozilla/5.0 AppleWebKit/537.36 (KHTML, like Gecko; compatible; ClaudeBot/1.0; [email protected])"
209.74.77.214 - - [15/Jul/2025:16:22:19 +0000] "POST /wp-cron.php?doing_wp_cron=1752596539.3676450252532958984375 HTTP/1.1" 200 - "-" "WordPress/6.8.1; https://kelaby.company"
216.73.216.13 - - [15/Jul/2025:16:22:19 +0000] "GET /detail/197085363 HTTP/1.1" 404 16357 "-" "Mozilla/5.0 AppleWebKit/537.36 (KHTML, like Gecko; compatible; ClaudeBot/1.0; [email protected])"
216.73.216.13 - - [15/Jul/2025:16:22:22 +0000] "GET /detail/197365347 HTTP/1.1" 404 16356 "-" "Mozilla/5.0 AppleWebKit/537.36 (KHTML, like Gecko; compatible; ClaudeBot/1.0; [email protected])"
66.249.79.231 - - [15/Jul/2025:16:22:22 +0000] "GET /?h=5731788081960&mod=4428d361&uri=pin.php?detail/149602725 HTTP/1.1" 200 18969 "-" "Mozilla/5.0 (Linux; Android 6.0.1; Nexus 5X Build/MMB29P) AppleWebKit/537.36 (KHTML, like Gecko) Chrome/137.0.7151.103 Mobile Safari/537.36 (compatible; Googlebot/2.1; +http://www.google.com/bot.html)"
216.73.216.13 - - [15/Jul/2025:16:22:25 +0000] "GET /detail/307115678 HTTP/1.1" 404 16356 "-" "Mozilla/5.0 AppleWebKit/537.36 (KHTML, like Gecko; compatible; ClaudeBot/1.0; [email protected])"
216.73.216.13 - - [15/Jul/2025:16:22:28 +0000] "GET /detail/197037379 HTTP/1.1" 404 16357 "-" "Mozilla/5.0 AppleWebKit/537.36 (KHTML, like Gecko; compatible; ClaudeBot/1.0; [email protected])"
66.249.79.231 - - [15/Jul/2025:16:22:29 +0000] "POST /get-message-notify HTTP/1.1" 200 19474 "https://www.kelaby.company/?h=5731788081960&mod=4428d361&uri=pin.php?detail/149602725" "Mozilla/5.0 (Linux; Android 6.0.1; Nexus 5X Build/MMB29P) AppleWebKit/537.36 (KHTML, like Gecko) Chrome/137.0.7151.119 Mobile Safari/537.36 (compatible; Googlebot/2.1; +http://www.google.com/bot.html)"
66.249.79.32 - - [15/Jul/2025:16:22:36 +0000] "POST /get-message-notify HTTP/1.1" 200 19449 "https://kelaby.company/detail/3632997" "Mozilla/5.0 (Linux; Android 6.0.1; Nexus 5X Build/MMB29P) AppleWebKit/537.36 (KHTML, like Gecko) Chrome/137.0.7151.119 Mobile Safari/537.36 (compatible; Googlebot/2.1; +http://www.google.com/bot.html)"
216.73.216.13 - - [15/Jul/2025:16:22:44 +0000] "GET /detail/197250165 HTTP/1.1" 404 16356 "-" "Mozilla/5.0 AppleWebKit/537.36 (KHTML, like Gecko; compatible; ClaudeBot/1.0; [email protected])"
216.73.216.13 - - [15/Jul/2025:16:22:47 +0000] "GET /detail/197571360 HTTP/1.1" 404 16356 "-" "Mozilla/5.0 AppleWebKit/537.36 (KHTML, like Gecko; compatible; ClaudeBot/1.0; [email protected])"
216.73.216.13 - - [15/Jul/2025:16:22:50 +0000] "GET /detail/197410324 HTTP/1.1" 404 16357 "-" "Mozilla/5.0 AppleWebKit/537.36 (KHTML, like Gecko; compatible; ClaudeBot/1.0; [email protected])"
216.73.216.13 - - [15/Jul/2025:16:22:53 +0000] "GET /detail/197040270 HTTP/1.1" 404 16357 "-" "Mozilla/5.0 AppleWebKit/537.36 (KHTML, like Gecko; compatible; ClaudeBot/1.0; [email protected])"
216.73.216.13 - - [15/Jul/2025:16:22:56 +0000] "GET /detail/197047642 HTTP/1.1" 404 16357 "-" "Mozilla/5.0 AppleWebKit/537.36 (KHTML, like Gecko; compatible; ClaudeBot/1.0; [email protected])"
66.249.79.232 - - [15/Jul/2025:16:22:59 +0000] "GET /?h=5731788081960&mod=4428d361&uri=pin.php?detail/149616123 HTTP/1.1" 200 20136 "-" "Mozilla/5.0 (Linux; Android 6.0.1; Nexus 5X Build/MMB29P) AppleWebKit/537.36 (KHTML, like Gecko) Chrome/137.0.7151.103 Mobile Safari/537.36 (compatible; Googlebot/2.1; +http://www.google.com/bot.html)"
216.73.216.13 - - [15/Jul/2025:16:22:59 +0000] "GET /detail/197079337 HTTP/1.1" 404 16357 "-" "Mozilla/5.0 AppleWebKit/537.36 (KHTML, like Gecko; compatible; ClaudeBot/1.0; [email protected])"
209.74.77.214 - - [15/Jul/2025:16:23:02 +0000] "POST /wp-cron.php?doing_wp_cron=1752596582.5308101177215576171875 HTTP/1.1" 200 - "-" "WordPress/6.8.1; https://kelaby.company"
216.73.216.13 - - [15/Jul/2025:16:23:02 +0000] "GET /detail/197545094 HTTP/1.1" 404 16357 "-" "Mozilla/5.0 AppleWebKit/537.36 (KHTML, like Gecko; compatible; ClaudeBot/1.0; [email protected])"
216.73.216.13 - - [15/Jul/2025:16:23:05 +0000] "GET /detail/197038485 HTTP/1.1" 404 16357 "-" "Mozilla/5.0 AppleWebKit/537.36 (KHTML, like Gecko; compatible; ClaudeBot/1.0; [email protected])"
216.73.216.13 - - [15/Jul/2025:16:23:08 +0000] "GET /detail/197059015 HTTP/1.1" 404 16357 "-" "Mozilla/5.0 AppleWebKit/537.36 (KHTML, like Gecko; compatible; ClaudeBot/1.0; [email protected])"
216.73.216.13 - - [15/Jul/2025:16:23:11 +0000] "GET /detail/197557112 HTTP/1.1" 404 16357 "-" "Mozilla/5.0 AppleWebKit/537.36 (KHTML, like Gecko; compatible; ClaudeBot/1.0; [email protected])"
216.73.216.13 - - [15/Jul/2025:16:23:14 +0000] "GET /detail/197069278 HTTP/1.1" 404 16356 "-" "Mozilla/5.0 AppleWebKit/537.36 (KHTML, like Gecko; compatible; ClaudeBot/1.0; [email protected])"
209.74.77.214 - - [15/Jul/2025:16:23:17 +0000] "POST /wp-cron.php?doing_wp_cron=1752596597.5308539867401123046875 HTTP/1.1" 200 - "-" "WordPress/6.8.1; https://kelaby.company"
216.73.216.13 - - [15/Jul/2025:16:23:17 +0000] "GET /detail/197549335 HTTP/1.1" 404 16357 "-" "Mozilla/5.0 AppleWebKit/537.36 (KHTML, like Gecko; compatible; ClaudeBot/1.0; [email protected])"
66.249.79.234 - - [15/Jul/2025:16:23:35 +0000] "GET /?h=5731788081960&mod=4428d361&uri=pin.php?detail/149595529 HTTP/1.1" 200 21139 "-" "Mozilla/5.0 (Linux; Android 6.0.1; Nexus 5X Build/MMB29P) AppleWebKit/537.36 (KHTML, like Gecko) Chrome/137.0.7151.103 Mobile Safari/537.36 (compatible; Googlebot/2.1; +http://www.google.com/bot.html)"
66.249.79.232 - - [15/Jul/2025:16:23:46 +0000] "GET /?h=5731788081960&mod=4428d361&uri=pin.php?detail/149611121 HTTP/1.1" 200 19476 "-" "Mozilla/5.0 (Linux; Android 6.0.1; Nexus 5X Build/MMB29P) AppleWebKit/537.36 (KHTML, like Gecko) Chrome/137.0.7151.103 Mobile Safari/537.36 (compatible; Googlebot/2.1; +http://www.google.com/bot.html)"
66.249.79.232 - - [15/Jul/2025:16:23:52 +0000] "GET /?h=5731788081960&mod=4428d361&uri=pin.php?detail/149593674 HTTP/1.1" 200 19091 "-" "Mozilla/5.0 (Linux; Android 6.0.1; Nexus 5X Build/MMB29P) AppleWebKit/537.36 (KHTML, like Gecko) Chrome/137.0.7151.103 Mobile Safari/537.36 (compatible; Googlebot/2.1; +http://www.google.com/bot.html)"
66.249.79.232 - - [15/Jul/2025:16:24:01 +0000] "POST /get-message-notify HTTP/1.1" 200 19474 "https://www.kelaby.company/?h=5731788081960&mod=4428d361&uri=pin.php?detail/149593674" "Mozilla/5.0 (Linux; Android 6.0.1; Nexus 5X Build/MMB29P) AppleWebKit/537.36 (KHTML, like Gecko) Chrome/137.0.7151.119 Mobile Safari/537.36 (compatible; Googlebot/2.1; +http://www.google.com/bot.html)"
209.74.77.214 - - [15/Jul/2025:16:24:03 +0000] "POST /wp-cron.php?doing_wp_cron=1752596643.5378971099853515625000 HTTP/1.1" 200 - "-" "WordPress/6.8.1; https://kelaby.company"
51.222.253.5 - - [15/Jul/2025:16:24:03 +0000] "GET /?h=51338179071960&mod=739677cb&uri=article.php%3Fid%3D1713229-546%26name%3Dmanillar+3t+carbono+carretera HTTP/1.1" 301 - "-" "Mozilla/5.0 (compatible; AhrefsBot/7.0; +http://ahrefs.com/robot/)"
66.249.79.232 - - [15/Jul/2025:16:24:06 +0000] "GET /?h=5731788081960&mod=4428d361&uri=pin.php?detail/149610390 HTTP/1.1" 200 19952 "-" "Mozilla/5.0 (Linux; Android 6.0.1; Nexus 5X Build/MMB29P) AppleWebKit/537.36 (KHTML, like Gecko) Chrome/137.0.7151.103 Mobile Safari/537.36 (compatible; Googlebot/2.1; +http://www.google.com/bot.html)"
66.249.79.33 - - [15/Jul/2025:16:24:12 +0000] "POST /get-message-notify HTTP/1.1" 200 19449 "https://kelaby.company/detail/823456414" "Mozilla/5.0 (Linux; Android 6.0.1; Nexus 5X Build/MMB29P) AppleWebKit/537.36 (KHTML, like Gecko) Chrome/137.0.7151.119 Mobile Safari/537.36 (compatible; Googlebot/2.1; +http://www.google.com/bot.html)"
66.249.79.232 - - [15/Jul/2025:16:24:19 +0000] "GET /?h=5731788081960&mod=4428d361&uri=pin.php?detail/149585879 HTTP/1.1" 200 19359 "-" "Mozilla/5.0 (Linux; Android 6.0.1; Nexus 5X Build/MMB29P) AppleWebKit/537.36 (KHTML, like Gecko) Chrome/137.0.7151.103 Mobile Safari/537.36 (compatible; Googlebot/2.1; +http://www.google.com/bot.html)"
66.249.79.232 - - [15/Jul/2025:16:24:30 +0000] "GET /?h=5731788081960&mod=4428d361&uri=pin.php?detail/149621320 HTTP/1.1" 200 21690 "-" "Mozilla/5.0 (Linux; Android 6.0.1; Nexus 5X Build/MMB29P) AppleWebKit/537.36 (KHTML, like Gecko) Chrome/137.0.7151.103 Mobile Safari/537.36 (compatible; Googlebot/2.1; +http://www.google.com/bot.html)"
66.249.79.32 - - [15/Jul/2025:16:24:32 +0000] "POST /get-message-notify HTTP/1.1" 200 19449 "https://kelaby.company/detail/4485846" "Mozilla/5.0 (Linux; Android 6.0.1; Nexus 5X Build/MMB29P) AppleWebKit/537.36 (KHTML, like Gecko) Chrome/137.0.7151.119 Mobile Safari/537.36 (compatible; Googlebot/2.1; +http://www.google.com/bot.html)"
66.249.79.234 - - [15/Jul/2025:16:25:07 +0000] "GET /?h=5731788081960&mod=4428d361&uri=pin.php?detail/149597915 HTTP/1.1" 200 20613 "-" "Mozilla/5.0 (Linux; Android 6.0.1; Nexus 5X Build/MMB29P) AppleWebKit/537.36 (KHTML, like Gecko) Chrome/137.0.7151.103 Mobile Safari/537.36 (compatible; Googlebot/2.1; +http://www.google.com/bot.html)"
66.249.79.233 - - [15/Jul/2025:16:25:21 +0000] "GET /?h=5731788081960&mod=4428d361&uri=pin.php?detail/149601960 HTTP/1.1" 200 19192 "-" "Mozilla/5.0 (Linux; Android 6.0.1; Nexus 5X Build/MMB29P) AppleWebKit/537.36 (KHTML, like Gecko) Chrome/137.0.7151.103 Mobile Safari/537.36 (compatible; Googlebot/2.1; +http://www.google.com/bot.html)"
66.249.79.232 - - [15/Jul/2025:16:25:35 +0000] "GET /?h=5731788081960&mod=4428d361&uri=pin.php?detail/149600449 HTTP/1.1" 200 20338 "-" "Mozilla/5.0 (Linux; Android 6.0.1; Nexus 5X Build/MMB29P) AppleWebKit/537.36 (KHTML, like Gecko) Chrome/137.0.7151.103 Mobile Safari/537.36 (compatible; Googlebot/2.1; +http://www.google.com/bot.html)"
66.249.79.232 - - [15/Jul/2025:16:25:53 +0000] "GET /?h=91806732041960&mod=1397d4cc&uri=goods.php?detail/36465725 HTTP/1.1" 200 21098 "-" "Mozilla/5.0 (Linux; Android 6.0.1; Nexus 5X Build/MMB29P) AppleWebKit/537.36 (KHTML, like Gecko) Chrome/137.0.7151.103 Mobile Safari/537.36 (compatible; Googlebot/2.1; +http://www.google.com/bot.html)"
66.249.79.233 - - [15/Jul/2025:16:26:43 +0000] "GET /?h=91806732041960&mod=1397d4cc&uri=goods.php?detail/36481335 HTTP/1.1" 200 19681 "-" "Mozilla/5.0 (Linux; Android 6.0.1; Nexus 5X Build/MMB29P) AppleWebKit/537.36 (KHTML, like Gecko) Chrome/137.0.7151.103 Mobile Safari/537.36 (compatible; Googlebot/2.1; +http://www.google.com/bot.html)"
66.249.79.233 - - [15/Jul/2025:16:27:20 +0000] "GET /?h=91806732041960&mod=1397d4cc&uri=goods.php?detail/37453671 HTTP/1.1" 200 19013 "-" "Mozilla/5.0 (Linux; Android 6.0.1; Nexus 5X Build/MMB29P) AppleWebKit/537.36 (KHTML, like Gecko) Chrome/137.0.7151.103 Mobile Safari/537.36 (compatible; Googlebot/2.1; +http://www.google.com/bot.html)"
66.249.79.232 - - [15/Jul/2025:16:27:57 +0000] "GET /?h=91806732041960&mod=1397d4cc&uri=goods.php?detail/36467023 HTTP/1.1" 200 20599 "-" "Mozilla/5.0 (Linux; Android 6.0.1; Nexus 5X Build/MMB29P) AppleWebKit/537.36 (KHTML, like Gecko) Chrome/137.0.7151.103 Mobile Safari/537.36 (compatible; Googlebot/2.1; +http://www.google.com/bot.html)"
66.249.79.230 - - [15/Jul/2025:16:28:34 +0000] "GET /?h=91806732041960&mod=1397d4cc&uri=goods.php?detail/36471669 HTTP/1.1" 200 19238 "-" "Mozilla/5.0 (Linux; Android 6.0.1; Nexus 5X Build/MMB29P) AppleWebKit/537.36 (KHTML, like Gecko) Chrome/137.0.7151.103 Mobile Safari/537.36 (compatible; Googlebot/2.1; +http://www.google.com/bot.html)"
66.249.79.232 - - [15/Jul/2025:16:28:33 +0000] "GET /?h=91806732041960&mod=1397d4cc&uri=goods.php?detail/36480229 HTTP/1.1" 200 20103 "-" "Mozilla/5.0 (Linux; Android 6.0.1; Nexus 5X Build/MMB29P) AppleWebKit/537.36 (KHTML, like Gecko) Chrome/137.0.7151.103 Mobile Safari/537.36 (compatible; Googlebot/2.1; +http://www.google.com/bot.html)"
66.249.79.231 - - [15/Jul/2025:16:28:39 +0000] "POST /get-message-notify HTTP/1.1" 200 19474 "https://www.kelaby.company/?h=91806732041960&mod=1397d4cc&uri=goods.php?detail/36471669" "Mozilla/5.0 (Linux; Android 6.0.1; Nexus 5X Build/MMB29P) AppleWebKit/537.36 (KHTML, like Gecko) Chrome/137.0.7151.119 Mobile Safari/537.36 (compatible; Googlebot/2.1; +http://www.google.com/bot.html)"
66.249.79.37 - - [15/Jul/2025:16:28:47 +0000] "GET /?h=6396626111960&mod=c2f91461&uri=brands.php%3Fid%3D213650-363%26name%3Dclassic+friendship+bracelet+patterns HTTP/1.1" 200 21329 "-" "Mozilla/5.0 (Linux; Android 6.0.1; Nexus 5X Build/MMB29P) AppleWebKit/537.36 (KHTML, like Gecko) Chrome/137.0.7151.103 Mobile Safari/537.36 (compatible; Googlebot/2.1; +http://www.google.com/bot.html)"
66.249.79.32 - - [15/Jul/2025:16:29:01 +0000] "GET /?h=6396926011960&mod=c2f91461&uri=brands.php%3Fid%3D213660-363%26name%3Ddinosaur+key HTTP/1.1" 200 21302 "-" "Mozilla/5.0 (Linux; Android 6.0.1; Nexus 5X Build/MMB29P) AppleWebKit/537.36 (KHTML, like Gecko) Chrome/137.0.7151.103 Mobile Safari/537.36 (compatible; Googlebot/2.1; +http://www.google.com/bot.html)"
66.249.79.32 - - [15/Jul/2025:16:29:05 +0000] "POST /get-message-notify HTTP/1.1" 200 19449 "https://kelaby.company/?h=6396926011960&mod=c2f91461&uri=brands.php%3Fid%3D213660-363%26name%3Ddinosaur+key" "Mozilla/5.0 (Linux; Android 6.0.1; Nexus 5X Build/MMB29P) AppleWebKit/537.36 (KHTML, like Gecko) Chrome/137.0.7151.119 Mobile Safari/537.36 (compatible; Googlebot/2.1; +http://www.google.com/bot.html)"
66.249.79.37 - - [15/Jul/2025:16:29:31 +0000] "POST /get-message-notify HTTP/1.1" 200 19449 "https://kelaby.company/detail/823476395" "Mozilla/5.0 (Linux; Android 6.0.1; Nexus 5X Build/MMB29P) AppleWebKit/537.36 (KHTML, like Gecko) Chrome/137.0.7151.119 Mobile Safari/537.36 (compatible; Googlebot/2.1; +http://www.google.com/bot.html)"
209.74.77.214 - - [15/Jul/2025:16:29:56 +0000] "POST /wp-cron.php?doing_wp_cron=1752596996.5666720867156982421875 HTTP/1.1" 200 - "-" "WordPress/6.8.1; https://kelaby.company"
51.222.253.8 - - [15/Jul/2025:16:29:55 +0000] "GET /?h=51716277011960&mod=a630daca&uri=shared.php%3Fid%3D1725841-1289%26name%3Dadidas+eqt+tutti+i+modelli HTTP/1.1" 301 - "-" "Mozilla/5.0 (compatible; AhrefsBot/7.0; +http://ahrefs.com/robot/)"
20.171.207.87 - - [15/Jul/2025:16:30:35 +0000] "GET /sitemap.xml HTTP/1.1" 200 4493 "-" "Mozilla/5.0 AppleWebKit/537.36 (KHTML, like Gecko; compatible; GPTBot/1.2; +https://openai.com/gptbot)"
20.171.207.87 - - [15/Jul/2025:16:30:38 +0000] "GET /sitemap.xml HTTP/1.1" 200 4493 "-" "Mozilla/5.0 AppleWebKit/537.36 (KHTML, like Gecko; compatible; GPTBot/1.2; +https://openai.com/gptbot)"
66.249.79.37 - - [15/Jul/2025:16:31:22 +0000] "GET /?h=6402326061960&mod=c2f91461&uri=news.php%3Fid%3D213840-363%26name%3Dblack+diamonds+new+york HTTP/1.1" 200 21288 "-" "Mozilla/5.0 (Linux; Android 6.0.1; Nexus 5X Build/MMB29P) AppleWebKit/537.36 (KHTML, like Gecko) Chrome/137.0.7151.103 Mobile Safari/537.36 (compatible; Googlebot/2.1; +http://www.google.com/bot.html)"
66.249.79.32 - - [15/Jul/2025:16:31:27 +0000] "GET /detail/3631290 HTTP/1.1" 200 20108 "-" "Mozilla/5.0 (Linux; Android 6.0.1; Nexus 5X Build/MMB29P) AppleWebKit/537.36 (KHTML, like Gecko) Chrome/137.0.7151.103 Mobile Safari/537.36 (compatible; GoogleOther)"
66.249.79.230 - - [15/Jul/2025:16:31:37 +0000] "GET /?h=5731788081960&mod=4428d361&uri=pin.php?product/edit/K3741978802 HTTP/1.1" 200 19961 "-" "Mozilla/5.0 (Linux; Android 6.0.1; Nexus 5X Build/MMB29P) AppleWebKit/537.36 (KHTML, like Gecko) Chrome/137.0.7151.103 Mobile Safari/537.36 (compatible; Googlebot/2.1; +http://www.google.com/bot.html)"
66.249.79.230 - - [15/Jul/2025:16:31:51 +0000] "GET /?h=5731788081960&mod=4428d361&uri=pin.php?detail/150557678 HTTP/1.1" 200 18927 "-" "Mozilla/5.0 (Linux; Android 6.0.1; Nexus 5X Build/MMB29P) AppleWebKit/537.36 (KHTML, like Gecko) Chrome/137.0.7151.103 Mobile Safari/537.36 (compatible; Googlebot/2.1; +http://www.google.com/bot.html)"
66.249.79.231 - - [15/Jul/2025:16:32:05 +0000] "GET /?h=5731788081960&mod=4428d361&uri=pin.php?detail/150538512 HTTP/1.1" 200 21191 "-" "Mozilla/5.0 (Linux; Android 6.0.1; Nexus 5X Build/MMB29P) AppleWebKit/537.36 (KHTML, like Gecko) Chrome/137.0.7151.103 Mobile Safari/537.36 (compatible; Googlebot/2.1; +http://www.google.com/bot.html)"
66.249.79.230 - - [15/Jul/2025:16:32:19 +0000] "GET /?h=5731788081960&mod=4428d361&uri=pin.php?detail/150555146 HTTP/1.1" 200 20785 "-" "Mozilla/5.0 (Linux; Android 6.0.1; Nexus 5X Build/MMB29P) AppleWebKit/537.36 (KHTML, like Gecko) Chrome/137.0.7151.103 Mobile Safari/537.36 (compatible; Googlebot/2.1; +http://www.google.com/bot.html)"
66.249.79.230 - - [15/Jul/2025:16:32:32 +0000] "GET /?h=5731788081960&mod=4428d361&uri=pin.php?detail/150553080 HTTP/1.1" 200 21039 "-" "Mozilla/5.0 (Linux; Android 6.0.1; Nexus 5X Build/MMB29P) AppleWebKit/537.36 (KHTML, like Gecko) Chrome/137.0.7151.103 Mobile Safari/537.36 (compatible; Googlebot/2.1; +http://www.google.com/bot.html)"
209.74.77.214 - - [15/Jul/2025:16:32:56 +0000] "POST /wp-cron.php?doing_wp_cron=1752597176.6710050106048583984375 HTTP/1.1" 200 - "-" "WordPress/6.8.1; https://kelaby.company"
81.12.53.206 - - [15/Jul/2025:16:32:56 +0000] "POST /xmlrpc.php HTTP/1.1" 200 206 "https://kelaby.company" "Mozilla/5.0 (Macintosh; Intel Mac OS X 14_6) AppleWebKit/605.1.15 (KHTML, like Gecko) Version/17.5 Safari/605.1.15"
66.249.79.231 - - [15/Jul/2025:16:33:09 +0000] "GET /?h=5731788081960&mod=4428d361&uri=pin.php?detail/150533233 HTTP/1.1" 200 19242 "-" "Mozilla/5.0 (Linux; Android 6.0.1; Nexus 5X Build/MMB29P) AppleWebKit/537.36 (KHTML, like Gecko) Chrome/137.0.7151.103 Mobile Safari/537.36 (compatible; Googlebot/2.1; +http://www.google.com/bot.html)"
66.249.79.232 - - [15/Jul/2025:16:33:46 +0000] "GET /?h=91806732041960&mod=1397d4cc&uri=goods.php?detail/38010247 HTTP/1.1" 200 19361 "-" "Mozilla/5.0 (Linux; Android 6.0.1; Nexus 5X Build/MMB29P) AppleWebKit/537.36 (KHTML, like Gecko) Chrome/137.0.7151.103 Mobile Safari/537.36 (compatible; Googlebot/2.1; +http://www.google.com/bot.html)"
66.249.79.232 - - [15/Jul/2025:16:33:46 +0000] "GET /?h=5731788081960&mod=4428d361&uri=pin.php?detail/150527500 HTTP/1.1" 200 19824 "-" "Mozilla/5.0 (Linux; Android 6.0.1; Nexus 5X Build/MMB29P) AppleWebKit/537.36 (KHTML, like Gecko) Chrome/137.0.7151.103 Mobile Safari/537.36 (compatible; Googlebot/2.1; +http://www.google.com/bot.html)"
66.249.79.233 - - [15/Jul/2025:16:34:01 +0000] "POST /get-message-notify HTTP/1.1" 200 19474 "https://www.kelaby.company/?h=5731788081960&mod=4428d361&uri=pin.php?detail/150527500" "Mozilla/5.0 (Linux; Android 6.0.1; Nexus 5X Build/MMB29P) AppleWebKit/537.36 (KHTML, like Gecko) Chrome/137.0.7151.119 Mobile Safari/537.36 (compatible; Googlebot/2.1; +http://www.google.com/bot.html)"
66.249.79.32 - - [15/Jul/2025:16:34:45 +0000] "GET /?h=89952332011960&mod=4c58556a&uri=news.php?detail/39458655 HTTP/1.1" 200 19765 "-" "Mozilla/5.0 (Linux; Android 6.0.1; Nexus 5X Build/MMB29P) AppleWebKit/537.36 (KHTML, like Gecko) Chrome/137.0.7151.103 Mobile Safari/537.36 (compatible; Googlebot/2.1; +http://www.google.com/bot.html)"
66.249.79.232 - - [15/Jul/2025:16:34:45 +0000] "GET /?h=5731788081960&mod=4428d361&uri=pin.php?detail/150544947 HTTP/1.1" 200 19544 "-" "Mozilla/5.0 (Linux; Android 6.0.1; Nexus 5X Build/MMB29P) AppleWebKit/537.36 (KHTML, like Gecko) Chrome/137.0.7151.103 Mobile Safari/537.36 (compatible; Googlebot/2.1; +http://www.google.com/bot.html)"
209.74.77.214 - - [15/Jul/2025:16:34:53 +0000] "POST /wp-cron.php?doing_wp_cron=1752597293.6136450767517089843750 HTTP/1.1" 200 - "-" "WordPress/6.8.1; https://kelaby.company"
51.222.253.3 - - [15/Jul/2025:16:34:52 +0000] "GET /?h=51868825031960&mod=5dcc6605&uri=itm.php%3Fid%3D1730929-1262%26name%3Dcurry+team HTTP/1.1" 301 - "-" "Mozilla/5.0 (compatible; AhrefsBot/7.0; +http://ahrefs.com/robot/)"
66.249.79.233 - - [15/Jul/2025:16:35:03 +0000] "POST /get-message-notify HTTP/1.1" 200 19474 "https://www.kelaby.company/?h=5731788081960&mod=4428d361&uri=pin.php?detail/150544947" "Mozilla/5.0 (Linux; Android 6.0.1; Nexus 5X Build/MMB29P) AppleWebKit/537.36 (KHTML, like Gecko) Chrome/137.0.7151.119 Mobile Safari/537.36 (compatible; Googlebot/2.1; +http://www.google.com/bot.html)"
92.205.20.61 - - [15/Jul/2025:16:35:11 +0000] "GET /wp-login.php HTTP/1.1" 200 2013 "http://kelaby.company/wp-login.php" "Mozilla/5.0 (Windows NT 10.0; Win64; x64; rv:137.0) Gecko/20100101 Firefox/137.0"
92.205.20.61 - - [15/Jul/2025:16:35:12 +0000] "GET /wp-json/wp/v2/users HTTP/1.1" 200 428 "http://kelaby.company/wp-login.php" "Mozilla/5.0 (Windows NT 10.0; Win64; x64; rv:137.0) Gecko/20100101 Firefox/137.0"
92.205.20.61 - - [15/Jul/2025:16:35:12 +0000] "POST /wp-login.php HTTP/1.1" 200 2135 "https://kelaby.company/wp-login.php?redirect_to=https%3A%2F%2Fkelaby.company%2Fwp-admin%2F" "Mozilla/5.0 (Windows NT 10.0; Win64; x64; rv:137.0) Gecko/20100101 Firefox/137.0"
92.205.20.61 - - [15/Jul/2025:16:35:13 +0000] "POST /wp-login.php HTTP/1.1" 200 2164 "https://kelaby.company/wp-login.php?redirect_to=https%3A%2F%2Fkelaby.company%2Fwp-admin%2F" "Mozilla/5.0 (Windows NT 10.0; Win64; x64; rv:137.0) Gecko/20100101 Firefox/137.0"
66.249.79.232 - - [15/Jul/2025:16:35:45 +0000] "GET /?h=5731788081960&mod=4428d361&uri=pin.php?detail/150535637 HTTP/1.1" 200 19567 "-" "Mozilla/5.0 (Linux; Android 6.0.1; Nexus 5X Build/MMB29P) AppleWebKit/537.36 (KHTML, like Gecko) Chrome/137.0.7151.103 Mobile Safari/537.36 (compatible; Googlebot/2.1; +http://www.google.com/bot.html)"
66.249.79.232 - - [15/Jul/2025:16:35:58 +0000] "GET /?h=5731788081960&mod=4428d361&uri=pin.php?detail/150555911 HTTP/1.1" 200 20133 "-" "Mozilla/5.0 (Linux; Android 6.0.1; Nexus 5X Build/MMB29P) AppleWebKit/537.36 (KHTML, like Gecko) Chrome/137.0.7151.103 Mobile Safari/537.36 (compatible; Googlebot/2.1; +http://www.google.com/bot.html)"
66.249.79.232 - - [15/Jul/2025:16:36:02 +0000] "POST /get-message-notify HTTP/1.1" 200 19474 "https://www.kelaby.company/?h=5731788081960&mod=4428d361&uri=pin.php?detail/150555911" "Mozilla/5.0 (Linux; Android 6.0.1; Nexus 5X Build/MMB29P) AppleWebKit/537.36 (KHTML, like Gecko) Chrome/137.0.7151.119 Mobile Safari/537.36 (compatible; Googlebot/2.1; +http://www.google.com/bot.html)"
66.249.79.232 - - [15/Jul/2025:16:36:11 +0000] "GET /?h=91806732041960&mod=1397d4cc&uri=goods.php?pcmypage HTTP/1.1" 200 19277 "-" "Mozilla/5.0 (Linux; Android 6.0.1; Nexus 5X Build/MMB29P) AppleWebKit/537.36 (KHTML, like Gecko) Chrome/137.0.7151.103 Mobile Safari/537.36 (compatible; Googlebot/2.1; +http://www.google.com/bot.html)"
66.249.79.232 - - [15/Jul/2025:16:36:58 +0000] "GET /?h=5731788081960&mod=4428d361&uri=pin.php?detail/150550482 HTTP/1.1" 200 19268 "-" "Mozilla/5.0 (Linux; Android 6.0.1; Nexus 5X Build/MMB29P) AppleWebKit/537.36 (KHTML, like Gecko) Chrome/137.0.7151.103 Mobile Safari/537.36 (compatible; Googlebot/2.1; +http://www.google.com/bot.html)"
66.249.79.232 - - [15/Jul/2025:16:37:02 +0000] "POST /get-message-notify HTTP/1.1" 200 19474 "https://www.kelaby.company/?h=5731788081960&mod=4428d361&uri=pin.php?detail/150550482" "Mozilla/5.0 (Linux; Android 6.0.1; Nexus 5X Build/MMB29P) AppleWebKit/537.36 (KHTML, like Gecko) Chrome/137.0.7151.119 Mobile Safari/537.36 (compatible; Googlebot/2.1; +http://www.google.com/bot.html)"
83.96.205.7 - - [15/Jul/2025:16:37:03 +0000] "GET /wp-login.php HTTP/1.1" 200 2013 "http://kelaby.company/wp-login.php" "Mozilla/5.0 (Windows NT 10.0; Win64; x64; rv:137.0) Gecko/20100101 Firefox/137.0"
83.96.205.7 - - [15/Jul/2025:16:37:04 +0000] "GET /wp-json/wp/v2/users HTTP/1.1" 200 428 "http://kelaby.company/wp-login.php" "Mozilla/5.0 (Windows NT 10.0; Win64; x64; rv:137.0) Gecko/20100101 Firefox/137.0"
83.96.205.7 - - [15/Jul/2025:16:37:05 +0000] "POST /wp-login.php HTTP/1.1" 200 2135 "https://kelaby.company/wp-login.php?redirect_to=https%3A%2F%2Fkelaby.company%2Fwp-admin%2F" "Mozilla/5.0 (Windows NT 10.0; Win64; x64; rv:137.0) Gecko/20100101 Firefox/137.0"
83.96.205.7 - - [15/Jul/2025:16:37:05 +0000] "POST /wp-login.php HTTP/1.1" 200 2162 "https://kelaby.company/wp-login.php?redirect_to=https%3A%2F%2Fkelaby.company%2Fwp-admin%2F" "Mozilla/5.0 (Windows NT 10.0; Win64; x64; rv:137.0) Gecko/20100101 Firefox/137.0"
66.249.79.232 - - [15/Jul/2025:16:37:34 +0000] "GET /?h=5731788081960&mod=4428d361&uri=pin.php?detail/150547673 HTTP/1.1" 200 19202 "-" "Mozilla/5.0 (Linux; Android 6.0.1; Nexus 5X Build/MMB29P) AppleWebKit/537.36 (KHTML, like Gecko) Chrome/137.0.7151.103 Mobile Safari/537.36 (compatible; Googlebot/2.1; +http://www.google.com/bot.html)"
66.249.79.232 - - [15/Jul/2025:16:37:37 +0000] "POST /get-message-notify HTTP/1.1" 200 19474 "https://www.kelaby.company/?h=5731788081960&mod=4428d361&uri=pin.php?detail/150547673" "Mozilla/5.0 (Linux; Android 6.0.1; Nexus 5X Build/MMB29P) AppleWebKit/537.36 (KHTML, like Gecko) Chrome/137.0.7151.119 Mobile Safari/537.36 (compatible; Googlebot/2.1; +http://www.google.com/bot.html)"
66.249.79.232 - - [15/Jul/2025:16:37:48 +0000] "GET /?h=5731788081960&mod=4428d361&uri=pin.php?detail/150550628 HTTP/1.1" 200 19803 "-" "Mozilla/5.0 (Linux; Android 6.0.1; Nexus 5X Build/MMB29P) AppleWebKit/537.36 (KHTML, like Gecko) Chrome/137.0.7151.103 Mobile Safari/537.36 (compatible; Googlebot/2.1; +http://www.google.com/bot.html)"
