66.249.79.32 - - [15/Jul/2025:15:29:23 +0000] "POST /get-message-notify HTTP/1.1" 200 19448 "https://kelaby.company/?h=6317105041960&mod=e27a9497&uri=product.php?detail/1673182" "Mozilla/5.0 (Linux; Android 6.0.1; Nexus 5X Build/MMB29P) AppleWebKit/537.36 (KHTML, like Gecko) Chrome/137.0.7151.119 Mobile Safari/537.36 (compatible; Googlebot/2.1; +http://www.google.com/bot.html)"
216.73.216.13 - - [15/Jul/2025:15:29:25 +0000] "GET /detail/306761965 HTTP/1.1" 404 16357 "-" "Mozilla/5.0 AppleWebKit/537.36 (KHTML, like Gecko; compatible; ClaudeBot/1.0; [email protected])"
216.73.216.13 - - [15/Jul/2025:15:29:28 +0000] "GET /detail/197405660 HTTP/1.1" 404 16356 "-" "Mozilla/5.0 AppleWebKit/537.36 (KHTML, like Gecko; compatible; ClaudeBot/1.0; [email protected])"
216.73.216.13 - - [15/Jul/2025:15:29:31 +0000] "GET /detail/197367751 HTTP/1.1" 404 16357 "-" "Mozilla/5.0 AppleWebKit/537.36 (KHTML, like Gecko; compatible; ClaudeBot/1.0; [email protected])"
216.73.216.13 - - [15/Jul/2025:15:29:34 +0000] "GET /detail/306940869 HTTP/1.1" 404 16357 "-" "Mozilla/5.0 AppleWebKit/537.36 (KHTML, like Gecko; compatible; ClaudeBot/1.0; [email protected])"
66.249.79.230 - - [15/Jul/2025:15:29:35 +0000] "POST /get-message-notify HTTP/1.1" 200 19473 "https://www.kelaby.company/?h=65567342031960&mod=6351bf9d&uri=products.php?detail/1682832" "Mozilla/5.0 (Linux; Android 6.0.1; Nexus 5X Build/MMB29P) AppleWebKit/537.36 (KHTML, like Gecko) Chrome/137.0.7151.119 Mobile Safari/537.36 (compatible; Googlebot/2.1; +http://www.google.com/bot.html)"
216.73.216.13 - - [15/Jul/2025:15:29:37 +0000] "GET /detail/306707763 HTTP/1.1" 404 16357 "-" "Mozilla/5.0 AppleWebKit/537.36 (KHTML, like Gecko; compatible; ClaudeBot/1.0; [email protected])"
216.73.216.13 - - [15/Jul/2025:15:29:40 +0000] "GET /detail/197344408 HTTP/1.1" 404 16357 "-" "Mozilla/5.0 AppleWebKit/537.36 (KHTML, like Gecko; compatible; ClaudeBot/1.0; [email protected])"
216.73.216.13 - - [15/Jul/2025:15:29:43 +0000] "GET /detail/306654240 HTTP/1.1" 404 16357 "-" "Mozilla/5.0 AppleWebKit/537.36 (KHTML, like Gecko; compatible; ClaudeBot/1.0; [email protected])"
216.73.216.13 - - [15/Jul/2025:15:29:46 +0000] "GET /detail/197445166 HTTP/1.1" 404 16357 "-" "Mozilla/5.0 AppleWebKit/537.36 (KHTML, like Gecko; compatible; ClaudeBot/1.0; [email protected])"
216.73.216.13 - - [15/Jul/2025:15:29:49 +0000] "GET /detail/197083526 HTTP/1.1" 404 16357 "-" "Mozilla/5.0 AppleWebKit/537.36 (KHTML, like Gecko; compatible; ClaudeBot/1.0; [email protected])"
216.73.216.13 - - [15/Jul/2025:15:29:52 +0000] "GET /detail/307027036 HTTP/1.1" 404 16357 "-" "Mozilla/5.0 AppleWebKit/537.36 (KHTML, like Gecko; compatible; ClaudeBot/1.0; [email protected])"
216.73.216.13 - - [15/Jul/2025:15:29:55 +0000] "GET /detail/306878591 HTTP/1.1" 404 16357 "-" "Mozilla/5.0 AppleWebKit/537.36 (KHTML, like Gecko; compatible; ClaudeBot/1.0; [email protected])"
216.73.216.13 - - [15/Jul/2025:15:29:58 +0000] "GET /detail/307022525 HTTP/1.1" 404 16357 "-" "Mozilla/5.0 AppleWebKit/537.36 (KHTML, like Gecko; compatible; ClaudeBot/1.0; [email protected])"
209.74.77.214 - - [15/Jul/2025:15:30:02 +0000] "POST /wp-cron.php?doing_wp_cron=1752593401.8144149780273437500000 HTTP/1.1" 200 - "-" "WordPress/6.8.1; https://kelaby.company"
216.73.216.13 - - [15/Jul/2025:15:30:01 +0000] "GET /detail/306645680 HTTP/1.1" 404 16357 "-" "Mozilla/5.0 AppleWebKit/537.36 (KHTML, like Gecko; compatible; ClaudeBot/1.0; [email protected])"
51.222.253.3 - - [15/Jul/2025:15:30:14 +0000] "GET /?h=118783187031960&mod=a03175e6&uri=info.php%3Fid%3D3964173-266%26name%3Dpudendal+nerve+pillow HTTP/1.1" 301 - "-" "Mozilla/5.0 (compatible; AhrefsBot/7.0; +http://ahrefs.com/robot/)"
66.249.79.230 - - [15/Jul/2025:15:30:22 +0000] "GET /?h=65567342031960&mod=6351bf9d&uri=products.php?detail/1687752 HTTP/1.1" 200 22001 "-" "Mozilla/5.0 (Linux; Android 6.0.1; Nexus 5X Build/MMB29P) AppleWebKit/537.36 (KHTML, like Gecko) Chrome/137.0.7151.103 Mobile Safari/537.36 (compatible; Googlebot/2.1; +http://www.google.com/bot.html)"
66.249.79.230 - - [15/Jul/2025:15:30:36 +0000] "GET /?h=65567342031960&mod=6351bf9d&uri=products.php?detail/1677553 HTTP/1.1" 200 19335 "-" "Mozilla/5.0 (Linux; Android 6.0.1; Nexus 5X Build/MMB29P) AppleWebKit/537.36 (KHTML, like Gecko) Chrome/137.0.7151.103 Mobile Safari/537.36 (compatible; Googlebot/2.1; +http://www.google.com/bot.html)"
66.249.79.37 - - [15/Jul/2025:15:30:47 +0000] "GET /?h=36559043031960&mod=ec66a085&uri=products.php?detail/1688858 HTTP/1.1" 200 19031 "-" "Mozilla/5.0 (Linux; Android 6.0.1; Nexus 5X Build/MMB29P) AppleWebKit/537.36 (KHTML, like Gecko) Chrome/137.0.7151.103 Mobile Safari/537.36 (compatible; Googlebot/2.1; +http://www.google.com/bot.html)"
66.249.79.230 - - [15/Jul/2025:15:30:49 +0000] "GET /?h=5731788081960&mod=4428d361&uri=pin.php?detail/35896688 HTTP/1.1" 200 19499 "-" "Mozilla/5.0 (Linux; Android 6.0.1; Nexus 5X Build/MMB29P) AppleWebKit/537.36 (KHTML, like Gecko) Chrome/137.0.7151.103 Mobile Safari/537.36 (compatible; Googlebot/2.1; +http://www.google.com/bot.html)"
66.249.79.230 - - [15/Jul/2025:15:30:50 +0000] "POST /get-message-notify HTTP/1.1" 200 19473 "https://www.kelaby.company/?h=65567342031960&mod=6351bf9d&uri=products.php?detail/1677553" "Mozilla/5.0 (Linux; Android 6.0.1; Nexus 5X Build/MMB29P) AppleWebKit/537.36 (KHTML, like Gecko) Chrome/137.0.7151.119 Mobile Safari/537.36 (compatible; Googlebot/2.1; +http://www.google.com/bot.html)"
209.74.77.214 - - [15/Jul/2025:15:30:58 +0000] "POST /wp-cron.php?doing_wp_cron=1752593457.8910861015319824218750 HTTP/1.1" 200 - "-" "WordPress/6.8.1; https://kelaby.company"
216.73.216.13 - - [15/Jul/2025:15:30:57 +0000] "GET /detail/306975777 HTTP/1.1" 404 16357 "-" "Mozilla/5.0 AppleWebKit/537.36 (KHTML, like Gecko; compatible; ClaudeBot/1.0; [email protected])"
216.73.216.13 - - [15/Jul/2025:15:31:00 +0000] "GET /detail/197302240 HTTP/1.1" 404 16357 "-" "Mozilla/5.0 AppleWebKit/537.36 (KHTML, like Gecko; compatible; ClaudeBot/1.0; [email protected])"
209.74.77.214 - - [15/Jul/2025:15:31:03 +0000] "POST /wp-cron.php?doing_wp_cron=1752593463.6238119602203369140625 HTTP/1.1" 200 - "-" "WordPress/6.8.1; https://kelaby.company"
216.73.216.13 - - [15/Jul/2025:15:31:03 +0000] "GET /detail/306844581 HTTP/1.1" 404 16357 "-" "Mozilla/5.0 AppleWebKit/537.36 (KHTML, like Gecko; compatible; ClaudeBot/1.0; [email protected])"
66.249.79.230 - - [15/Jul/2025:15:31:03 +0000] "GET /?h=91806732041960&mod=1397d4cc&uri=goods.php?detail/33071245 HTTP/1.1" 200 19250 "-" "Mozilla/5.0 (Linux; Android 6.0.1; Nexus 5X Build/MMB29P) AppleWebKit/537.36 (KHTML, like Gecko) Chrome/137.0.7151.103 Mobile Safari/537.36 (compatible; Googlebot/2.1; +http://www.google.com/bot.html)"
216.73.216.13 - - [15/Jul/2025:15:31:06 +0000] "GET /detail/306927857 HTTP/1.1" 404 16357 "-" "Mozilla/5.0 AppleWebKit/537.36 (KHTML, like Gecko; compatible; ClaudeBot/1.0; [email protected])"
216.73.216.13 - - [15/Jul/2025:15:31:09 +0000] "GET /detail/197331611 HTTP/1.1" 404 16357 "-" "Mozilla/5.0 AppleWebKit/537.36 (KHTML, like Gecko; compatible; ClaudeBot/1.0; [email protected])"
216.73.216.13 - - [15/Jul/2025:15:31:12 +0000] "GET /detail/197264605 HTTP/1.1" 404 16356 "-" "Mozilla/5.0 AppleWebKit/537.36 (KHTML, like Gecko; compatible; ClaudeBot/1.0; [email protected])"
216.73.216.13 - - [15/Jul/2025:15:31:15 +0000] "GET /detail/306898374 HTTP/1.1" 404 16357 "-" "Mozilla/5.0 AppleWebKit/537.36 (KHTML, like Gecko; compatible; ClaudeBot/1.0; [email protected])"
209.74.77.214 - - [15/Jul/2025:15:31:18 +0000] "POST /wp-cron.php?doing_wp_cron=1752593478.6240270137786865234375 HTTP/1.1" 200 - "-" "WordPress/6.8.1; https://kelaby.company"
216.73.216.13 - - [15/Jul/2025:15:31:18 +0000] "GET /detail/306708296 HTTP/1.1" 404 16357 "-" "Mozilla/5.0 AppleWebKit/537.36 (KHTML, like Gecko; compatible; ClaudeBot/1.0; [email protected])"
66.249.79.230 - - [15/Jul/2025:15:31:20 +0000] "GET /?h=91806732041960&mod=1397d4cc&uri=goods.php?detail/38013723 HTTP/1.1" 200 22387 "-" "Mozilla/5.0 (Linux; Android 6.0.1; Nexus 5X Build/MMB29P) AppleWebKit/537.36 (KHTML, like Gecko) Chrome/137.0.7151.103 Mobile Safari/537.36 (compatible; Googlebot/2.1; +http://www.google.com/bot.html)"
216.73.216.13 - - [15/Jul/2025:15:31:21 +0000] "GET /detail/197213358 HTTP/1.1" 404 16357 "-" "Mozilla/5.0 AppleWebKit/537.36 (KHTML, like Gecko; compatible; ClaudeBot/1.0; [email protected])"
66.249.79.230 - - [15/Jul/2025:15:31:23 +0000] "POST /get-message-notify HTTP/1.1" 200 19473 "https://www.kelaby.company/?h=91806732041960&mod=1397d4cc&uri=goods.php?detail/33071245" "Mozilla/5.0 (Linux; Android 6.0.1; Nexus 5X Build/MMB29P) AppleWebKit/537.36 (KHTML, like Gecko) Chrome/137.0.7151.119 Mobile Safari/537.36 (compatible; Googlebot/2.1; +http://www.google.com/bot.html)"
216.73.216.13 - - [15/Jul/2025:15:31:24 +0000] "GET /detail/306601937 HTTP/1.1" 404 16357 "-" "Mozilla/5.0 AppleWebKit/537.36 (KHTML, like Gecko; compatible; ClaudeBot/1.0; [email protected])"
216.73.216.13 - - [15/Jul/2025:15:31:27 +0000] "GET /detail/197165438 HTTP/1.1" 404 16357 "-" "Mozilla/5.0 AppleWebKit/537.36 (KHTML, like Gecko; compatible; ClaudeBot/1.0; [email protected])"
51.222.253.10 - - [15/Jul/2025:15:31:30 +0000] "GET /?h=13851415021960&mod=f169b1a7&uri=goods.php%3Fid%3D462445-61%26name%3Dnike+j+guard+review HTTP/1.1" 301 - "-" "Mozilla/5.0 (compatible; AhrefsBot/7.0; +http://ahrefs.com/robot/)"
216.73.216.13 - - [15/Jul/2025:15:31:30 +0000] "GET /detail/306930666 HTTP/1.1" 404 16357 "-" "Mozilla/5.0 AppleWebKit/537.36 (KHTML, like Gecko; compatible; ClaudeBot/1.0; [email protected])"
216.73.216.13 - - [15/Jul/2025:15:31:33 +0000] "GET /detail/197556515 HTTP/1.1" 404 16356 "-" "Mozilla/5.0 AppleWebKit/537.36 (KHTML, like Gecko; compatible; ClaudeBot/1.0; [email protected])"
216.73.216.13 - - [15/Jul/2025:15:31:36 +0000] "GET /detail/197340153 HTTP/1.1" 404 16357 "-" "Mozilla/5.0 AppleWebKit/537.36 (KHTML, like Gecko; compatible; ClaudeBot/1.0; [email protected])"
216.73.216.13 - - [15/Jul/2025:15:31:39 +0000] "GET /detail/306684290 HTTP/1.1" 404 16357 "-" "Mozilla/5.0 AppleWebKit/537.36 (KHTML, like Gecko; compatible; ClaudeBot/1.0; [email protected])"
4.227.36.80 - - [15/Jul/2025:15:31:55 +0000] "GET /robots.txt HTTP/1.1" 304 - "-" "Mozilla/5.0 AppleWebKit/537.36 (KHTML, like Gecko; compatible; GPTBot/1.2; +https://openai.com/gptbot)"
135.234.64.0 - - [15/Jul/2025:15:31:56 +0000] "GET /?h=6105905041960&mod=f7efa4f8&uri=category-info.php%3Fid%3D203898-40%26name%3Dferrex+12v+rotary+tool+set HTTP/1.1" 301 - "-" "Mozilla/5.0 (Macintosh; Intel Mac OS X 10_15_7) AppleWebKit/537.36 (KHTML, like Gecko) Chrome/131.0.0.0 Safari/537.36; compatible; OAI-SearchBot/1.0; +https://openai.com/searchbot"
4.227.36.85 - - [15/Jul/2025:15:31:57 +0000] "GET /robots.txt HTTP/1.1" 304 - "-" "Mozilla/5.0 AppleWebKit/537.36 (KHTML, like Gecko; compatible; GPTBot/1.2; +https://openai.com/gptbot)"
20.171.53.233 - - [15/Jul/2025:15:31:58 +0000] "GET /?h=6105905041960&mod=f7efa4f8&uri=category-info.php%3Fid%3D203898-40%26name%3Dferrex+12v+rotary+tool+set HTTP/1.1" 301 - "-" "Mozilla/5.0 (Macintosh; Intel Mac OS X 10_15_7) AppleWebKit/537.36 (KHTML, like Gecko) Chrome/131.0.0.0 Safari/537.36; compatible; OAI-SearchBot/1.0; +https://openai.com/searchbot"
20.171.53.233 - - [15/Jul/2025:15:31:58 +0000] "GET /?h=6105905041960&mod=f7efa4f8&uri=category-info.php%3Fid%3D203898-40%26name%3Dferrex%2012v%20rotary%20tool%20set HTTP/1.1" 200 26419 "-" "Mozilla/5.0 (Macintosh; Intel Mac OS X 10_15_7) AppleWebKit/537.36 (KHTML, like Gecko) Chrome/131.0.0.0 Safari/537.36; compatible; OAI-SearchBot/1.0; +https://openai.com/searchbot"
66.249.79.232 - - [15/Jul/2025:15:32:24 +0000] "GET /?h=91806732041960&mod=1397d4cc&uri=goods.php?detail/38013378 HTTP/1.1" 200 19078 "-" "Mozilla/5.0 (Linux; Android 6.0.1; Nexus 5X Build/MMB29P) AppleWebKit/537.36 (KHTML, like Gecko) Chrome/137.0.7151.103 Mobile Safari/537.36 (compatible; Googlebot/2.1; +http://www.google.com/bot.html)"
209.74.77.214 - - [15/Jul/2025:15:32:25 +0000] "POST /wp-cron.php?doing_wp_cron=1752593545.1767060756683349609375 HTTP/1.1" 200 - "-" "WordPress/6.8.1; https://kelaby.company"
2409:4042:2e15:b2fe:2e79:f7a0:d177:ff24 - - [15/Jul/2025:15:32:24 +0000] "GET /?h=6194941081960&mod=e50bea89&uri=pin.php%3Fid%3D206898-296%26name%3Drangamma+mangamma+lyrics HTTP/1.1" 301 - "https://www.google.com/" "Mozilla/5.0 (Linux; Android 10; K) AppleWebKit/537.36 (KHTML, like Gecko) Chrome/138.0.0.0 Mobile Safari/537.36"
2409:4042:2e15:b2fe:2e79:f7a0:d177:ff24 - - [15/Jul/2025:15:32:25 +0000] "GET /?h=6194941081960&mod=e50bea89&uri=pin.php%3Fid%3D206898-296%26name%3Drangamma%20mangamma%20lyrics HTTP/1.1" 200 26424 "https://www.google.com/" "Mozilla/5.0 (Linux; Android 10; K) AppleWebKit/537.36 (KHTML, like Gecko) Chrome/138.0.0.0 Mobile Safari/537.36"
2409:4042:2e15:b2fe:2e79:f7a0:d177:ff24 - - [15/Jul/2025:15:32:27 +0000] "GET /wp-content/plugins/jeg-elementor-kit/assets/css/elements/main.css?ver=2.6.13 HTTP/1.1" 304 - "https://kelaby.company/?h=6194941081960&mod=e50bea89&uri=pin.php%3Fid%3D206898-296%26name%3Drangamma%20mangamma%20lyrics" "Mozilla/5.0 (Linux; Android 10; K) AppleWebKit/537.36 (KHTML, like Gecko) Chrome/138.0.0.0 Mobile Safari/537.36"
2409:4042:2e15:b2fe:2e79:f7a0:d177:ff24 - - [15/Jul/2025:15:32:27 +0000] "GET /wp-content/plugins/table-addons-for-elementor/public/css/table-addons-for-elementor-public.css?ver=2.1.4 HTTP/1.1" 304 - "https://kelaby.company/?h=6194941081960&mod=e50bea89&uri=pin.php%3Fid%3D206898-296%26name%3Drangamma%20mangamma%20lyrics" "Mozilla/5.0 (Linux; Android 10; K) AppleWebKit/537.36 (KHTML, like Gecko) Chrome/138.0.0.0 Mobile Safari/537.36"
2409:4042:2e15:b2fe:2e79:f7a0:d177:ff24 - - [15/Jul/2025:15:32:27 +0000] "GET /wp-content/plugins/elementor/assets/css/frontend.min.css?ver=3.30.2 HTTP/1.1" 304 - "https://kelaby.company/?h=6194941081960&mod=e50bea89&uri=pin.php%3Fid%3D206898-296%26name%3Drangamma%20mangamma%20lyrics" "Mozilla/5.0 (Linux; Android 10; K) AppleWebKit/537.36 (KHTML, like Gecko) Chrome/138.0.0.0 Mobile Safari/537.36"
2409:4042:2e15:b2fe:2e79:f7a0:d177:ff24 - - [15/Jul/2025:15:32:27 +0000] "GET /wp-content/uploads/elementor/css/post-1022.css?ver=1752120154 HTTP/1.1" 304 - "https://kelaby.company/?h=6194941081960&mod=e50bea89&uri=pin.php%3Fid%3D206898-296%26name%3Drangamma%20mangamma%20lyrics" "Mozilla/5.0 (Linux; Android 10; K) AppleWebKit/537.36 (KHTML, like Gecko) Chrome/138.0.0.0 Mobile Safari/537.36"
2409:4042:2e15:b2fe:2e79:f7a0:d177:ff24 - - [15/Jul/2025:15:32:27 +0000] "GET /wp-content/plugins/elementor/assets/lib/animations/styles/fadeInUp.min.css?ver=3.30.2 HTTP/1.1" 304 - "https://kelaby.company/?h=6194941081960&mod=e50bea89&uri=pin.php%3Fid%3D206898-296%26name%3Drangamma%20mangamma%20lyrics" "Mozilla/5.0 (Linux; Android 10; K) AppleWebKit/537.36 (KHTML, like Gecko) Chrome/138.0.0.0 Mobile Safari/537.36"
2409:4042:2e15:b2fe:2e79:f7a0:d177:ff24 - - [15/Jul/2025:15:32:27 +0000] "GET /wp-content/plugins/elementor/assets/css/widget-heading.min.css?ver=3.30.2 HTTP/1.1" 304 - "https://kelaby.company/?h=6194941081960&mod=e50bea89&uri=pin.php%3Fid%3D206898-296%26name%3Drangamma%20mangamma%20lyrics" "Mozilla/5.0 (Linux; Android 10; K) AppleWebKit/537.36 (KHTML, like Gecko) Chrome/138.0.0.0 Mobile Safari/537.36"
2409:4042:2e15:b2fe:2e79:f7a0:d177:ff24 - - [15/Jul/2025:15:32:27 +0000] "GET /wp-content/plugins/elementor/assets/css/widget-divider.min.css?ver=3.30.2 HTTP/1.1" 304 - "https://kelaby.company/?h=6194941081960&mod=e50bea89&uri=pin.php%3Fid%3D206898-296%26name%3Drangamma%20mangamma%20lyrics" "Mozilla/5.0 (Linux; Android 10; K) AppleWebKit/537.36 (KHTML, like Gecko) Chrome/138.0.0.0 Mobile Safari/537.36"
2409:4042:2e15:b2fe:2e79:f7a0:d177:ff24 - - [15/Jul/2025:15:32:27 +0000] "GET /wp-content/plugins/elementor/assets/lib/animations/styles/fadeIn.min.css?ver=3.30.2 HTTP/1.1" 304 - "https://kelaby.company/?h=6194941081960&mod=e50bea89&uri=pin.php%3Fid%3D206898-296%26name%3Drangamma%20mangamma%20lyrics" "Mozilla/5.0 (Linux; Android 10; K) AppleWebKit/537.36 (KHTML, like Gecko) Chrome/138.0.0.0 Mobile Safari/537.36"
2409:4042:2e15:b2fe:2e79:f7a0:d177:ff24 - - [15/Jul/2025:15:32:27 +0000] "GET /wp-content/plugins/elementor/assets/css/widget-spacer.min.css?ver=3.30.2 HTTP/1.1" 304 - "https://kelaby.company/?h=6194941081960&mod=e50bea89&uri=pin.php%3Fid%3D206898-296%26name%3Drangamma%20mangamma%20lyrics" "Mozilla/5.0 (Linux; Android 10; K) AppleWebKit/537.36 (KHTML, like Gecko) Chrome/138.0.0.0 Mobile Safari/537.36"
2409:4042:2e15:b2fe:2e79:f7a0:d177:ff24 - - [15/Jul/2025:15:32:27 +0000] "GET /wp-content/plugins/elementor/assets/css/widget-image.min.css?ver=3.30.2 HTTP/1.1" 200 164 "https://kelaby.company/?h=6194941081960&mod=e50bea89&uri=pin.php%3Fid%3D206898-296%26name%3Drangamma%20mangamma%20lyrics" "Mozilla/5.0 (Linux; Android 10; K) AppleWebKit/537.36 (KHTML, like Gecko) Chrome/138.0.0.0 Mobile Safari/537.36"
2409:4042:2e15:b2fe:2e79:f7a0:d177:ff24 - - [15/Jul/2025:15:32:27 +0000] "GET /wp-content/plugins/jeg-elementor-kit/assets/js/tiny-slider/tiny-slider.css?ver=2.9.3 HTTP/1.1" 304 - "https://kelaby.company/?h=6194941081960&mod=e50bea89&uri=pin.php%3Fid%3D206898-296%26name%3Drangamma%20mangamma%20lyrics" "Mozilla/5.0 (Linux; Android 10; K) AppleWebKit/537.36 (KHTML, like Gecko) Chrome/138.0.0.0 Mobile Safari/537.36"
2409:4042:2e15:b2fe:2e79:f7a0:d177:ff24 - - [15/Jul/2025:15:32:27 +0000] "GET /wp-content/plugins/jeg-elementor-kit/assets/js/sweetalert2/sweetalert2.min.css?ver=11.6.16 HTTP/1.1" 304 - "https://kelaby.company/?h=6194941081960&mod=e50bea89&uri=pin.php%3Fid%3D206898-296%26name%3Drangamma%20mangamma%20lyrics" "Mozilla/5.0 (Linux; Android 10; K) AppleWebKit/537.36 (KHTML, like Gecko) Chrome/138.0.0.0 Mobile Safari/537.36"
2409:4042:2e15:b2fe:2e79:f7a0:d177:ff24 - - [15/Jul/2025:15:32:27 +0000] "GET /wp-content/themes/hello-elementor/assets/css/theme.css?ver=3.4.4 HTTP/1.1" 200 1271 "https://kelaby.company/?h=6194941081960&mod=e50bea89&uri=pin.php%3Fid%3D206898-296%26name%3Drangamma%20mangamma%20lyrics" "Mozilla/5.0 (Linux; Android 10; K) AppleWebKit/537.36 (KHTML, like Gecko) Chrome/138.0.0.0 Mobile Safari/537.36"
2409:4042:2e15:b2fe:2e79:f7a0:d177:ff24 - - [15/Jul/2025:15:32:27 +0000] "GET /wp-content/themes/hello-elementor/assets/css/reset.css?ver=3.4.4 HTTP/1.1" 304 - "https://kelaby.company/?h=6194941081960&mod=e50bea89&uri=pin.php%3Fid%3D206898-296%26name%3Drangamma%20mangamma%20lyrics" "Mozilla/5.0 (Linux; Android 10; K) AppleWebKit/537.36 (KHTML, like Gecko) Chrome/138.0.0.0 Mobile Safari/537.36"
2409:4042:2e15:b2fe:2e79:f7a0:d177:ff24 - - [15/Jul/2025:15:32:27 +0000] "GET /wp-content/themes/hello-elementor/assets/css/header-footer.css?ver=3.4.4 HTTP/1.1" 304 - "https://kelaby.company/?h=6194941081960&mod=e50bea89&uri=pin.php%3Fid%3D206898-296%26name%3Drangamma%20mangamma%20lyrics" "Mozilla/5.0 (Linux; Android 10; K) AppleWebKit/537.36 (KHTML, like Gecko) Chrome/138.0.0.0 Mobile Safari/537.36"
2409:4042:2e15:b2fe:2e79:f7a0:d177:ff24 - - [15/Jul/2025:15:32:27 +0000] "GET /wp-content/uploads/elementor/google-fonts/css/poppins.css?ver=1742270347 HTTP/1.1" 304 - "https://kelaby.company/?h=6194941081960&mod=e50bea89&uri=pin.php%3Fid%3D206898-296%26name%3Drangamma%20mangamma%20lyrics" "Mozilla/5.0 (Linux; Android 10; K) AppleWebKit/537.36 (KHTML, like Gecko) Chrome/138.0.0.0 Mobile Safari/537.36"
2409:4042:2e15:b2fe:2e79:f7a0:d177:ff24 - - [15/Jul/2025:15:32:27 +0000] "GET /wp-content/uploads/elementor/css/post-1075.css?ver=1752120155 HTTP/1.1" 304 - "https://kelaby.company/?h=6194941081960&mod=e50bea89&uri=pin.php%3Fid%3D206898-296%26name%3Drangamma%20mangamma%20lyrics" "Mozilla/5.0 (Linux; Android 10; K) AppleWebKit/537.36 (KHTML, like Gecko) Chrome/138.0.0.0 Mobile Safari/537.36"
2409:4042:2e15:b2fe:2e79:f7a0:d177:ff24 - - [15/Jul/2025:15:32:27 +0000] "GET /wp-content/uploads/elementor/google-fonts/css/roboto.css?ver=1742270391 HTTP/1.1" 304 - "https://kelaby.company/?h=6194941081960&mod=e50bea89&uri=pin.php%3Fid%3D206898-296%26name%3Drangamma%20mangamma%20lyrics" "Mozilla/5.0 (Linux; Android 10; K) AppleWebKit/537.36 (KHTML, like Gecko) Chrome/138.0.0.0 Mobile Safari/537.36"
2409:4042:2e15:b2fe:2e79:f7a0:d177:ff24 - - [15/Jul/2025:15:32:27 +0000] "GET /wp-content/plugins/jeg-elementor-kit/assets/fonts/jkiticon/jkiticon.css?ver=2.6.13 HTTP/1.1" 304 - "https://kelaby.company/?h=6194941081960&mod=e50bea89&uri=pin.php%3Fid%3D206898-296%26name%3Drangamma%20mangamma%20lyrics" "Mozilla/5.0 (Linux; Android 10; K) AppleWebKit/537.36 (KHTML, like Gecko) Chrome/138.0.0.0 Mobile Safari/537.36"
2409:4042:2e15:b2fe:2e79:f7a0:d177:ff24 - - [15/Jul/2025:15:32:27 +0000] "GET /wp-includes/js/jquery/jquery.min.js?ver=3.7.1 HTTP/1.1" 304 - "https://kelaby.company/?h=6194941081960&mod=e50bea89&uri=pin.php%3Fid%3D206898-296%26name%3Drangamma%20mangamma%20lyrics" "Mozilla/5.0 (Linux; Android 10; K) AppleWebKit/537.36 (KHTML, like Gecko) Chrome/138.0.0.0 Mobile Safari/537.36"
2409:4042:2e15:b2fe:2e79:f7a0:d177:ff24 - - [15/Jul/2025:15:32:27 +0000] "GET /wp-includes/js/jquery/jquery-migrate.min.js?ver=3.4.1 HTTP/1.1" 304 - "https://kelaby.company/?h=6194941081960&mod=e50bea89&uri=pin.php%3Fid%3D206898-296%26name%3Drangamma%20mangamma%20lyrics" "Mozilla/5.0 (Linux; Android 10; K) AppleWebKit/537.36 (KHTML, like Gecko) Chrome/138.0.0.0 Mobile Safari/537.36"
2409:4042:2e15:b2fe:2e79:f7a0:d177:ff24 - - [15/Jul/2025:15:32:27 +0000] "GET /wp-content/uploads/2024/07/Asset-5-2.png HTTP/1.1" 304 - "https://kelaby.company/?h=6194941081960&mod=e50bea89&uri=pin.php%3Fid%3D206898-296%26name%3Drangamma%20mangamma%20lyrics" "Mozilla/5.0 (Linux; Android 10; K) AppleWebKit/537.36 (KHTML, like Gecko) Chrome/138.0.0.0 Mobile Safari/537.36"
2409:4042:2e15:b2fe:2e79:f7a0:d177:ff24 - - [15/Jul/2025:15:32:27 +0000] "GET /wp-content/uploads/2024/07/cropped-Asset-5-2.png HTTP/1.1" 304 - "https://kelaby.company/?h=6194941081960&mod=e50bea89&uri=pin.php%3Fid%3D206898-296%26name%3Drangamma%20mangamma%20lyrics" "Mozilla/5.0 (Linux; Android 10; K) AppleWebKit/537.36 (KHTML, like Gecko) Chrome/138.0.0.0 Mobile Safari/537.36"
2409:4042:2e15:b2fe:2e79:f7a0:d177:ff24 - - [15/Jul/2025:15:32:27 +0000] "GET /wp-content/uploads/2024/06/portrait-of-entrepreneur-2.jpg HTTP/1.1" 304 - "https://kelaby.company/?h=6194941081960&mod=e50bea89&uri=pin.php%3Fid%3D206898-296%26name%3Drangamma%20mangamma%20lyrics" "Mozilla/5.0 (Linux; Android 10; K) AppleWebKit/537.36 (KHTML, like Gecko) Chrome/138.0.0.0 Mobile Safari/537.36"
2409:4042:2e15:b2fe:2e79:f7a0:d177:ff24 - - [15/Jul/2025:15:32:30 +0000] "GET /wp-content/uploads/elementor/css/post-926.css?ver=1752120155 HTTP/1.1" 304 - "https://kelaby.company/?h=6194941081960&mod=e50bea89&uri=pin.php%3Fid%3D206898-296%26name%3Drangamma%20mangamma%20lyrics" "Mozilla/5.0 (Linux; Android 10; K) AppleWebKit/537.36 (KHTML, like Gecko) Chrome/138.0.0.0 Mobile Safari/537.36"
2409:4042:2e15:b2fe:2e79:f7a0:d177:ff24 - - [15/Jul/2025:15:32:30 +0000] "GET /wp-content/plugins/elementor/assets/css/widget-icon-list.min.css?ver=3.30.2 HTTP/1.1" 304 - "https://kelaby.company/?h=6194941081960&mod=e50bea89&uri=pin.php%3Fid%3D206898-296%26name%3Drangamma%20mangamma%20lyrics" "Mozilla/5.0 (Linux; Android 10; K) AppleWebKit/537.36 (KHTML, like Gecko) Chrome/138.0.0.0 Mobile Safari/537.36"
2409:4042:2e15:b2fe:2e79:f7a0:d177:ff24 - - [15/Jul/2025:15:32:30 +0000] "GET /wp-content/plugins/jeg-elementor-kit/lib/jeg-framework/assets/css/jeg-dynamic-styles.css?ver=1.3.0 HTTP/1.1" 304 - "https://kelaby.company/?h=6194941081960&mod=e50bea89&uri=pin.php%3Fid%3D206898-296%26name%3Drangamma%20mangamma%20lyrics" "Mozilla/5.0 (Linux; Android 10; K) AppleWebKit/537.36 (KHTML, like Gecko) Chrome/138.0.0.0 Mobile Safari/537.36"
2409:4042:2e15:b2fe:2e79:f7a0:d177:ff24 - - [15/Jul/2025:15:32:30 +0000] "GET /wp-content/uploads/elementor/google-fonts/fonts/poppins-pxibyp8kv8jhgfvrlej6z1xlfq.woff2 HTTP/1.1" 200 8023 "https://kelaby.company/wp-content/uploads/elementor/google-fonts/css/poppins.css?ver=1742270347" "Mozilla/5.0 (Linux; Android 10; K) AppleWebKit/537.36 (KHTML, like Gecko) Chrome/138.0.0.0 Mobile Safari/537.36"
2409:4042:2e15:b2fe:2e79:f7a0:d177:ff24 - - [15/Jul/2025:15:32:30 +0000] "GET /wp-content/plugins/jeg-elementor-kit/assets/fonts/jkiticon/jkiticon.woff2?bv8d8l HTTP/1.1" 304 - "https://kelaby.company/wp-content/plugins/jeg-elementor-kit/assets/fonts/jkiticon/jkiticon.css?ver=2.6.13" "Mozilla/5.0 (Linux; Android 10; K) AppleWebKit/537.36 (KHTML, like Gecko) Chrome/138.0.0.0 Mobile Safari/537.36"
2409:4042:2e15:b2fe:2e79:f7a0:d177:ff24 - - [15/Jul/2025:15:32:30 +0000] "GET /wp-content/uploads/elementor/css/post-928.css?ver=1752120155 HTTP/1.1" 304 - "https://kelaby.company/?h=6194941081960&mod=e50bea89&uri=pin.php%3Fid%3D206898-296%26name%3Drangamma%20mangamma%20lyrics" "Mozilla/5.0 (Linux; Android 10; K) AppleWebKit/537.36 (KHTML, like Gecko) Chrome/138.0.0.0 Mobile Safari/537.36"
2409:4042:2e15:b2fe:2e79:f7a0:d177:ff24 - - [15/Jul/2025:15:32:30 +0000] "GET /wp-content/uploads/elementor/google-fonts/fonts/roboto-kfo7cnqeu92fr1me7ksn66agldtyluama3yuba.woff2 HTTP/1.1" 304 - "https://kelaby.company/wp-content/uploads/elementor/google-fonts/css/roboto.css?ver=1742270391" "Mozilla/5.0 (Linux; Android 10; K) AppleWebKit/537.36 (KHTML, like Gecko) Chrome/138.0.0.0 Mobile Safari/537.36"
2409:4042:2e15:b2fe:2e79:f7a0:d177:ff24 - - [15/Jul/2025:15:32:30 +0000] "GET /wp-content/uploads/2024/07/kyle-brinker-0vVHYD3PcKo-unsplash_3-1.jpg HTTP/1.1" 304 - "https://kelaby.company/wp-content/uploads/elementor/css/post-1075.css?ver=1752120155" "Mozilla/5.0 (Linux; Android 10; K) AppleWebKit/537.36 (KHTML, like Gecko) Chrome/138.0.0.0 Mobile Safari/537.36"
2409:4042:2e15:b2fe:2e79:f7a0:d177:ff24 - - [15/Jul/2025:15:32:30 +0000] "GET /wp-content/uploads/elementor/google-fonts/fonts/poppins-pxibyp8kv8jhgfvrlgt9z1xlfq.woff2 HTTP/1.1" 200 7771 "https://kelaby.company/wp-content/uploads/elementor/google-fonts/css/poppins.css?ver=1742270347" "Mozilla/5.0 (Linux; Android 10; K) AppleWebKit/537.36 (KHTML, like Gecko) Chrome/138.0.0.0 Mobile Safari/537.36"
51.222.253.19 - - [15/Jul/2025:15:32:36 +0000] "GET /?h=18640637011960&mod=47823830&uri=form.php%3Fid%3D622256-720%26name%3Dwhite+adidas+bounce+women%27s HTTP/1.1" 301 - "-" "Mozilla/5.0 (compatible; AhrefsBot/7.0; +http://ahrefs.com/robot/)"
66.249.79.233 - - [15/Jul/2025:15:32:38 +0000] "GET /?h=91806732041960&mod=1397d4cc&uri=goods.php?detail/38012617 HTTP/1.1" 200 19172 "-" "Mozilla/5.0 (Linux; Android 6.0.1; Nexus 5X Build/MMB29P) AppleWebKit/537.36 (KHTML, like Gecko) Chrome/137.0.7151.103 Mobile Safari/537.36 (compatible; Googlebot/2.1; +http://www.google.com/bot.html)"
216.73.216.13 - - [15/Jul/2025:15:32:42 +0000] "GET /detail/306624060 HTTP/1.1" 404 16357 "-" "Mozilla/5.0 AppleWebKit/537.36 (KHTML, like Gecko; compatible; ClaudeBot/1.0; [email protected])"
216.73.216.13 - - [15/Jul/2025:15:32:45 +0000] "GET /detail/197101588 HTTP/1.1" 404 16357 "-" "Mozilla/5.0 AppleWebKit/537.36 (KHTML, like Gecko; compatible; ClaudeBot/1.0; [email protected])"
216.73.216.13 - - [15/Jul/2025:15:32:48 +0000] "GET /detail/307029833 HTTP/1.1" 404 16357 "-" "Mozilla/5.0 AppleWebKit/537.36 (KHTML, like Gecko; compatible; ClaudeBot/1.0; [email protected])"
216.73.216.13 - - [15/Jul/2025:15:32:51 +0000] "GET /detail/306727528 HTTP/1.1" 404 16357 "-" "Mozilla/5.0 AppleWebKit/537.36 (KHTML, like Gecko; compatible; ClaudeBot/1.0; [email protected])"
66.249.79.232 - - [15/Jul/2025:15:32:51 +0000] "GET /?h=65567342031960&mod=6351bf9d&uri=products.php?detail/2601304 HTTP/1.1" 200 19486 "-" "Mozilla/5.0 (Linux; Android 6.0.1; Nexus 5X Build/MMB29P) AppleWebKit/537.36 (KHTML, like Gecko) Chrome/137.0.7151.103 Mobile Safari/537.36 (compatible; Googlebot/2.1; +http://www.google.com/bot.html)"
216.73.216.13 - - [15/Jul/2025:15:32:54 +0000] "GET /detail/306785224 HTTP/1.1" 404 16357 "-" "Mozilla/5.0 AppleWebKit/537.36 (KHTML, like Gecko; compatible; ClaudeBot/1.0; [email protected])"
216.73.216.13 - - [15/Jul/2025:15:32:57 +0000] "GET /detail/306956966 HTTP/1.1" 404 16357 "-" "Mozilla/5.0 AppleWebKit/537.36 (KHTML, like Gecko; compatible; ClaudeBot/1.0; [email protected])"
216.73.216.13 - - [15/Jul/2025:15:33:00 +0000] "GET /detail/306651365 HTTP/1.1" 404 16357 "-" "Mozilla/5.0 AppleWebKit/537.36 (KHTML, like Gecko; compatible; ClaudeBot/1.0; [email protected])"
209.74.77.214 - - [15/Jul/2025:15:33:03 +0000] "POST /wp-cron.php?doing_wp_cron=1752593583.7122490406036376953125 HTTP/1.1" 200 - "-" "WordPress/6.8.1; https://kelaby.company"
216.73.216.13 - - [15/Jul/2025:15:33:03 +0000] "GET /detail/197328135 HTTP/1.1" 404 16357 "-" "Mozilla/5.0 AppleWebKit/537.36 (KHTML, like Gecko; compatible; ClaudeBot/1.0; [email protected])"
66.249.79.232 - - [15/Jul/2025:15:33:05 +0000] "GET /?h=65567342031960&mod=6351bf9d&uri=products.php?detail/2608781 HTTP/1.1" 200 19076 "-" "Mozilla/5.0 (Linux; Android 6.0.1; Nexus 5X Build/MMB29P) AppleWebKit/537.36 (KHTML, like Gecko) Chrome/137.0.7151.103 Mobile Safari/537.36 (compatible; Googlebot/2.1; +http://www.google.com/bot.html)"
216.73.216.13 - - [15/Jul/2025:15:33:06 +0000] "GET /detail/197230933 HTTP/1.1" 404 16357 "-" "Mozilla/5.0 AppleWebKit/537.36 (KHTML, like Gecko; compatible; ClaudeBot/1.0; [email protected])"
216.73.216.13 - - [15/Jul/2025:15:33:09 +0000] "GET /detail/197330505 HTTP/1.1" 404 16357 "-" "Mozilla/5.0 AppleWebKit/537.36 (KHTML, like Gecko; compatible; ClaudeBot/1.0; [email protected])"
216.73.216.13 - - [15/Jul/2025:15:33:12 +0000] "GET /detail/307073576 HTTP/1.1" 404 16357 "-" "Mozilla/5.0 AppleWebKit/537.36 (KHTML, like Gecko; compatible; ClaudeBot/1.0; [email protected])"
216.73.216.13 - - [15/Jul/2025:15:33:15 +0000] "GET /detail/307093427 HTTP/1.1" 404 16357 "-" "Mozilla/5.0 AppleWebKit/537.36 (KHTML, like Gecko; compatible; ClaudeBot/1.0; [email protected])"
209.74.77.214 - - [15/Jul/2025:15:33:18 +0000] "POST /wp-cron.php?doing_wp_cron=1752593598.7455449104309082031250 HTTP/1.1" 200 - "-" "WordPress/6.8.1; https://kelaby.company"
216.73.216.13 - - [15/Jul/2025:15:33:18 +0000] "GET /detail/197373761 HTTP/1.1" 404 16357 "-" "Mozilla/5.0 AppleWebKit/537.36 (KHTML, like Gecko; compatible; ClaudeBot/1.0; [email protected])"
66.249.79.233 - - [15/Jul/2025:15:33:19 +0000] "GET /?h=65567342031960&mod=6351bf9d&uri=products.php?detail/2623349 HTTP/1.1" 200 19094 "-" "Mozilla/5.0 (Linux; Android 6.0.1; Nexus 5X Build/MMB29P) AppleWebKit/537.36 (KHTML, like Gecko) Chrome/137.0.7151.103 Mobile Safari/537.36 (compatible; Googlebot/2.1; +http://www.google.com/bot.html)"
216.73.216.13 - - [15/Jul/2025:15:33:21 +0000] "GET /detail/197462741 HTTP/1.1" 404 16357 "-" "Mozilla/5.0 AppleWebKit/537.36 (KHTML, like Gecko; compatible; ClaudeBot/1.0; [email protected])"
216.73.216.13 - - [15/Jul/2025:15:33:26 +0000] "GET /detail/307048656 HTTP/1.1" 404 16357 "-" "Mozilla/5.0 AppleWebKit/537.36 (KHTML, like Gecko; compatible; ClaudeBot/1.0; [email protected])"
216.73.216.13 - - [15/Jul/2025:15:33:29 +0000] "GET /detail/197450689 HTTP/1.1" 404 16357 "-" "Mozilla/5.0 AppleWebKit/537.36 (KHTML, like Gecko; compatible; ClaudeBot/1.0; [email protected])"
216.73.216.13 - - [15/Jul/2025:15:33:32 +0000] "GET /detail/306831697 HTTP/1.1" 404 16357 "-" "Mozilla/5.0 AppleWebKit/537.36 (KHTML, like Gecko; compatible; ClaudeBot/1.0; [email protected])"
216.73.216.13 - - [15/Jul/2025:15:33:35 +0000] "GET /detail/197280620 HTTP/1.1" 404 16357 "-" "Mozilla/5.0 AppleWebKit/537.36 (KHTML, like Gecko; compatible; ClaudeBot/1.0; [email protected])"
216.73.216.13 - - [15/Jul/2025:15:33:38 +0000] "GET /detail/306955519 HTTP/1.1" 404 16357 "-" "Mozilla/5.0 AppleWebKit/537.36 (KHTML, like Gecko; compatible; ClaudeBot/1.0; [email protected])"
216.73.216.13 - - [15/Jul/2025:15:33:41 +0000] "GET /detail/307038750 HTTP/1.1" 404 16357 "-" "Mozilla/5.0 AppleWebKit/537.36 (KHTML, like Gecko; compatible; ClaudeBot/1.0; [email protected])"
66.249.79.33 - - [15/Jul/2025:15:33:43 +0000] "GET /?h=36559043031960&mod=ec66a085&uri=products.php?feature/shoplist-friendly/index.html HTTP/1.1" 200 19366 "-" "Mozilla/5.0 (Linux; Android 6.0.1; Nexus 5X Build/MMB29P) AppleWebKit/537.36 (KHTML, like Gecko) Chrome/137.0.7151.103 Mobile Safari/537.36 (compatible; Googlebot/2.1; +http://www.google.com/bot.html)"
66.249.79.232 - - [15/Jul/2025:15:33:44 +0000] "GET /?h=65567342031960&mod=6351bf9d&uri=products.php?detail/2617323 HTTP/1.1" 200 21313 "-" "Mozilla/5.0 (Linux; Android 6.0.1; Nexus 5X Build/MMB29P) AppleWebKit/537.36 (KHTML, like Gecko) Chrome/137.0.7151.103 Mobile Safari/537.36 (compatible; Googlebot/2.1; +http://www.google.com/bot.html)"
216.73.216.13 - - [15/Jul/2025:15:33:44 +0000] "GET /detail/197569913 HTTP/1.1" 404 16357 "-" "Mozilla/5.0 AppleWebKit/537.36 (KHTML, like Gecko; compatible; ClaudeBot/1.0; [email protected])"
51.222.253.9 - - [15/Jul/2025:15:33:47 +0000] "GET /?h=19228027021960&mod=678b0b7b&uri=search.php%3Fid%3D641868-733%26name%3Dstar+wars+dish+set HTTP/1.1" 301 - "-" "Mozilla/5.0 (compatible; AhrefsBot/7.0; +http://ahrefs.com/robot/)"
216.73.216.13 - - [15/Jul/2025:15:33:47 +0000] "GET /detail/306683248 HTTP/1.1" 404 16358 "-" "Mozilla/5.0 AppleWebKit/537.36 (KHTML, like Gecko; compatible; ClaudeBot/1.0; [email protected])"
216.73.216.13 - - [15/Jul/2025:15:33:50 +0000] "GET /detail/197317171 HTTP/1.1" 404 16357 "-" "Mozilla/5.0 AppleWebKit/537.36 (KHTML, like Gecko; compatible; ClaudeBot/1.0; [email protected])"
216.73.216.13 - - [15/Jul/2025:15:33:53 +0000] "GET /detail/306664425 HTTP/1.1" 404 16357 "-" "Mozilla/5.0 AppleWebKit/537.36 (KHTML, like Gecko; compatible; ClaudeBot/1.0; [email protected])"
216.73.216.13 - - [15/Jul/2025:15:33:56 +0000] "GET /detail/197430854 HTTP/1.1" 404 16358 "-" "Mozilla/5.0 AppleWebKit/537.36 (KHTML, like Gecko; compatible; ClaudeBot/1.0; [email protected])"
66.249.79.232 - - [15/Jul/2025:15:33:57 +0000] "POST /get-message-notify HTTP/1.1" 200 19473 "https://www.kelaby.company/?h=65567342031960&mod=6351bf9d&uri=products.php?detail/2601304" "Mozilla/5.0 (Linux; Android 6.0.1; Nexus 5X Build/MMB29P) AppleWebKit/537.36 (KHTML, like Gecko) Chrome/137.0.7151.119 Mobile Safari/537.36 (compatible; Googlebot/2.1; +http://www.google.com/bot.html)"
216.73.216.13 - - [15/Jul/2025:15:33:59 +0000] "GET /detail/306927535 HTTP/1.1" 404 16357 "-" "Mozilla/5.0 AppleWebKit/537.36 (KHTML, like Gecko; compatible; ClaudeBot/1.0; [email protected])"
209.74.77.214 - - [15/Jul/2025:15:34:02 +0000] "POST /wp-cron.php?doing_wp_cron=1752593642.6772580146789550781250 HTTP/1.1" 200 - "-" "WordPress/6.8.1; https://kelaby.company"
216.73.216.13 - - [15/Jul/2025:15:34:02 +0000] "GET /detail/306725759 HTTP/1.1" 404 16356 "-" "Mozilla/5.0 AppleWebKit/537.36 (KHTML, like Gecko; compatible; ClaudeBot/1.0; [email protected])"
216.73.216.13 - - [15/Jul/2025:15:34:05 +0000] "GET /detail/197094520 HTTP/1.1" 404 16357 "-" "Mozilla/5.0 AppleWebKit/537.36 (KHTML, like Gecko; compatible; ClaudeBot/1.0; [email protected])"
216.73.216.13 - - [15/Jul/2025:15:34:08 +0000] "GET /detail/197128619 HTTP/1.1" 404 16357 "-" "Mozilla/5.0 AppleWebKit/537.36 (KHTML, like Gecko; compatible; ClaudeBot/1.0; [email protected])"
209.74.77.214 - - [15/Jul/2025:15:34:23 +0000] "POST /wp-cron.php?doing_wp_cron=1752593663.2258119583129882812500 HTTP/1.1" 200 - "-" "WordPress/6.8.1; https://kelaby.company"
216.73.216.13 - - [15/Jul/2025:15:34:23 +0000] "GET /detail/197239752 HTTP/1.1" 404 16357 "-" "Mozilla/5.0 AppleWebKit/537.36 (KHTML, like Gecko; compatible; ClaudeBot/1.0; [email protected])"
216.73.216.13 - - [15/Jul/2025:15:34:25 +0000] "GET /detail/306667316 HTTP/1.1" 404 16357 "-" "Mozilla/5.0 AppleWebKit/537.36 (KHTML, like Gecko; compatible; ClaudeBot/1.0; [email protected])"
216.73.216.13 - - [15/Jul/2025:15:34:28 +0000] "GET /detail/197481564 HTTP/1.1" 404 16357 "-" "Mozilla/5.0 AppleWebKit/537.36 (KHTML, like Gecko; compatible; ClaudeBot/1.0; [email protected])"
216.73.216.13 - - [15/Jul/2025:15:34:31 +0000] "GET /detail/197339552 HTTP/1.1" 404 16357 "-" "Mozilla/5.0 AppleWebKit/537.36 (KHTML, like Gecko; compatible; ClaudeBot/1.0; [email protected])"
216.73.216.13 - - [15/Jul/2025:15:34:34 +0000] "GET /detail/197241541 HTTP/1.1" 404 16357 "-" "Mozilla/5.0 AppleWebKit/537.36 (KHTML, like Gecko; compatible; ClaudeBot/1.0; [email protected])"
216.73.216.13 - - [15/Jul/2025:15:34:37 +0000] "GET /detail/306991579 HTTP/1.1" 404 16357 "-" "Mozilla/5.0 AppleWebKit/537.36 (KHTML, like Gecko; compatible; ClaudeBot/1.0; [email protected])"
216.73.216.13 - - [15/Jul/2025:15:34:40 +0000] "GET /detail/197152625 HTTP/1.1" 404 16357 "-" "Mozilla/5.0 AppleWebKit/537.36 (KHTML, like Gecko; compatible; ClaudeBot/1.0; [email protected])"
216.73.216.13 - - [15/Jul/2025:15:34:43 +0000] "GET /detail/197403256 HTTP/1.1" 404 16358 "-" "Mozilla/5.0 AppleWebKit/537.36 (KHTML, like Gecko; compatible; ClaudeBot/1.0; [email protected])"
216.73.216.13 - - [15/Jul/2025:15:34:46 +0000] "GET /detail/306968515 HTTP/1.1" 404 16357 "-" "Mozilla/5.0 AppleWebKit/537.36 (KHTML, like Gecko; compatible; ClaudeBot/1.0; [email protected])"
66.249.79.233 - - [15/Jul/2025:15:34:49 +0000] "GET /?h=65567342031960&mod=6351bf9d&uri=products.php?product/edit/K772923766 HTTP/1.1" 200 19237 "-" "Mozilla/5.0 (Linux; Android 6.0.1; Nexus 5X Build/MMB29P) AppleWebKit/537.36 (KHTML, like Gecko) Chrome/137.0.7151.103 Mobile Safari/537.36 (compatible; Googlebot/2.1; +http://www.google.com/bot.html)"
216.73.216.13 - - [15/Jul/2025:15:34:49 +0000] "GET /detail/197100208 HTTP/1.1" 404 16357 "-" "Mozilla/5.0 AppleWebKit/537.36 (KHTML, like Gecko; compatible; ClaudeBot/1.0; [email protected])"
216.73.216.13 - - [15/Jul/2025:15:34:52 +0000] "GET /detail/197200136 HTTP/1.1" 404 16357 "-" "Mozilla/5.0 AppleWebKit/537.36 (KHTML, like Gecko; compatible; ClaudeBot/1.0; [email protected])"
216.73.216.13 - - [15/Jul/2025:15:34:55 +0000] "GET /detail/307098347 HTTP/1.1" 404 16357 "-" "Mozilla/5.0 AppleWebKit/537.36 (KHTML, like Gecko; compatible; ClaudeBot/1.0; [email protected])"
216.73.216.13 - - [15/Jul/2025:15:34:58 +0000] "GET /detail/197411073 HTTP/1.1" 404 16356 "-" "Mozilla/5.0 AppleWebKit/537.36 (KHTML, like Gecko; compatible; ClaudeBot/1.0; [email protected])"
209.74.77.214 - - [15/Jul/2025:15:35:24 +0000] "POST /wp-cron.php?doing_wp_cron=1752593724.8534131050109863281250 HTTP/1.1" 200 - "-" "WordPress/6.8.1; https://kelaby.company"
216.73.216.13 - - [15/Jul/2025:15:35:24 +0000] "GET /detail/307078578 HTTP/1.1" 404 16357 "-" "Mozilla/5.0 AppleWebKit/537.36 (KHTML, like Gecko; compatible; ClaudeBot/1.0; [email protected])"
66.249.79.234 - - [15/Jul/2025:15:35:25 +0000] "GET /?h=65567342031960&mod=6351bf9d&uri=products.php?detail/2621987 HTTP/1.1" 200 19469 "-" "Mozilla/5.0 (Linux; Android 6.0.1; Nexus 5X Build/MMB29P) AppleWebKit/537.36 (KHTML, like Gecko) Chrome/137.0.7151.103 Mobile Safari/537.36 (compatible; Googlebot/2.1; +http://www.google.com/bot.html)"
216.73.216.13 - - [15/Jul/2025:15:35:27 +0000] "GET /detail/197540905 HTTP/1.1" 404 16357 "-" "Mozilla/5.0 AppleWebKit/537.36 (KHTML, like Gecko; compatible; ClaudeBot/1.0; [email protected])"
216.73.216.13 - - [15/Jul/2025:15:35:30 +0000] "GET /detail/197383427 HTTP/1.1" 404 16357 "-" "Mozilla/5.0 AppleWebKit/537.36 (KHTML, like Gecko; compatible; ClaudeBot/1.0; [email protected])"
216.73.216.13 - - [15/Jul/2025:15:35:33 +0000] "GET /detail/197224158 HTTP/1.1" 404 16357 "-" "Mozilla/5.0 AppleWebKit/537.36 (KHTML, like Gecko; compatible; ClaudeBot/1.0; [email protected])"
216.73.216.13 - - [15/Jul/2025:15:35:36 +0000] "GET /detail/197337018 HTTP/1.1" 404 16358 "-" "Mozilla/5.0 AppleWebKit/537.36 (KHTML, like Gecko; compatible; ClaudeBot/1.0; [email protected])"
216.73.216.13 - - [15/Jul/2025:15:35:39 +0000] "GET /detail/197416057 HTTP/1.1" 404 16357 "-" "Mozilla/5.0 AppleWebKit/537.36 (KHTML, like Gecko; compatible; ClaudeBot/1.0; [email protected])"
216.73.216.13 - - [15/Jul/2025:15:35:42 +0000] "GET /detail/197460355 HTTP/1.1" 404 16357 "-" "Mozilla/5.0 AppleWebKit/537.36 (KHTML, like Gecko; compatible; ClaudeBot/1.0; [email protected])"
216.73.216.13 - - [15/Jul/2025:15:35:45 +0000] "GET /detail/197559943 HTTP/1.1" 404 16358 "-" "Mozilla/5.0 AppleWebKit/537.36 (KHTML, like Gecko; compatible; ClaudeBot/1.0; [email protected])"
216.73.216.13 - - [15/Jul/2025:15:35:48 +0000] "GET /detail/197353247 HTTP/1.1" 404 16357 "-" "Mozilla/5.0 AppleWebKit/537.36 (KHTML, like Gecko; compatible; ClaudeBot/1.0; [email protected])"
216.73.216.13 - - [15/Jul/2025:15:35:51 +0000] "GET /detail/197139419 HTTP/1.1" 404 16357 "-" "Mozilla/5.0 AppleWebKit/537.36 (KHTML, like Gecko; compatible; ClaudeBot/1.0; [email protected])"
216.73.216.13 - - [15/Jul/2025:15:35:54 +0000] "GET /detail/197166464 HTTP/1.1" 404 16358 "-" "Mozilla/5.0 AppleWebKit/537.36 (KHTML, like Gecko; compatible; ClaudeBot/1.0; [email protected])"
216.73.216.13 - - [15/Jul/2025:15:35:57 +0000] "GET /detail/197567315 HTTP/1.1" 404 16357 "-" "Mozilla/5.0 AppleWebKit/537.36 (KHTML, like Gecko; compatible; ClaudeBot/1.0; [email protected])"
216.73.216.13 - - [15/Jul/2025:15:36:00 +0000] "GET /detail/197350352 HTTP/1.1" 404 16357 "-" "Mozilla/5.0 AppleWebKit/537.36 (KHTML, like Gecko; compatible; ClaudeBot/1.0; [email protected])"
66.249.79.233 - - [15/Jul/2025:15:36:02 +0000] "GET /?h=65567342031960&mod=6351bf9d&uri=products.php?detail/2602474 HTTP/1.1" 200 19390 "-" "Mozilla/5.0 (Linux; Android 6.0.1; Nexus 5X Build/MMB29P) AppleWebKit/537.36 (KHTML, like Gecko) Chrome/137.0.7151.103 Mobile Safari/537.36 (compatible; Googlebot/2.1; +http://www.google.com/bot.html)"
209.74.77.214 - - [15/Jul/2025:15:36:03 +0000] "POST /wp-cron.php?doing_wp_cron=1752593763.6514890193939208984375 HTTP/1.1" 200 - "-" "WordPress/6.8.1; https://kelaby.company"
216.73.216.13 - - [15/Jul/2025:15:36:03 +0000] "GET /detail/306637394 HTTP/1.1" 404 16357 "-" "Mozilla/5.0 AppleWebKit/537.36 (KHTML, like Gecko; compatible; ClaudeBot/1.0; [email protected])"
216.73.216.13 - - [15/Jul/2025:15:36:06 +0000] "GET /detail/306731168 HTTP/1.1" 404 16357 "-" "Mozilla/5.0 AppleWebKit/537.36 (KHTML, like Gecko; compatible; ClaudeBot/1.0; [email protected])"
66.249.79.32 - - [15/Jul/2025:15:36:11 +0000] "GET /?h=32925998061960&mod=fd683032&uri=itm.php?detail/35637920 HTTP/1.1" 200 18978 "-" "Mozilla/5.0 (Linux; Android 6.0.1; Nexus 5X Build/MMB29P) AppleWebKit/537.36 (KHTML, like Gecko) Chrome/137.0.7151.103 Mobile Safari/537.36 (compatible; Googlebot/2.1; +http://www.google.com/bot.html)"
66.249.79.230 - - [15/Jul/2025:15:36:16 +0000] "GET /?h=65567342031960&mod=6351bf9d&uri=products.php?detail/2604263 HTTP/1.1" 200 18998 "-" "Mozilla/5.0 (Linux; Android 6.0.1; Nexus 5X Build/MMB29P) AppleWebKit/537.36 (KHTML, like Gecko) Chrome/137.0.7151.103 Mobile Safari/537.36 (compatible; Googlebot/2.1; +http://www.google.com/bot.html)"
209.74.77.214 - - [15/Jul/2025:15:36:26 +0000] "POST /wp-cron.php?doing_wp_cron=1752593786.7625849246978759765625 HTTP/1.1" 200 - "-" "WordPress/6.8.1; https://kelaby.company"
51.222.253.4 - - [15/Jul/2025:15:36:26 +0000] "GET /?h=22579004071960&mod=0fb6e518&uri=us.php%3Fid%3D753654-820%26name%3Dlbj+13 HTTP/1.1" 301 - "-" "Mozilla/5.0 (compatible; AhrefsBot/7.0; +http://ahrefs.com/robot/)"
66.249.79.230 - - [15/Jul/2025:15:36:52 +0000] "GET /?h=65567342031960&mod=6351bf9d&uri=products.php?detail/2602755 HTTP/1.1" 200 21345 "-" "Mozilla/5.0 (Linux; Android 6.0.1; Nexus 5X Build/MMB29P) AppleWebKit/537.36 (KHTML, like Gecko) Chrome/137.0.7151.103 Mobile Safari/537.36 (compatible; Googlebot/2.1; +http://www.google.com/bot.html)"
66.249.79.230 - - [15/Jul/2025:15:36:54 +0000] "GET /?h=91806732041960&mod=1397d4cc&uri=goods.php?detail/36458593 HTTP/1.1" 200 21139 "-" "Mozilla/5.0 (Linux; Android 6.0.1; Nexus 5X Build/MMB29P) AppleWebKit/537.36 (KHTML, like Gecko) Chrome/137.0.7151.103 Mobile Safari/537.36 (compatible; Googlebot/2.1; +http://www.google.com/bot.html)"
216.73.216.13 - - [15/Jul/2025:15:36:55 +0000] "GET /detail/197465339 HTTP/1.1" 404 16358 "-" "Mozilla/5.0 AppleWebKit/537.36 (KHTML, like Gecko; compatible; ClaudeBot/1.0; [email protected])"
216.73.216.13 - - [15/Jul/2025:15:36:58 +0000] "GET /detail/197506079 HTTP/1.1" 404 16357 "-" "Mozilla/5.0 AppleWebKit/537.36 (KHTML, like Gecko; compatible; ClaudeBot/1.0; [email protected])"
209.74.77.214 - - [15/Jul/2025:15:37:01 +0000] "POST /wp-cron.php?doing_wp_cron=1752593821.7732849121093750000000 HTTP/1.1" 200 - "-" "WordPress/6.8.1; https://kelaby.company"
216.73.216.13 - - [15/Jul/2025:15:37:01 +0000] "GET /detail/197236621 HTTP/1.1" 404 16357 "-" "Mozilla/5.0 AppleWebKit/537.36 (KHTML, like Gecko; compatible; ClaudeBot/1.0; [email protected])"
216.73.216.13 - - [15/Jul/2025:15:37:04 +0000] "GET /detail/306911516 HTTP/1.1" 404 16357 "-" "Mozilla/5.0 AppleWebKit/537.36 (KHTML, like Gecko; compatible; ClaudeBot/1.0; [email protected])"
216.73.216.13 - - [15/Jul/2025:15:37:07 +0000] "GET /detail/197432709 HTTP/1.1" 404 16357 "-" "Mozilla/5.0 AppleWebKit/537.36 (KHTML, like Gecko; compatible; ClaudeBot/1.0; [email protected])"
216.73.216.13 - - [15/Jul/2025:15:37:10 +0000] "GET /detail/197199046 HTTP/1.1" 404 16357 "-" "Mozilla/5.0 AppleWebKit/537.36 (KHTML, like Gecko; compatible; ClaudeBot/1.0; [email protected])"
216.73.216.13 - - [15/Jul/2025:15:37:13 +0000] "GET /detail/197275974 HTTP/1.1" 404 16357 "-" "Mozilla/5.0 AppleWebKit/537.36 (KHTML, like Gecko; compatible; ClaudeBot/1.0; [email protected])"
216.73.216.13 - - [15/Jul/2025:15:37:16 +0000] "GET /detail/197092687 HTTP/1.1" 404 16357 "-" "Mozilla/5.0 AppleWebKit/537.36 (KHTML, like Gecko; compatible; ClaudeBot/1.0; [email protected])"
209.74.77.214 - - [15/Jul/2025:15:37:19 +0000] "POST /wp-cron.php?doing_wp_cron=1752593839.7648479938507080078125 HTTP/1.1" 200 - "-" "WordPress/6.8.1; https://kelaby.company"
216.73.216.13 - - [15/Jul/2025:15:37:19 +0000] "GET /detail/197178925 HTTP/1.1" 404 16357 "-" "Mozilla/5.0 AppleWebKit/537.36 (KHTML, like Gecko; compatible; ClaudeBot/1.0; [email protected])"
216.73.216.13 - - [15/Jul/2025:15:37:22 +0000] "GET /detail/197392584 HTTP/1.1" 404 16357 "-" "Mozilla/5.0 AppleWebKit/537.36 (KHTML, like Gecko; compatible; ClaudeBot/1.0; [email protected])"
216.73.216.13 - - [15/Jul/2025:15:37:25 +0000] "GET /detail/307056958 HTTP/1.1" 404 16357 "-" "Mozilla/5.0 AppleWebKit/537.36 (KHTML, like Gecko; compatible; ClaudeBot/1.0; [email protected])"
216.73.216.13 - - [15/Jul/2025:15:37:28 +0000] "GET /detail/197359257 HTTP/1.1" 404 16358 "-" "Mozilla/5.0 AppleWebKit/537.36 (KHTML, like Gecko; compatible; ClaudeBot/1.0; [email protected])"
66.249.79.231 - - [15/Jul/2025:15:37:29 +0000] "GET /?h=65567342031960&mod=6351bf9d&uri=products.php?detail/2605902 HTTP/1.1" 200 19189 "-" "Mozilla/5.0 (Linux; Android 6.0.1; Nexus 5X Build/MMB29P) AppleWebKit/537.36 (KHTML, like Gecko) Chrome/137.0.7151.103 Mobile Safari/537.36 (compatible; Googlebot/2.1; +http://www.google.com/bot.html)"
216.73.216.13 - - [15/Jul/2025:15:37:31 +0000] "GET /detail/197190486 HTTP/1.1" 404 16357 "-" "Mozilla/5.0 AppleWebKit/537.36 (KHTML, like Gecko; compatible; ClaudeBot/1.0; [email protected])"
2a01:4f9:3051:1e6b::2 - - [15/Jul/2025:15:37:33 +0000] "POST /xmlrpc.php HTTP/1.1" 200 206 "https://kelaby.company" "Mozilla/5.0 (Macintosh; Intel Mac OS X 14_4_1) AppleWebKit/605.1.15 (KHTML, like Gecko) Version/17.3.1 Safari/605.1.15"
216.73.216.13 - - [15/Jul/2025:15:37:34 +0000] "GET /detail/197210467 HTTP/1.1" 404 16357 "-" "Mozilla/5.0 AppleWebKit/537.36 (KHTML, like Gecko; compatible; ClaudeBot/1.0; [email protected])"
216.73.216.13 - - [15/Jul/2025:15:37:40 +0000] "GET /detail/306848331 HTTP/1.1" 404 16357 "-" "Mozilla/5.0 AppleWebKit/537.36 (KHTML, like Gecko; compatible; ClaudeBot/1.0; [email protected])"
216.73.216.13 - - [15/Jul/2025:15:37:42 +0000] "GET /detail/306920339 HTTP/1.1" 404 16357 "-" "Mozilla/5.0 AppleWebKit/537.36 (KHTML, like Gecko; compatible; ClaudeBot/1.0; [email protected])"
66.249.79.230 - - [15/Jul/2025:15:37:43 +0000] "GET /?h=91806732041960&mod=1397d4cc&uri=goods.php?detail/38019813 HTTP/1.1" 200 19166 "-" "Mozilla/5.0 (Linux; Android 6.0.1; Nexus 5X Build/MMB29P) AppleWebKit/537.36 (KHTML, like Gecko) Chrome/137.0.7151.103 Mobile Safari/537.36 (compatible; Googlebot/2.1; +http://www.google.com/bot.html)"
216.73.216.13 - - [15/Jul/2025:15:37:45 +0000] "GET /detail/306942297 HTTP/1.1" 404 16357 "-" "Mozilla/5.0 AppleWebKit/537.36 (KHTML, like Gecko; compatible; ClaudeBot/1.0; [email protected])"
66.249.79.231 - - [15/Jul/2025:15:37:47 +0000] "POST /get-message-notify HTTP/1.1" 200 19473 "https://www.kelaby.company/?h=91806732041960&mod=1397d4cc&uri=goods.php?detail/36458593" "Mozilla/5.0 (Linux; Android 6.0.1; Nexus 5X Build/MMB29P) AppleWebKit/537.36 (KHTML, like Gecko) Chrome/137.0.7151.119 Mobile Safari/537.36 (compatible; Googlebot/2.1; +http://www.google.com/bot.html)"
216.73.216.13 - - [15/Jul/2025:15:37:48 +0000] "GET /detail/197433306 HTTP/1.1" 404 16357 "-" "Mozilla/5.0 AppleWebKit/537.36 (KHTML, like Gecko; compatible; ClaudeBot/1.0; [email protected])"
216.73.216.13 - - [15/Jul/2025:15:37:51 +0000] "GET /detail/307014239 HTTP/1.1" 404 16357 "-" "Mozilla/5.0 AppleWebKit/537.36 (KHTML, like Gecko; compatible; ClaudeBot/1.0; [email protected])"
66.249.79.230 - - [15/Jul/2025:15:37:54 +0000] "GET /?h=65567342031960&mod=6351bf9d&uri=products.php?detail/2599958 HTTP/1.1" 200 20186 "-" "Mozilla/5.0 (Linux; Android 6.0.1; Nexus 5X Build/MMB29P) AppleWebKit/537.36 (KHTML, like Gecko) Chrome/137.0.7151.103 Mobile Safari/537.36 (compatible; Googlebot/2.1; +http://www.google.com/bot.html)"
216.73.216.13 - - [15/Jul/2025:15:37:54 +0000] "GET /detail/306669089 HTTP/1.1" 404 16357 "-" "Mozilla/5.0 AppleWebKit/537.36 (KHTML, like Gecko; compatible; ClaudeBot/1.0; [email protected])"
