216.73.216.13 - - [15/Jul/2025:15:03:49 +0000] "GET /detail/306900211 HTTP/1.1" 404 16357 "-" "Mozilla/5.0 AppleWebKit/537.36 (KHTML, like Gecko; compatible; ClaudeBot/1.0; [email protected])"
216.73.216.13 - - [15/Jul/2025:15:03:52 +0000] "GET /detail/197159412 HTTP/1.1" 404 16357 "-" "Mozilla/5.0 AppleWebKit/537.36 (KHTML, like Gecko; compatible; ClaudeBot/1.0; [email protected])"
216.73.216.13 - - [15/Jul/2025:15:03:55 +0000] "GET /detail/306767244 HTTP/1.1" 404 16357 "-" "Mozilla/5.0 AppleWebKit/537.36 (KHTML, like Gecko; compatible; ClaudeBot/1.0; [email protected])"
66.249.79.37 - - [15/Jul/2025:15:03:56 +0000] "GET /detail/60357959 HTTP/1.1" 200 20281 "-" "Mozilla/5.0 (Linux; Android 6.0.1; Nexus 5X Build/MMB29P) AppleWebKit/537.36 (KHTML, like Gecko) Chrome/137.0.7151.103 Mobile Safari/537.36 (compatible; GoogleOther)"
216.73.216.13 - - [15/Jul/2025:15:03:58 +0000] "GET /detail/197407433 HTTP/1.1" 404 16357 "-" "Mozilla/5.0 AppleWebKit/537.36 (KHTML, like Gecko; compatible; ClaudeBot/1.0; [email protected])"
209.74.77.214 - - [15/Jul/2025:15:04:02 +0000] "POST /wp-cron.php?doing_wp_cron=1752591841.9002521038055419921875 HTTP/1.1" 200 - "-" "WordPress/6.8.1; https://kelaby.company"
216.73.216.13 - - [15/Jul/2025:15:04:01 +0000] "GET /detail/306699477 HTTP/1.1" 404 16357 "-" "Mozilla/5.0 AppleWebKit/537.36 (KHTML, like Gecko; compatible; ClaudeBot/1.0; [email protected])"
66.249.79.232 - - [15/Jul/2025:15:04:04 +0000] "GET /?h=91806732041960&mod=1397d4cc&uri=goods.php?detail/36473454 HTTP/1.1" 200 19381 "-" "Mozilla/5.0 (Linux; Android 6.0.1; Nexus 5X Build/MMB29P) AppleWebKit/537.36 (KHTML, like Gecko) Chrome/137.0.7151.103 Mobile Safari/537.36 (compatible; Googlebot/2.1; +http://www.google.com/bot.html)"
216.73.216.13 - - [15/Jul/2025:15:04:04 +0000] "GET /detail/197552466 HTTP/1.1" 404 16357 "-" "Mozilla/5.0 AppleWebKit/537.36 (KHTML, like Gecko; compatible; ClaudeBot/1.0; [email protected])"
216.73.216.13 - - [15/Jul/2025:15:04:07 +0000] "GET /detail/307114572 HTTP/1.1" 404 16356 "-" "Mozilla/5.0 AppleWebKit/537.36 (KHTML, like Gecko; compatible; ClaudeBot/1.0; [email protected])"
66.249.79.37 - - [15/Jul/2025:15:04:23 +0000] "GET /detail/60402303 HTTP/1.1" 200 19718 "-" "Mozilla/5.0 (Linux; Android 6.0.1; Nexus 5X Build/MMB29P) AppleWebKit/537.36 (KHTML, like Gecko) Chrome/137.0.7151.103 Mobile Safari/537.36 (compatible; GoogleOther)"
66.249.79.230 - - [15/Jul/2025:15:04:36 +0000] "GET /?h=91806732041960&mod=1397d4cc&uri=goods.php?detail/36474544 HTTP/1.1" 200 20081 "-" "Mozilla/5.0 (Linux; Android 6.0.1; Nexus 5X Build/MMB29P) AppleWebKit/537.36 (KHTML, like Gecko) Chrome/137.0.7151.103 Mobile Safari/537.36 (compatible; Googlebot/2.1; +http://www.google.com/bot.html)"
66.249.79.230 - - [15/Jul/2025:15:04:36 +0000] "GET /?h=37153867081960&mod=4b3da53a&uri=shared.php%3Fid%3D1240042-308%26name%3Dlime+green+tie+dye+hoodie HTTP/1.1" 200 21343 "-" "Mozilla/5.0 (Linux; Android 6.0.1; Nexus 5X Build/MMB29P) AppleWebKit/537.36 (KHTML, like Gecko) Chrome/137.0.7151.103 Mobile Safari/537.36 (compatible; Googlebot/2.1; +http://www.google.com/bot.html)"
66.249.79.230 - - [15/Jul/2025:15:04:39 +0000] "POST /get-message-notify HTTP/1.1" 200 19473 "https://www.kelaby.company/?h=91806732041960&mod=1397d4cc&uri=goods.php?detail/36474544" "Mozilla/5.0 (Linux; Android 6.0.1; Nexus 5X Build/MMB29P) AppleWebKit/537.36 (KHTML, like Gecko) Chrome/137.0.7151.119 Mobile Safari/537.36 (compatible; Googlebot/2.1; +http://www.google.com/bot.html)"
66.249.79.37 - - [15/Jul/2025:15:04:51 +0000] "GET /detail/60392036 HTTP/1.1" 200 19866 "-" "Mozilla/5.0 (Linux; Android 6.0.1; Nexus 5X Build/MMB29P) AppleWebKit/537.36 (KHTML, like Gecko) Chrome/137.0.7151.103 Mobile Safari/537.36 (compatible; GoogleOther)"
216.73.216.13 - - [15/Jul/2025:15:05:03 +0000] "GET /robots.txt HTTP/1.1" 304 - "-" "Mozilla/5.0 AppleWebKit/537.36 (KHTML, like Gecko; compatible; ClaudeBot/1.0; [email protected])"
209.74.77.214 - - [15/Jul/2025:15:05:04 +0000] "POST /wp-cron.php?doing_wp_cron=1752591903.9168009757995605468750 HTTP/1.1" 200 - "-" "WordPress/6.8.1; https://kelaby.company"
216.73.216.13 - - [15/Jul/2025:15:05:03 +0000] "GET /detail/307026698 HTTP/1.1" 404 16357 "-" "Mozilla/5.0 AppleWebKit/537.36 (KHTML, like Gecko; compatible; ClaudeBot/1.0; [email protected])"
216.73.216.13 - - [15/Jul/2025:15:05:06 +0000] "GET /detail/306936692 HTTP/1.1" 404 16357 "-" "Mozilla/5.0 AppleWebKit/537.36 (KHTML, like Gecko; compatible; ClaudeBot/1.0; [email protected])"
216.73.216.13 - - [15/Jul/2025:15:05:09 +0000] "GET /detail/306922937 HTTP/1.1" 404 16357 "-" "Mozilla/5.0 AppleWebKit/537.36 (KHTML, like Gecko; compatible; ClaudeBot/1.0; [email protected])"
216.73.216.13 - - [15/Jul/2025:15:05:12 +0000] "GET /detail/307009383 HTTP/1.1" 404 16357 "-" "Mozilla/5.0 AppleWebKit/537.36 (KHTML, like Gecko; compatible; ClaudeBot/1.0; [email protected])"
66.249.79.232 - - [15/Jul/2025:15:05:12 +0000] "GET /?h=91806732041960&mod=1397d4cc&uri=goods.php?detail/36456059 HTTP/1.1" 200 20938 "-" "Mozilla/5.0 (Linux; Android 6.0.1; Nexus 5X Build/MMB29P) AppleWebKit/537.36 (KHTML, like Gecko) Chrome/137.0.7151.103 Mobile Safari/537.36 (compatible; Googlebot/2.1; +http://www.google.com/bot.html)"
216.73.216.13 - - [15/Jul/2025:15:05:15 +0000] "GET /detail/306657245 HTTP/1.1" 404 16357 "-" "Mozilla/5.0 AppleWebKit/537.36 (KHTML, like Gecko; compatible; ClaudeBot/1.0; [email protected])"
66.249.79.230 - - [15/Jul/2025:15:05:15 +0000] "POST /get-message-notify HTTP/1.1" 200 19473 "https://www.kelaby.company/?h=91806732041960&mod=1397d4cc&uri=goods.php?detail/36456059" "Mozilla/5.0 (Linux; Android 6.0.1; Nexus 5X Build/MMB29P) AppleWebKit/537.36 (KHTML, like Gecko) Chrome/137.0.7151.119 Mobile Safari/537.36 (compatible; Googlebot/2.1; +http://www.google.com/bot.html)"
66.249.79.32 - - [15/Jul/2025:15:05:18 +0000] "GET /detail/60394506 HTTP/1.1" 200 19158 "-" "Mozilla/5.0 (Linux; Android 6.0.1; Nexus 5X Build/MMB29P) AppleWebKit/537.36 (KHTML, like Gecko) Chrome/137.0.7151.103 Mobile Safari/537.36 (compatible; GoogleOther)"
209.74.77.214 - - [15/Jul/2025:15:05:18 +0000] "POST /wp-cron.php?doing_wp_cron=1752591918.8616170883178710937500 HTTP/1.1" 200 - "-" "WordPress/6.8.1; https://kelaby.company"
216.73.216.13 - - [15/Jul/2025:15:05:18 +0000] "GET /detail/307097177 HTTP/1.1" 404 16356 "-" "Mozilla/5.0 AppleWebKit/537.36 (KHTML, like Gecko; compatible; ClaudeBot/1.0; [email protected])"
216.73.216.13 - - [15/Jul/2025:15:05:21 +0000] "GET /detail/197509210 HTTP/1.1" 404 16357 "-" "Mozilla/5.0 AppleWebKit/537.36 (KHTML, like Gecko; compatible; ClaudeBot/1.0; [email protected])"
216.73.216.13 - - [15/Jul/2025:15:05:24 +0000] "GET /detail/197329968 HTTP/1.1" 404 16357 "-" "Mozilla/5.0 AppleWebKit/537.36 (KHTML, like Gecko; compatible; ClaudeBot/1.0; [email protected])"
66.249.79.231 - - [15/Jul/2025:15:05:26 +0000] "POST /get-message-notify HTTP/1.1" 200 19473 "https://www.kelaby.company/?h=37153867081960&mod=4b3da53a&uri=shared.php%3Fid%3D1240042-308%26name%3Dlime+green+tie+dye+hoodie" "Mozilla/5.0 (Linux; Android 6.0.1; Nexus 5X Build/MMB29P) AppleWebKit/537.36 (KHTML, like Gecko) Chrome/137.0.7151.119 Mobile Safari/537.36 (compatible; Googlebot/2.1; +http://www.google.com/bot.html)"
66.249.79.230 - - [15/Jul/2025:15:05:26 +0000] "GET /?h=91806732041960&mod=1397d4cc&uri=goods.php?detail/36453673 HTTP/1.1" 200 19815 "-" "Mozilla/5.0 (Linux; Android 6.0.1; Nexus 5X Build/MMB29P) AppleWebKit/537.36 (KHTML, like Gecko) Chrome/137.0.7151.103 Mobile Safari/537.36 (compatible; Googlebot/2.1; +http://www.google.com/bot.html)"
216.73.216.13 - - [15/Jul/2025:15:05:27 +0000] "GET /detail/306760795 HTTP/1.1" 404 16357 "-" "Mozilla/5.0 AppleWebKit/537.36 (KHTML, like Gecko; compatible; ClaudeBot/1.0; [email protected])"
216.73.216.13 - - [15/Jul/2025:15:05:30 +0000] "GET /detail/306983165 HTTP/1.1" 404 16356 "-" "Mozilla/5.0 AppleWebKit/537.36 (KHTML, like Gecko; compatible; ClaudeBot/1.0; [email protected])"
51.222.253.11 - - [15/Jul/2025:15:05:32 +0000] "GET /?h=96652998041960&mod=dc4bd668&uri=news.php%3Fid%3D3225528-892%26name%3Dswarovski+heart+shaped+necklace HTTP/1.1" 301 - "-" "Mozilla/5.0 (compatible; AhrefsBot/7.0; +http://ahrefs.com/robot/)"
216.73.216.13 - - [15/Jul/2025:15:05:33 +0000] "GET /detail/306878253 HTTP/1.1" 404 16357 "-" "Mozilla/5.0 AppleWebKit/537.36 (KHTML, like Gecko; compatible; ClaudeBot/1.0; [email protected])"
216.73.216.13 - - [15/Jul/2025:15:05:36 +0000] "GET /detail/306945252 HTTP/1.1" 404 16357 "-" "Mozilla/5.0 AppleWebKit/537.36 (KHTML, like Gecko; compatible; ClaudeBot/1.0; [email protected])"
216.73.216.13 - - [15/Jul/2025:15:05:39 +0000] "GET /detail/197170020 HTTP/1.1" 404 16357 "-" "Mozilla/5.0 AppleWebKit/537.36 (KHTML, like Gecko; compatible; ClaudeBot/1.0; [email protected])"
66.249.79.230 - - [15/Jul/2025:15:05:40 +0000] "GET /?h=91806732041960&mod=1397d4cc&uri=goods.php?detail/36471260 HTTP/1.1" 200 21358 "-" "Mozilla/5.0 (Linux; Android 6.0.1; Nexus 5X Build/MMB29P) AppleWebKit/537.36 (KHTML, like Gecko) Chrome/137.0.7151.103 Mobile Safari/537.36 (compatible; Googlebot/2.1; +http://www.google.com/bot.html)"
216.73.216.13 - - [15/Jul/2025:15:05:42 +0000] "GET /detail/306975647 HTTP/1.1" 404 16357 "-" "Mozilla/5.0 AppleWebKit/537.36 (KHTML, like Gecko; compatible; ClaudeBot/1.0; [email protected])"
216.73.216.13 - - [15/Jul/2025:15:05:45 +0000] "GET /detail/306914651 HTTP/1.1" 404 16357 "-" "Mozilla/5.0 AppleWebKit/537.36 (KHTML, like Gecko; compatible; ClaudeBot/1.0; [email protected])"
66.249.79.37 - - [15/Jul/2025:15:05:45 +0000] "GET /detail/60389842 HTTP/1.1" 200 20018 "-" "Mozilla/5.0 (Linux; Android 6.0.1; Nexus 5X Build/MMB29P) AppleWebKit/537.36 (KHTML, like Gecko) Chrome/137.0.7151.103 Mobile Safari/537.36 (compatible; GoogleOther)"
66.249.79.230 - - [15/Jul/2025:15:05:54 +0000] "GET /?h=91806732041960&mod=1397d4cc&uri=goods.php?detail/36461338 HTTP/1.1" 200 20118 "-" "Mozilla/5.0 (Linux; Android 6.0.1; Nexus 5X Build/MMB29P) AppleWebKit/537.36 (KHTML, like Gecko) Chrome/137.0.7151.103 Mobile Safari/537.36 (compatible; Googlebot/2.1; +http://www.google.com/bot.html)"
66.249.79.230 - - [15/Jul/2025:15:05:58 +0000] "POST /get-message-notify HTTP/1.1" 200 19473 "https://www.kelaby.company/?h=91806732041960&mod=1397d4cc&uri=goods.php?detail/36461338" "Mozilla/5.0 (Linux; Android 6.0.1; Nexus 5X Build/MMB29P) AppleWebKit/537.36 (KHTML, like Gecko) Chrome/137.0.7151.119 Mobile Safari/537.36 (compatible; Googlebot/2.1; +http://www.google.com/bot.html)"
66.249.79.32 - - [15/Jul/2025:15:06:13 +0000] "GET /detail/3632997 HTTP/1.1" 200 19205 "-" "Mozilla/5.0 (Linux; Android 6.0.1; Nexus 5X Build/MMB29P) AppleWebKit/537.36 (KHTML, like Gecko) Chrome/137.0.7151.103 Mobile Safari/537.36 (compatible; GoogleOther)"
66.249.79.230 - - [15/Jul/2025:15:06:19 +0000] "GET /?h=91806732041960&mod=1397d4cc&uri=goods.php?detail/36460997 HTTP/1.1" 200 19320 "-" "Mozilla/5.0 (Linux; Android 6.0.1; Nexus 5X Build/MMB29P) AppleWebKit/537.36 (KHTML, like Gecko) Chrome/137.0.7151.103 Mobile Safari/537.36 (compatible; Googlebot/2.1; +http://www.google.com/bot.html)"
66.249.79.32 - - [15/Jul/2025:15:06:20 +0000] "GET /?h=102474071001960&mod=4daefab4&uri=blog.php%3Fid%3D3419846-1129%26name%3Dhypno+splash HTTP/1.1" 200 21304 "-" "Mozilla/5.0 (Linux; Android 6.0.1; Nexus 5X Build/MMB29P) AppleWebKit/537.36 (KHTML, like Gecko) Chrome/137.0.7151.103 Mobile Safari/537.36 (compatible; Googlebot/2.1; +http://www.google.com/bot.html)"
66.249.79.230 - - [15/Jul/2025:15:06:33 +0000] "GET /?h=91806732041960&mod=1397d4cc&uri=goods.php?detail/36477094 HTTP/1.1" 200 19387 "-" "Mozilla/5.0 (Linux; Android 6.0.1; Nexus 5X Build/MMB29P) AppleWebKit/537.36 (KHTML, like Gecko) Chrome/137.0.7151.103 Mobile Safari/537.36 (compatible; Googlebot/2.1; +http://www.google.com/bot.html)"
66.249.79.37 - - [15/Jul/2025:15:06:40 +0000] "GET /detail/823457906 HTTP/1.1" 200 18766 "-" "Mozilla/5.0 (Linux; Android 6.0.1; Nexus 5X Build/MMB29P) AppleWebKit/537.36 (KHTML, like Gecko) Chrome/137.0.7151.103 Mobile Safari/537.36 (compatible; GoogleOther)"
209.74.77.214 - - [15/Jul/2025:15:06:41 +0000] "POST /wp-cron.php?doing_wp_cron=1752592000.9719629287719726562500 HTTP/1.1" 200 - "-" "WordPress/6.8.1; https://kelaby.company"
216.73.216.13 - - [15/Jul/2025:15:06:40 +0000] "GET /detail/306715492 HTTP/1.1" 404 16357 "-" "Mozilla/5.0 AppleWebKit/537.36 (KHTML, like Gecko; compatible; ClaudeBot/1.0; [email protected])"
216.73.216.13 - - [15/Jul/2025:15:06:43 +0000] "GET /detail/197154005 HTTP/1.1" 404 16357 "-" "Mozilla/5.0 AppleWebKit/537.36 (KHTML, like Gecko; compatible; ClaudeBot/1.0; [email protected])"
216.73.216.13 - - [15/Jul/2025:15:06:46 +0000] "GET /detail/197136967 HTTP/1.1" 404 16357 "-" "Mozilla/5.0 AppleWebKit/537.36 (KHTML, like Gecko; compatible; ClaudeBot/1.0; [email protected])"
216.73.216.13 - - [15/Jul/2025:15:06:49 +0000] "GET /detail/197225312 HTTP/1.1" 404 16357 "-" "Mozilla/5.0 AppleWebKit/537.36 (KHTML, like Gecko; compatible; ClaudeBot/1.0; [email protected])"
216.73.216.13 - - [15/Jul/2025:15:06:52 +0000] "GET /detail/197502862 HTTP/1.1" 404 16357 "-" "Mozilla/5.0 AppleWebKit/537.36 (KHTML, like Gecko; compatible; ClaudeBot/1.0; [email protected])"
66.249.79.230 - - [15/Jul/2025:15:06:54 +0000] "GET /?h=91806732041960&mod=1397d4cc&uri=goods.php?detail/36469898 HTTP/1.1" 200 19342 "-" "Mozilla/5.0 (Linux; Android 6.0.1; Nexus 5X Build/MMB29P) AppleWebKit/537.36 (KHTML, like Gecko) Chrome/137.0.7151.103 Mobile Safari/537.36 (compatible; Googlebot/2.1; +http://www.google.com/bot.html)"
216.73.216.13 - - [15/Jul/2025:15:06:55 +0000] "GET /detail/306677841 HTTP/1.1" 404 16357 "-" "Mozilla/5.0 AppleWebKit/537.36 (KHTML, like Gecko; compatible; ClaudeBot/1.0; [email protected])"
51.222.253.8 - - [15/Jul/2025:15:06:58 +0000] "GET /?h=96777075071960&mod=a979ca72&uri=news.php%3Fid%3D3229673-167%26name%3Dskechers+go+run+femme+verte HTTP/1.1" 301 - "-" "Mozilla/5.0 (compatible; AhrefsBot/7.0; +http://ahrefs.com/robot/)"
216.73.216.13 - - [15/Jul/2025:15:06:58 +0000] "GET /detail/197390815 HTTP/1.1" 404 16357 "-" "Mozilla/5.0 AppleWebKit/537.36 (KHTML, like Gecko; compatible; ClaudeBot/1.0; [email protected])"
209.74.77.214 - - [15/Jul/2025:15:07:01 +0000] "POST /wp-cron.php?doing_wp_cron=1752592021.9047451019287109375000 HTTP/1.1" 200 - "-" "WordPress/6.8.1; https://kelaby.company"
216.73.216.13 - - [15/Jul/2025:15:07:01 +0000] "GET /detail/307066396 HTTP/1.1" 404 16357 "-" "Mozilla/5.0 AppleWebKit/537.36 (KHTML, like Gecko; compatible; ClaudeBot/1.0; [email protected])"
216.73.216.13 - - [15/Jul/2025:15:07:04 +0000] "GET /detail/306770379 HTTP/1.1" 404 16357 "-" "Mozilla/5.0 AppleWebKit/537.36 (KHTML, like Gecko; compatible; ClaudeBot/1.0; [email protected])"
216.73.216.13 - - [15/Jul/2025:15:07:07 +0000] "GET /detail/306712683 HTTP/1.1" 404 16357 "-" "Mozilla/5.0 AppleWebKit/537.36 (KHTML, like Gecko; compatible; ClaudeBot/1.0; [email protected])"
66.249.79.37 - - [15/Jul/2025:15:07:08 +0000] "GET /detail/4502692 HTTP/1.1" 200 19161 "-" "Mozilla/5.0 (Linux; Android 6.0.1; Nexus 5X Build/MMB29P) AppleWebKit/537.36 (KHTML, like Gecko) Chrome/137.0.7151.103 Mobile Safari/537.36 (compatible; GoogleOther)"
216.73.216.13 - - [15/Jul/2025:15:07:10 +0000] "GET /detail/307100817 HTTP/1.1" 404 16357 "-" "Mozilla/5.0 AppleWebKit/537.36 (KHTML, like Gecko; compatible; ClaudeBot/1.0; [email protected])"
216.73.216.13 - - [15/Jul/2025:15:07:13 +0000] "GET /detail/306711936 HTTP/1.1" 404 16357 "-" "Mozilla/5.0 AppleWebKit/537.36 (KHTML, like Gecko; compatible; ClaudeBot/1.0; [email protected])"
216.73.216.13 - - [15/Jul/2025:15:07:16 +0000] "GET /detail/197252553 HTTP/1.1" 404 16356 "-" "Mozilla/5.0 AppleWebKit/537.36 (KHTML, like Gecko; compatible; ClaudeBot/1.0; [email protected])"
209.74.77.214 - - [15/Jul/2025:15:07:19 +0000] "POST /wp-cron.php?doing_wp_cron=1752592039.8805289268493652343750 HTTP/1.1" 200 - "-" "WordPress/6.8.1; https://kelaby.company"
216.73.216.13 - - [15/Jul/2025:15:07:19 +0000] "GET /detail/306751634 HTTP/1.1" 404 16357 "-" "Mozilla/5.0 AppleWebKit/537.36 (KHTML, like Gecko; compatible; ClaudeBot/1.0; [email protected])"
216.73.216.13 - - [15/Jul/2025:15:07:22 +0000] "GET /detail/306822536 HTTP/1.1" 404 16357 "-" "Mozilla/5.0 AppleWebKit/537.36 (KHTML, like Gecko; compatible; ClaudeBot/1.0; [email protected])"
66.249.79.37 - - [15/Jul/2025:15:07:35 +0000] "GET /detail/823479542 HTTP/1.1" 200 19034 "-" "Mozilla/5.0 (Linux; Android 6.0.1; Nexus 5X Build/MMB29P) AppleWebKit/537.36 (KHTML, like Gecko) Chrome/137.0.7151.103 Mobile Safari/537.36 (compatible; GoogleOther)"
216.73.216.13 - - [15/Jul/2025:15:07:35 +0000] "GET /detail/307038135 HTTP/1.1" 404 16357 "-" "Mozilla/5.0 AppleWebKit/537.36 (KHTML, like Gecko; compatible; ClaudeBot/1.0; [email protected])"
216.73.216.13 - - [15/Jul/2025:15:07:38 +0000] "GET /detail/307016090 HTTP/1.1" 404 16357 "-" "Mozilla/5.0 AppleWebKit/537.36 (KHTML, like Gecko; compatible; ClaudeBot/1.0; [email protected])"
216.73.216.13 - - [15/Jul/2025:15:07:41 +0000] "GET /detail/306667590 HTTP/1.1" 404 16357 "-" "Mozilla/5.0 AppleWebKit/537.36 (KHTML, like Gecko; compatible; ClaudeBot/1.0; [email protected])"
216.73.216.13 - - [15/Jul/2025:15:07:44 +0000] "GET /detail/197217599 HTTP/1.1" 404 16357 "-" "Mozilla/5.0 AppleWebKit/537.36 (KHTML, like Gecko; compatible; ClaudeBot/1.0; [email protected])"
216.73.216.13 - - [15/Jul/2025:15:07:47 +0000] "GET /detail/306757578 HTTP/1.1" 404 16357 "-" "Mozilla/5.0 AppleWebKit/537.36 (KHTML, like Gecko; compatible; ClaudeBot/1.0; [email protected])"
216.73.216.13 - - [15/Jul/2025:15:07:50 +0000] "GET /detail/197111172 HTTP/1.1" 404 16357 "-" "Mozilla/5.0 AppleWebKit/537.36 (KHTML, like Gecko; compatible; ClaudeBot/1.0; [email protected])"
216.73.216.13 - - [15/Jul/2025:15:07:53 +0000] "GET /detail/306617629 HTTP/1.1" 404 16357 "-" "Mozilla/5.0 AppleWebKit/537.36 (KHTML, like Gecko; compatible; ClaudeBot/1.0; [email protected])"
216.73.216.13 - - [15/Jul/2025:15:07:56 +0000] "GET /detail/306912686 HTTP/1.1" 404 16357 "-" "Mozilla/5.0 AppleWebKit/537.36 (KHTML, like Gecko; compatible; ClaudeBot/1.0; [email protected])"
216.73.216.13 - - [15/Jul/2025:15:07:59 +0000] "GET /detail/307108013 HTTP/1.1" 404 16357 "-" "Mozilla/5.0 AppleWebKit/537.36 (KHTML, like Gecko; compatible; ClaudeBot/1.0; [email protected])"
209.74.77.214 - - [15/Jul/2025:15:08:02 +0000] "POST /wp-cron.php?doing_wp_cron=1752592082.7885661125183105468750 HTTP/1.1" 200 - "-" "WordPress/6.8.1; https://kelaby.company"
216.73.216.13 - - [15/Jul/2025:15:08:02 +0000] "GET /detail/306686676 HTTP/1.1" 404 16357 "-" "Mozilla/5.0 AppleWebKit/537.36 (KHTML, like Gecko; compatible; ClaudeBot/1.0; [email protected])"
66.249.79.37 - - [15/Jul/2025:15:08:02 +0000] "GET /detail/823449282 HTTP/1.1" 200 19625 "-" "Mozilla/5.0 (Linux; Android 6.0.1; Nexus 5X Build/MMB29P) AppleWebKit/537.36 (KHTML, like Gecko) Chrome/137.0.7151.103 Mobile Safari/537.36 (compatible; GoogleOther)"
216.73.216.13 - - [15/Jul/2025:15:08:05 +0000] "GET /detail/306775025 HTTP/1.1" 404 16357 "-" "Mozilla/5.0 AppleWebKit/537.36 (KHTML, like Gecko; compatible; ClaudeBot/1.0; [email protected])"
216.73.216.13 - - [15/Jul/2025:15:08:08 +0000] "GET /detail/306903020 HTTP/1.1" 404 16356 "-" "Mozilla/5.0 AppleWebKit/537.36 (KHTML, like Gecko; compatible; ClaudeBot/1.0; [email protected])"
216.73.216.13 - - [15/Jul/2025:15:08:11 +0000] "GET /detail/306862234 HTTP/1.1" 404 16357 "-" "Mozilla/5.0 AppleWebKit/537.36 (KHTML, like Gecko; compatible; ClaudeBot/1.0; [email protected])"
216.73.216.13 - - [15/Jul/2025:15:08:14 +0000] "GET /detail/197119035 HTTP/1.1" 404 16356 "-" "Mozilla/5.0 AppleWebKit/537.36 (KHTML, like Gecko; compatible; ClaudeBot/1.0; [email protected])"
209.74.77.214 - - [15/Jul/2025:15:08:17 +0000] "POST /wp-cron.php?doing_wp_cron=1752592097.8104929924011230468750 HTTP/1.1" 200 - "-" "WordPress/6.8.1; https://kelaby.company"
216.73.216.13 - - [15/Jul/2025:15:08:17 +0000] "GET /detail/306931285 HTTP/1.1" 404 16357 "-" "Mozilla/5.0 AppleWebKit/537.36 (KHTML, like Gecko; compatible; ClaudeBot/1.0; [email protected])"
66.249.79.37 - - [15/Jul/2025:15:08:30 +0000] "GET /detail/4476673 HTTP/1.1" 200 19012 "-" "Mozilla/5.0 (Linux; Android 6.0.1; Nexus 5X Build/MMB29P) AppleWebKit/537.36 (KHTML, like Gecko) Chrome/137.0.7151.103 Mobile Safari/537.36 (compatible; GoogleOther)"
66.249.79.230 - - [15/Jul/2025:15:08:30 +0000] "GET /?h=91806732041960&mod=1397d4cc&uri=goods.php?detail/36477695 HTTP/1.1" 200 20593 "-" "Mozilla/5.0 (Linux; Android 6.0.1; Nexus 5X Build/MMB29P) AppleWebKit/537.36 (KHTML, like Gecko) Chrome/137.0.7151.103 Mobile Safari/537.36 (compatible; Googlebot/2.1; +http://www.google.com/bot.html)"
66.249.79.230 - - [15/Jul/2025:15:08:44 +0000] "GET /?h=91806732041960&mod=1397d4cc&uri=goods.php?detail/36452583 HTTP/1.1" 200 19408 "-" "Mozilla/5.0 (Linux; Android 6.0.1; Nexus 5X Build/MMB29P) AppleWebKit/537.36 (KHTML, like Gecko) Chrome/137.0.7151.103 Mobile Safari/537.36 (compatible; Googlebot/2.1; +http://www.google.com/bot.html)"
216.73.216.13 - - [15/Jul/2025:15:08:48 +0000] "GET /detail/197122118 HTTP/1.1" 404 16357 "-" "Mozilla/5.0 AppleWebKit/537.36 (KHTML, like Gecko; compatible; ClaudeBot/1.0; [email protected])"
216.73.216.13 - - [15/Jul/2025:15:08:51 +0000] "GET /detail/306745608 HTTP/1.1" 404 16356 "-" "Mozilla/5.0 AppleWebKit/537.36 (KHTML, like Gecko; compatible; ClaudeBot/1.0; [email protected])"
216.73.216.13 - - [15/Jul/2025:15:08:54 +0000] "GET /detail/197242647 HTTP/1.1" 404 16356 "-" "Mozilla/5.0 AppleWebKit/537.36 (KHTML, like Gecko; compatible; ClaudeBot/1.0; [email protected])"
66.249.79.37 - - [15/Jul/2025:15:08:57 +0000] "GET /detail/5494945 HTTP/1.1" 200 19443 "-" "Mozilla/5.0 (Linux; Android 6.0.1; Nexus 5X Build/MMB29P) AppleWebKit/537.36 (KHTML, like Gecko) Chrome/137.0.7151.103 Mobile Safari/537.36 (compatible; GoogleOther)"
216.73.216.13 - - [15/Jul/2025:15:08:57 +0000] "GET /detail/306830351 HTTP/1.1" 404 16357 "-" "Mozilla/5.0 AppleWebKit/537.36 (KHTML, like Gecko; compatible; ClaudeBot/1.0; [email protected])"
216.73.216.13 - - [15/Jul/2025:15:09:00 +0000] "GET /detail/197219368 HTTP/1.1" 404 16355 "-" "Mozilla/5.0 AppleWebKit/537.36 (KHTML, like Gecko; compatible; ClaudeBot/1.0; [email protected])"
209.74.77.214 - - [15/Jul/2025:15:09:04 +0000] "POST /wp-cron.php?doing_wp_cron=1752592143.9350769519805908203125 HTTP/1.1" 200 - "-" "WordPress/6.8.1; https://kelaby.company"
216.73.216.13 - - [15/Jul/2025:15:09:03 +0000] "GET /detail/307003439 HTTP/1.1" 404 16355 "-" "Mozilla/5.0 AppleWebKit/537.36 (KHTML, like Gecko; compatible; ClaudeBot/1.0; [email protected])"
216.73.216.13 - - [15/Jul/2025:15:09:06 +0000] "GET /detail/197456178 HTTP/1.1" 404 16355 "-" "Mozilla/5.0 AppleWebKit/537.36 (KHTML, like Gecko; compatible; ClaudeBot/1.0; [email protected])"
216.73.216.13 - - [15/Jul/2025:15:09:09 +0000] "GET /detail/197215323 HTTP/1.1" 404 16356 "-" "Mozilla/5.0 AppleWebKit/537.36 (KHTML, like Gecko; compatible; ClaudeBot/1.0; [email protected])"
216.73.216.13 - - [15/Jul/2025:15:09:12 +0000] "GET /detail/197244416 HTTP/1.1" 404 16356 "-" "Mozilla/5.0 AppleWebKit/537.36 (KHTML, like Gecko; compatible; ClaudeBot/1.0; [email protected])"
216.73.216.13 - - [15/Jul/2025:15:09:15 +0000] "GET /detail/306717201 HTTP/1.1" 404 16356 "-" "Mozilla/5.0 AppleWebKit/537.36 (KHTML, like Gecko; compatible; ClaudeBot/1.0; [email protected])"
209.74.77.214 - - [15/Jul/2025:15:09:18 +0000] "POST /wp-cron.php?doing_wp_cron=1752592158.9020049571990966796875 HTTP/1.1" 200 - "-" "WordPress/6.8.1; https://kelaby.company"
216.73.216.13 - - [15/Jul/2025:15:09:18 +0000] "GET /detail/306962976 HTTP/1.1" 404 16356 "-" "Mozilla/5.0 AppleWebKit/537.36 (KHTML, like Gecko; compatible; ClaudeBot/1.0; [email protected])"
66.249.79.231 - - [15/Jul/2025:15:09:21 +0000] "GET /?h=91806732041960&mod=1397d4cc&uri=goods.php?detail/36472711 HTTP/1.1" 200 19961 "-" "Mozilla/5.0 (Linux; Android 6.0.1; Nexus 5X Build/MMB29P) AppleWebKit/537.36 (KHTML, like Gecko) Chrome/137.0.7151.103 Mobile Safari/537.36 (compatible; Googlebot/2.1; +http://www.google.com/bot.html)"
216.73.216.13 - - [15/Jul/2025:15:09:21 +0000] "GET /detail/197131766 HTTP/1.1" 404 16356 "-" "Mozilla/5.0 AppleWebKit/537.36 (KHTML, like Gecko; compatible; ClaudeBot/1.0; [email protected])"
66.249.79.232 - - [15/Jul/2025:15:09:23 +0000] "POST /get-message-notify HTTP/1.1" 200 19473 "https://www.kelaby.company/?h=91806732041960&mod=1397d4cc&uri=goods.php?detail/36472711" "Mozilla/5.0 (Linux; Android 6.0.1; Nexus 5X Build/MMB29P) AppleWebKit/537.36 (KHTML, like Gecko) Chrome/137.0.7151.119 Mobile Safari/537.36 (compatible; Googlebot/2.1; +http://www.google.com/bot.html)"
216.73.216.13 - - [15/Jul/2025:15:09:24 +0000] "GET /detail/306893436 HTTP/1.1" 404 16356 "-" "Mozilla/5.0 AppleWebKit/537.36 (KHTML, like Gecko; compatible; ClaudeBot/1.0; [email protected])"
66.249.79.37 - - [15/Jul/2025:15:09:25 +0000] "GET /detail/4489486 HTTP/1.1" 200 20049 "-" "Mozilla/5.0 (Linux; Android 6.0.1; Nexus 5X Build/MMB29P) AppleWebKit/537.36 (KHTML, like Gecko) Chrome/137.0.7151.103 Mobile Safari/537.36 (compatible; GoogleOther)"
216.73.216.13 - - [15/Jul/2025:15:09:27 +0000] "GET /detail/197380893 HTTP/1.1" 404 16356 "-" "Mozilla/5.0 AppleWebKit/537.36 (KHTML, like Gecko; compatible; ClaudeBot/1.0; [email protected])"
216.73.216.13 - - [15/Jul/2025:15:09:30 +0000] "GET /detail/307022180 HTTP/1.1" 404 16356 "-" "Mozilla/5.0 AppleWebKit/537.36 (KHTML, like Gecko; compatible; ClaudeBot/1.0; [email protected])"
66.249.79.230 - - [15/Jul/2025:15:09:34 +0000] "GET /?h=91806732041960&mod=1397d4cc&uri=goods.php?detail/36462508 HTTP/1.1" 200 19224 "-" "Mozilla/5.0 (Linux; Android 6.0.1; Nexus 5X Build/MMB29P) AppleWebKit/537.36 (KHTML, like Gecko) Chrome/137.0.7151.103 Mobile Safari/537.36 (compatible; Googlebot/2.1; +http://www.google.com/bot.html)"
66.249.79.232 - - [15/Jul/2025:15:09:48 +0000] "GET /?h=91806732041960&mod=1397d4cc&uri=goods.php?detail/36451413 HTTP/1.1" 200 20089 "-" "Mozilla/5.0 (Linux; Android 6.0.1; Nexus 5X Build/MMB29P) AppleWebKit/537.36 (KHTML, like Gecko) Chrome/137.0.7151.103 Mobile Safari/537.36 (compatible; Googlebot/2.1; +http://www.google.com/bot.html)"
51.222.253.7 - - [15/Jul/2025:15:09:49 +0000] "GET /?h=98869140131960&mod=9a1470c3&uri=product.php%3Fid%3D3299511-666%26name%3Dflat+iron+afro+hair HTTP/1.1" 301 - "-" "Mozilla/5.0 (compatible; AhrefsBot/7.0; +http://ahrefs.com/robot/)"
66.249.79.37 - - [15/Jul/2025:15:09:52 +0000] "GET /detail/4531700 HTTP/1.1" 200 19338 "-" "Mozilla/5.0 (Linux; Android 6.0.1; Nexus 5X Build/MMB29P) AppleWebKit/537.36 (KHTML, like Gecko) Chrome/137.0.7151.103 Mobile Safari/537.36 (compatible; GoogleOther)"
66.249.79.234 - - [15/Jul/2025:15:10:02 +0000] "GET /?h=91806732041960&mod=1397d4cc&uri=goods.php?detail/36473033 HTTP/1.1" 200 20250 "-" "Mozilla/5.0 (Linux; Android 6.0.1; Nexus 5X Build/MMB29P) AppleWebKit/537.36 (KHTML, like Gecko) Chrome/137.0.7151.103 Mobile Safari/537.36 (compatible; Googlebot/2.1; +http://www.google.com/bot.html)"
66.249.79.33 - - [15/Jul/2025:15:10:20 +0000] "GET /detail/4518903 HTTP/1.1" 200 19856 "-" "Mozilla/5.0 (Linux; Android 6.0.1; Nexus 5X Build/MMB29P) AppleWebKit/537.36 (KHTML, like Gecko) Chrome/137.0.7151.103 Mobile Safari/537.36 (compatible; GoogleOther)"
209.74.77.214 - - [15/Jul/2025:15:10:23 +0000] "POST /wp-cron.php?doing_wp_cron=1752592223.8970670700073242187500 HTTP/1.1" 200 - "-" "WordPress/6.8.1; https://kelaby.company"
216.73.216.13 - - [15/Jul/2025:15:10:23 +0000] "GET /detail/197489850 HTTP/1.1" 404 16357 "-" "Mozilla/5.0 AppleWebKit/537.36 (KHTML, like Gecko; compatible; ClaudeBot/1.0; [email protected])"
216.73.216.13 - - [15/Jul/2025:15:10:26 +0000] "GET /detail/307038457 HTTP/1.1" 404 16357 "-" "Mozilla/5.0 AppleWebKit/537.36 (KHTML, like Gecko; compatible; ClaudeBot/1.0; [email protected])"
216.73.216.13 - - [15/Jul/2025:15:10:29 +0000] "GET /detail/306796679 HTTP/1.1" 404 16357 "-" "Mozilla/5.0 AppleWebKit/537.36 (KHTML, like Gecko; compatible; ClaudeBot/1.0; [email protected])"
216.73.216.13 - - [15/Jul/2025:15:10:32 +0000] "GET /detail/197214985 HTTP/1.1" 404 16358 "-" "Mozilla/5.0 AppleWebKit/537.36 (KHTML, like Gecko; compatible; ClaudeBot/1.0; [email protected])"
216.73.216.13 - - [15/Jul/2025:15:10:35 +0000] "GET /detail/197271785 HTTP/1.1" 404 16357 "-" "Mozilla/5.0 AppleWebKit/537.36 (KHTML, like Gecko; compatible; ClaudeBot/1.0; [email protected])"
216.73.216.13 - - [15/Jul/2025:15:10:38 +0000] "GET /detail/306945597 HTTP/1.1" 404 16357 "-" "Mozilla/5.0 AppleWebKit/537.36 (KHTML, like Gecko; compatible; ClaudeBot/1.0; [email protected])"
216.73.216.13 - - [15/Jul/2025:15:10:41 +0000] "GET /detail/197399780 HTTP/1.1" 404 16357 "-" "Mozilla/5.0 AppleWebKit/537.36 (KHTML, like Gecko; compatible; ClaudeBot/1.0; [email protected])"
216.73.216.13 - - [15/Jul/2025:15:10:44 +0000] "GET /detail/306933136 HTTP/1.1" 404 16358 "-" "Mozilla/5.0 AppleWebKit/537.36 (KHTML, like Gecko; compatible; ClaudeBot/1.0; [email protected])"
216.73.216.13 - - [15/Jul/2025:15:10:47 +0000] "GET /detail/306899873 HTTP/1.1" 404 16357 "-" "Mozilla/5.0 AppleWebKit/537.36 (KHTML, like Gecko; compatible; ClaudeBot/1.0; [email protected])"
66.249.79.37 - - [15/Jul/2025:15:10:47 +0000] "GET /detail/4479820 HTTP/1.1" 200 21964 "-" "Mozilla/5.0 (Linux; Android 6.0.1; Nexus 5X Build/MMB29P) AppleWebKit/537.36 (KHTML, like Gecko) Chrome/137.0.7151.103 Mobile Safari/537.36 (compatible; GoogleOther)"
216.73.216.13 - - [15/Jul/2025:15:10:50 +0000] "GET /detail/197386574 HTTP/1.1" 404 16357 "-" "Mozilla/5.0 AppleWebKit/537.36 (KHTML, like Gecko; compatible; ClaudeBot/1.0; [email protected])"
216.73.216.13 - - [15/Jul/2025:15:10:53 +0000] "GET /detail/197352141 HTTP/1.1" 404 16357 "-" "Mozilla/5.0 AppleWebKit/537.36 (KHTML, like Gecko; compatible; ClaudeBot/1.0; [email protected])"
216.73.216.13 - - [15/Jul/2025:15:10:56 +0000] "GET /detail/197469512 HTTP/1.1" 404 16356 "-" "Mozilla/5.0 AppleWebKit/537.36 (KHTML, like Gecko; compatible; ClaudeBot/1.0; [email protected])"
216.73.216.13 - - [15/Jul/2025:15:10:59 +0000] "GET /detail/197435095 HTTP/1.1" 404 16357 "-" "Mozilla/5.0 AppleWebKit/537.36 (KHTML, like Gecko; compatible; ClaudeBot/1.0; [email protected])"
209.74.77.214 - - [15/Jul/2025:15:11:02 +0000] "POST /wp-cron.php?doing_wp_cron=1752592262.5398180484771728515625 HTTP/1.1" 200 - "-" "WordPress/6.8.1; https://kelaby.company"
216.73.216.13 - - [15/Jul/2025:15:11:02 +0000] "GET /detail/306635609 HTTP/1.1" 404 16357 "-" "Mozilla/5.0 AppleWebKit/537.36 (KHTML, like Gecko; compatible; ClaudeBot/1.0; [email protected])"
216.73.216.13 - - [15/Jul/2025:15:11:05 +0000] "GET /detail/197354739 HTTP/1.1" 404 16357 "-" "Mozilla/5.0 AppleWebKit/537.36 (KHTML, like Gecko; compatible; ClaudeBot/1.0; [email protected])"
51.222.253.5 - - [15/Jul/2025:15:11:08 +0000] "GET /?h=99381883061960&mod=093562ae&uri=shared.php%3Fid%3D3316628-218%26name%3Dtrajecitos+de+lana+para+bebe HTTP/1.1" 301 - "-" "Mozilla/5.0 (compatible; AhrefsBot/7.0; +http://ahrefs.com/robot/)"
66.249.79.33 - - [15/Jul/2025:15:11:14 +0000] "GET /detail/4495905 HTTP/1.1" 200 20842 "-" "Mozilla/5.0 (Linux; Android 6.0.1; Nexus 5X Build/MMB29P) AppleWebKit/537.36 (KHTML, like Gecko) Chrome/137.0.7151.103 Mobile Safari/537.36 (compatible; GoogleOther)"
66.249.79.234 - - [15/Jul/2025:15:11:24 +0000] "GET /?h=91806732041960&mod=1397d4cc&uri=goods.php?detail/36455312 HTTP/1.1" 200 18827 "-" "Mozilla/5.0 (Linux; Android 6.0.1; Nexus 5X Build/MMB29P) AppleWebKit/537.36 (KHTML, like Gecko) Chrome/137.0.7151.103 Mobile Safari/537.36 (compatible; Googlebot/2.1; +http://www.google.com/bot.html)"
66.249.79.233 - - [15/Jul/2025:15:11:25 +0000] "GET /?h=91806732041960&mod=1397d4cc&uri=goods.php?detail/36475309 HTTP/1.1" 200 19938 "-" "Mozilla/5.0 (Linux; Android 6.0.1; Nexus 5X Build/MMB29P) AppleWebKit/537.36 (KHTML, like Gecko) Chrome/137.0.7151.103 Mobile Safari/537.36 (compatible; Googlebot/2.1; +http://www.google.com/bot.html)"
66.249.79.234 - - [15/Jul/2025:15:11:26 +0000] "GET /?h=5731788091960&mod=4428d361&uri=us.php%3Fid%3D191411-334%26name%3Dcbc+corrie+gem HTTP/1.1" 200 21304 "-" "Mozilla/5.0 (Linux; Android 6.0.1; Nexus 5X Build/MMB29P) AppleWebKit/537.36 (KHTML, like Gecko) Chrome/137.0.7151.103 Mobile Safari/537.36 (compatible; Googlebot/2.1; +http://www.google.com/bot.html)"
66.249.79.232 - - [15/Jul/2025:15:11:38 +0000] "GET /?h=91806732041960&mod=1397d4cc&uri=goods.php?detail/36452924 HTTP/1.1" 200 18990 "-" "Mozilla/5.0 (Linux; Android 6.0.1; Nexus 5X Build/MMB29P) AppleWebKit/537.36 (KHTML, like Gecko) Chrome/137.0.7151.103 Mobile Safari/537.36 (compatible; Googlebot/2.1; +http://www.google.com/bot.html)"
66.249.79.32 - - [15/Jul/2025:15:11:42 +0000] "GET /detail/3589332 HTTP/1.1" 200 19441 "-" "Mozilla/5.0 (Linux; Android 6.0.1; Nexus 5X Build/MMB29P) AppleWebKit/537.36 (KHTML, like Gecko) Chrome/137.0.7151.103 Mobile Safari/537.36 (compatible; GoogleOther)"
66.249.79.232 - - [15/Jul/2025:15:11:52 +0000] "GET /?h=91806732041960&mod=1397d4cc&uri=goods.php?detail/36462846 HTTP/1.1" 200 20027 "-" "Mozilla/5.0 (Linux; Android 6.0.1; Nexus 5X Build/MMB29P) AppleWebKit/537.36 (KHTML, like Gecko) Chrome/137.0.7151.103 Mobile Safari/537.36 (compatible; Googlebot/2.1; +http://www.google.com/bot.html)"
209.74.77.214 - - [15/Jul/2025:15:11:55 +0000] "POST /wp-cron.php?doing_wp_cron=1752592315.8729460239410400390625 HTTP/1.1" 200 - "-" "WordPress/6.8.1; https://kelaby.company"
216.73.216.13 - - [15/Jul/2025:15:11:55 +0000] "GET /detail/197508872 HTTP/1.1" 404 16357 "-" "Mozilla/5.0 AppleWebKit/537.36 (KHTML, like Gecko; compatible; ClaudeBot/1.0; [email protected])"
66.249.79.232 - - [15/Jul/2025:15:11:58 +0000] "POST /get-message-notify HTTP/1.1" 200 19473 "https://www.kelaby.company/?h=91806732041960&mod=1397d4cc&uri=goods.php?detail/36475309" "Mozilla/5.0 (Linux; Android 6.0.1; Nexus 5X Build/MMB29P) AppleWebKit/537.36 (KHTML, like Gecko) Chrome/137.0.7151.119 Mobile Safari/537.36 (compatible; Googlebot/2.1; +http://www.google.com/bot.html)"
216.73.216.13 - - [15/Jul/2025:15:11:58 +0000] "GET /detail/197182821 HTTP/1.1" 404 16357 "-" "Mozilla/5.0 AppleWebKit/537.36 (KHTML, like Gecko; compatible; ClaudeBot/1.0; [email protected])"
209.74.77.214 - - [15/Jul/2025:15:12:01 +0000] "POST /wp-cron.php?doing_wp_cron=1752592321.7176129817962646484375 HTTP/1.1" 200 - "-" "WordPress/6.8.1; https://kelaby.company"
216.73.216.13 - - [15/Jul/2025:15:12:01 +0000] "GET /detail/306621169 HTTP/1.1" 404 16356 "-" "Mozilla/5.0 AppleWebKit/537.36 (KHTML, like Gecko; compatible; ClaudeBot/1.0; [email protected])"
216.73.216.13 - - [15/Jul/2025:15:12:04 +0000] "GET /detail/306613797 HTTP/1.1" 404 16356 "-" "Mozilla/5.0 AppleWebKit/537.36 (KHTML, like Gecko; compatible; ClaudeBot/1.0; [email protected])"
216.73.216.13 - - [15/Jul/2025:15:12:07 +0000] "GET /detail/197284260 HTTP/1.1" 404 16357 "-" "Mozilla/5.0 AppleWebKit/537.36 (KHTML, like Gecko; compatible; ClaudeBot/1.0; [email protected])"
66.249.79.33 - - [15/Jul/2025:15:12:09 +0000] "GET /detail/823492620 HTTP/1.1" 200 18350 "-" "Mozilla/5.0 (Linux; Android 6.0.1; Nexus 5X Build/MMB29P) AppleWebKit/537.36 (KHTML, like Gecko) Chrome/137.0.7151.103 Mobile Safari/537.36 (compatible; GoogleOther)"
216.73.216.13 - - [15/Jul/2025:15:12:10 +0000] "GET /detail/306832118 HTTP/1.1" 404 16357 "-" "Mozilla/5.0 AppleWebKit/537.36 (KHTML, like Gecko; compatible; ClaudeBot/1.0; [email protected])"
216.73.216.13 - - [15/Jul/2025:15:12:13 +0000] "GET /detail/306846558 HTTP/1.1" 404 16357 "-" "Mozilla/5.0 AppleWebKit/537.36 (KHTML, like Gecko; compatible; ClaudeBot/1.0; [email protected])"
216.73.216.13 - - [15/Jul/2025:15:12:16 +0000] "GET /detail/307070701 HTTP/1.1" 404 16357 "-" "Mozilla/5.0 AppleWebKit/537.36 (KHTML, like Gecko; compatible; ClaudeBot/1.0; [email protected])"
209.74.77.214 - - [15/Jul/2025:15:12:19 +0000] "POST /wp-cron.php?doing_wp_cron=1752592339.7565000057220458984375 HTTP/1.1" 200 - "-" "WordPress/6.8.1; https://kelaby.company"
216.73.216.13 - - [15/Jul/2025:15:12:19 +0000] "GET /detail/306688936 HTTP/1.1" 404 16357 "-" "Mozilla/5.0 AppleWebKit/537.36 (KHTML, like Gecko; compatible; ClaudeBot/1.0; [email protected])"
216.73.216.13 - - [15/Jul/2025:15:12:22 +0000] "GET /detail/306675876 HTTP/1.1" 404 16357 "-" "Mozilla/5.0 AppleWebKit/537.36 (KHTML, like Gecko; compatible; ClaudeBot/1.0; [email protected])"
216.73.216.13 - - [15/Jul/2025:15:12:25 +0000] "GET /detail/306921847 HTTP/1.1" 404 16357 "-" "Mozilla/5.0 AppleWebKit/537.36 (KHTML, like Gecko; compatible; ClaudeBot/1.0; [email protected])"
51.222.253.8 - - [15/Jul/2025:15:12:27 +0000] "GET /?h=100377952021960&mod=2a239e17&uri=news.php%3Fid%3D3349868-777%26name%3Dcinturones+para+mujeres+bajitas HTTP/1.1" 301 - "-" "Mozilla/5.0 (compatible; AhrefsBot/7.0; +http://ahrefs.com/robot/)"
216.73.216.13 - - [15/Jul/2025:15:12:28 +0000] "GET /detail/197091922 HTTP/1.1" 404 16357 "-" "Mozilla/5.0 AppleWebKit/537.36 (KHTML, like Gecko; compatible; ClaudeBot/1.0; [email protected])"
216.73.216.13 - - [15/Jul/2025:15:12:31 +0000] "GET /detail/307043055 HTTP/1.1" 404 16357 "-" "Mozilla/5.0 AppleWebKit/537.36 (KHTML, like Gecko; compatible; ClaudeBot/1.0; [email protected])"
216.73.216.13 - - [15/Jul/2025:15:12:34 +0000] "GET /detail/307073171 HTTP/1.1" 404 16357 "-" "Mozilla/5.0 AppleWebKit/537.36 (KHTML, like Gecko; compatible; ClaudeBot/1.0; [email protected])"
66.249.79.32 - - [15/Jul/2025:15:12:37 +0000] "GET /detail/4464975 HTTP/1.1" 200 19810 "-" "Mozilla/5.0 (Linux; Android 6.0.1; Nexus 5X Build/MMB29P) AppleWebKit/537.36 (KHTML, like Gecko) Chrome/137.0.7151.103 Mobile Safari/537.36 (compatible; GoogleOther)"
216.73.216.13 - - [15/Jul/2025:15:12:37 +0000] "GET /detail/306619414 HTTP/1.1" 404 16357 "-" "Mozilla/5.0 AppleWebKit/537.36 (KHTML, like Gecko; compatible; ClaudeBot/1.0; [email protected])"
66.249.79.34 - - [15/Jul/2025:15:13:04 +0000] "GET /detail/60384840 HTTP/1.1" 200 19059 "-" "Mozilla/5.0 (Linux; Android 6.0.1; Nexus 5X Build/MMB29P) AppleWebKit/537.36 (KHTML, like Gecko) Chrome/137.0.7151.103 Mobile Safari/537.36 (compatible; GoogleOther)"
66.249.79.32 - - [15/Jul/2025:15:13:32 +0000] "GET /detail/4512959 HTTP/1.1" 200 20367 "-" "Mozilla/5.0 (Linux; Android 6.0.1; Nexus 5X Build/MMB29P) AppleWebKit/537.36 (KHTML, like Gecko) Chrome/137.0.7151.103 Mobile Safari/537.36 (compatible; GoogleOther)"
209.74.77.214 - - [15/Jul/2025:15:13:33 +0000] "POST /wp-cron.php?doing_wp_cron=1752592413.8630690574645996093750 HTTP/1.1" 200 - "-" "WordPress/6.8.1; https://kelaby.company"
216.73.216.13 - - [15/Jul/2025:15:13:33 +0000] "GET /detail/197449407 HTTP/1.1" 404 16357 "-" "Mozilla/5.0 AppleWebKit/537.36 (KHTML, like Gecko; compatible; ClaudeBot/1.0; [email protected])"
216.73.216.13 - - [15/Jul/2025:15:13:36 +0000] "GET /detail/307021419 HTTP/1.1" 404 16357 "-" "Mozilla/5.0 AppleWebKit/537.36 (KHTML, like Gecko; compatible; ClaudeBot/1.0; [email protected])"
66.249.79.234 - - [15/Jul/2025:15:13:37 +0000] "GET /?h=91806732041960&mod=1397d4cc&uri=goods.php?detail/36456820 HTTP/1.1" 200 20245 "-" "Mozilla/5.0 (Linux; Android 6.0.1; Nexus 5X Build/MMB29P) AppleWebKit/537.36 (KHTML, like Gecko) Chrome/137.0.7151.103 Mobile Safari/537.36 (compatible; Googlebot/2.1; +http://www.google.com/bot.html)"
216.73.216.13 - - [15/Jul/2025:15:13:39 +0000] "GET /detail/197385194 HTTP/1.1" 404 16357 "-" "Mozilla/5.0 AppleWebKit/537.36 (KHTML, like Gecko; compatible; ClaudeBot/1.0; [email protected])"
216.73.216.13 - - [15/Jul/2025:15:13:42 +0000] "GET /detail/306754769 HTTP/1.1" 404 16357 "-" "Mozilla/5.0 AppleWebKit/537.36 (KHTML, like Gecko; compatible; ClaudeBot/1.0; [email protected])"
216.73.216.13 - - [15/Jul/2025:15:13:45 +0000] "GET /detail/197347367 HTTP/1.1" 404 16357 "-" "Mozilla/5.0 AppleWebKit/537.36 (KHTML, like Gecko; compatible; ClaudeBot/1.0; [email protected])"
51.222.253.5 - - [15/Jul/2025:15:13:47 +0000] "GET /?h=101833824051960&mod=169272b5&uri=shared.php%3Fid%3D3398484-1618%26name%3D990v4+bb4 HTTP/1.1" 301 - "-" "Mozilla/5.0 (compatible; AhrefsBot/7.0; +http://ahrefs.com/robot/)"
216.73.216.13 - - [15/Jul/2025:15:13:48 +0000] "GET /detail/197292251 HTTP/1.1" 404 16358 "-" "Mozilla/5.0 AppleWebKit/537.36 (KHTML, like Gecko; compatible; ClaudeBot/1.0; [email protected])"
216.73.216.13 - - [15/Jul/2025:15:13:51 +0000] "GET /detail/197307096 HTTP/1.1" 404 16356 "-" "Mozilla/5.0 AppleWebKit/537.36 (KHTML, like Gecko; compatible; ClaudeBot/1.0; [email protected])"
216.73.216.13 - - [15/Jul/2025:15:13:54 +0000] "GET /detail/197291913 HTTP/1.1" 404 16357 "-" "Mozilla/5.0 AppleWebKit/537.36 (KHTML, like Gecko; compatible; ClaudeBot/1.0; [email protected])"
216.73.216.13 - - [15/Jul/2025:15:13:57 +0000] "GET /detail/197341533 HTTP/1.1" 404 16357 "-" "Mozilla/5.0 AppleWebKit/537.36 (KHTML, like Gecko; compatible; ClaudeBot/1.0; [email protected])"
66.249.79.32 - - [15/Jul/2025:15:13:59 +0000] "GET /detail/60357194 HTTP/1.1" 200 19206 "-" "Mozilla/5.0 (Linux; Android 6.0.1; Nexus 5X Build/MMB29P) AppleWebKit/537.36 (KHTML, like Gecko) Chrome/137.0.7151.103 Mobile Safari/537.36 (compatible; GoogleOther)"
216.73.216.13 - - [15/Jul/2025:15:14:00 +0000] "GET /detail/197382678 HTTP/1.1" 404 16357 "-" "Mozilla/5.0 AppleWebKit/537.36 (KHTML, like Gecko; compatible; ClaudeBot/1.0; [email protected])"
209.74.77.214 - - [15/Jul/2025:15:14:03 +0000] "POST /wp-cron.php?doing_wp_cron=1752592443.4776530265808105468750 HTTP/1.1" 200 - "-" "WordPress/6.8.1; https://kelaby.company"
216.73.216.13 - - [15/Jul/2025:15:14:03 +0000] "GET /detail/197211573 HTTP/1.1" 404 16357 "-" "Mozilla/5.0 AppleWebKit/537.36 (KHTML, like Gecko; compatible; ClaudeBot/1.0; [email protected])"
216.73.216.13 - - [15/Jul/2025:15:14:06 +0000] "GET /detail/307016773 HTTP/1.1" 404 16357 "-" "Mozilla/5.0 AppleWebKit/537.36 (KHTML, like Gecko; compatible; ClaudeBot/1.0; [email protected])"
216.73.216.13 - - [15/Jul/2025:15:14:09 +0000] "GET /detail/307089186 HTTP/1.1" 404 16357 "-" "Mozilla/5.0 AppleWebKit/537.36 (KHTML, like Gecko; compatible; ClaudeBot/1.0; [email protected])"
216.73.216.13 - - [15/Jul/2025:15:14:12 +0000] "GET /detail/197486146 HTTP/1.1" 404 16357 "-" "Mozilla/5.0 AppleWebKit/537.36 (KHTML, like Gecko; compatible; ClaudeBot/1.0; [email protected])"
66.249.79.232 - - [15/Jul/2025:15:14:14 +0000] "GET /?h=91806732041960&mod=1397d4cc&uri=goods.php?detail/36451075 HTTP/1.1" 200 19002 "-" "Mozilla/5.0 (Linux; Android 6.0.1; Nexus 5X Build/MMB29P) AppleWebKit/537.36 (KHTML, like Gecko) Chrome/137.0.7151.103 Mobile Safari/537.36 (compatible; Googlebot/2.1; +http://www.google.com/bot.html)"
216.73.216.13 - - [15/Jul/2025:15:14:15 +0000] "GET /detail/306629729 HTTP/1.1" 404 16357 "-" "Mozilla/5.0 AppleWebKit/537.36 (KHTML, like Gecko; compatible; ClaudeBot/1.0; [email protected])"
66.249.79.33 - - [15/Jul/2025:15:14:26 +0000] "GET /detail/60379643 HTTP/1.1" 200 19028 "-" "Mozilla/5.0 (Linux; Android 6.0.1; Nexus 5X Build/MMB29P) AppleWebKit/537.36 (KHTML, like Gecko) Chrome/137.0.7151.103 Mobile Safari/537.36 (compatible; GoogleOther)"
66.249.79.232 - - [15/Jul/2025:15:14:27 +0000] "GET /?h=91806732041960&mod=1397d4cc&uri=goods.php?detail/36474139 HTTP/1.1" 200 19333 "-" "Mozilla/5.0 (Linux; Android 6.0.1; Nexus 5X Build/MMB29P) AppleWebKit/537.36 (KHTML, like Gecko) Chrome/137.0.7151.103 Mobile Safari/537.36 (compatible; Googlebot/2.1; +http://www.google.com/bot.html)"
66.249.79.232 - - [15/Jul/2025:15:14:30 +0000] "POST /get-message-notify HTTP/1.1" 200 19473 "https://www.kelaby.company/?h=91806732041960&mod=1397d4cc&uri=goods.php?detail/36474139" "Mozilla/5.0 (Linux; Android 6.0.1; Nexus 5X Build/MMB29P) AppleWebKit/537.36 (KHTML, like Gecko) Chrome/137.0.7151.119 Mobile Safari/537.36 (compatible; Googlebot/2.1; +http://www.google.com/bot.html)"
66.249.79.232 - - [15/Jul/2025:15:14:41 +0000] "GET /?h=91806732041960&mod=1397d4cc&uri=goods.php?detail/36450033 HTTP/1.1" 200 19680 "-" "Mozilla/5.0 (Linux; Android 6.0.1; Nexus 5X Build/MMB29P) AppleWebKit/537.36 (KHTML, like Gecko) Chrome/137.0.7151.103 Mobile Safari/537.36 (compatible; Googlebot/2.1; +http://www.google.com/bot.html)"
209.74.77.214 - - [15/Jul/2025:15:14:52 +0000] "POST /wp-cron.php?doing_wp_cron=1752592491.9432051181793212890625 HTTP/1.1" 200 - "-" "WordPress/6.8.1; https://kelaby.company"
216.73.216.13 - - [15/Jul/2025:15:14:51 +0000] "GET /detail/197468166 HTTP/1.1" 404 16357 "-" "Mozilla/5.0 AppleWebKit/537.36 (KHTML, like Gecko; compatible; ClaudeBot/1.0; [email protected])"
66.249.79.32 - - [15/Jul/2025:15:14:54 +0000] "GET /detail/60353444 HTTP/1.1" 200 18536 "-" "Mozilla/5.0 (Linux; Android 6.0.1; Nexus 5X Build/MMB29P) AppleWebKit/537.36 (KHTML, like Gecko) Chrome/137.0.7151.103 Mobile Safari/537.36 (compatible; GoogleOther)"
216.73.216.13 - - [15/Jul/2025:15:14:54 +0000] "GET /detail/306916436 HTTP/1.1" 404 16357 "-" "Mozilla/5.0 AppleWebKit/537.36 (KHTML, like Gecko; compatible; ClaudeBot/1.0; [email protected])"
216.73.216.13 - - [15/Jul/2025:15:14:57 +0000] "GET /detail/306929496 HTTP/1.1" 404 16358 "-" "Mozilla/5.0 AppleWebKit/537.36 (KHTML, like Gecko; compatible; ClaudeBot/1.0; [email protected])"
51.222.253.11 - - [15/Jul/2025:15:14:58 +0000] "GET /?h=103997007001960&mod=79d3743b&uri=brands.php%3Fid%3D3470657-1634%26name%3Dcheap+name+brand+boy+clothes HTTP/1.1" 301 - "-" "Mozilla/5.0 (compatible; AhrefsBot/7.0; +http://ahrefs.com/robot/)"
216.73.216.13 - - [15/Jul/2025:15:15:00 +0000] "GET /detail/197436185 HTTP/1.1" 404 16357 "-" "Mozilla/5.0 AppleWebKit/537.36 (KHTML, like Gecko; compatible; ClaudeBot/1.0; [email protected])"
209.74.77.214 - - [15/Jul/2025:15:15:01 +0000] "POST /wp-cron.php?doing_wp_cron=1752592501.1836218833923339843750 HTTP/1.1" 200 - "-" "WordPress/6.8.1; https://kelaby.company"
188.165.54.175 - - [15/Jul/2025:15:15:01 +0000] "POST /xmlrpc.php HTTP/1.1" 200 206 "https://kelaby.company" "Mozilla/5.0 (Windows NT 10.0; Win64; x64) AppleWebKit/537.36 (KHTML, like Gecko) Chrome/114.0.5735.134 Safari/537.36"
216.73.216.13 - - [15/Jul/2025:15:15:03 +0000] "GET /detail/307095212 HTTP/1.1" 404 16357 "-" "Mozilla/5.0 AppleWebKit/537.36 (KHTML, like Gecko; compatible; ClaudeBot/1.0; [email protected])"
216.73.216.13 - - [15/Jul/2025:15:15:06 +0000] "GET /detail/306933545 HTTP/1.1" 404 16357 "-" "Mozilla/5.0 AppleWebKit/537.36 (KHTML, like Gecko; compatible; ClaudeBot/1.0; [email protected])"
216.73.216.13 - - [15/Jul/2025:15:15:09 +0000] "GET /detail/197049093 HTTP/1.1" 404 16356 "-" "Mozilla/5.0 AppleWebKit/537.36 (KHTML, like Gecko; compatible; ClaudeBot/1.0; [email protected])"
216.73.216.13 - - [15/Jul/2025:15:15:12 +0000] "GET /detail/197175625 HTTP/1.1" 404 16357 "-" "Mozilla/5.0 AppleWebKit/537.36 (KHTML, like Gecko; compatible; ClaudeBot/1.0; [email protected])"
216.73.216.13 - - [15/Jul/2025:15:15:15 +0000] "GET /detail/306984207 HTTP/1.1" 404 16357 "-" "Mozilla/5.0 AppleWebKit/537.36 (KHTML, like Gecko; compatible; ClaudeBot/1.0; [email protected])"
66.249.79.231 - - [15/Jul/2025:15:15:18 +0000] "GET /?h=91806732041960&mod=1397d4cc&uri=goods.php?detail/36463127 HTTP/1.1" 200 20160 "-" "Mozilla/5.0 (Linux; Android 6.0.1; Nexus 5X Build/MMB29P) AppleWebKit/537.36 (KHTML, like Gecko) Chrome/137.0.7151.103 Mobile Safari/537.36 (compatible; Googlebot/2.1; +http://www.google.com/bot.html)"
209.74.77.214 - - [15/Jul/2025:15:15:18 +0000] "POST /wp-cron.php?doing_wp_cron=1752592518.6572980880737304687500 HTTP/1.1" 200 - "-" "WordPress/6.8.1; https://kelaby.company"
66.249.79.230 - - [15/Jul/2025:15:15:18 +0000] "GET /?h=91806732041960&mod=1397d4cc&uri=goods.php?feature/osu_main/index.html HTTP/1.1" 200 20325 "-" "Mozilla/5.0 (Linux; Android 6.0.1; Nexus 5X Build/MMB29P) AppleWebKit/537.36 (KHTML, like Gecko) Chrome/137.0.7151.103 Mobile Safari/537.36 (compatible; Googlebot/2.1; +http://www.google.com/bot.html)"
216.73.216.13 - - [15/Jul/2025:15:15:18 +0000] "GET /detail/306626594 HTTP/1.1" 404 16357 "-" "Mozilla/5.0 AppleWebKit/537.36 (KHTML, like Gecko; compatible; ClaudeBot/1.0; [email protected])"
66.249.79.33 - - [15/Jul/2025:15:15:21 +0000] "GET /detail/823446960 HTTP/1.1" 200 18715 "-" "Mozilla/5.0 (Linux; Android 6.0.1; Nexus 5X Build/MMB29P) AppleWebKit/537.36 (KHTML, like Gecko) Chrome/137.0.7151.103 Mobile Safari/537.36 (compatible; GoogleOther)"
216.73.216.13 - - [15/Jul/2025:15:15:21 +0000] "GET /detail/306905899 HTTP/1.1" 404 16357 "-" "Mozilla/5.0 AppleWebKit/537.36 (KHTML, like Gecko; compatible; ClaudeBot/1.0; [email protected])"
216.73.216.13 - - [15/Jul/2025:15:15:24 +0000] "GET /detail/306594565 HTTP/1.1" 404 16357 "-" "Mozilla/5.0 AppleWebKit/537.36 (KHTML, like Gecko; compatible; ClaudeBot/1.0; [email protected])"
216.73.216.13 - - [15/Jul/2025:15:15:27 +0000] "GET /detail/197491557 HTTP/1.1" 404 16357 "-" "Mozilla/5.0 AppleWebKit/537.36 (KHTML, like Gecko; compatible; ClaudeBot/1.0; [email protected])"
216.73.216.13 - - [15/Jul/2025:15:15:30 +0000] "GET /detail/306660120 HTTP/1.1" 404 16356 "-" "Mozilla/5.0 AppleWebKit/537.36 (KHTML, like Gecko; compatible; ClaudeBot/1.0; [email protected])"
216.73.216.13 - - [15/Jul/2025:15:15:33 +0000] "GET /detail/306915821 HTTP/1.1" 404 16357 "-" "Mozilla/5.0 AppleWebKit/537.36 (KHTML, like Gecko; compatible; ClaudeBot/1.0; [email protected])"
66.249.79.32 - - [15/Jul/2025:15:15:49 +0000] "GET /detail/4525955 HTTP/1.1" 200 18875 "-" "Mozilla/5.0 (Linux; Android 6.0.1; Nexus 5X Build/MMB29P) AppleWebKit/537.36 (KHTML, like Gecko) Chrome/137.0.7151.103 Mobile Safari/537.36 (compatible; GoogleOther)"
66.249.79.230 - - [15/Jul/2025:15:15:54 +0000] "GET /?h=91806732041960&mod=1397d4cc&uri=goods.php?detail/36475842 HTTP/1.1" 200 20955 "-" "Mozilla/5.0 (Linux; Android 6.0.1; Nexus 5X Build/MMB29P) AppleWebKit/537.36 (KHTML, like Gecko) Chrome/137.0.7151.103 Mobile Safari/537.36 (compatible; Googlebot/2.1; +http://www.google.com/bot.html)"
