66.249.79.233 - - [15/Jul/2025:20:12:14 +0000] "POST /get-message-notify HTTP/1.1" 200 19474 "https://www.kelaby.company/?h=5946701111960&mod=9293eb98&uri=pin.php?detail/2620214" "Mozilla/5.0 (Linux; Android 6.0.1; Nexus 5X Build/MMB29P) AppleWebKit/537.36 (KHTML, like Gecko) Chrome/137.0.7151.119 Mobile Safari/537.36 (compatible; Googlebot/2.1; +http://www.google.com/bot.html)"
66.249.79.233 - - [15/Jul/2025:20:12:15 +0000] "GET /?h=28142226041960&mod=c6fe3f96&uri=shared.php?detail/38417869 HTTP/1.1" 200 19482 "-" "Mozilla/5.0 (Linux; Android 6.0.1; Nexus 5X Build/MMB29P) AppleWebKit/537.36 (KHTML, like Gecko) Chrome/137.0.7151.103 Mobile Safari/537.36 (compatible; Googlebot/2.1; +http://www.google.com/bot.html)"
66.249.79.232 - - [15/Jul/2025:20:12:19 +0000] "GET /?h=28142226041960&mod=c6fe3f96&uri=shared.php?detail/38467556 HTTP/1.1" 200 19277 "-" "Mozilla/5.0 (Linux; Android 6.0.1; Nexus 5X Build/MMB29P) AppleWebKit/537.36 (KHTML, like Gecko) Chrome/137.0.7151.103 Mobile Safari/537.36 (compatible; Googlebot/2.1; +http://www.google.com/bot.html)"
66.249.79.232 - - [15/Jul/2025:20:12:23 +0000] "GET /?h=28142226041960&mod=c6fe3f96&uri=shared.php?detail/38463577 HTTP/1.1" 200 21175 "-" "Mozilla/5.0 (Linux; Android 6.0.1; Nexus 5X Build/MMB29P) AppleWebKit/537.36 (KHTML, like Gecko) Chrome/137.0.7151.103 Mobile Safari/537.36 (compatible; Googlebot/2.1; +http://www.google.com/bot.html)"
66.249.79.232 - - [15/Jul/2025:20:12:28 +0000] "POST /get-message-notify HTTP/1.1" 200 19474 "https://www.kelaby.company/?h=28142226041960&mod=c6fe3f96&uri=shared.php?detail/38467556" "Mozilla/5.0 (Linux; Android 6.0.1; Nexus 5X Build/MMB29P) AppleWebKit/537.36 (KHTML, like Gecko) Chrome/137.0.7151.119 Mobile Safari/537.36 (compatible; Googlebot/2.1; +http://www.google.com/bot.html)"
66.249.79.232 - - [15/Jul/2025:20:12:34 +0000] "GET /?h=28142226041960&mod=c6fe3f96&uri=shared.php?detail/38448406 HTTP/1.1" 200 19526 "-" "Mozilla/5.0 (Linux; Android 6.0.1; Nexus 5X Build/MMB29P) AppleWebKit/537.36 (KHTML, like Gecko) Chrome/137.0.7151.103 Mobile Safari/537.36 (compatible; Googlebot/2.1; +http://www.google.com/bot.html)"
209.74.77.214 - - [15/Jul/2025:20:12:34 +0000] "POST /wp-cron.php?doing_wp_cron=1752610354.5367510318756103515625 HTTP/1.1" 200 - "-" "WordPress/6.8.1; https://kelaby.company"
216.73.216.247 - - [15/Jul/2025:20:12:34 +0000] "GET /detail/696876913 HTTP/1.1" 404 16357 "-" "Mozilla/5.0 AppleWebKit/537.36 (KHTML, like Gecko; compatible; ClaudeBot/1.0; [email protected])"
66.249.79.232 - - [15/Jul/2025:20:12:38 +0000] "GET /?h=28142226041960&mod=c6fe3f96&uri=shared.php?detail/38424300 HTTP/1.1" 200 19361 "-" "Mozilla/5.0 (Linux; Android 6.0.1; Nexus 5X Build/MMB29P) AppleWebKit/537.36 (KHTML, like Gecko) Chrome/137.0.7151.103 Mobile Safari/537.36 (compatible; Googlebot/2.1; +http://www.google.com/bot.html)"
66.249.79.232 - - [15/Jul/2025:20:12:42 +0000] "GET /?h=28142226041960&mod=c6fe3f96&uri=shared.php?detail/38426770 HTTP/1.1" 200 19054 "-" "Mozilla/5.0 (Linux; Android 6.0.1; Nexus 5X Build/MMB29P) AppleWebKit/537.36 (KHTML, like Gecko) Chrome/137.0.7151.103 Mobile Safari/537.36 (compatible; Googlebot/2.1; +http://www.google.com/bot.html)"
66.249.79.232 - - [15/Jul/2025:20:12:46 +0000] "POST /get-message-notify HTTP/1.1" 200 19474 "https://www.kelaby.company/?h=28142226041960&mod=c6fe3f96&uri=shared.php?detail/38426770" "Mozilla/5.0 (Linux; Android 6.0.1; Nexus 5X Build/MMB29P) AppleWebKit/537.36 (KHTML, like Gecko) Chrome/137.0.7151.119 Mobile Safari/537.36 (compatible; Googlebot/2.1; +http://www.google.com/bot.html)"
66.249.79.232 - - [15/Jul/2025:20:12:54 +0000] "GET /?h=28142226041960&mod=c6fe3f96&uri=shared.php?detail/38439910 HTTP/1.1" 200 19552 "-" "Mozilla/5.0 (Linux; Android 6.0.1; Nexus 5X Build/MMB29P) AppleWebKit/537.36 (KHTML, like Gecko) Chrome/137.0.7151.103 Mobile Safari/537.36 (compatible; Googlebot/2.1; +http://www.google.com/bot.html)"
66.249.79.232 - - [15/Jul/2025:20:12:57 +0000] "POST /get-message-notify HTTP/1.1" 200 19474 "https://www.kelaby.company/?h=28142226041960&mod=c6fe3f96&uri=shared.php?detail/38439910" "Mozilla/5.0 (Linux; Android 6.0.1; Nexus 5X Build/MMB29P) AppleWebKit/537.36 (KHTML, like Gecko) Chrome/137.0.7151.119 Mobile Safari/537.36 (compatible; Googlebot/2.1; +http://www.google.com/bot.html)"
216.73.216.247 - - [15/Jul/2025:20:12:58 +0000] "GET /detail/697323632 HTTP/1.1" 404 16357 "-" "Mozilla/5.0 AppleWebKit/537.36 (KHTML, like Gecko; compatible; ClaudeBot/1.0; [email protected])"
66.249.79.234 - - [15/Jul/2025:20:13:02 +0000] "GET /?h=28142226041960&mod=c6fe3f96&uri=shared.php?detail/38428541 HTTP/1.1" 200 20699 "-" "Mozilla/5.0 (Linux; Android 6.0.1; Nexus 5X Build/MMB29P) AppleWebKit/537.36 (KHTML, like Gecko) Chrome/137.0.7151.103 Mobile Safari/537.36 (compatible; Googlebot/2.1; +http://www.google.com/bot.html)"
66.249.79.232 - - [15/Jul/2025:20:13:10 +0000] "GET /?h=65567342031960&mod=6351bf9d&uri=products.php?product/edit/K3393675177 HTTP/1.1" 200 18860 "-" "Mozilla/5.0 (Linux; Android 6.0.1; Nexus 5X Build/MMB29P) AppleWebKit/537.36 (KHTML, like Gecko) Chrome/137.0.7151.103 Mobile Safari/537.36 (compatible; Googlebot/2.1; +http://www.google.com/bot.html)"
66.249.79.232 - - [15/Jul/2025:20:13:12 +0000] "POST /get-message-notify HTTP/1.1" 200 19474 "https://www.kelaby.company/?h=65567342031960&mod=6351bf9d&uri=products.php?product/edit/K3393675177" "Mozilla/5.0 (Linux; Android 6.0.1; Nexus 5X Build/MMB29P) AppleWebKit/537.36 (KHTML, like Gecko) Chrome/137.0.7151.119 Mobile Safari/537.36 (compatible; Googlebot/2.1; +http://www.google.com/bot.html)"
66.249.79.232 - - [15/Jul/2025:20:13:18 +0000] "GET /?h=65567342031960&mod=6351bf9d&uri=products.php?product/edit/K1286755271 HTTP/1.1" 200 20007 "-" "Mozilla/5.0 (Linux; Android 6.0.1; Nexus 5X Build/MMB29P) AppleWebKit/537.36 (KHTML, like Gecko) Chrome/137.0.7151.103 Mobile Safari/537.36 (compatible; Googlebot/2.1; +http://www.google.com/bot.html)"
209.74.77.214 - - [15/Jul/2025:20:13:19 +0000] "POST /wp-cron.php?doing_wp_cron=1752610399.3492090702056884765625 HTTP/1.1" 200 - "-" "WordPress/6.8.1; https://kelaby.company"
216.73.216.247 - - [15/Jul/2025:20:13:19 +0000] "GET /detail/697185240 HTTP/1.1" 404 16357 "-" "Mozilla/5.0 AppleWebKit/537.36 (KHTML, like Gecko; compatible; ClaudeBot/1.0; [email protected])"
66.249.79.232 - - [15/Jul/2025:20:13:26 +0000] "GET /?h=5731788081960&mod=4428d361&uri=pin.php?detail/1145728811 HTTP/1.1" 200 18757 "-" "Mozilla/5.0 (Linux; Android 6.0.1; Nexus 5X Build/MMB29P) AppleWebKit/537.36 (KHTML, like Gecko) Chrome/137.0.7151.103 Mobile Safari/537.36 (compatible; Googlebot/2.1; +http://www.google.com/bot.html)"
51.222.253.6 - - [15/Jul/2025:20:13:30 +0000] "GET /?h=79543490011960&uri=form.php%3Fid%3D2654470-1501%26name%3Dgreen%20vapormax HTTP/1.1" 200 26423 "-" "Mozilla/5.0 (compatible; AhrefsBot/7.0; +http://ahrefs.com/robot/)"
66.249.79.232 - - [15/Jul/2025:20:13:34 +0000] "GET /?h=5731788081960&mod=4428d361&uri=pin.php?detail/1145731537 HTTP/1.1" 200 19304 "-" "Mozilla/5.0 (Linux; Android 6.0.1; Nexus 5X Build/MMB29P) AppleWebKit/537.36 (KHTML, like Gecko) Chrome/137.0.7151.103 Mobile Safari/537.36 (compatible; Googlebot/2.1; +http://www.google.com/bot.html)"
66.249.79.232 - - [15/Jul/2025:20:13:41 +0000] "GET /?h=65567342031960&mod=6351bf9d&uri=products.php?detail/828707353 HTTP/1.1" 200 19096 "-" "Mozilla/5.0 (Linux; Android 6.0.1; Nexus 5X Build/MMB29P) AppleWebKit/537.36 (KHTML, like Gecko) Chrome/137.0.7151.103 Mobile Safari/537.36 (compatible; Googlebot/2.1; +http://www.google.com/bot.html)"
216.73.216.247 - - [15/Jul/2025:20:13:43 +0000] "GET /detail/697099898 HTTP/1.1" 404 16357 "-" "Mozilla/5.0 AppleWebKit/537.36 (KHTML, like Gecko; compatible; ClaudeBot/1.0; [email protected])"
66.249.79.232 - - [15/Jul/2025:20:13:49 +0000] "GET /?h=5731788081960&mod=4428d361&uri=pin.php?detail/1145733048 HTTP/1.1" 200 19585 "-" "Mozilla/5.0 (Linux; Android 6.0.1; Nexus 5X Build/MMB29P) AppleWebKit/537.36 (KHTML, like Gecko) Chrome/137.0.7151.103 Mobile Safari/537.36 (compatible; Googlebot/2.1; +http://www.google.com/bot.html)"
66.249.79.232 - - [15/Jul/2025:20:13:57 +0000] "GET /?h=65567342031960&mod=6351bf9d&uri=products.php?detail/828708523 HTTP/1.1" 200 19944 "-" "Mozilla/5.0 (Linux; Android 6.0.1; Nexus 5X Build/MMB29P) AppleWebKit/537.36 (KHTML, like Gecko) Chrome/137.0.7151.103 Mobile Safari/537.36 (compatible; Googlebot/2.1; +http://www.google.com/bot.html)"
66.249.79.233 - - [15/Jul/2025:20:14:01 +0000] "POST /get-message-notify HTTP/1.1" 200 19474 "https://www.kelaby.company/?h=65567342031960&mod=6351bf9d&uri=products.php?detail/828708523" "Mozilla/5.0 (Linux; Android 6.0.1; Nexus 5X Build/MMB29P) AppleWebKit/537.36 (KHTML, like Gecko) Chrome/137.0.7151.119 Mobile Safari/537.36 (compatible; Googlebot/2.1; +http://www.google.com/bot.html)"
66.249.79.234 - - [15/Jul/2025:20:14:05 +0000] "GET /?h=23979392041960&mod=62c1507b&uri=article.php?detail/38457972 HTTP/1.1" 200 20436 "-" "Mozilla/5.0 (Linux; Android 6.0.1; Nexus 5X Build/MMB29P) AppleWebKit/537.36 (KHTML, like Gecko) Chrome/137.0.7151.103 Mobile Safari/537.36 (compatible; Googlebot/2.1; +http://www.google.com/bot.html)"
209.74.77.214 - - [15/Jul/2025:20:14:07 +0000] "POST /wp-cron.php?doing_wp_cron=1752610447.3113980293273925781250 HTTP/1.1" 200 - "-" "WordPress/6.8.1; https://kelaby.company"
216.73.216.247 - - [15/Jul/2025:20:14:07 +0000] "GET /detail/696867752 HTTP/1.1" 404 16357 "-" "Mozilla/5.0 AppleWebKit/537.36 (KHTML, like Gecko; compatible; ClaudeBot/1.0; [email protected])"
66.249.79.233 - - [15/Jul/2025:20:14:08 +0000] "POST /get-message-notify HTTP/1.1" 200 19474 "https://www.kelaby.company/?h=23979392041960&mod=62c1507b&uri=article.php?detail/38457972" "Mozilla/5.0 (Linux; Android 6.0.1; Nexus 5X Build/MMB29P) AppleWebKit/537.36 (KHTML, like Gecko) Chrome/137.0.7151.119 Mobile Safari/537.36 (compatible; Googlebot/2.1; +http://www.google.com/bot.html)"
66.249.79.232 - - [15/Jul/2025:20:14:12 +0000] "GET /?h=65567342031960&mod=6351bf9d&uri=products.php?detail/828706750 HTTP/1.1" 200 21496 "-" "Mozilla/5.0 (Linux; Android 6.0.1; Nexus 5X Build/MMB29P) AppleWebKit/537.36 (KHTML, like Gecko) Chrome/137.0.7151.103 Mobile Safari/537.36 (compatible; Googlebot/2.1; +http://www.google.com/bot.html)"
66.249.79.232 - - [15/Jul/2025:20:14:15 +0000] "POST /get-message-notify HTTP/1.1" 200 19474 "https://www.kelaby.company/?h=65567342031960&mod=6351bf9d&uri=products.php?detail/828706750" "Mozilla/5.0 (Linux; Android 6.0.1; Nexus 5X Build/MMB29P) AppleWebKit/537.36 (KHTML, like Gecko) Chrome/137.0.7151.119 Mobile Safari/537.36 (compatible; Googlebot/2.1; +http://www.google.com/bot.html)"
66.249.79.232 - - [15/Jul/2025:20:14:20 +0000] "GET /?h=5731788081960&mod=4428d361&uri=pin.php?detail/1145729149 HTTP/1.1" 200 21219 "-" "Mozilla/5.0 (Linux; Android 6.0.1; Nexus 5X Build/MMB29P) AppleWebKit/537.36 (KHTML, like Gecko) Chrome/137.0.7151.103 Mobile Safari/537.36 (compatible; Googlebot/2.1; +http://www.google.com/bot.html)"
66.249.79.230 - - [15/Jul/2025:20:14:28 +0000] "GET /?h=65567342031960&mod=6351bf9d&uri=products.php?detail/828705239 HTTP/1.1" 200 18533 "-" "Mozilla/5.0 (Linux; Android 6.0.1; Nexus 5X Build/MMB29P) AppleWebKit/537.36 (KHTML, like Gecko) Chrome/137.0.7151.103 Mobile Safari/537.36 (compatible; Googlebot/2.1; +http://www.google.com/bot.html)"
209.74.77.214 - - [15/Jul/2025:20:14:31 +0000] "POST /wp-cron.php?doing_wp_cron=1752610471.3282239437103271484375 HTTP/1.1" 200 - "-" "WordPress/6.8.1; https://kelaby.company"
216.73.216.247 - - [15/Jul/2025:20:14:31 +0000] "GET /detail/696869132 HTTP/1.1" 404 16357 "-" "Mozilla/5.0 AppleWebKit/537.36 (KHTML, like Gecko; compatible; ClaudeBot/1.0; [email protected])"
66.249.79.230 - - [15/Jul/2025:20:14:36 +0000] "GET /?h=5731788081960&mod=4428d361&uri=pin.php?detail/1145728402 HTTP/1.1" 200 18841 "-" "Mozilla/5.0 (Linux; Android 6.0.1; Nexus 5X Build/MMB29P) AppleWebKit/537.36 (KHTML, like Gecko) Chrome/137.0.7151.103 Mobile Safari/537.36 (compatible; Googlebot/2.1; +http://www.google.com/bot.html)"
66.249.79.230 - - [15/Jul/2025:20:14:41 +0000] "POST /get-message-notify HTTP/1.1" 200 19474 "https://www.kelaby.company/?h=5731788081960&mod=4428d361&uri=pin.php?detail/1145728402" "Mozilla/5.0 (Linux; Android 6.0.1; Nexus 5X Build/MMB29P) AppleWebKit/537.36 (KHTML, like Gecko) Chrome/137.0.7151.119 Mobile Safari/537.36 (compatible; Googlebot/2.1; +http://www.google.com/bot.html)"
66.249.79.230 - - [15/Jul/2025:20:14:43 +0000] "GET /?h=65567342031960&mod=6351bf9d&uri=products.php?detail/828708114 HTTP/1.1" 200 18474 "-" "Mozilla/5.0 (Linux; Android 6.0.1; Nexus 5X Build/MMB29P) AppleWebKit/537.36 (KHTML, like Gecko) Chrome/137.0.7151.103 Mobile Safari/537.36 (compatible; Googlebot/2.1; +http://www.google.com/bot.html)"
66.249.79.230 - - [15/Jul/2025:20:14:48 +0000] "POST /get-message-notify HTTP/1.1" 200 19474 "https://www.kelaby.company/?h=65567342031960&mod=6351bf9d&uri=products.php?detail/828708114" "Mozilla/5.0 (Linux; Android 6.0.1; Nexus 5X Build/MMB29P) AppleWebKit/537.36 (KHTML, like Gecko) Chrome/137.0.7151.119 Mobile Safari/537.36 (compatible; Googlebot/2.1; +http://www.google.com/bot.html)"
66.249.79.230 - - [15/Jul/2025:20:14:49 +0000] "POST /get-message-notify HTTP/1.1" 200 19474 "https://www.kelaby.company/?h=28142226041960&mod=c6fe3f96&uri=shared.php?detail/38424300" "Mozilla/5.0 (Linux; Android 6.0.1; Nexus 5X Build/MMB29P) AppleWebKit/537.36 (KHTML, like Gecko) Chrome/137.0.7151.119 Mobile Safari/537.36 (compatible; Googlebot/2.1; +http://www.google.com/bot.html)"
66.249.79.230 - - [15/Jul/2025:20:14:51 +0000] "GET /?h=23979392041960&mod=62c1507b&uri=article.php?product/edit/K106018144 HTTP/1.1" 200 18996 "-" "Mozilla/5.0 (Linux; Android 6.0.1; Nexus 5X Build/MMB29P) AppleWebKit/537.36 (KHTML, like Gecko) Chrome/137.0.7151.103 Mobile Safari/537.36 (compatible; Googlebot/2.1; +http://www.google.com/bot.html)"
66.249.79.32 - - [15/Jul/2025:20:14:52 +0000] "GET /?h=89897438111960&mod=e06f967f&uri=pin.php?detail/2614807 HTTP/1.1" 200 19597 "-" "Mozilla/5.0 (Linux; Android 6.0.1; Nexus 5X Build/MMB29P) AppleWebKit/537.36 (KHTML, like Gecko) Chrome/137.0.7151.103 Mobile Safari/537.36 (compatible; Googlebot/2.1; +http://www.google.com/bot.html)"
66.249.79.230 - - [15/Jul/2025:20:14:54 +0000] "POST /get-message-notify HTTP/1.1" 200 19474 "https://www.kelaby.company/?h=23979392041960&mod=62c1507b&uri=article.php?product/edit/K106018144" "Mozilla/5.0 (Linux; Android 6.0.1; Nexus 5X Build/MMB29P) AppleWebKit/537.36 (KHTML, like Gecko) Chrome/137.0.7151.119 Mobile Safari/537.36 (compatible; Googlebot/2.1; +http://www.google.com/bot.html)"
216.73.216.247 - - [15/Jul/2025:20:14:55 +0000] "GET /detail/696972664 HTTP/1.1" 404 16357 "-" "Mozilla/5.0 AppleWebKit/537.36 (KHTML, like Gecko; compatible; ClaudeBot/1.0; [email protected])"
66.249.79.230 - - [15/Jul/2025:20:14:55 +0000] "GET /?h=23979392041960&mod=62c1507b&uri=article.php?detail/38457567 HTTP/1.1" 200 18985 "-" "Mozilla/5.0 (Linux; Android 6.0.1; Nexus 5X Build/MMB29P) AppleWebKit/537.36 (KHTML, like Gecko) Chrome/137.0.7151.103 Mobile Safari/537.36 (compatible; Googlebot/2.1; +http://www.google.com/bot.html)"
66.249.79.230 - - [15/Jul/2025:20:15:02 +0000] "GET /?h=6012969131960&mod=62c1507b&uri=category-info.php?detail/828485872 HTTP/1.1" 200 19330 "-" "Mozilla/5.0 (Linux; Android 6.0.1; Nexus 5X Build/MMB29P) AppleWebKit/537.36 (KHTML, like Gecko) Chrome/137.0.7151.103 Mobile Safari/537.36 (compatible; Googlebot/2.1; +http://www.google.com/bot.html)"
209.74.77.214 - - [15/Jul/2025:20:15:08 +0000] "POST /wp-cron.php?doing_wp_cron=1752610508.3940830230712890625000 HTTP/1.1" 200 - "-" "WordPress/6.8.1; https://kelaby.company"
216.73.216.247 - - [15/Jul/2025:20:15:08 +0000] "GET /detail/697055554 HTTP/1.1" 404 16357 "-" "Mozilla/5.0 AppleWebKit/537.36 (KHTML, like Gecko; compatible; ClaudeBot/1.0; [email protected])"
66.249.79.231 - - [15/Jul/2025:20:15:09 +0000] "POST /get-message-notify HTTP/1.1" 200 19474 "https://www.kelaby.company/?h=23979392041960&mod=62c1507b&uri=article.php?detail/38457567" "Mozilla/5.0 (Linux; Android 6.0.1; Nexus 5X Build/MMB29P) AppleWebKit/537.36 (KHTML, like Gecko) Chrome/137.0.7151.119 Mobile Safari/537.36 (compatible; Googlebot/2.1; +http://www.google.com/bot.html)"
66.249.79.231 - - [15/Jul/2025:20:15:10 +0000] "GET /?h=6012969131960&mod=62c1507b&uri=category-info.php?detail/828486153 HTTP/1.1" 200 19118 "-" "Mozilla/5.0 (Linux; Android 6.0.1; Nexus 5X Build/MMB29P) AppleWebKit/537.36 (KHTML, like Gecko) Chrome/137.0.7151.103 Mobile Safari/537.36 (compatible; Googlebot/2.1; +http://www.google.com/bot.html)"
216.73.216.247 - - [15/Jul/2025:20:15:11 +0000] "GET /detail/697082455 HTTP/1.1" 404 16357 "-" "Mozilla/5.0 AppleWebKit/537.36 (KHTML, like Gecko; compatible; ClaudeBot/1.0; [email protected])"
216.73.216.247 - - [15/Jul/2025:20:15:14 +0000] "GET /detail/696840725 HTTP/1.1" 404 16356 "-" "Mozilla/5.0 AppleWebKit/537.36 (KHTML, like Gecko; compatible; ClaudeBot/1.0; [email protected])"
209.74.77.214 - - [15/Jul/2025:20:15:18 +0000] "POST /wp-cron.php?doing_wp_cron=1752610518.0515439510345458984375 HTTP/1.1" 200 - "-" "WordPress/6.8.1; https://kelaby.company"
216.73.216.247 - - [15/Jul/2025:20:15:17 +0000] "GET /detail/697217566 HTTP/1.1" 404 16357 "-" "Mozilla/5.0 AppleWebKit/537.36 (KHTML, like Gecko; compatible; ClaudeBot/1.0; [email protected])"
216.73.216.247 - - [15/Jul/2025:20:15:20 +0000] "GET /detail/697199826 HTTP/1.1" 404 16357 "-" "Mozilla/5.0 AppleWebKit/537.36 (KHTML, like Gecko; compatible; ClaudeBot/1.0; [email protected])"
66.249.79.230 - - [15/Jul/2025:20:15:22 +0000] "GET /?h=5946701111960&mod=9293eb98&uri=pin.php?detail/2652037 HTTP/1.1" 200 19302 "-" "Mozilla/5.0 (Linux; Android 6.0.1; Nexus 5X Build/MMB29P) AppleWebKit/537.36 (KHTML, like Gecko) Chrome/137.0.7151.103 Mobile Safari/537.36 (compatible; Googlebot/2.1; +http://www.google.com/bot.html)"
66.249.79.230 - - [15/Jul/2025:20:15:22 +0000] "GET /?h=6012969131960&mod=62c1507b&uri=category-info.php?detail/828485550 HTTP/1.1" 200 19851 "-" "Mozilla/5.0 (Linux; Android 6.0.1; Nexus 5X Build/MMB29P) AppleWebKit/537.36 (KHTML, like Gecko) Chrome/137.0.7151.103 Mobile Safari/537.36 (compatible; Googlebot/2.1; +http://www.google.com/bot.html)"
66.249.79.230 - - [15/Jul/2025:20:15:23 +0000] "GET /?h=23979392041960&mod=62c1507b&uri=article.php?detail/44981242 HTTP/1.1" 200 19407 "-" "Mozilla/5.0 (Linux; Android 6.0.1; Nexus 5X Build/MMB29P) AppleWebKit/537.36 (KHTML, like Gecko) Chrome/137.0.7151.103 Mobile Safari/537.36 (compatible; Googlebot/2.1; +http://www.google.com/bot.html)"
216.73.216.247 - - [15/Jul/2025:20:15:23 +0000] "GET /detail/697087862 HTTP/1.1" 404 16357 "-" "Mozilla/5.0 AppleWebKit/537.36 (KHTML, like Gecko; compatible; ClaudeBot/1.0; [email protected])"
216.73.216.247 - - [15/Jul/2025:20:15:26 +0000] "GET /detail/696934006 HTTP/1.1" 404 16357 "-" "Mozilla/5.0 AppleWebKit/537.36 (KHTML, like Gecko; compatible; ClaudeBot/1.0; [email protected])"
216.73.216.247 - - [15/Jul/2025:20:15:29 +0000] "GET /detail/697259183 HTTP/1.1" 404 16357 "-" "Mozilla/5.0 AppleWebKit/537.36 (KHTML, like Gecko; compatible; ClaudeBot/1.0; [email protected])"
216.73.216.247 - - [15/Jul/2025:20:15:32 +0000] "GET /detail/697170800 HTTP/1.1" 404 16357 "-" "Mozilla/5.0 AppleWebKit/537.36 (KHTML, like Gecko; compatible; ClaudeBot/1.0; [email protected])"
66.249.79.230 - - [15/Jul/2025:20:15:33 +0000] "GET /?h=5946701111960&mod=9293eb98&uri=pin.php?detail/2657021 HTTP/1.1" 200 21397 "-" "Mozilla/5.0 (Linux; Android 6.0.1; Nexus 5X Build/MMB29P) AppleWebKit/537.36 (KHTML, like Gecko) Chrome/137.0.7151.103 Mobile Safari/537.36 (compatible; Googlebot/2.1; +http://www.google.com/bot.html)"
66.249.79.230 - - [15/Jul/2025:20:15:37 +0000] "GET /?h=23979392041960&mod=62c1507b&uri=article.php?detail/44972700 HTTP/1.1" 200 19474 "-" "Mozilla/5.0 (Linux; Android 6.0.1; Nexus 5X Build/MMB29P) AppleWebKit/537.36 (KHTML, like Gecko) Chrome/137.0.7151.103 Mobile Safari/537.36 (compatible; Googlebot/2.1; +http://www.google.com/bot.html)"
66.249.79.230 - - [15/Jul/2025:20:15:41 +0000] "GET /?h=23979392041960&mod=62c1507b&uri=article.php?detail/44943415 HTTP/1.1" 200 20307 "-" "Mozilla/5.0 (Linux; Android 6.0.1; Nexus 5X Build/MMB29P) AppleWebKit/537.36 (KHTML, like Gecko) Chrome/137.0.7151.103 Mobile Safari/537.36 (compatible; Googlebot/2.1; +http://www.google.com/bot.html)"
66.249.79.230 - - [15/Jul/2025:20:15:49 +0000] "GET /?h=5946701111960&mod=9293eb98&uri=pin.php?detail/2658385 HTTP/1.1" 200 19118 "-" "Mozilla/5.0 (Linux; Android 6.0.1; Nexus 5X Build/MMB29P) AppleWebKit/537.36 (KHTML, like Gecko) Chrome/137.0.7151.103 Mobile Safari/537.36 (compatible; Googlebot/2.1; +http://www.google.com/bot.html)"
66.249.79.230 - - [15/Jul/2025:20:15:57 +0000] "GET /?h=5946701111960&mod=9293eb98&uri=pin.php?detail/2657782 HTTP/1.1" 200 20567 "-" "Mozilla/5.0 (Linux; Android 6.0.1; Nexus 5X Build/MMB29P) AppleWebKit/537.36 (KHTML, like Gecko) Chrome/137.0.7151.103 Mobile Safari/537.36 (compatible; Googlebot/2.1; +http://www.google.com/bot.html)"
66.249.79.232 - - [15/Jul/2025:20:16:05 +0000] "POST /get-message-notify HTTP/1.1" 200 19474 "https://www.kelaby.company/?h=5946701111960&mod=9293eb98&uri=pin.php?detail/2658385" "Mozilla/5.0 (Linux; Android 6.0.1; Nexus 5X Build/MMB29P) AppleWebKit/537.36 (KHTML, like Gecko) Chrome/137.0.7151.119 Mobile Safari/537.36 (compatible; Googlebot/2.1; +http://www.google.com/bot.html)"
66.249.79.231 - - [15/Jul/2025:20:16:05 +0000] "GET /?h=5946701111960&mod=9293eb98&uri=pin.php?detail/2630401 HTTP/1.1" 200 19775 "-" "Mozilla/5.0 (Linux; Android 6.0.1; Nexus 5X Build/MMB29P) AppleWebKit/537.36 (KHTML, like Gecko) Chrome/137.0.7151.103 Mobile Safari/537.36 (compatible; Googlebot/2.1; +http://www.google.com/bot.html)"
66.249.79.231 - - [15/Jul/2025:20:16:13 +0000] "GET /?h=5946701111960&mod=9293eb98&uri=pin.php?detail/2632250 HTTP/1.1" 200 19187 "-" "Mozilla/5.0 (Linux; Android 6.0.1; Nexus 5X Build/MMB29P) AppleWebKit/537.36 (KHTML, like Gecko) Chrome/137.0.7151.103 Mobile Safari/537.36 (compatible; Googlebot/2.1; +http://www.google.com/bot.html)"
66.249.79.230 - - [15/Jul/2025:20:16:26 +0000] "GET /?h=5946701111960&mod=9293eb98&uri=pin.php?detail/2666687 HTTP/1.1" 200 20419 "-" "Mozilla/5.0 (Linux; Android 6.0.1; Nexus 5X Build/MMB29P) AppleWebKit/537.36 (KHTML, like Gecko) Chrome/137.0.7151.103 Mobile Safari/537.36 (compatible; Googlebot/2.1; +http://www.google.com/bot.html)"
209.74.77.214 - - [15/Jul/2025:20:16:28 +0000] "POST /wp-cron.php?doing_wp_cron=1752610588.8168361186981201171875 HTTP/1.1" 200 - "-" "WordPress/6.8.1; https://kelaby.company"
216.73.216.247 - - [15/Jul/2025:20:16:28 +0000] "GET /detail/697035433 HTTP/1.1" 404 16357 "-" "Mozilla/5.0 AppleWebKit/537.36 (KHTML, like Gecko; compatible; ClaudeBot/1.0; [email protected])"
216.73.216.247 - - [15/Jul/2025:20:16:31 +0000] "GET /detail/696856054 HTTP/1.1" 404 16357 "-" "Mozilla/5.0 AppleWebKit/537.36 (KHTML, like Gecko; compatible; ClaudeBot/1.0; [email protected])"
66.249.79.230 - - [15/Jul/2025:20:16:34 +0000] "GET /?h=5946701111960&mod=9293eb98&uri=pin.php?detail/2654635 HTTP/1.1" 200 19890 "-" "Mozilla/5.0 (Linux; Android 6.0.1; Nexus 5X Build/MMB29P) AppleWebKit/537.36 (KHTML, like Gecko) Chrome/137.0.7151.103 Mobile Safari/537.36 (compatible; Googlebot/2.1; +http://www.google.com/bot.html)"
216.73.216.247 - - [15/Jul/2025:20:16:34 +0000] "GET /detail/697169454 HTTP/1.1" 404 16357 "-" "Mozilla/5.0 AppleWebKit/537.36 (KHTML, like Gecko; compatible; ClaudeBot/1.0; [email protected])"
66.249.79.230 - - [15/Jul/2025:20:16:34 +0000] "GET /?h=23979392041960&mod=62c1507b&uri=article.php?detail/44973449 HTTP/1.1" 200 19813 "-" "Mozilla/5.0 (Linux; Android 6.0.1; Nexus 5X Build/MMB29P) AppleWebKit/537.36 (KHTML, like Gecko) Chrome/137.0.7151.103 Mobile Safari/537.36 (compatible; Googlebot/2.1; +http://www.google.com/bot.html)"
66.249.79.230 - - [15/Jul/2025:20:16:36 +0000] "POST /get-message-notify HTTP/1.1" 200 19474 "https://www.kelaby.company/?h=5946701111960&mod=9293eb98&uri=pin.php?detail/2654635" "Mozilla/5.0 (Linux; Android 6.0.1; Nexus 5X Build/MMB29P) AppleWebKit/537.36 (KHTML, like Gecko) Chrome/137.0.7151.119 Mobile Safari/537.36 (compatible; Googlebot/2.1; +http://www.google.com/bot.html)"
216.73.216.247 - - [15/Jul/2025:20:16:37 +0000] "GET /detail/697307295 HTTP/1.1" 404 16358 "-" "Mozilla/5.0 AppleWebKit/537.36 (KHTML, like Gecko; compatible; ClaudeBot/1.0; [email protected])"
66.249.79.230 - - [15/Jul/2025:20:16:38 +0000] "GET /?h=5946701111960&mod=9293eb98&uri=pin.php?detail/2656420 HTTP/1.1" 200 21436 "-" "Mozilla/5.0 (Linux; Android 6.0.1; Nexus 5X Build/MMB29P) AppleWebKit/537.36 (KHTML, like Gecko) Chrome/137.0.7151.103 Mobile Safari/537.36 (compatible; Googlebot/2.1; +http://www.google.com/bot.html)"
216.73.216.247 - - [15/Jul/2025:20:16:40 +0000] "GET /detail/696861255 HTTP/1.1" 404 16357 "-" "Mozilla/5.0 AppleWebKit/537.36 (KHTML, like Gecko; compatible; ClaudeBot/1.0; [email protected])"
66.249.79.230 - - [15/Jul/2025:20:16:41 +0000] "POST /get-message-notify HTTP/1.1" 200 19474 "https://www.kelaby.company/?h=23979392041960&mod=62c1507b&uri=article.php?detail/44972700" "Mozilla/5.0 (Linux; Android 6.0.1; Nexus 5X Build/MMB29P) AppleWebKit/537.36 (KHTML, like Gecko) Chrome/137.0.7151.119 Mobile Safari/537.36 (compatible; Googlebot/2.1; +http://www.google.com/bot.html)"
216.73.216.247 - - [15/Jul/2025:20:16:43 +0000] "GET /detail/697266832 HTTP/1.1" 404 16358 "-" "Mozilla/5.0 AppleWebKit/537.36 (KHTML, like Gecko; compatible; ClaudeBot/1.0; [email protected])"
66.249.79.230 - - [15/Jul/2025:20:16:45 +0000] "GET /?h=23979392041960&mod=62c1507b&uri=article.php?detail/44981260 HTTP/1.1" 200 21040 "-" "Mozilla/5.0 (Linux; Android 6.0.1; Nexus 5X Build/MMB29P) AppleWebKit/537.36 (KHTML, like Gecko) Chrome/137.0.7151.103 Mobile Safari/537.36 (compatible; Googlebot/2.1; +http://www.google.com/bot.html)"
216.73.216.247 - - [15/Jul/2025:20:16:46 +0000] "GET /detail/697109482 HTTP/1.1" 404 16357 "-" "Mozilla/5.0 AppleWebKit/537.36 (KHTML, like Gecko; compatible; ClaudeBot/1.0; [email protected])"
216.73.216.247 - - [15/Jul/2025:20:16:49 +0000] "GET /detail/697344930 HTTP/1.1" 404 16357 "-" "Mozilla/5.0 AppleWebKit/537.36 (KHTML, like Gecko; compatible; ClaudeBot/1.0; [email protected])"
216.73.216.247 - - [15/Jul/2025:20:16:52 +0000] "GET /detail/696888901 HTTP/1.1" 404 16357 "-" "Mozilla/5.0 AppleWebKit/537.36 (KHTML, like Gecko; compatible; ClaudeBot/1.0; [email protected])"
66.249.79.230 - - [15/Jul/2025:20:16:53 +0000] "GET /?h=5946701111960&mod=9293eb98&uri=pin.php?detail/2620536 HTTP/1.1" 200 19365 "-" "Mozilla/5.0 (Linux; Android 6.0.1; Nexus 5X Build/MMB29P) AppleWebKit/537.36 (KHTML, like Gecko) Chrome/137.0.7151.103 Mobile Safari/537.36 (compatible; Googlebot/2.1; +http://www.google.com/bot.html)"
66.249.79.230 - - [15/Jul/2025:20:17:01 +0000] "GET /?h=5946701111960&mod=9293eb98&uri=pin.php?detail/2643623 HTTP/1.1" 200 19376 "-" "Mozilla/5.0 (Linux; Android 6.0.1; Nexus 5X Build/MMB29P) AppleWebKit/537.36 (KHTML, like Gecko) Chrome/137.0.7151.103 Mobile Safari/537.36 (compatible; Googlebot/2.1; +http://www.google.com/bot.html)"
66.249.79.230 - - [15/Jul/2025:20:17:04 +0000] "POST /get-message-notify HTTP/1.1" 200 19474 "https://www.kelaby.company/?h=23979392041960&mod=62c1507b&uri=article.php?detail/44973449" "Mozilla/5.0 (Linux; Android 6.0.1; Nexus 5X Build/MMB29P) AppleWebKit/537.36 (KHTML, like Gecko) Chrome/137.0.7151.119 Mobile Safari/537.36 (compatible; Googlebot/2.1; +http://www.google.com/bot.html)"
66.249.79.231 - - [15/Jul/2025:20:17:08 +0000] "GET /?h=5946701111960&mod=9293eb98&uri=pin.php?detail/2650586 HTTP/1.1" 200 22052 "-" "Mozilla/5.0 (Linux; Android 6.0.1; Nexus 5X Build/MMB29P) AppleWebKit/537.36 (KHTML, like Gecko) Chrome/137.0.7151.103 Mobile Safari/537.36 (compatible; Googlebot/2.1; +http://www.google.com/bot.html)"
66.249.79.231 - - [15/Jul/2025:20:17:11 +0000] "POST /get-message-notify HTTP/1.1" 200 19474 "https://www.kelaby.company/?h=5946701111960&mod=9293eb98&uri=pin.php?detail/2656420" "Mozilla/5.0 (Linux; Android 6.0.1; Nexus 5X Build/MMB29P) AppleWebKit/537.36 (KHTML, like Gecko) Chrome/137.0.7151.119 Mobile Safari/537.36 (compatible; Googlebot/2.1; +http://www.google.com/bot.html)"
66.249.79.230 - - [15/Jul/2025:20:17:14 +0000] "POST /get-message-notify HTTP/1.1" 200 19474 "https://www.kelaby.company/?h=23979392041960&mod=62c1507b&uri=article.php?detail/44981260" "Mozilla/5.0 (Linux; Android 6.0.1; Nexus 5X Build/MMB29P) AppleWebKit/537.36 (KHTML, like Gecko) Chrome/137.0.7151.119 Mobile Safari/537.36 (compatible; Googlebot/2.1; +http://www.google.com/bot.html)"
66.249.79.230 - - [15/Jul/2025:20:17:16 +0000] "GET /?h=5946701111960&mod=9293eb98&uri=pin.php?detail/2667220 HTTP/1.1" 200 19684 "-" "Mozilla/5.0 (Linux; Android 6.0.1; Nexus 5X Build/MMB29P) AppleWebKit/537.36 (KHTML, like Gecko) Chrome/137.0.7151.103 Mobile Safari/537.36 (compatible; Googlebot/2.1; +http://www.google.com/bot.html)"
66.249.79.230 - - [15/Jul/2025:20:17:19 +0000] "POST /get-message-notify HTTP/1.1" 200 19474 "https://www.kelaby.company/?h=5946701111960&mod=9293eb98&uri=pin.php?detail/2650586" "Mozilla/5.0 (Linux; Android 6.0.1; Nexus 5X Build/MMB29P) AppleWebKit/537.36 (KHTML, like Gecko) Chrome/137.0.7151.119 Mobile Safari/537.36 (compatible; Googlebot/2.1; +http://www.google.com/bot.html)"
66.249.79.230 - - [15/Jul/2025:20:17:24 +0000] "GET /?h=23979392041960&mod=62c1507b&uri=article.php?detail/44946208 HTTP/1.1" 200 21211 "-" "Mozilla/5.0 (Linux; Android 6.0.1; Nexus 5X Build/MMB29P) AppleWebKit/537.36 (KHTML, like Gecko) Chrome/137.0.7151.103 Mobile Safari/537.36 (compatible; Googlebot/2.1; +http://www.google.com/bot.html)"
209.74.77.214 - - [15/Jul/2025:20:17:31 +0000] "POST /wp-cron.php?doing_wp_cron=1752610650.8786399364471435546875 HTTP/1.1" 200 - "-" "WordPress/6.8.1; https://kelaby.company"
51.222.253.20 - - [15/Jul/2025:20:17:30 +0000] "GET /?h=79379883041960&uri=shared.php%3Fid%3D2649006-857%26name%3Drainbow%20leather%20bag HTTP/1.1" 200 26422 "-" "Mozilla/5.0 (compatible; AhrefsBot/7.0; +http://ahrefs.com/robot/)"
66.249.79.230 - - [15/Jul/2025:20:17:32 +0000] "GET /?h=23979392041960&mod=62c1507b&uri=article.php?detail/44957855 HTTP/1.1" 200 21155 "-" "Mozilla/5.0 (Linux; Android 6.0.1; Nexus 5X Build/MMB29P) AppleWebKit/537.36 (KHTML, like Gecko) Chrome/137.0.7151.103 Mobile Safari/537.36 (compatible; Googlebot/2.1; +http://www.google.com/bot.html)"
66.249.79.230 - - [15/Jul/2025:20:17:37 +0000] "POST /get-message-notify HTTP/1.1" 200 19474 "https://www.kelaby.company/?h=23979392041960&mod=62c1507b&uri=article.php?detail/44957855" "Mozilla/5.0 (Linux; Android 6.0.1; Nexus 5X Build/MMB29P) AppleWebKit/537.36 (KHTML, like Gecko) Chrome/137.0.7151.119 Mobile Safari/537.36 (compatible; Googlebot/2.1; +http://www.google.com/bot.html)"
66.249.79.230 - - [15/Jul/2025:20:17:38 +0000] "POST /get-message-notify HTTP/1.1" 200 19474 "https://www.kelaby.company/?h=23979392041960&mod=62c1507b&uri=article.php?detail/44946208" "Mozilla/5.0 (Linux; Android 6.0.1; Nexus 5X Build/MMB29P) AppleWebKit/537.36 (KHTML, like Gecko) Chrome/137.0.7151.119 Mobile Safari/537.36 (compatible; Googlebot/2.1; +http://www.google.com/bot.html)"
66.249.79.230 - - [15/Jul/2025:20:17:40 +0000] "GET /?h=5946701111960&mod=9293eb98&uri=pin.php?detail/2645051 HTTP/1.1" 200 20374 "-" "Mozilla/5.0 (Linux; Android 6.0.1; Nexus 5X Build/MMB29P) AppleWebKit/537.36 (KHTML, like Gecko) Chrome/137.0.7151.103 Mobile Safari/537.36 (compatible; Googlebot/2.1; +http://www.google.com/bot.html)"
66.249.79.230 - - [15/Jul/2025:20:17:48 +0000] "GET /?h=5946701111960&mod=9293eb98&uri=pin.php?detail/2633548 HTTP/1.1" 200 21467 "-" "Mozilla/5.0 (Linux; Android 6.0.1; Nexus 5X Build/MMB29P) AppleWebKit/537.36 (KHTML, like Gecko) Chrome/137.0.7151.103 Mobile Safari/537.36 (compatible; Googlebot/2.1; +http://www.google.com/bot.html)"
216.73.216.247 - - [15/Jul/2025:20:17:52 +0000] "GET /detail/696951325 HTTP/1.1" 404 16357 "-" "Mozilla/5.0 AppleWebKit/537.36 (KHTML, like Gecko; compatible; ClaudeBot/1.0; [email protected])"
216.73.216.247 - - [15/Jul/2025:20:17:55 +0000] "GET /detail/696877955 HTTP/1.1" 404 16358 "-" "Mozilla/5.0 AppleWebKit/537.36 (KHTML, like Gecko; compatible; ClaudeBot/1.0; [email protected])"
66.249.79.231 - - [15/Jul/2025:20:17:56 +0000] "GET /?h=23979392041960&mod=62c1507b&uri=article.php?detail/44973870 HTTP/1.1" 200 20013 "-" "Mozilla/5.0 (Linux; Android 6.0.1; Nexus 5X Build/MMB29P) AppleWebKit/537.36 (KHTML, like Gecko) Chrome/137.0.7151.103 Mobile Safari/537.36 (compatible; Googlebot/2.1; +http://www.google.com/bot.html)"
216.73.216.247 - - [15/Jul/2025:20:17:58 +0000] "GET /detail/697176826 HTTP/1.1" 404 16356 "-" "Mozilla/5.0 AppleWebKit/537.36 (KHTML, like Gecko; compatible; ClaudeBot/1.0; [email protected])"
66.249.79.231 - - [15/Jul/2025:20:18:01 +0000] "POST /get-message-notify HTTP/1.1" 200 19474 "https://www.kelaby.company/?h=23979392041960&mod=62c1507b&uri=article.php?detail/44973870" "Mozilla/5.0 (Linux; Android 6.0.1; Nexus 5X Build/MMB29P) AppleWebKit/537.36 (KHTML, like Gecko) Chrome/137.0.7151.119 Mobile Safari/537.36 (compatible; Googlebot/2.1; +http://www.google.com/bot.html)"
209.74.77.214 - - [15/Jul/2025:20:18:01 +0000] "POST /wp-cron.php?doing_wp_cron=1752610681.6913850307464599609375 HTTP/1.1" 200 - "-" "WordPress/6.8.1; https://kelaby.company"
216.73.216.247 - - [15/Jul/2025:20:18:01 +0000] "GET /detail/697169033 HTTP/1.1" 404 16357 "-" "Mozilla/5.0 AppleWebKit/537.36 (KHTML, like Gecko; compatible; ClaudeBot/1.0; [email protected])"
216.73.216.247 - - [15/Jul/2025:20:18:04 +0000] "GET /detail/697088952 HTTP/1.1" 404 16358 "-" "Mozilla/5.0 AppleWebKit/537.36 (KHTML, like Gecko; compatible; ClaudeBot/1.0; [email protected])"
216.73.216.247 - - [15/Jul/2025:20:18:07 +0000] "GET /detail/697307700 HTTP/1.1" 404 16358 "-" "Mozilla/5.0 AppleWebKit/537.36 (KHTML, like Gecko; compatible; ClaudeBot/1.0; [email protected])"
216.73.216.247 - - [15/Jul/2025:20:18:10 +0000] "GET /detail/697051043 HTTP/1.1" 404 16357 "-" "Mozilla/5.0 AppleWebKit/537.36 (KHTML, like Gecko; compatible; ClaudeBot/1.0; [email protected])"
66.249.79.230 - - [15/Jul/2025:20:18:11 +0000] "GET /?h=5946701111960&mod=9293eb98&uri=pin.php?detail/2669480 HTTP/1.1" 200 19747 "-" "Mozilla/5.0 (Linux; Android 6.0.1; Nexus 5X Build/MMB29P) AppleWebKit/537.36 (KHTML, like Gecko) Chrome/137.0.7151.103 Mobile Safari/537.36 (compatible; Googlebot/2.1; +http://www.google.com/bot.html)"
216.73.216.247 - - [15/Jul/2025:20:18:13 +0000] "GET /detail/697161643 HTTP/1.1" 404 16358 "-" "Mozilla/5.0 AppleWebKit/537.36 (KHTML, like Gecko; compatible; ClaudeBot/1.0; [email protected])"
66.249.79.230 - - [15/Jul/2025:20:18:15 +0000] "GET /?h=23979392041960&mod=62c1507b&uri=article.php?detail/44943948 HTTP/1.1" 200 19473 "-" "Mozilla/5.0 (Linux; Android 6.0.1; Nexus 5X Build/MMB29P) AppleWebKit/537.36 (KHTML, like Gecko) Chrome/137.0.7151.103 Mobile Safari/537.36 (compatible; Googlebot/2.1; +http://www.google.com/bot.html)"
216.73.216.247 - - [15/Jul/2025:20:18:16 +0000] "GET /detail/696891353 HTTP/1.1" 404 16357 "-" "Mozilla/5.0 AppleWebKit/537.36 (KHTML, like Gecko; compatible; ClaudeBot/1.0; [email protected])"
66.249.79.230 - - [15/Jul/2025:20:18:19 +0000] "POST /get-message-notify HTTP/1.1" 200 19474 "https://www.kelaby.company/?h=23979392041960&mod=62c1507b&uri=article.php?detail/44943948" "Mozilla/5.0 (Linux; Android 6.0.1; Nexus 5X Build/MMB29P) AppleWebKit/537.36 (KHTML, like Gecko) Chrome/137.0.7151.119 Mobile Safari/537.36 (compatible; Googlebot/2.1; +http://www.google.com/bot.html)"
66.249.79.230 - - [15/Jul/2025:20:18:27 +0000] "GET /?h=5946701111960&mod=9293eb98&uri=pin.php?detail/2626224 HTTP/1.1" 200 19597 "-" "Mozilla/5.0 (Linux; Android 6.0.1; Nexus 5X Build/MMB29P) AppleWebKit/537.36 (KHTML, like Gecko) Chrome/137.0.7151.103 Mobile Safari/537.36 (compatible; Googlebot/2.1; +http://www.google.com/bot.html)"
66.249.79.230 - - [15/Jul/2025:20:18:30 +0000] "POST /get-message-notify HTTP/1.1" 200 19474 "https://www.kelaby.company/?h=5946701111960&mod=9293eb98&uri=pin.php?detail/2626224" "Mozilla/5.0 (Linux; Android 6.0.1; Nexus 5X Build/MMB29P) AppleWebKit/537.36 (KHTML, like Gecko) Chrome/137.0.7151.119 Mobile Safari/537.36 (compatible; Googlebot/2.1; +http://www.google.com/bot.html)"
66.249.79.230 - - [15/Jul/2025:20:18:31 +0000] "GET /?h=5946701111960&mod=9293eb98&uri=pin.php?detail/2630120 HTTP/1.1" 200 19007 "-" "Mozilla/5.0 (Linux; Android 6.0.1; Nexus 5X Build/MMB29P) AppleWebKit/537.36 (KHTML, like Gecko) Chrome/137.0.7151.103 Mobile Safari/537.36 (compatible; Googlebot/2.1; +http://www.google.com/bot.html)"
66.249.79.230 - - [15/Jul/2025:20:18:35 +0000] "GET /?h=23979392041960&mod=62c1507b&uri=article.php?detail/44956475 HTTP/1.1" 200 19134 "-" "Mozilla/5.0 (Linux; Android 6.0.1; Nexus 5X Build/MMB29P) AppleWebKit/537.36 (KHTML, like Gecko) Chrome/137.0.7151.103 Mobile Safari/537.36 (compatible; Googlebot/2.1; +http://www.google.com/bot.html)"
66.249.79.230 - - [15/Jul/2025:20:18:43 +0000] "GET /?h=5946701111960&mod=9293eb98&uri=pin.php?detail/2667969 HTTP/1.1" 200 19435 "-" "Mozilla/5.0 (Linux; Android 6.0.1; Nexus 5X Build/MMB29P) AppleWebKit/537.36 (KHTML, like Gecko) Chrome/137.0.7151.103 Mobile Safari/537.36 (compatible; Googlebot/2.1; +http://www.google.com/bot.html)"
66.249.79.230 - - [15/Jul/2025:20:18:51 +0000] "GET /?h=23979392041960&mod=62c1507b&uri=article.php?detail/44952999 HTTP/1.1" 200 19266 "-" "Mozilla/5.0 (Linux; Android 6.0.1; Nexus 5X Build/MMB29P) AppleWebKit/537.36 (KHTML, like Gecko) Chrome/137.0.7151.103 Mobile Safari/537.36 (compatible; Googlebot/2.1; +http://www.google.com/bot.html)"
66.249.79.230 - - [15/Jul/2025:20:18:58 +0000] "POST /get-message-notify HTTP/1.1" 200 19474 "https://www.kelaby.company/?h=23979392041960&mod=62c1507b&uri=article.php?detail/44956475" "Mozilla/5.0 (Linux; Android 6.0.1; Nexus 5X Build/MMB29P) AppleWebKit/537.36 (KHTML, like Gecko) Chrome/137.0.7151.119 Mobile Safari/537.36 (compatible; Googlebot/2.1; +http://www.google.com/bot.html)"
66.249.79.230 - - [15/Jul/2025:20:19:01 +0000] "GET /?h=23979392041960&mod=62c1507b&uri=article.php?detail/44956130 HTTP/1.1" 200 21210 "-" "Mozilla/5.0 (Linux; Android 6.0.1; Nexus 5X Build/MMB29P) AppleWebKit/537.36 (KHTML, like Gecko) Chrome/137.0.7151.103 Mobile Safari/537.36 (compatible; Googlebot/2.1; +http://www.google.com/bot.html)"
66.249.79.230 - - [15/Jul/2025:20:19:09 +0000] "GET /?h=5946701111960&mod=9293eb98&uri=pin.php?detail/2637935 HTTP/1.1" 200 19682 "-" "Mozilla/5.0 (Linux; Android 6.0.1; Nexus 5X Build/MMB29P) AppleWebKit/537.36 (KHTML, like Gecko) Chrome/137.0.7151.103 Mobile Safari/537.36 (compatible; Googlebot/2.1; +http://www.google.com/bot.html)"
66.249.79.230 - - [15/Jul/2025:20:19:17 +0000] "GET /?h=23979392041960&mod=62c1507b&uri=article.php?detail/44958260 HTTP/1.1" 200 19653 "-" "Mozilla/5.0 (Linux; Android 6.0.1; Nexus 5X Build/MMB29P) AppleWebKit/537.36 (KHTML, like Gecko) Chrome/137.0.7151.103 Mobile Safari/537.36 (compatible; Googlebot/2.1; +http://www.google.com/bot.html)"
66.249.79.230 - - [15/Jul/2025:20:19:25 +0000] "GET /?h=23979392041960&mod=62c1507b&uri=article.php?detail/44953596 HTTP/1.1" 200 20668 "-" "Mozilla/5.0 (Linux; Android 6.0.1; Nexus 5X Build/MMB29P) AppleWebKit/537.36 (KHTML, like Gecko) Chrome/137.0.7151.103 Mobile Safari/537.36 (compatible; Googlebot/2.1; +http://www.google.com/bot.html)"
66.249.79.230 - - [15/Jul/2025:20:19:32 +0000] "GET /?h=23979392041960&mod=62c1507b&uri=article.php?detail/44945054 HTTP/1.1" 200 20724 "-" "Mozilla/5.0 (Linux; Android 6.0.1; Nexus 5X Build/MMB29P) AppleWebKit/537.36 (KHTML, like Gecko) Chrome/137.0.7151.103 Mobile Safari/537.36 (compatible; Googlebot/2.1; +http://www.google.com/bot.html)"
209.74.77.214 - - [15/Jul/2025:20:19:36 +0000] "POST /wp-cron.php?doing_wp_cron=1752610776.6658620834350585937500 HTTP/1.1" 200 - "-" "WordPress/6.8.1; https://kelaby.company"
216.73.216.247 - - [15/Jul/2025:20:19:36 +0000] "GET /detail/697250623 HTTP/1.1" 404 16357 "-" "Mozilla/5.0 AppleWebKit/537.36 (KHTML, like Gecko; compatible; ClaudeBot/1.0; [email protected])"
66.249.79.230 - - [15/Jul/2025:20:19:37 +0000] "POST /get-message-notify HTTP/1.1" 200 19474 "https://www.kelaby.company/?h=23979392041960&mod=62c1507b&uri=article.php?detail/44945054" "Mozilla/5.0 (Linux; Android 6.0.1; Nexus 5X Build/MMB29P) AppleWebKit/537.36 (KHTML, like Gecko) Chrome/137.0.7151.119 Mobile Safari/537.36 (compatible; Googlebot/2.1; +http://www.google.com/bot.html)"
216.73.216.247 - - [15/Jul/2025:20:19:39 +0000] "GET /detail/697106966 HTTP/1.1" 404 16357 "-" "Mozilla/5.0 AppleWebKit/537.36 (KHTML, like Gecko; compatible; ClaudeBot/1.0; [email protected])"
66.249.79.230 - - [15/Jul/2025:20:19:40 +0000] "GET /?h=5946701111960&mod=9293eb98&uri=pin.php?detail/2655250 HTTP/1.1" 200 19499 "-" "Mozilla/5.0 (Linux; Android 6.0.1; Nexus 5X Build/MMB29P) AppleWebKit/537.36 (KHTML, like Gecko) Chrome/137.0.7151.103 Mobile Safari/537.36 (compatible; Googlebot/2.1; +http://www.google.com/bot.html)"
216.73.216.247 - - [15/Jul/2025:20:19:42 +0000] "GET /detail/697000607 HTTP/1.1" 404 16357 "-" "Mozilla/5.0 AppleWebKit/537.36 (KHTML, like Gecko; compatible; ClaudeBot/1.0; [email protected])"
216.73.216.247 - - [15/Jul/2025:20:19:45 +0000] "GET /detail/697141792 HTTP/1.1" 404 16357 "-" "Mozilla/5.0 AppleWebKit/537.36 (KHTML, like Gecko; compatible; ClaudeBot/1.0; [email protected])"
216.73.216.247 - - [15/Jul/2025:20:19:48 +0000] "GET /detail/697125174 HTTP/1.1" 404 16357 "-" "Mozilla/5.0 AppleWebKit/537.36 (KHTML, like Gecko; compatible; ClaudeBot/1.0; [email protected])"
66.249.79.230 - - [15/Jul/2025:20:19:48 +0000] "GET /?h=5946701111960&mod=9293eb98&uri=pin.php?detail/2640664 HTTP/1.1" 200 21938 "-" "Mozilla/5.0 (Linux; Android 6.0.1; Nexus 5X Build/MMB29P) AppleWebKit/537.36 (KHTML, like Gecko) Chrome/137.0.7151.103 Mobile Safari/537.36 (compatible; Googlebot/2.1; +http://www.google.com/bot.html)"
66.249.79.230 - - [15/Jul/2025:20:19:48 +0000] "GET /?h=23979392041960&mod=62c1507b&uri=article.php?detail/44940801 HTTP/1.1" 200 21391 "-" "Mozilla/5.0 (Linux; Android 6.0.1; Nexus 5X Build/MMB29P) AppleWebKit/537.36 (KHTML, like Gecko) Chrome/137.0.7151.103 Mobile Safari/537.36 (compatible; Googlebot/2.1; +http://www.google.com/bot.html)"
216.73.216.247 - - [15/Jul/2025:20:19:51 +0000] "GET /detail/697119148 HTTP/1.1" 404 16357 "-" "Mozilla/5.0 AppleWebKit/537.36 (KHTML, like Gecko; compatible; ClaudeBot/1.0; [email protected])"
216.73.216.247 - - [15/Jul/2025:20:19:54 +0000] "GET /detail/696836207 HTTP/1.1" 404 16356 "-" "Mozilla/5.0 AppleWebKit/537.36 (KHTML, like Gecko; compatible; ClaudeBot/1.0; [email protected])"
216.73.216.247 - - [15/Jul/2025:20:19:57 +0000] "GET /detail/696914774 HTTP/1.1" 404 16357 "-" "Mozilla/5.0 AppleWebKit/537.36 (KHTML, like Gecko; compatible; ClaudeBot/1.0; [email protected])"
216.73.216.247 - - [15/Jul/2025:20:20:00 +0000] "GET /detail/697095252 HTTP/1.1" 404 16357 "-" "Mozilla/5.0 AppleWebKit/537.36 (KHTML, like Gecko; compatible; ClaudeBot/1.0; [email protected])"
66.249.79.230 - - [15/Jul/2025:20:20:01 +0000] "GET /?h=23979392041960&mod=62c1507b&uri=article.php?detail/44978790 HTTP/1.1" 200 21898 "-" "Mozilla/5.0 (Linux; Android 6.0.1; Nexus 5X Build/MMB29P) AppleWebKit/537.36 (KHTML, like Gecko) Chrome/137.0.7151.103 Mobile Safari/537.36 (compatible; Googlebot/2.1; +http://www.google.com/bot.html)"
66.249.79.230 - - [15/Jul/2025:20:20:02 +0000] "GET /?h=23979392041960&mod=62c1507b&uri=article.php?detail/44972359 HTTP/1.1" 200 20983 "-" "Mozilla/5.0 (Linux; Android 6.0.1; Nexus 5X Build/MMB29P) AppleWebKit/537.36 (KHTML, like Gecko) Chrome/137.0.7151.103 Mobile Safari/537.36 (compatible; Googlebot/2.1; +http://www.google.com/bot.html)"
66.249.79.232 - - [15/Jul/2025:20:20:04 +0000] "POST /get-message-notify HTTP/1.1" 200 19474 "https://www.kelaby.company/?h=23979392041960&mod=62c1507b&uri=article.php?detail/44972359" "Mozilla/5.0 (Linux; Android 6.0.1; Nexus 5X Build/MMB29P) AppleWebKit/537.36 (KHTML, like Gecko) Chrome/137.0.7151.119 Mobile Safari/537.36 (compatible; Googlebot/2.1; +http://www.google.com/bot.html)"
66.249.79.230 - - [15/Jul/2025:20:20:08 +0000] "POST /get-message-notify HTTP/1.1" 200 19474 "https://www.kelaby.company/?h=23979392041960&mod=62c1507b&uri=article.php?detail/44940801" "Mozilla/5.0 (Linux; Android 6.0.1; Nexus 5X Build/MMB29P) AppleWebKit/537.36 (KHTML, like Gecko) Chrome/137.0.7151.119 Mobile Safari/537.36 (compatible; Googlebot/2.1; +http://www.google.com/bot.html)"
66.249.79.230 - - [15/Jul/2025:20:20:09 +0000] "GET /?h=86332030021960&mod=7a7338ef&uri=article.php?detail/35552027 HTTP/1.1" 200 19516 "-" "Mozilla/5.0 (Linux; Android 6.0.1; Nexus 5X Build/MMB29P) AppleWebKit/537.36 (KHTML, like Gecko) Chrome/137.0.7151.103 Mobile Safari/537.36 (compatible; Googlebot/2.1; +http://www.google.com/bot.html)"
66.249.79.230 - - [15/Jul/2025:20:20:17 +0000] "GET /?h=86332030021960&mod=7a7338ef&uri=article.php?detail/35594177 HTTP/1.1" 200 21700 "-" "Mozilla/5.0 (Linux; Android 6.0.1; Nexus 5X Build/MMB29P) AppleWebKit/537.36 (KHTML, like Gecko) Chrome/137.0.7151.103 Mobile Safari/537.36 (compatible; Googlebot/2.1; +http://www.google.com/bot.html)"
66.249.79.230 - - [15/Jul/2025:20:20:18 +0000] "GET /?h=28142226041960&mod=c6fe3f96&uri=shared.php?detail/38431416 HTTP/1.1" 200 21832 "-" "Mozilla/5.0 (Linux; Android 6.0.1; Nexus 5X Build/MMB29P) AppleWebKit/537.36 (KHTML, like Gecko) Chrome/137.0.7151.103 Mobile Safari/537.36 (compatible; Googlebot/2.1; +http://www.google.com/bot.html)"
66.249.79.230 - - [15/Jul/2025:20:20:25 +0000] "GET /?h=86332030021960&mod=7a7338ef&uri=article.php?detail/35556947 HTTP/1.1" 200 19852 "-" "Mozilla/5.0 (Linux; Android 6.0.1; Nexus 5X Build/MMB29P) AppleWebKit/537.36 (KHTML, like Gecko) Chrome/137.0.7151.103 Mobile Safari/537.36 (compatible; Googlebot/2.1; +http://www.google.com/bot.html)"
66.249.79.230 - - [15/Jul/2025:20:20:27 +0000] "POST /get-message-notify HTTP/1.1" 200 19474 "https://www.kelaby.company/?h=86332030021960&mod=7a7338ef&uri=article.php?detail/35556947" "Mozilla/5.0 (Linux; Android 6.0.1; Nexus 5X Build/MMB29P) AppleWebKit/537.36 (KHTML, like Gecko) Chrome/137.0.7151.119 Mobile Safari/537.36 (compatible; Googlebot/2.1; +http://www.google.com/bot.html)"
66.249.79.230 - - [15/Jul/2025:20:20:33 +0000] "GET /?h=86332030021960&mod=7a7338ef&uri=article.php?detail/35591042 HTTP/1.1" 200 18978 "-" "Mozilla/5.0 (Linux; Android 6.0.1; Nexus 5X Build/MMB29P) AppleWebKit/537.36 (KHTML, like Gecko) Chrome/137.0.7151.103 Mobile Safari/537.36 (compatible; Googlebot/2.1; +http://www.google.com/bot.html)"
66.249.79.230 - - [15/Jul/2025:20:20:41 +0000] "GET /?h=86332030021960&mod=7a7338ef&uri=article.php?detail/35549148 HTTP/1.1" 200 20370 "-" "Mozilla/5.0 (Linux; Android 6.0.1; Nexus 5X Build/MMB29P) AppleWebKit/537.36 (KHTML, like Gecko) Chrome/137.0.7151.103 Mobile Safari/537.36 (compatible; Googlebot/2.1; +http://www.google.com/bot.html)"
66.249.79.230 - - [15/Jul/2025:20:20:42 +0000] "GET /?h=5946701111960&mod=9293eb98&uri=pin.php?detail/2652375 HTTP/1.1" 200 21876 "-" "Mozilla/5.0 (Linux; Android 6.0.1; Nexus 5X Build/MMB29P) AppleWebKit/537.36 (KHTML, like Gecko) Chrome/137.0.7151.103 Mobile Safari/537.36 (compatible; Googlebot/2.1; +http://www.google.com/bot.html)"
66.249.79.230 - - [15/Jul/2025:20:20:45 +0000] "GET /?h=119655853041960&mod=84ea3a79&uri=news.php?detail/34597342 HTTP/1.1" 200 19415 "-" "Mozilla/5.0 (Linux; Android 6.0.1; Nexus 5X Build/MMB29P) AppleWebKit/537.36 (KHTML, like Gecko) Chrome/137.0.7151.103 Mobile Safari/537.36 (compatible; Googlebot/2.1; +http://www.google.com/bot.html)"
66.249.79.230 - - [15/Jul/2025:20:20:45 +0000] "GET /?h=86332030021960&mod=7a7338ef&uri=article.php?detail/35589595 HTTP/1.1" 200 20318 "-" "Mozilla/5.0 (Linux; Android 6.0.1; Nexus 5X Build/MMB29P) AppleWebKit/537.36 (KHTML, like Gecko) Chrome/137.0.7151.103 Mobile Safari/537.36 (compatible; Googlebot/2.1; +http://www.google.com/bot.html)"
66.249.79.230 - - [15/Jul/2025:20:20:50 +0000] "GET /?h=86332030021960&mod=7a7338ef&uri=article.php?detail/35596026 HTTP/1.1" 200 21308 "-" "Mozilla/5.0 (Linux; Android 6.0.1; Nexus 5X Build/MMB29P) AppleWebKit/537.36 (KHTML, like Gecko) Chrome/137.0.7151.103 Mobile Safari/537.36 (compatible; Googlebot/2.1; +http://www.google.com/bot.html)"
66.249.79.231 - - [15/Jul/2025:20:20:52 +0000] "GET /?h=23979392041960&mod=62c1507b&uri=article.php?detail/3508654 HTTP/1.1" 200 20127 "-" "Mozilla/5.0 (Linux; Android 6.0.1; Nexus 5X Build/MMB29P) AppleWebKit/537.36 (KHTML, like Gecko) Chrome/137.0.7151.103 Mobile Safari/537.36 (compatible; Googlebot/2.1; +http://www.google.com/bot.html)"
66.249.79.230 - - [15/Jul/2025:20:20:58 +0000] "GET /?h=86332030021960&mod=7a7338ef&uri=article.php?detail/35596791 HTTP/1.1" 200 20452 "-" "Mozilla/5.0 (Linux; Android 6.0.1; Nexus 5X Build/MMB29P) AppleWebKit/537.36 (KHTML, like Gecko) Chrome/137.0.7151.103 Mobile Safari/537.36 (compatible; Googlebot/2.1; +http://www.google.com/bot.html)"
66.249.79.231 - - [15/Jul/2025:20:21:05 +0000] "GET /?h=86332030021960&mod=7a7338ef&uri=article.php?detail/35560587 HTTP/1.1" 200 21418 "-" "Mozilla/5.0 (Linux; Android 6.0.1; Nexus 5X Build/MMB29P) AppleWebKit/537.36 (KHTML, like Gecko) Chrome/137.0.7151.103 Mobile Safari/537.36 (compatible; Googlebot/2.1; +http://www.google.com/bot.html)"
66.249.79.231 - - [15/Jul/2025:20:21:06 +0000] "GET /?h=119655853041960&mod=84ea3a79&uri=news.php?detail/34581394 HTTP/1.1" 200 19351 "-" "Mozilla/5.0 (Linux; Android 6.0.1; Nexus 5X Build/MMB29P) AppleWebKit/537.36 (KHTML, like Gecko) Chrome/137.0.7151.103 Mobile Safari/537.36 (compatible; Googlebot/2.1; +http://www.google.com/bot.html)"
