Current File : /home/kelaby89/access-logs/kraft-court.cafe.sixpack.studio |
209.74.77.214 - - [12/Jul/2025:12:19:49 +0000] "POST /wp-cron.php?doing_wp_cron=1752322789.1270940303802490234375 HTTP/1.1" 200 - "-" "WordPress/6.8.1; https://kraft-court.cafe"
51.222.253.20 - - [12/Jul/2025:12:19:48 +0000] "GET /?x=29016012071800&mod=4dfd2a14&uri=form.php%3Fid%3D968424-949%26name%3Dnext+fur+gilet HTTP/1.1" 301 - "-" "Mozilla/5.0 (compatible; AhrefsBot/7.0; +http://ahrefs.com/robot/)"
209.74.77.214 - - [12/Jul/2025:12:31:45 +0000] "POST /wp-cron.php?doing_wp_cron=1752323505.3521449565887451171875 HTTP/1.1" 200 - "-" "WordPress/6.8.1; https://kraft-court.cafe"
51.222.253.14 - - [12/Jul/2025:12:31:44 +0000] "GET /?x=32402101031800&mod=d240e3d3&uri=shared.php%3Fid%3D1081457-95%26name%3Dfizik+antares+00+versus+evo HTTP/1.1" 301 - "-" "Mozilla/5.0 (compatible; AhrefsBot/7.0; +http://ahrefs.com/robot/)"
209.74.77.214 - - [12/Jul/2025:12:36:40 +0000] "POST /wp-cron.php?doing_wp_cron=1752323800.2944018840789794921875 HTTP/1.1" 200 - "-" "WordPress/6.8.1; https://kraft-court.cafe"
51.222.253.16 - - [12/Jul/2025:12:36:39 +0000] "GET /?x=33166191051800&mod=45e7f4b7&uri=goods.php%3Fid%3D1106966-1029%26name%3Dadidas+tubular+shadow+ck+aq1091 HTTP/1.1" 301 - "-" "Mozilla/5.0 (compatible; AhrefsBot/7.0; +http://ahrefs.com/robot/)"
209.74.77.214 - - [12/Jul/2025:13:00:56 +0000] "POST /wp-cron.php?doing_wp_cron=1752325256.9232039451599121093750 HTTP/1.1" 200 - "-" "WordPress/6.8.1; https://kraft-court.cafe"
49.51.141.76 - - [12/Jul/2025:13:00:55 +0000] "GET / HTTP/1.1" 301 - "-" "Mozilla/5.0 (iPhone; CPU iPhone OS 13_2_3 like Mac OS X) AppleWebKit/605.1.15 (KHTML, like Gecko) Version/13.0.3 Mobile/15E148 Safari/604.1"
173.208.198.210 - - [12/Jul/2025:13:04:08 +0000] "GET /?testPage HTTP/1.1" 200 78 "-" "Mozilla/5.0 (compatible; Googlebot/2.1; +http://www.google.com/bot.html)"
209.74.77.214 - - [12/Jul/2025:13:04:09 +0000] "POST /wp-cron.php?doing_wp_cron=1752325449.6922659873962402343750 HTTP/1.1" 200 - "-" "WordPress/6.8.1; https://kraft-court.cafe"
173.208.198.210 - - [12/Jul/2025:13:04:08 +0000] "GET /?testPage HTTP/1.1" 301 - "-" "Mozilla/5.0 (Windows NT 10.0; Win64; x64) AppleWebKit/537.36 (KHTML, like Gecko) Chrome/125.0.0.0 Safari/537.36"
209.74.77.214 - - [12/Jul/2025:13:38:06 +0000] "POST /wp-cron.php?doing_wp_cron=1752327486.5199739933013916015625 HTTP/1.1" 200 - "-" "WordPress/6.8.1; https://kraft-court.cafe"
51.222.253.12 - - [12/Jul/2025:13:38:03 +0000] "GET /?x=52529198031800&mod=5ca90602&uri=shop.php%3Fid%3D1752953-1300%26name%3Dair+max+270+react+black%2Fwhite-bleached+coral HTTP/1.1" 301 - "-" "Mozilla/5.0 (compatible; AhrefsBot/7.0; +http://ahrefs.com/robot/)"
209.74.77.214 - - [12/Jul/2025:13:56:11 +0000] "POST /wp-cron.php?doing_wp_cron=1752328571.6623959541320800781250 HTTP/1.1" 200 - "-" "WordPress/6.8.1; https://kraft-court.cafe"
51.222.253.15 - - [12/Jul/2025:13:56:10 +0000] "GET /?x=57820956061800&mod=953bd83c&uri=category-info.php%3Fid%3D1929518-1325%26name%3Dnike+air+ball HTTP/1.1" 301 - "-" "Mozilla/5.0 (compatible; AhrefsBot/7.0; +http://ahrefs.com/robot/)"
209.74.77.214 - - [12/Jul/2025:13:59:14 +0000] "POST /wp-cron.php?doing_wp_cron=1752328754.0824689865112304687500 HTTP/1.1" 200 - "-" "WordPress/6.8.1; https://kraft-court.cafe"
43.166.240.231 - - [12/Jul/2025:13:59:12 +0000] "GET / HTTP/1.1" 301 - "-" "Mozilla/5.0 (iPhone; CPU iPhone OS 13_2_3 like Mac OS X) AppleWebKit/605.1.15 (KHTML, like Gecko) Version/13.0.3 Mobile/15E148 Safari/604.1"
173.252.87.112 - - [12/Jul/2025:14:16:23 +0000] "GET /robots.txt HTTP/1.1" 200 69 "-" "facebookexternalhit/1.1 (+http://www.facebook.com/externalhit_uatext.php)"
209.74.77.214 - - [12/Jul/2025:14:16:24 +0000] "POST /wp-cron.php?doing_wp_cron=1752329784.7918040752410888671875 HTTP/1.1" 200 - "-" "WordPress/6.8.1; https://kraft-court.cafe"
173.252.87.113 - - [12/Jul/2025:14:16:23 +0000] "GET / HTTP/1.1" 301 - "-" "facebookexternalhit/1.1 (+http://www.facebook.com/externalhit_uatext.php)"
173.252.87.8 - - [12/Jul/2025:14:16:25 +0000] "GET / HTTP/1.1" 301 - "-" "facebookexternalhit/1.1 (+http://www.facebook.com/externalhit_uatext.php)"
209.74.77.214 - - [12/Jul/2025:14:16:50 +0000] "POST /wp-cron.php?doing_wp_cron=1752329810.9010469913482666015625 HTTP/1.1" 200 - "-" "WordPress/6.8.1; https://kraft-court.cafe"
173.252.127.10 - - [12/Jul/2025:14:16:50 +0000] "GET /?fbclid=IwZXh0bgNhZW0CMTEAAR5i_t3X5K3wrP7zlaqNUfHOa4J-KooQImkanB_g4wpxd98zx4SV_v8EAe6w2w_aem_9IkXfBWpWhVcOq1hacP7qQ HTTP/1.1" 301 - "-" "Mozilla/5.0 (X11; Linux x86_64) AppleWebKit/537.36 (KHTML, like Gecko) Chrome/138.0.0.0 Safari/537.36"
209.74.77.214 - - [12/Jul/2025:14:49:36 +0000] "POST /wp-cron.php?doing_wp_cron=1752331776.7950489521026611328125 HTTP/1.1" 200 - "-" "WordPress/6.8.1; https://kraft-court.cafe"
101.42.117.179 - - [12/Jul/2025:14:49:36 +0000] "GET / HTTP/1.1" 301 - "-" "Mozilla/5.0 (iPhone; CPU iPhone OS 13_2_3 like Mac OS X) AppleWebKit/605.1.15 (KHTML, like Gecko) Version/13.0.3 Mobile/15E148 Safari/604.1"
209.74.77.214 - - [12/Jul/2025:15:45:47 +0000] "POST /wp-cron.php?doing_wp_cron=1752335147.0792160034179687500000 HTTP/1.1" 200 - "-" "WordPress/6.8.1; https://kraft-court.cafe"
51.222.253.6 - - [12/Jul/2025:15:45:45 +0000] "GET /?x=103875669031800&mod=8b6dd7db&uri=category-info.php%3Fid%3D3466610-90%26name%3Dvictoria+secret+pink+bookbag HTTP/1.1" 301 - "-" "Mozilla/5.0 (compatible; AhrefsBot/7.0; +http://ahrefs.com/robot/)"
209.74.77.214 - - [12/Jul/2025:15:48:31 +0000] "POST /wp-cron.php?doing_wp_cron=1752335311.0889890193939208984375 HTTP/1.1" 200 - "-" "WordPress/6.8.1; https://kraft-court.cafe"
95.182.126.73 - - [12/Jul/2025:15:48:30 +0000] "GET / HTTP/1.0" 301 - "http://kraft-court.cafe/" "Mozilla/5.0 (Windows NT 10.0; Win64; x64) AppleWebKit/537.36 (KHTML, like Gecko) Chrome/129.0.0.0 Safari/537.36"
209.74.77.214 - - [12/Jul/2025:15:50:40 +0000] "POST /wp-cron.php?doing_wp_cron=1752335440.6462008953094482421875 HTTP/1.1" 200 - "-" "WordPress/6.8.1; https://kraft-court.cafe"
51.222.253.1 - - [12/Jul/2025:15:50:39 +0000] "GET /?x=1043363061800&mod=9fe8593a&uri=dp.php%3Fid%3D34838-67%26name%3Dbarbie+principesse+disney HTTP/1.1" 301 - "-" "Mozilla/5.0 (compatible; AhrefsBot/7.0; +http://ahrefs.com/robot/)"
209.74.77.214 - - [12/Jul/2025:15:59:53 +0000] "POST /wp-cron.php?doing_wp_cron=1752335993.4105799198150634765625 HTTP/1.1" 200 - "-" "WordPress/6.8.1; https://kraft-court.cafe"
51.222.253.13 - - [12/Jul/2025:15:59:52 +0000] "GET /?x=106803118131800&mod=cceafeaa&uri=itm.php%3Fid%3D3564372-1652%26name%3Dlight+pink+pants+outfit HTTP/1.1" 301 - "-" "Mozilla/5.0 (compatible; AhrefsBot/7.0; +http://ahrefs.com/robot/)"
209.74.77.214 - - [12/Jul/2025:16:11:08 +0000] "POST /wp-cron.php?doing_wp_cron=1752336668.0321090221405029296875 HTTP/1.1" 200 - "-" "WordPress/6.8.1; https://kraft-court.cafe"
51.222.253.5 - - [12/Jul/2025:16:11:07 +0000] "GET /?x=108700261011800&mod=11add993&uri=goods.php%3Fid%3D3627679-1459%26name%3Dnfl+pro+shop HTTP/1.1" 301 - "-" "Mozilla/5.0 (compatible; AhrefsBot/7.0; +http://ahrefs.com/robot/)"
209.74.77.214 - - [12/Jul/2025:16:11:38 +0000] "POST /wp-cron.php?doing_wp_cron=1752336698.2838020324707031250000 HTTP/1.1" 200 - "-" "WordPress/6.8.1; https://kraft-court.cafe"
45.138.16.105 - - [12/Jul/2025:16:11:37 +0000] "GET / HTTP/1.1" 301 - "-" "-"
209.74.77.214 - - [12/Jul/2025:16:16:21 +0000] "POST /wp-cron.php?doing_wp_cron=1752336981.9230759143829345703125 HTTP/1.1" 200 - "-" "WordPress/6.8.1; https://kraft-court.cafe"
51.222.253.14 - - [12/Jul/2025:16:16:20 +0000] "GET /?x=109016001800&mod=5ef05993&uri=pin.php%3Fid%3D3640-11%26name%3Djoules+tall+wellies+size HTTP/1.1" 301 - "-" "Mozilla/5.0 (compatible; AhrefsBot/7.0; +http://ahrefs.com/robot/)"
209.74.77.214 - - [12/Jul/2025:16:21:59 +0000] "POST /wp-cron.php?doing_wp_cron=1752337319.1929819583892822265625 HTTP/1.1" 200 - "-" "WordPress/6.8.1; https://kraft-court.cafe"
51.222.253.8 - - [12/Jul/2025:16:21:58 +0000] "GET /?x=109439814021800&mod=263d532e&uri=shared.php%3Fid%3D3652351-940%26name%3Dandrew+marc+bevy+coat HTTP/1.1" 301 - "-" "Mozilla/5.0 (compatible; AhrefsBot/7.0; +http://ahrefs.com/robot/)"
209.74.77.214 - - [12/Jul/2025:16:51:35 +0000] "POST /wp-cron.php?doing_wp_cron=1752339095.7608430385589599609375 HTTP/1.1" 200 - "-" "WordPress/6.8.1; https://kraft-court.cafe"
51.222.253.4 - - [12/Jul/2025:16:51:35 +0000] "GET /?x=16846713091800&mod=a667f4e7&uri=dp.php%3Fid%3D562396-660%26name%3Dprada+buckle+belt HTTP/1.1" 301 - "-" "Mozilla/5.0 (compatible; AhrefsBot/7.0; +http://ahrefs.com/robot/)"
209.74.77.214 - - [12/Jul/2025:16:57:19 +0000] "POST /wp-cron.php?doing_wp_cron=1752339439.0750761032104492187500 HTTP/1.1" 200 - "-" "WordPress/6.8.1; https://kraft-court.cafe"
51.222.253.7 - - [12/Jul/2025:16:57:18 +0000] "GET /?x=21119224061800&mod=76cf4ecb&uri=blog.php%3Fid%3D704960-781%26name%3Dadidas+eqt+93+new+york HTTP/1.1" 301 - "-" "Mozilla/5.0 (compatible; AhrefsBot/7.0; +http://ahrefs.com/robot/)"
209.74.77.214 - - [12/Jul/2025:17:03:29 +0000] "POST /wp-cron.php?doing_wp_cron=1752339809.5938949584960937500000 HTTP/1.1" 200 - "-" "WordPress/6.8.1; https://kraft-court.cafe"
51.222.253.2 - - [12/Jul/2025:17:03:28 +0000] "GET /?x=25173413041800&mod=66f041e1&uri=shared.php%3Fid%3D840192-5%26name%3Drobe+mariage+vintage HTTP/1.1" 301 - "-" "Mozilla/5.0 (compatible; AhrefsBot/7.0; +http://ahrefs.com/robot/)"
209.74.77.214 - - [12/Jul/2025:17:09:00 +0000] "POST /wp-cron.php?doing_wp_cron=1752340140.8675439357757568359375 HTTP/1.1" 200 - "-" "WordPress/6.8.1; https://kraft-court.cafe"
51.222.253.20 - - [12/Jul/2025:17:09:00 +0000] "GET /?x=26729935041800&mod=3ceca2fc&uri=product.php%3Fid%3D892119-903%26name%3Ddolce+gabbana+white+lace+skirt HTTP/1.1" 301 - "-" "Mozilla/5.0 (compatible; AhrefsBot/7.0; +http://ahrefs.com/robot/)"
209.74.77.214 - - [12/Jul/2025:17:23:10 +0000] "POST /wp-cron.php?doing_wp_cron=1752340990.2951319217681884765625 HTTP/1.1" 200 - "-" "WordPress/6.8.1; https://kraft-court.cafe"
51.222.253.2 - - [12/Jul/2025:17:23:09 +0000] "GET /?x=31449009031800&mod=670eca4a&uri=goods.php%3Fid%3D1049661-1000%26name%3Dengagement+ring+what+hand+do+you+wear+it+on HTTP/1.1" 301 - "-" "Mozilla/5.0 (compatible; AhrefsBot/7.0; +http://ahrefs.com/robot/)"
209.74.77.214 - - [12/Jul/2025:17:45:53 +0000] "POST /wp-cron.php?doing_wp_cron=1752342353.0117928981781005859375 HTTP/1.1" 200 - "-" "WordPress/6.8.1; https://kraft-court.cafe"
51.222.253.11 - - [12/Jul/2025:17:45:51 +0000] "GET /?x=40604528081800&mod=c09b1ead&uri=shared.php%3Fid%3D1355152-610%26name%3Dblack+and+red+box+logo+supreme+hoodie HTTP/1.1" 301 - "-" "Mozilla/5.0 (compatible; AhrefsBot/7.0; +http://ahrefs.com/robot/)"
209.74.77.214 - - [12/Jul/2025:17:50:09 +0000] "POST /wp-cron.php?doing_wp_cron=1752342609.3150599002838134765625 HTTP/1.1" 200 - "-" "WordPress/6.8.1; https://kraft-court.cafe"
51.222.253.14 - - [12/Jul/2025:17:50:08 +0000] "GET /?x=4129445011800&mod=9af76329&uri=dp.php%3Fid%3D137829-249%26name%3Dbaby+bjorn+original+mesh+carrier HTTP/1.1" 301 - "-" "Mozilla/5.0 (compatible; AhrefsBot/7.0; +http://ahrefs.com/robot/)"
209.74.77.214 - - [12/Jul/2025:17:54:08 +0000] "POST /wp-cron.php?doing_wp_cron=1752342848.8656139373779296875000 HTTP/1.1" 200 - "-" "WordPress/6.8.1; https://kraft-court.cafe"
51.222.253.10 - - [12/Jul/2025:17:54:08 +0000] "GET /?x=42719430011800&mod=83adc922&uri=brands.php%3Fid%3D1425712-135%26name%3Daddicted+pulli HTTP/1.1" 301 - "-" "Mozilla/5.0 (compatible; AhrefsBot/7.0; +http://ahrefs.com/robot/)"
209.74.77.214 - - [12/Jul/2025:18:00:48 +0000] "POST /wp-cron.php?doing_wp_cron=1752343248.6934161186218261718750 HTTP/1.1" 200 - "-" "WordPress/6.8.1; https://kraft-court.cafe"
43.143.248.236 - - [12/Jul/2025:18:00:47 +0000] "GET / HTTP/1.1" 301 - "-" "Mozilla/5.0 (iPhone; CPU iPhone OS 13_2_3 like Mac OS X) AppleWebKit/605.1.15 (KHTML, like Gecko) Version/13.0.3 Mobile/15E148 Safari/604.1"
209.74.77.214 - - [12/Jul/2025:18:11:34 +0000] "POST /wp-cron.php?doing_wp_cron=1752343894.4665780067443847656250 HTTP/1.1" 200 - "-" "WordPress/6.8.1; https://kraft-court.cafe"
51.222.253.7 - - [12/Jul/2025:18:11:31 +0000] "GET /?x=52434734071800&mod=7d806ddd&uri=info.php%3Fid%3D1749803-1299%26name%3Dlolita+lempicka+2012 HTTP/1.1" 301 - "-" "Mozilla/5.0 (compatible; AhrefsBot/7.0; +http://ahrefs.com/robot/)"
209.74.77.214 - - [12/Jul/2025:18:31:46 +0000] "POST /wp-cron.php?doing_wp_cron=1752345106.3371660709381103515625 HTTP/1.1" 200 - "-" "WordPress/6.8.1; https://kraft-court.cafe"
51.222.253.6 - - [12/Jul/2025:18:31:45 +0000] "GET /?x=58712743001800&mod=aaaccd27&uri=us.php%3Fid%3D1959270-374%26name%3Damazon+slip+femme+sloggi HTTP/1.1" 301 - "-" "Mozilla/5.0 (compatible; AhrefsBot/7.0; +http://ahrefs.com/robot/)"
209.74.77.214 - - [12/Jul/2025:18:41:35 +0000] "POST /wp-cron.php?doing_wp_cron=1752345695.2495739459991455078125 HTTP/1.1" 200 - "-" "WordPress/6.8.1; https://kraft-court.cafe"
51.222.253.14 - - [12/Jul/2025:18:41:33 +0000] "GET /?x=59577149051800&mod=d073bb8d&uri=goods.php%3Fid%3D1988127-718%26name%3Dnike+air+tr+cruz HTTP/1.1" 301 - "-" "Mozilla/5.0 (compatible; AhrefsBot/7.0; +http://ahrefs.com/robot/)"
209.74.77.214 - - [12/Jul/2025:19:11:17 +0000] "POST /wp-cron.php?doing_wp_cron=1752347477.7548019886016845703125 HTTP/1.1" 200 - "-" "WordPress/6.8.1; https://kraft-court.cafe"
51.222.253.3 - - [12/Jul/2025:19:11:16 +0000] "GET /?x=64346522001800&mod=2eac4242&uri=form.php%3Fid%3D2147296-1392%26name%3Diowa+state+nike HTTP/1.1" 301 - "-" "Mozilla/5.0 (compatible; AhrefsBot/7.0; +http://ahrefs.com/robot/)"
209.74.77.214 - - [12/Jul/2025:19:16:43 +0000] "POST /wp-cron.php?doing_wp_cron=1752347803.0043449401855468750000 HTTP/1.1" 200 - "-" "WordPress/6.8.1; https://kraft-court.cafe"
51.222.253.14 - - [12/Jul/2025:19:16:37 +0000] "GET /?x=64625417011800&mod=5afd3bb6&uri=itm.php%3Fid%3D2156597-1117%26name%3Donzie+sportswear HTTP/1.1" 301 - "-" "Mozilla/5.0 (compatible; AhrefsBot/7.0; +http://ahrefs.com/robot/)"
209.74.77.214 - - [12/Jul/2025:19:17:02 +0000] "POST /wp-cron.php?doing_wp_cron=1752347822.9091730117797851562500 HTTP/1.1" 200 - "-" "WordPress/6.8.1; https://kraft-court.cafe"
43.167.245.18 - - [12/Jul/2025:19:17:02 +0000] "GET / HTTP/1.1" 301 - "-" "Mozilla/5.0 (iPhone; CPU iPhone OS 13_2_3 like Mac OS X) AppleWebKit/605.1.15 (KHTML, like Gecko) Version/13.0.3 Mobile/15E148 Safari/604.1"
209.74.77.214 - - [12/Jul/2025:19:29:47 +0000] "POST /wp-cron.php?doing_wp_cron=1752348587.8673999309539794921875 HTTP/1.1" 200 - "-" "WordPress/6.8.1; https://kraft-court.cafe"
192.169.177.106 - - [12/Jul/2025:19:29:47 +0000] "POST / HTTP/1.1" 200 1855 "-" "Python/3.13 aiohttp/3.12.13"
192.169.177.106 - - [12/Jul/2025:19:29:47 +0000] "GET /phpinfo.php HTTP/1.1" 404 1861 "-" "Python/3.13 aiohttp/3.12.13"
192.169.177.106 - - [12/Jul/2025:19:29:47 +0000] "GET /_profiler/phpinfo HTTP/1.1" 404 1865 "-" "Python/3.13 aiohttp/3.12.13"
192.169.177.106 - - [12/Jul/2025:19:29:47 +0000] "GET /info.php HTTP/1.1" 404 1859 "-" "Python/3.13 aiohttp/3.12.13"
192.169.177.106 - - [12/Jul/2025:19:29:47 +0000] "GET /.env HTTP/1.1" 404 1858 "-" "Python/3.13 aiohttp/3.12.13"
192.169.177.106 - - [12/Jul/2025:19:29:47 +0000] "GET /phpdebugbar HTTP/1.1" 404 1863 "-" "Python/3.13 aiohttp/3.12.13"
192.169.177.106 - - [12/Jul/2025:19:29:47 +0000] "GET /phpinfo HTTP/1.1" 404 1860 "-" "Python/3.13 aiohttp/3.12.13"
209.74.77.214 - - [12/Jul/2025:19:31:06 +0000] "POST /wp-cron.php?doing_wp_cron=1752348666.0872321128845214843750 HTTP/1.1" 200 - "-" "WordPress/6.8.1; https://kraft-court.cafe"
51.222.253.13 - - [12/Jul/2025:19:31:04 +0000] "GET /?x=67494414011800&mod=131632cb&uri=itm.php%3Fid%3D2252341-1409%26name%3Dunder+armour+threadborne+long+sleeve+seamless+t+shirt+mens HTTP/1.1" 301 - "-" "Mozilla/5.0 (compatible; AhrefsBot/7.0; +http://ahrefs.com/robot/)"
209.74.77.214 - - [12/Jul/2025:19:40:16 +0000] "POST /wp-cron.php?doing_wp_cron=1752349216.7666819095611572265625 HTTP/1.1" 200 - "-" "WordPress/6.8.1; https://kraft-court.cafe"
51.222.253.5 - - [12/Jul/2025:19:40:15 +0000] "GET /?x=68692698001800&mod=d185c5ed&uri=us.php%3Fid%3D2292334-1417%26name%3Danklet+designs+string HTTP/1.1" 301 - "-" "Mozilla/5.0 (compatible; AhrefsBot/7.0; +http://ahrefs.com/robot/)"
209.74.77.214 - - [12/Jul/2025:20:03:57 +0000] "POST /wp-cron.php?doing_wp_cron=1752350637.0989079475402832031250 HTTP/1.1" 200 - "-" "WordPress/6.8.1; https://kraft-court.cafe"
51.222.253.14 - - [12/Jul/2025:20:03:55 +0000] "GET /?x=70798933021800&mod=81a6f51d&uri=goods.php%3Fid%3D2362623-1426%26name%3Dconverse+pro+leather+vintage+suede+high+top HTTP/1.1" 301 - "-" "Mozilla/5.0 (compatible; AhrefsBot/7.0; +http://ahrefs.com/robot/)"
209.74.77.214 - - [12/Jul/2025:20:08:28 +0000] "POST /wp-cron.php?doing_wp_cron=1752350908.1964509487152099609375 HTTP/1.1" 200 - "-" "WordPress/6.8.1; https://kraft-court.cafe"
51.222.253.7 - - [12/Jul/2025:20:08:27 +0000] "GET /?x=70864711041800&mod=717fb24c&uri=shop.php%3Fid%3D2364833-1430%26name%3Dnike+huarache+blau+damen HTTP/1.1" 301 - "-" "Mozilla/5.0 (compatible; AhrefsBot/7.0; +http://ahrefs.com/robot/)"
209.74.77.214 - - [12/Jul/2025:20:13:47 +0000] "POST /wp-cron.php?doing_wp_cron=1752351227.7695710659027099609375 HTTP/1.1" 200 - "-" "WordPress/6.8.1; https://kraft-court.cafe"
51.222.253.13 - - [12/Jul/2025:20:13:47 +0000] "GET /?x=71065513011800&mod=faefec47&uri=goods.php%3Fid%3D2371532-539%26name%3Dnintendo+switch+gta+game HTTP/1.1" 301 - "-" "Mozilla/5.0 (compatible; AhrefsBot/7.0; +http://ahrefs.com/robot/)"
209.74.77.214 - - [12/Jul/2025:20:27:48 +0000] "POST /wp-cron.php?doing_wp_cron=1752352068.5945351123809814453125 HTTP/1.1" 200 - "-" "WordPress/6.8.1; https://kraft-court.cafe"
51.222.253.15 - - [12/Jul/2025:20:27:47 +0000] "GET /?x=72905905021800&mod=1357bcf2&uri=form.php%3Fid%3D2432945-1451%26name%3Dvans+old+skool+white+girls HTTP/1.1" 301 - "-" "Mozilla/5.0 (compatible; AhrefsBot/7.0; +http://ahrefs.com/robot/)"
209.74.77.214 - - [12/Jul/2025:20:32:24 +0000] "POST /wp-cron.php?doing_wp_cron=1752352344.0281569957733154296875 HTTP/1.1" 200 - "-" "WordPress/6.8.1; https://kraft-court.cafe"
51.222.253.6 - - [12/Jul/2025:20:32:22 +0000] "GET /?x=74155309031800&mod=b448d829&uri=goods.php%3Fid%3D2474618-580%26name%3Ddara+bootie+coach HTTP/1.1" 301 - "-" "Mozilla/5.0 (compatible; AhrefsBot/7.0; +http://ahrefs.com/robot/)"
209.74.77.214 - - [12/Jul/2025:20:37:26 +0000] "POST /wp-cron.php?doing_wp_cron=1752352646.2411088943481445312500 HTTP/1.1" 200 - "-" "WordPress/6.8.1; https://kraft-court.cafe"
51.222.253.20 - - [12/Jul/2025:20:37:24 +0000] "GET /?x=75130309111800&mod=ffb72475&uri=itm.php%3Fid%3D2507144-1450%26name%3Dgirls+dress+shoes+amazon HTTP/1.1" 301 - "-" "Mozilla/5.0 (compatible; AhrefsBot/7.0; +http://ahrefs.com/robot/)"
209.74.77.214 - - [12/Jul/2025:20:49:44 +0000] "POST /wp-cron.php?doing_wp_cron=1752353384.4235010147094726562500 HTTP/1.1" 200 - "-" "WordPress/6.8.1; https://kraft-court.cafe"
43.157.38.228 - - [12/Jul/2025:20:49:43 +0000] "GET / HTTP/1.1" 301 - "-" "Mozilla/5.0 (iPhone; CPU iPhone OS 13_2_3 like Mac OS X) AppleWebKit/605.1.15 (KHTML, like Gecko) Version/13.0.3 Mobile/15E148 Safari/604.1"
51.222.253.1 - - [12/Jul/2025:20:58:35 +0000] "GET /?x=103558703051800&mod=a41f7816&uri=products.php%3Fid%3D3456042-1630%26name%3Ddr+martens+ariel+wyoming HTTP/1.1" 500 1004 "-" "Mozilla/5.0 (compatible; AhrefsBot/7.0; +http://ahrefs.com/robot/)"
209.74.77.214 - - [12/Jul/2025:21:21:12 +0000] "POST /wp-cron.php?doing_wp_cron=1752355272.5884180068969726562500 HTTP/1.1" 200 - "-" "WordPress/6.8.1; https://kraft-court.cafe"
51.222.253.5 - - [12/Jul/2025:21:21:11 +0000] "GET /?x=109123585031800&mod=73c14008&uri=blog.php%3Fid%3D3641798-408%26name%3Dfilson+zip+neck+sweater HTTP/1.1" 301 - "-" "Mozilla/5.0 (compatible; AhrefsBot/7.0; +http://ahrefs.com/robot/)"
209.74.77.214 - - [12/Jul/2025:21:40:15 +0000] "POST /wp-cron.php?doing_wp_cron=1752356415.4548900127410888671875 HTTP/1.1" 200 - "-" "WordPress/6.8.1; https://kraft-court.cafe"
51.222.253.10 - - [12/Jul/2025:21:40:14 +0000] "GET /?x=110358789051800&mod=077ab52e&uri=news.php%3Fid%3D3683017-1552%26name%3Dempresa+pluma+jbl HTTP/1.1" 301 - "-" "Mozilla/5.0 (compatible; AhrefsBot/7.0; +http://ahrefs.com/robot/)"
51.222.253.17 - - [12/Jul/2025:21:58:05 +0000] "GET /robots.txt HTTP/1.1" 200 85 "-" "Mozilla/5.0 (compatible; AhrefsBot/7.0; +http://ahrefs.com/robot/)"
209.74.77.214 - - [12/Jul/2025:21:58:07 +0000] "POST /wp-cron.php?doing_wp_cron=1752357487.0933940410614013671875 HTTP/1.1" 200 - "-" "WordPress/6.8.1; https://kraft-court.cafe"
51.222.253.15 - - [12/Jul/2025:21:58:06 +0000] "GET /?x=11221196051800&mod=dd325446&uri=shop.php%3Fid%3D374659-544%26name%3Dunder+armour+hammer+cleats HTTP/1.1" 301 - "-" "Mozilla/5.0 (compatible; AhrefsBot/7.0; +http://ahrefs.com/robot/)"
209.74.77.214 - - [12/Jul/2025:22:01:31 +0000] "POST /wp-cron.php?doing_wp_cron=1752357691.7238879203796386718750 HTTP/1.1" 200 - "-" "WordPress/6.8.1; https://kraft-court.cafe"
185.241.208.99 - - [12/Jul/2025:22:01:27 +0000] "GET / HTTP/1.1" 301 - "-" "-"
209.74.77.214 - - [12/Jul/2025:22:07:36 +0000] "POST /wp-cron.php?doing_wp_cron=1752358056.3700780868530273437500 HTTP/1.1" 200 - "-" "WordPress/6.8.1; https://kraft-court.cafe"
51.222.253.15 - - [12/Jul/2025:22:07:35 +0000] "GET /?x=113581874081800&mod=c4f8a2db&uri=pin.php%3Fid%3D3790637-667%26name%3Dfenty+red+velvet HTTP/1.1" 301 - "-" "Mozilla/5.0 (compatible; AhrefsBot/7.0; +http://ahrefs.com/robot/)"
209.74.77.214 - - [12/Jul/2025:22:17:39 +0000] "POST /wp-cron.php?doing_wp_cron=1752358659.5969130992889404296875 HTTP/1.1" 200 - "-" "WordPress/6.8.1; https://kraft-court.cafe"
51.222.253.9 - - [12/Jul/2025:22:17:37 +0000] "GET /?x=116667571031800&mod=ac5dab2e&uri=itm.php%3Fid%3D3893604-179%26name%3Dplaquette+rockrider+520 HTTP/1.1" 301 - "-" "Mozilla/5.0 (compatible; AhrefsBot/7.0; +http://ahrefs.com/robot/)"
209.74.77.214 - - [12/Jul/2025:22:48:59 +0000] "POST /wp-cron.php?doing_wp_cron=1752360539.0648729801177978515625 HTTP/1.1" 200 - "-" "WordPress/6.8.1; https://kraft-court.cafe"
51.222.253.5 - - [12/Jul/2025:22:48:57 +0000] "GET /?x=13892732021800&mod=6646b06b&uri=products.php%3Fid%3D463824-604%26name%3Dair+max+180+shirt HTTP/1.1" 301 - "-" "Mozilla/5.0 (compatible; AhrefsBot/7.0; +http://ahrefs.com/robot/)"
209.74.77.214 - - [12/Jul/2025:22:53:39 +0000] "POST /wp-cron.php?doing_wp_cron=1752360819.6099851131439208984375 HTTP/1.1" 200 - "-" "WordPress/6.8.1; https://kraft-court.cafe"
51.222.253.1 - - [12/Jul/2025:22:53:38 +0000] "GET /?x=16081148041800&mod=52bdba94&uri=product.php%3Fid%3D536853-652%26name%3Dnike+women%27s+running+dress HTTP/1.1" 301 - "-" "Mozilla/5.0 (compatible; AhrefsBot/7.0; +http://ahrefs.com/robot/)"
209.74.77.214 - - [12/Jul/2025:23:08:12 +0000] "POST /wp-cron.php?doing_wp_cron=1752361692.3467168807983398437500 HTTP/1.1" 200 - "-" "WordPress/6.8.1; https://kraft-court.cafe"
51.222.253.6 - - [12/Jul/2025:23:08:11 +0000] "GET /?x=17358812041800&mod=ddd993b2&uri=us.php%3Fid%3D579478-673%26name%3Dclarks+step+isle+lace HTTP/1.1" 301 - "-" "Mozilla/5.0 (compatible; AhrefsBot/7.0; +http://ahrefs.com/robot/)"
209.74.77.214 - - [12/Jul/2025:23:28:45 +0000] "POST /wp-cron.php?doing_wp_cron=1752362925.9412190914154052734375 HTTP/1.1" 200 - "-" "WordPress/6.8.1; https://kraft-court.cafe"
51.222.253.11 - - [12/Jul/2025:23:28:44 +0000] "GET /?x=2538369031800&mod=b0f2ad44&uri=itm.php%3Fid%3D84737-166%26name%3Dbecoming+a+nike+retailer HTTP/1.1" 301 - "-" "Mozilla/5.0 (compatible; AhrefsBot/7.0; +http://ahrefs.com/robot/)"
209.74.77.214 - - [12/Jul/2025:23:33:35 +0000] "POST /wp-cron.php?doing_wp_cron=1752363215.2517731189727783203125 HTTP/1.1" 200 - "-" "WordPress/6.8.1; https://kraft-court.cafe"
51.222.253.14 - - [12/Jul/2025:23:33:34 +0000] "GET /?x=27366222081800&mod=1b387355&uri=itm.php%3Fid%3D913346-922%26name%3Dbq6164 HTTP/1.1" 301 - "-" "Mozilla/5.0 (compatible; AhrefsBot/7.0; +http://ahrefs.com/robot/)"
173.208.198.210 - - [12/Jul/2025:23:36:49 +0000] "GET /?testPage HTTP/1.1" 200 78 "-" "Mozilla/5.0 (compatible; Googlebot/2.1; +http://www.google.com/bot.html)"
209.74.77.214 - - [12/Jul/2025:23:36:55 +0000] "POST /wp-cron.php?doing_wp_cron=1752363415.9056808948516845703125 HTTP/1.1" 200 - "-" "WordPress/6.8.1; https://kraft-court.cafe"
173.208.198.210 - - [12/Jul/2025:23:36:54 +0000] "GET /?testPage HTTP/1.1" 301 - "-" "Mozilla/5.0 (Windows NT 10.0; Win64; x64) AppleWebKit/537.36 (KHTML, like Gecko) Chrome/125.0.0.0 Safari/537.36"
209.74.77.214 - - [12/Jul/2025:23:37:53 +0000] "POST /wp-cron.php?doing_wp_cron=1752363473.9220530986785888671875 HTTP/1.1" 200 - "-" "WordPress/6.8.1; https://kraft-court.cafe"
51.222.253.7 - - [12/Jul/2025:23:37:52 +0000] "GET /?x=28818216041800&mod=4513c30b&uri=product.php%3Fid%3D961819-937%26name%3Ddkode+site+officiel HTTP/1.1" 301 - "-" "Mozilla/5.0 (compatible; AhrefsBot/7.0; +http://ahrefs.com/robot/)"
209.74.77.214 - - [12/Jul/2025:23:46:55 +0000] "POST /wp-cron.php?doing_wp_cron=1752364015.2984728813171386718750 HTTP/1.1" 200 - "-" "WordPress/6.8.1; https://kraft-court.cafe"
51.222.253.7 - - [12/Jul/2025:23:46:54 +0000] "GET /?x=32533534061800&mod=7eca143c&uri=shared.php%3Fid%3D1085840-881%26name%3Dblue+lagoon+pearl HTTP/1.1" 301 - "-" "Mozilla/5.0 (compatible; AhrefsBot/7.0; +http://ahrefs.com/robot/)"
209.74.77.214 - - [12/Jul/2025:23:51:24 +0000] "POST /wp-cron.php?doing_wp_cron=1752364284.5353870391845703125000 HTTP/1.1" 200 - "-" "WordPress/6.8.1; https://kraft-court.cafe"
51.222.253.1 - - [12/Jul/2025:23:51:23 +0000] "GET /?x=34824106031800&mod=91394d0f&uri=search.php%3Fid%3D1162308-739%26name%3Didee+men%27s+polarized+sunglasses HTTP/1.1" 301 - "-" "Mozilla/5.0 (compatible; AhrefsBot/7.0; +http://ahrefs.com/robot/)"
209.74.77.214 - - [12/Jul/2025:23:56:02 +0000] "POST /wp-cron.php?doing_wp_cron=1752364562.3339669704437255859375 HTTP/1.1" 200 - "-" "WordPress/6.8.1; https://kraft-court.cafe"
51.222.253.1 - - [12/Jul/2025:23:55:58 +0000] "GET /?x=358018001800&mod=cd00692c&uri=search.php%3Fid%3D11955-32%26name%3Dadidas+porsche+indonesia HTTP/1.1" 301 - "-" "Mozilla/5.0 (compatible; AhrefsBot/7.0; +http://ahrefs.com/robot/)"
209.74.77.214 - - [12/Jul/2025:23:59:48 +0000] "POST /wp-cron.php?doing_wp_cron=1752364788.0794150829315185546875 HTTP/1.1" 200 - "-" "WordPress/6.8.1; https://kraft-court.cafe"
60.188.57.0 - - [12/Jul/2025:23:59:43 +0000] "GET / HTTP/1.1" 301 - "-" "Mozilla/5.0 (iPhone; CPU iPhone OS 13_2_3 like Mac OS X) AppleWebKit/605.1.15 (KHTML, like Gecko) Version/13.0.3 Mobile/15E148 Safari/604.1"
209.74.77.214 - - [13/Jul/2025:00:05:02 +0000] "POST /wp-cron.php?doing_wp_cron=1752365102.7069048881530761718750 HTTP/1.1" 200 - "-" "WordPress/6.8.1; https://kraft-court.cafe"
51.222.253.10 - - [13/Jul/2025:00:05:01 +0000] "GET /?x=37994543001800&mod=3fefa7be&uri=news.php%3Fid%3D1268087-908%26name%3Ddior+sneakers+b23 HTTP/1.1" 301 - "-" "Mozilla/5.0 (compatible; AhrefsBot/7.0; +http://ahrefs.com/robot/)"
209.74.77.214 - - [13/Jul/2025:00:09:11 +0000] "POST /wp-cron.php?doing_wp_cron=1752365351.1880700588226318359375 HTTP/1.1" 200 - "-" "WordPress/6.8.1; https://kraft-court.cafe"
51.222.253.13 - - [13/Jul/2025:00:09:09 +0000] "GET /?x=3852542001800&mod=d04863f1&uri=search.php%3Fid%3D128592-238%26name%3Dadidas+kirkdale+spezial HTTP/1.1" 301 - "-" "Mozilla/5.0 (compatible; AhrefsBot/7.0; +http://ahrefs.com/robot/)"
209.74.77.214 - - [13/Jul/2025:00:25:07 +0000] "POST /wp-cron.php?doing_wp_cron=1752366307.3093409538269042968750 HTTP/1.1" 200 - "-" "WordPress/6.8.1; https://kraft-court.cafe"
51.222.253.10 - - [13/Jul/2025:00:25:06 +0000] "GET /?x=42082543021800&mod=609c5e50&uri=search.php%3Fid%3D1404474-542%26name%3Dcomo+eliminar+los+mensajes+de+buzon+de+voz HTTP/1.1" 301 - "-" "Mozilla/5.0 (compatible; AhrefsBot/7.0; +http://ahrefs.com/robot/)"
209.74.77.214 - - [13/Jul/2025:00:29:25 +0000] "POST /wp-cron.php?doing_wp_cron=1752366565.9621810913085937500000 HTTP/1.1" 200 - "-" "WordPress/6.8.1; https://kraft-court.cafe"
51.222.253.4 - - [13/Jul/2025:00:29:24 +0000] "GET /?x=4582339031800&mod=fd4f21f2&uri=products.php%3Fid%3D152944-277%26name%3Droute+one+thrasher HTTP/1.1" 301 - "-" "Mozilla/5.0 (compatible; AhrefsBot/7.0; +http://ahrefs.com/robot/)"
209.74.77.214 - - [13/Jul/2025:01:27:36 +0000] "POST /wp-cron.php?doing_wp_cron=1752370056.9365479946136474609375 HTTP/1.1" 200 - "-" "WordPress/6.8.1; https://kraft-court.cafe"
51.222.253.3 - - [13/Jul/2025:01:27:35 +0000] "GET /?x=51817552001800&mod=a8ecbaba&uri=article.php%3Fid%3D1729219-80%26name%3Dprotocol+videodrone+xt HTTP/1.1" 301 - "-" "Mozilla/5.0 (compatible; AhrefsBot/7.0; +http://ahrefs.com/robot/)"
209.74.77.214 - - [13/Jul/2025:01:38:11 +0000] "POST /wp-cron.php?doing_wp_cron=1752370691.8550701141357421875000 HTTP/1.1" 200 - "-" "WordPress/6.8.1; https://kraft-court.cafe"
51.222.253.6 - - [13/Jul/2025:01:38:07 +0000] "GET /?x=51863635021800&mod=9b2325e0&uri=shared.php%3Fid%3D1730756-1262%26name%3Dcurry+sc3zero HTTP/1.1" 301 - "-" "Mozilla/5.0 (compatible; AhrefsBot/7.0; +http://ahrefs.com/robot/)"
209.74.77.214 - - [13/Jul/2025:01:47:11 +0000] "POST /wp-cron.php?doing_wp_cron=1752371231.4468469619750976562500 HTTP/1.1" 200 - "-" "WordPress/6.8.1; https://kraft-court.cafe"
51.222.253.12 - - [13/Jul/2025:01:47:10 +0000] "GET /?x=52815088021800&mod=3a900dc3&uri=products.php%3Fid%3D1762488-1302%26name%3Dlouboutin+fe HTTP/1.1" 301 - "-" "Mozilla/5.0 (compatible; AhrefsBot/7.0; +http://ahrefs.com/robot/)"
209.74.77.214 - - [13/Jul/2025:01:56:41 +0000] "POST /wp-cron.php?doing_wp_cron=1752371801.1223030090332031250000 HTTP/1.1" 200 - "-" "WordPress/6.8.1; https://kraft-court.cafe"
51.222.253.3 - - [13/Jul/2025:01:56:39 +0000] "GET /?x=55855571041800&mod=1a3c31f4&uri=itm.php%3Fid%3D1863939-1315%26name%3Dbrown+jordan+3s HTTP/1.1" 301 - "-" "Mozilla/5.0 (compatible; AhrefsBot/7.0; +http://ahrefs.com/robot/)"
209.74.77.214 - - [13/Jul/2025:02:14:47 +0000] "POST /wp-cron.php?doing_wp_cron=1752372887.5259981155395507812500 HTTP/1.1" 200 - "-" "WordPress/6.8.1; https://kraft-court.cafe"
51.222.253.8 - - [13/Jul/2025:02:14:46 +0000] "GET /?x=57858143001800&mod=951cb7fc&uri=shop.php%3Fid%3D1930759-1326%26name%3Dbest+asics+running+shoes+2019+women%27s HTTP/1.1" 301 - "-" "Mozilla/5.0 (compatible; AhrefsBot/7.0; +http://ahrefs.com/robot/)"
209.74.77.214 - - [13/Jul/2025:02:36:40 +0000] "POST /wp-cron.php?doing_wp_cron=1752374200.3987500667572021484375 HTTP/1.1" 200 - "-" "WordPress/6.8.1; https://kraft-court.cafe"
49.51.253.83 - - [13/Jul/2025:02:36:39 +0000] "GET / HTTP/1.1" 301 - "-" "Mozilla/5.0 (iPhone; CPU iPhone OS 13_2_3 like Mac OS X) AppleWebKit/605.1.15 (KHTML, like Gecko) Version/13.0.3 Mobile/15E148 Safari/604.1"
209.74.77.214 - - [13/Jul/2025:03:01:36 +0000] "POST /wp-cron.php?doing_wp_cron=1752375696.0815200805664062500000 HTTP/1.1" 200 - "-" "WordPress/6.8.1; https://kraft-court.cafe"
180.110.203.108 - - [13/Jul/2025:03:01:35 +0000] "GET / HTTP/1.1" 301 - "-" "Mozilla/5.0 (iPhone; CPU iPhone OS 13_2_3 like Mac OS X) AppleWebKit/605.1.15 (KHTML, like Gecko) Version/13.0.3 Mobile/15E148 Safari/604.1"
209.74.77.214 - - [13/Jul/2025:03:02:50 +0000] "POST /wp-cron.php?doing_wp_cron=1752375770.1002559661865234375000 HTTP/1.1" 200 - "-" "WordPress/6.8.1; https://kraft-court.cafe"
51.222.253.17 - - [13/Jul/2025:03:02:48 +0000] "GET /?x=69044582001800&mod=659b8b9a&uri=info.php%3Fid%3D2304078-1292%26name%3Dliverpool+fc+champions+league+shirt+2019 HTTP/1.1" 301 - "-" "Mozilla/5.0 (compatible; AhrefsBot/7.0; +http://ahrefs.com/robot/)"
209.74.77.214 - - [13/Jul/2025:03:07:39 +0000] "POST /wp-cron.php?doing_wp_cron=1752376059.8305060863494873046875 HTTP/1.1" 200 - "-" "WordPress/6.8.1; https://kraft-court.cafe"
51.222.253.15 - - [13/Jul/2025:03:07:38 +0000] "GET /?x=72421450021800&mod=445448cf&uri=pin.php%3Fid%3D2416788-1404%26name%3Dair+jordan+orange+et+noir HTTP/1.1" 301 - "-" "Mozilla/5.0 (compatible; AhrefsBot/7.0; +http://ahrefs.com/robot/)"
51.68.107.146 - - [13/Jul/2025:03:19:52 +0000] "GET /robots.txt HTTP/1.1" 200 85 "-" "Mozilla/5.0 (compatible; MJ12bot/v2.0.2; http://mj12bot.com/)"
209.74.77.214 - - [13/Jul/2025:03:19:53 +0000] "POST /wp-cron.php?doing_wp_cron=1752376793.4709091186523437500000 HTTP/1.1" 200 - "-" "WordPress/6.8.1; https://kraft-court.cafe"
51.68.107.146 - - [13/Jul/2025:03:19:52 +0000] "GET / HTTP/1.1" 301 - "-" "Mozilla/5.0 (compatible; MJ12bot/v2.0.2; http://mj12bot.com/)"
209.74.77.214 - - [13/Jul/2025:03:30:21 +0000] "POST /wp-cron.php?doing_wp_cron=1752377421.3433220386505126953125 HTTP/1.1" 200 - "-" "WordPress/6.8.1; https://kraft-court.cafe"
52.185.152.55 - - [13/Jul/2025:03:30:20 +0000] "GET /wp-content/plugins/hellopress/wp_filemanager.php HTTP/1.1" 404 5522 "-" "-"
52.185.152.55 - - [13/Jul/2025:03:30:21 +0000] "GET /wp-content/plugins/about.php HTTP/1.1" 404 5482 "-" "-"
52.185.152.55 - - [13/Jul/2025:03:30:21 +0000] "GET /wp.php HTTP/1.1" 404 5438 "-" "-"
52.185.152.55 - - [13/Jul/2025:03:30:22 +0000] "GET /hoot.php HTTP/1.1" 404 5442 "-" "-"
52.185.152.55 - - [13/Jul/2025:03:30:22 +0000] "GET /about.php HTTP/1.1" 404 5444 "-" "-"
52.185.152.55 - - [13/Jul/2025:03:30:22 +0000] "GET /admin.php HTTP/1.1" 404 5444 "-" "-"
52.185.152.55 - - [13/Jul/2025:03:30:23 +0000] "GET /wp-content/plugins/admin.php HTTP/1.1" 404 5482 "-" "-"
52.185.152.55 - - [13/Jul/2025:03:30:23 +0000] "GET /wp-content/db-cache.php HTTP/1.1" 404 5472 "-" "-"
52.185.152.55 - - [13/Jul/2025:03:30:23 +0000] "GET /wp-content/themes/twentyeleven/functions.php HTTP/1.1" 404 5514 "-" "-"
52.185.152.55 - - [13/Jul/2025:03:30:24 +0000] "GET /wp-content/themes/oceanwp/functions.php HTTP/1.1" 404 5504 "-" "-"
52.185.152.55 - - [13/Jul/2025:03:30:24 +0000] "GET /wp-content/themes/twentythirteen/functions.php HTTP/1.1" 404 5518 "-" "-"
52.185.152.55 - - [13/Jul/2025:03:30:24 +0000] "GET /wp-content/themes/kadence/functions.php HTTP/1.1" 404 5504 "-" "-"
52.185.152.55 - - [13/Jul/2025:03:30:25 +0000] "GET /wp-content/themes/twentytwenty/functions.php HTTP/1.1" 404 5514 "-" "-"
52.185.152.55 - - [13/Jul/2025:03:30:25 +0000] "GET /content.php HTTP/1.1" 404 5448 "-" "-"
52.185.152.55 - - [13/Jul/2025:03:30:25 +0000] "GET /wp-content/plugins/not/includes/about.php HTTP/1.1" 404 5508 "-" "-"
52.185.152.55 - - [13/Jul/2025:03:30:26 +0000] "GET /wp-content/plugins/simple/simple.php HTTP/1.1" 404 5498 "-" "-"
52.185.152.55 - - [13/Jul/2025:03:30:26 +0000] "GET /wp-content/plugins/wp-theme-editor/include.php HTTP/1.1" 404 5518 "-" "-"
52.185.152.55 - - [13/Jul/2025:03:30:26 +0000] "GET /wp-content/themes/aahana/json.php HTTP/1.1" 404 5492 "-" "-"
52.185.152.55 - - [13/Jul/2025:03:30:27 +0000] "GET /wp-content/plugins/awesome-coming-soon/come.php HTTP/1.1" 404 5520 "-" "-"
52.185.152.55 - - [13/Jul/2025:03:30:27 +0000] "GET /wp-content/plugins/wp-conflg.php HTTP/1.1" 404 5490 "-" "-"
52.185.152.55 - - [13/Jul/2025:03:30:27 +0000] "GET /wp-includes/Requests/about.php HTTP/1.1" 404 5486 "-" "-"
52.185.152.55 - - [13/Jul/2025:03:30:27 +0000] "GET /wp-includes/style-engine/about.php HTTP/1.1" 404 5494 "-" "-"
52.185.152.55 - - [13/Jul/2025:03:30:28 +0000] "GET /wp-includes/rest-api/about.php HTTP/1.1" 404 5486 "-" "-"
52.185.152.55 - - [13/Jul/2025:03:30:28 +0000] "GET /wp-includes/SimplePie/about.php HTTP/1.1" 404 5488 "-" "-"
52.185.152.55 - - [13/Jul/2025:03:30:28 +0000] "GET /wp-content/banners/about.php HTTP/1.1" 404 5482 "-" "-"
52.185.152.55 - - [13/Jul/2025:03:30:29 +0000] "GET /wp-content/about.php HTTP/1.1" 404 5466 "-" "-"
52.185.152.55 - - [13/Jul/2025:03:30:29 +0000] "GET /.well-known/about.php HTTP/1.1" 404 5468 "-" "-"
52.185.152.55 - - [13/Jul/2025:03:30:29 +0000] "GET /wp-includes/Text/about.php HTTP/1.1" 404 5478 "-" "-"
52.185.152.55 - - [13/Jul/2025:03:30:30 +0000] "GET /wp-includes/ID3/about.php HTTP/1.1" 404 5476 "-" "-"
52.185.152.55 - - [13/Jul/2025:03:30:30 +0000] "GET /img/about.php HTTP/1.1" 404 5452 "-" "-"
52.185.152.55 - - [13/Jul/2025:03:30:30 +0000] "GET /wp-content/languages/about.php HTTP/1.1" 404 5486 "-" "-"
52.185.152.55 - - [13/Jul/2025:03:30:31 +0000] "GET /wp-includes/customize/about.php HTTP/1.1" 404 5488 "-" "-"
52.185.152.55 - - [13/Jul/2025:03:30:31 +0000] "GET /wp-includes.bak/html-api/about.php HTTP/1.1" 404 5494 "-" "-"
52.185.152.55 - - [13/Jul/2025:03:30:31 +0000] "GET /wp-includes/widgets/about.php HTTP/1.1" 404 5484 "-" "-"
52.185.152.55 - - [13/Jul/2025:03:30:32 +0000] "GET /wp-includes/IXR/about.php HTTP/1.1" 404 5476 "-" "-"
52.185.152.55 - - [13/Jul/2025:03:30:32 +0000] "GET /wp-admin/js/about.php HTTP/1.1" 404 5468 "-" "-"
52.185.152.55 - - [13/Jul/2025:03:30:32 +0000] "GET /.well-known/pki-validation/about.php HTTP/1.1" 404 - "-" "-"
52.185.152.55 - - [13/Jul/2025:03:30:32 +0000] "GET /wp-includes/pomo/about.php HTTP/1.1" 404 5478 "-" "-"
209.74.77.214 - - [13/Jul/2025:03:30:33 +0000] "POST /wp-cron.php?doing_wp_cron=1752377433.2951629161834716796875 HTTP/1.1" 200 - "-" "WordPress/6.8.1; https://kraft-court.cafe"
52.185.152.55 - - [13/Jul/2025:03:30:33 +0000] "GET /wp-includes/block-patterns/about.php HTTP/1.1" 404 5498 "-" "-"
52.185.152.55 - - [13/Jul/2025:03:30:33 +0000] "GET /wp-content/updraft/about.php HTTP/1.1" 404 5482 "-" "-"
52.185.152.55 - - [13/Jul/2025:03:30:33 +0000] "GET /wp-content/upgrade-temp-backup/about.php HTTP/1.1" 404 5506 "-" "-"
52.185.152.55 - - [13/Jul/2025:03:30:34 +0000] "GET /wp-content/themes/about.php HTTP/1.1" 404 5480 "-" "-"
52.185.152.55 - - [13/Jul/2025:03:30:34 +0000] "GET /wp-admin/includes/about.php HTTP/1.1" 404 5480 "-" "-"
52.185.152.55 - - [13/Jul/2025:03:30:34 +0000] "GET /images/about.php HTTP/1.1" 404 5458 "-" "-"
52.185.152.55 - - [13/Jul/2025:03:30:35 +0000] "GET /wp-content/blogs.dir/about.php HTTP/1.1" 404 5486 "-" "-"
52.185.152.55 - - [13/Jul/2025:03:30:35 +0000] "GET /wp-includes/images/about.php HTTP/1.1" 404 5482 "-" "-"
52.185.152.55 - - [13/Jul/2025:03:30:35 +0000] "GET /wp-includes/about.php HTTP/1.1" 404 5468 "-" "-"
52.185.152.55 - - [13/Jul/2025:03:30:36 +0000] "GET /cgi-bin/about.php HTTP/1.1" 404 5460 "-" "-"
52.185.152.55 - - [13/Jul/2025:03:30:36 +0000] "GET /wp-content/gallery/about.php HTTP/1.1" 404 5482 "-" "-"
52.185.152.55 - - [13/Jul/2025:03:30:36 +0000] "GET /wp-includes/blocks/about.php HTTP/1.1" 404 5482 "-" "-"
52.185.152.55 - - [13/Jul/2025:03:30:37 +0000] "GET /wp-admin/css/about.php HTTP/1.1" 404 5470 "-" "-"
52.185.152.55 - - [13/Jul/2025:03:30:37 +0000] "GET /wp-admin/images/about.php HTTP/1.1" 404 5476 "-" "-"
52.185.152.55 - - [13/Jul/2025:03:30:37 +0000] "GET /.well-known/pki-validation/cloud.php HTTP/1.1" 404 - "-" "-"
52.185.152.55 - - [13/Jul/2025:03:30:37 +0000] "GET /.well-known/acme-challenge/cloud.php HTTP/1.1" 404 5498 "-" "-"
52.185.152.55 - - [13/Jul/2025:03:30:38 +0000] "GET /wp-admin/network/cloud.php HTTP/1.1" 404 5478 "-" "-"
52.185.152.55 - - [13/Jul/2025:03:30:38 +0000] "GET /cloud.php HTTP/1.1" 404 5444 "-" "-"
52.185.152.55 - - [13/Jul/2025:03:30:38 +0000] "GET /cgi-bin/cloud.php HTTP/1.1" 404 5460 "-" "-"
52.185.152.55 - - [13/Jul/2025:03:30:39 +0000] "GET /wp-content/updates.php HTTP/1.1" 404 5470 "-" "-"
52.185.152.55 - - [13/Jul/2025:03:30:39 +0000] "GET /css/cloud.php HTTP/1.1" 404 5452 "-" "-"
52.185.152.55 - - [13/Jul/2025:03:30:39 +0000] "GET /wp-admin/user/cloud.php HTTP/1.1" 404 5472 "-" "-"
52.185.152.55 - - [13/Jul/2025:03:30:40 +0000] "GET /img/cloud.php HTTP/1.1" 404 5452 "-" "-"
52.185.152.55 - - [13/Jul/2025:03:30:40 +0000] "GET /wp-admin/css/colors/coffee/cloud.php HTTP/1.1" 404 5498 "-" "-"
52.185.152.55 - - [13/Jul/2025:03:30:40 +0000] "GET /wp-admin/images/cloud.php HTTP/1.1" 404 5476 "-" "-"
52.185.152.55 - - [13/Jul/2025:03:30:40 +0000] "GET /avaa.php HTTP/1.1" 404 5442 "-" "-"
52.185.152.55 - - [13/Jul/2025:03:30:41 +0000] "GET /images/cloud.php HTTP/1.1" 404 5458 "-" "-"
52.185.152.55 - - [13/Jul/2025:03:30:41 +0000] "GET /wp-admin/js/widgets/cloud.php HTTP/1.1" 404 5484 "-" "-"
52.185.152.55 - - [13/Jul/2025:03:30:41 +0000] "GET /wp-includes/Requests/Text/admin.php HTTP/1.1" 404 5496 "-" "-"
52.185.152.55 - - [13/Jul/2025:03:30:42 +0000] "GET /wp-admin/css/colors/cloud.php HTTP/1.1" 404 5484 "-" "-"
52.185.152.55 - - [13/Jul/2025:03:30:42 +0000] "GET /wp-admin/includes/cloud.php HTTP/1.1" 404 5480 "-" "-"
52.185.152.55 - - [13/Jul/2025:03:30:42 +0000] "GET /wp-admin/css/colors/blue/cloud.php HTTP/1.1" 404 5494 "-" "-"
52.185.152.55 - - [13/Jul/2025:03:30:43 +0000] "GET /wp-admin/cloud.php HTTP/1.1" 404 5462 "-" "-"
52.185.152.55 - - [13/Jul/2025:03:30:43 +0000] "GET /updates.php HTTP/1.1" 404 5448 "-" "-"
209.74.77.214 - - [13/Jul/2025:03:30:44 +0000] "POST /wp-cron.php?doing_wp_cron=1752377444.0302889347076416015625 HTTP/1.1" 200 - "-" "WordPress/6.8.1; https://kraft-court.cafe"
52.185.152.55 - - [13/Jul/2025:03:30:43 +0000] "GET /libraries/legacy/updates.php HTTP/1.1" 404 5482 "-" "-"
52.185.152.55 - - [13/Jul/2025:03:30:44 +0000] "GET /libraries/phpmailer/updates.php HTTP/1.1" 404 5488 "-" "-"
52.185.152.55 - - [13/Jul/2025:03:30:44 +0000] "GET /libraries/vendor/updates.php HTTP/1.1" 404 5482 "-" "-"
52.185.152.55 - - [13/Jul/2025:03:30:44 +0000] "GET /alfa-rex.php7 HTTP/1.1" 404 5452 "-" "-"
52.185.152.55 - - [13/Jul/2025:03:30:45 +0000] "GET /alfanew.php HTTP/1.1" 404 5448 "-" "-"
52.185.152.55 - - [13/Jul/2025:03:30:45 +0000] "GET /wp-content/plugins/Cache/Cache.php HTTP/1.1" 404 5494 "-" "-"
52.185.152.55 - - [13/Jul/2025:03:30:45 +0000] "GET /wp-admin/js/widgets/about.php7 HTTP/1.1" 404 5486 "-" "-"
52.185.152.55 - - [13/Jul/2025:03:30:46 +0000] "GET /wp-p.php7 HTTP/1.1" 404 5444 "-" "-"
52.185.152.55 - - [13/Jul/2025:03:30:46 +0000] "GET /wp-admin/repeater.php HTTP/1.1" 404 5468 "-" "-"
52.185.152.55 - - [13/Jul/2025:03:30:46 +0000] "GET /wp-includes/repeater.php HTTP/1.1" 404 5474 "-" "-"
52.185.152.55 - - [13/Jul/2025:03:30:47 +0000] "GET /wp-content/repeater.php HTTP/1.1" 404 5472 "-" "-"
52.185.152.55 - - [13/Jul/2025:03:30:47 +0000] "GET /wsoyanz.php HTTP/1.1" 404 5448 "-" "-"
52.185.152.55 - - [13/Jul/2025:03:30:47 +0000] "GET /yanz.php HTTP/1.1" 404 5442 "-" "-"
52.185.152.55 - - [13/Jul/2025:03:30:48 +0000] "GET /wp-content/plugins/seoo/wsoyanz.php HTTP/1.1" 404 5496 "-" "-"
52.185.152.55 - - [13/Jul/2025:03:30:48 +0000] "GET /wp-content/plugins/seoo/wsoyanz1.php HTTP/1.1" 404 5498 "-" "-"
52.185.152.55 - - [13/Jul/2025:03:30:48 +0000] "GET /cache-compat.php HTTP/1.1" 404 5458 "-" "-"
52.185.152.55 - - [13/Jul/2025:03:30:49 +0000] "GET /ajax-actions.php HTTP/1.1" 404 5458 "-" "-"
52.185.152.55 - - [13/Jul/2025:03:30:49 +0000] "GET /wp-admin/ajax-actions.php HTTP/1.1" 404 5476 "-" "-"
52.185.152.55 - - [13/Jul/2025:03:30:49 +0000] "GET /wp-consar.php HTTP/1.1" 404 5452 "-" "-"
52.185.152.55 - - [13/Jul/2025:03:30:50 +0000] "GET /repeater.php HTTP/1.1" 404 5450 "-" "-"
52.185.152.55 - - [13/Jul/2025:03:30:50 +0000] "GET /admin-post.php HTTP/1.1" 404 5454 "-" "-"
52.185.152.55 - - [13/Jul/2025:03:30:50 +0000] "GET /wp-admin/maint/maint/ajax-actions.php HTTP/1.1" 404 5500 "-" "-"
52.185.152.55 - - [13/Jul/2025:03:30:51 +0000] "GET /wp-admin/dropdown.php HTTP/1.1" 404 5468 "-" "-"
52.185.152.55 - - [13/Jul/2025:03:30:51 +0000] "GET /wp-admin/css/index.php HTTP/1.1" 301 - "-" "-"
52.185.152.55 - - [13/Jul/2025:03:30:51 +0000] "GET /wp-admin/css/ HTTP/1.1" 404 5452 "-" "-"
52.185.152.55 - - [13/Jul/2025:03:30:51 +0000] "GET /dropdown.php HTTP/1.1" 404 5450 "-" "-"
52.185.152.55 - - [13/Jul/2025:03:30:52 +0000] "GET /about.php7 HTTP/1.1" 404 5446 "-" "-"
52.185.152.55 - - [13/Jul/2025:03:30:52 +0000] "GET /alfanew.php7 HTTP/1.1" 404 5450 "-" "-"
52.185.152.55 - - [13/Jul/2025:03:30:52 +0000] "GET /adminfuns.php7 HTTP/1.1" 404 5454 "-" "-"
52.185.152.55 - - [13/Jul/2025:03:30:53 +0000] "GET /ebs.php7 HTTP/1.1" 404 5442 "-" "-"
52.185.152.55 - - [13/Jul/2025:03:30:53 +0000] "GET /ws.php7 HTTP/1.1" 404 5440 "-" "-"
52.185.152.55 - - [13/Jul/2025:03:30:54 +0000] "GET /alfanew2.php7 HTTP/1.1" 404 5452 "-" "-"
52.185.152.55 - - [13/Jul/2025:03:30:54 +0000] "GET /alfa-rex2.php7 HTTP/1.1" 404 5454 "-" "-"
52.185.152.55 - - [13/Jul/2025:03:30:54 +0000] "GET /wp-admin/images/index.php HTTP/1.1" 301 - "-" "-"
52.185.152.55 - - [13/Jul/2025:03:30:55 +0000] "GET /wp-admin/images/ HTTP/1.1" 404 5458 "-" "-"
52.185.152.55 - - [13/Jul/2025:03:30:55 +0000] "GET /wp-admin/css/colors/index.php HTTP/1.1" 301 - "-" "-"
52.185.152.55 - - [13/Jul/2025:03:30:55 +0000] "GET /wp-admin/css/colors/ HTTP/1.1" 404 5466 "-" "-"
52.185.152.55 - - [13/Jul/2025:03:30:55 +0000] "GET /wp-content/themes/seotheme/mar.php HTTP/1.1" 404 5494 "-" "-"
52.185.152.55 - - [13/Jul/2025:03:30:56 +0000] "GET /wp-content/plugins/linkpreview/db.php HTTP/1.1" 404 5500 "-" "-"
52.185.152.55 - - [13/Jul/2025:03:30:56 +0000] "GET /wp-content/themes/seotheme/db.php HTTP/1.1" 404 5492 "-" "-"
52.185.152.55 - - [13/Jul/2025:03:30:56 +0000] "GET /wp-content/plugins/seoplugins/db.php HTTP/1.1" 404 5498 "-" "-"
52.185.152.55 - - [13/Jul/2025:03:30:57 +0000] "GET /wp-content/plugins/seoplugins/mar.php HTTP/1.1" 404 5500 "-" "-"
52.185.152.55 - - [13/Jul/2025:03:30:57 +0000] "GET /.well-known/pki-validation/xmrlpc.php HTTP/1.1" 404 - "-" "-"
52.185.152.55 - - [13/Jul/2025:03:30:57 +0000] "GET /.well-known/acme-challenge/xmrlpc.php HTTP/1.1" 404 5500 "-" "-"
52.185.152.55 - - [13/Jul/2025:03:30:58 +0000] "GET /wp-admin/network/xmrlpc.php HTTP/1.1" 404 5480 "-" "-"
52.185.152.55 - - [13/Jul/2025:03:30:58 +0000] "GET /xmrlpc.php HTTP/1.1" 404 5446 "-" "-"
52.185.152.55 - - [13/Jul/2025:03:30:58 +0000] "GET /cgi-bin/xmrlpc.php HTTP/1.1" 404 5462 "-" "-"
52.185.152.55 - - [13/Jul/2025:03:30:58 +0000] "GET /css/xmrlpc.php HTTP/1.1" 404 5454 "-" "-"
52.185.152.55 - - [13/Jul/2025:03:30:59 +0000] "GET /wp-admin/user/xmrlpc.php HTTP/1.1" 404 5474 "-" "-"
52.185.152.55 - - [13/Jul/2025:03:30:59 +0000] "GET /img/xmrlpc.php HTTP/1.1" 404 5454 "-" "-"
52.185.152.55 - - [13/Jul/2025:03:30:59 +0000] "GET /wp-admin/css/colors/coffee/xmrlpc.php HTTP/1.1" 404 5500 "-" "-"
52.185.152.55 - - [13/Jul/2025:03:31:00 +0000] "GET /wp-admin/images/xmrlpc.php HTTP/1.1" 404 5478 "-" "-"
52.185.152.55 - - [13/Jul/2025:03:31:00 +0000] "GET /images/xmrlpc.php HTTP/1.1" 404 5460 "-" "-"
52.185.152.55 - - [13/Jul/2025:03:31:00 +0000] "GET /wp-admin/js/widgets/xmrlpc.php HTTP/1.1" 404 5486 "-" "-"
52.185.152.55 - - [13/Jul/2025:03:31:01 +0000] "GET /wp-admin/css/colors/xmrlpc.php HTTP/1.1" 404 5486 "-" "-"
52.185.152.55 - - [13/Jul/2025:03:31:01 +0000] "GET /wp-admin/includes/xmrlpc.php HTTP/1.1" 404 5482 "-" "-"
52.185.152.55 - - [13/Jul/2025:03:31:01 +0000] "GET /wp-admin/css/colors/blue/xmrlpc.php HTTP/1.1" 404 5496 "-" "-"
52.185.152.55 - - [13/Jul/2025:03:31:02 +0000] "GET /wp-admin/xmrlpc.php HTTP/1.1" 404 5464 "-" "-"
52.185.152.55 - - [13/Jul/2025:03:31:02 +0000] "GET /403.php HTTP/1.1" 404 5440 "-" "-"
52.185.152.55 - - [13/Jul/2025:03:31:02 +0000] "GET /css.php HTTP/1.1" 404 5440 "-" "-"
52.185.152.55 - - [13/Jul/2025:03:31:03 +0000] "GET /simple.php HTTP/1.1" 404 5446 "-" "-"
52.185.152.55 - - [13/Jul/2025:03:31:03 +0000] "GET /log.php HTTP/1.1" 404 5440 "-" "-"
52.185.152.55 - - [13/Jul/2025:03:31:03 +0000] "GET /index.php HTTP/1.1" 301 - "-" "-"
52.185.152.55 - - [13/Jul/2025:03:31:04 +0000] "GET /mail.php HTTP/1.1" 404 5442 "-" "-"
52.185.152.55 - - [13/Jul/2025:03:31:05 +0000] "GET /bak.php HTTP/1.1" 404 5440 "-" "-"
52.185.152.55 - - [13/Jul/2025:03:31:05 +0000] "GET /upfile.php HTTP/1.1" 404 5446 "-" "-"
52.185.152.55 - - [13/Jul/2025:03:31:05 +0000] "GET /wp-conflg.php HTTP/1.1" 404 5452 "-" "-"
52.185.152.55 - - [13/Jul/2025:03:31:06 +0000] "GET /bypass.php HTTP/1.1" 404 5446 "-" "-"
52.185.152.55 - - [13/Jul/2025:03:31:06 +0000] "GET /radio.php HTTP/1.1" 404 5444 "-" "-"
52.185.152.55 - - [13/Jul/2025:03:31:06 +0000] "GET /moon.php HTTP/1.1" 404 5442 "-" "-"
52.185.152.55 - - [13/Jul/2025:03:31:07 +0000] "GET /blog.php HTTP/1.1" 404 5442 "-" "-"
52.185.152.55 - - [13/Jul/2025:03:31:07 +0000] "GET /themes.php HTTP/1.1" 404 5446 "-" "-"
52.185.152.55 - - [13/Jul/2025:03:31:07 +0000] "GET /ini.php HTTP/1.1" 404 5440 "-" "-"
52.185.152.55 - - [13/Jul/2025:03:31:08 +0000] "GET /as.php HTTP/1.1" 404 5438 "-" "-"
52.185.152.55 - - [13/Jul/2025:03:31:08 +0000] "GET /shell.php HTTP/1.1" 404 5444 "-" "-"
52.185.152.55 - - [13/Jul/2025:03:31:08 +0000] "GET /ws.php HTTP/1.1" 404 5438 "-" "-"
52.185.152.55 - - [13/Jul/2025:03:31:09 +0000] "GET /makeasmtp.php HTTP/1.1" 404 5452 "-" "-"
52.185.152.55 - - [13/Jul/2025:03:31:09 +0000] "GET /wp-sigunq.php HTTP/1.1" 404 5452 "-" "-"
52.185.152.55 - - [13/Jul/2025:03:31:09 +0000] "GET /wso112233.php HTTP/1.1" 404 5452 "-" "-"
52.185.152.55 - - [13/Jul/2025:03:31:09 +0000] "GET /fw.php HTTP/1.1" 404 5438 "-" "-"
52.185.152.55 - - [13/Jul/2025:03:31:10 +0000] "GET /install.php HTTP/1.1" 404 5448 "-" "-"
52.185.152.55 - - [13/Jul/2025:03:31:10 +0000] "GET /wp-login.php HTTP/1.1" 302 - "-" "-"
52.185.152.55 - - [13/Jul/2025:03:31:11 +0000] "GET /wp-content/plugins/google-seo-rank/module.php HTTP/1.1" 404 5516 "-" "-"
52.185.152.55 - - [13/Jul/2025:03:31:11 +0000] "GET /chosen.php HTTP/1.1" 404 5446 "-" "-"
52.185.152.55 - - [13/Jul/2025:03:31:11 +0000] "GET /inputs.php HTTP/1.1" 404 5446 "-" "-"
52.185.152.55 - - [13/Jul/2025:03:31:12 +0000] "GET /classsmtps.php HTTP/1.1" 404 5454 "-" "-"
52.185.152.55 - - [13/Jul/2025:03:31:12 +0000] "GET /wp-blog-header.php HTTP/1.1" 404 - "-" "-"
52.185.152.55 - - [13/Jul/2025:03:31:12 +0000] "GET /wp-trackback.php HTTP/1.1" 404 135 "-" "-"
52.185.152.55 - - [13/Jul/2025:03:31:13 +0000] "GET /wp-signup.php HTTP/1.1" 302 - "-" "-"
52.185.152.55 - - [13/Jul/2025:03:31:13 +0000] "GET /wp-comments-post.php HTTP/1.1" 405 - "-" "-"
52.185.152.55 - - [13/Jul/2025:03:31:13 +0000] "GET /wp-cron.php HTTP/1.1" 200 - "-" "-"
52.185.152.55 - - [13/Jul/2025:03:31:13 +0000] "GET /wp-load.php HTTP/1.1" 200 - "-" "-"
52.185.152.55 - - [13/Jul/2025:03:31:14 +0000] "GET /wp-mail.php HTTP/1.1" 403 2520 "-" "-"
52.185.152.55 - - [13/Jul/2025:03:31:14 +0000] "GET /edit.php HTTP/1.1" 404 5442 "-" "-"
