66.249.65.36 - - [12/Jul/2025:15:50:58 +0000] "GET /?x=5976695011800&mod=e3ea3396&uri=search.php%3Fid%3D199583-345%26name%3Dchamarra+de+piel+mujer+outfit HTTP/1.1" 200 20801 "-" "Mozilla/5.0 (Linux; Android 6.0.1; Nexus 5X Build/MMB29P) AppleWebKit/537.36 (KHTML, like Gecko) Chrome/137.0.7151.103 Mobile Safari/537.36 (compatible; Googlebot/2.1; +http://www.google.com/bot.html)"
66.249.65.36 - - [12/Jul/2025:15:51:05 +0000] "GET /?x=119569387061800&mod=55d99a37&uri=form.php%3Fid%3D3990396-315%26name%3Dblaue+uhr+lilienthal HTTP/1.1" 200 22515 "-" "Mozilla/5.0 (Linux; Android 6.0.1; Nexus 5X Build/MMB29P) AppleWebKit/537.36 (KHTML, like Gecko) Chrome/137.0.7151.103 Mobile Safari/537.36 (compatible; Googlebot/2.1; +http://www.google.com/bot.html)"
66.249.65.37 - - [12/Jul/2025:15:51:07 +0000] "GET /?x=5902691011800&mod=29921001&uri=shop.php%3Fid%3D197115-155%26name%3Dlg+sky10+rear+speakers HTTP/1.1" 200 21941 "-" "Mozilla/5.0 (Linux; Android 6.0.1; Nexus 5X Build/MMB29P) AppleWebKit/537.36 (KHTML, like Gecko) Chrome/137.0.7151.103 Mobile Safari/537.36 (compatible; Googlebot/2.1; +http://www.google.com/bot.html)"
66.249.65.35 - - [12/Jul/2025:15:51:22 +0000] "GET /?x=119726563091800&mod=faefec47&uri=pin.php%3Fid%3D3995639-539%26name%3Dairpods+pro+falling+out+reddit HTTP/1.1" 200 21126 "-" "Mozilla/5.0 (Linux; Android 6.0.1; Nexus 5X Build/MMB29P) AppleWebKit/537.36 (KHTML, like Gecko) Chrome/137.0.7151.103 Mobile Safari/537.36 (compatible; Googlebot/2.1; +http://www.google.com/bot.html)"
66.249.65.36 - - [12/Jul/2025:15:51:24 +0000] "POST /get-message-notify HTTP/1.1" 200 21878 "https://kraft-court.cafe/?x=5976695011800&mod=e3ea3396&uri=search.php%3Fid%3D199583-345%26name%3Dchamarra+de+piel+mujer+outfit" "Mozilla/5.0 (Linux; Android 6.0.1; Nexus 5X Build/MMB29P) AppleWebKit/537.36 (KHTML, like Gecko) Chrome/137.0.7151.119 Mobile Safari/537.36 (compatible; Googlebot/2.1; +http://www.google.com/bot.html)"
66.249.65.35 - - [12/Jul/2025:15:51:40 +0000] "GET /?x=90764263081800&mod=dfa92d8f&uri=us.php%3Fid%3D3028953-156%26name%3Dingenuity+bassinet+replacement+mattress HTTP/1.1" 200 21763 "-" "Mozilla/5.0 (Linux; Android 6.0.1; Nexus 5X Build/MMB29P) AppleWebKit/537.36 (KHTML, like Gecko) Chrome/137.0.7151.103 Mobile Safari/537.36 (compatible; Googlebot/2.1; +http://www.google.com/bot.html)"
66.249.65.36 - - [12/Jul/2025:15:52:22 +0000] "GET /?x=40665244021800&mod=62d75fb2&uri=news.php%3Fid%3D1357182-1152%26name%3Dmaternity+trouser+suit HTTP/1.1" 200 21220 "-" "Mozilla/5.0 (Linux; Android 6.0.1; Nexus 5X Build/MMB29P) AppleWebKit/537.36 (KHTML, like Gecko) Chrome/137.0.7151.103 Mobile Safari/537.36 (compatible; Googlebot/2.1; +http://www.google.com/bot.html)"
66.249.65.36 - - [12/Jul/2025:15:53:09 +0000] "GET /?x=5854187091800&mod=d594b1a9&uri=search.php%3Fid%3D195495-341%26name%3Dcamara+web+videoconferencia+webcam+1080p+hd+zoom+teletrabajo HTTP/1.1" 200 21694 "-" "Mozilla/5.0 (Linux; Android 6.0.1; Nexus 5X Build/MMB29P) AppleWebKit/537.36 (KHTML, like Gecko) Chrome/137.0.7151.103 Mobile Safari/537.36 (compatible; Googlebot/2.1; +http://www.google.com/bot.html)"
66.249.65.36 - - [12/Jul/2025:15:53:59 +0000] "GET /?x=34714300041800&mod=e3019767&uri=article.php%3Fid%3D1158644-712%26name%3Dauriculares+impermeables HTTP/1.1" 200 22221 "-" "Mozilla/5.0 (Linux; Android 6.0.1; Nexus 5X Build/MMB29P) AppleWebKit/537.36 (KHTML, like Gecko) Chrome/137.0.7151.103 Mobile Safari/537.36 (compatible; Googlebot/2.1; +http://www.google.com/bot.html)"
66.249.65.35 - - [12/Jul/2025:15:54:08 +0000] "POST /get-message-notify HTTP/1.1" 200 21867 "https://kraft-court.cafe/?x=34714300041800&mod=e3019767&uri=article.php%3Fid%3D1158644-712%26name%3Dauriculares+impermeables" "Mozilla/5.0 (Linux; Android 6.0.1; Nexus 5X Build/MMB29P) AppleWebKit/537.36 (KHTML, like Gecko) Chrome/137.0.7151.119 Mobile Safari/537.36 (compatible; Googlebot/2.1; +http://www.google.com/bot.html)"
66.249.65.35 - - [12/Jul/2025:15:54:22 +0000] "GET /?x=5813768061800&mod=165a59f7&uri=itm.php%3Fid%3D194146-336%26name%3Dpiquadro+zaini+saldi HTTP/1.1" 200 21552 "-" "Mozilla/5.0 (Linux; Android 6.0.1; Nexus 5X Build/MMB29P) AppleWebKit/537.36 (KHTML, like Gecko) Chrome/137.0.7151.103 Mobile Safari/537.36 (compatible; Googlebot/2.1; +http://www.google.com/bot.html)"
66.249.65.35 - - [12/Jul/2025:15:54:30 +0000] "GET /?x=5747697051800&mod=97108695&uri=shop.php%3Fid%3D191943-335%26name%3Dnorthgard+switch+metacritic HTTP/1.1" 200 21855 "-" "Mozilla/5.0 (Linux; Android 6.0.1; Nexus 5X Build/MMB29P) AppleWebKit/537.36 (KHTML, like Gecko) Chrome/137.0.7151.103 Mobile Safari/537.36 (compatible; Googlebot/2.1; +http://www.google.com/bot.html)"
66.249.65.35 - - [12/Jul/2025:15:54:29 +0000] "GET /?x=34558768011800&mod=e94fe9ac&uri=news.php%3Fid%3D1153455-332%26name%3Dthe+homecoming+amazon+prime HTTP/1.1" 200 21199 "-" "Mozilla/5.0 (Linux; Android 6.0.1; Nexus 5X Build/MMB29P) AppleWebKit/537.36 (KHTML, like Gecko) Chrome/137.0.7151.103 Mobile Safari/537.36 (compatible; Googlebot/2.1; +http://www.google.com/bot.html)"
66.249.65.35 - - [12/Jul/2025:15:54:41 +0000] "GET /?x=47537110021800&mod=0d2922ee&uri=shared.php%3Fid%3D1586426-1246%26name%3Dbuying+used+skis+reddit HTTP/1.1" 200 21704 "-" "Mozilla/5.0 (Linux; Android 6.0.1; Nexus 5X Build/MMB29P) AppleWebKit/537.36 (KHTML, like Gecko) Chrome/137.0.7151.103 Mobile Safari/537.36 (compatible; Googlebot/2.1; +http://www.google.com/bot.html)"
66.249.65.35 - - [12/Jul/2025:15:54:43 +0000] "POST /get-message-notify HTTP/1.1" 200 21865 "https://kraft-court.cafe/?x=47537110021800&mod=0d2922ee&uri=shared.php%3Fid%3D1586426-1246%26name%3Dbuying+used+skis+reddit" "Mozilla/5.0 (Linux; Android 6.0.1; Nexus 5X Build/MMB29P) AppleWebKit/537.36 (KHTML, like Gecko) Chrome/137.0.7151.119 Mobile Safari/537.36 (compatible; Googlebot/2.1; +http://www.google.com/bot.html)"
66.249.65.35 - - [12/Jul/2025:15:54:47 +0000] "GET /?x=119727913001800&mod=faefec47&uri=search.php%3Fid%3D3995684-539%26name%3Damazon+prime+air+pods+pro HTTP/1.1" 200 21296 "-" "Mozilla/5.0 (Linux; Android 6.0.1; Nexus 5X Build/MMB29P) AppleWebKit/537.36 (KHTML, like Gecko) Chrome/137.0.7151.103 Mobile Safari/537.36 (compatible; Googlebot/2.1; +http://www.google.com/bot.html)"
66.249.65.35 - - [12/Jul/2025:15:54:55 +0000] "GET /?x=6083161071800&mod=0d0fd7c6&uri=article.php%3Fid%3D203139-40%26name%3Dmakita+leaf+blower+and+vacuum HTTP/1.1" 200 21578 "-" "Mozilla/5.0 (Linux; Android 6.0.1; Nexus 5X Build/MMB29P) AppleWebKit/537.36 (KHTML, like Gecko) Chrome/137.0.7151.103 Mobile Safari/537.36 (compatible; Googlebot/2.1; +http://www.google.com/bot.html)"
209.74.77.214 - - [12/Jul/2025:15:55:02 +0000] "POST /wp-cron.php?doing_wp_cron=1752335702.5309720039367675781250 HTTP/1.1" 200 - "-" "WordPress/6.8.1; https://kraft-court.cafe"
51.222.253.20 - - [12/Jul/2025:15:55:01 +0000] "GET /?x=105693130011800&mod=e33b5ba5&uri=search.php%3Fid%3D3527333-1643%26name%3Dfoot+locker+spongebob+shoes HTTP/1.1" 301 - "-" "Mozilla/5.0 (compatible; AhrefsBot/7.0; +http://ahrefs.com/robot/)"
66.249.65.35 - - [12/Jul/2025:15:55:16 +0000] "GET /?x=5539624041800&mod=ffbd6cbb&uri=itm.php%3Fid%3D184934-310%26name%3Dgeforce+30+laptop HTTP/1.1" 200 22425 "-" "Mozilla/5.0 (Linux; Android 6.0.1; Nexus 5X Build/MMB29P) AppleWebKit/537.36 (KHTML, like Gecko) Chrome/137.0.7151.103 Mobile Safari/537.36 (compatible; Googlebot/2.1; +http://www.google.com/bot.html)"
66.249.65.35 - - [12/Jul/2025:15:55:23 +0000] "GET /?x=119408473031800&mod=97108695&uri=form.php%3Fid%3D3985027-335%26name%3Dnintendo+2dd+xl HTTP/1.1" 200 22017 "-" "Mozilla/5.0 (Linux; Android 6.0.1; Nexus 5X Build/MMB29P) AppleWebKit/537.36 (KHTML, like Gecko) Chrome/137.0.7151.103 Mobile Safari/537.36 (compatible; Googlebot/2.1; +http://www.google.com/bot.html)"
66.249.65.35 - - [12/Jul/2025:15:55:36 +0000] "POST /get-message-notify HTTP/1.1" 200 21869 "https://kraft-court.cafe/?x=5539624041800&mod=ffbd6cbb&uri=itm.php%3Fid%3D184934-310%26name%3Dgeforce+30+laptop" "Mozilla/5.0 (Linux; Android 6.0.1; Nexus 5X Build/MMB29P) AppleWebKit/537.36 (KHTML, like Gecko) Chrome/137.0.7151.119 Mobile Safari/537.36 (compatible; Googlebot/2.1; +http://www.google.com/bot.html)"
66.249.65.36 - - [12/Jul/2025:15:56:15 +0000] "GET /?x=6063232051800&mod=fd9dcf1d&uri=brands.php%3Fid%3D202473-349%26name%3Dnettoyer+des+bijoux+en+argent HTTP/1.1" 200 21606 "-" "Mozilla/5.0 (Linux; Android 6.0.1; Nexus 5X Build/MMB29P) AppleWebKit/537.36 (KHTML, like Gecko) Chrome/137.0.7151.103 Mobile Safari/537.36 (compatible; Googlebot/2.1; +http://www.google.com/bot.html)"
66.249.65.35 - - [12/Jul/2025:15:56:18 +0000] "POST /get-message-notify HTTP/1.1" 200 21873 "https://kraft-court.cafe/?x=6063232051800&mod=fd9dcf1d&uri=brands.php%3Fid%3D202473-349%26name%3Dnettoyer+des+bijoux+en+argent" "Mozilla/5.0 AppleWebKit/537.36 (KHTML, like Gecko; compatible; Googlebot/2.1; +http://www.google.com/bot.html) Chrome/137.0.7151.119 Safari/537.36"
66.249.65.36 - - [12/Jul/2025:15:56:53 +0000] "GET /?x=59568209011800&mod=29921001&uri=us.php%3Fid%3D1987829-155%26name%3Daudio+solutions+speakers+price HTTP/1.1" 200 22167 "-" "Mozilla/5.0 (Linux; Android 6.0.1; Nexus 5X Build/MMB29P) AppleWebKit/537.36 (KHTML, like Gecko) Chrome/137.0.7151.103 Mobile Safari/537.36 (compatible; Googlebot/2.1; +http://www.google.com/bot.html)"
66.249.65.35 - - [12/Jul/2025:15:56:59 +0000] "GET /?x=5963291121800&mod=c5bbd980&uri=form.php%3Fid%3D199135-344%26name%3Ddeichmann+mens+black+shoes HTTP/1.1" 200 21284 "-" "Mozilla/5.0 (Linux; Android 6.0.1; Nexus 5X Build/MMB29P) AppleWebKit/537.36 (KHTML, like Gecko) Chrome/137.0.7151.103 Mobile Safari/537.36 (compatible; Googlebot/2.1; +http://www.google.com/bot.html)"
66.249.65.37 - - [12/Jul/2025:15:57:07 +0000] "POST /get-message-notify HTTP/1.1" 200 21858 "https://kraft-court.cafe/?x=5963291121800&mod=c5bbd980&uri=form.php%3Fid%3D199135-344%26name%3Ddeichmann+mens+black+shoes" "Mozilla/5.0 (Linux; Android 6.0.1; Nexus 5X Build/MMB29P) AppleWebKit/537.36 (KHTML, like Gecko) Chrome/137.0.7151.119 Mobile Safari/537.36 (compatible; Googlebot/2.1; +http://www.google.com/bot.html)"
66.249.65.35 - - [12/Jul/2025:15:57:38 +0000] "GET /?x=34652372011800&mod=9854d7af&uri=info.php%3Fid%3D1156577-387%26name%3Dhome+gym+tiles HTTP/1.1" 200 22247 "-" "Mozilla/5.0 (Linux; Android 6.0.1; Nexus 5X Build/MMB29P) AppleWebKit/537.36 (KHTML, like Gecko) Chrome/137.0.7151.103 Mobile Safari/537.36 (compatible; Googlebot/2.1; +http://www.google.com/bot.html)"
66.249.65.36 - - [12/Jul/2025:15:57:40 +0000] "GET /?x=34570279001800&mod=ad68473a&uri=goods.php%3Fid%3D1153840-407%26name%3Dgraphic+oversized+sweatshirts HTTP/1.1" 200 21969 "-" "Mozilla/5.0 (Linux; Android 6.0.1; Nexus 5X Build/MMB29P) AppleWebKit/537.36 (KHTML, like Gecko) Chrome/137.0.7151.103 Mobile Safari/537.36 (compatible; Googlebot/2.1; +http://www.google.com/bot.html)"
66.249.65.35 - - [12/Jul/2025:15:57:42 +0000] "POST /get-message-notify HTTP/1.1" 200 21863 "https://kraft-court.cafe/?x=34652372011800&mod=9854d7af&uri=info.php%3Fid%3D1156577-387%26name%3Dhome+gym+tiles" "Mozilla/5.0 (Linux; Android 6.0.1; Nexus 5X Build/MMB29P) AppleWebKit/537.36 (KHTML, like Gecko) Chrome/137.0.7151.119 Mobile Safari/537.36 (compatible; Googlebot/2.1; +http://www.google.com/bot.html)"
66.249.65.35 - - [12/Jul/2025:15:57:59 +0000] "GET /?x=6076211051800&mod=fd9dcf1d&uri=info.php%3Fid%3D202907-349%26name%3Dbijoux+or+promo HTTP/1.1" 200 22659 "-" "Mozilla/5.0 (Linux; Android 6.0.1; Nexus 5X Build/MMB29P) AppleWebKit/537.36 (KHTML, like Gecko) Chrome/137.0.7151.103 Mobile Safari/537.36 (compatible; Googlebot/2.1; +http://www.google.com/bot.html)"
66.249.65.35 - - [12/Jul/2025:15:58:01 +0000] "POST /get-message-notify HTTP/1.1" 200 21867 "https://kraft-court.cafe/?x=6076211051800&mod=fd9dcf1d&uri=info.php%3Fid%3D202907-349%26name%3Dbijoux+or+promo" "Mozilla/5.0 (Linux; Android 6.0.1; Nexus 5X Build/MMB29P) AppleWebKit/537.36 (KHTML, like Gecko) Chrome/137.0.7151.119 Mobile Safari/537.36 (compatible; Googlebot/2.1; +http://www.google.com/bot.html)"
66.249.65.35 - - [12/Jul/2025:15:58:10 +0000] "GET /?x=59604707041800&mod=2cb6b103&uri=goods.php%3Fid%3D1989046-167%26name%3Dfourgon+am%C3%83%C2%A9nag%C3%83%C2%A9+m HTTP/1.1" 200 21476 "-" "Mozilla/5.0 (Linux; Android 6.0.1; Nexus 5X Build/MMB29P) AppleWebKit/537.36 (KHTML, like Gecko) Chrome/137.0.7151.103 Mobile Safari/537.36 (compatible; Googlebot/2.1; +http://www.google.com/bot.html)"
66.249.65.35 - - [12/Jul/2025:15:58:24 +0000] "POST /get-message-notify HTTP/1.1" 200 21869 "https://kraft-court.cafe/?x=59604707041800&mod=2cb6b103&uri=goods.php%3Fid%3D1989046-167%26name%3Dfourgon+am%C3%83%C2%A9nag%C3%83%C2%A9+m" "Mozilla/5.0 (Linux; Android 6.0.1; Nexus 5X Build/MMB29P) AppleWebKit/537.36 (KHTML, like Gecko) Chrome/137.0.7151.119 Mobile Safari/537.36 (compatible; Googlebot/2.1; +http://www.google.com/bot.html)"
66.249.65.35 - - [12/Jul/2025:15:58:38 +0000] "GET /?x=5835831081800&mod=384babc3&uri=us.php%3Fid%3D194883-339%26name%3Dzapatos+skechers+para+ni%C3%83%C2%B1as+amazon+hot HTTP/1.1" 200 21105 "-" "Mozilla/5.0 (Linux; Android 6.0.1; Nexus 5X Build/MMB29P) AppleWebKit/537.36 (KHTML, like Gecko) Chrome/137.0.7151.103 Mobile Safari/537.36 (compatible; Googlebot/2.1; +http://www.google.com/bot.html)"
66.249.65.35 - - [12/Jul/2025:15:58:39 +0000] "POST /get-message-notify HTTP/1.1" 200 21864 "https://kraft-court.cafe/?x=5835831081800&mod=384babc3&uri=us.php%3Fid%3D194883-339%26name%3Dzapatos+skechers+para+ni%C3%83%C2%B1as+amazon+hot" "Mozilla/5.0 AppleWebKit/537.36 (KHTML, like Gecko; compatible; Googlebot/2.1; +http://www.google.com/bot.html) Chrome/137.0.7151.119 Safari/537.36"
66.249.65.35 - - [12/Jul/2025:15:58:43 +0000] "GET /?x=34677479081800&mod=9854d7af&uri=dp.php%3Fid%3D1157414-387%26name%3Drubber+matts+for+gym HTTP/1.1" 200 22677 "-" "Mozilla/5.0 (Linux; Android 6.0.1; Nexus 5X Build/MMB29P) AppleWebKit/537.36 (KHTML, like Gecko) Chrome/137.0.7151.103 Mobile Safari/537.36 (compatible; Googlebot/2.1; +http://www.google.com/bot.html)"
66.249.65.35 - - [12/Jul/2025:15:58:52 +0000] "GET /?x=5715711011800&mod=333cb763&uri=products.php%3Fid%3D190856-334%26name%3Dzee5+afsar+bitiya HTTP/1.1" 200 21770 "-" "Mozilla/5.0 (Linux; Android 6.0.1; Nexus 5X Build/MMB29P) AppleWebKit/537.36 (KHTML, like Gecko) Chrome/137.0.7151.103 Mobile Safari/537.36 (compatible; Googlebot/2.1; +http://www.google.com/bot.html)"
66.249.65.37 - - [12/Jul/2025:15:59:18 +0000] "GET /?x=5848311051800&mod=734e6bfc&uri=brands.php%3Fid%3D195299-340%26name%3Dzapatos+vans+hombre+en+quito+gratis HTTP/1.1" 200 21043 "-" "Mozilla/5.0 (Linux; Android 6.0.1; Nexus 5X Build/MMB29P) AppleWebKit/537.36 (KHTML, like Gecko) Chrome/137.0.7151.103 Mobile Safari/537.36 (compatible; Googlebot/2.1; +http://www.google.com/bot.html)"
66.249.65.36 - - [12/Jul/2025:15:59:57 +0000] "GET /?x=5925701051800&mod=4500e403&uri=category-info.php%3Fid%3D197882-342%26name%3Dmother+care+rocker HTTP/1.1" 200 21727 "-" "Mozilla/5.0 (Linux; Android 6.0.1; Nexus 5X Build/MMB29P) AppleWebKit/537.36 (KHTML, like Gecko) Chrome/137.0.7151.103 Mobile Safari/537.36 (compatible; Googlebot/2.1; +http://www.google.com/bot.html)"
66.249.65.35 - - [12/Jul/2025:16:01:02 +0000] "GET /?x=34672259041800&mod=9854d7af&uri=us.php%3Fid%3D1157240-387%26name%3Dgym+mat+extra+large HTTP/1.1" 200 21961 "-" "Mozilla/5.0 (Linux; Android 6.0.1; Nexus 5X Build/MMB29P) AppleWebKit/537.36 (KHTML, like Gecko) Chrome/137.0.7151.103 Mobile Safari/537.36 (compatible; Googlebot/2.1; +http://www.google.com/bot.html)"
66.249.65.36 - - [12/Jul/2025:16:01:35 +0000] "GET /?x=5996020041800&mod=e3ea3396&uri=category-info.php%3Fid%3D200229-345%26name%3Dconjunto+bebe+tejido HTTP/1.1" 200 21981 "-" "Mozilla/5.0 (Linux; Android 6.0.1; Nexus 5X Build/MMB29P) AppleWebKit/537.36 (KHTML, like Gecko) Chrome/137.0.7151.103 Mobile Safari/537.36 (compatible; Googlebot/2.1; +http://www.google.com/bot.html)"
66.249.65.37 - - [12/Jul/2025:16:02:02 +0000] "GET /?x=5663001031800&mod=dc6a7e65&uri=goods.php%3Fid%3D189087-308%26name%3Dlemon+yellow+hoodie+women%27s HTTP/1.1" 200 21895 "-" "Mozilla/5.0 (Linux; Android 6.0.1; Nexus 5X Build/MMB29P) AppleWebKit/537.36 (KHTML, like Gecko) Chrome/137.0.7151.103 Mobile Safari/537.36 (compatible; Googlebot/2.1; +http://www.google.com/bot.html)"
66.249.65.35 - - [12/Jul/2025:16:02:09 +0000] "GET /?x=5749047021800&mod=97108695&uri=form.php%3Fid%3D191988-335%26name%3Dsonos+arc+upgrade HTTP/1.1" 200 21759 "-" "Mozilla/5.0 (Linux; Android 6.0.1; Nexus 5X Build/MMB29P) AppleWebKit/537.36 (KHTML, like Gecko) Chrome/137.0.7151.103 Mobile Safari/537.36 (compatible; Googlebot/2.1; +http://www.google.com/bot.html)"
66.249.65.35 - - [12/Jul/2025:16:02:26 +0000] "POST /get-message-notify HTTP/1.1" 200 21881 "https://kraft-court.cafe/?x=5663001031800&mod=dc6a7e65&uri=goods.php%3Fid%3D189087-308%26name%3Dlemon+yellow+hoodie+women%27s" "Mozilla/5.0 (Linux; Android 6.0.1; Nexus 5X Build/MMB29P) AppleWebKit/537.36 (KHTML, like Gecko) Chrome/137.0.7151.119 Mobile Safari/537.36 (compatible; Googlebot/2.1; +http://www.google.com/bot.html)"
66.249.65.35 - - [12/Jul/2025:16:02:28 +0000] "GET /?x=5879285081800&mod=29921001&uri=form.php%3Fid%3D196334-155%26name%3Dpolk+rm7500 HTTP/1.1" 200 21572 "-" "Mozilla/5.0 (Linux; Android 6.0.1; Nexus 5X Build/MMB29P) AppleWebKit/537.36 (KHTML, like Gecko) Chrome/137.0.7151.103 Mobile Safari/537.36 (compatible; Googlebot/2.1; +http://www.google.com/bot.html)"
66.249.65.35 - - [12/Jul/2025:16:02:57 +0000] "GET /?x=5845791051800&mod=734e6bfc&uri=form.php%3Fid%3D195215-340%26name%3Dadidas+yeezy+500+black+zebra HTTP/1.1" 200 22162 "-" "Mozilla/5.0 (Linux; Android 6.0.1; Nexus 5X Build/MMB29P) AppleWebKit/537.36 (KHTML, like Gecko) Chrome/137.0.7151.103 Mobile Safari/537.36 (compatible; Googlebot/2.1; +http://www.google.com/bot.html)"
66.249.65.35 - - [12/Jul/2025:16:02:59 +0000] "POST /get-message-notify HTTP/1.1" 200 21862 "https://kraft-court.cafe/?x=5845791051800&mod=734e6bfc&uri=form.php%3Fid%3D195215-340%26name%3Dadidas+yeezy+500+black+zebra" "Mozilla/5.0 (Linux; Android 6.0.1; Nexus 5X Build/MMB29P) AppleWebKit/537.36 (KHTML, like Gecko) Chrome/137.0.7151.119 Mobile Safari/537.36 (compatible; Googlebot/2.1; +http://www.google.com/bot.html)"
66.249.65.35 - - [12/Jul/2025:16:03:21 +0000] "GET /?x=5911391031800&mod=4500e403&uri=search.php%3Fid%3D197405-342%26name%3Dmonkey+bouncy+seat HTTP/1.1" 200 21732 "-" "Mozilla/5.0 (Linux; Android 6.0.1; Nexus 5X Build/MMB29P) AppleWebKit/537.36 (KHTML, like Gecko) Chrome/137.0.7151.103 Mobile Safari/537.36 (compatible; Googlebot/2.1; +http://www.google.com/bot.html)"
209.74.77.214 - - [12/Jul/2025:16:04:14 +0000] "POST /wp-cron.php?doing_wp_cron=1752336254.3095331192016601562500 HTTP/1.1" 200 - "-" "WordPress/6.8.1; https://kraft-court.cafe"
31.13.127.113 - - [12/Jul/2025:16:04:12 +0000] "GET / HTTP/1.1" 200 5435 "-" "facebookexternalhit/1.1 (+http://www.facebook.com/externalhit_uatext.php)"
209.74.77.214 - - [12/Jul/2025:16:05:09 +0000] "POST /wp-cron.php?doing_wp_cron=1752336309.1748099327087402343750 HTTP/1.1" 200 - "-" "WordPress/6.8.1; https://kraft-court.cafe"
51.222.253.13 - - [12/Jul/2025:16:05:07 +0000] "GET /?x=107936933141800&mod=59be8752&uri=form.php%3Fid%3D3602210-1659%26name%3Dbirkenstock+womens+wedge+sandals HTTP/1.1" 301 - "-" "Mozilla/5.0 (compatible; AhrefsBot/7.0; +http://ahrefs.com/robot/)"
66.249.65.35 - - [12/Jul/2025:16:06:39 +0000] "GET /?x=47556220131800&mod=b7b16ecf&uri=category-info.php%3Fid%3D1587063-39%26name%3Dtommy+bahama+beach+chair+backpack+blue+marlin+deluxe HTTP/1.1" 200 22162 "-" "Mozilla/5.0 (Linux; Android 6.0.1; Nexus 5X Build/MMB29P) AppleWebKit/537.36 (KHTML, like Gecko) Chrome/137.0.7151.103 Mobile Safari/537.36 (compatible; Googlebot/2.1; +http://www.google.com/bot.html)"
66.249.65.35 - - [12/Jul/2025:16:07:41 +0000] "GET /?x=5703536141800&mod=2de7cf20&uri=pin.php%3Fid%3D190439-333%26name%3Dtattoo+wedding+rings+female HTTP/1.1" 200 21369 "-" "Mozilla/5.0 (Linux; Android 6.0.1; Nexus 5X Build/MMB29P) AppleWebKit/537.36 (KHTML, like Gecko) Chrome/137.0.7151.103 Mobile Safari/537.36 (compatible; Googlebot/2.1; +http://www.google.com/bot.html)"
66.249.65.35 - - [12/Jul/2025:16:07:51 +0000] "POST /get-message-notify HTTP/1.1" 200 21873 "https://kraft-court.cafe/?x=5703536141800&mod=2de7cf20&uri=pin.php%3Fid%3D190439-333%26name%3Dtattoo+wedding+rings+female" "Mozilla/5.0 (Linux; Android 6.0.1; Nexus 5X Build/MMB29P) AppleWebKit/537.36 (KHTML, like Gecko) Chrome/137.0.7151.119 Mobile Safari/537.36 (compatible; Googlebot/2.1; +http://www.google.com/bot.html)"
66.249.65.37 - - [12/Jul/2025:16:08:26 +0000] "GET /?x=6024545071800&mod=6aca9700&uri=blog.php%3Fid%3D201181-59%26name%3Dvestito+carnevale+scozzese+veneziano HTTP/1.1" 200 21495 "-" "Mozilla/5.0 (Linux; Android 6.0.1; Nexus 5X Build/MMB29P) AppleWebKit/537.36 (KHTML, like Gecko) Chrome/137.0.7151.103 Mobile Safari/537.36 (compatible; Googlebot/2.1; +http://www.google.com/bot.html)"
66.249.65.36 - - [12/Jul/2025:16:08:55 +0000] "GET /?x=47556580011800&mod=b7b16ecf&uri=category-info.php%3Fid%3D1587075-39%26name%3Dtommy+bahama+backpack+hi+boy+beach+chair HTTP/1.1" 200 22548 "-" "Mozilla/5.0 (Linux; Android 6.0.1; Nexus 5X Build/MMB29P) AppleWebKit/537.36 (KHTML, like Gecko) Chrome/137.0.7151.103 Mobile Safari/537.36 (compatible; Googlebot/2.1; +http://www.google.com/bot.html)"
66.249.65.35 - - [12/Jul/2025:16:10:01 +0000] "GET /?x=59634779021800&mod=b6cda17a&uri=form.php%3Fid%3D1990061-233%26name%3Dmarcas+de+chaquetas+termicas HTTP/1.1" 200 21971 "-" "Mozilla/5.0 (Linux; Android 6.0.1; Nexus 5X Build/MMB29P) AppleWebKit/537.36 (KHTML, like Gecko) Chrome/137.0.7151.103 Mobile Safari/537.36 (compatible; Googlebot/2.1; +http://www.google.com/bot.html)"
66.249.65.35 - - [12/Jul/2025:16:11:03 +0000] "GET /?x=5791465061800&mod=a8849b05&uri=goods.php%3Fid%3D193402-57%26name%3Djbl+wireless+earbuds+amazon HTTP/1.1" 200 22034 "-" "Mozilla/5.0 (Linux; Android 6.0.1; Nexus 5X Build/MMB29P) AppleWebKit/537.36 (KHTML, like Gecko) Chrome/137.0.7151.103 Mobile Safari/537.36 (compatible; Googlebot/2.1; +http://www.google.com/bot.html)"
66.249.65.35 - - [12/Jul/2025:16:11:13 +0000] "GET /?x=5745267061800&mod=333cb763&uri=news.php%3Fid%3D191862-334%26name%3Dre+zero+s1 HTTP/1.1" 200 22348 "-" "Mozilla/5.0 (Linux; Android 6.0.1; Nexus 5X Build/MMB29P) AppleWebKit/537.36 (KHTML, like Gecko) Chrome/137.0.7151.103 Mobile Safari/537.36 (compatible; Googlebot/2.1; +http://www.google.com/bot.html)"
66.249.65.35 - - [12/Jul/2025:16:11:15 +0000] "POST /get-message-notify HTTP/1.1" 200 21865 "https://kraft-court.cafe/?x=5745267061800&mod=333cb763&uri=news.php%3Fid%3D191862-334%26name%3Dre+zero+s1" "Mozilla/5.0 (Linux; Android 6.0.1; Nexus 5X Build/MMB29P) AppleWebKit/537.36 (KHTML, like Gecko) Chrome/137.0.7151.119 Mobile Safari/537.36 (compatible; Googlebot/2.1; +http://www.google.com/bot.html)"
45.138.16.105 - - [12/Jul/2025:16:11:38 +0000] "GET / HTTP/1.1" 200 5435 "-" "-"
45.138.16.105 - - [12/Jul/2025:16:11:39 +0000] "GET /wp-admin/install.php HTTP/1.1" 404 5475 "-" "-"
45.138.16.105 - - [12/Jul/2025:16:11:40 +0000] "GET /wp-admin/setup-config.php HTTP/1.1" 409 2665 "-" "-"
66.249.65.37 - - [12/Jul/2025:16:14:34 +0000] "GET /?x=99282681071800&mod=29921001&uri=category-info.php%3Fid%3D3313317-155%26name%3Dlink+pandora+to+google+home HTTP/1.1" 200 21546 "-" "Mozilla/5.0 (Linux; Android 6.0.1; Nexus 5X Build/MMB29P) AppleWebKit/537.36 (KHTML, like Gecko) Chrome/137.0.7151.103 Mobile Safari/537.36 (compatible; Googlebot/2.1; +http://www.google.com/bot.html)"
66.249.65.36 - - [12/Jul/2025:16:14:35 +0000] "GET /?x=5777307011800&mod=a8849b05&uri=products.php%3Fid%3D192930-57%26name%3Dtop+bluetooth+earphones+under+3000 HTTP/1.1" 200 22181 "-" "Mozilla/5.0 (Linux; Android 6.0.1; Nexus 5X Build/MMB29P) AppleWebKit/537.36 (KHTML, like Gecko) Chrome/137.0.7151.103 Mobile Safari/537.36 (compatible; Googlebot/2.1; +http://www.google.com/bot.html)"
66.249.65.36 - - [12/Jul/2025:16:14:36 +0000] "GET /?x=29490389001800&mod=e94fe9ac&uri=pin.php%3Fid%3D984302-332%26name%3Dkuttys+padal+tamil HTTP/1.1" 200 21898 "-" "Mozilla/5.0 (Linux; Android 6.0.1; Nexus 5X Build/MMB29P) AppleWebKit/537.36 (KHTML, like Gecko) Chrome/137.0.7151.103 Mobile Safari/537.36 (compatible; Googlebot/2.1; +http://www.google.com/bot.html)"
66.249.65.36 - - [12/Jul/2025:16:14:36 +0000] "GET /?x=40044233091800&mod=a8849b05&uri=shared.php%3Fid%3D1336468-57%26name%3Db+and+olufsen+headphones HTTP/1.1" 200 21709 "-" "Mozilla/5.0 (Linux; Android 6.0.1; Nexus 5X Build/MMB29P) AppleWebKit/537.36 (KHTML, like Gecko) Chrome/137.0.7151.103 Mobile Safari/537.36 (compatible; Googlebot/2.1; +http://www.google.com/bot.html)"
66.249.65.37 - - [12/Jul/2025:16:14:37 +0000] "GET /?x=5776917011800&mod=a8849b05&uri=pin.php%3Fid%3D192917-57%26name%3Dboat+wireless+bluetooth+earphones+with+mic HTTP/1.1" 200 22445 "-" "Mozilla/5.0 (Linux; Android 6.0.1; Nexus 5X Build/MMB29P) AppleWebKit/537.36 (KHTML, like Gecko) Chrome/137.0.7151.103 Mobile Safari/537.36 (compatible; Googlebot/2.1; +http://www.google.com/bot.html)"
66.249.65.36 - - [12/Jul/2025:16:14:38 +0000] "GET /?x=5730921041800&mod=333cb763&uri=info.php%3Fid%3D191382-334%26name%3Ddemon+slayer+eng+sub HTTP/1.1" 200 22026 "-" "Mozilla/5.0 (Linux; Android 6.0.1; Nexus 5X Build/MMB29P) AppleWebKit/537.36 (KHTML, like Gecko) Chrome/137.0.7151.103 Mobile Safari/537.36 (compatible; Googlebot/2.1; +http://www.google.com/bot.html)"
66.249.65.36 - - [12/Jul/2025:16:14:40 +0000] "POST /get-message-notify HTTP/1.1" 200 21874 "https://kraft-court.cafe/?x=5777307011800&mod=a8849b05&uri=products.php%3Fid%3D192930-57%26name%3Dtop+bluetooth+earphones+under+3000" "Mozilla/5.0 (Linux; Android 6.0.1; Nexus 5X Build/MMB29P) AppleWebKit/537.36 (KHTML, like Gecko) Chrome/137.0.7151.119 Mobile Safari/537.36 (compatible; Googlebot/2.1; +http://www.google.com/bot.html)"
66.249.65.37 - - [12/Jul/2025:16:15:37 +0000] "GET /?x=119811652091800&mod=a51fb975&uri=pin.php%3Fid%3D3998478-129%26name%3Dhow+to+change+battery+to+percentage+on+iphone+xr HTTP/1.1" 200 20561 "-" "Mozilla/5.0 (Linux; Android 6.0.1; Nexus 5X Build/MMB29P) AppleWebKit/537.36 (KHTML, like Gecko) Chrome/137.0.7151.103 Mobile Safari/537.36 (compatible; Googlebot/2.1; +http://www.google.com/bot.html)"
66.249.65.35 - - [12/Jul/2025:16:15:38 +0000] "GET /?x=6077261011800&mod=fd9dcf1d&uri=product.php%3Fid%3D202942-349%26name%3Dboucle+doreille+rose+gold HTTP/1.1" 200 22291 "-" "Mozilla/5.0 (Linux; Android 6.0.1; Nexus 5X Build/MMB29P) AppleWebKit/537.36 (KHTML, like Gecko) Chrome/137.0.7151.103 Mobile Safari/537.36 (compatible; Googlebot/2.1; +http://www.google.com/bot.html)"
66.249.65.36 - - [12/Jul/2025:16:15:39 +0000] "POST /get-message-notify HTTP/1.1" 200 21880 "https://kraft-court.cafe/?x=119811652091800&mod=a51fb975&uri=pin.php%3Fid%3D3998478-129%26name%3Dhow+to+change+battery+to+percentage+on+iphone+xr" "Mozilla/5.0 (Linux; Android 6.0.1; Nexus 5X Build/MMB29P) AppleWebKit/537.36 (KHTML, like Gecko) Chrome/137.0.7151.119 Mobile Safari/537.36 (compatible; Googlebot/2.1; +http://www.google.com/bot.html)"
66.249.65.35 - - [12/Jul/2025:16:15:44 +0000] "GET /?x=110617215061800&mod=2de7cf20&uri=search.php%3Fid%3D3691650-333%26name%3Dblue+vintage+ring HTTP/1.1" 200 19254 "-" "Mozilla/5.0 (Linux; Android 6.0.1; Nexus 5X Build/MMB29P) AppleWebKit/537.36 (KHTML, like Gecko) Chrome/137.0.7151.103 Mobile Safari/537.36 (compatible; Googlebot/2.1; +http://www.google.com/bot.html)"
66.249.65.37 - - [12/Jul/2025:16:16:54 +0000] "GET /?x=5886215051800&mod=29921001&uri=goods.php%3Fid%3D196565-155%26name%3Dstudio+monitoring HTTP/1.1" 200 22167 "-" "Mozilla/5.0 (Linux; Android 6.0.1; Nexus 5X Build/MMB29P) AppleWebKit/537.36 (KHTML, like Gecko) Chrome/137.0.7151.103 Mobile Safari/537.36 (compatible; Googlebot/2.1; +http://www.google.com/bot.html)"
66.249.65.36 - - [12/Jul/2025:16:17:19 +0000] "GET /?x=5804288111800&mod=165a59f7&uri=category-info.php%3Fid%3D193830-336%26name%3Dzaino+uncinetto+granny HTTP/1.1" 200 20544 "-" "Mozilla/5.0 (Linux; Android 6.0.1; Nexus 5X Build/MMB29P) AppleWebKit/537.36 (KHTML, like Gecko) Chrome/137.0.7151.103 Mobile Safari/537.36 (compatible; Googlebot/2.1; +http://www.google.com/bot.html)"
66.249.65.35 - - [12/Jul/2025:16:17:25 +0000] "GET /?x=34735465021800&mod=e3019767&uri=us.php%3Fid%3D1159350-712%26name%3Dsubir+volumen+tronsmart+spunky+beat HTTP/1.1" 200 22187 "-" "Mozilla/5.0 (Linux; Android 6.0.1; Nexus 5X Build/MMB29P) AppleWebKit/537.36 (KHTML, like Gecko) Chrome/137.0.7151.103 Mobile Safari/537.36 (compatible; Googlebot/2.1; +http://www.google.com/bot.html)"
66.249.65.35 - - [12/Jul/2025:16:17:31 +0000] "POST /get-message-notify HTTP/1.1" 200 21853 "https://kraft-court.cafe/?x=5886215051800&mod=29921001&uri=goods.php%3Fid%3D196565-155%26name%3Dstudio+monitoring" "Mozilla/5.0 (Linux; Android 6.0.1; Nexus 5X Build/MMB29P) AppleWebKit/537.36 (KHTML, like Gecko) Chrome/137.0.7151.119 Mobile Safari/537.36 (compatible; Googlebot/2.1; +http://www.google.com/bot.html)"
66.249.65.35 - - [12/Jul/2025:16:17:46 +0000] "GET /?x=5880935031800&mod=29921001&uri=brands.php%3Fid%3D196389-155%26name%3Dtsi500 HTTP/1.1" 200 22066 "-" "Mozilla/5.0 (Linux; Android 6.0.1; Nexus 5X Build/MMB29P) AppleWebKit/537.36 (KHTML, like Gecko) Chrome/137.0.7151.103 Mobile Safari/537.36 (compatible; Googlebot/2.1; +http://www.google.com/bot.html)"
66.249.65.35 - - [12/Jul/2025:16:17:47 +0000] "GET /?x=5783635041800&mod=a8849b05&uri=brands.php%3Fid%3D193141-57%26name%3Djbl+everest+elite+300+price HTTP/1.1" 200 22365 "-" "Mozilla/5.0 (Linux; Android 6.0.1; Nexus 5X Build/MMB29P) AppleWebKit/537.36 (KHTML, like Gecko) Chrome/137.0.7151.103 Mobile Safari/537.36 (compatible; Googlebot/2.1; +http://www.google.com/bot.html)"
66.249.65.35 - - [12/Jul/2025:16:17:56 +0000] "GET /?x=47422131051800&mod=0589dd53&uri=article.php%3Fid%3D1582589-931%26name%3Dall+black+adidas+deerupt HTTP/1.1" 200 20697 "-" "Mozilla/5.0 (Linux; Android 6.0.1; Nexus 5X Build/MMB29P) AppleWebKit/537.36 (KHTML, like Gecko) Chrome/137.0.7151.103 Mobile Safari/537.36 (compatible; Googlebot/2.1; +http://www.google.com/bot.html)"
66.249.65.35 - - [12/Jul/2025:16:18:03 +0000] "POST /get-message-notify HTTP/1.1" 200 21866 "https://kraft-court.cafe/?x=47422131051800&mod=0589dd53&uri=article.php%3Fid%3D1582589-931%26name%3Dall+black+adidas+deerupt" "Mozilla/5.0 (Linux; Android 6.0.1; Nexus 5X Build/MMB29P) AppleWebKit/537.36 (KHTML, like Gecko) Chrome/137.0.7151.119 Mobile Safari/537.36 (compatible; Googlebot/2.1; +http://www.google.com/bot.html)"
66.249.65.36 - - [12/Jul/2025:16:18:10 +0000] "GET /?x=34570489011800&mod=ad68473a&uri=category-info.php%3Fid%3D1153847-407%26name%3Dlong+sleeve+crop+top+sweatshirt HTTP/1.1" 200 22340 "-" "Mozilla/5.0 (Linux; Android 6.0.1; Nexus 5X Build/MMB29P) AppleWebKit/537.36 (KHTML, like Gecko) Chrome/137.0.7151.103 Mobile Safari/537.36 (compatible; Googlebot/2.1; +http://www.google.com/bot.html)"
66.249.65.35 - - [12/Jul/2025:16:18:29 +0000] "GET /?x=5883185061800&mod=29921001&uri=shop.php%3Fid%3D196464-155%26name%3Dcelestion+speakers+for+fender+twin HTTP/1.1" 200 22366 "-" "Mozilla/5.0 (Linux; Android 6.0.1; Nexus 5X Build/MMB29P) AppleWebKit/537.36 (KHTML, like Gecko) Chrome/137.0.7151.103 Mobile Safari/537.36 (compatible; Googlebot/2.1; +http://www.google.com/bot.html)"
66.249.65.35 - - [12/Jul/2025:16:18:33 +0000] "POST /get-message-notify HTTP/1.1" 200 21867 "https://kraft-court.cafe/?x=5883185061800&mod=29921001&uri=shop.php%3Fid%3D196464-155%26name%3Dcelestion+speakers+for+fender+twin" "Mozilla/5.0 (Linux; Android 6.0.1; Nexus 5X Build/MMB29P) AppleWebKit/537.36 (KHTML, like Gecko) Chrome/137.0.7151.119 Mobile Safari/537.36 (compatible; Googlebot/2.1; +http://www.google.com/bot.html)"
66.249.65.35 - - [12/Jul/2025:16:18:46 +0000] "GET /?x=34785889001800&mod=4d6da0c3&uri=pin.php%3Fid%3D1161034-941%26name%3Dcriminal+minds+online+free HTTP/1.1" 200 22206 "-" "Mozilla/5.0 (Linux; Android 6.0.1; Nexus 5X Build/MMB29P) AppleWebKit/537.36 (KHTML, like Gecko) Chrome/137.0.7151.103 Mobile Safari/537.36 (compatible; Googlebot/2.1; +http://www.google.com/bot.html)"
66.249.65.35 - - [12/Jul/2025:16:19:32 +0000] "GET /?x=5734036091800&mod=333cb763&uri=brands.php%3Fid%3D191487-334%26name%3Dnaagin+in+voot+app HTTP/1.1" 200 21653 "-" "Mozilla/5.0 (Linux; Android 6.0.1; Nexus 5X Build/MMB29P) AppleWebKit/537.36 (KHTML, like Gecko) Chrome/137.0.7151.103 Mobile Safari/537.36 (compatible; Googlebot/2.1; +http://www.google.com/bot.html)"
66.249.65.37 - - [12/Jul/2025:16:20:04 +0000] "GET /?x=6056255001800&mod=b071cfa8&uri=brands.php%3Fid%3D202240-347%26name%3Dsweat+bts+femme HTTP/1.1" 200 21816 "-" "Mozilla/5.0 (Linux; Android 6.0.1; Nexus 5X Build/MMB29P) AppleWebKit/537.36 (KHTML, like Gecko) Chrome/137.0.7151.103 Mobile Safari/537.36 (compatible; Googlebot/2.1; +http://www.google.com/bot.html)"
66.249.65.35 - - [12/Jul/2025:16:20:06 +0000] "POST /get-message-notify HTTP/1.1" 200 21859 "https://kraft-court.cafe/?x=6056255001800&mod=b071cfa8&uri=brands.php%3Fid%3D202240-347%26name%3Dsweat+bts+femme" "Mozilla/5.0 AppleWebKit/537.36 (KHTML, like Gecko; compatible; Googlebot/2.1; +http://www.google.com/bot.html) Chrome/137.0.7151.119 Safari/537.36"
66.249.65.36 - - [12/Jul/2025:16:20:11 +0000] "GET /?x=5744847061800&mod=97108695&uri=form.php%3Fid%3D191848-335%26name%3Dcan+switch+lite+be+docked HTTP/1.1" 200 22048 "-" "Mozilla/5.0 (Linux; Android 6.0.1; Nexus 5X Build/MMB29P) AppleWebKit/537.36 (KHTML, like Gecko) Chrome/137.0.7151.103 Mobile Safari/537.36 (compatible; Googlebot/2.1; +http://www.google.com/bot.html)"
66.249.65.35 - - [12/Jul/2025:16:20:22 +0000] "POST /get-message-notify HTTP/1.1" 200 21870 "https://kraft-court.cafe/?x=99282681071800&mod=29921001&uri=category-info.php%3Fid%3D3313317-155%26name%3Dlink+pandora+to+google+home" "Mozilla/5.0 (Linux; Android 6.0.1; Nexus 5X Build/MMB29P) AppleWebKit/537.36 (KHTML, like Gecko) Chrome/137.0.7151.119 Mobile Safari/537.36 (compatible; Googlebot/2.1; +http://www.google.com/bot.html)"
66.249.65.35 - - [12/Jul/2025:16:20:39 +0000] "GET /?x=21537971021800&mod=d594b1a9&uri=products.php%3Fid%3D718926-341%26name%3Dcortes+extravagantes+para+hombres HTTP/1.1" 200 21532 "-" "Mozilla/5.0 (Linux; Android 6.0.1; Nexus 5X Build/MMB29P) AppleWebKit/537.36 (KHTML, like Gecko) Chrome/137.0.7151.103 Mobile Safari/537.36 (compatible; Googlebot/2.1; +http://www.google.com/bot.html)"
66.249.65.35 - - [12/Jul/2025:16:20:43 +0000] "POST /get-message-notify HTTP/1.1" 200 21844 "https://kraft-court.cafe/?x=21537971021800&mod=d594b1a9&uri=products.php%3Fid%3D718926-341%26name%3Dcortes+extravagantes+para+hombres" "Mozilla/5.0 (Linux; Android 6.0.1; Nexus 5X Build/MMB29P) AppleWebKit/537.36 (KHTML, like Gecko) Chrome/137.0.7151.119 Mobile Safari/537.36 (compatible; Googlebot/2.1; +http://www.google.com/bot.html)"
66.249.65.35 - - [12/Jul/2025:16:20:46 +0000] "GET /?x=5940491101800&mod=c5bbd980&uri=itm.php%3Fid%3D198375-344%26name%3Dsize+12+in+eu HTTP/1.1" 200 21144 "-" "Mozilla/5.0 (Linux; Android 6.0.1; Nexus 5X Build/MMB29P) AppleWebKit/537.36 (KHTML, like Gecko) Chrome/137.0.7151.103 Mobile Safari/537.36 (compatible; Googlebot/2.1; +http://www.google.com/bot.html)"
66.249.65.35 - - [12/Jul/2025:16:21:05 +0000] "GET /?x=5780725021800&mod=a8849b05&uri=dp.php%3Fid%3D193044-57%26name%3Ddearear HTTP/1.1" 200 22080 "-" "Mozilla/5.0 (Linux; Android 6.0.1; Nexus 5X Build/MMB29P) AppleWebKit/537.36 (KHTML, like Gecko) Chrome/137.0.7151.103 Mobile Safari/537.36 (compatible; Googlebot/2.1; +http://www.google.com/bot.html)"
66.249.65.36 - - [12/Jul/2025:16:21:11 +0000] "GET /?x=43367020001800&mod=a8849b05&uri=products.php%3Fid%3D1447310-57%26name%3Djbl+headset+best+buy HTTP/1.1" 200 22177 "-" "Mozilla/5.0 (Linux; Android 6.0.1; Nexus 5X Build/MMB29P) AppleWebKit/537.36 (KHTML, like Gecko) Chrome/137.0.7151.103 Mobile Safari/537.36 (compatible; Googlebot/2.1; +http://www.google.com/bot.html)"
66.249.65.35 - - [12/Jul/2025:16:21:12 +0000] "POST /get-message-notify HTTP/1.1" 200 21857 "https://kraft-court.cafe/?x=5780725021800&mod=a8849b05&uri=dp.php%3Fid%3D193044-57%26name%3Ddearear" "Mozilla/5.0 (Linux; Android 6.0.1; Nexus 5X Build/MMB29P) AppleWebKit/537.36 (KHTML, like Gecko) Chrome/137.0.7151.119 Mobile Safari/537.36 (compatible; Googlebot/2.1; +http://www.google.com/bot.html)"
66.249.65.35 - - [12/Jul/2025:16:21:38 +0000] "POST /get-message-notify HTTP/1.1" 200 21868 "https://kraft-court.cafe/?x=5940491101800&mod=c5bbd980&uri=itm.php%3Fid%3D198375-344%26name%3Dsize+12+in+eu" "Mozilla/5.0 (Linux; Android 6.0.1; Nexus 5X Build/MMB29P) AppleWebKit/537.36 (KHTML, like Gecko) Chrome/137.0.7151.119 Mobile Safari/537.36 (compatible; Googlebot/2.1; +http://www.google.com/bot.html)"
66.249.65.35 - - [12/Jul/2025:16:21:45 +0000] "GET /?x=102317627021800&mod=2de7cf20&uri=itm.php%3Fid%3D3414630-333%26name%3Dgold+hoop+earrings+with+gemstones HTTP/1.1" 200 22061 "-" "Mozilla/5.0 (Linux; Android 6.0.1; Nexus 5X Build/MMB29P) AppleWebKit/537.36 (KHTML, like Gecko) Chrome/137.0.7151.103 Mobile Safari/537.36 (compatible; Googlebot/2.1; +http://www.google.com/bot.html)"
66.249.65.35 - - [12/Jul/2025:16:21:47 +0000] "POST /get-message-notify HTTP/1.1" 200 21863 "https://kraft-court.cafe/?x=102317627021800&mod=2de7cf20&uri=itm.php%3Fid%3D3414630-333%26name%3Dgold+hoop+earrings+with+gemstones" "Mozilla/5.0 (Linux; Android 6.0.1; Nexus 5X Build/MMB29P) AppleWebKit/537.36 (KHTML, like Gecko) Chrome/137.0.7151.119 Mobile Safari/537.36 (compatible; Googlebot/2.1; +http://www.google.com/bot.html)"
66.249.65.35 - - [12/Jul/2025:16:21:56 +0000] "POST /get-message-notify HTTP/1.1" 200 21864 "https://kraft-court.cafe/?x=43367020001800&mod=a8849b05&uri=products.php%3Fid%3D1447310-57%26name%3Djbl+headset+best+buy" "Mozilla/5.0 (Linux; Android 6.0.1; Nexus 5X Build/MMB29P) AppleWebKit/537.36 (KHTML, like Gecko) Chrome/137.0.7151.119 Mobile Safari/537.36 (compatible; Googlebot/2.1; +http://www.google.com/bot.html)"
66.249.65.37 - - [12/Jul/2025:16:22:17 +0000] "GET /?x=6014139011800&mod=c4b43ae0&uri=product.php%3Fid%3D200834-330%26name%3Dberkley+ribbon+tail+grub HTTP/1.1" 200 22496 "-" "Mozilla/5.0 (Linux; Android 6.0.1; Nexus 5X Build/MMB29P) AppleWebKit/537.36 (KHTML, like Gecko) Chrome/137.0.7151.103 Mobile Safari/537.36 (compatible; Googlebot/2.1; +http://www.google.com/bot.html)"
66.249.65.36 - - [12/Jul/2025:16:22:26 +0000] "GET /?x=5702637051800&mod=2de7cf20&uri=product.php%3Fid%3D190409-333%26name%3Dnavajo+turquoise+watch+band HTTP/1.1" 200 21416 "-" "Mozilla/5.0 (Linux; Android 6.0.1; Nexus 5X Build/MMB29P) AppleWebKit/537.36 (KHTML, like Gecko) Chrome/137.0.7151.103 Mobile Safari/537.36 (compatible; Googlebot/2.1; +http://www.google.com/bot.html)"
66.249.65.36 - - [12/Jul/2025:16:22:22 +0000] "GET /?x=77835003021800&mod=76460865&uri=goods.php%3Fid%3D2597444-986%26name%3Dsapphire+radeon+r9+390+nitro HTTP/1.1" 200 21962 "-" "Mozilla/5.0 (Linux; Android 6.0.1; Nexus 5X Build/MMB29P) AppleWebKit/537.36 (KHTML, like Gecko) Chrome/137.0.7151.103 Mobile Safari/537.36 (compatible; Googlebot/2.1; +http://www.google.com/bot.html)"
66.249.65.35 - - [12/Jul/2025:16:22:53 +0000] "GET /?x=5696217031800&mod=2de7cf20&uri=pin.php%3Fid%3D190195-333%26name%3Dgold+and+platinum+kada HTTP/1.1" 200 21630 "-" "Mozilla/5.0 (Linux; Android 6.0.1; Nexus 5X Build/MMB29P) AppleWebKit/537.36 (KHTML, like Gecko) Chrome/137.0.7151.103 Mobile Safari/537.36 (compatible; Googlebot/2.1; +http://www.google.com/bot.html)"
66.249.65.35 - - [12/Jul/2025:16:23:02 +0000] "GET /?x=6082561091800&mod=fd9dcf1d&uri=itm.php%3Fid%3D203119-349%26name%3Dcollier+coeur+rose+swarovski HTTP/1.1" 200 21503 "-" "Mozilla/5.0 (Linux; Android 6.0.1; Nexus 5X Build/MMB29P) AppleWebKit/537.36 (KHTML, like Gecko) Chrome/137.0.7151.103 Mobile Safari/537.36 (compatible; Googlebot/2.1; +http://www.google.com/bot.html)"
66.249.65.37 - - [12/Jul/2025:16:23:02 +0000] "GET /?x=34572019021800&mod=ad68473a&uri=brands.php%3Fid%3D1153898-407%26name%3Dsweatshirt+sweater HTTP/1.1" 200 22380 "-" "Mozilla/5.0 (Linux; Android 6.0.1; Nexus 5X Build/MMB29P) AppleWebKit/537.36 (KHTML, like Gecko) Chrome/137.0.7151.103 Mobile Safari/537.36 (compatible; Googlebot/2.1; +http://www.google.com/bot.html)"
66.249.65.35 - - [12/Jul/2025:16:23:32 +0000] "GET /?x=5922701031800&mod=f34185c4&uri=category-info.php%3Fid%3D197782-343%26name%3Dproject+62+outdoor+furniture HTTP/1.1" 200 22417 "-" "Mozilla/5.0 (Linux; Android 6.0.1; Nexus 5X Build/MMB29P) AppleWebKit/537.36 (KHTML, like Gecko) Chrome/137.0.7151.103 Mobile Safari/537.36 (compatible; Googlebot/2.1; +http://www.google.com/bot.html)"
66.249.65.37 - - [12/Jul/2025:16:24:00 +0000] "GET /?x=5568994031800&mod=fa84632d&uri=search.php%3Fid%3D185913-329%26name%3Dmango+fur+coat HTTP/1.1" 200 22299 "-" "Mozilla/5.0 (Linux; Android 6.0.1; Nexus 5X Build/MMB29P) AppleWebKit/537.36 (KHTML, like Gecko) Chrome/137.0.7151.103 Mobile Safari/537.36 (compatible; Googlebot/2.1; +http://www.google.com/bot.html)"
66.249.65.36 - - [12/Jul/2025:16:24:41 +0000] "GET /?x=5569294131800&mod=dfa92d8f&uri=category-info.php%3Fid%3D185923-156%26name%3Dwindy+by+fridababy HTTP/1.1" 200 21861 "-" "Mozilla/5.0 (Linux; Android 6.0.1; Nexus 5X Build/MMB29P) AppleWebKit/537.36 (KHTML, like Gecko) Chrome/137.0.7151.103 Mobile Safari/537.36 (compatible; Googlebot/2.1; +http://www.google.com/bot.html)"
66.249.65.37 - - [12/Jul/2025:16:26:13 +0000] "GET /?x=5639342071800&mod=55d99a37&uri=blog.php%3Fid%3D188295-315%26name%3Dalte+uhr+verkaufen HTTP/1.1" 200 21115 "-" "Mozilla/5.0 (Linux; Android 6.0.1; Nexus 5X Build/MMB29P) AppleWebKit/537.36 (KHTML, like Gecko) Chrome/137.0.7151.103 Mobile Safari/537.36 (compatible; Googlebot/2.1; +http://www.google.com/bot.html)"
66.249.65.35 - - [12/Jul/2025:16:26:17 +0000] "POST /get-message-notify HTTP/1.1" 200 21876 "https://kraft-court.cafe/?x=5639342071800&mod=55d99a37&uri=blog.php%3Fid%3D188295-315%26name%3Dalte+uhr+verkaufen" "Mozilla/5.0 (Linux; Android 6.0.1; Nexus 5X Build/MMB29P) AppleWebKit/537.36 (KHTML, like Gecko) Chrome/137.0.7151.119 Mobile Safari/537.36 (compatible; Googlebot/2.1; +http://www.google.com/bot.html)"
66.249.65.35 - - [12/Jul/2025:16:26:56 +0000] "GET /?x=5771067021800&mod=a8849b05&uri=itm.php%3Fid%3D192722-57%26name%3Dsoundcore+life+q10+with+fast+charging+bluetooth+headset HTTP/1.1" 200 22007 "-" "Mozilla/5.0 (Linux; Android 6.0.1; Nexus 5X Build/MMB29P) AppleWebKit/537.36 (KHTML, like Gecko) Chrome/137.0.7151.103 Mobile Safari/537.36 (compatible; Googlebot/2.1; +http://www.google.com/bot.html)"
209.74.77.214 - - [12/Jul/2025:16:27:25 +0000] "POST /wp-cron.php?doing_wp_cron=1752337645.8921198844909667968750 HTTP/1.1" 200 - "-" "WordPress/6.8.1; https://kraft-court.cafe"
51.222.253.12 - - [12/Jul/2025:16:27:25 +0000] "GET /?x=112195594031800&mod=9398a81b&uri=product.php%3Fid%3D3744363-1559%26name%3Dbrooks+fiona+sports+bra HTTP/1.1" 301 - "-" "Mozilla/5.0 (compatible; AhrefsBot/7.0; +http://ahrefs.com/robot/)"
66.249.65.36 - - [12/Jul/2025:16:27:26 +0000] "GET /?x=59569649021800&mod=29921001&uri=shop.php%3Fid%3D1987877-155%26name%3Daudionic+home+theatre HTTP/1.1" 200 22027 "-" "Mozilla/5.0 (Linux; Android 6.0.1; Nexus 5X Build/MMB29P) AppleWebKit/537.36 (KHTML, like Gecko) Chrome/137.0.7151.103 Mobile Safari/537.36 (compatible; Googlebot/2.1; +http://www.google.com/bot.html)"
66.249.65.36 - - [12/Jul/2025:16:27:31 +0000] "GET /?x=6059276031800&mod=fd9dcf1d&uri=blog.php%3Fid%3D202341-349%26name%3Dmedaillon+diamant HTTP/1.1" 200 22202 "-" "Mozilla/5.0 (Linux; Android 6.0.1; Nexus 5X Build/MMB29P) AppleWebKit/537.36 (KHTML, like Gecko) Chrome/137.0.7151.103 Mobile Safari/537.36 (compatible; Googlebot/2.1; +http://www.google.com/bot.html)"
66.249.65.35 - - [12/Jul/2025:16:27:42 +0000] "GET /?x=5654571041800&mod=dc6a7e65&uri=brands.php%3Fid%3D188806-308%26name%3Dsweater+hard+rock+cafe+original HTTP/1.1" 200 21645 "-" "Mozilla/5.0 (Linux; Android 6.0.1; Nexus 5X Build/MMB29P) AppleWebKit/537.36 (KHTML, like Gecko) Chrome/137.0.7151.103 Mobile Safari/537.36 (compatible; Googlebot/2.1; +http://www.google.com/bot.html)"
66.249.65.35 - - [12/Jul/2025:16:27:48 +0000] "GET /?x=5812118031800&mod=165a59f7&uri=shared.php%3Fid%3D194091-336%26name%3Dstampa+borse+online HTTP/1.1" 200 22491 "-" "Mozilla/5.0 (Linux; Android 6.0.1; Nexus 5X Build/MMB29P) AppleWebKit/537.36 (KHTML, like Gecko) Chrome/137.0.7151.103 Mobile Safari/537.36 (compatible; Googlebot/2.1; +http://www.google.com/bot.html)"
66.249.65.35 - - [12/Jul/2025:16:27:54 +0000] "GET /?x=5796398011800&mod=165a59f7&uri=news.php%3Fid%3D193567-336%26name%3Do+bag+a+secchiello HTTP/1.1" 200 21193 "-" "Mozilla/5.0 (Linux; Android 6.0.1; Nexus 5X Build/MMB29P) AppleWebKit/537.36 (KHTML, like Gecko) Chrome/137.0.7151.103 Mobile Safari/537.36 (compatible; Googlebot/2.1; +http://www.google.com/bot.html)"
66.249.65.35 - - [12/Jul/2025:16:28:23 +0000] "GET /?x=5678751041800&mod=dc6a7e65&uri=products.php%3Fid%3D189612-308%26name%3Dcrewneck+xxl HTTP/1.1" 200 21987 "-" "Mozilla/5.0 (Linux; Android 6.0.1; Nexus 5X Build/MMB29P) AppleWebKit/537.36 (KHTML, like Gecko) Chrome/137.0.7151.103 Mobile Safari/537.36 (compatible; Googlebot/2.1; +http://www.google.com/bot.html)"
66.249.65.36 - - [12/Jul/2025:16:29:12 +0000] "GET /?x=5641050041800&mod=55d99a37&uri=article.php%3Fid%3D188352-315%26name%3Dtop+10+uhren+unter+1000+euro HTTP/1.1" 200 22332 "-" "Mozilla/5.0 (Linux; Android 6.0.1; Nexus 5X Build/MMB29P) AppleWebKit/537.36 (KHTML, like Gecko) Chrome/137.0.7151.103 Mobile Safari/537.36 (compatible; Googlebot/2.1; +http://www.google.com/bot.html)"
66.249.65.35 - - [12/Jul/2025:16:29:25 +0000] "GET /?x=5906441001800&mod=29921001&uri=news.php%3Fid%3D197240-155%26name%3Dpure+jongo+t4 HTTP/1.1" 200 22184 "-" "Mozilla/5.0 (Linux; Android 6.0.1; Nexus 5X Build/MMB29P) AppleWebKit/537.36 (KHTML, like Gecko) Chrome/137.0.7151.103 Mobile Safari/537.36 (compatible; Googlebot/2.1; +http://www.google.com/bot.html)"
66.249.65.35 - - [12/Jul/2025:16:29:40 +0000] "POST /get-message-notify HTTP/1.1" 200 21860 "https://kraft-court.cafe/?x=5906441001800&mod=29921001&uri=news.php%3Fid%3D197240-155%26name%3Dpure+jongo+t4" "Mozilla/5.0 (Linux; Android 6.0.1; Nexus 5X Build/MMB29P) AppleWebKit/537.36 (KHTML, like Gecko) Chrome/137.0.7151.119 Mobile Safari/537.36 (compatible; Googlebot/2.1; +http://www.google.com/bot.html)"
66.249.65.35 - - [12/Jul/2025:16:29:52 +0000] "POST /get-message-notify HTTP/1.1" 200 21867 "https://kraft-court.cafe/?x=5641050041800&mod=55d99a37&uri=article.php%3Fid%3D188352-315%26name%3Dtop+10+uhren+unter+1000+euro" "Mozilla/5.0 (Linux; Android 6.0.1; Nexus 5X Build/MMB29P) AppleWebKit/537.36 (KHTML, like Gecko) Chrome/137.0.7151.119 Mobile Safari/537.36 (compatible; Googlebot/2.1; +http://www.google.com/bot.html)"
66.249.65.37 - - [12/Jul/2025:16:31:17 +0000] "GET /?x=110603108111800&mod=2de7cf20&uri=product.php%3Fid%3D3691179-333%26name%3Dgold+snake+cuff+bracelet HTTP/1.1" 200 22010 "-" "Mozilla/5.0 (Linux; Android 6.0.1; Nexus 5X Build/MMB29P) AppleWebKit/537.36 (KHTML, like Gecko) Chrome/137.0.7151.103 Mobile Safari/537.36 (compatible; Googlebot/2.1; +http://www.google.com/bot.html)"
66.249.65.35 - - [12/Jul/2025:16:31:27 +0000] "GET /?x=5845431101800&mod=384babc3&uri=pin.php%3Fid%3D195203-339%26name%3Dkenzo+que+significa+in+italiano HTTP/1.1" 200 20246 "-" "Mozilla/5.0 (Linux; Android 6.0.1; Nexus 5X Build/MMB29P) AppleWebKit/537.36 (KHTML, like Gecko) Chrome/137.0.7151.103 Mobile Safari/537.36 (compatible; Googlebot/2.1; +http://www.google.com/bot.html)"
66.249.65.36 - - [12/Jul/2025:16:31:29 +0000] "GET /?x=5833854001800&mod=384babc3&uri=product.php%3Fid%3D194817-339%26name%3Dzapatos+skechers+mujer+en+valencia+mercado+libre HTTP/1.1" 200 21778 "-" "Mozilla/5.0 (Linux; Android 6.0.1; Nexus 5X Build/MMB29P) AppleWebKit/537.36 (KHTML, like Gecko) Chrome/137.0.7151.103 Mobile Safari/537.36 (compatible; Googlebot/2.1; +http://www.google.com/bot.html)"
66.249.65.35 - - [12/Jul/2025:16:31:29 +0000] "POST /get-message-notify HTTP/1.1" 200 21855 "https://kraft-court.cafe/?x=5845431101800&mod=384babc3&uri=pin.php%3Fid%3D195203-339%26name%3Dkenzo+que+significa+in+italiano" "Mozilla/5.0 (Linux; Android 6.0.1; Nexus 5X Build/MMB29P) AppleWebKit/537.36 (KHTML, like Gecko) Chrome/137.0.7151.119 Mobile Safari/537.36 (compatible; Googlebot/2.1; +http://www.google.com/bot.html)"
66.249.65.35 - - [12/Jul/2025:16:31:33 +0000] "POST /get-message-notify HTTP/1.1" 200 21859 "https://kraft-court.cafe/?x=5833854001800&mod=384babc3&uri=product.php%3Fid%3D194817-339%26name%3Dzapatos+skechers+mujer+en+valencia+mercado+libre" "Mozilla/5.0 (Linux; Android 6.0.1; Nexus 5X Build/MMB29P) AppleWebKit/537.36 (KHTML, like Gecko) Chrome/137.0.7151.119 Mobile Safari/537.36 (compatible; Googlebot/2.1; +http://www.google.com/bot.html)"
66.249.65.37 - - [12/Jul/2025:16:32:00 +0000] "GET /?x=119798122031800&mod=a51fb975&uri=search.php%3Fid%3D3998027-129%26name%3Doneplus+7t+battery+change HTTP/1.1" 200 21054 "-" "Mozilla/5.0 (Linux; Android 6.0.1; Nexus 5X Build/MMB29P) AppleWebKit/537.36 (KHTML, like Gecko) Chrome/137.0.7151.103 Mobile Safari/537.36 (compatible; Googlebot/2.1; +http://www.google.com/bot.html)"
66.249.65.35 - - [12/Jul/2025:16:32:49 +0000] "GET /?x=5892474041800&mod=29921001&uri=us.php%3Fid%3D196774-155%26name%3Dpolk+audio+signature+s55e HTTP/1.1" 200 21934 "-" "Mozilla/5.0 (Linux; Android 6.0.1; Nexus 5X Build/MMB29P) AppleWebKit/537.36 (KHTML, like Gecko) Chrome/137.0.7151.103 Mobile Safari/537.36 (compatible; Googlebot/2.1; +http://www.google.com/bot.html)"
66.249.65.35 - - [12/Jul/2025:16:32:49 +0000] "GET /?x=5678031001800&mod=dc6a7e65&uri=search.php%3Fid%3D189588-308%26name%3Dcoach+basquiat+sweatshirt HTTP/1.1" 200 22137 "-" "Mozilla/5.0 (Linux; Android 6.0.1; Nexus 5X Build/MMB29P) AppleWebKit/537.36 (KHTML, like Gecko) Chrome/137.0.7151.103 Mobile Safari/537.36 (compatible; Googlebot/2.1; +http://www.google.com/bot.html)"
