66.249.65.35 - - [12/Jul/2025:17:15:56 +0000] "GET /?x=5818999051800&mod=165a59f7&uri=goods.php%3Fid%3D194321-336%26name%3Dtutorial+borse+uncinetto+facili HTTP/1.1" 200 21946 "-" "Mozilla/5.0 (Linux; Android 6.0.1; Nexus 5X Build/MMB29P) AppleWebKit/537.36 (KHTML, like Gecko) Chrome/137.0.7151.103 Mobile Safari/537.36 (compatible; Googlebot/2.1; +http://www.google.com/bot.html)"
66.249.65.35 - - [12/Jul/2025:17:16:14 +0000] "GET /?x=38341145061800&mod=dc6a7e65&uri=article.php%3Fid%3D1279648-308%26name%3Dhelly+hansen+men%27s+jasper+parka+jacket HTTP/1.1" 200 22022 "-" "Mozilla/5.0 (Linux; Android 6.0.1; Nexus 5X Build/MMB29P) AppleWebKit/537.36 (KHTML, like Gecko) Chrome/137.0.7151.103 Mobile Safari/537.36 (compatible; Googlebot/2.1; +http://www.google.com/bot.html)"
66.249.65.36 - - [12/Jul/2025:17:16:15 +0000] "GET /?x=34722397021800&mod=e3019767&uri=form.php%3Fid%3D1158914-712%26name%3Dmotorola+pulse+escape+equalizer HTTP/1.1" 200 22204 "-" "Mozilla/5.0 (Linux; Android 6.0.1; Nexus 5X Build/MMB29P) AppleWebKit/537.36 (KHTML, like Gecko) Chrome/137.0.7151.103 Mobile Safari/537.36 (compatible; Googlebot/2.1; +http://www.google.com/bot.html)"
66.249.65.35 - - [12/Jul/2025:17:16:17 +0000] "GET /?x=34569829031800&mod=73c14008&uri=search.php%3Fid%3D1153825-408%26name%3Dfunnel+neck+zip+up+sweatshirt HTTP/1.1" 200 22144 "-" "Mozilla/5.0 (Linux; Android 6.0.1; Nexus 5X Build/MMB29P) AppleWebKit/537.36 (KHTML, like Gecko) Chrome/137.0.7151.103 Mobile Safari/537.36 (compatible; Googlebot/2.1; +http://www.google.com/bot.html)"
66.249.65.36 - - [12/Jul/2025:17:16:27 +0000] "POST /get-message-notify HTTP/1.1" 200 21861 "https://kraft-court.cafe/?x=34569829031800&mod=73c14008&uri=search.php%3Fid%3D1153825-408%26name%3Dfunnel+neck+zip+up+sweatshirt" "Mozilla/5.0 (Linux; Android 6.0.1; Nexus 5X Build/MMB29P) AppleWebKit/537.36 (KHTML, like Gecko) Chrome/137.0.7151.119 Mobile Safari/537.36 (compatible; Googlebot/2.1; +http://www.google.com/bot.html)"
66.249.65.36 - - [12/Jul/2025:17:16:27 +0000] "POST /get-message-notify HTTP/1.1" 200 21864 "https://kraft-court.cafe/?x=38341145061800&mod=dc6a7e65&uri=article.php%3Fid%3D1279648-308%26name%3Dhelly+hansen+men%27s+jasper+parka+jacket" "Mozilla/5.0 (Linux; Android 6.0.1; Nexus 5X Build/MMB29P) AppleWebKit/537.36 (KHTML, like Gecko) Chrome/137.0.7151.119 Mobile Safari/537.36 (compatible; Googlebot/2.1; +http://www.google.com/bot.html)"
66.249.65.35 - - [12/Jul/2025:17:16:32 +0000] "GET /?x=5717029041800&mod=333cb763&uri=article.php%3Fid%3D190902-334%26name%3Djodha+akbar+zee5+hindi HTTP/1.1" 200 22395 "-" "Mozilla/5.0 (Linux; Android 6.0.1; Nexus 5X Build/MMB29P) AppleWebKit/537.36 (KHTML, like Gecko) Chrome/137.0.7151.103 Mobile Safari/537.36 (compatible; Googlebot/2.1; +http://www.google.com/bot.html)"
66.249.65.35 - - [12/Jul/2025:17:16:54 +0000] "GET /?x=5696127041800&mod=2de7cf20&uri=info.php%3Fid%3D190192-333%26name%3Dkay+couples+necklace HTTP/1.1" 200 21927 "-" "Mozilla/5.0 (Linux; Android 6.0.1; Nexus 5X Build/MMB29P) AppleWebKit/537.36 (KHTML, like Gecko) Chrome/137.0.7151.103 Mobile Safari/537.36 (compatible; Googlebot/2.1; +http://www.google.com/bot.html)"
66.249.65.35 - - [12/Jul/2025:17:17:20 +0000] "GET /?x=47534890021800&mod=0d2922ee&uri=goods.php%3Fid%3D1586352-1246%26name%3Dcheap+fur+fabric HTTP/1.1" 200 21631 "-" "Mozilla/5.0 (Linux; Android 6.0.1; Nexus 5X Build/MMB29P) AppleWebKit/537.36 (KHTML, like Gecko) Chrome/137.0.7151.103 Mobile Safari/537.36 (compatible; Googlebot/2.1; +http://www.google.com/bot.html)"
66.249.65.36 - - [12/Jul/2025:17:17:24 +0000] "POST /get-message-notify HTTP/1.1" 200 21845 "https://kraft-court.cafe/?x=47534890021800&mod=0d2922ee&uri=goods.php%3Fid%3D1586352-1246%26name%3Dcheap+fur+fabric" "Mozilla/5.0 (Linux; Android 6.0.1; Nexus 5X Build/MMB29P) AppleWebKit/537.36 (KHTML, like Gecko) Chrome/137.0.7151.119 Mobile Safari/537.36 (compatible; Googlebot/2.1; +http://www.google.com/bot.html)"
66.249.65.35 - - [12/Jul/2025:17:17:35 +0000] "GET /?x=5769207041800&mod=a8849b05&uri=us.php%3Fid%3D192660-57%26name%3Dhd+450bt+anc HTTP/1.1" 200 21792 "-" "Mozilla/5.0 (Linux; Android 6.0.1; Nexus 5X Build/MMB29P) AppleWebKit/537.36 (KHTML, like Gecko) Chrome/137.0.7151.103 Mobile Safari/537.36 (compatible; Googlebot/2.1; +http://www.google.com/bot.html)"
66.249.65.36 - - [12/Jul/2025:17:17:35 +0000] "GET /?x=5764047021800&mod=97108695&uri=goods.php%3Fid%3D192488-335%26name%3Dswitch+lite+tpu+case HTTP/1.1" 200 21464 "-" "Mozilla/5.0 (Linux; Android 6.0.1; Nexus 5X Build/MMB29P) AppleWebKit/537.36 (KHTML, like Gecko) Chrome/137.0.7151.103 Mobile Safari/537.36 (compatible; Googlebot/2.1; +http://www.google.com/bot.html)"
66.249.65.35 - - [12/Jul/2025:17:17:44 +0000] "POST /get-message-notify HTTP/1.1" 200 21872 "https://kraft-court.cafe/?x=5764047021800&mod=97108695&uri=goods.php%3Fid%3D192488-335%26name%3Dswitch+lite+tpu+case" "Mozilla/5.0 (Linux; Android 6.0.1; Nexus 5X Build/MMB29P) AppleWebKit/537.36 (KHTML, like Gecko) Chrome/137.0.7151.119 Mobile Safari/537.36 (compatible; Googlebot/2.1; +http://www.google.com/bot.html)"
66.249.65.35 - - [12/Jul/2025:17:17:48 +0000] "GET /?x=34711348071800&mod=e3019767&uri=pin.php%3Fid%3D1158545-712%26name%3Dmanos+libres+xiaomi+redmi+note+pro HTTP/1.1" 200 21040 "-" "Mozilla/5.0 (Linux; Android 6.0.1; Nexus 5X Build/MMB29P) AppleWebKit/537.36 (KHTML, like Gecko) Chrome/137.0.7151.103 Mobile Safari/537.36 (compatible; Googlebot/2.1; +http://www.google.com/bot.html)"
66.249.65.36 - - [12/Jul/2025:17:18:03 +0000] "GET /?x=5637207071800&mod=55d99a37&uri=news.php%3Fid%3D188223-315%26name%3Duhrenarmband+metall+milanaise HTTP/1.1" 200 20612 "-" "Mozilla/5.0 (Linux; Android 6.0.1; Nexus 5X Build/MMB29P) AppleWebKit/537.36 (KHTML, like Gecko) Chrome/137.0.7151.103 Mobile Safari/537.36 (compatible; Googlebot/2.1; +http://www.google.com/bot.html)"
66.249.65.35 - - [12/Jul/2025:17:18:19 +0000] "GET /?x=6586105021800&mod=dfa92d8f&uri=news.php%3Fid%3D219967-156%26name%3Dtiny+buds+wipes HTTP/1.1" 200 22236 "-" "Mozilla/5.0 (Linux; Android 6.0.1; Nexus 5X Build/MMB29P) AppleWebKit/537.36 (KHTML, like Gecko) Chrome/137.0.7151.103 Mobile Safari/537.36 (compatible; Googlebot/2.1; +http://www.google.com/bot.html)"
66.249.65.35 - - [12/Jul/2025:17:18:23 +0000] "GET /?x=5727928001800&mod=333cb763&uri=article.php%3Fid%3D191280-334%26name%3Dgem+cbc+coronation+street HTTP/1.1" 200 21837 "-" "Mozilla/5.0 (Linux; Android 6.0.1; Nexus 5X Build/MMB29P) AppleWebKit/537.36 (KHTML, like Gecko) Chrome/137.0.7151.103 Mobile Safari/537.36 (compatible; Googlebot/2.1; +http://www.google.com/bot.html)"
66.249.65.35 - - [12/Jul/2025:17:18:27 +0000] "GET /?x=5974010091800&mod=e3ea3396&uri=category-info.php%3Fid%3D199493-345%26name%3Dmango+vestido+sudadera HTTP/1.1" 200 21190 "-" "Mozilla/5.0 (Linux; Android 6.0.1; Nexus 5X Build/MMB29P) AppleWebKit/537.36 (KHTML, like Gecko) Chrome/137.0.7151.103 Mobile Safari/537.36 (compatible; Googlebot/2.1; +http://www.google.com/bot.html)"
66.249.65.35 - - [12/Jul/2025:17:18:36 +0000] "GET /?x=5802098001800&mod=165a59f7&uri=brands.php%3Fid%3D193757-336%26name%3Dschemi+gratis+borse+uncinetto HTTP/1.1" 200 22117 "-" "Mozilla/5.0 (Linux; Android 6.0.1; Nexus 5X Build/MMB29P) AppleWebKit/537.36 (KHTML, like Gecko) Chrome/137.0.7151.103 Mobile Safari/537.36 (compatible; Googlebot/2.1; +http://www.google.com/bot.html)"
209.74.77.214 - - [12/Jul/2025:17:18:38 +0000] "POST /wp-cron.php?doing_wp_cron=1752340718.7666199207305908203125 HTTP/1.1" 200 - "-" "WordPress/6.8.1; https://kraft-court.cafe"
51.222.253.13 - - [12/Jul/2025:17:18:38 +0000] "GET /?x=30093677031800&mod=05311655&uri=products.php%3Fid%3D1004440-133%26name%3Dtitan+showroom+in+vidyaranyapura HTTP/1.1" 301 - "-" "Mozilla/5.0 (compatible; AhrefsBot/7.0; +http://ahrefs.com/robot/)"
66.249.65.35 - - [12/Jul/2025:17:18:43 +0000] "GET /?x=5838741061800&mod=384babc3&uri=article.php%3Fid%3D194980-339%26name%3Dnike+odyssey+react+flyknit+size HTTP/1.1" 200 21433 "-" "Mozilla/5.0 (Linux; Android 6.0.1; Nexus 5X Build/MMB29P) AppleWebKit/537.36 (KHTML, like Gecko) Chrome/137.0.7151.103 Mobile Safari/537.36 (compatible; Googlebot/2.1; +http://www.google.com/bot.html)"
66.249.65.35 - - [12/Jul/2025:17:18:47 +0000] "GET /?x=5902961021800&mod=29921001&uri=dp.php%3Fid%3D197124-155%26name%3Dpolk+audio+sc60 HTTP/1.1" 200 21857 "-" "Mozilla/5.0 (Linux; Android 6.0.1; Nexus 5X Build/MMB29P) AppleWebKit/537.36 (KHTML, like Gecko) Chrome/137.0.7151.103 Mobile Safari/537.36 (compatible; Googlebot/2.1; +http://www.google.com/bot.html)"
66.249.65.35 - - [12/Jul/2025:17:18:53 +0000] "POST /get-message-notify HTTP/1.1" 200 21862 "https://kraft-court.cafe/?x=5838741061800&mod=384babc3&uri=article.php%3Fid%3D194980-339%26name%3Dnike+odyssey+react+flyknit+size" "Mozilla/5.0 (Linux; Android 6.0.1; Nexus 5X Build/MMB29P) AppleWebKit/537.36 (KHTML, like Gecko) Chrome/137.0.7151.119 Mobile Safari/537.36 (compatible; Googlebot/2.1; +http://www.google.com/bot.html)"
66.249.65.37 - - [12/Jul/2025:17:19:06 +0000] "GET /?x=5681061011800&mod=dc6a7e65&uri=search.php%3Fid%3D189689-308%26name%3Dfitted+hoodies+womens HTTP/1.1" 200 22086 "-" "Mozilla/5.0 (Linux; Android 6.0.1; Nexus 5X Build/MMB29P) AppleWebKit/537.36 (KHTML, like Gecko) Chrome/137.0.7151.103 Mobile Safari/537.36 (compatible; Googlebot/2.1; +http://www.google.com/bot.html)"
66.249.65.36 - - [12/Jul/2025:17:19:17 +0000] "GET /?x=5721713001800&mod=333cb763&uri=shop.php%3Fid%3D191064-334%26name%3Dlalbazaar+2021+s01 HTTP/1.1" 200 22396 "-" "Mozilla/5.0 (Linux; Android 6.0.1; Nexus 5X Build/MMB29P) AppleWebKit/537.36 (KHTML, like Gecko) Chrome/137.0.7151.103 Mobile Safari/537.36 (compatible; Googlebot/2.1; +http://www.google.com/bot.html)"
66.249.65.36 - - [12/Jul/2025:17:19:20 +0000] "POST /get-message-notify HTTP/1.1" 200 21868 "https://kraft-court.cafe/?x=5721713001800&mod=333cb763&uri=shop.php%3Fid%3D191064-334%26name%3Dlalbazaar+2021+s01" "Mozilla/5.0 AppleWebKit/537.36 (KHTML, like Gecko; compatible; Googlebot/2.1; +http://www.google.com/bot.html) Chrome/137.0.7151.119 Safari/537.36"
66.249.65.35 - - [12/Jul/2025:17:19:30 +0000] "GET /?x=5701107031800&mod=2de7cf20&uri=itm.php%3Fid%3D190358-333%26name%3Dwestfarms+mall+jewelry+stores HTTP/1.1" 200 22012 "-" "Mozilla/5.0 (Linux; Android 6.0.1; Nexus 5X Build/MMB29P) AppleWebKit/537.36 (KHTML, like Gecko) Chrome/137.0.7151.103 Mobile Safari/537.36 (compatible; Googlebot/2.1; +http://www.google.com/bot.html)"
66.249.65.35 - - [12/Jul/2025:17:19:33 +0000] "GET /?x=5818099031800&mod=165a59f7&uri=shop.php%3Fid%3D194291-336%26name%3Dborse+coach+prezzo HTTP/1.1" 200 22218 "-" "Mozilla/5.0 (Linux; Android 6.0.1; Nexus 5X Build/MMB29P) AppleWebKit/537.36 (KHTML, like Gecko) Chrome/137.0.7151.103 Mobile Safari/537.36 (compatible; Googlebot/2.1; +http://www.google.com/bot.html)"
66.249.65.35 - - [12/Jul/2025:17:19:49 +0000] "POST /get-message-notify HTTP/1.1" 200 21865 "https://kraft-court.cafe/?x=5701107031800&mod=2de7cf20&uri=itm.php%3Fid%3D190358-333%26name%3Dwestfarms+mall+jewelry+stores" "Mozilla/5.0 (Linux; Android 6.0.1; Nexus 5X Build/MMB29P) AppleWebKit/537.36 (KHTML, like Gecko) Chrome/137.0.7151.119 Mobile Safari/537.36 (compatible; Googlebot/2.1; +http://www.google.com/bot.html)"
66.249.65.35 - - [12/Jul/2025:17:20:12 +0000] "GET /?x=63021933041800&mod=fa84632d&uri=blog.php%3Fid%3D2103110-329%26name%3Dpink+tartan+pants HTTP/1.1" 200 22323 "-" "Mozilla/5.0 (Linux; Android 6.0.1; Nexus 5X Build/MMB29P) AppleWebKit/537.36 (KHTML, like Gecko) Chrome/137.0.7151.103 Mobile Safari/537.36 (compatible; Googlebot/2.1; +http://www.google.com/bot.html)"
66.249.65.36 - - [12/Jul/2025:17:20:37 +0000] "GET /?x=5940071011800&mod=c5bbd980&uri=news.php%3Fid%3D198361-344%26name%3Dcalzado+andrea+shoes HTTP/1.1" 200 21738 "-" "Mozilla/5.0 (Linux; Android 6.0.1; Nexus 5X Build/MMB29P) AppleWebKit/537.36 (KHTML, like Gecko) Chrome/137.0.7151.103 Mobile Safari/537.36 (compatible; Googlebot/2.1; +http://www.google.com/bot.html)"
66.249.65.35 - - [12/Jul/2025:17:20:37 +0000] "GET /?x=34570249081800&mod=ad68473a&uri=news.php%3Fid%3D1153839-407%26name%3Darsenal+sweater HTTP/1.1" 200 21612 "-" "Mozilla/5.0 (Linux; Android 6.0.1; Nexus 5X Build/MMB29P) AppleWebKit/537.36 (KHTML, like Gecko) Chrome/137.0.7151.103 Mobile Safari/537.36 (compatible; Googlebot/2.1; +http://www.google.com/bot.html)"
66.249.65.35 - - [12/Jul/2025:17:20:40 +0000] "POST /get-message-notify HTTP/1.1" 200 21852 "https://kraft-court.cafe/?x=34570249081800&mod=ad68473a&uri=news.php%3Fid%3D1153839-407%26name%3Darsenal+sweater" "Mozilla/5.0 (Linux; Android 6.0.1; Nexus 5X Build/MMB29P) AppleWebKit/537.36 (KHTML, like Gecko) Chrome/137.0.7151.119 Mobile Safari/537.36 (compatible; Googlebot/2.1; +http://www.google.com/bot.html)"
66.249.65.35 - - [12/Jul/2025:17:20:46 +0000] "GET /?x=5925881061800&mod=4500e403&uri=product.php%3Fid%3D197888-342%26name%3Dremote+control+baby+doll+walker HTTP/1.1" 200 20826 "-" "Mozilla/5.0 (Linux; Android 6.0.1; Nexus 5X Build/MMB29P) AppleWebKit/537.36 (KHTML, like Gecko) Chrome/137.0.7151.103 Mobile Safari/537.36 (compatible; Googlebot/2.1; +http://www.google.com/bot.html)"
66.249.65.35 - - [12/Jul/2025:17:20:51 +0000] "POST /get-message-notify HTTP/1.1" 200 21860 "https://kraft-court.cafe/?x=5925881061800&mod=4500e403&uri=product.php%3Fid%3D197888-342%26name%3Dremote+control+baby+doll+walker" "Mozilla/5.0 (Linux; Android 6.0.1; Nexus 5X Build/MMB29P) AppleWebKit/537.36 (KHTML, like Gecko) Chrome/137.0.7151.119 Mobile Safari/537.36 (compatible; Googlebot/2.1; +http://www.google.com/bot.html)"
66.249.65.35 - - [12/Jul/2025:17:20:55 +0000] "GET /?x=34573279001800&mod=ad68473a&uri=product.php%3Fid%3D1153940-407%26name%3Dkawasaki+sweater HTTP/1.1" 200 21731 "-" "Mozilla/5.0 (Linux; Android 6.0.1; Nexus 5X Build/MMB29P) AppleWebKit/537.36 (KHTML, like Gecko) Chrome/137.0.7151.103 Mobile Safari/537.36 (compatible; Googlebot/2.1; +http://www.google.com/bot.html)"
66.249.65.37 - - [12/Jul/2025:17:21:09 +0000] "GET /?x=5576155091800&mod=831b1ac5&uri=itm.php%3Fid%3D186153-331%26name%3Dsize+14+prada+shoes HTTP/1.1" 200 21363 "-" "Mozilla/5.0 (Linux; Android 6.0.1; Nexus 5X Build/MMB29P) AppleWebKit/537.36 (KHTML, like Gecko) Chrome/137.0.7151.103 Mobile Safari/537.36 (compatible; Googlebot/2.1; +http://www.google.com/bot.html)"
66.249.65.35 - - [12/Jul/2025:17:21:13 +0000] "POST /get-message-notify HTTP/1.1" 200 21864 "https://kraft-court.cafe/?x=34573279001800&mod=ad68473a&uri=product.php%3Fid%3D1153940-407%26name%3Dkawasaki+sweater" "Mozilla/5.0 (Linux; Android 6.0.1; Nexus 5X Build/MMB29P) AppleWebKit/537.36 (KHTML, like Gecko) Chrome/137.0.7151.119 Mobile Safari/537.36 (compatible; Googlebot/2.1; +http://www.google.com/bot.html)"
66.249.65.36 - - [12/Jul/2025:17:21:17 +0000] "GET /?x=5629863001800&mod=55d99a37&uri=category-info.php%3Fid%3D187976-315%26name%3Dcoole+sportuhren HTTP/1.1" 200 21825 "-" "Mozilla/5.0 (Linux; Android 6.0.1; Nexus 5X Build/MMB29P) AppleWebKit/537.36 (KHTML, like Gecko) Chrome/137.0.7151.103 Mobile Safari/537.36 (compatible; Googlebot/2.1; +http://www.google.com/bot.html)"
66.249.65.35 - - [12/Jul/2025:17:21:21 +0000] "GET /?x=5862730061800&mod=d594b1a9&uri=product.php%3Fid%3D195780-341%26name%3Dpicadora+de+hielo+para+granizados HTTP/1.1" 200 22095 "-" "Mozilla/5.0 (Linux; Android 6.0.1; Nexus 5X Build/MMB29P) AppleWebKit/537.36 (KHTML, like Gecko) Chrome/137.0.7151.103 Mobile Safari/537.36 (compatible; Googlebot/2.1; +http://www.google.com/bot.html)"
66.249.65.35 - - [12/Jul/2025:17:21:51 +0000] "GET /?x=5846331021800&mod=734e6bfc&uri=category-info.php%3Fid%3D195233-340%26name%3Dnew+balance+996+de+mujer HTTP/1.1" 200 21112 "-" "Mozilla/5.0 (Linux; Android 6.0.1; Nexus 5X Build/MMB29P) AppleWebKit/537.36 (KHTML, like Gecko) Chrome/137.0.7151.103 Mobile Safari/537.36 (compatible; Googlebot/2.1; +http://www.google.com/bot.html)"
66.249.65.35 - - [12/Jul/2025:17:21:52 +0000] "GET /?x=42940122081800&mod=c4b43ae0&uri=products.php%3Fid%3D1433073-330%26name%3Dbrothers+heating+cooling+and+plumbing HTTP/1.1" 200 21494 "-" "Mozilla/5.0 (Linux; Android 6.0.1; Nexus 5X Build/MMB29P) AppleWebKit/537.36 (KHTML, like Gecko) Chrome/137.0.7151.103 Mobile Safari/537.36 (compatible; Googlebot/2.1; +http://www.google.com/bot.html)"
66.249.65.36 - - [12/Jul/2025:17:22:13 +0000] "GET /?x=5731581111800&mod=333cb763&uri=itm.php%3Fid%3D191404-334%26name%3Dbigg+boss+tellyupdates HTTP/1.1" 200 21309 "-" "Mozilla/5.0 (Linux; Android 6.0.1; Nexus 5X Build/MMB29P) AppleWebKit/537.36 (KHTML, like Gecko) Chrome/137.0.7151.103 Mobile Safari/537.36 (compatible; Googlebot/2.1; +http://www.google.com/bot.html)"
66.249.65.36 - - [12/Jul/2025:17:22:47 +0000] "GET /?x=85519626001800&mod=831b1ac5&uri=search.php%3Fid%3D2853930-331%26name%3Djordan+retro+metallic+purple HTTP/1.1" 200 21996 "-" "Mozilla/5.0 (Linux; Android 6.0.1; Nexus 5X Build/MMB29P) AppleWebKit/537.36 (KHTML, like Gecko) Chrome/137.0.7151.103 Mobile Safari/537.36 (compatible; Googlebot/2.1; +http://www.google.com/bot.html)"
66.249.65.36 - - [12/Jul/2025:17:22:47 +0000] "GET /?x=5947691051800&mod=c5bbd980&uri=form.php%3Fid%3D198615-344%26name%3Dliberty+windsor+black+shoes HTTP/1.1" 200 22097 "-" "Mozilla/5.0 (Linux; Android 6.0.1; Nexus 5X Build/MMB29P) AppleWebKit/537.36 (KHTML, like Gecko) Chrome/137.0.7151.103 Mobile Safari/537.36 (compatible; Googlebot/2.1; +http://www.google.com/bot.html)"
66.249.65.36 - - [12/Jul/2025:17:22:49 +0000] "GET /?x=5781085061800&mod=a8849b05&uri=blog.php%3Fid%3D193056-57%26name%3Dbest+bluetooth+wireless+headphones+under+1000 HTTP/1.1" 200 21616 "-" "Mozilla/5.0 (Linux; Android 6.0.1; Nexus 5X Build/MMB29P) AppleWebKit/537.36 (KHTML, like Gecko) Chrome/137.0.7151.103 Mobile Safari/537.36 (compatible; Googlebot/2.1; +http://www.google.com/bot.html)"
66.249.65.35 - - [12/Jul/2025:17:22:56 +0000] "POST /get-message-notify HTTP/1.1" 200 21865 "https://kraft-court.cafe/?x=5781085061800&mod=a8849b05&uri=blog.php%3Fid%3D193056-57%26name%3Dbest+bluetooth+wireless+headphones+under+1000" "Mozilla/5.0 (Linux; Android 6.0.1; Nexus 5X Build/MMB29P) AppleWebKit/537.36 (KHTML, like Gecko) Chrome/137.0.7151.119 Mobile Safari/537.36 (compatible; Googlebot/2.1; +http://www.google.com/bot.html)"
66.249.65.35 - - [12/Jul/2025:17:22:57 +0000] "GET /?x=47572870041800&mod=5031fe42&uri=form.php%3Fid%3D1587618-1247%26name%3Dwhite+jegging+pants HTTP/1.1" 200 21223 "-" "Mozilla/5.0 (Linux; Android 6.0.1; Nexus 5X Build/MMB29P) AppleWebKit/537.36 (KHTML, like Gecko) Chrome/137.0.7151.103 Mobile Safari/537.36 (compatible; Googlebot/2.1; +http://www.google.com/bot.html)"
66.249.65.35 - - [12/Jul/2025:17:22:58 +0000] "POST /get-message-notify HTTP/1.1" 200 21861 "https://kraft-court.cafe/?x=85519626001800&mod=831b1ac5&uri=search.php%3Fid%3D2853930-331%26name%3Djordan+retro+metallic+purple" "Mozilla/5.0 (Linux; Android 6.0.1; Nexus 5X Build/MMB29P) AppleWebKit/537.36 (KHTML, like Gecko) Chrome/137.0.7151.119 Mobile Safari/537.36 (compatible; Googlebot/2.1; +http://www.google.com/bot.html)"
66.249.65.36 - - [12/Jul/2025:17:23:06 +0000] "GET /?x=5847141061800&mod=384babc3&uri=search.php%3Fid%3D195260-339%26name%3Dadidas+originals+falcon+para+mujer+precios HTTP/1.1" 200 20509 "-" "Mozilla/5.0 (Linux; Android 6.0.1; Nexus 5X Build/MMB29P) AppleWebKit/537.36 (KHTML, like Gecko) Chrome/137.0.7151.103 Mobile Safari/537.36 (compatible; Googlebot/2.1; +http://www.google.com/bot.html)"
66.249.65.36 - - [12/Jul/2025:17:23:29 +0000] "GET /?x=5554144081800&mod=cd3afef9&uri=category-info.php%3Fid%3D185418-220%26name%3Dmens+ski+bibs+clearance HTTP/1.1" 200 21813 "-" "Mozilla/5.0 (Linux; Android 6.0.1; Nexus 5X Build/MMB29P) AppleWebKit/537.36 (KHTML, like Gecko) Chrome/137.0.7151.103 Mobile Safari/537.36 (compatible; Googlebot/2.1; +http://www.google.com/bot.html)"
66.249.65.35 - - [12/Jul/2025:17:23:36 +0000] "GET /?x=5778985121800&mod=a8849b05&uri=product.php%3Fid%3D192986-57%26name%3Djbl+anc+live+headphones HTTP/1.1" 200 22010 "-" "Mozilla/5.0 (Linux; Android 6.0.1; Nexus 5X Build/MMB29P) AppleWebKit/537.36 (KHTML, like Gecko) Chrome/137.0.7151.103 Mobile Safari/537.36 (compatible; Googlebot/2.1; +http://www.google.com/bot.html)"
66.249.65.35 - - [12/Jul/2025:17:23:42 +0000] "GET /?x=34679814021800&mod=5d4a1850&uri=products.php%3Fid%3D1157492-1016%26name%3D4e+waterproof+boots HTTP/1.1" 200 21016 "-" "Mozilla/5.0 (Linux; Android 6.0.1; Nexus 5X Build/MMB29P) AppleWebKit/537.36 (KHTML, like Gecko) Chrome/137.0.7151.103 Mobile Safari/537.36 (compatible; Googlebot/2.1; +http://www.google.com/bot.html)"
66.249.65.35 - - [12/Jul/2025:17:23:51 +0000] "GET /?x=5885225061800&mod=29921001&uri=shop.php%3Fid%3D196532-155%26name%3Dnakamichi+shockwafe+ultra+soundbar HTTP/1.1" 200 21598 "-" "Mozilla/5.0 (Linux; Android 6.0.1; Nexus 5X Build/MMB29P) AppleWebKit/537.36 (KHTML, like Gecko) Chrome/137.0.7151.103 Mobile Safari/537.36 (compatible; Googlebot/2.1; +http://www.google.com/bot.html)"
66.249.65.35 - - [12/Jul/2025:17:24:07 +0000] "GET /?x=5724055031800&mod=333cb763&uri=info.php%3Fid%3D191145-334%26name%3Dcheapest+way+to+watch+got HTTP/1.1" 200 22472 "-" "Mozilla/5.0 (Linux; Android 6.0.1; Nexus 5X Build/MMB29P) AppleWebKit/537.36 (KHTML, like Gecko) Chrome/137.0.7151.103 Mobile Safari/537.36 (compatible; Googlebot/2.1; +http://www.google.com/bot.html)"
66.249.65.37 - - [12/Jul/2025:17:24:09 +0000] "POST /get-message-notify HTTP/1.1" 200 21870 "https://kraft-court.cafe/?x=5724055031800&mod=333cb763&uri=info.php%3Fid%3D191145-334%26name%3Dcheapest+way+to+watch+got" "Mozilla/5.0 (Linux; Android 6.0.1; Nexus 5X Build/MMB29P) AppleWebKit/537.36 (KHTML, like Gecko) Chrome/137.0.7151.119 Mobile Safari/537.36 (compatible; Googlebot/2.1; +http://www.google.com/bot.html)"
66.249.65.36 - - [12/Jul/2025:17:24:18 +0000] "GET /?x=5702877101800&mod=2de7cf20&uri=blog.php%3Fid%3D190417-333%26name%3Dfair+oaks+mall+jewelry+stores HTTP/1.1" 200 21981 "-" "Mozilla/5.0 (Linux; Android 6.0.1; Nexus 5X Build/MMB29P) AppleWebKit/537.36 (KHTML, like Gecko) Chrome/137.0.7151.103 Mobile Safari/537.36 (compatible; Googlebot/2.1; +http://www.google.com/bot.html)"
66.249.65.35 - - [12/Jul/2025:17:24:29 +0000] "GET /?x=86355456131800&mod=97108695&uri=us.php%3Fid%3D2881813-335%26name%3Dhow+to+play+super+mario+on+switch HTTP/1.1" 200 21939 "-" "Mozilla/5.0 (Linux; Android 6.0.1; Nexus 5X Build/MMB29P) AppleWebKit/537.36 (KHTML, like Gecko) Chrome/137.0.7151.103 Mobile Safari/537.36 (compatible; Googlebot/2.1; +http://www.google.com/bot.html)"
66.249.65.35 - - [12/Jul/2025:17:24:33 +0000] "POST /get-message-notify HTTP/1.1" 200 21882 "https://kraft-court.cafe/?x=86355456131800&mod=97108695&uri=us.php%3Fid%3D2881813-335%26name%3Dhow+to+play+super+mario+on+switch" "Mozilla/5.0 (Linux; Android 6.0.1; Nexus 5X Build/MMB29P) AppleWebKit/537.36 (KHTML, like Gecko) Chrome/137.0.7151.119 Mobile Safari/537.36 (compatible; Googlebot/2.1; +http://www.google.com/bot.html)"
66.249.65.35 - - [12/Jul/2025:17:24:57 +0000] "GET /?x=5879675061800&mod=29921001&uri=us.php%3Fid%3D196347-155%26name%3Dpolk+audio+rti70 HTTP/1.1" 200 20978 "-" "Mozilla/5.0 (Linux; Android 6.0.1; Nexus 5X Build/MMB29P) AppleWebKit/537.36 (KHTML, like Gecko) Chrome/137.0.7151.103 Mobile Safari/537.36 (compatible; Googlebot/2.1; +http://www.google.com/bot.html)"
66.249.65.35 - - [12/Jul/2025:17:25:00 +0000] "POST /get-message-notify HTTP/1.1" 200 21855 "https://kraft-court.cafe/?x=5879675061800&mod=29921001&uri=us.php%3Fid%3D196347-155%26name%3Dpolk+audio+rti70" "Mozilla/5.0 (Linux; Android 6.0.1; Nexus 5X Build/MMB29P) AppleWebKit/537.36 (KHTML, like Gecko) Chrome/137.0.7151.119 Mobile Safari/537.36 (compatible; Googlebot/2.1; +http://www.google.com/bot.html)"
66.249.65.35 - - [12/Jul/2025:17:25:19 +0000] "GET /?x=40041563071800&mod=a8849b05&uri=goods.php%3Fid%3D1336379-57%26name%3Djvc+xtreme+xplosives+earbuds HTTP/1.1" 200 21642 "-" "Mozilla/5.0 (Linux; Android 6.0.1; Nexus 5X Build/MMB29P) AppleWebKit/537.36 (KHTML, like Gecko) Chrome/137.0.7151.103 Mobile Safari/537.36 (compatible; Googlebot/2.1; +http://www.google.com/bot.html)"
66.249.65.35 - - [12/Jul/2025:17:25:19 +0000] "GET /?x=5828298031800&mod=384babc3&uri=shop.php%3Fid%3D194631-339%26name%3Dadidas+originals+hombre+40 HTTP/1.1" 200 21421 "-" "Mozilla/5.0 (Linux; Android 6.0.1; Nexus 5X Build/MMB29P) AppleWebKit/537.36 (KHTML, like Gecko) Chrome/137.0.7151.103 Mobile Safari/537.36 (compatible; Googlebot/2.1; +http://www.google.com/bot.html)"
66.249.65.35 - - [12/Jul/2025:17:25:27 +0000] "GET /?x=119569477131800&mod=55d99a37&uri=pin.php%3Fid%3D3990399-315%26name%3Dvintage+uhren+rolex HTTP/1.1" 200 21398 "-" "Mozilla/5.0 (Linux; Android 6.0.1; Nexus 5X Build/MMB29P) AppleWebKit/537.36 (KHTML, like Gecko) Chrome/137.0.7151.103 Mobile Safari/537.36 (compatible; Googlebot/2.1; +http://www.google.com/bot.html)"
66.249.65.35 - - [12/Jul/2025:17:25:41 +0000] "GET /?x=5635537051800&mod=55d99a37&uri=goods.php%3Fid%3D188167-315%26name%3Duhren+unter+1000+euro HTTP/1.1" 200 21131 "-" "Mozilla/5.0 (Linux; Android 6.0.1; Nexus 5X Build/MMB29P) AppleWebKit/537.36 (KHTML, like Gecko) Chrome/137.0.7151.103 Mobile Safari/537.36 (compatible; Googlebot/2.1; +http://www.google.com/bot.html)"
66.249.65.35 - - [12/Jul/2025:17:25:44 +0000] "POST /get-message-notify HTTP/1.1" 200 21848 "https://kraft-court.cafe/?x=5635537051800&mod=55d99a37&uri=goods.php%3Fid%3D188167-315%26name%3Duhren+unter+1000+euro" "Mozilla/5.0 (Linux; Android 6.0.1; Nexus 5X Build/MMB29P) AppleWebKit/537.36 (KHTML, like Gecko) Chrome/137.0.7151.119 Mobile Safari/537.36 (compatible; Googlebot/2.1; +http://www.google.com/bot.html)"
66.249.65.35 - - [12/Jul/2025:17:25:48 +0000] "GET /?x=5801078061800&mod=2e2c080d&uri=product.php%3Fid%3D193723-337%26name%3Djeans+negros+sueltos HTTP/1.1" 200 20603 "-" "Mozilla/5.0 (Linux; Android 6.0.1; Nexus 5X Build/MMB29P) AppleWebKit/537.36 (KHTML, like Gecko) Chrome/137.0.7151.103 Mobile Safari/537.36 (compatible; Googlebot/2.1; +http://www.google.com/bot.html)"
66.249.65.37 - - [12/Jul/2025:17:26:19 +0000] "GET /?x=5668221041800&mod=dc6a7e65&uri=search.php%3Fid%3D189261-308%26name%3Dtarget+friends+christmas+sweater HTTP/1.1" 200 22726 "-" "Mozilla/5.0 (Linux; Android 6.0.1; Nexus 5X Build/MMB29P) AppleWebKit/537.36 (KHTML, like Gecko) Chrome/137.0.7151.103 Mobile Safari/537.36 (compatible; Googlebot/2.1; +http://www.google.com/bot.html)"
66.249.65.36 - - [12/Jul/2025:17:26:25 +0000] "GET /?x=59526448021800&mod=34f81500&uri=shared.php%3Fid%3D1986436-1361%26name%3Dyouth+supreme+shoes HTTP/1.1" 200 20476 "-" "Mozilla/5.0 (Linux; Android 6.0.1; Nexus 5X Build/MMB29P) AppleWebKit/537.36 (KHTML, like Gecko) Chrome/137.0.7151.103 Mobile Safari/537.36 (compatible; Googlebot/2.1; +http://www.google.com/bot.html)"
66.249.65.35 - - [12/Jul/2025:17:26:25 +0000] "GET /?x=34606549071800&mod=c64e7fcb&uri=brands.php%3Fid%3D1155049-1080%26name%3Dred+converse+high+tops+sale HTTP/1.1" 200 21341 "-" "Mozilla/5.0 (Linux; Android 6.0.1; Nexus 5X Build/MMB29P) AppleWebKit/537.36 (KHTML, like Gecko) Chrome/137.0.7151.103 Mobile Safari/537.36 (compatible; Googlebot/2.1; +http://www.google.com/bot.html)"
66.249.65.35 - - [12/Jul/2025:17:26:22 +0000] "GET /?x=5880875001800&mod=29921001&uri=us.php%3Fid%3D196387-155%26name%3Dwet+sounds+sw+808 HTTP/1.1" 200 21424 "-" "Mozilla/5.0 (Linux; Android 6.0.1; Nexus 5X Build/MMB29P) AppleWebKit/537.36 (KHTML, like Gecko) Chrome/137.0.7151.103 Mobile Safari/537.36 (compatible; Googlebot/2.1; +http://www.google.com/bot.html)"
66.249.65.35 - - [12/Jul/2025:17:26:39 +0000] "GET /?x=5751987061800&mod=97108695&uri=form.php%3Fid%3D192086-335%26name%3Dnintendo+vacation HTTP/1.1" 200 21704 "-" "Mozilla/5.0 (Linux; Android 6.0.1; Nexus 5X Build/MMB29P) AppleWebKit/537.36 (KHTML, like Gecko) Chrome/137.0.7151.103 Mobile Safari/537.36 (compatible; Googlebot/2.1; +http://www.google.com/bot.html)"
66.249.65.37 - - [12/Jul/2025:17:27:03 +0000] "POST /get-message-notify HTTP/1.1" 200 21872 "https://kraft-court.cafe/?x=5880875001800&mod=29921001&uri=us.php%3Fid%3D196387-155%26name%3Dwet+sounds+sw+808" "Mozilla/5.0 (Linux; Android 6.0.1; Nexus 5X Build/MMB29P) AppleWebKit/537.36 (KHTML, like Gecko) Chrome/137.0.7151.119 Mobile Safari/537.36 (compatible; Googlebot/2.1; +http://www.google.com/bot.html)"
66.249.65.35 - - [12/Jul/2025:17:27:08 +0000] "GET /?x=5674671001800&mod=dc6a7e65&uri=dp.php%3Fid%3D189476-308%26name%3Dgucci+disney+mickey+hoodie HTTP/1.1" 200 22415 "-" "Mozilla/5.0 (Linux; Android 6.0.1; Nexus 5X Build/MMB29P) AppleWebKit/537.36 (KHTML, like Gecko) Chrome/137.0.7151.103 Mobile Safari/537.36 (compatible; Googlebot/2.1; +http://www.google.com/bot.html)"
66.249.65.35 - - [12/Jul/2025:17:27:17 +0000] "POST /get-message-notify HTTP/1.1" 200 21855 "https://kraft-court.cafe/?x=5674671001800&mod=dc6a7e65&uri=dp.php%3Fid%3D189476-308%26name%3Dgucci+disney+mickey+hoodie" "Mozilla/5.0 (Linux; Android 6.0.1; Nexus 5X Build/MMB29P) AppleWebKit/537.36 (KHTML, like Gecko) Chrome/137.0.7151.119 Mobile Safari/537.36 (compatible; Googlebot/2.1; +http://www.google.com/bot.html)"
66.249.65.35 - - [12/Jul/2025:17:27:23 +0000] "GET /?x=5691000011800&mod=2de7cf20&uri=article.php%3Fid%3D190021-333%26name%3Dthe+world+of+alice+jewelry HTTP/1.1" 200 22214 "-" "Mozilla/5.0 (Linux; Android 6.0.1; Nexus 5X Build/MMB29P) AppleWebKit/537.36 (KHTML, like Gecko) Chrome/137.0.7151.103 Mobile Safari/537.36 (compatible; Googlebot/2.1; +http://www.google.com/bot.html)"
66.249.65.35 - - [12/Jul/2025:17:27:29 +0000] "GET /?x=5863420031800&mod=d594b1a9&uri=info.php%3Fid%3D195803-341%26name%3Dlicuados+rojos HTTP/1.1" 200 21841 "-" "Mozilla/5.0 (Linux; Android 6.0.1; Nexus 5X Build/MMB29P) AppleWebKit/537.36 (KHTML, like Gecko) Chrome/137.0.7151.103 Mobile Safari/537.36 (compatible; Googlebot/2.1; +http://www.google.com/bot.html)"
66.249.65.35 - - [12/Jul/2025:17:27:40 +0000] "GET /?x=5823379051800&mod=165a59f7&uri=form.php%3Fid%3D194467-336%26name%3Dzalando+prive+piquadro HTTP/1.1" 200 22475 "-" "Mozilla/5.0 (Linux; Android 6.0.1; Nexus 5X Build/MMB29P) AppleWebKit/537.36 (KHTML, like Gecko) Chrome/137.0.7151.103 Mobile Safari/537.36 (compatible; Googlebot/2.1; +http://www.google.com/bot.html)"
66.249.65.35 - - [12/Jul/2025:17:27:43 +0000] "POST /get-message-notify HTTP/1.1" 200 21870 "https://kraft-court.cafe/?x=5823379051800&mod=165a59f7&uri=form.php%3Fid%3D194467-336%26name%3Dzalando+prive+piquadro" "Mozilla/5.0 (Linux; Android 6.0.1; Nexus 5X Build/MMB29P) AppleWebKit/537.36 (KHTML, like Gecko) Chrome/137.0.7151.119 Mobile Safari/537.36 (compatible; Googlebot/2.1; +http://www.google.com/bot.html)"
209.74.77.214 - - [12/Jul/2025:17:27:44 +0000] "POST /wp-cron.php?doing_wp_cron=1752341264.3474600315093994140625 HTTP/1.1" 200 - "-" "WordPress/6.8.1; https://kraft-court.cafe"
51.222.253.11 - - [12/Jul/2025:17:27:44 +0000] "GET /?x=3190978011800&mod=7ca57a9f&uri=article.php%3Fid%3D106517-194%26name%3Dboss+t+shirt+polo HTTP/1.1" 301 - "-" "Mozilla/5.0 (compatible; AhrefsBot/7.0; +http://ahrefs.com/robot/)"
66.249.65.35 - - [12/Jul/2025:17:27:53 +0000] "GET /?x=5666901091800&mod=dc6a7e65&uri=goods.php%3Fid%3D189217-308%26name%3Dpatchwork+hoodie+women%27s HTTP/1.1" 200 21672 "-" "Mozilla/5.0 (Linux; Android 6.0.1; Nexus 5X Build/MMB29P) AppleWebKit/537.36 (KHTML, like Gecko) Chrome/137.0.7151.103 Mobile Safari/537.36 (compatible; Googlebot/2.1; +http://www.google.com/bot.html)"
66.249.65.35 - - [12/Jul/2025:17:28:02 +0000] "GET /?x=5725401041800&mod=333cb763&uri=article.php%3Fid%3D191191-334%26name%3D90+day+fiance+happily+ever+after+s05e04 HTTP/1.1" 200 22355 "-" "Mozilla/5.0 (Linux; Android 6.0.1; Nexus 5X Build/MMB29P) AppleWebKit/537.36 (KHTML, like Gecko) Chrome/137.0.7151.103 Mobile Safari/537.36 (compatible; Googlebot/2.1; +http://www.google.com/bot.html)"
66.249.65.35 - - [12/Jul/2025:17:28:14 +0000] "GET /?x=6014619001800&mod=c4b43ae0&uri=itm.php%3Fid%3D200850-330%26name%3Dfrost+thermostat+in+garage HTTP/1.1" 200 21813 "-" "Mozilla/5.0 (Linux; Android 6.0.1; Nexus 5X Build/MMB29P) AppleWebKit/537.36 (KHTML, like Gecko) Chrome/137.0.7151.103 Mobile Safari/537.36 (compatible; Googlebot/2.1; +http://www.google.com/bot.html)"
66.249.65.35 - - [12/Jul/2025:17:28:25 +0000] "GET /?x=5952731051800&mod=c5bbd980&uri=category-info.php%3Fid%3D198783-344%26name%3Drunning+shorts+with+bike+shorts+under HTTP/1.1" 200 21553 "-" "Mozilla/5.0 (Linux; Android 6.0.1; Nexus 5X Build/MMB29P) AppleWebKit/537.36 (KHTML, like Gecko) Chrome/137.0.7151.103 Mobile Safari/537.36 (compatible; Googlebot/2.1; +http://www.google.com/bot.html)"
66.249.65.35 - - [12/Jul/2025:17:28:30 +0000] "POST /get-message-notify HTTP/1.1" 200 21866 "https://kraft-court.cafe/?x=5952731051800&mod=c5bbd980&uri=category-info.php%3Fid%3D198783-344%26name%3Drunning+shorts+with+bike+shorts+under" "Mozilla/5.0 (Linux; Android 6.0.1; Nexus 5X Build/MMB29P) AppleWebKit/537.36 (KHTML, like Gecko) Chrome/137.0.7151.119 Mobile Safari/537.36 (compatible; Googlebot/2.1; +http://www.google.com/bot.html)"
66.249.65.35 - - [12/Jul/2025:17:28:38 +0000] "GET /?x=5859520041800&mod=d594b1a9&uri=category-info.php%3Fid%3D195673-341%26name%3Dplato+botanero+de+cristal HTTP/1.1" 200 22071 "-" "Mozilla/5.0 (Linux; Android 6.0.1; Nexus 5X Build/MMB29P) AppleWebKit/537.36 (KHTML, like Gecko) Chrome/137.0.7151.103 Mobile Safari/537.36 (compatible; Googlebot/2.1; +http://www.google.com/bot.html)"
66.249.65.35 - - [12/Jul/2025:17:28:54 +0000] "GET /?x=6109535041800&mod=0d0fd7c6&uri=news.php%3Fid%3D204019-40%26name%3Dmakita+dlx+set HTTP/1.1" 200 22152 "-" "Mozilla/5.0 (Linux; Android 6.0.1; Nexus 5X Build/MMB29P) AppleWebKit/537.36 (KHTML, like Gecko) Chrome/137.0.7151.103 Mobile Safari/537.36 (compatible; Googlebot/2.1; +http://www.google.com/bot.html)"
66.249.65.35 - - [12/Jul/2025:17:28:55 +0000] "GET /?x=5784445041800&mod=a8849b05&uri=shop.php%3Fid%3D193168-57%26name%3Djbl+by+harman+tune+115+tws HTTP/1.1" 200 22144 "-" "Mozilla/5.0 (Linux; Android 6.0.1; Nexus 5X Build/MMB29P) AppleWebKit/537.36 (KHTML, like Gecko) Chrome/137.0.7151.103 Mobile Safari/537.36 (compatible; Googlebot/2.1; +http://www.google.com/bot.html)"
66.249.65.35 - - [12/Jul/2025:17:28:57 +0000] "POST /get-message-notify HTTP/1.1" 200 21861 "https://kraft-court.cafe/?x=6109535041800&mod=0d0fd7c6&uri=news.php%3Fid%3D204019-40%26name%3Dmakita+dlx+set" "Mozilla/5.0 (Linux; Android 6.0.1; Nexus 5X Build/MMB29P) AppleWebKit/537.36 (KHTML, like Gecko) Chrome/137.0.7151.119 Mobile Safari/537.36 (compatible; Googlebot/2.1; +http://www.google.com/bot.html)"
209.74.77.214 - - [12/Jul/2025:17:29:03 +0000] "POST /wp-cron.php?doing_wp_cron=1752341343.9384210109710693359375 HTTP/1.1" 200 - "-" "WordPress/6.8.1; https://kraft-court.cafe"
172.182.193.83 - - [12/Jul/2025:17:29:03 +0000] "GET /?mod=f34185c4&uri=products.php%3Fid%3D198082-343%26name%3Dtarget+credenza&x=5931701001800 HTTP/1.1" 301 - "-" "Mozilla/5.0 (Macintosh; Intel Mac OS X 10_15_7) AppleWebKit/537.36 (KHTML, like Gecko) Chrome/131.0.0.0 Safari/537.36; compatible; OAI-SearchBot/1.0; +https://openai.com/searchbot"
172.182.193.83 - - [12/Jul/2025:17:29:03 +0000] "GET /?mod=f34185c4&uri=products.php%3Fid%3D198082-343%26name%3Dtarget%20credenza&x=5931701001800 HTTP/1.1" 200 1933 "-" "Mozilla/5.0 (Macintosh; Intel Mac OS X 10_15_7) AppleWebKit/537.36 (KHTML, like Gecko) Chrome/131.0.0.0 Safari/537.36; compatible; OAI-SearchBot/1.0; +https://openai.com/searchbot"
20.171.207.86 - - [12/Jul/2025:17:29:03 +0000] "GET /sitemap.xml HTTP/1.1" 200 66669 "-" "Mozilla/5.0 AppleWebKit/537.36 (KHTML, like Gecko; compatible; GPTBot/1.2; +https://openai.com/gptbot)"
66.249.65.36 - - [12/Jul/2025:17:29:19 +0000] "GET /?x=47422431001800&mod=76309eaf&uri=shop.php%3Fid%3D1582599-1018%26name%3Dreflective+glass+beads HTTP/1.1" 200 21927 "-" "Mozilla/5.0 (Linux; Android 6.0.1; Nexus 5X Build/MMB29P) AppleWebKit/537.36 (KHTML, like Gecko) Chrome/137.0.7151.103 Mobile Safari/537.36 (compatible; Googlebot/2.1; +http://www.google.com/bot.html)"
66.249.65.35 - - [12/Jul/2025:17:29:23 +0000] "POST /get-message-notify HTTP/1.1" 200 21862 "https://kraft-court.cafe/?x=47422431001800&mod=76309eaf&uri=shop.php%3Fid%3D1582599-1018%26name%3Dreflective+glass+beads" "Mozilla/5.0 (Linux; Android 6.0.1; Nexus 5X Build/MMB29P) AppleWebKit/537.36 (KHTML, like Gecko) Chrome/137.0.7151.119 Mobile Safari/537.36 (compatible; Googlebot/2.1; +http://www.google.com/bot.html)"
66.249.65.35 - - [12/Jul/2025:17:29:36 +0000] "GET /?x=86363976051800&mod=97108695&uri=category-info.php%3Fid%3D2882097-335%26name%3Dnintendo+switch+specs+vs+ps4 HTTP/1.1" 200 21701 "-" "Mozilla/5.0 (Linux; Android 6.0.1; Nexus 5X Build/MMB29P) AppleWebKit/537.36 (KHTML, like Gecko) Chrome/137.0.7151.103 Mobile Safari/537.36 (compatible; Googlebot/2.1; +http://www.google.com/bot.html)"
66.249.65.36 - - [12/Jul/2025:17:29:39 +0000] "POST /get-message-notify HTTP/1.1" 200 21853 "https://kraft-court.cafe/?x=86363976051800&mod=97108695&uri=category-info.php%3Fid%3D2882097-335%26name%3Dnintendo+switch+specs+vs+ps4" "Mozilla/5.0 (Linux; Android 6.0.1; Nexus 5X Build/MMB29P) AppleWebKit/537.36 (KHTML, like Gecko) Chrome/137.0.7151.119 Mobile Safari/537.36 (compatible; Googlebot/2.1; +http://www.google.com/bot.html)"
66.249.65.35 - - [12/Jul/2025:17:29:41 +0000] "GET /?x=86485425031800&mod=03fa2f75&uri=article.php%3Fid%3D2886151-270%26name%3Dwacom+tablet+on+android HTTP/1.1" 200 22229 "-" "Mozilla/5.0 (Linux; Android 6.0.1; Nexus 5X Build/MMB29P) AppleWebKit/537.36 (KHTML, like Gecko) Chrome/137.0.7151.103 Mobile Safari/537.36 (compatible; Googlebot/2.1; +http://www.google.com/bot.html)"
66.249.65.35 - - [12/Jul/2025:17:29:50 +0000] "GET /?x=5683230041800&mod=dc6a7e65&uri=itm.php%3Fid%3D189762-308%26name%3Dpatrick+spongebob+sweatshirt HTTP/1.1" 200 22697 "-" "Mozilla/5.0 (Linux; Android 6.0.1; Nexus 5X Build/MMB29P) AppleWebKit/537.36 (KHTML, like Gecko) Chrome/137.0.7151.103 Mobile Safari/537.36 (compatible; Googlebot/2.1; +http://www.google.com/bot.html)"
66.249.65.35 - - [12/Jul/2025:17:29:58 +0000] "GET /?x=47529190021800&mod=0d2922ee&uri=article.php%3Fid%3D1586162-1246%26name%3Dused+dalbello+ski+boots HTTP/1.1" 200 22374 "-" "Mozilla/5.0 (Linux; Android 6.0.1; Nexus 5X Build/MMB29P) AppleWebKit/537.36 (KHTML, like Gecko) Chrome/137.0.7151.103 Mobile Safari/537.36 (compatible; Googlebot/2.1; +http://www.google.com/bot.html)"
66.249.65.37 - - [12/Jul/2025:17:30:03 +0000] "POST /get-message-notify HTTP/1.1" 200 21871 "https://kraft-court.cafe/?x=5683230041800&mod=dc6a7e65&uri=itm.php%3Fid%3D189762-308%26name%3Dpatrick+spongebob+sweatshirt" "Mozilla/5.0 (Linux; Android 6.0.1; Nexus 5X Build/MMB29P) AppleWebKit/537.36 (KHTML, like Gecko) Chrome/137.0.7151.119 Mobile Safari/537.36 (compatible; Googlebot/2.1; +http://www.google.com/bot.html)"
66.249.65.37 - - [12/Jul/2025:17:30:04 +0000] "GET /?x=5539564021800&mod=ffbd6cbb&uri=brands.php%3Fid%3D184932-310%26name%3Dmsi+geforce+gtx+1650+specs HTTP/1.1" 200 21710 "-" "Mozilla/5.0 (Linux; Android 6.0.1; Nexus 5X Build/MMB29P) AppleWebKit/537.36 (KHTML, like Gecko) Chrome/137.0.7151.103 Mobile Safari/537.36 (compatible; Googlebot/2.1; +http://www.google.com/bot.html)"
66.249.65.36 - - [12/Jul/2025:17:30:07 +0000] "POST /get-message-notify HTTP/1.1" 200 21862 "https://kraft-court.cafe/?x=5539564021800&mod=ffbd6cbb&uri=brands.php%3Fid%3D184932-310%26name%3Dmsi+geforce+gtx+1650+specs" "Mozilla/5.0 (Linux; Android 6.0.1; Nexus 5X Build/MMB29P) AppleWebKit/537.36 (KHTML, like Gecko) Chrome/137.0.7151.119 Mobile Safari/537.36 (compatible; Googlebot/2.1; +http://www.google.com/bot.html)"
66.249.65.35 - - [12/Jul/2025:17:30:28 +0000] "GET /?x=5557054091800&mod=fa84632d&uri=us.php%3Fid%3D185515-329%26name%3Dblack+align+leggings HTTP/1.1" 200 21657 "-" "Mozilla/5.0 (Linux; Android 6.0.1; Nexus 5X Build/MMB29P) AppleWebKit/537.36 (KHTML, like Gecko) Chrome/137.0.7151.103 Mobile Safari/537.36 (compatible; Googlebot/2.1; +http://www.google.com/bot.html)"
66.249.65.35 - - [12/Jul/2025:17:30:35 +0000] "GET /?x=5713348031800&mod=333cb763&uri=search.php%3Fid%3D190775-334%26name%3Dbaal+veer+returns+193 HTTP/1.1" 200 22508 "-" "Mozilla/5.0 (Linux; Android 6.0.1; Nexus 5X Build/MMB29P) AppleWebKit/537.36 (KHTML, like Gecko) Chrome/137.0.7151.103 Mobile Safari/537.36 (compatible; Googlebot/2.1; +http://www.google.com/bot.html)"
66.249.65.35 - - [12/Jul/2025:17:30:38 +0000] "GET /?x=5654751001800&mod=ada5e0b6&uri=blog.php%3Fid%3D188812-309%26name%3Dzotac+geforce+gtx+1080+founders+edition+nvidia HTTP/1.1" 200 22214 "-" "Mozilla/5.0 (Linux; Android 6.0.1; Nexus 5X Build/MMB29P) AppleWebKit/537.36 (KHTML, like Gecko) Chrome/137.0.7151.103 Mobile Safari/537.36 (compatible; Googlebot/2.1; +http://www.google.com/bot.html)"
66.249.65.35 - - [12/Jul/2025:17:30:56 +0000] "GET /?x=40643045011800&mod=333cb763&uri=itm.php%3Fid%3D1356441-334%26name%3Dfree+prime+membership+for+students HTTP/1.1" 200 21776 "-" "Mozilla/5.0 (Linux; Android 6.0.1; Nexus 5X Build/MMB29P) AppleWebKit/537.36 (KHTML, like Gecko) Chrome/137.0.7151.103 Mobile Safari/537.36 (compatible; Googlebot/2.1; +http://www.google.com/bot.html)"
66.249.65.35 - - [12/Jul/2025:17:30:59 +0000] "POST /get-message-notify HTTP/1.1" 200 21851 "https://kraft-court.cafe/?x=40643045011800&mod=333cb763&uri=itm.php%3Fid%3D1356441-334%26name%3Dfree+prime+membership+for+students" "Mozilla/5.0 (Linux; Android 6.0.1; Nexus 5X Build/MMB29P) AppleWebKit/537.36 (KHTML, like Gecko) Chrome/137.0.7151.119 Mobile Safari/537.36 (compatible; Googlebot/2.1; +http://www.google.com/bot.html)"
66.249.65.35 - - [12/Jul/2025:17:31:12 +0000] "GET /?x=5673291041800&mod=dc6a7e65&uri=us.php%3Fid%3D189430-308%26name%3Djoules+sweatshirts HTTP/1.1" 200 22550 "-" "Mozilla/5.0 (Linux; Android 6.0.1; Nexus 5X Build/MMB29P) AppleWebKit/537.36 (KHTML, like Gecko) Chrome/137.0.7151.103 Mobile Safari/537.36 (compatible; Googlebot/2.1; +http://www.google.com/bot.html)"
66.249.65.35 - - [12/Jul/2025:17:31:16 +0000] "POST /get-message-notify HTTP/1.1" 200 21869 "https://kraft-court.cafe/?x=5673291041800&mod=dc6a7e65&uri=us.php%3Fid%3D189430-308%26name%3Djoules+sweatshirts" "Mozilla/5.0 (Linux; Android 6.0.1; Nexus 5X Build/MMB29P) AppleWebKit/537.36 (KHTML, like Gecko) Chrome/137.0.7151.119 Mobile Safari/537.36 (compatible; Googlebot/2.1; +http://www.google.com/bot.html)"
66.249.65.35 - - [12/Jul/2025:17:31:28 +0000] "GET /?x=5751087131800&mod=97108695&uri=us.php%3Fid%3D192056-335%26name%3Dacnh+switch+lite+case HTTP/1.1" 200 21603 "-" "Mozilla/5.0 (Linux; Android 6.0.1; Nexus 5X Build/MMB29P) AppleWebKit/537.36 (KHTML, like Gecko) Chrome/137.0.7151.103 Mobile Safari/537.36 (compatible; Googlebot/2.1; +http://www.google.com/bot.html)"
66.249.65.35 - - [12/Jul/2025:17:31:28 +0000] "GET /?x=5828388141800&mod=734e6bfc&uri=products.php%3Fid%3D194634-340%26name%3Dhugo+boss+1998+zara HTTP/1.1" 200 21690 "-" "Mozilla/5.0 (Linux; Android 6.0.1; Nexus 5X Build/MMB29P) AppleWebKit/537.36 (KHTML, like Gecko) Chrome/137.0.7151.103 Mobile Safari/537.36 (compatible; Googlebot/2.1; +http://www.google.com/bot.html)"
66.249.65.35 - - [12/Jul/2025:17:31:37 +0000] "POST /get-message-notify HTTP/1.1" 200 21848 "https://kraft-court.cafe/?x=5828388141800&mod=734e6bfc&uri=products.php%3Fid%3D194634-340%26name%3Dhugo+boss+1998+zara" "Mozilla/5.0 (Linux; Android 6.0.1; Nexus 5X Build/MMB29P) AppleWebKit/537.36 (KHTML, like Gecko) Chrome/137.0.7151.119 Mobile Safari/537.36 (compatible; Googlebot/2.1; +http://www.google.com/bot.html)"
66.249.65.36 - - [12/Jul/2025:17:32:18 +0000] "GET /?x=5821939071800&mod=165a59f7&uri=product.php%3Fid%3D194419-336%26name%3Dcamomilla+borse+2021 HTTP/1.1" 200 21970 "-" "Mozilla/5.0 (Linux; Android 6.0.1; Nexus 5X Build/MMB29P) AppleWebKit/537.36 (KHTML, like Gecko) Chrome/137.0.7151.103 Mobile Safari/537.36 (compatible; Googlebot/2.1; +http://www.google.com/bot.html)"
209.74.77.214 - - [12/Jul/2025:17:32:23 +0000] "POST /wp-cron.php?doing_wp_cron=1752341543.4425361156463623046875 HTTP/1.1" 200 - "-" "WordPress/6.8.1; https://kraft-court.cafe"
51.222.253.17 - - [12/Jul/2025:17:32:22 +0000] "GET /?x=32470534001800&mod=728678f9&uri=category-info.php%3Fid%3D1083740-1017%26name%3Dadidas+ortholite+tan HTTP/1.1" 301 - "-" "Mozilla/5.0 (compatible; AhrefsBot/7.0; +http://ahrefs.com/robot/)"
66.249.65.37 - - [12/Jul/2025:17:33:02 +0000] "GET /?x=5752017021800&mod=97108695&uri=news.php%3Fid%3D192087-335%26name%3Dswitch+lite+trade+in+value HTTP/1.1" 200 21783 "-" "Mozilla/5.0 (Linux; Android 6.0.1; Nexus 5X Build/MMB29P) AppleWebKit/537.36 (KHTML, like Gecko) Chrome/137.0.7151.103 Mobile Safari/537.36 (compatible; Googlebot/2.1; +http://www.google.com/bot.html)"
66.249.65.35 - - [12/Jul/2025:17:33:13 +0000] "GET /?x=5842641001800&mod=384babc3&uri=shop.php%3Fid%3D195110-339%26name%3Dzapatos+puma+cali+4k HTTP/1.1" 200 21247 "-" "Mozilla/5.0 (Linux; Android 6.0.1; Nexus 5X Build/MMB29P) AppleWebKit/537.36 (KHTML, like Gecko) Chrome/137.0.7151.103 Mobile Safari/537.36 (compatible; Googlebot/2.1; +http://www.google.com/bot.html)"
66.249.65.36 - - [12/Jul/2025:17:33:16 +0000] "POST /get-message-notify HTTP/1.1" 200 21861 "https://kraft-court.cafe/?x=5842641001800&mod=384babc3&uri=shop.php%3Fid%3D195110-339%26name%3Dzapatos+puma+cali+4k" "Mozilla/5.0 (Linux; Android 6.0.1; Nexus 5X Build/MMB29P) AppleWebKit/537.36 (KHTML, like Gecko) Chrome/137.0.7151.119 Mobile Safari/537.36 (compatible; Googlebot/2.1; +http://www.google.com/bot.html)"
66.249.65.35 - - [12/Jul/2025:17:33:36 +0000] "GET /?x=5617859021800&mod=e94fe9ac&uri=dp.php%3Fid%3D187570-332%26name%3Dfocals+smart+glasses+buy HTTP/1.1" 200 22434 "-" "Mozilla/5.0 (Linux; Android 6.0.1; Nexus 5X Build/MMB29P) AppleWebKit/537.36 (KHTML, like Gecko) Chrome/137.0.7151.103 Mobile Safari/537.36 (compatible; Googlebot/2.1; +http://www.google.com/bot.html)"
66.249.65.37 - - [12/Jul/2025:17:34:11 +0000] "GET /?x=5816528021800&mod=165a59f7&uri=products.php%3Fid%3D194238-336%26name%3Dborse+spiaggia+saldi HTTP/1.1" 200 21939 "-" "Mozilla/5.0 (Linux; Android 6.0.1; Nexus 5X Build/MMB29P) AppleWebKit/537.36 (KHTML, like Gecko) Chrome/137.0.7151.103 Mobile Safari/537.36 (compatible; Googlebot/2.1; +http://www.google.com/bot.html)"
66.249.65.36 - - [12/Jul/2025:17:34:13 +0000] "GET /?x=5940491051800&mod=c5bbd980&uri=category-info.php%3Fid%3D198375-344%26name%3Dsize+12+in+eu HTTP/1.1" 200 21553 "-" "Mozilla/5.0 (Linux; Android 6.0.1; Nexus 5X Build/MMB29P) AppleWebKit/537.36 (KHTML, like Gecko) Chrome/137.0.7151.103 Mobile Safari/537.36 (compatible; Googlebot/2.1; +http://www.google.com/bot.html)"
66.249.65.36 - - [12/Jul/2025:17:34:15 +0000] "POST /get-message-notify HTTP/1.1" 200 21877 "https://kraft-court.cafe/?x=5816528021800&mod=165a59f7&uri=products.php%3Fid%3D194238-336%26name%3Dborse+spiaggia+saldi" "Mozilla/5.0 (Linux; Android 6.0.1; Nexus 5X Build/MMB29P) AppleWebKit/537.36 (KHTML, like Gecko) Chrome/137.0.7151.119 Mobile Safari/537.36 (compatible; Googlebot/2.1; +http://www.google.com/bot.html)"
66.249.65.36 - - [12/Jul/2025:17:34:16 +0000] "POST /get-message-notify HTTP/1.1" 200 21862 "https://kraft-court.cafe/?x=5940491051800&mod=c5bbd980&uri=category-info.php%3Fid%3D198375-344%26name%3Dsize+12+in+eu" "Mozilla/5.0 (Linux; Android 6.0.1; Nexus 5X Build/MMB29P) AppleWebKit/537.36 (KHTML, like Gecko) Chrome/137.0.7151.119 Mobile Safari/537.36 (compatible; Googlebot/2.1; +http://www.google.com/bot.html)"
66.249.65.35 - - [12/Jul/2025:17:34:39 +0000] "GET /?x=5884595031800&mod=29921001&uri=dp.php%3Fid%3D196511-155%26name%3Dlg+soundbar+sk10 HTTP/1.1" 200 22342 "-" "Mozilla/5.0 (Linux; Android 6.0.1; Nexus 5X Build/MMB29P) AppleWebKit/537.36 (KHTML, like Gecko) Chrome/137.0.7151.103 Mobile Safari/537.36 (compatible; Googlebot/2.1; +http://www.google.com/bot.html)"
66.249.65.35 - - [12/Jul/2025:17:34:44 +0000] "POST /get-message-notify HTTP/1.1" 200 21860 "https://kraft-court.cafe/?x=5884595031800&mod=29921001&uri=dp.php%3Fid%3D196511-155%26name%3Dlg+soundbar+sk10" "Mozilla/5.0 (Linux; Android 6.0.1; Nexus 5X Build/MMB29P) AppleWebKit/537.36 (KHTML, like Gecko) Chrome/137.0.7151.119 Mobile Safari/537.36 (compatible; Googlebot/2.1; +http://www.google.com/bot.html)"
66.249.65.35 - - [12/Jul/2025:17:35:27 +0000] "GET /?x=6015339041800&mod=322f6246&uri=news.php%3Fid%3D200874-346%26name%3Dmiddlesbrough+fc+away+kit HTTP/1.1" 200 22247 "-" "Mozilla/5.0 (Linux; Android 6.0.1; Nexus 5X Build/MMB29P) AppleWebKit/537.36 (KHTML, like Gecko) Chrome/137.0.7151.103 Mobile Safari/537.36 (compatible; Googlebot/2.1; +http://www.google.com/bot.html)"
66.249.65.37 - - [12/Jul/2025:17:35:31 +0000] "GET /?x=5892954061800&mod=29921001&uri=search.php%3Fid%3D196790-155%26name%3Dharley+davidson+speakers+for+road+king HTTP/1.1" 200 21774 "-" "Mozilla/5.0 (Linux; Android 6.0.1; Nexus 5X Build/MMB29P) AppleWebKit/537.36 (KHTML, like Gecko) Chrome/137.0.7151.103 Mobile Safari/537.36 (compatible; Googlebot/2.1; +http://www.google.com/bot.html)"
66.249.65.36 - - [12/Jul/2025:17:35:38 +0000] "POST /get-message-notify HTTP/1.1" 200 21866 "https://kraft-court.cafe/?x=5892954061800&mod=29921001&uri=search.php%3Fid%3D196790-155%26name%3Dharley+davidson+speakers+for+road+king" "Mozilla/5.0 (Linux; Android 6.0.1; Nexus 5X Build/MMB29P) AppleWebKit/537.36 (KHTML, like Gecko) Chrome/137.0.7151.119 Mobile Safari/537.36 (compatible; Googlebot/2.1; +http://www.google.com/bot.html)"
209.74.77.214 - - [12/Jul/2025:17:36:40 +0000] "POST /wp-cron.php?doing_wp_cron=1752341800.4603180885314941406250 HTTP/1.1" 200 - "-" "WordPress/6.8.1; https://kraft-court.cafe"
51.222.253.1 - - [12/Jul/2025:17:36:39 +0000] "GET /?x=34349540011800&mod=c0e0b708&uri=article.php%3Fid%3D1146458-1069%26name%3Dfastrack+smart+band+price HTTP/1.1" 301 - "-" "Mozilla/5.0 (compatible; AhrefsBot/7.0; +http://ahrefs.com/robot/)"
