66.249.65.36 - - [12/Jul/2025:19:43:45 +0000] "GET /?x=90372242051800&mod=dfa92d8f&uri=form.php%3Fid%3D3015855-156%26name%3Dgraco+baby+everyway+soother HTTP/1.1" 200 21868 "-" "Mozilla/5.0 (Linux; Android 6.0.1; Nexus 5X Build/MMB29P) AppleWebKit/537.36 (KHTML, like Gecko) Chrome/137.0.7151.103 Mobile Safari/537.36 (compatible; Googlebot/2.1; +http://www.google.com/bot.html)"
66.249.65.36 - - [12/Jul/2025:19:44:18 +0000] "GET /?x=5638322011800&mod=55d99a37&uri=search.php%3Fid%3D188261-315%26name%3Dfossil+armbanduhr+edelstahl HTTP/1.1" 200 21228 "-" "Mozilla/5.0 (Linux; Android 6.0.1; Nexus 5X Build/MMB29P) AppleWebKit/537.36 (KHTML, like Gecko) Chrome/137.0.7151.103 Mobile Safari/537.36 (compatible; Googlebot/2.1; +http://www.google.com/bot.html)"
66.249.65.35 - - [12/Jul/2025:19:44:42 +0000] "GET /?x=5799248031800&mod=2e2c080d&uri=shop.php%3Fid%3D193662-337%26name%3Dmarca+hm+ropa+mujer HTTP/1.1" 200 21519 "-" "Mozilla/5.0 (Linux; Android 6.0.1; Nexus 5X Build/MMB29P) AppleWebKit/537.36 (KHTML, like Gecko) Chrome/137.0.7151.103 Mobile Safari/537.36 (compatible; Googlebot/2.1; +http://www.google.com/bot.html)"
66.249.65.35 - - [12/Jul/2025:19:47:13 +0000] "GET /?x=5703746001800&mod=2de7cf20&uri=itm.php%3Fid%3D190446-333%26name%3Dsilver+earrings+in+argos HTTP/1.1" 200 22059 "-" "Mozilla/5.0 (Linux; Android 6.0.1; Nexus 5X Build/MMB29P) AppleWebKit/537.36 (KHTML, like Gecko) Chrome/137.0.7151.103 Mobile Safari/537.36 (compatible; Googlebot/2.1; +http://www.google.com/bot.html)"
66.249.65.36 - - [12/Jul/2025:19:47:16 +0000] "POST /get-message-notify HTTP/1.1" 200 21877 "https://kraft-court.cafe/?x=5703746001800&mod=2de7cf20&uri=itm.php%3Fid%3D190446-333%26name%3Dsilver+earrings+in+argos" "Mozilla/5.0 (Linux; Android 6.0.1; Nexus 5X Build/MMB29P) AppleWebKit/537.36 (KHTML, like Gecko) Chrome/137.0.7151.119 Mobile Safari/537.36 (compatible; Googlebot/2.1; +http://www.google.com/bot.html)"
66.249.65.36 - - [12/Jul/2025:19:47:25 +0000] "GET /?x=5578122021800&mod=c4b43ae0&uri=us.php%3Fid%3D186219-330%26name%3Drheem+parts+distributors+near+me HTTP/1.1" 200 21499 "-" "Mozilla/5.0 (Linux; Android 6.0.1; Nexus 5X Build/MMB29P) AppleWebKit/537.36 (KHTML, like Gecko) Chrome/137.0.7151.103 Mobile Safari/537.36 (compatible; Googlebot/2.1; +http://www.google.com/bot.html)"
66.249.65.36 - - [12/Jul/2025:19:47:28 +0000] "POST /get-message-notify HTTP/1.1" 200 21863 "https://kraft-court.cafe/?x=5578122021800&mod=c4b43ae0&uri=us.php%3Fid%3D186219-330%26name%3Drheem+parts+distributors+near+me" "Mozilla/5.0 (Linux; Android 6.0.1; Nexus 5X Build/MMB29P) AppleWebKit/537.36 (KHTML, like Gecko) Chrome/137.0.7151.119 Mobile Safari/537.36 (compatible; Googlebot/2.1; +http://www.google.com/bot.html)"
66.249.65.35 - - [12/Jul/2025:19:47:46 +0000] "GET /?x=5798528041800&mod=165a59f7&uri=itm.php%3Fid%3D193638-336%26name%3Dtrolley+pinko HTTP/1.1" 200 21124 "-" "Mozilla/5.0 (Linux; Android 6.0.1; Nexus 5X Build/MMB29P) AppleWebKit/537.36 (KHTML, like Gecko) Chrome/137.0.7151.103 Mobile Safari/537.36 (compatible; Googlebot/2.1; +http://www.google.com/bot.html)"
209.74.77.214 - - [12/Jul/2025:19:49:56 +0000] "POST /wp-cron.php?doing_wp_cron=1752349796.7584478855133056640625 HTTP/1.1" 200 - "-" "WordPress/6.8.1; https://kraft-court.cafe"
51.222.253.15 - - [12/Jul/2025:19:49:55 +0000] "GET /?x=69782872011800&mod=4928e751&uri=blog.php%3Fid%3D2328737-512%26name%3Dasics+gel+kayano+27+womens+uk HTTP/1.1" 301 - "-" "Mozilla/5.0 (compatible; AhrefsBot/7.0; +http://ahrefs.com/robot/)"
66.249.65.37 - - [12/Jul/2025:19:50:26 +0000] "GET /?x=97533135011800&mod=dfa92d8f&uri=shop.php%3Fid%3D3254905-156%26name%3Davent+size+nipple+age HTTP/1.1" 200 21648 "-" "Mozilla/5.0 (Linux; Android 6.0.1; Nexus 5X Build/MMB29P) AppleWebKit/537.36 (KHTML, like Gecko) Chrome/137.0.7151.103 Mobile Safari/537.36 (compatible; Googlebot/2.1; +http://www.google.com/bot.html)"
66.249.65.36 - - [12/Jul/2025:19:50:40 +0000] "GET /?x=5642576141800&mod=55d99a37&uri=news.php%3Fid%3D188403-315%26name%3Ddelorean+uhr+rot HTTP/1.1" 200 21452 "-" "Mozilla/5.0 (Linux; Android 6.0.1; Nexus 5X Build/MMB29P) AppleWebKit/537.36 (KHTML, like Gecko) Chrome/137.0.7151.103 Mobile Safari/537.36 (compatible; Googlebot/2.1; +http://www.google.com/bot.html)"
66.249.65.35 - - [12/Jul/2025:19:50:48 +0000] "GET /?x=5711542001800&mod=2de7cf20&uri=search.php%3Fid%3D190710-333%26name%3Dpurasawalkam+saravana+stores+jewellery HTTP/1.1" 200 21923 "-" "Mozilla/5.0 (Linux; Android 6.0.1; Nexus 5X Build/MMB29P) AppleWebKit/537.36 (KHTML, like Gecko) Chrome/137.0.7151.103 Mobile Safari/537.36 (compatible; Googlebot/2.1; +http://www.google.com/bot.html)"
66.249.65.36 - - [12/Jul/2025:19:52:54 +0000] "GET /?x=5720301021800&mod=333cb763&uri=news.php%3Fid%3D191016-334%26name%3Dbaal+veer+returns+21+january+2021 HTTP/1.1" 200 22202 "-" "Mozilla/5.0 (Linux; Android 6.0.1; Nexus 5X Build/MMB29P) AppleWebKit/537.36 (KHTML, like Gecko) Chrome/137.0.7151.103 Mobile Safari/537.36 (compatible; Googlebot/2.1; +http://www.google.com/bot.html)"
66.249.65.37 - - [12/Jul/2025:19:52:57 +0000] "POST /get-message-notify HTTP/1.1" 200 21890 "https://kraft-court.cafe/?x=5720301021800&mod=333cb763&uri=news.php%3Fid%3D191016-334%26name%3Dbaal+veer+returns+21+january+2021" "Mozilla/5.0 (Linux; Android 6.0.1; Nexus 5X Build/MMB29P) AppleWebKit/537.36 (KHTML, like Gecko) Chrome/137.0.7151.119 Mobile Safari/537.36 (compatible; Googlebot/2.1; +http://www.google.com/bot.html)"
66.249.65.37 - - [12/Jul/2025:19:53:34 +0000] "GET /?x=5704196111800&mod=2de7cf20&uri=search.php%3Fid%3D190461-333%26name%3Dis+h+diamond+color+good HTTP/1.1" 200 21495 "-" "Mozilla/5.0 (Linux; Android 6.0.1; Nexus 5X Build/MMB29P) AppleWebKit/537.36 (KHTML, like Gecko) Chrome/137.0.7151.103 Mobile Safari/537.36 (compatible; Googlebot/2.1; +http://www.google.com/bot.html)"
66.249.65.35 - - [12/Jul/2025:19:53:52 +0000] "GET /?x=5665701001800&mod=dd8eb9f2&uri=shop.php%3Fid%3D189177-87%26name%3Dshoei+rf+1200+chin+mount HTTP/1.1" 200 21681 "-" "Mozilla/5.0 (Linux; Android 6.0.1; Nexus 5X Build/MMB29P) AppleWebKit/537.36 (KHTML, like Gecko) Chrome/137.0.7151.103 Mobile Safari/537.36 (compatible; Googlebot/2.1; +http://www.google.com/bot.html)"
66.249.65.35 - - [12/Jul/2025:19:54:08 +0000] "GET /?x=5642666051800&mod=55d99a37&uri=info.php%3Fid%3D188406-315%26name%3Dgro%C3%83%C2%9Fes+ziffernblatt HTTP/1.1" 200 20526 "-" "Mozilla/5.0 (Linux; Android 6.0.1; Nexus 5X Build/MMB29P) AppleWebKit/537.36 (KHTML, like Gecko) Chrome/137.0.7151.103 Mobile Safari/537.36 (compatible; Googlebot/2.1; +http://www.google.com/bot.html)"
209.74.77.214 - - [12/Jul/2025:19:55:03 +0000] "POST /wp-cron.php?doing_wp_cron=1752350103.5230820178985595703125 HTTP/1.1" 200 - "-" "WordPress/6.8.1; https://kraft-court.cafe"
51.222.253.2 - - [12/Jul/2025:19:55:02 +0000] "GET /?x=70267946091800&mod=561e7e7d&uri=blog.php%3Fid%3D2344913-1090%26name%3Dshorts+%C3%83%C2%A9t%C3%83%C2%A9 HTTP/1.1" 301 - "-" "Mozilla/5.0 (compatible; AhrefsBot/7.0; +http://ahrefs.com/robot/)"
66.249.65.37 - - [12/Jul/2025:19:55:51 +0000] "GET /?x=5681970001800&mod=2de7cf20&uri=info.php%3Fid%3D189720-333%26name%3Dkay+custom+name+necklace HTTP/1.1" 200 21035 "-" "Mozilla/5.0 (Linux; Android 6.0.1; Nexus 5X Build/MMB29P) AppleWebKit/537.36 (KHTML, like Gecko) Chrome/137.0.7151.103 Mobile Safari/537.36 (compatible; Googlebot/2.1; +http://www.google.com/bot.html)"
66.249.65.35 - - [12/Jul/2025:19:56:31 +0000] "GET /?x=5644529091800&mod=55d99a37&uri=goods.php%3Fid%3D188469-315%26name%3Ddeutsche+uhrenhersteller+liste HTTP/1.1" 200 21296 "-" "Mozilla/5.0 (Linux; Android 6.0.1; Nexus 5X Build/MMB29P) AppleWebKit/537.36 (KHTML, like Gecko) Chrome/137.0.7151.103 Mobile Safari/537.36 (compatible; Googlebot/2.1; +http://www.google.com/bot.html)"
66.249.65.36 - - [12/Jul/2025:19:57:36 +0000] "GET /?x=5722636021800&mod=333cb763&uri=shop.php%3Fid%3D191096-334%26name%3Dchhoti+sardarni+16+september+2021 HTTP/1.1" 200 22262 "-" "Mozilla/5.0 (Linux; Android 6.0.1; Nexus 5X Build/MMB29P) AppleWebKit/537.36 (KHTML, like Gecko) Chrome/137.0.7151.103 Mobile Safari/537.36 (compatible; Googlebot/2.1; +http://www.google.com/bot.html)"
66.249.65.35 - - [12/Jul/2025:19:58:51 +0000] "GET /?x=5631421071800&mod=9a96a2c7&uri=goods.php%3Fid%3D188029-301%26name%3Djerseys+corte+ingles+formula+joven HTTP/1.1" 200 20947 "-" "Mozilla/5.0 (Linux; Android 6.0.1; Nexus 5X Build/MMB29P) AppleWebKit/537.36 (KHTML, like Gecko) Chrome/137.0.7151.103 Mobile Safari/537.36 (compatible; Googlebot/2.1; +http://www.google.com/bot.html)"
66.249.65.35 - - [12/Jul/2025:19:58:53 +0000] "POST /get-message-notify HTTP/1.1" 200 21874 "https://kraft-court.cafe/?x=5631421071800&mod=9a96a2c7&uri=goods.php%3Fid%3D188029-301%26name%3Djerseys+corte+ingles+formula+joven" "Mozilla/5.0 (Linux; Android 6.0.1; Nexus 5X Build/MMB29P) AppleWebKit/537.36 (KHTML, like Gecko) Chrome/137.0.7151.119 Mobile Safari/537.36 (compatible; Googlebot/2.1; +http://www.google.com/bot.html)"
209.74.77.214 - - [12/Jul/2025:19:59:13 +0000] "POST /wp-cron.php?doing_wp_cron=1752350353.7687189579010009765625 HTTP/1.1" 200 - "-" "WordPress/6.8.1; https://kraft-court.cafe"
51.222.253.15 - - [12/Jul/2025:19:59:12 +0000] "GET /?x=70661293041800&mod=c379a104&uri=shop.php%3Fid%3D2358033-1425%26name%3Daur+force+utility HTTP/1.1" 301 - "-" "Mozilla/5.0 (compatible; AhrefsBot/7.0; +http://ahrefs.com/robot/)"
66.249.65.35 - - [12/Jul/2025:20:01:03 +0000] "GET /?x=5800148081800&mod=165a59f7&uri=pin.php%3Fid%3D193692-336%26name%3Dborse+michael+kors+2022+sito+ufficiale HTTP/1.1" 200 20423 "-" "Mozilla/5.0 (Linux; Android 6.0.1; Nexus 5X Build/MMB29P) AppleWebKit/537.36 (KHTML, like Gecko) Chrome/137.0.7151.103 Mobile Safari/537.36 (compatible; Googlebot/2.1; +http://www.google.com/bot.html)"
66.249.65.35 - - [12/Jul/2025:20:01:51 +0000] "GET /?x=5616225071800&mod=e94fe9ac&uri=blog.php%3Fid%3D187513-332%26name%3Dtamil+kuthu+dance+songs+list HTTP/1.1" 200 21711 "-" "Mozilla/5.0 (Linux; Android 6.0.1; Nexus 5X Build/MMB29P) AppleWebKit/537.36 (KHTML, like Gecko) Chrome/137.0.7151.103 Mobile Safari/537.36 (compatible; Googlebot/2.1; +http://www.google.com/bot.html)"
66.249.65.35 - - [12/Jul/2025:20:01:57 +0000] "POST /get-message-notify HTTP/1.1" 200 21855 "https://kraft-court.cafe/?x=5616225071800&mod=e94fe9ac&uri=blog.php%3Fid%3D187513-332%26name%3Dtamil+kuthu+dance+songs+list" "Mozilla/5.0 (Linux; Android 6.0.1; Nexus 5X Build/MMB29P) AppleWebKit/537.36 (KHTML, like Gecko) Chrome/137.0.7151.119 Mobile Safari/537.36 (compatible; Googlebot/2.1; +http://www.google.com/bot.html)"
66.249.65.35 - - [12/Jul/2025:20:03:00 +0000] "GET /?x=5855027001800&mod=d594b1a9&uri=news.php%3Fid%3D195523-341%26name%3Dlicuadora+hamilton+beach+con+picador HTTP/1.1" 200 22411 "-" "Mozilla/5.0 (Linux; Android 6.0.1; Nexus 5X Build/MMB29P) AppleWebKit/537.36 (KHTML, like Gecko) Chrome/137.0.7151.103 Mobile Safari/537.36 (compatible; Googlebot/2.1; +http://www.google.com/bot.html)"
66.249.65.36 - - [12/Jul/2025:20:03:07 +0000] "POST /get-message-notify HTTP/1.1" 200 21855 "https://kraft-court.cafe/?x=5855027001800&mod=d594b1a9&uri=news.php%3Fid%3D195523-341%26name%3Dlicuadora+hamilton+beach+con+picador" "Mozilla/5.0 (Linux; Android 6.0.1; Nexus 5X Build/MMB29P) AppleWebKit/537.36 (KHTML, like Gecko) Chrome/137.0.7151.119 Mobile Safari/537.36 (compatible; Googlebot/2.1; +http://www.google.com/bot.html)"
66.249.65.37 - - [12/Jul/2025:20:04:31 +0000] "GET /?x=5692800071800&mod=2de7cf20&uri=dp.php%3Fid%3D190081-333%26name%3Dhatton+garden+jewellery+store HTTP/1.1" 200 21723 "-" "Mozilla/5.0 (Linux; Android 6.0.1; Nexus 5X Build/MMB29P) AppleWebKit/537.36 (KHTML, like Gecko) Chrome/137.0.7151.103 Mobile Safari/537.36 (compatible; Googlebot/2.1; +http://www.google.com/bot.html)"
66.249.65.36 - - [12/Jul/2025:20:04:34 +0000] "POST /get-message-notify HTTP/1.1" 200 21861 "https://kraft-court.cafe/?x=5692800071800&mod=2de7cf20&uri=dp.php%3Fid%3D190081-333%26name%3Dhatton+garden+jewellery+store" "Mozilla/5.0 (Linux; Android 6.0.1; Nexus 5X Build/MMB29P) AppleWebKit/537.36 (KHTML, like Gecko) Chrome/137.0.7151.119 Mobile Safari/537.36 (compatible; Googlebot/2.1; +http://www.google.com/bot.html)"
66.249.65.36 - - [12/Jul/2025:20:04:51 +0000] "GET /?x=5716891001800&mod=333cb763&uri=search.php%3Fid%3D190897-334%26name%3D90+day+fiance+the+other+way+s02e21 HTTP/1.1" 200 21908 "-" "Mozilla/5.0 (Linux; Android 6.0.1; Nexus 5X Build/MMB29P) AppleWebKit/537.36 (KHTML, like Gecko) Chrome/137.0.7151.103 Mobile Safari/537.36 (compatible; Googlebot/2.1; +http://www.google.com/bot.html)"
66.249.65.36 - - [12/Jul/2025:20:06:05 +0000] "GET /?x=3472264051800&mod=cd3afef9&uri=info.php%3Fid%3D115901-220%26name%3Dtesco+black+jacket HTTP/1.1" 200 21977 "-" "Mozilla/5.0 (Linux; Android 6.0.1; Nexus 5X Build/MMB29P) AppleWebKit/537.36 (KHTML, like Gecko) Chrome/137.0.7151.103 Mobile Safari/537.36 (compatible; Googlebot/2.1; +http://www.google.com/bot.html)"
66.249.65.35 - - [12/Jul/2025:20:06:14 +0000] "POST /get-message-notify HTTP/1.1" 200 21865 "https://kraft-court.cafe/?x=3472264051800&mod=cd3afef9&uri=info.php%3Fid%3D115901-220%26name%3Dtesco+black+jacket" "Mozilla/5.0 (Linux; Android 6.0.1; Nexus 5X Build/MMB29P) AppleWebKit/537.36 (KHTML, like Gecko) Chrome/137.0.7151.119 Mobile Safari/537.36 (compatible; Googlebot/2.1; +http://www.google.com/bot.html)"
66.249.65.35 - - [12/Jul/2025:20:06:14 +0000] "GET /?x=5722726011800&mod=333cb763&uri=us.php%3Fid%3D191099-334%26name%3Dhunter+x+hunter+which+to+watch HTTP/1.1" 200 22222 "-" "Mozilla/5.0 (Linux; Android 6.0.1; Nexus 5X Build/MMB29P) AppleWebKit/537.36 (KHTML, like Gecko) Chrome/137.0.7151.103 Mobile Safari/537.36 (compatible; Googlebot/2.1; +http://www.google.com/bot.html)"
66.249.65.35 - - [12/Jul/2025:20:06:25 +0000] "POST /get-message-notify HTTP/1.1" 200 21861 "https://kraft-court.cafe/?x=5722726011800&mod=333cb763&uri=us.php%3Fid%3D191099-334%26name%3Dhunter+x+hunter+which+to+watch" "Mozilla/5.0 (Linux; Android 6.0.1; Nexus 5X Build/MMB29P) AppleWebKit/537.36 (KHTML, like Gecko) Chrome/137.0.7151.119 Mobile Safari/537.36 (compatible; Googlebot/2.1; +http://www.google.com/bot.html)"
66.249.65.36 - - [12/Jul/2025:20:07:22 +0000] "GET /?x=5648611051800&mod=55d99a37&uri=product.php%3Fid%3D188607-315%26name%3Dmadison+new+york+quartz HTTP/1.1" 200 21975 "-" "Mozilla/5.0 (Linux; Android 6.0.1; Nexus 5X Build/MMB29P) AppleWebKit/537.36 (KHTML, like Gecko) Chrome/137.0.7151.103 Mobile Safari/537.36 (compatible; Googlebot/2.1; +http://www.google.com/bot.html)"
66.249.65.35 - - [12/Jul/2025:20:07:52 +0000] "GET /?x=5807888061800&mod=165a59f7&uri=us.php%3Fid%3D193950-336%26name%3Dborse+fendi+usate+su+subito HTTP/1.1" 200 22476 "-" "Mozilla/5.0 (Linux; Android 6.0.1; Nexus 5X Build/MMB29P) AppleWebKit/537.36 (KHTML, like Gecko) Chrome/137.0.7151.103 Mobile Safari/537.36 (compatible; Googlebot/2.1; +http://www.google.com/bot.html)"
66.249.65.36 - - [12/Jul/2025:20:08:01 +0000] "GET /?x=5797208071800&mod=a8849b05&uri=shared.php%3Fid%3D193594-57%26name%3Dbluetooth+earphone+rs+200 HTTP/1.1" 200 22037 "-" "Mozilla/5.0 (Linux; Android 6.0.1; Nexus 5X Build/MMB29P) AppleWebKit/537.36 (KHTML, like Gecko) Chrome/137.0.7151.103 Mobile Safari/537.36 (compatible; Googlebot/2.1; +http://www.google.com/bot.html)"
66.249.65.35 - - [12/Jul/2025:20:08:23 +0000] "GET /?x=5749707001800&mod=97108695&uri=itm.php%3Fid%3D192010-335%26name%3Dsouth+park+nintendo+switch+game HTTP/1.1" 200 22291 "-" "Mozilla/5.0 (Linux; Android 6.0.1; Nexus 5X Build/MMB29P) AppleWebKit/537.36 (KHTML, like Gecko) Chrome/137.0.7151.103 Mobile Safari/537.36 (compatible; Googlebot/2.1; +http://www.google.com/bot.html)"
66.249.65.35 - - [12/Jul/2025:20:08:26 +0000] "POST /get-message-notify HTTP/1.1" 200 21855 "https://kraft-court.cafe/?x=5749707001800&mod=97108695&uri=itm.php%3Fid%3D192010-335%26name%3Dsouth+park+nintendo+switch+game" "Mozilla/5.0 (Linux; Android 6.0.1; Nexus 5X Build/MMB29P) AppleWebKit/537.36 (KHTML, like Gecko) Chrome/137.0.7151.119 Mobile Safari/537.36 (compatible; Googlebot/2.1; +http://www.google.com/bot.html)"
66.249.65.36 - - [12/Jul/2025:20:09:07 +0000] "GET /?x=5641830021800&mod=e94fe9ac&uri=us.php%3Fid%3D188378-332%26name%3Dsambalpuri+instrumental+ringtone HTTP/1.1" 200 22443 "-" "Mozilla/5.0 (Linux; Android 6.0.1; Nexus 5X Build/MMB29P) AppleWebKit/537.36 (KHTML, like Gecko) Chrome/137.0.7151.103 Mobile Safari/537.36 (compatible; Googlebot/2.1; +http://www.google.com/bot.html)"
66.249.65.36 - - [12/Jul/2025:20:09:29 +0000] "GET /?x=5640060011800&mod=55d99a37&uri=dp.php%3Fid%3D188319-315%26name%3Duhren+von+rover+lakes HTTP/1.1" 200 20733 "-" "Mozilla/5.0 (Linux; Android 6.0.1; Nexus 5X Build/MMB29P) AppleWebKit/537.36 (KHTML, like Gecko) Chrome/137.0.7151.103 Mobile Safari/537.36 (compatible; Googlebot/2.1; +http://www.google.com/bot.html)"
66.249.65.36 - - [12/Jul/2025:20:10:21 +0000] "GET /?x=5716637021800&mod=333cb763&uri=product.php%3Fid%3D190888-334%26name%3Dbaal+veer+returns+194 HTTP/1.1" 200 21858 "-" "Mozilla/5.0 (Linux; Android 6.0.1; Nexus 5X Build/MMB29P) AppleWebKit/537.36 (KHTML, like Gecko) Chrome/137.0.7151.103 Mobile Safari/537.36 (compatible; Googlebot/2.1; +http://www.google.com/bot.html)"
66.249.65.35 - - [12/Jul/2025:20:10:54 +0000] "GET /?x=55383017021800&mod=bf62768c&uri=pin.php%3Fid%3D1848172-75%26name%3Dblusas+algodon+licrado HTTP/1.1" 200 22221 "-" "Mozilla/5.0 (Linux; Android 6.0.1; Nexus 5X Build/MMB29P) AppleWebKit/537.36 (KHTML, like Gecko) Chrome/137.0.7151.103 Mobile Safari/537.36 (compatible; Googlebot/2.1; +http://www.google.com/bot.html)"
66.249.65.35 - - [12/Jul/2025:20:11:30 +0000] "GET /?x=5693520011800&mod=2de7cf20&uri=itm.php%3Fid%3D190105-333%26name%3Dauntie+ring+argos HTTP/1.1" 200 21806 "-" "Mozilla/5.0 (Linux; Android 6.0.1; Nexus 5X Build/MMB29P) AppleWebKit/537.36 (KHTML, like Gecko) Chrome/137.0.7151.103 Mobile Safari/537.36 (compatible; Googlebot/2.1; +http://www.google.com/bot.html)"
66.249.65.36 - - [12/Jul/2025:20:11:36 +0000] "POST /get-message-notify HTTP/1.1" 200 21862 "https://kraft-court.cafe/?x=5693520011800&mod=2de7cf20&uri=itm.php%3Fid%3D190105-333%26name%3Dauntie+ring+argos" "Mozilla/5.0 (Linux; Android 6.0.1; Nexus 5X Build/MMB29P) AppleWebKit/537.36 (KHTML, like Gecko) Chrome/137.0.7151.119 Mobile Safari/537.36 (compatible; Googlebot/2.1; +http://www.google.com/bot.html)"
66.249.65.35 - - [12/Jul/2025:20:11:53 +0000] "GET /?x=5678991001800&mod=dc6a7e65&uri=pin.php%3Fid%3D189620-308%26name%3Djcpenney+hoodies+womens HTTP/1.1" 200 21915 "-" "Mozilla/5.0 (Linux; Android 6.0.1; Nexus 5X Build/MMB29P) AppleWebKit/537.36 (KHTML, like Gecko) Chrome/137.0.7151.103 Mobile Safari/537.36 (compatible; Googlebot/2.1; +http://www.google.com/bot.html)"
66.249.65.35 - - [12/Jul/2025:20:12:09 +0000] "GET /?x=5085607021800&mod=ffbd6cbb&uri=goods.php%3Fid%3D169776-310%26name%3Dnow+tv+shield+tv HTTP/1.1" 200 22289 "-" "Mozilla/5.0 (Linux; Android 6.0.1; Nexus 5X Build/MMB29P) AppleWebKit/537.36 (KHTML, like Gecko) Chrome/137.0.7151.103 Mobile Safari/537.36 (compatible; Googlebot/2.1; +http://www.google.com/bot.html)"
66.249.65.35 - - [12/Jul/2025:20:12:21 +0000] "POST /get-message-notify HTTP/1.1" 200 21865 "https://kraft-court.cafe/?x=5085607021800&mod=ffbd6cbb&uri=goods.php%3Fid%3D169776-310%26name%3Dnow+tv+shield+tv" "Mozilla/5.0 (Linux; Android 6.0.1; Nexus 5X Build/MMB29P) AppleWebKit/537.36 (KHTML, like Gecko) Chrome/137.0.7151.119 Mobile Safari/537.36 (compatible; Googlebot/2.1; +http://www.google.com/bot.html)"
66.249.65.35 - - [12/Jul/2025:20:12:29 +0000] "GET /?x=5630911021800&mod=55d99a37&uri=dp.php%3Fid%3D188012-315%26name%3Dmaurice+lacroix+pontos+uhren HTTP/1.1" 200 21350 "-" "Mozilla/5.0 (Linux; Android 6.0.1; Nexus 5X Build/MMB29P) AppleWebKit/537.36 (KHTML, like Gecko) Chrome/137.0.7151.103 Mobile Safari/537.36 (compatible; Googlebot/2.1; +http://www.google.com/bot.html)"
66.249.65.36 - - [12/Jul/2025:20:13:21 +0000] "GET /?x=47420031101800&mod=76309eaf&uri=goods.php%3Fid%3D1582519-1018%26name%3Dclassy+hoop+earrings HTTP/1.1" 200 21426 "-" "Mozilla/5.0 (Linux; Android 6.0.1; Nexus 5X Build/MMB29P) AppleWebKit/537.36 (KHTML, like Gecko) Chrome/137.0.7151.103 Mobile Safari/537.36 (compatible; Googlebot/2.1; +http://www.google.com/bot.html)"
66.249.65.36 - - [12/Jul/2025:20:13:34 +0000] "POST /get-message-notify HTTP/1.1" 200 21862 "https://kraft-court.cafe/?x=47420031101800&mod=76309eaf&uri=goods.php%3Fid%3D1582519-1018%26name%3Dclassy+hoop+earrings" "Mozilla/5.0 (Linux; Android 6.0.1; Nexus 5X Build/MMB29P) AppleWebKit/537.36 (KHTML, like Gecko) Chrome/137.0.7151.119 Mobile Safari/537.36 (compatible; Googlebot/2.1; +http://www.google.com/bot.html)"
66.249.65.35 - - [12/Jul/2025:20:13:51 +0000] "GET /?x=5751087041800&mod=97108695&uri=dp.php%3Fid%3D192056-335%26name%3Dacnh+switch+lite+case HTTP/1.1" 200 21661 "-" "Mozilla/5.0 (Linux; Android 6.0.1; Nexus 5X Build/MMB29P) AppleWebKit/537.36 (KHTML, like Gecko) Chrome/137.0.7151.103 Mobile Safari/537.36 (compatible; Googlebot/2.1; +http://www.google.com/bot.html)"
66.249.65.37 - - [12/Jul/2025:20:14:23 +0000] "GET /?x=5785135041800&mod=a8849b05&uri=category-info.php%3Fid%3D193191-57%26name%3Draycon+e25+best+buy HTTP/1.1" 200 23018 "-" "Mozilla/5.0 (Linux; Android 6.0.1; Nexus 5X Build/MMB29P) AppleWebKit/537.36 (KHTML, like Gecko) Chrome/137.0.7151.103 Mobile Safari/537.36 (compatible; Googlebot/2.1; +http://www.google.com/bot.html)"
66.249.65.36 - - [12/Jul/2025:20:14:54 +0000] "GET /?x=5681490111800&mod=dc6a7e65&uri=itm.php%3Fid%3D189704-308%26name%3Dweekday+mens+hoodie HTTP/1.1" 200 22247 "-" "Mozilla/5.0 (Linux; Android 6.0.1; Nexus 5X Build/MMB29P) AppleWebKit/537.36 (KHTML, like Gecko) Chrome/137.0.7151.103 Mobile Safari/537.36 (compatible; Googlebot/2.1; +http://www.google.com/bot.html)"
66.249.65.35 - - [12/Jul/2025:20:14:54 +0000] "GET /?x=59506261021800&mod=e94fe9ac&uri=form.php%3Fid%3D1985760-332%26name%3Dpink+floyd+watch+face HTTP/1.1" 200 21975 "-" "Mozilla/5.0 (Linux; Android 6.0.1; Nexus 5X Build/MMB29P) AppleWebKit/537.36 (KHTML, like Gecko) Chrome/137.0.7151.103 Mobile Safari/537.36 (compatible; Googlebot/2.1; +http://www.google.com/bot.html)"
66.249.65.35 - - [12/Jul/2025:20:15:06 +0000] "POST /get-message-notify HTTP/1.1" 200 21863 "https://kraft-court.cafe/?x=59506261021800&mod=e94fe9ac&uri=form.php%3Fid%3D1985760-332%26name%3Dpink+floyd+watch+face" "Mozilla/5.0 (Linux; Android 6.0.1; Nexus 5X Build/MMB29P) AppleWebKit/537.36 (KHTML, like Gecko) Chrome/137.0.7151.119 Mobile Safari/537.36 (compatible; Googlebot/2.1; +http://www.google.com/bot.html)"
66.249.65.35 - - [12/Jul/2025:20:15:13 +0000] "GET /?x=5776677001800&mod=a8849b05&uri=blog.php%3Fid%3D192909-57%26name%3Dbeyerdynamic+speakerphone HTTP/1.1" 200 22178 "-" "Mozilla/5.0 (Linux; Android 6.0.1; Nexus 5X Build/MMB29P) AppleWebKit/537.36 (KHTML, like Gecko) Chrome/137.0.7151.103 Mobile Safari/537.36 (compatible; Googlebot/2.1; +http://www.google.com/bot.html)"
66.249.65.35 - - [12/Jul/2025:20:15:31 +0000] "POST /get-message-notify HTTP/1.1" 200 21876 "https://kraft-court.cafe/?x=5776677001800&mod=a8849b05&uri=blog.php%3Fid%3D192909-57%26name%3Dbeyerdynamic+speakerphone" "Mozilla/5.0 (Linux; Android 6.0.1; Nexus 5X Build/MMB29P) AppleWebKit/537.36 (KHTML, like Gecko) Chrome/137.0.7151.119 Mobile Safari/537.36 (compatible; Googlebot/2.1; +http://www.google.com/bot.html)"
66.249.65.35 - - [12/Jul/2025:20:15:31 +0000] "GET /?x=5640300041800&mod=55d99a37&uri=shared.php%3Fid%3D188327-315%26name%3Dpaul+valentine+uhren+wasserdicht HTTP/1.1" 200 21627 "-" "Mozilla/5.0 (Linux; Android 6.0.1; Nexus 5X Build/MMB29P) AppleWebKit/537.36 (KHTML, like Gecko) Chrome/137.0.7151.103 Mobile Safari/537.36 (compatible; Googlebot/2.1; +http://www.google.com/bot.html)"
66.249.65.37 - - [12/Jul/2025:20:16:21 +0000] "GET /?x=5644379061800&mod=55d99a37&uri=brands.php%3Fid%3D188464-315%26name%3Dskagen+hagen+armband HTTP/1.1" 200 21822 "-" "Mozilla/5.0 (Linux; Android 6.0.1; Nexus 5X Build/MMB29P) AppleWebKit/537.36 (KHTML, like Gecko) Chrome/137.0.7151.103 Mobile Safari/537.36 (compatible; Googlebot/2.1; +http://www.google.com/bot.html)"
66.249.65.35 - - [12/Jul/2025:20:16:35 +0000] "POST /get-message-notify HTTP/1.1" 200 21863 "https://kraft-court.cafe/?x=5640300041800&mod=55d99a37&uri=shared.php%3Fid%3D188327-315%26name%3Dpaul+valentine+uhren+wasserdicht" "Mozilla/5.0 (Linux; Android 6.0.1; Nexus 5X Build/MMB29P) AppleWebKit/537.36 (KHTML, like Gecko) Chrome/137.0.7151.119 Mobile Safari/537.36 (compatible; Googlebot/2.1; +http://www.google.com/bot.html)"
66.249.65.35 - - [12/Jul/2025:20:16:51 +0000] "GET /?x=70293383031800&mod=3e3aa687&uri=pin.php%3Fid%3D2345761-415%26name%3Dsudadera+snoopy+roja HTTP/1.1" 200 21315 "-" "Mozilla/5.0 (Linux; Android 6.0.1; Nexus 5X Build/MMB29P) AppleWebKit/537.36 (KHTML, like Gecko) Chrome/137.0.7151.103 Mobile Safari/537.36 (compatible; Googlebot/2.1; +http://www.google.com/bot.html)"
66.249.65.37 - - [12/Jul/2025:20:17:25 +0000] "POST /get-message-notify HTTP/1.1" 200 21858 "https://kraft-court.cafe/?x=70293383031800&mod=3e3aa687&uri=pin.php%3Fid%3D2345761-415%26name%3Dsudadera+snoopy+roja" "Mozilla/5.0 (Linux; Android 6.0.1; Nexus 5X Build/MMB29P) AppleWebKit/537.36 (KHTML, like Gecko) Chrome/137.0.7151.119 Mobile Safari/537.36 (compatible; Googlebot/2.1; +http://www.google.com/bot.html)"
66.249.65.36 - - [12/Jul/2025:20:17:32 +0000] "GET /?x=5868099001800&mod=d594b1a9&uri=shop.php%3Fid%3D195960-341%26name%3Dcentro+de+quiromasaje+vidad HTTP/1.1" 200 21819 "-" "Mozilla/5.0 (Linux; Android 6.0.1; Nexus 5X Build/MMB29P) AppleWebKit/537.36 (KHTML, like Gecko) Chrome/137.0.7151.103 Mobile Safari/537.36 (compatible; Googlebot/2.1; +http://www.google.com/bot.html)"
66.249.65.35 - - [12/Jul/2025:20:18:16 +0000] "GET /?x=5707514061800&mod=2de7cf20&uri=blog.php%3Fid%3D190574-333%26name%3Dwhich+countries+wear+wedding+ring+on+left+hand HTTP/1.1" 200 22008 "-" "Mozilla/5.0 (Linux; Android 6.0.1; Nexus 5X Build/MMB29P) AppleWebKit/537.36 (KHTML, like Gecko) Chrome/137.0.7151.103 Mobile Safari/537.36 (compatible; Googlebot/2.1; +http://www.google.com/bot.html)"
66.249.65.36 - - [12/Jul/2025:20:18:16 +0000] "GET /?x=5724994001800&mod=333cb763&uri=itm.php%3Fid%3D191177-334%26name%3Dbigg+boss+13+8th+october+2019 HTTP/1.1" 200 23323 "-" "Mozilla/5.0 (Linux; Android 6.0.1; Nexus 5X Build/MMB29P) AppleWebKit/537.36 (KHTML, like Gecko) Chrome/137.0.7151.103 Mobile Safari/537.36 (compatible; Googlebot/2.1; +http://www.google.com/bot.html)"
66.249.65.36 - - [12/Jul/2025:20:18:22 +0000] "GET /?x=5778625021800&mod=a8849b05&uri=form.php%3Fid%3D192974-57%26name%3Dsonized+earphone+price HTTP/1.1" 200 22070 "-" "Mozilla/5.0 (Linux; Android 6.0.1; Nexus 5X Build/MMB29P) AppleWebKit/537.36 (KHTML, like Gecko) Chrome/137.0.7151.103 Mobile Safari/537.36 (compatible; Googlebot/2.1; +http://www.google.com/bot.html)"
209.74.77.214 - - [12/Jul/2025:20:18:33 +0000] "POST /wp-cron.php?doing_wp_cron=1752351513.2062089443206787109375 HTTP/1.1" 200 - "-" "WordPress/6.8.1; https://kraft-court.cafe"
51.222.253.8 - - [12/Jul/2025:20:18:32 +0000] "GET /?x=71552421041800&mod=4de9b782&uri=blog.php%3Fid%3D2387775-1309%26name%3Dstate+championship+ring+cost HTTP/1.1" 301 - "-" "Mozilla/5.0 (compatible; AhrefsBot/7.0; +http://ahrefs.com/robot/)"
66.249.65.35 - - [12/Jul/2025:20:18:35 +0000] "GET /?x=5723454001800&mod=333cb763&uri=blog.php%3Fid%3D191124-334%26name%3Dbarrister+babu+10+november+2021 HTTP/1.1" 200 22013 "-" "Mozilla/5.0 (Linux; Android 6.0.1; Nexus 5X Build/MMB29P) AppleWebKit/537.36 (KHTML, like Gecko) Chrome/137.0.7151.103 Mobile Safari/537.36 (compatible; Googlebot/2.1; +http://www.google.com/bot.html)"
66.249.65.35 - - [12/Jul/2025:20:18:46 +0000] "POST /get-message-notify HTTP/1.1" 200 21855 "https://kraft-court.cafe/?x=5724994001800&mod=333cb763&uri=itm.php%3Fid%3D191177-334%26name%3Dbigg+boss+13+8th+october+2019" "Mozilla/5.0 (Linux; Android 6.0.1; Nexus 5X Build/MMB29P) AppleWebKit/537.36 (KHTML, like Gecko) Chrome/137.0.7151.119 Mobile Safari/537.36 (compatible; Googlebot/2.1; +http://www.google.com/bot.html)"
66.249.65.35 - - [12/Jul/2025:20:18:48 +0000] "POST /get-message-notify HTTP/1.1" 200 21869 "https://kraft-court.cafe/?x=5778625021800&mod=a8849b05&uri=form.php%3Fid%3D192974-57%26name%3Dsonized+earphone+price" "Mozilla/5.0 (Linux; Android 6.0.1; Nexus 5X Build/MMB29P) AppleWebKit/537.36 (KHTML, like Gecko) Chrome/137.0.7151.119 Mobile Safari/537.36 (compatible; Googlebot/2.1; +http://www.google.com/bot.html)"
66.249.65.37 - - [12/Jul/2025:20:19:24 +0000] "GET /?x=5848731001800&mod=621fbd17&uri=info.php%3Fid%3D195313-338%26name%3Dadidas+us+warehouse+location+espa%C3%83%C2%B1ol HTTP/1.1" 200 22001 "-" "Mozilla/5.0 (Linux; Android 6.0.1; Nexus 5X Build/MMB29P) AppleWebKit/537.36 (KHTML, like Gecko) Chrome/137.0.7151.103 Mobile Safari/537.36 (compatible; Googlebot/2.1; +http://www.google.com/bot.html)"
66.249.65.36 - - [12/Jul/2025:20:19:40 +0000] "POST /get-message-notify HTTP/1.1" 200 21856 "https://kraft-court.cafe/?x=5848731001800&mod=621fbd17&uri=info.php%3Fid%3D195313-338%26name%3Dadidas+us+warehouse+location+espa%C3%83%C2%B1ol" "Mozilla/5.0 (Linux; Android 6.0.1; Nexus 5X Build/MMB29P) AppleWebKit/537.36 (KHTML, like Gecko) Chrome/137.0.7151.119 Mobile Safari/537.36 (compatible; Googlebot/2.1; +http://www.google.com/bot.html)"
66.249.65.37 - - [12/Jul/2025:20:20:23 +0000] "GET /?x=5731638131800&mod=333cb763&uri=goods.php%3Fid%3D191406-334%26name%3Dthe+boondocks+full HTTP/1.1" 200 21566 "-" "Mozilla/5.0 (Linux; Android 6.0.1; Nexus 5X Build/MMB29P) AppleWebKit/537.36 (KHTML, like Gecko) Chrome/137.0.7151.103 Mobile Safari/537.36 (compatible; Googlebot/2.1; +http://www.google.com/bot.html)"
66.249.65.36 - - [12/Jul/2025:20:20:32 +0000] "GET /?x=5817008021800&mod=165a59f7&uri=product.php%3Fid%3D194254-336%26name%3Dshopper+da+spiaggia HTTP/1.1" 200 22422 "-" "Mozilla/5.0 (Linux; Android 6.0.1; Nexus 5X Build/MMB29P) AppleWebKit/537.36 (KHTML, like Gecko) Chrome/137.0.7151.103 Mobile Safari/537.36 (compatible; Googlebot/2.1; +http://www.google.com/bot.html)"
66.249.65.36 - - [12/Jul/2025:20:21:15 +0000] "GET /?x=5846031051800&mod=384babc3&uri=info.php%3Fid%3D195223-339%26name%3Dzapatos+reebok+flex+outlet HTTP/1.1" 200 20899 "-" "Mozilla/5.0 (Linux; Android 6.0.1; Nexus 5X Build/MMB29P) AppleWebKit/537.36 (KHTML, like Gecko) Chrome/137.0.7151.103 Mobile Safari/537.36 (compatible; Googlebot/2.1; +http://www.google.com/bot.html)"
66.249.65.36 - - [12/Jul/2025:20:21:19 +0000] "GET /?x=5721751021800&mod=333cb763&uri=shared.php%3Fid%3D191066-334%26name%3Dbigg+boss+13+7th+october+2021 HTTP/1.1" 200 21900 "-" "Mozilla/5.0 (Linux; Android 6.0.1; Nexus 5X Build/MMB29P) AppleWebKit/537.36 (KHTML, like Gecko) Chrome/137.0.7151.103 Mobile Safari/537.36 (compatible; Googlebot/2.1; +http://www.google.com/bot.html)"
66.249.65.35 - - [12/Jul/2025:20:21:38 +0000] "GET /?x=5676591021800&mod=dc6a7e65&uri=form.php%3Fid%3D189540-308%26name%3Dladies+sweatshirts+with+designs HTTP/1.1" 200 23841 "-" "Mozilla/5.0 (Linux; Android 6.0.1; Nexus 5X Build/MMB29P) AppleWebKit/537.36 (KHTML, like Gecko) Chrome/137.0.7151.103 Mobile Safari/537.36 (compatible; Googlebot/2.1; +http://www.google.com/bot.html)"
66.249.65.35 - - [12/Jul/2025:20:22:21 +0000] "GET /?x=5729378001800&mod=333cb763&uri=itm.php%3Fid%3D191330-334%26name%3Dhorimiya+eng+sub HTTP/1.1" 200 21949 "-" "Mozilla/5.0 (Linux; Android 6.0.1; Nexus 5X Build/MMB29P) AppleWebKit/537.36 (KHTML, like Gecko) Chrome/137.0.7151.103 Mobile Safari/537.36 (compatible; Googlebot/2.1; +http://www.google.com/bot.html)"
54.36.148.113 - - [12/Jul/2025:20:23:10 +0000] "GET /robots.txt HTTP/1.1" 200 86 "-" "Mozilla/5.0 (compatible; AhrefsBot/7.0; +http://ahrefs.com/robot/)"
209.74.77.214 - - [12/Jul/2025:20:23:13 +0000] "POST /wp-cron.php?doing_wp_cron=1752351793.4897699356079101562500 HTTP/1.1" 200 - "-" "WordPress/6.8.1; https://kraft-court.cafe"
54.36.149.55 - - [12/Jul/2025:20:23:12 +0000] "GET /?x=72656477061800&mod=2f5c6c71&uri=brands.php%3Fid%3D2424627-1449%26name%3Dnike+concept+club HTTP/1.1" 301 - "-" "Mozilla/5.0 (compatible; AhrefsBot/7.0; +http://ahrefs.com/robot/)"
66.249.65.36 - - [12/Jul/2025:20:23:32 +0000] "GET /?x=5972525041800&mod=e3ea3396&uri=us.php%3Fid%3D199443-345%26name%3Dpantalones+snow+hombre+baratos HTTP/1.1" 200 21367 "-" "Mozilla/5.0 (Linux; Android 6.0.1; Nexus 5X Build/MMB29P) AppleWebKit/537.36 (KHTML, like Gecko) Chrome/137.0.7151.103 Mobile Safari/537.36 (compatible; Googlebot/2.1; +http://www.google.com/bot.html)"
66.249.65.36 - - [12/Jul/2025:20:24:18 +0000] "GET /?x=5802848081800&mod=165a59f7&uri=category-info.php%3Fid%3D193782-336%26name%3Dzainetto+bomboniera+uncinetto HTTP/1.1" 200 21060 "-" "Mozilla/5.0 (Linux; Android 6.0.1; Nexus 5X Build/MMB29P) AppleWebKit/537.36 (KHTML, like Gecko) Chrome/137.0.7151.103 Mobile Safari/537.36 (compatible; Googlebot/2.1; +http://www.google.com/bot.html)"
66.249.65.36 - - [12/Jul/2025:20:24:24 +0000] "GET /?x=5720091051800&mod=333cb763&uri=pin.php%3Fid%3D191009-334%26name%3Dzee5+aur+pyar+ho+gaya HTTP/1.1" 200 22212 "-" "Mozilla/5.0 (Linux; Android 6.0.1; Nexus 5X Build/MMB29P) AppleWebKit/537.36 (KHTML, like Gecko) Chrome/137.0.7151.103 Mobile Safari/537.36 (compatible; Googlebot/2.1; +http://www.google.com/bot.html)"
66.249.65.35 - - [12/Jul/2025:20:24:40 +0000] "GET /?x=5574664031800&mod=cd3afef9&uri=category-info.php%3Fid%3D186103-220%26name%3Dneon+orange+blazer+dress HTTP/1.1" 200 22182 "-" "Mozilla/5.0 (Linux; Android 6.0.1; Nexus 5X Build/MMB29P) AppleWebKit/537.36 (KHTML, like Gecko) Chrome/137.0.7151.103 Mobile Safari/537.36 (compatible; Googlebot/2.1; +http://www.google.com/bot.html)"
66.249.65.37 - - [12/Jul/2025:20:25:21 +0000] "GET /?x=5629023051800&mod=55d99a37&uri=shop.php%3Fid%3D187948-315%26name%3Darmbanduhr+rot HTTP/1.1" 200 21416 "-" "Mozilla/5.0 (Linux; Android 6.0.1; Nexus 5X Build/MMB29P) AppleWebKit/537.36 (KHTML, like Gecko) Chrome/137.0.7151.103 Mobile Safari/537.36 (compatible; Googlebot/2.1; +http://www.google.com/bot.html)"
66.249.65.35 - - [12/Jul/2025:20:26:16 +0000] "POST /get-message-notify HTTP/1.1" 200 21868 "https://kraft-court.cafe/?x=5721751021800&mod=333cb763&uri=shared.php%3Fid%3D191066-334%26name%3Dbigg+boss+13+7th+october+2021" "Mozilla/5.0 (Linux; Android 6.0.1; Nexus 5X Build/MMB29P) AppleWebKit/537.36 (KHTML, like Gecko) Chrome/137.0.7151.119 Mobile Safari/537.36 (compatible; Googlebot/2.1; +http://www.google.com/bot.html)"
66.249.65.35 - - [12/Jul/2025:20:26:23 +0000] "GET /?x=5636283101800&mod=55d99a37&uri=itm.php%3Fid%3D188192-315%26name%3Dgro%C3%83%C2%9Fe+uhren HTTP/1.1" 200 20915 "-" "Mozilla/5.0 (Linux; Android 6.0.1; Nexus 5X Build/MMB29P) AppleWebKit/537.36 (KHTML, like Gecko) Chrome/137.0.7151.103 Mobile Safari/537.36 (compatible; Googlebot/2.1; +http://www.google.com/bot.html)"
66.249.65.35 - - [12/Jul/2025:20:26:26 +0000] "POST /get-message-notify HTTP/1.1" 200 21863 "https://kraft-court.cafe/?x=5636283101800&mod=55d99a37&uri=itm.php%3Fid%3D188192-315%26name%3Dgro%C3%83%C2%9Fe+uhren" "Mozilla/5.0 (Linux; Android 6.0.1; Nexus 5X Build/MMB29P) AppleWebKit/537.36 (KHTML, like Gecko) Chrome/137.0.7151.119 Mobile Safari/537.36 (compatible; Googlebot/2.1; +http://www.google.com/bot.html)"
66.249.65.35 - - [12/Jul/2025:20:26:32 +0000] "GET /?x=5796488001800&mod=165a59f7&uri=brands.php%3Fid%3D193570-336%26name%3Dgivenchy+borse+donna HTTP/1.1" 200 20926 "-" "Mozilla/5.0 (Linux; Android 6.0.1; Nexus 5X Build/MMB29P) AppleWebKit/537.36 (KHTML, like Gecko) Chrome/137.0.7151.103 Mobile Safari/537.36 (compatible; Googlebot/2.1; +http://www.google.com/bot.html)"
66.249.65.35 - - [12/Jul/2025:20:26:39 +0000] "GET /?x=119671933001800&mod=6b9bb055&uri=brands.php%3Fid%3D3993818-466%26name%3Dshyanne+black+boots HTTP/1.1" 200 22186 "-" "Mozilla/5.0 (Linux; Android 6.0.1; Nexus 5X Build/MMB29P) AppleWebKit/537.36 (KHTML, like Gecko) Chrome/137.0.7151.103 Mobile Safari/537.36 (compatible; Googlebot/2.1; +http://www.google.com/bot.html)"
66.249.65.35 - - [12/Jul/2025:20:26:40 +0000] "GET /?x=5874738031800&mod=d594b1a9&uri=shared.php%3Fid%3D196182-341%26name%3Dray+ban+cristal+naranja HTTP/1.1" 200 22340 "-" "Mozilla/5.0 (Linux; Android 6.0.1; Nexus 5X Build/MMB29P) AppleWebKit/537.36 (KHTML, like Gecko) Chrome/137.0.7151.103 Mobile Safari/537.36 (compatible; Googlebot/2.1; +http://www.google.com/bot.html)"
66.249.65.35 - - [12/Jul/2025:20:26:42 +0000] "POST /get-message-notify HTTP/1.1" 200 21867 "https://kraft-court.cafe/?x=5874738031800&mod=d594b1a9&uri=shared.php%3Fid%3D196182-341%26name%3Dray+ban+cristal+naranja" "Mozilla/5.0 (Linux; Android 6.0.1; Nexus 5X Build/MMB29P) AppleWebKit/537.36 (KHTML, like Gecko) Chrome/137.0.7151.119 Mobile Safari/537.36 (compatible; Googlebot/2.1; +http://www.google.com/bot.html)"
66.249.65.35 - - [12/Jul/2025:20:26:43 +0000] "POST /get-message-notify HTTP/1.1" 200 21870 "https://kraft-court.cafe/?x=5796488001800&mod=165a59f7&uri=brands.php%3Fid%3D193570-336%26name%3Dgivenchy+borse+donna" "Mozilla/5.0 (Linux; Android 6.0.1; Nexus 5X Build/MMB29P) AppleWebKit/537.36 (KHTML, like Gecko) Chrome/137.0.7151.119 Mobile Safari/537.36 (compatible; Googlebot/2.1; +http://www.google.com/bot.html)"
66.249.65.35 - - [12/Jul/2025:20:27:24 +0000] "GET /?x=5640810111800&mod=55d99a37&uri=itm.php%3Fid%3D188344-315%26name%3Duhrenarmband+edelstahl+21mm HTTP/1.1" 200 20454 "-" "Mozilla/5.0 (Linux; Android 6.0.1; Nexus 5X Build/MMB29P) AppleWebKit/537.36 (KHTML, like Gecko) Chrome/137.0.7151.103 Mobile Safari/537.36 (compatible; Googlebot/2.1; +http://www.google.com/bot.html)"
66.249.65.36 - - [12/Jul/2025:20:28:32 +0000] "GET /?x=5782855091800&mod=a8849b05&uri=search.php%3Fid%3D193115-57%26name%3Dbest+wireless+bluetooth+headphones+under+1000 HTTP/1.1" 200 21364 "-" "Mozilla/5.0 (Linux; Android 6.0.1; Nexus 5X Build/MMB29P) AppleWebKit/537.36 (KHTML, like Gecko) Chrome/137.0.7151.103 Mobile Safari/537.36 (compatible; Googlebot/2.1; +http://www.google.com/bot.html)"
66.249.65.36 - - [12/Jul/2025:20:28:38 +0000] "POST /get-message-notify HTTP/1.1" 200 21861 "https://kraft-court.cafe/?x=5782855091800&mod=a8849b05&uri=search.php%3Fid%3D193115-57%26name%3Dbest+wireless+bluetooth+headphones+under+1000" "Mozilla/5.0 (Linux; Android 6.0.1; Nexus 5X Build/MMB29P) AppleWebKit/537.36 (KHTML, like Gecko) Chrome/137.0.7151.119 Mobile Safari/537.36 (compatible; Googlebot/2.1; +http://www.google.com/bot.html)"
66.249.65.37 - - [12/Jul/2025:20:34:10 +0000] "GET /?x=59700048061800&mod=c33b41e8&uri=product.php%3Fid%3D1992238-1087%26name%3Dintex+king+kool+lounge HTTP/1.1" 200 22076 "-" "Mozilla/5.0 (Linux; Android 6.0.1; Nexus 5X Build/MMB29P) AppleWebKit/537.36 (KHTML, like Gecko) Chrome/137.0.7151.103 Mobile Safari/537.36 (compatible; Googlebot/2.1; +http://www.google.com/bot.html)"
66.249.65.36 - - [12/Jul/2025:20:34:33 +0000] "POST /get-message-notify HTTP/1.1" 200 21858 "https://kraft-court.cafe/?x=59700048061800&mod=c33b41e8&uri=product.php%3Fid%3D1992238-1087%26name%3Dintex+king+kool+lounge" "Mozilla/5.0 (Linux; Android 6.0.1; Nexus 5X Build/MMB29P) AppleWebKit/537.36 (KHTML, like Gecko) Chrome/137.0.7151.119 Mobile Safari/537.36 (compatible; Googlebot/2.1; +http://www.google.com/bot.html)"
66.249.65.35 - - [12/Jul/2025:20:36:02 +0000] "GET /?x=59692625021800&mod=c33b41e8&uri=info.php%3Fid%3D1991990-1087%26name%3Drattan+top+coffee+table HTTP/1.1" 200 21572 "-" "Mozilla/5.0 (Linux; Android 6.0.1; Nexus 5X Build/MMB29P) AppleWebKit/537.36 (KHTML, like Gecko) Chrome/137.0.7151.103 Mobile Safari/537.36 (compatible; Googlebot/2.1; +http://www.google.com/bot.html)"
66.249.65.35 - - [12/Jul/2025:20:36:05 +0000] "POST /get-message-notify HTTP/1.1" 200 21871 "https://kraft-court.cafe/?x=59692625021800&mod=c33b41e8&uri=info.php%3Fid%3D1991990-1087%26name%3Drattan+top+coffee+table" "Mozilla/5.0 (Linux; Android 6.0.1; Nexus 5X Build/MMB29P) AppleWebKit/537.36 (KHTML, like Gecko) Chrome/137.0.7151.119 Mobile Safari/537.36 (compatible; Googlebot/2.1; +http://www.google.com/bot.html)"
66.249.65.35 - - [12/Jul/2025:20:37:58 +0000] "GET /?x=77834823011800&mod=f277335b&uri=form.php%3Fid%3D2597438-1486%26name%3Devga+1050+ti+superclocked HTTP/1.1" 200 20993 "-" "Mozilla/5.0 (Linux; Android 6.0.1; Nexus 5X Build/MMB29P) AppleWebKit/537.36 (KHTML, like Gecko) Chrome/137.0.7151.103 Mobile Safari/537.36 (compatible; Googlebot/2.1; +http://www.google.com/bot.html)"
209.74.77.214 - - [12/Jul/2025:20:38:54 +0000] "POST /wp-cron.php?doing_wp_cron=1752352734.4889810085296630859375 HTTP/1.1" 200 - "-" "WordPress/6.8.1; https://kraft-court.cafe"
222.255.136.66 - - [12/Jul/2025:20:38:53 +0000] "POST /xmlrpc.php HTTP/1.1" 200 403 "-" "Mozilla/5.0 (Linux; Android 10; LM-X420) AppleWebKit/537.36 (KHTML, like Gecko) Chrome/91.0.4472.114 Mobile Safari/537.36"
206.83.228.66 - - [12/Jul/2025:20:39:00 +0000] "POST /xmlrpc.php HTTP/1.1" 200 403 "-" "Mozilla/5.0 (Windows NT 10.0; Win64; x64) AppleWebKit/537.36 (KHTML, like Gecko) Chrome/79.0.3945.88 Safari/537.36"
195.117.36.240 - - [12/Jul/2025:20:39:07 +0000] "POST /xmlrpc.php HTTP/1.1" 200 403 "-" "Mozilla/5.0 (Windows NT 6.1; WOW64) AppleWebKit/537.1 (KHTML, like Gecko) Chrome/21.0.1180.83 Safari/537.1"
185.99.135.177 - - [12/Jul/2025:20:39:23 +0000] "POST /xmlrpc.php HTTP/1.1" 200 403 "-" "Mozilla/5.0 (Windows NT 10.0; Win64; x64) AppleWebKit/537.36 (KHTML, like Gecko) Chrome/88.0.4324.104 Safari/537.36"
206.83.228.66 - - [12/Jul/2025:20:39:28 +0000] "POST /xmlrpc.php HTTP/1.1" 200 403 "-" "Mozilla/5.0 (Windows NT 6.1; Win64; x64) AppleWebKit/537.36 (KHTML, like Gecko) Chrome/60.0.3112.90 Safari/537.36"
209.74.77.214 - - [12/Jul/2025:20:39:33 +0000] "POST /wp-cron.php?doing_wp_cron=1752352773.2504849433898925781250 HTTP/1.1" 200 - "-" "WordPress/6.8.1; https://kraft-court.cafe"
103.167.89.11 - - [12/Jul/2025:20:39:33 +0000] "POST /xmlrpc.php HTTP/1.1" 200 403 "-" "Mozilla/5.0 (Windows NT 10.0) AppleWebKit/537.36 (KHTML, like Gecko) Chrome/91.0.4472.114 Safari/537.36"
209.74.77.214 - - [12/Jul/2025:20:40:00 +0000] "POST /wp-cron.php?doing_wp_cron=1752352800.0153319835662841796875 HTTP/1.1" 200 - "-" "WordPress/6.8.1; https://kraft-court.cafe"
104.207.254.79 - - [12/Jul/2025:20:39:59 +0000] "POST /xmlrpc.php HTTP/1.1" 200 403 "-" "Mozilla/5.0 (Windows NT 10.0; Win64; x64) AppleWebKit/537.36 (KHTML, like Gecko) Chrome/87.0.4280.141 Safari/537.36"
160.30.161.61 - - [12/Jul/2025:20:40:00 +0000] "POST /xmlrpc.php HTTP/1.1" 200 403 "-" "Mozilla/5.0 (Windows NT 10.0; WOW64; rv:52.0) Gecko/20100101 Firefox/52.0"
5.78.78.176 - - [12/Jul/2025:20:40:01 +0000] "POST /xmlrpc.php HTTP/1.1" 200 403 "-" "Mozilla/5.0 (Windows NT 6.1; WOW64; rv:17.0) Gecko/20100101 Firefox/17.0"
66.249.65.36 - - [12/Jul/2025:20:41:11 +0000] "GET /?x=5783395011800&mod=a8849b05&uri=product.php%3Fid%3D193133-57%26name%3Dbest+earbuds+to+buy+under+3000 HTTP/1.1" 200 21467 "-" "Mozilla/5.0 (Linux; Android 6.0.1; Nexus 5X Build/MMB29P) AppleWebKit/537.36 (KHTML, like Gecko) Chrome/137.0.7151.103 Mobile Safari/537.36 (compatible; Googlebot/2.1; +http://www.google.com/bot.html)"
66.249.65.36 - - [12/Jul/2025:20:41:33 +0000] "GET /?x=5699937061800&mod=2de7cf20&uri=blog.php%3Fid%3D190319-333%26name%3Delephant+jewellery+argos HTTP/1.1" 200 22208 "-" "Mozilla/5.0 (Linux; Android 6.0.1; Nexus 5X Build/MMB29P) AppleWebKit/537.36 (KHTML, like Gecko) Chrome/137.0.7151.103 Mobile Safari/537.36 (compatible; Googlebot/2.1; +http://www.google.com/bot.html)"
209.74.77.214 - - [12/Jul/2025:20:42:28 +0000] "POST /wp-cron.php?doing_wp_cron=1752352948.2689290046691894531250 HTTP/1.1" 200 - "-" "WordPress/6.8.1; https://kraft-court.cafe"
54.36.148.5 - - [12/Jul/2025:20:42:26 +0000] "GET /?x=75654820021800&mod=f6ad645a&uri=form.php%3Fid%3D2524660-1475%26name%3Dcomme+des+gar%3Fons+play+converse HTTP/1.1" 301 - "-" "Mozilla/5.0 (compatible; AhrefsBot/7.0; +http://ahrefs.com/robot/)"
66.249.65.35 - - [12/Jul/2025:20:44:15 +0000] "GET /?x=5716689041800&mod=333cb763&uri=shop.php%3Fid%3D190890-334%26name%3Dbegin+again+dramacool HTTP/1.1" 200 22365 "-" "Mozilla/5.0 (Linux; Android 6.0.1; Nexus 5X Build/MMB29P) AppleWebKit/537.36 (KHTML, like Gecko) Chrome/137.0.7151.103 Mobile Safari/537.36 (compatible; Googlebot/2.1; +http://www.google.com/bot.html)"
66.249.65.35 - - [12/Jul/2025:20:44:23 +0000] "POST /get-message-notify HTTP/1.1" 200 21876 "https://kraft-court.cafe/?x=5716689041800&mod=333cb763&uri=shop.php%3Fid%3D190890-334%26name%3Dbegin+again+dramacool" "Mozilla/5.0 (Linux; Android 6.0.1; Nexus 5X Build/MMB29P) AppleWebKit/537.36 (KHTML, like Gecko) Chrome/137.0.7151.119 Mobile Safari/537.36 (compatible; Googlebot/2.1; +http://www.google.com/bot.html)"
66.249.65.35 - - [12/Jul/2025:20:44:44 +0000] "GET /?x=5707088071800&mod=2de7cf20&uri=article.php%3Fid%3D190559-333%26name%3Dbutterfly+necklace+argos HTTP/1.1" 200 22039 "-" "Mozilla/5.0 (Linux; Android 6.0.1; Nexus 5X Build/MMB29P) AppleWebKit/537.36 (KHTML, like Gecko) Chrome/137.0.7151.103 Mobile Safari/537.36 (compatible; Googlebot/2.1; +http://www.google.com/bot.html)"
66.249.65.35 - - [12/Jul/2025:20:44:50 +0000] "POST /get-message-notify HTTP/1.1" 200 21876 "https://kraft-court.cafe/?x=5707088071800&mod=2de7cf20&uri=article.php%3Fid%3D190559-333%26name%3Dbutterfly+necklace+argos" "Mozilla/5.0 (Linux; Android 6.0.1; Nexus 5X Build/MMB29P) AppleWebKit/537.36 (KHTML, like Gecko) Chrome/137.0.7151.119 Mobile Safari/537.36 (compatible; Googlebot/2.1; +http://www.google.com/bot.html)"
66.249.65.35 - - [12/Jul/2025:20:45:52 +0000] "GET /?x=5791555011800&mod=a8849b05&uri=product.php%3Fid%3D193405-57%26name%3Drock+headphones+wireless HTTP/1.1" 200 22107 "-" "Mozilla/5.0 (Linux; Android 6.0.1; Nexus 5X Build/MMB29P) AppleWebKit/537.36 (KHTML, like Gecko) Chrome/137.0.7151.103 Mobile Safari/537.36 (compatible; Googlebot/2.1; +http://www.google.com/bot.html)"
66.249.65.36 - - [12/Jul/2025:20:46:34 +0000] "GET /?x=5687040051800&mod=2de7cf20&uri=search.php%3Fid%3D189889-333%26name%3Dnadri+stacking+rings HTTP/1.1" 200 21746 "-" "Mozilla/5.0 (Linux; Android 6.0.1; Nexus 5X Build/MMB29P) AppleWebKit/537.36 (KHTML, like Gecko) Chrome/137.0.7151.103 Mobile Safari/537.36 (compatible; Googlebot/2.1; +http://www.google.com/bot.html)"
209.74.77.214 - - [12/Jul/2025:20:48:11 +0000] "POST /wp-cron.php?doing_wp_cron=1752353291.7832829952239990234375 HTTP/1.1" 200 - "-" "WordPress/6.8.1; https://kraft-court.cafe"
54.36.148.109 - - [12/Jul/2025:20:48:10 +0000] "GET / HTTP/1.1" 200 1850 "-" "Mozilla/5.0 (compatible; AhrefsBot/7.0; +http://ahrefs.com/robot/)"
43.157.38.228 - - [12/Jul/2025:20:49:45 +0000] "GET / HTTP/1.1" 200 1850 "http://www.kraft-court.cafe" "Mozilla/5.0 (iPhone; CPU iPhone OS 13_2_3 like Mac OS X) AppleWebKit/605.1.15 (KHTML, like Gecko) Version/13.0.3 Mobile/15E148 Safari/604.1"
66.249.65.36 - - [12/Jul/2025:20:50:25 +0000] "GET /?x=5844231051800&mod=621fbd17&uri=brands.php%3Fid%3D195163-338%26name%3Dzapato+soccer+reebok+de+mujer HTTP/1.1" 200 20858 "-" "Mozilla/5.0 (Linux; Android 6.0.1; Nexus 5X Build/MMB29P) AppleWebKit/537.36 (KHTML, like Gecko) Chrome/137.0.7151.103 Mobile Safari/537.36 (compatible; Googlebot/2.1; +http://www.google.com/bot.html)"
66.249.65.35 - - [12/Jul/2025:20:50:52 +0000] "GET /?x=5731191011800&mod=333cb763&uri=news.php%3Fid%3D191391-334%26name%3Dsvu+s14+e2 HTTP/1.1" 200 21701 "-" "Mozilla/5.0 (Linux; Android 6.0.1; Nexus 5X Build/MMB29P) AppleWebKit/537.36 (KHTML, like Gecko) Chrome/137.0.7151.103 Mobile Safari/537.36 (compatible; Googlebot/2.1; +http://www.google.com/bot.html)"
66.249.65.36 - - [12/Jul/2025:20:50:55 +0000] "POST /get-message-notify HTTP/1.1" 200 21868 "https://kraft-court.cafe/?x=5731191011800&mod=333cb763&uri=news.php%3Fid%3D191391-334%26name%3Dsvu+s14+e2" "Mozilla/5.0 (Linux; Android 6.0.1; Nexus 5X Build/MMB29P) AppleWebKit/537.36 (KHTML, like Gecko) Chrome/137.0.7151.119 Mobile Safari/537.36 (compatible; Googlebot/2.1; +http://www.google.com/bot.html)"
66.249.65.37 - - [12/Jul/2025:20:51:32 +0000] "GET /?x=47254742031800&mod=ffbd6cbb&uri=shared.php%3Fid%3D1577007-310%26name%3Dgtx+1070+triple+fan HTTP/1.1" 200 21748 "-" "Mozilla/5.0 (Linux; Android 6.0.1; Nexus 5X Build/MMB29P) AppleWebKit/537.36 (KHTML, like Gecko) Chrome/137.0.7151.103 Mobile Safari/537.36 (compatible; Googlebot/2.1; +http://www.google.com/bot.html)"
209.74.77.214 - - [12/Jul/2025:20:53:29 +0000] "POST /wp-cron.php?doing_wp_cron=1752353609.7223610877990722656250 HTTP/1.1" 200 - "-" "WordPress/6.8.1; https://kraft-court.cafe"
54.36.148.78 - - [12/Jul/2025:20:53:28 +0000] "GET /?x=101842014001800&mod=573c38be&uri=products.php%3Fid%3D3398757-1619%26name%3Dwilrose+frost HTTP/1.1" 301 - "-" "Mozilla/5.0 (compatible; AhrefsBot/7.0; +http://ahrefs.com/robot/)"
66.249.65.37 - - [12/Jul/2025:20:53:34 +0000] "POST /get-message-notify HTTP/1.1" 200 21858 "https://kraft-court.cafe/?x=47254742031800&mod=ffbd6cbb&uri=shared.php%3Fid%3D1577007-310%26name%3Dgtx+1070+triple+fan" "Mozilla/5.0 (Linux; Android 6.0.1; Nexus 5X Build/MMB29P) AppleWebKit/537.36 (KHTML, like Gecko) Chrome/137.0.7151.119 Mobile Safari/537.36 (compatible; Googlebot/2.1; +http://www.google.com/bot.html)"
66.249.65.35 - - [12/Jul/2025:20:55:01 +0000] "GET /?x=5744967041800&mod=97108695&uri=dp.php%3Fid%3D191852-335%26name%3Dds+game+prices HTTP/1.1" 200 22116 "-" "Mozilla/5.0 (Linux; Android 6.0.1; Nexus 5X Build/MMB29P) AppleWebKit/537.36 (KHTML, like Gecko) Chrome/137.0.7151.103 Mobile Safari/537.36 (compatible; Googlebot/2.1; +http://www.google.com/bot.html)"
66.249.65.36 - - [12/Jul/2025:20:55:32 +0000] "GET /?x=5711542021800&mod=2de7cf20&uri=news.php%3Fid%3D190710-333%26name%3Dpurasawalkam+saravana+stores+jewellery HTTP/1.1" 200 21868 "-" "Mozilla/5.0 (Linux; Android 6.0.1; Nexus 5X Build/MMB29P) AppleWebKit/537.36 (KHTML, like Gecko) Chrome/137.0.7151.103 Mobile Safari/537.36 (compatible; Googlebot/2.1; +http://www.google.com/bot.html)"
