66.249.65.36 - - [12/Jul/2025:12:47:50 +0000] "GET /?x=5900831041800&mod=29921001&uri=blog.php%3Fid%3D197053-155%26name%3Dpolk+audio+owm3+white HTTP/1.1" 200 22184 "-" "Mozilla/5.0 (Linux; Android 6.0.1; Nexus 5X Build/MMB29P) AppleWebKit/537.36 (KHTML, like Gecko) Chrome/137.0.7151.103 Mobile Safari/537.36 (compatible; Googlebot/2.1; +http://www.google.com/bot.html)"
66.249.65.36 - - [12/Jul/2025:12:47:50 +0000] "GET /?x=5708934011800&mod=2de7cf20&uri=pin.php%3Fid%3D190622-333%26name%3Dargos+9ct+gold+lockets HTTP/1.1" 200 22435 "-" "Mozilla/5.0 (Linux; Android 6.0.1; Nexus 5X Build/MMB29P) AppleWebKit/537.36 (KHTML, like Gecko) Chrome/137.0.7151.103 Mobile Safari/537.36 (compatible; Googlebot/2.1; +http://www.google.com/bot.html)"
66.249.65.35 - - [12/Jul/2025:12:47:53 +0000] "POST /get-message-notify HTTP/1.1" 200 21875 "https://kraft-court.cafe/?x=5900831041800&mod=29921001&uri=blog.php%3Fid%3D197053-155%26name%3Dpolk+audio+owm3+white" "Mozilla/5.0 (Linux; Android 6.0.1; Nexus 5X Build/MMB29P) AppleWebKit/537.36 (KHTML, like Gecko) Chrome/137.0.7151.119 Mobile Safari/537.36 (compatible; Googlebot/2.1; +http://www.google.com/bot.html)"
66.249.65.35 - - [12/Jul/2025:12:48:04 +0000] "GET /?x=5937341001800&mod=c5bbd980&uri=goods.php%3Fid%3D198270-344%26name%3Drocket+gel HTTP/1.1" 200 21514 "-" "Mozilla/5.0 (Linux; Android 6.0.1; Nexus 5X Build/MMB29P) AppleWebKit/537.36 (KHTML, like Gecko) Chrome/137.0.7151.103 Mobile Safari/537.36 (compatible; Googlebot/2.1; +http://www.google.com/bot.html)"
66.249.65.36 - - [12/Jul/2025:12:48:16 +0000] "GET /?x=77834283041800&mod=76460865&uri=dp.php%3Fid%3D2597420-986%26name%3Devga+gtx+1080+superclocked HTTP/1.1" 200 21813 "-" "Mozilla/5.0 (Linux; Android 6.0.1; Nexus 5X Build/MMB29P) AppleWebKit/537.36 (KHTML, like Gecko) Chrome/137.0.7151.103 Mobile Safari/537.36 (compatible; Googlebot/2.1; +http://www.google.com/bot.html)"
66.249.65.35 - - [12/Jul/2025:12:48:18 +0000] "GET /?x=5780935051800&mod=a8849b05&uri=search.php%3Fid%3D193051-57%26name%3Djbl+the+rock+earphones HTTP/1.1" 200 21877 "-" "Mozilla/5.0 (Linux; Android 6.0.1; Nexus 5X Build/MMB29P) AppleWebKit/537.36 (KHTML, like Gecko) Chrome/137.0.7151.103 Mobile Safari/537.36 (compatible; Googlebot/2.1; +http://www.google.com/bot.html)"
66.249.65.35 - - [12/Jul/2025:12:48:43 +0000] "GET /?x=59636879021800&mod=20c9f570&uri=dp.php%3Fid%3D1990131-234%26name%3Dzara+blouson+damen HTTP/1.1" 200 22392 "-" "Mozilla/5.0 (Linux; Android 6.0.1; Nexus 5X Build/MMB29P) AppleWebKit/537.36 (KHTML, like Gecko) Chrome/137.0.7151.103 Mobile Safari/537.36 (compatible; Googlebot/2.1; +http://www.google.com/bot.html)"
66.249.65.37 - - [12/Jul/2025:12:49:14 +0000] "GET /?x=5851517061800&mod=384babc3&uri=product.php%3Fid%3D195406-339%26name%3Dadidas+original+shoes+made+in HTTP/1.1" 200 20926 "-" "Mozilla/5.0 (Linux; Android 6.0.1; Nexus 5X Build/MMB29P) AppleWebKit/537.36 (KHTML, like Gecko) Chrome/137.0.7151.103 Mobile Safari/537.36 (compatible; Googlebot/2.1; +http://www.google.com/bot.html)"
66.249.65.36 - - [12/Jul/2025:12:49:20 +0000] "GET /?x=5958971081800&mod=c5bbd980&uri=product.php%3Fid%3D198991-344%26name%3Drunning+leggings+short+length HTTP/1.1" 200 22107 "-" "Mozilla/5.0 (Linux; Android 6.0.1; Nexus 5X Build/MMB29P) AppleWebKit/537.36 (KHTML, like Gecko) Chrome/137.0.7151.103 Mobile Safari/537.36 (compatible; Googlebot/2.1; +http://www.google.com/bot.html)"
66.249.65.35 - - [12/Jul/2025:12:49:24 +0000] "GET /?x=5702787101800&mod=2de7cf20&uri=category-info.php%3Fid%3D190414-333%26name%3Dpandora+198676c01 HTTP/1.1" 200 21988 "-" "Mozilla/5.0 (Linux; Android 6.0.1; Nexus 5X Build/MMB29P) AppleWebKit/537.36 (KHTML, like Gecko) Chrome/137.0.7151.103 Mobile Safari/537.36 (compatible; Googlebot/2.1; +http://www.google.com/bot.html)"
66.249.65.37 - - [12/Jul/2025:12:50:11 +0000] "GET /?x=59702448001800&mod=c33b41e8&uri=us.php%3Fid%3D1992318-1087%26name%3Doutdoor+umbrella+end+table HTTP/1.1" 200 22465 "-" "Mozilla/5.0 (Linux; Android 6.0.1; Nexus 5X Build/MMB29P) AppleWebKit/537.36 (KHTML, like Gecko) Chrome/137.0.7151.103 Mobile Safari/537.36 (compatible; Googlebot/2.1; +http://www.google.com/bot.html)"
66.249.65.35 - - [12/Jul/2025:12:50:24 +0000] "POST /get-message-notify HTTP/1.1" 200 21858 "https://kraft-court.cafe/?x=59702448001800&mod=c33b41e8&uri=us.php%3Fid%3D1992318-1087%26name%3Doutdoor+umbrella+end+table" "Mozilla/5.0 (Linux; Android 6.0.1; Nexus 5X Build/MMB29P) AppleWebKit/537.36 (KHTML, like Gecko) Chrome/137.0.7151.119 Mobile Safari/537.36 (compatible; Googlebot/2.1; +http://www.google.com/bot.html)"
66.249.65.35 - - [12/Jul/2025:12:50:47 +0000] "GET /?x=47572930061800&mod=b7b16ecf&uri=article.php%3Fid%3D1587620-39%26name%3Dcursed+gaming+chair HTTP/1.1" 200 22317 "-" "Mozilla/5.0 (Linux; Android 6.0.1; Nexus 5X Build/MMB29P) AppleWebKit/537.36 (KHTML, like Gecko) Chrome/137.0.7151.103 Mobile Safari/537.36 (compatible; Googlebot/2.1; +http://www.google.com/bot.html)"
66.249.65.35 - - [12/Jul/2025:12:50:47 +0000] "GET /?x=59566889051800&mod=29921001&uri=product.php%3Fid%3D1987785-155%26name%3Dbeats+speaker+target HTTP/1.1" 200 21953 "-" "Mozilla/5.0 (Linux; Android 6.0.1; Nexus 5X Build/MMB29P) AppleWebKit/537.36 (KHTML, like Gecko) Chrome/137.0.7151.103 Mobile Safari/537.36 (compatible; Googlebot/2.1; +http://www.google.com/bot.html)"
66.249.65.35 - - [12/Jul/2025:12:50:49 +0000] "POST /get-message-notify HTTP/1.1" 200 21867 "https://kraft-court.cafe/?x=47572930061800&mod=b7b16ecf&uri=article.php%3Fid%3D1587620-39%26name%3Dcursed+gaming+chair" "Mozilla/5.0 (Linux; Android 6.0.1; Nexus 5X Build/MMB29P) AppleWebKit/537.36 (KHTML, like Gecko) Chrome/137.0.7151.119 Mobile Safari/537.36 (compatible; Googlebot/2.1; +http://www.google.com/bot.html)"
66.249.65.36 - - [12/Jul/2025:12:51:49 +0000] "GET /?x=113665623081800&mod=165a59f7&uri=category-info.php%3Fid%3D3793430-336%26name%3Dborse+a+due+tasche HTTP/1.1" 200 21566 "-" "Mozilla/5.0 (Linux; Android 6.0.1; Nexus 5X Build/MMB29P) AppleWebKit/537.36 (KHTML, like Gecko) Chrome/137.0.7151.103 Mobile Safari/537.36 (compatible; Googlebot/2.1; +http://www.google.com/bot.html)"
66.249.65.36 - - [12/Jul/2025:12:51:54 +0000] "GET /?x=47569510021800&mod=b7b16ecf&uri=product.php%3Fid%3D1587506-39%26name%3Dchair+and+table+for+home+office HTTP/1.1" 200 22499 "-" "Mozilla/5.0 (Linux; Android 6.0.1; Nexus 5X Build/MMB29P) AppleWebKit/537.36 (KHTML, like Gecko) Chrome/137.0.7151.103 Mobile Safari/537.36 (compatible; Googlebot/2.1; +http://www.google.com/bot.html)"
209.74.77.214 - - [12/Jul/2025:12:51:57 +0000] "POST /wp-cron.php?doing_wp_cron=1752324717.2813251018524169921875 HTTP/1.1" 200 - "-" "WordPress/6.8.1; https://kraft-court.cafe"
51.222.253.10 - - [12/Jul/2025:12:51:56 +0000] "GET /?x=38889898051800&mod=74bba227&uri=article.php%3Fid%3D1297958-93%26name%3Drook+tragus+and+helix+piercing HTTP/1.1" 301 - "-" "Mozilla/5.0 (compatible; AhrefsBot/7.0; +http://ahrefs.com/robot/)"
66.249.65.35 - - [12/Jul/2025:12:51:58 +0000] "GET /?x=98596920031800&mod=97108695&uri=shop.php%3Fid%3D3290433-335%26name%3Dryobi+40+volt+impact+wrench HTTP/1.1" 200 22050 "-" "Mozilla/5.0 (Linux; Android 6.0.1; Nexus 5X Build/MMB29P) AppleWebKit/537.36 (KHTML, like Gecko) Chrome/137.0.7151.103 Mobile Safari/537.36 (compatible; Googlebot/2.1; +http://www.google.com/bot.html)"
66.249.65.36 - - [12/Jul/2025:12:52:09 +0000] "GET /?x=5849357101800&mod=384babc3&uri=product.php%3Fid%3D195334-339%26name%3Dzapatos+hugo+boss+mercado+libre+medellin HTTP/1.1" 200 21081 "-" "Mozilla/5.0 (Linux; Android 6.0.1; Nexus 5X Build/MMB29P) AppleWebKit/537.36 (KHTML, like Gecko) Chrome/137.0.7151.103 Mobile Safari/537.36 (compatible; Googlebot/2.1; +http://www.google.com/bot.html)"
66.249.65.37 - - [12/Jul/2025:12:52:11 +0000] "GET /?x=5681031041800&mod=dc6a7e65&uri=news.php%3Fid%3D189688-308%26name%3Dnike+men%27s+black+hoodie HTTP/1.1" 200 22235 "-" "Mozilla/5.0 (Linux; Android 6.0.1; Nexus 5X Build/MMB29P) AppleWebKit/537.36 (KHTML, like Gecko) Chrome/137.0.7151.103 Mobile Safari/537.36 (compatible; Googlebot/2.1; +http://www.google.com/bot.html)"
66.249.65.36 - - [12/Jul/2025:12:52:13 +0000] "POST /get-message-notify HTTP/1.1" 200 21876 "https://kraft-court.cafe/?x=5681031041800&mod=dc6a7e65&uri=news.php%3Fid%3D189688-308%26name%3Dnike+men%27s+black+hoodie" "Mozilla/5.0 (Linux; Android 6.0.1; Nexus 5X Build/MMB29P) AppleWebKit/537.36 (KHTML, like Gecko) Chrome/137.0.7151.119 Mobile Safari/537.36 (compatible; Googlebot/2.1; +http://www.google.com/bot.html)"
66.249.65.35 - - [12/Jul/2025:12:52:14 +0000] "GET /?x=86483275091800&mod=03fa2f75&uri=products.php%3Fid%3D2886079-270%26name%3Dsamsung+tablet+pencil+price HTTP/1.1" 200 22208 "-" "Mozilla/5.0 (Linux; Android 6.0.1; Nexus 5X Build/MMB29P) AppleWebKit/537.36 (KHTML, like Gecko) Chrome/137.0.7151.103 Mobile Safari/537.36 (compatible; Googlebot/2.1; +http://www.google.com/bot.html)"
66.249.65.35 - - [12/Jul/2025:12:52:20 +0000] "GET /?x=5970785031800&mod=e3ea3396&uri=itm.php%3Fid%3D199385-345%26name%3Dropa+para+nieve+bebes HTTP/1.1" 200 21136 "-" "Mozilla/5.0 (Linux; Android 6.0.1; Nexus 5X Build/MMB29P) AppleWebKit/537.36 (KHTML, like Gecko) Chrome/137.0.7151.103 Mobile Safari/537.36 (compatible; Googlebot/2.1; +http://www.google.com/bot.html)"
66.249.65.35 - - [12/Jul/2025:12:52:33 +0000] "POST /get-message-notify HTTP/1.1" 200 21862 "https://kraft-court.cafe/?x=5970785031800&mod=e3ea3396&uri=itm.php%3Fid%3D199385-345%26name%3Dropa+para+nieve+bebes" "Mozilla/5.0 (Linux; Android 6.0.1; Nexus 5X Build/MMB29P) AppleWebKit/537.36 (KHTML, like Gecko) Chrome/137.0.7151.119 Mobile Safari/537.36 (compatible; Googlebot/2.1; +http://www.google.com/bot.html)"
66.249.65.36 - - [12/Jul/2025:12:53:04 +0000] "GET /?x=59530318051800&mod=d868f39a&uri=shop.php%3Fid%3D1986565-1362%26name%3Dlv+supreme+dice HTTP/1.1" 200 21690 "-" "Mozilla/5.0 (Linux; Android 6.0.1; Nexus 5X Build/MMB29P) AppleWebKit/537.36 (KHTML, like Gecko) Chrome/137.0.7151.103 Mobile Safari/537.36 (compatible; Googlebot/2.1; +http://www.google.com/bot.html)"
66.249.65.35 - - [12/Jul/2025:12:53:17 +0000] "GET /?x=5819299091800&mod=165a59f7&uri=article.php%3Fid%3D194331-336%26name%3Dstella+mccartney+falabella+rossa HTTP/1.1" 200 22069 "-" "Mozilla/5.0 (Linux; Android 6.0.1; Nexus 5X Build/MMB29P) AppleWebKit/537.36 (KHTML, like Gecko) Chrome/137.0.7151.103 Mobile Safari/537.36 (compatible; Googlebot/2.1; +http://www.google.com/bot.html)"
66.249.65.35 - - [12/Jul/2025:12:53:18 +0000] "GET /?x=5895054101800&mod=29921001&uri=blog.php%3Fid%3D196860-155%26name%3Dcreative+sbs+370+adapter HTTP/1.1" 200 21366 "-" "Mozilla/5.0 (Linux; Android 6.0.1; Nexus 5X Build/MMB29P) AppleWebKit/537.36 (KHTML, like Gecko) Chrome/137.0.7151.103 Mobile Safari/537.36 (compatible; Googlebot/2.1; +http://www.google.com/bot.html)"
66.249.65.35 - - [12/Jul/2025:12:53:28 +0000] "POST /get-message-notify HTTP/1.1" 200 21864 "https://kraft-court.cafe/?x=5819299091800&mod=165a59f7&uri=article.php%3Fid%3D194331-336%26name%3Dstella+mccartney+falabella+rossa" "Mozilla/5.0 (Linux; Android 6.0.1; Nexus 5X Build/MMB29P) AppleWebKit/537.36 (KHTML, like Gecko) Chrome/137.0.7151.119 Mobile Safari/537.36 (compatible; Googlebot/2.1; +http://www.google.com/bot.html)"
66.249.65.35 - - [12/Jul/2025:12:53:37 +0000] "POST /get-message-notify HTTP/1.1" 200 21875 "https://kraft-court.cafe/?x=5895054101800&mod=29921001&uri=blog.php%3Fid%3D196860-155%26name%3Dcreative+sbs+370+adapter" "Mozilla/5.0 (Linux; Android 6.0.1; Nexus 5X Build/MMB29P) AppleWebKit/537.36 (KHTML, like Gecko) Chrome/137.0.7151.119 Mobile Safari/537.36 (compatible; Googlebot/2.1; +http://www.google.com/bot.html)"
66.249.65.36 - - [12/Jul/2025:12:54:20 +0000] "GET /?x=5887535031800&mod=29921001&uri=category-info.php%3Fid%3D196609-155%26name%3Drc65i HTTP/1.1" 200 22181 "-" "Mozilla/5.0 (Linux; Android 6.0.1; Nexus 5X Build/MMB29P) AppleWebKit/537.36 (KHTML, like Gecko) Chrome/137.0.7151.103 Mobile Safari/537.36 (compatible; Googlebot/2.1; +http://www.google.com/bot.html)"
66.249.65.35 - - [12/Jul/2025:12:54:32 +0000] "GET /?x=5904041001800&mod=29921001&uri=dp.php%3Fid%3D197160-155%26name%3Dcelestion+neodog HTTP/1.1" 200 22767 "-" "Mozilla/5.0 (Linux; Android 6.0.1; Nexus 5X Build/MMB29P) AppleWebKit/537.36 (KHTML, like Gecko) Chrome/137.0.7151.103 Mobile Safari/537.36 (compatible; Googlebot/2.1; +http://www.google.com/bot.html)"
66.249.65.35 - - [12/Jul/2025:12:54:29 +0000] "GET /?x=5980668041800&mod=e3ea3396&uri=search.php%3Fid%3D199716-345%26name%3Dblusa+verde+de+shein HTTP/1.1" 200 20913 "-" "Mozilla/5.0 (Linux; Android 6.0.1; Nexus 5X Build/MMB29P) AppleWebKit/537.36 (KHTML, like Gecko) Chrome/137.0.7151.103 Mobile Safari/537.36 (compatible; Googlebot/2.1; +http://www.google.com/bot.html)"
66.249.65.35 - - [12/Jul/2025:12:55:16 +0000] "GET /?x=5972375041800&mod=e3ea3396&uri=products.php%3Fid%3D199438-345%26name%3Dtiendas+de+ropa+estilo+rockero HTTP/1.1" 200 21005 "-" "Mozilla/5.0 (Linux; Android 6.0.1; Nexus 5X Build/MMB29P) AppleWebKit/537.36 (KHTML, like Gecko) Chrome/137.0.7151.103 Mobile Safari/537.36 (compatible; Googlebot/2.1; +http://www.google.com/bot.html)"
66.249.65.36 - - [12/Jul/2025:12:55:46 +0000] "GET /?x=34725577001800&mod=e3019767&uri=dp.php%3Fid%3D1159020-712%26name%3Destuche+carga+inalambrica+airpods HTTP/1.1" 200 21736 "-" "Mozilla/5.0 (Linux; Android 6.0.1; Nexus 5X Build/MMB29P) AppleWebKit/537.36 (KHTML, like Gecko) Chrome/137.0.7151.103 Mobile Safari/537.36 (compatible; Googlebot/2.1; +http://www.google.com/bot.html)"
66.249.65.37 - - [12/Jul/2025:12:56:31 +0000] "GET /?x=5574604011800&mod=c4b43ae0&uri=us.php%3Fid%3D186101-330%26name%3Ddrayton+digistat+scr+receiver HTTP/1.1" 200 22112 "-" "Mozilla/5.0 (Linux; Android 6.0.1; Nexus 5X Build/MMB29P) AppleWebKit/537.36 (KHTML, like Gecko) Chrome/137.0.7151.103 Mobile Safari/537.36 (compatible; Googlebot/2.1; +http://www.google.com/bot.html)"
66.249.65.36 - - [12/Jul/2025:12:56:35 +0000] "POST /get-message-notify HTTP/1.1" 200 21874 "https://kraft-court.cafe/?x=5574604011800&mod=c4b43ae0&uri=us.php%3Fid%3D186101-330%26name%3Ddrayton+digistat+scr+receiver" "Mozilla/5.0 (Linux; Android 6.0.1; Nexus 5X Build/MMB29P) AppleWebKit/537.36 (KHTML, like Gecko) Chrome/137.0.7151.119 Mobile Safari/537.36 (compatible; Googlebot/2.1; +http://www.google.com/bot.html)"
66.249.65.36 - - [12/Jul/2025:12:56:35 +0000] "GET /?x=5958131001800&mod=c5bbd980&uri=itm.php%3Fid%3D198963-344%26name%3Dsize+44+eu+to+us HTTP/1.1" 200 22445 "-" "Mozilla/5.0 (Linux; Android 6.0.1; Nexus 5X Build/MMB29P) AppleWebKit/537.36 (KHTML, like Gecko) Chrome/137.0.7151.103 Mobile Safari/537.36 (compatible; Googlebot/2.1; +http://www.google.com/bot.html)"
66.249.65.36 - - [12/Jul/2025:12:56:37 +0000] "GET /?x=5885585021800&mod=29921001&uri=form.php%3Fid%3D196544-155%26name%3Dpolk+audio+rti+a12 HTTP/1.1" 200 21505 "-" "Mozilla/5.0 (Linux; Android 6.0.1; Nexus 5X Build/MMB29P) AppleWebKit/537.36 (KHTML, like Gecko) Chrome/137.0.7151.103 Mobile Safari/537.36 (compatible; Googlebot/2.1; +http://www.google.com/bot.html)"
66.249.65.36 - - [12/Jul/2025:12:56:37 +0000] "POST /get-message-notify HTTP/1.1" 200 21879 "https://kraft-court.cafe/?x=5958131001800&mod=c5bbd980&uri=itm.php%3Fid%3D198963-344%26name%3Dsize+44+eu+to+us" "Mozilla/5.0 (Linux; Android 6.0.1; Nexus 5X Build/MMB29P) AppleWebKit/537.36 (KHTML, like Gecko) Chrome/137.0.7151.119 Mobile Safari/537.36 (compatible; Googlebot/2.1; +http://www.google.com/bot.html)"
66.249.65.35 - - [12/Jul/2025:12:56:42 +0000] "GET /?x=6033002071800&mod=b071cfa8&uri=us.php%3Fid%3D201463-347%26name%3Dpull+nasa+prix HTTP/1.1" 200 20788 "-" "Mozilla/5.0 (Linux; Android 6.0.1; Nexus 5X Build/MMB29P) AppleWebKit/537.36 (KHTML, like Gecko) Chrome/137.0.7151.103 Mobile Safari/537.36 (compatible; Googlebot/2.1; +http://www.google.com/bot.html)"
66.249.65.35 - - [12/Jul/2025:12:56:45 +0000] "POST /get-message-notify HTTP/1.1" 200 21883 "https://kraft-court.cafe/?x=6033002071800&mod=b071cfa8&uri=us.php%3Fid%3D201463-347%26name%3Dpull+nasa+prix" "Mozilla/5.0 (Linux; Android 6.0.1; Nexus 5X Build/MMB29P) AppleWebKit/537.36 (KHTML, like Gecko) Chrome/137.0.7151.119 Mobile Safari/537.36 (compatible; Googlebot/2.1; +http://www.google.com/bot.html)"
209.74.77.214 - - [12/Jul/2025:12:56:55 +0000] "POST /wp-cron.php?doing_wp_cron=1752325015.9809141159057617187500 HTTP/1.1" 200 - "-" "WordPress/6.8.1; https://kraft-court.cafe"
51.222.253.6 - - [12/Jul/2025:12:56:55 +0000] "GET /?x=39455377041800&mod=85e5526a&uri=shared.php%3Fid%3D1316821-459%26name%3Df1+singapore+watch+online HTTP/1.1" 301 - "-" "Mozilla/5.0 (compatible; AhrefsBot/7.0; +http://ahrefs.com/robot/)"
66.249.65.37 - - [12/Jul/2025:12:57:11 +0000] "GET /?x=5859820041800&mod=d594b1a9&uri=info.php%3Fid%3D195683-341%26name%3Dperfume+yves+saint+laurent+de+hombre HTTP/1.1" 200 22039 "-" "Mozilla/5.0 (Linux; Android 6.0.1; Nexus 5X Build/MMB29P) AppleWebKit/537.36 (KHTML, like Gecko) Chrome/137.0.7151.103 Mobile Safari/537.36 (compatible; Googlebot/2.1; +http://www.google.com/bot.html)"
66.249.65.36 - - [12/Jul/2025:12:57:20 +0000] "POST /get-message-notify HTTP/1.1" 200 21871 "https://kraft-court.cafe/?x=5859820041800&mod=d594b1a9&uri=info.php%3Fid%3D195683-341%26name%3Dperfume+yves+saint+laurent+de+hombre" "Mozilla/5.0 (Linux; Android 6.0.1; Nexus 5X Build/MMB29P) AppleWebKit/537.36 (KHTML, like Gecko) Chrome/137.0.7151.119 Mobile Safari/537.36 (compatible; Googlebot/2.1; +http://www.google.com/bot.html)"
66.249.65.35 - - [12/Jul/2025:12:57:24 +0000] "GET /?x=5796818051800&mod=165a59f7&uri=category-info.php%3Fid%3D193581-336%26name%3Dgiorgio+armani+la+prima+handbag HTTP/1.1" 200 20570 "-" "Mozilla/5.0 (Linux; Android 6.0.1; Nexus 5X Build/MMB29P) AppleWebKit/537.36 (KHTML, like Gecko) Chrome/137.0.7151.103 Mobile Safari/537.36 (compatible; Googlebot/2.1; +http://www.google.com/bot.html)"
66.249.65.35 - - [12/Jul/2025:12:57:27 +0000] "GET /?x=5781775031800&mod=a8849b05&uri=article.php%3Fid%3D193079-57%26name%3Dtop+10+wireless+earphones+under+3000 HTTP/1.1" 200 21874 "-" "Mozilla/5.0 (Linux; Android 6.0.1; Nexus 5X Build/MMB29P) AppleWebKit/537.36 (KHTML, like Gecko) Chrome/137.0.7151.103 Mobile Safari/537.36 (compatible; Googlebot/2.1; +http://www.google.com/bot.html)"
66.249.65.35 - - [12/Jul/2025:12:57:31 +0000] "POST /get-message-notify HTTP/1.1" 200 21873 "https://kraft-court.cafe/?x=5796818051800&mod=165a59f7&uri=category-info.php%3Fid%3D193581-336%26name%3Dgiorgio+armani+la+prima+handbag" "Mozilla/5.0 (Linux; Android 6.0.1; Nexus 5X Build/MMB29P) AppleWebKit/537.36 (KHTML, like Gecko) Chrome/137.0.7151.119 Mobile Safari/537.36 (compatible; Googlebot/2.1; +http://www.google.com/bot.html)"
66.249.65.37 - - [12/Jul/2025:12:58:15 +0000] "GET /?x=5969945011800&mod=e3ea3396&uri=goods.php%3Fid%3D199357-345%26name%3Dchaqueta+nieve+hombre+sprinter HTTP/1.1" 200 21545 "-" "Mozilla/5.0 (Linux; Android 6.0.1; Nexus 5X Build/MMB29P) AppleWebKit/537.36 (KHTML, like Gecko) Chrome/137.0.7151.103 Mobile Safari/537.36 (compatible; Googlebot/2.1; +http://www.google.com/bot.html)"
66.249.65.35 - - [12/Jul/2025:12:58:20 +0000] "POST /get-message-notify HTTP/1.1" 200 21846 "https://kraft-court.cafe/?x=5969945011800&mod=e3ea3396&uri=goods.php%3Fid%3D199357-345%26name%3Dchaqueta+nieve+hombre+sprinter" "Mozilla/5.0 (Linux; Android 6.0.1; Nexus 5X Build/MMB29P) AppleWebKit/537.36 (KHTML, like Gecko) Chrome/137.0.7151.119 Mobile Safari/537.36 (compatible; Googlebot/2.1; +http://www.google.com/bot.html)"
66.249.65.35 - - [12/Jul/2025:12:58:47 +0000] "GET /?x=6044874031800&mod=b071cfa8&uri=search.php%3Fid%3D201859-347%26name%3Dpull+levis+bleu+ciel HTTP/1.1" 200 21087 "-" "Mozilla/5.0 (Linux; Android 6.0.1; Nexus 5X Build/MMB29P) AppleWebKit/537.36 (KHTML, like Gecko) Chrome/137.0.7151.103 Mobile Safari/537.36 (compatible; Googlebot/2.1; +http://www.google.com/bot.html)"
66.249.65.35 - - [12/Jul/2025:12:58:55 +0000] "GET /?x=5736133001800&mod=97108695&uri=shop.php%3Fid%3D191557-335%26name%3Dlg+tub HTTP/1.1" 200 21403 "-" "Mozilla/5.0 (Linux; Android 6.0.1; Nexus 5X Build/MMB29P) AppleWebKit/537.36 (KHTML, like Gecko) Chrome/137.0.7151.103 Mobile Safari/537.36 (compatible; Googlebot/2.1; +http://www.google.com/bot.html)"
66.249.65.35 - - [12/Jul/2025:12:58:57 +0000] "POST /get-message-notify HTTP/1.1" 200 21864 "https://kraft-court.cafe/?x=5736133001800&mod=97108695&uri=shop.php%3Fid%3D191557-335%26name%3Dlg+tub" "Mozilla/5.0 (Linux; Android 6.0.1; Nexus 5X Build/MMB29P) AppleWebKit/537.36 (KHTML, like Gecko) Chrome/137.0.7151.119 Mobile Safari/537.36 (compatible; Googlebot/2.1; +http://www.google.com/bot.html)"
66.249.65.37 - - [12/Jul/2025:12:59:33 +0000] "GET /?x=6117695051800&mod=d3a7f48c&uri=category-info.php%3Fid%3D204291-208%26name%3Dinstax+mini+cost HTTP/1.1" 200 20877 "-" "Mozilla/5.0 (Linux; Android 6.0.1; Nexus 5X Build/MMB29P) AppleWebKit/537.36 (KHTML, like Gecko) Chrome/137.0.7151.103 Mobile Safari/537.36 (compatible; Googlebot/2.1; +http://www.google.com/bot.html)"
66.249.65.36 - - [12/Jul/2025:12:59:49 +0000] "GET /?x=5970035131800&mod=c5bbd980&uri=product.php%3Fid%3D199360-344%26name%3Dus+to+aus+shoes HTTP/1.1" 200 21463 "-" "Mozilla/5.0 (Linux; Android 6.0.1; Nexus 5X Build/MMB29P) AppleWebKit/537.36 (KHTML, like Gecko) Chrome/137.0.7151.103 Mobile Safari/537.36 (compatible; Googlebot/2.1; +http://www.google.com/bot.html)"
66.249.65.35 - - [12/Jul/2025:13:00:46 +0000] "GET /?x=90534533121800&mod=333cb763&uri=pin.php%3Fid%3D3021281-334%26name%3Dkundali+bhagya+full+today HTTP/1.1" 200 21075 "-" "Mozilla/5.0 (Linux; Android 6.0.1; Nexus 5X Build/MMB29P) AppleWebKit/537.36 (KHTML, like Gecko) Chrome/137.0.7151.103 Mobile Safari/537.36 (compatible; Googlebot/2.1; +http://www.google.com/bot.html)"
66.249.65.37 - - [12/Jul/2025:13:00:48 +0000] "GET /?x=59571929051800&mod=29921001&uri=itm.php%3Fid%3D1987953-155%26name%3Dacoustic+solutions+surround+sound+system HTTP/1.1" 200 22583 "-" "Mozilla/5.0 (Linux; Android 6.0.1; Nexus 5X Build/MMB29P) AppleWebKit/537.36 (KHTML, like Gecko) Chrome/137.0.7151.103 Mobile Safari/537.36 (compatible; Googlebot/2.1; +http://www.google.com/bot.html)"
66.249.65.36 - - [12/Jul/2025:13:00:50 +0000] "POST /get-message-notify HTTP/1.1" 200 21855 "https://kraft-court.cafe/?x=59571929051800&mod=29921001&uri=itm.php%3Fid%3D1987953-155%26name%3Dacoustic+solutions+surround+sound+system" "Mozilla/5.0 (Linux; Android 6.0.1; Nexus 5X Build/MMB29P) AppleWebKit/537.36 (KHTML, like Gecko) Chrome/137.0.7151.119 Mobile Safari/537.36 (compatible; Googlebot/2.1; +http://www.google.com/bot.html)"
66.249.65.35 - - [12/Jul/2025:13:00:55 +0000] "GET /?x=5957531001800&mod=c5bbd980&uri=form.php%3Fid%3D198943-344%26name%3Dwindsor+shoes+hanley HTTP/1.1" 200 21541 "-" "Mozilla/5.0 (Linux; Android 6.0.1; Nexus 5X Build/MMB29P) AppleWebKit/537.36 (KHTML, like Gecko) Chrome/137.0.7151.103 Mobile Safari/537.36 (compatible; Googlebot/2.1; +http://www.google.com/bot.html)"
66.249.65.35 - - [12/Jul/2025:13:00:59 +0000] "GET /?x=6081849001800&mod=0d0fd7c6&uri=article.php%3Fid%3D203095-40%26name%3Dmilwaukee+m+spector+360+tool+only HTTP/1.1" 200 21417 "-" "Mozilla/5.0 (Linux; Android 6.0.1; Nexus 5X Build/MMB29P) AppleWebKit/537.36 (KHTML, like Gecko) Chrome/137.0.7151.103 Mobile Safari/537.36 (compatible; Googlebot/2.1; +http://www.google.com/bot.html)"
66.249.65.35 - - [12/Jul/2025:13:01:02 +0000] "POST /get-message-notify HTTP/1.1" 200 21866 "https://kraft-court.cafe/?x=6081849001800&mod=0d0fd7c6&uri=article.php%3Fid%3D203095-40%26name%3Dmilwaukee+m+spector+360+tool+only" "Mozilla/5.0 (Linux; Android 6.0.1; Nexus 5X Build/MMB29P) AppleWebKit/537.36 (KHTML, like Gecko) Chrome/137.0.7151.119 Mobile Safari/537.36 (compatible; Googlebot/2.1; +http://www.google.com/bot.html)"
49.51.141.76 - - [12/Jul/2025:13:01:03 +0000] "GET / HTTP/1.1" 200 1850 "http://kraft-court.cafe" "Mozilla/5.0 (iPhone; CPU iPhone OS 13_2_3 like Mac OS X) AppleWebKit/605.1.15 (KHTML, like Gecko) Version/13.0.3 Mobile/15E148 Safari/604.1"
66.249.65.35 - - [12/Jul/2025:13:01:37 +0000] "GET /?x=5901431011800&mod=29921001&uri=blog.php%3Fid%3D197073-155%26name%3Dpvi+10+speakers HTTP/1.1" 200 22142 "-" "Mozilla/5.0 (Linux; Android 6.0.1; Nexus 5X Build/MMB29P) AppleWebKit/537.36 (KHTML, like Gecko) Chrome/137.0.7151.103 Mobile Safari/537.36 (compatible; Googlebot/2.1; +http://www.google.com/bot.html)"
209.74.77.214 - - [12/Jul/2025:13:01:42 +0000] "POST /wp-cron.php?doing_wp_cron=1752325302.8644280433654785156250 HTTP/1.1" 200 - "-" "WordPress/6.8.1; https://kraft-court.cafe"
51.222.253.2 - - [12/Jul/2025:13:01:42 +0000] "GET /?x=43847581061800&mod=66ef61e2&uri=search.php%3Fid%3D1463341-1201%26name%3Dhermes+mythiques+phoenix+scarf HTTP/1.1" 301 - "-" "Mozilla/5.0 (compatible; AhrefsBot/7.0; +http://ahrefs.com/robot/)"
66.249.65.35 - - [12/Jul/2025:13:01:44 +0000] "POST /get-message-notify HTTP/1.1" 200 21873 "https://kraft-court.cafe/?x=5901431011800&mod=29921001&uri=blog.php%3Fid%3D197073-155%26name%3Dpvi+10+speakers" "Mozilla/5.0 (Linux; Android 6.0.1; Nexus 5X Build/MMB29P) AppleWebKit/537.36 (KHTML, like Gecko) Chrome/137.0.7151.119 Mobile Safari/537.36 (compatible; Googlebot/2.1; +http://www.google.com/bot.html)"
66.249.65.35 - - [12/Jul/2025:13:02:30 +0000] "GET /?x=5950151051800&mod=c5bbd980&uri=news.php%3Fid%3D198697-344%26name%3Daustralian+shoe+size+conversion HTTP/1.1" 200 22263 "-" "Mozilla/5.0 (Linux; Android 6.0.1; Nexus 5X Build/MMB29P) AppleWebKit/537.36 (KHTML, like Gecko) Chrome/137.0.7151.103 Mobile Safari/537.36 (compatible; Googlebot/2.1; +http://www.google.com/bot.html)"
66.249.65.36 - - [12/Jul/2025:13:02:56 +0000] "POST /get-message-notify HTTP/1.1" 200 21864 "https://kraft-court.cafe/?x=5950151051800&mod=c5bbd980&uri=news.php%3Fid%3D198697-344%26name%3Daustralian+shoe+size+conversion" "Mozilla/5.0 (Linux; Android 6.0.1; Nexus 5X Build/MMB29P) AppleWebKit/537.36 (KHTML, like Gecko) Chrome/137.0.7151.119 Mobile Safari/537.36 (compatible; Googlebot/2.1; +http://www.google.com/bot.html)"
66.249.65.36 - - [12/Jul/2025:13:03:05 +0000] "GET /?x=32731976031800&mod=d594b1a9&uri=blog.php%3Fid%3D1092461-341%26name%3Dafilador+de+cuchillas+caninas HTTP/1.1" 200 21346 "-" "Mozilla/5.0 (Linux; Android 6.0.1; Nexus 5X Build/MMB29P) AppleWebKit/537.36 (KHTML, like Gecko) Chrome/137.0.7151.103 Mobile Safari/537.36 (compatible; Googlebot/2.1; +http://www.google.com/bot.html)"
66.249.65.36 - - [12/Jul/2025:13:03:22 +0000] "GET /?x=99281073011800&mod=29921001&uri=products.php%3Fid%3D3313263-155%26name%3Dalexa+with+zigbee HTTP/1.1" 200 22178 "-" "Mozilla/5.0 (Linux; Android 6.0.1; Nexus 5X Build/MMB29P) AppleWebKit/537.36 (KHTML, like Gecko) Chrome/137.0.7151.103 Mobile Safari/537.36 (compatible; Googlebot/2.1; +http://www.google.com/bot.html)"
66.249.65.35 - - [12/Jul/2025:13:03:31 +0000] "GET /?x=5887175051800&mod=29921001&uri=product.php%3Fid%3D196597-155%26name%3Dpeavey+15+speaker HTTP/1.1" 200 21541 "-" "Mozilla/5.0 (Linux; Android 6.0.1; Nexus 5X Build/MMB29P) AppleWebKit/537.36 (KHTML, like Gecko) Chrome/137.0.7151.103 Mobile Safari/537.36 (compatible; Googlebot/2.1; +http://www.google.com/bot.html)"
66.249.65.35 - - [12/Jul/2025:13:03:49 +0000] "GET /?x=59569529031800&mod=29921001&uri=products.php%3Fid%3D1987873-155%26name%3Dts2bq+harman+kardon HTTP/1.1" 200 21754 "-" "Mozilla/5.0 (Linux; Android 6.0.1; Nexus 5X Build/MMB29P) AppleWebKit/537.36 (KHTML, like Gecko) Chrome/137.0.7151.103 Mobile Safari/537.36 (compatible; Googlebot/2.1; +http://www.google.com/bot.html)"
173.208.198.210 - - [12/Jul/2025:13:04:11 +0000] "GET /?testPage HTTP/1.1" 200 1858 "-" "Mozilla/5.0 (Windows NT 10.0; Win64; x64) AppleWebKit/537.36 (KHTML, like Gecko) Chrome/125.0.0.0 Safari/537.36"
66.249.65.36 - - [12/Jul/2025:13:04:20 +0000] "GET /?x=5759607101800&mod=97108695&uri=itm.php%3Fid%3D192340-335%26name%3Dnintendo+switch+rcm+clip HTTP/1.1" 200 21936 "-" "Mozilla/5.0 (Linux; Android 6.0.1; Nexus 5X Build/MMB29P) AppleWebKit/537.36 (KHTML, like Gecko) Chrome/137.0.7151.103 Mobile Safari/537.36 (compatible; Googlebot/2.1; +http://www.google.com/bot.html)"
66.249.65.36 - - [12/Jul/2025:13:04:22 +0000] "POST /get-message-notify HTTP/1.1" 200 21864 "https://kraft-court.cafe/?x=5759607101800&mod=97108695&uri=itm.php%3Fid%3D192340-335%26name%3Dnintendo+switch+rcm+clip" "Mozilla/5.0 (Linux; Android 6.0.1; Nexus 5X Build/MMB29P) AppleWebKit/537.36 (KHTML, like Gecko) Chrome/137.0.7151.119 Mobile Safari/537.36 (compatible; Googlebot/2.1; +http://www.google.com/bot.html)"
66.249.65.36 - - [12/Jul/2025:13:05:07 +0000] "GET /?x=47560660041800&mod=b7b16ecf&uri=blog.php%3Fid%3D1587211-39%26name%3Ddusty+pink+bedroom+chair HTTP/1.1" 200 22518 "-" "Mozilla/5.0 (Linux; Android 6.0.1; Nexus 5X Build/MMB29P) AppleWebKit/537.36 (KHTML, like Gecko) Chrome/137.0.7151.103 Mobile Safari/537.36 (compatible; Googlebot/2.1; +http://www.google.com/bot.html)"
66.249.65.35 - - [12/Jul/2025:13:05:11 +0000] "GET /?x=5847741011800&mod=384babc3&uri=pin.php%3Fid%3D195280-339%26name%3Dadidas+continental+vulc+arizona+ice+tea+pack HTTP/1.1" 200 20687 "-" "Mozilla/5.0 (Linux; Android 6.0.1; Nexus 5X Build/MMB29P) AppleWebKit/537.36 (KHTML, like Gecko) Chrome/137.0.7151.103 Mobile Safari/537.36 (compatible; Googlebot/2.1; +http://www.google.com/bot.html)"
66.249.65.35 - - [12/Jul/2025:13:05:36 +0000] "GET /?x=47556760011800&mod=b7b16ecf&uri=article.php%3Fid%3D1587081-39%26name%3Dgrey+gold+desk+chair HTTP/1.1" 200 22524 "-" "Mozilla/5.0 (Linux; Android 6.0.1; Nexus 5X Build/MMB29P) AppleWebKit/537.36 (KHTML, like Gecko) Chrome/137.0.7151.103 Mobile Safari/537.36 (compatible; Googlebot/2.1; +http://www.google.com/bot.html)"
66.249.65.35 - - [12/Jul/2025:13:05:46 +0000] "GET /?x=47571550021800&mod=b7b16ecf&uri=product.php%3Fid%3D1587574-39%26name%3Ddesk+chair+budget HTTP/1.1" 200 22531 "-" "Mozilla/5.0 (Linux; Android 6.0.1; Nexus 5X Build/MMB29P) AppleWebKit/537.36 (KHTML, like Gecko) Chrome/137.0.7151.103 Mobile Safari/537.36 (compatible; Googlebot/2.1; +http://www.google.com/bot.html)"
66.249.65.35 - - [12/Jul/2025:13:05:46 +0000] "POST /get-message-notify HTTP/1.1" 200 21865 "https://kraft-court.cafe/?x=47556760011800&mod=b7b16ecf&uri=article.php%3Fid%3D1587081-39%26name%3Dgrey+gold+desk+chair" "Mozilla/5.0 (Linux; Android 6.0.1; Nexus 5X Build/MMB29P) AppleWebKit/537.36 (KHTML, like Gecko) Chrome/137.0.7151.119 Mobile Safari/537.36 (compatible; Googlebot/2.1; +http://www.google.com/bot.html)"
66.249.65.35 - - [12/Jul/2025:13:07:22 +0000] "GET /?x=47556370081800&mod=b7b16ecf&uri=category-info.php%3Fid%3D1587068-39%26name%3Dcute+home+office+desk+chairs HTTP/1.1" 200 22140 "-" "Mozilla/5.0 (Linux; Android 6.0.1; Nexus 5X Build/MMB29P) AppleWebKit/537.36 (KHTML, like Gecko) Chrome/137.0.7151.103 Mobile Safari/537.36 (compatible; Googlebot/2.1; +http://www.google.com/bot.html)"
66.249.65.35 - - [12/Jul/2025:13:07:46 +0000] "GET /?x=5908841001800&mod=4500e403&uri=shop.php%3Fid%3D197320-342%26name%3Dgraco+duet+glide+lx HTTP/1.1" 200 21874 "-" "Mozilla/5.0 (Linux; Android 6.0.1; Nexus 5X Build/MMB29P) AppleWebKit/537.36 (KHTML, like Gecko) Chrome/137.0.7151.103 Mobile Safari/537.36 (compatible; Googlebot/2.1; +http://www.google.com/bot.html)"
66.249.65.35 - - [12/Jul/2025:13:07:52 +0000] "GET /?x=111465383081800&mod=b7b16ecf&uri=search.php%3Fid%3D3719970-39%26name%3Dround+dining+table+set+farmhouse HTTP/1.1" 200 22522 "-" "Mozilla/5.0 (Linux; Android 6.0.1; Nexus 5X Build/MMB29P) AppleWebKit/537.36 (KHTML, like Gecko) Chrome/137.0.7151.103 Mobile Safari/537.36 (compatible; Googlebot/2.1; +http://www.google.com/bot.html)"
66.249.65.36 - - [12/Jul/2025:13:08:06 +0000] "GET /?x=5622331011800&mod=e94fe9ac&uri=blog.php%3Fid%3D187723-332%26name%3Dsambalpuri+dj+dance HTTP/1.1" 200 22231 "-" "Mozilla/5.0 (Linux; Android 6.0.1; Nexus 5X Build/MMB29P) AppleWebKit/537.36 (KHTML, like Gecko) Chrome/137.0.7151.103 Mobile Safari/537.36 (compatible; Googlebot/2.1; +http://www.google.com/bot.html)"
66.249.65.35 - - [12/Jul/2025:13:08:11 +0000] "POST /get-message-notify HTTP/1.1" 200 21858 "https://kraft-court.cafe/?x=111465383081800&mod=b7b16ecf&uri=search.php%3Fid%3D3719970-39%26name%3Dround+dining+table+set+farmhouse" "Mozilla/5.0 (Linux; Android 6.0.1; Nexus 5X Build/MMB29P) AppleWebKit/537.36 (KHTML, like Gecko) Chrome/137.0.7151.119 Mobile Safari/537.36 (compatible; Googlebot/2.1; +http://www.google.com/bot.html)"
66.249.65.36 - - [12/Jul/2025:13:08:17 +0000] "GET /?x=5953031071800&mod=c5bbd980&uri=pin.php%3Fid%3D198793-344%26name%3Dathlete%27s+foot+shoes HTTP/1.1" 200 21272 "-" "Mozilla/5.0 (Linux; Android 6.0.1; Nexus 5X Build/MMB29P) AppleWebKit/537.36 (KHTML, like Gecko) Chrome/137.0.7151.103 Mobile Safari/537.36 (compatible; Googlebot/2.1; +http://www.google.com/bot.html)"
66.249.65.35 - - [12/Jul/2025:13:09:08 +0000] "POST /get-message-notify HTTP/1.1" 200 21871 "https://kraft-court.cafe/?x=5622331011800&mod=e94fe9ac&uri=blog.php%3Fid%3D187723-332%26name%3Dsambalpuri+dj+dance" "Mozilla/5.0 (Linux; Android 6.0.1; Nexus 5X Build/MMB29P) AppleWebKit/537.36 (KHTML, like Gecko) Chrome/137.0.7151.119 Mobile Safari/537.36 (compatible; Googlebot/2.1; +http://www.google.com/bot.html)"
66.249.65.35 - - [12/Jul/2025:13:09:29 +0000] "GET /?x=59502287011800&mod=e94fe9ac&uri=dp.php%3Fid%3D1985627-332%26name%3Dhamilton+h327050 HTTP/1.1" 200 22030 "-" "Mozilla/5.0 (Linux; Android 6.0.1; Nexus 5X Build/MMB29P) AppleWebKit/537.36 (KHTML, like Gecko) Chrome/137.0.7151.103 Mobile Safari/537.36 (compatible; Googlebot/2.1; +http://www.google.com/bot.html)"
66.249.65.35 - - [12/Jul/2025:13:09:46 +0000] "GET /?x=5875428011800&mod=d594b1a9&uri=form.php%3Fid%3D196205-341%26name%3Dlociones+para+hombre+dolce+gabbana HTTP/1.1" 200 22336 "-" "Mozilla/5.0 (Linux; Android 6.0.1; Nexus 5X Build/MMB29P) AppleWebKit/537.36 (KHTML, like Gecko) Chrome/137.0.7151.103 Mobile Safari/537.36 (compatible; Googlebot/2.1; +http://www.google.com/bot.html)"
66.249.65.35 - - [12/Jul/2025:13:10:02 +0000] "GET /?x=119681293021800&mod=3e9f0fc9&uri=goods.php%3Fid%3D3994130-484%26name%3Dpink+dior+bikini HTTP/1.1" 200 20401 "-" "Mozilla/5.0 (Linux; Android 6.0.1; Nexus 5X Build/MMB29P) AppleWebKit/537.36 (KHTML, like Gecko) Chrome/137.0.7151.103 Mobile Safari/537.36 (compatible; Googlebot/2.1; +http://www.google.com/bot.html)"
66.249.65.35 - - [12/Jul/2025:13:10:21 +0000] "GET /?x=32841371041800&mod=d594b1a9&uri=category-info.php%3Fid%3D1096112-341%26name%3Dhdmi+cec+harman+kardon HTTP/1.1" 200 21767 "-" "Mozilla/5.0 (Linux; Android 6.0.1; Nexus 5X Build/MMB29P) AppleWebKit/537.36 (KHTML, like Gecko) Chrome/137.0.7151.103 Mobile Safari/537.36 (compatible; Googlebot/2.1; +http://www.google.com/bot.html)"
66.249.65.35 - - [12/Jul/2025:13:10:26 +0000] "GET /?x=5888165091800&mod=29921001&uri=info.php%3Fid%3D196630-155%26name%3Dpolk+audio+speakers+for+harley+davidson HTTP/1.1" 200 21552 "-" "Mozilla/5.0 (Linux; Android 6.0.1; Nexus 5X Build/MMB29P) AppleWebKit/537.36 (KHTML, like Gecko) Chrome/137.0.7151.103 Mobile Safari/537.36 (compatible; Googlebot/2.1; +http://www.google.com/bot.html)"
66.249.65.35 - - [12/Jul/2025:13:10:26 +0000] "GET /?x=5977025001800&mod=e3ea3396&uri=product.php%3Fid%3D199594-345%26name%3Dvestidos+madison+precios HTTP/1.1" 200 20862 "-" "Mozilla/5.0 (Linux; Android 6.0.1; Nexus 5X Build/MMB29P) AppleWebKit/537.36 (KHTML, like Gecko) Chrome/137.0.7151.103 Mobile Safari/537.36 (compatible; Googlebot/2.1; +http://www.google.com/bot.html)"
66.249.65.35 - - [12/Jul/2025:13:10:30 +0000] "GET /?x=5849237011800&mod=384babc3&uri=shop.php%3Fid%3D195330-339%26name%3Dnew+balance+470+tennis+shoes HTTP/1.1" 200 21391 "-" "Mozilla/5.0 (Linux; Android 6.0.1; Nexus 5X Build/MMB29P) AppleWebKit/537.36 (KHTML, like Gecko) Chrome/137.0.7151.103 Mobile Safari/537.36 (compatible; Googlebot/2.1; +http://www.google.com/bot.html)"
66.249.65.35 - - [12/Jul/2025:13:10:45 +0000] "GET /?x=5802728061800&mod=165a59f7&uri=shop.php%3Fid%3D193778-336%26name%3Ddaniela+gregis+borse+uncinetto HTTP/1.1" 200 20936 "-" "Mozilla/5.0 (Linux; Android 6.0.1; Nexus 5X Build/MMB29P) AppleWebKit/537.36 (KHTML, like Gecko) Chrome/137.0.7151.103 Mobile Safari/537.36 (compatible; Googlebot/2.1; +http://www.google.com/bot.html)"
66.249.65.35 - - [12/Jul/2025:13:10:47 +0000] "GET /?x=5682030001800&mod=2de7cf20&uri=pin.php%3Fid%3D189722-333%26name%3Dkay+jewelers+menlo+park+mall HTTP/1.1" 200 20666 "-" "Mozilla/5.0 (Linux; Android 6.0.1; Nexus 5X Build/MMB29P) AppleWebKit/537.36 (KHTML, like Gecko) Chrome/137.0.7151.103 Mobile Safari/537.36 (compatible; Googlebot/2.1; +http://www.google.com/bot.html)"
66.249.65.36 - - [12/Jul/2025:13:11:39 +0000] "GET /?x=77835453071800&mod=76460865&uri=pin.php%3Fid%3D2597459-986%26name%3Dasus+radeon+r7 HTTP/1.1" 200 21198 "-" "Mozilla/5.0 (Linux; Android 6.0.1; Nexus 5X Build/MMB29P) AppleWebKit/537.36 (KHTML, like Gecko) Chrome/137.0.7151.103 Mobile Safari/537.36 (compatible; Googlebot/2.1; +http://www.google.com/bot.html)"
209.74.77.214 - - [12/Jul/2025:13:11:48 +0000] "POST /wp-cron.php?doing_wp_cron=1752325908.9594860076904296875000 HTTP/1.1" 200 - "-" "WordPress/6.8.1; https://kraft-court.cafe"
51.222.253.8 - - [12/Jul/2025:13:11:47 +0000] "GET /?x=46717042071800&mod=9e197158&uri=category-info.php%3Fid%3D1559070-1239%26name%3Dlg+34gl750+34 HTTP/1.1" 301 - "-" "Mozilla/5.0 (compatible; AhrefsBot/7.0; +http://ahrefs.com/robot/)"
66.249.65.36 - - [12/Jul/2025:13:11:48 +0000] "GET /?x=5821189141800&mod=165a59f7&uri=article.php%3Fid%3D194394-336%26name%3Dceline+italia+borse HTTP/1.1" 200 22080 "-" "Mozilla/5.0 (Linux; Android 6.0.1; Nexus 5X Build/MMB29P) AppleWebKit/537.36 (KHTML, like Gecko) Chrome/137.0.7151.103 Mobile Safari/537.36 (compatible; Googlebot/2.1; +http://www.google.com/bot.html)"
66.249.65.35 - - [12/Jul/2025:13:11:49 +0000] "GET /?x=47430231031800&mod=74db120f&uri=form.php%3Fid%3D1582859-22%26name%3Drolex+oyster+perpetual+air+king+gebraucht HTTP/1.1" 200 22371 "-" "Mozilla/5.0 (Linux; Android 6.0.1; Nexus 5X Build/MMB29P) AppleWebKit/537.36 (KHTML, like Gecko) Chrome/137.0.7151.103 Mobile Safari/537.36 (compatible; Googlebot/2.1; +http://www.google.com/bot.html)"
66.249.65.36 - - [12/Jul/2025:13:11:52 +0000] "POST /get-message-notify HTTP/1.1" 200 21869 "https://kraft-court.cafe/?x=5821189141800&mod=165a59f7&uri=article.php%3Fid%3D194394-336%26name%3Dceline+italia+borse" "Mozilla/5.0 (Linux; Android 6.0.1; Nexus 5X Build/MMB29P) AppleWebKit/537.36 (KHTML, like Gecko) Chrome/137.0.7151.119 Mobile Safari/537.36 (compatible; Googlebot/2.1; +http://www.google.com/bot.html)"
66.249.65.37 - - [12/Jul/2025:13:12:15 +0000] "GET /?x=47572390001800&mod=18ad9899&uri=news.php%3Fid%3D1587602-265%26name%3Dnova+moda+de+tenis+feminino HTTP/1.1" 200 22761 "-" "Mozilla/5.0 (Linux; Android 6.0.1; Nexus 5X Build/MMB29P) AppleWebKit/537.36 (KHTML, like Gecko) Chrome/137.0.7151.103 Mobile Safari/537.36 (compatible; Googlebot/2.1; +http://www.google.com/bot.html)"
66.249.65.36 - - [12/Jul/2025:13:12:39 +0000] "GET /?x=5611238041800&mod=e94fe9ac&uri=us.php%3Fid%3D187339-332%26name%3De+mor+pardesi+babu HTTP/1.1" 200 22136 "-" "Mozilla/5.0 (Linux; Android 6.0.1; Nexus 5X Build/MMB29P) AppleWebKit/537.36 (KHTML, like Gecko) Chrome/137.0.7151.103 Mobile Safari/537.36 (compatible; Googlebot/2.1; +http://www.google.com/bot.html)"
66.249.65.36 - - [12/Jul/2025:13:12:42 +0000] "GET /?x=6078849001800&mod=fd9dcf1d&uri=products.php%3Fid%3D202995-349%26name%3Dappareil+fil+dentaire HTTP/1.1" 200 22242 "-" "Mozilla/5.0 (Linux; Android 6.0.1; Nexus 5X Build/MMB29P) AppleWebKit/537.36 (KHTML, like Gecko) Chrome/137.0.7151.103 Mobile Safari/537.36 (compatible; Googlebot/2.1; +http://www.google.com/bot.html)"
66.249.65.35 - - [12/Jul/2025:13:12:47 +0000] "POST /get-message-notify HTTP/1.1" 200 21859 "https://kraft-court.cafe/?x=6078849001800&mod=fd9dcf1d&uri=products.php%3Fid%3D202995-349%26name%3Dappareil+fil+dentaire" "Mozilla/5.0 (Linux; Android 6.0.1; Nexus 5X Build/MMB29P) AppleWebKit/537.36 (KHTML, like Gecko) Chrome/137.0.7151.119 Mobile Safari/537.36 (compatible; Googlebot/2.1; +http://www.google.com/bot.html)"
66.249.65.37 - - [12/Jul/2025:13:13:03 +0000] "GET /?x=5719534001800&mod=333cb763&uri=itm.php%3Fid%3D190990-334%26name%3Dgeneral+hospital+today+dailymotion HTTP/1.1" 200 22462 "-" "Mozilla/5.0 (Linux; Android 6.0.1; Nexus 5X Build/MMB29P) AppleWebKit/537.36 (KHTML, like Gecko) Chrome/137.0.7151.103 Mobile Safari/537.36 (compatible; Googlebot/2.1; +http://www.google.com/bot.html)"
66.249.65.36 - - [12/Jul/2025:13:13:15 +0000] "GET /?x=34726765001800&mod=e3019767&uri=info.php%3Fid%3D1159060-712%26name%3Dmejores+auriculares+cerrados HTTP/1.1" 200 22290 "-" "Mozilla/5.0 (Linux; Android 6.0.1; Nexus 5X Build/MMB29P) AppleWebKit/537.36 (KHTML, like Gecko) Chrome/137.0.7151.103 Mobile Safari/537.36 (compatible; Googlebot/2.1; +http://www.google.com/bot.html)"
66.249.65.35 - - [12/Jul/2025:13:13:19 +0000] "GET /?x=5935481001800&mod=4500e403&uri=shared.php%3Fid%3D198208-342%26name%3Dwooden+push+along+trolley+with+bricks HTTP/1.1" 200 20680 "-" "Mozilla/5.0 (Linux; Android 6.0.1; Nexus 5X Build/MMB29P) AppleWebKit/537.36 (KHTML, like Gecko) Chrome/137.0.7151.103 Mobile Safari/537.36 (compatible; Googlebot/2.1; +http://www.google.com/bot.html)"
66.249.65.35 - - [12/Jul/2025:13:13:21 +0000] "GET /?x=40649800071800&mod=333cb763&uri=news.php%3Fid%3D1356667-334%26name%3Dhotstar+free+subscription+offer+vodafone HTTP/1.1" 200 22187 "-" "Mozilla/5.0 (Linux; Android 6.0.1; Nexus 5X Build/MMB29P) AppleWebKit/537.36 (KHTML, like Gecko) Chrome/137.0.7151.103 Mobile Safari/537.36 (compatible; Googlebot/2.1; +http://www.google.com/bot.html)"
66.249.65.35 - - [12/Jul/2025:13:13:54 +0000] "GET /?x=5885735071800&mod=29921001&uri=pin.php%3Fid%3D196549-155%26name%3Dcelestion+f2+speakers HTTP/1.1" 200 21486 "-" "Mozilla/5.0 (Linux; Android 6.0.1; Nexus 5X Build/MMB29P) AppleWebKit/537.36 (KHTML, like Gecko) Chrome/137.0.7151.103 Mobile Safari/537.36 (compatible; Googlebot/2.1; +http://www.google.com/bot.html)"
66.249.65.35 - - [12/Jul/2025:13:13:57 +0000] "POST /get-message-notify HTTP/1.1" 200 21870 "https://kraft-court.cafe/?x=5935481001800&mod=4500e403&uri=shared.php%3Fid%3D198208-342%26name%3Dwooden+push+along+trolley+with+bricks" "Mozilla/5.0 (Linux; Android 6.0.1; Nexus 5X Build/MMB29P) AppleWebKit/537.36 (KHTML, like Gecko) Chrome/137.0.7151.119 Mobile Safari/537.36 (compatible; Googlebot/2.1; +http://www.google.com/bot.html)"
66.249.65.37 - - [12/Jul/2025:13:14:13 +0000] "GET /?x=5817878011800&mod=165a59f7&uri=brands.php%3Fid%3D194283-336%26name%3Dborse+estive+uncinetto+2022 HTTP/1.1" 200 22364 "-" "Mozilla/5.0 (Linux; Android 6.0.1; Nexus 5X Build/MMB29P) AppleWebKit/537.36 (KHTML, like Gecko) Chrome/137.0.7151.103 Mobile Safari/537.36 (compatible; Googlebot/2.1; +http://www.google.com/bot.html)"
66.249.65.36 - - [12/Jul/2025:13:14:28 +0000] "GET /?x=5795948041800&mod=a8849b05&uri=dp.php%3Fid%3D193552-57%26name%3Dexercise+bluetooth+earphones HTTP/1.1" 200 22211 "-" "Mozilla/5.0 (Linux; Android 6.0.1; Nexus 5X Build/MMB29P) AppleWebKit/537.36 (KHTML, like Gecko) Chrome/137.0.7151.103 Mobile Safari/537.36 (compatible; Googlebot/2.1; +http://www.google.com/bot.html)"
66.249.65.35 - - [12/Jul/2025:13:14:33 +0000] "GET /?x=5884835071800&mod=29921001&uri=news.php%3Fid%3D196519-155%26name%3Dpeavey+impulse+500 HTTP/1.1" 200 21370 "-" "Mozilla/5.0 (Linux; Android 6.0.1; Nexus 5X Build/MMB29P) AppleWebKit/537.36 (KHTML, like Gecko) Chrome/137.0.7151.103 Mobile Safari/537.36 (compatible; Googlebot/2.1; +http://www.google.com/bot.html)"
66.249.65.35 - - [12/Jul/2025:13:14:46 +0000] "GET /?x=119470682071800&mod=9854d7af&uri=product.php%3Fid%3D3987102-387%26name%3Dlifepro+rumblex+4d+review HTTP/1.1" 200 22011 "-" "Mozilla/5.0 (Linux; Android 6.0.1; Nexus 5X Build/MMB29P) AppleWebKit/537.36 (KHTML, like Gecko) Chrome/137.0.7151.103 Mobile Safari/537.36 (compatible; Googlebot/2.1; +http://www.google.com/bot.html)"
66.249.65.35 - - [12/Jul/2025:13:14:55 +0000] "GET /?x=5931161001800&mod=4500e403&uri=product.php%3Fid%3D198064-342%26name%3Docean+adventure+rocker HTTP/1.1" 200 21118 "-" "Mozilla/5.0 (Linux; Android 6.0.1; Nexus 5X Build/MMB29P) AppleWebKit/537.36 (KHTML, like Gecko) Chrome/137.0.7151.103 Mobile Safari/537.36 (compatible; Googlebot/2.1; +http://www.google.com/bot.html)"
66.249.65.35 - - [12/Jul/2025:13:14:56 +0000] "GET /?x=5699367031800&mod=2de7cf20&uri=shared.php%3Fid%3D190300-333%26name%3Ddog+ashes+necklace+gold HTTP/1.1" 200 21770 "-" "Mozilla/5.0 (Linux; Android 6.0.1; Nexus 5X Build/MMB29P) AppleWebKit/537.36 (KHTML, like Gecko) Chrome/137.0.7151.103 Mobile Safari/537.36 (compatible; Googlebot/2.1; +http://www.google.com/bot.html)"
66.249.65.37 - - [12/Jul/2025:13:15:08 +0000] "GET /?x=5767467061800&mod=a8849b05&uri=products.php%3Fid%3D192602-57%26name%3Draycon+bluetooth+wireless+headphones HTTP/1.1" 200 22082 "-" "Mozilla/5.0 (Linux; Android 6.0.1; Nexus 5X Build/MMB29P) AppleWebKit/537.36 (KHTML, like Gecko) Chrome/137.0.7151.103 Mobile Safari/537.36 (compatible; Googlebot/2.1; +http://www.google.com/bot.html)"
66.249.65.36 - - [12/Jul/2025:13:15:22 +0000] "POST /get-message-notify HTTP/1.1" 200 21864 "https://kraft-court.cafe/?x=5884835071800&mod=29921001&uri=news.php%3Fid%3D196519-155%26name%3Dpeavey+impulse+500" "Mozilla/5.0 (Linux; Android 6.0.1; Nexus 5X Build/MMB29P) AppleWebKit/537.36 (KHTML, like Gecko) Chrome/137.0.7151.119 Mobile Safari/537.36 (compatible; Googlebot/2.1; +http://www.google.com/bot.html)"
66.249.65.35 - - [12/Jul/2025:13:15:31 +0000] "POST /get-message-notify HTTP/1.1" 200 21874 "https://kraft-court.cafe/?x=5699367031800&mod=2de7cf20&uri=shared.php%3Fid%3D190300-333%26name%3Ddog+ashes+necklace+gold" "Mozilla/5.0 (Linux; Android 6.0.1; Nexus 5X Build/MMB29P) AppleWebKit/537.36 (KHTML, like Gecko) Chrome/137.0.7151.119 Mobile Safari/537.36 (compatible; Googlebot/2.1; +http://www.google.com/bot.html)"
66.249.65.35 - - [12/Jul/2025:13:15:42 +0000] "GET /?x=5815718041800&mod=165a59f7&uri=category-info.php%3Fid%3D194211-336%26name%3Dscarpe+gio+cellini+prezzo HTTP/1.1" 200 22372 "-" "Mozilla/5.0 (Linux; Android 6.0.1; Nexus 5X Build/MMB29P) AppleWebKit/537.36 (KHTML, like Gecko) Chrome/137.0.7151.103 Mobile Safari/537.36 (compatible; Googlebot/2.1; +http://www.google.com/bot.html)"
66.249.65.35 - - [12/Jul/2025:13:15:45 +0000] "GET /?x=5817128041800&mod=165a59f7&uri=us.php%3Fid%3D194258-336%26name%3Dsaldi+zaini+piquadro HTTP/1.1" 200 22643 "-" "Mozilla/5.0 (Linux; Android 6.0.1; Nexus 5X Build/MMB29P) AppleWebKit/537.36 (KHTML, like Gecko) Chrome/137.0.7151.103 Mobile Safari/537.36 (compatible; Googlebot/2.1; +http://www.google.com/bot.html)"
66.249.65.35 - - [12/Jul/2025:13:15:50 +0000] "GET /?x=5931701081800&mod=f34185c4&uri=news.php%3Fid%3D198082-343%26name%3Dtarget+credenza HTTP/1.1" 200 21633 "-" "Mozilla/5.0 (Linux; Android 6.0.1; Nexus 5X Build/MMB29P) AppleWebKit/537.36 (KHTML, like Gecko) Chrome/137.0.7151.103 Mobile Safari/537.36 (compatible; Googlebot/2.1; +http://www.google.com/bot.html)"
66.249.65.35 - - [12/Jul/2025:13:15:56 +0000] "GET /?x=119739551061800&mod=bfb345da&uri=category-info.php%3Fid%3D3996072-1650%26name%3Dhalf+hoop+stud+earrings HTTP/1.1" 200 20824 "-" "Mozilla/5.0 (Linux; Android 6.0.1; Nexus 5X Build/MMB29P) AppleWebKit/537.36 (KHTML, like Gecko) Chrome/137.0.7151.103 Mobile Safari/537.36 (compatible; Googlebot/2.1; +http://www.google.com/bot.html)"
66.249.65.35 - - [12/Jul/2025:13:16:42 +0000] "GET /?x=99275673011800&mod=29921001&uri=shared.php%3Fid%3D3313083-155%26name%3Dsonos+lp+player HTTP/1.1" 200 22564 "-" "Mozilla/5.0 (Linux; Android 6.0.1; Nexus 5X Build/MMB29P) AppleWebKit/537.36 (KHTML, like Gecko) Chrome/137.0.7151.103 Mobile Safari/537.36 (compatible; Googlebot/2.1; +http://www.google.com/bot.html)"
66.249.65.35 - - [12/Jul/2025:13:16:49 +0000] "GET /?x=5724505001800&mod=333cb763&uri=itm.php%3Fid%3D191160-334%26name%3Ddramacool+hotel+del+luna HTTP/1.1" 200 22193 "-" "Mozilla/5.0 (Linux; Android 6.0.1; Nexus 5X Build/MMB29P) AppleWebKit/537.36 (KHTML, like Gecko) Chrome/137.0.7151.103 Mobile Safari/537.36 (compatible; Googlebot/2.1; +http://www.google.com/bot.html)"
209.74.77.214 - - [12/Jul/2025:13:17:01 +0000] "POST /wp-cron.php?doing_wp_cron=1752326221.4571039676666259765625 HTTP/1.1" 200 - "-" "WordPress/6.8.1; https://kraft-court.cafe"
51.222.253.2 - - [12/Jul/2025:13:17:00 +0000] "GET /?x=47804048001800&mod=8f855179&uri=category-info.php%3Fid%3D1595338-17%26name%3Dmodine+hawt+dawg+heater HTTP/1.1" 301 - "-" "Mozilla/5.0 (compatible; AhrefsBot/7.0; +http://ahrefs.com/robot/)"
66.249.65.35 - - [12/Jul/2025:13:17:10 +0000] "GET /?x=5973515021800&mod=e3ea3396&uri=info.php%3Fid%3D199476-345%26name%3Dpantalones+tintoretto+el+corte+ingl%C3%83%C2%A9s HTTP/1.1" 200 20816 "-" "Mozilla/5.0 (Linux; Android 6.0.1; Nexus 5X Build/MMB29P) AppleWebKit/537.36 (KHTML, like Gecko) Chrome/137.0.7151.103 Mobile Safari/537.36 (compatible; Googlebot/2.1; +http://www.google.com/bot.html)"
66.249.70.100 - - [12/Jul/2025:13:17:13 +0000] "GET /?x=5964341021800&mod=c5bbd980&uri=info.php%3Fid%3D199170-344%26name%3Dbaldinini+shoes+218 HTTP/1.1" 200 21504 "-" "Mozilla/5.0 (Linux; Android 6.0.1; Nexus 5X Build/MMB29P) AppleWebKit/537.36 (KHTML, like Gecko) Chrome/137.0.7151.103 Mobile Safari/537.36 (compatible; Googlebot/2.1; +http://www.google.com/bot.html)"
66.249.65.36 - - [12/Jul/2025:13:17:26 +0000] "POST /get-message-notify HTTP/1.1" 200 21859 "https://kraft-court.cafe/?x=5964341021800&mod=c5bbd980&uri=info.php%3Fid%3D199170-344%26name%3Dbaldinini+shoes+218" "Mozilla/5.0 (Linux; Android 6.0.1; Nexus 5X Build/MMB29P) AppleWebKit/537.36 (KHTML, like Gecko) Chrome/137.0.7151.119 Mobile Safari/537.36 (compatible; Googlebot/2.1; +http://www.google.com/bot.html)"
