66.249.65.35 - - [12/Jul/2025:12:18:10 +0000] "GET /?x=5639850091800&mod=55d99a37&uri=itm.php%3Fid%3D188312-315%26name%3Dtitan+armbanduhren HTTP/1.1" 200 21177 "-" "Mozilla/5.0 (Linux; Android 6.0.1; Nexus 5X Build/MMB29P) AppleWebKit/537.36 (KHTML, like Gecko) Chrome/137.0.7151.103 Mobile Safari/537.36 (compatible; Googlebot/2.1; +http://www.google.com/bot.html)"
66.249.65.35 - - [12/Jul/2025:12:18:20 +0000] "GET /?x=5575924021800&mod=c4b43ae0&uri=product.php%3Fid%3D186145-330%26name%3Dhoneywell+thermostat+t8600d2028 HTTP/1.1" 200 22219 "-" "Mozilla/5.0 (Linux; Android 6.0.1; Nexus 5X Build/MMB29P) AppleWebKit/537.36 (KHTML, like Gecko) Chrome/137.0.7151.103 Mobile Safari/537.36 (compatible; Googlebot/2.1; +http://www.google.com/bot.html)"
66.249.65.35 - - [12/Jul/2025:12:18:20 +0000] "GET /?x=5795228001800&mod=165a59f7&uri=info.php%3Fid%3D193528-336%26name%3Dborse+a+maglia+ai+ferri+tutorial HTTP/1.1" 200 20854 "-" "Mozilla/5.0 (Linux; Android 6.0.1; Nexus 5X Build/MMB29P) AppleWebKit/537.36 (KHTML, like Gecko) Chrome/137.0.7151.103 Mobile Safari/537.36 (compatible; Googlebot/2.1; +http://www.google.com/bot.html)"
66.249.65.35 - - [12/Jul/2025:12:18:23 +0000] "GET /?x=5587745121800&mod=831b1ac5&uri=dp.php%3Fid%3D186540-331%26name%3Dreact+element+55+white+black HTTP/1.1" 200 20604 "-" "Mozilla/5.0 (Linux; Android 6.0.1; Nexus 5X Build/MMB29P) AppleWebKit/537.36 (KHTML, like Gecko) Chrome/137.0.7151.103 Mobile Safari/537.36 (compatible; Googlebot/2.1; +http://www.google.com/bot.html)"
66.249.65.35 - - [12/Jul/2025:12:18:23 +0000] "GET /?x=5883965021800&mod=29921001&uri=news.php%3Fid%3D196490-155%26name%3Dbasspal+i30 HTTP/1.1" 200 22191 "-" "Mozilla/5.0 (Linux; Android 6.0.1; Nexus 5X Build/MMB29P) AppleWebKit/537.36 (KHTML, like Gecko) Chrome/137.0.7151.103 Mobile Safari/537.36 (compatible; Googlebot/2.1; +http://www.google.com/bot.html)"
66.249.65.35 - - [12/Jul/2025:12:18:25 +0000] "GET /?x=5721359041800&mod=333cb763&uri=blog.php%3Fid%3D191052-334%26name%3Dbarrister+babu+100 HTTP/1.1" 200 22303 "-" "Mozilla/5.0 (Linux; Android 6.0.1; Nexus 5X Build/MMB29P) AppleWebKit/537.36 (KHTML, like Gecko) Chrome/137.0.7151.103 Mobile Safari/537.36 (compatible; Googlebot/2.1; +http://www.google.com/bot.html)"
66.249.65.35 - - [12/Jul/2025:12:18:31 +0000] "GET /?x=5720031041800&mod=333cb763&uri=goods.php%3Fid%3D191007-334%26name%3Dbigg+boss+13+30+december HTTP/1.1" 200 22682 "-" "Mozilla/5.0 (Linux; Android 6.0.1; Nexus 5X Build/MMB29P) AppleWebKit/537.36 (KHTML, like Gecko) Chrome/137.0.7151.103 Mobile Safari/537.36 (compatible; Googlebot/2.1; +http://www.google.com/bot.html)"
66.249.65.35 - - [12/Jul/2025:12:18:32 +0000] "GET /?x=5887835071800&mod=29921001&uri=search.php%3Fid%3D196619-155%26name%3Dbest+polk+audio+speakers HTTP/1.1" 200 21867 "-" "Mozilla/5.0 (Linux; Android 6.0.1; Nexus 5X Build/MMB29P) AppleWebKit/537.36 (KHTML, like Gecko) Chrome/137.0.7151.103 Mobile Safari/537.36 (compatible; Googlebot/2.1; +http://www.google.com/bot.html)"
66.249.65.35 - - [12/Jul/2025:12:18:33 +0000] "GET /?x=5716159041800&mod=333cb763&uri=info.php%3Fid%3D190872-334%26name%3Dsanaeha+sunya+kaen+eng+sub HTTP/1.1" 200 23430 "-" "Mozilla/5.0 (Linux; Android 6.0.1; Nexus 5X Build/MMB29P) AppleWebKit/537.36 (KHTML, like Gecko) Chrome/137.0.7151.103 Mobile Safari/537.36 (compatible; Googlebot/2.1; +http://www.google.com/bot.html)"
66.249.65.35 - - [12/Jul/2025:12:18:33 +0000] "GET /?x=5724235031800&mod=333cb763&uri=news.php%3Fid%3D191151-334%26name%3Dkumkum+bhagya+25+march HTTP/1.1" 200 22476 "-" "Mozilla/5.0 (Linux; Android 6.0.1; Nexus 5X Build/MMB29P) AppleWebKit/537.36 (KHTML, like Gecko) Chrome/137.0.7151.103 Mobile Safari/537.36 (compatible; Googlebot/2.1; +http://www.google.com/bot.html)"
66.249.65.35 - - [12/Jul/2025:12:18:34 +0000] "POST /get-message-notify HTTP/1.1" 200 21873 "https://kraft-court.cafe/?x=5883965021800&mod=29921001&uri=news.php%3Fid%3D196490-155%26name%3Dbasspal+i30" "Mozilla/5.0 (Linux; Android 6.0.1; Nexus 5X Build/MMB29P) AppleWebKit/537.36 (KHTML, like Gecko) Chrome/137.0.7151.119 Mobile Safari/537.36 (compatible; Googlebot/2.1; +http://www.google.com/bot.html)"
66.249.65.35 - - [12/Jul/2025:12:18:34 +0000] "GET /?x=5707794061800&mod=2de7cf20&uri=us.php%3Fid%3D190584-333%26name%3Ddouble+finger+ring+silver HTTP/1.1" 200 21520 "-" "Mozilla/5.0 (Linux; Android 6.0.1; Nexus 5X Build/MMB29P) AppleWebKit/537.36 (KHTML, like Gecko) Chrome/137.0.7151.103 Mobile Safari/537.36 (compatible; Googlebot/2.1; +http://www.google.com/bot.html)"
66.249.65.35 - - [12/Jul/2025:12:18:34 +0000] "POST /get-message-notify HTTP/1.1" 200 21865 "https://kraft-court.cafe/?x=5721359041800&mod=333cb763&uri=blog.php%3Fid%3D191052-334%26name%3Dbarrister+babu+100" "Mozilla/5.0 (Linux; Android 6.0.1; Nexus 5X Build/MMB29P) AppleWebKit/537.36 (KHTML, like Gecko) Chrome/137.0.7151.119 Mobile Safari/537.36 (compatible; Googlebot/2.1; +http://www.google.com/bot.html)"
66.249.65.36 - - [12/Jul/2025:12:18:36 +0000] "POST /get-message-notify HTTP/1.1" 200 21872 "https://kraft-court.cafe/?x=5720031041800&mod=333cb763&uri=goods.php%3Fid%3D191007-334%26name%3Dbigg+boss+13+30+december" "Mozilla/5.0 (Linux; Android 6.0.1; Nexus 5X Build/MMB29P) AppleWebKit/537.36 (KHTML, like Gecko) Chrome/137.0.7151.119 Mobile Safari/537.36 (compatible; Googlebot/2.1; +http://www.google.com/bot.html)"
66.249.65.35 - - [12/Jul/2025:12:18:36 +0000] "GET /?x=5610968021800&mod=e94fe9ac&uri=form.php%3Fid%3D187330-332%26name%3Dtruswing+golf+training+aid HTTP/1.1" 200 22275 "-" "Mozilla/5.0 (Linux; Android 6.0.1; Nexus 5X Build/MMB29P) AppleWebKit/537.36 (KHTML, like Gecko) Chrome/137.0.7151.103 Mobile Safari/537.36 (compatible; Googlebot/2.1; +http://www.google.com/bot.html)"
66.249.65.36 - - [12/Jul/2025:12:18:41 +0000] "GET /?x=5717739081800&mod=333cb763&uri=category-info.php%3Fid%3D190926-334%26name%3Dspartacus+s01 HTTP/1.1" 200 21679 "-" "Mozilla/5.0 (Linux; Android 6.0.1; Nexus 5X Build/MMB29P) AppleWebKit/537.36 (KHTML, like Gecko) Chrome/137.0.7151.103 Mobile Safari/537.36 (compatible; Googlebot/2.1; +http://www.google.com/bot.html)"
66.249.65.36 - - [12/Jul/2025:12:18:38 +0000] "GET /?x=5705973031800&mod=2de7cf20&uri=shared.php%3Fid%3D190521-333%26name%3Dargos+solitaire+ring HTTP/1.1" 200 22033 "-" "Mozilla/5.0 (Linux; Android 6.0.1; Nexus 5X Build/MMB29P) AppleWebKit/537.36 (KHTML, like Gecko) Chrome/137.0.7151.103 Mobile Safari/537.36 (compatible; Googlebot/2.1; +http://www.google.com/bot.html)"
66.249.65.35 - - [12/Jul/2025:12:18:44 +0000] "GET /?x=5703566021800&mod=2de7cf20&uri=brands.php%3Fid%3D190440-333%26name%3Dapache+mall+jewelry+stores HTTP/1.1" 200 22627 "-" "Mozilla/5.0 (Linux; Android 6.0.1; Nexus 5X Build/MMB29P) AppleWebKit/537.36 (KHTML, like Gecko) Chrome/137.0.7151.103 Mobile Safari/537.36 (compatible; Googlebot/2.1; +http://www.google.com/bot.html)"
66.249.65.36 - - [12/Jul/2025:12:18:53 +0000] "GET /?x=85184463001800&mod=fa84632d&uri=brands.php%3Fid%3D2842748-329%26name%3Dmens+boxer+shorts HTTP/1.1" 200 20549 "-" "Mozilla/5.0 (Linux; Android 6.0.1; Nexus 5X Build/MMB29P) AppleWebKit/537.36 (KHTML, like Gecko) Chrome/137.0.7151.103 Mobile Safari/537.36 (compatible; Googlebot/2.1; +http://www.google.com/bot.html)"
66.249.65.35 - - [12/Jul/2025:12:18:55 +0000] "GET /?x=5722141011800&mod=333cb763&uri=info.php%3Fid%3D191079-334%26name%3Dlove+alarm+dramacool HTTP/1.1" 200 21985 "-" "Mozilla/5.0 (Linux; Android 6.0.1; Nexus 5X Build/MMB29P) AppleWebKit/537.36 (KHTML, like Gecko) Chrome/137.0.7151.103 Mobile Safari/537.36 (compatible; Googlebot/2.1; +http://www.google.com/bot.html)"
66.249.65.35 - - [12/Jul/2025:12:18:56 +0000] "GET /?x=5708604031800&mod=2de7cf20&uri=blog.php%3Fid%3D190611-333%26name%3Dkada+steel+bangle HTTP/1.1" 200 21989 "-" "Mozilla/5.0 (Linux; Android 6.0.1; Nexus 5X Build/MMB29P) AppleWebKit/537.36 (KHTML, like Gecko) Chrome/137.0.7151.103 Mobile Safari/537.36 (compatible; Googlebot/2.1; +http://www.google.com/bot.html)"
66.249.65.36 - - [12/Jul/2025:12:18:58 +0000] "GET /?x=5708874041800&mod=2de7cf20&uri=us.php%3Fid%3D190620-333%26name%3Djewelry+for+ashes+for+pets HTTP/1.1" 200 22082 "-" "Mozilla/5.0 (Linux; Android 6.0.1; Nexus 5X Build/MMB29P) AppleWebKit/537.36 (KHTML, like Gecko) Chrome/137.0.7151.103 Mobile Safari/537.36 (compatible; Googlebot/2.1; +http://www.google.com/bot.html)"
66.249.65.35 - - [12/Jul/2025:12:19:00 +0000] "GET /?x=95295067031800&mod=fa84632d&uri=info.php%3Fid%3D3180221-329%26name%3Dbell+bottom+western+jeans HTTP/1.1" 200 21849 "-" "Mozilla/5.0 (Linux; Android 6.0.1; Nexus 5X Build/MMB29P) AppleWebKit/537.36 (KHTML, like Gecko) Chrome/137.0.7151.103 Mobile Safari/537.36 (compatible; Googlebot/2.1; +http://www.google.com/bot.html)"
66.249.65.35 - - [12/Jul/2025:12:19:01 +0000] "POST /get-message-notify HTTP/1.1" 200 21870 "https://kraft-court.cafe/?x=5708874041800&mod=2de7cf20&uri=us.php%3Fid%3D190620-333%26name%3Djewelry+for+ashes+for+pets" "Mozilla/5.0 (Linux; Android 6.0.1; Nexus 5X Build/MMB29P) AppleWebKit/537.36 (KHTML, like Gecko) Chrome/137.0.7151.119 Mobile Safari/537.36 (compatible; Googlebot/2.1; +http://www.google.com/bot.html)"
66.249.65.35 - - [12/Jul/2025:12:19:05 +0000] "POST /get-message-notify HTTP/1.1" 200 21874 "https://kraft-court.cafe/?x=5687220041800&mod=2de7cf20&uri=form.php%3Fid%3D189895-333%26name%3Dtribal+kada" "Mozilla/5.0 (Linux; Android 6.0.1; Nexus 5X Build/MMB29P) AppleWebKit/537.36 (KHTML, like Gecko) Chrome/137.0.7151.119 Mobile Safari/537.36 (compatible; Googlebot/2.1; +http://www.google.com/bot.html)"
66.249.65.35 - - [12/Jul/2025:12:19:08 +0000] "GET /?x=5712030001800&mod=333cb763&uri=shared.php%3Fid%3D190728-334%26name%3Dwatch+bigg+boss+weekend+ka+vaar HTTP/1.1" 200 22242 "-" "Mozilla/5.0 (Linux; Android 6.0.1; Nexus 5X Build/MMB29P) AppleWebKit/537.36 (KHTML, like Gecko) Chrome/137.0.7151.103 Mobile Safari/537.36 (compatible; Googlebot/2.1; +http://www.google.com/bot.html)"
66.249.65.35 - - [12/Jul/2025:12:19:10 +0000] "GET /?x=5721871061800&mod=2de7cf20&uri=article.php%3Fid%3D191070-333%26name%3Dkay+jewelers+rainbow+necklace HTTP/1.1" 200 21918 "-" "Mozilla/5.0 (Linux; Android 6.0.1; Nexus 5X Build/MMB29P) AppleWebKit/537.36 (KHTML, like Gecko) Chrome/137.0.7151.103 Mobile Safari/537.36 (compatible; Googlebot/2.1; +http://www.google.com/bot.html)"
66.249.65.35 - - [12/Jul/2025:12:19:11 +0000] "GET /?x=5706243021800&mod=2de7cf20&uri=article.php%3Fid%3D190530-333%26name%3Dmatching+ring+tattoos+for+couples HTTP/1.1" 200 22534 "-" "Mozilla/5.0 (Linux; Android 6.0.1; Nexus 5X Build/MMB29P) AppleWebKit/537.36 (KHTML, like Gecko) Chrome/137.0.7151.103 Mobile Safari/537.36 (compatible; Googlebot/2.1; +http://www.google.com/bot.html)"
66.249.65.35 - - [12/Jul/2025:12:19:13 +0000] "POST /get-message-notify HTTP/1.1" 200 21861 "https://kraft-court.cafe/?x=5705973031800&mod=2de7cf20&uri=shared.php%3Fid%3D190521-333%26name%3Dargos+solitaire+ring" "Mozilla/5.0 (Linux; Android 6.0.1; Nexus 5X Build/MMB29P) AppleWebKit/537.36 (KHTML, like Gecko) Chrome/137.0.7151.119 Mobile Safari/537.36 (compatible; Googlebot/2.1; +http://www.google.com/bot.html)"
66.249.65.35 - - [12/Jul/2025:12:19:13 +0000] "GET /?x=5716946031800&mod=333cb763&uri=form.php%3Fid%3D190899-334%26name%3Dhotstar+mahabharat+krishna+entry HTTP/1.1" 200 21467 "-" "Mozilla/5.0 (Linux; Android 6.0.1; Nexus 5X Build/MMB29P) AppleWebKit/537.36 (KHTML, like Gecko) Chrome/137.0.7151.103 Mobile Safari/537.36 (compatible; Googlebot/2.1; +http://www.google.com/bot.html)"
66.249.65.35 - - [12/Jul/2025:12:19:15 +0000] "GET /?x=5564194051800&mod=fa84632d&uri=goods.php%3Fid%3D185753-329%26name%3Dlululemon+wunder+under+ribbed HTTP/1.1" 200 21370 "-" "Mozilla/5.0 (Linux; Android 6.0.1; Nexus 5X Build/MMB29P) AppleWebKit/537.36 (KHTML, like Gecko) Chrome/137.0.7151.103 Mobile Safari/537.36 (compatible; Googlebot/2.1; +http://www.google.com/bot.html)"
66.249.65.35 - - [12/Jul/2025:12:19:16 +0000] "POST /get-message-notify HTTP/1.1" 200 21859 "https://kraft-court.cafe/?x=5716946031800&mod=333cb763&uri=form.php%3Fid%3D190899-334%26name%3Dhotstar+mahabharat+krishna+entry" "Mozilla/5.0 (Linux; Android 6.0.1; Nexus 5X Build/MMB29P) AppleWebKit/537.36 (KHTML, like Gecko) Chrome/137.0.7151.119 Mobile Safari/537.36 (compatible; Googlebot/2.1; +http://www.google.com/bot.html)"
66.249.65.35 - - [12/Jul/2025:12:19:18 +0000] "POST /get-message-notify HTTP/1.1" 200 21862 "https://kraft-court.cafe/?x=5577282021800&mod=831b1ac5&uri=form.php%3Fid%3D186191-331%26name%3Dwhite+prada+platform+sneakers" "Mozilla/5.0 (Linux; Android 6.0.1; Nexus 5X Build/MMB29P) AppleWebKit/537.36 (KHTML, like Gecko) Chrome/137.0.7151.119 Mobile Safari/537.36 (compatible; Googlebot/2.1; +http://www.google.com/bot.html)"
66.249.65.35 - - [12/Jul/2025:12:19:21 +0000] "GET /?x=5885135021800&mod=29921001&uri=dp.php%3Fid%3D196529-155%26name%3Djbl+pro HTTP/1.1" 200 22016 "-" "Mozilla/5.0 (Linux; Android 6.0.1; Nexus 5X Build/MMB29P) AppleWebKit/537.36 (KHTML, like Gecko) Chrome/137.0.7151.103 Mobile Safari/537.36 (compatible; Googlebot/2.1; +http://www.google.com/bot.html)"
66.249.65.35 - - [12/Jul/2025:12:19:25 +0000] "GET /?x=5704106001800&mod=2de7cf20&uri=category-info.php%3Fid%3D190458-333%26name%3Droseville+galleria+jewelry+stores HTTP/1.1" 200 22010 "-" "Mozilla/5.0 (Linux; Android 6.0.1; Nexus 5X Build/MMB29P) AppleWebKit/537.36 (KHTML, like Gecko) Chrome/137.0.7151.103 Mobile Safari/537.36 (compatible; Googlebot/2.1; +http://www.google.com/bot.html)"
66.249.65.35 - - [12/Jul/2025:12:19:27 +0000] "GET /?x=5714571001800&mod=333cb763&uri=blog.php%3Fid%3D190818-334%26name%3Droadies+july+2021 HTTP/1.1" 200 21782 "-" "Mozilla/5.0 (Linux; Android 6.0.1; Nexus 5X Build/MMB29P) AppleWebKit/537.36 (KHTML, like Gecko) Chrome/137.0.7151.103 Mobile Safari/537.36 (compatible; Googlebot/2.1; +http://www.google.com/bot.html)"
66.249.65.35 - - [12/Jul/2025:12:19:30 +0000] "GET /?x=95259007011800&mod=fa84632d&uri=us.php%3Fid%3D3179019-329%26name%3Dswim+365+plus+size+swimwear HTTP/1.1" 200 21371 "-" "Mozilla/5.0 (Linux; Android 6.0.1; Nexus 5X Build/MMB29P) AppleWebKit/537.36 (KHTML, like Gecko) Chrome/137.0.7151.103 Mobile Safari/537.36 (compatible; Googlebot/2.1; +http://www.google.com/bot.html)"
66.249.65.36 - - [12/Jul/2025:12:19:32 +0000] "GET /?x=5713029041800&mod=2de7cf20&uri=dp.php%3Fid%3D190764-333%26name%3Dkay+chain+necklace HTTP/1.1" 200 21726 "-" "Mozilla/5.0 (Linux; Android 6.0.1; Nexus 5X Build/MMB29P) AppleWebKit/537.36 (KHTML, like Gecko) Chrome/137.0.7151.103 Mobile Safari/537.36 (compatible; Googlebot/2.1; +http://www.google.com/bot.html)"
66.249.65.35 - - [12/Jul/2025:12:19:34 +0000] "GET /?x=5722936031800&mod=333cb763&uri=itm.php%3Fid%3D191106-334%26name%3Dintense+love+eng+sub HTTP/1.1" 200 22174 "-" "Mozilla/5.0 (Linux; Android 6.0.1; Nexus 5X Build/MMB29P) AppleWebKit/537.36 (KHTML, like Gecko) Chrome/137.0.7151.103 Mobile Safari/537.36 (compatible; Googlebot/2.1; +http://www.google.com/bot.html)"
66.249.65.36 - - [12/Jul/2025:12:19:35 +0000] "GET /?x=5718991031800&mod=333cb763&uri=article.php%3Fid%3D190971-334%26name%3Dbigg+boss+13+17+january+2021 HTTP/1.1" 200 23059 "-" "Mozilla/5.0 (Linux; Android 6.0.1; Nexus 5X Build/MMB29P) AppleWebKit/537.36 (KHTML, like Gecko) Chrome/137.0.7151.103 Mobile Safari/537.36 (compatible; Googlebot/2.1; +http://www.google.com/bot.html)"
66.249.65.35 - - [12/Jul/2025:12:19:37 +0000] "GET /?x=5716427031800&mod=333cb763&uri=brands.php%3Fid%3D190881-334%26name%3Dullu+web+series+mx+player+2021 HTTP/1.1" 200 22270 "-" "Mozilla/5.0 (Linux; Android 6.0.1; Nexus 5X Build/MMB29P) AppleWebKit/537.36 (KHTML, like Gecko) Chrome/137.0.7151.103 Mobile Safari/537.36 (compatible; Googlebot/2.1; +http://www.google.com/bot.html)"
66.249.65.36 - - [12/Jul/2025:12:19:38 +0000] "POST /get-message-notify HTTP/1.1" 200 21858 "https://kraft-court.cafe/?x=5722936031800&mod=333cb763&uri=itm.php%3Fid%3D191106-334%26name%3Dintense+love+eng+sub" "Mozilla/5.0 (Linux; Android 6.0.1; Nexus 5X Build/MMB29P) AppleWebKit/537.36 (KHTML, like Gecko) Chrome/137.0.7151.119 Mobile Safari/537.36 (compatible; Googlebot/2.1; +http://www.google.com/bot.html)"
66.249.65.35 - - [12/Jul/2025:12:19:41 +0000] "GET /?x=5892564091800&mod=29921001&uri=dp.php%3Fid%3D196777-155%26name%3Ddb402 HTTP/1.1" 200 21496 "-" "Mozilla/5.0 (Linux; Android 6.0.1; Nexus 5X Build/MMB29P) AppleWebKit/537.36 (KHTML, like Gecko) Chrome/137.0.7151.103 Mobile Safari/537.36 (compatible; Googlebot/2.1; +http://www.google.com/bot.html)"
66.249.65.36 - - [12/Jul/2025:12:19:41 +0000] "GET /?x=5622391071800&mod=e94fe9ac&uri=shop.php%3Fid%3D187725-332%26name%3Dold+sambalpuri+bhajan+mp3 HTTP/1.1" 200 21288 "-" "Mozilla/5.0 (Linux; Android 6.0.1; Nexus 5X Build/MMB29P) AppleWebKit/537.36 (KHTML, like Gecko) Chrome/137.0.7151.103 Mobile Safari/537.36 (compatible; Googlebot/2.1; +http://www.google.com/bot.html)"
66.249.65.35 - - [12/Jul/2025:12:19:43 +0000] "GET /?x=5541334011800&mod=ffbd6cbb&uri=products.php%3Fid%3D184991-310%26name%3Dnvidia+geforce+rtx+3050+ti+laptop+gpu HTTP/1.1" 200 22014 "-" "Mozilla/5.0 (Linux; Android 6.0.1; Nexus 5X Build/MMB29P) AppleWebKit/537.36 (KHTML, like Gecko) Chrome/137.0.7151.103 Mobile Safari/537.36 (compatible; Googlebot/2.1; +http://www.google.com/bot.html)"
66.249.65.36 - - [12/Jul/2025:12:19:46 +0000] "GET /?x=5690820031800&mod=2de7cf20&uri=form.php%3Fid%3D190015-333%26name%3Dmatching+rings+silver HTTP/1.1" 200 21769 "-" "Mozilla/5.0 (Linux; Android 6.0.1; Nexus 5X Build/MMB29P) AppleWebKit/537.36 (KHTML, like Gecko) Chrome/137.0.7151.103 Mobile Safari/537.36 (compatible; Googlebot/2.1; +http://www.google.com/bot.html)"
66.249.65.36 - - [12/Jul/2025:12:19:53 +0000] "GET /?x=5611575071800&mod=e94fe9ac&uri=shop.php%3Fid%3D187351-332%26name%3Dcustom+timer+apple+watch HTTP/1.1" 200 21944 "-" "Mozilla/5.0 (Linux; Android 6.0.1; Nexus 5X Build/MMB29P) AppleWebKit/537.36 (KHTML, like Gecko) Chrome/137.0.7151.103 Mobile Safari/537.36 (compatible; Googlebot/2.1; +http://www.google.com/bot.html)"
66.249.65.36 - - [12/Jul/2025:12:19:56 +0000] "POST /get-message-notify HTTP/1.1" 200 21868 "https://kraft-court.cafe/?x=5639700041800&mod=55d99a37&uri=pin.php%3Fid%3D188307-315%26name%3Dsekonda+uhr+damen" "Mozilla/5.0 (Linux; Android 6.0.1; Nexus 5X Build/MMB29P) AppleWebKit/537.36 (KHTML, like Gecko) Chrome/137.0.7151.119 Mobile Safari/537.36 (compatible; Googlebot/2.1; +http://www.google.com/bot.html)"
66.249.65.35 - - [12/Jul/2025:12:20:01 +0000] "GET /?x=5779585041800&mod=a8849b05&uri=form.php%3Fid%3D193006-57%26name%3Dbest+bluetooth+headset+below+2000 HTTP/1.1" 200 21832 "-" "Mozilla/5.0 (Linux; Android 6.0.1; Nexus 5X Build/MMB29P) AppleWebKit/537.36 (KHTML, like Gecko) Chrome/137.0.7151.103 Mobile Safari/537.36 (compatible; Googlebot/2.1; +http://www.google.com/bot.html)"
66.249.65.35 - - [12/Jul/2025:12:20:02 +0000] "GET /?x=31804457031800&mod=7a544863&uri=brands.php%3Fid%3D1061519-454%26name%3Dfisher+price+laugh+and+learn+ride+on HTTP/1.1" 200 22094 "-" "Mozilla/5.0 (Linux; Android 6.0.1; Nexus 5X Build/MMB29P) AppleWebKit/537.36 (KHTML, like Gecko) Chrome/137.0.7151.103 Mobile Safari/537.36 (compatible; Googlebot/2.1; +http://www.google.com/bot.html)"
66.249.65.35 - - [12/Jul/2025:12:20:03 +0000] "POST /get-message-notify HTTP/1.1" 200 21860 "https://kraft-court.cafe/?x=5714571001800&mod=333cb763&uri=blog.php%3Fid%3D190818-334%26name%3Droadies+july+2021" "Mozilla/5.0 (Linux; Android 6.0.1; Nexus 5X Build/MMB29P) AppleWebKit/537.36 (KHTML, like Gecko) Chrome/137.0.7151.119 Mobile Safari/537.36 (compatible; Googlebot/2.1; +http://www.google.com/bot.html)"
66.249.65.36 - - [12/Jul/2025:12:20:04 +0000] "POST /get-message-notify HTTP/1.1" 200 21859 "https://kraft-court.cafe/?x=5779585041800&mod=a8849b05&uri=form.php%3Fid%3D193006-57%26name%3Dbest+bluetooth+headset+below+2000" "Mozilla/5.0 (Linux; Android 6.0.1; Nexus 5X Build/MMB29P) AppleWebKit/537.36 (KHTML, like Gecko) Chrome/137.0.7151.119 Mobile Safari/537.36 (compatible; Googlebot/2.1; +http://www.google.com/bot.html)"
66.249.65.36 - - [12/Jul/2025:12:20:08 +0000] "GET /?x=5639012061800&mod=55d99a37&uri=products.php%3Fid%3D188284-315%26name%3Dtaucheruhren+24 HTTP/1.1" 200 20885 "-" "Mozilla/5.0 (Linux; Android 6.0.1; Nexus 5X Build/MMB29P) AppleWebKit/537.36 (KHTML, like Gecko) Chrome/137.0.7151.103 Mobile Safari/537.36 (compatible; Googlebot/2.1; +http://www.google.com/bot.html)"
66.249.65.36 - - [12/Jul/2025:12:20:10 +0000] "POST /get-message-notify HTTP/1.1" 200 21863 "https://kraft-court.cafe/?x=5541334011800&mod=ffbd6cbb&uri=products.php%3Fid%3D184991-310%26name%3Dnvidia+geforce+rtx+3050+ti+laptop+gpu" "Mozilla/5.0 (Linux; Android 6.0.1; Nexus 5X Build/MMB29P) AppleWebKit/537.36 (KHTML, like Gecko) Chrome/137.0.7151.119 Mobile Safari/537.36 (compatible; Googlebot/2.1; +http://www.google.com/bot.html)"
66.249.65.36 - - [12/Jul/2025:12:20:12 +0000] "GET /?x=31792184011800&mod=7a544863&uri=search.php%3Fid%3D1061109-454%26name%3Dboston+dynamics+3d+model HTTP/1.1" 200 22438 "-" "Mozilla/5.0 (Linux; Android 6.0.1; Nexus 5X Build/MMB29P) AppleWebKit/537.36 (KHTML, like Gecko) Chrome/137.0.7151.103 Mobile Safari/537.36 (compatible; Googlebot/2.1; +http://www.google.com/bot.html)"
66.249.65.35 - - [12/Jul/2025:12:20:15 +0000] "GET /?x=5784085091800&mod=a8849b05&uri=dp.php%3Fid%3D193156-57%26name%3Dbest+noise+shots+earbuds HTTP/1.1" 200 21253 "-" "Mozilla/5.0 (Linux; Android 6.0.1; Nexus 5X Build/MMB29P) AppleWebKit/537.36 (KHTML, like Gecko) Chrome/137.0.7151.103 Mobile Safari/537.36 (compatible; Googlebot/2.1; +http://www.google.com/bot.html)"
66.249.65.35 - - [12/Jul/2025:12:20:16 +0000] "POST /get-message-notify HTTP/1.1" 200 21862 "https://kraft-court.cafe/?x=31804457031800&mod=7a544863&uri=brands.php%3Fid%3D1061519-454%26name%3Dfisher+price+laugh+and+learn+ride+on" "Mozilla/5.0 (Linux; Android 6.0.1; Nexus 5X Build/MMB29P) AppleWebKit/537.36 (KHTML, like Gecko) Chrome/137.0.7151.119 Mobile Safari/537.36 (compatible; Googlebot/2.1; +http://www.google.com/bot.html)"
66.249.65.35 - - [12/Jul/2025:12:20:16 +0000] "GET /?x=5794328041800&mod=165a59f7&uri=brands.php%3Fid%3D193498-336%26name%3Dborse+selma+michael+kors HTTP/1.1" 200 20870 "-" "Mozilla/5.0 (Linux; Android 6.0.1; Nexus 5X Build/MMB29P) AppleWebKit/537.36 (KHTML, like Gecko) Chrome/137.0.7151.103 Mobile Safari/537.36 (compatible; Googlebot/2.1; +http://www.google.com/bot.html)"
66.249.65.35 - - [12/Jul/2025:12:20:17 +0000] "GET /?x=5786755011800&mod=a8849b05&uri=category-info.php%3Fid%3D193245-57%26name%3Dmi+neckband+bluetooth+earphone+ultra+deep+bass HTTP/1.1" 200 22784 "-" "Mozilla/5.0 (Linux; Android 6.0.1; Nexus 5X Build/MMB29P) AppleWebKit/537.36 (KHTML, like Gecko) Chrome/137.0.7151.103 Mobile Safari/537.36 (compatible; Googlebot/2.1; +http://www.google.com/bot.html)"
66.249.65.35 - - [12/Jul/2025:12:20:21 +0000] "POST /get-message-notify HTTP/1.1" 200 21855 "https://kraft-court.cafe/?x=31792184011800&mod=7a544863&uri=search.php%3Fid%3D1061109-454%26name%3Dboston+dynamics+3d+model" "Mozilla/5.0 (Linux; Android 6.0.1; Nexus 5X Build/MMB29P) AppleWebKit/537.36 (KHTML, like Gecko) Chrome/137.0.7151.119 Mobile Safari/537.36 (compatible; Googlebot/2.1; +http://www.google.com/bot.html)"
66.249.65.35 - - [12/Jul/2025:12:20:21 +0000] "GET /?x=5777187041800&mod=a8849b05&uri=product.php%3Fid%3D192926-57%26name%3Dpanasonic+bluetooth+in+ear+headphones HTTP/1.1" 200 22469 "-" "Mozilla/5.0 (Linux; Android 6.0.1; Nexus 5X Build/MMB29P) AppleWebKit/537.36 (KHTML, like Gecko) Chrome/137.0.7151.103 Mobile Safari/537.36 (compatible; Googlebot/2.1; +http://www.google.com/bot.html)"
66.249.65.35 - - [12/Jul/2025:12:20:22 +0000] "GET /?x=5660541001800&mod=dc6a7e65&uri=goods.php%3Fid%3D189005-308%26name%3Doff+white+fall+winter+2021+sweatshirt HTTP/1.1" 200 22521 "-" "Mozilla/5.0 (Linux; Android 6.0.1; Nexus 5X Build/MMB29P) AppleWebKit/537.36 (KHTML, like Gecko) Chrome/137.0.7151.103 Mobile Safari/537.36 (compatible; Googlebot/2.1; +http://www.google.com/bot.html)"
66.249.65.35 - - [12/Jul/2025:12:20:23 +0000] "POST /get-message-notify HTTP/1.1" 200 21870 "https://kraft-court.cafe/?x=5786755011800&mod=a8849b05&uri=category-info.php%3Fid%3D193245-57%26name%3Dmi+neckband+bluetooth+earphone+ultra+deep+bass" "Mozilla/5.0 (Linux; Android 6.0.1; Nexus 5X Build/MMB29P) AppleWebKit/537.36 (KHTML, like Gecko) Chrome/137.0.7151.119 Mobile Safari/537.36 (compatible; Googlebot/2.1; +http://www.google.com/bot.html)"
66.249.65.35 - - [12/Jul/2025:12:20:23 +0000] "POST /get-message-notify HTTP/1.1" 200 21865 "https://kraft-court.cafe/?x=5713029041800&mod=2de7cf20&uri=dp.php%3Fid%3D190764-333%26name%3Dkay+chain+necklace" "Mozilla/5.0 (Linux; Android 6.0.1; Nexus 5X Build/MMB29P) AppleWebKit/537.36 (KHTML, like Gecko) Chrome/137.0.7151.119 Mobile Safari/537.36 (compatible; Googlebot/2.1; +http://www.google.com/bot.html)"
66.249.65.35 - - [12/Jul/2025:12:20:26 +0000] "GET /?x=31784084011800&mod=0f6b1f65&uri=news.php%3Fid%3D1060839-1003%26name%3Dkyrie+eastbay HTTP/1.1" 200 20676 "-" "Mozilla/5.0 (Linux; Android 6.0.1; Nexus 5X Build/MMB29P) AppleWebKit/537.36 (KHTML, like Gecko) Chrome/137.0.7151.103 Mobile Safari/537.36 (compatible; Googlebot/2.1; +http://www.google.com/bot.html)"
66.249.65.36 - - [12/Jul/2025:12:20:26 +0000] "GET /?x=59556203001800&mod=29921001&uri=form.php%3Fid%3D1987428-155%26name%3Dx+ohm+speakers+in+series HTTP/1.1" 200 22252 "-" "Mozilla/5.0 (Linux; Android 6.0.1; Nexus 5X Build/MMB29P) AppleWebKit/537.36 (KHTML, like Gecko) Chrome/137.0.7151.103 Mobile Safari/537.36 (compatible; Googlebot/2.1; +http://www.google.com/bot.html)"
66.249.65.36 - - [12/Jul/2025:12:20:27 +0000] "GET /?x=86782551031800&mod=e94fe9ac&uri=product.php%3Fid%3D2896063-332%26name%3Dyeh+rishta+kya+kehlata+hai+15+march+2021 HTTP/1.1" 200 21869 "-" "Mozilla/5.0 (Linux; Android 6.0.1; Nexus 5X Build/MMB29P) AppleWebKit/537.36 (KHTML, like Gecko) Chrome/137.0.7151.103 Mobile Safari/537.36 (compatible; Googlebot/2.1; +http://www.google.com/bot.html)"
66.249.65.35 - - [12/Jul/2025:12:20:28 +0000] "POST /get-message-notify HTTP/1.1" 200 21863 "https://kraft-court.cafe/?x=31784084011800&mod=0f6b1f65&uri=news.php%3Fid%3D1060839-1003%26name%3Dkyrie+eastbay" "Mozilla/5.0 (Linux; Android 6.0.1; Nexus 5X Build/MMB29P) AppleWebKit/537.36 (KHTML, like Gecko) Chrome/137.0.7151.119 Mobile Safari/537.36 (compatible; Googlebot/2.1; +http://www.google.com/bot.html)"
66.249.65.35 - - [12/Jul/2025:12:20:29 +0000] "POST /get-message-notify HTTP/1.1" 200 21870 "https://kraft-court.cafe/?x=5660541001800&mod=dc6a7e65&uri=goods.php%3Fid%3D189005-308%26name%3Doff+white+fall+winter+2021+sweatshirt" "Mozilla/5.0 (Linux; Android 6.0.1; Nexus 5X Build/MMB29P) AppleWebKit/537.36 (KHTML, like Gecko) Chrome/137.0.7151.119 Mobile Safari/537.36 (compatible; Googlebot/2.1; +http://www.google.com/bot.html)"
66.249.65.35 - - [12/Jul/2025:12:20:29 +0000] "GET /?x=5607103041800&mod=e94fe9ac&uri=article.php%3Fid%3D187196-332%26name%3Dfix+scratch+on+apple+watch+screen HTTP/1.1" 200 21903 "-" "Mozilla/5.0 (Linux; Android 6.0.1; Nexus 5X Build/MMB29P) AppleWebKit/537.36 (KHTML, like Gecko) Chrome/137.0.7151.103 Mobile Safari/537.36 (compatible; Googlebot/2.1; +http://www.google.com/bot.html)"
66.249.65.35 - - [12/Jul/2025:12:20:29 +0000] "POST /get-message-notify HTTP/1.1" 200 21868 "https://kraft-court.cafe/?x=5639012061800&mod=55d99a37&uri=products.php%3Fid%3D188284-315%26name%3Dtaucheruhren+24" "Mozilla/5.0 (Linux; Android 6.0.1; Nexus 5X Build/MMB29P) AppleWebKit/537.36 (KHTML, like Gecko) Chrome/137.0.7151.119 Mobile Safari/537.36 (compatible; Googlebot/2.1; +http://www.google.com/bot.html)"
66.249.65.36 - - [12/Jul/2025:12:20:29 +0000] "POST /get-message-notify HTTP/1.1" 200 21886 "https://kraft-court.cafe/?x=86782551031800&mod=e94fe9ac&uri=product.php%3Fid%3D2896063-332%26name%3Dyeh+rishta+kya+kehlata+hai+15+march+2021" "Mozilla/5.0 (Linux; Android 6.0.1; Nexus 5X Build/MMB29P) AppleWebKit/537.36 (KHTML, like Gecko) Chrome/137.0.7151.119 Mobile Safari/537.36 (compatible; Googlebot/2.1; +http://www.google.com/bot.html)"
66.249.65.35 - - [12/Jul/2025:12:20:30 +0000] "GET /?x=5691270001800&mod=2de7cf20&uri=search.php%3Fid%3D190030-333%26name%3Dunique+wide+wedding+bands+for+her HTTP/1.1" 200 22560 "-" "Mozilla/5.0 (Linux; Android 6.0.1; Nexus 5X Build/MMB29P) AppleWebKit/537.36 (KHTML, like Gecko) Chrome/137.0.7151.103 Mobile Safari/537.36 (compatible; Googlebot/2.1; +http://www.google.com/bot.html)"
66.249.65.36 - - [12/Jul/2025:12:20:32 +0000] "GET /?x=5797298051800&mod=165a59f7&uri=news.php%3Fid%3D193597-336%26name%3Dborse+di+la+fata+tuttofare HTTP/1.1" 200 20877 "-" "Mozilla/5.0 (Linux; Android 6.0.1; Nexus 5X Build/MMB29P) AppleWebKit/537.36 (KHTML, like Gecko) Chrome/137.0.7151.103 Mobile Safari/537.36 (compatible; Googlebot/2.1; +http://www.google.com/bot.html)"
66.249.65.35 - - [12/Jul/2025:12:20:32 +0000] "POST /get-message-notify HTTP/1.1" 200 21853 "https://kraft-court.cafe/?x=5607103041800&mod=e94fe9ac&uri=article.php%3Fid%3D187196-332%26name%3Dfix+scratch+on+apple+watch+screen" "Mozilla/5.0 (Linux; Android 6.0.1; Nexus 5X Build/MMB29P) AppleWebKit/537.36 (KHTML, like Gecko) Chrome/137.0.7151.119 Mobile Safari/537.36 (compatible; Googlebot/2.1; +http://www.google.com/bot.html)"
66.249.65.36 - - [12/Jul/2025:12:20:34 +0000] "GET /?x=5680551041800&mod=dc6a7e65&uri=category-info.php%3Fid%3D189672-308%26name%3Dsport+luxe+hoodie HTTP/1.1" 200 22092 "-" "Mozilla/5.0 (Linux; Android 6.0.1; Nexus 5X Build/MMB29P) AppleWebKit/537.36 (KHTML, like Gecko) Chrome/137.0.7151.103 Mobile Safari/537.36 (compatible; Googlebot/2.1; +http://www.google.com/bot.html)"
66.249.65.36 - - [12/Jul/2025:12:20:37 +0000] "POST /get-message-notify HTTP/1.1" 200 21862 "https://kraft-court.cafe/?x=5680551041800&mod=dc6a7e65&uri=category-info.php%3Fid%3D189672-308%26name%3Dsport+luxe+hoodie" "Mozilla/5.0 (Linux; Android 6.0.1; Nexus 5X Build/MMB29P) AppleWebKit/537.36 (KHTML, like Gecko) Chrome/137.0.7151.119 Mobile Safari/537.36 (compatible; Googlebot/2.1; +http://www.google.com/bot.html)"
66.249.65.36 - - [12/Jul/2025:12:20:37 +0000] "GET /?x=5682570021800&mod=2de7cf20&uri=shared.php%3Fid%3D189740-333%26name%3Dprouds+hours HTTP/1.1" 200 21438 "-" "Mozilla/5.0 (Linux; Android 6.0.1; Nexus 5X Build/MMB29P) AppleWebKit/537.36 (KHTML, like Gecko) Chrome/137.0.7151.103 Mobile Safari/537.36 (compatible; Googlebot/2.1; +http://www.google.com/bot.html)"
66.249.65.36 - - [12/Jul/2025:12:20:45 +0000] "GET /?x=5754177031800&mod=97108695&uri=dp.php%3Fid%3D192159-335%26name%3Dbucket+clothes+washer HTTP/1.1" 200 22713 "-" "Mozilla/5.0 (Linux; Android 6.0.1; Nexus 5X Build/MMB29P) AppleWebKit/537.36 (KHTML, like Gecko) Chrome/137.0.7151.103 Mobile Safari/537.36 (compatible; Googlebot/2.1; +http://www.google.com/bot.html)"
66.249.65.35 - - [12/Jul/2025:12:20:45 +0000] "GET /?x=5986349141800&mod=e3ea3396&uri=info.php%3Fid%3D199906-345%26name%3Dpantalon+esqui+tallas+grandes HTTP/1.1" 200 20566 "-" "Mozilla/5.0 (Linux; Android 6.0.1; Nexus 5X Build/MMB29P) AppleWebKit/537.36 (KHTML, like Gecko) Chrome/137.0.7151.103 Mobile Safari/537.36 (compatible; Googlebot/2.1; +http://www.google.com/bot.html)"
66.249.65.37 - - [12/Jul/2025:12:20:46 +0000] "GET /?x=5680311061800&mod=dc6a7e65&uri=shop.php%3Fid%3D189664-308%26name%3Dwomen%27s+korean+style+sweatshirt HTTP/1.1" 200 22154 "-" "Mozilla/5.0 (Linux; Android 6.0.1; Nexus 5X Build/MMB29P) AppleWebKit/537.36 (KHTML, like Gecko) Chrome/137.0.7151.103 Mobile Safari/537.36 (compatible; Googlebot/2.1; +http://www.google.com/bot.html)"
66.249.65.37 - - [12/Jul/2025:12:20:47 +0000] "GET /?x=47560690001800&mod=b7b16ecf&uri=category-info.php%3Fid%3D1587212-39%26name%3Dairborne+butterfly+chair HTTP/1.1" 200 22205 "-" "Mozilla/5.0 (Linux; Android 6.0.1; Nexus 5X Build/MMB29P) AppleWebKit/537.36 (KHTML, like Gecko) Chrome/137.0.7151.103 Mobile Safari/537.36 (compatible; Googlebot/2.1; +http://www.google.com/bot.html)"
66.249.65.36 - - [12/Jul/2025:12:20:48 +0000] "GET /?x=5760687051800&mod=97108695&uri=form.php%3Fid%3D192376-335%26name%3Dnintendo+switch+adapter+watt HTTP/1.1" 200 21481 "-" "Mozilla/5.0 (Linux; Android 6.0.1; Nexus 5X Build/MMB29P) AppleWebKit/537.36 (KHTML, like Gecko) Chrome/137.0.7151.103 Mobile Safari/537.36 (compatible; Googlebot/2.1; +http://www.google.com/bot.html)"
66.249.65.37 - - [12/Jul/2025:12:20:50 +0000] "GET /?x=5646509011800&mod=55d99a37&uri=news.php%3Fid%3D188535-315%26name%3Ddeutsche+marine+uhr HTTP/1.1" 200 21024 "-" "Mozilla/5.0 (Linux; Android 6.0.1; Nexus 5X Build/MMB29P) AppleWebKit/537.36 (KHTML, like Gecko) Chrome/137.0.7151.103 Mobile Safari/537.36 (compatible; Googlebot/2.1; +http://www.google.com/bot.html)"
66.249.65.37 - - [12/Jul/2025:12:20:52 +0000] "POST /get-message-notify HTTP/1.1" 200 21860 "https://kraft-court.cafe/?x=5754177031800&mod=97108695&uri=dp.php%3Fid%3D192159-335%26name%3Dbucket+clothes+washer" "Mozilla/5.0 (Linux; Android 6.0.1; Nexus 5X Build/MMB29P) AppleWebKit/537.36 (KHTML, like Gecko) Chrome/137.0.7151.119 Mobile Safari/537.36 (compatible; Googlebot/2.1; +http://www.google.com/bot.html)"
66.249.65.37 - - [12/Jul/2025:12:20:53 +0000] "GET /?x=5675751041800&mod=dc6a7e65&uri=info.php%3Fid%3D189512-308%26name%3Dwomens+hoodies+clearance HTTP/1.1" 200 22474 "-" "Mozilla/5.0 (Linux; Android 6.0.1; Nexus 5X Build/MMB29P) AppleWebKit/537.36 (KHTML, like Gecko) Chrome/137.0.7151.103 Mobile Safari/537.36 (compatible; Googlebot/2.1; +http://www.google.com/bot.html)"
66.249.65.37 - - [12/Jul/2025:12:20:54 +0000] "POST /get-message-notify HTTP/1.1" 200 21870 "https://kraft-court.cafe/?x=5986349141800&mod=e3ea3396&uri=info.php%3Fid%3D199906-345%26name%3Dpantalon+esqui+tallas+grandes" "Mozilla/5.0 (Linux; Android 6.0.1; Nexus 5X Build/MMB29P) AppleWebKit/537.36 (KHTML, like Gecko) Chrome/137.0.7151.119 Mobile Safari/537.36 (compatible; Googlebot/2.1; +http://www.google.com/bot.html)"
66.249.65.36 - - [12/Jul/2025:12:20:56 +0000] "GET /?x=5641140041800&mod=55d99a37&uri=goods.php%3Fid%3D188355-315%26name%3Darmani+keramik+uhr+ersatzteile HTTP/1.1" 200 21882 "-" "Mozilla/5.0 (Linux; Android 6.0.1; Nexus 5X Build/MMB29P) AppleWebKit/537.36 (KHTML, like Gecko) Chrome/137.0.7151.103 Mobile Safari/537.36 (compatible; Googlebot/2.1; +http://www.google.com/bot.html)"
66.249.65.37 - - [12/Jul/2025:12:21:01 +0000] "GET /?x=5745777031800&mod=97108695&uri=us.php%3Fid%3D191879-335%26name%3Ddtt166+defy HTTP/1.1" 200 21667 "-" "Mozilla/5.0 (Linux; Android 6.0.1; Nexus 5X Build/MMB29P) AppleWebKit/537.36 (KHTML, like Gecko) Chrome/137.0.7151.103 Mobile Safari/537.36 (compatible; Googlebot/2.1; +http://www.google.com/bot.html)"
66.249.65.37 - - [12/Jul/2025:12:21:04 +0000] "GET /?x=88890891001800&mod=e94fe9ac&uri=form.php%3Fid%3D2966424-332%26name%3Deurosport+australian+open+presenters HTTP/1.1" 200 22797 "-" "Mozilla/5.0 (Linux; Android 6.0.1; Nexus 5X Build/MMB29P) AppleWebKit/537.36 (KHTML, like Gecko) Chrome/137.0.7151.103 Mobile Safari/537.36 (compatible; Googlebot/2.1; +http://www.google.com/bot.html)"
66.249.65.37 - - [12/Jul/2025:12:21:04 +0000] "POST /get-message-notify HTTP/1.1" 200 21870 "https://kraft-court.cafe/?x=5745777031800&mod=97108695&uri=us.php%3Fid%3D191879-335%26name%3Ddtt166+defy" "Mozilla/5.0 (Linux; Android 6.0.1; Nexus 5X Build/MMB29P) AppleWebKit/537.36 (KHTML, like Gecko) Chrome/137.0.7151.119 Mobile Safari/537.36 (compatible; Googlebot/2.1; +http://www.google.com/bot.html)"
66.249.65.35 - - [12/Jul/2025:12:21:05 +0000] "GET /?x=5745567061800&mod=97108695&uri=goods.php%3Fid%3D191872-335%26name%3Dcostway+portable+washing+machine+reviews HTTP/1.1" 200 22188 "-" "Mozilla/5.0 (Linux; Android 6.0.1; Nexus 5X Build/MMB29P) AppleWebKit/537.36 (KHTML, like Gecko) Chrome/137.0.7151.103 Mobile Safari/537.36 (compatible; Googlebot/2.1; +http://www.google.com/bot.html)"
66.249.65.35 - - [12/Jul/2025:12:21:08 +0000] "GET /?x=5753757041800&mod=97108695&uri=products.php%3Fid%3D192145-335%26name%3Drcm+payload HTTP/1.1" 200 21769 "-" "Mozilla/5.0 (Linux; Android 6.0.1; Nexus 5X Build/MMB29P) AppleWebKit/537.36 (KHTML, like Gecko) Chrome/137.0.7151.103 Mobile Safari/537.36 (compatible; Googlebot/2.1; +http://www.google.com/bot.html)"
66.249.65.35 - - [12/Jul/2025:12:21:16 +0000] "GET /?x=94678502031800&mod=e94fe9ac&uri=info.php%3Fid%3D3159651-332%26name%3Dkapur+gaurav+ringtone HTTP/1.1" 200 21871 "-" "Mozilla/5.0 (Linux; Android 6.0.1; Nexus 5X Build/MMB29P) AppleWebKit/537.36 (KHTML, like Gecko) Chrome/137.0.7151.103 Mobile Safari/537.36 (compatible; Googlebot/2.1; +http://www.google.com/bot.html)"
66.249.65.35 - - [12/Jul/2025:12:21:17 +0000] "GET /?x=5755647021800&mod=97108695&uri=brands.php%3Fid%3D192208-335%26name%3D18v+snap+on+impact HTTP/1.1" 200 21966 "-" "Mozilla/5.0 (Linux; Android 6.0.1; Nexus 5X Build/MMB29P) AppleWebKit/537.36 (KHTML, like Gecko) Chrome/137.0.7151.103 Mobile Safari/537.36 (compatible; Googlebot/2.1; +http://www.google.com/bot.html)"
66.249.65.35 - - [12/Jul/2025:12:21:26 +0000] "GET /?x=5751237001800&mod=97108695&uri=itm.php%3Fid%3D192061-335%26name%3D12+months+nintendo+online HTTP/1.1" 200 22017 "-" "Mozilla/5.0 (Linux; Android 6.0.1; Nexus 5X Build/MMB29P) AppleWebKit/537.36 (KHTML, like Gecko) Chrome/137.0.7151.103 Mobile Safari/537.36 (compatible; Googlebot/2.1; +http://www.google.com/bot.html)"
66.249.65.35 - - [12/Jul/2025:12:21:30 +0000] "GET /?x=5659941031800&mod=dc6a7e65&uri=goods.php%3Fid%3D188985-308%26name%3Dacid+wash+grey+sweatshirt HTTP/1.1" 200 22458 "-" "Mozilla/5.0 (Linux; Android 6.0.1; Nexus 5X Build/MMB29P) AppleWebKit/537.36 (KHTML, like Gecko) Chrome/137.0.7151.103 Mobile Safari/537.36 (compatible; Googlebot/2.1; +http://www.google.com/bot.html)"
66.249.65.35 - - [12/Jul/2025:12:21:30 +0000] "GET /?x=5791555041800&mod=a8849b05&uri=info.php%3Fid%3D193405-57%26name%3Drock+headphones+wireless HTTP/1.1" 200 22063 "-" "Mozilla/5.0 (Linux; Android 6.0.1; Nexus 5X Build/MMB29P) AppleWebKit/537.36 (KHTML, like Gecko) Chrome/137.0.7151.103 Mobile Safari/537.36 (compatible; Googlebot/2.1; +http://www.google.com/bot.html)"
66.249.65.35 - - [12/Jul/2025:12:21:31 +0000] "GET /?x=5643122041800&mod=9a96a2c7&uri=products.php%3Fid%3D188422-301%26name%3Dchaquetones+elegantes HTTP/1.1" 200 21545 "-" "Mozilla/5.0 (Linux; Android 6.0.1; Nexus 5X Build/MMB29P) AppleWebKit/537.36 (KHTML, like Gecko) Chrome/137.0.7151.103 Mobile Safari/537.36 (compatible; Googlebot/2.1; +http://www.google.com/bot.html)"
66.249.65.35 - - [12/Jul/2025:12:21:39 +0000] "GET /?x=5759847041800&mod=97108695&uri=product.php%3Fid%3D192348-335%26name%3Dsamsung+soundbar+no+arc HTTP/1.1" 200 22559 "-" "Mozilla/5.0 (Linux; Android 6.0.1; Nexus 5X Build/MMB29P) AppleWebKit/537.36 (KHTML, like Gecko) Chrome/137.0.7151.103 Mobile Safari/537.36 (compatible; Googlebot/2.1; +http://www.google.com/bot.html)"
66.249.65.35 - - [12/Jul/2025:12:21:40 +0000] "GET /?x=5639402041800&mod=55d99a37&uri=form.php%3Fid%3D188297-315%26name%3Dceramic+uhr HTTP/1.1" 200 21821 "-" "Mozilla/5.0 (Linux; Android 6.0.1; Nexus 5X Build/MMB29P) AppleWebKit/537.36 (KHTML, like Gecko) Chrome/137.0.7151.103 Mobile Safari/537.36 (compatible; Googlebot/2.1; +http://www.google.com/bot.html)"
66.249.65.35 - - [12/Jul/2025:12:21:41 +0000] "POST /get-message-notify HTTP/1.1" 200 21864 "https://kraft-court.cafe/?x=5716427031800&mod=333cb763&uri=brands.php%3Fid%3D190881-334%26name%3Dullu+web+series+mx+player+2021" "Mozilla/5.0 (Linux; Android 6.0.1; Nexus 5X Build/MMB29P) AppleWebKit/537.36 (KHTML, like Gecko) Chrome/137.0.7151.119 Mobile Safari/537.36 (compatible; Googlebot/2.1; +http://www.google.com/bot.html)"
66.249.65.35 - - [12/Jul/2025:12:21:41 +0000] "GET /?x=5744937051800&mod=97108695&uri=dp.php%3Fid%3D191851-335%26name%3Dtwin+tub+washer HTTP/1.1" 200 22089 "-" "Mozilla/5.0 (Linux; Android 6.0.1; Nexus 5X Build/MMB29P) AppleWebKit/537.36 (KHTML, like Gecko) Chrome/137.0.7151.103 Mobile Safari/537.36 (compatible; Googlebot/2.1; +http://www.google.com/bot.html)"
66.249.65.35 - - [12/Jul/2025:12:21:42 +0000] "GET /?x=86761635011800&mod=e94fe9ac&uri=blog.php%3Fid%3D2895364-332%26name%3Dstar+utsav+ishqbaaz HTTP/1.1" 200 21831 "-" "Mozilla/5.0 (Linux; Android 6.0.1; Nexus 5X Build/MMB29P) AppleWebKit/537.36 (KHTML, like Gecko) Chrome/137.0.7151.103 Mobile Safari/537.36 (compatible; Googlebot/2.1; +http://www.google.com/bot.html)"
66.249.65.36 - - [12/Jul/2025:12:21:44 +0000] "GET /?x=5749137011800&mod=97108695&uri=dp.php%3Fid%3D191991-335%26name%3Dgrid+switch+metacritic HTTP/1.1" 200 22536 "-" "Mozilla/5.0 (Linux; Android 6.0.1; Nexus 5X Build/MMB29P) AppleWebKit/537.36 (KHTML, like Gecko) Chrome/137.0.7151.103 Mobile Safari/537.36 (compatible; Googlebot/2.1; +http://www.google.com/bot.html)"
66.249.65.36 - - [12/Jul/2025:12:21:44 +0000] "POST /get-message-notify HTTP/1.1" 200 21856 "https://kraft-court.cafe/?x=5659941031800&mod=dc6a7e65&uri=goods.php%3Fid%3D188985-308%26name%3Dacid+wash+grey+sweatshirt" "Mozilla/5.0 (Linux; Android 6.0.1; Nexus 5X Build/MMB29P) AppleWebKit/537.36 (KHTML, like Gecko) Chrome/137.0.7151.119 Mobile Safari/537.36 (compatible; Googlebot/2.1; +http://www.google.com/bot.html)"
66.249.65.36 - - [12/Jul/2025:12:21:45 +0000] "GET /?x=119727853041800&mod=faefec47&uri=news.php%3Fid%3D3995682-539%26name%3Dcar+driving+simulator+switch HTTP/1.1" 200 22227 "-" "Mozilla/5.0 (Linux; Android 6.0.1; Nexus 5X Build/MMB29P) AppleWebKit/537.36 (KHTML, like Gecko) Chrome/137.0.7151.103 Mobile Safari/537.36 (compatible; Googlebot/2.1; +http://www.google.com/bot.html)"
66.249.65.36 - - [12/Jul/2025:12:21:47 +0000] "GET /?x=5745987001800&mod=97108695&uri=category-info.php%3Fid%3D191886-335%26name%3Dsoundbar+with+hdmi+arc+connection HTTP/1.1" 200 22067 "-" "Mozilla/5.0 (Linux; Android 6.0.1; Nexus 5X Build/MMB29P) AppleWebKit/537.36 (KHTML, like Gecko) Chrome/137.0.7151.103 Mobile Safari/537.36 (compatible; Googlebot/2.1; +http://www.google.com/bot.html)"
66.249.65.36 - - [12/Jul/2025:12:21:51 +0000] "GET /?x=5755227081800&mod=97108695&uri=info.php%3Fid%3D192194-335%26name%3Dnintendo+pro+price HTTP/1.1" 200 21444 "-" "Mozilla/5.0 (Linux; Android 6.0.1; Nexus 5X Build/MMB29P) AppleWebKit/537.36 (KHTML, like Gecko) Chrome/137.0.7151.103 Mobile Safari/537.36 (compatible; Googlebot/2.1; +http://www.google.com/bot.html)"
66.249.65.35 - - [12/Jul/2025:12:21:54 +0000] "GET /?x=5675151041800&mod=dc6a7e65&uri=product.php%3Fid%3D189492-308%26name%3Dboston+red+sox+hoodie HTTP/1.1" 200 21586 "-" "Mozilla/5.0 (Linux; Android 6.0.1; Nexus 5X Build/MMB29P) AppleWebKit/537.36 (KHTML, like Gecko) Chrome/137.0.7151.103 Mobile Safari/537.36 (compatible; Googlebot/2.1; +http://www.google.com/bot.html)"
66.249.65.36 - - [12/Jul/2025:12:21:54 +0000] "POST /get-message-notify HTTP/1.1" 200 21861 "https://kraft-court.cafe/?x=5755227081800&mod=97108695&uri=info.php%3Fid%3D192194-335%26name%3Dnintendo+pro+price" "Mozilla/5.0 (Linux; Android 6.0.1; Nexus 5X Build/MMB29P) AppleWebKit/537.36 (KHTML, like Gecko) Chrome/137.0.7151.119 Mobile Safari/537.36 (compatible; Googlebot/2.1; +http://www.google.com/bot.html)"
66.249.65.35 - - [12/Jul/2025:12:21:56 +0000] "GET /?x=5927261001800&mod=4500e403&uri=us.php%3Fid%3D197934-342%26name%3Djoie+dreamer+baby+bouncer+petite+city HTTP/1.1" 200 21705 "-" "Mozilla/5.0 (Linux; Android 6.0.1; Nexus 5X Build/MMB29P) AppleWebKit/537.36 (KHTML, like Gecko) Chrome/137.0.7151.103 Mobile Safari/537.36 (compatible; Googlebot/2.1; +http://www.google.com/bot.html)"
66.249.65.36 - - [12/Jul/2025:12:21:56 +0000] "GET /?x=5678271081800&mod=dc6a7e65&uri=us.php%3Fid%3D189596-308%26name%3Dgucci+band+sweatshirt HTTP/1.1" 200 21690 "-" "Mozilla/5.0 (Linux; Android 6.0.1; Nexus 5X Build/MMB29P) AppleWebKit/537.36 (KHTML, like Gecko) Chrome/137.0.7151.103 Mobile Safari/537.36 (compatible; Googlebot/2.1; +http://www.google.com/bot.html)"
66.249.65.35 - - [12/Jul/2025:12:22:00 +0000] "GET /?x=5755017011800&mod=97108695&uri=us.php%3Fid%3D192187-335%26name%3Dsonic+mania+switch+metacritic HTTP/1.1" 200 22190 "-" "Mozilla/5.0 (Linux; Android 6.0.1; Nexus 5X Build/MMB29P) AppleWebKit/537.36 (KHTML, like Gecko) Chrome/137.0.7151.103 Mobile Safari/537.36 (compatible; Googlebot/2.1; +http://www.google.com/bot.html)"
66.249.65.37 - - [12/Jul/2025:12:22:02 +0000] "GET /?x=5751447121800&mod=97108695&uri=product.php%3Fid%3D192068-335%26name%3Dm12+stubby+impact+torque+settings HTTP/1.1" 200 21726 "-" "Mozilla/5.0 (Linux; Android 6.0.1; Nexus 5X Build/MMB29P) AppleWebKit/537.36 (KHTML, like Gecko) Chrome/137.0.7151.103 Mobile Safari/537.36 (compatible; Googlebot/2.1; +http://www.google.com/bot.html)"
66.249.65.35 - - [12/Jul/2025:12:22:04 +0000] "GET /?x=5675511001800&mod=dc6a7e65&uri=shared.php%3Fid%3D189504-308%26name%3Dnext+leopard+hoodie HTTP/1.1" 200 22036 "-" "Mozilla/5.0 (Linux; Android 6.0.1; Nexus 5X Build/MMB29P) AppleWebKit/537.36 (KHTML, like Gecko) Chrome/137.0.7151.103 Mobile Safari/537.36 (compatible; Googlebot/2.1; +http://www.google.com/bot.html)"
66.249.65.35 - - [12/Jul/2025:12:22:10 +0000] "GET /?x=59508248011800&mod=e94fe9ac&uri=category-info.php%3Fid%3D1985827-332%26name%3Dhow+to+take+ecg+on+apple+watch HTTP/1.1" 200 21971 "-" "Mozilla/5.0 (Linux; Android 6.0.1; Nexus 5X Build/MMB29P) AppleWebKit/537.36 (KHTML, like Gecko) Chrome/137.0.7151.103 Mobile Safari/537.36 (compatible; Googlebot/2.1; +http://www.google.com/bot.html)"
66.249.65.35 - - [12/Jul/2025:12:22:11 +0000] "GET /?x=5757747001800&mod=97108695&uri=brands.php%3Fid%3D192278-335%26name%3Dprocase+nintendo+switch+lite+flip+cover HTTP/1.1" 200 21849 "-" "Mozilla/5.0 (Linux; Android 6.0.1; Nexus 5X Build/MMB29P) AppleWebKit/537.36 (KHTML, like Gecko) Chrome/137.0.7151.103 Mobile Safari/537.36 (compatible; Googlebot/2.1; +http://www.google.com/bot.html)"
66.249.65.35 - - [12/Jul/2025:12:22:13 +0000] "POST /get-message-notify HTTP/1.1" 200 21861 "https://kraft-court.cafe/?x=5751447121800&mod=97108695&uri=product.php%3Fid%3D192068-335%26name%3Dm12+stubby+impact+torque+settings" "Mozilla/5.0 (Linux; Android 6.0.1; Nexus 5X Build/MMB29P) AppleWebKit/537.36 (KHTML, like Gecko) Chrome/137.0.7151.119 Mobile Safari/537.36 (compatible; Googlebot/2.1; +http://www.google.com/bot.html)"
66.249.65.35 - - [12/Jul/2025:12:22:14 +0000] "GET /?x=5750397031800&mod=97108695&uri=search.php%3Fid%3D192033-335%26name%3Dcontroller+charger+switch HTTP/1.1" 200 21617 "-" "Mozilla/5.0 (Linux; Android 6.0.1; Nexus 5X Build/MMB29P) AppleWebKit/537.36 (KHTML, like Gecko) Chrome/137.0.7151.103 Mobile Safari/537.36 (compatible; Googlebot/2.1; +http://www.google.com/bot.html)"
66.249.65.35 - - [12/Jul/2025:12:22:17 +0000] "GET /?x=5750187001800&mod=97108695&uri=dp.php%3Fid%3D192026-335%26name%3Dbucket+washing+machine+amazon HTTP/1.1" 200 21595 "-" "Mozilla/5.0 (Linux; Android 6.0.1; Nexus 5X Build/MMB29P) AppleWebKit/537.36 (KHTML, like Gecko) Chrome/137.0.7151.103 Mobile Safari/537.36 (compatible; Googlebot/2.1; +http://www.google.com/bot.html)"
66.249.65.35 - - [12/Jul/2025:12:22:20 +0000] "GET /?x=5679351141800&mod=dc6a7e65&uri=dp.php%3Fid%3D189632-308%26name%3Ddior+safety+pin+sweatshirt HTTP/1.1" 200 22246 "-" "Mozilla/5.0 (Linux; Android 6.0.1; Nexus 5X Build/MMB29P) AppleWebKit/537.36 (KHTML, like Gecko) Chrome/137.0.7151.103 Mobile Safari/537.36 (compatible; Googlebot/2.1; +http://www.google.com/bot.html)"
66.249.65.35 - - [12/Jul/2025:12:22:23 +0000] "POST /get-message-notify HTTP/1.1" 200 21869 "https://kraft-court.cafe/?x=5679351141800&mod=dc6a7e65&uri=dp.php%3Fid%3D189632-308%26name%3Ddior+safety+pin+sweatshirt" "Mozilla/5.0 (Linux; Android 6.0.1; Nexus 5X Build/MMB29P) AppleWebKit/537.36 (KHTML, like Gecko) Chrome/137.0.7151.119 Mobile Safari/537.36 (compatible; Googlebot/2.1; +http://www.google.com/bot.html)"
66.249.65.35 - - [12/Jul/2025:12:22:23 +0000] "GET /?x=5748927031800&mod=97108695&uri=news.php%3Fid%3D191984-335%26name%3Dkirby+allies+review HTTP/1.1" 200 21869 "-" "Mozilla/5.0 (Linux; Android 6.0.1; Nexus 5X Build/MMB29P) AppleWebKit/537.36 (KHTML, like Gecko) Chrome/137.0.7151.103 Mobile Safari/537.36 (compatible; Googlebot/2.1; +http://www.google.com/bot.html)"
66.249.65.35 - - [12/Jul/2025:12:22:26 +0000] "GET /?x=5753337001800&mod=97108695&uri=product.php%3Fid%3D192131-335%26name%3Drcm+x86 HTTP/1.1" 200 21458 "-" "Mozilla/5.0 (Linux; Android 6.0.1; Nexus 5X Build/MMB29P) AppleWebKit/537.36 (KHTML, like Gecko) Chrome/137.0.7151.103 Mobile Safari/537.36 (compatible; Googlebot/2.1; +http://www.google.com/bot.html)"
66.249.65.35 - - [12/Jul/2025:12:22:28 +0000] "POST /get-message-notify HTTP/1.1" 200 21850 "https://kraft-court.cafe/?x=5753337001800&mod=97108695&uri=product.php%3Fid%3D192131-335%26name%3Drcm+x86" "Mozilla/5.0 (Linux; Android 6.0.1; Nexus 5X Build/MMB29P) AppleWebKit/537.36 (KHTML, like Gecko) Chrome/137.0.7151.119 Mobile Safari/537.36 (compatible; Googlebot/2.1; +http://www.google.com/bot.html)"
66.249.65.35 - - [12/Jul/2025:12:22:29 +0000] "GET /?x=5676111021800&mod=dc6a7e65&uri=blog.php%3Fid%3D189524-308%26name%3Dbutter+super+soft+girl+hoodie HTTP/1.1" 200 21856 "-" "Mozilla/5.0 (Linux; Android 6.0.1; Nexus 5X Build/MMB29P) AppleWebKit/537.36 (KHTML, like Gecko) Chrome/137.0.7151.103 Mobile Safari/537.36 (compatible; Googlebot/2.1; +http://www.google.com/bot.html)"
66.249.65.35 - - [12/Jul/2025:12:22:30 +0000] "GET /?x=5894454091800&mod=29921001&uri=news.php%3Fid%3D196840-155%26name%3Dhercules+speakers HTTP/1.1" 200 21413 "-" "Mozilla/5.0 (Linux; Android 6.0.1; Nexus 5X Build/MMB29P) AppleWebKit/537.36 (KHTML, like Gecko) Chrome/137.0.7151.103 Mobile Safari/537.36 (compatible; Googlebot/2.1; +http://www.google.com/bot.html)"
66.249.65.35 - - [12/Jul/2025:12:22:32 +0000] "GET /?x=5677551041800&mod=dc6a7e65&uri=form.php%3Fid%3D189572-308%26name%3Dgildan+hot+pink+sweatshirt HTTP/1.1" 200 22364 "-" "Mozilla/5.0 (Linux; Android 6.0.1; Nexus 5X Build/MMB29P) AppleWebKit/537.36 (KHTML, like Gecko) Chrome/137.0.7151.103 Mobile Safari/537.36 (compatible; Googlebot/2.1; +http://www.google.com/bot.html)"
