66.249.65.35 - - [12/Jul/2025:12:22:33 +0000] "POST /get-message-notify HTTP/1.1" 200 21876 "https://kraft-court.cafe/?x=5894454091800&mod=29921001&uri=news.php%3Fid%3D196840-155%26name%3Dhercules+speakers" "Mozilla/5.0 (Linux; Android 6.0.1; Nexus 5X Build/MMB29P) AppleWebKit/537.36 (KHTML, like Gecko) Chrome/137.0.7151.119 Mobile Safari/537.36 (compatible; Googlebot/2.1; +http://www.google.com/bot.html)"
66.249.65.36 - - [12/Jul/2025:12:22:35 +0000] "POST /get-message-notify HTTP/1.1" 200 21862 "https://kraft-court.cafe/?x=5677551041800&mod=dc6a7e65&uri=form.php%3Fid%3D189572-308%26name%3Dgildan+hot+pink+sweatshirt" "Mozilla/5.0 (Linux; Android 6.0.1; Nexus 5X Build/MMB29P) AppleWebKit/537.36 (KHTML, like Gecko) Chrome/137.0.7151.119 Mobile Safari/537.36 (compatible; Googlebot/2.1; +http://www.google.com/bot.html)"
66.249.65.35 - - [12/Jul/2025:12:22:35 +0000] "GET /?x=5757537051800&mod=97108695&uri=news.php%3Fid%3D192271-335%26name%3Dcostway+twin+tub+washing+machine+manual HTTP/1.1" 200 22261 "-" "Mozilla/5.0 (Linux; Android 6.0.1; Nexus 5X Build/MMB29P) AppleWebKit/537.36 (KHTML, like Gecko) Chrome/137.0.7151.103 Mobile Safari/537.36 (compatible; Googlebot/2.1; +http://www.google.com/bot.html)"
66.249.65.35 - - [12/Jul/2025:12:22:37 +0000] "POST /get-message-notify HTTP/1.1" 200 21876 "https://kraft-court.cafe/?x=5750187001800&mod=97108695&uri=dp.php%3Fid%3D192026-335%26name%3Dbucket+washing+machine+amazon" "Mozilla/5.0 (Linux; Android 6.0.1; Nexus 5X Build/MMB29P) AppleWebKit/537.36 (KHTML, like Gecko) Chrome/137.0.7151.119 Mobile Safari/537.36 (compatible; Googlebot/2.1; +http://www.google.com/bot.html)"
66.249.65.35 - - [12/Jul/2025:12:22:39 +0000] "GET /?x=5745147041800&mod=97108695&uri=info.php%3Fid%3D191858-335%26name%3Djig+rcm+nintendo+switch HTTP/1.1" 200 21982 "-" "Mozilla/5.0 (Linux; Android 6.0.1; Nexus 5X Build/MMB29P) AppleWebKit/537.36 (KHTML, like Gecko) Chrome/137.0.7151.103 Mobile Safari/537.36 (compatible; Googlebot/2.1; +http://www.google.com/bot.html)"
66.249.65.36 - - [12/Jul/2025:12:22:41 +0000] "GET /?x=80071695011800&mod=2de7cf20&uri=info.php%3Fid%3D2672093-333%26name%3Dgents+diamond+chain HTTP/1.1" 200 21136 "-" "Mozilla/5.0 (Linux; Android 6.0.1; Nexus 5X Build/MMB29P) AppleWebKit/537.36 (KHTML, like Gecko) Chrome/137.0.7151.103 Mobile Safari/537.36 (compatible; Googlebot/2.1; +http://www.google.com/bot.html)"
66.249.65.36 - - [12/Jul/2025:12:22:42 +0000] "GET /?x=5682930141800&mod=2de7cf20&uri=itm.php%3Fid%3D189752-333%26name%3Dfinnies+the+jeweller HTTP/1.1" 200 20725 "-" "Mozilla/5.0 (Linux; Android 6.0.1; Nexus 5X Build/MMB29P) AppleWebKit/537.36 (KHTML, like Gecko) Chrome/137.0.7151.103 Mobile Safari/537.36 (compatible; Googlebot/2.1; +http://www.google.com/bot.html)"
66.249.65.35 - - [12/Jul/2025:12:22:47 +0000] "GET /?x=31635963071800&mod=ffbd6cbb&uri=article.php%3Fid%3D1055893-310%26name%3Drtx+3080+vs+1060 HTTP/1.1" 200 21533 "-" "Mozilla/5.0 (Linux; Android 6.0.1; Nexus 5X Build/MMB29P) AppleWebKit/537.36 (KHTML, like Gecko) Chrome/137.0.7151.103 Mobile Safari/537.36 (compatible; Googlebot/2.1; +http://www.google.com/bot.html)"
66.249.65.35 - - [12/Jul/2025:12:22:49 +0000] "GET /?x=5651301011800&mod=ada5e0b6&uri=products.php%3Fid%3D188697-309%26name%3D3090+base+price HTTP/1.1" 200 22082 "-" "Mozilla/5.0 (Linux; Android 6.0.1; Nexus 5X Build/MMB29P) AppleWebKit/537.36 (KHTML, like Gecko) Chrome/137.0.7151.103 Mobile Safari/537.36 (compatible; Googlebot/2.1; +http://www.google.com/bot.html)"
66.249.65.35 - - [12/Jul/2025:12:22:51 +0000] "POST /get-message-notify HTTP/1.1" 200 21864 "https://kraft-court.cafe/?x=5651301011800&mod=ada5e0b6&uri=products.php%3Fid%3D188697-309%26name%3D3090+base+price" "Mozilla/5.0 (Linux; Android 6.0.1; Nexus 5X Build/MMB29P) AppleWebKit/537.36 (KHTML, like Gecko) Chrome/137.0.7151.119 Mobile Safari/537.36 (compatible; Googlebot/2.1; +http://www.google.com/bot.html)"
66.249.65.35 - - [12/Jul/2025:12:22:51 +0000] "GET /?x=5665941021800&mod=dc6a7e65&uri=dp.php%3Fid%3D189185-308%26name%3Dbillie+eilish+white+hoodie+bershka HTTP/1.1" 200 22163 "-" "Mozilla/5.0 (Linux; Android 6.0.1; Nexus 5X Build/MMB29P) AppleWebKit/537.36 (KHTML, like Gecko) Chrome/137.0.7151.103 Mobile Safari/537.36 (compatible; Googlebot/2.1; +http://www.google.com/bot.html)"
66.249.65.35 - - [12/Jul/2025:12:22:53 +0000] "POST /get-message-notify HTTP/1.1" 200 21859 "https://kraft-court.cafe/?x=5757747001800&mod=97108695&uri=brands.php%3Fid%3D192278-335%26name%3Dprocase+nintendo+switch+lite+flip+cover" "Mozilla/5.0 (Linux; Android 6.0.1; Nexus 5X Build/MMB29P) AppleWebKit/537.36 (KHTML, like Gecko) Chrome/137.0.7151.119 Mobile Safari/537.36 (compatible; Googlebot/2.1; +http://www.google.com/bot.html)"
66.249.65.35 - - [12/Jul/2025:12:22:54 +0000] "GET /?x=55267857041800&mod=ffbd6cbb&uri=shared.php%3Fid%3D1844331-310%26name%3Dgtx+1660s+vs+gtx+1080 HTTP/1.1" 200 22018 "-" "Mozilla/5.0 (Linux; Android 6.0.1; Nexus 5X Build/MMB29P) AppleWebKit/537.36 (KHTML, like Gecko) Chrome/137.0.7151.103 Mobile Safari/537.36 (compatible; Googlebot/2.1; +http://www.google.com/bot.html)"
66.249.65.37 - - [12/Jul/2025:12:23:00 +0000] "GET /?x=77093193011800&mod=ffbd6cbb&uri=category-info.php%3Fid%3D2572667-310%26name%3Damd+rx+6800+vs+nvidia+rtx+3070 HTTP/1.1" 200 21152 "-" "Mozilla/5.0 (Linux; Android 6.0.1; Nexus 5X Build/MMB29P) AppleWebKit/537.36 (KHTML, like Gecko) Chrome/137.0.7151.103 Mobile Safari/537.36 (compatible; Googlebot/2.1; +http://www.google.com/bot.html)"
66.249.65.36 - - [12/Jul/2025:12:23:02 +0000] "POST /get-message-notify HTTP/1.1" 200 21856 "https://kraft-court.cafe/?x=77093193011800&mod=ffbd6cbb&uri=category-info.php%3Fid%3D2572667-310%26name%3Damd+rx+6800+vs+nvidia+rtx+3070" "Mozilla/5.0 (Linux; Android 6.0.1; Nexus 5X Build/MMB29P) AppleWebKit/537.36 (KHTML, like Gecko) Chrome/137.0.7151.119 Mobile Safari/537.36 (compatible; Googlebot/2.1; +http://www.google.com/bot.html)"
66.249.65.36 - - [12/Jul/2025:12:23:03 +0000] "GET /?x=5694237011800&mod=2de7cf20&uri=pin.php%3Fid%3D190129-333%26name%3Dsilver+wedding+bands+for+couples HTTP/1.1" 200 22001 "-" "Mozilla/5.0 (Linux; Android 6.0.1; Nexus 5X Build/MMB29P) AppleWebKit/537.36 (KHTML, like Gecko) Chrome/137.0.7151.103 Mobile Safari/537.36 (compatible; Googlebot/2.1; +http://www.google.com/bot.html)"
66.249.65.35 - - [12/Jul/2025:12:23:06 +0000] "POST /get-message-notify HTTP/1.1" 200 21853 "https://kraft-court.cafe/?x=5694237011800&mod=2de7cf20&uri=pin.php%3Fid%3D190129-333%26name%3Dsilver+wedding+bands+for+couples" "Mozilla/5.0 (Linux; Android 6.0.1; Nexus 5X Build/MMB29P) AppleWebKit/537.36 (KHTML, like Gecko) Chrome/137.0.7151.119 Mobile Safari/537.36 (compatible; Googlebot/2.1; +http://www.google.com/bot.html)"
66.249.65.36 - - [12/Jul/2025:12:23:07 +0000] "GET /?x=5677461011800&mod=dc6a7e65&uri=us.php%3Fid%3D189569-308%26name%3Dhoodie+korean+style+girl HTTP/1.1" 200 21659 "-" "Mozilla/5.0 (Linux; Android 6.0.1; Nexus 5X Build/MMB29P) AppleWebKit/537.36 (KHTML, like Gecko) Chrome/137.0.7151.103 Mobile Safari/537.36 (compatible; Googlebot/2.1; +http://www.google.com/bot.html)"
66.249.65.35 - - [12/Jul/2025:12:23:09 +0000] "GET /?x=5576502011800&mod=831b1ac5&uri=goods.php%3Fid%3D186165-331%26name%3Djoyride+run+flyknit+women%27s HTTP/1.1" 200 21730 "-" "Mozilla/5.0 (Linux; Android 6.0.1; Nexus 5X Build/MMB29P) AppleWebKit/537.36 (KHTML, like Gecko) Chrome/137.0.7151.103 Mobile Safari/537.36 (compatible; Googlebot/2.1; +http://www.google.com/bot.html)"
66.249.65.36 - - [12/Jul/2025:12:23:10 +0000] "POST /get-message-notify HTTP/1.1" 200 21858 "https://kraft-court.cafe/?x=5677461011800&mod=dc6a7e65&uri=us.php%3Fid%3D189569-308%26name%3Dhoodie+korean+style+girl" "Mozilla/5.0 (Linux; Android 6.0.1; Nexus 5X Build/MMB29P) AppleWebKit/537.36 (KHTML, like Gecko) Chrome/137.0.7151.119 Mobile Safari/537.36 (compatible; Googlebot/2.1; +http://www.google.com/bot.html)"
66.249.65.35 - - [12/Jul/2025:12:23:12 +0000] "GET /?x=5717469001800&mod=333cb763&uri=category-info.php%3Fid%3D190917-334%26name%3Dbarrister+babu+8th+january+2021 HTTP/1.1" 200 21400 "-" "Mozilla/5.0 (Linux; Android 6.0.1; Nexus 5X Build/MMB29P) AppleWebKit/537.36 (KHTML, like Gecko) Chrome/137.0.7151.103 Mobile Safari/537.36 (compatible; Googlebot/2.1; +http://www.google.com/bot.html)"
66.249.65.35 - - [12/Jul/2025:12:23:14 +0000] "GET /?x=5577522001800&mod=c4b43ae0&uri=products.php%3Fid%3D186199-330%26name%3Dhive+system+installation HTTP/1.1" 200 22046 "-" "Mozilla/5.0 (Linux; Android 6.0.1; Nexus 5X Build/MMB29P) AppleWebKit/537.36 (KHTML, like Gecko) Chrome/137.0.7151.103 Mobile Safari/537.36 (compatible; Googlebot/2.1; +http://www.google.com/bot.html)"
66.249.65.35 - - [12/Jul/2025:12:23:18 +0000] "GET /?x=5985899071800&mod=e3ea3396&uri=itm.php%3Fid%3D199891-345%26name%3Dchamarras+de+piel+estilo+vaquero HTTP/1.1" 200 20719 "-" "Mozilla/5.0 (Linux; Android 6.0.1; Nexus 5X Build/MMB29P) AppleWebKit/537.36 (KHTML, like Gecko) Chrome/137.0.7151.103 Mobile Safari/537.36 (compatible; Googlebot/2.1; +http://www.google.com/bot.html)"
66.249.65.35 - - [12/Jul/2025:12:23:18 +0000] "GET /?x=5697777001800&mod=2de7cf20&uri=info.php%3Fid%3D190247-333%26name%3Dgold+ring+for+ashes HTTP/1.1" 200 22434 "-" "Mozilla/5.0 (Linux; Android 6.0.1; Nexus 5X Build/MMB29P) AppleWebKit/537.36 (KHTML, like Gecko) Chrome/137.0.7151.103 Mobile Safari/537.36 (compatible; Googlebot/2.1; +http://www.google.com/bot.html)"
66.249.65.35 - - [12/Jul/2025:12:23:18 +0000] "GET /?x=5992709121800&mod=e3ea3396&uri=news.php%3Fid%3D200118-345%26name%3Doutfit+mujer+pantalon+ancho HTTP/1.1" 200 21485 "-" "Mozilla/5.0 (Linux; Android 6.0.1; Nexus 5X Build/MMB29P) AppleWebKit/537.36 (KHTML, like Gecko) Chrome/137.0.7151.103 Mobile Safari/537.36 (compatible; Googlebot/2.1; +http://www.google.com/bot.html)"
66.249.65.35 - - [12/Jul/2025:12:23:22 +0000] "POST /get-message-notify HTTP/1.1" 200 21893 "https://kraft-court.cafe/?x=5576502011800&mod=831b1ac5&uri=goods.php%3Fid%3D186165-331%26name%3Djoyride+run+flyknit+women%27s" "Mozilla/5.0 (Linux; Android 6.0.1; Nexus 5X Build/MMB29P) AppleWebKit/537.36 (KHTML, like Gecko) Chrome/137.0.7151.119 Mobile Safari/537.36 (compatible; Googlebot/2.1; +http://www.google.com/bot.html)"
66.249.65.35 - - [12/Jul/2025:12:23:21 +0000] "GET /?x=5578122001800&mod=c4b43ae0&uri=shop.php%3Fid%3D186219-330%26name%3Drheem+parts+distributors+near+me HTTP/1.1" 200 22121 "-" "Mozilla/5.0 (Linux; Android 6.0.1; Nexus 5X Build/MMB29P) AppleWebKit/537.36 (KHTML, like Gecko) Chrome/137.0.7151.103 Mobile Safari/537.36 (compatible; Googlebot/2.1; +http://www.google.com/bot.html)"
66.249.65.36 - - [12/Jul/2025:12:23:31 +0000] "GET /?x=31626993041800&mod=ffbd6cbb&uri=info.php%3Fid%3D1055594-310%26name%3Dintel+z490+motherboard+price HTTP/1.1" 200 22039 "-" "Mozilla/5.0 (Linux; Android 6.0.1; Nexus 5X Build/MMB29P) AppleWebKit/537.36 (KHTML, like Gecko) Chrome/137.0.7151.103 Mobile Safari/537.36 (compatible; Googlebot/2.1; +http://www.google.com/bot.html)"
66.249.65.35 - - [12/Jul/2025:12:23:32 +0000] "GET /?x=5650111011800&mod=55d99a37&uri=form.php%3Fid%3D188657-315%26name%3Duhrenkasten+aus+holz HTTP/1.1" 200 20744 "-" "Mozilla/5.0 (Linux; Android 6.0.1; Nexus 5X Build/MMB29P) AppleWebKit/537.36 (KHTML, like Gecko) Chrome/137.0.7151.103 Mobile Safari/537.36 (compatible; Googlebot/2.1; +http://www.google.com/bot.html)"
66.249.65.36 - - [12/Jul/2025:12:23:32 +0000] "GET /?x=5714241101800&mod=2de7cf20&uri=form.php%3Fid%3D190807-333%26name%3Ddaisy+earrings+argos HTTP/1.1" 200 21711 "-" "Mozilla/5.0 (Linux; Android 6.0.1; Nexus 5X Build/MMB29P) AppleWebKit/537.36 (KHTML, like Gecko) Chrome/137.0.7151.103 Mobile Safari/537.36 (compatible; Googlebot/2.1; +http://www.google.com/bot.html)"
66.249.65.36 - - [12/Jul/2025:12:23:33 +0000] "GET /?x=5655141051800&mod=55d99a37&uri=dp.php%3Fid%3D188825-315%26name%3Dcitizen+titanium+uhren HTTP/1.1" 200 21135 "-" "Mozilla/5.0 (Linux; Android 6.0.1; Nexus 5X Build/MMB29P) AppleWebKit/537.36 (KHTML, like Gecko) Chrome/137.0.7151.103 Mobile Safari/537.36 (compatible; Googlebot/2.1; +http://www.google.com/bot.html)"
66.249.65.35 - - [12/Jul/2025:12:23:33 +0000] "POST /get-message-notify HTTP/1.1" 200 21849 "https://kraft-court.cafe/?x=5578122001800&mod=c4b43ae0&uri=shop.php%3Fid%3D186219-330%26name%3Drheem+parts+distributors+near+me" "Mozilla/5.0 (Linux; Android 6.0.1; Nexus 5X Build/MMB29P) AppleWebKit/537.36 (KHTML, like Gecko) Chrome/137.0.7151.119 Mobile Safari/537.36 (compatible; Googlebot/2.1; +http://www.google.com/bot.html)"
66.249.65.35 - - [12/Jul/2025:12:23:35 +0000] "GET /?x=5708484051800&mod=2de7cf20&uri=brands.php%3Fid%3D190607-333%26name%3Dinfinity+diamond+ring+tiffany HTTP/1.1" 200 22016 "-" "Mozilla/5.0 (Linux; Android 6.0.1; Nexus 5X Build/MMB29P) AppleWebKit/537.36 (KHTML, like Gecko) Chrome/137.0.7151.103 Mobile Safari/537.36 (compatible; Googlebot/2.1; +http://www.google.com/bot.html)"
66.249.65.36 - - [12/Jul/2025:12:23:38 +0000] "POST /get-message-notify HTTP/1.1" 200 21871 "https://kraft-court.cafe/?x=5985899071800&mod=e3ea3396&uri=itm.php%3Fid%3D199891-345%26name%3Dchamarras+de+piel+estilo+vaquero" "Mozilla/5.0 (Linux; Android 6.0.1; Nexus 5X Build/MMB29P) AppleWebKit/537.36 (KHTML, like Gecko) Chrome/137.0.7151.119 Mobile Safari/537.36 (compatible; Googlebot/2.1; +http://www.google.com/bot.html)"
66.249.65.35 - - [12/Jul/2025:12:23:40 +0000] "GET /?x=5714541051800&mod=2de7cf20&uri=product.php%3Fid%3D190817-333%26name%3Dkay+jewelers+family+necklace HTTP/1.1" 200 21686 "-" "Mozilla/5.0 (Linux; Android 6.0.1; Nexus 5X Build/MMB29P) AppleWebKit/537.36 (KHTML, like Gecko) Chrome/137.0.7151.103 Mobile Safari/537.36 (compatible; Googlebot/2.1; +http://www.google.com/bot.html)"
66.249.65.36 - - [12/Jul/2025:12:23:41 +0000] "GET /?x=5649151041800&mod=55d99a37&uri=product.php%3Fid%3D188625-315%26name%3Duhren+armband+24mm HTTP/1.1" 200 20849 "-" "Mozilla/5.0 (Linux; Android 6.0.1; Nexus 5X Build/MMB29P) AppleWebKit/537.36 (KHTML, like Gecko) Chrome/137.0.7151.103 Mobile Safari/537.36 (compatible; Googlebot/2.1; +http://www.google.com/bot.html)"
66.249.65.36 - - [12/Jul/2025:12:23:44 +0000] "GET /?x=5658981021800&mod=dc6a7e65&uri=info.php%3Fid%3D188953-308%26name%3Dchelsea+fc+crewneck+sweatshirt HTTP/1.1" 200 22898 "-" "Mozilla/5.0 (Linux; Android 6.0.1; Nexus 5X Build/MMB29P) AppleWebKit/537.36 (KHTML, like Gecko) Chrome/137.0.7151.103 Mobile Safari/537.36 (compatible; Googlebot/2.1; +http://www.google.com/bot.html)"
66.249.65.35 - - [12/Jul/2025:12:23:49 +0000] "GET /?x=5660901051800&mod=dc6a7e65&uri=goods.php%3Fid%3D189017-308%26name%3Dsoft+drawstring+hoodie HTTP/1.1" 200 22641 "-" "Mozilla/5.0 (Linux; Android 6.0.1; Nexus 5X Build/MMB29P) AppleWebKit/537.36 (KHTML, like Gecko) Chrome/137.0.7151.103 Mobile Safari/537.36 (compatible; Googlebot/2.1; +http://www.google.com/bot.html)"
66.249.65.35 - - [12/Jul/2025:12:23:51 +0000] "GET /?x=5700477001800&mod=2de7cf20&uri=shared.php%3Fid%3D190337-333%26name%3Dlouis+vuitton+padlock+necklace+asos HTTP/1.1" 200 22506 "-" "Mozilla/5.0 (Linux; Android 6.0.1; Nexus 5X Build/MMB29P) AppleWebKit/537.36 (KHTML, like Gecko) Chrome/137.0.7151.103 Mobile Safari/537.36 (compatible; Googlebot/2.1; +http://www.google.com/bot.html)"
66.249.65.35 - - [12/Jul/2025:12:23:56 +0000] "GET /?x=5708184011800&mod=2de7cf20&uri=dp.php%3Fid%3D190597-333%26name%3Ditalian+jewelry+town+east+mall HTTP/1.1" 200 22052 "-" "Mozilla/5.0 (Linux; Android 6.0.1; Nexus 5X Build/MMB29P) AppleWebKit/537.36 (KHTML, like Gecko) Chrome/137.0.7151.103 Mobile Safari/537.36 (compatible; Googlebot/2.1; +http://www.google.com/bot.html)"
66.249.65.35 - - [12/Jul/2025:12:23:58 +0000] "POST /get-message-notify HTTP/1.1" 200 21871 "https://kraft-court.cafe/?x=31626993041800&mod=ffbd6cbb&uri=info.php%3Fid%3D1055594-310%26name%3Dintel+z490+motherboard+price" "Mozilla/5.0 (Linux; Android 6.0.1; Nexus 5X Build/MMB29P) AppleWebKit/537.36 (KHTML, like Gecko) Chrome/137.0.7151.119 Mobile Safari/537.36 (compatible; Googlebot/2.1; +http://www.google.com/bot.html)"
66.249.65.36 - - [12/Jul/2025:12:23:59 +0000] "GET /?x=5820739011800&mod=165a59f7&uri=pin.php%3Fid%3D194379-336%26name%3Dporta+pc+13+pollici+piquadro HTTP/1.1" 200 22862 "-" "Mozilla/5.0 (Linux; Android 6.0.1; Nexus 5X Build/MMB29P) AppleWebKit/537.36 (KHTML, like Gecko) Chrome/137.0.7151.103 Mobile Safari/537.36 (compatible; Googlebot/2.1; +http://www.google.com/bot.html)"
66.249.65.35 - - [12/Jul/2025:12:24:00 +0000] "GET /?x=5660661011800&mod=dc6a7e65&uri=search.php%3Fid%3D189009-308%26name%3Damong+us+sweater+for+kids HTTP/1.1" 200 23048 "-" "Mozilla/5.0 (Linux; Android 6.0.1; Nexus 5X Build/MMB29P) AppleWebKit/537.36 (KHTML, like Gecko) Chrome/137.0.7151.103 Mobile Safari/537.36 (compatible; Googlebot/2.1; +http://www.google.com/bot.html)"
66.249.65.35 - - [12/Jul/2025:12:24:01 +0000] "POST /get-message-notify HTTP/1.1" 200 21862 "https://kraft-court.cafe/?x=5708184011800&mod=2de7cf20&uri=dp.php%3Fid%3D190597-333%26name%3Ditalian+jewelry+town+east+mall" "Mozilla/5.0 (Linux; Android 6.0.1; Nexus 5X Build/MMB29P) AppleWebKit/537.36 (KHTML, like Gecko) Chrome/137.0.7151.119 Mobile Safari/537.36 (compatible; Googlebot/2.1; +http://www.google.com/bot.html)"
66.249.65.35 - - [12/Jul/2025:12:24:11 +0000] "GET /?x=119566188051800&mod=50a074e6&uri=us.php%3Fid%3D3990289-437%26name%3Djo+and+joe+chiltern+slippers HTTP/1.1" 200 21593 "-" "Mozilla/5.0 (Linux; Android 6.0.1; Nexus 5X Build/MMB29P) AppleWebKit/537.36 (KHTML, like Gecko) Chrome/137.0.7151.103 Mobile Safari/537.36 (compatible; Googlebot/2.1; +http://www.google.com/bot.html)"
66.249.65.35 - - [12/Jul/2025:12:24:12 +0000] "GET /?x=21395632031800&mod=ffbd6cbb&uri=itm.php%3Fid%3D714179-310%26name%3D6800xt+compared+to+3080 HTTP/1.1" 200 21384 "-" "Mozilla/5.0 (Linux; Android 6.0.1; Nexus 5X Build/MMB29P) AppleWebKit/537.36 (KHTML, like Gecko) Chrome/137.0.7151.103 Mobile Safari/537.36 (compatible; Googlebot/2.1; +http://www.google.com/bot.html)"
66.249.65.35 - - [12/Jul/2025:12:24:20 +0000] "GET /?x=5610938031800&mod=e94fe9ac&uri=form.php%3Fid%3D187329-332%26name%3Dcopper+rose+fitbit HTTP/1.1" 200 21818 "-" "Mozilla/5.0 (Linux; Android 6.0.1; Nexus 5X Build/MMB29P) AppleWebKit/537.36 (KHTML, like Gecko) Chrome/137.0.7151.103 Mobile Safari/537.36 (compatible; Googlebot/2.1; +http://www.google.com/bot.html)"
66.249.65.35 - - [12/Jul/2025:12:24:21 +0000] "GET /?x=119674093021800&mod=6b9bb055&uri=product.php%3Fid%3D3993890-466%26name%3Dwomen%27s+snow+boots+wedge+heel HTTP/1.1" 200 22596 "-" "Mozilla/5.0 (Linux; Android 6.0.1; Nexus 5X Build/MMB29P) AppleWebKit/537.36 (KHTML, like Gecko) Chrome/137.0.7151.103 Mobile Safari/537.36 (compatible; Googlebot/2.1; +http://www.google.com/bot.html)"
66.249.65.35 - - [12/Jul/2025:12:24:23 +0000] "POST /get-message-notify HTTP/1.1" 200 21857 "https://kraft-court.cafe/?x=5610938031800&mod=e94fe9ac&uri=form.php%3Fid%3D187329-332%26name%3Dcopper+rose+fitbit" "Mozilla/5.0 (Linux; Android 6.0.1; Nexus 5X Build/MMB29P) AppleWebKit/537.36 (KHTML, like Gecko) Chrome/137.0.7151.119 Mobile Safari/537.36 (compatible; Googlebot/2.1; +http://www.google.com/bot.html)"
66.249.65.35 - - [12/Jul/2025:12:24:26 +0000] "GET /?x=5533474051800&mod=ffbd6cbb&uri=itm.php%3Fid%3D184729-310%26name%3Dnvidia+3090+laptop HTTP/1.1" 200 21924 "-" "Mozilla/5.0 (Linux; Android 6.0.1; Nexus 5X Build/MMB29P) AppleWebKit/537.36 (KHTML, like Gecko) Chrome/137.0.7151.103 Mobile Safari/537.36 (compatible; Googlebot/2.1; +http://www.google.com/bot.html)"
66.249.65.35 - - [12/Jul/2025:12:24:30 +0000] "POST /get-message-notify HTTP/1.1" 200 21854 "https://kraft-court.cafe/?x=5660661011800&mod=dc6a7e65&uri=search.php%3Fid%3D189009-308%26name%3Damong+us+sweater+for+kids" "Mozilla/5.0 (Linux; Android 6.0.1; Nexus 5X Build/MMB29P) AppleWebKit/537.36 (KHTML, like Gecko) Chrome/137.0.7151.119 Mobile Safari/537.36 (compatible; Googlebot/2.1; +http://www.google.com/bot.html)"
66.249.65.35 - - [12/Jul/2025:12:24:31 +0000] "GET /?x=5652981051800&mod=dc6a7e65&uri=category-info.php%3Fid%3D188753-308%26name%3Damong+us+oodie HTTP/1.1" 200 22192 "-" "Mozilla/5.0 (Linux; Android 6.0.1; Nexus 5X Build/MMB29P) AppleWebKit/537.36 (KHTML, like Gecko) Chrome/137.0.7151.103 Mobile Safari/537.36 (compatible; Googlebot/2.1; +http://www.google.com/bot.html)"
66.249.65.35 - - [12/Jul/2025:12:24:32 +0000] "GET /?x=119508867011800&mod=0a3b5a7a&uri=brands.php%3Fid%3D3988377-827%26name%3Dgrifer%C3%83%C2%ADa+fv+dominic+new+monocomando HTTP/1.1" 200 22190 "-" "Mozilla/5.0 (Linux; Android 6.0.1; Nexus 5X Build/MMB29P) AppleWebKit/537.36 (KHTML, like Gecko) Chrome/137.0.7151.103 Mobile Safari/537.36 (compatible; Googlebot/2.1; +http://www.google.com/bot.html)"
66.249.65.35 - - [12/Jul/2025:12:24:33 +0000] "GET /?x=5715441051800&mod=333cb763&uri=blog.php%3Fid%3D190847-334%26name%3Dbigg+boss+14+23+january+2021 HTTP/1.1" 200 21868 "-" "Mozilla/5.0 (Linux; Android 6.0.1; Nexus 5X Build/MMB29P) AppleWebKit/537.36 (KHTML, like Gecko) Chrome/137.0.7151.103 Mobile Safari/537.36 (compatible; Googlebot/2.1; +http://www.google.com/bot.html)"
66.249.65.35 - - [12/Jul/2025:12:24:34 +0000] "GET /?x=5695977051800&mod=2de7cf20&uri=article.php%3Fid%3D190187-333%26name%3Dzales+barton+creek+mall HTTP/1.1" 200 22233 "-" "Mozilla/5.0 (Linux; Android 6.0.1; Nexus 5X Build/MMB29P) AppleWebKit/537.36 (KHTML, like Gecko) Chrome/137.0.7151.103 Mobile Safari/537.36 (compatible; Googlebot/2.1; +http://www.google.com/bot.html)"
66.249.65.35 - - [12/Jul/2025:12:24:38 +0000] "GET /?x=5650591021800&mod=55d99a37&uri=form.php%3Fid%3D188673-315%26name%3Darmband+f%C3%83%C2%BCr+garmin+fenix HTTP/1.1" 200 21732 "-" "Mozilla/5.0 (Linux; Android 6.0.1; Nexus 5X Build/MMB29P) AppleWebKit/537.36 (KHTML, like Gecko) Chrome/137.0.7151.103 Mobile Safari/537.36 (compatible; Googlebot/2.1; +http://www.google.com/bot.html)"
66.249.65.36 - - [12/Jul/2025:12:24:40 +0000] "POST /get-message-notify HTTP/1.1" 200 21857 "https://kraft-court.cafe/?x=5795228001800&mod=165a59f7&uri=info.php%3Fid%3D193528-336%26name%3Dborse+a+maglia+ai+ferri+tutorial" "Mozilla/5.0 (Linux; Android 6.0.1; Nexus 5X Build/MMB29P) AppleWebKit/537.36 (KHTML, like Gecko) Chrome/137.0.7151.119 Mobile Safari/537.36 (compatible; Googlebot/2.1; +http://www.google.com/bot.html)"
66.249.65.35 - - [12/Jul/2025:12:24:42 +0000] "POST /get-message-notify HTTP/1.1" 200 21875 "https://kraft-court.cafe/?x=119508867011800&mod=0a3b5a7a&uri=brands.php%3Fid%3D3988377-827%26name%3Dgrifer%C3%83%C2%ADa+fv+dominic+new+monocomando" "Mozilla/5.0 (Linux; Android 6.0.1; Nexus 5X Build/MMB29P) AppleWebKit/537.36 (KHTML, like Gecko) Chrome/137.0.7151.119 Mobile Safari/537.36 (compatible; Googlebot/2.1; +http://www.google.com/bot.html)"
66.249.65.36 - - [12/Jul/2025:12:24:42 +0000] "GET /?x=5699577001800&mod=2de7cf20&uri=form.php%3Fid%3D190307-333%26name%3Dargos+infinity+ring HTTP/1.1" 200 22261 "-" "Mozilla/5.0 (Linux; Android 6.0.1; Nexus 5X Build/MMB29P) AppleWebKit/537.36 (KHTML, like Gecko) Chrome/137.0.7151.103 Mobile Safari/537.36 (compatible; Googlebot/2.1; +http://www.google.com/bot.html)"
66.249.65.35 - - [12/Jul/2025:12:24:45 +0000] "GET /?x=5646329011800&mod=55d99a37&uri=info.php%3Fid%3D188529-315%26name%3Dbekannte+deutsche+uhrenmarken HTTP/1.1" 200 21293 "-" "Mozilla/5.0 (Linux; Android 6.0.1; Nexus 5X Build/MMB29P) AppleWebKit/537.36 (KHTML, like Gecko) Chrome/137.0.7151.103 Mobile Safari/537.36 (compatible; Googlebot/2.1; +http://www.google.com/bot.html)"
66.249.65.36 - - [12/Jul/2025:12:24:48 +0000] "POST /get-message-notify HTTP/1.1" 200 21860 "https://kraft-court.cafe/?x=5646329011800&mod=55d99a37&uri=info.php%3Fid%3D188529-315%26name%3Dbekannte+deutsche+uhrenmarken" "Mozilla/5.0 (Linux; Android 6.0.1; Nexus 5X Build/MMB29P) AppleWebKit/537.36 (KHTML, like Gecko) Chrome/137.0.7151.119 Mobile Safari/537.36 (compatible; Googlebot/2.1; +http://www.google.com/bot.html)"
66.249.65.35 - - [12/Jul/2025:12:25:38 +0000] "GET /?x=5695677101800&mod=2de7cf20&uri=brands.php%3Fid%3D190177-333%26name%3Dbrilliant+earth+18k+white+gold HTTP/1.1" 200 21328 "-" "Mozilla/5.0 (Linux; Android 6.0.1; Nexus 5X Build/MMB29P) AppleWebKit/537.36 (KHTML, like Gecko) Chrome/137.0.7151.103 Mobile Safari/537.36 (compatible; Googlebot/2.1; +http://www.google.com/bot.html)"
66.249.65.36 - - [12/Jul/2025:12:25:41 +0000] "POST /get-message-notify HTTP/1.1" 200 21865 "https://kraft-court.cafe/?x=5695677101800&mod=2de7cf20&uri=brands.php%3Fid%3D190177-333%26name%3Dbrilliant+earth+18k+white+gold" "Mozilla/5.0 (Linux; Android 6.0.1; Nexus 5X Build/MMB29P) AppleWebKit/537.36 (KHTML, like Gecko) Chrome/137.0.7151.119 Mobile Safari/537.36 (compatible; Googlebot/2.1; +http://www.google.com/bot.html)"
66.249.65.35 - - [12/Jul/2025:12:25:43 +0000] "GET /?x=5649391031800&mod=55d99a37&uri=search.php%3Fid%3D188633-315%26name%3Dmeister+anker+armbanduhr HTTP/1.1" 200 21857 "-" "Mozilla/5.0 (Linux; Android 6.0.1; Nexus 5X Build/MMB29P) AppleWebKit/537.36 (KHTML, like Gecko) Chrome/137.0.7151.103 Mobile Safari/537.36 (compatible; Googlebot/2.1; +http://www.google.com/bot.html)"
66.249.65.35 - - [12/Jul/2025:12:25:45 +0000] "GET /?x=5656581071800&mod=55d99a37&uri=blog.php%3Fid%3D188873-315%26name%3Dking+uhren+herren HTTP/1.1" 200 21148 "-" "Mozilla/5.0 (Linux; Android 6.0.1; Nexus 5X Build/MMB29P) AppleWebKit/537.36 (KHTML, like Gecko) Chrome/137.0.7151.103 Mobile Safari/537.36 (compatible; Googlebot/2.1; +http://www.google.com/bot.html)"
66.249.65.35 - - [12/Jul/2025:12:25:50 +0000] "GET /?x=5712000051800&mod=333cb763&uri=form.php%3Fid%3D190727-334%26name%3Dsvu+s18+e2 HTTP/1.1" 200 21772 "-" "Mozilla/5.0 (Linux; Android 6.0.1; Nexus 5X Build/MMB29P) AppleWebKit/537.36 (KHTML, like Gecko) Chrome/137.0.7151.103 Mobile Safari/537.36 (compatible; Googlebot/2.1; +http://www.google.com/bot.html)"
66.249.65.35 - - [12/Jul/2025:12:25:53 +0000] "GET /?x=5704076051800&mod=2de7cf20&uri=dp.php%3Fid%3D190457-333%26name%3Dplain+silver+wedding+ring HTTP/1.1" 200 21592 "-" "Mozilla/5.0 (Linux; Android 6.0.1; Nexus 5X Build/MMB29P) AppleWebKit/537.36 (KHTML, like Gecko) Chrome/137.0.7151.103 Mobile Safari/537.36 (compatible; Googlebot/2.1; +http://www.google.com/bot.html)"
66.249.65.37 - - [12/Jul/2025:12:26:10 +0000] "GET /?x=5570784031800&mod=831b1ac5&uri=article.php%3Fid%3D185973-331%26name%3Dnike+joyride+shoes+club+factory HTTP/1.1" 200 21856 "-" "Mozilla/5.0 (Linux; Android 6.0.1; Nexus 5X Build/MMB29P) AppleWebKit/537.36 (KHTML, like Gecko) Chrome/137.0.7151.103 Mobile Safari/537.36 (compatible; Googlebot/2.1; +http://www.google.com/bot.html)"
66.249.65.35 - - [12/Jul/2025:12:26:11 +0000] "GET /?x=5655861031800&mod=dc6a7e65&uri=goods.php%3Fid%3D188849-308%26name%3Dsweaty+betty+black+hoodie HTTP/1.1" 200 21957 "-" "Mozilla/5.0 (Linux; Android 6.0.1; Nexus 5X Build/MMB29P) AppleWebKit/537.36 (KHTML, like Gecko) Chrome/137.0.7151.103 Mobile Safari/537.36 (compatible; Googlebot/2.1; +http://www.google.com/bot.html)"
66.249.65.36 - - [12/Jul/2025:12:26:17 +0000] "GET /?x=5658261081800&mod=dc6a7e65&uri=goods.php%3Fid%3D188929-308%26name%3Dmorejstu+merch+hoodie HTTP/1.1" 200 21586 "-" "Mozilla/5.0 (Linux; Android 6.0.1; Nexus 5X Build/MMB29P) AppleWebKit/537.36 (KHTML, like Gecko) Chrome/137.0.7151.103 Mobile Safari/537.36 (compatible; Googlebot/2.1; +http://www.google.com/bot.html)"
209.74.77.214 - - [12/Jul/2025:12:26:19 +0000] "POST /wp-cron.php?doing_wp_cron=1752323179.3212831020355224609375 HTTP/1.1" 200 - "-" "WordPress/6.8.1; https://kraft-court.cafe"
51.222.253.20 - - [12/Jul/2025:12:26:18 +0000] "GET /?x=31477029011800&mod=210192ab&uri=article.php%3Fid%3D1050595-1001%26name%3Djordan+size HTTP/1.1" 301 - "-" "Mozilla/5.0 (compatible; AhrefsBot/7.0; +http://ahrefs.com/robot/)"
66.249.65.36 - - [12/Jul/2025:12:26:19 +0000] "GET /?x=5707328101800&mod=2de7cf20&uri=category-info.php%3Fid%3D190567-333%26name%3Dwhy+is+the+wedding+ring+on+the+left+hand+fourth+finger HTTP/1.1" 200 21932 "-" "Mozilla/5.0 (Linux; Android 6.0.1; Nexus 5X Build/MMB29P) AppleWebKit/537.36 (KHTML, like Gecko) Chrome/137.0.7151.103 Mobile Safari/537.36 (compatible; Googlebot/2.1; +http://www.google.com/bot.html)"
66.249.65.35 - - [12/Jul/2025:12:26:21 +0000] "GET /?x=5540284091800&mod=ffbd6cbb&uri=shared.php%3Fid%3D184956-310%26name%3Dlaptop+nvidia+gtx HTTP/1.1" 200 21187 "-" "Mozilla/5.0 (Linux; Android 6.0.1; Nexus 5X Build/MMB29P) AppleWebKit/537.36 (KHTML, like Gecko) Chrome/137.0.7151.103 Mobile Safari/537.36 (compatible; Googlebot/2.1; +http://www.google.com/bot.html)"
66.249.65.35 - - [12/Jul/2025:12:26:22 +0000] "GET /?x=5710277051800&mod=2de7cf20&uri=info.php%3Fid%3D190667-333%26name%3Dlocket+necklace+with+ashes HTTP/1.1" 200 21694 "-" "Mozilla/5.0 (Linux; Android 6.0.1; Nexus 5X Build/MMB29P) AppleWebKit/537.36 (KHTML, like Gecko) Chrome/137.0.7151.103 Mobile Safari/537.36 (compatible; Googlebot/2.1; +http://www.google.com/bot.html)"
66.249.65.35 - - [12/Jul/2025:12:26:23 +0000] "POST /get-message-notify HTTP/1.1" 200 21876 "https://kraft-court.cafe/?x=5540284091800&mod=ffbd6cbb&uri=shared.php%3Fid%3D184956-310%26name%3Dlaptop+nvidia+gtx" "Mozilla/5.0 (Linux; Android 6.0.1; Nexus 5X Build/MMB29P) AppleWebKit/537.36 (KHTML, like Gecko) Chrome/137.0.7151.119 Mobile Safari/537.36 (compatible; Googlebot/2.1; +http://www.google.com/bot.html)"
66.249.65.35 - - [12/Jul/2025:12:26:24 +0000] "GET /?x=5529544021800&mod=ffbd6cbb&uri=product.php%3Fid%3D184598-310%26name%3D1650+gtx+specs HTTP/1.1" 200 22871 "-" "Mozilla/5.0 (Linux; Android 6.0.1; Nexus 5X Build/MMB29P) AppleWebKit/537.36 (KHTML, like Gecko) Chrome/137.0.7151.103 Mobile Safari/537.36 (compatible; Googlebot/2.1; +http://www.google.com/bot.html)"
66.249.65.35 - - [12/Jul/2025:12:26:25 +0000] "GET /?x=5648911051800&mod=55d99a37&uri=category-info.php%3Fid%3D188617-315%26name%3Dedelstahluhren HTTP/1.1" 200 21359 "-" "Mozilla/5.0 (Linux; Android 6.0.1; Nexus 5X Build/MMB29P) AppleWebKit/537.36 (KHTML, like Gecko) Chrome/137.0.7151.103 Mobile Safari/537.36 (compatible; Googlebot/2.1; +http://www.google.com/bot.html)"
66.249.65.35 - - [12/Jul/2025:12:26:27 +0000] "GET /?x=5701077071800&mod=2de7cf20&uri=products.php%3Fid%3D190357-333%26name%3Dcurrent+white+gold+price+per+gram HTTP/1.1" 200 21830 "-" "Mozilla/5.0 (Linux; Android 6.0.1; Nexus 5X Build/MMB29P) AppleWebKit/537.36 (KHTML, like Gecko) Chrome/137.0.7151.103 Mobile Safari/537.36 (compatible; Googlebot/2.1; +http://www.google.com/bot.html)"
66.249.65.35 - - [12/Jul/2025:12:26:30 +0000] "GET /?x=5709384001800&mod=2de7cf20&uri=goods.php%3Fid%3D190637-333%26name%3Daunt+necklace+kay+jewelers HTTP/1.1" 200 22872 "-" "Mozilla/5.0 (Linux; Android 6.0.1; Nexus 5X Build/MMB29P) AppleWebKit/537.36 (KHTML, like Gecko) Chrome/137.0.7151.103 Mobile Safari/537.36 (compatible; Googlebot/2.1; +http://www.google.com/bot.html)"
66.249.65.35 - - [12/Jul/2025:12:26:33 +0000] "GET /?x=5645609091800&mod=55d99a37&uri=shop.php%3Fid%3D188505-315%26name%3Duhr+24+stundenanzeige HTTP/1.1" 200 21094 "-" "Mozilla/5.0 (Linux; Android 6.0.1; Nexus 5X Build/MMB29P) AppleWebKit/537.36 (KHTML, like Gecko) Chrome/137.0.7151.103 Mobile Safari/537.36 (compatible; Googlebot/2.1; +http://www.google.com/bot.html)"
66.249.65.35 - - [12/Jul/2025:12:26:40 +0000] "GET /?x=5521714051800&mod=ffbd6cbb&uri=dp.php%3Fid%3D184337-310%26name%3D2020+sea+doo+gtx+170 HTTP/1.1" 200 21795 "-" "Mozilla/5.0 (Linux; Android 6.0.1; Nexus 5X Build/MMB29P) AppleWebKit/537.36 (KHTML, like Gecko) Chrome/137.0.7151.103 Mobile Safari/537.36 (compatible; Googlebot/2.1; +http://www.google.com/bot.html)"
66.249.65.35 - - [12/Jul/2025:12:26:49 +0000] "GET /?x=5709084001800&mod=2de7cf20&uri=news.php%3Fid%3D190627-333%26name%3Dmarwadi+kada HTTP/1.1" 200 22465 "-" "Mozilla/5.0 (Linux; Android 6.0.1; Nexus 5X Build/MMB29P) AppleWebKit/537.36 (KHTML, like Gecko) Chrome/137.0.7151.103 Mobile Safari/537.36 (compatible; Googlebot/2.1; +http://www.google.com/bot.html)"
66.249.65.35 - - [12/Jul/2025:12:26:52 +0000] "POST /get-message-notify HTTP/1.1" 200 21868 "https://kraft-court.cafe/?x=5521714051800&mod=ffbd6cbb&uri=dp.php%3Fid%3D184337-310%26name%3D2020+sea+doo+gtx+170" "Mozilla/5.0 (Linux; Android 6.0.1; Nexus 5X Build/MMB29P) AppleWebKit/537.36 (KHTML, like Gecko) Chrome/137.0.7151.119 Mobile Safari/537.36 (compatible; Googlebot/2.1; +http://www.google.com/bot.html)"
66.249.65.35 - - [12/Jul/2025:12:26:52 +0000] "GET /?x=5708784001800&mod=2de7cf20&uri=article.php%3Fid%3D190617-333%26name%3Danthony+jacobs+lion+necklace HTTP/1.1" 200 22477 "-" "Mozilla/5.0 (Linux; Android 6.0.1; Nexus 5X Build/MMB29P) AppleWebKit/537.36 (KHTML, like Gecko) Chrome/137.0.7151.103 Mobile Safari/537.36 (compatible; Googlebot/2.1; +http://www.google.com/bot.html)"
66.249.65.35 - - [12/Jul/2025:12:26:54 +0000] "GET /?x=5703177051800&mod=2de7cf20&uri=products.php%3Fid%3D190427-333%26name%3Dhannoush+jewelers+maine+mall HTTP/1.1" 200 21892 "-" "Mozilla/5.0 (Linux; Android 6.0.1; Nexus 5X Build/MMB29P) AppleWebKit/537.36 (KHTML, like Gecko) Chrome/137.0.7151.103 Mobile Safari/537.36 (compatible; Googlebot/2.1; +http://www.google.com/bot.html)"
66.249.65.36 - - [12/Jul/2025:12:26:55 +0000] "POST /get-message-notify HTTP/1.1" 200 21868 "https://kraft-court.cafe/?x=5708784001800&mod=2de7cf20&uri=article.php%3Fid%3D190617-333%26name%3Danthony+jacobs+lion+necklace" "Mozilla/5.0 (Linux; Android 6.0.1; Nexus 5X Build/MMB29P) AppleWebKit/537.36 (KHTML, like Gecko) Chrome/137.0.7151.119 Mobile Safari/537.36 (compatible; Googlebot/2.1; +http://www.google.com/bot.html)"
66.249.65.36 - - [12/Jul/2025:12:26:55 +0000] "GET /?x=5662821051800&mod=dc6a7e65&uri=itm.php%3Fid%3D189081-308%26name%3Dsweatshirt+patchwork HTTP/1.1" 200 21748 "-" "Mozilla/5.0 (Linux; Android 6.0.1; Nexus 5X Build/MMB29P) AppleWebKit/537.36 (KHTML, like Gecko) Chrome/137.0.7151.103 Mobile Safari/537.36 (compatible; Googlebot/2.1; +http://www.google.com/bot.html)"
66.249.65.36 - - [12/Jul/2025:12:26:56 +0000] "POST /get-message-notify HTTP/1.1" 200 21855 "https://kraft-court.cafe/?x=5703177051800&mod=2de7cf20&uri=products.php%3Fid%3D190427-333%26name%3Dhannoush+jewelers+maine+mall" "Mozilla/5.0 (Linux; Android 6.0.1; Nexus 5X Build/MMB29P) AppleWebKit/537.36 (KHTML, like Gecko) Chrome/137.0.7151.119 Mobile Safari/537.36 (compatible; Googlebot/2.1; +http://www.google.com/bot.html)"
66.249.65.35 - - [12/Jul/2025:12:26:57 +0000] "GET /?x=5657061031800&mod=dc6a7e65&uri=shared.php%3Fid%3D188889-308%26name%3Dgap+vintage+soft+hoodie+reddit HTTP/1.1" 200 22008 "-" "Mozilla/5.0 (Linux; Android 6.0.1; Nexus 5X Build/MMB29P) AppleWebKit/537.36 (KHTML, like Gecko) Chrome/137.0.7151.103 Mobile Safari/537.36 (compatible; Googlebot/2.1; +http://www.google.com/bot.html)"
66.249.65.36 - - [12/Jul/2025:12:27:00 +0000] "POST /get-message-notify HTTP/1.1" 200 21861 "https://kraft-court.cafe/?x=5662821051800&mod=dc6a7e65&uri=itm.php%3Fid%3D189081-308%26name%3Dsweatshirt+patchwork" "Mozilla/5.0 (Linux; Android 6.0.1; Nexus 5X Build/MMB29P) AppleWebKit/537.36 (KHTML, like Gecko) Chrome/137.0.7151.119 Mobile Safari/537.36 (compatible; Googlebot/2.1; +http://www.google.com/bot.html)"
66.249.65.35 - - [12/Jul/2025:12:27:00 +0000] "POST /get-message-notify HTTP/1.1" 200 21860 "https://kraft-court.cafe/?x=5601488001800&mod=e94fe9ac&uri=search.php%3Fid%3D187004-332%26name%3Dmontu+churia+sambalpuri+dj" "Mozilla/5.0 (Linux; Android 6.0.1; Nexus 5X Build/MMB29P) AppleWebKit/537.36 (KHTML, like Gecko) Chrome/137.0.7151.119 Mobile Safari/537.36 (compatible; Googlebot/2.1; +http://www.google.com/bot.html)"
66.249.65.35 - - [12/Jul/2025:12:27:03 +0000] "GET /?x=5653461051800&mod=dc6a7e65&uri=news.php%3Fid%3D188769-308%26name%3Darmy+black+knights+sweatshirt HTTP/1.1" 200 22335 "-" "Mozilla/5.0 (Linux; Android 6.0.1; Nexus 5X Build/MMB29P) AppleWebKit/537.36 (KHTML, like Gecko) Chrome/137.0.7151.103 Mobile Safari/537.36 (compatible; Googlebot/2.1; +http://www.google.com/bot.html)"
66.249.65.35 - - [12/Jul/2025:12:27:05 +0000] "GET /?x=55279004061800&mod=ffbd6cbb&uri=shared.php%3Fid%3D1844703-310%26name%3Dvga+graphic+card HTTP/1.1" 200 21685 "-" "Mozilla/5.0 (Linux; Android 6.0.1; Nexus 5X Build/MMB29P) AppleWebKit/537.36 (KHTML, like Gecko) Chrome/137.0.7151.103 Mobile Safari/537.36 (compatible; Googlebot/2.1; +http://www.google.com/bot.html)"
66.249.65.35 - - [12/Jul/2025:12:27:06 +0000] "POST /get-message-notify HTTP/1.1" 200 21869 "https://kraft-court.cafe/?x=55279004061800&mod=ffbd6cbb&uri=shared.php%3Fid%3D1844703-310%26name%3Dvga+graphic+card" "Mozilla/5.0 AppleWebKit/537.36 (KHTML, like Gecko; compatible; Googlebot/2.1; +http://www.google.com/bot.html) Chrome/137.0.7151.119 Safari/537.36"
66.249.65.36 - - [12/Jul/2025:12:27:09 +0000] "GET /?x=5657541051800&mod=dc6a7e65&uri=news.php%3Fid%3D188905-308%26name%3Deddie+bauer+crew+neck+sweatshirt HTTP/1.1" 200 22108 "-" "Mozilla/5.0 (Linux; Android 6.0.1; Nexus 5X Build/MMB29P) AppleWebKit/537.36 (KHTML, like Gecko) Chrome/137.0.7151.103 Mobile Safari/537.36 (compatible; Googlebot/2.1; +http://www.google.com/bot.html)"
66.249.65.35 - - [12/Jul/2025:12:27:13 +0000] "GET /?x=5597520011800&mod=831b1ac5&uri=search.php%3Fid%3D186867-331%26name%3Dnike+revolution+jr HTTP/1.1" 200 21491 "-" "Mozilla/5.0 (Linux; Android 6.0.1; Nexus 5X Build/MMB29P) AppleWebKit/537.36 (KHTML, like Gecko) Chrome/137.0.7151.103 Mobile Safari/537.36 (compatible; Googlebot/2.1; +http://www.google.com/bot.html)"
66.249.65.35 - - [12/Jul/2025:12:27:16 +0000] "GET /?x=5551504061800&mod=cd3afef9&uri=pin.php%3Fid%3D185330-220%26name%3Dblazer+with+jeans+and+boots HTTP/1.1" 200 22144 "-" "Mozilla/5.0 (Linux; Android 6.0.1; Nexus 5X Build/MMB29P) AppleWebKit/537.36 (KHTML, like Gecko) Chrome/137.0.7151.103 Mobile Safari/537.36 (compatible; Googlebot/2.1; +http://www.google.com/bot.html)"
66.249.65.35 - - [12/Jul/2025:12:27:20 +0000] "GET /?x=5575975031800&mod=fa84632d&uri=info.php%3Fid%3D186147-329%26name%3Dcanada+goose+raincoat HTTP/1.1" 200 21768 "-" "Mozilla/5.0 (Linux; Android 6.0.1; Nexus 5X Build/MMB29P) AppleWebKit/537.36 (KHTML, like Gecko) Chrome/137.0.7151.103 Mobile Safari/537.36 (compatible; Googlebot/2.1; +http://www.google.com/bot.html)"
66.249.65.35 - - [12/Jul/2025:12:27:22 +0000] "GET /?x=5541154011800&mod=ffbd6cbb&uri=form.php%3Fid%3D184985-310%26name%3Dgeforce+rtx+3060+ti+laptop HTTP/1.1" 200 22119 "-" "Mozilla/5.0 (Linux; Android 6.0.1; Nexus 5X Build/MMB29P) AppleWebKit/537.36 (KHTML, like Gecko) Chrome/137.0.7151.103 Mobile Safari/537.36 (compatible; Googlebot/2.1; +http://www.google.com/bot.html)"
66.249.65.35 - - [12/Jul/2025:12:27:25 +0000] "POST /get-message-notify HTTP/1.1" 200 21884 "https://kraft-court.cafe/?x=5655861031800&mod=dc6a7e65&uri=goods.php%3Fid%3D188849-308%26name%3Dsweaty+betty+black+hoodie" "Mozilla/5.0 (Linux; Android 6.0.1; Nexus 5X Build/MMB29P) AppleWebKit/537.36 (KHTML, like Gecko) Chrome/137.0.7151.119 Mobile Safari/537.36 (compatible; Googlebot/2.1; +http://www.google.com/bot.html)"
66.249.65.35 - - [12/Jul/2025:12:27:26 +0000] "GET /?x=5575144001800&mod=c4b43ae0&uri=us.php%3Fid%3D186119-330%26name%3Dnest+thermostat+ac+blowing+hot+air HTTP/1.1" 200 22190 "-" "Mozilla/5.0 (Linux; Android 6.0.1; Nexus 5X Build/MMB29P) AppleWebKit/537.36 (KHTML, like Gecko) Chrome/137.0.7151.103 Mobile Safari/537.36 (compatible; Googlebot/2.1; +http://www.google.com/bot.html)"
66.249.65.35 - - [12/Jul/2025:12:27:27 +0000] "GET /?x=5575024011800&mod=831b1ac5&uri=info.php%3Fid%3D186115-331%26name%3Dprada+patent+leather+mules HTTP/1.1" 200 21146 "-" "Mozilla/5.0 (Linux; Android 6.0.1; Nexus 5X Build/MMB29P) AppleWebKit/537.36 (KHTML, like Gecko) Chrome/137.0.7151.103 Mobile Safari/537.36 (compatible; Googlebot/2.1; +http://www.google.com/bot.html)"
66.249.65.35 - - [12/Jul/2025:12:27:29 +0000] "GET /?x=5667621031800&mod=dc6a7e65&uri=info.php%3Fid%3D189241-308%26name%3Dbaby+milo+zip+up HTTP/1.1" 200 22034 "-" "Mozilla/5.0 (Linux; Android 6.0.1; Nexus 5X Build/MMB29P) AppleWebKit/537.36 (KHTML, like Gecko) Chrome/137.0.7151.103 Mobile Safari/537.36 (compatible; Googlebot/2.1; +http://www.google.com/bot.html)"
66.249.65.36 - - [12/Jul/2025:12:27:30 +0000] "GET /?x=5691810071800&mod=2de7cf20&uri=itm.php%3Fid%3D190048-333%26name%3Dsouth+county+mall+jewelry+stores HTTP/1.1" 200 21946 "-" "Mozilla/5.0 (Linux; Android 6.0.1; Nexus 5X Build/MMB29P) AppleWebKit/537.36 (KHTML, like Gecko) Chrome/137.0.7151.103 Mobile Safari/537.36 (compatible; Googlebot/2.1; +http://www.google.com/bot.html)"
66.249.65.35 - - [12/Jul/2025:12:27:32 +0000] "POST /get-message-notify HTTP/1.1" 200 21871 "https://kraft-court.cafe/?x=5667621031800&mod=dc6a7e65&uri=info.php%3Fid%3D189241-308%26name%3Dbaby+milo+zip+up" "Mozilla/5.0 (Linux; Android 6.0.1; Nexus 5X Build/MMB29P) AppleWebKit/537.36 (KHTML, like Gecko) Chrome/137.0.7151.119 Mobile Safari/537.36 (compatible; Googlebot/2.1; +http://www.google.com/bot.html)"
66.249.65.35 - - [12/Jul/2025:12:27:32 +0000] "GET /?x=5682090041800&mod=dc6a7e65&uri=brands.php%3Fid%3D189724-308%26name%3Dgrey+hooded+shirt HTTP/1.1" 200 22716 "-" "Mozilla/5.0 (Linux; Android 6.0.1; Nexus 5X Build/MMB29P) AppleWebKit/537.36 (KHTML, like Gecko) Chrome/137.0.7151.103 Mobile Safari/537.36 (compatible; Googlebot/2.1; +http://www.google.com/bot.html)"
66.249.65.36 - - [12/Jul/2025:12:27:33 +0000] "GET /?x=55283624011800&mod=ffbd6cbb&uri=shop.php%3Fid%3D1844857-310%26name%3Dx299e+gaming+ii HTTP/1.1" 200 21313 "-" "Mozilla/5.0 (Linux; Android 6.0.1; Nexus 5X Build/MMB29P) AppleWebKit/537.36 (KHTML, like Gecko) Chrome/137.0.7151.103 Mobile Safari/537.36 (compatible; Googlebot/2.1; +http://www.google.com/bot.html)"
66.249.65.35 - - [12/Jul/2025:12:27:36 +0000] "GET /?x=5630581031800&mod=55d99a37&uri=shop.php%3Fid%3D188001-315%26name%3Dwerkzeug+zum+uhrendeckel+%C3%83%C2%B6ffnen HTTP/1.1" 200 22481 "-" "Mozilla/5.0 (Linux; Android 6.0.1; Nexus 5X Build/MMB29P) AppleWebKit/537.36 (KHTML, like Gecko) Chrome/137.0.7151.103 Mobile Safari/537.36 (compatible; Googlebot/2.1; +http://www.google.com/bot.html)"
66.249.65.36 - - [12/Jul/2025:12:27:36 +0000] "POST /get-message-notify HTTP/1.1" 200 21852 "https://kraft-court.cafe/?x=55283624011800&mod=ffbd6cbb&uri=shop.php%3Fid%3D1844857-310%26name%3Dx299e+gaming+ii" "Mozilla/5.0 (Linux; Android 6.0.1; Nexus 5X Build/MMB29P) AppleWebKit/537.36 (KHTML, like Gecko) Chrome/137.0.7151.119 Mobile Safari/537.36 (compatible; Googlebot/2.1; +http://www.google.com/bot.html)"
66.249.65.36 - - [12/Jul/2025:12:27:37 +0000] "POST /get-message-notify HTTP/1.1" 200 21874 "https://kraft-court.cafe/?x=5529544021800&mod=ffbd6cbb&uri=product.php%3Fid%3D184598-310%26name%3D1650+gtx+specs" "Mozilla/5.0 (Linux; Android 6.0.1; Nexus 5X Build/MMB29P) AppleWebKit/537.36 (KHTML, like Gecko) Chrome/137.0.7151.119 Mobile Safari/537.36 (compatible; Googlebot/2.1; +http://www.google.com/bot.html)"
66.249.65.36 - - [12/Jul/2025:12:27:41 +0000] "GET /?x=5686950041800&mod=2de7cf20&uri=info.php%3Fid%3D189886-333%26name%3Dnazariya+kada HTTP/1.1" 200 22221 "-" "Mozilla/5.0 (Linux; Android 6.0.1; Nexus 5X Build/MMB29P) AppleWebKit/537.36 (KHTML, like Gecko) Chrome/137.0.7151.103 Mobile Safari/537.36 (compatible; Googlebot/2.1; +http://www.google.com/bot.html)"
66.249.65.36 - - [12/Jul/2025:12:27:43 +0000] "GET /?x=5576335031800&mod=c4b43ae0&uri=itm.php%3Fid%3D186159-330%26name%3Dhoneywell+th6110d1021+focuspro+6000+programmable+thermostat HTTP/1.1" 200 22194 "-" "Mozilla/5.0 (Linux; Android 6.0.1; Nexus 5X Build/MMB29P) AppleWebKit/537.36 (KHTML, like Gecko) Chrome/137.0.7151.103 Mobile Safari/537.36 (compatible; Googlebot/2.1; +http://www.google.com/bot.html)"
66.249.65.36 - - [12/Jul/2025:12:27:48 +0000] "POST /get-message-notify HTTP/1.1" 200 21857 "https://kraft-court.cafe/?x=5657541051800&mod=dc6a7e65&uri=news.php%3Fid%3D188905-308%26name%3Deddie+bauer+crew+neck+sweatshirt" "Mozilla/5.0 (Linux; Android 6.0.1; Nexus 5X Build/MMB29P) AppleWebKit/537.36 (KHTML, like Gecko) Chrome/137.0.7151.119 Mobile Safari/537.36 (compatible; Googlebot/2.1; +http://www.google.com/bot.html)"
66.249.65.36 - - [12/Jul/2025:12:27:48 +0000] "GET /?x=5687490081800&mod=2de7cf20&uri=shared.php%3Fid%3D189904-333%26name%3Djtv+free+shipping HTTP/1.1" 200 21940 "-" "Mozilla/5.0 (Linux; Android 6.0.1; Nexus 5X Build/MMB29P) AppleWebKit/537.36 (KHTML, like Gecko) Chrome/137.0.7151.103 Mobile Safari/537.36 (compatible; Googlebot/2.1; +http://www.google.com/bot.html)"
66.249.65.35 - - [12/Jul/2025:12:27:56 +0000] "GET /?x=5577822051800&mod=c4b43ae0&uri=article.php%3Fid%3D186209-330%26name%3Dboiler+not+installed+correctly HTTP/1.1" 200 21520 "-" "Mozilla/5.0 (Linux; Android 6.0.1; Nexus 5X Build/MMB29P) AppleWebKit/537.36 (KHTML, like Gecko) Chrome/137.0.7151.103 Mobile Safari/537.36 (compatible; Googlebot/2.1; +http://www.google.com/bot.html)"
66.249.65.36 - - [12/Jul/2025:12:27:57 +0000] "GET /?x=5668581051800&mod=dc6a7e65&uri=info.php%3Fid%3D189273-308%26name%3Dkate+spade+hoodie HTTP/1.1" 200 21764 "-" "Mozilla/5.0 (Linux; Android 6.0.1; Nexus 5X Build/MMB29P) AppleWebKit/537.36 (KHTML, like Gecko) Chrome/137.0.7151.103 Mobile Safari/537.36 (compatible; Googlebot/2.1; +http://www.google.com/bot.html)"
66.249.65.36 - - [12/Jul/2025:12:27:59 +0000] "GET /?x=5685600011800&mod=2de7cf20&uri=us.php%3Fid%3D189841-333%26name%3Dlakeline+mall+jewelry+stores HTTP/1.1" 200 20967 "-" "Mozilla/5.0 (Linux; Android 6.0.1; Nexus 5X Build/MMB29P) AppleWebKit/537.36 (KHTML, like Gecko) Chrome/137.0.7151.103 Mobile Safari/537.36 (compatible; Googlebot/2.1; +http://www.google.com/bot.html)"
66.249.65.35 - - [12/Jul/2025:12:28:05 +0000] "GET /?x=5932541011800&mod=4500e403&uri=blog.php%3Fid%3D198110-342%26name%3Dold+school+baby+bouncer HTTP/1.1" 200 21977 "-" "Mozilla/5.0 (Linux; Android 6.0.1; Nexus 5X Build/MMB29P) AppleWebKit/537.36 (KHTML, like Gecko) Chrome/137.0.7151.103 Mobile Safari/537.36 (compatible; Googlebot/2.1; +http://www.google.com/bot.html)"
66.249.65.35 - - [12/Jul/2025:12:28:05 +0000] "GET /?x=5682240011800&mod=dc6a7e65&uri=blog.php%3Fid%3D189729-308%26name%3Dnhl+hockey+hoodies+with+laces HTTP/1.1" 200 22220 "-" "Mozilla/5.0 (Linux; Android 6.0.1; Nexus 5X Build/MMB29P) AppleWebKit/537.36 (KHTML, like Gecko) Chrome/137.0.7151.103 Mobile Safari/537.36 (compatible; Googlebot/2.1; +http://www.google.com/bot.html)"
66.249.65.36 - - [12/Jul/2025:12:28:15 +0000] "POST /get-message-notify HTTP/1.1" 200 21866 "https://kraft-court.cafe/?x=5577822051800&mod=c4b43ae0&uri=article.php%3Fid%3D186209-330%26name%3Dboiler+not+installed+correctly" "Mozilla/5.0 (Linux; Android 6.0.1; Nexus 5X Build/MMB29P) AppleWebKit/537.36 (KHTML, like Gecko) Chrome/137.0.7151.119 Mobile Safari/537.36 (compatible; Googlebot/2.1; +http://www.google.com/bot.html)"
66.249.65.35 - - [12/Jul/2025:12:28:20 +0000] "POST /get-message-notify HTTP/1.1" 200 21863 "https://kraft-court.cafe/?x=5668581051800&mod=dc6a7e65&uri=info.php%3Fid%3D189273-308%26name%3Dkate+spade+hoodie" "Mozilla/5.0 (Linux; Android 6.0.1; Nexus 5X Build/MMB29P) AppleWebKit/537.36 (KHTML, like Gecko) Chrome/137.0.7151.119 Mobile Safari/537.36 (compatible; Googlebot/2.1; +http://www.google.com/bot.html)"
66.249.65.35 - - [12/Jul/2025:12:28:37 +0000] "POST /get-message-notify HTTP/1.1" 200 21852 "https://kraft-court.cafe/?x=5682240011800&mod=dc6a7e65&uri=blog.php%3Fid%3D189729-308%26name%3Dnhl+hockey+hoodies+with+laces" "Mozilla/5.0 (Linux; Android 6.0.1; Nexus 5X Build/MMB29P) AppleWebKit/537.36 (KHTML, like Gecko) Chrome/137.0.7151.119 Mobile Safari/537.36 (compatible; Googlebot/2.1; +http://www.google.com/bot.html)"
66.249.65.37 - - [12/Jul/2025:12:29:50 +0000] "GET /?x=5600494131800&mod=e94fe9ac&uri=goods.php%3Fid%3D186969-332%26name%3Dwatch+tiktok+together HTTP/1.1" 200 21639 "-" "Mozilla/5.0 (Linux; Android 6.0.1; Nexus 5X Build/MMB29P) AppleWebKit/537.36 (KHTML, like Gecko) Chrome/137.0.7151.103 Mobile Safari/537.36 (compatible; Googlebot/2.1; +http://www.google.com/bot.html)"
66.249.65.35 - - [12/Jul/2025:12:29:58 +0000] "POST /get-message-notify HTTP/1.1" 200 21846 "https://kraft-court.cafe/?x=5791555041800&mod=a8849b05&uri=info.php%3Fid%3D193405-57%26name%3Drock+headphones+wireless" "Mozilla/5.0 (Linux; Android 6.0.1; Nexus 5X Build/MMB29P) AppleWebKit/537.36 (KHTML, like Gecko) Chrome/137.0.7151.119 Mobile Safari/537.36 (compatible; Googlebot/2.1; +http://www.google.com/bot.html)"
66.249.65.36 - - [12/Jul/2025:12:29:59 +0000] "GET /?x=5576922051800&mod=831b1ac5&uri=info.php%3Fid%3D186179-331%26name%3Dwalt+stack+just+do+it HTTP/1.1" 200 20560 "-" "Mozilla/5.0 (Linux; Android 6.0.1; Nexus 5X Build/MMB29P) AppleWebKit/537.36 (KHTML, like Gecko) Chrome/137.0.7151.103 Mobile Safari/537.36 (compatible; Googlebot/2.1; +http://www.google.com/bot.html)"
66.249.65.35 - - [12/Jul/2025:12:30:01 +0000] "GET /?x=5670501011800&mod=dc6a7e65&uri=form.php%3Fid%3D189337-308%26name%3Dair+dior+crewneck HTTP/1.1" 200 22187 "-" "Mozilla/5.0 (Linux; Android 6.0.1; Nexus 5X Build/MMB29P) AppleWebKit/537.36 (KHTML, like Gecko) Chrome/137.0.7151.103 Mobile Safari/537.36 (compatible; Googlebot/2.1; +http://www.google.com/bot.html)"
66.249.65.36 - - [12/Jul/2025:12:30:02 +0000] "GET /?x=5598309131800&mod=831b1ac5&uri=form.php%3Fid%3D186894-331%26name%3Dprada+red+and+black+sneakers HTTP/1.1" 200 21542 "-" "Mozilla/5.0 (Linux; Android 6.0.1; Nexus 5X Build/MMB29P) AppleWebKit/537.36 (KHTML, like Gecko) Chrome/137.0.7151.103 Mobile Safari/537.36 (compatible; Googlebot/2.1; +http://www.google.com/bot.html)"
66.249.65.35 - - [12/Jul/2025:12:30:06 +0000] "POST /get-message-notify HTTP/1.1" 200 21862 "https://kraft-court.cafe/?x=5598309131800&mod=831b1ac5&uri=form.php%3Fid%3D186894-331%26name%3Dprada+red+and+black+sneakers" "Mozilla/5.0 (Linux; Android 6.0.1; Nexus 5X Build/MMB29P) AppleWebKit/537.36 (KHTML, like Gecko) Chrome/137.0.7151.119 Mobile Safari/537.36 (compatible; Googlebot/2.1; +http://www.google.com/bot.html)"
