66.249.65.35 - - [12/Jul/2025:16:58:42 +0000] "GET /?x=5619270021800&mod=e94fe9ac&uri=brands.php%3Fid%3D187618-332%26name%3Damazon+smart+glasses HTTP/1.1" 200 22475 "-" "Mozilla/5.0 (Linux; Android 6.0.1; Nexus 5X Build/MMB29P) AppleWebKit/537.36 (KHTML, like Gecko) Chrome/137.0.7151.103 Mobile Safari/537.36 (compatible; Googlebot/2.1; +http://www.google.com/bot.html)"
66.249.65.36 - - [12/Jul/2025:16:59:22 +0000] "GET /?x=5720271011800&mod=333cb763&uri=search.php%3Fid%3D191015-334%26name%3Dbigg+boss+13+november+2019 HTTP/1.1" 200 22512 "-" "Mozilla/5.0 (Linux; Android 6.0.1; Nexus 5X Build/MMB29P) AppleWebKit/537.36 (KHTML, like Gecko) Chrome/137.0.7151.103 Mobile Safari/537.36 (compatible; Googlebot/2.1; +http://www.google.com/bot.html)"
66.249.65.35 - - [12/Jul/2025:16:59:26 +0000] "GET /?x=5700387061800&mod=2de7cf20&uri=brands.php%3Fid%3D190334-333%26name%3Dpandora+jordan+creek+mall HTTP/1.1" 200 21579 "-" "Mozilla/5.0 (Linux; Android 6.0.1; Nexus 5X Build/MMB29P) AppleWebKit/537.36 (KHTML, like Gecko) Chrome/137.0.7151.103 Mobile Safari/537.36 (compatible; Googlebot/2.1; +http://www.google.com/bot.html)"
66.249.65.35 - - [12/Jul/2025:16:59:37 +0000] "GET /?x=47619520091800&mod=a8849b05&uri=shared.php%3Fid%3D1589173-57%26name%3Drha+double+flange+ear+tips HTTP/1.1" 200 21393 "-" "Mozilla/5.0 (Linux; Android 6.0.1; Nexus 5X Build/MMB29P) AppleWebKit/537.36 (KHTML, like Gecko) Chrome/137.0.7151.103 Mobile Safari/537.36 (compatible; Googlebot/2.1; +http://www.google.com/bot.html)"
66.249.65.35 - - [12/Jul/2025:16:59:47 +0000] "GET /?x=5840751021800&mod=384babc3&uri=brands.php%3Fid%3D195047-339%26name%3Dadidas+bounce+pb HTTP/1.1" 200 21400 "-" "Mozilla/5.0 (Linux; Android 6.0.1; Nexus 5X Build/MMB29P) AppleWebKit/537.36 (KHTML, like Gecko) Chrome/137.0.7151.103 Mobile Safari/537.36 (compatible; Googlebot/2.1; +http://www.google.com/bot.html)"
66.249.65.35 - - [12/Jul/2025:16:59:51 +0000] "POST /get-message-notify HTTP/1.1" 200 21849 "https://kraft-court.cafe/?x=5840751021800&mod=384babc3&uri=brands.php%3Fid%3D195047-339%26name%3Dadidas+bounce+pb" "Mozilla/5.0 (Linux; Android 6.0.1; Nexus 5X Build/MMB29P) AppleWebKit/537.36 (KHTML, like Gecko) Chrome/137.0.7151.119 Mobile Safari/537.36 (compatible; Googlebot/2.1; +http://www.google.com/bot.html)"
66.249.75.236 - - [12/Jul/2025:17:00:16 +0000] "GET /?x=119843606041800&mod=b0169350&uri=form.php%3Fid%3D3999544-321%26name%3Dlong+haired+sheltie+guinea+pig HTTP/1.1" 200 21549 "-" "Mozilla/5.0 (Linux; Android 6.0.1; Nexus 5X Build/MMB29P) AppleWebKit/537.36 (KHTML, like Gecko) Chrome/137.0.7151.103 Mobile Safari/537.36 (compatible; Googlebot/2.1; +http://www.google.com/bot.html)"
66.249.65.35 - - [12/Jul/2025:17:00:23 +0000] "GET /?x=5782975101800&mod=a8849b05&uri=form.php%3Fid%3D193119-57%26name%3Djbl+tune+115tws+reddit HTTP/1.1" 200 21981 "-" "Mozilla/5.0 (Linux; Android 6.0.1; Nexus 5X Build/MMB29P) AppleWebKit/537.36 (KHTML, like Gecko) Chrome/137.0.7151.103 Mobile Safari/537.36 (compatible; Googlebot/2.1; +http://www.google.com/bot.html)"
66.249.65.37 - - [12/Jul/2025:17:01:05 +0000] "GET /?x=5713985031800&mod=333cb763&uri=form.php%3Fid%3D190797-334%26name%3Dashes+of+love+dramacool HTTP/1.1" 200 22314 "-" "Mozilla/5.0 (Linux; Android 6.0.1; Nexus 5X Build/MMB29P) AppleWebKit/537.36 (KHTML, like Gecko) Chrome/137.0.7151.103 Mobile Safari/537.36 (compatible; Googlebot/2.1; +http://www.google.com/bot.html)"
66.249.65.36 - - [12/Jul/2025:17:01:27 +0000] "GET /?x=5935841131800&mod=4500e403&uri=article.php%3Fid%3D198220-342%26name%3Dingenuity+automatic+bouncer+troubleshoot HTTP/1.1" 200 20833 "-" "Mozilla/5.0 (Linux; Android 6.0.1; Nexus 5X Build/MMB29P) AppleWebKit/537.36 (KHTML, like Gecko) Chrome/137.0.7151.103 Mobile Safari/537.36 (compatible; Googlebot/2.1; +http://www.google.com/bot.html)"
66.249.65.35 - - [12/Jul/2025:17:01:32 +0000] "GET /?x=5686140031800&mod=2de7cf20&uri=news.php%3Fid%3D189859-333%26name%3Droosevelt+field+jewelry+stores HTTP/1.1" 200 21463 "-" "Mozilla/5.0 (Linux; Android 6.0.1; Nexus 5X Build/MMB29P) AppleWebKit/537.36 (KHTML, like Gecko) Chrome/137.0.7151.103 Mobile Safari/537.36 (compatible; Googlebot/2.1; +http://www.google.com/bot.html)"
66.249.65.35 - - [12/Jul/2025:17:01:36 +0000] "GET /?x=5697837001800&mod=2de7cf20&uri=pin.php%3Fid%3D190249-333%26name%3Docean+themed+jewellery HTTP/1.1" 200 22407 "-" "Mozilla/5.0 (Linux; Android 6.0.1; Nexus 5X Build/MMB29P) AppleWebKit/537.36 (KHTML, like Gecko) Chrome/137.0.7151.103 Mobile Safari/537.36 (compatible; Googlebot/2.1; +http://www.google.com/bot.html)"
66.249.65.35 - - [12/Jul/2025:17:01:39 +0000] "POST /get-message-notify HTTP/1.1" 200 21855 "https://kraft-court.cafe/?x=5697837001800&mod=2de7cf20&uri=pin.php%3Fid%3D190249-333%26name%3Docean+themed+jewellery" "Mozilla/5.0 (Linux; Android 6.0.1; Nexus 5X Build/MMB29P) AppleWebKit/537.36 (KHTML, like Gecko) Chrome/137.0.7151.119 Mobile Safari/537.36 (compatible; Googlebot/2.1; +http://www.google.com/bot.html)"
66.249.65.35 - - [12/Jul/2025:17:01:49 +0000] "GET /?x=5714301031800&mod=333cb763&uri=search.php%3Fid%3D190809-334%26name%3Ddiamond+and+pearl+galactic+battles HTTP/1.1" 200 22413 "-" "Mozilla/5.0 (Linux; Android 6.0.1; Nexus 5X Build/MMB29P) AppleWebKit/537.36 (KHTML, like Gecko) Chrome/137.0.7151.103 Mobile Safari/537.36 (compatible; Googlebot/2.1; +http://www.google.com/bot.html)"
66.249.65.35 - - [12/Jul/2025:17:01:58 +0000] "GET /?x=5706848071800&mod=2de7cf20&uri=shared.php%3Fid%3D190551-333%26name%3Dengagement+ring+hatton+garden HTTP/1.1" 200 21714 "-" "Mozilla/5.0 (Linux; Android 6.0.1; Nexus 5X Build/MMB29P) AppleWebKit/537.36 (KHTML, like Gecko) Chrome/137.0.7151.103 Mobile Safari/537.36 (compatible; Googlebot/2.1; +http://www.google.com/bot.html)"
66.249.65.36 - - [12/Jul/2025:17:02:03 +0000] "GET /?x=101672924011800&mod=29921001&uri=us.php%3Fid%3D3393117-155%26name%3Dsam%27s+club+altec+lansing HTTP/1.1" 200 22149 "-" "Mozilla/5.0 (Linux; Android 6.0.1; Nexus 5X Build/MMB29P) AppleWebKit/537.36 (KHTML, like Gecko) Chrome/137.0.7151.103 Mobile Safari/537.36 (compatible; Googlebot/2.1; +http://www.google.com/bot.html)"
66.249.65.35 - - [12/Jul/2025:17:02:15 +0000] "GET /?x=5537554001800&mod=ffbd6cbb&uri=category-info.php%3Fid%3D184865-310%26name%3Dgtx+1070+8gb+vs+gtx+1660+ti+6gb HTTP/1.1" 200 22655 "-" "Mozilla/5.0 (Linux; Android 6.0.1; Nexus 5X Build/MMB29P) AppleWebKit/537.36 (KHTML, like Gecko) Chrome/137.0.7151.103 Mobile Safari/537.36 (compatible; Googlebot/2.1; +http://www.google.com/bot.html)"
66.249.65.35 - - [12/Jul/2025:17:02:34 +0000] "POST /get-message-notify HTTP/1.1" 200 21864 "https://kraft-court.cafe/?x=5537554001800&mod=ffbd6cbb&uri=category-info.php%3Fid%3D184865-310%26name%3Dgtx+1070+8gb+vs+gtx+1660+ti+6gb" "Mozilla/5.0 (Linux; Android 6.0.1; Nexus 5X Build/MMB29P) AppleWebKit/537.36 (KHTML, like Gecko) Chrome/137.0.7151.119 Mobile Safari/537.36 (compatible; Googlebot/2.1; +http://www.google.com/bot.html)"
66.249.65.36 - - [12/Jul/2025:17:03:03 +0000] "GET /?x=5879195051800&mod=d594b1a9&uri=us.php%3Fid%3D196331-341%26name%3Daviador+anteojos HTTP/1.1" 200 22551 "-" "Mozilla/5.0 (Linux; Android 6.0.1; Nexus 5X Build/MMB29P) AppleWebKit/537.36 (KHTML, like Gecko) Chrome/137.0.7151.103 Mobile Safari/537.36 (compatible; Googlebot/2.1; +http://www.google.com/bot.html)"
66.249.65.35 - - [12/Jul/2025:17:03:24 +0000] "GET /?x=5637297041800&mod=55d99a37&uri=news.php%3Fid%3D188226-315%26name%3Ds+oliver+uhr+bunt HTTP/1.1" 200 21799 "-" "Mozilla/5.0 (Linux; Android 6.0.1; Nexus 5X Build/MMB29P) AppleWebKit/537.36 (KHTML, like Gecko) Chrome/137.0.7151.103 Mobile Safari/537.36 (compatible; Googlebot/2.1; +http://www.google.com/bot.html)"
66.249.65.36 - - [12/Jul/2025:17:03:20 +0000] "GET /?x=34669919001800&mod=9854d7af&uri=news.php%3Fid%3D1157162-387%26name%3Dfitness+flooring+mats HTTP/1.1" 200 21999 "-" "Mozilla/5.0 (Linux; Android 6.0.1; Nexus 5X Build/MMB29P) AppleWebKit/537.36 (KHTML, like Gecko) Chrome/137.0.7151.103 Mobile Safari/537.36 (compatible; Googlebot/2.1; +http://www.google.com/bot.html)"
66.249.65.35 - - [12/Jul/2025:17:03:27 +0000] "GET /?x=88905800071800&mod=e94fe9ac&uri=shared.php%3Fid%3D2966923-332%26name%3Dkasam+tere+pyaar+ki+voot+par HTTP/1.1" 200 21828 "-" "Mozilla/5.0 (Linux; Android 6.0.1; Nexus 5X Build/MMB29P) AppleWebKit/537.36 (KHTML, like Gecko) Chrome/137.0.7151.103 Mobile Safari/537.36 (compatible; Googlebot/2.1; +http://www.google.com/bot.html)"
66.249.65.35 - - [12/Jul/2025:17:03:31 +0000] "POST /get-message-notify HTTP/1.1" 200 21869 "https://kraft-court.cafe/?x=88905800071800&mod=e94fe9ac&uri=shared.php%3Fid%3D2966923-332%26name%3Dkasam+tere+pyaar+ki+voot+par" "Mozilla/5.0 (Linux; Android 6.0.1; Nexus 5X Build/MMB29P) AppleWebKit/537.36 (KHTML, like Gecko) Chrome/137.0.7151.119 Mobile Safari/537.36 (compatible; Googlebot/2.1; +http://www.google.com/bot.html)"
66.249.65.35 - - [12/Jul/2025:17:03:33 +0000] "POST /get-message-notify HTTP/1.1" 200 21859 "https://kraft-court.cafe/?x=34669919001800&mod=9854d7af&uri=news.php%3Fid%3D1157162-387%26name%3Dfitness+flooring+mats" "Mozilla/5.0 (Linux; Android 6.0.1; Nexus 5X Build/MMB29P) AppleWebKit/537.36 (KHTML, like Gecko) Chrome/137.0.7151.119 Mobile Safari/537.36 (compatible; Googlebot/2.1; +http://www.google.com/bot.html)"
66.249.65.35 - - [12/Jul/2025:17:03:44 +0000] "GET /?x=5947451141800&mod=c5bbd980&uri=blog.php%3Fid%3D198607-344%26name%3Damori+shoes HTTP/1.1" 200 21964 "-" "Mozilla/5.0 (Linux; Android 6.0.1; Nexus 5X Build/MMB29P) AppleWebKit/537.36 (KHTML, like Gecko) Chrome/137.0.7151.103 Mobile Safari/537.36 (compatible; Googlebot/2.1; +http://www.google.com/bot.html)"
66.249.65.35 - - [12/Jul/2025:17:03:44 +0000] "GET /?x=5679411131800&mod=dc6a7e65&uri=itm.php%3Fid%3D189634-308%26name%3Dawful+cloth+blue+hoodie HTTP/1.1" 200 21773 "-" "Mozilla/5.0 (Linux; Android 6.0.1; Nexus 5X Build/MMB29P) AppleWebKit/537.36 (KHTML, like Gecko) Chrome/137.0.7151.103 Mobile Safari/537.36 (compatible; Googlebot/2.1; +http://www.google.com/bot.html)"
66.249.65.37 - - [12/Jul/2025:17:04:16 +0000] "GET /?x=113668113071800&mod=165a59f7&uri=search.php%3Fid%3D3793513-336%26name%3Dnegozi+y+not HTTP/1.1" 200 22312 "-" "Mozilla/5.0 (Linux; Android 6.0.1; Nexus 5X Build/MMB29P) AppleWebKit/537.36 (KHTML, like Gecko) Chrome/137.0.7151.103 Mobile Safari/537.36 (compatible; Googlebot/2.1; +http://www.google.com/bot.html)"
66.249.65.36 - - [12/Jul/2025:17:04:28 +0000] "GET /?x=119669593021800&mod=6b9bb055&uri=info.php%3Fid%3D3993740-466%26name%3Dpfi+boot+sale HTTP/1.1" 200 22352 "-" "Mozilla/5.0 (Linux; Android 6.0.1; Nexus 5X Build/MMB29P) AppleWebKit/537.36 (KHTML, like Gecko) Chrome/137.0.7151.103 Mobile Safari/537.36 (compatible; Googlebot/2.1; +http://www.google.com/bot.html)"
66.249.65.35 - - [12/Jul/2025:17:04:34 +0000] "GET /?x=5643780061800&mod=55d99a37&uri=shared.php%3Fid%3D188444-315%26name%3Duhren+ebel+preise HTTP/1.1" 200 21158 "-" "Mozilla/5.0 (Linux; Android 6.0.1; Nexus 5X Build/MMB29P) AppleWebKit/537.36 (KHTML, like Gecko) Chrome/137.0.7151.103 Mobile Safari/537.36 (compatible; Googlebot/2.1; +http://www.google.com/bot.html)"
66.249.65.35 - - [12/Jul/2025:17:04:36 +0000] "POST /get-message-notify HTTP/1.1" 200 21880 "https://kraft-court.cafe/?x=5643780061800&mod=55d99a37&uri=shared.php%3Fid%3D188444-315%26name%3Duhren+ebel+preise" "Mozilla/5.0 (Linux; Android 6.0.1; Nexus 5X Build/MMB29P) AppleWebKit/537.36 (KHTML, like Gecko) Chrome/137.0.7151.119 Mobile Safari/537.36 (compatible; Googlebot/2.1; +http://www.google.com/bot.html)"
66.249.65.36 - - [12/Jul/2025:17:05:08 +0000] "GET /?x=5713685031800&mod=333cb763&uri=goods.php%3Fid%3D190787-334%26name%3Dbigg+boss+13+30th+november+2019 HTTP/1.1" 200 21971 "-" "Mozilla/5.0 (Linux; Android 6.0.1; Nexus 5X Build/MMB29P) AppleWebKit/537.36 (KHTML, like Gecko) Chrome/137.0.7151.103 Mobile Safari/537.36 (compatible; Googlebot/2.1; +http://www.google.com/bot.html)"
66.249.65.35 - - [12/Jul/2025:17:05:11 +0000] "GET /?x=5667381051800&mod=dc6a7e65&uri=dp.php%3Fid%3D189233-308%26name%3Dbillie+eilish+hoodie+zalando HTTP/1.1" 200 21570 "-" "Mozilla/5.0 (Linux; Android 6.0.1; Nexus 5X Build/MMB29P) AppleWebKit/537.36 (KHTML, like Gecko) Chrome/137.0.7151.103 Mobile Safari/537.36 (compatible; Googlebot/2.1; +http://www.google.com/bot.html)"
66.249.65.37 - - [12/Jul/2025:17:05:11 +0000] "POST /get-message-notify HTTP/1.1" 200 21867 "https://kraft-court.cafe/?x=5713685031800&mod=333cb763&uri=goods.php%3Fid%3D190787-334%26name%3Dbigg+boss+13+30th+november+2019" "Mozilla/5.0 (Linux; Android 6.0.1; Nexus 5X Build/MMB29P) AppleWebKit/537.36 (KHTML, like Gecko) Chrome/137.0.7151.119 Mobile Safari/537.36 (compatible; Googlebot/2.1; +http://www.google.com/bot.html)"
66.249.65.35 - - [12/Jul/2025:17:05:12 +0000] "GET /?x=5562574071800&mod=fa84632d&uri=products.php%3Fid%3D185699-329%26name%3Dlululemon+align+pant+21 HTTP/1.1" 200 21532 "-" "Mozilla/5.0 (Linux; Android 6.0.1; Nexus 5X Build/MMB29P) AppleWebKit/537.36 (KHTML, like Gecko) Chrome/137.0.7151.103 Mobile Safari/537.36 (compatible; Googlebot/2.1; +http://www.google.com/bot.html)"
66.249.65.36 - - [12/Jul/2025:17:05:15 +0000] "POST /get-message-notify HTTP/1.1" 200 21872 "https://kraft-court.cafe/?x=5667381051800&mod=dc6a7e65&uri=dp.php%3Fid%3D189233-308%26name%3Dbillie+eilish+hoodie+zalando" "Mozilla/5.0 (Linux; Android 6.0.1; Nexus 5X Build/MMB29P) AppleWebKit/537.36 (KHTML, like Gecko) Chrome/137.0.7151.119 Mobile Safari/537.36 (compatible; Googlebot/2.1; +http://www.google.com/bot.html)"
66.249.65.35 - - [12/Jul/2025:17:05:18 +0000] "GET /?x=5620421081800&mod=e94fe9ac&uri=us.php%3Fid%3D187658-332%26name%3Dgoogle+assistant+glasses HTTP/1.1" 200 21547 "-" "Mozilla/5.0 (Linux; Android 6.0.1; Nexus 5X Build/MMB29P) AppleWebKit/537.36 (KHTML, like Gecko) Chrome/137.0.7151.103 Mobile Safari/537.36 (compatible; Googlebot/2.1; +http://www.google.com/bot.html)"
66.249.65.35 - - [12/Jul/2025:17:05:36 +0000] "GET /?x=59629754011800&mod=b6cda17a&uri=blog.php%3Fid%3D1989893-233%26name%3Dplumifero+nike+negro HTTP/1.1" 200 21866 "-" "Mozilla/5.0 (Linux; Android 6.0.1; Nexus 5X Build/MMB29P) AppleWebKit/537.36 (KHTML, like Gecko) Chrome/137.0.7151.103 Mobile Safari/537.36 (compatible; Googlebot/2.1; +http://www.google.com/bot.html)"
66.249.65.35 - - [12/Jul/2025:17:05:40 +0000] "GET /?x=34652522081800&mod=9854d7af&uri=itm.php%3Fid%3D1156582-387%26name%3Dikea+dumbbells HTTP/1.1" 200 22035 "-" "Mozilla/5.0 (Linux; Android 6.0.1; Nexus 5X Build/MMB29P) AppleWebKit/537.36 (KHTML, like Gecko) Chrome/137.0.7151.103 Mobile Safari/537.36 (compatible; Googlebot/2.1; +http://www.google.com/bot.html)"
66.249.65.35 - - [12/Jul/2025:17:05:55 +0000] "GET /?x=107407274011800&mod=29921001&uri=shop.php%3Fid%3D3584535-155%26name%3Dbeam+alexa HTTP/1.1" 200 22528 "-" "Mozilla/5.0 (Linux; Android 6.0.1; Nexus 5X Build/MMB29P) AppleWebKit/537.36 (KHTML, like Gecko) Chrome/137.0.7151.103 Mobile Safari/537.36 (compatible; Googlebot/2.1; +http://www.google.com/bot.html)"
66.249.65.35 - - [12/Jul/2025:17:05:55 +0000] "GET /?x=47429331001800&mod=76309eaf&uri=blog.php%3Fid%3D1582829-1018%26name%3Dwearing+hoop+earrings HTTP/1.1" 200 22144 "-" "Mozilla/5.0 (Linux; Android 6.0.1; Nexus 5X Build/MMB29P) AppleWebKit/537.36 (KHTML, like Gecko) Chrome/137.0.7151.103 Mobile Safari/537.36 (compatible; Googlebot/2.1; +http://www.google.com/bot.html)"
66.249.65.35 - - [12/Jul/2025:17:05:58 +0000] "POST /get-message-notify HTTP/1.1" 200 21871 "https://kraft-court.cafe/?x=47429331001800&mod=76309eaf&uri=blog.php%3Fid%3D1582829-1018%26name%3Dwearing+hoop+earrings" "Mozilla/5.0 (Linux; Android 6.0.1; Nexus 5X Build/MMB29P) AppleWebKit/537.36 (KHTML, like Gecko) Chrome/137.0.7151.119 Mobile Safari/537.36 (compatible; Googlebot/2.1; +http://www.google.com/bot.html)"
66.249.65.36 - - [12/Jul/2025:17:06:00 +0000] "GET /?x=5811998051800&mod=165a59f7&uri=us.php%3Fid%3D194087-336%26name%3Dpiquadro+zaino+da+viaggio HTTP/1.1" 200 22093 "-" "Mozilla/5.0 (Linux; Android 6.0.1; Nexus 5X Build/MMB29P) AppleWebKit/537.36 (KHTML, like Gecko) Chrome/137.0.7151.103 Mobile Safari/537.36 (compatible; Googlebot/2.1; +http://www.google.com/bot.html)"
66.249.65.36 - - [12/Jul/2025:17:06:08 +0000] "POST /get-message-notify HTTP/1.1" 200 21866 "https://kraft-court.cafe/?x=107407274011800&mod=29921001&uri=shop.php%3Fid%3D3584535-155%26name%3Dbeam+alexa" "Mozilla/5.0 (Linux; Android 6.0.1; Nexus 5X Build/MMB29P) AppleWebKit/537.36 (KHTML, like Gecko) Chrome/137.0.7151.119 Mobile Safari/537.36 (compatible; Googlebot/2.1; +http://www.google.com/bot.html)"
66.249.65.35 - - [12/Jul/2025:17:06:27 +0000] "GET /?x=5992889081800&mod=e3ea3396&uri=brands.php%3Fid%3D200124-345%26name%3Dleggins+nina HTTP/1.1" 200 21885 "-" "Mozilla/5.0 (Linux; Android 6.0.1; Nexus 5X Build/MMB29P) AppleWebKit/537.36 (KHTML, like Gecko) Chrome/137.0.7151.103 Mobile Safari/537.36 (compatible; Googlebot/2.1; +http://www.google.com/bot.html)"
66.249.65.35 - - [12/Jul/2025:17:06:35 +0000] "GET /?x=119678953041800&mod=cd61a580&uri=brands.php%3Fid%3D3994052-465%26name%3Dfox+over+the+boot+pants HTTP/1.1" 200 22099 "-" "Mozilla/5.0 (Linux; Android 6.0.1; Nexus 5X Build/MMB29P) AppleWebKit/537.36 (KHTML, like Gecko) Chrome/137.0.7151.103 Mobile Safari/537.36 (compatible; Googlebot/2.1; +http://www.google.com/bot.html)"
66.249.65.35 - - [12/Jul/2025:17:06:47 +0000] "POST /get-message-notify HTTP/1.1" 200 21866 "https://kraft-court.cafe/?x=5992889081800&mod=e3ea3396&uri=brands.php%3Fid%3D200124-345%26name%3Dleggins+nina" "Mozilla/5.0 (Linux; Android 6.0.1; Nexus 5X Build/MMB29P) AppleWebKit/537.36 (KHTML, like Gecko) Chrome/137.0.7151.119 Mobile Safari/537.36 (compatible; Googlebot/2.1; +http://www.google.com/bot.html)"
66.249.65.35 - - [12/Jul/2025:17:06:53 +0000] "GET /?x=5628273011800&mod=55d99a37&uri=news.php%3Fid%3D187923-315%26name%3Duhr+aldi+s%C3%83%C2%BCd HTTP/1.1" 200 22006 "-" "Mozilla/5.0 (Linux; Android 6.0.1; Nexus 5X Build/MMB29P) AppleWebKit/537.36 (KHTML, like Gecko) Chrome/137.0.7151.103 Mobile Safari/537.36 (compatible; Googlebot/2.1; +http://www.google.com/bot.html)"
66.249.65.37 - - [12/Jul/2025:17:07:11 +0000] "GET /?x=5789125041800&mod=a8849b05&uri=search.php%3Fid%3D193324-57%26name%3Dthe+best+cheap+bluetooth+earbuds HTTP/1.1" 200 22406 "-" "Mozilla/5.0 (Linux; Android 6.0.1; Nexus 5X Build/MMB29P) AppleWebKit/537.36 (KHTML, like Gecko) Chrome/137.0.7151.103 Mobile Safari/537.36 (compatible; Googlebot/2.1; +http://www.google.com/bot.html)"
66.249.65.35 - - [12/Jul/2025:17:07:39 +0000] "GET /?x=5976560001800&mod=e3ea3396&uri=products.php%3Fid%3D199578-345%26name%3Drosa+clara+madrinas+2017 HTTP/1.1" 200 21977 "-" "Mozilla/5.0 (Linux; Android 6.0.1; Nexus 5X Build/MMB29P) AppleWebKit/537.36 (KHTML, like Gecko) Chrome/137.0.7151.103 Mobile Safari/537.36 (compatible; Googlebot/2.1; +http://www.google.com/bot.html)"
66.249.65.36 - - [12/Jul/2025:17:07:42 +0000] "POST /get-message-notify HTTP/1.1" 200 21852 "https://kraft-court.cafe/?x=5976560001800&mod=e3ea3396&uri=products.php%3Fid%3D199578-345%26name%3Drosa+clara+madrinas+2017" "Mozilla/5.0 (Linux; Android 6.0.1; Nexus 5X Build/MMB29P) AppleWebKit/537.36 (KHTML, like Gecko) Chrome/137.0.7151.119 Mobile Safari/537.36 (compatible; Googlebot/2.1; +http://www.google.com/bot.html)"
66.249.65.35 - - [12/Jul/2025:17:07:49 +0000] "GET /?x=5661081051800&mod=dc6a7e65&uri=shared.php%3Fid%3D189023-308%26name%3Dcoach+varsity+c+zip+up+hoodie HTTP/1.1" 200 22159 "-" "Mozilla/5.0 (Linux; Android 6.0.1; Nexus 5X Build/MMB29P) AppleWebKit/537.36 (KHTML, like Gecko) Chrome/137.0.7151.103 Mobile Safari/537.36 (compatible; Googlebot/2.1; +http://www.google.com/bot.html)"
66.249.65.35 - - [12/Jul/2025:17:07:54 +0000] "POST /get-message-notify HTTP/1.1" 200 21865 "https://kraft-court.cafe/?x=5661081051800&mod=dc6a7e65&uri=shared.php%3Fid%3D189023-308%26name%3Dcoach+varsity+c+zip+up+hoodie" "Mozilla/5.0 (Linux; Android 6.0.1; Nexus 5X Build/MMB29P) AppleWebKit/537.36 (KHTML, like Gecko) Chrome/137.0.7151.119 Mobile Safari/537.36 (compatible; Googlebot/2.1; +http://www.google.com/bot.html)"
66.249.65.36 - - [12/Jul/2025:17:08:07 +0000] "GET /?x=5654361011800&mod=dc6a7e65&uri=products.php%3Fid%3D188799-308%26name%3Dslogan+print+hoodie HTTP/1.1" 200 22139 "-" "Mozilla/5.0 (Linux; Android 6.0.1; Nexus 5X Build/MMB29P) AppleWebKit/537.36 (KHTML, like Gecko) Chrome/137.0.7151.103 Mobile Safari/537.36 (compatible; Googlebot/2.1; +http://www.google.com/bot.html)"
66.249.65.36 - - [12/Jul/2025:17:08:13 +0000] "POST /get-message-notify HTTP/1.1" 200 21862 "https://kraft-court.cafe/?x=5654361011800&mod=dc6a7e65&uri=products.php%3Fid%3D188799-308%26name%3Dslogan+print+hoodie" "Mozilla/5.0 (Linux; Android 6.0.1; Nexus 5X Build/MMB29P) AppleWebKit/537.36 (KHTML, like Gecko) Chrome/137.0.7151.119 Mobile Safari/537.36 (compatible; Googlebot/2.1; +http://www.google.com/bot.html)"
66.249.65.36 - - [12/Jul/2025:17:08:13 +0000] "GET /?x=119671753021800&mod=6b9bb055&uri=search.php%3Fid%3D3993812-466%26name%3Dwomen%27s+florida+birkenstocks HTTP/1.1" 200 22005 "-" "Mozilla/5.0 (Linux; Android 6.0.1; Nexus 5X Build/MMB29P) AppleWebKit/537.36 (KHTML, like Gecko) Chrome/137.0.7151.103 Mobile Safari/537.36 (compatible; Googlebot/2.1; +http://www.google.com/bot.html)"
66.249.65.35 - - [12/Jul/2025:17:08:16 +0000] "GET /?x=34609279021800&mod=f17a7558&uri=form.php%3Fid%3D1155140-1079%26name%3Dair+max+2016+price+in+philippines HTTP/1.1" 200 20688 "-" "Mozilla/5.0 (Linux; Android 6.0.1; Nexus 5X Build/MMB29P) AppleWebKit/537.36 (KHTML, like Gecko) Chrome/137.0.7151.103 Mobile Safari/537.36 (compatible; Googlebot/2.1; +http://www.google.com/bot.html)"
66.249.65.35 - - [12/Jul/2025:17:08:24 +0000] "GET /?x=77134632011800&mod=73c14008&uri=itm.php%3Fid%3D2574049-408%26name%3Dunited+colors+of+benetton+men%27s+sweatshirt HTTP/1.1" 200 22243 "-" "Mozilla/5.0 (Linux; Android 6.0.1; Nexus 5X Build/MMB29P) AppleWebKit/537.36 (KHTML, like Gecko) Chrome/137.0.7151.103 Mobile Safari/537.36 (compatible; Googlebot/2.1; +http://www.google.com/bot.html)"
66.249.65.35 - - [12/Jul/2025:17:08:26 +0000] "GET /?x=34617139091800&mod=f17a7558&uri=news.php%3Fid%3D1155402-1079%26name%3Dair+max+90+x+premium HTTP/1.1" 200 20423 "-" "Mozilla/5.0 (Linux; Android 6.0.1; Nexus 5X Build/MMB29P) AppleWebKit/537.36 (KHTML, like Gecko) Chrome/137.0.7151.103 Mobile Safari/537.36 (compatible; Googlebot/2.1; +http://www.google.com/bot.html)"
66.249.65.35 - - [12/Jul/2025:17:08:27 +0000] "GET /?x=34585789041800&mod=ad68473a&uri=blog.php%3Fid%3D1154357-407%26name%3Dpink+camo+hoodie+realtree HTTP/1.1" 200 21882 "-" "Mozilla/5.0 (Linux; Android 6.0.1; Nexus 5X Build/MMB29P) AppleWebKit/537.36 (KHTML, like Gecko) Chrome/137.0.7151.103 Mobile Safari/537.36 (compatible; Googlebot/2.1; +http://www.google.com/bot.html)"
66.249.65.35 - - [12/Jul/2025:17:08:28 +0000] "POST /get-message-notify HTTP/1.1" 200 21846 "https://kraft-court.cafe/?x=77134632011800&mod=73c14008&uri=itm.php%3Fid%3D2574049-408%26name%3Dunited+colors+of+benetton+men%27s+sweatshirt" "Mozilla/5.0 (Linux; Android 6.0.1; Nexus 5X Build/MMB29P) AppleWebKit/537.36 (KHTML, like Gecko) Chrome/137.0.7151.119 Mobile Safari/537.36 (compatible; Googlebot/2.1; +http://www.google.com/bot.html)"
66.249.65.35 - - [12/Jul/2025:17:08:29 +0000] "GET /?x=34617229031800&mod=cc360b61&uri=us.php%3Fid%3D1155405-729%26name%3Dskechers+705 HTTP/1.1" 200 21265 "-" "Mozilla/5.0 (Linux; Android 6.0.1; Nexus 5X Build/MMB29P) AppleWebKit/537.36 (KHTML, like Gecko) Chrome/137.0.7151.103 Mobile Safari/537.36 (compatible; Googlebot/2.1; +http://www.google.com/bot.html)"
66.249.65.35 - - [12/Jul/2025:17:08:34 +0000] "GET /?x=77147292051800&mod=73c14008&uri=article.php%3Fid%3D2574471-408%26name%3Dpurple+sleeveless+hoodie HTTP/1.1" 200 22383 "-" "Mozilla/5.0 (Linux; Android 6.0.1; Nexus 5X Build/MMB29P) AppleWebKit/537.36 (KHTML, like Gecko) Chrome/137.0.7151.103 Mobile Safari/537.36 (compatible; Googlebot/2.1; +http://www.google.com/bot.html)"
66.249.65.35 - - [12/Jul/2025:17:08:34 +0000] "GET /?x=5873208071800&mod=d594b1a9&uri=form.php%3Fid%3D196131-341%26name%3Dlentes+oftalmicos+mujer+gucci HTTP/1.1" 200 21881 "-" "Mozilla/5.0 (Linux; Android 6.0.1; Nexus 5X Build/MMB29P) AppleWebKit/537.36 (KHTML, like Gecko) Chrome/137.0.7151.103 Mobile Safari/537.36 (compatible; Googlebot/2.1; +http://www.google.com/bot.html)"
66.249.65.35 - - [12/Jul/2025:17:08:36 +0000] "GET /?x=86851770011800&mod=73c14008&uri=brands.php%3Fid%3D2898371-408%26name%3Ddisney+land+sweatshirt HTTP/1.1" 200 21709 "-" "Mozilla/5.0 (Linux; Android 6.0.1; Nexus 5X Build/MMB29P) AppleWebKit/537.36 (KHTML, like Gecko) Chrome/137.0.7151.103 Mobile Safari/537.36 (compatible; Googlebot/2.1; +http://www.google.com/bot.html)"
66.249.65.35 - - [12/Jul/2025:17:08:42 +0000] "GET /?x=34577959021800&mod=ad68473a&uri=pin.php%3Fid%3D1154096-407%26name%3Dhoodie+and+denim+skirt HTTP/1.1" 200 22330 "-" "Mozilla/5.0 (Linux; Android 6.0.1; Nexus 5X Build/MMB29P) AppleWebKit/537.36 (KHTML, like Gecko) Chrome/137.0.7151.103 Mobile Safari/537.36 (compatible; Googlebot/2.1; +http://www.google.com/bot.html)"
66.249.65.35 - - [12/Jul/2025:17:08:44 +0000] "POST /get-message-notify HTTP/1.1" 200 21864 "https://kraft-court.cafe/?x=86851770011800&mod=73c14008&uri=brands.php%3Fid%3D2898371-408%26name%3Ddisney+land+sweatshirt" "Mozilla/5.0 (Linux; Android 6.0.1; Nexus 5X Build/MMB29P) AppleWebKit/537.36 (KHTML, like Gecko) Chrome/137.0.7151.119 Mobile Safari/537.36 (compatible; Googlebot/2.1; +http://www.google.com/bot.html)"
66.249.65.35 - - [12/Jul/2025:17:08:45 +0000] "GET /?x=34640592061800&mod=53f0d7c5&uri=us.php%3Fid%3D1156184-247%26name%3Diphone+11+eye+protection HTTP/1.1" 200 21825 "-" "Mozilla/5.0 (Linux; Android 6.0.1; Nexus 5X Build/MMB29P) AppleWebKit/537.36 (KHTML, like Gecko) Chrome/137.0.7151.103 Mobile Safari/537.36 (compatible; Googlebot/2.1; +http://www.google.com/bot.html)"
66.249.65.35 - - [12/Jul/2025:17:08:45 +0000] "GET /?x=5721569051800&mod=333cb763&uri=shop.php%3Fid%3D191059-334%26name%3Ddragon+ball+super+heroes+dub HTTP/1.1" 200 21813 "-" "Mozilla/5.0 (Linux; Android 6.0.1; Nexus 5X Build/MMB29P) AppleWebKit/537.36 (KHTML, like Gecko) Chrome/137.0.7151.103 Mobile Safari/537.36 (compatible; Googlebot/2.1; +http://www.google.com/bot.html)"
66.249.65.35 - - [12/Jul/2025:17:08:45 +0000] "GET /?x=5695887001800&mod=2de7cf20&uri=shared.php%3Fid%3D190184-333%26name%3Dblack+kada+gold HTTP/1.1" 200 22509 "-" "Mozilla/5.0 (Linux; Android 6.0.1; Nexus 5X Build/MMB29P) AppleWebKit/537.36 (KHTML, like Gecko) Chrome/137.0.7151.103 Mobile Safari/537.36 (compatible; Googlebot/2.1; +http://www.google.com/bot.html)"
66.249.65.36 - - [12/Jul/2025:17:08:46 +0000] "POST /get-message-notify HTTP/1.1" 200 21860 "https://kraft-court.cafe/?x=34577959021800&mod=ad68473a&uri=pin.php%3Fid%3D1154096-407%26name%3Dhoodie+and+denim+skirt" "Mozilla/5.0 (Linux; Android 6.0.1; Nexus 5X Build/MMB29P) AppleWebKit/537.36 (KHTML, like Gecko) Chrome/137.0.7151.119 Mobile Safari/537.36 (compatible; Googlebot/2.1; +http://www.google.com/bot.html)"
66.249.65.35 - - [12/Jul/2025:17:08:50 +0000] "GET /?x=34617319001800&mod=c923d8f6&uri=us.php%3Fid%3D1155408-730%26name%3Dnirvana+shirt+lazada HTTP/1.1" 200 20246 "-" "Mozilla/5.0 (Linux; Android 6.0.1; Nexus 5X Build/MMB29P) AppleWebKit/537.36 (KHTML, like Gecko) Chrome/137.0.7151.103 Mobile Safari/537.36 (compatible; Googlebot/2.1; +http://www.google.com/bot.html)"
66.249.65.35 - - [12/Jul/2025:17:08:51 +0000] "POST /get-message-notify HTTP/1.1" 200 21859 "https://kraft-court.cafe/?x=34617229031800&mod=cc360b61&uri=us.php%3Fid%3D1155405-729%26name%3Dskechers+705" "Mozilla/5.0 (Linux; Android 6.0.1; Nexus 5X Build/MMB29P) AppleWebKit/537.36 (KHTML, like Gecko) Chrome/137.0.7151.119 Mobile Safari/537.36 (compatible; Googlebot/2.1; +http://www.google.com/bot.html)"
66.249.65.35 - - [12/Jul/2025:17:08:52 +0000] "POST /get-message-notify HTTP/1.1" 200 21855 "https://kraft-court.cafe/?x=77147292051800&mod=73c14008&uri=article.php%3Fid%3D2574471-408%26name%3Dpurple+sleeveless+hoodie" "Mozilla/5.0 (Linux; Android 6.0.1; Nexus 5X Build/MMB29P) AppleWebKit/537.36 (KHTML, like Gecko) Chrome/137.0.7151.119 Mobile Safari/537.36 (compatible; Googlebot/2.1; +http://www.google.com/bot.html)"
66.249.65.36 - - [12/Jul/2025:17:08:54 +0000] "GET /?x=34617049061800&mod=f17a7558&uri=info.php%3Fid%3D1155399-1079%26name%3Dair+max+93+desert+sand HTTP/1.1" 200 21570 "-" "Mozilla/5.0 (Linux; Android 6.0.1; Nexus 5X Build/MMB29P) AppleWebKit/537.36 (KHTML, like Gecko) Chrome/137.0.7151.103 Mobile Safari/537.36 (compatible; Googlebot/2.1; +http://www.google.com/bot.html)"
66.249.65.36 - - [12/Jul/2025:17:08:56 +0000] "GET /?x=5887115041800&mod=29921001&uri=dp.php%3Fid%3D196595-155%26name%3Dstagepas+250m HTTP/1.1" 200 21656 "-" "Mozilla/5.0 (Linux; Android 6.0.1; Nexus 5X Build/MMB29P) AppleWebKit/537.36 (KHTML, like Gecko) Chrome/137.0.7151.103 Mobile Safari/537.36 (compatible; Googlebot/2.1; +http://www.google.com/bot.html)"
66.249.65.36 - - [12/Jul/2025:17:08:59 +0000] "GET /?x=109511890011800&mod=73c14008&uri=blog.php%3Fid%3D3654754-408%26name%3Dwhite+beaded+sweater HTTP/1.1" 200 21768 "-" "Mozilla/5.0 (Linux; Android 6.0.1; Nexus 5X Build/MMB29P) AppleWebKit/537.36 (KHTML, like Gecko) Chrome/137.0.7151.103 Mobile Safari/537.36 (compatible; Googlebot/2.1; +http://www.google.com/bot.html)"
66.249.65.35 - - [12/Jul/2025:17:09:01 +0000] "POST /get-message-notify HTTP/1.1" 200 21851 "https://kraft-court.cafe/?x=5887115041800&mod=29921001&uri=dp.php%3Fid%3D196595-155%26name%3Dstagepas+250m" "Mozilla/5.0 (Linux; Android 6.0.1; Nexus 5X Build/MMB29P) AppleWebKit/537.36 (KHTML, like Gecko) Chrome/137.0.7151.119 Mobile Safari/537.36 (compatible; Googlebot/2.1; +http://www.google.com/bot.html)"
66.249.65.35 - - [12/Jul/2025:17:09:02 +0000] "GET /?x=34617109031800&mod=c923d8f6&uri=goods.php%3Fid%3D1155401-730%26name%3Dnirvana+in+utero+shirt HTTP/1.1" 200 20912 "-" "Mozilla/5.0 (Linux; Android 6.0.1; Nexus 5X Build/MMB29P) AppleWebKit/537.36 (KHTML, like Gecko) Chrome/137.0.7151.103 Mobile Safari/537.36 (compatible; Googlebot/2.1; +http://www.google.com/bot.html)"
66.249.65.35 - - [12/Jul/2025:17:09:03 +0000] "GET /?x=5881085031800&mod=29921001&uri=article.php%3Fid%3D196394-155%26name%3Dcelestion+t1088 HTTP/1.1" 200 22209 "-" "Mozilla/5.0 (Linux; Android 6.0.1; Nexus 5X Build/MMB29P) AppleWebKit/537.36 (KHTML, like Gecko) Chrome/137.0.7151.103 Mobile Safari/537.36 (compatible; Googlebot/2.1; +http://www.google.com/bot.html)"
66.249.65.35 - - [12/Jul/2025:17:09:04 +0000] "GET /?x=34570339001800&mod=73c14008&uri=shop.php%3Fid%3D1153842-408%26name%3Droyal+blue+plus+size+sweater HTTP/1.1" 200 21598 "-" "Mozilla/5.0 (Linux; Android 6.0.1; Nexus 5X Build/MMB29P) AppleWebKit/537.36 (KHTML, like Gecko) Chrome/137.0.7151.103 Mobile Safari/537.36 (compatible; Googlebot/2.1; +http://www.google.com/bot.html)"
66.249.65.35 - - [12/Jul/2025:17:09:10 +0000] "GET /?x=34601449011800&mod=c64e7fcb&uri=pin.php%3Fid%3D1154879-1080%26name%3Dpurple+kids+converse+shoes HTTP/1.1" 200 20633 "-" "Mozilla/5.0 (Linux; Android 6.0.1; Nexus 5X Build/MMB29P) AppleWebKit/537.36 (KHTML, like Gecko) Chrome/137.0.7151.103 Mobile Safari/537.36 (compatible; Googlebot/2.1; +http://www.google.com/bot.html)"
66.249.65.35 - - [12/Jul/2025:17:09:14 +0000] "GET /?x=77160522001800&mod=73c14008&uri=category-info.php%3Fid%3D2574912-408%26name%3Dsweatshirt+with+shirt+detail HTTP/1.1" 200 22620 "-" "Mozilla/5.0 (Linux; Android 6.0.1; Nexus 5X Build/MMB29P) AppleWebKit/537.36 (KHTML, like Gecko) Chrome/137.0.7151.103 Mobile Safari/537.36 (compatible; Googlebot/2.1; +http://www.google.com/bot.html)"
66.249.65.35 - - [12/Jul/2025:17:09:14 +0000] "POST /get-message-notify HTTP/1.1" 200 21878 "https://kraft-court.cafe/?x=109511890011800&mod=73c14008&uri=blog.php%3Fid%3D3654754-408%26name%3Dwhite+beaded+sweater" "Mozilla/5.0 (Linux; Android 6.0.1; Nexus 5X Build/MMB29P) AppleWebKit/537.36 (KHTML, like Gecko) Chrome/137.0.7151.119 Mobile Safari/537.36 (compatible; Googlebot/2.1; +http://www.google.com/bot.html)"
66.249.65.35 - - [12/Jul/2025:17:09:16 +0000] "GET /?x=34570129071800&mod=73c14008&uri=shop.php%3Fid%3D1153835-408%26name%3Dladies+white+christmas+jumpers HTTP/1.1" 200 21049 "-" "Mozilla/5.0 (Linux; Android 6.0.1; Nexus 5X Build/MMB29P) AppleWebKit/537.36 (KHTML, like Gecko) Chrome/137.0.7151.103 Mobile Safari/537.36 (compatible; Googlebot/2.1; +http://www.google.com/bot.html)"
66.249.65.35 - - [12/Jul/2025:17:09:17 +0000] "POST /get-message-notify HTTP/1.1" 200 21859 "https://kraft-court.cafe/?x=77160522001800&mod=73c14008&uri=category-info.php%3Fid%3D2574912-408%26name%3Dsweatshirt+with+shirt+detail" "Mozilla/5.0 (Linux; Android 6.0.1; Nexus 5X Build/MMB29P) AppleWebKit/537.36 (KHTML, like Gecko) Chrome/137.0.7151.119 Mobile Safari/537.36 (compatible; Googlebot/2.1; +http://www.google.com/bot.html)"
66.249.65.35 - - [12/Jul/2025:17:09:20 +0000] "POST /get-message-notify HTTP/1.1" 200 21874 "https://kraft-court.cafe/?x=34617109031800&mod=c923d8f6&uri=goods.php%3Fid%3D1155401-730%26name%3Dnirvana+in+utero+shirt" "Mozilla/5.0 (Linux; Android 6.0.1; Nexus 5X Build/MMB29P) AppleWebKit/537.36 (KHTML, like Gecko) Chrome/137.0.7151.119 Mobile Safari/537.36 (compatible; Googlebot/2.1; +http://www.google.com/bot.html)"
66.249.65.35 - - [12/Jul/2025:17:09:22 +0000] "GET /?x=86868990071800&mod=73c14008&uri=blog.php%3Fid%3D2898945-408%26name%3Dsweat+shirt+for+women HTTP/1.1" 200 21541 "-" "Mozilla/5.0 (Linux; Android 6.0.1; Nexus 5X Build/MMB29P) AppleWebKit/537.36 (KHTML, like Gecko) Chrome/137.0.7151.103 Mobile Safari/537.36 (compatible; Googlebot/2.1; +http://www.google.com/bot.html)"
66.249.65.35 - - [12/Jul/2025:17:09:24 +0000] "GET /?x=34632762051800&mod=53f0d7c5&uri=article.php%3Fid%3D1155923-247%26name%3Drealme+3i+phone+cover HTTP/1.1" 200 21533 "-" "Mozilla/5.0 (Linux; Android 6.0.1; Nexus 5X Build/MMB29P) AppleWebKit/537.36 (KHTML, like Gecko) Chrome/137.0.7151.103 Mobile Safari/537.36 (compatible; Googlebot/2.1; +http://www.google.com/bot.html)"
66.249.65.35 - - [12/Jul/2025:17:09:27 +0000] "POST /get-message-notify HTTP/1.1" 200 21876 "https://kraft-court.cafe/?x=86868990071800&mod=73c14008&uri=blog.php%3Fid%3D2898945-408%26name%3Dsweat+shirt+for+women" "Mozilla/5.0 (Linux; Android 6.0.1; Nexus 5X Build/MMB29P) AppleWebKit/537.36 (KHTML, like Gecko) Chrome/137.0.7151.119 Mobile Safari/537.36 (compatible; Googlebot/2.1; +http://www.google.com/bot.html)"
66.249.65.36 - - [12/Jul/2025:17:09:37 +0000] "POST /get-message-notify HTTP/1.1" 200 21860 "https://kraft-court.cafe/?x=34632762051800&mod=53f0d7c5&uri=article.php%3Fid%3D1155923-247%26name%3Drealme+3i+phone+cover" "Mozilla/5.0 (Linux; Android 6.0.1; Nexus 5X Build/MMB29P) AppleWebKit/537.36 (KHTML, like Gecko) Chrome/137.0.7151.119 Mobile Safari/537.36 (compatible; Googlebot/2.1; +http://www.google.com/bot.html)"
66.249.65.35 - - [12/Jul/2025:17:09:46 +0000] "GET /?x=5735743021800&mod=97108695&uri=category-info.php%3Fid%3D191544-335%26name%3Dcan+you+mirror+switch+lite+to+tv HTTP/1.1" 200 22429 "-" "Mozilla/5.0 (Linux; Android 6.0.1; Nexus 5X Build/MMB29P) AppleWebKit/537.36 (KHTML, like Gecko) Chrome/137.0.7151.103 Mobile Safari/537.36 (compatible; Googlebot/2.1; +http://www.google.com/bot.html)"
66.249.65.36 - - [12/Jul/2025:17:09:47 +0000] "GET /?x=5973575001800&mod=e3ea3396&uri=info.php%3Fid%3D199478-345%26name%3Dvestidos+madrina+manu+garcia HTTP/1.1" 200 20962 "-" "Mozilla/5.0 (Linux; Android 6.0.1; Nexus 5X Build/MMB29P) AppleWebKit/537.36 (KHTML, like Gecko) Chrome/137.0.7151.103 Mobile Safari/537.36 (compatible; Googlebot/2.1; +http://www.google.com/bot.html)"
66.249.65.36 - - [12/Jul/2025:17:09:58 +0000] "GET /?x=5928461001800&mod=4500e403&uri=form.php%3Fid%3D197974-342%26name%3Dinfant+rockers HTTP/1.1" 200 21007 "-" "Mozilla/5.0 (Linux; Android 6.0.1; Nexus 5X Build/MMB29P) AppleWebKit/537.36 (KHTML, like Gecko) Chrome/137.0.7151.103 Mobile Safari/537.36 (compatible; Googlebot/2.1; +http://www.google.com/bot.html)"
66.249.65.36 - - [12/Jul/2025:17:10:14 +0000] "GET /?x=34593619021800&mod=c64e7fcb&uri=product.php%3Fid%3D1154618-1080%26name%3Dyellow+converse+one+star HTTP/1.1" 200 20891 "-" "Mozilla/5.0 (Linux; Android 6.0.1; Nexus 5X Build/MMB29P) AppleWebKit/537.36 (KHTML, like Gecko) Chrome/137.0.7151.103 Mobile Safari/537.36 (compatible; Googlebot/2.1; +http://www.google.com/bot.html)"
66.249.65.36 - - [12/Jul/2025:17:10:20 +0000] "GET /?x=34565599011800&mod=e94fe9ac&uri=product.php%3Fid%3D1153684-332%26name%3Dis+hulu+included+with+amazon+prime HTTP/1.1" 200 21246 "-" "Mozilla/5.0 (Linux; Android 6.0.1; Nexus 5X Build/MMB29P) AppleWebKit/537.36 (KHTML, like Gecko) Chrome/137.0.7151.103 Mobile Safari/537.36 (compatible; Googlebot/2.1; +http://www.google.com/bot.html)"
66.249.65.36 - - [12/Jul/2025:17:10:22 +0000] "GET /?x=5960561021800&mod=c5bbd980&uri=blog.php%3Fid%3D199044-344%26name%3Dcomplex+top+sneakers+218 HTTP/1.1" 200 22452 "-" "Mozilla/5.0 (Linux; Android 6.0.1; Nexus 5X Build/MMB29P) AppleWebKit/537.36 (KHTML, like Gecko) Chrome/137.0.7151.103 Mobile Safari/537.36 (compatible; Googlebot/2.1; +http://www.google.com/bot.html)"
66.249.65.36 - - [12/Jul/2025:17:10:23 +0000] "POST /get-message-notify HTTP/1.1" 200 21876 "https://kraft-court.cafe/?x=5973575001800&mod=e3ea3396&uri=info.php%3Fid%3D199478-345%26name%3Dvestidos+madrina+manu+garcia" "Mozilla/5.0 (Linux; Android 6.0.1; Nexus 5X Build/MMB29P) AppleWebKit/537.36 (KHTML, like Gecko) Chrome/137.0.7151.119 Mobile Safari/537.36 (compatible; Googlebot/2.1; +http://www.google.com/bot.html)"
66.249.65.35 - - [12/Jul/2025:17:10:30 +0000] "GET /?x=5955731051800&mod=c5bbd980&uri=shared.php%3Fid%3D198883-344%26name%3Dadidas+women%27s+active+shorts HTTP/1.1" 200 21916 "-" "Mozilla/5.0 (Linux; Android 6.0.1; Nexus 5X Build/MMB29P) AppleWebKit/537.36 (KHTML, like Gecko) Chrome/137.0.7151.103 Mobile Safari/537.36 (compatible; Googlebot/2.1; +http://www.google.com/bot.html)"
66.249.65.35 - - [12/Jul/2025:17:10:55 +0000] "GET /?x=5948711071800&mod=c5bbd980&uri=dp.php%3Fid%3D198649-344%26name%3Dsize+shoes+in+eu HTTP/1.1" 200 21475 "-" "Mozilla/5.0 (Linux; Android 6.0.1; Nexus 5X Build/MMB29P) AppleWebKit/537.36 (KHTML, like Gecko) Chrome/137.0.7151.103 Mobile Safari/537.36 (compatible; Googlebot/2.1; +http://www.google.com/bot.html)"
66.249.65.37 - - [12/Jul/2025:17:11:18 +0000] "POST /get-message-notify HTTP/1.1" 200 21876 "https://kraft-court.cafe/?x=5948711071800&mod=c5bbd980&uri=dp.php%3Fid%3D198649-344%26name%3Dsize+shoes+in+eu" "Mozilla/5.0 (Linux; Android 6.0.1; Nexus 5X Build/MMB29P) AppleWebKit/537.36 (KHTML, like Gecko) Chrome/137.0.7151.119 Mobile Safari/537.36 (compatible; Googlebot/2.1; +http://www.google.com/bot.html)"
66.249.65.36 - - [12/Jul/2025:17:11:32 +0000] "GET /?x=5975120011800&mod=e3ea3396&uri=pin.php%3Fid%3D199530-345%26name%3Dtienda+vestidos+fiesta+cordoba HTTP/1.1" 200 21452 "-" "Mozilla/5.0 (Linux; Android 6.0.1; Nexus 5X Build/MMB29P) AppleWebKit/537.36 (KHTML, like Gecko) Chrome/137.0.7151.103 Mobile Safari/537.36 (compatible; Googlebot/2.1; +http://www.google.com/bot.html)"
66.249.65.36 - - [12/Jul/2025:17:11:36 +0000] "POST /get-message-notify HTTP/1.1" 200 21865 "https://kraft-court.cafe/?x=5975120011800&mod=e3ea3396&uri=pin.php%3Fid%3D199530-345%26name%3Dtienda+vestidos+fiesta+cordoba" "Mozilla/5.0 (Linux; Android 6.0.1; Nexus 5X Build/MMB29P) AppleWebKit/537.36 (KHTML, like Gecko) Chrome/137.0.7151.119 Mobile Safari/537.36 (compatible; Googlebot/2.1; +http://www.google.com/bot.html)"
66.249.65.35 - - [12/Jul/2025:17:11:51 +0000] "GET /?x=5576215011800&mod=c4b43ae0&uri=news.php%3Fid%3D186155-330%26name%3Ddanfoss+thermostat+tp7000 HTTP/1.1" 200 21815 "-" "Mozilla/5.0 (Linux; Android 6.0.1; Nexus 5X Build/MMB29P) AppleWebKit/537.36 (KHTML, like Gecko) Chrome/137.0.7151.103 Mobile Safari/537.36 (compatible; Googlebot/2.1; +http://www.google.com/bot.html)"
66.249.65.35 - - [12/Jul/2025:17:11:54 +0000] "GET /?x=5715081031800&mod=333cb763&uri=article.php%3Fid%3D190835-334%26name%3Dbarrister+babu+15+oct+2021 HTTP/1.1" 200 22398 "-" "Mozilla/5.0 (Linux; Android 6.0.1; Nexus 5X Build/MMB29P) AppleWebKit/537.36 (KHTML, like Gecko) Chrome/137.0.7151.103 Mobile Safari/537.36 (compatible; Googlebot/2.1; +http://www.google.com/bot.html)"
66.249.65.35 - - [12/Jul/2025:17:11:57 +0000] "GET /?x=5768817011800&mod=a8849b05&uri=search.php%3Fid%3D192647-57%26name%3Djbl+tune+125tws+pink HTTP/1.1" 200 22270 "-" "Mozilla/5.0 (Linux; Android 6.0.1; Nexus 5X Build/MMB29P) AppleWebKit/537.36 (KHTML, like Gecko) Chrome/137.0.7151.103 Mobile Safari/537.36 (compatible; Googlebot/2.1; +http://www.google.com/bot.html)"
66.249.65.35 - - [12/Jul/2025:17:11:57 +0000] "POST /get-message-notify HTTP/1.1" 200 21864 "https://kraft-court.cafe/?x=5715081031800&mod=333cb763&uri=article.php%3Fid%3D190835-334%26name%3Dbarrister+babu+15+oct+2021" "Mozilla/5.0 (Linux; Android 6.0.1; Nexus 5X Build/MMB29P) AppleWebKit/537.36 (KHTML, like Gecko) Chrome/137.0.7151.119 Mobile Safari/537.36 (compatible; Googlebot/2.1; +http://www.google.com/bot.html)"
66.249.65.36 - - [12/Jul/2025:17:12:03 +0000] "POST /get-message-notify HTTP/1.1" 200 21863 "https://kraft-court.cafe/?x=5768817011800&mod=a8849b05&uri=search.php%3Fid%3D192647-57%26name%3Djbl+tune+125tws+pink" "Mozilla/5.0 (Linux; Android 6.0.1; Nexus 5X Build/MMB29P) AppleWebKit/537.36 (KHTML, like Gecko) Chrome/137.0.7151.119 Mobile Safari/537.36 (compatible; Googlebot/2.1; +http://www.google.com/bot.html)"
66.249.65.36 - - [12/Jul/2025:17:12:07 +0000] "GET /?x=86483515121800&mod=03fa2f75&uri=form.php%3Fid%3D2886087-270%26name%3Dsamsung+galaxy+tab+a+palm+rejection HTTP/1.1" 200 21841 "-" "Mozilla/5.0 (Linux; Android 6.0.1; Nexus 5X Build/MMB29P) AppleWebKit/537.36 (KHTML, like Gecko) Chrome/137.0.7151.103 Mobile Safari/537.36 (compatible; Googlebot/2.1; +http://www.google.com/bot.html)"
66.249.65.35 - - [12/Jul/2025:17:12:24 +0000] "GET /?x=5635777001800&mod=55d99a37&uri=pin.php%3Fid%3D188175-315%26name%3Duhrenarmband+hersteller HTTP/1.1" 200 21241 "-" "Mozilla/5.0 (Linux; Android 6.0.1; Nexus 5X Build/MMB29P) AppleWebKit/537.36 (KHTML, like Gecko) Chrome/137.0.7151.103 Mobile Safari/537.36 (compatible; Googlebot/2.1; +http://www.google.com/bot.html)"
66.249.65.35 - - [12/Jul/2025:17:12:31 +0000] "GET /?x=5588495091800&mod=c4b43ae0&uri=goods.php%3Fid%3D186565-330%26name%3Dwiser+heating+control HTTP/1.1" 200 21356 "-" "Mozilla/5.0 (Linux; Android 6.0.1; Nexus 5X Build/MMB29P) AppleWebKit/537.36 (KHTML, like Gecko) Chrome/137.0.7151.103 Mobile Safari/537.36 (compatible; Googlebot/2.1; +http://www.google.com/bot.html)"
66.249.65.35 - - [12/Jul/2025:17:12:34 +0000] "GET /?x=5745057091800&mod=97108695&uri=pin.php%3Fid%3D191855-335%26name%3Dzelda+switch+lite+case HTTP/1.1" 200 21687 "-" "Mozilla/5.0 (Linux; Android 6.0.1; Nexus 5X Build/MMB29P) AppleWebKit/537.36 (KHTML, like Gecko) Chrome/137.0.7151.103 Mobile Safari/537.36 (compatible; Googlebot/2.1; +http://www.google.com/bot.html)"
66.249.65.35 - - [12/Jul/2025:17:12:46 +0000] "GET /?x=80058255091800&mod=2de7cf20&uri=pin.php%3Fid%3D2671645-333%26name%3Dhigh+tech+necklace HTTP/1.1" 200 21022 "-" "Mozilla/5.0 (Linux; Android 6.0.1; Nexus 5X Build/MMB29P) AppleWebKit/537.36 (KHTML, like Gecko) Chrome/137.0.7151.103 Mobile Safari/537.36 (compatible; Googlebot/2.1; +http://www.google.com/bot.html)"
66.249.65.35 - - [12/Jul/2025:17:12:48 +0000] "POST /get-message-notify HTTP/1.1" 200 21868 "https://kraft-court.cafe/?x=5745057091800&mod=97108695&uri=pin.php%3Fid%3D191855-335%26name%3Dzelda+switch+lite+case" "Mozilla/5.0 (Linux; Android 6.0.1; Nexus 5X Build/MMB29P) AppleWebKit/537.36 (KHTML, like Gecko) Chrome/137.0.7151.119 Mobile Safari/537.36 (compatible; Googlebot/2.1; +http://www.google.com/bot.html)"
66.249.65.37 - - [12/Jul/2025:17:13:01 +0000] "GET /?x=119179288051800&mod=51200d29&uri=info.php%3Fid%3D3977383-1052%26name%3Dwarriors+jerseys+by+year HTTP/1.1" 200 21853 "-" "Mozilla/5.0 (Linux; Android 6.0.1; Nexus 5X Build/MMB29P) AppleWebKit/537.36 (KHTML, like Gecko) Chrome/137.0.7151.103 Mobile Safari/537.36 (compatible; Googlebot/2.1; +http://www.google.com/bot.html)"
66.249.65.36 - - [12/Jul/2025:17:13:28 +0000] "GET /?x=5953391051800&mod=c5bbd980&uri=itm.php%3Fid%3D198805-344%26name%3Ddundrum+shopping+centre+shoes HTTP/1.1" 200 22028 "-" "Mozilla/5.0 (Linux; Android 6.0.1; Nexus 5X Build/MMB29P) AppleWebKit/537.36 (KHTML, like Gecko) Chrome/137.0.7151.103 Mobile Safari/537.36 (compatible; Googlebot/2.1; +http://www.google.com/bot.html)"
66.249.65.35 - - [12/Jul/2025:17:13:38 +0000] "GET /?x=5989949141800&mod=e3ea3396&uri=shop.php%3Fid%3D200026-345%26name%3Dchamarra+de+piel+de+avestruz+precio HTTP/1.1" 200 21746 "-" "Mozilla/5.0 (Linux; Android 6.0.1; Nexus 5X Build/MMB29P) AppleWebKit/537.36 (KHTML, like Gecko) Chrome/137.0.7151.103 Mobile Safari/537.36 (compatible; Googlebot/2.1; +http://www.google.com/bot.html)"
66.249.65.35 - - [12/Jul/2025:17:13:42 +0000] "POST /get-message-notify HTTP/1.1" 200 21876 "https://kraft-court.cafe/?x=5989949141800&mod=e3ea3396&uri=shop.php%3Fid%3D200026-345%26name%3Dchamarra+de+piel+de+avestruz+precio" "Mozilla/5.0 (Linux; Android 6.0.1; Nexus 5X Build/MMB29P) AppleWebKit/537.36 (KHTML, like Gecko) Chrome/137.0.7151.119 Mobile Safari/537.36 (compatible; Googlebot/2.1; +http://www.google.com/bot.html)"
209.74.77.214 - - [12/Jul/2025:17:14:00 +0000] "POST /wp-cron.php?doing_wp_cron=1752340440.3376269340515136718750 HTTP/1.1" 200 - "-" "WordPress/6.8.1; https://kraft-court.cafe"
51.222.253.9 - - [12/Jul/2025:17:14:00 +0000] "GET /?x=30044910031800&mod=7c7077ca&uri=search.php%3Fid%3D1002814-981%26name%3Dbrown+birkenstock+style+sandals HTTP/1.1" 301 - "-" "Mozilla/5.0 (compatible; AhrefsBot/7.0; +http://ahrefs.com/robot/)"
66.249.65.37 - - [12/Jul/2025:17:14:09 +0000] "GET /?x=5767437031800&mod=97108695&uri=dp.php%3Fid%3D192601-335%26name%3Dwashing+machine+tub+off+balance HTTP/1.1" 200 22003 "-" "Mozilla/5.0 (Linux; Android 6.0.1; Nexus 5X Build/MMB29P) AppleWebKit/537.36 (KHTML, like Gecko) Chrome/137.0.7151.103 Mobile Safari/537.36 (compatible; Googlebot/2.1; +http://www.google.com/bot.html)"
66.249.65.35 - - [12/Jul/2025:17:14:19 +0000] "GET /?x=5869509001800&mod=d594b1a9&uri=product.php%3Fid%3D196007-341%26name%3Dtrituradora+de+hielo HTTP/1.1" 200 22546 "-" "Mozilla/5.0 (Linux; Android 6.0.1; Nexus 5X Build/MMB29P) AppleWebKit/537.36 (KHTML, like Gecko) Chrome/137.0.7151.103 Mobile Safari/537.36 (compatible; Googlebot/2.1; +http://www.google.com/bot.html)"
66.249.65.35 - - [12/Jul/2025:17:14:42 +0000] "GET /?x=5707298001800&mod=2de7cf20&uri=article.php%3Fid%3D190566-333%26name%3Dlalitha+jewellery+bangles+models HTTP/1.1" 200 21950 "-" "Mozilla/5.0 (Linux; Android 6.0.1; Nexus 5X Build/MMB29P) AppleWebKit/537.36 (KHTML, like Gecko) Chrome/137.0.7151.103 Mobile Safari/537.36 (compatible; Googlebot/2.1; +http://www.google.com/bot.html)"
66.249.65.35 - - [12/Jul/2025:17:14:56 +0000] "GET /?x=5811758001800&mod=165a59f7&uri=category-info.php%3Fid%3D194079-336%26name%3Dpiquadro+borse+da+medico HTTP/1.1" 200 21632 "-" "Mozilla/5.0 (Linux; Android 6.0.1; Nexus 5X Build/MMB29P) AppleWebKit/537.36 (KHTML, like Gecko) Chrome/137.0.7151.103 Mobile Safari/537.36 (compatible; Googlebot/2.1; +http://www.google.com/bot.html)"
66.249.65.35 - - [12/Jul/2025:17:14:57 +0000] "GET /?x=5701467091800&mod=2de7cf20&uri=article.php%3Fid%3D190370-333%26name%3Dargos+bracelet+safety+chain HTTP/1.1" 200 21113 "-" "Mozilla/5.0 (Linux; Android 6.0.1; Nexus 5X Build/MMB29P) AppleWebKit/537.36 (KHTML, like Gecko) Chrome/137.0.7151.103 Mobile Safari/537.36 (compatible; Googlebot/2.1; +http://www.google.com/bot.html)"
66.249.65.35 - - [12/Jul/2025:17:14:59 +0000] "GET /?x=47429031001800&mod=76309eaf&uri=info.php%3Fid%3D1582819-1018%26name%3Dnecklace+for+gf HTTP/1.1" 200 22261 "-" "Mozilla/5.0 (Linux; Android 6.0.1; Nexus 5X Build/MMB29P) AppleWebKit/537.36 (KHTML, like Gecko) Chrome/137.0.7151.103 Mobile Safari/537.36 (compatible; Googlebot/2.1; +http://www.google.com/bot.html)"
66.249.65.35 - - [12/Jul/2025:17:14:59 +0000] "POST /get-message-notify HTTP/1.1" 200 21865 "https://kraft-court.cafe/?x=5701467091800&mod=2de7cf20&uri=article.php%3Fid%3D190370-333%26name%3Dargos+bracelet+safety+chain" "Mozilla/5.0 (Linux; Android 6.0.1; Nexus 5X Build/MMB29P) AppleWebKit/537.36 (KHTML, like Gecko) Chrome/137.0.7151.119 Mobile Safari/537.36 (compatible; Googlebot/2.1; +http://www.google.com/bot.html)"
66.249.65.35 - - [12/Jul/2025:17:15:00 +0000] "GET /?x=102308118061800&mod=2de7cf20&uri=search.php%3Fid%3D3414312-333%26name%3Dexpensive+looking+jewelry HTTP/1.1" 200 21930 "-" "Mozilla/5.0 (Linux; Android 6.0.1; Nexus 5X Build/MMB29P) AppleWebKit/537.36 (KHTML, like Gecko) Chrome/137.0.7151.103 Mobile Safari/537.36 (compatible; Googlebot/2.1; +http://www.google.com/bot.html)"
66.249.65.35 - - [12/Jul/2025:17:15:09 +0000] "POST /get-message-notify HTTP/1.1" 200 21866 "https://kraft-court.cafe/?x=47429031001800&mod=76309eaf&uri=info.php%3Fid%3D1582819-1018%26name%3Dnecklace+for+gf" "Mozilla/5.0 (Linux; Android 6.0.1; Nexus 5X Build/MMB29P) AppleWebKit/537.36 (KHTML, like Gecko) Chrome/137.0.7151.119 Mobile Safari/537.36 (compatible; Googlebot/2.1; +http://www.google.com/bot.html)"
66.249.65.35 - - [12/Jul/2025:17:15:30 +0000] "GET /?x=47531740021800&mod=0d2922ee&uri=article.php%3Fid%3D1586247-1246%26name%3Dwarm+pants HTTP/1.1" 200 21025 "-" "Mozilla/5.0 (Linux; Android 6.0.1; Nexus 5X Build/MMB29P) AppleWebKit/537.36 (KHTML, like Gecko) Chrome/137.0.7151.103 Mobile Safari/537.36 (compatible; Googlebot/2.1; +http://www.google.com/bot.html)"
66.249.65.35 - - [12/Jul/2025:17:15:43 +0000] "GET /?x=5580702071800&mod=c4b43ae0&uri=form.php%3Fid%3D186305-330%26name%3Dsmart+radiator+thermostat+starter+kit HTTP/1.1" 200 21553 "-" "Mozilla/5.0 (Linux; Android 6.0.1; Nexus 5X Build/MMB29P) AppleWebKit/537.36 (KHTML, like Gecko) Chrome/137.0.7151.103 Mobile Safari/537.36 (compatible; Googlebot/2.1; +http://www.google.com/bot.html)"
