66.249.65.35 - - [12/Jul/2025:16:32:52 +0000] "POST /get-message-notify HTTP/1.1" 200 21869 "https://kraft-court.cafe/?x=5892474041800&mod=29921001&uri=us.php%3Fid%3D196774-155%26name%3Dpolk+audio+signature+s55e" "Mozilla/5.0 (Linux; Android 6.0.1; Nexus 5X Build/MMB29P) AppleWebKit/537.36 (KHTML, like Gecko) Chrome/137.0.7151.119 Mobile Safari/537.36 (compatible; Googlebot/2.1; +http://www.google.com/bot.html)"
66.249.65.35 - - [12/Jul/2025:16:33:04 +0000] "POST /get-message-notify HTTP/1.1" 200 21870 "https://kraft-court.cafe/?x=5678031001800&mod=dc6a7e65&uri=search.php%3Fid%3D189588-308%26name%3Dcoach+basquiat+sweatshirt" "Mozilla/5.0 (Linux; Android 6.0.1; Nexus 5X Build/MMB29P) AppleWebKit/537.36 (KHTML, like Gecko) Chrome/137.0.7151.119 Mobile Safari/537.36 (compatible; Googlebot/2.1; +http://www.google.com/bot.html)"
209.74.77.214 - - [12/Jul/2025:16:33:29 +0000] "POST /wp-cron.php?doing_wp_cron=1752338009.4364750385284423828125 HTTP/1.1" 200 - "-" "WordPress/6.8.1; https://kraft-court.cafe"
51.222.253.15 - - [12/Jul/2025:16:33:28 +0000] "GET /?x=118989176011800&mod=5cbba2d0&uri=article.php%3Fid%3D3971042-494%26name%3Dare+long+denim+skirts+in+style+2018 HTTP/1.1" 301 - "-" "Mozilla/5.0 (compatible; AhrefsBot/7.0; +http://ahrefs.com/robot/)"
66.249.65.35 - - [12/Jul/2025:16:33:33 +0000] "GET /?x=6064852091800&mod=fd9dcf1d&uri=products.php%3Fid%3D202527-349%26name%3Dpendentif+etoile+de+david+chopard HTTP/1.1" 200 21949 "-" "Mozilla/5.0 (Linux; Android 6.0.1; Nexus 5X Build/MMB29P) AppleWebKit/537.36 (KHTML, like Gecko) Chrome/137.0.7151.103 Mobile Safari/537.36 (compatible; Googlebot/2.1; +http://www.google.com/bot.html)"
66.249.65.35 - - [12/Jul/2025:16:33:44 +0000] "GET /?x=5714691001800&mod=333cb763&uri=product.php%3Fid%3D190822-334%26name%3Dhisoka+watch HTTP/1.1" 200 22782 "-" "Mozilla/5.0 (Linux; Android 6.0.1; Nexus 5X Build/MMB29P) AppleWebKit/537.36 (KHTML, like Gecko) Chrome/137.0.7151.103 Mobile Safari/537.36 (compatible; Googlebot/2.1; +http://www.google.com/bot.html)"
66.249.65.35 - - [12/Jul/2025:16:33:48 +0000] "GET /?x=59628495071800&mod=20c9f570&uri=brands.php%3Fid%3D1989851-234%26name%3Dmotorrad+lederjacke+yamaha HTTP/1.1" 200 21743 "-" "Mozilla/5.0 (Linux; Android 6.0.1; Nexus 5X Build/MMB29P) AppleWebKit/537.36 (KHTML, like Gecko) Chrome/137.0.7151.103 Mobile Safari/537.36 (compatible; Googlebot/2.1; +http://www.google.com/bot.html)"
66.249.65.37 - - [12/Jul/2025:16:34:11 +0000] "POST /get-message-notify HTTP/1.1" 200 21857 "https://kraft-court.cafe/?x=5714691001800&mod=333cb763&uri=product.php%3Fid%3D190822-334%26name%3Dhisoka+watch" "Mozilla/5.0 (Linux; Android 6.0.1; Nexus 5X Build/MMB29P) AppleWebKit/537.36 (KHTML, like Gecko) Chrome/137.0.7151.119 Mobile Safari/537.36 (compatible; Googlebot/2.1; +http://www.google.com/bot.html)"
66.249.65.36 - - [12/Jul/2025:16:34:28 +0000] "GET /?x=5763417041800&mod=97108695&uri=product.php%3Fid%3D192467-335%26name%3Dswitch+lite+cat+case HTTP/1.1" 200 22046 "-" "Mozilla/5.0 (Linux; Android 6.0.1; Nexus 5X Build/MMB29P) AppleWebKit/537.36 (KHTML, like Gecko) Chrome/137.0.7151.103 Mobile Safari/537.36 (compatible; Googlebot/2.1; +http://www.google.com/bot.html)"
66.249.65.35 - - [12/Jul/2025:16:34:55 +0000] "POST /get-message-notify HTTP/1.1" 200 21872 "https://kraft-court.cafe/?x=5763417041800&mod=97108695&uri=product.php%3Fid%3D192467-335%26name%3Dswitch+lite+cat+case" "Mozilla/5.0 (Linux; Android 6.0.1; Nexus 5X Build/MMB29P) AppleWebKit/537.36 (KHTML, like Gecko) Chrome/137.0.7151.119 Mobile Safari/537.36 (compatible; Googlebot/2.1; +http://www.google.com/bot.html)"
66.249.65.35 - - [12/Jul/2025:16:34:56 +0000] "GET /?x=5609474011800&mod=e94fe9ac&uri=brands.php%3Fid%3D187279-332%26name%3Dchicken+hololive HTTP/1.1" 200 22445 "-" "Mozilla/5.0 (Linux; Android 6.0.1; Nexus 5X Build/MMB29P) AppleWebKit/537.36 (KHTML, like Gecko) Chrome/137.0.7151.103 Mobile Safari/537.36 (compatible; Googlebot/2.1; +http://www.google.com/bot.html)"
66.249.65.35 - - [12/Jul/2025:16:34:58 +0000] "POST /get-message-notify HTTP/1.1" 200 21861 "https://kraft-court.cafe/?x=5609474011800&mod=e94fe9ac&uri=brands.php%3Fid%3D187279-332%26name%3Dchicken+hololive" "Mozilla/5.0 (Linux; Android 6.0.1; Nexus 5X Build/MMB29P) AppleWebKit/537.36 (KHTML, like Gecko) Chrome/137.0.7151.119 Mobile Safari/537.36 (compatible; Googlebot/2.1; +http://www.google.com/bot.html)"
66.249.65.37 - - [12/Jul/2025:16:35:02 +0000] "GET /?x=5759007041800&mod=97108695&uri=us.php%3Fid%3D192320-335%26name%3Dwashing+machine+plastic+tub HTTP/1.1" 200 22334 "-" "Mozilla/5.0 (Linux; Android 6.0.1; Nexus 5X Build/MMB29P) AppleWebKit/537.36 (KHTML, like Gecko) Chrome/137.0.7151.103 Mobile Safari/537.36 (compatible; Googlebot/2.1; +http://www.google.com/bot.html)"
66.249.65.35 - - [12/Jul/2025:16:35:05 +0000] "POST /get-message-notify HTTP/1.1" 200 21858 "https://kraft-court.cafe/?x=5759007041800&mod=97108695&uri=us.php%3Fid%3D192320-335%26name%3Dwashing+machine+plastic+tub" "Mozilla/5.0 (Linux; Android 6.0.1; Nexus 5X Build/MMB29P) AppleWebKit/537.36 (KHTML, like Gecko) Chrome/137.0.7151.119 Mobile Safari/537.36 (compatible; Googlebot/2.1; +http://www.google.com/bot.html)"
66.249.65.36 - - [12/Jul/2025:16:35:56 +0000] "GET /?x=5944691001800&mod=c5bbd980&uri=news.php%3Fid%3D198515-344%26name%3Dunderground+shoes+shop HTTP/1.1" 200 22372 "-" "Mozilla/5.0 (Linux; Android 6.0.1; Nexus 5X Build/MMB29P) AppleWebKit/537.36 (KHTML, like Gecko) Chrome/137.0.7151.103 Mobile Safari/537.36 (compatible; Googlebot/2.1; +http://www.google.com/bot.html)"
66.249.65.36 - - [12/Jul/2025:16:36:00 +0000] "GET /?x=5799968041800&mod=165a59f7&uri=form.php%3Fid%3D193686-336%26name%3Dborse+online+michael+kors HTTP/1.1" 200 21128 "-" "Mozilla/5.0 (Linux; Android 6.0.1; Nexus 5X Build/MMB29P) AppleWebKit/537.36 (KHTML, like Gecko) Chrome/137.0.7151.103 Mobile Safari/537.36 (compatible; Googlebot/2.1; +http://www.google.com/bot.html)"
66.249.65.35 - - [12/Jul/2025:16:36:10 +0000] "POST /get-message-notify HTTP/1.1" 200 21874 "https://kraft-court.cafe/?x=5944691001800&mod=c5bbd980&uri=news.php%3Fid%3D198515-344%26name%3Dunderground+shoes+shop" "Mozilla/5.0 (Linux; Android 6.0.1; Nexus 5X Build/MMB29P) AppleWebKit/537.36 (KHTML, like Gecko) Chrome/137.0.7151.119 Mobile Safari/537.36 (compatible; Googlebot/2.1; +http://www.google.com/bot.html)"
66.249.65.35 - - [12/Jul/2025:16:36:15 +0000] "GET /?x=77833743101800&mod=76460865&uri=goods.php%3Fid%3D2597402-986%26name%3Dddr3+msi+motherboard HTTP/1.1" 200 20611 "-" "Mozilla/5.0 (Linux; Android 6.0.1; Nexus 5X Build/MMB29P) AppleWebKit/537.36 (KHTML, like Gecko) Chrome/137.0.7151.103 Mobile Safari/537.36 (compatible; Googlebot/2.1; +http://www.google.com/bot.html)"
66.249.65.35 - - [12/Jul/2025:16:36:18 +0000] "POST /get-message-notify HTTP/1.1" 200 21862 "https://kraft-court.cafe/?x=77833743101800&mod=76460865&uri=goods.php%3Fid%3D2597402-986%26name%3Dddr3+msi+motherboard" "Mozilla/5.0 (Linux; Android 6.0.1; Nexus 5X Build/MMB29P) AppleWebKit/537.36 (KHTML, like Gecko) Chrome/137.0.7151.119 Mobile Safari/537.36 (compatible; Googlebot/2.1; +http://www.google.com/bot.html)"
66.249.65.35 - - [12/Jul/2025:16:36:22 +0000] "GET /?x=6066796051800&mod=fd9dcf1d&uri=form.php%3Fid%3D202593-349%26name%3Dle+plaque+or+change+t+il+de+couleur HTTP/1.1" 200 21931 "-" "Mozilla/5.0 (Linux; Android 6.0.1; Nexus 5X Build/MMB29P) AppleWebKit/537.36 (KHTML, like Gecko) Chrome/137.0.7151.103 Mobile Safari/537.36 (compatible; Googlebot/2.1; +http://www.google.com/bot.html)"
106.78.79.144 - - [12/Jul/2025:16:36:34 +0000] "GET /?x=86763847141800&mod=e94fe9ac&uri=itm.php%3Fid%3D2895438-332%26name%3Dyeh+rishta+kya+kehlata+hai+24+december+2012 HTTP/1.1" 200 195 "https://www.google.com/" "Mozilla/5.0 (Linux; Android 10; K) AppleWebKit/537.36 (KHTML, like Gecko) SamsungBrowser/28.0 Chrome/130.0.0.0 Mobile Safari/537.36"
66.249.65.35 - - [12/Jul/2025:16:37:15 +0000] "GET /?x=5758377051800&mod=97108695&uri=info.php%3Fid%3D192299-335%26name%3Dstarting+fortnite+on+switch HTTP/1.1" 200 22504 "-" "Mozilla/5.0 (Linux; Android 6.0.1; Nexus 5X Build/MMB29P) AppleWebKit/537.36 (KHTML, like Gecko) Chrome/137.0.7151.103 Mobile Safari/537.36 (compatible; Googlebot/2.1; +http://www.google.com/bot.html)"
66.249.65.36 - - [12/Jul/2025:16:37:38 +0000] "GET /?x=5811518071800&mod=165a59f7&uri=news.php%3Fid%3D194071-336%26name%3Dborse+stoffa+stampate HTTP/1.1" 200 21440 "-" "Mozilla/5.0 (Linux; Android 6.0.1; Nexus 5X Build/MMB29P) AppleWebKit/537.36 (KHTML, like Gecko) Chrome/137.0.7151.103 Mobile Safari/537.36 (compatible; Googlebot/2.1; +http://www.google.com/bot.html)"
66.249.65.35 - - [12/Jul/2025:16:37:49 +0000] "GET /?x=5576502041800&mod=831b1ac5&uri=pin.php%3Fid%3D186165-331%26name%3Djoyride+run+flyknit+women%27s HTTP/1.1" 200 21674 "-" "Mozilla/5.0 (Linux; Android 6.0.1; Nexus 5X Build/MMB29P) AppleWebKit/537.36 (KHTML, like Gecko) Chrome/137.0.7151.103 Mobile Safari/537.36 (compatible; Googlebot/2.1; +http://www.google.com/bot.html)"
66.249.65.35 - - [12/Jul/2025:16:37:59 +0000] "GET /?x=86487825011800&mod=03fa2f75&uri=news.php%3Fid%3D2886231-270%26name%3Dlenovo+pen+amazon HTTP/1.1" 200 21868 "-" "Mozilla/5.0 (Linux; Android 6.0.1; Nexus 5X Build/MMB29P) AppleWebKit/537.36 (KHTML, like Gecko) Chrome/137.0.7151.103 Mobile Safari/537.36 (compatible; Googlebot/2.1; +http://www.google.com/bot.html)"
66.249.65.35 - - [12/Jul/2025:16:38:09 +0000] "POST /get-message-notify HTTP/1.1" 200 21858 "https://kraft-court.cafe/?x=86487825011800&mod=03fa2f75&uri=news.php%3Fid%3D2886231-270%26name%3Dlenovo+pen+amazon" "Mozilla/5.0 (Linux; Android 6.0.1; Nexus 5X Build/MMB29P) AppleWebKit/537.36 (KHTML, like Gecko) Chrome/137.0.7151.119 Mobile Safari/537.36 (compatible; Googlebot/2.1; +http://www.google.com/bot.html)"
66.249.65.35 - - [12/Jul/2025:16:38:13 +0000] "GET /?x=5730861131800&mod=333cb763&uri=category-info.php%3Fid%3D191380-334%26name%3Dnaagin+voot+show HTTP/1.1" 200 22531 "-" "Mozilla/5.0 (Linux; Android 6.0.1; Nexus 5X Build/MMB29P) AppleWebKit/537.36 (KHTML, like Gecko) Chrome/137.0.7151.103 Mobile Safari/537.36 (compatible; Googlebot/2.1; +http://www.google.com/bot.html)"
66.249.65.35 - - [12/Jul/2025:16:38:28 +0000] "GET /?x=5669541021800&mod=dc6a7e65&uri=itm.php%3Fid%3D189305-308%26name%3Dsoft+green+sweatshirt HTTP/1.1" 200 21893 "-" "Mozilla/5.0 (Linux; Android 6.0.1; Nexus 5X Build/MMB29P) AppleWebKit/537.36 (KHTML, like Gecko) Chrome/137.0.7151.103 Mobile Safari/537.36 (compatible; Googlebot/2.1; +http://www.google.com/bot.html)"
66.249.65.35 - - [12/Jul/2025:16:38:31 +0000] "GET /?x=47498975061800&mod=1e056d2b&uri=itm.php%3Fid%3D1585154-91%26name%3Dsecond+hand+scooty+under+20000+near+me HTTP/1.1" 200 21660 "-" "Mozilla/5.0 (Linux; Android 6.0.1; Nexus 5X Build/MMB29P) AppleWebKit/537.36 (KHTML, like Gecko) Chrome/137.0.7151.103 Mobile Safari/537.36 (compatible; Googlebot/2.1; +http://www.google.com/bot.html)"
66.249.65.35 - - [12/Jul/2025:16:38:47 +0000] "POST /get-message-notify HTTP/1.1" 200 21869 "https://kraft-court.cafe/?x=47498975061800&mod=1e056d2b&uri=itm.php%3Fid%3D1585154-91%26name%3Dsecond+hand+scooty+under+20000+near+me" "Mozilla/5.0 (Linux; Android 6.0.1; Nexus 5X Build/MMB29P) AppleWebKit/537.36 (KHTML, like Gecko) Chrome/137.0.7151.119 Mobile Safari/537.36 (compatible; Googlebot/2.1; +http://www.google.com/bot.html)"
66.249.65.35 - - [12/Jul/2025:16:39:02 +0000] "GET /?x=34570129091800&mod=73c14008&uri=us.php%3Fid%3D1153835-408%26name%3Dladies+white+christmas+jumpers HTTP/1.1" 200 21780 "-" "Mozilla/5.0 (Linux; Android 6.0.1; Nexus 5X Build/MMB29P) AppleWebKit/537.36 (KHTML, like Gecko) Chrome/137.0.7151.103 Mobile Safari/537.36 (compatible; Googlebot/2.1; +http://www.google.com/bot.html)"
66.249.65.35 - - [12/Jul/2025:16:39:10 +0000] "POST /get-message-notify HTTP/1.1" 200 21873 "https://kraft-court.cafe/?x=34570129091800&mod=73c14008&uri=us.php%3Fid%3D1153835-408%26name%3Dladies+white+christmas+jumpers" "Mozilla/5.0 (Linux; Android 6.0.1; Nexus 5X Build/MMB29P) AppleWebKit/537.36 (KHTML, like Gecko) Chrome/137.0.7151.119 Mobile Safari/537.36 (compatible; Googlebot/2.1; +http://www.google.com/bot.html)"
66.249.65.35 - - [12/Jul/2025:16:39:29 +0000] "GET /?x=5671701011800&mod=dc6a7e65&uri=products.php%3Fid%3D189377-308%26name%3Dbt21+hoodie+bershka HTTP/1.1" 200 22153 "-" "Mozilla/5.0 (Linux; Android 6.0.1; Nexus 5X Build/MMB29P) AppleWebKit/537.36 (KHTML, like Gecko) Chrome/137.0.7151.103 Mobile Safari/537.36 (compatible; Googlebot/2.1; +http://www.google.com/bot.html)"
66.249.65.35 - - [12/Jul/2025:16:39:29 +0000] "GET /?x=6081129011800&mod=fd9dcf1d&uri=category-info.php%3Fid%3D203071-349%26name%3Dcollier+grosse+maille+acier+inoxydable HTTP/1.1" 200 21342 "-" "Mozilla/5.0 (Linux; Android 6.0.1; Nexus 5X Build/MMB29P) AppleWebKit/537.36 (KHTML, like Gecko) Chrome/137.0.7151.103 Mobile Safari/537.36 (compatible; Googlebot/2.1; +http://www.google.com/bot.html)"
209.74.77.214 - - [12/Jul/2025:16:39:33 +0000] "POST /wp-cron.php?doing_wp_cron=1752338373.5482199192047119140625 HTTP/1.1" 200 - "-" "WordPress/6.8.1; https://kraft-court.cafe"
51.222.253.9 - - [12/Jul/2025:16:39:32 +0000] "GET /?x=13383776031800&mod=e5ae7b1f&uri=category-info.php%3Fid%3D446849-597%26name%3Dwhat+is+the+best+way+to+dry+shoes HTTP/1.1" 301 - "-" "Mozilla/5.0 (compatible; AhrefsBot/7.0; +http://ahrefs.com/robot/)"
66.249.65.35 - - [12/Jul/2025:16:39:35 +0000] "GET /?x=5967575001800&mod=c5bbd980&uri=search.php%3Fid%3D199278-344%26name%3Dunder+armour+qualifier+speedpocket+womens HTTP/1.1" 200 21977 "-" "Mozilla/5.0 (Linux; Android 6.0.1; Nexus 5X Build/MMB29P) AppleWebKit/537.36 (KHTML, like Gecko) Chrome/137.0.7151.103 Mobile Safari/537.36 (compatible; Googlebot/2.1; +http://www.google.com/bot.html)"
66.249.65.37 - - [12/Jul/2025:16:40:27 +0000] "GET /?x=5875188051800&mod=d594b1a9&uri=shared.php%3Fid%3D196197-341%26name%3Dextractor+de+frutas+phillips HTTP/1.1" 200 22375 "-" "Mozilla/5.0 (Linux; Android 6.0.1; Nexus 5X Build/MMB29P) AppleWebKit/537.36 (KHTML, like Gecko) Chrome/137.0.7151.103 Mobile Safari/537.36 (compatible; Googlebot/2.1; +http://www.google.com/bot.html)"
66.249.65.35 - - [12/Jul/2025:16:40:50 +0000] "GET /?x=5996110021800&mod=c4b43ae0&uri=brands.php%3Fid%3D200232-330%26name%3Dsabiki+reel HTTP/1.1" 200 22223 "-" "Mozilla/5.0 (Linux; Android 6.0.1; Nexus 5X Build/MMB29P) AppleWebKit/537.36 (KHTML, like Gecko) Chrome/137.0.7151.103 Mobile Safari/537.36 (compatible; Googlebot/2.1; +http://www.google.com/bot.html)"
66.249.65.36 - - [12/Jul/2025:16:41:00 +0000] "GET /?x=5899284051800&mod=29921001&uri=blog.php%3Fid%3D197001-155%26name%3Ddb+technologies+powered+speakers HTTP/1.1" 200 21509 "-" "Mozilla/5.0 (Linux; Android 6.0.1; Nexus 5X Build/MMB29P) AppleWebKit/537.36 (KHTML, like Gecko) Chrome/137.0.7151.103 Mobile Safari/537.36 (compatible; Googlebot/2.1; +http://www.google.com/bot.html)"
66.249.65.36 - - [12/Jul/2025:16:41:09 +0000] "GET /?x=5842731101800&mod=621fbd17&uri=product.php%3Fid%3D195113-338%26name%3Dzapatos+under+armour+para+mujer+xl HTTP/1.1" 200 21653 "-" "Mozilla/5.0 (Linux; Android 6.0.1; Nexus 5X Build/MMB29P) AppleWebKit/537.36 (KHTML, like Gecko) Chrome/137.0.7151.103 Mobile Safari/537.36 (compatible; Googlebot/2.1; +http://www.google.com/bot.html)"
66.249.65.35 - - [12/Jul/2025:16:41:43 +0000] "GET /?x=34824466021800&mod=91394d0f&uri=products.php%3Fid%3D1162320-739%26name%3Ddesign+a+pair+of+sunglasses HTTP/1.1" 200 21609 "-" "Mozilla/5.0 (Linux; Android 6.0.1; Nexus 5X Build/MMB29P) AppleWebKit/537.36 (KHTML, like Gecko) Chrome/137.0.7151.103 Mobile Safari/537.36 (compatible; Googlebot/2.1; +http://www.google.com/bot.html)"
66.249.65.36 - - [12/Jul/2025:16:42:04 +0000] "GET /?x=31639898041800&mod=ffbd6cbb&uri=news.php%3Fid%3D1056025-310%26name%3Damd+6800t HTTP/1.1" 200 22432 "-" "Mozilla/5.0 (Linux; Android 6.0.1; Nexus 5X Build/MMB29P) AppleWebKit/537.36 (KHTML, like Gecko) Chrome/137.0.7151.103 Mobile Safari/537.36 (compatible; Googlebot/2.1; +http://www.google.com/bot.html)"
66.249.65.37 - - [12/Jul/2025:16:42:07 +0000] "POST /get-message-notify HTTP/1.1" 200 21859 "https://kraft-court.cafe/?x=31639898041800&mod=ffbd6cbb&uri=news.php%3Fid%3D1056025-310%26name%3Damd+6800t" "Mozilla/5.0 (Linux; Android 6.0.1; Nexus 5X Build/MMB29P) AppleWebKit/537.36 (KHTML, like Gecko) Chrome/137.0.7151.119 Mobile Safari/537.36 (compatible; Googlebot/2.1; +http://www.google.com/bot.html)"
66.249.65.35 - - [12/Jul/2025:16:42:09 +0000] "GET /?x=5878955031800&mod=29921001&uri=blog.php%3Fid%3D196323-155%26name%3Dbassbin+speakers HTTP/1.1" 200 21787 "-" "Mozilla/5.0 (Linux; Android 6.0.1; Nexus 5X Build/MMB29P) AppleWebKit/537.36 (KHTML, like Gecko) Chrome/137.0.7151.103 Mobile Safari/537.36 (compatible; Googlebot/2.1; +http://www.google.com/bot.html)"
66.249.65.35 - - [12/Jul/2025:16:42:19 +0000] "GET /?x=5932301031800&mod=4500e403&uri=search.php%3Fid%3D198102-342%26name%3Dwalmart+bouncy+chair HTTP/1.1" 200 22146 "-" "Mozilla/5.0 (Linux; Android 6.0.1; Nexus 5X Build/MMB29P) AppleWebKit/537.36 (KHTML, like Gecko) Chrome/137.0.7151.103 Mobile Safari/537.36 (compatible; Googlebot/2.1; +http://www.google.com/bot.html)"
66.249.65.35 - - [12/Jul/2025:16:42:22 +0000] "POST /get-message-notify HTTP/1.1" 200 21873 "https://kraft-court.cafe/?x=5932301031800&mod=4500e403&uri=search.php%3Fid%3D198102-342%26name%3Dwalmart+bouncy+chair" "Mozilla/5.0 (Linux; Android 6.0.1; Nexus 5X Build/MMB29P) AppleWebKit/537.36 (KHTML, like Gecko) Chrome/137.0.7151.119 Mobile Safari/537.36 (compatible; Googlebot/2.1; +http://www.google.com/bot.html)"
66.249.65.35 - - [12/Jul/2025:16:42:30 +0000] "GET /?x=79090919051800&mod=2ab56412&uri=info.php%3Fid%3D2639364-97%26name%3Dsmall+shoulderbag HTTP/1.1" 200 21508 "-" "Mozilla/5.0 (Linux; Android 6.0.1; Nexus 5X Build/MMB29P) AppleWebKit/537.36 (KHTML, like Gecko) Chrome/137.0.7151.103 Mobile Safari/537.36 (compatible; Googlebot/2.1; +http://www.google.com/bot.html)"
66.249.65.35 - - [12/Jul/2025:16:43:08 +0000] "GET /?x=5970815081800&mod=d3a7f48c&uri=shop.php%3Fid%3D199386-208%26name%3Dhasselblad+hd HTTP/1.1" 200 21757 "-" "Mozilla/5.0 (Linux; Android 6.0.1; Nexus 5X Build/MMB29P) AppleWebKit/537.36 (KHTML, like Gecko) Chrome/137.0.7151.103 Mobile Safari/537.36 (compatible; Googlebot/2.1; +http://www.google.com/bot.html)"
66.249.65.37 - - [12/Jul/2025:16:43:08 +0000] "GET /?x=5856221081800&mod=d594b1a9&uri=us.php%3Fid%3D195563-341%26name%3Dprecio+calvin+klein+obsession HTTP/1.1" 200 21757 "-" "Mozilla/5.0 (Linux; Android 6.0.1; Nexus 5X Build/MMB29P) AppleWebKit/537.36 (KHTML, like Gecko) Chrome/137.0.7151.103 Mobile Safari/537.36 (compatible; Googlebot/2.1; +http://www.google.com/bot.html)"
66.249.65.36 - - [12/Jul/2025:16:43:47 +0000] "GET /?x=119715613091800&mod=faefec47&uri=dp.php%3Fid%3D3995274-539%26name%3Dwhere+can+i+buy+air+pods HTTP/1.1" 200 21227 "-" "Mozilla/5.0 (Linux; Android 6.0.1; Nexus 5X Build/MMB29P) AppleWebKit/537.36 (KHTML, like Gecko) Chrome/137.0.7151.103 Mobile Safari/537.36 (compatible; Googlebot/2.1; +http://www.google.com/bot.html)"
66.249.65.36 - - [12/Jul/2025:16:43:49 +0000] "GET /?x=47557960011800&mod=b7b16ecf&uri=pin.php%3Fid%3D1587121-39%26name%3Dfront+porch+rockers HTTP/1.1" 200 22438 "-" "Mozilla/5.0 (Linux; Android 6.0.1; Nexus 5X Build/MMB29P) AppleWebKit/537.36 (KHTML, like Gecko) Chrome/137.0.7151.103 Mobile Safari/537.36 (compatible; Googlebot/2.1; +http://www.google.com/bot.html)"
66.249.65.35 - - [12/Jul/2025:16:43:54 +0000] "GET /?x=5569204021800&mod=cd3afef9&uri=blog.php%3Fid%3D185920-220%26name%3Ddress+shorts+and+blazer HTTP/1.1" 200 22397 "-" "Mozilla/5.0 (Linux; Android 6.0.1; Nexus 5X Build/MMB29P) AppleWebKit/537.36 (KHTML, like Gecko) Chrome/137.0.7151.103 Mobile Safari/537.36 (compatible; Googlebot/2.1; +http://www.google.com/bot.html)"
66.249.65.35 - - [12/Jul/2025:16:44:23 +0000] "POST /get-message-notify HTTP/1.1" 200 21855 "https://kraft-court.cafe/?x=5569204021800&mod=cd3afef9&uri=blog.php%3Fid%3D185920-220%26name%3Ddress+shorts+and+blazer" "Mozilla/5.0 (Linux; Android 6.0.1; Nexus 5X Build/MMB29P) AppleWebKit/537.36 (KHTML, like Gecko) Chrome/137.0.7151.119 Mobile Safari/537.36 (compatible; Googlebot/2.1; +http://www.google.com/bot.html)"
66.249.65.36 - - [12/Jul/2025:16:44:33 +0000] "GET /?x=5842941021800&mod=621fbd17&uri=article.php%3Fid%3D195120-338%26name%3Dzapatos+futbol+puma+king+classic+segunda+mano HTTP/1.1" 200 21772 "-" "Mozilla/5.0 (Linux; Android 6.0.1; Nexus 5X Build/MMB29P) AppleWebKit/537.36 (KHTML, like Gecko) Chrome/137.0.7151.103 Mobile Safari/537.36 (compatible; Googlebot/2.1; +http://www.google.com/bot.html)"
66.249.65.35 - - [12/Jul/2025:16:44:33 +0000] "GET /?x=5928221071800&mod=4500e403&uri=brands.php%3Fid%3D197966-342%26name%3Dfisher+price+dth04 HTTP/1.1" 200 20586 "-" "Mozilla/5.0 (Linux; Android 6.0.1; Nexus 5X Build/MMB29P) AppleWebKit/537.36 (KHTML, like Gecko) Chrome/137.0.7151.103 Mobile Safari/537.36 (compatible; Googlebot/2.1; +http://www.google.com/bot.html)"
66.249.65.35 - - [12/Jul/2025:16:44:35 +0000] "POST /get-message-notify HTTP/1.1" 200 21863 "https://kraft-court.cafe/?x=5928221071800&mod=4500e403&uri=brands.php%3Fid%3D197966-342%26name%3Dfisher+price+dth04" "Mozilla/5.0 (Linux; Android 6.0.1; Nexus 5X Build/MMB29P) AppleWebKit/537.36 (KHTML, like Gecko) Chrome/137.0.7151.119 Mobile Safari/537.36 (compatible; Googlebot/2.1; +http://www.google.com/bot.html)"
209.74.77.214 - - [12/Jul/2025:16:45:15 +0000] "POST /wp-cron.php?doing_wp_cron=1752338715.3056750297546386718750 HTTP/1.1" 200 - "-" "WordPress/6.8.1; https://kraft-court.cafe"
51.222.253.9 - - [12/Jul/2025:16:45:14 +0000] "GET /?x=15398545011800&mod=eb21cc01&uri=shop.php%3Fid%3D514080-630%26name%3Dhouse+party+outfits+2018 HTTP/1.1" 301 - "-" "Mozilla/5.0 (compatible; AhrefsBot/7.0; +http://ahrefs.com/robot/)"
66.249.65.35 - - [12/Jul/2025:16:45:19 +0000] "GET /?x=111122101021800&mod=2de7cf20&uri=products.php%3Fid%3D3708495-333%26name%3Dsilver+chain+ankle+bracelets HTTP/1.1" 200 21391 "-" "Mozilla/5.0 (Linux; Android 6.0.1; Nexus 5X Build/MMB29P) AppleWebKit/537.36 (KHTML, like Gecko) Chrome/137.0.7151.103 Mobile Safari/537.36 (compatible; Googlebot/2.1; +http://www.google.com/bot.html)"
66.249.65.35 - - [12/Jul/2025:16:45:28 +0000] "GET /?x=5946551141800&mod=c5bbd980&uri=product.php%3Fid%3D198577-344%26name%3Dlondon+rebel+wide+fit HTTP/1.1" 200 21538 "-" "Mozilla/5.0 (Linux; Android 6.0.1; Nexus 5X Build/MMB29P) AppleWebKit/537.36 (KHTML, like Gecko) Chrome/137.0.7151.103 Mobile Safari/537.36 (compatible; Googlebot/2.1; +http://www.google.com/bot.html)"
66.249.65.35 - - [12/Jul/2025:16:45:39 +0000] "GET /?x=5901341001800&mod=29921001&uri=news.php%3Fid%3D197070-155%26name%3Djbl+flip+olx HTTP/1.1" 200 21521 "-" "Mozilla/5.0 (Linux; Android 6.0.1; Nexus 5X Build/MMB29P) AppleWebKit/537.36 (KHTML, like Gecko) Chrome/137.0.7151.103 Mobile Safari/537.36 (compatible; Googlebot/2.1; +http://www.google.com/bot.html)"
66.249.65.35 - - [12/Jul/2025:16:45:40 +0000] "GET /?x=5574844001800&mod=831b1ac5&uri=blog.php%3Fid%3D186109-331%26name%3Dnike+with+beads+in+the+heel HTTP/1.1" 200 21556 "-" "Mozilla/5.0 (Linux; Android 6.0.1; Nexus 5X Build/MMB29P) AppleWebKit/537.36 (KHTML, like Gecko) Chrome/137.0.7151.103 Mobile Safari/537.36 (compatible; Googlebot/2.1; +http://www.google.com/bot.html)"
66.249.65.35 - - [12/Jul/2025:16:45:43 +0000] "POST /get-message-notify HTTP/1.1" 200 21856 "https://kraft-court.cafe/?x=5574844001800&mod=831b1ac5&uri=blog.php%3Fid%3D186109-331%26name%3Dnike+with+beads+in+the+heel" "Mozilla/5.0 (Linux; Android 6.0.1; Nexus 5X Build/MMB29P) AppleWebKit/537.36 (KHTML, like Gecko) Chrome/137.0.7151.119 Mobile Safari/537.36 (compatible; Googlebot/2.1; +http://www.google.com/bot.html)"
66.249.65.35 - - [12/Jul/2025:16:45:46 +0000] "GET /?x=5720541041800&mod=333cb763&uri=goods.php%3Fid%3D191024-334%26name%3Dtune+in+for+love+eng+sub HTTP/1.1" 200 22259 "-" "Mozilla/5.0 (Linux; Android 6.0.1; Nexus 5X Build/MMB29P) AppleWebKit/537.36 (KHTML, like Gecko) Chrome/137.0.7151.103 Mobile Safari/537.36 (compatible; Googlebot/2.1; +http://www.google.com/bot.html)"
66.249.65.36 - - [12/Jul/2025:16:46:06 +0000] "GET /?x=34679099001800&mod=1651cf0d&uri=news.php%3Fid%3D1157468-43%26name%3Dvert+criquet+kelly HTTP/1.1" 200 22454 "-" "Mozilla/5.0 (Linux; Android 6.0.1; Nexus 5X Build/MMB29P) AppleWebKit/537.36 (KHTML, like Gecko) Chrome/137.0.7151.103 Mobile Safari/537.36 (compatible; Googlebot/2.1; +http://www.google.com/bot.html)"
66.249.65.35 - - [12/Jul/2025:16:46:20 +0000] "GET /?x=6071531111800&mod=fd9dcf1d&uri=us.php%3Fid%3D202751-349%26name%3Dgourmette+arbre+de+vie HTTP/1.1" 200 21373 "-" "Mozilla/5.0 (Linux; Android 6.0.1; Nexus 5X Build/MMB29P) AppleWebKit/537.36 (KHTML, like Gecko) Chrome/137.0.7151.103 Mobile Safari/537.36 (compatible; Googlebot/2.1; +http://www.google.com/bot.html)"
66.249.65.35 - - [12/Jul/2025:16:46:49 +0000] "GET /?x=77832573011800&mod=76460865&uri=pin.php%3Fid%3D2597363-986%26name%3Dryzen+2600+rx+5700 HTTP/1.1" 200 22245 "-" "Mozilla/5.0 (Linux; Android 6.0.1; Nexus 5X Build/MMB29P) AppleWebKit/537.36 (KHTML, like Gecko) Chrome/137.0.7151.103 Mobile Safari/537.36 (compatible; Googlebot/2.1; +http://www.google.com/bot.html)"
66.249.65.35 - - [12/Jul/2025:16:46:53 +0000] "GET /?x=5802038031800&mod=165a59f7&uri=form.php%3Fid%3D193755-336%26name%3Drafia+naturale+per+borse+uncinetto HTTP/1.1" 200 20770 "-" "Mozilla/5.0 (Linux; Android 6.0.1; Nexus 5X Build/MMB29P) AppleWebKit/537.36 (KHTML, like Gecko) Chrome/137.0.7151.103 Mobile Safari/537.36 (compatible; Googlebot/2.1; +http://www.google.com/bot.html)"
66.249.65.35 - - [12/Jul/2025:16:46:59 +0000] "GET /?x=5713775001800&mod=333cb763&uri=goods.php%3Fid%3D190790-334%26name%3Dhaikyuu+stage+play+watch HTTP/1.1" 200 21662 "-" "Mozilla/5.0 (Linux; Android 6.0.1; Nexus 5X Build/MMB29P) AppleWebKit/537.36 (KHTML, like Gecko) Chrome/137.0.7151.103 Mobile Safari/537.36 (compatible; Googlebot/2.1; +http://www.google.com/bot.html)"
66.249.65.35 - - [12/Jul/2025:16:47:21 +0000] "GET /?x=5928281041800&mod=4500e403&uri=category-info.php%3Fid%3D197968-342%26name%3Damazon+baby+bouncy+chair HTTP/1.1" 200 21963 "-" "Mozilla/5.0 (Linux; Android 6.0.1; Nexus 5X Build/MMB29P) AppleWebKit/537.36 (KHTML, like Gecko) Chrome/137.0.7151.103 Mobile Safari/537.36 (compatible; Googlebot/2.1; +http://www.google.com/bot.html)"
66.249.65.36 - - [12/Jul/2025:16:47:36 +0000] "GET /?x=47536960021800&mod=0d2922ee&uri=info.php%3Fid%3D1586421-1246%26name%3Dleather+dress+puff+sleeve HTTP/1.1" 200 21992 "-" "Mozilla/5.0 (Linux; Android 6.0.1; Nexus 5X Build/MMB29P) AppleWebKit/537.36 (KHTML, like Gecko) Chrome/137.0.7151.103 Mobile Safari/537.36 (compatible; Googlebot/2.1; +http://www.google.com/bot.html)"
66.249.65.35 - - [12/Jul/2025:16:47:51 +0000] "GET /?x=5882135011800&mod=29921001&uri=itm.php%3Fid%3D196429-155%26name%3Davatar+hellatone HTTP/1.1" 200 21860 "-" "Mozilla/5.0 (Linux; Android 6.0.1; Nexus 5X Build/MMB29P) AppleWebKit/537.36 (KHTML, like Gecko) Chrome/137.0.7151.103 Mobile Safari/537.36 (compatible; Googlebot/2.1; +http://www.google.com/bot.html)"
66.249.65.35 - - [12/Jul/2025:16:47:51 +0000] "GET /?x=5730531031800&mod=333cb763&uri=us.php%3Fid%3D191369-334%26name%3Dblack+clover+filler HTTP/1.1" 200 22014 "-" "Mozilla/5.0 (Linux; Android 6.0.1; Nexus 5X Build/MMB29P) AppleWebKit/537.36 (KHTML, like Gecko) Chrome/137.0.7151.103 Mobile Safari/537.36 (compatible; Googlebot/2.1; +http://www.google.com/bot.html)"
66.249.65.36 - - [12/Jul/2025:16:48:07 +0000] "POST /get-message-notify HTTP/1.1" 200 21862 "https://kraft-court.cafe/?x=5882135011800&mod=29921001&uri=itm.php%3Fid%3D196429-155%26name%3Davatar+hellatone" "Mozilla/5.0 (Linux; Android 6.0.1; Nexus 5X Build/MMB29P) AppleWebKit/537.36 (KHTML, like Gecko) Chrome/137.0.7151.119 Mobile Safari/537.36 (compatible; Googlebot/2.1; +http://www.google.com/bot.html)"
66.249.65.36 - - [12/Jul/2025:16:48:21 +0000] "GET /?x=5603776051800&mod=e94fe9ac&uri=us.php%3Fid%3D187083-332%26name%3Dvishnuvardhan+new+songs HTTP/1.1" 200 21896 "-" "Mozilla/5.0 (Linux; Android 6.0.1; Nexus 5X Build/MMB29P) AppleWebKit/537.36 (KHTML, like Gecko) Chrome/137.0.7151.103 Mobile Safari/537.36 (compatible; Googlebot/2.1; +http://www.google.com/bot.html)"
66.249.65.35 - - [12/Jul/2025:16:48:25 +0000] "GET /?x=5679681091800&mod=dc6a7e65&uri=info.php%3Fid%3D189643-308%26name%3Dgadewake+sweatshirt HTTP/1.1" 200 21917 "-" "Mozilla/5.0 (Linux; Android 6.0.1; Nexus 5X Build/MMB29P) AppleWebKit/537.36 (KHTML, like Gecko) Chrome/137.0.7151.103 Mobile Safari/537.36 (compatible; Googlebot/2.1; +http://www.google.com/bot.html)"
66.249.65.35 - - [12/Jul/2025:16:48:29 +0000] "POST /get-message-notify HTTP/1.1" 200 21847 "https://kraft-court.cafe/?x=5679681091800&mod=dc6a7e65&uri=info.php%3Fid%3D189643-308%26name%3Dgadewake+sweatshirt" "Mozilla/5.0 (Linux; Android 6.0.1; Nexus 5X Build/MMB29P) AppleWebKit/537.36 (KHTML, like Gecko) Chrome/137.0.7151.119 Mobile Safari/537.36 (compatible; Googlebot/2.1; +http://www.google.com/bot.html)"
66.249.65.36 - - [12/Jul/2025:16:49:20 +0000] "GET /?x=5568664021800&mod=cd3afef9&uri=form.php%3Fid%3D185902-220%26name%3Dmini+dress+with+blazer HTTP/1.1" 200 22230 "-" "Mozilla/5.0 (Linux; Android 6.0.1; Nexus 5X Build/MMB29P) AppleWebKit/537.36 (KHTML, like Gecko) Chrome/137.0.7151.103 Mobile Safari/537.36 (compatible; Googlebot/2.1; +http://www.google.com/bot.html)"
66.249.65.36 - - [12/Jul/2025:16:49:20 +0000] "GET /?x=59620295011800&mod=2cb6b103&uri=products.php%3Fid%3D1989575-167%26name%3Dfourgon+am%C3%83%C2%A9nag%C3%83%C2%A9+volkswagen+westfalia HTTP/1.1" 200 21559 "-" "Mozilla/5.0 (Linux; Android 6.0.1; Nexus 5X Build/MMB29P) AppleWebKit/537.36 (KHTML, like Gecko) Chrome/137.0.7151.103 Mobile Safari/537.36 (compatible; Googlebot/2.1; +http://www.google.com/bot.html)"
66.249.65.36 - - [12/Jul/2025:16:49:20 +0000] "GET /?x=5986289041800&mod=e3ea3396&uri=shared.php%3Fid%3D199904-345%26name%3Dpantalones+de+nieve+baratos+mujer HTTP/1.1" 200 21278 "-" "Mozilla/5.0 (Linux; Android 6.0.1; Nexus 5X Build/MMB29P) AppleWebKit/537.36 (KHTML, like Gecko) Chrome/137.0.7151.103 Mobile Safari/537.36 (compatible; Googlebot/2.1; +http://www.google.com/bot.html)"
66.249.65.36 - - [12/Jul/2025:16:49:29 +0000] "GET /?x=5769147111800&mod=a8849b05&uri=brands.php%3Fid%3D192658-57%26name%3Dbest+bass+bluetooth+earphones+under+1000 HTTP/1.1" 200 22035 "-" "Mozilla/5.0 (Linux; Android 6.0.1; Nexus 5X Build/MMB29P) AppleWebKit/537.36 (KHTML, like Gecko) Chrome/137.0.7151.103 Mobile Safari/537.36 (compatible; Googlebot/2.1; +http://www.google.com/bot.html)"
66.249.65.35 - - [12/Jul/2025:16:49:30 +0000] "POST /get-message-notify HTTP/1.1" 200 21870 "https://kraft-court.cafe/?x=5986289041800&mod=e3ea3396&uri=shared.php%3Fid%3D199904-345%26name%3Dpantalones+de+nieve+baratos+mujer" "Mozilla/5.0 (Linux; Android 6.0.1; Nexus 5X Build/MMB29P) AppleWebKit/537.36 (KHTML, like Gecko) Chrome/137.0.7151.119 Mobile Safari/537.36 (compatible; Googlebot/2.1; +http://www.google.com/bot.html)"
66.249.65.35 - - [12/Jul/2025:16:49:55 +0000] "GET /?x=119718913001800&mod=faefec47&uri=blog.php%3Fid%3D3995384-539%26name%3Dfarm+expert+2019+nintendo+switch HTTP/1.1" 200 21120 "-" "Mozilla/5.0 (Linux; Android 6.0.1; Nexus 5X Build/MMB29P) AppleWebKit/537.36 (KHTML, like Gecko) Chrome/137.0.7151.103 Mobile Safari/537.36 (compatible; Googlebot/2.1; +http://www.google.com/bot.html)"
66.249.65.36 - - [12/Jul/2025:16:50:06 +0000] "POST /get-message-notify HTTP/1.1" 200 21870 "https://kraft-court.cafe/?x=119718913001800&mod=faefec47&uri=blog.php%3Fid%3D3995384-539%26name%3Dfarm+expert+2019+nintendo+switch" "Mozilla/5.0 (Linux; Android 6.0.1; Nexus 5X Build/MMB29P) AppleWebKit/537.36 (KHTML, like Gecko) Chrome/137.0.7151.119 Mobile Safari/537.36 (compatible; Googlebot/2.1; +http://www.google.com/bot.html)"
66.249.65.35 - - [12/Jul/2025:16:50:09 +0000] "GET /?x=5802428041800&mod=165a59f7&uri=news.php%3Fid%3D193768-336%26name%3Dzaino+gattinoni+rosso HTTP/1.1" 200 21350 "-" "Mozilla/5.0 (Linux; Android 6.0.1; Nexus 5X Build/MMB29P) AppleWebKit/537.36 (KHTML, like Gecko) Chrome/137.0.7151.103 Mobile Safari/537.36 (compatible; Googlebot/2.1; +http://www.google.com/bot.html)"
66.249.65.36 - - [12/Jul/2025:16:50:10 +0000] "GET /?x=5953541021800&mod=c5bbd980&uri=product.php%3Fid%3D198810-344%26name%3Dgrocery+run+online HTTP/1.1" 200 21441 "-" "Mozilla/5.0 (Linux; Android 6.0.1; Nexus 5X Build/MMB29P) AppleWebKit/537.36 (KHTML, like Gecko) Chrome/137.0.7151.103 Mobile Safari/537.36 (compatible; Googlebot/2.1; +http://www.google.com/bot.html)"
66.249.65.35 - - [12/Jul/2025:16:50:35 +0000] "GET /?x=5794568041800&mod=165a59f7&uri=goods.php%3Fid%3D193506-336%26name%3Dmiriade+borse+outlet+saldi HTTP/1.1" 200 21718 "-" "Mozilla/5.0 (Linux; Android 6.0.1; Nexus 5X Build/MMB29P) AppleWebKit/537.36 (KHTML, like Gecko) Chrome/137.0.7151.103 Mobile Safari/537.36 (compatible; Googlebot/2.1; +http://www.google.com/bot.html)"
66.249.65.35 - - [12/Jul/2025:16:50:38 +0000] "POST /get-message-notify HTTP/1.1" 200 21864 "https://kraft-court.cafe/?x=5953541021800&mod=c5bbd980&uri=product.php%3Fid%3D198810-344%26name%3Dgrocery+run+online" "Mozilla/5.0 (Linux; Android 6.0.1; Nexus 5X Build/MMB29P) AppleWebKit/537.36 (KHTML, like Gecko) Chrome/137.0.7151.119 Mobile Safari/537.36 (compatible; Googlebot/2.1; +http://www.google.com/bot.html)"
66.249.65.35 - - [12/Jul/2025:16:50:39 +0000] "POST /get-message-notify HTTP/1.1" 200 21864 "https://kraft-court.cafe/?x=5794568041800&mod=165a59f7&uri=goods.php%3Fid%3D193506-336%26name%3Dmiriade+borse+outlet+saldi" "Mozilla/5.0 (Linux; Android 6.0.1; Nexus 5X Build/MMB29P) AppleWebKit/537.36 (KHTML, like Gecko) Chrome/137.0.7151.119 Mobile Safari/537.36 (compatible; Googlebot/2.1; +http://www.google.com/bot.html)"
66.249.65.35 - - [12/Jul/2025:16:51:21 +0000] "GET /?x=47536600011800&mod=0d2922ee&uri=search.php%3Fid%3D1586409-1246%26name%3Dmens+skiing+bibs HTTP/1.1" 200 22148 "-" "Mozilla/5.0 (Linux; Android 6.0.1; Nexus 5X Build/MMB29P) AppleWebKit/537.36 (KHTML, like Gecko) Chrome/137.0.7151.103 Mobile Safari/537.36 (compatible; Googlebot/2.1; +http://www.google.com/bot.html)"
66.249.65.35 - - [12/Jul/2025:16:51:30 +0000] "GET /?x=6055475041800&mod=fd9dcf1d&uri=us.php%3Fid%3D202214-349%26name%3Dpolir+une+bague+en+argent HTTP/1.1" 200 22001 "-" "Mozilla/5.0 (Linux; Android 6.0.1; Nexus 5X Build/MMB29P) AppleWebKit/537.36 (KHTML, like Gecko) Chrome/137.0.7151.103 Mobile Safari/537.36 (compatible; Googlebot/2.1; +http://www.google.com/bot.html)"
66.249.65.35 - - [12/Jul/2025:16:51:31 +0000] "GET /?x=5729334001800&mod=333cb763&uri=blog.php%3Fid%3D191328-334%26name%3Dpadre+sandunguero+svu HTTP/1.1" 200 22670 "-" "Mozilla/5.0 (Linux; Android 6.0.1; Nexus 5X Build/MMB29P) AppleWebKit/537.36 (KHTML, like Gecko) Chrome/137.0.7151.103 Mobile Safari/537.36 (compatible; Googlebot/2.1; +http://www.google.com/bot.html)"
66.249.65.35 - - [12/Jul/2025:16:51:34 +0000] "POST /get-message-notify HTTP/1.1" 200 21865 "https://kraft-court.cafe/?x=5729334001800&mod=333cb763&uri=blog.php%3Fid%3D191328-334%26name%3Dpadre+sandunguero+svu" "Mozilla/5.0 (Linux; Android 6.0.1; Nexus 5X Build/MMB29P) AppleWebKit/537.36 (KHTML, like Gecko) Chrome/137.0.7151.119 Mobile Safari/537.36 (compatible; Googlebot/2.1; +http://www.google.com/bot.html)"
66.249.65.35 - - [12/Jul/2025:16:51:38 +0000] "GET /?x=5748987031800&mod=97108695&uri=brands.php%3Fid%3D191986-335%26name%3Djig+for+nintendo+switch HTTP/1.1" 200 21872 "-" "Mozilla/5.0 (Linux; Android 6.0.1; Nexus 5X Build/MMB29P) AppleWebKit/537.36 (KHTML, like Gecko) Chrome/137.0.7151.103 Mobile Safari/537.36 (compatible; Googlebot/2.1; +http://www.google.com/bot.html)"
66.249.65.35 - - [12/Jul/2025:16:51:42 +0000] "GET /?x=5901791011800&mod=29921001&uri=shared.php%3Fid%3D197085-155%26name%3Dpolk+signature+s55e HTTP/1.1" 200 22657 "-" "Mozilla/5.0 (Linux; Android 6.0.1; Nexus 5X Build/MMB29P) AppleWebKit/537.36 (KHTML, like Gecko) Chrome/137.0.7151.103 Mobile Safari/537.36 (compatible; Googlebot/2.1; +http://www.google.com/bot.html)"
66.249.65.35 - - [12/Jul/2025:16:52:27 +0000] "GET /?x=77835633031800&mod=76460865&uri=search.php%3Fid%3D2597465-986%26name%3Dryzen+2400g+gtx+1060+3gb HTTP/1.1" 200 21494 "-" "Mozilla/5.0 (Linux; Android 6.0.1; Nexus 5X Build/MMB29P) AppleWebKit/537.36 (KHTML, like Gecko) Chrome/137.0.7151.103 Mobile Safari/537.36 (compatible; Googlebot/2.1; +http://www.google.com/bot.html)"
66.249.65.37 - - [12/Jul/2025:16:52:27 +0000] "GET /?x=34574599011800&mod=ad68473a&uri=brands.php%3Fid%3D1153984-407%26name%3Ddenim+skirt+with+hoodie HTTP/1.1" 200 22251 "-" "Mozilla/5.0 (Linux; Android 6.0.1; Nexus 5X Build/MMB29P) AppleWebKit/537.36 (KHTML, like Gecko) Chrome/137.0.7151.103 Mobile Safari/537.36 (compatible; Googlebot/2.1; +http://www.google.com/bot.html)"
66.249.65.36 - - [12/Jul/2025:16:52:35 +0000] "GET /?x=47570290081800&mod=b7b16ecf&uri=itm.php%3Fid%3D1587532-39%26name%3Dchair+side+computer+table HTTP/1.1" 200 21720 "-" "Mozilla/5.0 (Linux; Android 6.0.1; Nexus 5X Build/MMB29P) AppleWebKit/537.36 (KHTML, like Gecko) Chrome/137.0.7151.103 Mobile Safari/537.36 (compatible; Googlebot/2.1; +http://www.google.com/bot.html)"
66.249.65.35 - - [12/Jul/2025:16:52:42 +0000] "GET /?x=34727965041800&mod=e3019767&uri=blog.php%3Fid%3D1159100-712%26name%3Dairpods+apple+son+compatibles+con+android HTTP/1.1" 200 21994 "-" "Mozilla/5.0 (Linux; Android 6.0.1; Nexus 5X Build/MMB29P) AppleWebKit/537.36 (KHTML, like Gecko) Chrome/137.0.7151.103 Mobile Safari/537.36 (compatible; Googlebot/2.1; +http://www.google.com/bot.html)"
66.249.65.35 - - [12/Jul/2025:16:52:53 +0000] "GET /?x=5751357041800&mod=97108695&uri=us.php%3Fid%3D192065-335%26name%3Ddragon+quest+builder+switch HTTP/1.1" 200 22142 "-" "Mozilla/5.0 (Linux; Android 6.0.1; Nexus 5X Build/MMB29P) AppleWebKit/537.36 (KHTML, like Gecko) Chrome/137.0.7151.103 Mobile Safari/537.36 (compatible; Googlebot/2.1; +http://www.google.com/bot.html)"
66.249.65.37 - - [12/Jul/2025:16:53:08 +0000] "GET /?x=5642096071800&mod=55d99a37&uri=info.php%3Fid%3D188387-315%26name%3Darmbanduhr+mit+grossen+ziffern HTTP/1.1" 200 20844 "-" "Mozilla/5.0 (Linux; Android 6.0.1; Nexus 5X Build/MMB29P) AppleWebKit/537.36 (KHTML, like Gecko) Chrome/137.0.7151.103 Mobile Safari/537.36 (compatible; Googlebot/2.1; +http://www.google.com/bot.html)"
66.249.65.35 - - [12/Jul/2025:16:53:23 +0000] "GET /?x=5680761031800&mod=dc6a7e65&uri=article.php%3Fid%3D189679-308%26name%3Dmiami+dolphins+throwback+hoodie HTTP/1.1" 200 22702 "-" "Mozilla/5.0 (Linux; Android 6.0.1; Nexus 5X Build/MMB29P) AppleWebKit/537.36 (KHTML, like Gecko) Chrome/137.0.7151.103 Mobile Safari/537.36 (compatible; Googlebot/2.1; +http://www.google.com/bot.html)"
66.249.65.36 - - [12/Jul/2025:16:53:23 +0000] "GET /?x=5932781041800&mod=4500e403&uri=search.php%3Fid%3D198118-342%26name%3Dgraco+soothing+vibration HTTP/1.1" 200 21073 "-" "Mozilla/5.0 (Linux; Android 6.0.1; Nexus 5X Build/MMB29P) AppleWebKit/537.36 (KHTML, like Gecko) Chrome/137.0.7151.103 Mobile Safari/537.36 (compatible; Googlebot/2.1; +http://www.google.com/bot.html)"
66.249.65.35 - - [12/Jul/2025:16:53:26 +0000] "GET /?x=5972225141800&mod=e3ea3396&uri=us.php%3Fid%3D199433-345%26name%3Dvestidos+de+madrina+de+boda+amazon HTTP/1.1" 200 20587 "-" "Mozilla/5.0 (Linux; Android 6.0.1; Nexus 5X Build/MMB29P) AppleWebKit/537.36 (KHTML, like Gecko) Chrome/137.0.7151.103 Mobile Safari/537.36 (compatible; Googlebot/2.1; +http://www.google.com/bot.html)"
66.249.65.35 - - [12/Jul/2025:16:53:27 +0000] "POST /get-message-notify HTTP/1.1" 200 21863 "https://kraft-court.cafe/?x=5932781041800&mod=4500e403&uri=search.php%3Fid%3D198118-342%26name%3Dgraco+soothing+vibration" "Mozilla/5.0 (Linux; Android 6.0.1; Nexus 5X Build/MMB29P) AppleWebKit/537.36 (KHTML, like Gecko) Chrome/137.0.7151.119 Mobile Safari/537.36 (compatible; Googlebot/2.1; +http://www.google.com/bot.html)"
66.249.65.36 - - [12/Jul/2025:16:54:31 +0000] "GET /?x=37464242021800&mod=dc6a7e65&uri=product.php%3Fid%3D1250396-308%26name%3Dsuperdry+zip+hoodie+mens+sale HTTP/1.1" 200 21974 "-" "Mozilla/5.0 (Linux; Android 6.0.1; Nexus 5X Build/MMB29P) AppleWebKit/537.36 (KHTML, like Gecko) Chrome/137.0.7151.103 Mobile Safari/537.36 (compatible; Googlebot/2.1; +http://www.google.com/bot.html)"
66.249.65.35 - - [12/Jul/2025:16:54:35 +0000] "POST /get-message-notify HTTP/1.1" 200 21863 "https://kraft-court.cafe/?x=37464242021800&mod=dc6a7e65&uri=product.php%3Fid%3D1250396-308%26name%3Dsuperdry+zip+hoodie+mens+sale" "Mozilla/5.0 (Linux; Android 6.0.1; Nexus 5X Build/MMB29P) AppleWebKit/537.36 (KHTML, like Gecko) Chrome/137.0.7151.119 Mobile Safari/537.36 (compatible; Googlebot/2.1; +http://www.google.com/bot.html)"
66.249.65.36 - - [12/Jul/2025:16:54:36 +0000] "GET /?x=5721961051800&mod=333cb763&uri=products.php%3Fid%3D191073-334%26name%3Dnaruto+arcs+in+order HTTP/1.1" 200 21968 "-" "Mozilla/5.0 (Linux; Android 6.0.1; Nexus 5X Build/MMB29P) AppleWebKit/537.36 (KHTML, like Gecko) Chrome/137.0.7151.103 Mobile Safari/537.36 (compatible; Googlebot/2.1; +http://www.google.com/bot.html)"
66.249.65.35 - - [12/Jul/2025:16:54:40 +0000] "GET /?x=59570609031800&mod=0a113ef6&uri=info.php%3Fid%3D1987909-88%26name%3Dblack+pool+floats HTTP/1.1" 200 21665 "-" "Mozilla/5.0 (Linux; Android 6.0.1; Nexus 5X Build/MMB29P) AppleWebKit/537.36 (KHTML, like Gecko) Chrome/137.0.7151.103 Mobile Safari/537.36 (compatible; Googlebot/2.1; +http://www.google.com/bot.html)"
66.249.65.35 - - [12/Jul/2025:16:54:40 +0000] "GET /?x=34730755101800&mod=7f848746&uri=category-info.php%3Fid%3D1159193-569%26name%3Dbicicletas+de+spinning+de+segunda HTTP/1.1" 200 21297 "-" "Mozilla/5.0 (Linux; Android 6.0.1; Nexus 5X Build/MMB29P) AppleWebKit/537.36 (KHTML, like Gecko) Chrome/137.0.7151.103 Mobile Safari/537.36 (compatible; Googlebot/2.1; +http://www.google.com/bot.html)"
66.249.65.35 - - [12/Jul/2025:16:54:47 +0000] "GET /?x=5709647011800&mod=a8849b05&uri=form.php%3Fid%3D190646-57%26name%3Dsamsung+buds+to+laptop HTTP/1.1" 200 22541 "-" "Mozilla/5.0 (Linux; Android 6.0.1; Nexus 5X Build/MMB29P) AppleWebKit/537.36 (KHTML, like Gecko) Chrome/137.0.7151.103 Mobile Safari/537.36 (compatible; Googlebot/2.1; +http://www.google.com/bot.html)"
66.249.65.35 - - [12/Jul/2025:16:54:55 +0000] "POST /get-message-notify HTTP/1.1" 200 21867 "https://kraft-court.cafe/?x=5721961051800&mod=333cb763&uri=products.php%3Fid%3D191073-334%26name%3Dnaruto+arcs+in+order" "Mozilla/5.0 (Linux; Android 6.0.1; Nexus 5X Build/MMB29P) AppleWebKit/537.36 (KHTML, like Gecko) Chrome/137.0.7151.119 Mobile Safari/537.36 (compatible; Googlebot/2.1; +http://www.google.com/bot.html)"
66.249.65.35 - - [12/Jul/2025:16:54:56 +0000] "GET /?x=111202280001800&mod=6e616e79&uri=goods.php%3Fid%3D3711184-492%26name%3Dgoogle+bhare+gane HTTP/1.1" 200 21092 "-" "Mozilla/5.0 (Linux; Android 6.0.1; Nexus 5X Build/MMB29P) AppleWebKit/537.36 (KHTML, like Gecko) Chrome/137.0.7151.103 Mobile Safari/537.36 (compatible; Googlebot/2.1; +http://www.google.com/bot.html)"
66.249.65.35 - - [12/Jul/2025:16:54:58 +0000] "GET /?x=5665281011800&mod=dc6a7e65&uri=shared.php%3Fid%3D189163-308%26name%3Drebecca+zamolo+merch+shirts HTTP/1.1" 200 22200 "-" "Mozilla/5.0 (Linux; Android 6.0.1; Nexus 5X Build/MMB29P) AppleWebKit/537.36 (KHTML, like Gecko) Chrome/137.0.7151.103 Mobile Safari/537.36 (compatible; Googlebot/2.1; +http://www.google.com/bot.html)"
66.249.65.35 - - [12/Jul/2025:16:55:05 +0000] "GET /?x=5728464001800&mod=333cb763&uri=product.php%3Fid%3D191298-334%26name%3Dlove+of+summer+night+eng+sub HTTP/1.1" 200 22003 "-" "Mozilla/5.0 (Linux; Android 6.0.1; Nexus 5X Build/MMB29P) AppleWebKit/537.36 (KHTML, like Gecko) Chrome/137.0.7151.103 Mobile Safari/537.36 (compatible; Googlebot/2.1; +http://www.google.com/bot.html)"
66.249.65.37 - - [12/Jul/2025:16:55:08 +0000] "POST /get-message-notify HTTP/1.1" 200 21866 "https://kraft-court.cafe/?x=111202280001800&mod=6e616e79&uri=goods.php%3Fid%3D3711184-492%26name%3Dgoogle+bhare+gane" "Mozilla/5.0 (Linux; Android 6.0.1; Nexus 5X Build/MMB29P) AppleWebKit/537.36 (KHTML, like Gecko) Chrome/137.0.7151.119 Mobile Safari/537.36 (compatible; Googlebot/2.1; +http://www.google.com/bot.html)"
66.249.65.36 - - [12/Jul/2025:16:55:11 +0000] "GET /?x=64144117051800&mod=0d2922ee&uri=blog.php%3Fid%3D2140543-1246%26name%3Dbest+alpine+touring+bindings HTTP/1.1" 200 21653 "-" "Mozilla/5.0 (Linux; Android 6.0.1; Nexus 5X Build/MMB29P) AppleWebKit/537.36 (KHTML, like Gecko) Chrome/137.0.7151.103 Mobile Safari/537.36 (compatible; Googlebot/2.1; +http://www.google.com/bot.html)"
66.249.65.35 - - [12/Jul/2025:16:55:35 +0000] "GET /?x=5841141131800&mod=384babc3&uri=products.php%3Fid%3D195060-339%26name%3Dzapatos+puma+fuego+y+agua HTTP/1.1" 200 20541 "-" "Mozilla/5.0 (Linux; Android 6.0.1; Nexus 5X Build/MMB29P) AppleWebKit/537.36 (KHTML, like Gecko) Chrome/137.0.7151.103 Mobile Safari/537.36 (compatible; Googlebot/2.1; +http://www.google.com/bot.html)"
66.249.65.35 - - [12/Jul/2025:16:55:47 +0000] "POST /get-message-notify HTTP/1.1" 200 21864 "https://kraft-court.cafe/?x=64144117051800&mod=0d2922ee&uri=blog.php%3Fid%3D2140543-1246%26name%3Dbest+alpine+touring+bindings" "Mozilla/5.0 (Linux; Android 6.0.1; Nexus 5X Build/MMB29P) AppleWebKit/537.36 (KHTML, like Gecko) Chrome/137.0.7151.119 Mobile Safari/537.36 (compatible; Googlebot/2.1; +http://www.google.com/bot.html)"
66.249.65.37 - - [12/Jul/2025:16:56:18 +0000] "GET /?x=5758797021800&mod=97108695&uri=dp.php%3Fid%3D192313-335%26name%3Dswitch+goplay+grip HTTP/1.1" 200 21258 "-" "Mozilla/5.0 (Linux; Android 6.0.1; Nexus 5X Build/MMB29P) AppleWebKit/537.36 (KHTML, like Gecko) Chrome/137.0.7151.103 Mobile Safari/537.36 (compatible; Googlebot/2.1; +http://www.google.com/bot.html)"
66.249.65.36 - - [12/Jul/2025:16:56:52 +0000] "GET /?x=5989499041800&mod=e3ea3396&uri=blog.php%3Fid%3D200011-345%26name%3Dbershka+chamarra+de+cuero HTTP/1.1" 200 22359 "-" "Mozilla/5.0 (Linux; Android 6.0.1; Nexus 5X Build/MMB29P) AppleWebKit/537.36 (KHTML, like Gecko) Chrome/137.0.7151.103 Mobile Safari/537.36 (compatible; Googlebot/2.1; +http://www.google.com/bot.html)"
66.249.65.37 - - [12/Jul/2025:16:57:01 +0000] "GET /?x=5648971041800&mod=55d99a37&uri=brands.php%3Fid%3D188619-315%26name%3Darmbanduhr+wickelarmband+leder HTTP/1.1" 200 21576 "-" "Mozilla/5.0 (Linux; Android 6.0.1; Nexus 5X Build/MMB29P) AppleWebKit/537.36 (KHTML, like Gecko) Chrome/137.0.7151.103 Mobile Safari/537.36 (compatible; Googlebot/2.1; +http://www.google.com/bot.html)"
66.249.65.36 - - [12/Jul/2025:16:57:08 +0000] "POST /get-message-notify HTTP/1.1" 200 21870 "https://kraft-court.cafe/?x=5648971041800&mod=55d99a37&uri=brands.php%3Fid%3D188619-315%26name%3Darmbanduhr+wickelarmband+leder" "Mozilla/5.0 (Linux; Android 6.0.1; Nexus 5X Build/MMB29P) AppleWebKit/537.36 (KHTML, like Gecko) Chrome/137.0.7151.119 Mobile Safari/537.36 (compatible; Googlebot/2.1; +http://www.google.com/bot.html)"
66.249.65.36 - - [12/Jul/2025:16:57:10 +0000] "GET /?x=5642743051800&mod=55d99a37&uri=us.php%3Fid%3D188409-315%26name%3Depson+solar+uhrwerk HTTP/1.1" 200 21370 "-" "Mozilla/5.0 (Linux; Android 6.0.1; Nexus 5X Build/MMB29P) AppleWebKit/537.36 (KHTML, like Gecko) Chrome/137.0.7151.103 Mobile Safari/537.36 (compatible; Googlebot/2.1; +http://www.google.com/bot.html)"
66.249.65.36 - - [12/Jul/2025:16:57:05 +0000] "GET /?x=63925086001800&mod=384babc3&uri=blog.php%3Fid%3D2133238-339%26name%3Dnike+nba+chicago+bulls+varsity+black HTTP/1.1" 200 21716 "-" "Mozilla/5.0 (Linux; Android 6.0.1; Nexus 5X Build/MMB29P) AppleWebKit/537.36 (KHTML, like Gecko) Chrome/137.0.7151.103 Mobile Safari/537.36 (compatible; Googlebot/2.1; +http://www.google.com/bot.html)"
66.249.65.35 - - [12/Jul/2025:16:57:16 +0000] "GET /?x=47560750021800&mod=b7b16ecf&uri=dp.php%3Fid%3D1587214-39%26name%3Dwhite+plastic+desk+chairs HTTP/1.1" 200 22750 "-" "Mozilla/5.0 (Linux; Android 6.0.1; Nexus 5X Build/MMB29P) AppleWebKit/537.36 (KHTML, like Gecko) Chrome/137.0.7151.103 Mobile Safari/537.36 (compatible; Googlebot/2.1; +http://www.google.com/bot.html)"
66.249.65.35 - - [12/Jul/2025:16:57:20 +0000] "POST /get-message-notify HTTP/1.1" 200 21866 "https://kraft-court.cafe/?x=47560750021800&mod=b7b16ecf&uri=dp.php%3Fid%3D1587214-39%26name%3Dwhite+plastic+desk+chairs" "Mozilla/5.0 (Linux; Android 6.0.1; Nexus 5X Build/MMB29P) AppleWebKit/537.36 (KHTML, like Gecko) Chrome/137.0.7151.119 Mobile Safari/537.36 (compatible; Googlebot/2.1; +http://www.google.com/bot.html)"
66.249.65.35 - - [12/Jul/2025:16:57:19 +0000] "GET /?x=5795348031800&mod=165a59f7&uri=category-info.php%3Fid%3D193532-336%26name%3Dbusta+di+carta+michael+kors HTTP/1.1" 200 20648 "-" "Mozilla/5.0 (Linux; Android 6.0.1; Nexus 5X Build/MMB29P) AppleWebKit/537.36 (KHTML, like Gecko) Chrome/137.0.7151.103 Mobile Safari/537.36 (compatible; Googlebot/2.1; +http://www.google.com/bot.html)"
66.249.65.35 - - [12/Jul/2025:16:57:30 +0000] "POST /get-message-notify HTTP/1.1" 200 21864 "https://kraft-court.cafe/?x=5795348031800&mod=165a59f7&uri=category-info.php%3Fid%3D193532-336%26name%3Dbusta+di+carta+michael+kors" "Mozilla/5.0 (Linux; Android 6.0.1; Nexus 5X Build/MMB29P) AppleWebKit/537.36 (KHTML, like Gecko) Chrome/137.0.7151.119 Mobile Safari/537.36 (compatible; Googlebot/2.1; +http://www.google.com/bot.html)"
66.249.65.35 - - [12/Jul/2025:16:57:33 +0000] "GET /?x=79044716031800&mod=97108695&uri=search.php%3Fid%3D2637823-335%26name%3Dwii+spiderman HTTP/1.1" 200 21054 "-" "Mozilla/5.0 (Linux; Android 6.0.1; Nexus 5X Build/MMB29P) AppleWebKit/537.36 (KHTML, like Gecko) Chrome/137.0.7151.103 Mobile Safari/537.36 (compatible; Googlebot/2.1; +http://www.google.com/bot.html)"
66.249.65.36 - - [12/Jul/2025:16:58:15 +0000] "GET /?x=5644649031800&mod=55d99a37&uri=product.php%3Fid%3D188473-315%26name%3Duhr+mit+edelstahl+armband HTTP/1.1" 200 21345 "-" "Mozilla/5.0 (Linux; Android 6.0.1; Nexus 5X Build/MMB29P) AppleWebKit/537.36 (KHTML, like Gecko) Chrome/137.0.7151.103 Mobile Safari/537.36 (compatible; Googlebot/2.1; +http://www.google.com/bot.html)"
