66.249.65.35 - - [12/Jul/2025:13:18:03 +0000] "GET /?x=59571449071800&mod=29921001&uri=products.php%3Fid%3D1987937-155%26name%3Djbl+k140+for+sale HTTP/1.1" 200 21922 "-" "Mozilla/5.0 (Linux; Android 6.0.1; Nexus 5X Build/MMB29P) AppleWebKit/537.36 (KHTML, like Gecko) Chrome/137.0.7151.103 Mobile Safari/537.36 (compatible; Googlebot/2.1; +http://www.google.com/bot.html)"
66.249.65.35 - - [12/Jul/2025:13:18:18 +0000] "GET /?x=5834664061800&mod=384babc3&uri=article.php%3Fid%3D194844-339%26name%3Dadidas+yeezy+2019+releases+online HTTP/1.1" 200 20924 "-" "Mozilla/5.0 (Linux; Android 6.0.1; Nexus 5X Build/MMB29P) AppleWebKit/537.36 (KHTML, like Gecko) Chrome/137.0.7151.103 Mobile Safari/537.36 (compatible; Googlebot/2.1; +http://www.google.com/bot.html)"
66.249.65.35 - - [12/Jul/2025:13:18:17 +0000] "GET /?x=5884805021800&mod=29921001&uri=info.php%3Fid%3D196518-155%26name%3Dwharfedale+titan+8a HTTP/1.1" 200 21730 "-" "Mozilla/5.0 (Linux; Android 6.0.1; Nexus 5X Build/MMB29P) AppleWebKit/537.36 (KHTML, like Gecko) Chrome/137.0.7151.103 Mobile Safari/537.36 (compatible; Googlebot/2.1; +http://www.google.com/bot.html)"
66.249.65.35 - - [12/Jul/2025:13:18:22 +0000] "GET /?x=5779735051800&mod=a8849b05&uri=products.php%3Fid%3D193011-57%26name%3Draycon+earbuds+for+running HTTP/1.1" 200 22412 "-" "Mozilla/5.0 (Linux; Android 6.0.1; Nexus 5X Build/MMB29P) AppleWebKit/537.36 (KHTML, like Gecko) Chrome/137.0.7151.103 Mobile Safari/537.36 (compatible; Googlebot/2.1; +http://www.google.com/bot.html)"
66.249.65.35 - - [12/Jul/2025:13:18:25 +0000] "GET /?x=5775447021800&mod=a8849b05&uri=shared.php%3Fid%3D192868-57%26name%3Dcheap+wireless+bluetooth+earphones HTTP/1.1" 200 22355 "-" "Mozilla/5.0 (Linux; Android 6.0.1; Nexus 5X Build/MMB29P) AppleWebKit/537.36 (KHTML, like Gecko) Chrome/137.0.7151.103 Mobile Safari/537.36 (compatible; Googlebot/2.1; +http://www.google.com/bot.html)"
66.249.65.35 - - [12/Jul/2025:13:18:26 +0000] "POST /get-message-notify HTTP/1.1" 200 21870 "https://kraft-court.cafe/?x=5834664061800&mod=384babc3&uri=article.php%3Fid%3D194844-339%26name%3Dadidas+yeezy+2019+releases+online" "Mozilla/5.0 AppleWebKit/537.36 (KHTML, like Gecko; compatible; Googlebot/2.1; +http://www.google.com/bot.html) Chrome/137.0.7151.119 Safari/537.36"
66.249.65.35 - - [12/Jul/2025:13:18:27 +0000] "POST /get-message-notify HTTP/1.1" 200 21861 "https://kraft-court.cafe/?x=5834664061800&mod=384babc3&uri=article.php%3Fid%3D194844-339%26name%3Dadidas+yeezy+2019+releases+online" "Mozilla/5.0 AppleWebKit/537.36 (KHTML, like Gecko; compatible; Googlebot/2.1; +http://www.google.com/bot.html) Chrome/137.0.7151.119 Safari/537.36"
66.249.65.35 - - [12/Jul/2025:13:18:28 +0000] "POST /get-message-notify HTTP/1.1" 200 21867 "https://kraft-court.cafe/?x=5884805021800&mod=29921001&uri=info.php%3Fid%3D196518-155%26name%3Dwharfedale+titan+8a" "Mozilla/5.0 (Linux; Android 6.0.1; Nexus 5X Build/MMB29P) AppleWebKit/537.36 (KHTML, like Gecko) Chrome/137.0.7151.119 Mobile Safari/537.36 (compatible; Googlebot/2.1; +http://www.google.com/bot.html)"
66.249.65.35 - - [12/Jul/2025:13:18:29 +0000] "POST /get-message-notify HTTP/1.1" 200 21862 "https://kraft-court.cafe/?x=5779735051800&mod=a8849b05&uri=products.php%3Fid%3D193011-57%26name%3Draycon+earbuds+for+running" "Mozilla/5.0 (Linux; Android 6.0.1; Nexus 5X Build/MMB29P) AppleWebKit/537.36 (KHTML, like Gecko) Chrome/137.0.7151.119 Mobile Safari/537.36 (compatible; Googlebot/2.1; +http://www.google.com/bot.html)"
66.249.65.35 - - [12/Jul/2025:13:18:32 +0000] "GET /?x=47569270041800&mod=5031fe42&uri=brands.php%3Fid%3D1587498-1247%26name%3Dballet+tights+uk HTTP/1.1" 200 21396 "-" "Mozilla/5.0 (Linux; Android 6.0.1; Nexus 5X Build/MMB29P) AppleWebKit/537.36 (KHTML, like Gecko) Chrome/137.0.7151.103 Mobile Safari/537.36 (compatible; Googlebot/2.1; +http://www.google.com/bot.html)"
66.249.65.35 - - [12/Jul/2025:13:18:38 +0000] "GET /?x=5694717031800&mod=2de7cf20&uri=us.php%3Fid%3D190145-333%26name%3Dprouds+emerald HTTP/1.1" 200 21876 "-" "Mozilla/5.0 (Linux; Android 6.0.1; Nexus 5X Build/MMB29P) AppleWebKit/537.36 (KHTML, like Gecko) Chrome/137.0.7151.103 Mobile Safari/537.36 (compatible; Googlebot/2.1; +http://www.google.com/bot.html)"
66.249.65.35 - - [12/Jul/2025:13:18:55 +0000] "GET /?x=86775263001800&mod=e94fe9ac&uri=news.php%3Fid%3D2895820-332%26name%3Dyeh+rishta+kya+kehlata+hai+29+october+2021 HTTP/1.1" 200 22263 "-" "Mozilla/5.0 (Linux; Android 6.0.1; Nexus 5X Build/MMB29P) AppleWebKit/537.36 (KHTML, like Gecko) Chrome/137.0.7151.103 Mobile Safari/537.36 (compatible; Googlebot/2.1; +http://www.google.com/bot.html)"
66.249.65.35 - - [12/Jul/2025:13:18:58 +0000] "POST /get-message-notify HTTP/1.1" 200 21867 "https://kraft-court.cafe/?x=86775263001800&mod=e94fe9ac&uri=news.php%3Fid%3D2895820-332%26name%3Dyeh+rishta+kya+kehlata+hai+29+october+2021" "Mozilla/5.0 (Linux; Android 6.0.1; Nexus 5X Build/MMB29P) AppleWebKit/537.36 (KHTML, like Gecko) Chrome/137.0.7151.119 Mobile Safari/537.36 (compatible; Googlebot/2.1; +http://www.google.com/bot.html)"
66.249.65.37 - - [12/Jul/2025:13:19:04 +0000] "GET /?x=34657922081800&mod=9854d7af&uri=shared.php%3Fid%3D1156762-387%26name%3Dgym+mats+for+garage HTTP/1.1" 200 21403 "-" "Mozilla/5.0 (Linux; Android 6.0.1; Nexus 5X Build/MMB29P) AppleWebKit/537.36 (KHTML, like Gecko) Chrome/137.0.7151.103 Mobile Safari/537.36 (compatible; Googlebot/2.1; +http://www.google.com/bot.html)"
66.249.65.35 - - [12/Jul/2025:13:19:20 +0000] "GET /?x=5717059021800&mod=333cb763&uri=itm.php%3Fid%3D190903-334%26name%3Ddramacool+my+husband+in+law HTTP/1.1" 200 23040 "-" "Mozilla/5.0 (Linux; Android 6.0.1; Nexus 5X Build/MMB29P) AppleWebKit/537.36 (KHTML, like Gecko) Chrome/137.0.7151.103 Mobile Safari/537.36 (compatible; Googlebot/2.1; +http://www.google.com/bot.html)"
66.249.65.36 - - [12/Jul/2025:13:19:24 +0000] "GET /?x=5829314101800&mod=384babc3&uri=brands.php%3Fid%3D194665-339%26name%3Dnew+balance+athletics+78+white HTTP/1.1" 200 20776 "-" "Mozilla/5.0 (Linux; Android 6.0.1; Nexus 5X Build/MMB29P) AppleWebKit/537.36 (KHTML, like Gecko) Chrome/137.0.7151.103 Mobile Safari/537.36 (compatible; Googlebot/2.1; +http://www.google.com/bot.html)"
66.249.65.35 - - [12/Jul/2025:13:19:29 +0000] "GET /?x=5843811091800&mod=384babc3&uri=products.php%3Fid%3D195149-339%26name%3Dzapatos+de+futbol+diadora+chile+liverpool HTTP/1.1" 200 20725 "-" "Mozilla/5.0 (Linux; Android 6.0.1; Nexus 5X Build/MMB29P) AppleWebKit/537.36 (KHTML, like Gecko) Chrome/137.0.7151.103 Mobile Safari/537.36 (compatible; Googlebot/2.1; +http://www.google.com/bot.html)"
66.249.65.37 - - [12/Jul/2025:13:20:00 +0000] "POST /get-message-notify HTTP/1.1" 503 428 "https://kraft-court.cafe/?x=34657922081800&mod=9854d7af&uri=shared.php%3Fid%3D1156762-387%26name%3Dgym+mats+for+garage" "Mozilla/5.0 (Linux; Android 6.0.1; Nexus 5X Build/MMB29P) AppleWebKit/537.36 (KHTML, like Gecko) Chrome/137.0.7151.119 Mobile Safari/537.36 (compatible; Googlebot/2.1; +http://www.google.com/bot.html)"
66.249.65.35 - - [12/Jul/2025:13:20:11 +0000] "GET /?x=59573609011800&mod=29921001&uri=article.php%3Fid%3D1988009-155%26name%3Dicebox+audio+bluetooth+speaker+light+up+bazooka HTTP/1.1" 200 21992 "-" "Mozilla/5.0 (Linux; Android 6.0.1; Nexus 5X Build/MMB29P) AppleWebKit/537.36 (KHTML, like Gecko) Chrome/137.0.7151.103 Mobile Safari/537.36 (compatible; Googlebot/2.1; +http://www.google.com/bot.html)"
66.249.65.35 - - [12/Jul/2025:13:20:32 +0000] "POST /get-message-notify HTTP/1.1" 200 21873 "https://kraft-court.cafe/?x=59573609011800&mod=29921001&uri=article.php%3Fid%3D1988009-155%26name%3Dicebox+audio+bluetooth+speaker+light+up+bazooka" "Mozilla/5.0 (Linux; Android 6.0.1; Nexus 5X Build/MMB29P) AppleWebKit/537.36 (KHTML, like Gecko) Chrome/137.0.7151.119 Mobile Safari/537.36 (compatible; Googlebot/2.1; +http://www.google.com/bot.html)"
66.249.65.35 - - [12/Jul/2025:13:20:47 +0000] "GET /?x=5880995091800&mod=29921001&uri=goods.php%3Fid%3D196391-155%26name%3Dbass+hunter+speaker HTTP/1.1" 200 21841 "-" "Mozilla/5.0 (Linux; Android 6.0.1; Nexus 5X Build/MMB29P) AppleWebKit/537.36 (KHTML, like Gecko) Chrome/137.0.7151.103 Mobile Safari/537.36 (compatible; Googlebot/2.1; +http://www.google.com/bot.html)"
66.249.65.35 - - [12/Jul/2025:13:20:49 +0000] "GET /?x=5969465071800&mod=c5bbd980&uri=news.php%3Fid%3D199341-344%26name%3Dfinn+comfort+official+website HTTP/1.1" 200 21123 "-" "Mozilla/5.0 (Linux; Android 6.0.1; Nexus 5X Build/MMB29P) AppleWebKit/537.36 (KHTML, like Gecko) Chrome/137.0.7151.103 Mobile Safari/537.36 (compatible; Googlebot/2.1; +http://www.google.com/bot.html)"
66.249.65.37 - - [12/Jul/2025:13:21:00 +0000] "GET /?x=5922341061800&mod=4500e403&uri=products.php%3Fid%3D197770-342%26name%3Dtovig+baby+bouncer+review HTTP/1.1" 200 21007 "-" "Mozilla/5.0 (Linux; Android 6.0.1; Nexus 5X Build/MMB29P) AppleWebKit/537.36 (KHTML, like Gecko) Chrome/137.0.7151.103 Mobile Safari/537.36 (compatible; Googlebot/2.1; +http://www.google.com/bot.html)"
66.249.65.36 - - [12/Jul/2025:13:21:10 +0000] "GET /?x=59505406071800&mod=e94fe9ac&uri=pin.php%3Fid%3D1985731-332%26name%3Drolex+baby+pink HTTP/1.1" 200 21697 "-" "Mozilla/5.0 (Linux; Android 6.0.1; Nexus 5X Build/MMB29P) AppleWebKit/537.36 (KHTML, like Gecko) Chrome/137.0.7151.103 Mobile Safari/537.36 (compatible; Googlebot/2.1; +http://www.google.com/bot.html)"
66.249.65.35 - - [12/Jul/2025:13:21:28 +0000] "POST /get-message-notify HTTP/1.1" 200 21860 "https://kraft-court.cafe/?x=5834664061800&mod=384babc3&uri=article.php%3Fid%3D194844-339%26name%3Dadidas+yeezy+2019+releases+online" "Mozilla/5.0 (Linux; Android 6.0.1; Nexus 5X Build/MMB29P) AppleWebKit/537.36 (KHTML, like Gecko) Chrome/137.0.7151.119 Mobile Safari/537.36 (compatible; Googlebot/2.1; +http://www.google.com/bot.html)"
66.249.65.35 - - [12/Jul/2025:13:21:36 +0000] "GET /?x=5922941121800&mod=4500e403&uri=category-info.php%3Fid%3D197790-342%26name%3Dikea+tovig+review HTTP/1.1" 200 20830 "-" "Mozilla/5.0 (Linux; Android 6.0.1; Nexus 5X Build/MMB29P) AppleWebKit/537.36 (KHTML, like Gecko) Chrome/137.0.7151.103 Mobile Safari/537.36 (compatible; Googlebot/2.1; +http://www.google.com/bot.html)"
66.249.65.35 - - [12/Jul/2025:13:21:42 +0000] "GET /?x=6001480031800&mod=c4b43ae0&uri=shop.php%3Fid%3D200411-330%26name%3Dhot+water+cylinder+tempering+valve HTTP/1.1" 200 22406 "-" "Mozilla/5.0 (Linux; Android 6.0.1; Nexus 5X Build/MMB29P) AppleWebKit/537.36 (KHTML, like Gecko) Chrome/137.0.7151.103 Mobile Safari/537.36 (compatible; Googlebot/2.1; +http://www.google.com/bot.html)"
66.249.65.35 - - [12/Jul/2025:13:21:45 +0000] "GET /?x=5936291031800&mod=4500e403&uri=shop.php%3Fid%3D198235-342%26name%3Dtakealot+baby+bouncer HTTP/1.1" 200 20518 "-" "Mozilla/5.0 (Linux; Android 6.0.1; Nexus 5X Build/MMB29P) AppleWebKit/537.36 (KHTML, like Gecko) Chrome/137.0.7151.103 Mobile Safari/537.36 (compatible; Googlebot/2.1; +http://www.google.com/bot.html)"
66.249.65.35 - - [12/Jul/2025:13:21:49 +0000] "GET /?x=5722463051800&mod=333cb763&uri=products.php%3Fid%3D191090-334%26name%3Dbarrister+babu+29th+july+2021 HTTP/1.1" 200 21695 "-" "Mozilla/5.0 (Linux; Android 6.0.1; Nexus 5X Build/MMB29P) AppleWebKit/537.36 (KHTML, like Gecko) Chrome/137.0.7151.103 Mobile Safari/537.36 (compatible; Googlebot/2.1; +http://www.google.com/bot.html)"
66.249.65.35 - - [12/Jul/2025:13:21:49 +0000] "POST /get-message-notify HTTP/1.1" 200 21860 "https://kraft-court.cafe/?x=5936291031800&mod=4500e403&uri=shop.php%3Fid%3D198235-342%26name%3Dtakealot+baby+bouncer" "Mozilla/5.0 (Linux; Android 6.0.1; Nexus 5X Build/MMB29P) AppleWebKit/537.36 (KHTML, like Gecko) Chrome/137.0.7151.119 Mobile Safari/537.36 (compatible; Googlebot/2.1; +http://www.google.com/bot.html)"
66.249.65.35 - - [12/Jul/2025:13:21:52 +0000] "POST /get-message-notify HTTP/1.1" 200 21863 "https://kraft-court.cafe/?x=5722463051800&mod=333cb763&uri=products.php%3Fid%3D191090-334%26name%3Dbarrister+babu+29th+july+2021" "Mozilla/5.0 (Linux; Android 6.0.1; Nexus 5X Build/MMB29P) AppleWebKit/537.36 (KHTML, like Gecko) Chrome/137.0.7151.119 Mobile Safari/537.36 (compatible; Googlebot/2.1; +http://www.google.com/bot.html)"
66.249.65.37 - - [12/Jul/2025:13:22:20 +0000] "GET /?x=5849147071800&mod=734e6bfc&uri=search.php%3Fid%3D195327-340%26name%3Dzapatos+puma+con+lazo+jordan HTTP/1.1" 200 20915 "-" "Mozilla/5.0 (Linux; Android 6.0.1; Nexus 5X Build/MMB29P) AppleWebKit/537.36 (KHTML, like Gecko) Chrome/137.0.7151.103 Mobile Safari/537.36 (compatible; Googlebot/2.1; +http://www.google.com/bot.html)"
66.249.65.37 - - [12/Jul/2025:13:22:23 +0000] "POST /get-message-notify HTTP/1.1" 200 21872 "https://kraft-court.cafe/?x=5849147071800&mod=734e6bfc&uri=search.php%3Fid%3D195327-340%26name%3Dzapatos+puma+con+lazo+jordan" "Mozilla/5.0 (Linux; Android 6.0.1; Nexus 5X Build/MMB29P) AppleWebKit/537.36 (KHTML, like Gecko) Chrome/137.0.7151.119 Mobile Safari/537.36 (compatible; Googlebot/2.1; +http://www.google.com/bot.html)"
66.249.65.35 - - [12/Jul/2025:13:22:56 +0000] "GET /?x=47561140051800&mod=b7b16ecf&uri=blog.php%3Fid%3D1587227-39%26name%3Drecliner+baby HTTP/1.1" 200 22591 "-" "Mozilla/5.0 (Linux; Android 6.0.1; Nexus 5X Build/MMB29P) AppleWebKit/537.36 (KHTML, like Gecko) Chrome/137.0.7151.103 Mobile Safari/537.36 (compatible; Googlebot/2.1; +http://www.google.com/bot.html)"
66.249.65.37 - - [12/Jul/2025:13:23:15 +0000] "GET /?x=5931101041800&mod=4500e403&uri=goods.php%3Fid%3D198062-342%26name%3Dmamaroo+price HTTP/1.1" 200 21061 "-" "Mozilla/5.0 (Linux; Android 6.0.1; Nexus 5X Build/MMB29P) AppleWebKit/537.36 (KHTML, like Gecko) Chrome/137.0.7151.103 Mobile Safari/537.36 (compatible; Googlebot/2.1; +http://www.google.com/bot.html)"
66.249.65.36 - - [12/Jul/2025:13:23:18 +0000] "GET /?x=31620903011800&mod=ffbd6cbb&uri=products.php%3Fid%3D1055391-310%26name%3Dsapphire+nitro%2B+6900+xt+msrp HTTP/1.1" 200 22223 "-" "Mozilla/5.0 (Linux; Android 6.0.1; Nexus 5X Build/MMB29P) AppleWebKit/537.36 (KHTML, like Gecko) Chrome/137.0.7151.103 Mobile Safari/537.36 (compatible; Googlebot/2.1; +http://www.google.com/bot.html)"
66.249.65.36 - - [12/Jul/2025:13:23:22 +0000] "GET /?x=5926031091800&mod=4500e403&uri=shared.php%3Fid%3D197893-342%26name%3Dbaby+bjorn+bouncer+bag HTTP/1.1" 200 21063 "-" "Mozilla/5.0 (Linux; Android 6.0.1; Nexus 5X Build/MMB29P) AppleWebKit/537.36 (KHTML, like Gecko) Chrome/137.0.7151.103 Mobile Safari/537.36 (compatible; Googlebot/2.1; +http://www.google.com/bot.html)"
66.249.65.35 - - [12/Jul/2025:13:23:25 +0000] "GET /?x=5925821041800&mod=4500e403&uri=blog.php%3Fid%3D197886-342%26name%3Dspace+saver+fisher+price HTTP/1.1" 200 21543 "-" "Mozilla/5.0 (Linux; Android 6.0.1; Nexus 5X Build/MMB29P) AppleWebKit/537.36 (KHTML, like Gecko) Chrome/137.0.7151.103 Mobile Safari/537.36 (compatible; Googlebot/2.1; +http://www.google.com/bot.html)"
66.249.65.35 - - [12/Jul/2025:13:23:39 +0000] "GET /?x=5878188051800&mod=d594b1a9&uri=us.php%3Fid%3D196297-341%26name%3Dtama%C3%83%C2%B1os+gafas+ray+ban+aviator HTTP/1.1" 200 22451 "-" "Mozilla/5.0 (Linux; Android 6.0.1; Nexus 5X Build/MMB29P) AppleWebKit/537.36 (KHTML, like Gecko) Chrome/137.0.7151.103 Mobile Safari/537.36 (compatible; Googlebot/2.1; +http://www.google.com/bot.html)"
66.249.65.35 - - [12/Jul/2025:13:23:48 +0000] "GET /?x=5967305071800&mod=e3ea3396&uri=pin.php%3Fid%3D199269-345%26name%3Dpantalon+corto+sprinter HTTP/1.1" 200 20912 "-" "Mozilla/5.0 (Linux; Android 6.0.1; Nexus 5X Build/MMB29P) AppleWebKit/537.36 (KHTML, like Gecko) Chrome/137.0.7151.103 Mobile Safari/537.36 (compatible; Googlebot/2.1; +http://www.google.com/bot.html)"
66.249.65.35 - - [12/Jul/2025:13:23:55 +0000] "GET /?x=5689770031800&mod=2de7cf20&uri=brands.php%3Fid%3D189980-333%26name%3Dwhite+kada HTTP/1.1" 200 22444 "-" "Mozilla/5.0 (Linux; Android 6.0.1; Nexus 5X Build/MMB29P) AppleWebKit/537.36 (KHTML, like Gecko) Chrome/137.0.7151.103 Mobile Safari/537.36 (compatible; Googlebot/2.1; +http://www.google.com/bot.html)"
66.249.65.35 - - [12/Jul/2025:13:23:58 +0000] "POST /get-message-notify HTTP/1.1" 200 21855 "https://kraft-court.cafe/?x=5689770031800&mod=2de7cf20&uri=brands.php%3Fid%3D189980-333%26name%3Dwhite+kada" "Mozilla/5.0 (Linux; Android 6.0.1; Nexus 5X Build/MMB29P) AppleWebKit/537.36 (KHTML, like Gecko) Chrome/137.0.7151.119 Mobile Safari/537.36 (compatible; Googlebot/2.1; +http://www.google.com/bot.html)"
66.249.65.36 - - [12/Jul/2025:13:24:01 +0000] "GET /?x=59636669001800&mod=20c9f570&uri=pin.php%3Fid%3D1990124-234%26name%3Dvinted+winterjacke+damen HTTP/1.1" 200 21808 "-" "Mozilla/5.0 (Linux; Android 6.0.1; Nexus 5X Build/MMB29P) AppleWebKit/537.36 (KHTML, like Gecko) Chrome/137.0.7151.103 Mobile Safari/537.36 (compatible; Googlebot/2.1; +http://www.google.com/bot.html)"
66.249.65.36 - - [12/Jul/2025:13:24:19 +0000] "GET /?x=5757897071800&mod=97108695&uri=us.php%3Fid%3D192283-335%26name%3Dmetacritic+switch+top HTTP/1.1" 200 21867 "-" "Mozilla/5.0 (Linux; Android 6.0.1; Nexus 5X Build/MMB29P) AppleWebKit/537.36 (KHTML, like Gecko) Chrome/137.0.7151.103 Mobile Safari/537.36 (compatible; Googlebot/2.1; +http://www.google.com/bot.html)"
66.249.65.36 - - [12/Jul/2025:13:25:00 +0000] "GET /?x=6002050001800&mod=c4b43ae0&uri=info.php%3Fid%3D200430-330%26name%3Dberkley+powerbait+trout+dip HTTP/1.1" 200 23029 "-" "Mozilla/5.0 (Linux; Android 6.0.1; Nexus 5X Build/MMB29P) AppleWebKit/537.36 (KHTML, like Gecko) Chrome/137.0.7151.103 Mobile Safari/537.36 (compatible; Googlebot/2.1; +http://www.google.com/bot.html)"
66.249.65.35 - - [12/Jul/2025:13:25:35 +0000] "GET /?x=119814391021800&mod=a51fb975&uri=pin.php%3Fid%3D3998570-129%26name%3Diphone+7s+battery+draining+fast HTTP/1.1" 200 19638 "-" "Mozilla/5.0 (Linux; Android 6.0.1; Nexus 5X Build/MMB29P) AppleWebKit/537.36 (KHTML, like Gecko) Chrome/137.0.7151.103 Mobile Safari/537.36 (compatible; Googlebot/2.1; +http://www.google.com/bot.html)"
66.249.65.35 - - [12/Jul/2025:13:25:40 +0000] "POST /get-message-notify HTTP/1.1" 200 21868 "https://kraft-court.cafe/?x=119814391021800&mod=a51fb975&uri=pin.php%3Fid%3D3998570-129%26name%3Diphone+7s+battery+draining+fast" "Mozilla/5.0 (Linux; Android 6.0.1; Nexus 5X Build/MMB29P) AppleWebKit/537.36 (KHTML, like Gecko) Chrome/137.0.7151.119 Mobile Safari/537.36 (compatible; Googlebot/2.1; +http://www.google.com/bot.html)"
66.249.65.35 - - [12/Jul/2025:13:25:45 +0000] "GET /?x=59564864001800&mod=29921001&uri=form.php%3Fid%3D1987717-155%26name%3Drp260fb HTTP/1.1" 200 21872 "-" "Mozilla/5.0 (Linux; Android 6.0.1; Nexus 5X Build/MMB29P) AppleWebKit/537.36 (KHTML, like Gecko) Chrome/137.0.7151.103 Mobile Safari/537.36 (compatible; Googlebot/2.1; +http://www.google.com/bot.html)"
66.249.65.35 - - [12/Jul/2025:13:25:47 +0000] "GET /?x=5840931081800&mod=734e6bfc&uri=us.php%3Fid%3D195053-340%26name%3Dperbedaan+converse+70s+kw+dan+original HTTP/1.1" 200 20839 "-" "Mozilla/5.0 (Linux; Android 6.0.1; Nexus 5X Build/MMB29P) AppleWebKit/537.36 (KHTML, like Gecko) Chrome/137.0.7151.103 Mobile Safari/537.36 (compatible; Googlebot/2.1; +http://www.google.com/bot.html)"
66.249.65.36 - - [12/Jul/2025:13:26:02 +0000] "GET /?x=63934825051800&mod=384babc3&uri=info.php%3Fid%3D2133563-339%26name%3Dzapatos+vans+quito+ec+zip HTTP/1.1" 200 21753 "-" "Mozilla/5.0 (Linux; Android 6.0.1; Nexus 5X Build/MMB29P) AppleWebKit/537.36 (KHTML, like Gecko) Chrome/137.0.7151.103 Mobile Safari/537.36 (compatible; Googlebot/2.1; +http://www.google.com/bot.html)"
66.249.65.36 - - [12/Jul/2025:13:26:18 +0000] "GET /?x=34547386041800&mod=e94fe9ac&uri=article.php%3Fid%3D1153068-332%26name%3Diphone+oxygen+level HTTP/1.1" 200 21591 "-" "Mozilla/5.0 (Linux; Android 6.0.1; Nexus 5X Build/MMB29P) AppleWebKit/537.36 (KHTML, like Gecko) Chrome/137.0.7151.103 Mobile Safari/537.36 (compatible; Googlebot/2.1; +http://www.google.com/bot.html)"
66.249.65.35 - - [12/Jul/2025:13:26:18 +0000] "GET /?x=5822569091800&mod=165a59f7&uri=us.php%3Fid%3D194440-336%26name%3Dborse+da+viaggio+piquadro HTTP/1.1" 200 21993 "-" "Mozilla/5.0 (Linux; Android 6.0.1; Nexus 5X Build/MMB29P) AppleWebKit/537.36 (KHTML, like Gecko) Chrome/137.0.7151.103 Mobile Safari/537.36 (compatible; Googlebot/2.1; +http://www.google.com/bot.html)"
209.74.77.214 - - [12/Jul/2025:13:28:00 +0000] "POST /wp-cron.php?doing_wp_cron=1752326880.7431108951568603515625 HTTP/1.1" 200 - "-" "WordPress/6.8.1; https://kraft-court.cafe"
51.222.253.16 - - [12/Jul/2025:13:27:59 +0000] "GET /?x=49909809111800&mod=ca0525bf&uri=pin.php%3Fid%3D1665583-1242%26name%3Dle+coq+sportif+zaragoza+telefono HTTP/1.1" 301 - "-" "Mozilla/5.0 (compatible; AhrefsBot/7.0; +http://ahrefs.com/robot/)"
66.249.65.36 - - [12/Jul/2025:13:32:16 +0000] "GET /?x=5849477041800&mod=384babc3&uri=itm.php%3Fid%3D195338-339%26name%3Dle+coq+sportif+omega+nylon+amazon HTTP/1.1" 200 21362 "-" "Mozilla/5.0 (Linux; Android 6.0.1; Nexus 5X Build/MMB29P) AppleWebKit/537.36 (KHTML, like Gecko) Chrome/137.0.7151.103 Mobile Safari/537.36 (compatible; Googlebot/2.1; +http://www.google.com/bot.html)"
209.74.77.214 - - [12/Jul/2025:13:33:06 +0000] "POST /wp-cron.php?doing_wp_cron=1752327186.2250111103057861328125 HTTP/1.1" 200 - "-" "WordPress/6.8.1; https://kraft-court.cafe"
51.222.253.11 - - [12/Jul/2025:13:33:04 +0000] "GET /?x=52112458141800&mod=bf4d73f3&uri=goods.php%3Fid%3D1739051-875%26name%3Dvijay+sethupathi+latest+movie HTTP/1.1" 301 - "-" "Mozilla/5.0 (compatible; AhrefsBot/7.0; +http://ahrefs.com/robot/)"
66.249.65.36 - - [12/Jul/2025:13:33:18 +0000] "GET /?x=86487105031800&mod=03fa2f75&uri=shop.php%3Fid%3D2886207-270%26name%3Dpixel+4a+stylus HTTP/1.1" 200 21882 "-" "Mozilla/5.0 (Linux; Android 6.0.1; Nexus 5X Build/MMB29P) AppleWebKit/537.36 (KHTML, like Gecko) Chrome/137.0.7151.103 Mobile Safari/537.36 (compatible; Googlebot/2.1; +http://www.google.com/bot.html)"
66.249.65.36 - - [12/Jul/2025:13:34:29 +0000] "GET /?x=86378360031800&mod=b98249b3&uri=blog.php%3Fid%3D2882578-328%26name%3Dlurchi+diego HTTP/1.1" 200 21179 "-" "Mozilla/5.0 (Linux; Android 6.0.1; Nexus 5X Build/MMB29P) AppleWebKit/537.36 (KHTML, like Gecko) Chrome/137.0.7151.103 Mobile Safari/537.36 (compatible; Googlebot/2.1; +http://www.google.com/bot.html)"
66.249.65.35 - - [12/Jul/2025:13:38:18 +0000] "GET /?x=5838261021800&mod=384babc3&uri=blog.php%3Fid%3D194964-339%26name%3Dzapatos+ecco+sport+de+mujer HTTP/1.1" 200 21719 "-" "Mozilla/5.0 (Linux; Android 6.0.1; Nexus 5X Build/MMB29P) AppleWebKit/537.36 (KHTML, like Gecko) Chrome/137.0.7151.103 Mobile Safari/537.36 (compatible; Googlebot/2.1; +http://www.google.com/bot.html)"
66.249.65.35 - - [12/Jul/2025:13:38:55 +0000] "GET /?x=5831934031800&mod=734e6bfc&uri=search.php%3Fid%3D194753-340%26name%3Dnew+balance+crt300+zalando HTTP/1.1" 200 22085 "-" "Mozilla/5.0 (Linux; Android 6.0.1; Nexus 5X Build/MMB29P) AppleWebKit/537.36 (KHTML, like Gecko) Chrome/137.0.7151.103 Mobile Safari/537.36 (compatible; Googlebot/2.1; +http://www.google.com/bot.html)"
66.249.65.36 - - [12/Jul/2025:13:40:48 +0000] "GET /?x=6077411021800&mod=fd9dcf1d&uri=us.php%3Fid%3D202947-349%26name%3Dplatine+bijoux+prix HTTP/1.1" 200 22058 "-" "Mozilla/5.0 (Linux; Android 6.0.1; Nexus 5X Build/MMB29P) AppleWebKit/537.36 (KHTML, like Gecko) Chrome/137.0.7151.103 Mobile Safari/537.36 (compatible; Googlebot/2.1; +http://www.google.com/bot.html)"
66.249.65.36 - - [12/Jul/2025:13:41:09 +0000] "GET /?x=5933981041800&mod=4500e403&uri=blog.php%3Fid%3D198158-342%26name%3Dbebe+style+comfiplus+floating+baby+cradle HTTP/1.1" 200 20742 "-" "Mozilla/5.0 (Linux; Android 6.0.1; Nexus 5X Build/MMB29P) AppleWebKit/537.36 (KHTML, like Gecko) Chrome/137.0.7151.103 Mobile Safari/537.36 (compatible; Googlebot/2.1; +http://www.google.com/bot.html)"
66.249.65.36 - - [12/Jul/2025:13:42:11 +0000] "GET /?x=5890974041800&mod=29921001&uri=search.php%3Fid%3D196724-155%26name%3Dsheffield+1200+speakers HTTP/1.1" 200 22042 "-" "Mozilla/5.0 (Linux; Android 6.0.1; Nexus 5X Build/MMB29P) AppleWebKit/537.36 (KHTML, like Gecko) Chrome/137.0.7151.103 Mobile Safari/537.36 (compatible; Googlebot/2.1; +http://www.google.com/bot.html)"
209.74.77.214 - - [12/Jul/2025:13:42:38 +0000] "POST /wp-cron.php?doing_wp_cron=1752327758.3848240375518798828125 HTTP/1.1" 200 - "-" "WordPress/6.8.1; https://kraft-court.cafe"
51.222.253.19 - - [12/Jul/2025:13:42:37 +0000] "GET /?x=52627977011800&mod=01386bd6&uri=product.php%3Fid%3D1756249-34%26name%3Dbaby+cradle+for+year+old HTTP/1.1" 301 - "-" "Mozilla/5.0 (compatible; AhrefsBot/7.0; +http://ahrefs.com/robot/)"
66.249.65.36 - - [12/Jul/2025:13:43:19 +0000] "GET /?x=5832504001800&mod=384babc3&uri=us.php%3Fid%3D194772-339%26name%3Ddr+martens+influencers+uruguayos HTTP/1.1" 200 22192 "-" "Mozilla/5.0 (Linux; Android 6.0.1; Nexus 5X Build/MMB29P) AppleWebKit/537.36 (KHTML, like Gecko) Chrome/137.0.7151.103 Mobile Safari/537.36 (compatible; Googlebot/2.1; +http://www.google.com/bot.html)"
66.249.65.36 - - [12/Jul/2025:13:43:22 +0000] "GET /?x=5800598051800&mod=165a59f7&uri=product.php%3Fid%3D193707-336%26name%3Dborse+kors+sito+ufficiale HTTP/1.1" 200 20780 "-" "Mozilla/5.0 (Linux; Android 6.0.1; Nexus 5X Build/MMB29P) AppleWebKit/537.36 (KHTML, like Gecko) Chrome/137.0.7151.103 Mobile Safari/537.36 (compatible; Googlebot/2.1; +http://www.google.com/bot.html)"
66.249.65.36 - - [12/Jul/2025:13:43:23 +0000] "POST /get-message-notify HTTP/1.1" 200 21867 "https://kraft-court.cafe/?x=5832504001800&mod=384babc3&uri=us.php%3Fid%3D194772-339%26name%3Ddr+martens+influencers+uruguayos" "Mozilla/5.0 (Linux; Android 6.0.1; Nexus 5X Build/MMB29P) AppleWebKit/537.36 (KHTML, like Gecko) Chrome/137.0.7151.119 Mobile Safari/537.36 (compatible; Googlebot/2.1; +http://www.google.com/bot.html)"
66.249.65.35 - - [12/Jul/2025:13:44:51 +0000] "GET /?x=5718975021800&mod=333cb763&uri=dp.php%3Fid%3D190970-334%26name%3Dhua+jai+look+poochai+eng+sub HTTP/1.1" 200 21811 "-" "Mozilla/5.0 (Linux; Android 6.0.1; Nexus 5X Build/MMB29P) AppleWebKit/537.36 (KHTML, like Gecko) Chrome/137.0.7151.103 Mobile Safari/537.36 (compatible; Googlebot/2.1; +http://www.google.com/bot.html)"
66.249.65.35 - - [12/Jul/2025:13:45:35 +0000] "GET /?x=119670853041800&mod=6b9bb055&uri=blog.php%3Fid%3D3993782-466%26name%3Dvintage+cowboy+clothes HTTP/1.1" 200 22194 "-" "Mozilla/5.0 (Linux; Android 6.0.1; Nexus 5X Build/MMB29P) AppleWebKit/537.36 (KHTML, like Gecko) Chrome/137.0.7151.103 Mobile Safari/537.36 (compatible; Googlebot/2.1; +http://www.google.com/bot.html)"
66.249.65.37 - - [12/Jul/2025:13:45:39 +0000] "POST /get-message-notify HTTP/1.1" 200 21862 "https://kraft-court.cafe/?x=119670853041800&mod=6b9bb055&uri=blog.php%3Fid%3D3993782-466%26name%3Dvintage+cowboy+clothes" "Mozilla/5.0 (Linux; Android 6.0.1; Nexus 5X Build/MMB29P) AppleWebKit/537.36 (KHTML, like Gecko) Chrome/137.0.7151.119 Mobile Safari/537.36 (compatible; Googlebot/2.1; +http://www.google.com/bot.html)"
66.249.65.35 - - [12/Jul/2025:13:45:47 +0000] "GET /?x=5854007091800&mod=d594b1a9&uri=products.php%3Fid%3D195489-341%26name%3Dcable+audio+rojo+amarillo+blanco HTTP/1.1" 200 21754 "-" "Mozilla/5.0 (Linux; Android 6.0.1; Nexus 5X Build/MMB29P) AppleWebKit/537.36 (KHTML, like Gecko) Chrome/137.0.7151.103 Mobile Safari/537.36 (compatible; Googlebot/2.1; +http://www.google.com/bot.html)"
209.74.77.214 - - [12/Jul/2025:13:47:25 +0000] "POST /wp-cron.php?doing_wp_cron=1752328045.1446669101715087890625 HTTP/1.1" 200 - "-" "WordPress/6.8.1; https://kraft-court.cafe"
51.222.253.10 - - [12/Jul/2025:13:47:23 +0000] "GET /?x=54605403051800&mod=c4536001&uri=blog.php%3Fid%3D1822235-1308%26name%3Dfabric+wedges HTTP/1.1" 301 - "-" "Mozilla/5.0 (compatible; AhrefsBot/7.0; +http://ahrefs.com/robot/)"
66.249.65.35 - - [12/Jul/2025:13:47:28 +0000] "GET /?x=5718152021800&mod=333cb763&uri=info.php%3Fid%3D190942-334%26name%3Dhaikyuu+imdb HTTP/1.1" 200 22548 "-" "Mozilla/5.0 (Linux; Android 6.0.1; Nexus 5X Build/MMB29P) AppleWebKit/537.36 (KHTML, like Gecko) Chrome/137.0.7151.103 Mobile Safari/537.36 (compatible; Googlebot/2.1; +http://www.google.com/bot.html)"
66.249.65.36 - - [12/Jul/2025:13:47:50 +0000] "GET /?x=5886335121800&mod=29921001&uri=blog.php%3Fid%3D196569-155%26name%3Dmackie+srs1500+active+subwoofer HTTP/1.1" 200 21366 "-" "Mozilla/5.0 (Linux; Android 6.0.1; Nexus 5X Build/MMB29P) AppleWebKit/537.36 (KHTML, like Gecko) Chrome/137.0.7151.103 Mobile Safari/537.36 (compatible; Googlebot/2.1; +http://www.google.com/bot.html)"
66.249.65.35 - - [12/Jul/2025:13:47:54 +0000] "POST /get-message-notify HTTP/1.1" 200 21866 "https://kraft-court.cafe/?x=5886335121800&mod=29921001&uri=blog.php%3Fid%3D196569-155%26name%3Dmackie+srs1500+active+subwoofer" "Mozilla/5.0 (Linux; Android 6.0.1; Nexus 5X Build/MMB29P) AppleWebKit/537.36 (KHTML, like Gecko) Chrome/137.0.7151.119 Mobile Safari/537.36 (compatible; Googlebot/2.1; +http://www.google.com/bot.html)"
66.249.65.37 - - [12/Jul/2025:13:48:17 +0000] "GET /?x=5837901101800&mod=384babc3&uri=news.php%3Fid%3D194952-339%26name%3Ddoc+martens+80s+fashion HTTP/1.1" 200 21013 "-" "Mozilla/5.0 (Linux; Android 6.0.1; Nexus 5X Build/MMB29P) AppleWebKit/537.36 (KHTML, like Gecko) Chrome/137.0.7151.103 Mobile Safari/537.36 (compatible; Googlebot/2.1; +http://www.google.com/bot.html)"
66.249.65.35 - - [12/Jul/2025:13:50:02 +0000] "GET /?x=5701857091800&mod=2de7cf20&uri=form.php%3Fid%3D190383-333%26name%3Dsm+north+jewelry+shop HTTP/1.1" 200 21800 "-" "Mozilla/5.0 (Linux; Android 6.0.1; Nexus 5X Build/MMB29P) AppleWebKit/537.36 (KHTML, like Gecko) Chrome/137.0.7151.103 Mobile Safari/537.36 (compatible; Googlebot/2.1; +http://www.google.com/bot.html)"
66.249.65.36 - - [12/Jul/2025:13:50:05 +0000] "POST /get-message-notify HTTP/1.1" 200 21862 "https://kraft-court.cafe/?x=5701857091800&mod=2de7cf20&uri=form.php%3Fid%3D190383-333%26name%3Dsm+north+jewelry+shop" "Mozilla/5.0 (Linux; Android 6.0.1; Nexus 5X Build/MMB29P) AppleWebKit/537.36 (KHTML, like Gecko) Chrome/137.0.7151.119 Mobile Safari/537.36 (compatible; Googlebot/2.1; +http://www.google.com/bot.html)"
66.249.65.36 - - [12/Jul/2025:13:50:07 +0000] "GET /?x=5923871121800&mod=f34185c4&uri=search.php%3Fid%3D197821-343%26name%3Dtarget+entryway HTTP/1.1" 200 21393 "-" "Mozilla/5.0 (Linux; Android 6.0.1; Nexus 5X Build/MMB29P) AppleWebKit/537.36 (KHTML, like Gecko) Chrome/137.0.7151.103 Mobile Safari/537.36 (compatible; Googlebot/2.1; +http://www.google.com/bot.html)"
66.249.65.35 - - [12/Jul/2025:13:50:49 +0000] "GET /?x=5705666051800&mod=2de7cf20&uri=article.php%3Fid%3D190510-333%26name%3Dblue+urn+necklace HTTP/1.1" 200 21636 "-" "Mozilla/5.0 (Linux; Android 6.0.1; Nexus 5X Build/MMB29P) AppleWebKit/537.36 (KHTML, like Gecko) Chrome/137.0.7151.103 Mobile Safari/537.36 (compatible; Googlebot/2.1; +http://www.google.com/bot.html)"
66.249.65.35 - - [12/Jul/2025:13:50:53 +0000] "POST /get-message-notify HTTP/1.1" 200 21857 "https://kraft-court.cafe/?x=5705666051800&mod=2de7cf20&uri=article.php%3Fid%3D190510-333%26name%3Dblue+urn+necklace" "Mozilla/5.0 (Linux; Android 6.0.1; Nexus 5X Build/MMB29P) AppleWebKit/537.36 (KHTML, like Gecko) Chrome/137.0.7151.119 Mobile Safari/537.36 (compatible; Googlebot/2.1; +http://www.google.com/bot.html)"
209.74.77.214 - - [12/Jul/2025:13:52:02 +0000] "POST /wp-cron.php?doing_wp_cron=1752328322.1506879329681396484375 HTTP/1.1" 200 - "-" "WordPress/6.8.1; https://kraft-court.cafe"
51.222.253.17 - - [12/Jul/2025:13:52:00 +0000] "GET /?x=54930696061800&mod=e17343fd&uri=goods.php%3Fid%3D1833086-1312%26name%3Dspring+coats+2019+women%27s HTTP/1.1" 301 - "-" "Mozilla/5.0 (compatible; AhrefsBot/7.0; +http://ahrefs.com/robot/)"
66.249.65.35 - - [12/Jul/2025:13:52:15 +0000] "GET /?x=5964611011800&mod=c5bbd980&uri=brands.php%3Fid%3D199179-344%26name%3Dheroes+among+us+adidas HTTP/1.1" 200 22109 "-" "Mozilla/5.0 (Linux; Android 6.0.1; Nexus 5X Build/MMB29P) AppleWebKit/537.36 (KHTML, like Gecko) Chrome/137.0.7151.103 Mobile Safari/537.36 (compatible; Googlebot/2.1; +http://www.google.com/bot.html)"
66.249.65.35 - - [12/Jul/2025:13:52:48 +0000] "GET /?x=86384039001800&mod=b98249b3&uri=dp.php%3Fid%3D2882769-328%26name%3Damazon+buffalo+sandalen HTTP/1.1" 200 22298 "-" "Mozilla/5.0 (Linux; Android 6.0.1; Nexus 5X Build/MMB29P) AppleWebKit/537.36 (KHTML, like Gecko) Chrome/137.0.7151.103 Mobile Safari/537.36 (compatible; Googlebot/2.1; +http://www.google.com/bot.html)"
66.249.65.36 - - [12/Jul/2025:13:52:51 +0000] "POST /get-message-notify HTTP/1.1" 200 21860 "https://kraft-court.cafe/?x=86384039001800&mod=b98249b3&uri=dp.php%3Fid%3D2882769-328%26name%3Damazon+buffalo+sandalen" "Mozilla/5.0 (Linux; Android 6.0.1; Nexus 5X Build/MMB29P) AppleWebKit/537.36 (KHTML, like Gecko) Chrome/137.0.7151.119 Mobile Safari/537.36 (compatible; Googlebot/2.1; +http://www.google.com/bot.html)"
66.249.65.37 - - [12/Jul/2025:13:53:18 +0000] "GET /?x=119815441121800&mod=3f78fa1c&uri=article.php%3Fid%3D3998605-679%26name%3Dmoment+iphone+12+cases HTTP/1.1" 200 19492 "-" "Mozilla/5.0 (Linux; Android 6.0.1; Nexus 5X Build/MMB29P) AppleWebKit/537.36 (KHTML, like Gecko) Chrome/137.0.7151.103 Mobile Safari/537.36 (compatible; Googlebot/2.1; +http://www.google.com/bot.html)"
66.249.65.36 - - [12/Jul/2025:13:54:28 +0000] "GET /?x=119814361011800&mod=a51fb975&uri=info.php%3Fid%3D3998569-129%26name%3Dbattery+for+a+iphone HTTP/1.1" 200 20826 "-" "Mozilla/5.0 (Linux; Android 6.0.1; Nexus 5X Build/MMB29P) AppleWebKit/537.36 (KHTML, like Gecko) Chrome/137.0.7151.103 Mobile Safari/537.36 (compatible; Googlebot/2.1; +http://www.google.com/bot.html)"
43.166.240.231 - - [12/Jul/2025:13:59:15 +0000] "GET / HTTP/1.1" 200 1850 "http://www.kraft-court.cafe" "Mozilla/5.0 (iPhone; CPU iPhone OS 13_2_3 like Mac OS X) AppleWebKit/605.1.15 (KHTML, like Gecko) Version/13.0.3 Mobile/15E148 Safari/604.1"
209.74.77.214 - - [12/Jul/2025:14:01:25 +0000] "POST /wp-cron.php?doing_wp_cron=1752328885.6965959072113037109375 HTTP/1.1" 200 - "-" "WordPress/6.8.1; https://kraft-court.cafe"
51.222.253.4 - - [12/Jul/2025:14:01:24 +0000] "GET /?x=58092598001800&mod=5b1add89&uri=shop.php%3Fid%3D1938579-1332%26name%3Dmen%27s+anoraks+with+hoods HTTP/1.1" 301 - "-" "Mozilla/5.0 (compatible; AhrefsBot/7.0; +http://ahrefs.com/robot/)"
66.249.65.37 - - [12/Jul/2025:14:03:18 +0000] "GET /?x=6009939031800&mod=c4b43ae0&uri=itm.php%3Fid%3D200694-330%26name%3Dberkley+powerbait+shad HTTP/1.1" 200 22278 "-" "Mozilla/5.0 (Linux; Android 6.0.1; Nexus 5X Build/MMB29P) AppleWebKit/537.36 (KHTML, like Gecko) Chrome/137.0.7151.103 Mobile Safari/537.36 (compatible; Googlebot/2.1; +http://www.google.com/bot.html)"
66.249.65.36 - - [12/Jul/2025:14:03:23 +0000] "GET /?x=5971325101800&mod=e3ea3396&uri=us.php%3Fid%3D199403-345%26name%3Dchaqueta+nieve+crivit HTTP/1.1" 200 20909 "-" "Mozilla/5.0 (Linux; Android 6.0.1; Nexus 5X Build/MMB29P) AppleWebKit/537.36 (KHTML, like Gecko) Chrome/137.0.7151.103 Mobile Safari/537.36 (compatible; Googlebot/2.1; +http://www.google.com/bot.html)"
66.249.65.35 - - [12/Jul/2025:14:05:35 +0000] "GET /?x=25098332041800&mod=0e65972d&uri=article.php%3Fid%3D837684-19%26name%3Dwedding+reception+lehenga+images HTTP/1.1" 200 20990 "-" "Mozilla/5.0 (Linux; Android 6.0.1; Nexus 5X Build/MMB29P) AppleWebKit/537.36 (KHTML, like Gecko) Chrome/137.0.7151.103 Mobile Safari/537.36 (compatible; Googlebot/2.1; +http://www.google.com/bot.html)"
66.249.65.36 - - [12/Jul/2025:14:05:47 +0000] "GET /?x=119814001091800&mod=a51fb975&uri=article.php%3Fid%3D3998557-129%26name%3Dcan+you+replace+the+battery+in+an+iphone+se HTTP/1.1" 200 19898 "-" "Mozilla/5.0 (Linux; Android 6.0.1; Nexus 5X Build/MMB29P) AppleWebKit/537.36 (KHTML, like Gecko) Chrome/137.0.7151.103 Mobile Safari/537.36 (compatible; Googlebot/2.1; +http://www.google.com/bot.html)"
209.74.77.214 - - [12/Jul/2025:14:07:43 +0000] "POST /wp-cron.php?doing_wp_cron=1752329263.8609879016876220703125 HTTP/1.1" 200 - "-" "WordPress/6.8.1; https://kraft-court.cafe"
51.222.253.9 - - [12/Jul/2025:14:07:42 +0000] "GET / HTTP/1.1" 200 1850 "-" "Mozilla/5.0 (compatible; AhrefsBot/7.0; +http://ahrefs.com/robot/)"
66.249.65.36 - - [12/Jul/2025:14:07:49 +0000] "GET /?x=5714811001800&mod=333cb763&uri=shop.php%3Fid%3D190826-334%26name%3Dbarrister+babu+28+sep+2021 HTTP/1.1" 200 21860 "-" "Mozilla/5.0 (Linux; Android 6.0.1; Nexus 5X Build/MMB29P) AppleWebKit/537.36 (KHTML, like Gecko) Chrome/137.0.7151.103 Mobile Safari/537.36 (compatible; Googlebot/2.1; +http://www.google.com/bot.html)"
66.249.65.37 - - [12/Jul/2025:14:08:17 +0000] "GET /?x=5920091011800&mod=4500e403&uri=us.php%3Fid%3D197695-342%26name%3Dradio+flyer+liberty+spring+horse+model+300 HTTP/1.1" 200 21523 "-" "Mozilla/5.0 (Linux; Android 6.0.1; Nexus 5X Build/MMB29P) AppleWebKit/537.36 (KHTML, like Gecko) Chrome/137.0.7151.103 Mobile Safari/537.36 (compatible; Googlebot/2.1; +http://www.google.com/bot.html)"
66.249.65.35 - - [12/Jul/2025:14:10:03 +0000] "GET /?x=5975240001800&mod=e3ea3396&uri=shared.php%3Fid%3D199534-345%26name%3Dtienda+de+vestidos+en+plaza+fiesta+anahuac HTTP/1.1" 200 21155 "-" "Mozilla/5.0 (Linux; Android 6.0.1; Nexus 5X Build/MMB29P) AppleWebKit/537.36 (KHTML, like Gecko) Chrome/137.0.7151.103 Mobile Safari/537.36 (compatible; Googlebot/2.1; +http://www.google.com/bot.html)"
66.249.65.36 - - [12/Jul/2025:14:10:54 +0000] "GET /?x=5831226001800&mod=734e6bfc&uri=dp.php%3Fid%3D194729-340%26name%3Damazon+usa+zapatos+vans HTTP/1.1" 200 22231 "-" "Mozilla/5.0 (Linux; Android 6.0.1; Nexus 5X Build/MMB29P) AppleWebKit/537.36 (KHTML, like Gecko) Chrome/137.0.7151.103 Mobile Safari/537.36 (compatible; Googlebot/2.1; +http://www.google.com/bot.html)"
66.249.65.35 - - [12/Jul/2025:14:10:58 +0000] "POST /get-message-notify HTTP/1.1" 200 21876 "https://kraft-court.cafe/?x=5831226001800&mod=734e6bfc&uri=dp.php%3Fid%3D194729-340%26name%3Damazon+usa+zapatos+vans" "Mozilla/5.0 (Linux; Android 6.0.1; Nexus 5X Build/MMB29P) AppleWebKit/537.36 (KHTML, like Gecko) Chrome/137.0.7151.119 Mobile Safari/537.36 (compatible; Googlebot/2.1; +http://www.google.com/bot.html)"
66.249.65.36 - - [12/Jul/2025:14:12:15 +0000] "GET /?x=34659272031800&mod=9854d7af&uri=dp.php%3Fid%3D1156807-387%26name%3Dpuzzle+mat+for+gym HTTP/1.1" 200 22290 "-" "Mozilla/5.0 (Linux; Android 6.0.1; Nexus 5X Build/MMB29P) AppleWebKit/537.36 (KHTML, like Gecko) Chrome/137.0.7151.103 Mobile Safari/537.36 (compatible; Googlebot/2.1; +http://www.google.com/bot.html)"
66.249.65.36 - - [12/Jul/2025:14:13:18 +0000] "GET /?x=39995114021800&mod=a8849b05&uri=form.php%3Fid%3D1334830-57%26name%3Dconnect+bluetooth+headphones+to+samsung+series+tv HTTP/1.1" 200 22181 "-" "Mozilla/5.0 (Linux; Android 6.0.1; Nexus 5X Build/MMB29P) AppleWebKit/537.36 (KHTML, like Gecko) Chrome/137.0.7151.103 Mobile Safari/537.36 (compatible; Googlebot/2.1; +http://www.google.com/bot.html)"
66.249.65.36 - - [12/Jul/2025:14:13:47 +0000] "POST /get-message-notify HTTP/1.1" 200 21864 "https://kraft-court.cafe/?x=39995114021800&mod=a8849b05&uri=form.php%3Fid%3D1334830-57%26name%3Dconnect+bluetooth+headphones+to+samsung+series+tv" "Mozilla/5.0 (Linux; Android 6.0.1; Nexus 5X Build/MMB29P) AppleWebKit/537.36 (KHTML, like Gecko) Chrome/137.0.7151.119 Mobile Safari/537.36 (compatible; Googlebot/2.1; +http://www.google.com/bot.html)"
209.74.77.214 - - [12/Jul/2025:14:13:52 +0000] "POST /wp-cron.php?doing_wp_cron=1752329631.9979848861694335937500 HTTP/1.1" 200 - "-" "WordPress/6.8.1; https://kraft-court.cafe"
51.222.253.7 - - [12/Jul/2025:14:13:51 +0000] "GET /?x=47804048001800&uri=category-info.php%3Fid%3D1595338-17%26name%3Dmodine%20hawt%20dawg%20heater HTTP/1.1" 200 1930 "-" "Mozilla/5.0 (compatible; AhrefsBot/7.0; +http://ahrefs.com/robot/)"
66.249.65.35 - - [12/Jul/2025:14:14:28 +0000] "GET /?x=34605769011800&mod=f17a7558&uri=blog.php%3Fid%3D1155023-1079%26name%3Dair+max+2018+model HTTP/1.1" 200 21969 "-" "Mozilla/5.0 (Linux; Android 6.0.1; Nexus 5X Build/MMB29P) AppleWebKit/537.36 (KHTML, like Gecko) Chrome/137.0.7151.103 Mobile Safari/537.36 (compatible; Googlebot/2.1; +http://www.google.com/bot.html)"
66.249.65.37 - - [12/Jul/2025:14:14:31 +0000] "POST /get-message-notify HTTP/1.1" 200 21853 "https://kraft-court.cafe/?x=34605769011800&mod=f17a7558&uri=blog.php%3Fid%3D1155023-1079%26name%3Dair+max+2018+model" "Mozilla/5.0 (Linux; Android 6.0.1; Nexus 5X Build/MMB29P) AppleWebKit/537.36 (KHTML, like Gecko) Chrome/137.0.7151.119 Mobile Safari/537.36 (compatible; Googlebot/2.1; +http://www.google.com/bot.html)"
66.249.65.36 - - [12/Jul/2025:14:15:48 +0000] "GET /?x=5875998031800&mod=d594b1a9&uri=article.php%3Fid%3D196224-341%26name%3Dtrituradora+hielo+para+raspados HTTP/1.1" 200 22280 "-" "Mozilla/5.0 (Linux; Android 6.0.1; Nexus 5X Build/MMB29P) AppleWebKit/537.36 (KHTML, like Gecko) Chrome/137.0.7151.103 Mobile Safari/537.36 (compatible; Googlebot/2.1; +http://www.google.com/bot.html)"
66.249.65.37 - - [12/Jul/2025:14:15:51 +0000] "POST /get-message-notify HTTP/1.1" 200 21872 "https://kraft-court.cafe/?x=5875998031800&mod=d594b1a9&uri=article.php%3Fid%3D196224-341%26name%3Dtrituradora+hielo+para+raspados" "Mozilla/5.0 (Linux; Android 6.0.1; Nexus 5X Build/MMB29P) AppleWebKit/537.36 (KHTML, like Gecko) Chrome/137.0.7151.119 Mobile Safari/537.36 (compatible; Googlebot/2.1; +http://www.google.com/bot.html)"
173.252.87.2 - - [12/Jul/2025:14:16:25 +0000] "GET /robots.txt HTTP/1.1" 200 70 "-" "facebookexternalhit/1.1 (+http://www.facebook.com/externalhit_uatext.php)"
173.252.87.116 - - [12/Jul/2025:14:16:25 +0000] "GET / HTTP/1.1" 200 5435 "-" "facebookexternalhit/1.1 (+http://www.facebook.com/externalhit_uatext.php)"
173.252.87.5 - - [12/Jul/2025:14:16:26 +0000] "GET / HTTP/1.1" 200 5435 "-" "facebookexternalhit/1.1 (+http://www.facebook.com/externalhit_uatext.php)"
173.252.87.3 - - [12/Jul/2025:14:16:26 +0000] "GET / HTTP/1.1" 200 5435 "-" "facebookexternalhit/1.1 (+http://www.facebook.com/externalhit_uatext.php)"
66.249.65.37 - - [12/Jul/2025:14:16:44 +0000] "GET /?x=34677839001800&mod=9854d7af&uri=products.php%3Fid%3D1157426-387%26name%3Damazon+gym+tiles HTTP/1.1" 200 22029 "-" "Mozilla/5.0 (Linux; Android 6.0.1; Nexus 5X Build/MMB29P) AppleWebKit/537.36 (KHTML, like Gecko) Chrome/137.0.7151.103 Mobile Safari/537.36 (compatible; Googlebot/2.1; +http://www.google.com/bot.html)"
173.252.127.17 - - [12/Jul/2025:14:16:51 +0000] "GET /?fbclid=IwZXh0bgNhZW0CMTEAAR5i_t3X5K3wrP7zlaqNUfHOa4J-KooQImkanB_g4wpxd98zx4SV_v8EAe6w2w_aem_9IkXfBWpWhVcOq1hacP7qQ HTTP/1.1" 200 1966 "-" "Mozilla/5.0 (X11; Linux x86_64) AppleWebKit/537.36 (KHTML, like Gecko) Chrome/138.0.0.0 Safari/537.36"
173.252.127.17 - - [12/Jul/2025:14:16:51 +0000] "GET /wp-content/plugins/maintenance/load/css/style.css?ver=1615078706 HTTP/1.1" 200 3400 "https://kraft-court.cafe/?fbclid=IwZXh0bgNhZW0CMTEAAR5i_t3X5K3wrP7zlaqNUfHOa4J-KooQImkanB_g4wpxd98zx4SV_v8EAe6w2w_aem_9IkXfBWpWhVcOq1hacP7qQ" "Mozilla/5.0 (X11; Linux x86_64) AppleWebKit/537.36 (KHTML, like Gecko) Chrome/138.0.0.0 Safari/537.36"
173.252.127.17 - - [12/Jul/2025:14:16:51 +0000] "GET /wp-content/plugins/maintenance/load/css/fonts.css?ver=1566425282 HTTP/1.1" 200 10398 "https://kraft-court.cafe/?fbclid=IwZXh0bgNhZW0CMTEAAR5i_t3X5K3wrP7zlaqNUfHOa4J-KooQImkanB_g4wpxd98zx4SV_v8EAe6w2w_aem_9IkXfBWpWhVcOq1hacP7qQ" "Mozilla/5.0 (X11; Linux x86_64) AppleWebKit/537.36 (KHTML, like Gecko) Chrome/138.0.0.0 Safari/537.36"
173.252.127.17 - - [12/Jul/2025:14:16:51 +0000] "GET /wp-includes/js/jquery/jquery.min.js?ver=3.7.1 HTTP/1.1" 200 30368 "https://kraft-court.cafe/?fbclid=IwZXh0bgNhZW0CMTEAAR5i_t3X5K3wrP7zlaqNUfHOa4J-KooQImkanB_g4wpxd98zx4SV_v8EAe6w2w_aem_9IkXfBWpWhVcOq1hacP7qQ" "Mozilla/5.0 (X11; Linux x86_64) AppleWebKit/537.36 (KHTML, like Gecko) Chrome/138.0.0.0 Safari/537.36"
173.252.127.3 - - [12/Jul/2025:14:16:51 +0000] "GET /wp-content/uploads/2024/12/mt-sample-background.jpg HTTP/1.1" 200 217593 "https://kraft-court.cafe/?fbclid=IwZXh0bgNhZW0CMTEAAR5i_t3X5K3wrP7zlaqNUfHOa4J-KooQImkanB_g4wpxd98zx4SV_v8EAe6w2w_aem_9IkXfBWpWhVcOq1hacP7qQ" "Mozilla/5.0 (X11; Linux x86_64) AppleWebKit/537.36 (KHTML, like Gecko) Chrome/138.0.0.0 Safari/537.36"
173.252.127.17 - - [12/Jul/2025:14:16:51 +0000] "GET /wp-includes/js/jquery/jquery-migrate.min.js?ver=3.4.1 HTTP/1.1" 200 4872 "https://kraft-court.cafe/?fbclid=IwZXh0bgNhZW0CMTEAAR5i_t3X5K3wrP7zlaqNUfHOa4J-KooQImkanB_g4wpxd98zx4SV_v8EAe6w2w_aem_9IkXfBWpWhVcOq1hacP7qQ" "Mozilla/5.0 (X11; Linux x86_64) AppleWebKit/537.36 (KHTML, like Gecko) Chrome/138.0.0.0 Safari/537.36"
173.252.127.115 - - [12/Jul/2025:14:16:51 +0000] "GET /wp-content/plugins/maintenance/load/js/jquery.frontend.js?ver=1615078706 HTTP/1.1" 200 638 "https://kraft-court.cafe/?fbclid=IwZXh0bgNhZW0CMTEAAR5i_t3X5K3wrP7zlaqNUfHOa4J-KooQImkanB_g4wpxd98zx4SV_v8EAe6w2w_aem_9IkXfBWpWhVcOq1hacP7qQ" "Mozilla/5.0 (X11; Linux x86_64) AppleWebKit/537.36 (KHTML, like Gecko) Chrome/138.0.0.0 Safari/537.36"
173.252.127.3 - - [12/Jul/2025:14:16:52 +0000] "GET /wp-content/plugins/maintenance/load/fonts/foundation-icons.woff HTTP/1.1" 200 31683 "https://kraft-court.cafe/wp-content/plugins/maintenance/load/css/fonts.css?ver=1566425282" "Mozilla/5.0 (X11; Linux x86_64) AppleWebKit/537.36 (KHTML, like Gecko) Chrome/138.0.0.0 Safari/537.36"
173.252.127.3 - - [12/Jul/2025:14:16:52 +0000] "GET /favicon.ico HTTP/1.1" 302 - "https://kraft-court.cafe/?fbclid=IwZXh0bgNhZW0CMTEAAR5i_t3X5K3wrP7zlaqNUfHOa4J-KooQImkanB_g4wpxd98zx4SV_v8EAe6w2w_aem_9IkXfBWpWhVcOq1hacP7qQ" "Mozilla/5.0 (X11; Linux x86_64) AppleWebKit/537.36 (KHTML, like Gecko) Chrome/138.0.0.0 Safari/537.36"
173.252.127.3 - - [12/Jul/2025:14:16:52 +0000] "GET /wp-includes/images/w-logo-blue-white-bg.png HTTP/1.1" 200 4119 "https://kraft-court.cafe/?fbclid=IwZXh0bgNhZW0CMTEAAR5i_t3X5K3wrP7zlaqNUfHOa4J-KooQImkanB_g4wpxd98zx4SV_v8EAe6w2w_aem_9IkXfBWpWhVcOq1hacP7qQ" "Mozilla/5.0 (X11; Linux x86_64) AppleWebKit/537.36 (KHTML, like Gecko) Chrome/138.0.0.0 Safari/537.36"
66.249.65.36 - - [12/Jul/2025:14:16:52 +0000] "GET /?x=5920361001800&mod=4500e403&uri=dp.php%3Fid%3D197704-342%26name%3Dlittle+tikes+whale+rocker HTTP/1.1" 200 21835 "-" "Mozilla/5.0 (Linux; Android 6.0.1; Nexus 5X Build/MMB29P) AppleWebKit/537.36 (KHTML, like Gecko) Chrome/137.0.7151.103 Mobile Safari/537.36 (compatible; Googlebot/2.1; +http://www.google.com/bot.html)"
69.171.249.10 - - [12/Jul/2025:14:17:36 +0000] "GET /wp-content/uploads/2024/12/mt-sample-background.jpg HTTP/1.1" 200 217593 "-" "facebookexternalhit/1.1 (+http://www.facebook.com/externalhit_uatext.php)"
66.220.149.10 - - [12/Jul/2025:14:17:55 +0000] "GET /wp-content/uploads/2024/12/mt-sample-background.jpg HTTP/1.1" 200 217593 "-" "facebookexternalhit/1.1 (+http://www.facebook.com/externalhit_uatext.php)"
66.249.65.35 - - [12/Jul/2025:14:18:56 +0000] "GET /?x=5817608121800&mod=165a59f7&uri=blog.php%3Fid%3D194274-336%26name%3Dcamomilla+borse+nuova+collezione HTTP/1.1" 200 21810 "-" "Mozilla/5.0 (Linux; Android 6.0.1; Nexus 5X Build/MMB29P) AppleWebKit/537.36 (KHTML, like Gecko) Chrome/137.0.7151.103 Mobile Safari/537.36 (compatible; Googlebot/2.1; +http://www.google.com/bot.html)"
209.74.77.214 - - [12/Jul/2025:14:19:21 +0000] "POST /wp-cron.php?doing_wp_cron=1752329961.9081621170043945312500 HTTP/1.1" 200 - "-" "WordPress/6.8.1; https://kraft-court.cafe"
51.222.253.15 - - [12/Jul/2025:14:19:21 +0000] "GET /?x=29016012071800&uri=form.php%3Fid%3D968424-949%26name%3Dnext%20fur%20gilet HTTP/1.1" 200 1917 "-" "Mozilla/5.0 (compatible; AhrefsBot/7.0; +http://ahrefs.com/robot/)"
66.249.65.35 - - [12/Jul/2025:14:20:48 +0000] "GET /?x=5930861061800&mod=4500e403&uri=blog.php%3Fid%3D198054-342%26name%3Dfisher+price+potty+seat HTTP/1.1" 200 20936 "-" "Mozilla/5.0 (Linux; Android 6.0.1; Nexus 5X Build/MMB29P) AppleWebKit/537.36 (KHTML, like Gecko) Chrome/137.0.7151.103 Mobile Safari/537.36 (compatible; Googlebot/2.1; +http://www.google.com/bot.html)"
66.249.65.37 - - [12/Jul/2025:14:21:08 +0000] "GET /?x=6591625011800&mod=9d068c86&uri=pin.php%3Fid%3D220151-371%26name%3Dquay+big+love HTTP/1.1" 200 21732 "-" "Mozilla/5.0 (Linux; Android 6.0.1; Nexus 5X Build/MMB29P) AppleWebKit/537.36 (KHTML, like Gecko) Chrome/137.0.7151.103 Mobile Safari/537.36 (compatible; Googlebot/2.1; +http://www.google.com/bot.html)"
66.249.65.35 - - [12/Jul/2025:14:21:20 +0000] "POST /get-message-notify HTTP/1.1" 200 21866 "https://kraft-court.cafe/?x=6591625011800&mod=9d068c86&uri=pin.php%3Fid%3D220151-371%26name%3Dquay+big+love" "Mozilla/5.0 (Linux; Android 6.0.1; Nexus 5X Build/MMB29P) AppleWebKit/537.36 (KHTML, like Gecko) Chrome/137.0.7151.119 Mobile Safari/537.36 (compatible; Googlebot/2.1; +http://www.google.com/bot.html)"
66.249.65.36 - - [12/Jul/2025:14:22:10 +0000] "GET /?x=26959813041800&mod=97108695&uri=info.php%3Fid%3D899789-335%26name%3Dthe+stick+of+truth+switch HTTP/1.1" 200 22363 "-" "Mozilla/5.0 (Linux; Android 6.0.1; Nexus 5X Build/MMB29P) AppleWebKit/537.36 (KHTML, like Gecko) Chrome/137.0.7151.103 Mobile Safari/537.36 (compatible; Googlebot/2.1; +http://www.google.com/bot.html)"
66.249.65.37 - - [12/Jul/2025:14:23:18 +0000] "GET /?x=29456395091800&mod=97108695&uri=product.php%3Fid%3D983149-335%26name%3Dn64+usa HTTP/1.1" 200 21649 "-" "Mozilla/5.0 (Linux; Android 6.0.1; Nexus 5X Build/MMB29P) AppleWebKit/537.36 (KHTML, like Gecko) Chrome/137.0.7151.103 Mobile Safari/537.36 (compatible; Googlebot/2.1; +http://www.google.com/bot.html)"
66.249.65.37 - - [12/Jul/2025:14:23:23 +0000] "GET /?x=5973860041800&mod=e3ea3396&uri=product.php%3Fid%3D199488-345%26name%3Dnavascues+madrinas+2021 HTTP/1.1" 200 21615 "-" "Mozilla/5.0 (Linux; Android 6.0.1; Nexus 5X Build/MMB29P) AppleWebKit/537.36 (KHTML, like Gecko) Chrome/137.0.7151.103 Mobile Safari/537.36 (compatible; Googlebot/2.1; +http://www.google.com/bot.html)"
209.74.77.214 - - [12/Jul/2025:14:24:07 +0000] "POST /wp-cron.php?doing_wp_cron=1752330247.3546679019927978515625 HTTP/1.1" 200 - "-" "WordPress/6.8.1; https://kraft-court.cafe"
51.222.253.6 - - [12/Jul/2025:14:24:06 +0000] "GET /?x=28611873071800&uri=shop.php%3Fid%3D954935-944%26name%3Dadidas%20originals%20outline%20jersey%20joggers%20in%20green%20dh5792 HTTP/1.1" 200 1946 "-" "Mozilla/5.0 (compatible; AhrefsBot/7.0; +http://ahrefs.com/robot/)"
