66.249.65.35 - - [12/Jul/2025:20:55:58 +0000] "POST /get-message-notify HTTP/1.1" 200 21859 "https://kraft-court.cafe/?x=5711542021800&mod=2de7cf20&uri=news.php%3Fid%3D190710-333%26name%3Dpurasawalkam+saravana+stores+jewellery" "Mozilla/5.0 (Linux; Android 6.0.1; Nexus 5X Build/MMB29P) AppleWebKit/537.36 (KHTML, like Gecko) Chrome/137.0.7151.119 Mobile Safari/537.36 (compatible; Googlebot/2.1; +http://www.google.com/bot.html)"
66.249.65.35 - - [12/Jul/2025:20:57:00 +0000] "GET /?x=5699337111800&mod=2de7cf20&uri=itm.php%3Fid%3D190299-333%26name%3Dwomens+wedding+band+tattoo HTTP/1.1" 200 21439 "-" "Mozilla/5.0 (Linux; Android 6.0.1; Nexus 5X Build/MMB29P) AppleWebKit/537.36 (KHTML, like Gecko) Chrome/137.0.7151.103 Mobile Safari/537.36 (compatible; Googlebot/2.1; +http://www.google.com/bot.html)"
66.249.65.36 - - [12/Jul/2025:21:03:03 +0000] "GET /?x=5570244051800&mod=cd3afef9&uri=product.php%3Fid%3D185955-220%26name%3Dwill+acrylic+paint+wash+off+jeans HTTP/1.1" 200 21968 "-" "Mozilla/5.0 (Linux; Android 6.0.1; Nexus 5X Build/MMB29P) AppleWebKit/537.36 (KHTML, like Gecko) Chrome/137.0.7151.103 Mobile Safari/537.36 (compatible; Googlebot/2.1; +http://www.google.com/bot.html)"
209.74.77.214 - - [12/Jul/2025:21:03:19 +0000] "POST /wp-cron.php?doing_wp_cron=1752354199.2534260749816894531250 HTTP/1.1" 200 - "-" "WordPress/6.8.1; https://kraft-court.cafe"
54.36.148.211 - - [12/Jul/2025:21:03:18 +0000] "GET /?x=104100844021800&uri=article.php%3Fid%3D3474148-574%26name%3Dnew%20balance%20880%20comprar%20online%20mujer HTTP/1.1" 200 1939 "-" "Mozilla/5.0 (compatible; AhrefsBot/7.0; +http://ahrefs.com/robot/)"
66.249.65.35 - - [12/Jul/2025:21:03:19 +0000] "POST /get-message-notify HTTP/1.1" 200 21870 "https://kraft-court.cafe/?x=5570244051800&mod=cd3afef9&uri=product.php%3Fid%3D185955-220%26name%3Dwill+acrylic+paint+wash+off+jeans" "Mozilla/5.0 (Linux; Android 6.0.1; Nexus 5X Build/MMB29P) AppleWebKit/537.36 (KHTML, like Gecko) Chrome/137.0.7151.119 Mobile Safari/537.36 (compatible; Googlebot/2.1; +http://www.google.com/bot.html)"
66.249.65.35 - - [12/Jul/2025:21:03:29 +0000] "GET /?x=5644439061800&mod=55d99a37&uri=blog.php%3Fid%3D188466-315%26name%3Drolex+daytona+kautschuk+armband HTTP/1.1" 200 21715 "-" "Mozilla/5.0 (Linux; Android 6.0.1; Nexus 5X Build/MMB29P) AppleWebKit/537.36 (KHTML, like Gecko) Chrome/137.0.7151.103 Mobile Safari/537.36 (compatible; Googlebot/2.1; +http://www.google.com/bot.html)"
66.249.65.37 - - [12/Jul/2025:21:06:23 +0000] "GET /?x=5638442091800&mod=55d99a37&uri=goods.php%3Fid%3D188265-315%26name%3Dlederarmband+glash%C3%83%C2%BCtte+original HTTP/1.1" 200 20827 "-" "Mozilla/5.0 (Linux; Android 6.0.1; Nexus 5X Build/MMB29P) AppleWebKit/537.36 (KHTML, like Gecko) Chrome/137.0.7151.103 Mobile Safari/537.36 (compatible; Googlebot/2.1; +http://www.google.com/bot.html)"
66.249.65.35 - - [12/Jul/2025:21:06:38 +0000] "GET /?x=5643692051800&mod=55d99a37&uri=shop.php%3Fid%3D188441-315%26name%3Drolex+air+king+chronext HTTP/1.1" 200 21177 "-" "Mozilla/5.0 (Linux; Android 6.0.1; Nexus 5X Build/MMB29P) AppleWebKit/537.36 (KHTML, like Gecko) Chrome/137.0.7151.103 Mobile Safari/537.36 (compatible; Googlebot/2.1; +http://www.google.com/bot.html)"
66.249.65.35 - - [12/Jul/2025:21:06:49 +0000] "POST /get-message-notify HTTP/1.1" 200 21861 "https://kraft-court.cafe/?x=5643692051800&mod=55d99a37&uri=shop.php%3Fid%3D188441-315%26name%3Drolex+air+king+chronext" "Mozilla/5.0 (Linux; Android 6.0.1; Nexus 5X Build/MMB29P) AppleWebKit/537.36 (KHTML, like Gecko) Chrome/137.0.7151.119 Mobile Safari/537.36 (compatible; Googlebot/2.1; +http://www.google.com/bot.html)"
66.249.65.35 - - [12/Jul/2025:21:07:16 +0000] "POST /get-message-notify HTTP/1.1" 200 21878 "https://kraft-court.cafe/?x=5638442091800&mod=55d99a37&uri=goods.php%3Fid%3D188265-315%26name%3Dlederarmband+glash%C3%83%C2%BCtte+original" "Mozilla/5.0 (Linux; Android 6.0.1; Nexus 5X Build/MMB29P) AppleWebKit/537.36 (KHTML, like Gecko) Chrome/137.0.7151.119 Mobile Safari/537.36 (compatible; Googlebot/2.1; +http://www.google.com/bot.html)"
66.249.65.36 - - [12/Jul/2025:21:07:54 +0000] "GET /?x=6076721081800&mod=fd9dcf1d&uri=us.php%3Fid%3D202924-349%26name%3Dtype+maille+chaine HTTP/1.1" 200 21710 "-" "Mozilla/5.0 (Linux; Android 6.0.1; Nexus 5X Build/MMB29P) AppleWebKit/537.36 (KHTML, like Gecko) Chrome/137.0.7151.103 Mobile Safari/537.36 (compatible; Googlebot/2.1; +http://www.google.com/bot.html)"
66.249.65.37 - - [12/Jul/2025:21:09:41 +0000] "GET /?x=5691900011800&mod=2de7cf20&uri=form.php%3Fid%3D190051-333%26name%3Dwide+band+marquise+diamond+ring HTTP/1.1" 200 22296 "-" "Mozilla/5.0 (Linux; Android 6.0.1; Nexus 5X Build/MMB29P) AppleWebKit/537.36 (KHTML, like Gecko) Chrome/137.0.7151.103 Mobile Safari/537.36 (compatible; Googlebot/2.1; +http://www.google.com/bot.html)"
66.249.65.35 - - [12/Jul/2025:21:10:18 +0000] "GET /?x=5657451031800&mod=dc6a7e65&uri=shop.php%3Fid%3D188902-308%26name%3Dpocket+crewneck HTTP/1.1" 200 22607 "-" "Mozilla/5.0 (Linux; Android 6.0.1; Nexus 5X Build/MMB29P) AppleWebKit/537.36 (KHTML, like Gecko) Chrome/137.0.7151.103 Mobile Safari/537.36 (compatible; Googlebot/2.1; +http://www.google.com/bot.html)"
66.249.65.36 - - [12/Jul/2025:21:11:14 +0000] "GET /?x=88903831041800&mod=e94fe9ac&uri=search.php%3Fid%3D2966857-332%26name%3Dcartoon+hd+apk+android HTTP/1.1" 200 22315 "-" "Mozilla/5.0 (Linux; Android 6.0.1; Nexus 5X Build/MMB29P) AppleWebKit/537.36 (KHTML, like Gecko) Chrome/137.0.7151.103 Mobile Safari/537.36 (compatible; Googlebot/2.1; +http://www.google.com/bot.html)"
66.249.65.35 - - [12/Jul/2025:21:11:23 +0000] "POST /get-message-notify HTTP/1.1" 200 21858 "https://kraft-court.cafe/?x=88903831041800&mod=e94fe9ac&uri=search.php%3Fid%3D2966857-332%26name%3Dcartoon+hd+apk+android" "Mozilla/5.0 (Linux; Android 6.0.1; Nexus 5X Build/MMB29P) AppleWebKit/537.36 (KHTML, like Gecko) Chrome/137.0.7151.119 Mobile Safari/537.36 (compatible; Googlebot/2.1; +http://www.google.com/bot.html)"
209.74.77.214 - - [12/Jul/2025:21:12:09 +0000] "POST /wp-cron.php?doing_wp_cron=1752354729.3148798942565917968750 HTTP/1.1" 200 - "-" "WordPress/6.8.1; https://kraft-court.cafe"
54.36.148.79 - - [12/Jul/2025:21:12:08 +0000] "GET /?x=107936933141800&uri=form.php%3Fid%3D3602210-1659%26name%3Dbirkenstock%20womens%20wedge%20sandals HTTP/1.1" 200 1932 "-" "Mozilla/5.0 (compatible; AhrefsBot/7.0; +http://ahrefs.com/robot/)"
66.249.65.35 - - [12/Jul/2025:21:13:58 +0000] "GET /?x=5729154001800&mod=333cb763&uri=search.php%3Fid%3D191322-334%26name%3Dstream+jersey+shore+family+vacation HTTP/1.1" 200 22036 "-" "Mozilla/5.0 (Linux; Android 6.0.1; Nexus 5X Build/MMB29P) AppleWebKit/537.36 (KHTML, like Gecko) Chrome/137.0.7151.103 Mobile Safari/537.36 (compatible; Googlebot/2.1; +http://www.google.com/bot.html)"
66.249.65.36 - - [12/Jul/2025:21:15:45 +0000] "GET /?x=5799608001800&mod=a8849b05&uri=blog.php%3Fid%3D193674-57%26name%3Dbest+earbuds+for+tv+viewing HTTP/1.1" 200 22443 "-" "Mozilla/5.0 (Linux; Android 6.0.1; Nexus 5X Build/MMB29P) AppleWebKit/537.36 (KHTML, like Gecko) Chrome/137.0.7151.103 Mobile Safari/537.36 (compatible; Googlebot/2.1; +http://www.google.com/bot.html)"
66.249.65.36 - - [12/Jul/2025:21:15:50 +0000] "POST /get-message-notify HTTP/1.1" 200 21879 "https://kraft-court.cafe/?x=5799608001800&mod=a8849b05&uri=blog.php%3Fid%3D193674-57%26name%3Dbest+earbuds+for+tv+viewing" "Mozilla/5.0 (Linux; Android 6.0.1; Nexus 5X Build/MMB29P) AppleWebKit/537.36 (KHTML, like Gecko) Chrome/137.0.7151.119 Mobile Safari/537.36 (compatible; Googlebot/2.1; +http://www.google.com/bot.html)"
66.249.65.37 - - [12/Jul/2025:21:16:46 +0000] "GET /?x=5732313071800&mod=333cb763&uri=goods.php%3Fid%3D191429-334%26name%3Dwatch+jjk HTTP/1.1" 200 22162 "-" "Mozilla/5.0 (Linux; Android 6.0.1; Nexus 5X Build/MMB29P) AppleWebKit/537.36 (KHTML, like Gecko) Chrome/137.0.7151.103 Mobile Safari/537.36 (compatible; Googlebot/2.1; +http://www.google.com/bot.html)"
66.249.65.35 - - [12/Jul/2025:21:17:41 +0000] "GET /?x=5723766051800&mod=333cb763&uri=form.php%3Fid%3D191135-334%26name%3Dintruder+2021+eng+sub HTTP/1.1" 200 22086 "-" "Mozilla/5.0 (Linux; Android 6.0.1; Nexus 5X Build/MMB29P) AppleWebKit/537.36 (KHTML, like Gecko) Chrome/137.0.7151.103 Mobile Safari/537.36 (compatible; Googlebot/2.1; +http://www.google.com/bot.html)"
66.249.65.36 - - [12/Jul/2025:21:18:09 +0000] "GET /?x=5798708001800&mod=165a59f7&uri=product.php%3Fid%3D193644-336%26name%3Dgivenchy+antigona+usata HTTP/1.1" 200 20893 "-" "Mozilla/5.0 (Linux; Android 6.0.1; Nexus 5X Build/MMB29P) AppleWebKit/537.36 (KHTML, like Gecko) Chrome/137.0.7151.103 Mobile Safari/537.36 (compatible; Googlebot/2.1; +http://www.google.com/bot.html)"
66.249.65.35 - - [12/Jul/2025:21:21:23 +0000] "GET /?x=5715756021800&mod=333cb763&uri=shop.php%3Fid%3D190858-334%26name%3Dall+naruto+fillers HTTP/1.1" 200 21887 "-" "Mozilla/5.0 (Linux; Android 6.0.1; Nexus 5X Build/MMB29P) AppleWebKit/537.36 (KHTML, like Gecko) Chrome/137.0.7151.103 Mobile Safari/537.36 (compatible; Googlebot/2.1; +http://www.google.com/bot.html)"
66.249.65.36 - - [12/Jul/2025:21:21:50 +0000] "GET /?x=5749467041800&mod=97108695&uri=brands.php%3Fid%3D192002-335%26name%3Dkirby+star+allies+nintendo+switch+lite HTTP/1.1" 200 22336 "-" "Mozilla/5.0 (Linux; Android 6.0.1; Nexus 5X Build/MMB29P) AppleWebKit/537.36 (KHTML, like Gecko) Chrome/137.0.7151.103 Mobile Safari/537.36 (compatible; Googlebot/2.1; +http://www.google.com/bot.html)"
66.249.65.36 - - [12/Jul/2025:21:22:43 +0000] "GET /?x=5674671031800&mod=dc6a7e65&uri=product.php%3Fid%3D189476-308%26name%3Dgucci+disney+mickey+hoodie HTTP/1.1" 200 22729 "-" "Mozilla/5.0 (Linux; Android 6.0.1; Nexus 5X Build/MMB29P) AppleWebKit/537.36 (KHTML, like Gecko) Chrome/137.0.7151.103 Mobile Safari/537.36 (compatible; Googlebot/2.1; +http://www.google.com/bot.html)"
66.249.65.37 - - [12/Jul/2025:21:23:06 +0000] "POST /get-message-notify HTTP/1.1" 200 21858 "https://kraft-court.cafe/?x=5674671031800&mod=dc6a7e65&uri=product.php%3Fid%3D189476-308%26name%3Dgucci+disney+mickey+hoodie" "Mozilla/5.0 (Linux; Android 6.0.1; Nexus 5X Build/MMB29P) AppleWebKit/537.36 (KHTML, like Gecko) Chrome/137.0.7151.119 Mobile Safari/537.36 (compatible; Googlebot/2.1; +http://www.google.com/bot.html)"
66.249.65.35 - - [12/Jul/2025:21:24:56 +0000] "GET /?x=70048664031800&mod=b98249b3&uri=search.php%3Fid%3D2337603-328%26name%3Dlowa+renegade+gtx+lo+herren+43 HTTP/1.1" 200 22179 "-" "Mozilla/5.0 (Linux; Android 6.0.1; Nexus 5X Build/MMB29P) AppleWebKit/537.36 (KHTML, like Gecko) Chrome/137.0.7151.103 Mobile Safari/537.36 (compatible; Googlebot/2.1; +http://www.google.com/bot.html)"
66.249.65.35 - - [12/Jul/2025:21:27:23 +0000] "GET /?x=5681151021800&mod=0a113ef6&uri=brands.php%3Fid%3D189692-88%26name%3Dkods+climbing+frame HTTP/1.1" 200 21907 "-" "Mozilla/5.0 (Linux; Android 6.0.1; Nexus 5X Build/MMB29P) AppleWebKit/537.36 (KHTML, like Gecko) Chrome/137.0.7151.103 Mobile Safari/537.36 (compatible; Googlebot/2.1; +http://www.google.com/bot.html)"
66.249.65.37 - - [12/Jul/2025:21:28:02 +0000] "GET /?x=5523154071800&mod=ffbd6cbb&uri=blog.php%3Fid%3D184385-310%26name%3D4k+rendering+graphics+card HTTP/1.1" 200 21574 "-" "Mozilla/5.0 (Linux; Android 6.0.1; Nexus 5X Build/MMB29P) AppleWebKit/537.36 (KHTML, like Gecko) Chrome/137.0.7151.103 Mobile Safari/537.36 (compatible; Googlebot/2.1; +http://www.google.com/bot.html)"
66.249.65.36 - - [12/Jul/2025:21:28:36 +0000] "GET /?x=5568364021800&mod=cd3afef9&uri=goods.php%3Fid%3D185892-220%26name%3Dtall+blazer+dress HTTP/1.1" 200 22211 "-" "Mozilla/5.0 (Linux; Android 6.0.1; Nexus 5X Build/MMB29P) AppleWebKit/537.36 (KHTML, like Gecko) Chrome/137.0.7151.103 Mobile Safari/537.36 (compatible; Googlebot/2.1; +http://www.google.com/bot.html)"
66.249.65.35 - - [12/Jul/2025:21:28:47 +0000] "POST /get-message-notify HTTP/1.1" 200 21839 "https://kraft-court.cafe/?x=5568364021800&mod=cd3afef9&uri=goods.php%3Fid%3D185892-220%26name%3Dtall+blazer+dress" "Mozilla/5.0 (Linux; Android 6.0.1; Nexus 5X Build/MMB29P) AppleWebKit/537.36 (KHTML, like Gecko) Chrome/137.0.7151.119 Mobile Safari/537.36 (compatible; Googlebot/2.1; +http://www.google.com/bot.html)"
66.249.65.37 - - [12/Jul/2025:21:31:57 +0000] "GET /?x=5682810001800&mod=dc6a7e65&uri=dp.php%3Fid%3D189748-308%26name%3Ddior+judy+blame+sweatshirt HTTP/1.1" 200 22414 "-" "Mozilla/5.0 (Linux; Android 6.0.1; Nexus 5X Build/MMB29P) AppleWebKit/537.36 (KHTML, like Gecko) Chrome/137.0.7151.103 Mobile Safari/537.36 (compatible; Googlebot/2.1; +http://www.google.com/bot.html)"
66.249.65.35 - - [12/Jul/2025:21:32:15 +0000] "GET /?x=5709024011800&mod=333cb763&uri=shared.php%3Fid%3D190625-334%26name%3Dseries+like+hunter+x+hunter HTTP/1.1" 200 22746 "-" "Mozilla/5.0 (Linux; Android 6.0.1; Nexus 5X Build/MMB29P) AppleWebKit/537.36 (KHTML, like Gecko) Chrome/137.0.7151.103 Mobile Safari/537.36 (compatible; Googlebot/2.1; +http://www.google.com/bot.html)"
66.249.65.35 - - [12/Jul/2025:21:32:59 +0000] "GET /?x=5925551051800&mod=4500e403&uri=pin.php%3Fid%3D197877-342%26name%3Dkegunaan+baby+bouncer HTTP/1.1" 200 20629 "-" "Mozilla/5.0 (Linux; Android 6.0.1; Nexus 5X Build/MMB29P) AppleWebKit/537.36 (KHTML, like Gecko) Chrome/137.0.7151.103 Mobile Safari/537.36 (compatible; Googlebot/2.1; +http://www.google.com/bot.html)"
66.249.65.35 - - [12/Jul/2025:21:34:15 +0000] "GET /?x=5569654011800&mod=fa84632d&uri=category-info.php%3Fid%3D185935-329%26name%3Dleggings+just+as+good+as+lululemon HTTP/1.1" 200 22374 "-" "Mozilla/5.0 (Linux; Android 6.0.1; Nexus 5X Build/MMB29P) AppleWebKit/537.36 (KHTML, like Gecko) Chrome/137.0.7151.103 Mobile Safari/537.36 (compatible; Googlebot/2.1; +http://www.google.com/bot.html)"
66.249.65.36 - - [12/Jul/2025:21:34:30 +0000] "POST /get-message-notify HTTP/1.1" 200 21857 "https://kraft-court.cafe/?x=5569654011800&mod=fa84632d&uri=category-info.php%3Fid%3D185935-329%26name%3Dleggings+just+as+good+as+lululemon" "Mozilla/5.0 (Linux; Android 6.0.1; Nexus 5X Build/MMB29P) AppleWebKit/537.36 (KHTML, like Gecko) Chrome/137.0.7151.119 Mobile Safari/537.36 (compatible; Googlebot/2.1; +http://www.google.com/bot.html)"
66.249.65.37 - - [12/Jul/2025:21:35:55 +0000] "GET /?x=5542594011800&mod=cd3afef9&uri=news.php%3Fid%3D185033-220%26name%3Dpants+painted HTTP/1.1" 200 22091 "-" "Mozilla/5.0 (Linux; Android 6.0.1; Nexus 5X Build/MMB29P) AppleWebKit/537.36 (KHTML, like Gecko) Chrome/137.0.7151.103 Mobile Safari/537.36 (compatible; Googlebot/2.1; +http://www.google.com/bot.html)"
66.249.65.37 - - [12/Jul/2025:21:36:36 +0000] "GET /?x=88903891051800&mod=e94fe9ac&uri=category-info.php%3Fid%3D2966859-332%26name%3Dhow+to+get+peacock+on+firestick HTTP/1.1" 200 21554 "-" "Mozilla/5.0 (Linux; Android 6.0.1; Nexus 5X Build/MMB29P) AppleWebKit/537.36 (KHTML, like Gecko) Chrome/137.0.7151.103 Mobile Safari/537.36 (compatible; Googlebot/2.1; +http://www.google.com/bot.html)"
66.249.65.36 - - [12/Jul/2025:21:37:24 +0000] "POST /get-message-notify HTTP/1.1" 200 21879 "https://kraft-court.cafe/?x=88903891051800&mod=e94fe9ac&uri=category-info.php%3Fid%3D2966859-332%26name%3Dhow+to+get+peacock+on+firestick" "Mozilla/5.0 (Linux; Android 6.0.1; Nexus 5X Build/MMB29P) AppleWebKit/537.36 (KHTML, like Gecko) Chrome/137.0.7151.119 Mobile Safari/537.36 (compatible; Googlebot/2.1; +http://www.google.com/bot.html)"
66.249.65.36 - - [12/Jul/2025:21:37:49 +0000] "GET /?x=88893169021800&mod=e94fe9ac&uri=pin.php%3Fid%3D2966500-332%26name%3Dwatch+on+peacock HTTP/1.1" 200 22503 "-" "Mozilla/5.0 (Linux; Android 6.0.1; Nexus 5X Build/MMB29P) AppleWebKit/537.36 (KHTML, like Gecko) Chrome/137.0.7151.103 Mobile Safari/537.36 (compatible; Googlebot/2.1; +http://www.google.com/bot.html)"
66.249.65.35 - - [12/Jul/2025:21:39:13 +0000] "GET /?x=5802578111800&mod=2e2c080d&uri=shop.php%3Fid%3D193773-337%26name%3Dpantalones+para+hombre+aesthetic HTTP/1.1" 200 20560 "-" "Mozilla/5.0 (Linux; Android 6.0.1; Nexus 5X Build/MMB29P) AppleWebKit/537.36 (KHTML, like Gecko) Chrome/137.0.7151.103 Mobile Safari/537.36 (compatible; Googlebot/2.1; +http://www.google.com/bot.html)"
66.249.65.35 - - [12/Jul/2025:21:39:34 +0000] "GET /?x=5575975051800&mod=fa84632d&uri=pin.php%3Fid%3D186147-329%26name%3Dcanada+goose+raincoat HTTP/1.1" 200 21253 "-" "Mozilla/5.0 (Linux; Android 6.0.1; Nexus 5X Build/MMB29P) AppleWebKit/537.36 (KHTML, like Gecko) Chrome/137.0.7151.103 Mobile Safari/537.36 (compatible; Googlebot/2.1; +http://www.google.com/bot.html)"
66.249.65.36 - - [12/Jul/2025:21:40:28 +0000] "GET /?x=5716689021800&mod=333cb763&uri=goods.php%3Fid%3D190890-334%26name%3Dbegin+again+dramacool HTTP/1.1" 200 22639 "-" "Mozilla/5.0 (Linux; Android 6.0.1; Nexus 5X Build/MMB29P) AppleWebKit/537.36 (KHTML, like Gecko) Chrome/137.0.7151.103 Mobile Safari/537.36 (compatible; Googlebot/2.1; +http://www.google.com/bot.html)"
66.249.65.35 - - [12/Jul/2025:21:40:32 +0000] "POST /get-message-notify HTTP/1.1" 200 21867 "https://kraft-court.cafe/?x=5716689021800&mod=333cb763&uri=goods.php%3Fid%3D190890-334%26name%3Dbegin+again+dramacool" "Mozilla/5.0 (Linux; Android 6.0.1; Nexus 5X Build/MMB29P) AppleWebKit/537.36 (KHTML, like Gecko) Chrome/137.0.7151.119 Mobile Safari/537.36 (compatible; Googlebot/2.1; +http://www.google.com/bot.html)"
66.249.65.35 - - [12/Jul/2025:21:41:02 +0000] "GET /?x=6082651011800&mod=0d0fd7c6&uri=category-info.php%3Fid%3D203122-40%26name%3Dryobi+40v+expand+it+edger HTTP/1.1" 200 22128 "-" "Mozilla/5.0 (Linux; Android 6.0.1; Nexus 5X Build/MMB29P) AppleWebKit/537.36 (KHTML, like Gecko) Chrome/137.0.7151.103 Mobile Safari/537.36 (compatible; Googlebot/2.1; +http://www.google.com/bot.html)"
66.249.65.35 - - [12/Jul/2025:21:41:12 +0000] "GET /?x=5576982091800&mod=c4b43ae0&uri=news.php%3Fid%3D186181-330%26name%3Dpotterton+e168 HTTP/1.1" 200 21436 "-" "Mozilla/5.0 (Linux; Android 6.0.1; Nexus 5X Build/MMB29P) AppleWebKit/537.36 (KHTML, like Gecko) Chrome/137.0.7151.103 Mobile Safari/537.36 (compatible; Googlebot/2.1; +http://www.google.com/bot.html)"
66.249.65.37 - - [12/Jul/2025:21:42:17 +0000] "GET /?x=26948157001800&mod=97108695&uri=products.php%3Fid%3D899400-335%26name%3Dcinnamoroll+switch+lite+case HTTP/1.1" 200 22561 "-" "Mozilla/5.0 (Linux; Android 6.0.1; Nexus 5X Build/MMB29P) AppleWebKit/537.36 (KHTML, like Gecko) Chrome/137.0.7151.103 Mobile Safari/537.36 (compatible; Googlebot/2.1; +http://www.google.com/bot.html)"
66.249.65.36 - - [12/Jul/2025:21:42:19 +0000] "POST /get-message-notify HTTP/1.1" 200 21863 "https://kraft-court.cafe/?x=26948157001800&mod=97108695&uri=products.php%3Fid%3D899400-335%26name%3Dcinnamoroll+switch+lite+case" "Mozilla/5.0 (Linux; Android 6.0.1; Nexus 5X Build/MMB29P) AppleWebKit/537.36 (KHTML, like Gecko) Chrome/137.0.7151.119 Mobile Safari/537.36 (compatible; Googlebot/2.1; +http://www.google.com/bot.html)"
66.249.65.37 - - [12/Jul/2025:21:43:16 +0000] "GET /?x=5683200131800&mod=0a113ef6&uri=us.php%3Fid%3D189761-88%26name%3Dhappy+hop+airflow+play+and+splash+centre HTTP/1.1" 200 22023 "-" "Mozilla/5.0 (Linux; Android 6.0.1; Nexus 5X Build/MMB29P) AppleWebKit/537.36 (KHTML, like Gecko) Chrome/137.0.7151.103 Mobile Safari/537.36 (compatible; Googlebot/2.1; +http://www.google.com/bot.html)"
66.249.65.36 - - [12/Jul/2025:21:43:21 +0000] "POST /get-message-notify HTTP/1.1" 200 21866 "https://kraft-court.cafe/?x=5683200131800&mod=0a113ef6&uri=us.php%3Fid%3D189761-88%26name%3Dhappy+hop+airflow+play+and+splash+centre" "Mozilla/5.0 (Linux; Android 6.0.1; Nexus 5X Build/MMB29P) AppleWebKit/537.36 (KHTML, like Gecko) Chrome/137.0.7151.119 Mobile Safari/537.36 (compatible; Googlebot/2.1; +http://www.google.com/bot.html)"
66.249.65.35 - - [12/Jul/2025:21:44:16 +0000] "GET /?x=5969525101800&mod=e3ea3396&uri=dp.php%3Fid%3D199343-345%26name%3Dtiendas+de+vestidos+para+fiestas+near+me HTTP/1.1" 200 21664 "-" "Mozilla/5.0 (Linux; Android 6.0.1; Nexus 5X Build/MMB29P) AppleWebKit/537.36 (KHTML, like Gecko) Chrome/137.0.7151.103 Mobile Safari/537.36 (compatible; Googlebot/2.1; +http://www.google.com/bot.html)"
66.249.65.37 - - [12/Jul/2025:21:45:20 +0000] "GET /?x=5832024041800&mod=384babc3&uri=brands.php%3Fid%3D194756-339%26name%3Dadidas+nmd+350+hombre HTTP/1.1" 200 22441 "-" "Mozilla/5.0 (Linux; Android 6.0.1; Nexus 5X Build/MMB29P) AppleWebKit/537.36 (KHTML, like Gecko) Chrome/137.0.7151.103 Mobile Safari/537.36 (compatible; Googlebot/2.1; +http://www.google.com/bot.html)"
66.249.65.36 - - [12/Jul/2025:21:45:51 +0000] "GET /?x=5604178011800&mod=e94fe9ac&uri=article.php%3Fid%3D187097-332%26name%3Dhow+to+do+ecg+on+apple+watch HTTP/1.1" 200 22137 "-" "Mozilla/5.0 (Linux; Android 6.0.1; Nexus 5X Build/MMB29P) AppleWebKit/537.36 (KHTML, like Gecko) Chrome/137.0.7151.103 Mobile Safari/537.36 (compatible; Googlebot/2.1; +http://www.google.com/bot.html)"
66.249.65.37 - - [12/Jul/2025:21:46:54 +0000] "GET /?x=5543734011800&mod=cd3afef9&uri=blog.php%3Fid%3D185071-220%26name%3Dparajumpers+nolan+jacket HTTP/1.1" 200 22003 "-" "Mozilla/5.0 (Linux; Android 6.0.1; Nexus 5X Build/MMB29P) AppleWebKit/537.36 (KHTML, like Gecko) Chrome/137.0.7151.103 Mobile Safari/537.36 (compatible; Googlebot/2.1; +http://www.google.com/bot.html)"
66.249.65.35 - - [12/Jul/2025:21:47:22 +0000] "GET /?x=5966921031800&mod=040a99f2&uri=pin.php%3Fid%3D199256-322%26name%3Dsamsung+dw80j3020ub HTTP/1.1" 200 22170 "-" "Mozilla/5.0 (Linux; Android 6.0.1; Nexus 5X Build/MMB29P) AppleWebKit/537.36 (KHTML, like Gecko) Chrome/137.0.7151.103 Mobile Safari/537.36 (compatible; Googlebot/2.1; +http://www.google.com/bot.html)"
66.249.65.35 - - [12/Jul/2025:21:48:23 +0000] "GET /?x=5824519031800&mod=165a59f7&uri=dp.php%3Fid%3D194505-336%26name%3Dtracolla+piquadro+offerta HTTP/1.1" 200 22146 "-" "Mozilla/5.0 (Linux; Android 6.0.1; Nexus 5X Build/MMB29P) AppleWebKit/537.36 (KHTML, like Gecko) Chrome/137.0.7151.103 Mobile Safari/537.36 (compatible; Googlebot/2.1; +http://www.google.com/bot.html)"
209.74.77.214 - - [12/Jul/2025:21:49:06 +0000] "POST /wp-cron.php?doing_wp_cron=1752356946.0213029384613037109375 HTTP/1.1" 200 - "-" "WordPress/6.8.1; https://kraft-court.cafe"
54.36.148.74 - - [12/Jul/2025:21:49:03 +0000] "GET /?x=110661907001800&mod=c57abe86&uri=form.php%3Fid%3D3693140-324%26name%3Dchinese+roast+duck+recipe HTTP/1.1" 301 - "-" "Mozilla/5.0 (compatible; AhrefsBot/7.0; +http://ahrefs.com/robot/)"
66.249.65.35 - - [12/Jul/2025:21:49:33 +0000] "GET /?x=25074306031800&mod=c4b43ae0&uri=blog.php%3Fid%3D836883-330%26name%3Ddiy+fishing+spear HTTP/1.1" 200 22090 "-" "Mozilla/5.0 (Linux; Android 6.0.1; Nexus 5X Build/MMB29P) AppleWebKit/537.36 (KHTML, like Gecko) Chrome/137.0.7151.103 Mobile Safari/537.36 (compatible; Googlebot/2.1; +http://www.google.com/bot.html)"
66.249.65.36 - - [12/Jul/2025:21:49:47 +0000] "GET /?x=5681370021800&mod=dc6a7e65&uri=goods.php%3Fid%3D189700-308%26name%3Djesus+merch+hoodie HTTP/1.1" 200 22208 "-" "Mozilla/5.0 (Linux; Android 6.0.1; Nexus 5X Build/MMB29P) AppleWebKit/537.36 (KHTML, like Gecko) Chrome/137.0.7151.103 Mobile Safari/537.36 (compatible; Googlebot/2.1; +http://www.google.com/bot.html)"
66.249.65.35 - - [12/Jul/2025:21:49:53 +0000] "POST /get-message-notify HTTP/1.1" 200 21865 "https://kraft-court.cafe/?x=5681370021800&mod=dc6a7e65&uri=goods.php%3Fid%3D189700-308%26name%3Djesus+merch+hoodie" "Mozilla/5.0 (Linux; Android 6.0.1; Nexus 5X Build/MMB29P) AppleWebKit/537.36 (KHTML, like Gecko) Chrome/137.0.7151.119 Mobile Safari/537.36 (compatible; Googlebot/2.1; +http://www.google.com/bot.html)"
66.249.65.36 - - [12/Jul/2025:21:50:26 +0000] "GET /?x=5542084111800&mod=ffbd6cbb&uri=goods.php%3Fid%3D185016-310%26name%3Dnvidia+rtx+2080+ti+graphics+card HTTP/1.1" 200 21476 "-" "Mozilla/5.0 (Linux; Android 6.0.1; Nexus 5X Build/MMB29P) AppleWebKit/537.36 (KHTML, like Gecko) Chrome/137.0.7151.103 Mobile Safari/537.36 (compatible; Googlebot/2.1; +http://www.google.com/bot.html)"
66.249.65.35 - - [12/Jul/2025:21:50:30 +0000] "GET /?x=5968535041800&mod=e3ea3396&uri=news.php%3Fid%3D199310-345%26name%3Dchamarras+para+esquiar+hombre HTTP/1.1" 200 21410 "-" "Mozilla/5.0 (Linux; Android 6.0.1; Nexus 5X Build/MMB29P) AppleWebKit/537.36 (KHTML, like Gecko) Chrome/137.0.7151.103 Mobile Safari/537.36 (compatible; Googlebot/2.1; +http://www.google.com/bot.html)"
66.249.65.35 - - [12/Jul/2025:21:50:33 +0000] "POST /get-message-notify HTTP/1.1" 200 21862 "https://kraft-court.cafe/?x=5968535041800&mod=e3ea3396&uri=news.php%3Fid%3D199310-345%26name%3Dchamarras+para+esquiar+hombre" "Mozilla/5.0 (Linux; Android 6.0.1; Nexus 5X Build/MMB29P) AppleWebKit/537.36 (KHTML, like Gecko) Chrome/137.0.7151.119 Mobile Safari/537.36 (compatible; Googlebot/2.1; +http://www.google.com/bot.html)"
66.249.65.35 - - [12/Jul/2025:21:50:36 +0000] "GET /?x=31627113021800&mod=ffbd6cbb&uri=pin.php%3Fid%3D1055598-310%26name%3Dasrock+b450m+pro4+max+ram HTTP/1.1" 200 21557 "-" "Mozilla/5.0 (Linux; Android 6.0.1; Nexus 5X Build/MMB29P) AppleWebKit/537.36 (KHTML, like Gecko) Chrome/137.0.7151.103 Mobile Safari/537.36 (compatible; Googlebot/2.1; +http://www.google.com/bot.html)"
66.249.65.35 - - [12/Jul/2025:21:51:03 +0000] "POST /get-message-notify HTTP/1.1" 200 21851 "https://kraft-court.cafe/?x=31627113021800&mod=ffbd6cbb&uri=pin.php%3Fid%3D1055598-310%26name%3Dasrock+b450m+pro4+max+ram" "Mozilla/5.0 (Linux; Android 6.0.1; Nexus 5X Build/MMB29P) AppleWebKit/537.36 (KHTML, like Gecko) Chrome/137.0.7151.119 Mobile Safari/537.36 (compatible; Googlebot/2.1; +http://www.google.com/bot.html)"
66.249.65.35 - - [12/Jul/2025:21:51:26 +0000] "GET /?x=119819131001800&mod=a51fb975&uri=shared.php%3Fid%3D3998728-129%26name%3Dtpu+case+meaning HTTP/1.1" 200 21252 "-" "Mozilla/5.0 (Linux; Android 6.0.1; Nexus 5X Build/MMB29P) AppleWebKit/537.36 (KHTML, like Gecko) Chrome/137.0.7151.103 Mobile Safari/537.36 (compatible; Googlebot/2.1; +http://www.google.com/bot.html)"
66.249.65.37 - - [12/Jul/2025:21:52:53 +0000] "GET /?x=55284674001800&mod=ffbd6cbb&uri=shop.php%3Fid%3D1844892-310%26name%3Dasrock+b460+steel+legend+socket+1200 HTTP/1.1" 200 22059 "-" "Mozilla/5.0 (Linux; Android 6.0.1; Nexus 5X Build/MMB29P) AppleWebKit/537.36 (KHTML, like Gecko) Chrome/137.0.7151.103 Mobile Safari/537.36 (compatible; Googlebot/2.1; +http://www.google.com/bot.html)"
66.249.65.35 - - [12/Jul/2025:21:52:53 +0000] "GET /?x=39994934031800&mod=a8849b05&uri=search.php%3Fid%3D1334824-57%26name%3Dbest+earbuds+2020+affordable HTTP/1.1" 200 22514 "-" "Mozilla/5.0 (Linux; Android 6.0.1; Nexus 5X Build/MMB29P) AppleWebKit/537.36 (KHTML, like Gecko) Chrome/137.0.7151.103 Mobile Safari/537.36 (compatible; Googlebot/2.1; +http://www.google.com/bot.html)"
66.249.65.36 - - [12/Jul/2025:21:53:04 +0000] "POST /get-message-notify HTTP/1.1" 200 21856 "https://kraft-court.cafe/?x=39994934031800&mod=a8849b05&uri=search.php%3Fid%3D1334824-57%26name%3Dbest+earbuds+2020+affordable" "Mozilla/5.0 (Linux; Android 6.0.1; Nexus 5X Build/MMB29P) AppleWebKit/537.36 (KHTML, like Gecko) Chrome/137.0.7151.119 Mobile Safari/537.36 (compatible; Googlebot/2.1; +http://www.google.com/bot.html)"
66.249.65.35 - - [12/Jul/2025:21:53:42 +0000] "GET /?x=47560840051800&mod=b7b16ecf&uri=info.php%3Fid%3D1587217-39%26name%3Dx+rocker+xr+gaming+chair HTTP/1.1" 200 21790 "-" "Mozilla/5.0 (Linux; Android 6.0.1; Nexus 5X Build/MMB29P) AppleWebKit/537.36 (KHTML, like Gecko) Chrome/137.0.7151.103 Mobile Safari/537.36 (compatible; Googlebot/2.1; +http://www.google.com/bot.html)"
66.249.65.37 - - [12/Jul/2025:21:54:16 +0000] "GET /?x=5709144051800&mod=2de7cf20&uri=article.php%3Fid%3D190629-333%26name%3Dtiffany+embrace+band+ring+3mm HTTP/1.1" 200 21685 "-" "Mozilla/5.0 (Linux; Android 6.0.1; Nexus 5X Build/MMB29P) AppleWebKit/537.36 (KHTML, like Gecko) Chrome/137.0.7151.103 Mobile Safari/537.36 (compatible; Googlebot/2.1; +http://www.google.com/bot.html)"
66.249.65.36 - - [12/Jul/2025:21:54:31 +0000] "GET /?x=119815681051800&mod=a51fb975&uri=product.php%3Fid%3D3998613-129%26name%3Du325ac+phone HTTP/1.1" 200 19358 "-" "Mozilla/5.0 (Linux; Android 6.0.1; Nexus 5X Build/MMB29P) AppleWebKit/537.36 (KHTML, like Gecko) Chrome/137.0.7151.103 Mobile Safari/537.36 (compatible; Googlebot/2.1; +http://www.google.com/bot.html)"
66.249.65.35 - - [12/Jul/2025:21:54:54 +0000] "POST /get-message-notify HTTP/1.1" 200 21864 "https://kraft-court.cafe/?x=47560840051800&mod=b7b16ecf&uri=info.php%3Fid%3D1587217-39%26name%3Dx+rocker+xr+gaming+chair" "Mozilla/5.0 (Linux; Android 6.0.1; Nexus 5X Build/MMB29P) AppleWebKit/537.36 (KHTML, like Gecko) Chrome/137.0.7151.119 Mobile Safari/537.36 (compatible; Googlebot/2.1; +http://www.google.com/bot.html)"
66.249.65.36 - - [12/Jul/2025:21:56:15 +0000] "GET /?x=6116735051800&mod=d3a7f48c&uri=form.php%3Fid%3D204259-208%26name%3Dnx100+price HTTP/1.1" 200 21030 "-" "Mozilla/5.0 (Linux; Android 6.0.1; Nexus 5X Build/MMB29P) AppleWebKit/537.36 (KHTML, like Gecko) Chrome/137.0.7151.103 Mobile Safari/537.36 (compatible; Googlebot/2.1; +http://www.google.com/bot.html)"
66.249.65.35 - - [12/Jul/2025:21:57:32 +0000] "GET /?x=5960291021800&mod=c5bbd980&uri=shop.php%3Fid%3D199035-344%26name%3Dmens+in+women%27s HTTP/1.1" 200 21694 "-" "Mozilla/5.0 (Linux; Android 6.0.1; Nexus 5X Build/MMB29P) AppleWebKit/537.36 (KHTML, like Gecko) Chrome/137.0.7151.103 Mobile Safari/537.36 (compatible; Googlebot/2.1; +http://www.google.com/bot.html)"
66.249.65.35 - - [12/Jul/2025:21:57:52 +0000] "GET /?x=5796818011800&mod=165a59f7&uri=us.php%3Fid%3D193581-336%26name%3Dgiorgio+armani+la+prima+handbag HTTP/1.1" 200 20784 "-" "Mozilla/5.0 (Linux; Android 6.0.1; Nexus 5X Build/MMB29P) AppleWebKit/537.36 (KHTML, like Gecko) Chrome/137.0.7151.103 Mobile Safari/537.36 (compatible; Googlebot/2.1; +http://www.google.com/bot.html)"
66.249.65.36 - - [12/Jul/2025:21:59:04 +0000] "GET /?x=3469714141800&mod=cd3afef9&uri=form.php%3Fid%3D115816-220%26name%3Dparajumpers+sale+uk HTTP/1.1" 200 21521 "-" "Mozilla/5.0 (Linux; Android 6.0.1; Nexus 5X Build/MMB29P) AppleWebKit/537.36 (KHTML, like Gecko) Chrome/137.0.7151.103 Mobile Safari/537.36 (compatible; Googlebot/2.1; +http://www.google.com/bot.html)"
66.249.65.36 - - [12/Jul/2025:21:59:30 +0000] "GET /?x=39989324011800&mod=a8849b05&uri=pin.php%3Fid%3D1334637-57%26name%3Dportronics+muffs+headphones HTTP/1.1" 200 22143 "-" "Mozilla/5.0 (Linux; Android 6.0.1; Nexus 5X Build/MMB29P) AppleWebKit/537.36 (KHTML, like Gecko) Chrome/137.0.7151.103 Mobile Safari/537.36 (compatible; Googlebot/2.1; +http://www.google.com/bot.html)"
66.249.65.35 - - [12/Jul/2025:22:00:35 +0000] "GET /?x=5933741061800&mod=f34185c4&uri=search.php%3Fid%3D198150-343%26name%3Dcampaign+desk+target HTTP/1.1" 200 21802 "-" "Mozilla/5.0 (Linux; Android 6.0.1; Nexus 5X Build/MMB29P) AppleWebKit/537.36 (KHTML, like Gecko) Chrome/137.0.7151.103 Mobile Safari/537.36 (compatible; Googlebot/2.1; +http://www.google.com/bot.html)"
66.249.65.36 - - [12/Jul/2025:22:01:32 +0000] "GET /?x=5640180011800&mod=55d99a37&uri=products.php%3Fid%3D188323-315%26name%3Duhrenarmband+20mm+sport HTTP/1.1" 200 21853 "-" "Mozilla/5.0 (Linux; Android 6.0.1; Nexus 5X Build/MMB29P) AppleWebKit/537.36 (KHTML, like Gecko) Chrome/137.0.7151.103 Mobile Safari/537.36 (compatible; Googlebot/2.1; +http://www.google.com/bot.html)"
185.241.208.99 - - [12/Jul/2025:22:01:32 +0000] "GET / HTTP/1.1" 200 5435 "-" "-"
209.74.77.214 - - [12/Jul/2025:22:01:33 +0000] "POST /wp-cron.php?doing_wp_cron=1752357693.2793180942535400390625 HTTP/1.1" 200 - "-" "WordPress/6.8.1; https://kraft-court.cafe"
185.241.208.99 - - [12/Jul/2025:22:01:33 +0000] "GET /wp-admin/install.php HTTP/1.1" 404 5475 "-" "-"
185.241.208.99 - - [12/Jul/2025:22:01:33 +0000] "GET /wp-admin/setup-config.php HTTP/1.1" 409 2665 "-" "-"
66.249.65.36 - - [12/Jul/2025:22:02:18 +0000] "POST /get-message-notify HTTP/1.1" 200 21866 "https://kraft-court.cafe/?x=5640180011800&mod=55d99a37&uri=products.php%3Fid%3D188323-315%26name%3Duhrenarmband+20mm+sport" "Mozilla/5.0 (Linux; Android 6.0.1; Nexus 5X Build/MMB29P) AppleWebKit/537.36 (KHTML, like Gecko) Chrome/137.0.7151.119 Mobile Safari/537.36 (compatible; Googlebot/2.1; +http://www.google.com/bot.html)"
66.249.65.36 - - [12/Jul/2025:22:02:51 +0000] "GET /?x=6081429011800&mod=fd9dcf1d&uri=info.php%3Fid%3D203081-349%26name%3Dbijouterie+vie+en+or HTTP/1.1" 200 22330 "-" "Mozilla/5.0 (Linux; Android 6.0.1; Nexus 5X Build/MMB29P) AppleWebKit/537.36 (KHTML, like Gecko) Chrome/137.0.7151.103 Mobile Safari/537.36 (compatible; Googlebot/2.1; +http://www.google.com/bot.html)"
66.249.65.36 - - [12/Jul/2025:22:03:12 +0000] "GET /?x=34906053071800&mod=e88f243b&uri=search.php%3Fid%3D1165041-481%26name%3Doneplus+covers+7t+pro HTTP/1.1" 200 21748 "-" "Mozilla/5.0 (Linux; Android 6.0.1; Nexus 5X Build/MMB29P) AppleWebKit/537.36 (KHTML, like Gecko) Chrome/137.0.7151.103 Mobile Safari/537.36 (compatible; Googlebot/2.1; +http://www.google.com/bot.html)"
66.249.65.37 - - [12/Jul/2025:22:03:15 +0000] "GET /?x=34571329031800&mod=ad68473a&uri=us.php%3Fid%3D1153875-407%26name%3Dcheap+sweaters+and+hoodies HTTP/1.1" 200 21897 "-" "Mozilla/5.0 (Linux; Android 6.0.1; Nexus 5X Build/MMB29P) AppleWebKit/537.36 (KHTML, like Gecko) Chrome/137.0.7151.103 Mobile Safari/537.36 (compatible; Googlebot/2.1; +http://www.google.com/bot.html)"
66.249.65.35 - - [12/Jul/2025:22:03:38 +0000] "GET /?x=5791525021800&mod=a8849b05&uri=product.php%3Fid%3D193404-57%26name%3Dbest+wireless+earbuds+under+%2450+2019 HTTP/1.1" 200 22205 "-" "Mozilla/5.0 (Linux; Android 6.0.1; Nexus 5X Build/MMB29P) AppleWebKit/537.36 (KHTML, like Gecko) Chrome/137.0.7151.103 Mobile Safari/537.36 (compatible; Googlebot/2.1; +http://www.google.com/bot.html)"
66.249.65.35 - - [12/Jul/2025:22:03:43 +0000] "POST /get-message-notify HTTP/1.1" 200 21853 "https://kraft-court.cafe/?x=34571329031800&mod=ad68473a&uri=us.php%3Fid%3D1153875-407%26name%3Dcheap+sweaters+and+hoodies" "Mozilla/5.0 (Linux; Android 6.0.1; Nexus 5X Build/MMB29P) AppleWebKit/537.36 (KHTML, like Gecko) Chrome/137.0.7151.119 Mobile Safari/537.36 (compatible; Googlebot/2.1; +http://www.google.com/bot.html)"
66.249.65.36 - - [12/Jul/2025:22:05:12 +0000] "GET /?x=5696997011800&mod=2de7cf20&uri=form.php%3Fid%3D190221-333%26name%3Dlondon+custom+jewellery HTTP/1.1" 200 22467 "-" "Mozilla/5.0 (Linux; Android 6.0.1; Nexus 5X Build/MMB29P) AppleWebKit/537.36 (KHTML, like Gecko) Chrome/137.0.7151.103 Mobile Safari/537.36 (compatible; Googlebot/2.1; +http://www.google.com/bot.html)"
66.249.65.36 - - [12/Jul/2025:22:05:17 +0000] "GET /?x=5578662031800&mod=c4b43ae0&uri=shared.php%3Fid%3D186237-330%26name%3Dbaxi+main+eco+compact+30kw+review HTTP/1.1" 200 21719 "-" "Mozilla/5.0 (Linux; Android 6.0.1; Nexus 5X Build/MMB29P) AppleWebKit/537.36 (KHTML, like Gecko) Chrome/137.0.7151.103 Mobile Safari/537.36 (compatible; Googlebot/2.1; +http://www.google.com/bot.html)"
66.249.65.35 - - [12/Jul/2025:22:06:08 +0000] "GET /?x=5813438111800&mod=165a59f7&uri=news.php%3Fid%3D194135-336%26name%3Dzainetto+camomilla+2022 HTTP/1.1" 200 21683 "-" "Mozilla/5.0 (Linux; Android 6.0.1; Nexus 5X Build/MMB29P) AppleWebKit/537.36 (KHTML, like Gecko) Chrome/137.0.7151.103 Mobile Safari/537.36 (compatible; Googlebot/2.1; +http://www.google.com/bot.html)"
66.249.65.35 - - [12/Jul/2025:22:06:13 +0000] "POST /get-message-notify HTTP/1.1" 200 21859 "https://kraft-court.cafe/?x=5813438111800&mod=165a59f7&uri=news.php%3Fid%3D194135-336%26name%3Dzainetto+camomilla+2022" "Mozilla/5.0 (Linux; Android 6.0.1; Nexus 5X Build/MMB29P) AppleWebKit/537.36 (KHTML, like Gecko) Chrome/137.0.7151.119 Mobile Safari/537.36 (compatible; Googlebot/2.1; +http://www.google.com/bot.html)"
66.249.65.35 - - [12/Jul/2025:22:06:18 +0000] "GET /?x=5829876041800&mod=384babc3&uri=search.php%3Fid%3D194684-339%26name%3Dadidas+shoes+price+uae HTTP/1.1" 200 21130 "-" "Mozilla/5.0 (Linux; Android 6.0.1; Nexus 5X Build/MMB29P) AppleWebKit/537.36 (KHTML, like Gecko) Chrome/137.0.7151.103 Mobile Safari/537.36 (compatible; Googlebot/2.1; +http://www.google.com/bot.html)"
66.249.65.35 - - [12/Jul/2025:22:06:41 +0000] "GET /?x=5821759051800&mod=165a59f7&uri=news.php%3Fid%3D194413-336%26name%3Dprezzo+michael+kors HTTP/1.1" 200 22113 "-" "Mozilla/5.0 (Linux; Android 6.0.1; Nexus 5X Build/MMB29P) AppleWebKit/537.36 (KHTML, like Gecko) Chrome/137.0.7151.103 Mobile Safari/537.36 (compatible; Googlebot/2.1; +http://www.google.com/bot.html)"
66.249.65.35 - - [12/Jul/2025:22:06:46 +0000] "GET /?x=34654622061800&mod=9854d7af&uri=itm.php%3Fid%3D1156652-387%26name%3Dcrossfit+gym+mats HTTP/1.1" 200 21705 "-" "Mozilla/5.0 (Linux; Android 6.0.1; Nexus 5X Build/MMB29P) AppleWebKit/537.36 (KHTML, like Gecko) Chrome/137.0.7151.103 Mobile Safari/537.36 (compatible; Googlebot/2.1; +http://www.google.com/bot.html)"
66.249.65.37 - - [12/Jul/2025:22:08:51 +0000] "GET /?x=5664981051800&mod=dc6a7e65&uri=goods.php%3Fid%3D189153-308%26name%3Dschlatt+crewneck HTTP/1.1" 200 22488 "-" "Mozilla/5.0 (Linux; Android 6.0.1; Nexus 5X Build/MMB29P) AppleWebKit/537.36 (KHTML, like Gecko) Chrome/137.0.7151.103 Mobile Safari/537.36 (compatible; Googlebot/2.1; +http://www.google.com/bot.html)"
66.249.65.37 - - [12/Jul/2025:22:08:55 +0000] "POST /get-message-notify HTTP/1.1" 200 21867 "https://kraft-court.cafe/?x=5664981051800&mod=dc6a7e65&uri=goods.php%3Fid%3D189153-308%26name%3Dschlatt+crewneck" "Mozilla/5.0 (Linux; Android 6.0.1; Nexus 5X Build/MMB29P) AppleWebKit/537.36 (KHTML, like Gecko) Chrome/137.0.7151.119 Mobile Safari/537.36 (compatible; Googlebot/2.1; +http://www.google.com/bot.html)"
66.249.65.35 - - [12/Jul/2025:22:09:27 +0000] "GET /?x=47536270141800&mod=0d2922ee&uri=news.php%3Fid%3D1586398-1246%26name%3Dfluffy+hat+bucket HTTP/1.1" 200 21598 "-" "Mozilla/5.0 (Linux; Android 6.0.1; Nexus 5X Build/MMB29P) AppleWebKit/537.36 (KHTML, like Gecko) Chrome/137.0.7151.103 Mobile Safari/537.36 (compatible; Googlebot/2.1; +http://www.google.com/bot.html)"
66.249.65.36 - - [12/Jul/2025:22:09:28 +0000] "GET /?x=5767647041800&mod=a8849b05&uri=pin.php%3Fid%3D192608-57%26name%3Dhow+to+connect+headphones+to+a+samsung+smart+tv HTTP/1.1" 200 22571 "-" "Mozilla/5.0 (Linux; Android 6.0.1; Nexus 5X Build/MMB29P) AppleWebKit/537.36 (KHTML, like Gecko) Chrome/137.0.7151.103 Mobile Safari/537.36 (compatible; Googlebot/2.1; +http://www.google.com/bot.html)"
66.249.65.35 - - [12/Jul/2025:22:09:46 +0000] "GET /?x=59549663111800&mod=487648b2&uri=news.php%3Fid%3D1987210-1360%26name%3Dsupreme+gaultier+belt HTTP/1.1" 200 20899 "-" "Mozilla/5.0 (Linux; Android 6.0.1; Nexus 5X Build/MMB29P) AppleWebKit/537.36 (KHTML, like Gecko) Chrome/137.0.7151.103 Mobile Safari/537.36 (compatible; Googlebot/2.1; +http://www.google.com/bot.html)"
66.249.65.35 - - [12/Jul/2025:22:09:49 +0000] "POST /get-message-notify HTTP/1.1" 200 21887 "https://kraft-court.cafe/?x=5767647041800&mod=a8849b05&uri=pin.php%3Fid%3D192608-57%26name%3Dhow+to+connect+headphones+to+a+samsung+smart+tv" "Mozilla/5.0 (Linux; Android 6.0.1; Nexus 5X Build/MMB29P) AppleWebKit/537.36 (KHTML, like Gecko) Chrome/137.0.7151.119 Mobile Safari/537.36 (compatible; Googlebot/2.1; +http://www.google.com/bot.html)"
66.249.65.36 - - [12/Jul/2025:22:09:49 +0000] "GET /?x=88992852051800&mod=dc6a7e65&uri=news.php%3Fid%3D2969833-308%26name%3Dwhite+cold+shoulder+t+shirt HTTP/1.1" 200 22179 "-" "Mozilla/5.0 (Linux; Android 6.0.1; Nexus 5X Build/MMB29P) AppleWebKit/537.36 (KHTML, like Gecko) Chrome/137.0.7151.103 Mobile Safari/537.36 (compatible; Googlebot/2.1; +http://www.google.com/bot.html)"
Page not found – Hello World !