66.249.65.35 - - [12/Jul/2025:18:14:23 +0000] "GET /?x=5923061001800&mod=4500e403&uri=goods.php%3Fid%3D197794-342%26name%3Dchicco+hoopla+bouncer+pink HTTP/1.1" 200 20711 "-" "Mozilla/5.0 (Linux; Android 6.0.1; Nexus 5X Build/MMB29P) AppleWebKit/537.36 (KHTML, like Gecko) Chrome/137.0.7151.103 Mobile Safari/537.36 (compatible; Googlebot/2.1; +http://www.google.com/bot.html)"
66.249.65.36 - - [12/Jul/2025:18:14:23 +0000] "GET /?x=5721299041800&mod=333cb763&uri=brands.php%3Fid%3D191050-334%26name%3Dspongebob+english+watch HTTP/1.1" 200 22402 "-" "Mozilla/5.0 (Linux; Android 6.0.1; Nexus 5X Build/MMB29P) AppleWebKit/537.36 (KHTML, like Gecko) Chrome/137.0.7151.103 Mobile Safari/537.36 (compatible; Googlebot/2.1; +http://www.google.com/bot.html)"
66.249.65.35 - - [12/Jul/2025:18:14:33 +0000] "GET /?x=5665911041800&mod=dc6a7e65&uri=itm.php%3Fid%3D189184-308%26name%3Dvlone+joker+hoodie HTTP/1.1" 200 22397 "-" "Mozilla/5.0 (Linux; Android 6.0.1; Nexus 5X Build/MMB29P) AppleWebKit/537.36 (KHTML, like Gecko) Chrome/137.0.7151.103 Mobile Safari/537.36 (compatible; Googlebot/2.1; +http://www.google.com/bot.html)"
66.249.65.37 - - [12/Jul/2025:18:15:40 +0000] "GET /?x=5954891051800&mod=c5bbd980&uri=dp.php%3Fid%3D198855-344%26name%3Dmen%27s+shoe+size+to+womens HTTP/1.1" 200 21838 "-" "Mozilla/5.0 (Linux; Android 6.0.1; Nexus 5X Build/MMB29P) AppleWebKit/537.36 (KHTML, like Gecko) Chrome/137.0.7151.103 Mobile Safari/537.36 (compatible; Googlebot/2.1; +http://www.google.com/bot.html)"
66.249.65.36 - - [12/Jul/2025:18:15:43 +0000] "POST /get-message-notify HTTP/1.1" 200 21868 "https://kraft-court.cafe/?x=5954891051800&mod=c5bbd980&uri=dp.php%3Fid%3D198855-344%26name%3Dmen%27s+shoe+size+to+womens" "Mozilla/5.0 (Linux; Android 6.0.1; Nexus 5X Build/MMB29P) AppleWebKit/537.36 (KHTML, like Gecko) Chrome/137.0.7151.119 Mobile Safari/537.36 (compatible; Googlebot/2.1; +http://www.google.com/bot.html)"
66.249.65.35 - - [12/Jul/2025:18:15:47 +0000] "GET /?x=5883605021800&mod=29921001&uri=dp.php%3Fid%3D196478-155%26name%3Dtadpole+active+bluetooth+speaker HTTP/1.1" 200 22026 "-" "Mozilla/5.0 (Linux; Android 6.0.1; Nexus 5X Build/MMB29P) AppleWebKit/537.36 (KHTML, like Gecko) Chrome/137.0.7151.103 Mobile Safari/537.36 (compatible; Googlebot/2.1; +http://www.google.com/bot.html)"
66.249.65.36 - - [12/Jul/2025:18:16:12 +0000] "GET /?x=119815591021800&mod=a51fb975&uri=brands.php%3Fid%3D3998610-129%26name%3Dhow+to+change+a+samsung+s6+battery HTTP/1.1" 200 19926 "-" "Mozilla/5.0 (Linux; Android 6.0.1; Nexus 5X Build/MMB29P) AppleWebKit/537.36 (KHTML, like Gecko) Chrome/137.0.7151.103 Mobile Safari/537.36 (compatible; Googlebot/2.1; +http://www.google.com/bot.html)"
66.249.65.35 - - [12/Jul/2025:18:16:13 +0000] "GET /?x=5779015051800&mod=a8849b05&uri=brands.php%3Fid%3D192987-57%26name%3Dtop+bluetooth+earphones HTTP/1.1" 200 22314 "-" "Mozilla/5.0 (Linux; Android 6.0.1; Nexus 5X Build/MMB29P) AppleWebKit/537.36 (KHTML, like Gecko) Chrome/137.0.7151.103 Mobile Safari/537.36 (compatible; Googlebot/2.1; +http://www.google.com/bot.html)"
209.74.77.214 - - [12/Jul/2025:18:16:24 +0000] "POST /wp-cron.php?doing_wp_cron=1752344184.8813650608062744140625 HTTP/1.1" 200 - "-" "WordPress/6.8.1; https://kraft-court.cafe"
51.222.253.7 - - [12/Jul/2025:18:16:24 +0000] "GET /?x=53646396021800&mod=7137debd&uri=shop.php%3Fid%3D1790218-172%26name%3Djordan+air+latitude+720+black HTTP/1.1" 301 - "-" "Mozilla/5.0 (compatible; AhrefsBot/7.0; +http://ahrefs.com/robot/)"
66.249.65.35 - - [12/Jul/2025:18:16:22 +0000] "GET /?x=5710007031800&mod=2de7cf20&uri=news.php%3Fid%3D190658-333%26name%3Dmens+silver+and+blue+wedding+bands HTTP/1.1" 200 22694 "-" "Mozilla/5.0 (Linux; Android 6.0.1; Nexus 5X Build/MMB29P) AppleWebKit/537.36 (KHTML, like Gecko) Chrome/137.0.7151.103 Mobile Safari/537.36 (compatible; Googlebot/2.1; +http://www.google.com/bot.html)"
66.249.65.35 - - [12/Jul/2025:18:16:27 +0000] "POST /get-message-notify HTTP/1.1" 200 21867 "https://kraft-court.cafe/?x=5779015051800&mod=a8849b05&uri=brands.php%3Fid%3D192987-57%26name%3Dtop+bluetooth+earphones" "Mozilla/5.0 (Linux; Android 6.0.1; Nexus 5X Build/MMB29P) AppleWebKit/537.36 (KHTML, like Gecko) Chrome/137.0.7151.119 Mobile Safari/537.36 (compatible; Googlebot/2.1; +http://www.google.com/bot.html)"
66.249.65.35 - - [12/Jul/2025:18:16:44 +0000] "GET /?x=59638139011800&mod=b6cda17a&uri=shop.php%3Fid%3D1990173-233%26name%3Dchaqueta+moto+honda+repsol HTTP/1.1" 200 21977 "-" "Mozilla/5.0 (Linux; Android 6.0.1; Nexus 5X Build/MMB29P) AppleWebKit/537.36 (KHTML, like Gecko) Chrome/137.0.7151.103 Mobile Safari/537.36 (compatible; Googlebot/2.1; +http://www.google.com/bot.html)"
66.249.65.37 - - [12/Jul/2025:18:17:05 +0000] "GET /?x=5767347001800&mod=a8849b05&uri=shared.php%3Fid%3D192598-57%26name%3Dpink+jbl+earbuds HTTP/1.1" 200 21881 "-" "Mozilla/5.0 (Linux; Android 6.0.1; Nexus 5X Build/MMB29P) AppleWebKit/537.36 (KHTML, like Gecko) Chrome/137.0.7151.103 Mobile Safari/537.36 (compatible; Googlebot/2.1; +http://www.google.com/bot.html)"
66.249.65.37 - - [12/Jul/2025:18:17:07 +0000] "GET /?x=5664441011800&mod=dc6a7e65&uri=dp.php%3Fid%3D189135-308%26name%3Darmy+mom+hoodies HTTP/1.1" 200 22344 "-" "Mozilla/5.0 (Linux; Android 6.0.1; Nexus 5X Build/MMB29P) AppleWebKit/537.36 (KHTML, like Gecko) Chrome/137.0.7151.103 Mobile Safari/537.36 (compatible; Googlebot/2.1; +http://www.google.com/bot.html)"
66.249.65.36 - - [12/Jul/2025:18:17:51 +0000] "GET /?x=6584185011800&mod=dfa92d8f&uri=form.php%3Fid%3D219903-156%26name%3Dwickies+baby+wipes HTTP/1.1" 200 21897 "-" "Mozilla/5.0 (Linux; Android 6.0.1; Nexus 5X Build/MMB29P) AppleWebKit/537.36 (KHTML, like Gecko) Chrome/137.0.7151.103 Mobile Safari/537.36 (compatible; Googlebot/2.1; +http://www.google.com/bot.html)"
66.249.65.35 - - [12/Jul/2025:18:17:55 +0000] "GET /?x=34609879021800&mod=f17a7558&uri=itm.php%3Fid%3D1155160-1079%26name%3Dair+max+93+blue+graphite HTTP/1.1" 200 21444 "-" "Mozilla/5.0 (Linux; Android 6.0.1; Nexus 5X Build/MMB29P) AppleWebKit/537.36 (KHTML, like Gecko) Chrome/137.0.7151.103 Mobile Safari/537.36 (compatible; Googlebot/2.1; +http://www.google.com/bot.html)"
66.249.65.35 - - [12/Jul/2025:18:17:59 +0000] "GET /?x=5890074081800&mod=29921001&uri=itm.php%3Fid%3D196694-155%26name%3Dlg+sp+2000+speakers HTTP/1.1" 200 21434 "-" "Mozilla/5.0 (Linux; Android 6.0.1; Nexus 5X Build/MMB29P) AppleWebKit/537.36 (KHTML, like Gecko) Chrome/137.0.7151.103 Mobile Safari/537.36 (compatible; Googlebot/2.1; +http://www.google.com/bot.html)"
66.249.65.37 - - [12/Jul/2025:18:18:06 +0000] "POST /get-message-notify HTTP/1.1" 200 21861 "https://kraft-court.cafe/?x=34609879021800&mod=f17a7558&uri=itm.php%3Fid%3D1155160-1079%26name%3Dair+max+93+blue+graphite" "Mozilla/5.0 (Linux; Android 6.0.1; Nexus 5X Build/MMB29P) AppleWebKit/537.36 (KHTML, like Gecko) Chrome/137.0.7151.119 Mobile Safari/537.36 (compatible; Googlebot/2.1; +http://www.google.com/bot.html)"
66.249.65.36 - - [12/Jul/2025:18:18:08 +0000] "POST /get-message-notify HTTP/1.1" 200 21875 "https://kraft-court.cafe/?x=5890074081800&mod=29921001&uri=itm.php%3Fid%3D196694-155%26name%3Dlg+sp+2000+speakers" "Mozilla/5.0 (Linux; Android 6.0.1; Nexus 5X Build/MMB29P) AppleWebKit/537.36 (KHTML, like Gecko) Chrome/137.0.7151.119 Mobile Safari/537.36 (compatible; Googlebot/2.1; +http://www.google.com/bot.html)"
66.249.65.35 - - [12/Jul/2025:18:18:38 +0000] "GET /?x=5889005051800&mod=29921001&uri=category-info.php%3Fid%3D196658-155%26name%3Decho+bass+speaker HTTP/1.1" 200 21985 "-" "Mozilla/5.0 (Linux; Android 6.0.1; Nexus 5X Build/MMB29P) AppleWebKit/537.36 (KHTML, like Gecko) Chrome/137.0.7151.103 Mobile Safari/537.36 (compatible; Googlebot/2.1; +http://www.google.com/bot.html)"
66.249.65.36 - - [12/Jul/2025:18:18:42 +0000] "POST /get-message-notify HTTP/1.1" 200 21859 "https://kraft-court.cafe/?x=5889005051800&mod=29921001&uri=category-info.php%3Fid%3D196658-155%26name%3Decho+bass+speaker" "Mozilla/5.0 (Linux; Android 6.0.1; Nexus 5X Build/MMB29P) AppleWebKit/537.36 (KHTML, like Gecko) Chrome/137.0.7151.119 Mobile Safari/537.36 (compatible; Googlebot/2.1; +http://www.google.com/bot.html)"
66.249.65.37 - - [12/Jul/2025:18:19:06 +0000] "GET /?x=5891364051800&mod=29921001&uri=shop.php%3Fid%3D196737-155%26name%3Damazon+monster+speaker HTTP/1.1" 200 21368 "-" "Mozilla/5.0 (Linux; Android 6.0.1; Nexus 5X Build/MMB29P) AppleWebKit/537.36 (KHTML, like Gecko) Chrome/137.0.7151.103 Mobile Safari/537.36 (compatible; Googlebot/2.1; +http://www.google.com/bot.html)"
66.249.65.36 - - [12/Jul/2025:18:19:17 +0000] "POST /get-message-notify HTTP/1.1" 200 21867 "https://kraft-court.cafe/?x=5891364051800&mod=29921001&uri=shop.php%3Fid%3D196737-155%26name%3Damazon+monster+speaker" "Mozilla/5.0 (Linux; Android 6.0.1; Nexus 5X Build/MMB29P) AppleWebKit/537.36 (KHTML, like Gecko) Chrome/137.0.7151.119 Mobile Safari/537.36 (compatible; Googlebot/2.1; +http://www.google.com/bot.html)"
66.249.65.35 - - [12/Jul/2025:18:19:21 +0000] "GET /?x=47440983001800&mod=d87c68a5&uri=form.php%3Fid%3D1583219-314%26name%3Dwellensteyn+scandinavia+719 HTTP/1.1" 200 22309 "-" "Mozilla/5.0 (Linux; Android 6.0.1; Nexus 5X Build/MMB29P) AppleWebKit/537.36 (KHTML, like Gecko) Chrome/137.0.7151.103 Mobile Safari/537.36 (compatible; Googlebot/2.1; +http://www.google.com/bot.html)"
66.249.65.35 - - [12/Jul/2025:18:19:38 +0000] "GET /?x=5716577101800&mod=333cb763&uri=us.php%3Fid%3D190886-334%26name%3Dbigg+boss+13+22+january+2021 HTTP/1.1" 200 22825 "-" "Mozilla/5.0 (Linux; Android 6.0.1; Nexus 5X Build/MMB29P) AppleWebKit/537.36 (KHTML, like Gecko) Chrome/137.0.7151.103 Mobile Safari/537.36 (compatible; Googlebot/2.1; +http://www.google.com/bot.html)"
66.249.65.35 - - [12/Jul/2025:18:19:46 +0000] "GET /?x=5925521041800&mod=4500e403&uri=info.php%3Fid%3D197876-342%26name%3Dsit+me+up+floor+seat+with+tray HTTP/1.1" 200 21699 "-" "Mozilla/5.0 (Linux; Android 6.0.1; Nexus 5X Build/MMB29P) AppleWebKit/537.36 (KHTML, like Gecko) Chrome/137.0.7151.103 Mobile Safari/537.36 (compatible; Googlebot/2.1; +http://www.google.com/bot.html)"
66.249.65.37 - - [12/Jul/2025:18:20:01 +0000] "GET /?x=5682990061800&mod=2de7cf20&uri=news.php%3Fid%3D189754-333%26name%3Ddouble+wedding+band+around+engagement+ring HTTP/1.1" 200 20500 "-" "Mozilla/5.0 (Linux; Android 6.0.1; Nexus 5X Build/MMB29P) AppleWebKit/537.36 (KHTML, like Gecko) Chrome/137.0.7151.103 Mobile Safari/537.36 (compatible; Googlebot/2.1; +http://www.google.com/bot.html)"
66.249.65.37 - - [12/Jul/2025:18:20:04 +0000] "POST /get-message-notify HTTP/1.1" 200 21863 "https://kraft-court.cafe/?x=5682990061800&mod=2de7cf20&uri=news.php%3Fid%3D189754-333%26name%3Ddouble+wedding+band+around+engagement+ring" "Mozilla/5.0 (Linux; Android 6.0.1; Nexus 5X Build/MMB29P) AppleWebKit/537.36 (KHTML, like Gecko) Chrome/137.0.7151.119 Mobile Safari/537.36 (compatible; Googlebot/2.1; +http://www.google.com/bot.html)"
66.249.65.35 - - [12/Jul/2025:18:20:10 +0000] "GET /?x=6116495051800&mod=d3a7f48c&uri=shop.php%3Fid%3D204251-208%26name%3Dinstax+very HTTP/1.1" 200 21707 "-" "Mozilla/5.0 (Linux; Android 6.0.1; Nexus 5X Build/MMB29P) AppleWebKit/537.36 (KHTML, like Gecko) Chrome/137.0.7151.103 Mobile Safari/537.36 (compatible; Googlebot/2.1; +http://www.google.com/bot.html)"
66.249.65.36 - - [12/Jul/2025:18:20:12 +0000] "POST /get-message-notify HTTP/1.1" 200 21850 "https://kraft-court.cafe/?x=6116495051800&mod=d3a7f48c&uri=shop.php%3Fid%3D204251-208%26name%3Dinstax+very" "Mozilla/5.0 (Linux; Android 6.0.1; Nexus 5X Build/MMB29P) AppleWebKit/537.36 (KHTML, like Gecko) Chrome/137.0.7151.119 Mobile Safari/537.36 (compatible; Googlebot/2.1; +http://www.google.com/bot.html)"
209.74.77.214 - - [12/Jul/2025:18:20:44 +0000] "POST /wp-cron.php?doing_wp_cron=1752344444.8921210765838623046875 HTTP/1.1" 200 - "-" "WordPress/6.8.1; https://kraft-court.cafe"
51.222.253.8 - - [12/Jul/2025:18:20:43 +0000] "GET /?x=58109038031800&mod=3b5166ef&uri=brands.php%3Fid%3D1939127-1343%26name%3Dbath+lumbar+support HTTP/1.1" 301 - "-" "Mozilla/5.0 (compatible; AhrefsBot/7.0; +http://ahrefs.com/robot/)"
66.249.65.35 - - [12/Jul/2025:18:20:54 +0000] "GET /?x=6114575021800&mod=d3a7f48c&uri=pin.php%3Fid%3D204187-208%26name%3Dhandycam+90s HTTP/1.1" 200 21375 "-" "Mozilla/5.0 (Linux; Android 6.0.1; Nexus 5X Build/MMB29P) AppleWebKit/537.36 (KHTML, like Gecko) Chrome/137.0.7151.103 Mobile Safari/537.36 (compatible; Googlebot/2.1; +http://www.google.com/bot.html)"
66.249.65.35 - - [12/Jul/2025:18:21:13 +0000] "GET /?x=5702547101800&mod=2de7cf20&uri=goods.php%3Fid%3D190406-333%26name%3Dreed+and+barton+jewelry+box HTTP/1.1" 200 21930 "-" "Mozilla/5.0 (Linux; Android 6.0.1; Nexus 5X Build/MMB29P) AppleWebKit/537.36 (KHTML, like Gecko) Chrome/137.0.7151.103 Mobile Safari/537.36 (compatible; Googlebot/2.1; +http://www.google.com/bot.html)"
66.249.65.36 - - [12/Jul/2025:18:21:24 +0000] "GET /?x=5885675001800&mod=29921001&uri=blog.php%3Fid%3D196547-155%26name%3Dlg+soundbar+sj9+vs+sk9 HTTP/1.1" 200 21968 "-" "Mozilla/5.0 (Linux; Android 6.0.1; Nexus 5X Build/MMB29P) AppleWebKit/537.36 (KHTML, like Gecko) Chrome/137.0.7151.103 Mobile Safari/537.36 (compatible; Googlebot/2.1; +http://www.google.com/bot.html)"
66.249.65.35 - - [12/Jul/2025:18:21:30 +0000] "GET /?x=5946221001800&mod=c5bbd980&uri=news.php%3Fid%3D198566-344%26name%3Dsavannah+shoes+australia HTTP/1.1" 200 21804 "-" "Mozilla/5.0 (Linux; Android 6.0.1; Nexus 5X Build/MMB29P) AppleWebKit/537.36 (KHTML, like Gecko) Chrome/137.0.7151.103 Mobile Safari/537.36 (compatible; Googlebot/2.1; +http://www.google.com/bot.html)"
66.249.65.37 - - [12/Jul/2025:18:22:11 +0000] "GET /?x=5778475051800&mod=a8849b05&uri=category-info.php%3Fid%3D192969-57%26name%3Dlongest+playtime+earbuds HTTP/1.1" 200 22155 "-" "Mozilla/5.0 (Linux; Android 6.0.1; Nexus 5X Build/MMB29P) AppleWebKit/537.36 (KHTML, like Gecko) Chrome/137.0.7151.103 Mobile Safari/537.36 (compatible; Googlebot/2.1; +http://www.google.com/bot.html)"
66.249.65.37 - - [12/Jul/2025:18:22:13 +0000] "GET /?x=5949191031800&mod=c5bbd980&uri=news.php%3Fid%3D198665-344%26name%3Droad+runner+sports+outlet HTTP/1.1" 200 21757 "-" "Mozilla/5.0 (Linux; Android 6.0.1; Nexus 5X Build/MMB29P) AppleWebKit/537.36 (KHTML, like Gecko) Chrome/137.0.7151.103 Mobile Safari/537.36 (compatible; Googlebot/2.1; +http://www.google.com/bot.html)"
66.249.65.37 - - [12/Jul/2025:18:22:13 +0000] "GET /?x=5731551051800&mod=333cb763&uri=shared.php%3Fid%3D191403-334%26name%3Dbleach+arcs+in+order HTTP/1.1" 200 22847 "-" "Mozilla/5.0 (Linux; Android 6.0.1; Nexus 5X Build/MMB29P) AppleWebKit/537.36 (KHTML, like Gecko) Chrome/137.0.7151.103 Mobile Safari/537.36 (compatible; Googlebot/2.1; +http://www.google.com/bot.html)"
66.249.65.35 - - [12/Jul/2025:18:22:23 +0000] "GET /?x=5986589021800&mod=e3ea3396&uri=article.php%3Fid%3D199914-345%26name%3Dropa+esqui+the+north+face HTTP/1.1" 200 21187 "-" "Mozilla/5.0 (Linux; Android 6.0.1; Nexus 5X Build/MMB29P) AppleWebKit/537.36 (KHTML, like Gecko) Chrome/137.0.7151.103 Mobile Safari/537.36 (compatible; Googlebot/2.1; +http://www.google.com/bot.html)"
66.249.65.35 - - [12/Jul/2025:18:22:32 +0000] "POST /get-message-notify HTTP/1.1" 200 21880 "https://kraft-court.cafe/?x=5949191031800&mod=c5bbd980&uri=news.php%3Fid%3D198665-344%26name%3Droad+runner+sports+outlet" "Mozilla/5.0 (Linux; Android 6.0.1; Nexus 5X Build/MMB29P) AppleWebKit/537.36 (KHTML, like Gecko) Chrome/137.0.7151.119 Mobile Safari/537.36 (compatible; Googlebot/2.1; +http://www.google.com/bot.html)"
66.249.65.35 - - [12/Jul/2025:18:22:33 +0000] "POST /get-message-notify HTTP/1.1" 200 21864 "https://kraft-court.cafe/?x=5986589021800&mod=e3ea3396&uri=article.php%3Fid%3D199914-345%26name%3Dropa+esqui+the+north+face" "Mozilla/5.0 (Linux; Android 6.0.1; Nexus 5X Build/MMB29P) AppleWebKit/537.36 (KHTML, like Gecko) Chrome/137.0.7151.119 Mobile Safari/537.36 (compatible; Googlebot/2.1; +http://www.google.com/bot.html)"
66.249.65.35 - - [12/Jul/2025:18:22:44 +0000] "GET /?x=47417931031800&mod=76309eaf&uri=category-info.php%3Fid%3D1582449-1018%26name%3Dsis+kiss+name+necklace HTTP/1.1" 200 21777 "-" "Mozilla/5.0 (Linux; Android 6.0.1; Nexus 5X Build/MMB29P) AppleWebKit/537.36 (KHTML, like Gecko) Chrome/137.0.7151.103 Mobile Safari/537.36 (compatible; Googlebot/2.1; +http://www.google.com/bot.html)"
66.249.65.36 - - [12/Jul/2025:18:23:12 +0000] "GET /?x=5974910091800&mod=e3ea3396&uri=us.php%3Fid%3D199523-345%26name%3Dmarcas+jerseys+mujer+el+corte+ingles HTTP/1.1" 200 20870 "-" "Mozilla/5.0 (Linux; Android 6.0.1; Nexus 5X Build/MMB29P) AppleWebKit/537.36 (KHTML, like Gecko) Chrome/137.0.7151.103 Mobile Safari/537.36 (compatible; Googlebot/2.1; +http://www.google.com/bot.html)"
66.249.65.35 - - [12/Jul/2025:18:23:25 +0000] "GET /?x=34570579041800&mod=ad68473a&uri=article.php%3Fid%3D1153850-407%26name%3Dwoobie+sweater HTTP/1.1" 200 21795 "-" "Mozilla/5.0 (Linux; Android 6.0.1; Nexus 5X Build/MMB29P) AppleWebKit/537.36 (KHTML, like Gecko) Chrome/137.0.7151.103 Mobile Safari/537.36 (compatible; Googlebot/2.1; +http://www.google.com/bot.html)"
66.249.65.36 - - [12/Jul/2025:18:23:29 +0000] "GET /?x=5705186061800&mod=2de7cf20&uri=products.php%3Fid%3D190494-333%26name%3Dniece+bracelet+argos HTTP/1.1" 200 22205 "-" "Mozilla/5.0 (Linux; Android 6.0.1; Nexus 5X Build/MMB29P) AppleWebKit/537.36 (KHTML, like Gecko) Chrome/137.0.7151.103 Mobile Safari/537.36 (compatible; Googlebot/2.1; +http://www.google.com/bot.html)"
66.249.65.35 - - [12/Jul/2025:18:23:44 +0000] "GET /?x=5900621071800&mod=29921001&uri=news.php%3Fid%3D197046-155%26name%3Dpolk+signature+s10 HTTP/1.1" 200 21852 "-" "Mozilla/5.0 (Linux; Android 6.0.1; Nexus 5X Build/MMB29P) AppleWebKit/537.36 (KHTML, like Gecko) Chrome/137.0.7151.103 Mobile Safari/537.36 (compatible; Googlebot/2.1; +http://www.google.com/bot.html)"
66.249.65.35 - - [12/Jul/2025:18:24:36 +0000] "GET /?x=34677299021800&mod=9854d7af&uri=goods.php%3Fid%3D1157408-387%26name%3Dmat+rubber+flooring+gym HTTP/1.1" 200 21903 "-" "Mozilla/5.0 (Linux; Android 6.0.1; Nexus 5X Build/MMB29P) AppleWebKit/537.36 (KHTML, like Gecko) Chrome/137.0.7151.103 Mobile Safari/537.36 (compatible; Googlebot/2.1; +http://www.google.com/bot.html)"
66.249.65.36 - - [12/Jul/2025:18:24:42 +0000] "GET /?x=5723086011800&mod=2de7cf20&uri=products.php%3Fid%3D191111-333%26name%3Dprouds+parkmore HTTP/1.1" 200 21437 "-" "Mozilla/5.0 (Linux; Android 6.0.1; Nexus 5X Build/MMB29P) AppleWebKit/537.36 (KHTML, like Gecko) Chrome/137.0.7151.103 Mobile Safari/537.36 (compatible; Googlebot/2.1; +http://www.google.com/bot.html)"
66.249.65.36 - - [12/Jul/2025:18:25:11 +0000] "POST /get-message-notify HTTP/1.1" 200 21858 "https://kraft-court.cafe/?x=5723086011800&mod=2de7cf20&uri=products.php%3Fid%3D191111-333%26name%3Dprouds+parkmore" "Mozilla/5.0 (Linux; Android 6.0.1; Nexus 5X Build/MMB29P) AppleWebKit/537.36 (KHTML, like Gecko) Chrome/137.0.7151.119 Mobile Safari/537.36 (compatible; Googlebot/2.1; +http://www.google.com/bot.html)"
66.249.65.35 - - [12/Jul/2025:18:25:27 +0000] "GET /?x=5824609081800&mod=384babc3&uri=pin.php%3Fid%3D194508-339%26name%3Dburberry+shoes+neiman+marcus HTTP/1.1" 200 20933 "-" "Mozilla/5.0 (Linux; Android 6.0.1; Nexus 5X Build/MMB29P) AppleWebKit/537.36 (KHTML, like Gecko) Chrome/137.0.7151.103 Mobile Safari/537.36 (compatible; Googlebot/2.1; +http://www.google.com/bot.html)"
66.249.65.36 - - [12/Jul/2025:18:25:30 +0000] "GET /?x=5951291001800&mod=c5bbd980&uri=shared.php%3Fid%3D198735-344%26name%3Dzip+up+sneakers+mens HTTP/1.1" 200 21979 "-" "Mozilla/5.0 (Linux; Android 6.0.1; Nexus 5X Build/MMB29P) AppleWebKit/537.36 (KHTML, like Gecko) Chrome/137.0.7151.103 Mobile Safari/537.36 (compatible; Googlebot/2.1; +http://www.google.com/bot.html)"
66.249.65.35 - - [12/Jul/2025:18:25:40 +0000] "GET /?x=5788645041800&mod=a8849b05&uri=shared.php%3Fid%3D193308-57%26name%3Draycon+earbuds+bass HTTP/1.1" 200 22819 "-" "Mozilla/5.0 (Linux; Android 6.0.1; Nexus 5X Build/MMB29P) AppleWebKit/537.36 (KHTML, like Gecko) Chrome/137.0.7151.103 Mobile Safari/537.36 (compatible; Googlebot/2.1; +http://www.google.com/bot.html)"
66.249.65.35 - - [12/Jul/2025:18:25:47 +0000] "POST /get-message-notify HTTP/1.1" 200 21881 "https://kraft-court.cafe/?x=5788645041800&mod=a8849b05&uri=shared.php%3Fid%3D193308-57%26name%3Draycon+earbuds+bass" "Mozilla/5.0 (Linux; Android 6.0.1; Nexus 5X Build/MMB29P) AppleWebKit/537.36 (KHTML, like Gecko) Chrome/137.0.7151.119 Mobile Safari/537.36 (compatible; Googlebot/2.1; +http://www.google.com/bot.html)"
66.249.65.36 - - [12/Jul/2025:18:26:06 +0000] "GET /?x=5840121061800&mod=621fbd17&uri=brands.php%3Fid%3D195026-338%26name%3Dconverse+hombre+vintage HTTP/1.1" 200 20899 "-" "Mozilla/5.0 (Linux; Android 6.0.1; Nexus 5X Build/MMB29P) AppleWebKit/537.36 (KHTML, like Gecko) Chrome/137.0.7151.103 Mobile Safari/537.36 (compatible; Googlebot/2.1; +http://www.google.com/bot.html)"
66.249.65.35 - - [12/Jul/2025:18:26:12 +0000] "POST /get-message-notify HTTP/1.1" 200 21853 "https://kraft-court.cafe/?x=5840121061800&mod=621fbd17&uri=brands.php%3Fid%3D195026-338%26name%3Dconverse+hombre+vintage" "Mozilla/5.0 (Linux; Android 6.0.1; Nexus 5X Build/MMB29P) AppleWebKit/537.36 (KHTML, like Gecko) Chrome/137.0.7151.119 Mobile Safari/537.36 (compatible; Googlebot/2.1; +http://www.google.com/bot.html)"
209.74.77.214 - - [12/Jul/2025:18:26:24 +0000] "POST /wp-cron.php?doing_wp_cron=1752344784.7022631168365478515625 HTTP/1.1" 200 - "-" "WordPress/6.8.1; https://kraft-court.cafe"
51.222.253.13 - - [12/Jul/2025:18:26:23 +0000] "GET /?x=58110688041800&mod=3ebc21c4&uri=article.php%3Fid%3D1939182-1013%26name%3Dcampshire+fleece+north+face HTTP/1.1" 301 - "-" "Mozilla/5.0 (compatible; AhrefsBot/7.0; +http://ahrefs.com/robot/)"
66.249.65.35 - - [12/Jul/2025:18:26:47 +0000] "GET /?x=34673159041800&mod=9854d7af&uri=goods.php%3Fid%3D1157270-387%26name%3Dpowertec+adjustable+dumbbells HTTP/1.1" 200 22648 "-" "Mozilla/5.0 (Linux; Android 6.0.1; Nexus 5X Build/MMB29P) AppleWebKit/537.36 (KHTML, like Gecko) Chrome/137.0.7151.103 Mobile Safari/537.36 (compatible; Googlebot/2.1; +http://www.google.com/bot.html)"
66.249.65.37 - - [12/Jul/2025:18:27:14 +0000] "GET /?x=5799608021800&mod=a8849b05&uri=itm.php%3Fid%3D193674-57%26name%3Dbest+earbuds+for+tv+viewing HTTP/1.1" 200 21805 "-" "Mozilla/5.0 (Linux; Android 6.0.1; Nexus 5X Build/MMB29P) AppleWebKit/537.36 (KHTML, like Gecko) Chrome/137.0.7151.103 Mobile Safari/537.36 (compatible; Googlebot/2.1; +http://www.google.com/bot.html)"
66.249.65.36 - - [12/Jul/2025:18:27:44 +0000] "GET /?x=5889062021800&mod=29921001&uri=news.php%3Fid%3D196660-155%26name%3Dsamsung+curved+monitor+with+speakers HTTP/1.1" 200 22105 "-" "Mozilla/5.0 (Linux; Android 6.0.1; Nexus 5X Build/MMB29P) AppleWebKit/537.36 (KHTML, like Gecko) Chrome/137.0.7151.103 Mobile Safari/537.36 (compatible; Googlebot/2.1; +http://www.google.com/bot.html)"
66.249.65.35 - - [12/Jul/2025:18:27:51 +0000] "GET /?x=5683410001800&mod=2de7cf20&uri=product.php%3Fid%3D189768-333%26name%3Dstaten+island+mall+jewelry+stores HTTP/1.1" 200 21035 "-" "Mozilla/5.0 (Linux; Android 6.0.1; Nexus 5X Build/MMB29P) AppleWebKit/537.36 (KHTML, like Gecko) Chrome/137.0.7151.103 Mobile Safari/537.36 (compatible; Googlebot/2.1; +http://www.google.com/bot.html)"
66.249.65.35 - - [12/Jul/2025:18:27:51 +0000] "GET /?x=5723514061800&mod=333cb763&uri=shop.php%3Fid%3D191126-334%26name%3Dbarrister+babu+27+january+2021 HTTP/1.1" 200 22269 "-" "Mozilla/5.0 (Linux; Android 6.0.1; Nexus 5X Build/MMB29P) AppleWebKit/537.36 (KHTML, like Gecko) Chrome/137.0.7151.103 Mobile Safari/537.36 (compatible; Googlebot/2.1; +http://www.google.com/bot.html)"
66.249.65.37 - - [12/Jul/2025:18:28:24 +0000] "POST /get-message-notify HTTP/1.1" 200 21871 "https://kraft-court.cafe/?x=5723514061800&mod=333cb763&uri=shop.php%3Fid%3D191126-334%26name%3Dbarrister+babu+27+january+2021" "Mozilla/5.0 (Linux; Android 6.0.1; Nexus 5X Build/MMB29P) AppleWebKit/537.36 (KHTML, like Gecko) Chrome/137.0.7151.119 Mobile Safari/537.36 (compatible; Googlebot/2.1; +http://www.google.com/bot.html)"
66.249.65.36 - - [12/Jul/2025:18:28:25 +0000] "GET /?x=5873958021800&mod=d594b1a9&uri=itm.php%3Fid%3D196156-341%26name%3Dterapeuta+de+masaje+profesional HTTP/1.1" 200 22856 "-" "Mozilla/5.0 (Linux; Android 6.0.1; Nexus 5X Build/MMB29P) AppleWebKit/537.36 (KHTML, like Gecko) Chrome/137.0.7151.103 Mobile Safari/537.36 (compatible; Googlebot/2.1; +http://www.google.com/bot.html)"
66.249.65.35 - - [12/Jul/2025:18:28:37 +0000] "GET /?x=90362942011800&mod=dfa92d8f&uri=shop.php%3Fid%3D3015545-156%26name%3Dgraco+swing+covers HTTP/1.1" 200 22437 "-" "Mozilla/5.0 (Linux; Android 6.0.1; Nexus 5X Build/MMB29P) AppleWebKit/537.36 (KHTML, like Gecko) Chrome/137.0.7151.103 Mobile Safari/537.36 (compatible; Googlebot/2.1; +http://www.google.com/bot.html)"
66.249.65.35 - - [12/Jul/2025:18:28:48 +0000] "GET /?x=77774273081800&mod=333cb763&uri=form.php%3Fid%3D2595408-334%26name%3Dwhere+to+stream+harry+potter HTTP/1.1" 200 22110 "-" "Mozilla/5.0 (Linux; Android 6.0.1; Nexus 5X Build/MMB29P) AppleWebKit/537.36 (KHTML, like Gecko) Chrome/137.0.7151.103 Mobile Safari/537.36 (compatible; Googlebot/2.1; +http://www.google.com/bot.html)"
66.249.65.35 - - [12/Jul/2025:18:28:59 +0000] "GET /?x=5976410011800&mod=e3ea3396&uri=dp.php%3Fid%3D199573-345%26name%3Dcazadora+wedze HTTP/1.1" 200 21122 "-" "Mozilla/5.0 (Linux; Android 6.0.1; Nexus 5X Build/MMB29P) AppleWebKit/537.36 (KHTML, like Gecko) Chrome/137.0.7151.103 Mobile Safari/537.36 (compatible; Googlebot/2.1; +http://www.google.com/bot.html)"
66.249.65.35 - - [12/Jul/2025:18:29:38 +0000] "GET /?x=63027753041800&mod=fa84632d&uri=info.php%3Fid%3D2103304-329%26name%3Drab+shorts HTTP/1.1" 200 22413 "-" "Mozilla/5.0 (Linux; Android 6.0.1; Nexus 5X Build/MMB29P) AppleWebKit/537.36 (KHTML, like Gecko) Chrome/137.0.7151.103 Mobile Safari/537.36 (compatible; Googlebot/2.1; +http://www.google.com/bot.html)"
66.249.65.35 - - [12/Jul/2025:18:29:44 +0000] "POST /get-message-notify HTTP/1.1" 200 21889 "https://kraft-court.cafe/?x=63027753041800&mod=fa84632d&uri=info.php%3Fid%3D2103304-329%26name%3Drab+shorts" "Mozilla/5.0 (Linux; Android 6.0.1; Nexus 5X Build/MMB29P) AppleWebKit/537.36 (KHTML, like Gecko) Chrome/137.0.7151.119 Mobile Safari/537.36 (compatible; Googlebot/2.1; +http://www.google.com/bot.html)"
66.249.65.37 - - [12/Jul/2025:18:30:46 +0000] "GET /?x=5936561001800&mod=4500e403&uri=category-info.php%3Fid%3D198244-342%26name%3Dbabysitter+elegant+and+comfort+baby+bouncer HTTP/1.1" 200 21169 "-" "Mozilla/5.0 (Linux; Android 6.0.1; Nexus 5X Build/MMB29P) AppleWebKit/537.36 (KHTML, like Gecko) Chrome/137.0.7151.103 Mobile Safari/537.36 (compatible; Googlebot/2.1; +http://www.google.com/bot.html)"
66.249.65.35 - - [12/Jul/2025:18:32:16 +0000] "GET /?x=5973455001800&mod=e3ea3396&uri=article.php%3Fid%3D199474-345%26name%3Dbuzos+grandes+mujer+con+capucha HTTP/1.1" 200 21186 "-" "Mozilla/5.0 (Linux; Android 6.0.1; Nexus 5X Build/MMB29P) AppleWebKit/537.36 (KHTML, like Gecko) Chrome/137.0.7151.103 Mobile Safari/537.36 (compatible; Googlebot/2.1; +http://www.google.com/bot.html)"
66.249.65.35 - - [12/Jul/2025:18:33:06 +0000] "GET /?x=5797448041800&mod=165a59f7&uri=blog.php%3Fid%3D193602-336%26name%3Dtutorial+borse+con+fettuccia HTTP/1.1" 200 21216 "-" "Mozilla/5.0 (Linux; Android 6.0.1; Nexus 5X Build/MMB29P) AppleWebKit/537.36 (KHTML, like Gecko) Chrome/137.0.7151.103 Mobile Safari/537.36 (compatible; Googlebot/2.1; +http://www.google.com/bot.html)"
209.74.77.214 - - [12/Jul/2025:18:36:28 +0000] "POST /wp-cron.php?doing_wp_cron=1752345388.8053181171417236328125 HTTP/1.1" 200 - "-" "WordPress/6.8.1; https://kraft-court.cafe"
51.222.253.2 - - [12/Jul/2025:18:36:27 +0000] "GET /?x=59462614001800&mod=2d8a7e57&uri=blog.php%3Fid%3D1984301-1359%26name%3Dcrampons+adidas+predator+rugby HTTP/1.1" 301 - "-" "Mozilla/5.0 (compatible; AhrefsBot/7.0; +http://ahrefs.com/robot/)"
209.74.77.214 - - [12/Jul/2025:18:46:20 +0000] "POST /wp-cron.php?doing_wp_cron=1752345980.3868689537048339843750 HTTP/1.1" 200 - "-" "WordPress/6.8.1; https://kraft-court.cafe"
51.222.253.9 - - [12/Jul/2025:18:46:19 +0000] "GET /?x=60352029041800&mod=37841383&uri=shared.php%3Fid%3D2014008-1238%26name%3Dscarpe+converse+con+tacco+interno HTTP/1.1" 301 - "-" "Mozilla/5.0 (compatible; AhrefsBot/7.0; +http://ahrefs.com/robot/)"
209.74.77.214 - - [12/Jul/2025:18:51:47 +0000] "POST /wp-cron.php?doing_wp_cron=1752346307.7929871082305908203125 HTTP/1.1" 200 - "-" "WordPress/6.8.1; https://kraft-court.cafe"
51.222.253.2 - - [12/Jul/2025:18:51:46 +0000] "GET /?x=6058205031800&mod=7d2be41b&uri=brands.php%3Fid%3D202305-350%26name%3Dpuma+rsx+trophy+white HTTP/1.1" 301 - "-" "Mozilla/5.0 (compatible; AhrefsBot/7.0; +http://ahrefs.com/robot/)"
209.74.77.214 - - [12/Jul/2025:18:56:14 +0000] "POST /wp-cron.php?doing_wp_cron=1752346574.1765809059143066406250 HTTP/1.1" 200 - "-" "WordPress/6.8.1; https://kraft-court.cafe"
51.222.253.17 - - [12/Jul/2025:18:56:12 +0000] "GET /?x=62203771041800&mod=112e9d67&uri=product.php%3Fid%3D2075812-788%26name%3Dzara+saldi+estate+2020 HTTP/1.1" 301 - "-" "Mozilla/5.0 (compatible; AhrefsBot/7.0; +http://ahrefs.com/robot/)"
209.74.77.214 - - [12/Jul/2025:19:01:04 +0000] "POST /wp-cron.php?doing_wp_cron=1752346864.8500649929046630859375 HTTP/1.1" 200 - "-" "WordPress/6.8.1; https://kraft-court.cafe"
51.222.253.1 - - [12/Jul/2025:19:01:03 +0000] "GET /?x=63600442001800&mod=f799c772&uri=category-info.php%3Fid%3D2122406-1377%26name%3Dpuma+fluffy+slides+india HTTP/1.1" 301 - "-" "Mozilla/5.0 (compatible; AhrefsBot/7.0; +http://ahrefs.com/robot/)"
66.249.65.35 - - [12/Jul/2025:19:02:06 +0000] "GET /?x=34546932021800&mod=e94fe9ac&uri=itm.php%3Fid%3D1153052-332%26name%3Damazon+prime+now+and+then HTTP/1.1" 200 21907 "-" "Mozilla/5.0 (Linux; Android 6.0.1; Nexus 5X Build/MMB29P) AppleWebKit/537.36 (KHTML, like Gecko) Chrome/137.0.7151.103 Mobile Safari/537.36 (compatible; Googlebot/2.1; +http://www.google.com/bot.html)"
66.249.65.35 - - [12/Jul/2025:19:03:42 +0000] "GET /?x=5862910021800&mod=d594b1a9&uri=goods.php%3Fid%3D195786-341%26name%3Dmasajeador+de+espalda+y+piernas HTTP/1.1" 200 22324 "-" "Mozilla/5.0 (Linux; Android 6.0.1; Nexus 5X Build/MMB29P) AppleWebKit/537.36 (KHTML, like Gecko) Chrome/137.0.7151.103 Mobile Safari/537.36 (compatible; Googlebot/2.1; +http://www.google.com/bot.html)"
66.249.65.35 - - [12/Jul/2025:19:03:47 +0000] "GET /?x=34670639001800&mod=9854d7af&uri=article.php%3Fid%3D1157186-387%26name%3Dessential+items+for+home+gym HTTP/1.1" 200 22199 "-" "Mozilla/5.0 (Linux; Android 6.0.1; Nexus 5X Build/MMB29P) AppleWebKit/537.36 (KHTML, like Gecko) Chrome/137.0.7151.103 Mobile Safari/537.36 (compatible; Googlebot/2.1; +http://www.google.com/bot.html)"
66.249.65.35 - - [12/Jul/2025:19:03:58 +0000] "GET /?x=5863810001800&mod=d594b1a9&uri=blog.php%3Fid%3D195816-341%26name%3Dcable+rojo+blanco+amarillo+audio HTTP/1.1" 200 22665 "-" "Mozilla/5.0 (Linux; Android 6.0.1; Nexus 5X Build/MMB29P) AppleWebKit/537.36 (KHTML, like Gecko) Chrome/137.0.7151.103 Mobile Safari/537.36 (compatible; Googlebot/2.1; +http://www.google.com/bot.html)"
66.249.65.35 - - [12/Jul/2025:19:04:40 +0000] "GET /?x=5862340111800&mod=d594b1a9&uri=news.php%3Fid%3D195767-341%26name%3Dlicuadora+doble+hamilton+beach HTTP/1.1" 200 21960 "-" "Mozilla/5.0 (Linux; Android 6.0.1; Nexus 5X Build/MMB29P) AppleWebKit/537.36 (KHTML, like Gecko) Chrome/137.0.7151.103 Mobile Safari/537.36 (compatible; Googlebot/2.1; +http://www.google.com/bot.html)"
66.249.65.35 - - [12/Jul/2025:19:04:44 +0000] "GET /?x=5980325021800&mod=e3ea3396&uri=category-info.php%3Fid%3D199704-345%26name%3Dchaquetas+snow+mujer+volcom HTTP/1.1" 200 21539 "-" "Mozilla/5.0 (Linux; Android 6.0.1; Nexus 5X Build/MMB29P) AppleWebKit/537.36 (KHTML, like Gecko) Chrome/137.0.7151.103 Mobile Safari/537.36 (compatible; Googlebot/2.1; +http://www.google.com/bot.html)"
209.74.77.214 - - [12/Jul/2025:19:05:49 +0000] "POST /wp-cron.php?doing_wp_cron=1752347149.0612709522247314453125 HTTP/1.1" 200 - "-" "WordPress/6.8.1; https://kraft-court.cafe"
51.222.253.6 - - [12/Jul/2025:19:05:47 +0000] "GET /?x=63852159001800&mod=06c76590&uri=shared.php%3Fid%3D2130802-1386%26name%3Dtenis+reebok+monopoly HTTP/1.1" 301 - "-" "Mozilla/5.0 (compatible; AhrefsBot/7.0; +http://ahrefs.com/robot/)"
66.249.65.37 - - [12/Jul/2025:19:08:06 +0000] "GET /?x=34772557101800&mod=18ad9899&uri=form.php%3Fid%3D1160589-265%26name%3Dtenis+adidas+futsal+predator HTTP/1.1" 200 21822 "-" "Mozilla/5.0 (Linux; Android 6.0.1; Nexus 5X Build/MMB29P) AppleWebKit/537.36 (KHTML, like Gecko) Chrome/137.0.7151.103 Mobile Safari/537.36 (compatible; Googlebot/2.1; +http://www.google.com/bot.html)"
66.249.65.37 - - [12/Jul/2025:19:11:09 +0000] "GET /?x=5767707021800&mod=97108695&uri=pin.php%3Fid%3D192610-335%26name%3Dsonos+arc+plug HTTP/1.1" 200 21478 "-" "Mozilla/5.0 (Linux; Android 6.0.1; Nexus 5X Build/MMB29P) AppleWebKit/537.36 (KHTML, like Gecko) Chrome/137.0.7151.103 Mobile Safari/537.36 (compatible; Googlebot/2.1; +http://www.google.com/bot.html)"
66.249.65.36 - - [12/Jul/2025:19:11:24 +0000] "GET /?x=5674101031800&mod=dc6a7e65&uri=itm.php%3Fid%3D189457-308%26name%3Dcalvin+klein+eco+hoodie HTTP/1.1" 200 21904 "-" "Mozilla/5.0 (Linux; Android 6.0.1; Nexus 5X Build/MMB29P) AppleWebKit/537.36 (KHTML, like Gecko) Chrome/137.0.7151.103 Mobile Safari/537.36 (compatible; Googlebot/2.1; +http://www.google.com/bot.html)"
198.240.70.92 - - [12/Jul/2025:19:11:25 +0000] "GET / HTTP/1.1" 401 53 "-" "Mozilla/5.0 (Macintosh; Intel Mac OS X 10_14_6) AppleWebKit/537.36 (KHTML, like Gecko) Chrome/87.0.4280.88 Safari/537.36"
66.249.65.36 - - [12/Jul/2025:19:11:27 +0000] "POST /get-message-notify HTTP/1.1" 200 21861 "https://kraft-court.cafe/?x=5674101031800&mod=dc6a7e65&uri=itm.php%3Fid%3D189457-308%26name%3Dcalvin+klein+eco+hoodie" "Mozilla/5.0 (Linux; Android 6.0.1; Nexus 5X Build/MMB29P) AppleWebKit/537.36 (KHTML, like Gecko) Chrome/137.0.7151.119 Mobile Safari/537.36 (compatible; Googlebot/2.1; +http://www.google.com/bot.html)"
66.249.65.35 - - [12/Jul/2025:19:13:52 +0000] "GET /?x=5780455051800&mod=a8849b05&uri=shared.php%3Fid%3D193035-57%26name%3Dwireless+earbuds+for+sensitive+ears HTTP/1.1" 200 22325 "-" "Mozilla/5.0 (Linux; Android 6.0.1; Nexus 5X Build/MMB29P) AppleWebKit/537.36 (KHTML, like Gecko) Chrome/137.0.7151.103 Mobile Safari/537.36 (compatible; Googlebot/2.1; +http://www.google.com/bot.html)"
66.249.65.35 - - [12/Jul/2025:19:13:55 +0000] "POST /get-message-notify HTTP/1.1" 200 21861 "https://kraft-court.cafe/?x=5780455051800&mod=a8849b05&uri=shared.php%3Fid%3D193035-57%26name%3Dwireless+earbuds+for+sensitive+ears" "Mozilla/5.0 (Linux; Android 6.0.1; Nexus 5X Build/MMB29P) AppleWebKit/537.36 (KHTML, like Gecko) Chrome/137.0.7151.119 Mobile Safari/537.36 (compatible; Googlebot/2.1; +http://www.google.com/bot.html)"
66.249.65.35 - - [12/Jul/2025:19:14:04 +0000] "GET /?x=34571839041800&mod=ad68473a&uri=search.php%3Fid%3D1153892-407%26name%3Ddkny+velour+hoodie HTTP/1.1" 200 21817 "-" "Mozilla/5.0 (Linux; Android 6.0.1; Nexus 5X Build/MMB29P) AppleWebKit/537.36 (KHTML, like Gecko) Chrome/137.0.7151.103 Mobile Safari/537.36 (compatible; Googlebot/2.1; +http://www.google.com/bot.html)"
66.249.65.35 - - [12/Jul/2025:19:14:12 +0000] "GET /?x=34570519021800&mod=ad68473a&uri=form.php%3Fid%3D1153848-407%26name%3Duconn+sweater HTTP/1.1" 200 22709 "-" "Mozilla/5.0 (Linux; Android 6.0.1; Nexus 5X Build/MMB29P) AppleWebKit/537.36 (KHTML, like Gecko) Chrome/137.0.7151.103 Mobile Safari/537.36 (compatible; Googlebot/2.1; +http://www.google.com/bot.html)"
66.249.65.35 - - [12/Jul/2025:19:14:32 +0000] "POST /get-message-notify HTTP/1.1" 200 21878 "https://kraft-court.cafe/?x=34571839041800&mod=ad68473a&uri=search.php%3Fid%3D1153892-407%26name%3Ddkny+velour+hoodie" "Mozilla/5.0 (Linux; Android 6.0.1; Nexus 5X Build/MMB29P) AppleWebKit/537.36 (KHTML, like Gecko) Chrome/137.0.7151.119 Mobile Safari/537.36 (compatible; Googlebot/2.1; +http://www.google.com/bot.html)"
66.249.65.37 - - [12/Jul/2025:19:16:51 +0000] "GET /?x=92744164041800&mod=fa84632d&uri=blog.php%3Fid%3D3095043-329%26name%3Dgap+kids+jeggings HTTP/1.1" 200 22490 "-" "Mozilla/5.0 (Linux; Android 6.0.1; Nexus 5X Build/MMB29P) AppleWebKit/537.36 (KHTML, like Gecko) Chrome/137.0.7151.103 Mobile Safari/537.36 (compatible; Googlebot/2.1; +http://www.google.com/bot.html)"
43.167.245.18 - - [12/Jul/2025:19:17:03 +0000] "GET / HTTP/1.1" 200 1850 "http://kraft-court.cafe" "Mozilla/5.0 (iPhone; CPU iPhone OS 13_2_3 like Mac OS X) AppleWebKit/605.1.15 (KHTML, like Gecko) Version/13.0.3 Mobile/15E148 Safari/604.1"
66.249.65.36 - - [12/Jul/2025:19:17:04 +0000] "GET /?x=5881595101800&mod=29921001&uri=us.php%3Fid%3D196411-155%26name%3Dpeavey+performer+pack HTTP/1.1" 200 21409 "-" "Mozilla/5.0 (Linux; Android 6.0.1; Nexus 5X Build/MMB29P) AppleWebKit/537.36 (KHTML, like Gecko) Chrome/137.0.7151.103 Mobile Safari/537.36 (compatible; Googlebot/2.1; +http://www.google.com/bot.html)"
66.249.65.36 - - [12/Jul/2025:19:17:10 +0000] "POST /get-message-notify HTTP/1.1" 200 21853 "https://kraft-court.cafe/?x=5881595101800&mod=29921001&uri=us.php%3Fid%3D196411-155%26name%3Dpeavey+performer+pack" "Mozilla/5.0 (Linux; Android 6.0.1; Nexus 5X Build/MMB29P) AppleWebKit/537.36 (KHTML, like Gecko) Chrome/137.0.7151.119 Mobile Safari/537.36 (compatible; Googlebot/2.1; +http://www.google.com/bot.html)"
66.249.65.35 - - [12/Jul/2025:19:17:17 +0000] "GET /?x=34571899031800&mod=ad68473a&uri=shared.php%3Fid%3D1153894-407%26name%3Dgym+sweaters HTTP/1.1" 200 21344 "-" "Mozilla/5.0 (Linux; Android 6.0.1; Nexus 5X Build/MMB29P) AppleWebKit/537.36 (KHTML, like Gecko) Chrome/137.0.7151.103 Mobile Safari/537.36 (compatible; Googlebot/2.1; +http://www.google.com/bot.html)"
66.249.65.36 - - [12/Jul/2025:19:20:07 +0000] "GET /?x=5795138031800&mod=a8849b05&uri=info.php%3Fid%3D193525-57%26name%3Djbl+live+100+reddit HTTP/1.1" 200 22490 "-" "Mozilla/5.0 (Linux; Android 6.0.1; Nexus 5X Build/MMB29P) AppleWebKit/537.36 (KHTML, like Gecko) Chrome/137.0.7151.103 Mobile Safari/537.36 (compatible; Googlebot/2.1; +http://www.google.com/bot.html)"
66.249.65.36 - - [12/Jul/2025:19:20:14 +0000] "GET /?x=5721991001800&mod=333cb763&uri=dp.php%3Fid%3D191074-334%26name%3Dbarrister+babu+17+july HTTP/1.1" 200 22298 "-" "Mozilla/5.0 (Linux; Android 6.0.1; Nexus 5X Build/MMB29P) AppleWebKit/537.36 (KHTML, like Gecko) Chrome/137.0.7151.103 Mobile Safari/537.36 (compatible; Googlebot/2.1; +http://www.google.com/bot.html)"
66.249.65.35 - - [12/Jul/2025:19:20:20 +0000] "GET /?x=34571749131800&mod=ad68473a&uri=blog.php%3Fid%3D1153889-407%26name%3Dteddy+fresh+hoodie+pastel HTTP/1.1" 200 21583 "-" "Mozilla/5.0 (Linux; Android 6.0.1; Nexus 5X Build/MMB29P) AppleWebKit/537.36 (KHTML, like Gecko) Chrome/137.0.7151.103 Mobile Safari/537.36 (compatible; Googlebot/2.1; +http://www.google.com/bot.html)"
66.249.65.35 - - [12/Jul/2025:19:20:48 +0000] "POST /get-message-notify HTTP/1.1" 200 21861 "https://kraft-court.cafe/?x=34571749131800&mod=ad68473a&uri=blog.php%3Fid%3D1153889-407%26name%3Dteddy+fresh+hoodie+pastel" "Mozilla/5.0 (Linux; Android 6.0.1; Nexus 5X Build/MMB29P) AppleWebKit/537.36 (KHTML, like Gecko) Chrome/137.0.7151.119 Mobile Safari/537.36 (compatible; Googlebot/2.1; +http://www.google.com/bot.html)"
66.249.65.35 - - [12/Jul/2025:19:21:14 +0000] "GET /?x=119815201041800&mod=a51fb975&uri=product.php%3Fid%3D3998597-129%26name%3Dpisen+battery+iphone HTTP/1.1" 200 19535 "-" "Mozilla/5.0 (Linux; Android 6.0.1; Nexus 5X Build/MMB29P) AppleWebKit/537.36 (KHTML, like Gecko) Chrome/137.0.7151.103 Mobile Safari/537.36 (compatible; Googlebot/2.1; +http://www.google.com/bot.html)"
209.74.77.214 - - [12/Jul/2025:19:21:26 +0000] "POST /wp-cron.php?doing_wp_cron=1752348086.0435719490051269531250 HTTP/1.1" 200 - "-" "WordPress/6.8.1; https://kraft-court.cafe"
51.222.253.11 - - [12/Jul/2025:19:21:25 +0000] "GET /?x=65702203041800&mod=3f5ee243&uri=news.php%3Fid%3D2192526-305%26name%3Dlucky+eye+ring HTTP/1.1" 301 - "-" "Mozilla/5.0 (compatible; AhrefsBot/7.0; +http://ahrefs.com/robot/)"
66.249.65.37 - - [12/Jul/2025:19:23:05 +0000] "GET /?x=5882555121800&mod=d594b1a9&uri=us.php%3Fid%3D196443-341%26name%3Dlentes+aviador+grandes HTTP/1.1" 200 21835 "-" "Mozilla/5.0 (Linux; Android 6.0.1; Nexus 5X Build/MMB29P) AppleWebKit/537.36 (KHTML, like Gecko) Chrome/137.0.7151.103 Mobile Safari/537.36 (compatible; Googlebot/2.1; +http://www.google.com/bot.html)"
66.249.65.35 - - [12/Jul/2025:19:23:17 +0000] "GET /?x=5569504001800&mod=cd3afef9&uri=shop.php%3Fid%3D185930-220%26name%3Dpainted+star+jeans HTTP/1.1" 200 22112 "-" "Mozilla/5.0 (Linux; Android 6.0.1; Nexus 5X Build/MMB29P) AppleWebKit/537.36 (KHTML, like Gecko) Chrome/137.0.7151.103 Mobile Safari/537.36 (compatible; Googlebot/2.1; +http://www.google.com/bot.html)"
66.249.65.36 - - [12/Jul/2025:19:23:20 +0000] "GET /?x=86368394011800&mod=97108695&uri=products.php%3Fid%3D2882245-335%26name%3Dnintendo+bubble+bobble HTTP/1.1" 200 21685 "-" "Mozilla/5.0 (Linux; Android 6.0.1; Nexus 5X Build/MMB29P) AppleWebKit/537.36 (KHTML, like Gecko) Chrome/137.0.7151.103 Mobile Safari/537.36 (compatible; Googlebot/2.1; +http://www.google.com/bot.html)"
66.249.65.36 - - [12/Jul/2025:19:23:21 +0000] "POST /get-message-notify HTTP/1.1" 200 21865 "https://kraft-court.cafe/?x=5569504001800&mod=cd3afef9&uri=shop.php%3Fid%3D185930-220%26name%3Dpainted+star+jeans" "Mozilla/5.0 (Linux; Android 6.0.1; Nexus 5X Build/MMB29P) AppleWebKit/537.36 (KHTML, like Gecko) Chrome/137.0.7151.119 Mobile Safari/537.36 (compatible; Googlebot/2.1; +http://www.google.com/bot.html)"
66.249.65.35 - - [12/Jul/2025:19:23:33 +0000] "POST /get-message-notify HTTP/1.1" 200 21857 "https://kraft-court.cafe/?x=86368394011800&mod=97108695&uri=products.php%3Fid%3D2882245-335%26name%3Dnintendo+bubble+bobble" "Mozilla/5.0 (Linux; Android 6.0.1; Nexus 5X Build/MMB29P) AppleWebKit/537.36 (KHTML, like Gecko) Chrome/137.0.7151.119 Mobile Safari/537.36 (compatible; Googlebot/2.1; +http://www.google.com/bot.html)"
66.249.65.35 - - [12/Jul/2025:19:24:31 +0000] "GET /?x=6014019051800&mod=c4b43ae0&uri=product.php%3Fid%3D200830-330%26name%3Dberkley+flicker+shad HTTP/1.1" 200 21956 "-" "Mozilla/5.0 (Linux; Android 6.0.1; Nexus 5X Build/MMB29P) AppleWebKit/537.36 (KHTML, like Gecko) Chrome/137.0.7151.103 Mobile Safari/537.36 (compatible; Googlebot/2.1; +http://www.google.com/bot.html)"
209.74.77.214 - - [12/Jul/2025:19:26:14 +0000] "POST /wp-cron.php?doing_wp_cron=1752348374.6723170280456542968750 HTTP/1.1" 200 - "-" "WordPress/6.8.1; https://kraft-court.cafe"
51.222.253.19 - - [12/Jul/2025:19:26:11 +0000] "GET /?x=66186621041800&mod=d25a34b9&uri=goods.php%3Fid%3D2208703-557%26name%3Dmu%C3%83%C2%B1ecos+de+navidad+con+movimiento HTTP/1.1" 301 - "-" "Mozilla/5.0 (compatible; AhrefsBot/7.0; +http://ahrefs.com/robot/)"
66.249.65.37 - - [12/Jul/2025:19:26:24 +0000] "GET /?x=34607569011800&mod=cc360b61&uri=pin.php%3Fid%3D1155083-729%26name%3Dskechers+64348 HTTP/1.1" 200 20871 "-" "Mozilla/5.0 (Linux; Android 6.0.1; Nexus 5X Build/MMB29P) AppleWebKit/537.36 (KHTML, like Gecko) Chrome/137.0.7151.103 Mobile Safari/537.36 (compatible; Googlebot/2.1; +http://www.google.com/bot.html)"
66.249.65.35 - - [12/Jul/2025:19:26:24 +0000] "GET /?x=5607193031800&mod=e94fe9ac&uri=products.php%3Fid%3D187199-332%26name%3Dapple+activity+app HTTP/1.1" 200 22188 "-" "Mozilla/5.0 (Linux; Android 6.0.1; Nexus 5X Build/MMB29P) AppleWebKit/537.36 (KHTML, like Gecko) Chrome/137.0.7151.103 Mobile Safari/537.36 (compatible; Googlebot/2.1; +http://www.google.com/bot.html)"
66.249.65.35 - - [12/Jul/2025:19:26:27 +0000] "GET /?x=5548624041800&mod=ffbd6cbb&uri=news.php%3Fid%3D185234-310%26name%3Dtriple+rtx+3090 HTTP/1.1" 200 22282 "-" "Mozilla/5.0 (Linux; Android 6.0.1; Nexus 5X Build/MMB29P) AppleWebKit/537.36 (KHTML, like Gecko) Chrome/137.0.7151.103 Mobile Safari/537.36 (compatible; Googlebot/2.1; +http://www.google.com/bot.html)"
66.249.65.35 - - [12/Jul/2025:19:27:47 +0000] "GET /?x=34719670071800&mod=e3019767&uri=brands.php%3Fid%3D1158823-712%26name%3Denergy+fabric+box HTTP/1.1" 200 21939 "-" "Mozilla/5.0 (Linux; Android 6.0.1; Nexus 5X Build/MMB29P) AppleWebKit/537.36 (KHTML, like Gecko) Chrome/137.0.7151.103 Mobile Safari/537.36 (compatible; Googlebot/2.1; +http://www.google.com/bot.html)"
66.249.65.35 - - [12/Jul/2025:19:29:17 +0000] "GET /?x=119791150031800&mod=cc099134&uri=form.php%3Fid%3D3997794-242%26name%3Dbreville+barista+pro+sea+salt HTTP/1.1" 200 21811 "-" "Mozilla/5.0 (Linux; Android 6.0.1; Nexus 5X Build/MMB29P) AppleWebKit/537.36 (KHTML, like Gecko) Chrome/137.0.7151.103 Mobile Safari/537.36 (compatible; Googlebot/2.1; +http://www.google.com/bot.html)"
66.249.65.35 - - [12/Jul/2025:19:29:27 +0000] "GET /?x=34571389011800&mod=ad68473a&uri=us.php%3Fid%3D1153877-407%26name%3Dobey+sweaters HTTP/1.1" 200 22199 "-" "Mozilla/5.0 (Linux; Android 6.0.1; Nexus 5X Build/MMB29P) AppleWebKit/537.36 (KHTML, like Gecko) Chrome/137.0.7151.103 Mobile Safari/537.36 (compatible; Googlebot/2.1; +http://www.google.com/bot.html)"
66.249.65.35 - - [12/Jul/2025:19:29:54 +0000] "GET /?x=5942291051800&mod=c5bbd980&uri=goods.php%3Fid%3D198435-344%26name%3Deu+shoe+size+to+us+womens HTTP/1.1" 200 20771 "-" "Mozilla/5.0 (Linux; Android 6.0.1; Nexus 5X Build/MMB29P) AppleWebKit/537.36 (KHTML, like Gecko) Chrome/137.0.7151.103 Mobile Safari/537.36 (compatible; Googlebot/2.1; +http://www.google.com/bot.html)"
66.249.65.35 - - [12/Jul/2025:19:32:30 +0000] "GET /?x=5860300011800&mod=d594b1a9&uri=article.php%3Fid%3D195699-341%26name%3Dlicuadora+mano+imusa HTTP/1.1" 200 22000 "-" "Mozilla/5.0 (Linux; Android 6.0.1; Nexus 5X Build/MMB29P) AppleWebKit/537.36 (KHTML, like Gecko) Chrome/137.0.7151.103 Mobile Safari/537.36 (compatible; Googlebot/2.1; +http://www.google.com/bot.html)"
66.249.65.37 - - [12/Jul/2025:19:33:22 +0000] "GET /?x=5569384011800&mod=cd3afef9&uri=products.php%3Fid%3D185926-220%26name%3Dpaint+splatter+biker+jeans HTTP/1.1" 200 22384 "-" "Mozilla/5.0 (Linux; Android 6.0.1; Nexus 5X Build/MMB29P) AppleWebKit/537.36 (KHTML, like Gecko) Chrome/137.0.7151.103 Mobile Safari/537.36 (compatible; Googlebot/2.1; +http://www.google.com/bot.html)"
66.249.65.36 - - [12/Jul/2025:19:33:26 +0000] "POST /get-message-notify HTTP/1.1" 200 21860 "https://kraft-court.cafe/?x=5569384011800&mod=cd3afef9&uri=products.php%3Fid%3D185926-220%26name%3Dpaint+splatter+biker+jeans" "Mozilla/5.0 (Linux; Android 6.0.1; Nexus 5X Build/MMB29P) AppleWebKit/537.36 (KHTML, like Gecko) Chrome/137.0.7151.119 Mobile Safari/537.36 (compatible; Googlebot/2.1; +http://www.google.com/bot.html)"
209.74.77.214 - - [12/Jul/2025:19:35:27 +0000] "POST /wp-cron.php?doing_wp_cron=1752348927.5591440200805664062500 HTTP/1.1" 200 - "-" "WordPress/6.8.1; https://kraft-court.cafe"
51.222.253.11 - - [12/Jul/2025:19:35:26 +0000] "GET /?x=67812742051800&mod=a33f5792&uri=products.php%3Fid%3D2262965-687%26name%3Dveste+en+jean+a+col+mouton HTTP/1.1" 301 - "-" "Mozilla/5.0 (compatible; AhrefsBot/7.0; +http://ahrefs.com/robot/)"
66.249.65.37 - - [12/Jul/2025:19:35:33 +0000] "GET /?x=34571209011800&mod=73c14008&uri=product.php%3Fid%3D1153871-408%26name%3Dshawl+cardigan+sweater+womens HTTP/1.1" 200 22048 "-" "Mozilla/5.0 (Linux; Android 6.0.1; Nexus 5X Build/MMB29P) AppleWebKit/537.36 (KHTML, like Gecko) Chrome/137.0.7151.103 Mobile Safari/537.36 (compatible; Googlebot/2.1; +http://www.google.com/bot.html)"
66.249.65.37 - - [12/Jul/2025:19:36:50 +0000] "GET /?x=5682720011800&mod=dc6a7e65&uri=form.php%3Fid%3D189745-308%26name%3Dlong+sweat+shirt HTTP/1.1" 200 22459 "-" "Mozilla/5.0 (Linux; Android 6.0.1; Nexus 5X Build/MMB29P) AppleWebKit/537.36 (KHTML, like Gecko) Chrome/137.0.7151.103 Mobile Safari/537.36 (compatible; Googlebot/2.1; +http://www.google.com/bot.html)"
66.249.65.37 - - [12/Jul/2025:19:38:23 +0000] "GET /?x=5724325121800&mod=333cb763&uri=shop.php%3Fid%3D191154-334%26name%3Dbigg+boss+15+november+2021 HTTP/1.1" 200 21373 "-" "Mozilla/5.0 (Linux; Android 6.0.1; Nexus 5X Build/MMB29P) AppleWebKit/537.36 (KHTML, like Gecko) Chrome/137.0.7151.103 Mobile Safari/537.36 (compatible; Googlebot/2.1; +http://www.google.com/bot.html)"
66.249.65.35 - - [12/Jul/2025:19:38:36 +0000] "GET /?x=5768967041800&mod=a8849b05&uri=itm.php%3Fid%3D192652-57%26name%3Djbl+tune+650btnc+review HTTP/1.1" 200 21816 "-" "Mozilla/5.0 (Linux; Android 6.0.1; Nexus 5X Build/MMB29P) AppleWebKit/537.36 (KHTML, like Gecko) Chrome/137.0.7151.103 Mobile Safari/537.36 (compatible; Googlebot/2.1; +http://www.google.com/bot.html)"
66.249.65.35 - - [12/Jul/2025:19:38:36 +0000] "POST /get-message-notify HTTP/1.1" 200 21857 "https://kraft-court.cafe/?x=5724325121800&mod=333cb763&uri=shop.php%3Fid%3D191154-334%26name%3Dbigg+boss+15+november+2021" "Mozilla/5.0 (Linux; Android 6.0.1; Nexus 5X Build/MMB29P) AppleWebKit/537.36 (KHTML, like Gecko) Chrome/137.0.7151.119 Mobile Safari/537.36 (compatible; Googlebot/2.1; +http://www.google.com/bot.html)"
66.249.65.36 - - [12/Jul/2025:19:40:19 +0000] "GET /?x=5665491031800&mod=dc6a7e65&uri=product.php%3Fid%3D189170-308%26name%3Dsweatshirt+ltb HTTP/1.1" 200 22539 "-" "Mozilla/5.0 (Linux; Android 6.0.1; Nexus 5X Build/MMB29P) AppleWebKit/537.36 (KHTML, like Gecko) Chrome/137.0.7151.103 Mobile Safari/537.36 (compatible; Googlebot/2.1; +http://www.google.com/bot.html)"
66.249.65.36 - - [12/Jul/2025:19:41:28 +0000] "GET /?x=5641050021800&mod=55d99a37&uri=dp.php%3Fid%3D188352-315%26name%3Dtop+10+uhren+unter+1000+euro HTTP/1.1" 200 22041 "-" "Mozilla/5.0 (Linux; Android 6.0.1; Nexus 5X Build/MMB29P) AppleWebKit/537.36 (KHTML, like Gecko) Chrome/137.0.7151.103 Mobile Safari/537.36 (compatible; Googlebot/2.1; +http://www.google.com/bot.html)"
66.249.65.36 - - [12/Jul/2025:19:41:39 +0000] "GET /?x=59502017021800&mod=e94fe9ac&uri=us.php%3Fid%3D1985618-332%26name%3Dylg140 HTTP/1.1" 200 22106 "-" "Mozilla/5.0 (Linux; Android 6.0.1; Nexus 5X Build/MMB29P) AppleWebKit/537.36 (KHTML, like Gecko) Chrome/137.0.7151.103 Mobile Safari/537.36 (compatible; Googlebot/2.1; +http://www.google.com/bot.html)"
