209.74.77.214 - - [12/Jul/2025:14:24:58 +0000] "POST /wp-cron.php?doing_wp_cron=1752330298.1497180461883544921875 HTTP/1.1" 200 - "-" "WordPress/6.8.1; https://kraft-court.cafe"
74.7.35.125 - - [12/Jul/2025:14:24:56 +0000] "GET /?mod=f34185c4&uri=products.php?id%3D198082-343%26name%3Dtarget+credenza&x=5931701001800 HTTP/1.1" 301 - "-" "Mozilla/5.0 AppleWebKit/537.36 (KHTML, like Gecko); compatible; ChatGPT-User/1.0; +https://openai.com/bot"
74.7.35.125 - - [12/Jul/2025:14:24:58 +0000] "GET /?mod=f34185c4&uri=products.php?id%3D198082-343%26name%3Dtarget%20credenza&x=5931701001800 HTTP/1.1" 301 - "-" "Mozilla/5.0 AppleWebKit/537.36 (KHTML, like Gecko); compatible; ChatGPT-User/1.0; +https://openai.com/bot"
4.227.36.114 - - [12/Jul/2025:14:26:23 +0000] "GET /robots.txt HTTP/1.1" 200 86 "-" "Mozilla/5.0 AppleWebKit/537.36 (KHTML, like Gecko; compatible; GPTBot/1.2; +https://openai.com/gptbot)"
209.74.77.214 - - [12/Jul/2025:14:29:12 +0000] "POST /wp-cron.php?doing_wp_cron=1752330552.3527710437774658203125 HTTP/1.1" 200 - "-" "WordPress/6.8.1; https://kraft-court.cafe"
51.222.253.15 - - [12/Jul/2025:14:29:07 +0000] "GET /?x=25716616011800&uri=info.php%3Fid%3D858312-883%26name%3Dsudadera%20gris%20claro%20hombre HTTP/1.1" 200 1926 "-" "Mozilla/5.0 (compatible; AhrefsBot/7.0; +http://ahrefs.com/robot/)"
209.74.77.214 - - [12/Jul/2025:14:33:55 +0000] "POST /wp-cron.php?doing_wp_cron=1752330835.4378659725189208984375 HTTP/1.1" 200 - "-" "WordPress/6.8.1; https://kraft-court.cafe"
51.222.253.19 - - [12/Jul/2025:14:33:54 +0000] "GET /?x=21859064071800&uri=us.php%3Fid%3D729636-799%26name%3Dreloj%20swarovski%20dama%20precio HTTP/1.1" 200 1926 "-" "Mozilla/5.0 (compatible; AhrefsBot/7.0; +http://ahrefs.com/robot/)"
209.74.77.214 - - [12/Jul/2025:14:38:27 +0000] "POST /wp-cron.php?doing_wp_cron=1752331107.7185869216918945312500 HTTP/1.1" 200 - "-" "WordPress/6.8.1; https://kraft-court.cafe"
51.222.253.9 - - [12/Jul/2025:14:38:26 +0000] "GET /?x=21241850041800&uri=info.php%3Fid%3D709049-785%26name%3Dthe%20north%20face%20urban%20exploration%20online%20shop HTTP/1.1" 200 1938 "-" "Mozilla/5.0 (compatible; AhrefsBot/7.0; +http://ahrefs.com/robot/)"
164.92.234.224 - - [12/Jul/2025:14:41:50 +0000] "GET / HTTP/1.1" 401 53 "-" "Mozilla/5.0 (X11; Linux x86_64) AppleWebKit/537.36 (KHTML, like Gecko) Chrome/137.0.0.0 Safari/537.36"
164.92.234.224 - - [12/Jul/2025:14:41:54 +0000] "GET /favicon.ico HTTP/1.1" 401 53 "https://cpcalendars.kraft-court.cafe/" "Mozilla/5.0 (X11; Linux x86_64) AppleWebKit/537.36 (KHTML, like Gecko) Chrome/137.0.0.0 Safari/537.36"
209.74.77.214 - - [12/Jul/2025:14:43:22 +0000] "POST /wp-cron.php?doing_wp_cron=1752331402.3741641044616699218750 HTTP/1.1" 200 - "-" "WordPress/6.8.1; https://kraft-court.cafe"
51.222.253.16 - - [12/Jul/2025:14:43:21 +0000] "GET /?x=19965178011800&uri=news.php%3Fid%3D666456-724%26name%3Dapple%20watch%20eau%20de%20mer HTTP/1.1" 200 1923 "-" "Mozilla/5.0 (compatible; AhrefsBot/7.0; +http://ahrefs.com/robot/)"
66.249.65.35 - - [12/Jul/2025:14:43:46 +0000] "GET /?x=5806598031800&mod=165a59f7&uri=brands.php%3Fid%3D193907-336%26name%3Dzaino+miriade HTTP/1.1" 200 21259 "-" "Mozilla/5.0 (Linux; Android 6.0.1; Nexus 5X Build/MMB29P) AppleWebKit/537.36 (KHTML, like Gecko) Chrome/137.0.7151.103 Mobile Safari/537.36 (compatible; Googlebot/2.1; +http://www.google.com/bot.html)"
209.74.77.214 - - [12/Jul/2025:14:46:01 +0000] "POST /wp-cron.php?doing_wp_cron=1752331561.3680090904235839843750 HTTP/1.1" 200 - "-" "WordPress/6.8.1; https://kraft-court.cafe"
92.255.175.106 - - [12/Jul/2025:14:46:00 +0000] "POST /xmlrpc.php HTTP/1.1" 200 403 "-" "Mozilla/5.0 (Linux; Android 10; LM-Q710(FGN)) AppleWebKit/537.36 (KHTML, like Gecko) Chrome/91.0.4472.114 Mobile Safari/537.36"
66.249.65.36 - - [12/Jul/2025:14:46:03 +0000] "GET /?x=5727484001800&mod=333cb763&uri=products.php%3Fid%3D191265-334%26name%3Dwatch+pokemon+sinnoh+league+victors HTTP/1.1" 200 22395 "-" "Mozilla/5.0 (Linux; Android 6.0.1; Nexus 5X Build/MMB29P) AppleWebKit/537.36 (KHTML, like Gecko) Chrome/137.0.7151.103 Mobile Safari/537.36 (compatible; Googlebot/2.1; +http://www.google.com/bot.html)"
62.72.46.56 - - [12/Jul/2025:14:46:11 +0000] "POST /xmlrpc.php HTTP/1.1" 200 403 "-" "Mozilla/5.0 (Windows NT 10.0) AppleWebKit/537.36 (KHTML, like Gecko) Chrome/72.0.3626.121 Safari/537.36"
66.249.65.35 - - [12/Jul/2025:14:46:19 +0000] "POST /get-message-notify HTTP/1.1" 200 21867 "https://kraft-court.cafe/?x=5727484001800&mod=333cb763&uri=products.php%3Fid%3D191265-334%26name%3Dwatch+pokemon+sinnoh+league+victors" "Mozilla/5.0 (Linux; Android 6.0.1; Nexus 5X Build/MMB29P) AppleWebKit/537.36 (KHTML, like Gecko) Chrome/137.0.7151.119 Mobile Safari/537.36 (compatible; Googlebot/2.1; +http://www.google.com/bot.html)"
161.97.160.98 - - [12/Jul/2025:14:46:31 +0000] "POST /xmlrpc.php HTTP/1.1" 200 403 "-" "Mozilla/5.0 (Windows NT 10.0; Win64; x64) AppleWebKit/537.36 (KHTML, like Gecko) Chrome/57.0.2987.133 Safari/537.36"
209.74.77.214 - - [12/Jul/2025:14:46:52 +0000] "POST /wp-cron.php?doing_wp_cron=1752331612.3193080425262451171875 HTTP/1.1" 200 - "-" "WordPress/6.8.1; https://kraft-court.cafe"
195.117.36.240 - - [12/Jul/2025:14:46:52 +0000] "POST /xmlrpc.php HTTP/1.1" 200 403 "-" "Mozilla/5.0 (Windows NT 10.0; Win64; x64) AppleWebKit/537.36 (KHTML, like Gecko) Chrome/85.0.4183.102 Safari/537.36"
89.251.186.203 - - [12/Jul/2025:14:47:08 +0000] "POST /xmlrpc.php HTTP/1.1" 200 403 "-" "Mozilla/5.0 (Windows NT 10.0; Win64; x64) AppleWebKit/537.36 (KHTML, like Gecko) Chrome/87.0.4280.141 Safari/537.36"
206.83.228.66 - - [12/Jul/2025:14:47:20 +0000] "POST /xmlrpc.php HTTP/1.1" 200 403 "-" "Mozilla/5.0 (Windows NT 10.0; Win64; x64) AppleWebKit/537.36 (KHTML, like Gecko) Chrome/74.0.3729.131 Safari/537.36"
209.74.77.214 - - [12/Jul/2025:14:48:05 +0000] "POST /wp-cron.php?doing_wp_cron=1752331685.0218210220336914062500 HTTP/1.1" 200 - "-" "WordPress/6.8.1; https://kraft-court.cafe"
51.222.253.12 - - [12/Jul/2025:14:48:03 +0000] "GET /?x=17958478041800&uri=us.php%3Fid%3D599487-703%26name%3Db557y%20asics HTTP/1.1" 200 1915 "-" "Mozilla/5.0 (compatible; AhrefsBot/7.0; +http://ahrefs.com/robot/)"
66.249.65.36 - - [12/Jul/2025:14:48:19 +0000] "GET /?x=5757807001800&mod=97108695&uri=blog.php%3Fid%3D192280-335%26name%3Dkuppet+1040603600+manual HTTP/1.1" 200 22096 "-" "Mozilla/5.0 (Linux; Android 6.0.1; Nexus 5X Build/MMB29P) AppleWebKit/537.36 (KHTML, like Gecko) Chrome/137.0.7151.103 Mobile Safari/537.36 (compatible; Googlebot/2.1; +http://www.google.com/bot.html)"
66.249.65.36 - - [12/Jul/2025:14:49:04 +0000] "POST /get-message-notify HTTP/1.1" 200 21868 "https://kraft-court.cafe/?x=5757807001800&mod=97108695&uri=blog.php%3Fid%3D192280-335%26name%3Dkuppet+1040603600+manual" "Mozilla/5.0 (Linux; Android 6.0.1; Nexus 5X Build/MMB29P) AppleWebKit/537.36 (KHTML, like Gecko) Chrome/137.0.7151.119 Mobile Safari/537.36 (compatible; Googlebot/2.1; +http://www.google.com/bot.html)"
209.74.77.214 - - [12/Jul/2025:14:49:47 +0000] "POST /wp-cron.php?doing_wp_cron=1752331787.9539279937744140625000 HTTP/1.1" 200 - "-" "WordPress/6.8.1; https://kraft-court.cafe"
101.42.117.179 - - [12/Jul/2025:14:49:46 +0000] "GET / HTTP/1.1" 200 1850 "http://kraft-court.cafe" "Mozilla/5.0 (iPhone; CPU iPhone OS 13_2_3 like Mac OS X) AppleWebKit/605.1.15 (KHTML, like Gecko) Version/13.0.3 Mobile/15E148 Safari/604.1"
66.249.65.37 - - [12/Jul/2025:14:50:12 +0000] "GET /?x=5779495031800&mod=a8849b05&uri=shared.php%3Fid%3D193003-57%26name%3Dsony+ch500+review HTTP/1.1" 200 21961 "-" "Mozilla/5.0 (Linux; Android 6.0.1; Nexus 5X Build/MMB29P) AppleWebKit/537.36 (KHTML, like Gecko) Chrome/137.0.7151.103 Mobile Safari/537.36 (compatible; Googlebot/2.1; +http://www.google.com/bot.html)"
66.249.65.36 - - [12/Jul/2025:14:50:15 +0000] "POST /get-message-notify HTTP/1.1" 200 21865 "https://kraft-court.cafe/?x=5779495031800&mod=a8849b05&uri=shared.php%3Fid%3D193003-57%26name%3Dsony+ch500+review" "Mozilla/5.0 (Linux; Android 6.0.1; Nexus 5X Build/MMB29P) AppleWebKit/537.36 (KHTML, like Gecko) Chrome/137.0.7151.119 Mobile Safari/537.36 (compatible; Googlebot/2.1; +http://www.google.com/bot.html)"
66.249.65.35 - - [12/Jul/2025:14:50:36 +0000] "GET /?x=47017855011800&mod=165a59f7&uri=shared.php%3Fid%3D1569104-336%26name%3Dcoffe+di+paglia+siciliane HTTP/1.1" 200 21489 "-" "Mozilla/5.0 (Linux; Android 6.0.1; Nexus 5X Build/MMB29P) AppleWebKit/537.36 (KHTML, like Gecko) Chrome/137.0.7151.103 Mobile Safari/537.36 (compatible; Googlebot/2.1; +http://www.google.com/bot.html)"
209.74.77.214 - - [12/Jul/2025:14:52:39 +0000] "POST /wp-cron.php?doing_wp_cron=1752331959.1363029479980468750000 HTTP/1.1" 200 - "-" "WordPress/6.8.1; https://kraft-court.cafe"
51.222.253.5 - - [12/Jul/2025:14:52:37 +0000] "GET /?x=17456004031800&uri=article.php%3Fid%3D582719-688%26name%3Dreebok%20princess%20leder HTTP/1.1" 200 1924 "-" "Mozilla/5.0 (compatible; AhrefsBot/7.0; +http://ahrefs.com/robot/)"
66.249.65.37 - - [12/Jul/2025:14:54:25 +0000] "GET /?x=59626192001800&mod=fd69dbe2&uri=form.php%3Fid%3D1989774-232%26name%3Dgpu+hetzner HTTP/1.1" 200 22105 "-" "Mozilla/5.0 (Linux; Android 6.0.1; Nexus 5X Build/MMB29P) AppleWebKit/537.36 (KHTML, like Gecko) Chrome/137.0.7151.103 Mobile Safari/537.36 (compatible; Googlebot/2.1; +http://www.google.com/bot.html)"
66.249.65.36 - - [12/Jul/2025:14:54:34 +0000] "GET /?x=5894094021800&mod=29921001&uri=search.php%3Fid%3D196828-155%26name%3Dspeaker+fleco+super+bass HTTP/1.1" 200 22358 "-" "Mozilla/5.0 (Linux; Android 6.0.1; Nexus 5X Build/MMB29P) AppleWebKit/537.36 (KHTML, like Gecko) Chrome/137.0.7151.103 Mobile Safari/537.36 (compatible; Googlebot/2.1; +http://www.google.com/bot.html)"
66.249.65.36 - - [12/Jul/2025:14:55:06 +0000] "POST /get-message-notify HTTP/1.1" 200 21861 "https://kraft-court.cafe/?x=59626192001800&mod=fd69dbe2&uri=form.php%3Fid%3D1989774-232%26name%3Dgpu+hetzner" "Mozilla/5.0 (Linux; Android 6.0.1; Nexus 5X Build/MMB29P) AppleWebKit/537.36 (KHTML, like Gecko) Chrome/137.0.7151.119 Mobile Safari/537.36 (compatible; Googlebot/2.1; +http://www.google.com/bot.html)"
66.249.65.35 - - [12/Jul/2025:14:55:38 +0000] "GET /?x=59514840051800&mod=e94fe9ac&uri=itm.php%3Fid%3D1986049-332%26name%3Dsync+mi+band+with+google+fit HTTP/1.1" 200 21389 "-" "Mozilla/5.0 (Linux; Android 6.0.1; Nexus 5X Build/MMB29P) AppleWebKit/537.36 (KHTML, like Gecko) Chrome/137.0.7151.103 Mobile Safari/537.36 (compatible; Googlebot/2.1; +http://www.google.com/bot.html)"
66.249.65.35 - - [12/Jul/2025:14:55:42 +0000] "POST /get-message-notify HTTP/1.1" 200 21862 "https://kraft-court.cafe/?x=59514840051800&mod=e94fe9ac&uri=itm.php%3Fid%3D1986049-332%26name%3Dsync+mi+band+with+google+fit" "Mozilla/5.0 (Linux; Android 6.0.1; Nexus 5X Build/MMB29P) AppleWebKit/537.36 (KHTML, like Gecko) Chrome/137.0.7151.119 Mobile Safari/537.36 (compatible; Googlebot/2.1; +http://www.google.com/bot.html)"
66.249.65.37 - - [12/Jul/2025:14:56:28 +0000] "GET /?x=5717029031800&mod=333cb763&uri=itm.php%3Fid%3D190902-334%26name%3Djodha+akbar+zee5+hindi HTTP/1.1" 200 22645 "-" "Mozilla/5.0 (Linux; Android 6.0.1; Nexus 5X Build/MMB29P) AppleWebKit/537.36 (KHTML, like Gecko) Chrome/137.0.7151.103 Mobile Safari/537.36 (compatible; Googlebot/2.1; +http://www.google.com/bot.html)"
209.74.77.214 - - [12/Jul/2025:14:57:17 +0000] "POST /wp-cron.php?doing_wp_cron=1752332237.8473579883575439453125 HTTP/1.1" 200 - "-" "WordPress/6.8.1; https://kraft-court.cafe"
51.222.253.7 - - [12/Jul/2025:14:57:16 +0000] "GET /?x=14493529041800&uri=shared.php%3Fid%3D483889-615%26name%3Dmontblanc%20mb%20114797 HTTP/1.1" 200 1924 "-" "Mozilla/5.0 (compatible; AhrefsBot/7.0; +http://ahrefs.com/robot/)"
66.249.65.37 - - [12/Jul/2025:15:00:37 +0000] "GET /?x=5694867041800&mod=2de7cf20&uri=form.php%3Fid%3D190150-333%26name%3Djared+jewelry+galleria HTTP/1.1" 200 22119 "-" "Mozilla/5.0 (Linux; Android 6.0.1; Nexus 5X Build/MMB29P) AppleWebKit/537.36 (KHTML, like Gecko) Chrome/137.0.7151.103 Mobile Safari/537.36 (compatible; Googlebot/2.1; +http://www.google.com/bot.html)"
66.249.65.35 - - [12/Jul/2025:15:00:40 +0000] "POST /get-message-notify HTTP/1.1" 200 21868 "https://kraft-court.cafe/?x=5694867041800&mod=2de7cf20&uri=form.php%3Fid%3D190150-333%26name%3Djared+jewelry+galleria" "Mozilla/5.0 (Linux; Android 6.0.1; Nexus 5X Build/MMB29P) AppleWebKit/537.36 (KHTML, like Gecko) Chrome/137.0.7151.119 Mobile Safari/537.36 (compatible; Googlebot/2.1; +http://www.google.com/bot.html)"
209.74.77.214 - - [12/Jul/2025:15:01:50 +0000] "POST /wp-cron.php?doing_wp_cron=1752332510.9025959968566894531250 HTTP/1.1" 200 - "-" "WordPress/6.8.1; https://kraft-court.cafe"
51.222.253.16 - - [12/Jul/2025:15:01:49 +0000] "GET /?x=14196368061800&uri=article.php%3Fid%3D473950-105%26name%3Dthe%20best%20hydrating%20foundation HTTP/1.1" 200 1929 "-" "Mozilla/5.0 (compatible; AhrefsBot/7.0; +http://ahrefs.com/robot/)"
66.249.65.36 - - [12/Jul/2025:15:04:37 +0000] "GET /?x=43381329021800&mod=a8849b05&uri=shop.php%3Fid%3D1447787-57%26name%3Dbeats+earbuds+black+friday HTTP/1.1" 200 22676 "-" "Mozilla/5.0 (Linux; Android 6.0.1; Nexus 5X Build/MMB29P) AppleWebKit/537.36 (KHTML, like Gecko) Chrome/137.0.7151.103 Mobile Safari/537.36 (compatible; Googlebot/2.1; +http://www.google.com/bot.html)"
66.249.65.35 - - [12/Jul/2025:15:05:01 +0000] "GET /?x=6080769071800&mod=0d0fd7c6&uri=shop.php%3Fid%3D203059-40%26name%3Dtc+pro+plus+cordless+handheld+airless+sprayer HTTP/1.1" 200 21568 "-" "Mozilla/5.0 (Linux; Android 6.0.1; Nexus 5X Build/MMB29P) AppleWebKit/537.36 (KHTML, like Gecko) Chrome/137.0.7151.103 Mobile Safari/537.36 (compatible; Googlebot/2.1; +http://www.google.com/bot.html)"
66.249.65.36 - - [12/Jul/2025:15:05:44 +0000] "GET /?x=5806508041800&mod=a8849b05&uri=news.php%3Fid%3D193904-57%26name%3Djbl+reflect+wireless+headphones HTTP/1.1" 200 22178 "-" "Mozilla/5.0 (Linux; Android 6.0.1; Nexus 5X Build/MMB29P) AppleWebKit/537.36 (KHTML, like Gecko) Chrome/137.0.7151.103 Mobile Safari/537.36 (compatible; Googlebot/2.1; +http://www.google.com/bot.html)"
209.74.77.214 - - [12/Jul/2025:15:06:35 +0000] "POST /wp-cron.php?doing_wp_cron=1752332795.0253028869628906250000 HTTP/1.1" 200 - "-" "WordPress/6.8.1; https://kraft-court.cafe"
51.222.253.10 - - [12/Jul/2025:15:06:33 +0000] "GET /?x=13404705041800&uri=form.php%3Fid%3D447547-599%26name%3Dair%20jordan%20xiii%20for%20sale HTTP/1.1" 200 1925 "-" "Mozilla/5.0 (compatible; AhrefsBot/7.0; +http://ahrefs.com/robot/)"
66.249.65.37 - - [12/Jul/2025:15:07:34 +0000] "GET /?x=86482315021800&mod=03fa2f75&uri=blog.php%3Fid%3D2886047-270%26name%3Dpn579x+active+pen HTTP/1.1" 200 22238 "-" "Mozilla/5.0 (Linux; Android 6.0.1; Nexus 5X Build/MMB29P) AppleWebKit/537.36 (KHTML, like Gecko) Chrome/137.0.7151.103 Mobile Safari/537.36 (compatible; Googlebot/2.1; +http://www.google.com/bot.html)"
66.249.65.36 - - [12/Jul/2025:15:07:39 +0000] "POST /get-message-notify HTTP/1.1" 200 21880 "https://kraft-court.cafe/?x=86482315021800&mod=03fa2f75&uri=blog.php%3Fid%3D2886047-270%26name%3Dpn579x+active+pen" "Mozilla/5.0 AppleWebKit/537.36 (KHTML, like Gecko; compatible; Googlebot/2.1; +http://www.google.com/bot.html) Chrome/137.0.7151.119 Safari/537.36"
66.249.65.36 - - [12/Jul/2025:15:08:45 +0000] "GET /?x=34551215031800&mod=e94fe9ac&uri=shared.php%3Fid%3D1153197-332%26name%3Dgarmin+fenix+o2+sensor HTTP/1.1" 200 21287 "-" "Mozilla/5.0 (Linux; Android 6.0.1; Nexus 5X Build/MMB29P) AppleWebKit/537.36 (KHTML, like Gecko) Chrome/137.0.7151.103 Mobile Safari/537.36 (compatible; Googlebot/2.1; +http://www.google.com/bot.html)"
66.249.65.37 - - [12/Jul/2025:15:08:48 +0000] "POST /get-message-notify HTTP/1.1" 200 21868 "https://kraft-court.cafe/?x=34551215031800&mod=e94fe9ac&uri=shared.php%3Fid%3D1153197-332%26name%3Dgarmin+fenix+o2+sensor" "Mozilla/5.0 (Linux; Android 6.0.1; Nexus 5X Build/MMB29P) AppleWebKit/537.36 (KHTML, like Gecko) Chrome/137.0.7151.119 Mobile Safari/537.36 (compatible; Googlebot/2.1; +http://www.google.com/bot.html)"
66.249.65.36 - - [12/Jul/2025:15:09:26 +0000] "GET /?x=119815951041800&mod=a51fb975&uri=shared.php%3Fid%3D3998622-129%26name%3Diphone+battery+getting+hot HTTP/1.1" 200 20416 "-" "Mozilla/5.0 (Linux; Android 6.0.1; Nexus 5X Build/MMB29P) AppleWebKit/537.36 (KHTML, like Gecko) Chrome/137.0.7151.103 Mobile Safari/537.36 (compatible; Googlebot/2.1; +http://www.google.com/bot.html)"
66.249.65.36 - - [12/Jul/2025:15:10:07 +0000] "GET /?x=5937101001800&mod=4500e403&uri=brands.php%3Fid%3D198262-342%26name%3Dmothercare+teddy%27s+toy+box+bouncer HTTP/1.1" 200 21103 "-" "Mozilla/5.0 (Linux; Android 6.0.1; Nexus 5X Build/MMB29P) AppleWebKit/537.36 (KHTML, like Gecko) Chrome/137.0.7151.103 Mobile Safari/537.36 (compatible; Googlebot/2.1; +http://www.google.com/bot.html)"
66.249.65.36 - - [12/Jul/2025:15:10:14 +0000] "POST /get-message-notify HTTP/1.1" 200 21850 "https://kraft-court.cafe/?x=5937101001800&mod=4500e403&uri=brands.php%3Fid%3D198262-342%26name%3Dmothercare+teddy%27s+toy+box+bouncer" "Mozilla/5.0 (Linux; Android 6.0.1; Nexus 5X Build/MMB29P) AppleWebKit/537.36 (KHTML, like Gecko) Chrome/137.0.7151.119 Mobile Safari/537.36 (compatible; Googlebot/2.1; +http://www.google.com/bot.html)"
66.249.65.35 - - [12/Jul/2025:15:10:50 +0000] "GET /?x=5951591051800&mod=c5bbd980&uri=us.php%3Fid%3D198745-344%26name%3Dpayless+shoes+waterford+lakes HTTP/1.1" 200 21598 "-" "Mozilla/5.0 (Linux; Android 6.0.1; Nexus 5X Build/MMB29P) AppleWebKit/537.36 (KHTML, like Gecko) Chrome/137.0.7151.103 Mobile Safari/537.36 (compatible; Googlebot/2.1; +http://www.google.com/bot.html)"
209.74.77.214 - - [12/Jul/2025:15:11:30 +0000] "POST /wp-cron.php?doing_wp_cron=1752333090.1943080425262451171875 HTTP/1.1" 200 - "-" "WordPress/6.8.1; https://kraft-court.cafe"
51.222.253.11 - - [12/Jul/2025:15:11:28 +0000] "GET /?x=115885666041800&uri=dp.php%3Fid%3D3867524-1150%26name%3Dwechselarmband%2018%20mm HTTP/1.1" 200 1923 "-" "Mozilla/5.0 (compatible; AhrefsBot/7.0; +http://ahrefs.com/robot/)"
66.249.65.35 - - [12/Jul/2025:15:12:11 +0000] "GET /?x=5842821111800&mod=384babc3&uri=shop.php%3Fid%3D195116-339%26name%3Dburberry+bufanda+usa HTTP/1.1" 200 20540 "-" "Mozilla/5.0 (Linux; Android 6.0.1; Nexus 5X Build/MMB29P) AppleWebKit/537.36 (KHTML, like Gecko) Chrome/137.0.7151.103 Mobile Safari/537.36 (compatible; Googlebot/2.1; +http://www.google.com/bot.html)"
66.249.65.35 - - [12/Jul/2025:15:12:57 +0000] "GET /?x=5963801021800&mod=c5bbd980&uri=goods.php%3Fid%3D199152-344%26name%3Dsnipes+buys+kicksusa HTTP/1.1" 200 22092 "-" "Mozilla/5.0 (Linux; Android 6.0.1; Nexus 5X Build/MMB29P) AppleWebKit/537.36 (KHTML, like Gecko) Chrome/137.0.7151.103 Mobile Safari/537.36 (compatible; Googlebot/2.1; +http://www.google.com/bot.html)"
66.249.65.36 - - [12/Jul/2025:15:14:23 +0000] "GET /?x=5872998031800&mod=d594b1a9&uri=products.php%3Fid%3D196124-341%26name%3Dzumo+de+granada+en+licuadora HTTP/1.1" 200 22087 "-" "Mozilla/5.0 (Linux; Android 6.0.1; Nexus 5X Build/MMB29P) AppleWebKit/537.36 (KHTML, like Gecko) Chrome/137.0.7151.103 Mobile Safari/537.36 (compatible; Googlebot/2.1; +http://www.google.com/bot.html)"
66.249.65.35 - - [12/Jul/2025:15:14:57 +0000] "GET /?x=5850707071800&mod=d594b1a9&uri=shared.php%3Fid%3D195379-341%26name%3Dplatos+desechables+tipo+cristal HTTP/1.1" 200 21563 "-" "Mozilla/5.0 (Linux; Android 6.0.1; Nexus 5X Build/MMB29P) AppleWebKit/537.36 (KHTML, like Gecko) Chrome/137.0.7151.103 Mobile Safari/537.36 (compatible; Googlebot/2.1; +http://www.google.com/bot.html)"
66.249.65.35 - - [12/Jul/2025:15:15:42 +0000] "GET /?x=5850437061800&mod=384babc3&uri=itm.php%3Fid%3D195370-339%26name%3Dzapatos+vans+hombre+blancos+50 HTTP/1.1" 200 20722 "-" "Mozilla/5.0 (Linux; Android 6.0.1; Nexus 5X Build/MMB29P) AppleWebKit/537.36 (KHTML, like Gecko) Chrome/137.0.7151.103 Mobile Safari/537.36 (compatible; Googlebot/2.1; +http://www.google.com/bot.html)"
209.74.77.214 - - [12/Jul/2025:15:16:12 +0000] "POST /wp-cron.php?doing_wp_cron=1752333372.8928000926971435546875 HTTP/1.1" 200 - "-" "WordPress/6.8.1; https://kraft-court.cafe"
51.222.253.15 - - [12/Jul/2025:15:16:12 +0000] "GET /?x=111735679121800&uri=category-info.php%3Fid%3D3728996-314%26name%3Djake%20from%20state%20farm%20net%20worth HTTP/1.1" 200 1939 "-" "Mozilla/5.0 (compatible; AhrefsBot/7.0; +http://ahrefs.com/robot/)"
66.249.65.37 - - [12/Jul/2025:15:16:12 +0000] "GET /?x=5691420031800&mod=2de7cf20&uri=itm.php%3Fid%3D190035-333%26name%3Dmejuri+discount HTTP/1.1" 200 21713 "-" "Mozilla/5.0 (Linux; Android 6.0.1; Nexus 5X Build/MMB29P) AppleWebKit/537.36 (KHTML, like Gecko) Chrome/137.0.7151.103 Mobile Safari/537.36 (compatible; Googlebot/2.1; +http://www.google.com/bot.html)"
66.249.65.36 - - [12/Jul/2025:15:16:16 +0000] "POST /get-message-notify HTTP/1.1" 200 21870 "https://kraft-court.cafe/?x=5691420031800&mod=2de7cf20&uri=itm.php%3Fid%3D190035-333%26name%3Dmejuri+discount" "Mozilla/5.0 (Linux; Android 6.0.1; Nexus 5X Build/MMB29P) AppleWebKit/537.36 (KHTML, like Gecko) Chrome/137.0.7151.119 Mobile Safari/537.36 (compatible; Googlebot/2.1; +http://www.google.com/bot.html)"
66.249.65.35 - - [12/Jul/2025:15:16:25 +0000] "GET /?x=34737265001800&mod=18ad9899&uri=blog.php%3Fid%3D1159410-265%26name%3Dtenis+asics+azul+e+dourado HTTP/1.1" 200 22250 "-" "Mozilla/5.0 (Linux; Android 6.0.1; Nexus 5X Build/MMB29P) AppleWebKit/537.36 (KHTML, like Gecko) Chrome/137.0.7151.103 Mobile Safari/537.36 (compatible; Googlebot/2.1; +http://www.google.com/bot.html)"
66.249.65.37 - - [12/Jul/2025:15:17:34 +0000] "GET /?x=5839821141800&mod=734e6bfc&uri=news.php%3Fid%3D195016-340%26name%3Dcomme+des+garcons+homme+plus+07ss+video HTTP/1.1" 200 21047 "-" "Mozilla/5.0 (Linux; Android 6.0.1; Nexus 5X Build/MMB29P) AppleWebKit/537.36 (KHTML, like Gecko) Chrome/137.0.7151.103 Mobile Safari/537.36 (compatible; Googlebot/2.1; +http://www.google.com/bot.html)"
66.249.65.36 - - [12/Jul/2025:15:19:19 +0000] "GET /?x=5901401031800&mod=29921001&uri=dp.php%3Fid%3D197072-155%26name%3Dpolk+rta+15tl HTTP/1.1" 200 22131 "-" "Mozilla/5.0 (Linux; Android 6.0.1; Nexus 5X Build/MMB29P) AppleWebKit/537.36 (KHTML, like Gecko) Chrome/137.0.7151.103 Mobile Safari/537.36 (compatible; Googlebot/2.1; +http://www.google.com/bot.html)"
66.249.65.36 - - [12/Jul/2025:15:19:54 +0000] "GET /?x=5933021021800&mod=4500e403&uri=blog.php%3Fid%3D198126-342%26name%3Dboss+baby+walker HTTP/1.1" 200 20543 "-" "Mozilla/5.0 (Linux; Android 6.0.1; Nexus 5X Build/MMB29P) AppleWebKit/537.36 (KHTML, like Gecko) Chrome/137.0.7151.103 Mobile Safari/537.36 (compatible; Googlebot/2.1; +http://www.google.com/bot.html)"
66.249.65.35 - - [12/Jul/2025:15:19:57 +0000] "GET /?x=5878745001800&mod=d594b1a9&uri=info.php%3Fid%3D196316-341%26name%3Dcable+plug+a+audio+y+video HTTP/1.1" 200 21529 "-" "Mozilla/5.0 (Linux; Android 6.0.1; Nexus 5X Build/MMB29P) AppleWebKit/537.36 (KHTML, like Gecko) Chrome/137.0.7151.103 Mobile Safari/537.36 (compatible; Googlebot/2.1; +http://www.google.com/bot.html)"
103.153.142.13 - - [12/Jul/2025:15:20:03 +0000] "GET /?x=86763847141800&mod=e94fe9ac&uri=itm.php%3Fid%3D2895438-332%26name%3Dyeh+rishta+kya+kehlata+hai+24+december+2012 HTTP/1.1" 200 195 "https://www.google.com/" "Mozilla/5.0 (Linux; Android 10; K) AppleWebKit/537.36 (KHTML, like Gecko) Chrome/137.0.0.0 Mobile Safari/537.36"
66.249.65.37 - - [12/Jul/2025:15:20:17 +0000] "POST /get-message-notify HTTP/1.1" 200 21865 "https://kraft-court.cafe/?x=5901401031800&mod=29921001&uri=dp.php%3Fid%3D197072-155%26name%3Dpolk+rta+15tl" "Mozilla/5.0 (Linux; Android 6.0.1; Nexus 5X Build/MMB29P) AppleWebKit/537.36 (KHTML, like Gecko) Chrome/137.0.7151.119 Mobile Safari/537.36 (compatible; Googlebot/2.1; +http://www.google.com/bot.html)"
66.249.65.36 - - [12/Jul/2025:15:20:56 +0000] "GET /?x=5801438031800&mod=165a59f7&uri=news.php%3Fid%3D193735-336%26name%3Dborse+uncinetto+quadrati HTTP/1.1" 200 20582 "-" "Mozilla/5.0 (Linux; Android 6.0.1; Nexus 5X Build/MMB29P) AppleWebKit/537.36 (KHTML, like Gecko) Chrome/137.0.7151.103 Mobile Safari/537.36 (compatible; Googlebot/2.1; +http://www.google.com/bot.html)"
66.249.65.37 - - [12/Jul/2025:15:21:10 +0000] "POST /get-message-notify HTTP/1.1" 200 21851 "https://kraft-court.cafe/?x=5801438031800&mod=165a59f7&uri=news.php%3Fid%3D193735-336%26name%3Dborse+uncinetto+quadrati" "Mozilla/5.0 (Linux; Android 6.0.1; Nexus 5X Build/MMB29P) AppleWebKit/537.36 (KHTML, like Gecko) Chrome/137.0.7151.119 Mobile Safari/537.36 (compatible; Googlebot/2.1; +http://www.google.com/bot.html)"
66.249.65.36 - - [12/Jul/2025:15:21:07 +0000] "GET /?x=5925341041800&mod=4500e403&uri=dp.php%3Fid%3D197870-342%26name%3Dgraco+duet+sway+lx+reviews HTTP/1.1" 200 21158 "-" "Mozilla/5.0 (Linux; Android 6.0.1; Nexus 5X Build/MMB29P) AppleWebKit/537.36 (KHTML, like Gecko) Chrome/137.0.7151.103 Mobile Safari/537.36 (compatible; Googlebot/2.1; +http://www.google.com/bot.html)"
66.249.65.36 - - [12/Jul/2025:15:21:16 +0000] "POST /get-message-notify HTTP/1.1" 200 21855 "https://kraft-court.cafe/?x=5925341041800&mod=4500e403&uri=dp.php%3Fid%3D197870-342%26name%3Dgraco+duet+sway+lx+reviews" "Mozilla/5.0 (Linux; Android 6.0.1; Nexus 5X Build/MMB29P) AppleWebKit/537.36 (KHTML, like Gecko) Chrome/137.0.7151.119 Mobile Safari/537.36 (compatible; Googlebot/2.1; +http://www.google.com/bot.html)"
209.74.77.214 - - [12/Jul/2025:15:21:18 +0000] "POST /wp-cron.php?doing_wp_cron=1752333678.7877440452575683593750 HTTP/1.1" 200 - "-" "WordPress/6.8.1; https://kraft-court.cafe"
51.222.253.12 - - [12/Jul/2025:15:21:17 +0000] "GET /?x=105650886001800&uri=shared.php%3Fid%3D3525924-1642%26name%3Dwhite%20nike%20socks%20sports%20direct HTTP/1.1" 200 1932 "-" "Mozilla/5.0 (compatible; AhrefsBot/7.0; +http://ahrefs.com/robot/)"
66.249.65.35 - - [12/Jul/2025:15:22:47 +0000] "GET /?x=5797028031800&mod=9a96a2c7&uri=itm.php%3Fid%3D193588-301%26name%3Doutfit+converse+negras+bota HTTP/1.1" 200 21573 "-" "Mozilla/5.0 (Linux; Android 6.0.1; Nexus 5X Build/MMB29P) AppleWebKit/537.36 (KHTML, like Gecko) Chrome/137.0.7151.103 Mobile Safari/537.36 (compatible; Googlebot/2.1; +http://www.google.com/bot.html)"
66.249.65.35 - - [12/Jul/2025:15:22:52 +0000] "GET /?x=5963261001800&mod=c5bbd980&uri=article.php%3Fid%3D199134-344%26name%3Dzapatos+klogs+usa HTTP/1.1" 200 21598 "-" "Mozilla/5.0 (Linux; Android 6.0.1; Nexus 5X Build/MMB29P) AppleWebKit/537.36 (KHTML, like Gecko) Chrome/137.0.7151.103 Mobile Safari/537.36 (compatible; Googlebot/2.1; +http://www.google.com/bot.html)"
66.249.65.36 - - [12/Jul/2025:15:23:13 +0000] "POST /get-message-notify HTTP/1.1" 200 21870 "https://kraft-court.cafe/?x=5963261001800&mod=c5bbd980&uri=article.php%3Fid%3D199134-344%26name%3Dzapatos+klogs+usa" "Mozilla/5.0 (Linux; Android 6.0.1; Nexus 5X Build/MMB29P) AppleWebKit/537.36 (KHTML, like Gecko) Chrome/137.0.7151.119 Mobile Safari/537.36 (compatible; Googlebot/2.1; +http://www.google.com/bot.html)"
66.249.65.35 - - [12/Jul/2025:15:23:21 +0000] "GET /?x=5873118041800&mod=d594b1a9&uri=us.php%3Fid%3D196128-341%26name%3Dperfumes+de+hombre+los+mas+ricos HTTP/1.1" 200 22111 "-" "Mozilla/5.0 (Linux; Android 6.0.1; Nexus 5X Build/MMB29P) AppleWebKit/537.36 (KHTML, like Gecko) Chrome/137.0.7151.103 Mobile Safari/537.36 (compatible; Googlebot/2.1; +http://www.google.com/bot.html)"
66.249.65.36 - - [12/Jul/2025:15:23:24 +0000] "POST /get-message-notify HTTP/1.1" 200 21853 "https://kraft-court.cafe/?x=5873118041800&mod=d594b1a9&uri=us.php%3Fid%3D196128-341%26name%3Dperfumes+de+hombre+los+mas+ricos" "Mozilla/5.0 (Linux; Android 6.0.1; Nexus 5X Build/MMB29P) AppleWebKit/537.36 (KHTML, like Gecko) Chrome/137.0.7151.119 Mobile Safari/537.36 (compatible; Googlebot/2.1; +http://www.google.com/bot.html)"
66.249.65.35 - - [12/Jul/2025:15:23:50 +0000] "GET /?x=59624828021800&mod=2cb6b103&uri=goods.php%3Fid%3D1989728-167%26name%3Dtransit+connect+2008 HTTP/1.1" 200 20820 "-" "Mozilla/5.0 (Linux; Android 6.0.1; Nexus 5X Build/MMB29P) AppleWebKit/537.36 (KHTML, like Gecko) Chrome/137.0.7151.103 Mobile Safari/537.36 (compatible; Googlebot/2.1; +http://www.google.com/bot.html)"
66.249.65.35 - - [12/Jul/2025:15:24:15 +0000] "GET /?x=5703506131800&mod=2de7cf20&uri=info.php%3Fid%3D190438-333%26name%3Dvan+cleef+and+arpels+employee+discount HTTP/1.1" 200 21629 "-" "Mozilla/5.0 (Linux; Android 6.0.1; Nexus 5X Build/MMB29P) AppleWebKit/537.36 (KHTML, like Gecko) Chrome/137.0.7151.103 Mobile Safari/537.36 (compatible; Googlebot/2.1; +http://www.google.com/bot.html)"
66.249.65.36 - - [12/Jul/2025:15:24:40 +0000] "GET /?x=25096592041800&mod=0e65972d&uri=news.php%3Fid%3D837626-19%26name%3Dcheap+wedding+dresses+petite HTTP/1.1" 200 21229 "-" "Mozilla/5.0 (Linux; Android 6.0.1; Nexus 5X Build/MMB29P) AppleWebKit/537.36 (KHTML, like Gecko) Chrome/137.0.7151.103 Mobile Safari/537.36 (compatible; Googlebot/2.1; +http://www.google.com/bot.html)"
66.249.65.35 - - [12/Jul/2025:15:24:47 +0000] "POST /get-message-notify HTTP/1.1" 200 21858 "https://kraft-court.cafe/?x=25096592041800&mod=0e65972d&uri=news.php%3Fid%3D837626-19%26name%3Dcheap+wedding+dresses+petite" "Mozilla/5.0 (Linux; Android 6.0.1; Nexus 5X Build/MMB29P) AppleWebKit/537.36 (KHTML, like Gecko) Chrome/137.0.7151.119 Mobile Safari/537.36 (compatible; Googlebot/2.1; +http://www.google.com/bot.html)"
66.249.65.35 - - [12/Jul/2025:15:24:52 +0000] "GET /?x=5938721041800&mod=c5bbd980&uri=products.php%3Fid%3D198316-344%26name%3Ddundrum+shoe+shops HTTP/1.1" 200 21628 "-" "Mozilla/5.0 (Linux; Android 6.0.1; Nexus 5X Build/MMB29P) AppleWebKit/537.36 (KHTML, like Gecko) Chrome/137.0.7151.103 Mobile Safari/537.36 (compatible; Googlebot/2.1; +http://www.google.com/bot.html)"
66.249.65.35 - - [12/Jul/2025:15:24:55 +0000] "POST /get-message-notify HTTP/1.1" 200 21877 "https://kraft-court.cafe/?x=5938721041800&mod=c5bbd980&uri=products.php%3Fid%3D198316-344%26name%3Ddundrum+shoe+shops" "Mozilla/5.0 (Linux; Android 6.0.1; Nexus 5X Build/MMB29P) AppleWebKit/537.36 (KHTML, like Gecko) Chrome/137.0.7151.119 Mobile Safari/537.36 (compatible; Googlebot/2.1; +http://www.google.com/bot.html)"
66.249.65.37 - - [12/Jul/2025:15:26:05 +0000] "GET /?x=5881985021800&mod=29921001&uri=brands.php%3Fid%3D196424-155%26name%3Dsonos+music+quality HTTP/1.1" 200 21995 "-" "Mozilla/5.0 (Linux; Android 6.0.1; Nexus 5X Build/MMB29P) AppleWebKit/537.36 (KHTML, like Gecko) Chrome/137.0.7151.103 Mobile Safari/537.36 (compatible; Googlebot/2.1; +http://www.google.com/bot.html)"
66.249.65.35 - - [12/Jul/2025:15:26:11 +0000] "POST /get-message-notify HTTP/1.1" 200 21862 "https://kraft-court.cafe/?x=5881985021800&mod=29921001&uri=brands.php%3Fid%3D196424-155%26name%3Dsonos+music+quality" "Mozilla/5.0 (Linux; Android 6.0.1; Nexus 5X Build/MMB29P) AppleWebKit/537.36 (KHTML, like Gecko) Chrome/137.0.7151.119 Mobile Safari/537.36 (compatible; Googlebot/2.1; +http://www.google.com/bot.html)"
66.249.65.35 - - [12/Jul/2025:15:26:29 +0000] "GET /?x=5799338071800&mod=165a59f7&uri=brands.php%3Fid%3D193665-336%26name%3Dultimi+modelli+borse+michael+kors HTTP/1.1" 200 20797 "-" "Mozilla/5.0 (Linux; Android 6.0.1; Nexus 5X Build/MMB29P) AppleWebKit/537.36 (KHTML, like Gecko) Chrome/137.0.7151.103 Mobile Safari/537.36 (compatible; Googlebot/2.1; +http://www.google.com/bot.html)"
66.249.65.35 - - [12/Jul/2025:15:26:31 +0000] "POST /get-message-notify HTTP/1.1" 200 21868 "https://kraft-court.cafe/?x=5799338071800&mod=165a59f7&uri=brands.php%3Fid%3D193665-336%26name%3Dultimi+modelli+borse+michael+kors" "Mozilla/5.0 (Linux; Android 6.0.1; Nexus 5X Build/MMB29P) AppleWebKit/537.36 (KHTML, like Gecko) Chrome/137.0.7151.119 Mobile Safari/537.36 (compatible; Googlebot/2.1; +http://www.google.com/bot.html)"
209.74.77.214 - - [12/Jul/2025:15:26:34 +0000] "POST /wp-cron.php?doing_wp_cron=1752333994.7636721134185791015625 HTTP/1.1" 200 - "-" "WordPress/6.8.1; https://kraft-court.cafe"
51.222.253.8 - - [12/Jul/2025:15:26:33 +0000] "GET /?x=102118301021800&uri=news.php%3Fid%3D3407977-674%26name%3Dworld%20watch%20group HTTP/1.1" 200 1919 "-" "Mozilla/5.0 (compatible; AhrefsBot/7.0; +http://ahrefs.com/robot/)"
66.249.65.35 - - [12/Jul/2025:15:26:51 +0000] "GET /?x=5535514071800&mod=ffbd6cbb&uri=product.php%3Fid%3D184797-310%26name%3Dasus+rx+470+8gb+mining HTTP/1.1" 200 21936 "-" "Mozilla/5.0 (Linux; Android 6.0.1; Nexus 5X Build/MMB29P) AppleWebKit/537.36 (KHTML, like Gecko) Chrome/137.0.7151.103 Mobile Safari/537.36 (compatible; Googlebot/2.1; +http://www.google.com/bot.html)"
66.249.65.35 - - [12/Jul/2025:15:26:55 +0000] "POST /get-message-notify HTTP/1.1" 200 21860 "https://kraft-court.cafe/?x=5535514071800&mod=ffbd6cbb&uri=product.php%3Fid%3D184797-310%26name%3Dasus+rx+470+8gb+mining" "Mozilla/5.0 (Linux; Android 6.0.1; Nexus 5X Build/MMB29P) AppleWebKit/537.36 (KHTML, like Gecko) Chrome/137.0.7151.119 Mobile Safari/537.36 (compatible; Googlebot/2.1; +http://www.google.com/bot.html)"
66.249.65.37 - - [12/Jul/2025:15:27:33 +0000] "GET /?x=5843181081800&mod=384babc3&uri=blog.php%3Fid%3D195128-339%26name%3Dnike+shox+gravity+near+me HTTP/1.1" 200 20551 "-" "Mozilla/5.0 (Linux; Android 6.0.1; Nexus 5X Build/MMB29P) AppleWebKit/537.36 (KHTML, like Gecko) Chrome/137.0.7151.103 Mobile Safari/537.36 (compatible; Googlebot/2.1; +http://www.google.com/bot.html)"
66.249.65.36 - - [12/Jul/2025:15:29:29 +0000] "GET /?x=86490456091800&mod=03fa2f75&uri=info.php%3Fid%3D2886319-270%26name%3Dacer+spin+stylus+pen HTTP/1.1" 200 22047 "-" "Mozilla/5.0 (Linux; Android 6.0.1; Nexus 5X Build/MMB29P) AppleWebKit/537.36 (KHTML, like Gecko) Chrome/137.0.7151.103 Mobile Safari/537.36 (compatible; Googlebot/2.1; +http://www.google.com/bot.html)"
66.249.65.36 - - [12/Jul/2025:15:30:54 +0000] "GET /?x=5826379011800&mod=165a59f7&uri=us.php%3Fid%3D194567-336%26name%3Dclasse+borse+2022 HTTP/1.1" 200 22259 "-" "Mozilla/5.0 (Linux; Android 6.0.1; Nexus 5X Build/MMB29P) AppleWebKit/537.36 (KHTML, like Gecko) Chrome/137.0.7151.103 Mobile Safari/537.36 (compatible; Googlebot/2.1; +http://www.google.com/bot.html)"
209.74.77.214 - - [12/Jul/2025:15:31:41 +0000] "POST /wp-cron.php?doing_wp_cron=1752334301.7356820106506347656250 HTTP/1.1" 200 - "-" "WordPress/6.8.1; https://kraft-court.cafe"
51.222.253.11 - - [12/Jul/2025:15:31:40 +0000] "GET /?x=100976415001800&uri=dp.php%3Fid%3D3369853-85%26name%3Dchaussure%20chlo%C3%83%C2%A9%20dentelle HTTP/1.1" 200 1935 "-" "Mozilla/5.0 (compatible; AhrefsBot/7.0; +http://ahrefs.com/robot/)"
66.249.65.35 - - [12/Jul/2025:15:34:15 +0000] "GET /?x=5646899041800&mod=55d99a37&uri=shared.php%3Fid%3D188548-315%26name%3Domega+bond+uhr+2021 HTTP/1.1" 200 21035 "-" "Mozilla/5.0 (Linux; Android 6.0.1; Nexus 5X Build/MMB29P) AppleWebKit/537.36 (KHTML, like Gecko) Chrome/137.0.7151.103 Mobile Safari/537.36 (compatible; Googlebot/2.1; +http://www.google.com/bot.html)"
66.249.65.36 - - [12/Jul/2025:15:34:26 +0000] "GET /?x=119569987021800&mod=45a766fa&uri=brands.php%3Fid%3D3990416-649%26name%3Dliquor+shelf+wall HTTP/1.1" 200 22268 "-" "Mozilla/5.0 (Linux; Android 6.0.1; Nexus 5X Build/MMB29P) AppleWebKit/537.36 (KHTML, like Gecko) Chrome/137.0.7151.103 Mobile Safari/537.36 (compatible; Googlebot/2.1; +http://www.google.com/bot.html)"
66.249.65.35 - - [12/Jul/2025:15:34:30 +0000] "POST /get-message-notify HTTP/1.1" 200 21855 "https://kraft-court.cafe/?x=119569987021800&mod=45a766fa&uri=brands.php%3Fid%3D3990416-649%26name%3Dliquor+shelf+wall" "Mozilla/5.0 (Linux; Android 6.0.1; Nexus 5X Build/MMB29P) AppleWebKit/537.36 (KHTML, like Gecko) Chrome/137.0.7151.119 Mobile Safari/537.36 (compatible; Googlebot/2.1; +http://www.google.com/bot.html)"
66.249.65.36 - - [12/Jul/2025:15:36:05 +0000] "GET /?x=59623908031800&mod=2cb6b103&uri=us.php%3Fid%3D1989697-167%26name%3Dvan+toit+relevable+prix HTTP/1.1" 200 21496 "-" "Mozilla/5.0 (Linux; Android 6.0.1; Nexus 5X Build/MMB29P) AppleWebKit/537.36 (KHTML, like Gecko) Chrome/137.0.7151.103 Mobile Safari/537.36 (compatible; Googlebot/2.1; +http://www.google.com/bot.html)"
66.249.65.36 - - [12/Jul/2025:15:36:12 +0000] "GET /?x=119846816031800&mod=b0169350&uri=article.php%3Fid%3D3999651-321%26name%3Dweek+old+pitbull+puppies HTTP/1.1" 200 21126 "-" "Mozilla/5.0 (Linux; Android 6.0.1; Nexus 5X Build/MMB29P) AppleWebKit/537.36 (KHTML, like Gecko) Chrome/137.0.7151.103 Mobile Safari/537.36 (compatible; Googlebot/2.1; +http://www.google.com/bot.html)"
209.74.77.214 - - [12/Jul/2025:15:36:23 +0000] "POST /wp-cron.php?doing_wp_cron=1752334583.4113030433654785156250 HTTP/1.1" 200 - "-" "WordPress/6.8.1; https://kraft-court.cafe"
51.222.253.11 - - [12/Jul/2025:15:36:22 +0000] "GET /?x=4959587061800&uri=shop.php%3Fid%3D165575-156%26name%3Dgiving%20newborn%20pacifier%20to%20sleep HTTP/1.1" 200 1929 "-" "Mozilla/5.0 (compatible; AhrefsBot/7.0; +http://ahrefs.com/robot/)"
66.249.65.36 - - [12/Jul/2025:15:37:16 +0000] "GET /?x=5890614111800&mod=29921001&uri=goods.php%3Fid%3D196712-155%26name%3Dsamsung+jbl+speaker HTTP/1.1" 200 21885 "-" "Mozilla/5.0 (Linux; Android 6.0.1; Nexus 5X Build/MMB29P) AppleWebKit/537.36 (KHTML, like Gecko) Chrome/137.0.7151.103 Mobile Safari/537.36 (compatible; Googlebot/2.1; +http://www.google.com/bot.html)"
66.249.65.36 - - [12/Jul/2025:15:37:36 +0000] "GET /?x=5901251011800&mod=29921001&uri=search.php%3Fid%3D197067-155%26name%3Dahuja+psx+600dp HTTP/1.1" 200 22223 "-" "Mozilla/5.0 (Linux; Android 6.0.1; Nexus 5X Build/MMB29P) AppleWebKit/537.36 (KHTML, like Gecko) Chrome/137.0.7151.103 Mobile Safari/537.36 (compatible; Googlebot/2.1; +http://www.google.com/bot.html)"
66.249.65.35 - - [12/Jul/2025:15:37:38 +0000] "POST /get-message-notify HTTP/1.1" 200 21863 "https://kraft-court.cafe/?x=5901251011800&mod=29921001&uri=search.php%3Fid%3D197067-155%26name%3Dahuja+psx+600dp" "Mozilla/5.0 (Linux; Android 6.0.1; Nexus 5X Build/MMB29P) AppleWebKit/537.36 (KHTML, like Gecko) Chrome/137.0.7151.119 Mobile Safari/537.36 (compatible; Googlebot/2.1; +http://www.google.com/bot.html)"
66.249.65.35 - - [12/Jul/2025:15:39:15 +0000] "GET /?x=5694957031800&mod=2de7cf20&uri=dp.php%3Fid%3D190153-333%26name%3Dargos+ring+sale HTTP/1.1" 200 21909 "-" "Mozilla/5.0 (Linux; Android 6.0.1; Nexus 5X Build/MMB29P) AppleWebKit/537.36 (KHTML, like Gecko) Chrome/137.0.7151.103 Mobile Safari/537.36 (compatible; Googlebot/2.1; +http://www.google.com/bot.html)"
66.249.65.36 - - [12/Jul/2025:15:39:29 +0000] "GET /?x=5897604041800&mod=29921001&uri=search.php%3Fid%3D196945-155%26name%3Dcelestion+g12c+25+greenbacks HTTP/1.1" 200 22023 "-" "Mozilla/5.0 (Linux; Android 6.0.1; Nexus 5X Build/MMB29P) AppleWebKit/537.36 (KHTML, like Gecko) Chrome/137.0.7151.103 Mobile Safari/537.36 (compatible; Googlebot/2.1; +http://www.google.com/bot.html)"
66.249.65.35 - - [12/Jul/2025:15:39:52 +0000] "GET /?x=5709474021800&mod=2de7cf20&uri=search.php%3Fid%3D190640-333%26name%3Dbirthstone+colour+for+may HTTP/1.1" 200 22016 "-" "Mozilla/5.0 (Linux; Android 6.0.1; Nexus 5X Build/MMB29P) AppleWebKit/537.36 (KHTML, like Gecko) Chrome/137.0.7151.103 Mobile Safari/537.36 (compatible; Googlebot/2.1; +http://www.google.com/bot.html)"
66.249.65.37 - - [12/Jul/2025:15:40:38 +0000] "GET /?x=6077291011800&mod=fd9dcf1d&uri=products.php%3Fid%3D202943-349%26name%3Dbijoux+contemporains+argent HTTP/1.1" 200 21814 "-" "Mozilla/5.0 (Linux; Android 6.0.1; Nexus 5X Build/MMB29P) AppleWebKit/537.36 (KHTML, like Gecko) Chrome/137.0.7151.103 Mobile Safari/537.36 (compatible; Googlebot/2.1; +http://www.google.com/bot.html)"
66.249.65.35 - - [12/Jul/2025:15:40:52 +0000] "GET /?x=6079809051800&mod=fd9dcf1d&uri=shop.php%3Fid%3D203027-349%26name%3Dbracelet+indien+or HTTP/1.1" 200 22065 "-" "Mozilla/5.0 (Linux; Android 6.0.1; Nexus 5X Build/MMB29P) AppleWebKit/537.36 (KHTML, like Gecko) Chrome/137.0.7151.103 Mobile Safari/537.36 (compatible; Googlebot/2.1; +http://www.google.com/bot.html)"
209.74.77.214 - - [12/Jul/2025:15:40:56 +0000] "POST /wp-cron.php?doing_wp_cron=1752334856.4180018901824951171875 HTTP/1.1" 200 - "-" "WordPress/6.8.1; https://kraft-court.cafe"
51.222.253.16 - - [12/Jul/2025:15:40:55 +0000] "GET /?x=48008009001800&uri=dp.php%3Fid%3D1602142-1256%26name%3Dimm%20lacoste HTTP/1.1" 200 1912 "-" "Mozilla/5.0 (compatible; AhrefsBot/7.0; +http://ahrefs.com/robot/)"
66.249.65.35 - - [12/Jul/2025:15:40:56 +0000] "GET /?x=5901311001800&mod=29921001&uri=shared.php%3Fid%3D197069-155%26name%3Dlg+sjc8 HTTP/1.1" 200 22253 "-" "Mozilla/5.0 (Linux; Android 6.0.1; Nexus 5X Build/MMB29P) AppleWebKit/537.36 (KHTML, like Gecko) Chrome/137.0.7151.103 Mobile Safari/537.36 (compatible; Googlebot/2.1; +http://www.google.com/bot.html)"
66.249.65.35 - - [12/Jul/2025:15:41:04 +0000] "POST /get-message-notify HTTP/1.1" 200 21865 "https://kraft-court.cafe/?x=6079809051800&mod=fd9dcf1d&uri=shop.php%3Fid%3D203027-349%26name%3Dbracelet+indien+or" "Mozilla/5.0 (Linux; Android 6.0.1; Nexus 5X Build/MMB29P) AppleWebKit/537.36 (KHTML, like Gecko) Chrome/137.0.7151.119 Mobile Safari/537.36 (compatible; Googlebot/2.1; +http://www.google.com/bot.html)"
66.249.65.36 - - [12/Jul/2025:15:42:52 +0000] "GET /?x=5930081001800&mod=4500e403&uri=itm.php%3Fid%3D198028-342%26name%3Dfisher+price+animal+high+chair HTTP/1.1" 200 21512 "-" "Mozilla/5.0 (Linux; Android 6.0.1; Nexus 5X Build/MMB29P) AppleWebKit/537.36 (KHTML, like Gecko) Chrome/137.0.7151.103 Mobile Safari/537.36 (compatible; Googlebot/2.1; +http://www.google.com/bot.html)"
66.249.65.37 - - [12/Jul/2025:15:43:36 +0000] "GET /?x=119813962011800&mod=a51fb975&uri=us.php%3Fid%3D3998555-129%26name%3Dcusrom+redmi+note+merlin HTTP/1.1" 200 20279 "-" "Mozilla/5.0 (Linux; Android 6.0.1; Nexus 5X Build/MMB29P) AppleWebKit/537.36 (KHTML, like Gecko) Chrome/137.0.7151.103 Mobile Safari/537.36 (compatible; Googlebot/2.1; +http://www.google.com/bot.html)"
66.249.65.36 - - [12/Jul/2025:15:44:10 +0000] "GET /?x=6096197141800&mod=0d0fd7c6&uri=article.php%3Fid%3D203574-40%26name%3Dstihl+strimmer+fsa+56 HTTP/1.1" 200 21849 "-" "Mozilla/5.0 (Linux; Android 6.0.1; Nexus 5X Build/MMB29P) AppleWebKit/537.36 (KHTML, like Gecko) Chrome/137.0.7151.103 Mobile Safari/537.36 (compatible; Googlebot/2.1; +http://www.google.com/bot.html)"
66.249.65.37 - - [12/Jul/2025:15:44:11 +0000] "GET /?x=6121055011800&mod=d3a7f48c&uri=article.php%3Fid%3D204403-208%26name%3Dinstax+mini+smokey+white HTTP/1.1" 200 21785 "-" "Mozilla/5.0 (Linux; Android 6.0.1; Nexus 5X Build/MMB29P) AppleWebKit/537.36 (KHTML, like Gecko) Chrome/137.0.7151.103 Mobile Safari/537.36 (compatible; Googlebot/2.1; +http://www.google.com/bot.html)"
66.249.65.37 - - [12/Jul/2025:15:44:12 +0000] "GET /?x=5871318001800&mod=d594b1a9&uri=category-info.php%3Fid%3D196068-341%26name%3Dcamara+noga+720 HTTP/1.1" 200 21772 "-" "Mozilla/5.0 (Linux; Android 6.0.1; Nexus 5X Build/MMB29P) AppleWebKit/537.36 (KHTML, like Gecko) Chrome/137.0.7151.103 Mobile Safari/537.36 (compatible; Googlebot/2.1; +http://www.google.com/bot.html)"
66.249.65.36 - - [12/Jul/2025:15:44:14 +0000] "POST /get-message-notify HTTP/1.1" 200 21858 "https://kraft-court.cafe/?x=6121055011800&mod=d3a7f48c&uri=article.php%3Fid%3D204403-208%26name%3Dinstax+mini+smokey+white" "Mozilla/5.0 (Linux; Android 6.0.1; Nexus 5X Build/MMB29P) AppleWebKit/537.36 (KHTML, like Gecko) Chrome/137.0.7151.119 Mobile Safari/537.36 (compatible; Googlebot/2.1; +http://www.google.com/bot.html)"
66.249.65.36 - - [12/Jul/2025:15:44:17 +0000] "GET /?x=5536534011800&mod=ffbd6cbb&uri=brands.php%3Fid%3D184831-310%26name%3Dgpu+near+me HTTP/1.1" 200 21777 "-" "Mozilla/5.0 (Linux; Android 6.0.1; Nexus 5X Build/MMB29P) AppleWebKit/537.36 (KHTML, like Gecko) Chrome/137.0.7151.103 Mobile Safari/537.36 (compatible; Googlebot/2.1; +http://www.google.com/bot.html)"
66.249.65.35 - - [12/Jul/2025:15:44:28 +0000] "GET /?x=6016535031800&mod=c4b43ae0&uri=dp.php%3Fid%3D200914-330%26name%3Desi+cylinder+stat HTTP/1.1" 200 21798 "-" "Mozilla/5.0 (Linux; Android 6.0.1; Nexus 5X Build/MMB29P) AppleWebKit/537.36 (KHTML, like Gecko) Chrome/137.0.7151.103 Mobile Safari/537.36 (compatible; Googlebot/2.1; +http://www.google.com/bot.html)"
66.249.65.35 - - [12/Jul/2025:15:44:30 +0000] "POST /get-message-notify HTTP/1.1" 200 21874 "https://kraft-court.cafe/?x=6016535031800&mod=c4b43ae0&uri=dp.php%3Fid%3D200914-330%26name%3Desi+cylinder+stat" "Mozilla/5.0 (Linux; Android 6.0.1; Nexus 5X Build/MMB29P) AppleWebKit/537.36 (KHTML, like Gecko) Chrome/137.0.7151.119 Mobile Safari/537.36 (compatible; Googlebot/2.1; +http://www.google.com/bot.html)"
66.249.65.35 - - [12/Jul/2025:15:46:24 +0000] "GET /?x=5721811031800&mod=333cb763&uri=brands.php%3Fid%3D191068-334%26name%3Dmr+queen+engsub HTTP/1.1" 200 21372 "-" "Mozilla/5.0 (Linux; Android 6.0.1; Nexus 5X Build/MMB29P) AppleWebKit/537.36 (KHTML, like Gecko) Chrome/137.0.7151.103 Mobile Safari/537.36 (compatible; Googlebot/2.1; +http://www.google.com/bot.html)"
66.249.65.35 - - [12/Jul/2025:15:46:59 +0000] "GET /?x=59574089051800&mod=0a113ef6&uri=goods.php%3Fid%3D1988025-88%26name%3Dbig+joe+mesh+pool+float HTTP/1.1" 200 21059 "-" "Mozilla/5.0 (Linux; Android 6.0.1; Nexus 5X Build/MMB29P) AppleWebKit/537.36 (KHTML, like Gecko) Chrome/137.0.7151.103 Mobile Safari/537.36 (compatible; Googlebot/2.1; +http://www.google.com/bot.html)"
66.249.65.35 - - [12/Jul/2025:15:47:03 +0000] "POST /get-message-notify HTTP/1.1" 200 21877 "https://kraft-court.cafe/?x=59574089051800&mod=0a113ef6&uri=goods.php%3Fid%3D1988025-88%26name%3Dbig+joe+mesh+pool+float" "Mozilla/5.0 (Linux; Android 6.0.1; Nexus 5X Build/MMB29P) AppleWebKit/537.36 (KHTML, like Gecko) Chrome/137.0.7151.119 Mobile Safari/537.36 (compatible; Googlebot/2.1; +http://www.google.com/bot.html)"
66.249.65.35 - - [12/Jul/2025:15:47:24 +0000] "GET /?x=119815981031800&mod=a51fb975&uri=shared.php%3Fid%3D3998623-129%26name%3Dmi+battery+replacement HTTP/1.1" 200 21296 "-" "Mozilla/5.0 (Linux; Android 6.0.1; Nexus 5X Build/MMB29P) AppleWebKit/537.36 (KHTML, like Gecko) Chrome/137.0.7151.103 Mobile Safari/537.36 (compatible; Googlebot/2.1; +http://www.google.com/bot.html)"
66.249.65.35 - - [12/Jul/2025:15:47:34 +0000] "GET /?x=25099472041800&mod=0e65972d&uri=info.php%3Fid%3D837722-19%26name%3Dhijab+wedding+dress+photo HTTP/1.1" 200 21344 "-" "Mozilla/5.0 (Linux; Android 6.0.1; Nexus 5X Build/MMB29P) AppleWebKit/537.36 (KHTML, like Gecko) Chrome/137.0.7151.103 Mobile Safari/537.36 (compatible; Googlebot/2.1; +http://www.google.com/bot.html)"
66.249.65.35 - - [12/Jul/2025:15:47:38 +0000] "GET /?x=119743985041800&mod=309928d4&uri=info.php%3Fid%3D3996220-141%26name%3Dvestido+punto+brillo HTTP/1.1" 200 21606 "-" "Mozilla/5.0 (Linux; Android 6.0.1; Nexus 5X Build/MMB29P) AppleWebKit/537.36 (KHTML, like Gecko) Chrome/137.0.7151.103 Mobile Safari/537.36 (compatible; Googlebot/2.1; +http://www.google.com/bot.html)"
66.249.65.35 - - [12/Jul/2025:15:47:59 +0000] "GET /?x=5966381041800&mod=c5bbd980&uri=pin.php%3Fid%3D199238-344%26name%3Deu+37+shoe+size HTTP/1.1" 200 21981 "-" "Mozilla/5.0 (Linux; Android 6.0.1; Nexus 5X Build/MMB29P) AppleWebKit/537.36 (KHTML, like Gecko) Chrome/137.0.7151.103 Mobile Safari/537.36 (compatible; Googlebot/2.1; +http://www.google.com/bot.html)"
66.249.65.36 - - [12/Jul/2025:15:48:04 +0000] "GET /?x=25097372021800&mod=0e65972d&uri=article.php%3Fid%3D837652-19%26name%3Dinexpensive+bohemian+wedding+dress HTTP/1.1" 200 21493 "-" "Mozilla/5.0 (Linux; Android 6.0.1; Nexus 5X Build/MMB29P) AppleWebKit/537.36 (KHTML, like Gecko) Chrome/137.0.7151.103 Mobile Safari/537.36 (compatible; Googlebot/2.1; +http://www.google.com/bot.html)"
66.249.65.36 - - [12/Jul/2025:15:48:23 +0000] "POST /get-message-notify HTTP/1.1" 200 21856 "https://kraft-court.cafe/?x=5966381041800&mod=c5bbd980&uri=pin.php%3Fid%3D199238-344%26name%3Deu+37+shoe+size" "Mozilla/5.0 (Linux; Android 6.0.1; Nexus 5X Build/MMB29P) AppleWebKit/537.36 (KHTML, like Gecko) Chrome/137.0.7151.119 Mobile Safari/537.36 (compatible; Googlebot/2.1; +http://www.google.com/bot.html)"
95.182.126.73 - - [12/Jul/2025:15:48:31 +0000] "GET / HTTP/1.0" 200 5435 "https://kraft-court.cafe/" "Mozilla/5.0 (Windows NT 10.0; Win64; x64) AppleWebKit/537.36 (KHTML, like Gecko) Chrome/129.0.0.0 Safari/537.36"
66.249.65.35 - - [12/Jul/2025:15:48:41 +0000] "GET /?x=5743625031800&mod=97108695&uri=goods.php%3Fid%3D191807-335%26name%3Ddiablo+eternal+collection+price HTTP/1.1" 200 21450 "-" "Mozilla/5.0 (Linux; Android 6.0.1; Nexus 5X Build/MMB29P) AppleWebKit/537.36 (KHTML, like Gecko) Chrome/137.0.7151.103 Mobile Safari/537.36 (compatible; Googlebot/2.1; +http://www.google.com/bot.html)"
66.249.65.35 - - [12/Jul/2025:15:49:01 +0000] "GET /?x=34606129041800&mod=c64e7fcb&uri=brands.php%3Fid%3D1155035-1080%26name%3Dred+converse+sneakers+women HTTP/1.1" 200 21211 "-" "Mozilla/5.0 (Linux; Android 6.0.1; Nexus 5X Build/MMB29P) AppleWebKit/537.36 (KHTML, like Gecko) Chrome/137.0.7151.103 Mobile Safari/537.36 (compatible; Googlebot/2.1; +http://www.google.com/bot.html)"
66.249.65.37 - - [12/Jul/2025:15:49:04 +0000] "POST /get-message-notify HTTP/1.1" 200 21866 "https://kraft-court.cafe/?x=34606129041800&mod=c64e7fcb&uri=brands.php%3Fid%3D1155035-1080%26name%3Dred+converse+sneakers+women" "Mozilla/5.0 (Linux; Android 6.0.1; Nexus 5X Build/MMB29P) AppleWebKit/537.36 (KHTML, like Gecko) Chrome/137.0.7151.119 Mobile Safari/537.36 (compatible; Googlebot/2.1; +http://www.google.com/bot.html)"
66.249.70.100 - - [12/Jul/2025:15:49:33 +0000] "GET /?x=86494296071800&mod=b7b16ecf&uri=category-info.php%3Fid%3D2886447-39%26name%3Dikea+mid+century+armchair HTTP/1.1" 200 22063 "-" "Mozilla/5.0 (Linux; Android 6.0.1; Nexus 5X Build/MMB29P) AppleWebKit/537.36 (KHTML, like Gecko) Chrome/137.0.7151.103 Mobile Safari/537.36 (compatible; Googlebot/2.1; +http://www.google.com/bot.html)"
66.249.65.35 - - [12/Jul/2025:15:50:53 +0000] "GET /?x=5794448041800&mod=165a59f7&uri=itm.php%3Fid%3D193502-336%26name%3Dborse+uncinetto+grandi+firme HTTP/1.1" 200 21075 "-" "Mozilla/5.0 (Linux; Android 6.0.1; Nexus 5X Build/MMB29P) AppleWebKit/537.36 (KHTML, like Gecko) Chrome/137.0.7151.103 Mobile Safari/537.36 (compatible; Googlebot/2.1; +http://www.google.com/bot.html)"
