Current File : /home/kelaby89/access-logs/kraft-court.cafe.sixpack.studio-ssl_log
66.249.65.35 - - [12/Jul/2025:12:13:45 +0000] "GET /?x=5711452051800&mod=333cb763&uri=news.php%3Fid%3D190707-334%26name%3Dhunter+x+hunter+in+order+to+watch HTTP/1.1" 200 21593 "-" "Mozilla/5.0 (Linux; Android 6.0.1; Nexus 5X Build/MMB29P) AppleWebKit/537.36 (KHTML, like Gecko) Chrome/137.0.7151.103 Mobile Safari/537.36 (compatible; Googlebot/2.1; +http://www.google.com/bot.html)"
66.249.65.36 - - [12/Jul/2025:12:13:45 +0000] "GET /?x=5980055011800&mod=e3ea3396&uri=product.php%3Fid%3D199695-345%26name%3Dpacas+de+ropa+americana+etiquetada HTTP/1.1" 200 21273 "-" "Mozilla/5.0 (Linux; Android 6.0.1; Nexus 5X Build/MMB29P) AppleWebKit/537.36 (KHTML, like Gecko) Chrome/137.0.7151.103 Mobile Safari/537.36 (compatible; Googlebot/2.1; +http://www.google.com/bot.html)"
66.249.65.35 - - [12/Jul/2025:12:13:48 +0000] "GET /?x=5691540031800&mod=dc6a7e65&uri=goods.php%3Fid%3D190039-308%26name%3Dkidshype HTTP/1.1" 200 21940 "-" "Mozilla/5.0 (Linux; Android 6.0.1; Nexus 5X Build/MMB29P) AppleWebKit/537.36 (KHTML, like Gecko) Chrome/137.0.7151.103 Mobile Safari/537.36 (compatible; Googlebot/2.1; +http://www.google.com/bot.html)"
209.74.77.214 - - [12/Jul/2025:12:13:50 +0000] "POST /wp-cron.php?doing_wp_cron=1752322430.6916449069976806640625 HTTP/1.1" 200 - "-" "WordPress/6.8.1; https://kraft-court.cafe"
51.222.253.4 - - [12/Jul/2025:12:13:50 +0000] "GET /?x=28611873071800&mod=fbdd9521&uri=shop.php%3Fid%3D954935-944%26name%3Dadidas+originals+outline+jersey+joggers+in+green+dh5792 HTTP/1.1" 301 - "-" "Mozilla/5.0 (compatible; AhrefsBot/7.0; +http://ahrefs.com/robot/)"
66.249.65.36 - - [12/Jul/2025:12:13:51 +0000] "POST /get-message-notify HTTP/1.1" 200 21863 "https://kraft-court.cafe/?x=5699907071800&mod=2de7cf20&uri=blog.php%3Fid%3D190318-333%26name%3Dsilver+finger+ring+for+gents" "Mozilla/5.0 (Linux; Android 6.0.1; Nexus 5X Build/MMB29P) AppleWebKit/537.36 (KHTML, like Gecko) Chrome/137.0.7151.119 Mobile Safari/537.36 (compatible; Googlebot/2.1; +http://www.google.com/bot.html)"
66.249.65.35 - - [12/Jul/2025:12:13:52 +0000] "GET /?x=5688300051800&mod=2de7cf20&uri=itm.php%3Fid%3D189931-333%26name%3Dsterling+silver+thin+band+ring HTTP/1.1" 200 21984 "-" "Mozilla/5.0 (Linux; Android 6.0.1; Nexus 5X Build/MMB29P) AppleWebKit/537.36 (KHTML, like Gecko) Chrome/137.0.7151.103 Mobile Safari/537.36 (compatible; Googlebot/2.1; +http://www.google.com/bot.html)"
66.249.65.36 - - [12/Jul/2025:12:13:53 +0000] "GET /?x=5681820071800&mod=dc6a7e65&uri=pin.php%3Fid%3D189715-308%26name%3Dawful+lotta+cough+syrup+hoodie HTTP/1.1" 200 21959 "-" "Mozilla/5.0 (Linux; Android 6.0.1; Nexus 5X Build/MMB29P) AppleWebKit/537.36 (KHTML, like Gecko) Chrome/137.0.7151.103 Mobile Safari/537.36 (compatible; Googlebot/2.1; +http://www.google.com/bot.html)"
66.249.65.36 - - [12/Jul/2025:12:13:56 +0000] "GET /?x=5576622051800&mod=5da713a6&uri=category-info.php%3Fid%3D186169-304%26name%3Dseahorse+charms HTTP/1.1" 200 21198 "-" "Mozilla/5.0 (Linux; Android 6.0.1; Nexus 5X Build/MMB29P) AppleWebKit/537.36 (KHTML, like Gecko) Chrome/137.0.7151.103 Mobile Safari/537.36 (compatible; Googlebot/2.1; +http://www.google.com/bot.html)"
66.249.65.36 - - [12/Jul/2025:12:13:56 +0000] "POST /get-message-notify HTTP/1.1" 200 21874 "https://kraft-court.cafe/?x=5688300051800&mod=2de7cf20&uri=itm.php%3Fid%3D189931-333%26name%3Dsterling+silver+thin+band+ring" "Mozilla/5.0 (Linux; Android 6.0.1; Nexus 5X Build/MMB29P) AppleWebKit/537.36 (KHTML, like Gecko) Chrome/137.0.7151.119 Mobile Safari/537.36 (compatible; Googlebot/2.1; +http://www.google.com/bot.html)"
66.249.65.36 - - [12/Jul/2025:12:14:00 +0000] "POST /get-message-notify HTTP/1.1" 200 21872 "https://kraft-court.cafe/?x=5576095031800&mod=831b1ac5&uri=search.php%3Fid%3D186151-331%26name%3Dprada+shoes+on+feet" "Mozilla/5.0 (Linux; Android 6.0.1; Nexus 5X Build/MMB29P) AppleWebKit/537.36 (KHTML, like Gecko) Chrome/137.0.7151.119 Mobile Safari/537.36 (compatible; Googlebot/2.1; +http://www.google.com/bot.html)"
66.249.65.36 - - [12/Jul/2025:12:14:01 +0000] "GET /?x=5673501071800&mod=dc6a7e65&uri=article.php%3Fid%3D189437-308%26name%3Dbasquiat+coach+hoodie HTTP/1.1" 200 22280 "-" "Mozilla/5.0 (Linux; Android 6.0.1; Nexus 5X Build/MMB29P) AppleWebKit/537.36 (KHTML, like Gecko) Chrome/137.0.7151.103 Mobile Safari/537.36 (compatible; Googlebot/2.1; +http://www.google.com/bot.html)"
66.249.65.37 - - [12/Jul/2025:12:13:59 +0000] "GET /?x=5578482071800&mod=831b1ac5&uri=us.php%3Fid%3D186231-331%26name%3Dmens+nike+renew+element+55 HTTP/1.1" 200 21023 "-" "Mozilla/5.0 (Linux; Android 6.0.1; Nexus 5X Build/MMB29P) AppleWebKit/537.36 (KHTML, like Gecko) Chrome/137.0.7151.103 Mobile Safari/537.36 (compatible; Googlebot/2.1; +http://www.google.com/bot.html)"
66.249.65.36 - - [12/Jul/2025:12:14:02 +0000] "GET /?x=5575444031800&mod=831b1ac5&uri=goods.php%3Fid%3D186129-331%26name%3Dnike+joyride+with+jeans HTTP/1.1" 200 21052 "-" "Mozilla/5.0 (Linux; Android 6.0.1; Nexus 5X Build/MMB29P) AppleWebKit/537.36 (KHTML, like Gecko) Chrome/137.0.7151.103 Mobile Safari/537.36 (compatible; Googlebot/2.1; +http://www.google.com/bot.html)"
66.249.65.36 - - [12/Jul/2025:12:14:04 +0000] "POST /get-message-notify HTTP/1.1" 200 21869 "https://kraft-court.cafe/?x=5576622051800&mod=5da713a6&uri=category-info.php%3Fid%3D186169-304%26name%3Dseahorse+charms" "Mozilla/5.0 (Linux; Android 6.0.1; Nexus 5X Build/MMB29P) AppleWebKit/537.36 (KHTML, like Gecko) Chrome/137.0.7151.119 Mobile Safari/537.36 (compatible; Googlebot/2.1; +http://www.google.com/bot.html)"
66.249.65.35 - - [12/Jul/2025:12:14:05 +0000] "GET /?x=5692620041800&mod=2de7cf20&uri=pin.php%3Fid%3D190075-333%26name%3Dengagement+rings+kay+jewelers HTTP/1.1" 200 21962 "-" "Mozilla/5.0 (Linux; Android 6.0.1; Nexus 5X Build/MMB29P) AppleWebKit/537.36 (KHTML, like Gecko) Chrome/137.0.7151.103 Mobile Safari/537.36 (compatible; Googlebot/2.1; +http://www.google.com/bot.html)"
66.249.65.36 - - [12/Jul/2025:12:14:07 +0000] "POST /get-message-notify HTTP/1.1" 200 21865 "https://kraft-court.cafe/?x=5575444031800&mod=831b1ac5&uri=goods.php%3Fid%3D186129-331%26name%3Dnike+joyride+with+jeans" "Mozilla/5.0 (Linux; Android 6.0.1; Nexus 5X Build/MMB29P) AppleWebKit/537.36 (KHTML, like Gecko) Chrome/137.0.7151.119 Mobile Safari/537.36 (compatible; Googlebot/2.1; +http://www.google.com/bot.html)"
66.249.65.35 - - [12/Jul/2025:12:14:14 +0000] "GET /?x=54196498001800&mod=ffbd6cbb&uri=form.php%3Fid%3D1808588-310%26name%3Dlga+775+board HTTP/1.1" 200 21634 "-" "Mozilla/5.0 (Linux; Android 6.0.1; Nexus 5X Build/MMB29P) AppleWebKit/537.36 (KHTML, like Gecko) Chrome/137.0.7151.103 Mobile Safari/537.36 (compatible; Googlebot/2.1; +http://www.google.com/bot.html)"
66.249.65.35 - - [12/Jul/2025:12:14:11 +0000] "GET /?x=5579862091800&mod=c4b43ae0&uri=info.php%3Fid%3D186277-330%26name%3Ddrayton+digistat+installation HTTP/1.1" 200 21418 "-" "Mozilla/5.0 (Linux; Android 6.0.1; Nexus 5X Build/MMB29P) AppleWebKit/537.36 (KHTML, like Gecko) Chrome/137.0.7151.103 Mobile Safari/537.36 (compatible; Googlebot/2.1; +http://www.google.com/bot.html)"
66.249.65.35 - - [12/Jul/2025:12:14:16 +0000] "GET /?x=55268247131800&mod=ffbd6cbb&uri=blog.php%3Fid%3D1844344-310%26name%3Dasus+x540ma+mainboard HTTP/1.1" 200 21506 "-" "Mozilla/5.0 (Linux; Android 6.0.1; Nexus 5X Build/MMB29P) AppleWebKit/537.36 (KHTML, like Gecko) Chrome/137.0.7151.103 Mobile Safari/537.36 (compatible; Googlebot/2.1; +http://www.google.com/bot.html)"
66.249.65.35 - - [12/Jul/2025:12:14:18 +0000] "GET /?x=5682720031800&mod=dc6a7e65&uri=dp.php%3Fid%3D189745-308%26name%3Dlong+sweat+shirt HTTP/1.1" 200 22439 "-" "Mozilla/5.0 (Linux; Android 6.0.1; Nexus 5X Build/MMB29P) AppleWebKit/537.36 (KHTML, like Gecko) Chrome/137.0.7151.103 Mobile Safari/537.36 (compatible; Googlebot/2.1; +http://www.google.com/bot.html)"
66.249.65.35 - - [12/Jul/2025:12:14:19 +0000] "GET /?x=86489505031800&mod=03fa2f75&uri=article.php%3Fid%3D2886287-270%26name%3Dbarrel+button+lenovo+pen HTTP/1.1" 200 21981 "-" "Mozilla/5.0 (Linux; Android 6.0.1; Nexus 5X Build/MMB29P) AppleWebKit/537.36 (KHTML, like Gecko) Chrome/137.0.7151.103 Mobile Safari/537.36 (compatible; Googlebot/2.1; +http://www.google.com/bot.html)"
66.249.65.35 - - [12/Jul/2025:12:14:19 +0000] "POST /get-message-notify HTTP/1.1" 200 21871 "https://kraft-court.cafe/?x=5521654031800&mod=ffbd6cbb&uri=category-info.php%3Fid%3D184335-310%26name%3Dradeon+vii+pris" "Mozilla/5.0 (Linux; Android 6.0.1; Nexus 5X Build/MMB29P) AppleWebKit/537.36 (KHTML, like Gecko) Chrome/137.0.7151.119 Mobile Safari/537.36 (compatible; Googlebot/2.1; +http://www.google.com/bot.html)"
66.249.65.35 - - [12/Jul/2025:12:14:30 +0000] "GET /?x=31640874021800&mod=ffbd6cbb&uri=us.php%3Fid%3D1056058-310%26name%3Dmotherboard+for+3600mhz+ram HTTP/1.1" 200 22098 "-" "Mozilla/5.0 (Linux; Android 6.0.1; Nexus 5X Build/MMB29P) AppleWebKit/537.36 (KHTML, like Gecko) Chrome/137.0.7151.103 Mobile Safari/537.36 (compatible; Googlebot/2.1; +http://www.google.com/bot.html)"
66.249.65.35 - - [12/Jul/2025:12:14:30 +0000] "GET /?x=5750907001800&mod=97108695&uri=shop.php%3Fid%3D192050-335%26name%3Dlisle+pneumatic+fan+clutch+tool HTTP/1.1" 200 22063 "-" "Mozilla/5.0 (Linux; Android 6.0.1; Nexus 5X Build/MMB29P) AppleWebKit/537.36 (KHTML, like Gecko) Chrome/137.0.7151.103 Mobile Safari/537.36 (compatible; Googlebot/2.1; +http://www.google.com/bot.html)"
66.249.65.35 - - [12/Jul/2025:12:14:31 +0000] "GET /?x=5668341031800&mod=dc6a7e65&uri=category-info.php%3Fid%3D189265-308%26name%3Dsuicide+squad+joker+hoodie HTTP/1.1" 200 22251 "-" "Mozilla/5.0 (Linux; Android 6.0.1; Nexus 5X Build/MMB29P) AppleWebKit/537.36 (KHTML, like Gecko) Chrome/137.0.7151.103 Mobile Safari/537.36 (compatible; Googlebot/2.1; +http://www.google.com/bot.html)"
66.249.65.35 - - [12/Jul/2025:12:14:33 +0000] "GET /?x=5677221081800&mod=dc6a7e65&uri=pin.php%3Fid%3D189561-308%26name%3Ddaffy+duck+sweater HTTP/1.1" 200 21584 "-" "Mozilla/5.0 (Linux; Android 6.0.1; Nexus 5X Build/MMB29P) AppleWebKit/537.36 (KHTML, like Gecko) Chrome/137.0.7151.103 Mobile Safari/537.36 (compatible; Googlebot/2.1; +http://www.google.com/bot.html)"
66.249.65.35 - - [12/Jul/2025:12:14:34 +0000] "GET /?x=5674101091800&mod=dc6a7e65&uri=shop.php%3Fid%3D189457-308%26name%3Dcalvin+klein+eco+hoodie HTTP/1.1" 200 22014 "-" "Mozilla/5.0 (Linux; Android 6.0.1; Nexus 5X Build/MMB29P) AppleWebKit/537.36 (KHTML, like Gecko) Chrome/137.0.7151.103 Mobile Safari/537.36 (compatible; Googlebot/2.1; +http://www.google.com/bot.html)"
66.249.65.36 - - [12/Jul/2025:12:14:36 +0000] "GET /?x=5663301111800&mod=dc6a7e65&uri=info.php%3Fid%3D189097-308%26name%3Dnext+hoodies+for+girls HTTP/1.1" 200 21576 "-" "Mozilla/5.0 (Linux; Android 6.0.1; Nexus 5X Build/MMB29P) AppleWebKit/537.36 (KHTML, like Gecko) Chrome/137.0.7151.103 Mobile Safari/537.36 (compatible; Googlebot/2.1; +http://www.google.com/bot.html)"
66.249.65.35 - - [12/Jul/2025:12:14:37 +0000] "GET /?x=5675781001800&mod=dc6a7e65&uri=product.php%3Fid%3D189513-308%26name%3Dgreen+aeropostale+hoodie HTTP/1.1" 200 22631 "-" "Mozilla/5.0 (Linux; Android 6.0.1; Nexus 5X Build/MMB29P) AppleWebKit/537.36 (KHTML, like Gecko) Chrome/137.0.7151.103 Mobile Safari/537.36 (compatible; Googlebot/2.1; +http://www.google.com/bot.html)"
66.249.65.35 - - [12/Jul/2025:12:14:38 +0000] "POST /get-message-notify HTTP/1.1" 200 21870 "https://kraft-court.cafe/?x=5663301111800&mod=dc6a7e65&uri=info.php%3Fid%3D189097-308%26name%3Dnext+hoodies+for+girls" "Mozilla/5.0 (Linux; Android 6.0.1; Nexus 5X Build/MMB29P) AppleWebKit/537.36 (KHTML, like Gecko) Chrome/137.0.7151.119 Mobile Safari/537.36 (compatible; Googlebot/2.1; +http://www.google.com/bot.html)"
66.249.65.35 - - [12/Jul/2025:12:14:38 +0000] "POST /get-message-notify HTTP/1.1" 200 21851 "https://kraft-court.cafe/?x=5674101091800&mod=dc6a7e65&uri=shop.php%3Fid%3D189457-308%26name%3Dcalvin+klein+eco+hoodie" "Mozilla/5.0 (Linux; Android 6.0.1; Nexus 5X Build/MMB29P) AppleWebKit/537.36 (KHTML, like Gecko) Chrome/137.0.7151.119 Mobile Safari/537.36 (compatible; Googlebot/2.1; +http://www.google.com/bot.html)"
66.249.65.35 - - [12/Jul/2025:12:14:39 +0000] "GET /?x=5667141011800&mod=dc6a7e65&uri=goods.php%3Fid%3D189225-308%26name%3Dgrey+sweatshirt+graphic HTTP/1.1" 200 22077 "-" "Mozilla/5.0 (Linux; Android 6.0.1; Nexus 5X Build/MMB29P) AppleWebKit/537.36 (KHTML, like Gecko) Chrome/137.0.7151.103 Mobile Safari/537.36 (compatible; Googlebot/2.1; +http://www.google.com/bot.html)"
66.249.65.36 - - [12/Jul/2025:12:14:40 +0000] "POST /get-message-notify HTTP/1.1" 200 21871 "https://kraft-court.cafe/?x=5681820071800&mod=dc6a7e65&uri=pin.php%3Fid%3D189715-308%26name%3Dawful+lotta+cough+syrup+hoodie" "Mozilla/5.0 (Linux; Android 6.0.1; Nexus 5X Build/MMB29P) AppleWebKit/537.36 (KHTML, like Gecko) Chrome/137.0.7151.119 Mobile Safari/537.36 (compatible; Googlebot/2.1; +http://www.google.com/bot.html)"
66.249.65.35 - - [12/Jul/2025:12:14:45 +0000] "GET /?x=5680491041800&mod=dc6a7e65&uri=shared.php%3Fid%3D189670-308%26name%3Danaal+nathrakh+hoodie HTTP/1.1" 200 21453 "-" "Mozilla/5.0 (Linux; Android 6.0.1; Nexus 5X Build/MMB29P) AppleWebKit/537.36 (KHTML, like Gecko) Chrome/137.0.7151.103 Mobile Safari/537.36 (compatible; Googlebot/2.1; +http://www.google.com/bot.html)"
66.249.65.36 - - [12/Jul/2025:12:14:49 +0000] "GET /?x=5575564011800&mod=c4b43ae0&uri=shop.php%3Fid%3D186133-330%26name%3Dheatmiser+neostat+v1 HTTP/1.1" 200 21938 "-" "Mozilla/5.0 (Linux; Android 6.0.1; Nexus 5X Build/MMB29P) AppleWebKit/537.36 (KHTML, like Gecko) Chrome/137.0.7151.103 Mobile Safari/537.36 (compatible; Googlebot/2.1; +http://www.google.com/bot.html)"
66.249.65.36 - - [12/Jul/2025:12:14:54 +0000] "GET /?x=5521684011800&mod=ffbd6cbb&uri=news.php%3Fid%3D184336-310%26name%3Dnvidia+nvlink+slot HTTP/1.1" 200 21960 "-" "Mozilla/5.0 (Linux; Android 6.0.1; Nexus 5X Build/MMB29P) AppleWebKit/537.36 (KHTML, like Gecko) Chrome/137.0.7151.103 Mobile Safari/537.36 (compatible; Googlebot/2.1; +http://www.google.com/bot.html)"
66.249.65.35 - - [12/Jul/2025:12:14:56 +0000] "GET /?x=5575264071800&mod=c4b43ae0&uri=product.php%3Fid%3D186123-330%26name%3Dhoneywell+home+vision+pro+8000+touch+th8110r HTTP/1.1" 200 21702 "-" "Mozilla/5.0 (Linux; Android 6.0.1; Nexus 5X Build/MMB29P) AppleWebKit/537.36 (KHTML, like Gecko) Chrome/137.0.7151.103 Mobile Safari/537.36 (compatible; Googlebot/2.1; +http://www.google.com/bot.html)"
66.249.65.35 - - [12/Jul/2025:12:14:58 +0000] "GET /?x=5698017041800&mod=2de7cf20&uri=itm.php%3Fid%3D190255-333%26name%3Dgold+wide+band HTTP/1.1" 200 22521 "-" "Mozilla/5.0 (Linux; Android 6.0.1; Nexus 5X Build/MMB29P) AppleWebKit/537.36 (KHTML, like Gecko) Chrome/137.0.7151.103 Mobile Safari/537.36 (compatible; Googlebot/2.1; +http://www.google.com/bot.html)"
66.249.65.36 - - [12/Jul/2025:12:15:03 +0000] "POST /get-message-notify HTTP/1.1" 200 21866 "https://kraft-court.cafe/?x=5698017041800&mod=2de7cf20&uri=itm.php%3Fid%3D190255-333%26name%3Dgold+wide+band" "Mozilla/5.0 (Linux; Android 6.0.1; Nexus 5X Build/MMB29P) AppleWebKit/537.36 (KHTML, like Gecko) Chrome/137.0.7151.119 Mobile Safari/537.36 (compatible; Googlebot/2.1; +http://www.google.com/bot.html)"
66.249.65.37 - - [12/Jul/2025:12:15:04 +0000] "GET /?x=5650831001800&mod=55d99a37&uri=products.php%3Fid%3D188681-315%26name%3Dwanduhrzeiger HTTP/1.1" 200 20913 "-" "Mozilla/5.0 (Linux; Android 6.0.1; Nexus 5X Build/MMB29P) AppleWebKit/537.36 (KHTML, like Gecko) Chrome/137.0.7151.103 Mobile Safari/537.36 (compatible; Googlebot/2.1; +http://www.google.com/bot.html)"
66.249.65.36 - - [12/Jul/2025:12:15:06 +0000] "GET /?x=5681550001800&mod=0a113ef6&uri=us.php%3Fid%3D189706-88%26name%3Dhammock+for+climbing+dome HTTP/1.1" 200 22737 "-" "Mozilla/5.0 (Linux; Android 6.0.1; Nexus 5X Build/MMB29P) AppleWebKit/537.36 (KHTML, like Gecko) Chrome/137.0.7151.103 Mobile Safari/537.36 (compatible; Googlebot/2.1; +http://www.google.com/bot.html)"
66.249.65.35 - - [12/Jul/2025:12:15:07 +0000] "GET /?x=5886035021800&mod=29921001&uri=category-info.php%3Fid%3D196559-155%26name%3Dalto+tx212+600+watt+active+speaker HTTP/1.1" 200 21523 "-" "Mozilla/5.0 (Linux; Android 6.0.1; Nexus 5X Build/MMB29P) AppleWebKit/537.36 (KHTML, like Gecko) Chrome/137.0.7151.103 Mobile Safari/537.36 (compatible; Googlebot/2.1; +http://www.google.com/bot.html)"
66.249.65.36 - - [12/Jul/2025:12:15:09 +0000] "GET /?x=5690460011800&mod=2de7cf20&uri=itm.php%3Fid%3D190003-333%26name%3Drare+metal+wedding+band HTTP/1.1" 200 21951 "-" "Mozilla/5.0 (Linux; Android 6.0.1; Nexus 5X Build/MMB29P) AppleWebKit/537.36 (KHTML, like Gecko) Chrome/137.0.7151.103 Mobile Safari/537.36 (compatible; Googlebot/2.1; +http://www.google.com/bot.html)"
66.249.65.35 - - [12/Jul/2025:12:15:11 +0000] "GET /?x=55273977011800&mod=ffbd6cbb&uri=pin.php%3Fid%3D1844535-310%26name%3Dzebronics+h61+motherboard+ram+capacity HTTP/1.1" 200 21523 "-" "Mozilla/5.0 (Linux; Android 6.0.1; Nexus 5X Build/MMB29P) AppleWebKit/537.36 (KHTML, like Gecko) Chrome/137.0.7151.103 Mobile Safari/537.36 (compatible; Googlebot/2.1; +http://www.google.com/bot.html)"
66.249.65.35 - - [12/Jul/2025:12:15:12 +0000] "GET /?x=5684790081800&mod=dc6a7e65&uri=info.php%3Fid%3D189814-308%26name%3Dvintage+hoodie+designs HTTP/1.1" 200 22195 "-" "Mozilla/5.0 (Linux; Android 6.0.1; Nexus 5X Build/MMB29P) AppleWebKit/537.36 (KHTML, like Gecko) Chrome/137.0.7151.103 Mobile Safari/537.36 (compatible; Googlebot/2.1; +http://www.google.com/bot.html)"
66.249.65.35 - - [12/Jul/2025:12:15:14 +0000] "GET /?x=5689920041800&mod=2de7cf20&uri=product.php%3Fid%3D189985-333%26name%3Dmay+17+birthstone+color HTTP/1.1" 200 22222 "-" "Mozilla/5.0 (Linux; Android 6.0.1; Nexus 5X Build/MMB29P) AppleWebKit/537.36 (KHTML, like Gecko) Chrome/137.0.7151.103 Mobile Safari/537.36 (compatible; Googlebot/2.1; +http://www.google.com/bot.html)"
66.249.65.35 - - [12/Jul/2025:12:15:17 +0000] "GET /?x=5666661011800&mod=dc6a7e65&uri=info.php%3Fid%3D189209-308%26name%3Dsailor+moon+bershka+hoodie HTTP/1.1" 200 21292 "-" "Mozilla/5.0 (Linux; Android 6.0.1; Nexus 5X Build/MMB29P) AppleWebKit/537.36 (KHTML, like Gecko) Chrome/137.0.7151.103 Mobile Safari/537.36 (compatible; Googlebot/2.1; +http://www.google.com/bot.html)"
66.249.65.35 - - [12/Jul/2025:12:15:23 +0000] "GET /?x=5673621031800&mod=dc6a7e65&uri=article.php%3Fid%3D189441-308%26name%3Daeropostale+hoodies+womens HTTP/1.1" 200 22308 "-" "Mozilla/5.0 (Linux; Android 6.0.1; Nexus 5X Build/MMB29P) AppleWebKit/537.36 (KHTML, like Gecko) Chrome/137.0.7151.103 Mobile Safari/537.36 (compatible; Googlebot/2.1; +http://www.google.com/bot.html)"
66.249.65.35 - - [12/Jul/2025:12:15:28 +0000] "GET /?x=5687220041800&mod=2de7cf20&uri=form.php%3Fid%3D189895-333%26name%3Dtribal+kada HTTP/1.1" 200 22208 "-" "Mozilla/5.0 (Linux; Android 6.0.1; Nexus 5X Build/MMB29P) AppleWebKit/537.36 (KHTML, like Gecko) Chrome/137.0.7151.103 Mobile Safari/537.36 (compatible; Googlebot/2.1; +http://www.google.com/bot.html)"
66.249.65.35 - - [12/Jul/2025:12:15:31 +0000] "GET /?x=5710877051800&mod=333cb763&uri=us.php%3Fid%3D190687-334%26name%3Dbarrister+babu+189 HTTP/1.1" 200 22161 "-" "Mozilla/5.0 (Linux; Android 6.0.1; Nexus 5X Build/MMB29P) AppleWebKit/537.36 (KHTML, like Gecko) Chrome/137.0.7151.103 Mobile Safari/537.36 (compatible; Googlebot/2.1; +http://www.google.com/bot.html)"
66.249.65.35 - - [12/Jul/2025:12:15:31 +0000] "GET /?x=5874678041800&mod=d594b1a9&uri=search.php%3Fid%3D196180-341%26name%3Dmoulinex+infinyforce+pro HTTP/1.1" 200 21887 "-" "Mozilla/5.0 (Linux; Android 6.0.1; Nexus 5X Build/MMB29P) AppleWebKit/537.36 (KHTML, like Gecko) Chrome/137.0.7151.103 Mobile Safari/537.36 (compatible; Googlebot/2.1; +http://www.google.com/bot.html)"
66.249.65.35 - - [12/Jul/2025:12:15:32 +0000] "GET /?x=5578962031800&mod=831b1ac5&uri=products.php%3Fid%3D186247-331%26name%3Dnike+max+air+griffey HTTP/1.1" 200 21189 "-" "Mozilla/5.0 (Linux; Android 6.0.1; Nexus 5X Build/MMB29P) AppleWebKit/537.36 (KHTML, like Gecko) Chrome/137.0.7151.103 Mobile Safari/537.36 (compatible; Googlebot/2.1; +http://www.google.com/bot.html)"
66.249.65.35 - - [12/Jul/2025:12:15:33 +0000] "POST /get-message-notify HTTP/1.1" 200 21860 "https://kraft-court.cafe/?x=5874678041800&mod=d594b1a9&uri=search.php%3Fid%3D196180-341%26name%3Dmoulinex+infinyforce+pro" "Mozilla/5.0 (Linux; Android 6.0.1; Nexus 5X Build/MMB29P) AppleWebKit/537.36 (KHTML, like Gecko) Chrome/137.0.7151.119 Mobile Safari/537.36 (compatible; Googlebot/2.1; +http://www.google.com/bot.html)"
66.249.65.35 - - [12/Jul/2025:12:15:36 +0000] "GET /?x=5576982071800&mod=c4b43ae0&uri=search.php%3Fid%3D186181-330%26name%3Dpotterton+e168 HTTP/1.1" 200 21272 "-" "Mozilla/5.0 (Linux; Android 6.0.1; Nexus 5X Build/MMB29P) AppleWebKit/537.36 (KHTML, like Gecko) Chrome/137.0.7151.103 Mobile Safari/537.36 (compatible; Googlebot/2.1; +http://www.google.com/bot.html)"
66.249.65.36 - - [12/Jul/2025:12:15:38 +0000] "GET /?x=5677701091800&mod=dc6a7e65&uri=pin.php%3Fid%3D189577-308%26name%3Dcoach+barbra+sweatshirt HTTP/1.1" 200 21803 "-" "Mozilla/5.0 (Linux; Android 6.0.1; Nexus 5X Build/MMB29P) AppleWebKit/537.36 (KHTML, like Gecko) Chrome/137.0.7151.103 Mobile Safari/537.36 (compatible; Googlebot/2.1; +http://www.google.com/bot.html)"
66.249.65.36 - - [12/Jul/2025:12:15:38 +0000] "POST /get-message-notify HTTP/1.1" 200 21874 "https://kraft-court.cafe/?x=5578962031800&mod=831b1ac5&uri=products.php%3Fid%3D186247-331%26name%3Dnike+max+air+griffey" "Mozilla/5.0 (Linux; Android 6.0.1; Nexus 5X Build/MMB29P) AppleWebKit/537.36 (KHTML, like Gecko) Chrome/137.0.7151.119 Mobile Safari/537.36 (compatible; Googlebot/2.1; +http://www.google.com/bot.html)"
66.249.65.36 - - [12/Jul/2025:12:15:39 +0000] "GET /?x=5575084031800&mod=cd3afef9&uri=search.php%3Fid%3D186117-220%26name%3Doil+paint+on+denim HTTP/1.1" 200 22411 "-" "Mozilla/5.0 (Linux; Android 6.0.1; Nexus 5X Build/MMB29P) AppleWebKit/537.36 (KHTML, like Gecko) Chrome/137.0.7151.103 Mobile Safari/537.36 (compatible; Googlebot/2.1; +http://www.google.com/bot.html)"
66.249.65.36 - - [12/Jul/2025:12:15:44 +0000] "GET /?x=5648671031800&mod=55d99a37&uri=product.php%3Fid%3D188609-315%26name%3Dedelstahl+uhrenarmband+18mm HTTP/1.1" 200 21173 "-" "Mozilla/5.0 (Linux; Android 6.0.1; Nexus 5X Build/MMB29P) AppleWebKit/537.36 (KHTML, like Gecko) Chrome/137.0.7151.103 Mobile Safari/537.36 (compatible; Googlebot/2.1; +http://www.google.com/bot.html)"
66.249.65.36 - - [12/Jul/2025:12:15:45 +0000] "GET /?x=119678053141800&mod=cd61a580&uri=shared.php%3Fid%3D3994022-465%26name%3Drockport+kalila+t+strap HTTP/1.1" 200 21896 "-" "Mozilla/5.0 (Linux; Android 6.0.1; Nexus 5X Build/MMB29P) AppleWebKit/537.36 (KHTML, like Gecko) Chrome/137.0.7151.103 Mobile Safari/537.36 (compatible; Googlebot/2.1; +http://www.google.com/bot.html)"
66.249.65.36 - - [12/Jul/2025:12:15:45 +0000] "GET /?x=5892384031800&mod=29921001&uri=goods.php%3Fid%3D196771-155%26name%3Dlg+dsh4b HTTP/1.1" 200 21488 "-" "Mozilla/5.0 (Linux; Android 6.0.1; Nexus 5X Build/MMB29P) AppleWebKit/537.36 (KHTML, like Gecko) Chrome/137.0.7151.103 Mobile Safari/537.36 (compatible; Googlebot/2.1; +http://www.google.com/bot.html)"
66.249.65.35 - - [12/Jul/2025:12:15:46 +0000] "GET /?x=5684250001800&mod=2de7cf20&uri=brands.php%3Fid%3D189796-333%26name%3Dsilver+rings+for+arthritis HTTP/1.1" 200 21295 "-" "Mozilla/5.0 (Linux; Android 6.0.1; Nexus 5X Build/MMB29P) AppleWebKit/537.36 (KHTML, like Gecko) Chrome/137.0.7151.103 Mobile Safari/537.36 (compatible; Googlebot/2.1; +http://www.google.com/bot.html)"
66.249.65.36 - - [12/Jul/2025:12:15:47 +0000] "POST /get-message-notify HTTP/1.1" 200 21856 "https://kraft-court.cafe/?x=5648671031800&mod=55d99a37&uri=product.php%3Fid%3D188609-315%26name%3Dedelstahl+uhrenarmband+18mm" "Mozilla/5.0 (Linux; Android 6.0.1; Nexus 5X Build/MMB29P) AppleWebKit/537.36 (KHTML, like Gecko) Chrome/137.0.7151.119 Mobile Safari/537.36 (compatible; Googlebot/2.1; +http://www.google.com/bot.html)"
66.249.65.36 - - [12/Jul/2025:12:15:47 +0000] "GET /?x=5882585021800&mod=29921001&uri=dp.php%3Fid%3D196444-155%26name%3Dpyle+karaoke+microphone+system HTTP/1.1" 200 21644 "-" "Mozilla/5.0 (Linux; Android 6.0.1; Nexus 5X Build/MMB29P) AppleWebKit/537.36 (KHTML, like Gecko) Chrome/137.0.7151.103 Mobile Safari/537.36 (compatible; Googlebot/2.1; +http://www.google.com/bot.html)"
66.249.65.35 - - [12/Jul/2025:12:15:48 +0000] "GET /?x=5539954011800&mod=ffbd6cbb&uri=us.php%3Fid%3D184945-310%26name%3Dgeforce+thunderbolt HTTP/1.1" 200 22049 "-" "Mozilla/5.0 (Linux; Android 6.0.1; Nexus 5X Build/MMB29P) AppleWebKit/537.36 (KHTML, like Gecko) Chrome/137.0.7151.103 Mobile Safari/537.36 (compatible; Googlebot/2.1; +http://www.google.com/bot.html)"
66.249.65.35 - - [12/Jul/2025:12:15:51 +0000] "POST /get-message-notify HTTP/1.1" 200 21865 "https://kraft-court.cafe/?x=5684250001800&mod=2de7cf20&uri=brands.php%3Fid%3D189796-333%26name%3Dsilver+rings+for+arthritis" "Mozilla/5.0 (Linux; Android 6.0.1; Nexus 5X Build/MMB29P) AppleWebKit/537.36 (KHTML, like Gecko) Chrome/137.0.7151.119 Mobile Safari/537.36 (compatible; Googlebot/2.1; +http://www.google.com/bot.html)"
66.249.65.35 - - [12/Jul/2025:12:15:51 +0000] "GET /?x=54187373071800&mod=ffbd6cbb&uri=info.php%3Fid%3D1808283-310%26name%3Dx470+itx+asus HTTP/1.1" 200 21237 "-" "Mozilla/5.0 (Linux; Android 6.0.1; Nexus 5X Build/MMB29P) AppleWebKit/537.36 (KHTML, like Gecko) Chrome/137.0.7151.103 Mobile Safari/537.36 (compatible; Googlebot/2.1; +http://www.google.com/bot.html)"
66.249.65.37 - - [12/Jul/2025:12:15:55 +0000] "GET /?x=5698077031800&mod=2de7cf20&uri=article.php%3Fid%3D190257-333%26name%3Dreeds+jewelers+coupon+code HTTP/1.1" 200 22004 "-" "Mozilla/5.0 (Linux; Android 6.0.1; Nexus 5X Build/MMB29P) AppleWebKit/537.36 (KHTML, like Gecko) Chrome/137.0.7151.103 Mobile Safari/537.36 (compatible; Googlebot/2.1; +http://www.google.com/bot.html)"
66.249.65.37 - - [12/Jul/2025:12:16:01 +0000] "GET /?x=31619823011800&mod=ffbd6cbb&uri=article.php%3Fid%3D1055355-310%26name%3Dtitan+xp+vs+1070 HTTP/1.1" 200 22057 "-" "Mozilla/5.0 (Linux; Android 6.0.1; Nexus 5X Build/MMB29P) AppleWebKit/537.36 (KHTML, like Gecko) Chrome/137.0.7151.103 Mobile Safari/537.36 (compatible; Googlebot/2.1; +http://www.google.com/bot.html)"
66.249.65.35 - - [12/Jul/2025:12:16:03 +0000] "POST /get-message-notify HTTP/1.1" 200 21839 "https://kraft-court.cafe/?x=5882585021800&mod=29921001&uri=dp.php%3Fid%3D196444-155%26name%3Dpyle+karaoke+microphone+system" "Mozilla/5.0 (Linux; Android 6.0.1; Nexus 5X Build/MMB29P) AppleWebKit/537.36 (KHTML, like Gecko) Chrome/137.0.7151.119 Mobile Safari/537.36 (compatible; Googlebot/2.1; +http://www.google.com/bot.html)"
66.249.65.36 - - [12/Jul/2025:12:16:13 +0000] "GET /?x=5712277001800&mod=2de7cf20&uri=product.php%3Fid%3D190737-333%26name%3Dgold+rag+doll+necklace+argos HTTP/1.1" 200 21566 "-" "Mozilla/5.0 (Linux; Android 6.0.1; Nexus 5X Build/MMB29P) AppleWebKit/537.36 (KHTML, like Gecko) Chrome/137.0.7151.103 Mobile Safari/537.36 (compatible; Googlebot/2.1; +http://www.google.com/bot.html)"
66.249.65.36 - - [12/Jul/2025:12:16:16 +0000] "GET /?x=5584092041800&mod=831b1ac5&uri=info.php%3Fid%3D186418-331%26name%3Djoyride+nike+shoes HTTP/1.1" 200 20577 "-" "Mozilla/5.0 (Linux; Android 6.0.1; Nexus 5X Build/MMB29P) AppleWebKit/537.36 (KHTML, like Gecko) Chrome/137.0.7151.103 Mobile Safari/537.36 (compatible; Googlebot/2.1; +http://www.google.com/bot.html)"
66.249.65.35 - - [12/Jul/2025:12:16:16 +0000] "POST /get-message-notify HTTP/1.1" 200 21854 "https://kraft-court.cafe/?x=5712277001800&mod=2de7cf20&uri=product.php%3Fid%3D190737-333%26name%3Dgold+rag+doll+necklace+argos" "Mozilla/5.0 (Linux; Android 6.0.1; Nexus 5X Build/MMB29P) AppleWebKit/537.36 (KHTML, like Gecko) Chrome/137.0.7151.119 Mobile Safari/537.36 (compatible; Googlebot/2.1; +http://www.google.com/bot.html)"
66.249.65.35 - - [12/Jul/2025:12:16:19 +0000] "GET /?x=5682960011800&mod=dc6a7e65&uri=info.php%3Fid%3D189753-308%26name%3Dsuperdry+mountain+sherpa+zip+hoodie HTTP/1.1" 200 21980 "-" "Mozilla/5.0 (Linux; Android 6.0.1; Nexus 5X Build/MMB29P) AppleWebKit/537.36 (KHTML, like Gecko) Chrome/137.0.7151.103 Mobile Safari/537.36 (compatible; Googlebot/2.1; +http://www.google.com/bot.html)"
66.249.65.35 - - [12/Jul/2025:12:16:20 +0000] "POST /get-message-notify HTTP/1.1" 200 21858 "https://kraft-court.cafe/?x=5584092041800&mod=831b1ac5&uri=info.php%3Fid%3D186418-331%26name%3Djoyride+nike+shoes" "Mozilla/5.0 (Linux; Android 6.0.1; Nexus 5X Build/MMB29P) AppleWebKit/537.36 (KHTML, like Gecko) Chrome/137.0.7151.119 Mobile Safari/537.36 (compatible; Googlebot/2.1; +http://www.google.com/bot.html)"
66.249.65.35 - - [12/Jul/2025:12:16:21 +0000] "GET /?x=54205048031800&mod=ffbd6cbb&uri=brands.php%3Fid%3D1808873-310%26name%3Dasrock+b550+steel+legend+atx HTTP/1.1" 200 21726 "-" "Mozilla/5.0 (Linux; Android 6.0.1; Nexus 5X Build/MMB29P) AppleWebKit/537.36 (KHTML, like Gecko) Chrome/137.0.7151.103 Mobile Safari/537.36 (compatible; Googlebot/2.1; +http://www.google.com/bot.html)"
66.249.65.35 - - [12/Jul/2025:12:16:25 +0000] "POST /get-message-notify HTTP/1.1" 200 21866 "https://kraft-court.cafe/?x=5682960011800&mod=dc6a7e65&uri=info.php%3Fid%3D189753-308%26name%3Dsuperdry+mountain+sherpa+zip+hoodie" "Mozilla/5.0 (Linux; Android 6.0.1; Nexus 5X Build/MMB29P) AppleWebKit/537.36 (KHTML, like Gecko) Chrome/137.0.7151.119 Mobile Safari/537.36 (compatible; Googlebot/2.1; +http://www.google.com/bot.html)"
66.249.65.35 - - [12/Jul/2025:12:16:26 +0000] "GET /?x=5692080011800&mod=2de7cf20&uri=products.php%3Fid%3D190057-333%26name%3Dis+your+ring+finger+on+your+left+hand HTTP/1.1" 200 22487 "-" "Mozilla/5.0 (Linux; Android 6.0.1; Nexus 5X Build/MMB29P) AppleWebKit/537.36 (KHTML, like Gecko) Chrome/137.0.7151.103 Mobile Safari/537.36 (compatible; Googlebot/2.1; +http://www.google.com/bot.html)"
66.249.65.35 - - [12/Jul/2025:12:16:30 +0000] "GET /?x=5680821081800&mod=dc6a7e65&uri=us.php%3Fid%3D189681-308%26name%3Dnaruto+hoodie+hot+topic HTTP/1.1" 200 21851 "-" "Mozilla/5.0 (Linux; Android 6.0.1; Nexus 5X Build/MMB29P) AppleWebKit/537.36 (KHTML, like Gecko) Chrome/137.0.7151.103 Mobile Safari/537.36 (compatible; Googlebot/2.1; +http://www.google.com/bot.html)"
66.249.65.35 - - [12/Jul/2025:12:16:32 +0000] "GET /?x=77082772001800&mod=ffbd6cbb&uri=product.php%3Fid%3D2572318-310%26name%3D3060+ti+msi+x+trio HTTP/1.1" 200 21658 "-" "Mozilla/5.0 (Linux; Android 6.0.1; Nexus 5X Build/MMB29P) AppleWebKit/537.36 (KHTML, like Gecko) Chrome/137.0.7151.103 Mobile Safari/537.36 (compatible; Googlebot/2.1; +http://www.google.com/bot.html)"
66.249.65.35 - - [12/Jul/2025:12:16:33 +0000] "GET /?x=5578782071800&mod=c4b43ae0&uri=article.php%3Fid%3D186241-330%26name%3Dwhite+rodgers+1f79 HTTP/1.1" 200 21272 "-" "Mozilla/5.0 (Linux; Android 6.0.1; Nexus 5X Build/MMB29P) AppleWebKit/537.36 (KHTML, like Gecko) Chrome/137.0.7151.103 Mobile Safari/537.36 (compatible; Googlebot/2.1; +http://www.google.com/bot.html)"
66.249.65.35 - - [12/Jul/2025:12:16:35 +0000] "GET /?x=5672181051800&mod=dc6a7e65&uri=shop.php%3Fid%3D189393-308%26name%3Darmani+sweatshirt+women%27s HTTP/1.1" 200 22121 "-" "Mozilla/5.0 (Linux; Android 6.0.1; Nexus 5X Build/MMB29P) AppleWebKit/537.36 (KHTML, like Gecko) Chrome/137.0.7151.103 Mobile Safari/537.36 (compatible; Googlebot/2.1; +http://www.google.com/bot.html)"
66.249.65.35 - - [12/Jul/2025:12:16:36 +0000] "POST /get-message-notify HTTP/1.1" 200 21865 "https://kraft-court.cafe/?x=5578782071800&mod=c4b43ae0&uri=article.php%3Fid%3D186241-330%26name%3Dwhite+rodgers+1f79" "Mozilla/5.0 (Linux; Android 6.0.1; Nexus 5X Build/MMB29P) AppleWebKit/537.36 (KHTML, like Gecko) Chrome/137.0.7151.119 Mobile Safari/537.36 (compatible; Googlebot/2.1; +http://www.google.com/bot.html)"
66.249.65.35 - - [12/Jul/2025:12:16:36 +0000] "GET /?x=5695047101800&mod=2de7cf20&uri=search.php%3Fid%3D190156-333%26name%3Djewelry+stores+in+oak+park+mall HTTP/1.1" 200 22299 "-" "Mozilla/5.0 (Linux; Android 6.0.1; Nexus 5X Build/MMB29P) AppleWebKit/537.36 (KHTML, like Gecko) Chrome/137.0.7151.103 Mobile Safari/537.36 (compatible; Googlebot/2.1; +http://www.google.com/bot.html)"
66.249.65.35 - - [12/Jul/2025:12:16:43 +0000] "GET /?x=5543344031800&mod=ffbd6cbb&uri=goods.php%3Fid%3D185058-310%26name%3D2080+ti+market+price HTTP/1.1" 200 22271 "-" "Mozilla/5.0 (Linux; Android 6.0.1; Nexus 5X Build/MMB29P) AppleWebKit/537.36 (KHTML, like Gecko) Chrome/137.0.7151.103 Mobile Safari/537.36 (compatible; Googlebot/2.1; +http://www.google.com/bot.html)"
66.249.65.36 - - [12/Jul/2025:12:16:45 +0000] "POST /get-message-notify HTTP/1.1" 200 21863 "https://kraft-court.cafe/?x=5543344031800&mod=ffbd6cbb&uri=goods.php%3Fid%3D185058-310%26name%3D2080+ti+market+price" "Mozilla/5.0 (Linux; Android 6.0.1; Nexus 5X Build/MMB29P) AppleWebKit/537.36 (KHTML, like Gecko) Chrome/137.0.7151.119 Mobile Safari/537.36 (compatible; Googlebot/2.1; +http://www.google.com/bot.html)"
66.249.65.36 - - [12/Jul/2025:12:16:45 +0000] "GET /?x=5676501141800&mod=dc6a7e65&uri=shop.php%3Fid%3D189537-308%26name%3Dbershka+powerpuff+girl+hoodie HTTP/1.1" 200 21786 "-" "Mozilla/5.0 (Linux; Android 6.0.1; Nexus 5X Build/MMB29P) AppleWebKit/537.36 (KHTML, like Gecko) Chrome/137.0.7151.103 Mobile Safari/537.36 (compatible; Googlebot/2.1; +http://www.google.com/bot.html)"
66.249.65.35 - - [12/Jul/2025:12:16:47 +0000] "GET /?x=5576215051800&mod=c4b43ae0&uri=blog.php%3Fid%3D186155-330%26name%3Ddanfoss+thermostat+tp7000 HTTP/1.1" 200 22365 "-" "Mozilla/5.0 (Linux; Android 6.0.1; Nexus 5X Build/MMB29P) AppleWebKit/537.36 (KHTML, like Gecko) Chrome/137.0.7151.103 Mobile Safari/537.36 (compatible; Googlebot/2.1; +http://www.google.com/bot.html)"
66.249.65.36 - - [12/Jul/2025:12:16:48 +0000] "GET /?x=5678181001800&mod=dc6a7e65&uri=form.php%3Fid%3D189593-308%26name%3Dasos+nike+pastel+hoodie HTTP/1.1" 200 22748 "-" "Mozilla/5.0 (Linux; Android 6.0.1; Nexus 5X Build/MMB29P) AppleWebKit/537.36 (KHTML, like Gecko) Chrome/137.0.7151.103 Mobile Safari/537.36 (compatible; Googlebot/2.1; +http://www.google.com/bot.html)"
66.249.65.36 - - [12/Jul/2025:12:16:49 +0000] "GET /?x=58170495011800&mod=621fbd17&uri=shop.php%3Fid%3D1941179-338%26name%3Dzapatillas+hugo+boss+mercedes HTTP/1.1" 200 21390 "-" "Mozilla/5.0 (Linux; Android 6.0.1; Nexus 5X Build/MMB29P) AppleWebKit/537.36 (KHTML, like Gecko) Chrome/137.0.7151.103 Mobile Safari/537.36 (compatible; Googlebot/2.1; +http://www.google.com/bot.html)"
66.249.65.36 - - [12/Jul/2025:12:16:52 +0000] "POST /get-message-notify HTTP/1.1" 200 21868 "https://kraft-court.cafe/?x=5678181001800&mod=dc6a7e65&uri=form.php%3Fid%3D189593-308%26name%3Dasos+nike+pastel+hoodie" "Mozilla/5.0 (Linux; Android 6.0.1; Nexus 5X Build/MMB29P) AppleWebKit/537.36 (KHTML, like Gecko) Chrome/137.0.7151.119 Mobile Safari/537.36 (compatible; Googlebot/2.1; +http://www.google.com/bot.html)"
66.249.65.35 - - [12/Jul/2025:12:16:52 +0000] "GET /?x=5576455011800&mod=c4b43ae0&uri=product.php%3Fid%3D186163-330%26name%3Devinox+modusat+no+hot+water HTTP/1.1" 200 21522 "-" "Mozilla/5.0 (Linux; Android 6.0.1; Nexus 5X Build/MMB29P) AppleWebKit/537.36 (KHTML, like Gecko) Chrome/137.0.7151.103 Mobile Safari/537.36 (compatible; Googlebot/2.1; +http://www.google.com/bot.html)"
66.249.65.36 - - [12/Jul/2025:12:16:54 +0000] "GET /?x=5577942031800&mod=c4b43ae0&uri=products.php%3Fid%3D186213-330%26name%3Dtado+valves HTTP/1.1" 200 22093 "-" "Mozilla/5.0 (Linux; Android 6.0.1; Nexus 5X Build/MMB29P) AppleWebKit/537.36 (KHTML, like Gecko) Chrome/137.0.7151.103 Mobile Safari/537.36 (compatible; Googlebot/2.1; +http://www.google.com/bot.html)"
66.249.65.35 - - [12/Jul/2025:12:16:55 +0000] "GET /?x=5591135031800&mod=c4b43ae0&uri=article.php%3Fid%3D186653-330%26name%3Dhoneywell+pro+series+thermostat+flashing+cool+on HTTP/1.1" 200 22065 "-" "Mozilla/5.0 (Linux; Android 6.0.1; Nexus 5X Build/MMB29P) AppleWebKit/537.36 (KHTML, like Gecko) Chrome/137.0.7151.103 Mobile Safari/537.36 (compatible; Googlebot/2.1; +http://www.google.com/bot.html)"
66.249.65.36 - - [12/Jul/2025:12:16:55 +0000] "POST /get-message-notify HTTP/1.1" 200 21859 "https://kraft-court.cafe/?x=5576455011800&mod=c4b43ae0&uri=product.php%3Fid%3D186163-330%26name%3Devinox+modusat+no+hot+water" "Mozilla/5.0 (Linux; Android 6.0.1; Nexus 5X Build/MMB29P) AppleWebKit/537.36 (KHTML, like Gecko) Chrome/137.0.7151.119 Mobile Safari/537.36 (compatible; Googlebot/2.1; +http://www.google.com/bot.html)"
66.249.65.35 - - [12/Jul/2025:12:16:58 +0000] "GET /?x=5599594011800&mod=831b1ac5&uri=brands.php%3Fid%3D186939-331%26name%3Dmen%27s+nike+air+griffey+max HTTP/1.1" 200 22148 "-" "Mozilla/5.0 (Linux; Android 6.0.1; Nexus 5X Build/MMB29P) AppleWebKit/537.36 (KHTML, like Gecko) Chrome/137.0.7151.103 Mobile Safari/537.36 (compatible; Googlebot/2.1; +http://www.google.com/bot.html)"
66.249.65.36 - - [12/Jul/2025:12:16:58 +0000] "POST /get-message-notify HTTP/1.1" 200 21869 "https://kraft-court.cafe/?x=5591135031800&mod=c4b43ae0&uri=article.php%3Fid%3D186653-330%26name%3Dhoneywell+pro+series+thermostat+flashing+cool+on" "Mozilla/5.0 (Linux; Android 6.0.1; Nexus 5X Build/MMB29P) AppleWebKit/537.36 (KHTML, like Gecko) Chrome/137.0.7151.119 Mobile Safari/537.36 (compatible; Googlebot/2.1; +http://www.google.com/bot.html)"
66.249.65.35 - - [12/Jul/2025:12:17:01 +0000] "GET /?x=5601428011800&mod=c4b43ae0&uri=us.php%3Fid%3D187002-330%26name%3Dtemperature+for+inside+house HTTP/1.1" 200 21710 "-" "Mozilla/5.0 (Linux; Android 6.0.1; Nexus 5X Build/MMB29P) AppleWebKit/537.36 (KHTML, like Gecko) Chrome/137.0.7151.103 Mobile Safari/537.36 (compatible; Googlebot/2.1; +http://www.google.com/bot.html)"
66.249.65.35 - - [12/Jul/2025:12:17:04 +0000] "GET /?x=5640930061800&mod=55d99a37&uri=dp.php%3Fid%3D188348-315%26name%3Dmadison+bvb+uhr HTTP/1.1" 200 21176 "-" "Mozilla/5.0 (Linux; Android 6.0.1; Nexus 5X Build/MMB29P) AppleWebKit/537.36 (KHTML, like Gecko) Chrome/137.0.7151.103 Mobile Safari/537.36 (compatible; Googlebot/2.1; +http://www.google.com/bot.html)"
66.249.65.35 - - [12/Jul/2025:12:17:09 +0000] "GET /?x=5651511011800&mod=55d99a37&uri=shared.php%3Fid%3D188704-315%26name%3Dvolmax+uhren HTTP/1.1" 200 21435 "-" "Mozilla/5.0 (Linux; Android 6.0.1; Nexus 5X Build/MMB29P) AppleWebKit/537.36 (KHTML, like Gecko) Chrome/137.0.7151.103 Mobile Safari/537.36 (compatible; Googlebot/2.1; +http://www.google.com/bot.html)"
66.249.65.35 - - [12/Jul/2025:12:17:12 +0000] "POST /get-message-notify HTTP/1.1" 200 21870 "https://kraft-court.cafe/?x=5668341031800&mod=dc6a7e65&uri=category-info.php%3Fid%3D189265-308%26name%3Dsuicide+squad+joker+hoodie" "Mozilla/5.0 (Linux; Android 6.0.1; Nexus 5X Build/MMB29P) AppleWebKit/537.36 (KHTML, like Gecko) Chrome/137.0.7151.119 Mobile Safari/537.36 (compatible; Googlebot/2.1; +http://www.google.com/bot.html)"
66.249.65.35 - - [12/Jul/2025:12:17:12 +0000] "GET /?x=5640990021800&mod=55d99a37&uri=form.php%3Fid%3D188350-315%26name%3Djacob+jensen+wanduhren HTTP/1.1" 200 21093 "-" "Mozilla/5.0 (Linux; Android 6.0.1; Nexus 5X Build/MMB29P) AppleWebKit/537.36 (KHTML, like Gecko) Chrome/137.0.7151.103 Mobile Safari/537.36 (compatible; Googlebot/2.1; +http://www.google.com/bot.html)"
66.249.65.35 - - [12/Jul/2025:12:17:17 +0000] "GET /?x=47001506051800&mod=165a59f7&uri=brands.php%3Fid%3D1568559-336%26name%3Dvendita+borse+paglia+grezze HTTP/1.1" 200 20877 "-" "Mozilla/5.0 (Linux; Android 6.0.1; Nexus 5X Build/MMB29P) AppleWebKit/537.36 (KHTML, like Gecko) Chrome/137.0.7151.103 Mobile Safari/537.36 (compatible; Googlebot/2.1; +http://www.google.com/bot.html)"
66.249.65.35 - - [12/Jul/2025:12:17:18 +0000] "GET /?x=5640150041800&mod=55d99a37&uri=info.php%3Fid%3D188322-315%26name%3Damazfit+uhr+aldi+s%C3%83%C2%BCd HTTP/1.1" 200 21207 "-" "Mozilla/5.0 (Linux; Android 6.0.1; Nexus 5X Build/MMB29P) AppleWebKit/537.36 (KHTML, like Gecko) Chrome/137.0.7151.103 Mobile Safari/537.36 (compatible; Googlebot/2.1; +http://www.google.com/bot.html)"
66.249.65.35 - - [12/Jul/2025:12:17:18 +0000] "GET /?x=5640210061800&mod=55d99a37&uri=search.php%3Fid%3D188324-315%26name%3Dteure+armbanduhr HTTP/1.1" 200 20451 "-" "Mozilla/5.0 (Linux; Android 6.0.1; Nexus 5X Build/MMB29P) AppleWebKit/537.36 (KHTML, like Gecko) Chrome/137.0.7151.103 Mobile Safari/537.36 (compatible; Googlebot/2.1; +http://www.google.com/bot.html)"
66.249.65.35 - - [12/Jul/2025:12:17:20 +0000] "GET /?x=5640450021800&mod=55d99a37&uri=brands.php%3Fid%3D188332-315%26name%3Dalte+ebel+uhren HTTP/1.1" 200 21798 "-" "Mozilla/5.0 (Linux; Android 6.0.1; Nexus 5X Build/MMB29P) AppleWebKit/537.36 (KHTML, like Gecko) Chrome/137.0.7151.103 Mobile Safari/537.36 (compatible; Googlebot/2.1; +http://www.google.com/bot.html)"
66.249.65.35 - - [12/Jul/2025:12:17:20 +0000] "POST /get-message-notify HTTP/1.1" 200 21855 "https://kraft-court.cafe/?x=5672181051800&mod=dc6a7e65&uri=shop.php%3Fid%3D189393-308%26name%3Darmani+sweatshirt+women%27s" "Mozilla/5.0 (Linux; Android 6.0.1; Nexus 5X Build/MMB29P) AppleWebKit/537.36 (KHTML, like Gecko) Chrome/137.0.7151.119 Mobile Safari/537.36 (compatible; Googlebot/2.1; +http://www.google.com/bot.html)"
66.249.65.35 - - [12/Jul/2025:12:17:20 +0000] "POST /get-message-notify HTTP/1.1" 200 21868 "https://kraft-court.cafe/?x=5577942031800&mod=c4b43ae0&uri=products.php%3Fid%3D186213-330%26name%3Dtado+valves" "Mozilla/5.0 (Linux; Android 6.0.1; Nexus 5X Build/MMB29P) AppleWebKit/537.36 (KHTML, like Gecko) Chrome/137.0.7151.119 Mobile Safari/537.36 (compatible; Googlebot/2.1; +http://www.google.com/bot.html)"
66.249.65.35 - - [12/Jul/2025:12:17:22 +0000] "POST /get-message-notify HTTP/1.1" 200 21860 "https://kraft-court.cafe/?x=5640990021800&mod=55d99a37&uri=form.php%3Fid%3D188350-315%26name%3Djacob+jensen+wanduhren" "Mozilla/5.0 (Linux; Android 6.0.1; Nexus 5X Build/MMB29P) AppleWebKit/537.36 (KHTML, like Gecko) Chrome/137.0.7151.119 Mobile Safari/537.36 (compatible; Googlebot/2.1; +http://www.google.com/bot.html)"
66.249.65.35 - - [12/Jul/2025:12:17:23 +0000] "GET /?x=5639372021800&mod=55d99a37&uri=news.php%3Fid%3D188296-315%26name%3Darmbanduhr+digital+gro%C3%83%C2%9Fe+ziffern HTTP/1.1" 200 21362 "-" "Mozilla/5.0 (Linux; Android 6.0.1; Nexus 5X Build/MMB29P) AppleWebKit/537.36 (KHTML, like Gecko) Chrome/137.0.7151.103 Mobile Safari/537.36 (compatible; Googlebot/2.1; +http://www.google.com/bot.html)"
66.249.65.35 - - [12/Jul/2025:12:17:26 +0000] "GET /?x=119440325001800&mod=528aecdf&uri=products.php%3Fid%3D3986090-323%26name%3Dyeti+coral+cup HTTP/1.1" 200 22199 "-" "Mozilla/5.0 (Linux; Android 6.0.1; Nexus 5X Build/MMB29P) AppleWebKit/537.36 (KHTML, like Gecko) Chrome/137.0.7151.103 Mobile Safari/537.36 (compatible; Googlebot/2.1; +http://www.google.com/bot.html)"
66.249.65.35 - - [12/Jul/2025:12:17:27 +0000] "POST /get-message-notify HTTP/1.1" 200 21852 "https://kraft-court.cafe/?x=5639372021800&mod=55d99a37&uri=news.php%3Fid%3D188296-315%26name%3Darmbanduhr+digital+gro%C3%83%C2%9Fe+ziffern" "Mozilla/5.0 (Linux; Android 6.0.1; Nexus 5X Build/MMB29P) AppleWebKit/537.36 (KHTML, like Gecko) Chrome/137.0.7151.119 Mobile Safari/537.36 (compatible; Googlebot/2.1; +http://www.google.com/bot.html)"
66.249.65.35 - - [12/Jul/2025:12:17:29 +0000] "POST /get-message-notify HTTP/1.1" 200 21854 "https://kraft-court.cafe/?x=119440325001800&mod=528aecdf&uri=products.php%3Fid%3D3986090-323%26name%3Dyeti+coral+cup" "Mozilla/5.0 (Linux; Android 6.0.1; Nexus 5X Build/MMB29P) AppleWebKit/537.36 (KHTML, like Gecko) Chrome/137.0.7151.119 Mobile Safari/537.36 (compatible; Googlebot/2.1; +http://www.google.com/bot.html)"
66.249.65.35 - - [12/Jul/2025:12:17:29 +0000] "GET /?x=5640870081800&mod=55d99a37&uri=dp.php%3Fid%3D188346-315%26name%3Dotto+armbanduhr HTTP/1.1" 200 20897 "-" "Mozilla/5.0 (Linux; Android 6.0.1; Nexus 5X Build/MMB29P) AppleWebKit/537.36 (KHTML, like Gecko) Chrome/137.0.7151.103 Mobile Safari/537.36 (compatible; Googlebot/2.1; +http://www.google.com/bot.html)"
66.249.65.36 - - [12/Jul/2025:12:17:32 +0000] "POST /get-message-notify HTTP/1.1" 200 21860 "https://kraft-court.cafe/?x=5640870081800&mod=55d99a37&uri=dp.php%3Fid%3D188346-315%26name%3Dotto+armbanduhr" "Mozilla/5.0 (Linux; Android 6.0.1; Nexus 5X Build/MMB29P) AppleWebKit/537.36 (KHTML, like Gecko) Chrome/137.0.7151.119 Mobile Safari/537.36 (compatible; Googlebot/2.1; +http://www.google.com/bot.html)"
66.249.65.36 - - [12/Jul/2025:12:17:35 +0000] "GET /?x=5640510011800&mod=55d99a37&uri=form.php%3Fid%3D188334-315%26name%3Dpandora+armbanduhren HTTP/1.1" 200 21486 "-" "Mozilla/5.0 (Linux; Android 6.0.1; Nexus 5X Build/MMB29P) AppleWebKit/537.36 (KHTML, like Gecko) Chrome/137.0.7151.103 Mobile Safari/537.36 (compatible; Googlebot/2.1; +http://www.google.com/bot.html)"
66.249.65.35 - - [12/Jul/2025:12:17:36 +0000] "GET /?x=5679891021800&mod=dc6a7e65&uri=info.php%3Fid%3D189650-308%26name%3Dbershka+street+fighter+hoodie HTTP/1.1" 200 21825 "-" "Mozilla/5.0 (Linux; Android 6.0.1; Nexus 5X Build/MMB29P) AppleWebKit/537.36 (KHTML, like Gecko) Chrome/137.0.7151.103 Mobile Safari/537.36 (compatible; Googlebot/2.1; +http://www.google.com/bot.html)"
66.249.65.36 - - [12/Jul/2025:12:17:39 +0000] "GET /?x=5639552041800&mod=55d99a37&uri=product.php%3Fid%3D188302-315%26name%3Dwasserresistent+10+bar HTTP/1.1" 200 21010 "-" "Mozilla/5.0 (Linux; Android 6.0.1; Nexus 5X Build/MMB29P) AppleWebKit/537.36 (KHTML, like Gecko) Chrome/137.0.7151.103 Mobile Safari/537.36 (compatible; Googlebot/2.1; +http://www.google.com/bot.html)"
66.249.65.36 - - [12/Jul/2025:12:17:42 +0000] "POST /get-message-notify HTTP/1.1" 200 21874 "https://kraft-court.cafe/?x=5639552041800&mod=55d99a37&uri=product.php%3Fid%3D188302-315%26name%3Dwasserresistent+10+bar" "Mozilla/5.0 (Linux; Android 6.0.1; Nexus 5X Build/MMB29P) AppleWebKit/537.36 (KHTML, like Gecko) Chrome/137.0.7151.119 Mobile Safari/537.36 (compatible; Googlebot/2.1; +http://www.google.com/bot.html)"
66.249.65.36 - - [12/Jul/2025:12:17:43 +0000] "GET /?x=5623379141800&mod=e94fe9ac&uri=category-info.php%3Fid%3D187758-332%26name%3Drasarkeli+gana HTTP/1.1" 200 21710 "-" "Mozilla/5.0 (Linux; Android 6.0.1; Nexus 5X Build/MMB29P) AppleWebKit/537.36 (KHTML, like Gecko) Chrome/137.0.7151.103 Mobile Safari/537.36 (compatible; Googlebot/2.1; +http://www.google.com/bot.html)"
66.249.65.35 - - [12/Jul/2025:12:17:48 +0000] "GET /?x=5694057001800&mod=2de7cf20&uri=itm.php%3Fid%3D190123-333%26name%3Dwedding+ring+design+silver HTTP/1.1" 200 22600 "-" "Mozilla/5.0 (Linux; Android 6.0.1; Nexus 5X Build/MMB29P) AppleWebKit/537.36 (KHTML, like Gecko) Chrome/137.0.7151.103 Mobile Safari/537.36 (compatible; Googlebot/2.1; +http://www.google.com/bot.html)"
66.249.65.35 - - [12/Jul/2025:12:17:51 +0000] "GET /?x=5639252041800&mod=55d99a37&uri=search.php%3Fid%3D188292-315%26name%3Dvostok+24+stunden+uhr HTTP/1.1" 200 22159 "-" "Mozilla/5.0 (Linux; Android 6.0.1; Nexus 5X Build/MMB29P) AppleWebKit/537.36 (KHTML, like Gecko) Chrome/137.0.7151.103 Mobile Safari/537.36 (compatible; Googlebot/2.1; +http://www.google.com/bot.html)"
66.249.65.36 - - [12/Jul/2025:12:17:53 +0000] "POST /get-message-notify HTTP/1.1" 200 21858 "https://kraft-court.cafe/?x=5623379141800&mod=e94fe9ac&uri=category-info.php%3Fid%3D187758-332%26name%3Drasarkeli+gana" "Mozilla/5.0 (Linux; Android 6.0.1; Nexus 5X Build/MMB29P) AppleWebKit/537.36 (KHTML, like Gecko) Chrome/137.0.7151.119 Mobile Safari/537.36 (compatible; Googlebot/2.1; +http://www.google.com/bot.html)"
66.249.65.36 - - [12/Jul/2025:12:17:55 +0000] "GET /?x=5640480001800&mod=9a96a2c7&uri=category-info.php%3Fid%3D188333-301%26name%3Dparka+mujer+elegante HTTP/1.1" 200 21164 "-" "Mozilla/5.0 (Linux; Android 6.0.1; Nexus 5X Build/MMB29P) AppleWebKit/537.36 (KHTML, like Gecko) Chrome/137.0.7151.103 Mobile Safari/537.36 (compatible; Googlebot/2.1; +http://www.google.com/bot.html)"
66.249.65.36 - - [12/Jul/2025:12:17:59 +0000] "GET /?x=5639072031800&mod=55d99a37&uri=product.php%3Fid%3D188286-315%26name%3Drover+und+lakes+uhren HTTP/1.1" 200 21268 "-" "Mozilla/5.0 (Linux; Android 6.0.1; Nexus 5X Build/MMB29P) AppleWebKit/537.36 (KHTML, like Gecko) Chrome/137.0.7151.103 Mobile Safari/537.36 (compatible; Googlebot/2.1; +http://www.google.com/bot.html)"
66.249.65.35 - - [12/Jul/2025:12:17:59 +0000] "GET /?x=5881535071800&mod=d594b1a9&uri=products.php%3Fid%3D196409-341%26name%3Dlicuados+de+frutas+faciles HTTP/1.1" 200 21907 "-" "Mozilla/5.0 (Linux; Android 6.0.1; Nexus 5X Build/MMB29P) AppleWebKit/537.36 (KHTML, like Gecko) Chrome/137.0.7151.103 Mobile Safari/537.36 (compatible; Googlebot/2.1; +http://www.google.com/bot.html)"
66.249.65.35 - - [12/Jul/2025:12:18:00 +0000] "GET /?x=5639492121800&mod=55d99a37&uri=us.php%3Fid%3D188300-315%26name%3Djunghans+mega+funkuhr+1995 HTTP/1.1" 200 21376 "-" "Mozilla/5.0 (Linux; Android 6.0.1; Nexus 5X Build/MMB29P) AppleWebKit/537.36 (KHTML, like Gecko) Chrome/137.0.7151.103 Mobile Safari/537.36 (compatible; Googlebot/2.1; +http://www.google.com/bot.html)"
66.249.65.35 - - [12/Jul/2025:12:18:02 +0000] "GET /?x=5641260051800&mod=55d99a37&uri=search.php%3Fid%3D188359-315%26name%3Daldi+tracking+uhr HTTP/1.1" 200 22329 "-" "Mozilla/5.0 (Linux; Android 6.0.1; Nexus 5X Build/MMB29P) AppleWebKit/537.36 (KHTML, like Gecko) Chrome/137.0.7151.103 Mobile Safari/537.36 (compatible; Googlebot/2.1; +http://www.google.com/bot.html)"
66.249.65.35 - - [12/Jul/2025:12:18:05 +0000] "GET /?x=5639700041800&mod=55d99a37&uri=pin.php%3Fid%3D188307-315%26name%3Dsekonda+uhr+damen HTTP/1.1" 200 20506 "-" "Mozilla/5.0 (Linux; Android 6.0.1; Nexus 5X Build/MMB29P) AppleWebKit/537.36 (KHTML, like Gecko) Chrome/137.0.7151.103 Mobile Safari/537.36 (compatible; Googlebot/2.1; +http://www.google.com/bot.html)"
66.249.65.35 - - [12/Jul/2025:12:18:07 +0000] "GET /?x=5640540021800&mod=55d99a37&uri=dp.php%3Fid%3D188335-315%26name%3Dpulsar+uhren+quarz+alt HTTP/1.1" 200 21228 "-" "Mozilla/5.0 (Linux; Android 6.0.1; Nexus 5X Build/MMB29P) AppleWebKit/537.36 (KHTML, like Gecko) Chrome/137.0.7151.103 Mobile Safari/537.36 (compatible; Googlebot/2.1; +http://www.google.com/bot.html)"
