Current File : /home/kelaby89/access-logs/sergio-cuchi.tattoo.sixpack.studio-ssl_log
66.249.64.226 - - [13/Jul/2025:12:18:06 +0000] "GET /?h=5575504051600&mod=1c0222b4&uri=search.php%3Fid%3D186131-331%26name%3Dvapor+13+club+njr HTTP/1.1" 200 21071 "-" "Mozilla/5.0 (Linux; Android 6.0.1; Nexus 5X Build/MMB29P) AppleWebKit/537.36 (KHTML, like Gecko) Chrome/137.0.7151.103 Mobile Safari/537.36 (compatible; Googlebot/2.1; +http://www.google.com/bot.html)"
209.74.77.214 - - [13/Jul/2025:12:19:54 +0000] "POST /wp-cron.php?doing_wp_cron=1752409194.2812700271606445312500 HTTP/1.1" 200 - "-" "WordPress/6.8.1; https://sergio-cuchi.tattoo"
204.8.98.65 - - [13/Jul/2025:12:19:52 +0000] "POST /xmlrpc.php HTTP/1.1" 200 206 "-" "Go-http-client/1.1"
66.249.64.226 - - [13/Jul/2025:12:26:07 +0000] "GET /wp-content/uploads/2025/01/ahmedk-150x150.png HTTP/1.1" 200 22165 "-" "Googlebot-Image/1.0"
209.74.77.214 - - [13/Jul/2025:12:27:24 +0000] "POST /wp-cron.php?doing_wp_cron=1752409644.6481490135192871093750 HTTP/1.1" 200 - "-" "WordPress/6.8.1; https://sergio-cuchi.tattoo"
49.188.130.174 - - [13/Jul/2025:12:27:22 +0000] "GET / HTTP/1.1" 200 16228 "-" "Mozilla/5.0 (Linux; Android 10; K) AppleWebKit/537.36 (KHTML, like Gecko) Chrome/138.0.0.0 Mobile Safari/537.36"
49.188.130.174 - - [13/Jul/2025:12:27:25 +0000] "GET /wp-content/plugins/leadconnector/public/css/lc-public.css?ver=3.0.10.1 HTTP/1.1" 200 106 "https://sergio-cuchi.tattoo/" "Mozilla/5.0 (Linux; Android 10; K) AppleWebKit/537.36 (KHTML, like Gecko) Chrome/138.0.0.0 Mobile Safari/537.36"
49.188.130.174 - - [13/Jul/2025:12:27:25 +0000] "GET /wp-content/plugins/siteorigin-panels/css/front-flex.min.css?ver=2.32.1 HTTP/1.1" 200 563 "https://sergio-cuchi.tattoo/" "Mozilla/5.0 (Linux; Android 10; K) AppleWebKit/537.36 (KHTML, like Gecko) Chrome/138.0.0.0 Mobile Safari/537.36"
49.188.130.174 - - [13/Jul/2025:12:27:25 +0000] "GET /wp-content/plugins/so-widgets-bundle/widgets/features/css/style.css?ver=1.69.1 HTTP/1.1" 200 420 "https://sergio-cuchi.tattoo/" "Mozilla/5.0 (Linux; Android 10; K) AppleWebKit/537.36 (KHTML, like Gecko) Chrome/138.0.0.0 Mobile Safari/537.36"
49.188.130.174 - - [13/Jul/2025:12:27:25 +0000] "GET /wp-includes/css/dist/block-library/style.min.css?ver=6.8.1 HTTP/1.1" 200 15323 "https://sergio-cuchi.tattoo/" "Mozilla/5.0 (Linux; Android 10; K) AppleWebKit/537.36 (KHTML, like Gecko) Chrome/138.0.0.0 Mobile Safari/537.36"
49.188.130.174 - - [13/Jul/2025:12:27:25 +0000] "GET /wp-includes/css/dashicons.min.css?ver=6.8.1 HTTP/1.1" 200 35730 "https://sergio-cuchi.tattoo/" "Mozilla/5.0 (Linux; Android 10; K) AppleWebKit/537.36 (KHTML, like Gecko) Chrome/138.0.0.0 Mobile Safari/537.36"
49.188.130.174 - - [13/Jul/2025:12:27:25 +0000] "GET /wp-content/plugins/contact-form-7/includes/css/styles.css?ver=6.1 HTTP/1.1" 200 1031 "https://sergio-cuchi.tattoo/" "Mozilla/5.0 (Linux; Android 10; K) AppleWebKit/537.36 (KHTML, like Gecko) Chrome/138.0.0.0 Mobile Safari/537.36"
49.188.130.174 - - [13/Jul/2025:12:27:25 +0000] "GET /wp-content/plugins/maori-features/css/rrssb.css?ver=1.0.0 HTTP/1.1" 200 1446 "https://sergio-cuchi.tattoo/" "Mozilla/5.0 (Linux; Android 10; K) AppleWebKit/537.36 (KHTML, like Gecko) Chrome/138.0.0.0 Mobile Safari/537.36"
49.188.130.174 - - [13/Jul/2025:12:27:25 +0000] "GET /wp-content/plugins/maori-features/css/style.css?ver=1.0 HTTP/1.1" 200 3605 "https://sergio-cuchi.tattoo/" "Mozilla/5.0 (Linux; Android 10; K) AppleWebKit/537.36 (KHTML, like Gecko) Chrome/138.0.0.0 Mobile Safari/537.36"
49.188.130.174 - - [13/Jul/2025:12:27:25 +0000] "GET /wp-content/uploads/siteorigin-widgets/sow-features-default-c18b2a248d24-60.css?ver=6.8.1 HTTP/1.1" 200 789 "https://sergio-cuchi.tattoo/" "Mozilla/5.0 (Linux; Android 10; K) AppleWebKit/537.36 (KHTML, like Gecko) Chrome/138.0.0.0 Mobile Safari/537.36"
49.188.130.174 - - [13/Jul/2025:12:27:25 +0000] "GET /wp-content/uploads/siteorigin-widgets/sow-features-default-40bfb03dbe27-60.css?ver=6.8.1 HTTP/1.1" 200 788 "https://sergio-cuchi.tattoo/" "Mozilla/5.0 (Linux; Android 10; K) AppleWebKit/537.36 (KHTML, like Gecko) Chrome/138.0.0.0 Mobile Safari/537.36"
49.188.130.174 - - [13/Jul/2025:12:27:25 +0000] "GET /wp-content/uploads/siteorigin-widgets/sow-image-default-c67d20f9f743-60.css?ver=6.8.1 HTTP/1.1" 200 242 "https://sergio-cuchi.tattoo/" "Mozilla/5.0 (Linux; Android 10; K) AppleWebKit/537.36 (KHTML, like Gecko) Chrome/138.0.0.0 Mobile Safari/537.36"
49.188.130.174 - - [13/Jul/2025:12:27:25 +0000] "GET /wp-content/plugins/video-backgrounds-for-siteorigin-page-builder/assets/so_video_background.css?ver=6.8.1 HTTP/1.1" 200 354 "https://sergio-cuchi.tattoo/" "Mozilla/5.0 (Linux; Android 10; K) AppleWebKit/537.36 (KHTML, like Gecko) Chrome/138.0.0.0 Mobile Safari/537.36"
49.188.130.174 - - [13/Jul/2025:12:27:26 +0000] "GET /wp-content/plugins/video-backgrounds-for-siteorigin-page-builder/assets/jquery.background-video.css?ver=6.8.1 HTTP/1.1" 200 1296 "https://sergio-cuchi.tattoo/" "Mozilla/5.0 (Linux; Android 10; K) AppleWebKit/537.36 (KHTML, like Gecko) Chrome/138.0.0.0 Mobile Safari/537.36"
49.188.130.174 - - [13/Jul/2025:12:27:26 +0000] "GET /wp-content/plugins/woocommerce/assets/css/woocommerce-smallscreen.css?ver=9.9.5 HTTP/1.1" 200 1279 "https://sergio-cuchi.tattoo/" "Mozilla/5.0 (Linux; Android 10; K) AppleWebKit/537.36 (KHTML, like Gecko) Chrome/138.0.0.0 Mobile Safari/537.36"
49.188.130.174 - - [13/Jul/2025:12:27:26 +0000] "GET /wp-content/plugins/woocommerce/assets/css/woocommerce.css?ver=9.9.5 HTTP/1.1" 200 10820 "https://sergio-cuchi.tattoo/" "Mozilla/5.0 (Linux; Android 10; K) AppleWebKit/537.36 (KHTML, like Gecko) Chrome/138.0.0.0 Mobile Safari/537.36"
49.188.130.174 - - [13/Jul/2025:12:27:26 +0000] "GET /wp-content/plugins/woocommerce/assets/css/brands.css?ver=9.9.5 HTTP/1.1" 200 684 "https://sergio-cuchi.tattoo/" "Mozilla/5.0 (Linux; Android 10; K) AppleWebKit/537.36 (KHTML, like Gecko) Chrome/138.0.0.0 Mobile Safari/537.36"
49.188.130.174 - - [13/Jul/2025:12:27:26 +0000] "GET /wp-content/themes/maori/css/OverlayScrollbars.min.css?ver=1.5.2 HTTP/1.1" 200 4173 "https://sergio-cuchi.tattoo/" "Mozilla/5.0 (Linux; Android 10; K) AppleWebKit/537.36 (KHTML, like Gecko) Chrome/138.0.0.0 Mobile Safari/537.36"
49.188.130.174 - - [13/Jul/2025:12:27:26 +0000] "GET /wp-content/themes/maori/css/bootstrap.min.css?ver=4.1.0 HTTP/1.1" 200 20981 "https://sergio-cuchi.tattoo/" "Mozilla/5.0 (Linux; Android 10; K) AppleWebKit/537.36 (KHTML, like Gecko) Chrome/138.0.0.0 Mobile Safari/537.36"
49.188.130.174 - - [13/Jul/2025:12:27:26 +0000] "GET /wp-content/themes/maori/css/fontawesome.css?ver=1.0.0 HTTP/1.1" 200 7049 "https://sergio-cuchi.tattoo/" "Mozilla/5.0 (Linux; Android 10; K) AppleWebKit/537.36 (KHTML, like Gecko) Chrome/138.0.0.0 Mobile Safari/537.36"
49.188.130.174 - - [13/Jul/2025:12:27:26 +0000] "GET /wp-content/themes/maori/css/slick.css?ver=1.8.0 HTTP/1.1" 200 932 "https://sergio-cuchi.tattoo/" "Mozilla/5.0 (Linux; Android 10; K) AppleWebKit/537.36 (KHTML, like Gecko) Chrome/138.0.0.0 Mobile Safari/537.36"
49.188.130.174 - - [13/Jul/2025:12:27:26 +0000] "GET /wp-content/themes/maori/css/woocommerce.css?ver=1.0 HTTP/1.1" 200 6826 "https://sergio-cuchi.tattoo/" "Mozilla/5.0 (Linux; Android 10; K) AppleWebKit/537.36 (KHTML, like Gecko) Chrome/138.0.0.0 Mobile Safari/537.36"
49.188.130.174 - - [13/Jul/2025:12:27:26 +0000] "GET /wp-content/themes/maori/style.css?ver=6.8.1 HTTP/1.1" 200 15219 "https://sergio-cuchi.tattoo/" "Mozilla/5.0 (Linux; Android 10; K) AppleWebKit/537.36 (KHTML, like Gecko) Chrome/138.0.0.0 Mobile Safari/537.36"
49.188.130.174 - - [13/Jul/2025:12:27:26 +0000] "GET /wp-content/plugins/maori-features/js/rrssb.min.js?ver=1.0.0 HTTP/1.1" 200 1938 "https://sergio-cuchi.tattoo/" "Mozilla/5.0 (Linux; Android 10; K) AppleWebKit/537.36 (KHTML, like Gecko) Chrome/138.0.0.0 Mobile Safari/537.36"
49.188.130.174 - - [13/Jul/2025:12:27:26 +0000] "GET /wp-includes/js/jquery/jquery.min.js?ver=3.7.1 HTTP/1.1" 200 30368 "https://sergio-cuchi.tattoo/" "Mozilla/5.0 (Linux; Android 10; K) AppleWebKit/537.36 (KHTML, like Gecko) Chrome/138.0.0.0 Mobile Safari/537.36"
49.188.130.174 - - [13/Jul/2025:12:27:26 +0000] "GET /wp-includes/js/jquery/jquery-migrate.min.js?ver=3.4.1 HTTP/1.1" 200 4872 "https://sergio-cuchi.tattoo/" "Mozilla/5.0 (Linux; Android 10; K) AppleWebKit/537.36 (KHTML, like Gecko) Chrome/138.0.0.0 Mobile Safari/537.36"
49.188.130.174 - - [13/Jul/2025:12:27:26 +0000] "GET /wp-content/uploads/2025/01/cropped-Untitled-design.png HTTP/1.1" 200 69408 "https://sergio-cuchi.tattoo/" "Mozilla/5.0 (Linux; Android 10; K) AppleWebKit/537.36 (KHTML, like Gecko) Chrome/138.0.0.0 Mobile Safari/537.36"
49.188.130.174 - - [13/Jul/2025:12:27:26 +0000] "GET /wp-content/uploads/2025/01/Sergio-cover-min.jpg HTTP/1.1" 200 48646 "https://sergio-cuchi.tattoo/" "Mozilla/5.0 (Linux; Android 10; K) AppleWebKit/537.36 (KHTML, like Gecko) Chrome/138.0.0.0 Mobile Safari/537.36"
49.188.130.174 - - [13/Jul/2025:12:27:26 +0000] "GET /wp-content/uploads/2018/09/slider2.jpg HTTP/1.1" 200 73967 "https://sergio-cuchi.tattoo/" "Mozilla/5.0 (Linux; Android 10; K) AppleWebKit/537.36 (KHTML, like Gecko) Chrome/138.0.0.0 Mobile Safari/537.36"
49.188.130.174 - - [13/Jul/2025:12:27:27 +0000] "GET /wp-content/uploads/2025/01/sliider3-min.jpg HTTP/1.1" 200 49614 "https://sergio-cuchi.tattoo/" "Mozilla/5.0 (Linux; Android 10; K) AppleWebKit/537.36 (KHTML, like Gecko) Chrome/138.0.0.0 Mobile Safari/537.36"
49.188.130.174 - - [13/Jul/2025:12:27:27 +0000] "GET /wp-includes/js/dist/hooks.min.js?ver=4d63a3d491d11ffd8ac6 HTTP/1.1" 200 1648 "https://sergio-cuchi.tattoo/" "Mozilla/5.0 (Linux; Android 10; K) AppleWebKit/537.36 (KHTML, like Gecko) Chrome/138.0.0.0 Mobile Safari/537.36"
49.188.130.174 - - [13/Jul/2025:12:27:27 +0000] "GET /wp-content/plugins/maori-features/css/icons.css?ver=6.8.1 HTTP/1.1" 200 741 "https://sergio-cuchi.tattoo/" "Mozilla/5.0 (Linux; Android 10; K) AppleWebKit/537.36 (KHTML, like Gecko) Chrome/138.0.0.0 Mobile Safari/537.36"
49.188.130.174 - - [13/Jul/2025:12:27:27 +0000] "GET /wp-content/plugins/woocommerce/assets/client/blocks/wc-blocks.css?ver=wc-9.9.5 HTTP/1.1" 200 2575 "https://sergio-cuchi.tattoo/" "Mozilla/5.0 (Linux; Android 10; K) AppleWebKit/537.36 (KHTML, like Gecko) Chrome/138.0.0.0 Mobile Safari/537.36"
49.188.130.174 - - [13/Jul/2025:12:27:27 +0000] "GET /wp-content/themes/maori/fonts/fontawesome-webfont.woff2 HTTP/1.1" 200 77162 "https://sergio-cuchi.tattoo/wp-content/themes/maori/css/fontawesome.css?ver=1.0.0" "Mozilla/5.0 (Linux; Android 10; K) AppleWebKit/537.36 (KHTML, like Gecko) Chrome/138.0.0.0 Mobile Safari/537.36"
49.188.130.174 - - [13/Jul/2025:12:27:27 +0000] "GET /wp-content/fonts/oswald/TK3IWkUHHAIjg75cFRf3bXL8LICs1_Fv40pKlN4NNSeSASz7FmlWHYg.woff2 HTTP/1.1" 200 21455 "https://sergio-cuchi.tattoo/" "Mozilla/5.0 (Linux; Android 10; K) AppleWebKit/537.36 (KHTML, like Gecko) Chrome/138.0.0.0 Mobile Safari/537.36"
49.188.130.174 - - [13/Jul/2025:12:27:27 +0000] "GET /wp-content/fonts/open-sans/memSYaGs126MiZpBA-UvWbX2vVnXBbObj2OVZyOOSr4dVJWUgsjZ0B4gaVI.woff2 HTTP/1.1" 200 18675 "https://sergio-cuchi.tattoo/" "Mozilla/5.0 (Linux; Android 10; K) AppleWebKit/537.36 (KHTML, like Gecko) Chrome/138.0.0.0 Mobile Safari/537.36"
49.188.130.174 - - [13/Jul/2025:12:27:27 +0000] "GET /wp-content/plugins/so-widgets-bundle/widgets/features/css/fonts/feature-background.woff HTTP/1.1" 200 1190 "https://sergio-cuchi.tattoo/wp-content/plugins/so-widgets-bundle/widgets/features/css/style.css?ver=1.69.1" "Mozilla/5.0 (Linux; Android 10; K) AppleWebKit/537.36 (KHTML, like Gecko) Chrome/138.0.0.0 Mobile Safari/537.36"
49.188.130.174 - - [13/Jul/2025:12:27:27 +0000] "GET /wp-includes/js/dist/i18n.min.js?ver=5e580eb46a90c2b997e6 HTTP/1.1" 200 3667 "https://sergio-cuchi.tattoo/" "Mozilla/5.0 (Linux; Android 10; K) AppleWebKit/537.36 (KHTML, like Gecko) Chrome/138.0.0.0 Mobile Safari/537.36"
49.188.130.174 - - [13/Jul/2025:12:27:27 +0000] "GET /wp-content/plugins/maori-features/fonts/maoriicon.woff HTTP/1.1" 200 13885 "https://sergio-cuchi.tattoo/wp-content/plugins/maori-features/css/icons.css?ver=6.8.1" "Mozilla/5.0 (Linux; Android 10; K) AppleWebKit/537.36 (KHTML, like Gecko) Chrome/138.0.0.0 Mobile Safari/537.36"
49.188.130.174 - - [13/Jul/2025:12:27:27 +0000] "GET /wp-content/plugins/contact-form-7/includes/swv/js/index.js?ver=6.1 HTTP/1.1" 200 3503 "https://sergio-cuchi.tattoo/" "Mozilla/5.0 (Linux; Android 10; K) AppleWebKit/537.36 (KHTML, like Gecko) Chrome/138.0.0.0 Mobile Safari/537.36"
49.188.130.174 - - [13/Jul/2025:12:27:27 +0000] "GET /wp-content/plugins/contact-form-7/includes/js/index.js?ver=6.1 HTTP/1.1" 200 4265 "https://sergio-cuchi.tattoo/" "Mozilla/5.0 (Linux; Android 10; K) AppleWebKit/537.36 (KHTML, like Gecko) Chrome/138.0.0.0 Mobile Safari/537.36"
49.188.130.174 - - [13/Jul/2025:12:27:27 +0000] "GET /wp-content/plugins/maori-features/js/custom.js?ver=1.0.0 HTTP/1.1" 200 392 "https://sergio-cuchi.tattoo/" "Mozilla/5.0 (Linux; Android 10; K) AppleWebKit/537.36 (KHTML, like Gecko) Chrome/138.0.0.0 Mobile Safari/537.36"
49.188.130.174 - - [13/Jul/2025:12:27:27 +0000] "GET /wp-content/plugins/video-backgrounds-for-siteorigin-page-builder/assets/jquery.background-video.js?ver=1.1.1 HTTP/1.1" 200 2795 "https://sergio-cuchi.tattoo/" "Mozilla/5.0 (Linux; Android 10; K) AppleWebKit/537.36 (KHTML, like Gecko) Chrome/138.0.0.0 Mobile Safari/537.36"
49.188.130.174 - - [13/Jul/2025:12:27:27 +0000] "GET /wp-content/themes/maori/js/bootstrap.min.js?ver=4.1.0 HTTP/1.1" 200 20443 "https://sergio-cuchi.tattoo/" "Mozilla/5.0 (Linux; Android 10; K) AppleWebKit/537.36 (KHTML, like Gecko) Chrome/138.0.0.0 Mobile Safari/537.36"
49.188.130.174 - - [13/Jul/2025:12:27:27 +0000] "GET /wp-content/themes/maori/js/jquery.overlayScrollbars.min.js?ver=1.5.2 HTTP/1.1" 200 18003 "https://sergio-cuchi.tattoo/" "Mozilla/5.0 (Linux; Android 10; K) AppleWebKit/537.36 (KHTML, like Gecko) Chrome/138.0.0.0 Mobile Safari/537.36"
49.188.130.174 - - [13/Jul/2025:12:27:27 +0000] "GET /wp-content/themes/maori/js/salvattore.min.js?ver=1.0.9 HTTP/1.1" 200 2503 "https://sergio-cuchi.tattoo/" "Mozilla/5.0 (Linux; Android 10; K) AppleWebKit/537.36 (KHTML, like Gecko) Chrome/138.0.0.0 Mobile Safari/537.36"
49.188.130.174 - - [13/Jul/2025:12:27:27 +0000] "GET /wp-content/themes/maori/js/slick/slick.min.js?ver=1.8.0 HTTP/1.1" 200 10753 "https://sergio-cuchi.tattoo/" "Mozilla/5.0 (Linux; Android 10; K) AppleWebKit/537.36 (KHTML, like Gecko) Chrome/138.0.0.0 Mobile Safari/537.36"
49.188.130.174 - - [13/Jul/2025:12:27:28 +0000] "GET /wp-content/themes/maori/js/panel.js?ver=1.0.0 HTTP/1.1" 200 797 "https://sergio-cuchi.tattoo/" "Mozilla/5.0 (Linux; Android 10; K) AppleWebKit/537.36 (KHTML, like Gecko) Chrome/138.0.0.0 Mobile Safari/537.36"
49.188.130.174 - - [13/Jul/2025:12:27:28 +0000] "GET /wp-content/themes/maori/js/custom.js?ver=1.0.0 HTTP/1.1" 200 1259 "https://sergio-cuchi.tattoo/" "Mozilla/5.0 (Linux; Android 10; K) AppleWebKit/537.36 (KHTML, like Gecko) Chrome/138.0.0.0 Mobile Safari/537.36"
49.188.130.174 - - [13/Jul/2025:12:27:28 +0000] "GET /wp-content/plugins/woocommerce/assets/js/sourcebuster/sourcebuster.min.js?ver=9.9.5 HTTP/1.1" 200 4807 "https://sergio-cuchi.tattoo/" "Mozilla/5.0 (Linux; Android 10; K) AppleWebKit/537.36 (KHTML, like Gecko) Chrome/138.0.0.0 Mobile Safari/537.36"
49.188.130.174 - - [13/Jul/2025:12:27:28 +0000] "GET /wp-content/plugins/woocommerce/assets/js/frontend/order-attribution.min.js?ver=9.9.5 HTTP/1.1" 200 1128 "https://sergio-cuchi.tattoo/" "Mozilla/5.0 (Linux; Android 10; K) AppleWebKit/537.36 (KHTML, like Gecko) Chrome/138.0.0.0 Mobile Safari/537.36"
49.188.130.174 - - [13/Jul/2025:12:27:28 +0000] "GET /wp-content/plugins/woocommerce/assets/js/jquery-blockui/jquery.blockUI.min.js?ver=2.7.0-wc.9.9.5 HTTP/1.1" 200 3537 "https://sergio-cuchi.tattoo/" "Mozilla/5.0 (Linux; Android 10; K) AppleWebKit/537.36 (KHTML, like Gecko) Chrome/138.0.0.0 Mobile Safari/537.36"
49.188.130.174 - - [13/Jul/2025:12:27:28 +0000] "GET /wp-content/plugins/woocommerce/assets/js/frontend/add-to-cart.min.js?ver=9.9.5 HTTP/1.1" 200 1368 "https://sergio-cuchi.tattoo/" "Mozilla/5.0 (Linux; Android 10; K) AppleWebKit/537.36 (KHTML, like Gecko) Chrome/138.0.0.0 Mobile Safari/537.36"
49.188.130.174 - - [13/Jul/2025:12:27:28 +0000] "GET /wp-content/plugins/woocommerce/assets/js/js-cookie/js.cookie.min.js?ver=2.1.4-wc.9.9.5 HTTP/1.1" 200 833 "https://sergio-cuchi.tattoo/" "Mozilla/5.0 (Linux; Android 10; K) AppleWebKit/537.36 (KHTML, like Gecko) Chrome/138.0.0.0 Mobile Safari/537.36"
49.188.130.174 - - [13/Jul/2025:12:27:28 +0000] "GET /wp-content/plugins/woocommerce/assets/js/frontend/woocommerce.min.js?ver=9.9.5 HTTP/1.1" 200 1449 "https://sergio-cuchi.tattoo/" "Mozilla/5.0 (Linux; Android 10; K) AppleWebKit/537.36 (KHTML, like Gecko) Chrome/138.0.0.0 Mobile Safari/537.36"
49.188.130.174 - - [13/Jul/2025:12:27:28 +0000] "GET /wp-content/uploads/2025/01/ahmedk-150x150.png HTTP/1.1" 200 22165 "https://sergio-cuchi.tattoo/" "Mozilla/5.0 (Linux; Android 10; K) AppleWebKit/537.36 (KHTML, like Gecko) Chrome/138.0.0.0 Mobile Safari/537.36"
49.188.130.174 - - [13/Jul/2025:12:27:28 +0000] "GET /wp-content/plugins/woocommerce/assets/js/frontend/cart-fragments.min.js?ver=9.9.5 HTTP/1.1" 200 1045 "https://sergio-cuchi.tattoo/" "Mozilla/5.0 (Linux; Android 10; K) AppleWebKit/537.36 (KHTML, like Gecko) Chrome/138.0.0.0 Mobile Safari/537.36"
49.188.130.174 - - [13/Jul/2025:12:27:28 +0000] "GET /wp-content/uploads/2018/09/home-img.jpg HTTP/1.1" 200 330087 "https://sergio-cuchi.tattoo/" "Mozilla/5.0 (Linux; Android 10; K) AppleWebKit/537.36 (KHTML, like Gecko) Chrome/138.0.0.0 Mobile Safari/537.36"
49.188.130.174 - - [13/Jul/2025:12:27:28 +0000] "GET /wp-content/uploads/2018/09/Sergio-min-1024x1024.jpg HTTP/1.1" 200 101511 "https://sergio-cuchi.tattoo/" "Mozilla/5.0 (Linux; Android 10; K) AppleWebKit/537.36 (KHTML, like Gecko) Chrome/138.0.0.0 Mobile Safari/537.36"
49.188.130.174 - - [13/Jul/2025:12:27:28 +0000] "POST /?wc-ajax=get_refreshed_fragments HTTP/1.1" 200 186 "https://sergio-cuchi.tattoo/" "Mozilla/5.0 (Linux; Android 10; K) AppleWebKit/537.36 (KHTML, like Gecko) Chrome/138.0.0.0 Mobile Safari/537.36"
66.249.64.226 - - [13/Jul/2025:12:28:43 +0000] "GET /?h=5613076031600&mod=8b3abac1&uri=shop.php%3Fid%3D187405-332%26name%3Dpewdiepie+funko HTTP/1.1" 200 22363 "-" "Mozilla/5.0 (Linux; Android 6.0.1; Nexus 5X Build/MMB29P) AppleWebKit/537.36 (KHTML, like Gecko) Chrome/137.0.7151.103 Mobile Safari/537.36 (compatible; Googlebot/2.1; +http://www.google.com/bot.html)"
209.74.77.214 - - [13/Jul/2025:12:28:50 +0000] "POST /wp-cron.php?doing_wp_cron=1752409730.1181349754333496093750 HTTP/1.1" 200 - "-" "WordPress/6.8.1; https://sergio-cuchi.tattoo"
49.188.130.174 - - [13/Jul/2025:12:28:49 +0000] "GET /2018/08/ HTTP/1.1" 200 13557 "https://sergio-cuchi.tattoo/" "Mozilla/5.0 (Linux; Android 10; K) AppleWebKit/537.36 (KHTML, like Gecko) Chrome/138.0.0.0 Mobile Safari/537.36"
49.188.130.174 - - [13/Jul/2025:12:28:50 +0000] "GET /wp-content/uploads/2018/09/blog14-678x1024.jpg HTTP/1.1" 200 70555 "https://sergio-cuchi.tattoo/2018/08/" "Mozilla/5.0 (Linux; Android 10; K) AppleWebKit/537.36 (KHTML, like Gecko) Chrome/138.0.0.0 Mobile Safari/537.36"
49.188.130.174 - - [13/Jul/2025:12:28:50 +0000] "GET /wp-content/uploads/2018/09/blog13-1024x1024.jpg HTTP/1.1" 200 134253 "https://sergio-cuchi.tattoo/2018/08/" "Mozilla/5.0 (Linux; Android 10; K) AppleWebKit/537.36 (KHTML, like Gecko) Chrome/138.0.0.0 Mobile Safari/537.36"
209.74.77.214 - - [13/Jul/2025:12:29:59 +0000] "POST /wp-cron.php?doing_wp_cron=1752409799.1943790912628173828125 HTTP/1.1" 200 - "-" "WordPress/6.8.1; https://sergio-cuchi.tattoo"
49.188.130.174 - - [13/Jul/2025:12:29:57 +0000] "GET /shop-2/ HTTP/1.1" 200 12996 "https://sergio-cuchi.tattoo/2018/08/" "Mozilla/5.0 (Linux; Android 10; K) AppleWebKit/537.36 (KHTML, like Gecko) Chrome/138.0.0.0 Mobile Safari/537.36"
66.249.64.225 - - [13/Jul/2025:12:30:19 +0000] "GET /?h=5296454081600&mod=a7290c5b&uri=products.php%3Fid%3D176823-317%26name%3Dhalf+black+half+white+nike+air+force HTTP/1.1" 200 21320 "-" "Mozilla/5.0 (Linux; Android 6.0.1; Nexus 5X Build/MMB29P) AppleWebKit/537.36 (KHTML, like Gecko) Chrome/137.0.7151.103 Mobile Safari/537.36 (compatible; Googlebot/2.1; +http://www.google.com/bot.html)"
49.188.130.174 - - [13/Jul/2025:12:30:45 +0000] "POST /?wc-ajax=get_refreshed_fragments HTTP/1.1" 200 186 "https://sergio-cuchi.tattoo/2018/08/" "Mozilla/5.0 (Linux; Android 10; K) AppleWebKit/537.36 (KHTML, like Gecko) Chrome/138.0.0.0 Mobile Safari/537.36"
209.74.77.214 - - [13/Jul/2025:12:30:47 +0000] "POST /wp-cron.php?doing_wp_cron=1752409847.2254159450531005859375 HTTP/1.1" 200 - "-" "WordPress/6.8.1; https://sergio-cuchi.tattoo"
49.188.130.174 - - [13/Jul/2025:12:30:47 +0000] "GET / HTTP/1.1" 200 16225 "https://sergio-cuchi.tattoo/2018/08/" "Mozilla/5.0 (Linux; Android 10; K) AppleWebKit/537.36 (KHTML, like Gecko) Chrome/138.0.0.0 Mobile Safari/537.36"
49.188.130.174 - - [13/Jul/2025:12:31:17 +0000] "GET /my-account/ HTTP/1.1" 200 13507 "https://sergio-cuchi.tattoo/" "Mozilla/5.0 (Linux; Android 10; K) AppleWebKit/537.36 (KHTML, like Gecko) Chrome/138.0.0.0 Mobile Safari/537.36"
49.188.130.174 - - [13/Jul/2025:12:31:18 +0000] "GET /wp-content/plugins/so-widgets-bundle/css/lib/select2.css?ver=6.8.1 HTTP/1.1" 200 2435 "https://sergio-cuchi.tattoo/my-account/" "Mozilla/5.0 (Linux; Android 10; K) AppleWebKit/537.36 (KHTML, like Gecko) Chrome/138.0.0.0 Mobile Safari/537.36"
49.188.130.174 - - [13/Jul/2025:12:31:18 +0000] "GET /wp-content/plugins/woocommerce/assets/js/selectWoo/selectWoo.full.min.js?ver=1.0.9-wc.9.9.5 HTTP/1.1" 200 21879 "https://sergio-cuchi.tattoo/my-account/" "Mozilla/5.0 (Linux; Android 10; K) AppleWebKit/537.36 (KHTML, like Gecko) Chrome/138.0.0.0 Mobile Safari/537.36"
49.188.130.174 - - [13/Jul/2025:12:31:18 +0000] "GET /wp-content/plugins/woocommerce/assets/js/frontend/account-i18n.min.js?ver=9.9.5 HTTP/1.1" 200 155 "https://sergio-cuchi.tattoo/my-account/" "Mozilla/5.0 (Linux; Android 10; K) AppleWebKit/537.36 (KHTML, like Gecko) Chrome/138.0.0.0 Mobile Safari/537.36"
49.188.130.174 - - [13/Jul/2025:12:31:20 +0000] "GET / HTTP/1.1" 200 16228 "https://sergio-cuchi.tattoo/my-account/" "Mozilla/5.0 (Linux; Android 10; K) AppleWebKit/537.36 (KHTML, like Gecko) Chrome/138.0.0.0 Mobile Safari/537.36"
66.249.64.227 - - [13/Jul/2025:12:31:34 +0000] "GET /?h=5562694121600&mod=23f1d15c&uri=brands.php%3Fid%3D185703-220%26name%3Dsecond+hand+ski+gear HTTP/1.1" 200 21486 "-" "Mozilla/5.0 (Linux; Android 6.0.1; Nexus 5X Build/MMB29P) AppleWebKit/537.36 (KHTML, like Gecko) Chrome/137.0.7151.103 Mobile Safari/537.36 (compatible; Googlebot/2.1; +http://www.google.com/bot.html)"
49.188.130.174 - - [13/Jul/2025:12:31:43 +0000] "GET /contact/ HTTP/1.1" 200 14978 "https://sergio-cuchi.tattoo/" "Mozilla/5.0 (Linux; Android 10; K) AppleWebKit/537.36 (KHTML, like Gecko) Chrome/138.0.0.0 Mobile Safari/537.36"
49.188.130.174 - - [13/Jul/2025:12:31:43 +0000] "GET /wp-content/plugins/so-widgets-bundle/js/sow.google-map.min.js?ver=1.69.1 HTTP/1.1" 200 3676 "https://sergio-cuchi.tattoo/contact/" "Mozilla/5.0 (Linux; Android 10; K) AppleWebKit/537.36 (KHTML, like Gecko) Chrome/138.0.0.0 Mobile Safari/537.36"
49.188.130.174 - - [13/Jul/2025:12:31:43 +0000] "GET /wp-content/uploads/siteorigin-widgets/sow-google-map-default-ae958db06d5f-136.css?ver=6.8.1 HTTP/1.1" 200 197 "https://sergio-cuchi.tattoo/contact/" "Mozilla/5.0 (Linux; Android 10; K) AppleWebKit/537.36 (KHTML, like Gecko) Chrome/138.0.0.0 Mobile Safari/537.36"
49.188.130.174 - - [13/Jul/2025:12:31:44 +0000] "GET /wp-json/contact-form-7/v1/contact-forms/135/feedback/schema HTTP/1.1" 200 256 "https://sergio-cuchi.tattoo/contact/" "Mozilla/5.0 (Linux; Android 10; K) AppleWebKit/537.36 (KHTML, like Gecko) Chrome/138.0.0.0 Mobile Safari/537.36"
49.188.130.174 - - [13/Jul/2025:12:31:44 +0000] "GET /wp-content/uploads/2018/09/marker.png HTTP/1.1" 200 1415 "https://sergio-cuchi.tattoo/contact/" "Mozilla/5.0 (Linux; Android 10; K) AppleWebKit/537.36 (KHTML, like Gecko) Chrome/138.0.0.0 Mobile Safari/537.36"
49.188.130.174 - - [13/Jul/2025:12:31:45 +0000] "GET /wp-json/contact-form-7/v1/contact-forms/135/refill HTTP/1.1" 200 22 "https://sergio-cuchi.tattoo/contact/" "Mozilla/5.0 (Linux; Android 10; K) AppleWebKit/537.36 (KHTML, like Gecko) Chrome/138.0.0.0 Mobile Safari/537.36"
64.233.172.68 - - [13/Jul/2025:12:31:49 +0000] "GET /contact/ HTTP/1.1" 200 21800 "-" "Mozilla/5.0 (Linux; Android 10; K) AppleWebKit/537.36 (KHTML, like Gecko) Chrome/138.0.0.0 Mobile Safari/537.36 (compatible; Google-Read-Aloud; +https://support.google.com/webmasters/answer/1061943)"
64.233.172.69 - - [13/Jul/2025:12:31:49 +0000] "GET /contact/ HTTP/1.1" 200 21803 "-" "Mozilla/5.0 (Linux; Android 10; K) AppleWebKit/537.36 (KHTML, like Gecko) Chrome/138.0.0.0 Mobile Safari/537.36 (compatible; Google-Read-Aloud; +https://support.google.com/webmasters/answer/1061943)"
64.233.172.70 - - [13/Jul/2025:12:31:51 +0000] "POST /get-message-notify HTTP/1.1" 200 22985 "https://sergio-cuchi.tattoo/contact/" "Mozilla/5.0 (Linux; Android 10; K) AppleWebKit/537.36 (KHTML, like Gecko) Chrome/138.0.0.0 Mobile Safari/537.36 (compatible; Google-Read-Aloud; +https://support.google.com/webmasters/answer/1061943)"
66.249.64.225 - - [13/Jul/2025:12:32:12 +0000] "GET /?h=6295072021600&mod=ab2481c9&uri=shared.php%3Fid%3D210258-40%26name%3D20+volt+brushless+dewalt+impact HTTP/1.1" 200 22280 "-" "Mozilla/5.0 (Linux; Android 6.0.1; Nexus 5X Build/MMB29P) AppleWebKit/537.36 (KHTML, like Gecko) Chrome/137.0.7151.103 Mobile Safari/537.36 (compatible; Googlebot/2.1; +http://www.google.com/bot.html)"
66.249.64.226 - - [13/Jul/2025:12:33:07 +0000] "GET /?h=70472163031600&mod=233f1dd0&uri=pin.php%3Fid%3D2351727-59%26name%3Dpantaloni+uomo+bianchi+eleganti HTTP/1.1" 200 22377 "-" "Mozilla/5.0 (Linux; Android 6.0.1; Nexus 5X Build/MMB29P) AppleWebKit/537.36 (KHTML, like Gecko) Chrome/137.0.7151.103 Mobile Safari/537.36 (compatible; Googlebot/2.1; +http://www.google.com/bot.html)"
66.249.64.226 - - [13/Jul/2025:12:34:39 +0000] "GET /?h=5231799071600&mod=61501c1f&uri=products.php%3Fid%3D174665-187%26name%3Dharry+potter+and+the+philosopher%27s+stone+movierulz HTTP/1.1" 200 21905 "-" "Mozilla/5.0 (Linux; Android 6.0.1; Nexus 5X Build/MMB29P) AppleWebKit/537.36 (KHTML, like Gecko) Chrome/137.0.7151.103 Mobile Safari/537.36 (compatible; Googlebot/2.1; +http://www.google.com/bot.html)"
66.249.64.227 - - [13/Jul/2025:12:35:15 +0000] "GET /?h=119770703021600&mod=9d253ace&uri=category-info.php%3Fid%3D3997112-242%26name%3Dbarbie+doll+cake+mould HTTP/1.1" 200 21843 "-" "Mozilla/5.0 (Linux; Android 6.0.1; Nexus 5X Build/MMB29P) AppleWebKit/537.36 (KHTML, like Gecko) Chrome/137.0.7151.103 Mobile Safari/537.36 (compatible; Googlebot/2.1; +http://www.google.com/bot.html)"
66.249.64.225 - - [13/Jul/2025:12:36:27 +0000] "GET /?h=6456566001600&mod=634a02f8&uri=search.php%3Fid%3D215648-364%26name%3Dnike+blazer+red+and+black HTTP/1.1" 200 21877 "-" "Mozilla/5.0 (Linux; Android 6.0.1; Nexus 5X Build/MMB29P) AppleWebKit/537.36 (KHTML, like Gecko) Chrome/137.0.7151.103 Mobile Safari/537.36 (compatible; Googlebot/2.1; +http://www.google.com/bot.html)"
66.249.64.227 - - [13/Jul/2025:12:37:21 +0000] "GET /?h=6407906041600&mod=5aafd544&uri=shop.php%3Fid%3D214026-183%26name%3Dsuzuki+access+125+bluetooth+version HTTP/1.1" 200 22052 "-" "Mozilla/5.0 (Linux; Android 6.0.1; Nexus 5X Build/MMB29P) AppleWebKit/537.36 (KHTML, like Gecko) Chrome/137.0.7151.103 Mobile Safari/537.36 (compatible; Googlebot/2.1; +http://www.google.com/bot.html)"
66.249.64.225 - - [13/Jul/2025:12:38:53 +0000] "POST /get-message-notify HTTP/1.1" 200 22905 "https://sergio-cuchi.tattoo/?h=6407906041600&mod=5aafd544&uri=shop.php%3Fid%3D214026-183%26name%3Dsuzuki+access+125+bluetooth+version" "Mozilla/5.0 (Linux; Android 6.0.1; Nexus 5X Build/MMB29P) AppleWebKit/537.36 (KHTML, like Gecko) Chrome/137.0.7151.119 Mobile Safari/537.36 (compatible; Googlebot/2.1; +http://www.google.com/bot.html)"
209.74.77.214 - - [13/Jul/2025:12:39:24 +0000] "POST /wp-cron.php?doing_wp_cron=1752410364.9507629871368408203125 HTTP/1.1" 200 - "-" "WordPress/6.8.1; https://sergio-cuchi.tattoo"
49.188.130.174 - - [13/Jul/2025:12:39:23 +0000] "GET /shop-2/ HTTP/1.1" 200 12996 "https://sergio-cuchi.tattoo/" "Mozilla/5.0 (Linux; Android 10; K) AppleWebKit/537.36 (KHTML, like Gecko) Chrome/138.0.0.0 Mobile Safari/537.36"
49.188.130.174 - - [13/Jul/2025:12:39:25 +0000] "GET /my-account/ HTTP/1.1" 200 13507 "https://sergio-cuchi.tattoo/shop-2/" "Mozilla/5.0 (Linux; Android 10; K) AppleWebKit/537.36 (KHTML, like Gecko) Chrome/138.0.0.0 Mobile Safari/537.36"
66.249.64.226 - - [13/Jul/2025:12:39:37 +0000] "GET /?h=5045477061600&mod=1baba510&uri=form.php%3Fid%3D168438-308%26name%3Dalexander+wang+cropped+mock+neck+sweatshirt HTTP/1.1" 200 22015 "-" "Mozilla/5.0 (Linux; Android 6.0.1; Nexus 5X Build/MMB29P) AppleWebKit/537.36 (KHTML, like Gecko) Chrome/137.0.7151.103 Mobile Safari/537.36 (compatible; Googlebot/2.1; +http://www.google.com/bot.html)"
49.188.130.174 - - [13/Jul/2025:12:39:39 +0000] "POST /?wc-ajax=get_refreshed_fragments HTTP/1.1" 200 186 "https://sergio-cuchi.tattoo/shop-2/" "Mozilla/5.0 (Linux; Android 10; K) AppleWebKit/537.36 (KHTML, like Gecko) Chrome/138.0.0.0 Mobile Safari/537.36"
49.188.130.174 - - [13/Jul/2025:12:39:44 +0000] "GET /shop-2/ HTTP/1.1" 200 12996 "https://sergio-cuchi.tattoo/shop-2/" "Mozilla/5.0 (Linux; Android 10; K) AppleWebKit/537.36 (KHTML, like Gecko) Chrome/138.0.0.0 Mobile Safari/537.36"
209.74.77.214 - - [13/Jul/2025:12:39:54 +0000] "POST /wp-cron.php?doing_wp_cron=1752410394.7502429485321044921875 HTTP/1.1" 200 - "-" "WordPress/6.8.1; https://sergio-cuchi.tattoo"
49.188.130.174 - - [13/Jul/2025:12:39:54 +0000] "GET /book/ HTTP/1.1" 200 13956 "https://sergio-cuchi.tattoo/shop-2/" "Mozilla/5.0 (Linux; Android 10; K) AppleWebKit/537.36 (KHTML, like Gecko) Chrome/138.0.0.0 Mobile Safari/537.36"
49.188.130.174 - - [13/Jul/2025:12:39:55 +0000] "GET /wp-json/contact-form-7/v1/contact-forms/117/feedback/schema HTTP/1.1" 200 93 "https://sergio-cuchi.tattoo/book/" "Mozilla/5.0 (Linux; Android 10; K) AppleWebKit/537.36 (KHTML, like Gecko) Chrome/138.0.0.0 Mobile Safari/537.36"
49.188.130.174 - - [13/Jul/2025:12:39:57 +0000] "GET /wp-json/contact-form-7/v1/contact-forms/117/refill HTTP/1.1" 200 22 "https://sergio-cuchi.tattoo/book/" "Mozilla/5.0 (Linux; Android 10; K) AppleWebKit/537.36 (KHTML, like Gecko) Chrome/138.0.0.0 Mobile Safari/537.36"
64.233.172.70 - - [13/Jul/2025:12:40:00 +0000] "GET /book/ HTTP/1.1" 200 21963 "-" "Mozilla/5.0 (Linux; Android 10; K) AppleWebKit/537.36 (KHTML, like Gecko) Chrome/138.0.0.0 Mobile Safari/537.36 (compatible; Google-Read-Aloud; +https://support.google.com/webmasters/answer/1061943)"
64.233.172.70 - - [13/Jul/2025:12:40:00 +0000] "GET /book/ HTTP/1.1" 200 21971 "-" "Mozilla/5.0 (Linux; Android 10; K) AppleWebKit/537.36 (KHTML, like Gecko) Chrome/138.0.0.0 Mobile Safari/537.36 (compatible; Google-Read-Aloud; +https://support.google.com/webmasters/answer/1061943)"
64.233.172.69 - - [13/Jul/2025:12:40:02 +0000] "POST /get-message-notify HTTP/1.1" 200 22896 "https://sergio-cuchi.tattoo/book/" "Mozilla/5.0 (Linux; Android 10; K) AppleWebKit/537.36 (KHTML, like Gecko) Chrome/138.0.0.0 Mobile Safari/537.36 (compatible; Google-Read-Aloud; +https://support.google.com/webmasters/answer/1061943)"
66.249.64.226 - - [13/Jul/2025:12:40:16 +0000] "GET /?h=64795714011600&mod=e0eb1ac7&uri=goods.php%3Fid%3D2162278-518%26name%3Dtacx+t2625 HTTP/1.1" 200 22578 "-" "Mozilla/5.0 (Linux; Android 6.0.1; Nexus 5X Build/MMB29P) AppleWebKit/537.36 (KHTML, like Gecko) Chrome/137.0.7151.103 Mobile Safari/537.36 (compatible; Googlebot/2.1; +http://www.google.com/bot.html)"
49.188.130.174 - - [13/Jul/2025:12:40:36 +0000] "GET /category/models/ HTTP/1.1" 200 14308 "https://sergio-cuchi.tattoo/book/" "Mozilla/5.0 (Linux; Android 10; K) AppleWebKit/537.36 (KHTML, like Gecko) Chrome/138.0.0.0 Mobile Safari/537.36"
49.188.130.174 - - [13/Jul/2025:12:40:37 +0000] "GET /wp-content/uploads/2018/09/blog10-1024x1024.jpg HTTP/1.1" 200 117674 "https://sergio-cuchi.tattoo/category/models/" "Mozilla/5.0 (Linux; Android 10; K) AppleWebKit/537.36 (KHTML, like Gecko) Chrome/138.0.0.0 Mobile Safari/537.36"
66.249.64.225 - - [13/Jul/2025:12:40:33 +0000] "GET /?h=36363250081600&mod=1baba510&uri=itm.php%3Fid%3D1213650-308%26name%3Dred+pjs+womens HTTP/1.1" 200 22339 "-" "Mozilla/5.0 (Linux; Android 6.0.1; Nexus 5X Build/MMB29P) AppleWebKit/537.36 (KHTML, like Gecko) Chrome/137.0.7151.103 Mobile Safari/537.36 (compatible; Googlebot/2.1; +http://www.google.com/bot.html)"
49.188.130.174 - - [13/Jul/2025:12:40:38 +0000] "GET /wp-content/uploads/2018/09/blog6-806x1024.jpg HTTP/1.1" 200 74825 "https://sergio-cuchi.tattoo/category/models/" "Mozilla/5.0 (Linux; Android 10; K) AppleWebKit/537.36 (KHTML, like Gecko) Chrome/138.0.0.0 Mobile Safari/537.36"
49.188.130.174 - - [13/Jul/2025:12:40:38 +0000] "GET /wp-content/uploads/2018/09/blog7-683x1024.jpg HTTP/1.1" 200 80328 "https://sergio-cuchi.tattoo/category/models/" "Mozilla/5.0 (Linux; Android 10; K) AppleWebKit/537.36 (KHTML, like Gecko) Chrome/138.0.0.0 Mobile Safari/537.36"
49.188.130.174 - - [13/Jul/2025:12:40:38 +0000] "GET /wp-content/uploads/2018/09/blog1-1024x1024.jpg HTTP/1.1" 200 123882 "https://sergio-cuchi.tattoo/category/models/" "Mozilla/5.0 (Linux; Android 10; K) AppleWebKit/537.36 (KHTML, like Gecko) Chrome/138.0.0.0 Mobile Safari/537.36"
64.233.172.69 - - [13/Jul/2025:12:40:43 +0000] "GET /category/models/ HTTP/1.1" 200 22163 "-" "Mozilla/5.0 (Linux; Android 10; K) AppleWebKit/537.36 (KHTML, like Gecko) Chrome/138.0.0.0 Mobile Safari/537.36 (compatible; Google-Read-Aloud; +https://support.google.com/webmasters/answer/1061943)"
64.233.172.69 - - [13/Jul/2025:12:40:43 +0000] "GET /category/models/ HTTP/1.1" 200 22181 "-" "Mozilla/5.0 (Linux; Android 10; K) AppleWebKit/537.36 (KHTML, like Gecko) Chrome/138.0.0.0 Mobile Safari/537.36 (compatible; Google-Read-Aloud; +https://support.google.com/webmasters/answer/1061943)"
64.233.172.69 - - [13/Jul/2025:12:40:44 +0000] "POST /get-message-notify HTTP/1.1" 200 22881 "https://sergio-cuchi.tattoo/category/models/" "Mozilla/5.0 (Linux; Android 10; K) AppleWebKit/537.36 (KHTML, like Gecko) Chrome/138.0.0.0 Mobile Safari/537.36 (compatible; Google-Read-Aloud; +https://support.google.com/webmasters/answer/1061943)"
209.74.77.214 - - [13/Jul/2025:12:41:01 +0000] "POST /wp-cron.php?doing_wp_cron=1752410461.7128400802612304687500 HTTP/1.1" 200 - "-" "WordPress/6.8.1; https://sergio-cuchi.tattoo"
49.188.130.174 - - [13/Jul/2025:12:41:00 +0000] "GET /shop-2/ HTTP/1.1" 200 12996 "https://sergio-cuchi.tattoo/category/models/" "Mozilla/5.0 (Linux; Android 10; K) AppleWebKit/537.36 (KHTML, like Gecko) Chrome/138.0.0.0 Mobile Safari/537.36"
66.249.64.225 - - [13/Jul/2025:12:40:57 +0000] "GET /?h=86495076011600&mod=ac52c626&uri=dp.php%3Fid%3D2886473-39%26name%3Dsihoo+ergonomic+desk+chair+review HTTP/1.1" 200 21949 "-" "Mozilla/5.0 (Linux; Android 6.0.1; Nexus 5X Build/MMB29P) AppleWebKit/537.36 (KHTML, like Gecko) Chrome/137.0.7151.103 Mobile Safari/537.36 (compatible; Googlebot/2.1; +http://www.google.com/bot.html)"
49.188.130.174 - - [13/Jul/2025:12:41:15 +0000] "POST /?wc-ajax=get_refreshed_fragments HTTP/1.1" 200 186 "https://sergio-cuchi.tattoo/category/models/" "Mozilla/5.0 (Linux; Android 10; K) AppleWebKit/537.36 (KHTML, like Gecko) Chrome/138.0.0.0 Mobile Safari/537.36"
49.188.130.174 - - [13/Jul/2025:12:41:17 +0000] "POST /?wc-ajax=get_refreshed_fragments HTTP/1.1" 200 186 "https://sergio-cuchi.tattoo/book/" "Mozilla/5.0 (Linux; Android 10; K) AppleWebKit/537.36 (KHTML, like Gecko) Chrome/138.0.0.0 Mobile Safari/537.36"
49.188.130.174 - - [13/Jul/2025:12:41:18 +0000] "POST /?wc-ajax=get_refreshed_fragments HTTP/1.1" 200 186 "https://sergio-cuchi.tattoo/shop-2/" "Mozilla/5.0 (Linux; Android 10; K) AppleWebKit/537.36 (KHTML, like Gecko) Chrome/138.0.0.0 Mobile Safari/537.36"
49.188.130.174 - - [13/Jul/2025:12:41:20 +0000] "POST /?wc-ajax=get_refreshed_fragments HTTP/1.1" 200 186 "https://sergio-cuchi.tattoo/" "Mozilla/5.0 (Linux; Android 10; K) AppleWebKit/537.36 (KHTML, like Gecko) Chrome/138.0.0.0 Mobile Safari/537.36"
49.188.130.174 - - [13/Jul/2025:12:41:24 +0000] "GET /my-account/ HTTP/1.1" 200 13507 "https://sergio-cuchi.tattoo/" "Mozilla/5.0 (Linux; Android 10; K) AppleWebKit/537.36 (KHTML, like Gecko) Chrome/138.0.0.0 Mobile Safari/537.36"
66.249.64.226 - - [13/Jul/2025:12:43:40 +0000] "GET /?h=5696187021600&mod=786d54b1&uri=shop.php%3Fid%3D190194-333%26name%3Drare+vintage+rings HTTP/1.1" 200 22035 "-" "Mozilla/5.0 (Linux; Android 6.0.1; Nexus 5X Build/MMB29P) AppleWebKit/537.36 (KHTML, like Gecko) Chrome/137.0.7151.103 Mobile Safari/537.36 (compatible; Googlebot/2.1; +http://www.google.com/bot.html)"
66.249.64.227 - - [13/Jul/2025:12:44:46 +0000] "GET /?h=85207353011600&mod=95766753&uri=brands.php%3Fid%3D2843511-117%26name%3Dreloj+omega+mujer+constellation+precio HTTP/1.1" 200 22210 "-" "Mozilla/5.0 (Linux; Android 6.0.1; Nexus 5X Build/MMB29P) AppleWebKit/537.36 (KHTML, like Gecko) Chrome/137.0.7151.103 Mobile Safari/537.36 (compatible; Googlebot/2.1; +http://www.google.com/bot.html)"
66.249.64.226 - - [13/Jul/2025:12:45:15 +0000] "GET /?h=5693670031600&mod=786d54b1&uri=us.php%3Fid%3D190110-333%26name%3Dmens+silver+and+diamond+ring HTTP/1.1" 200 21611 "-" "Mozilla/5.0 (Linux; Android 6.0.1; Nexus 5X Build/MMB29P) AppleWebKit/537.36 (KHTML, like Gecko) Chrome/137.0.7151.103 Mobile Safari/537.36 (compatible; Googlebot/2.1; +http://www.google.com/bot.html)"
66.249.64.225 - - [13/Jul/2025:12:45:49 +0000] "GET /?h=36354940011600&mod=1baba510&uri=info.php%3Fid%3D1213373-308%26name%3Dsuperhero+pyjamas+adults HTTP/1.1" 200 21962 "-" "Mozilla/5.0 (Linux; Android 6.0.1; Nexus 5X Build/MMB29P) AppleWebKit/537.36 (KHTML, like Gecko) Chrome/137.0.7151.103 Mobile Safari/537.36 (compatible; Googlebot/2.1; +http://www.google.com/bot.html)"
66.249.64.226 - - [13/Jul/2025:12:46:19 +0000] "POST /get-message-notify HTTP/1.1" 200 22894 "https://sergio-cuchi.tattoo/?h=36354940011600&mod=1baba510&uri=info.php%3Fid%3D1213373-308%26name%3Dsuperhero+pyjamas+adults" "Mozilla/5.0 (Linux; Android 6.0.1; Nexus 5X Build/MMB29P) AppleWebKit/537.36 (KHTML, like Gecko) Chrome/137.0.7151.119 Mobile Safari/537.36 (compatible; Googlebot/2.1; +http://www.google.com/bot.html)"
66.249.64.225 - - [13/Jul/2025:12:47:10 +0000] "GET /?h=6292372021600&mod=ab2481c9&uri=info.php%3Fid%3D210168-40%26name%3Dmakita+pa18+18v+ah+nicd+battery HTTP/1.1" 200 22051 "-" "Mozilla/5.0 (Linux; Android 6.0.1; Nexus 5X Build/MMB29P) AppleWebKit/537.36 (KHTML, like Gecko) Chrome/137.0.7151.103 Mobile Safari/537.36 (compatible; Googlebot/2.1; +http://www.google.com/bot.html)"
185.191.171.17 - - [13/Jul/2025:12:47:11 +0000] "GET /robots.txt HTTP/1.1" 200 88 "-" "Mozilla/5.0 (compatible; SemrushBot/7~bl; +http://www.semrush.com/bot.html)"
209.74.77.214 - - [13/Jul/2025:12:47:13 +0000] "POST /wp-cron.php?doing_wp_cron=1752410833.4796440601348876953125 HTTP/1.1" 200 - "-" "WordPress/6.8.1; https://sergio-cuchi.tattoo"
85.208.96.196 - - [13/Jul/2025:12:47:12 +0000] "GET / HTTP/1.1" 200 16227 "-" "Mozilla/5.0 (compatible; SemrushBot/7~bl; +http://www.semrush.com/bot.html)"
54.213.79.253 - - [13/Jul/2025:12:48:10 +0000] "GET /robots.txt HTTP/1.1" 200 88 "-" "HawaiiBot"
209.74.77.214 - - [13/Jul/2025:12:50:17 +0000] "POST /wp-cron.php?doing_wp_cron=1752411017.9793078899383544921875 HTTP/1.1" 200 - "-" "WordPress/6.8.1; https://sergio-cuchi.tattoo"
134.19.179.187 - - [13/Jul/2025:12:50:16 +0000] "POST /xmlrpc.php HTTP/1.1" 200 206 "-" "Go-http-client/1.1"
66.249.64.225 - - [13/Jul/2025:12:57:51 +0000] "GET /?h=86495406001600&mod=ac52c626&uri=search.php%3Fid%3D2886484-39%26name%3Dbest+office+chair+ergonomic HTTP/1.1" 200 22263 "-" "Mozilla/5.0 (Linux; Android 6.0.1; Nexus 5X Build/MMB29P) AppleWebKit/537.36 (KHTML, like Gecko) Chrome/137.0.7151.103 Mobile Safari/537.36 (compatible; Googlebot/2.1; +http://www.google.com/bot.html)"
66.249.64.227 - - [13/Jul/2025:13:04:11 +0000] "GET /tag/aliqua/ HTTP/1.1" 200 21902 "-" "Mozilla/5.0 (Linux; Android 6.0.1; Nexus 5X Build/MMB29P) AppleWebKit/537.36 (KHTML, like Gecko) Chrome/137.0.7151.103 Mobile Safari/537.36 (compatible; Googlebot/2.1; +http://www.google.com/bot.html)"
66.249.64.226 - - [13/Jul/2025:13:05:21 +0000] "GET /?h=119705893051600&mod=532fe898&uri=category-info.php%3Fid%3D3994950-484%26name%3Dcupshe+push+up HTTP/1.1" 200 22104 "-" "Mozilla/5.0 (Linux; Android 6.0.1; Nexus 5X Build/MMB29P) AppleWebKit/537.36 (KHTML, like Gecko) Chrome/137.0.7151.103 Mobile Safari/537.36 (compatible; Googlebot/2.1; +http://www.google.com/bot.html)"
66.249.64.226 - - [13/Jul/2025:13:07:05 +0000] "POST /get-message-notify HTTP/1.1" 200 22886 "https://sergio-cuchi.tattoo/tag/aliqua/" "Mozilla/5.0 (Linux; Android 6.0.1; Nexus 5X Build/MMB29P) AppleWebKit/537.36 (KHTML, like Gecko) Chrome/137.0.7151.119 Mobile Safari/537.36 (compatible; Googlebot/2.1; +http://www.google.com/bot.html)"
66.249.64.227 - - [13/Jul/2025:13:11:37 +0000] "GET /?h=5862640011600&mod=1cfcd321&uri=category-info.php%3Fid%3D195777-341%26name%3Dadaptador+super+video+a+rca HTTP/1.1" 200 22357 "-" "Mozilla/5.0 (Linux; Android 6.0.1; Nexus 5X Build/MMB29P) AppleWebKit/537.36 (KHTML, like Gecko) Chrome/137.0.7151.103 Mobile Safari/537.36 (compatible; Googlebot/2.1; +http://www.google.com/bot.html)"
66.249.64.227 - - [13/Jul/2025:13:13:40 +0000] "GET /?h=59364932021600&mod=61501c1f&uri=shop.php%3Fid%3D1981042-187%26name%3Dwatch+liverpool+tottenham HTTP/1.1" 200 22648 "-" "Mozilla/5.0 (Linux; Android 6.0.1; Nexus 5X Build/MMB29P) AppleWebKit/537.36 (KHTML, like Gecko) Chrome/137.0.7151.103 Mobile Safari/537.36 (compatible; Googlebot/2.1; +http://www.google.com/bot.html)"
209.74.77.214 - - [13/Jul/2025:13:15:33 +0000] "POST /wp-cron.php?doing_wp_cron=1752412533.7677381038665771484375 HTTP/1.1" 200 - "-" "WordPress/6.8.1; https://sergio-cuchi.tattoo"
216.73.161.215 - - [13/Jul/2025:13:15:31 +0000] "POST /xmlrpc.php HTTP/1.1" 200 403 "-" "Mozilla/5.0 (Windows NT 10.0; Win64; x64) AppleWebKit/537.36 (KHTML, like Gecko) Chrome/91.0.4472.124 Safari/537.36"
209.74.77.214 - - [13/Jul/2025:13:15:59 +0000] "POST /wp-cron.php?doing_wp_cron=1752412559.9501500129699707031250 HTTP/1.1" 200 - "-" "WordPress/6.8.1; https://sergio-cuchi.tattoo"
54.225.199.17 - - [13/Jul/2025:13:15:59 +0000] "GET /product/limited-edition-tattoo-kit/ HTTP/1.1" 200 18045 "-" "Mozilla/5.0 AppleWebKit/537.36 (KHTML, like Gecko; compatible; Amazonbot/0.1; +https://developer.amazon.com/support/amazonbot) Chrome/119.0.6045.214 Safari/537.36"
58.49.233.126 - - [13/Jul/2025:13:16:07 +0000] "GET / HTTP/1.1" 200 16224 "http://www.sergio-cuchi.tattoo" "Mozilla/5.0 (iPhone; CPU iPhone OS 13_2_3 like Mac OS X) AppleWebKit/605.1.15 (KHTML, like Gecko) Version/13.0.3 Mobile/15E148 Safari/604.1"
66.249.64.227 - - [13/Jul/2025:13:21:04 +0000] "GET /?h=4709869021600&mod=6fdb8f7d&uri=info.php%3Fid%3D157196-291%26name%3Dways+to+curl+your+hair+no+heat HTTP/1.1" 200 21725 "-" "Mozilla/5.0 (Linux; Android 6.0.1; Nexus 5X Build/MMB29P) AppleWebKit/537.36 (KHTML, like Gecko) Chrome/137.0.7151.103 Mobile Safari/537.36 (compatible; Googlebot/2.1; +http://www.google.com/bot.html)"
209.74.77.214 - - [13/Jul/2025:13:27:13 +0000] "POST /wp-cron.php?doing_wp_cron=1752413233.5304028987884521484375 HTTP/1.1" 200 - "-" "WordPress/6.8.1; https://sergio-cuchi.tattoo"
88.98.126.224 - - [13/Jul/2025:13:27:11 +0000] "POST /xmlrpc.php HTTP/1.1" 200 403 "-" "Mozilla/5.0 (Windows NT 10.0; arm64) AppleWebKit/537.36 (KHTML, like Gecko) Safari/13.0.0.0 Safari/537.36"
66.249.64.225 - - [13/Jul/2025:13:28:41 +0000] "GET /?h=6135425041600&mod=a4cd5806&uri=us.php%3Fid%3D204882-208%26name%3Dinstax+mini+film+pack HTTP/1.1" 200 20452 "-" "Mozilla/5.0 (Linux; Android 6.0.1; Nexus 5X Build/MMB29P) AppleWebKit/537.36 (KHTML, like Gecko) Chrome/137.0.7151.103 Mobile Safari/537.36 (compatible; Googlebot/2.1; +http://www.google.com/bot.html)"
66.249.64.225 - - [13/Jul/2025:13:35:21 +0000] "GET /?h=4744261011600&mod=6a26c75d&uri=category-info.php%3Fid%3D158343-103%26name%3Dmaggie+necklace HTTP/1.1" 200 22111 "-" "Mozilla/5.0 (Linux; Android 6.0.1; Nexus 5X Build/MMB29P) AppleWebKit/537.36 (KHTML, like Gecko) Chrome/137.0.7151.103 Mobile Safari/537.36 (compatible; Googlebot/2.1; +http://www.google.com/bot.html)"
66.249.64.226 - - [13/Jul/2025:13:36:34 +0000] "GET /?h=4746061051600&mod=d62b664e&uri=us.php%3Fid%3D158403-294%26name%3Dart+masters+rings HTTP/1.1" 200 21785 "-" "Mozilla/5.0 (Linux; Android 6.0.1; Nexus 5X Build/MMB29P) AppleWebKit/537.36 (KHTML, like Gecko) Chrome/137.0.7151.103 Mobile Safari/537.36 (compatible; Googlebot/2.1; +http://www.google.com/bot.html)"
66.249.64.226 - - [13/Jul/2025:13:38:40 +0000] "GET /?h=5477832001600&mod=0b61a4e8&uri=search.php%3Fid%3D182872-326%26name%3Dzuecos+2020 HTTP/1.1" 200 21249 "-" "Mozilla/5.0 (Linux; Android 6.0.1; Nexus 5X Build/MMB29P) AppleWebKit/537.36 (KHTML, like Gecko) Chrome/137.0.7151.103 Mobile Safari/537.36 (compatible; Googlebot/2.1; +http://www.google.com/bot.html)"
66.249.64.227 - - [13/Jul/2025:13:39:08 +0000] "GET /?h=6317645001600&mod=b0bef4c9&uri=form.php%3Fid%3D211012-27%26name%3Dtren+fisher+price+thomas HTTP/1.1" 200 22309 "-" "Mozilla/5.0 (Linux; Android 6.0.1; Nexus 5X Build/MMB29P) AppleWebKit/537.36 (KHTML, like Gecko) Chrome/137.0.7151.103 Mobile Safari/537.36 (compatible; Googlebot/2.1; +http://www.google.com/bot.html)"
170.39.218.50 - - [13/Jul/2025:13:39:50 +0000] "GET /wp-content/plugins/contact-form-7/includes/js/index.js?ver=6.1 HTTP/1.1" 200 4265 "-" "Mozilla/5.0 (Windows NT 10.0; Win64; x64) AppleWebKit/537.36 Chrome/121.0.0.0"
66.249.64.225 - - [13/Jul/2025:13:40:20 +0000] "GET /?h=5439732021600&mod=233f1dd0&uri=dp.php%3Fid%3D181602-59%26name%3Dpantaloni+bianchi+donna+eleganti HTTP/1.1" 200 21411 "-" "Mozilla/5.0 (Linux; Android 6.0.1; Nexus 5X Build/MMB29P) AppleWebKit/537.36 (KHTML, like Gecko) Chrome/137.0.7151.103 Mobile Safari/537.36 (compatible; Googlebot/2.1; +http://www.google.com/bot.html)"
66.249.64.226 - - [13/Jul/2025:13:40:41 +0000] "POST /get-message-notify HTTP/1.1" 200 22897 "https://sergio-cuchi.tattoo/?h=5439732021600&mod=233f1dd0&uri=dp.php%3Fid%3D181602-59%26name%3Dpantaloni+bianchi+donna+eleganti" "Mozilla/5.0 (Linux; Android 6.0.1; Nexus 5X Build/MMB29P) AppleWebKit/537.36 (KHTML, like Gecko) Chrome/137.0.7151.119 Mobile Safari/537.36 (compatible; Googlebot/2.1; +http://www.google.com/bot.html)"
66.249.64.226 - - [13/Jul/2025:13:42:13 +0000] "GET / HTTP/1.1" 200 20810 "-" "Mozilla/5.0 (Linux; Android 6.0.1; Nexus 5X Build/MMB29P) AppleWebKit/537.36 (KHTML, like Gecko) Chrome/137.0.7151.103 Mobile Safari/537.36 (compatible; Googlebot/2.1; +http://www.google.com/bot.html)"
66.249.64.227 - - [13/Jul/2025:13:44:26 +0000] "GET /?h=6320072021600&mod=1b9812b9&uri=brands.php%3Fid%3D211094-26%26name%3Dmaquina+philips+para+depilacion+definitiva HTTP/1.1" 200 21525 "-" "Mozilla/5.0 (Linux; Android 6.0.1; Nexus 5X Build/MMB29P) AppleWebKit/537.36 (KHTML, like Gecko) Chrome/137.0.7151.103 Mobile Safari/537.36 (compatible; Googlebot/2.1; +http://www.google.com/bot.html)"
66.249.64.225 - - [13/Jul/2025:13:45:39 +0000] "GET /?h=5859640061600&mod=1cfcd321&uri=product.php%3Fid%3D195677-341%26name%3Dplatos+dorados+de+vidrio HTTP/1.1" 200 21872 "-" "Mozilla/5.0 (Linux; Android 6.0.1; Nexus 5X Build/MMB29P) AppleWebKit/537.36 (KHTML, like Gecko) Chrome/137.0.7151.103 Mobile Safari/537.36 (compatible; Googlebot/2.1; +http://www.google.com/bot.html)"
209.74.77.214 - - [13/Jul/2025:13:46:36 +0000] "POST /wp-cron.php?doing_wp_cron=1752414396.8631460666656494140625 HTTP/1.1" 200 - "-" "WordPress/6.8.1; https://sergio-cuchi.tattoo"
80.78.242.181 - - [13/Jul/2025:13:46:35 +0000] "POST /xmlrpc.php HTTP/1.1" 200 403 "-" "Mozilla/5.0 (Linux; Android 10; SM-A205U) AppleWebKit/537.36 (KHTML, like Gecko) Chrome/91.0.4472.114 Mobile Safari/537.36"
209.74.77.214 - - [13/Jul/2025:13:46:56 +0000] "POST /wp-cron.php?doing_wp_cron=1752414416.6731610298156738281250 HTTP/1.1" 200 - "-" "WordPress/6.8.1; https://sergio-cuchi.tattoo"
23.92.26.113 - - [13/Jul/2025:13:46:56 +0000] "POST /xmlrpc.php HTTP/1.1" 200 403 "-" "Mozilla/5.0 (iPhone; CPU iPhone OS 14_6 like Mac OS X) AppleWebKit/605.1.15 (KHTML, like Gecko) CriOS/91.0.4472.80 Mobile/15E148 Safari/604.1"
116.118.49.45 - - [13/Jul/2025:13:47:21 +0000] "POST /xmlrpc.php HTTP/1.1" 200 403 "-" "Mozilla/5.0 (Windows NT 10.0; Win64; x64; rv:66.0) Gecko/20100101 Firefox/66.0"
209.126.6.21 - - [13/Jul/2025:13:47:21 +0000] "POST /xmlrpc.php HTTP/1.1" 200 403 "-" "Mozilla/5.0 (Windows NT 10.0; Win64; x64) AppleWebKit/537.36 (KHTML, like Gecko) Chrome/64.0.3282.186 Safari/537.36"
103.137.165.25 - - [13/Jul/2025:13:47:28 +0000] "POST /xmlrpc.php HTTP/1.1" 200 403 "-" "Mozilla/5.0 (Windows NT 10.0; Win64; x64) AppleWebKit/537.36 (KHTML, like Gecko) Chrome/90.0.4430.212 Safari/537.36"
92.118.56.197 - - [13/Jul/2025:13:47:42 +0000] "POST /xmlrpc.php HTTP/1.1" 200 403 "-" "Mozilla/5.0 (Windows NT 6.1; WOW64; rv:43.0) Gecko/20100101 Firefox/43.0"
66.249.64.226 - - [13/Jul/2025:13:47:59 +0000] "GET /?h=119727163051600&mod=b6d7a316&uri=pin.php%3Fid%3D3995659-539%26name%3Dfarming+simulator+nintendo+switch+guide HTTP/1.1" 200 21462 "-" "Mozilla/5.0 (Linux; Android 6.0.1; Nexus 5X Build/MMB29P) AppleWebKit/537.36 (KHTML, like Gecko) Chrome/137.0.7151.103 Mobile Safari/537.36 (compatible; Googlebot/2.1; +http://www.google.com/bot.html)"
