66.249.74.32 - - [13/Jul/2025:17:43:38 +0000] "GET /?h=113612504041600&mod=1193a98f&uri=info.php%3Fid%3D3791658-581%26name%3Dvince+camuto+backpack HTTP/1.1" 200 21108 "-" "Mozilla/5.0 (Linux; Android 6.0.1; Nexus 5X Build/MMB29P) AppleWebKit/537.36 (KHTML, like Gecko) Chrome/137.0.7151.103 Mobile Safari/537.36 (compatible; Googlebot/2.1; +http://www.google.com/bot.html)"
66.249.74.42 - - [13/Jul/2025:17:43:50 +0000] "POST /get-message-notify HTTP/1.1" 200 22898 "https://sergio-cuchi.tattoo/?h=113601434031600&mod=1775e48c&uri=search.php%3Fid%3D3791289-667%26name%3Dpuma+mamgp+drift+cat+leather" "Mozilla/5.0 (Linux; Android 6.0.1; Nexus 5X Build/MMB29P) AppleWebKit/537.36 (KHTML, like Gecko) Chrome/137.0.7151.119 Mobile Safari/537.36 (compatible; Googlebot/2.1; +http://www.google.com/bot.html)"
66.249.74.32 - - [13/Jul/2025:17:44:28 +0000] "GET /?h=5590385061600&mod=f9421558&uri=form.php%3Fid%3D186628-330%26name%3Deph+digital+cylinder+thermostat HTTP/1.1" 200 22778 "-" "Mozilla/5.0 (Linux; Android 6.0.1; Nexus 5X Build/MMB29P) AppleWebKit/537.36 (KHTML, like Gecko) Chrome/137.0.7151.103 Mobile Safari/537.36 (compatible; Googlebot/2.1; +http://www.google.com/bot.html)"
66.249.74.32 - - [13/Jul/2025:17:45:17 +0000] "GET /?h=113484171001600&mod=6018df18&uri=products.php%3Fid%3D3787376-52%26name%3Dmint+shift+dress HTTP/1.1" 200 21946 "-" "Mozilla/5.0 (Linux; Android 6.0.1; Nexus 5X Build/MMB29P) AppleWebKit/537.36 (KHTML, like Gecko) Chrome/137.0.7151.103 Mobile Safari/537.36 (compatible; Googlebot/2.1; +http://www.google.com/bot.html)"
66.249.74.32 - - [13/Jul/2025:17:46:07 +0000] "GET /?h=6359590131600&mod=f6a539e9&uri=product.php%3Fid%3D212415-362%26name%3Dsheer+leggings+for+men HTTP/1.1" 200 21564 "-" "Mozilla/5.0 (Linux; Android 6.0.1; Nexus 5X Build/MMB29P) AppleWebKit/537.36 (KHTML, like Gecko) Chrome/137.0.7151.103 Mobile Safari/537.36 (compatible; Googlebot/2.1; +http://www.google.com/bot.html)"
66.249.74.42 - - [13/Jul/2025:17:46:57 +0000] "GET /?h=113538519011600&mod=28bde6c8&uri=dp.php%3Fid%3D3789190-613%26name%3Dbrunello+cupano HTTP/1.1" 200 21440 "-" "Mozilla/5.0 (Linux; Android 6.0.1; Nexus 5X Build/MMB29P) AppleWebKit/537.36 (KHTML, like Gecko) Chrome/137.0.7151.103 Mobile Safari/537.36 (compatible; Googlebot/2.1; +http://www.google.com/bot.html)"
66.249.74.43 - - [13/Jul/2025:17:47:05 +0000] "POST /get-message-notify HTTP/1.1" 200 22895 "https://sergio-cuchi.tattoo/?h=113538519011600&mod=28bde6c8&uri=dp.php%3Fid%3D3789190-613%26name%3Dbrunello+cupano" "Mozilla/5.0 (Linux; Android 6.0.1; Nexus 5X Build/MMB29P) AppleWebKit/537.36 (KHTML, like Gecko) Chrome/137.0.7151.119 Mobile Safari/537.36 (compatible; Googlebot/2.1; +http://www.google.com/bot.html)"
66.249.74.42 - - [13/Jul/2025:17:47:47 +0000] "GET /?h=87380186081600&mod=3fcee1ea&uri=itm.php%3Fid%3D2916030-296%26name%3Djane+kaha+gaye+o+din HTTP/1.1" 200 22018 "-" "Mozilla/5.0 (Linux; Android 6.0.1; Nexus 5X Build/MMB29P) AppleWebKit/537.36 (KHTML, like Gecko) Chrome/137.0.7151.103 Mobile Safari/537.36 (compatible; Googlebot/2.1; +http://www.google.com/bot.html)"
66.249.74.32 - - [13/Jul/2025:17:48:49 +0000] "GET /?h=6447866021600&mod=23f1d15c&uri=shared.php%3Fid%3D215358-220%26name%3Dhooded+harrington+jacket HTTP/1.1" 200 21540 "-" "Mozilla/5.0 (Linux; Android 6.0.1; Nexus 5X Build/MMB29P) AppleWebKit/537.36 (KHTML, like Gecko) Chrome/137.0.7151.103 Mobile Safari/537.36 (compatible; Googlebot/2.1; +http://www.google.com/bot.html)"
66.249.74.43 - - [13/Jul/2025:17:49:20 +0000] "GET /?h=6207936021600&mod=404b686c&uri=us.php%3Fid%3D207332-219%26name%3Dinside+of+an+oil+tank HTTP/1.1" 200 22176 "-" "Mozilla/5.0 (Linux; Android 6.0.1; Nexus 5X Build/MMB29P) AppleWebKit/537.36 (KHTML, like Gecko) Chrome/137.0.7151.103 Mobile Safari/537.36 (compatible; Googlebot/2.1; +http://www.google.com/bot.html)"
66.249.74.42 - - [13/Jul/2025:17:49:32 +0000] "GET /?h=86349906061600&mod=6bca76ce&uri=goods.php%3Fid%3D2881628-335%26name%3Dassassin+creed+odyssey+nintendo+switch HTTP/1.1" 200 22410 "-" "Mozilla/5.0 (Linux; Android 6.0.1; Nexus 5X Build/MMB29P) AppleWebKit/537.36 (KHTML, like Gecko) Chrome/137.0.7151.103 Mobile Safari/537.36 (compatible; Googlebot/2.1; +http://www.google.com/bot.html)"
66.249.74.42 - - [13/Jul/2025:17:49:38 +0000] "POST /get-message-notify HTTP/1.1" 200 22885 "https://sergio-cuchi.tattoo/?h=6447866021600&mod=23f1d15c&uri=shared.php%3Fid%3D215358-220%26name%3Dhooded+harrington+jacket" "Mozilla/5.0 (Linux; Android 6.0.1; Nexus 5X Build/MMB29P) AppleWebKit/537.36 (KHTML, like Gecko) Chrome/137.0.7151.119 Mobile Safari/537.36 (compatible; Googlebot/2.1; +http://www.google.com/bot.html)"
66.249.74.42 - - [13/Jul/2025:17:49:47 +0000] "POST /get-message-notify HTTP/1.1" 200 22902 "https://sergio-cuchi.tattoo/?h=86349906061600&mod=6bca76ce&uri=goods.php%3Fid%3D2881628-335%26name%3Dassassin+creed+odyssey+nintendo+switch" "Mozilla/5.0 (Linux; Android 6.0.1; Nexus 5X Build/MMB29P) AppleWebKit/537.36 (KHTML, like Gecko) Chrome/137.0.7151.119 Mobile Safari/537.36 (compatible; Googlebot/2.1; +http://www.google.com/bot.html)"
66.249.74.43 - - [13/Jul/2025:17:50:03 +0000] "GET /?h=113611424001600&mod=57629d5a&uri=dp.php%3Fid%3D3791622-1684%26name%3Daqua+small+rucksack HTTP/1.1" 200 21185 "-" "Mozilla/5.0 (Linux; Android 6.0.1; Nexus 5X Build/MMB29P) AppleWebKit/537.36 (KHTML, like Gecko) Chrome/137.0.7151.103 Mobile Safari/537.36 (compatible; Googlebot/2.1; +http://www.google.com/bot.html)"
66.249.74.43 - - [13/Jul/2025:17:50:33 +0000] "GET /?h=6453566041600&mod=23f1d15c&uri=blog.php%3Fid%3D215548-220%26name%3Dprincess+cut+coat HTTP/1.1" 200 21596 "-" "Mozilla/5.0 (Linux; Android 6.0.1; Nexus 5X Build/MMB29P) AppleWebKit/537.36 (KHTML, like Gecko) Chrome/137.0.7151.103 Mobile Safari/537.36 (compatible; Googlebot/2.1; +http://www.google.com/bot.html)"
66.249.74.43 - - [13/Jul/2025:17:50:37 +0000] "GET /?h=5572764111600&mod=1c0222b4&uri=us.php%3Fid%3D186039-331%26name%3Dgriffey+jr+air+max HTTP/1.1" 200 20912 "-" "Mozilla/5.0 (Linux; Android 6.0.1; Nexus 5X Build/MMB29P) AppleWebKit/537.36 (KHTML, like Gecko) Chrome/137.0.7151.103 Mobile Safari/537.36 (compatible; Googlebot/2.1; +http://www.google.com/bot.html)"
66.249.74.42 - - [13/Jul/2025:17:50:41 +0000] "GET /?h=86495106021600&mod=ac52c626&uri=article.php%3Fid%3D2886474-39%26name%3Dfireplace+chairs HTTP/1.1" 200 21755 "-" "Mozilla/5.0 (Linux; Android 6.0.1; Nexus 5X Build/MMB29P) AppleWebKit/537.36 (KHTML, like Gecko) Chrome/137.0.7151.103 Mobile Safari/537.36 (compatible; Googlebot/2.1; +http://www.google.com/bot.html)"
66.249.74.42 - - [13/Jul/2025:17:50:44 +0000] "POST /get-message-notify HTTP/1.1" 200 22895 "https://sergio-cuchi.tattoo/?h=6453566041600&mod=23f1d15c&uri=blog.php%3Fid%3D215548-220%26name%3Dprincess+cut+coat" "Mozilla/5.0 (Linux; Android 6.0.1; Nexus 5X Build/MMB29P) AppleWebKit/537.36 (KHTML, like Gecko) Chrome/137.0.7151.119 Mobile Safari/537.36 (compatible; Googlebot/2.1; +http://www.google.com/bot.html)"
66.249.74.42 - - [13/Jul/2025:17:50:47 +0000] "GET /?h=6361690051600&mod=56956655&uri=brands.php%3Fid%3D212485-329%26name%3Dstrong+gym+wear HTTP/1.1" 200 21980 "-" "Mozilla/5.0 (Linux; Android 6.0.1; Nexus 5X Build/MMB29P) AppleWebKit/537.36 (KHTML, like Gecko) Chrome/137.0.7151.103 Mobile Safari/537.36 (compatible; Googlebot/2.1; +http://www.google.com/bot.html)"
66.249.74.42 - - [13/Jul/2025:17:50:57 +0000] "POST /get-message-notify HTTP/1.1" 200 22882 "https://sergio-cuchi.tattoo/?h=5572764111600&mod=1c0222b4&uri=us.php%3Fid%3D186039-331%26name%3Dgriffey+jr+air+max" "Mozilla/5.0 (Linux; Android 6.0.1; Nexus 5X Build/MMB29P) AppleWebKit/537.36 (KHTML, like Gecko) Chrome/137.0.7151.119 Mobile Safari/537.36 (compatible; Googlebot/2.1; +http://www.google.com/bot.html)"
66.249.74.43 - - [13/Jul/2025:17:51:18 +0000] "GET /?h=113535819041600&mod=28bde6c8&uri=form.php%3Fid%3D3789100-613%26name%3Daligote+grape HTTP/1.1" 200 21701 "-" "Mozilla/5.0 (Linux; Android 6.0.1; Nexus 5X Build/MMB29P) AppleWebKit/537.36 (KHTML, like Gecko) Chrome/137.0.7151.103 Mobile Safari/537.36 (compatible; Googlebot/2.1; +http://www.google.com/bot.html)"
66.249.74.43 - - [13/Jul/2025:17:51:26 +0000] "POST /get-message-notify HTTP/1.1" 200 22915 "https://sergio-cuchi.tattoo/?h=113535819041600&mod=28bde6c8&uri=form.php%3Fid%3D3789100-613%26name%3Daligote+grape" "Mozilla/5.0 (Linux; Android 6.0.1; Nexus 5X Build/MMB29P) AppleWebKit/537.36 (KHTML, like Gecko) Chrome/137.0.7151.119 Mobile Safari/537.36 (compatible; Googlebot/2.1; +http://www.google.com/bot.html)"
66.249.74.32 - - [13/Jul/2025:17:52:18 +0000] "GET /?h=113539553041600&mod=28bde6c8&uri=products.php%3Fid%3D3789225-613%26name%3Dmouton+cadet+bordeaux+2000 HTTP/1.1" 200 22425 "-" "Mozilla/5.0 (Linux; Android 6.0.1; Nexus 5X Build/MMB29P) AppleWebKit/537.36 (KHTML, like Gecko) Chrome/137.0.7151.103 Mobile Safari/537.36 (compatible; Googlebot/2.1; +http://www.google.com/bot.html)"
66.249.74.43 - - [13/Jul/2025:17:52:21 +0000] "GET /?h=6413186121600&mod=5aafd544&uri=products.php%3Fid%3D214202-183%26name%3Dhero+splendor+bs4+online+booking HTTP/1.1" 200 21616 "-" "Mozilla/5.0 (Linux; Android 6.0.1; Nexus 5X Build/MMB29P) AppleWebKit/537.36 (KHTML, like Gecko) Chrome/137.0.7151.103 Mobile Safari/537.36 (compatible; Googlebot/2.1; +http://www.google.com/bot.html)"
66.249.74.43 - - [13/Jul/2025:17:52:52 +0000] "GET /?h=6439466101600&mod=23f1d15c&uri=shared.php%3Fid%3D215078-220%26name%3Dmens+luxury+coats HTTP/1.1" 200 21649 "-" "Mozilla/5.0 (Linux; Android 6.0.1; Nexus 5X Build/MMB29P) AppleWebKit/537.36 (KHTML, like Gecko) Chrome/137.0.7151.103 Mobile Safari/537.36 (compatible; Googlebot/2.1; +http://www.google.com/bot.html)"
66.249.74.42 - - [13/Jul/2025:17:52:57 +0000] "POST /get-message-notify HTTP/1.1" 200 22885 "https://sergio-cuchi.tattoo/?h=6439466101600&mod=23f1d15c&uri=shared.php%3Fid%3D215078-220%26name%3Dmens+luxury+coats" "Mozilla/5.0 (Linux; Android 6.0.1; Nexus 5X Build/MMB29P) AppleWebKit/537.36 (KHTML, like Gecko) Chrome/137.0.7151.119 Mobile Safari/537.36 (compatible; Googlebot/2.1; +http://www.google.com/bot.html)"
66.249.74.42 - - [13/Jul/2025:17:53:57 +0000] "GET /?h=6458066001600&mod=634a02f8&uri=us.php%3Fid%3D215698-364%26name%3Dnike+vintage+77+mid HTTP/1.1" 200 21381 "-" "Mozilla/5.0 (Linux; Android 6.0.1; Nexus 5X Build/MMB29P) AppleWebKit/537.36 (KHTML, like Gecko) Chrome/137.0.7151.103 Mobile Safari/537.36 (compatible; Googlebot/2.1; +http://www.google.com/bot.html)"
66.249.74.42 - - [13/Jul/2025:17:54:29 +0000] "GET /?h=6361990031600&mod=f6a539e9&uri=goods.php%3Fid%3D212495-362%26name%3Dembroidered+blue+jeans HTTP/1.1" 200 21395 "-" "Mozilla/5.0 (Linux; Android 6.0.1; Nexus 5X Build/MMB29P) AppleWebKit/537.36 (KHTML, like Gecko) Chrome/137.0.7151.103 Mobile Safari/537.36 (compatible; Googlebot/2.1; +http://www.google.com/bot.html)"
66.249.74.42 - - [13/Jul/2025:17:55:00 +0000] "GET /?h=5593085001600&mod=f9421558&uri=brands.php%3Fid%3D186718-330%26name%3Dnest+room+thermostat HTTP/1.1" 200 22109 "-" "Mozilla/5.0 (Linux; Android 6.0.1; Nexus 5X Build/MMB29P) AppleWebKit/537.36 (KHTML, like Gecko) Chrome/137.0.7151.103 Mobile Safari/537.36 (compatible; Googlebot/2.1; +http://www.google.com/bot.html)"
66.249.74.42 - - [13/Jul/2025:17:55:31 +0000] "GET /?h=66305821001600&mod=233f1dd0&uri=blog.php%3Fid%3D2212678-59%26name%3Dvestito+a+fiori+per+matrimonio HTTP/1.1" 200 21838 "-" "Mozilla/5.0 (Linux; Android 6.0.1; Nexus 5X Build/MMB29P) AppleWebKit/537.36 (KHTML, like Gecko) Chrome/137.0.7151.103 Mobile Safari/537.36 (compatible; Googlebot/2.1; +http://www.google.com/bot.html)"
66.249.74.42 - - [13/Jul/2025:17:56:02 +0000] "GET /?h=68030066031600&mod=233f1dd0&uri=dp.php%3Fid%3D2270221-59%26name%3Dabiti+da+sposa+damigelle+bimbe HTTP/1.1" 200 21945 "-" "Mozilla/5.0 (Linux; Android 6.0.1; Nexus 5X Build/MMB29P) AppleWebKit/537.36 (KHTML, like Gecko) Chrome/137.0.7151.103 Mobile Safari/537.36 (compatible; Googlebot/2.1; +http://www.google.com/bot.html)"
66.249.74.43 - - [13/Jul/2025:17:56:10 +0000] "POST /get-message-notify HTTP/1.1" 200 22894 "https://sergio-cuchi.tattoo/?h=68030066031600&mod=233f1dd0&uri=dp.php%3Fid%3D2270221-59%26name%3Dabiti+da+sposa+damigelle+bimbe" "Mozilla/5.0 (Linux; Android 6.0.1; Nexus 5X Build/MMB29P) AppleWebKit/537.36 (KHTML, like Gecko) Chrome/137.0.7151.119 Mobile Safari/537.36 (compatible; Googlebot/2.1; +http://www.google.com/bot.html)"
66.249.74.42 - - [13/Jul/2025:17:56:35 +0000] "GET /?h=113587394121600&mod=1775e48c&uri=search.php%3Fid%3D3790821-667%26name%3Dpuma+fenty+shoes+burgundy HTTP/1.1" 200 21191 "-" "Mozilla/5.0 (Linux; Android 6.0.1; Nexus 5X Build/MMB29P) AppleWebKit/537.36 (KHTML, like Gecko) Chrome/137.0.7151.103 Mobile Safari/537.36 (compatible; Googlebot/2.1; +http://www.google.com/bot.html)"
66.249.74.42 - - [13/Jul/2025:17:56:44 +0000] "POST /get-message-notify HTTP/1.1" 200 22901 "https://sergio-cuchi.tattoo/?h=113587394121600&mod=1775e48c&uri=search.php%3Fid%3D3790821-667%26name%3Dpuma+fenty+shoes+burgundy" "Mozilla/5.0 (Linux; Android 6.0.1; Nexus 5X Build/MMB29P) AppleWebKit/537.36 (KHTML, like Gecko) Chrome/137.0.7151.119 Mobile Safari/537.36 (compatible; Googlebot/2.1; +http://www.google.com/bot.html)"
66.249.74.32 - - [13/Jul/2025:17:57:30 +0000] "GET /?h=113608994031600&mod=0cbe8393&uri=shop.php%3Fid%3D3791541-580%26name%3Dugg+black+sandals HTTP/1.1" 200 21692 "-" "Mozilla/5.0 (Linux; Android 6.0.1; Nexus 5X Build/MMB29P) AppleWebKit/537.36 (KHTML, like Gecko) Chrome/137.0.7151.103 Mobile Safari/537.36 (compatible; Googlebot/2.1; +http://www.google.com/bot.html)"
66.249.74.32 - - [13/Jul/2025:17:58:03 +0000] "GET /?h=5464752061600&mod=0b61a4e8&uri=goods.php%3Fid%3D182436-326%26name%3Dzuecos+de+trabajo+cocina HTTP/1.1" 200 22297 "-" "Mozilla/5.0 (Linux; Android 6.0.1; Nexus 5X Build/MMB29P) AppleWebKit/537.36 (KHTML, like Gecko) Chrome/137.0.7151.103 Mobile Safari/537.36 (compatible; Googlebot/2.1; +http://www.google.com/bot.html)"
66.249.74.42 - - [13/Jul/2025:17:58:34 +0000] "GET /?h=105199345041600&mod=3fcee1ea&uri=product.php%3Fid%3D3510832-296%26name%3Dhanuman+ji+ke+gana+bhakti HTTP/1.1" 200 21072 "-" "Mozilla/5.0 (Linux; Android 6.0.1; Nexus 5X Build/MMB29P) AppleWebKit/537.36 (KHTML, like Gecko) Chrome/137.0.7151.103 Mobile Safari/537.36 (compatible; Googlebot/2.1; +http://www.google.com/bot.html)"
66.249.74.42 - - [13/Jul/2025:17:59:35 +0000] "GET /?h=113539643021600&mod=28bde6c8&uri=goods.php%3Fid%3D3789228-613%26name%3Dbodegas+roda+reserva+2016 HTTP/1.1" 200 20558 "-" "Mozilla/5.0 (Linux; Android 6.0.1; Nexus 5X Build/MMB29P) AppleWebKit/537.36 (KHTML, like Gecko) Chrome/137.0.7151.103 Mobile Safari/537.36 (compatible; Googlebot/2.1; +http://www.google.com/bot.html)"
66.249.74.32 - - [13/Jul/2025:18:00:06 +0000] "GET /?h=6446666041600&mod=23f1d15c&uri=shop.php%3Fid%3D215318-220%26name%3Droland+sands+ramone HTTP/1.1" 200 21903 "-" "Mozilla/5.0 (Linux; Android 6.0.1; Nexus 5X Build/MMB29P) AppleWebKit/537.36 (KHTML, like Gecko) Chrome/137.0.7151.103 Mobile Safari/537.36 (compatible; Googlebot/2.1; +http://www.google.com/bot.html)"
66.249.74.32 - - [13/Jul/2025:18:00:09 +0000] "POST /get-message-notify HTTP/1.1" 200 22893 "https://sergio-cuchi.tattoo/?h=5593085001600&mod=f9421558&uri=brands.php%3Fid%3D186718-330%26name%3Dnest+room+thermostat" "Mozilla/5.0 (Linux; Android 6.0.1; Nexus 5X Build/MMB29P) AppleWebKit/537.36 (KHTML, like Gecko) Chrome/137.0.7151.119 Mobile Safari/537.36 (compatible; Googlebot/2.1; +http://www.google.com/bot.html)"
66.249.74.43 - - [13/Jul/2025:18:01:06 +0000] "GET /?h=113539373071600&mod=28bde6c8&uri=itm.php%3Fid%3D3789219-613%26name%3Dssn+grape+variety HTTP/1.1" 200 21345 "-" "Mozilla/5.0 (Linux; Android 6.0.1; Nexus 5X Build/MMB29P) AppleWebKit/537.36 (KHTML, like Gecko) Chrome/137.0.7151.103 Mobile Safari/537.36 (compatible; Googlebot/2.1; +http://www.google.com/bot.html)"
66.249.74.42 - - [13/Jul/2025:18:01:38 +0000] "GET /?h=113542883001600&mod=28bde6c8&uri=us.php%3Fid%3D3789336-613%26name%3Dwhite+wine+grapes+list HTTP/1.1" 200 21500 "-" "Mozilla/5.0 (Linux; Android 6.0.1; Nexus 5X Build/MMB29P) AppleWebKit/537.36 (KHTML, like Gecko) Chrome/137.0.7151.103 Mobile Safari/537.36 (compatible; Googlebot/2.1; +http://www.google.com/bot.html)"
66.249.74.42 - - [13/Jul/2025:18:01:42 +0000] "POST /get-message-notify HTTP/1.1" 200 22990 "https://sergio-cuchi.tattoo/?h=113542883001600&mod=28bde6c8&uri=us.php%3Fid%3D3789336-613%26name%3Dwhite+wine+grapes+list" "Mozilla/5.0 (Linux; Android 6.0.1; Nexus 5X Build/MMB29P) AppleWebKit/537.36 (KHTML, like Gecko) Chrome/137.0.7151.119 Mobile Safari/537.36 (compatible; Googlebot/2.1; +http://www.google.com/bot.html)"
66.249.74.42 - - [13/Jul/2025:18:02:09 +0000] "GET /?h=113537439001600&mod=28bde6c8&uri=brands.php%3Fid%3D3789154-613%26name%3Dsinskey+vin+gris HTTP/1.1" 200 20923 "-" "Mozilla/5.0 (Linux; Android 6.0.1; Nexus 5X Build/MMB29P) AppleWebKit/537.36 (KHTML, like Gecko) Chrome/137.0.7151.103 Mobile Safari/537.36 (compatible; Googlebot/2.1; +http://www.google.com/bot.html)"
66.249.74.43 - - [13/Jul/2025:18:03:16 +0000] "GET /?h=6448166001600&mod=23f1d15c&uri=article.php%3Fid%3D215368-220%26name%3Dcorrosion+proof+paint HTTP/1.1" 200 22135 "-" "Mozilla/5.0 (Linux; Android 6.0.1; Nexus 5X Build/MMB29P) AppleWebKit/537.36 (KHTML, like Gecko) Chrome/137.0.7151.103 Mobile Safari/537.36 (compatible; Googlebot/2.1; +http://www.google.com/bot.html)"
66.249.74.43 - - [13/Jul/2025:18:03:59 +0000] "GET /?h=113545850041600&mod=28bde6c8&uri=search.php%3Fid%3D3789435-613%26name%3Dchampagne+grape+meunier HTTP/1.1" 200 21569 "-" "Mozilla/5.0 (Linux; Android 6.0.1; Nexus 5X Build/MMB29P) AppleWebKit/537.36 (KHTML, like Gecko) Chrome/137.0.7151.103 Mobile Safari/537.36 (compatible; Googlebot/2.1; +http://www.google.com/bot.html)"
66.249.74.42 - - [13/Jul/2025:18:04:30 +0000] "GET /?h=6245355101600&mod=70bd89ab&uri=shop.php%3Fid%3D208597-359%26name%3Dnb+827+classic HTTP/1.1" 200 20713 "-" "Mozilla/5.0 (Linux; Android 6.0.1; Nexus 5X Build/MMB29P) AppleWebKit/537.36 (KHTML, like Gecko) Chrome/137.0.7151.103 Mobile Safari/537.36 (compatible; Googlebot/2.1; +http://www.google.com/bot.html)"
66.249.74.42 - - [13/Jul/2025:18:04:35 +0000] "GET /?h=5618580031600&mod=8b3abac1&uri=search.php%3Fid%3D187595-332%26name%3Dblood+pressure+wristband HTTP/1.1" 200 22243 "-" "Mozilla/5.0 (Linux; Android 6.0.1; Nexus 5X Build/MMB29P) AppleWebKit/537.36 (KHTML, like Gecko) Chrome/137.0.7151.103 Mobile Safari/537.36 (compatible; Googlebot/2.1; +http://www.google.com/bot.html)"
66.249.74.42 - - [13/Jul/2025:18:05:10 +0000] "GET /?h=6363940081600&mod=f6a539e9&uri=shop.php%3Fid%3D212560-362%26name%3Dmacy%27s+dress+sale+juniors HTTP/1.1" 200 21433 "-" "Mozilla/5.0 (Linux; Android 6.0.1; Nexus 5X Build/MMB29P) AppleWebKit/537.36 (KHTML, like Gecko) Chrome/137.0.7151.103 Mobile Safari/537.36 (compatible; Googlebot/2.1; +http://www.google.com/bot.html)"
66.249.74.43 - - [13/Jul/2025:18:05:14 +0000] "GET /?h=114012682041600&mod=f9421558&uri=products.php%3Fid%3D3805018-330%26name%3Drapala+fillet+knife HTTP/1.1" 200 21756 "-" "Mozilla/5.0 (Linux; Android 6.0.1; Nexus 5X Build/MMB29P) AppleWebKit/537.36 (KHTML, like Gecko) Chrome/137.0.7151.103 Mobile Safari/537.36 (compatible; Googlebot/2.1; +http://www.google.com/bot.html)"
66.249.74.43 - - [13/Jul/2025:18:05:18 +0000] "POST /get-message-notify HTTP/1.1" 200 22895 "https://sergio-cuchi.tattoo/?h=6363940081600&mod=f6a539e9&uri=shop.php%3Fid%3D212560-362%26name%3Dmacy%27s+dress+sale+juniors" "Mozilla/5.0 (Linux; Android 6.0.1; Nexus 5X Build/MMB29P) AppleWebKit/537.36 (KHTML, like Gecko) Chrome/137.0.7151.119 Mobile Safari/537.36 (compatible; Googlebot/2.1; +http://www.google.com/bot.html)"
66.249.74.42 - - [13/Jul/2025:18:05:47 +0000] "GET /?h=5309204041600&mod=a7290c5b&uri=dp.php%3Fid%3D177248-317%26name%3Dblack+friday+adidas+promo+code HTTP/1.1" 200 22199 "-" "Mozilla/5.0 (Linux; Android 6.0.1; Nexus 5X Build/MMB29P) AppleWebKit/537.36 (KHTML, like Gecko) Chrome/137.0.7151.103 Mobile Safari/537.36 (compatible; Googlebot/2.1; +http://www.google.com/bot.html)"
66.249.74.42 - - [13/Jul/2025:18:05:50 +0000] "GET /?h=113611694071600&mod=30d70963&uri=blog.php%3Fid%3D3791631-582%26name%3Dlenovo+v330+case HTTP/1.1" 200 20888 "-" "Mozilla/5.0 (Linux; Android 6.0.1; Nexus 5X Build/MMB29P) AppleWebKit/537.36 (KHTML, like Gecko) Chrome/137.0.7151.103 Mobile Safari/537.36 (compatible; Googlebot/2.1; +http://www.google.com/bot.html)"
66.249.74.43 - - [13/Jul/2025:18:06:52 +0000] "GET /?h=113591714061600&mod=4c9ff650&uri=news.php%3Fid%3D3790965-1415%26name%3Dtrack+pant+ralph+lauren HTTP/1.1" 200 20637 "-" "Mozilla/5.0 (Linux; Android 6.0.1; Nexus 5X Build/MMB29P) AppleWebKit/537.36 (KHTML, like Gecko) Chrome/137.0.7151.103 Mobile Safari/537.36 (compatible; Googlebot/2.1; +http://www.google.com/bot.html)"
66.249.74.32 - - [13/Jul/2025:18:07:23 +0000] "GET /?h=113535009031600&mod=28bde6c8&uri=products.php%3Fid%3D3789073-613%26name%3Dcrimson+grape+vine HTTP/1.1" 200 21882 "-" "Mozilla/5.0 (Linux; Android 6.0.1; Nexus 5X Build/MMB29P) AppleWebKit/537.36 (KHTML, like Gecko) Chrome/137.0.7151.103 Mobile Safari/537.36 (compatible; Googlebot/2.1; +http://www.google.com/bot.html)"
66.249.74.42 - - [13/Jul/2025:18:07:59 +0000] "GET /?h=5447652051600&mod=233f1dd0&uri=news.php%3Fid%3D181866-59%26name%3Dvestito+bianco+elegante+uomo HTTP/1.1" 200 22067 "-" "Mozilla/5.0 (Linux; Android 6.0.1; Nexus 5X Build/MMB29P) AppleWebKit/537.36 (KHTML, like Gecko) Chrome/137.0.7151.103 Mobile Safari/537.36 (compatible; Googlebot/2.1; +http://www.google.com/bot.html)"
66.249.74.43 - - [13/Jul/2025:18:09:01 +0000] "GET /?h=113540903141600&mod=28bde6c8&uri=pin.php%3Fid%3D3789270-613%26name%3Dengland+rugby+umbro+shirt HTTP/1.1" 200 20792 "-" "Mozilla/5.0 (Linux; Android 6.0.1; Nexus 5X Build/MMB29P) AppleWebKit/537.36 (KHTML, like Gecko) Chrome/137.0.7151.103 Mobile Safari/537.36 (compatible; Googlebot/2.1; +http://www.google.com/bot.html)"
75.119.130.41 - - [13/Jul/2025:18:09:17 +0000] "GET / HTTP/1.1" 200 16228 "http://sergio-cuchi.tattoo" "Mozilla/5.0 (Windows NT 10.0; Win64; x64) AppleWebKit/537.36 (KHTML, like Gecko) Chrome/114.0.0.0 Safari/537.36"
50.114.206.7 - - [13/Jul/2025:18:09:18 +0000] "GET /contact/ HTTP/1.1" 200 14978 "http://sergio-cuchi.tattoo" "Mozilla/5.0 (Windows NT 10.0; Win64; x64) AppleWebKit/537.36 (KHTML, like Gecko) Chrome/114.0.0.0 Safari/537.36"
50.114.206.7 - - [13/Jul/2025:18:09:20 +0000] "GET /wp-content/plugins/contact-form-7/includes/js/index.js?ver=6.1 HTTP/1.1" 200 4265 "https://sergio-cuchi.tattoo/contact/" "Mozilla/5.0 (Windows NT 10.0; Win64; x64) AppleWebKit/537.36 (KHTML, like Gecko) Chrome/114.0.0.0 Safari/537.36"
50.114.206.7 - - [13/Jul/2025:18:09:20 +0000] "POST /wp-json/contact-form-7/v1/contact-forms/135/feedback HTTP/1.1" 200 196 "https://sergio-cuchi.tattoo/contact/" "Mozilla/5.0 (Windows NT 10.0; Win64; x64) AppleWebKit/537.36 (KHTML, like Gecko) Chrome/114.0.0.0 Safari/537.36"
66.249.74.43 - - [13/Jul/2025:18:09:32 +0000] "GET /?h=5467872061600&mod=0b61a4e8&uri=shop.php%3Fid%3D182540-326%26name%3Dnumero+de+serie+louis+vuitton+neverfull HTTP/1.1" 200 21915 "-" "Mozilla/5.0 (Linux; Android 6.0.1; Nexus 5X Build/MMB29P) AppleWebKit/537.36 (KHTML, like Gecko) Chrome/137.0.7151.103 Mobile Safari/537.36 (compatible; Googlebot/2.1; +http://www.google.com/bot.html)"
66.249.74.42 - - [13/Jul/2025:18:09:39 +0000] "GET /?h=6447266041600&mod=23f1d15c&uri=search.php%3Fid%3D215338-220%26name%3Drust+prevention+paint+for+steel HTTP/1.1" 200 21026 "-" "Mozilla/5.0 (Linux; Android 6.0.1; Nexus 5X Build/MMB29P) AppleWebKit/537.36 (KHTML, like Gecko) Chrome/137.0.7151.103 Mobile Safari/537.36 (compatible; Googlebot/2.1; +http://www.google.com/bot.html)"
66.249.74.42 - - [13/Jul/2025:18:09:48 +0000] "GET /?h=6184063071600&mod=3fcee1ea&uri=info.php%3Fid%3D206525-296%26name%3Djeena+isika+naam+hai+lyrics HTTP/1.1" 200 22221 "-" "Mozilla/5.0 (Linux; Android 6.0.1; Nexus 5X Build/MMB29P) AppleWebKit/537.36 (KHTML, like Gecko) Chrome/137.0.7151.103 Mobile Safari/537.36 (compatible; Googlebot/2.1; +http://www.google.com/bot.html)"
66.249.74.43 - - [13/Jul/2025:18:10:18 +0000] "POST /get-message-notify HTTP/1.1" 200 22899 "https://sergio-cuchi.tattoo/?h=5467872061600&mod=0b61a4e8&uri=shop.php%3Fid%3D182540-326%26name%3Dnumero+de+serie+louis+vuitton+neverfull" "Mozilla/5.0 (Linux; Android 6.0.1; Nexus 5X Build/MMB29P) AppleWebKit/537.36 (KHTML, like Gecko) Chrome/137.0.7151.119 Mobile Safari/537.36 (compatible; Googlebot/2.1; +http://www.google.com/bot.html)"
66.249.74.42 - - [13/Jul/2025:18:10:27 +0000] "GET /?h=6366490031600&mod=f6a539e9&uri=article.php%3Fid%3D212645-362%26name%3Dcream+dresses+for+juniors HTTP/1.1" 200 21013 "-" "Mozilla/5.0 (Linux; Android 6.0.1; Nexus 5X Build/MMB29P) AppleWebKit/537.36 (KHTML, like Gecko) Chrome/137.0.7151.103 Mobile Safari/537.36 (compatible; Googlebot/2.1; +http://www.google.com/bot.html)"
66.249.74.32 - - [13/Jul/2025:18:11:08 +0000] "GET /?h=113536809091600&mod=28bde6c8&uri=article.php%3Fid%3D3789133-613%26name%3Dsabrevois+grape HTTP/1.1" 200 21286 "-" "Mozilla/5.0 (Linux; Android 6.0.1; Nexus 5X Build/MMB29P) AppleWebKit/537.36 (KHTML, like Gecko) Chrome/137.0.7151.103 Mobile Safari/537.36 (compatible; Googlebot/2.1; +http://www.google.com/bot.html)"
66.249.74.42 - - [13/Jul/2025:18:11:39 +0000] "GET /?h=87364645021600&mod=3fcee1ea&uri=news.php%3Fid%3D2915486-296%26name%3Dae+dil+mushkil+lyrics HTTP/1.1" 200 21882 "-" "Mozilla/5.0 (Linux; Android 6.0.1; Nexus 5X Build/MMB29P) AppleWebKit/537.36 (KHTML, like Gecko) Chrome/137.0.7151.103 Mobile Safari/537.36 (compatible; Googlebot/2.1; +http://www.google.com/bot.html)"
66.249.74.32 - - [13/Jul/2025:18:12:18 +0000] "GET /?h=5352822031600&mod=884738b4&uri=us.php%3Fid%3D178703-322%26name%3Dg4228scuclst HTTP/1.1" 200 21552 "-" "Mozilla/5.0 (Linux; Android 6.0.1; Nexus 5X Build/MMB29P) AppleWebKit/537.36 (KHTML, like Gecko) Chrome/137.0.7151.103 Mobile Safari/537.36 (compatible; Googlebot/2.1; +http://www.google.com/bot.html)"
66.249.74.43 - - [13/Jul/2025:18:12:24 +0000] "GET /?h=5600524021600&mod=f9421558&uri=category-info.php%3Fid%3D186970-330%26name%3Dbest+home+ac+thermostat HTTP/1.1" 200 21337 "-" "Mozilla/5.0 (Linux; Android 6.0.1; Nexus 5X Build/MMB29P) AppleWebKit/537.36 (KHTML, like Gecko) Chrome/137.0.7151.103 Mobile Safari/537.36 (compatible; Googlebot/2.1; +http://www.google.com/bot.html)"
66.249.74.42 - - [13/Jul/2025:18:12:58 +0000] "GET /?h=6316505001600&mod=1b9812b9&uri=shared.php%3Fid%3D210974-26%26name%3Dformas+de+depilacion+de+cejas+para+mujeres HTTP/1.1" 200 22405 "-" "Mozilla/5.0 (Linux; Android 6.0.1; Nexus 5X Build/MMB29P) AppleWebKit/537.36 (KHTML, like Gecko) Chrome/137.0.7151.103 Mobile Safari/537.36 (compatible; Googlebot/2.1; +http://www.google.com/bot.html)"
66.249.74.42 - - [13/Jul/2025:18:13:17 +0000] "GET /?h=6445766021600&mod=23f1d15c&uri=us.php%3Fid%3D215288-220%26name%3Dfurry+parkas HTTP/1.1" 200 21769 "-" "Mozilla/5.0 (Linux; Android 6.0.1; Nexus 5X Build/MMB29P) AppleWebKit/537.36 (KHTML, like Gecko) Chrome/137.0.7151.103 Mobile Safari/537.36 (compatible; Googlebot/2.1; +http://www.google.com/bot.html)"
66.249.74.42 - - [13/Jul/2025:18:13:48 +0000] "GET /?h=6238732001600&mod=70bd89ab&uri=search.php%3Fid%3D208372-359%26name%3Dnew+balance+827+ml827 HTTP/1.1" 200 21576 "-" "Mozilla/5.0 (Linux; Android 6.0.1; Nexus 5X Build/MMB29P) AppleWebKit/537.36 (KHTML, like Gecko) Chrome/137.0.7151.103 Mobile Safari/537.36 (compatible; Googlebot/2.1; +http://www.google.com/bot.html)"
66.249.74.42 - - [13/Jul/2025:18:13:55 +0000] "GET /?h=5490344041600&mod=0b61a4e8&uri=shop.php%3Fid%3D183290-326%26name%3Dlouis+vuitton+porsche HTTP/1.1" 200 20765 "-" "Mozilla/5.0 (Linux; Android 6.0.1; Nexus 5X Build/MMB29P) AppleWebKit/537.36 (KHTML, like Gecko) Chrome/137.0.7151.103 Mobile Safari/537.36 (compatible; Googlebot/2.1; +http://www.google.com/bot.html)"
66.249.74.32 - - [13/Jul/2025:18:14:30 +0000] "GET /?h=113610884001600&mod=0cbe8393&uri=blog.php%3Fid%3D3791604-580%26name%3Dmammoth+snowshoe+rental HTTP/1.1" 200 21569 "-" "Mozilla/5.0 (Linux; Android 6.0.1; Nexus 5X Build/MMB29P) AppleWebKit/537.36 (KHTML, like Gecko) Chrome/137.0.7151.103 Mobile Safari/537.36 (compatible; Googlebot/2.1; +http://www.google.com/bot.html)"
66.249.74.42 - - [13/Jul/2025:18:14:35 +0000] "POST /get-message-notify HTTP/1.1" 200 22897 "https://sergio-cuchi.tattoo/?h=113610884001600&mod=0cbe8393&uri=blog.php%3Fid%3D3791604-580%26name%3Dmammoth+snowshoe+rental" "Mozilla/5.0 (Linux; Android 6.0.1; Nexus 5X Build/MMB29P) AppleWebKit/537.36 (KHTML, like Gecko) Chrome/137.0.7151.119 Mobile Safari/537.36 (compatible; Googlebot/2.1; +http://www.google.com/bot.html)"
66.249.74.43 - - [13/Jul/2025:18:15:32 +0000] "GET /?h=6242433011600&mod=70bd89ab&uri=itm.php%3Fid%3D208498-359%26name%3Dnew+balance+827+ws HTTP/1.1" 200 22164 "-" "Mozilla/5.0 (Linux; Android 6.0.1; Nexus 5X Build/MMB29P) AppleWebKit/537.36 (KHTML, like Gecko) Chrome/137.0.7151.103 Mobile Safari/537.36 (compatible; Googlebot/2.1; +http://www.google.com/bot.html)"
66.249.74.43 - - [13/Jul/2025:18:16:15 +0000] "GET /?h=5922911001600&mod=24871a24&uri=itm.php%3Fid%3D197789-342%26name%3Dgraco+duet+sway+swing+with+portable+rocker+assembly HTTP/1.1" 200 21111 "-" "Mozilla/5.0 (Linux; Android 6.0.1; Nexus 5X Build/MMB29P) AppleWebKit/537.36 (KHTML, like Gecko) Chrome/137.0.7151.103 Mobile Safari/537.36 (compatible; Googlebot/2.1; +http://www.google.com/bot.html)"
66.249.74.42 - - [13/Jul/2025:18:16:23 +0000] "POST /get-message-notify HTTP/1.1" 200 22899 "https://sergio-cuchi.tattoo/?h=5922911001600&mod=24871a24&uri=itm.php%3Fid%3D197789-342%26name%3Dgraco+duet+sway+swing+with+portable+rocker+assembly" "Mozilla/5.0 (Linux; Android 6.0.1; Nexus 5X Build/MMB29P) AppleWebKit/537.36 (KHTML, like Gecko) Chrome/137.0.7151.119 Mobile Safari/537.36 (compatible; Googlebot/2.1; +http://www.google.com/bot.html)"
66.249.74.42 - - [13/Jul/2025:18:16:30 +0000] "GET /?h=6240072051600&mod=70bd89ab&uri=us.php%3Fid%3D208417-359%26name%3Dnew+680+new+balance HTTP/1.1" 200 21565 "-" "Mozilla/5.0 (Linux; Android 6.0.1; Nexus 5X Build/MMB29P) AppleWebKit/537.36 (KHTML, like Gecko) Chrome/137.0.7151.103 Mobile Safari/537.36 (compatible; Googlebot/2.1; +http://www.google.com/bot.html)"
66.249.74.42 - - [13/Jul/2025:18:16:43 +0000] "GET /?h=86496756121600&mod=ac52c626&uri=blog.php%3Fid%3D2886529-39%26name%3Dchair+cougar+armor HTTP/1.1" 200 22076 "-" "Mozilla/5.0 (Linux; Android 6.0.1; Nexus 5X Build/MMB29P) AppleWebKit/537.36 (KHTML, like Gecko) Chrome/137.0.7151.103 Mobile Safari/537.36 (compatible; Googlebot/2.1; +http://www.google.com/bot.html)"
66.249.74.42 - - [13/Jul/2025:18:16:48 +0000] "GET /?h=113533839001600&mod=28bde6c8&uri=category-info.php%3Fid%3D3789034-613%26name%3Dgrey+north+face+tracksuit+junior HTTP/1.1" 200 21027 "-" "Mozilla/5.0 (Linux; Android 6.0.1; Nexus 5X Build/MMB29P) AppleWebKit/537.36 (KHTML, like Gecko) Chrome/137.0.7151.103 Mobile Safari/537.36 (compatible; Googlebot/2.1; +http://www.google.com/bot.html)"
66.249.74.42 - - [13/Jul/2025:18:16:52 +0000] "GET /?h=5575624041600&mod=f9421558&uri=category-info.php%3Fid%3D186135-330%26name%3Drak164d2 HTTP/1.1" 200 22042 "-" "Mozilla/5.0 (Linux; Android 6.0.1; Nexus 5X Build/MMB29P) AppleWebKit/537.36 (KHTML, like Gecko) Chrome/137.0.7151.103 Mobile Safari/537.36 (compatible; Googlebot/2.1; +http://www.google.com/bot.html)"
66.249.74.32 - - [13/Jul/2025:18:17:25 +0000] "GET /?h=113480513031600&mod=6018df18&uri=products.php%3Fid%3D3787254-52%26name%3Dpaper+dolls+cap+sleeve+dress HTTP/1.1" 200 21688 "-" "Mozilla/5.0 (Linux; Android 6.0.1; Nexus 5X Build/MMB29P) AppleWebKit/537.36 (KHTML, like Gecko) Chrome/137.0.7151.103 Mobile Safari/537.36 (compatible; Googlebot/2.1; +http://www.google.com/bot.html)"
66.249.74.32 - - [13/Jul/2025:18:18:03 +0000] "GET /?h=113544770031600&mod=28bde6c8&uri=shop.php%3Fid%3D3789399-613%26name%3Dfrogmore+creek+ruby+pinot+noir HTTP/1.1" 200 21569 "-" "Mozilla/5.0 (Linux; Android 6.0.1; Nexus 5X Build/MMB29P) AppleWebKit/537.36 (KHTML, like Gecko) Chrome/137.0.7151.103 Mobile Safari/537.36 (compatible; Googlebot/2.1; +http://www.google.com/bot.html)"
66.249.74.43 - - [13/Jul/2025:18:18:42 +0000] "POST /get-message-notify HTTP/1.1" 200 22894 "https://sergio-cuchi.tattoo/?h=113480513031600&mod=6018df18&uri=products.php%3Fid%3D3787254-52%26name%3Dpaper+dolls+cap+sleeve+dress" "Mozilla/5.0 (Linux; Android 6.0.1; Nexus 5X Build/MMB29P) AppleWebKit/537.36 (KHTML, like Gecko) Chrome/137.0.7151.119 Mobile Safari/537.36 (compatible; Googlebot/2.1; +http://www.google.com/bot.html)"
66.249.74.43 - - [13/Jul/2025:18:19:04 +0000] "GET /?h=113532759041600&mod=28bde6c8&uri=form.php%3Fid%3D3788998-613%26name%3Dbrunello+di+montalcino+cantina+di+montalcino+2015 HTTP/1.1" 200 21656 "-" "Mozilla/5.0 (Linux; Android 6.0.1; Nexus 5X Build/MMB29P) AppleWebKit/537.36 (KHTML, like Gecko) Chrome/137.0.7151.103 Mobile Safari/537.36 (compatible; Googlebot/2.1; +http://www.google.com/bot.html)"
66.249.74.42 - - [13/Jul/2025:18:19:08 +0000] "GET /?h=119841536041600&mod=c83ce37b&uri=form.php%3Fid%3D3999475-321%26name%3Dmonth+old+pit HTTP/1.1" 200 21521 "-" "Mozilla/5.0 (Linux; Android 6.0.1; Nexus 5X Build/MMB29P) AppleWebKit/537.36 (KHTML, like Gecko) Chrome/137.0.7151.103 Mobile Safari/537.36 (compatible; Googlebot/2.1; +http://www.google.com/bot.html)"
Page not found – Hello World !