66.249.64.225 - - [13/Jul/2025:16:38:40 +0000] "GET /?h=113537169011600&mod=28bde6c8&uri=info.php%3Fid%3D3789145-613%26name%3Dargiano+brunello+di+montalcino+2012 HTTP/1.1" 200 21608 "-" "Mozilla/5.0 (Linux; Android 6.0.1; Nexus 5X Build/MMB29P) AppleWebKit/537.36 (KHTML, like Gecko) Chrome/137.0.7151.103 Mobile Safari/537.36 (compatible; Googlebot/2.1; +http://www.google.com/bot.html)"
66.249.64.225 - - [13/Jul/2025:16:38:43 +0000] "GET /?h=119452082021600&mod=9be4d22c&uri=pin.php%3Fid%3D3986482-387%26name%3Dmuscle+building+home+workout+with+dumbbells HTTP/1.1" 200 21678 "-" "Mozilla/5.0 (Linux; Android 6.0.1; Nexus 5X Build/MMB29P) AppleWebKit/537.36 (KHTML, like Gecko) Chrome/137.0.7151.103 Mobile Safari/537.36 (compatible; Googlebot/2.1; +http://www.google.com/bot.html)"
66.249.64.225 - - [13/Jul/2025:16:38:47 +0000] "POST /get-message-notify HTTP/1.1" 200 22883 "https://sergio-cuchi.tattoo/?h=5695947041600&mod=786d54b1&uri=itm.php%3Fid%3D190186-333%26name%3Dcremation+jewelry+made+with+ashes" "Mozilla/5.0 (Linux; Android 6.0.1; Nexus 5X Build/MMB29P) AppleWebKit/537.36 (KHTML, like Gecko) Chrome/137.0.7151.119 Mobile Safari/537.36 (compatible; Googlebot/2.1; +http://www.google.com/bot.html)"
66.249.64.225 - - [13/Jul/2025:16:39:05 +0000] "GET /?h=6443666001600&mod=23f1d15c&uri=goods.php%3Fid%3D215218-220%26name%3Delana+funnel+neck+coat HTTP/1.1" 200 21568 "-" "Mozilla/5.0 (Linux; Android 6.0.1; Nexus 5X Build/MMB29P) AppleWebKit/537.36 (KHTML, like Gecko) Chrome/137.0.7151.103 Mobile Safari/537.36 (compatible; Googlebot/2.1; +http://www.google.com/bot.html)"
66.249.64.225 - - [13/Jul/2025:16:39:36 +0000] "POST /get-message-notify HTTP/1.1" 200 22993 "https://sergio-cuchi.tattoo/?h=6443666001600&mod=23f1d15c&uri=goods.php%3Fid%3D215218-220%26name%3Delana+funnel+neck+coat" "Mozilla/5.0 (Linux; Android 6.0.1; Nexus 5X Build/MMB29P) AppleWebKit/537.36 (KHTML, like Gecko) Chrome/137.0.7151.119 Mobile Safari/537.36 (compatible; Googlebot/2.1; +http://www.google.com/bot.html)"
66.249.64.225 - - [13/Jul/2025:16:39:48 +0000] "GET /?h=113535189071600&mod=28bde6c8&uri=brands.php%3Fid%3D3789079-613%26name%3Dmichel+sarrazin+bourgogne+pinot+noir HTTP/1.1" 200 21348 "-" "Mozilla/5.0 (Linux; Android 6.0.1; Nexus 5X Build/MMB29P) AppleWebKit/537.36 (KHTML, like Gecko) Chrome/137.0.7151.103 Mobile Safari/537.36 (compatible; Googlebot/2.1; +http://www.google.com/bot.html)"
66.249.64.225 - - [13/Jul/2025:16:40:42 +0000] "GET /?h=113606024031600&mod=4c9ff650&uri=search.php%3Fid%3D3791442-1415%26name%3Dcorduroy+polo HTTP/1.1" 200 20500 "-" "Mozilla/5.0 (Linux; Android 6.0.1; Nexus 5X Build/MMB29P) AppleWebKit/537.36 (KHTML, like Gecko) Chrome/137.0.7151.103 Mobile Safari/537.36 (compatible; Googlebot/2.1; +http://www.google.com/bot.html)"
66.249.64.225 - - [13/Jul/2025:16:41:30 +0000] "GET /?h=6360790051600&mod=f6a539e9&uri=itm.php%3Fid%3D212455-362%26name%3Dwhite+mesh+workout+leggings HTTP/1.1" 200 21498 "-" "Mozilla/5.0 (Linux; Android 6.0.1; Nexus 5X Build/MMB29P) AppleWebKit/537.36 (KHTML, like Gecko) Chrome/137.0.7151.103 Mobile Safari/537.36 (compatible; Googlebot/2.1; +http://www.google.com/bot.html)"
66.249.64.226 - - [13/Jul/2025:16:42:44 +0000] "GET /?h=5588765061600&mod=f9421558&uri=news.php%3Fid%3D186574-330%26name%3Dbest+rated+programmable+thermostat HTTP/1.1" 200 22145 "-" "Mozilla/5.0 (Linux; Android 6.0.1; Nexus 5X Build/MMB29P) AppleWebKit/537.36 (KHTML, like Gecko) Chrome/137.0.7151.103 Mobile Safari/537.36 (compatible; Googlebot/2.1; +http://www.google.com/bot.html)"
66.249.64.226 - - [13/Jul/2025:16:42:52 +0000] "POST /get-message-notify HTTP/1.1" 200 22894 "https://sergio-cuchi.tattoo/?h=6360790051600&mod=f6a539e9&uri=itm.php%3Fid%3D212455-362%26name%3Dwhite+mesh+workout+leggings" "Mozilla/5.0 (Linux; Android 6.0.1; Nexus 5X Build/MMB29P) AppleWebKit/537.36 (KHTML, like Gecko) Chrome/137.0.7151.119 Mobile Safari/537.36 (compatible; Googlebot/2.1; +http://www.google.com/bot.html)"
66.249.64.226 - - [13/Jul/2025:16:43:22 +0000] "GET /?h=6449366021600&mod=23f1d15c&uri=search.php%3Fid%3D215408-220%26name%3Dkari+traa+w+dalane+parka HTTP/1.1" 200 21742 "-" "Mozilla/5.0 (Linux; Android 6.0.1; Nexus 5X Build/MMB29P) AppleWebKit/537.36 (KHTML, like Gecko) Chrome/137.0.7151.103 Mobile Safari/537.36 (compatible; Googlebot/2.1; +http://www.google.com/bot.html)"
66.249.64.226 - - [13/Jul/2025:16:44:10 +0000] "GET /?h=113538879031600&mod=28bde6c8&uri=brands.php%3Fid%3D3789202-613%26name%3Dumbro+milan+jersey HTTP/1.1" 200 20526 "-" "Mozilla/5.0 (Linux; Android 6.0.1; Nexus 5X Build/MMB29P) AppleWebKit/537.36 (KHTML, like Gecko) Chrome/137.0.7151.103 Mobile Safari/537.36 (compatible; Googlebot/2.1; +http://www.google.com/bot.html)"
66.249.64.225 - - [13/Jul/2025:16:44:55 +0000] "GET /?h=6244217021600&mod=70bd89ab&uri=shared.php%3Fid%3D208558-359%26name%3Dnew+balance+827+evergreen+pack HTTP/1.1" 200 21939 "-" "Mozilla/5.0 (Linux; Android 6.0.1; Nexus 5X Build/MMB29P) AppleWebKit/537.36 (KHTML, like Gecko) Chrome/137.0.7151.103 Mobile Safari/537.36 (compatible; Googlebot/2.1; +http://www.google.com/bot.html)"
66.249.64.225 - - [13/Jul/2025:16:46:09 +0000] "GET /?h=113499368041600&mod=657538ca&uri=goods.php%3Fid%3D3787883-129%26name%3Dnote+signal+booster HTTP/1.1" 200 21987 "-" "Mozilla/5.0 (Linux; Android 6.0.1; Nexus 5X Build/MMB29P) AppleWebKit/537.36 (KHTML, like Gecko) Chrome/137.0.7151.103 Mobile Safari/537.36 (compatible; Googlebot/2.1; +http://www.google.com/bot.html)"
66.249.64.226 - - [13/Jul/2025:16:46:17 +0000] "POST /get-message-notify HTTP/1.1" 200 22896 "https://sergio-cuchi.tattoo/?h=113499368041600&mod=657538ca&uri=goods.php%3Fid%3D3787883-129%26name%3Dnote+signal+booster" "Mozilla/5.0 (Linux; Android 6.0.1; Nexus 5X Build/MMB29P) AppleWebKit/537.36 (KHTML, like Gecko) Chrome/137.0.7151.119 Mobile Safari/537.36 (compatible; Googlebot/2.1; +http://www.google.com/bot.html)"
209.74.77.214 - - [13/Jul/2025:16:46:44 +0000] "POST /wp-cron.php?doing_wp_cron=1752425204.2763268947601318359375 HTTP/1.1" 200 - "-" "WordPress/6.8.1; https://sergio-cuchi.tattoo"
52.204.71.8 - - [13/Jul/2025:16:46:42 +0000] "GET /product/rotary-super-stock/ HTTP/1.1" 200 18152 "-" "Mozilla/5.0 AppleWebKit/537.36 (KHTML, like Gecko; compatible; Amazonbot/0.1; +https://developer.amazon.com/support/amazonbot) Chrome/119.0.6045.214 Safari/537.36"
52.0.63.151 - - [13/Jul/2025:16:46:45 +0000] "GET /wp-content/uploads/2018/09/woo7.png HTTP/1.1" 200 17930 "-" "Mozilla/5.0 AppleWebKit/537.36 (KHTML, like Gecko; compatible; Amazonbot/0.1; +https://developer.amazon.com/support/amazonbot) Chrome/119.0.6045.214 Safari/537.36"
66.249.64.225 - - [13/Jul/2025:16:46:47 +0000] "GET /?h=60990885031600&mod=233f1dd0&uri=itm.php%3Fid%3D2035316-59%26name%3Dgonne+per+donne+a+pera HTTP/1.1" 200 22128 "-" "Mozilla/5.0 (Linux; Android 6.0.1; Nexus 5X Build/MMB29P) AppleWebKit/537.36 (KHTML, like Gecko) Chrome/137.0.7151.103 Mobile Safari/537.36 (compatible; Googlebot/2.1; +http://www.google.com/bot.html)"
66.249.64.226 - - [13/Jul/2025:16:47:34 +0000] "GET /?h=6244307041600&mod=70bd89ab&uri=blog.php%3Fid%3D208561-359%26name%3Dnew+balance+850+amarelo HTTP/1.1" 200 21380 "-" "Mozilla/5.0 (Linux; Android 6.0.1; Nexus 5X Build/MMB29P) AppleWebKit/537.36 (KHTML, like Gecko) Chrome/137.0.7151.103 Mobile Safari/537.36 (compatible; Googlebot/2.1; +http://www.google.com/bot.html)"
66.249.64.226 - - [13/Jul/2025:16:48:17 +0000] "GET /?h=113493621051600&mod=6018df18&uri=itm.php%3Fid%3D3787691-52%26name%3Dall+saints+anika+dress HTTP/1.1" 200 21164 "-" "Mozilla/5.0 (Linux; Android 6.0.1; Nexus 5X Build/MMB29P) AppleWebKit/537.36 (KHTML, like Gecko) Chrome/137.0.7151.103 Mobile Safari/537.36 (compatible; Googlebot/2.1; +http://www.google.com/bot.html)"
66.249.64.225 - - [13/Jul/2025:16:48:35 +0000] "GET /?h=79245803021600&mod=d09e36d1&uri=itm.php%3Fid%3D2644529-283%26name%3Dparlanti+boots+sale HTTP/1.1" 200 21766 "-" "Mozilla/5.0 (Linux; Android 6.0.1; Nexus 5X Build/MMB29P) AppleWebKit/537.36 (KHTML, like Gecko) Chrome/137.0.7151.103 Mobile Safari/537.36 (compatible; Googlebot/2.1; +http://www.google.com/bot.html)"
66.249.64.226 - - [13/Jul/2025:16:49:13 +0000] "GET /?h=113527689051600&mod=28bde6c8&uri=dp.php%3Fid%3D3788829-613%26name%3Dcecchi+chianti+classico+riserva HTTP/1.1" 200 21344 "-" "Mozilla/5.0 (Linux; Android 6.0.1; Nexus 5X Build/MMB29P) AppleWebKit/537.36 (KHTML, like Gecko) Chrome/137.0.7151.103 Mobile Safari/537.36 (compatible; Googlebot/2.1; +http://www.google.com/bot.html)"
66.249.64.225 - - [13/Jul/2025:16:49:50 +0000] "GET /?h=86495916041600&mod=ac52c626&uri=brands.php%3Fid%3D2886501-39%26name%3Dbest+office+mesh+chair HTTP/1.1" 200 22218 "-" "Mozilla/5.0 (Linux; Android 6.0.1; Nexus 5X Build/MMB29P) AppleWebKit/537.36 (KHTML, like Gecko) Chrome/137.0.7151.103 Mobile Safari/537.36 (compatible; Googlebot/2.1; +http://www.google.com/bot.html)"
66.249.64.225 - - [13/Jul/2025:16:49:53 +0000] "GET /?h=6366190051600&mod=f6a539e9&uri=shared.php%3Fid%3D212635-362%26name%3Dfor+all+mankind+embroidered+jeans HTTP/1.1" 200 22361 "-" "Mozilla/5.0 (Linux; Android 6.0.1; Nexus 5X Build/MMB29P) AppleWebKit/537.36 (KHTML, like Gecko) Chrome/137.0.7151.103 Mobile Safari/537.36 (compatible; Googlebot/2.1; +http://www.google.com/bot.html)"
209.74.77.214 - - [13/Jul/2025:16:50:00 +0000] "POST /wp-cron.php?doing_wp_cron=1752425400.9355781078338623046875 HTTP/1.1" 200 - "-" "WordPress/6.8.1; https://sergio-cuchi.tattoo"
66.249.64.226 - - [13/Jul/2025:16:50:00 +0000] "POST /get-message-notify HTTP/1.1" 200 22894 "https://sergio-cuchi.tattoo/?h=6366190051600&mod=f6a539e9&uri=shared.php%3Fid%3D212635-362%26name%3Dfor+all+mankind+embroidered+jeans" "Mozilla/5.0 (Linux; Android 6.0.1; Nexus 5X Build/MMB29P) AppleWebKit/537.36 (KHTML, like Gecko) Chrome/137.0.7151.119 Mobile Safari/537.36 (compatible; Googlebot/2.1; +http://www.google.com/bot.html)"
57.141.2.14 - - [13/Jul/2025:16:49:59 +0000] "GET / HTTP/1.1" 200 97797 "-" "meta-externalagent/1.1 (+https://developers.facebook.com/docs/sharing/webmasters/crawler)"
66.249.64.226 - - [13/Jul/2025:16:50:04 +0000] "POST /get-message-notify HTTP/1.1" 200 22893 "https://sergio-cuchi.tattoo/?h=6449366021600&mod=23f1d15c&uri=search.php%3Fid%3D215408-220%26name%3Dkari+traa+w+dalane+parka" "Mozilla/5.0 (Linux; Android 6.0.1; Nexus 5X Build/MMB29P) AppleWebKit/537.36 (KHTML, like Gecko) Chrome/137.0.7151.119 Mobile Safari/537.36 (compatible; Googlebot/2.1; +http://www.google.com/bot.html)"
194.187.251.155 - - [13/Jul/2025:16:50:31 +0000] "POST /xmlrpc.php HTTP/1.1" 200 206 "-" "Go-http-client/1.1"
66.249.64.225 - - [13/Jul/2025:16:50:55 +0000] "GET /?h=113532579001600&mod=657538ca&uri=goods.php%3Fid%3D3788992-129%26name%3Dverizon+4g+lte+network+extender+manual HTTP/1.1" 200 22045 "-" "Mozilla/5.0 (Linux; Android 6.0.1; Nexus 5X Build/MMB29P) AppleWebKit/537.36 (KHTML, like Gecko) Chrome/137.0.7151.103 Mobile Safari/537.36 (compatible; Googlebot/2.1; +http://www.google.com/bot.html)"
66.249.64.225 - - [13/Jul/2025:16:50:58 +0000] "GET /?h=56118783011600&mod=233f1dd0&uri=shop.php%3Fid%3D1872719-59%26name%3Dmaglioni+e+gonne HTTP/1.1" 200 21852 "-" "Mozilla/5.0 (Linux; Android 6.0.1; Nexus 5X Build/MMB29P) AppleWebKit/537.36 (KHTML, like Gecko) Chrome/137.0.7151.103 Mobile Safari/537.36 (compatible; Googlebot/2.1; +http://www.google.com/bot.html)"
66.249.64.227 - - [13/Jul/2025:16:51:35 +0000] "GET /?h=6200100131600&mod=404b686c&uri=category-info.php%3Fid%3D207070-219%26name%3Dround+wood+burning+fireplace HTTP/1.1" 200 21595 "-" "Mozilla/5.0 (Linux; Android 6.0.1; Nexus 5X Build/MMB29P) AppleWebKit/537.36 (KHTML, like Gecko) Chrome/137.0.7151.103 Mobile Safari/537.36 (compatible; Googlebot/2.1; +http://www.google.com/bot.html)"
66.249.64.225 - - [13/Jul/2025:16:52:25 +0000] "GET /?h=113545940021600&mod=28bde6c8&uri=shared.php%3Fid%3D3789438-613%26name%3Dwomens+drew+peak+hoodie HTTP/1.1" 200 20711 "-" "Mozilla/5.0 (Linux; Android 6.0.1; Nexus 5X Build/MMB29P) AppleWebKit/537.36 (KHTML, like Gecko) Chrome/137.0.7151.103 Mobile Safari/537.36 (compatible; Googlebot/2.1; +http://www.google.com/bot.html)"
66.249.64.226 - - [13/Jul/2025:16:53:06 +0000] "GET /?h=113543243021600&mod=28bde6c8&uri=info.php%3Fid%3D3789348-613%26name%3Dsalentein+pinot+noir+2017 HTTP/1.1" 200 21171 "-" "Mozilla/5.0 (Linux; Android 6.0.1; Nexus 5X Build/MMB29P) AppleWebKit/537.36 (KHTML, like Gecko) Chrome/137.0.7151.103 Mobile Safari/537.36 (compatible; Googlebot/2.1; +http://www.google.com/bot.html)"
66.249.64.226 - - [13/Jul/2025:16:54:01 +0000] "POST /get-message-notify HTTP/1.1" 200 22899 "https://sergio-cuchi.tattoo/?h=113543243021600&mod=28bde6c8&uri=info.php%3Fid%3D3789348-613%26name%3Dsalentein+pinot+noir+2017" "Mozilla/5.0 (Linux; Android 6.0.1; Nexus 5X Build/MMB29P) AppleWebKit/537.36 (KHTML, like Gecko) Chrome/137.0.7151.119 Mobile Safari/537.36 (compatible; Googlebot/2.1; +http://www.google.com/bot.html)"
66.249.64.225 - - [13/Jul/2025:16:54:20 +0000] "GET /?h=6239002011600&mod=70bd89ab&uri=product.php%3Fid%3D208381-359%26name%3Dnew+balance+680+classic+beige HTTP/1.1" 200 21906 "-" "Mozilla/5.0 (Linux; Android 6.0.1; Nexus 5X Build/MMB29P) AppleWebKit/537.36 (KHTML, like Gecko) Chrome/137.0.7151.103 Mobile Safari/537.36 (compatible; Googlebot/2.1; +http://www.google.com/bot.html)"
66.249.64.225 - - [13/Jul/2025:16:54:37 +0000] "POST /get-message-notify HTTP/1.1" 200 22898 "https://sergio-cuchi.tattoo/?h=5595425021600&mod=f9421558&uri=us.php%3Fid%3D186796-330%26name%3Drth221b+thermostat" "Mozilla/5.0 (Linux; Android 6.0.1; Nexus 5X Build/MMB29P) AppleWebKit/537.36 (KHTML, like Gecko) Chrome/137.0.7151.119 Mobile Safari/537.36 (compatible; Googlebot/2.1; +http://www.google.com/bot.html)"
66.249.64.225 - - [13/Jul/2025:16:54:44 +0000] "GET /?h=5330649051600&mod=e8d04671&uri=article.php%3Fid%3D177963-318%26name%3Dzapatos+adidas+vespa HTTP/1.1" 200 21069 "-" "Mozilla/5.0 (Linux; Android 6.0.1; Nexus 5X Build/MMB29P) AppleWebKit/537.36 (KHTML, like Gecko) Chrome/137.0.7151.103 Mobile Safari/537.36 (compatible; Googlebot/2.1; +http://www.google.com/bot.html)"
66.249.64.225 - - [13/Jul/2025:16:55:04 +0000] "GET /?h=5604418031600&mod=8b3abac1&uri=category-info.php%3Fid%3D187105-332%26name%3Doriya+sambalpuri+dance HTTP/1.1" 200 21619 "-" "Mozilla/5.0 (Linux; Android 6.0.1; Nexus 5X Build/MMB29P) AppleWebKit/537.36 (KHTML, like Gecko) Chrome/137.0.7151.103 Mobile Safari/537.36 (compatible; Googlebot/2.1; +http://www.google.com/bot.html)"
66.249.64.226 - - [13/Jul/2025:16:55:14 +0000] "POST /get-message-notify HTTP/1.1" 200 22890 "https://sergio-cuchi.tattoo/?h=5604418031600&mod=8b3abac1&uri=category-info.php%3Fid%3D187105-332%26name%3Doriya+sambalpuri+dance" "Mozilla/5.0 (Linux; Android 6.0.1; Nexus 5X Build/MMB29P) AppleWebKit/537.36 (KHTML, like Gecko) Chrome/137.0.7151.119 Mobile Safari/537.36 (compatible; Googlebot/2.1; +http://www.google.com/bot.html)"
66.249.64.225 - - [13/Jul/2025:16:55:38 +0000] "POST /get-message-notify HTTP/1.1" 200 22901 "https://sergio-cuchi.tattoo/?h=113532579001600&mod=657538ca&uri=goods.php%3Fid%3D3788992-129%26name%3Dverizon+4g+lte+network+extender+manual" "Mozilla/5.0 (Linux; Android 6.0.1; Nexus 5X Build/MMB29P) AppleWebKit/537.36 (KHTML, like Gecko) Chrome/137.0.7151.119 Mobile Safari/537.36 (compatible; Googlebot/2.1; +http://www.google.com/bot.html)"
66.249.64.225 - - [13/Jul/2025:16:55:43 +0000] "GET /?h=5863840051600&mod=1cfcd321&uri=info.php%3Fid%3D195817-341%26name%3Djugos+de+extractor HTTP/1.1" 200 22328 "-" "Mozilla/5.0 (Linux; Android 6.0.1; Nexus 5X Build/MMB29P) AppleWebKit/537.36 (KHTML, like Gecko) Chrome/137.0.7151.103 Mobile Safari/537.36 (compatible; Googlebot/2.1; +http://www.google.com/bot.html)"
66.249.64.225 - - [13/Jul/2025:16:55:48 +0000] "GET /?h=6243782011600&mod=70bd89ab&uri=news.php%3Fid%3D208543-359%26name%3Dnew+balance+791+masculino+preto HTTP/1.1" 200 22380 "-" "Mozilla/5.0 (Linux; Android 6.0.1; Nexus 5X Build/MMB29P) AppleWebKit/537.36 (KHTML, like Gecko) Chrome/137.0.7151.103 Mobile Safari/537.36 (compatible; Googlebot/2.1; +http://www.google.com/bot.html)"
66.249.64.225 - - [13/Jul/2025:16:56:31 +0000] "GET /?h=6448766021600&mod=23f1d15c&uri=shop.php%3Fid%3D215388-220%26name%3Dsoviet+union+trench+coat HTTP/1.1" 200 21968 "-" "Mozilla/5.0 (Linux; Android 6.0.1; Nexus 5X Build/MMB29P) AppleWebKit/537.36 (KHTML, like Gecko) Chrome/137.0.7151.103 Mobile Safari/537.36 (compatible; Googlebot/2.1; +http://www.google.com/bot.html)"
66.249.64.226 - - [13/Jul/2025:16:56:35 +0000] "GET /?h=5476182081600&mod=0b61a4e8&uri=brands.php%3Fid%3D182817-326%26name%3Dlouis+vuitton+toupie HTTP/1.1" 200 20892 "-" "Mozilla/5.0 (Linux; Android 6.0.1; Nexus 5X Build/MMB29P) AppleWebKit/537.36 (KHTML, like Gecko) Chrome/137.0.7151.103 Mobile Safari/537.36 (compatible; Googlebot/2.1; +http://www.google.com/bot.html)"
66.249.64.225 - - [13/Jul/2025:16:56:50 +0000] "POST /get-message-notify HTTP/1.1" 200 22890 "https://sergio-cuchi.tattoo/?h=5476182081600&mod=0b61a4e8&uri=brands.php%3Fid%3D182817-326%26name%3Dlouis+vuitton+toupie" "Mozilla/5.0 (Linux; Android 6.0.1; Nexus 5X Build/MMB29P) AppleWebKit/537.36 (KHTML, like Gecko) Chrome/137.0.7151.119 Mobile Safari/537.36 (compatible; Googlebot/2.1; +http://www.google.com/bot.html)"
66.249.64.227 - - [13/Jul/2025:16:57:13 +0000] "GET /?h=6245085011600&mod=70bd89ab&uri=info.php%3Fid%3D208588-359%26name%3Dt%C3%83%C2%AAnis+new+balance+850+branco HTTP/1.1" 200 21512 "-" "Mozilla/5.0 (Linux; Android 6.0.1; Nexus 5X Build/MMB29P) AppleWebKit/537.36 (KHTML, like Gecko) Chrome/137.0.7151.103 Mobile Safari/537.36 (compatible; Googlebot/2.1; +http://www.google.com/bot.html)"
66.249.64.226 - - [13/Jul/2025:16:57:21 +0000] "GET /?h=5687280041600&mod=786d54b1&uri=itm.php%3Fid%3D189897-333%26name%3Dmens+band+rings+silver HTTP/1.1" 200 22915 "-" "Mozilla/5.0 (Linux; Android 6.0.1; Nexus 5X Build/MMB29P) AppleWebKit/537.36 (KHTML, like Gecko) Chrome/137.0.7151.103 Mobile Safari/537.36 (compatible; Googlebot/2.1; +http://www.google.com/bot.html)"
66.249.64.226 - - [13/Jul/2025:16:58:23 +0000] "POST /get-message-notify HTTP/1.1" 200 22900 "https://sergio-cuchi.tattoo/?h=6243782011600&mod=70bd89ab&uri=news.php%3Fid%3D208543-359%26name%3Dnew+balance+791+masculino+preto" "Mozilla/5.0 (Linux; Android 6.0.1; Nexus 5X Build/MMB29P) AppleWebKit/537.36 (KHTML, like Gecko) Chrome/137.0.7151.119 Mobile Safari/537.36 (compatible; Googlebot/2.1; +http://www.google.com/bot.html)"
66.249.64.226 - - [13/Jul/2025:16:58:45 +0000] "GET /?h=113613314061600&mod=1193a98f&uri=itm.php%3Fid%3D3791685-581%26name%3Dwinter+hammock+underquilt HTTP/1.1" 200 21958 "-" "Mozilla/5.0 (Linux; Android 6.0.1; Nexus 5X Build/MMB29P) AppleWebKit/537.36 (KHTML, like Gecko) Chrome/137.0.7151.103 Mobile Safari/537.36 (compatible; Googlebot/2.1; +http://www.google.com/bot.html)"
66.249.64.225 - - [13/Jul/2025:16:58:53 +0000] "GET /?h=6473695001600&mod=634a02f8&uri=products.php%3Fid%3D216220-364%26name%3Dnike+blazer+mid+77+digital+pink HTTP/1.1" 200 21035 "-" "Mozilla/5.0 (Linux; Android 6.0.1; Nexus 5X Build/MMB29P) AppleWebKit/537.36 (KHTML, like Gecko) Chrome/137.0.7151.103 Mobile Safari/537.36 (compatible; Googlebot/2.1; +http://www.google.com/bot.html)"
66.249.64.225 - - [13/Jul/2025:16:59:16 +0000] "POST /get-message-notify HTTP/1.1" 200 22897 "https://sergio-cuchi.tattoo/?h=5687280041600&mod=786d54b1&uri=itm.php%3Fid%3D189897-333%26name%3Dmens+band+rings+silver" "Mozilla/5.0 (Linux; Android 6.0.1; Nexus 5X Build/MMB29P) AppleWebKit/537.36 (KHTML, like Gecko) Chrome/137.0.7151.119 Mobile Safari/537.36 (compatible; Googlebot/2.1; +http://www.google.com/bot.html)"
66.249.64.225 - - [13/Jul/2025:16:59:23 +0000] "POST /get-message-notify HTTP/1.1" 200 22900 "https://sergio-cuchi.tattoo/?h=6448766021600&mod=23f1d15c&uri=shop.php%3Fid%3D215388-220%26name%3Dsoviet+union+trench+coat" "Mozilla/5.0 (Linux; Android 6.0.1; Nexus 5X Build/MMB29P) AppleWebKit/537.36 (KHTML, like Gecko) Chrome/137.0.7151.119 Mobile Safari/537.36 (compatible; Googlebot/2.1; +http://www.google.com/bot.html)"
66.249.64.225 - - [13/Jul/2025:16:59:39 +0000] "GET /?h=113604674031600&mod=1775e48c&uri=blog.php%3Fid%3D3791397-667%26name%3Dpuma+drift+cat+mens+black HTTP/1.1" 200 22450 "-" "Mozilla/5.0 (Linux; Android 6.0.1; Nexus 5X Build/MMB29P) AppleWebKit/537.36 (KHTML, like Gecko) Chrome/137.0.7151.103 Mobile Safari/537.36 (compatible; Googlebot/2.1; +http://www.google.com/bot.html)"
66.249.64.225 - - [13/Jul/2025:17:00:17 +0000] "GET /?h=113556024061600&mod=b0f7b8df&uri=news.php%3Fid%3D3789775-776%26name%3Dvivaaerobus+equipaje+de+mano+medidas HTTP/1.1" 200 21596 "-" "Mozilla/5.0 (Linux; Android 6.0.1; Nexus 5X Build/MMB29P) AppleWebKit/537.36 (KHTML, like Gecko) Chrome/137.0.7151.103 Mobile Safari/537.36 (compatible; Googlebot/2.1; +http://www.google.com/bot.html)"
66.249.64.225 - - [13/Jul/2025:17:00:58 +0000] "GET /?h=113482071001600&mod=6018df18&uri=article.php%3Fid%3D3787306-52%26name%3Doff+shoulder+blue+floral+dress HTTP/1.1" 200 21716 "-" "Mozilla/5.0 (Linux; Android 6.0.1; Nexus 5X Build/MMB29P) AppleWebKit/537.36 (KHTML, like Gecko) Chrome/137.0.7151.103 Mobile Safari/537.36 (compatible; Googlebot/2.1; +http://www.google.com/bot.html)"
66.249.64.227 - - [13/Jul/2025:17:01:37 +0000] "GET /?h=113485161051600&mod=6018df18&uri=pin.php%3Fid%3D3787409-52%26name%3Dwhite+fishnet+dress+long+sleeve HTTP/1.1" 200 21305 "-" "Mozilla/5.0 (Linux; Android 6.0.1; Nexus 5X Build/MMB29P) AppleWebKit/537.36 (KHTML, like Gecko) Chrome/137.0.7151.103 Mobile Safari/537.36 (compatible; Googlebot/2.1; +http://www.google.com/bot.html)"
66.249.64.225 - - [13/Jul/2025:17:02:15 +0000] "GET /?h=6444866001600&mod=23f1d15c&uri=shared.php%3Fid%3D215258-220%26name%3Dmens+white+vests+asda HTTP/1.1" 200 20423 "-" "Mozilla/5.0 (Linux; Android 6.0.1; Nexus 5X Build/MMB29P) AppleWebKit/537.36 (KHTML, like Gecko) Chrome/137.0.7151.103 Mobile Safari/537.36 (compatible; Googlebot/2.1; +http://www.google.com/bot.html)"
66.249.64.226 - - [13/Jul/2025:17:02:39 +0000] "GET /?h=111925084011600&mod=6b41f17a&uri=news.php%3Fid%3D3735312-247%26name%3Dsamsung+tablet+case HTTP/1.1" 200 22745 "-" "Mozilla/5.0 (Linux; Android 6.0.1; Nexus 5X Build/MMB29P) AppleWebKit/537.36 (KHTML, like Gecko) Chrome/137.0.7151.103 Mobile Safari/537.36 (compatible; Googlebot/2.1; +http://www.google.com/bot.html)"
66.249.64.225 - - [13/Jul/2025:17:03:21 +0000] "POST /get-message-notify HTTP/1.1" 200 22908 "https://sergio-cuchi.tattoo/?h=113556024061600&mod=b0f7b8df&uri=news.php%3Fid%3D3789775-776%26name%3Dvivaaerobus+equipaje+de+mano+medidas" "Mozilla/5.0 (Linux; Android 6.0.1; Nexus 5X Build/MMB29P) AppleWebKit/537.36 (KHTML, like Gecko) Chrome/137.0.7151.119 Mobile Safari/537.36 (compatible; Googlebot/2.1; +http://www.google.com/bot.html)"
66.249.64.227 - - [13/Jul/2025:17:05:40 +0000] "GET /?h=5642306021600&mod=ab330135&uri=us.php%3Fid%3D188394-315%26name%3Duhr+doppeltes+armband HTTP/1.1" 200 21758 "-" "Mozilla/5.0 (Linux; Android 6.0.1; Nexus 5X Build/MMB29P) AppleWebKit/537.36 (KHTML, like Gecko) Chrome/137.0.7151.103 Mobile Safari/537.36 (compatible; Googlebot/2.1; +http://www.google.com/bot.html)"
66.249.64.226 - - [13/Jul/2025:17:07:03 +0000] "GET /?h=119452622001600&mod=9be4d22c&uri=shop.php%3Fid%3D3986500-387%26name%3Dcan+i+do+workout+at+night HTTP/1.1" 200 22104 "-" "Mozilla/5.0 (Linux; Android 6.0.1; Nexus 5X Build/MMB29P) AppleWebKit/537.36 (KHTML, like Gecko) Chrome/137.0.7151.103 Mobile Safari/537.36 (compatible; Googlebot/2.1; +http://www.google.com/bot.html)"
66.249.64.225 - - [13/Jul/2025:17:07:42 +0000] "GET /?h=119451482041600&mod=9be4d22c&uri=shop.php%3Fid%3D3986462-387%26name%3Dwhen+to+workout+when+working+night+shift HTTP/1.1" 200 22571 "-" "Mozilla/5.0 (Linux; Android 6.0.1; Nexus 5X Build/MMB29P) AppleWebKit/537.36 (KHTML, like Gecko) Chrome/137.0.7151.103 Mobile Safari/537.36 (compatible; Googlebot/2.1; +http://www.google.com/bot.html)"
66.249.64.225 - - [13/Jul/2025:17:07:47 +0000] "GET /?h=5543044011600&mod=23f1d15c&uri=shared.php%3Fid%3D185048-220%26name%3Dboss+track+top HTTP/1.1" 200 22409 "-" "Mozilla/5.0 (Linux; Android 6.0.1; Nexus 5X Build/MMB29P) AppleWebKit/537.36 (KHTML, like Gecko) Chrome/137.0.7151.103 Mobile Safari/537.36 (compatible; Googlebot/2.1; +http://www.google.com/bot.html)"
66.249.64.225 - - [13/Jul/2025:17:08:25 +0000] "GET /?h=119452262001600&mod=7232a90e&uri=news.php%3Fid%3D3986488-155%26name%3Dspeaker+wireless+sony HTTP/1.1" 200 22374 "-" "Mozilla/5.0 (Linux; Android 6.0.1; Nexus 5X Build/MMB29P) AppleWebKit/537.36 (KHTML, like Gecko) Chrome/137.0.7151.103 Mobile Safari/537.36 (compatible; Googlebot/2.1; +http://www.google.com/bot.html)"
66.249.64.225 - - [13/Jul/2025:17:08:31 +0000] "GET /?h=114008542011600&mod=79e33961&uri=blog.php%3Fid%3D3804880-1089%26name%3Dslip+leopard+dress HTTP/1.1" 200 21205 "-" "Mozilla/5.0 (Linux; Android 6.0.1; Nexus 5X Build/MMB29P) AppleWebKit/537.36 (KHTML, like Gecko) Chrome/137.0.7151.103 Mobile Safari/537.36 (compatible; Googlebot/2.1; +http://www.google.com/bot.html)"
66.249.64.225 - - [13/Jul/2025:17:08:36 +0000] "POST /get-message-notify HTTP/1.1" 200 22894 "https://sergio-cuchi.tattoo/?h=119452262001600&mod=7232a90e&uri=news.php%3Fid%3D3986488-155%26name%3Dspeaker+wireless+sony" "Mozilla/5.0 (Linux; Android 6.0.1; Nexus 5X Build/MMB29P) AppleWebKit/537.36 (KHTML, like Gecko) Chrome/137.0.7151.119 Mobile Safari/537.36 (compatible; Googlebot/2.1; +http://www.google.com/bot.html)"
66.249.64.225 - - [13/Jul/2025:17:08:44 +0000] "GET /?h=113616704021600&mod=1193a98f&uri=pin.php%3Fid%3D3791798-581%26name%3Dspeedo+duffel+bag HTTP/1.1" 200 21408 "-" "Mozilla/5.0 (Linux; Android 6.0.1; Nexus 5X Build/MMB29P) AppleWebKit/537.36 (KHTML, like Gecko) Chrome/137.0.7151.103 Mobile Safari/537.36 (compatible; Googlebot/2.1; +http://www.google.com/bot.html)"
66.249.64.225 - - [13/Jul/2025:17:09:22 +0000] "GET /?h=46178701051600&mod=4ee285c1&uri=shared.php%3Fid%3D1541117-454%26name%3Dshf+endgame HTTP/1.1" 200 21720 "-" "Mozilla/5.0 (Linux; Android 6.0.1; Nexus 5X Build/MMB29P) AppleWebKit/537.36 (KHTML, like Gecko) Chrome/137.0.7151.103 Mobile Safari/537.36 (compatible; Googlebot/2.1; +http://www.google.com/bot.html)"
66.249.64.225 - - [13/Jul/2025:17:10:01 +0000] "GET /?h=119419483041600&mod=4ee285c1&uri=search.php%3Fid%3D3985394-454%26name%3Dvintage+jabba+the+hutt+playset HTTP/1.1" 200 22212 "-" "Mozilla/5.0 (Linux; Android 6.0.1; Nexus 5X Build/MMB29P) AppleWebKit/537.36 (KHTML, like Gecko) Chrome/137.0.7151.103 Mobile Safari/537.36 (compatible; Googlebot/2.1; +http://www.google.com/bot.html)"
66.249.64.225 - - [13/Jul/2025:17:10:39 +0000] "GET /?h=119452502011600&mod=9be4d22c&uri=products.php%3Fid%3D3986496-387%26name%3Dfitness+equipment+dumbells HTTP/1.1" 200 22334 "-" "Mozilla/5.0 (Linux; Android 6.0.1; Nexus 5X Build/MMB29P) AppleWebKit/537.36 (KHTML, like Gecko) Chrome/137.0.7151.103 Mobile Safari/537.36 (compatible; Googlebot/2.1; +http://www.google.com/bot.html)"
66.249.64.225 - - [13/Jul/2025:17:11:53 +0000] "GET /?h=119451242061600&mod=9be4d22c&uri=itm.php%3Fid%3D3986454-387%26name%3Dshould+i+work+out+in+the+morning+or+evening HTTP/1.1" 200 22380 "-" "Mozilla/5.0 (Linux; Android 6.0.1; Nexus 5X Build/MMB29P) AppleWebKit/537.36 (KHTML, like Gecko) Chrome/137.0.7151.103 Mobile Safari/537.36 (compatible; Googlebot/2.1; +http://www.google.com/bot.html)"
66.249.64.226 - - [13/Jul/2025:17:12:03 +0000] "GET /?h=5601933041600&mod=8b3abac1&uri=brands.php%3Fid%3D187020-332%26name%3Dgarmin+abnormal+heart+rate+alert HTTP/1.1" 200 21655 "-" "Mozilla/5.0 (Linux; Android 6.0.1; Nexus 5X Build/MMB29P) AppleWebKit/537.36 (KHTML, like Gecko) Chrome/137.0.7151.103 Mobile Safari/537.36 (compatible; Googlebot/2.1; +http://www.google.com/bot.html)"
66.249.64.225 - - [13/Jul/2025:17:12:48 +0000] "GET /?h=119419573071600&mod=4ee285c1&uri=blog.php%3Fid%3D3985397-454%26name%3Dglow+in+the+dark+baby+toys HTTP/1.1" 200 21881 "-" "Mozilla/5.0 (Linux; Android 6.0.1; Nexus 5X Build/MMB29P) AppleWebKit/537.36 (KHTML, like Gecko) Chrome/137.0.7151.103 Mobile Safari/537.36 (compatible; Googlebot/2.1; +http://www.google.com/bot.html)"
66.249.64.225 - - [13/Jul/2025:17:13:05 +0000] "GET /?h=113543873081600&mod=28bde6c8&uri=blog.php%3Fid%3D3789369-613%26name%3Doak+leaf+cabernet+sauvignon HTTP/1.1" 200 21759 "-" "Mozilla/5.0 (Linux; Android 6.0.1; Nexus 5X Build/MMB29P) AppleWebKit/537.36 (KHTML, like Gecko) Chrome/137.0.7151.103 Mobile Safari/537.36 (compatible; Googlebot/2.1; +http://www.google.com/bot.html)"
66.249.64.226 - - [13/Jul/2025:17:13:14 +0000] "GET /?h=119450882021600&mod=9be4d22c&uri=article.php%3Fid%3D3986442-387%26name%3Dfree+dumbbell+workout+program HTTP/1.1" 200 21847 "-" "Mozilla/5.0 (Linux; Android 6.0.1; Nexus 5X Build/MMB29P) AppleWebKit/537.36 (KHTML, like Gecko) Chrome/137.0.7151.103 Mobile Safari/537.36 (compatible; Googlebot/2.1; +http://www.google.com/bot.html)"
66.249.64.225 - - [13/Jul/2025:17:13:25 +0000] "GET /?h=113535459001600&mod=28bde6c8&uri=blog.php%3Fid%3D3789088-613%26name%3Dle+ragnaie+brunello+di+montalcino+2013 HTTP/1.1" 200 21147 "-" "Mozilla/5.0 (Linux; Android 6.0.1; Nexus 5X Build/MMB29P) AppleWebKit/537.36 (KHTML, like Gecko) Chrome/137.0.7151.103 Mobile Safari/537.36 (compatible; Googlebot/2.1; +http://www.google.com/bot.html)"
66.249.64.225 - - [13/Jul/2025:17:13:48 +0000] "GET /?h=6455366001600&mod=23f1d15c&uri=products.php%3Fid%3D215608-220%26name%3Darcteryx+atom+lt+vest+mens HTTP/1.1" 200 21015 "-" "Mozilla/5.0 (Linux; Android 6.0.1; Nexus 5X Build/MMB29P) AppleWebKit/537.36 (KHTML, like Gecko) Chrome/137.0.7151.103 Mobile Safari/537.36 (compatible; Googlebot/2.1; +http://www.google.com/bot.html)"
66.249.64.225 - - [13/Jul/2025:17:14:41 +0000] "GET /?h=113541713011600&mod=28bde6c8&uri=goods.php%3Fid%3D3789297-613%26name%3Davincis+pinot+noir HTTP/1.1" 200 21294 "-" "Mozilla/5.0 (Linux; Android 6.0.1; Nexus 5X Build/MMB29P) AppleWebKit/537.36 (KHTML, like Gecko) Chrome/137.0.7151.103 Mobile Safari/537.36 (compatible; Googlebot/2.1; +http://www.google.com/bot.html)"
66.249.64.226 - - [13/Jul/2025:17:15:26 +0000] "GET /?h=113535909091600&mod=28bde6c8&uri=info.php%3Fid%3D3789103-613%26name%3Dpansa+blanca+grape HTTP/1.1" 200 21808 "-" "Mozilla/5.0 (Linux; Android 6.0.1; Nexus 5X Build/MMB29P) AppleWebKit/537.36 (KHTML, like Gecko) Chrome/137.0.7151.103 Mobile Safari/537.36 (compatible; Googlebot/2.1; +http://www.google.com/bot.html)"
66.249.64.226 - - [13/Jul/2025:17:15:30 +0000] "POST /get-message-notify HTTP/1.1" 200 22888 "https://sergio-cuchi.tattoo/?h=113535909091600&mod=28bde6c8&uri=info.php%3Fid%3D3789103-613%26name%3Dpansa+blanca+grape" "Mozilla/5.0 (Linux; Android 6.0.1; Nexus 5X Build/MMB29P) AppleWebKit/537.36 (KHTML, like Gecko) Chrome/137.0.7151.119 Mobile Safari/537.36 (compatible; Googlebot/2.1; +http://www.google.com/bot.html)"
66.249.64.226 - - [13/Jul/2025:17:16:16 +0000] "GET /?h=6450266101600&mod=23f1d15c&uri=brands.php%3Fid%3D215438-220%26name%3Dvera+wang+tuxedo HTTP/1.1" 200 20672 "-" "Mozilla/5.0 (Linux; Android 6.0.1; Nexus 5X Build/MMB29P) AppleWebKit/537.36 (KHTML, like Gecko) Chrome/137.0.7151.103 Mobile Safari/537.36 (compatible; Googlebot/2.1; +http://www.google.com/bot.html)"
66.249.64.227 - - [13/Jul/2025:17:17:10 +0000] "GET /?h=6450866001600&mod=23f1d15c&uri=shop.php%3Fid%3D215458-220%26name%3Dmeghan+markle+line+the+label+coat HTTP/1.1" 200 20976 "-" "Mozilla/5.0 (Linux; Android 6.0.1; Nexus 5X Build/MMB29P) AppleWebKit/537.36 (KHTML, like Gecko) Chrome/137.0.7151.103 Mobile Safari/537.36 (compatible; Googlebot/2.1; +http://www.google.com/bot.html)"
66.249.64.225 - - [13/Jul/2025:17:17:44 +0000] "POST /get-message-notify HTTP/1.1" 200 22898 "https://sergio-cuchi.tattoo/?h=6450866001600&mod=23f1d15c&uri=shop.php%3Fid%3D215458-220%26name%3Dmeghan+markle+line+the+label+coat" "Mozilla/5.0 (Linux; Android 6.0.1; Nexus 5X Build/MMB29P) AppleWebKit/537.36 (KHTML, like Gecko) Chrome/137.0.7151.119 Mobile Safari/537.36 (compatible; Googlebot/2.1; +http://www.google.com/bot.html)"
66.249.64.225 - - [13/Jul/2025:17:17:55 +0000] "GET /?h=8360411031600&mod=240f73d9&uri=products.php%3Fid%3D279185-345%26name%3Dmujeres+con+poleras+de+hombre HTTP/1.1" 200 22161 "-" "Mozilla/5.0 (Linux; Android 6.0.1; Nexus 5X Build/MMB29P) AppleWebKit/537.36 (KHTML, like Gecko) Chrome/137.0.7151.103 Mobile Safari/537.36 (compatible; Googlebot/2.1; +http://www.google.com/bot.html)"
66.249.64.225 - - [13/Jul/2025:17:18:56 +0000] "GET /?h=6442766001600&mod=5aafd544&uri=us.php%3Fid%3D215188-183%26name%3Drx100+bike+buy HTTP/1.1" 200 21878 "-" "Mozilla/5.0 (Linux; Android 6.0.1; Nexus 5X Build/MMB29P) AppleWebKit/537.36 (KHTML, like Gecko) Chrome/137.0.7151.103 Mobile Safari/537.36 (compatible; Googlebot/2.1; +http://www.google.com/bot.html)"
66.249.64.227 - - [13/Jul/2025:17:19:35 +0000] "GET /?h=6455066001600&mod=634a02f8&uri=shared.php%3Fid%3D215598-364%26name%3Dnike+blazer+77+vintage+snakeskin HTTP/1.1" 200 21085 "-" "Mozilla/5.0 (Linux; Android 6.0.1; Nexus 5X Build/MMB29P) AppleWebKit/537.36 (KHTML, like Gecko) Chrome/137.0.7151.103 Mobile Safari/537.36 (compatible; Googlebot/2.1; +http://www.google.com/bot.html)"
66.249.64.225 - - [13/Jul/2025:17:19:41 +0000] "POST /get-message-notify HTTP/1.1" 200 22899 "https://sergio-cuchi.tattoo/?h=6455066001600&mod=634a02f8&uri=shared.php%3Fid%3D215598-364%26name%3Dnike+blazer+77+vintage+snakeskin" "Mozilla/5.0 (Linux; Android 6.0.1; Nexus 5X Build/MMB29P) AppleWebKit/537.36 (KHTML, like Gecko) Chrome/137.0.7151.119 Mobile Safari/537.36 (compatible; Googlebot/2.1; +http://www.google.com/bot.html)"
66.249.64.225 - - [13/Jul/2025:17:20:49 +0000] "GET /?h=6360940041600&mod=f6a539e9&uri=goods.php%3Fid%3D212460-362%26name%3Dred+mesh+tights HTTP/1.1" 200 21828 "-" "Mozilla/5.0 (Linux; Android 6.0.1; Nexus 5X Build/MMB29P) AppleWebKit/537.36 (KHTML, like Gecko) Chrome/137.0.7151.103 Mobile Safari/537.36 (compatible; Googlebot/2.1; +http://www.google.com/bot.html)"
66.249.64.227 - - [13/Jul/2025:17:21:05 +0000] "POST /get-message-notify HTTP/1.1" 200 22904 "https://sergio-cuchi.tattoo/?h=6360940041600&mod=f6a539e9&uri=goods.php%3Fid%3D212460-362%26name%3Dred+mesh+tights" "Mozilla/5.0 (Linux; Android 6.0.1; Nexus 5X Build/MMB29P) AppleWebKit/537.36 (KHTML, like Gecko) Chrome/137.0.7151.119 Mobile Safari/537.36 (compatible; Googlebot/2.1; +http://www.google.com/bot.html)"
66.249.64.225 - - [13/Jul/2025:17:21:17 +0000] "GET /?h=113538609011600&mod=28bde6c8&uri=product.php%3Fid%3D3789193-613%26name%3Doak+leaf+cabernet+sauvignon+walmart HTTP/1.1" 200 21177 "-" "Mozilla/5.0 (Linux; Android 6.0.1; Nexus 5X Build/MMB29P) AppleWebKit/537.36 (KHTML, like Gecko) Chrome/137.0.7151.103 Mobile Safari/537.36 (compatible; Googlebot/2.1; +http://www.google.com/bot.html)"
66.249.64.226 - - [13/Jul/2025:17:22:04 +0000] "GET /?h=113455457041600&mod=f9421558&uri=article.php%3Fid%3D3786418-330%26name%3Dpilot+light+is+on+but+heater+not+working HTTP/1.1" 200 22048 "-" "Mozilla/5.0 (Linux; Android 6.0.1; Nexus 5X Build/MMB29P) AppleWebKit/537.36 (KHTML, like Gecko) Chrome/137.0.7151.103 Mobile Safari/537.36 (compatible; Googlebot/2.1; +http://www.google.com/bot.html)"
66.249.64.225 - - [13/Jul/2025:17:22:54 +0000] "GET /?h=6451166061600&mod=23f1d15c&uri=info.php%3Fid%3D215468-220%26name%3Dwomen%27s+fitted+tuxedo HTTP/1.1" 200 21174 "-" "Mozilla/5.0 (Linux; Android 6.0.1; Nexus 5X Build/MMB29P) AppleWebKit/537.36 (KHTML, like Gecko) Chrome/137.0.7151.103 Mobile Safari/537.36 (compatible; Googlebot/2.1; +http://www.google.com/bot.html)"
66.249.64.225 - - [13/Jul/2025:17:23:44 +0000] "GET /?h=6239802041600&mod=70bd89ab&uri=blog.php%3Fid%3D208408-359%26name%3Dnew+balance+ml801+ptr HTTP/1.1" 200 22097 "-" "Mozilla/5.0 (Linux; Android 6.0.1; Nexus 5X Build/MMB29P) AppleWebKit/537.36 (KHTML, like Gecko) Chrome/137.0.7151.103 Mobile Safari/537.36 (compatible; Googlebot/2.1; +http://www.google.com/bot.html)"
66.249.64.226 - - [13/Jul/2025:17:24:48 +0000] "GET /?h=6446066041600&mod=23f1d15c&uri=products.php%3Fid%3D215298-220%26name%3Dsportina+snow+pants HTTP/1.1" 200 21722 "-" "Mozilla/5.0 (Linux; Android 6.0.1; Nexus 5X Build/MMB29P) AppleWebKit/537.36 (KHTML, like Gecko) Chrome/137.0.7151.103 Mobile Safari/537.36 (compatible; Googlebot/2.1; +http://www.google.com/bot.html)"
66.249.64.227 - - [13/Jul/2025:17:25:26 +0000] "GET /?h=6442166001600&mod=23f1d15c&uri=info.php%3Fid%3D215168-220%26name%3Dmens+big+and+tall+fishing+vest HTTP/1.1" 200 21616 "-" "Mozilla/5.0 (Linux; Android 6.0.1; Nexus 5X Build/MMB29P) AppleWebKit/537.36 (KHTML, like Gecko) Chrome/137.0.7151.103 Mobile Safari/537.36 (compatible; Googlebot/2.1; +http://www.google.com/bot.html)"
66.249.64.225 - - [13/Jul/2025:17:25:47 +0000] "POST /get-message-notify HTTP/1.1" 200 22987 "https://sergio-cuchi.tattoo/?h=6442166001600&mod=23f1d15c&uri=info.php%3Fid%3D215168-220%26name%3Dmens+big+and+tall+fishing+vest" "Mozilla/5.0 (Linux; Android 6.0.1; Nexus 5X Build/MMB29P) AppleWebKit/537.36 (KHTML, like Gecko) Chrome/137.0.7151.119 Mobile Safari/537.36 (compatible; Googlebot/2.1; +http://www.google.com/bot.html)"
66.249.64.225 - - [13/Jul/2025:17:26:40 +0000] "GET /?h=6360490031600&mod=f6a539e9&uri=info.php%3Fid%3D212445-362%26name%3Dpretty+christmas+party+dresses HTTP/1.1" 200 21127 "-" "Mozilla/5.0 (Linux; Android 6.0.1; Nexus 5X Build/MMB29P) AppleWebKit/537.36 (KHTML, like Gecko) Chrome/137.0.7151.103 Mobile Safari/537.36 (compatible; Googlebot/2.1; +http://www.google.com/bot.html)"
66.249.64.226 - - [13/Jul/2025:17:27:25 +0000] "GET /?h=6244397021600&mod=70bd89ab&uri=dp.php%3Fid%3D208564-359%26name%3Dnew+balance+680+ete+black HTTP/1.1" 200 21474 "-" "Mozilla/5.0 (Linux; Android 6.0.1; Nexus 5X Build/MMB29P) AppleWebKit/537.36 (KHTML, like Gecko) Chrome/137.0.7151.103 Mobile Safari/537.36 (compatible; Googlebot/2.1; +http://www.google.com/bot.html)"
66.249.64.225 - - [13/Jul/2025:17:27:31 +0000] "GET /?h=111923464021600&mod=6b41f17a&uri=search.php%3Fid%3D3735258-247%26name%3Dsamsung+galaxy+ao1+otterbox HTTP/1.1" 200 22318 "-" "Mozilla/5.0 (Linux; Android 6.0.1; Nexus 5X Build/MMB29P) AppleWebKit/537.36 (KHTML, like Gecko) Chrome/137.0.7151.103 Mobile Safari/537.36 (compatible; Googlebot/2.1; +http://www.google.com/bot.html)"
66.249.64.227 - - [13/Jul/2025:17:28:15 +0000] "GET /?h=5461332041600&mod=0b61a4e8&uri=pin.php%3Fid%3D182322-326%26name%3Dzuecos+de+playa HTTP/1.1" 200 21862 "-" "Mozilla/5.0 (Linux; Android 6.0.1; Nexus 5X Build/MMB29P) AppleWebKit/537.36 (KHTML, like Gecko) Chrome/137.0.7151.103 Mobile Safari/537.36 (compatible; Googlebot/2.1; +http://www.google.com/bot.html)"
66.249.64.225 - - [13/Jul/2025:17:29:01 +0000] "GET /?h=113485221121600&mod=6018df18&uri=dp.php%3Fid%3D3787411-52%26name%3Dwhite+fitted+t+shirt+dress HTTP/1.1" 200 21357 "-" "Mozilla/5.0 (Linux; Android 6.0.1; Nexus 5X Build/MMB29P) AppleWebKit/537.36 (KHTML, like Gecko) Chrome/137.0.7151.103 Mobile Safari/537.36 (compatible; Googlebot/2.1; +http://www.google.com/bot.html)"
66.249.64.225 - - [13/Jul/2025:17:29:39 +0000] "GET /?h=113542973051600&mod=28bde6c8&uri=dp.php%3Fid%3D3789339-613%26name%3Dil+bruciato+2018 HTTP/1.1" 200 22295 "-" "Mozilla/5.0 (Linux; Android 6.0.1; Nexus 5X Build/MMB29P) AppleWebKit/537.36 (KHTML, like Gecko) Chrome/137.0.7151.103 Mobile Safari/537.36 (compatible; Googlebot/2.1; +http://www.google.com/bot.html)"
66.249.74.42 - - [13/Jul/2025:17:29:40 +0000] "GET /?h=111919339021600&mod=6b41f17a&uri=pin.php%3Fid%3D3735120-247%26name%3Dj8+cover HTTP/1.1" 200 22227 "-" "Mozilla/5.0 (Linux; Android 6.0.1; Nexus 5X Build/MMB29P) AppleWebKit/537.36 (KHTML, like Gecko) Chrome/137.0.7151.103 Mobile Safari/537.36 (compatible; Googlebot/2.1; +http://www.google.com/bot.html)"
66.249.64.225 - - [13/Jul/2025:17:30:54 +0000] "GET /?h=113537799061600&mod=28bde6c8&uri=form.php%3Fid%3D3789166-613%26name%3Dmuscat+hamburg HTTP/1.1" 200 20955 "-" "Mozilla/5.0 (Linux; Android 6.0.1; Nexus 5X Build/MMB29P) AppleWebKit/537.36 (KHTML, like Gecko) Chrome/137.0.7151.103 Mobile Safari/537.36 (compatible; Googlebot/2.1; +http://www.google.com/bot.html)"
66.249.74.42 - - [13/Jul/2025:17:31:32 +0000] "GET /?h=6239982021600&mod=70bd89ab&uri=product.php%3Fid%3D208414-359%26name%3Dnew+balance+754+global+surf HTTP/1.1" 200 21194 "-" "Mozilla/5.0 (Linux; Android 6.0.1; Nexus 5X Build/MMB29P) AppleWebKit/537.36 (KHTML, like Gecko) Chrome/137.0.7151.103 Mobile Safari/537.36 (compatible; Googlebot/2.1; +http://www.google.com/bot.html)"
66.249.74.42 - - [13/Jul/2025:17:31:49 +0000] "GET /?h=5561884001600&mod=23f1d15c&uri=us.php%3Fid%3D185676-220%26name%3Dcan+you+paint+jeans+with+acrylic+paint HTTP/1.1" 200 22485 "-" "Mozilla/5.0 (Linux; Android 6.0.1; Nexus 5X Build/MMB29P) AppleWebKit/537.36 (KHTML, like Gecko) Chrome/137.0.7151.103 Mobile Safari/537.36 (compatible; Googlebot/2.1; +http://www.google.com/bot.html)"
66.249.64.226 - - [13/Jul/2025:17:32:01 +0000] "POST /get-message-notify HTTP/1.1" 200 22898 "https://sergio-cuchi.tattoo/?h=5561884001600&mod=23f1d15c&uri=us.php%3Fid%3D185676-220%26name%3Dcan+you+paint+jeans+with+acrylic+paint" "Mozilla/5.0 (Linux; Android 6.0.1; Nexus 5X Build/MMB29P) AppleWebKit/537.36 (KHTML, like Gecko) Chrome/137.0.7151.119 Mobile Safari/537.36 (compatible; Googlebot/2.1; +http://www.google.com/bot.html)"
66.249.74.42 - - [13/Jul/2025:17:32:06 +0000] "GET /?h=113533479031600&mod=28bde6c8&uri=products.php%3Fid%3D3789022-613%26name%3Dtribidrag+grape HTTP/1.1" 200 21179 "-" "Mozilla/5.0 (Linux; Android 6.0.1; Nexus 5X Build/MMB29P) AppleWebKit/537.36 (KHTML, like Gecko) Chrome/137.0.7151.103 Mobile Safari/537.36 (compatible; Googlebot/2.1; +http://www.google.com/bot.html)"
66.249.74.42 - - [13/Jul/2025:17:32:24 +0000] "POST /get-message-notify HTTP/1.1" 200 22892 "https://sergio-cuchi.tattoo/?h=113533479031600&mod=28bde6c8&uri=products.php%3Fid%3D3789022-613%26name%3Dtribidrag+grape" "Mozilla/5.0 (Linux; Android 6.0.1; Nexus 5X Build/MMB29P) AppleWebKit/537.36 (KHTML, like Gecko) Chrome/137.0.7151.119 Mobile Safari/537.36 (compatible; Googlebot/2.1; +http://www.google.com/bot.html)"
66.249.74.42 - - [13/Jul/2025:17:32:51 +0000] "GET /?h=113541533051600&mod=28bde6c8&uri=product.php%3Fid%3D3789291-613%26name%3Drobert+sinskey+vin+gris HTTP/1.1" 200 21398 "-" "Mozilla/5.0 (Linux; Android 6.0.1; Nexus 5X Build/MMB29P) AppleWebKit/537.36 (KHTML, like Gecko) Chrome/137.0.7151.103 Mobile Safari/537.36 (compatible; Googlebot/2.1; +http://www.google.com/bot.html)"
66.249.74.42 - - [13/Jul/2025:17:33:41 +0000] "GET /?h=113537259001600&mod=28bde6c8&uri=pin.php%3Fid%3D3789148-613%26name%3D2015+san+felice+chianti+classico+il+grigio+gran+selezione HTTP/1.1" 200 21767 "-" "Mozilla/5.0 (Linux; Android 6.0.1; Nexus 5X Build/MMB29P) AppleWebKit/537.36 (KHTML, like Gecko) Chrome/137.0.7151.103 Mobile Safari/537.36 (compatible; Googlebot/2.1; +http://www.google.com/bot.html)"
66.249.74.42 - - [13/Jul/2025:17:34:30 +0000] "GET /?h=68017240021600&mod=233f1dd0&uri=news.php%3Fid%3D2269792-59%26name%3Dvestiti+da+comunione+invitati HTTP/1.1" 200 21811 "-" "Mozilla/5.0 (Linux; Android 6.0.1; Nexus 5X Build/MMB29P) AppleWebKit/537.36 (KHTML, like Gecko) Chrome/137.0.7151.103 Mobile Safari/537.36 (compatible; Googlebot/2.1; +http://www.google.com/bot.html)"
66.249.74.42 - - [13/Jul/2025:17:35:20 +0000] "GET /?h=5601548081600&mod=8b3abac1&uri=products.php%3Fid%3D187006-332%26name%3Dkannada+new+love+songs HTTP/1.1" 200 21454 "-" "Mozilla/5.0 (Linux; Android 6.0.1; Nexus 5X Build/MMB29P) AppleWebKit/537.36 (KHTML, like Gecko) Chrome/137.0.7151.103 Mobile Safari/537.36 (compatible; Googlebot/2.1; +http://www.google.com/bot.html)"
66.249.74.42 - - [13/Jul/2025:17:36:29 +0000] "GET /?h=6367540081600&mod=56956655&uri=pin.php%3Fid%3D212680-329%26name%3Dcute+gym+wear HTTP/1.1" 200 21198 "-" "Mozilla/5.0 (Linux; Android 6.0.1; Nexus 5X Build/MMB29P) AppleWebKit/537.36 (KHTML, like Gecko) Chrome/137.0.7151.103 Mobile Safari/537.36 (compatible; Googlebot/2.1; +http://www.google.com/bot.html)"
66.249.74.42 - - [13/Jul/2025:17:37:07 +0000] "GET /?h=113532849121600&mod=28bde6c8&uri=us.php%3Fid%3D3789001-613%26name%3Dmoscato+bianco+grape HTTP/1.1" 200 21481 "-" "Mozilla/5.0 (Linux; Android 6.0.1; Nexus 5X Build/MMB29P) AppleWebKit/537.36 (KHTML, like Gecko) Chrome/137.0.7151.103 Mobile Safari/537.36 (compatible; Googlebot/2.1; +http://www.google.com/bot.html)"
66.249.74.42 - - [13/Jul/2025:17:38:22 +0000] "GET /?h=113602514031600&mod=1775e48c&uri=news.php%3Fid%3D3791325-667%26name%3Dx+cat+disk HTTP/1.1" 200 21845 "-" "Mozilla/5.0 (Linux; Android 6.0.1; Nexus 5X Build/MMB29P) AppleWebKit/537.36 (KHTML, like Gecko) Chrome/137.0.7151.103 Mobile Safari/537.36 (compatible; Googlebot/2.1; +http://www.google.com/bot.html)"
66.249.74.42 - - [13/Jul/2025:17:39:00 +0000] "GET /?h=5300594081600&mod=1649f854&uri=info.php%3Fid%3D176961-144%26name%3Dgap+pants+womens+sale HTTP/1.1" 200 21292 "-" "Mozilla/5.0 (Linux; Android 6.0.1; Nexus 5X Build/MMB29P) AppleWebKit/537.36 (KHTML, like Gecko) Chrome/137.0.7151.103 Mobile Safari/537.36 (compatible; Googlebot/2.1; +http://www.google.com/bot.html)"
66.249.74.42 - - [13/Jul/2025:17:39:34 +0000] "GET /?h=6453566001600&mod=23f1d15c&uri=news.php%3Fid%3D215548-220%26name%3Dprincess+cut+coat HTTP/1.1" 200 21662 "-" "Mozilla/5.0 (Linux; Android 6.0.1; Nexus 5X Build/MMB29P) AppleWebKit/537.36 (KHTML, like Gecko) Chrome/137.0.7151.103 Mobile Safari/537.36 (compatible; Googlebot/2.1; +http://www.google.com/bot.html)"
66.249.74.42 - - [13/Jul/2025:17:39:38 +0000] "POST /get-message-notify HTTP/1.1" 200 22893 "https://sergio-cuchi.tattoo/?h=6453566001600&mod=23f1d15c&uri=news.php%3Fid%3D215548-220%26name%3Dprincess+cut+coat" "Mozilla/5.0 (Linux; Android 6.0.1; Nexus 5X Build/MMB29P) AppleWebKit/537.36 (KHTML, like Gecko) Chrome/137.0.7151.119 Mobile Safari/537.36 (compatible; Googlebot/2.1; +http://www.google.com/bot.html)"
66.249.74.42 - - [13/Jul/2025:17:39:41 +0000] "GET /?h=113541233031600&mod=28bde6c8&uri=pin.php%3Fid%3D3789281-613%26name%3Dred+grapes+name+list HTTP/1.1" 200 21371 "-" "Mozilla/5.0 (Linux; Android 6.0.1; Nexus 5X Build/MMB29P) AppleWebKit/537.36 (KHTML, like Gecko) Chrome/137.0.7151.103 Mobile Safari/537.36 (compatible; Googlebot/2.1; +http://www.google.com/bot.html)"
66.249.74.42 - - [13/Jul/2025:17:39:44 +0000] "GET /?h=65512511061600&mod=1ed27f9b&uri=shared.php%3Fid%3D2186198-429%26name%3Ddazzle+top+coat HTTP/1.1" 200 22142 "-" "Mozilla/5.0 (Linux; Android 6.0.1; Nexus 5X Build/MMB29P) AppleWebKit/537.36 (KHTML, like Gecko) Chrome/137.0.7151.103 Mobile Safari/537.36 (compatible; Googlebot/2.1; +http://www.google.com/bot.html)"
66.249.74.42 - - [13/Jul/2025:17:39:49 +0000] "GET /?h=6282922031600&mod=ab2481c9&uri=form.php%3Fid%3D209853-40%26name%3Ddewalt+12+volt+brushless+drill HTTP/1.1" 200 22381 "-" "Mozilla/5.0 (Linux; Android 6.0.1; Nexus 5X Build/MMB29P) AppleWebKit/537.36 (KHTML, like Gecko) Chrome/137.0.7151.103 Mobile Safari/537.36 (compatible; Googlebot/2.1; +http://www.google.com/bot.html)"
66.249.74.32 - - [13/Jul/2025:17:40:05 +0000] "POST /get-message-notify HTTP/1.1" 200 22888 "https://sergio-cuchi.tattoo/?h=5300594081600&mod=1649f854&uri=info.php%3Fid%3D176961-144%26name%3Dgap+pants+womens+sale" "Mozilla/5.0 (Linux; Android 6.0.1; Nexus 5X Build/MMB29P) AppleWebKit/537.36 (KHTML, like Gecko) Chrome/137.0.7151.119 Mobile Safari/537.36 (compatible; Googlebot/2.1; +http://www.google.com/bot.html)"
66.249.74.43 - - [13/Jul/2025:17:40:26 +0000] "GET /?h=6192235031600&mod=3fcee1ea&uri=news.php%3Fid%3D206807-296%26name%3Db+praak+maana+dil HTTP/1.1" 200 21939 "-" "Mozilla/5.0 (Linux; Android 6.0.1; Nexus 5X Build/MMB29P) AppleWebKit/537.36 (KHTML, like Gecko) Chrome/137.0.7151.103 Mobile Safari/537.36 (compatible; Googlebot/2.1; +http://www.google.com/bot.html)"
66.249.74.42 - - [13/Jul/2025:17:41:40 +0000] "GET /?h=113474554011600&mod=f9421558&uri=shop.php%3Fid%3D3787055-330%26name%3Dcuda+hook+cutter HTTP/1.1" 200 22434 "-" "Mozilla/5.0 (Linux; Android 6.0.1; Nexus 5X Build/MMB29P) AppleWebKit/537.36 (KHTML, like Gecko) Chrome/137.0.7151.103 Mobile Safari/537.36 (compatible; Googlebot/2.1; +http://www.google.com/bot.html)"
66.249.74.42 - - [13/Jul/2025:17:41:42 +0000] "GET /?h=113601704091600&mod=1775e48c&uri=pin.php%3Fid%3D3791298-667%26name%3Dpuma+drift+cat+price HTTP/1.1" 200 21619 "-" "Mozilla/5.0 (Linux; Android 6.0.1; Nexus 5X Build/MMB29P) AppleWebKit/537.36 (KHTML, like Gecko) Chrome/137.0.7151.103 Mobile Safari/537.36 (compatible; Googlebot/2.1; +http://www.google.com/bot.html)"
66.249.74.42 - - [13/Jul/2025:17:41:47 +0000] "GET /?h=114231317011600&mod=6997d149&uri=category-info.php%3Fid%3D3812323-1522%26name%3Drobe+soiree+grande+taille+asos HTTP/1.1" 200 20999 "-" "Mozilla/5.0 (Linux; Android 6.0.1; Nexus 5X Build/MMB29P) AppleWebKit/537.36 (KHTML, like Gecko) Chrome/137.0.7151.103 Mobile Safari/537.36 (compatible; Googlebot/2.1; +http://www.google.com/bot.html)"
66.249.74.43 - - [13/Jul/2025:17:42:24 +0000] "GET /?h=52843338001600&mod=99d4eaef&uri=search.php%3Fid%3D1763430-464%26name%3Dssd+data+access+speed HTTP/1.1" 200 22510 "-" "Mozilla/5.0 (Linux; Android 6.0.1; Nexus 5X Build/MMB29P) AppleWebKit/537.36 (KHTML, like Gecko) Chrome/137.0.7151.103 Mobile Safari/537.36 (compatible; Googlebot/2.1; +http://www.google.com/bot.html)"
66.249.74.43 - - [13/Jul/2025:17:42:36 +0000] "GET /?h=113601434031600&mod=1775e48c&uri=search.php%3Fid%3D3791289-667%26name%3Dpuma+mamgp+drift+cat+leather HTTP/1.1" 200 22031 "-" "Mozilla/5.0 (Linux; Android 6.0.1; Nexus 5X Build/MMB29P) AppleWebKit/537.36 (KHTML, like Gecko) Chrome/137.0.7151.103 Mobile Safari/537.36 (compatible; Googlebot/2.1; +http://www.google.com/bot.html)"
66.249.74.42 - - [13/Jul/2025:17:42:50 +0000] "GET /?h=6243872041600&mod=70bd89ab&uri=itm.php%3Fid%3D208546-359%26name%3Dnew+balance+850+sport+v2+feminino HTTP/1.1" 200 21263 "-" "Mozilla/5.0 (Linux; Android 6.0.1; Nexus 5X Build/MMB29P) AppleWebKit/537.36 (KHTML, like Gecko) Chrome/137.0.7151.103 Mobile Safari/537.36 (compatible; Googlebot/2.1; +http://www.google.com/bot.html)"
