66.249.64.226 - - [13/Jul/2025:13:49:01 +0000] "POST /get-message-notify HTTP/1.1" 200 22895 "https://sergio-cuchi.tattoo/?h=119727163051600&mod=b6d7a316&uri=pin.php%3Fid%3D3995659-539%26name%3Dfarming+simulator+nintendo+switch+guide" "Mozilla/5.0 (Linux; Android 6.0.1; Nexus 5X Build/MMB29P) AppleWebKit/537.36 (KHTML, like Gecko) Chrome/137.0.7151.119 Mobile Safari/537.36 (compatible; Googlebot/2.1; +http://www.google.com/bot.html)"
66.249.64.227 - - [13/Jul/2025:13:50:02 +0000] "GET /?h=5690220031600&mod=786d54b1&uri=category-info.php%3Fid%3D189995-333%26name%3Dargos+earrings+silver HTTP/1.1" 200 21632 "-" "Mozilla/5.0 (Linux; Android 6.0.1; Nexus 5X Build/MMB29P) AppleWebKit/537.36 (KHTML, like Gecko) Chrome/137.0.7151.103 Mobile Safari/537.36 (compatible; Googlebot/2.1; +http://www.google.com/bot.html)"
66.249.64.225 - - [13/Jul/2025:13:52:04 +0000] "GET /?h=113604404131600&mod=1775e48c&uri=dp.php%3Fid%3D3791388-667%26name%3Dpuma+drift+cat+sale HTTP/1.1" 200 21305 "-" "Mozilla/5.0 (Linux; Android 6.0.1; Nexus 5X Build/MMB29P) AppleWebKit/537.36 (KHTML, like Gecko) Chrome/137.0.7151.103 Mobile Safari/537.36 (compatible; Googlebot/2.1; +http://www.google.com/bot.html)"
66.249.64.227 - - [13/Jul/2025:13:56:28 +0000] "GET /?h=113539793051600&mod=28bde6c8&uri=category-info.php%3Fid%3D3789233-613%26name%3Dargiano+rosso+di+montalcino+2016 HTTP/1.1" 200 21460 "-" "Mozilla/5.0 (Linux; Android 6.0.1; Nexus 5X Build/MMB29P) AppleWebKit/537.36 (KHTML, like Gecko) Chrome/137.0.7151.103 Mobile Safari/537.36 (compatible; Googlebot/2.1; +http://www.google.com/bot.html)"
66.249.64.225 - - [13/Jul/2025:13:57:42 +0000] "GET /?h=6276172021600&mod=95766753&uri=search.php%3Fid%3D209628-117%26name%3Dsubmariner+reloj HTTP/1.1" 200 22248 "-" "Mozilla/5.0 (Linux; Android 6.0.1; Nexus 5X Build/MMB29P) AppleWebKit/537.36 (KHTML, like Gecko) Chrome/137.0.7151.103 Mobile Safari/537.36 (compatible; Googlebot/2.1; +http://www.google.com/bot.html)"
66.249.64.226 - - [13/Jul/2025:13:59:52 +0000] "GET /?h=4711189041600&mod=75df6360&uri=itm.php%3Fid%3D157240-33%26name%3Dtesla+model+cloth+interior HTTP/1.1" 200 21799 "-" "Mozilla/5.0 (Linux; Android 6.0.1; Nexus 5X Build/MMB29P) AppleWebKit/537.36 (KHTML, like Gecko) Chrome/137.0.7151.103 Mobile Safari/537.36 (compatible; Googlebot/2.1; +http://www.google.com/bot.html)"
66.249.64.226 - - [13/Jul/2025:14:01:00 +0000] "GET /?h=6284122021600&mod=786d54b1&uri=product.php%3Fid%3D209893-333%26name%3Denglish+springer+spaniel+jewelry HTTP/1.1" 200 21595 "-" "Mozilla/5.0 (Linux; Android 6.0.1; Nexus 5X Build/MMB29P) AppleWebKit/537.36 (KHTML, like Gecko) Chrome/137.0.7151.103 Mobile Safari/537.36 (compatible; Googlebot/2.1; +http://www.google.com/bot.html)"
66.249.64.225 - - [13/Jul/2025:14:01:44 +0000] "GET /?h=4707829091600&mod=cfda2dd6&uri=category-info.php%3Fid%3D157128-288%26name%3Dfuriden+hair+straightener+and+curler HTTP/1.1" 200 20823 "-" "Mozilla/5.0 (Linux; Android 6.0.1; Nexus 5X Build/MMB29P) AppleWebKit/537.36 (KHTML, like Gecko) Chrome/137.0.7151.103 Mobile Safari/537.36 (compatible; Googlebot/2.1; +http://www.google.com/bot.html)"
66.249.64.227 - - [13/Jul/2025:14:04:09 +0000] "GET /?h=6104615081600&mod=ab2481c9&uri=info.php%3Fid%3D203855-40%26name%3Dgraco+17n225 HTTP/1.1" 200 21906 "-" "Mozilla/5.0 (Linux; Android 6.0.1; Nexus 5X Build/MMB29P) AppleWebKit/537.36 (KHTML, like Gecko) Chrome/137.0.7151.103 Mobile Safari/537.36 (compatible; Googlebot/2.1; +http://www.google.com/bot.html)"
66.249.64.226 - - [13/Jul/2025:14:05:34 +0000] "GET /?h=5578242071600&mod=1c0222b4&uri=article.php%3Fid%3D186223-331%26name%3Dpatent+prada+loafers HTTP/1.1" 200 21397 "-" "Mozilla/5.0 (Linux; Android 6.0.1; Nexus 5X Build/MMB29P) AppleWebKit/537.36 (KHTML, like Gecko) Chrome/137.0.7151.103 Mobile Safari/537.36 (compatible; Googlebot/2.1; +http://www.google.com/bot.html)"
216.73.216.250 - - [13/Jul/2025:14:06:15 +0000] "GET /robots.txt HTTP/1.1" 200 88 "-" "Mozilla/5.0 AppleWebKit/537.36 (KHTML, like Gecko; compatible; ClaudeBot/1.0; [email protected])"
216.73.216.250 - - [13/Jul/2025:14:06:16 +0000] "GET /wp-sitemap.xml HTTP/1.1" 200 66882 "-" "Mozilla/5.0 AppleWebKit/537.36 (KHTML, like Gecko; compatible; ClaudeBot/1.0; [email protected])"
66.249.64.225 - - [13/Jul/2025:14:06:21 +0000] "GET /?h=119843636091600&mod=b6c0ad24&uri=goods.php%3Fid%3D3999545-323%26name%3Dcomparable+to+yeti+cup HTTP/1.1" 200 21652 "-" "Mozilla/5.0 (Linux; Android 6.0.1; Nexus 5X Build/MMB29P) AppleWebKit/537.36 (KHTML, like Gecko) Chrome/137.0.7151.103 Mobile Safari/537.36 (compatible; Googlebot/2.1; +http://www.google.com/bot.html)"
66.249.64.226 - - [13/Jul/2025:14:08:13 +0000] "GET /?h=114171651001600&mod=d80abf74&uri=shared.php%3Fid%3D3810333-1051%26name%3Ddog+folic+acid HTTP/1.1" 200 21316 "-" "Mozilla/5.0 (Linux; Android 6.0.1; Nexus 5X Build/MMB29P) AppleWebKit/537.36 (KHTML, like Gecko) Chrome/137.0.7151.103 Mobile Safari/537.36 (compatible; Googlebot/2.1; +http://www.google.com/bot.html)"
66.249.64.225 - - [13/Jul/2025:14:08:40 +0000] "GET /?h=29132922011600&mod=6018df18&uri=brands.php%3Fid%3D972321-52%26name%3Dsparkly+cami+dress HTTP/1.1" 200 20275 "-" "Mozilla/5.0 (Linux; Android 6.0.1; Nexus 5X Build/MMB29P) AppleWebKit/537.36 (KHTML, like Gecko) Chrome/137.0.7151.103 Mobile Safari/537.36 (compatible; Googlebot/2.1; +http://www.google.com/bot.html)"
66.249.64.225 - - [13/Jul/2025:14:10:40 +0000] "GET /?h=5695167021600&mod=786d54b1&uri=shop.php%3Fid%3D190160-333%26name%3Dwindward+mall+jewelry+stores HTTP/1.1" 200 22456 "-" "Mozilla/5.0 (Linux; Android 6.0.1; Nexus 5X Build/MMB29P) AppleWebKit/537.36 (KHTML, like Gecko) Chrome/137.0.7151.103 Mobile Safari/537.36 (compatible; Googlebot/2.1; +http://www.google.com/bot.html)"
66.249.64.225 - - [13/Jul/2025:14:14:20 +0000] "GET /?h=6099737051600&mod=ab2481c9&uri=search.php%3Fid%3D203692-40%26name%3Dstihl+fsa+57+price HTTP/1.1" 200 21678 "-" "Mozilla/5.0 (Linux; Android 6.0.1; Nexus 5X Build/MMB29P) AppleWebKit/537.36 (KHTML, like Gecko) Chrome/137.0.7151.103 Mobile Safari/537.36 (compatible; Googlebot/2.1; +http://www.google.com/bot.html)"
66.249.64.225 - - [13/Jul/2025:14:14:57 +0000] "GET /?h=6336735041600&mod=1b9812b9&uri=brands.php%3Fid%3D211653-26%26name%3Daspiradora+robot+marca+roomba HTTP/1.1" 200 22387 "-" "Mozilla/5.0 (Linux; Android 6.0.1; Nexus 5X Build/MMB29P) AppleWebKit/537.36 (KHTML, like Gecko) Chrome/137.0.7151.103 Mobile Safari/537.36 (compatible; Googlebot/2.1; +http://www.google.com/bot.html)"
66.249.64.225 - - [13/Jul/2025:14:16:26 +0000] "GET /?h=5661141081600&mod=1baba510&uri=dp.php%3Fid%3D189025-308%26name%3Dabercrombie+pride+hoodie HTTP/1.1" 200 21620 "-" "Mozilla/5.0 (Linux; Android 6.0.1; Nexus 5X Build/MMB29P) AppleWebKit/537.36 (KHTML, like Gecko) Chrome/137.0.7151.103 Mobile Safari/537.36 (compatible; Googlebot/2.1; +http://www.google.com/bot.html)"
66.249.64.225 - - [13/Jul/2025:14:17:14 +0000] "GET /?h=6315605021600&mod=1b9812b9&uri=dp.php%3Fid%3D210944-26%26name%3Dr676040 HTTP/1.1" 200 22242 "-" "Mozilla/5.0 (Linux; Android 6.0.1; Nexus 5X Build/MMB29P) AppleWebKit/537.36 (KHTML, like Gecko) Chrome/137.0.7151.103 Mobile Safari/537.36 (compatible; Googlebot/2.1; +http://www.google.com/bot.html)"
66.249.64.226 - - [13/Jul/2025:14:21:21 +0000] "GET /?h=113604824021600&mod=1775e48c&uri=product.php%3Fid%3D3791402-667%26name%3Dpuma+soccer+sandals HTTP/1.1" 200 21572 "-" "Mozilla/5.0 (Linux; Android 6.0.1; Nexus 5X Build/MMB29P) AppleWebKit/537.36 (KHTML, like Gecko) Chrome/137.0.7151.103 Mobile Safari/537.36 (compatible; Googlebot/2.1; +http://www.google.com/bot.html)"
66.249.64.226 - - [13/Jul/2025:14:24:15 +0000] "GET /?h=4712989001600&mod=cfda2dd6&uri=info.php%3Fid%3D157300-288%26name%3Dnova+hair+straightener+price HTTP/1.1" 200 21842 "-" "Mozilla/5.0 (Linux; Android 6.0.1; Nexus 5X Build/MMB29P) AppleWebKit/537.36 (KHTML, like Gecko) Chrome/137.0.7151.103 Mobile Safari/537.36 (compatible; Googlebot/2.1; +http://www.google.com/bot.html)"
209.74.77.214 - - [13/Jul/2025:14:27:08 +0000] "POST /wp-cron.php?doing_wp_cron=1752416828.8914539813995361328125 HTTP/1.1" 200 - "-" "WordPress/6.8.1; https://sergio-cuchi.tattoo"
45.92.229.90 - - [13/Jul/2025:14:27:06 +0000] "GET /wp-json/wp/v2/users HTTP/1.1" 200 1476 "-" "Mozilla/4.0 (compatible; Win32; WinHttp.WinHttpRequest.5)"
209.74.77.214 - - [13/Jul/2025:14:28:06 +0000] "POST /wp-cron.php?doing_wp_cron=1752416886.9582600593566894531250 HTTP/1.1" 200 - "-" "WordPress/6.8.1; https://sergio-cuchi.tattoo"
216.73.161.206 - - [13/Jul/2025:14:28:05 +0000] "POST /xmlrpc.php HTTP/1.1" 200 403 "-" "Mozilla/5.0 (Windows NT 10.0; Win64; x64) AppleWebKit/537.36 (KHTML, like Gecko) Chrome/91.0.4472.124 Safari/537.36"
66.249.64.227 - - [13/Jul/2025:14:28:10 +0000] "GET /?h=113589704061600&mod=1775e48c&uri=category-info.php%3Fid%3D3790898-667%26name%3Dpuma+trinomic+xs850+2016+mens HTTP/1.1" 200 21686 "-" "Mozilla/5.0 (Linux; Android 6.0.1; Nexus 5X Build/MMB29P) AppleWebKit/537.36 (KHTML, like Gecko) Chrome/137.0.7151.103 Mobile Safari/537.36 (compatible; Googlebot/2.1; +http://www.google.com/bot.html)"
209.74.77.214 - - [13/Jul/2025:14:28:55 +0000] "POST /wp-cron.php?doing_wp_cron=1752416935.5683889389038085937500 HTTP/1.1" 200 - "-" "WordPress/6.8.1; https://sergio-cuchi.tattoo"
216.73.161.219 - - [13/Jul/2025:14:28:54 +0000] "POST /xmlrpc.php HTTP/1.1" 200 403 "-" "Mozilla/5.0 (Windows NT 10.0; Win64; x64) AppleWebKit/537.36 (KHTML, like Gecko) Chrome/91.0.4472.124 Safari/537.36"
66.249.64.225 - - [13/Jul/2025:14:29:11 +0000] "GET /?h=113590334091600&mod=1775e48c&uri=product.php%3Fid%3D3790919-667%26name%3Dpuma+r698+trinomic+crackle+pack HTTP/1.1" 200 21526 "-" "Mozilla/5.0 (Linux; Android 6.0.1; Nexus 5X Build/MMB29P) AppleWebKit/537.36 (KHTML, like Gecko) Chrome/137.0.7151.103 Mobile Safari/537.36 (compatible; Googlebot/2.1; +http://www.google.com/bot.html)"
209.74.77.214 - - [13/Jul/2025:14:29:59 +0000] "POST /wp-cron.php?doing_wp_cron=1752416999.0897989273071289062500 HTTP/1.1" 200 - "-" "WordPress/6.8.1; https://sergio-cuchi.tattoo"
45.92.229.91 - - [13/Jul/2025:14:29:57 +0000] "POST /xmlrpc.php HTTP/1.1" 200 403 "-" "Mozilla/5.0 (Windows NT 10.0; Win64; x64) AppleWebKit/537.36 (KHTML, like Gecko) Chrome/91.0.4472.124 Safari/537.36"
209.74.77.214 - - [13/Jul/2025:14:30:59 +0000] "POST /wp-cron.php?doing_wp_cron=1752417059.1689510345458984375000 HTTP/1.1" 200 - "-" "WordPress/6.8.1; https://sergio-cuchi.tattoo"
45.92.229.105 - - [13/Jul/2025:14:30:57 +0000] "POST /xmlrpc.php HTTP/1.1" 200 403 "-" "Mozilla/5.0 (Windows NT 10.0; Win64; x64) AppleWebKit/537.36 (KHTML, like Gecko) Chrome/91.0.4472.124 Safari/537.36"
209.74.77.214 - - [13/Jul/2025:14:31:54 +0000] "POST /wp-cron.php?doing_wp_cron=1752417114.9201738834381103515625 HTTP/1.1" 200 - "-" "WordPress/6.8.1; https://sergio-cuchi.tattoo"
45.92.229.95 - - [13/Jul/2025:14:31:53 +0000] "POST /xmlrpc.php HTTP/1.1" 200 403 "-" "Mozilla/5.0 (Windows NT 10.0; Win64; x64) AppleWebKit/537.36 (KHTML, like Gecko) Chrome/91.0.4472.124 Safari/537.36"
66.249.64.227 - - [13/Jul/2025:14:32:39 +0000] "GET /?h=114205004051600&mod=03c045f7&uri=info.php%3Fid%3D3811445-986%26name%3Drx+550+graphics+card HTTP/1.1" 200 21765 "-" "Mozilla/5.0 (Linux; Android 6.0.1; Nexus 5X Build/MMB29P) AppleWebKit/537.36 (KHTML, like Gecko) Chrome/137.0.7151.103 Mobile Safari/537.36 (compatible; Googlebot/2.1; +http://www.google.com/bot.html)"
66.249.64.226 - - [13/Jul/2025:14:32:41 +0000] "GET /?h=6315429061600&mod=b0bef4c9&uri=form.php%3Fid%3D210938-27%26name%3Dgoogle+home+pc HTTP/1.1" 200 21634 "-" "Mozilla/5.0 (Linux; Android 6.0.1; Nexus 5X Build/MMB29P) AppleWebKit/537.36 (KHTML, like Gecko) Chrome/137.0.7151.103 Mobile Safari/537.36 (compatible; Googlebot/2.1; +http://www.google.com/bot.html)"
66.249.64.225 - - [13/Jul/2025:14:32:45 +0000] "POST /get-message-notify HTTP/1.1" 200 22901 "https://sergio-cuchi.tattoo/?h=6315429061600&mod=b0bef4c9&uri=form.php%3Fid%3D210938-27%26name%3Dgoogle+home+pc" "Mozilla/5.0 (Linux; Android 6.0.1; Nexus 5X Build/MMB29P) AppleWebKit/537.36 (KHTML, like Gecko) Chrome/137.0.7151.119 Mobile Safari/537.36 (compatible; Googlebot/2.1; +http://www.google.com/bot.html)"
66.249.64.225 - - [13/Jul/2025:14:32:52 +0000] "GET /?h=6289132141600&mod=ab2481c9&uri=news.php%3Fid%3D210060-40%26name%3Dmakita+xph12r+hammer+driver+drill+kit HTTP/1.1" 200 21589 "-" "Mozilla/5.0 (Linux; Android 6.0.1; Nexus 5X Build/MMB29P) AppleWebKit/537.36 (KHTML, like Gecko) Chrome/137.0.7151.103 Mobile Safari/537.36 (compatible; Googlebot/2.1; +http://www.google.com/bot.html)"
209.74.77.214 - - [13/Jul/2025:14:32:58 +0000] "POST /wp-cron.php?doing_wp_cron=1752417178.6020801067352294921875 HTTP/1.1" 200 - "-" "WordPress/6.8.1; https://sergio-cuchi.tattoo"
216.73.161.214 - - [13/Jul/2025:14:32:57 +0000] "POST /xmlrpc.php HTTP/1.1" 200 403 "-" "Mozilla/5.0 (Windows NT 10.0; Win64; x64) AppleWebKit/537.36 (KHTML, like Gecko) Chrome/91.0.4472.124 Safari/537.36"
66.249.64.225 - - [13/Jul/2025:14:32:59 +0000] "POST /get-message-notify HTTP/1.1" 200 22891 "https://sergio-cuchi.tattoo/?h=6289132141600&mod=ab2481c9&uri=news.php%3Fid%3D210060-40%26name%3Dmakita+xph12r+hammer+driver+drill+kit" "Mozilla/5.0 (Linux; Android 6.0.1; Nexus 5X Build/MMB29P) AppleWebKit/537.36 (KHTML, like Gecko) Chrome/137.0.7151.119 Mobile Safari/537.36 (compatible; Googlebot/2.1; +http://www.google.com/bot.html)"
209.74.77.214 - - [13/Jul/2025:14:33:54 +0000] "POST /wp-cron.php?doing_wp_cron=1752417234.2287220954895019531250 HTTP/1.1" 200 - "-" "WordPress/6.8.1; https://sergio-cuchi.tattoo"
45.92.229.97 - - [13/Jul/2025:14:33:52 +0000] "POST /xmlrpc.php HTTP/1.1" 200 403 "-" "Mozilla/5.0 (Windows NT 10.0; Win64; x64) AppleWebKit/537.36 (KHTML, like Gecko) Chrome/91.0.4472.124 Safari/537.36"
66.249.64.227 - - [13/Jul/2025:14:33:52 +0000] "GET /?h=113611544111600&mod=30d70963&uri=form.php%3Fid%3D3791626-582%26name%3Dlenovo+s730+case HTTP/1.1" 200 20614 "-" "Mozilla/5.0 (Linux; Android 6.0.1; Nexus 5X Build/MMB29P) AppleWebKit/537.36 (KHTML, like Gecko) Chrome/137.0.7151.103 Mobile Safari/537.36 (compatible; Googlebot/2.1; +http://www.google.com/bot.html)"
66.249.64.226 - - [13/Jul/2025:14:34:01 +0000] "POST /get-message-notify HTTP/1.1" 200 22897 "https://sergio-cuchi.tattoo/?h=113611544111600&mod=30d70963&uri=form.php%3Fid%3D3791626-582%26name%3Dlenovo+s730+case" "Mozilla/5.0 (Linux; Android 6.0.1; Nexus 5X Build/MMB29P) AppleWebKit/537.36 (KHTML, like Gecko) Chrome/137.0.7151.119 Mobile Safari/537.36 (compatible; Googlebot/2.1; +http://www.google.com/bot.html)"
66.249.64.226 - - [13/Jul/2025:14:34:29 +0000] "POST /get-message-notify HTTP/1.1" 200 22894 "https://sergio-cuchi.tattoo/?h=114205004051600&mod=03c045f7&uri=info.php%3Fid%3D3811445-986%26name%3Drx+550+graphics+card" "Mozilla/5.0 (Linux; Android 6.0.1; Nexus 5X Build/MMB29P) AppleWebKit/537.36 (KHTML, like Gecko) Chrome/137.0.7151.119 Mobile Safari/537.36 (compatible; Googlebot/2.1; +http://www.google.com/bot.html)"
209.141.50.121 - - [13/Jul/2025:14:34:39 +0000] "GET /wp-login.php HTTP/1.1" 200 6668 "-" "Mozilla/5.0 (X11; Ubuntu; Linux x86_64; rv:31.0) Gecko/20100101 Firefox/31.0"
209.74.77.214 - - [13/Jul/2025:14:34:57 +0000] "POST /wp-cron.php?doing_wp_cron=1752417297.5417490005493164062500 HTTP/1.1" 200 - "-" "WordPress/6.8.1; https://sergio-cuchi.tattoo"
45.92.229.97 - - [13/Jul/2025:14:34:57 +0000] "POST /xmlrpc.php HTTP/1.1" 200 403 "-" "Mozilla/5.0 (Windows NT 10.0; Win64; x64) AppleWebKit/537.36 (KHTML, like Gecko) Chrome/91.0.4472.124 Safari/537.36"
34.202.88.37 - - [13/Jul/2025:14:35:31 +0000] "GET /author/sergio/ HTTP/1.1" 200 15049 "-" "Mozilla/5.0 AppleWebKit/537.36 (KHTML, like Gecko; compatible; Amazonbot/0.1; +https://developer.amazon.com/support/amazonbot) Chrome/119.0.6045.214 Safari/537.36"
209.74.77.214 - - [13/Jul/2025:14:35:55 +0000] "POST /wp-cron.php?doing_wp_cron=1752417355.9172050952911376953125 HTTP/1.1" 200 - "-" "WordPress/6.8.1; https://sergio-cuchi.tattoo"
45.92.229.87 - - [13/Jul/2025:14:35:55 +0000] "POST /xmlrpc.php HTTP/1.1" 200 403 "-" "Mozilla/5.0 (Windows NT 10.0; Win64; x64) AppleWebKit/537.36 (KHTML, like Gecko) Chrome/91.0.4472.124 Safari/537.36"
209.74.77.214 - - [13/Jul/2025:14:37:00 +0000] "POST /wp-cron.php?doing_wp_cron=1752417420.5552830696105957031250 HTTP/1.1" 200 - "-" "WordPress/6.8.1; https://sergio-cuchi.tattoo"
45.92.229.86 - - [13/Jul/2025:14:36:59 +0000] "POST /xmlrpc.php HTTP/1.1" 200 403 "-" "Mozilla/5.0 (Windows NT 10.0; Win64; x64) AppleWebKit/537.36 (KHTML, like Gecko) Chrome/91.0.4472.124 Safari/537.36"
66.249.64.227 - - [13/Jul/2025:14:37:58 +0000] "GET /?h=6315965061600&mod=1b9812b9&uri=blog.php%3Fid%3D210956-26%26name%3Dtrapeador+braava+irobot HTTP/1.1" 200 21873 "-" "Mozilla/5.0 (Linux; Android 6.0.1; Nexus 5X Build/MMB29P) AppleWebKit/537.36 (KHTML, like Gecko) Chrome/137.0.7151.103 Mobile Safari/537.36 (compatible; Googlebot/2.1; +http://www.google.com/bot.html)"
209.74.77.214 - - [13/Jul/2025:14:37:58 +0000] "POST /wp-cron.php?doing_wp_cron=1752417478.9705560207366943359375 HTTP/1.1" 200 - "-" "WordPress/6.8.1; https://sergio-cuchi.tattoo"
45.92.229.106 - - [13/Jul/2025:14:37:57 +0000] "POST /xmlrpc.php HTTP/1.1" 200 403 "-" "Mozilla/5.0 (Windows NT 10.0; Win64; x64) AppleWebKit/537.36 (KHTML, like Gecko) Chrome/91.0.4472.124 Safari/537.36"
66.249.64.226 - - [13/Jul/2025:14:38:03 +0000] "GET /?h=73507745061600&mod=29a363bd&uri=product.php%3Fid%3D2453022-1458%26name%3Dclassic+dinner+jacket HTTP/1.1" 200 21988 "-" "Mozilla/5.0 (Linux; Android 6.0.1; Nexus 5X Build/MMB29P) AppleWebKit/537.36 (KHTML, like Gecko) Chrome/137.0.7151.103 Mobile Safari/537.36 (compatible; Googlebot/2.1; +http://www.google.com/bot.html)"
209.74.77.214 - - [13/Jul/2025:14:38:59 +0000] "POST /wp-cron.php?doing_wp_cron=1752417539.2258329391479492187500 HTTP/1.1" 200 - "-" "WordPress/6.8.1; https://sergio-cuchi.tattoo"
45.92.229.98 - - [13/Jul/2025:14:38:57 +0000] "POST /xmlrpc.php HTTP/1.1" 200 403 "-" "Mozilla/5.0 (Windows NT 10.0; Win64; x64) AppleWebKit/537.36 (KHTML, like Gecko) Chrome/91.0.4472.124 Safari/537.36"
209.74.77.214 - - [13/Jul/2025:14:39:59 +0000] "POST /wp-cron.php?doing_wp_cron=1752417599.2150840759277343750000 HTTP/1.1" 200 - "-" "WordPress/6.8.1; https://sergio-cuchi.tattoo"
216.73.161.208 - - [13/Jul/2025:14:39:57 +0000] "POST /xmlrpc.php HTTP/1.1" 200 403 "-" "Mozilla/5.0 (Windows NT 10.0; Win64; x64) AppleWebKit/537.36 (KHTML, like Gecko) Chrome/91.0.4472.124 Safari/537.36"
66.249.64.227 - - [13/Jul/2025:14:40:26 +0000] "GET /?h=6288052031600&mod=ab2481c9&uri=blog.php%3Fid%3D210024-40%26name%3Dmakita+20+piece+combo+kit HTTP/1.1" 200 22234 "-" "Mozilla/5.0 (Linux; Android 6.0.1; Nexus 5X Build/MMB29P) AppleWebKit/537.36 (KHTML, like Gecko) Chrome/137.0.7151.103 Mobile Safari/537.36 (compatible; Googlebot/2.1; +http://www.google.com/bot.html)"
209.74.77.214 - - [13/Jul/2025:14:40:53 +0000] "POST /wp-cron.php?doing_wp_cron=1752417653.8227519989013671875000 HTTP/1.1" 200 - "-" "WordPress/6.8.1; https://sergio-cuchi.tattoo"
216.73.161.206 - - [13/Jul/2025:14:40:53 +0000] "POST /xmlrpc.php HTTP/1.1" 200 403 "-" "Mozilla/5.0 (Windows NT 10.0; Win64; x64) AppleWebKit/537.36 (KHTML, like Gecko) Chrome/91.0.4472.124 Safari/537.36"
66.249.64.227 - - [13/Jul/2025:14:41:26 +0000] "GET /?h=6318365141600&mod=1b9812b9&uri=article.php%3Fid%3D211036-26%26name%3Droomba+780+opiniones HTTP/1.1" 200 21912 "-" "Mozilla/5.0 (Linux; Android 6.0.1; Nexus 5X Build/MMB29P) AppleWebKit/537.36 (KHTML, like Gecko) Chrome/137.0.7151.103 Mobile Safari/537.36 (compatible; Googlebot/2.1; +http://www.google.com/bot.html)"
209.74.77.214 - - [13/Jul/2025:14:42:03 +0000] "POST /wp-cron.php?doing_wp_cron=1752417723.2136809825897216796875 HTTP/1.1" 200 - "-" "WordPress/6.8.1; https://sergio-cuchi.tattoo"
216.73.161.204 - - [13/Jul/2025:14:42:01 +0000] "POST /xmlrpc.php HTTP/1.1" 200 403 "-" "Mozilla/5.0 (Windows NT 10.0; Win64; x64) AppleWebKit/537.36 (KHTML, like Gecko) Chrome/91.0.4472.124 Safari/537.36"
66.249.64.227 - - [13/Jul/2025:14:42:30 +0000] "GET /?h=114163821041600&mod=d80abf74&uri=us.php%3Fid%3D3810072-1051%26name%3Ddark+grey+dog+bed HTTP/1.1" 200 21164 "-" "Mozilla/5.0 (Linux; Android 6.0.1; Nexus 5X Build/MMB29P) AppleWebKit/537.36 (KHTML, like Gecko) Chrome/137.0.7151.103 Mobile Safari/537.36 (compatible; Googlebot/2.1; +http://www.google.com/bot.html)"
209.74.77.214 - - [13/Jul/2025:14:42:53 +0000] "POST /wp-cron.php?doing_wp_cron=1752417773.8278999328613281250000 HTTP/1.1" 200 - "-" "WordPress/6.8.1; https://sergio-cuchi.tattoo"
216.73.161.217 - - [13/Jul/2025:14:42:53 +0000] "POST /xmlrpc.php HTTP/1.1" 200 403 "-" "Mozilla/5.0 (Windows NT 10.0; Win64; x64) AppleWebKit/537.36 (KHTML, like Gecko) Chrome/91.0.4472.124 Safari/537.36"
209.74.77.214 - - [13/Jul/2025:14:43:52 +0000] "POST /wp-cron.php?doing_wp_cron=1752417832.5823180675506591796875 HTTP/1.1" 200 - "-" "WordPress/6.8.1; https://sergio-cuchi.tattoo"
216.73.161.201 - - [13/Jul/2025:14:43:50 +0000] "POST /xmlrpc.php HTTP/1.1" 200 403 "-" "Mozilla/5.0 (Windows NT 10.0; Win64; x64) AppleWebKit/537.36 (KHTML, like Gecko) Chrome/91.0.4472.124 Safari/537.36"
209.74.77.214 - - [13/Jul/2025:14:44:55 +0000] "POST /wp-cron.php?doing_wp_cron=1752417895.3059558868408203125000 HTTP/1.1" 200 - "-" "WordPress/6.8.1; https://sergio-cuchi.tattoo"
45.92.229.109 - - [13/Jul/2025:14:44:53 +0000] "POST /xmlrpc.php HTTP/1.1" 200 403 "-" "Mozilla/5.0 (Windows NT 10.0; Win64; x64) AppleWebKit/537.36 (KHTML, like Gecko) Chrome/91.0.4472.124 Safari/537.36"
66.249.64.226 - - [13/Jul/2025:14:45:38 +0000] "GET /?h=6281692081600&mod=95766753&uri=category-info.php%3Fid%3D209812-117%26name%3Drelojes+star+wars HTTP/1.1" 200 21649 "-" "Mozilla/5.0 (Linux; Android 6.0.1; Nexus 5X Build/MMB29P) AppleWebKit/537.36 (KHTML, like Gecko) Chrome/137.0.7151.103 Mobile Safari/537.36 (compatible; Googlebot/2.1; +http://www.google.com/bot.html)"
209.74.77.214 - - [13/Jul/2025:14:46:01 +0000] "POST /wp-cron.php?doing_wp_cron=1752417961.7765109539031982421875 HTTP/1.1" 200 - "-" "WordPress/6.8.1; https://sergio-cuchi.tattoo"
216.73.161.221 - - [13/Jul/2025:14:46:00 +0000] "POST /xmlrpc.php HTTP/1.1" 200 403 "-" "Mozilla/5.0 (Windows NT 10.0; Win64; x64) AppleWebKit/537.36 (KHTML, like Gecko) Chrome/91.0.4472.124 Safari/537.36"
66.249.64.226 - - [13/Jul/2025:14:46:08 +0000] "POST /get-message-notify HTTP/1.1" 200 22902 "https://sergio-cuchi.tattoo/?h=6281692081600&mod=95766753&uri=category-info.php%3Fid%3D209812-117%26name%3Drelojes+star+wars" "Mozilla/5.0 (Linux; Android 6.0.1; Nexus 5X Build/MMB29P) AppleWebKit/537.36 (KHTML, like Gecko) Chrome/137.0.7151.119 Mobile Safari/537.36 (compatible; Googlebot/2.1; +http://www.google.com/bot.html)"
209.74.77.214 - - [13/Jul/2025:14:46:55 +0000] "POST /wp-cron.php?doing_wp_cron=1752418015.5115499496459960937500 HTTP/1.1" 200 - "-" "WordPress/6.8.1; https://sergio-cuchi.tattoo"
216.73.161.204 - - [13/Jul/2025:14:46:53 +0000] "POST /xmlrpc.php HTTP/1.1" 200 403 "-" "Mozilla/5.0 (Windows NT 10.0; Win64; x64) AppleWebKit/537.36 (KHTML, like Gecko) Chrome/91.0.4472.124 Safari/537.36"
66.249.64.226 - - [13/Jul/2025:14:47:43 +0000] "GET /?h=6290752081600&mod=ab2481c9&uri=us.php%3Fid%3D210114-40%26name%3Dmakita+battery+powered+drill HTTP/1.1" 200 21487 "-" "Mozilla/5.0 (Linux; Android 6.0.1; Nexus 5X Build/MMB29P) AppleWebKit/537.36 (KHTML, like Gecko) Chrome/137.0.7151.103 Mobile Safari/537.36 (compatible; Googlebot/2.1; +http://www.google.com/bot.html)"
209.74.77.214 - - [13/Jul/2025:14:47:58 +0000] "POST /wp-cron.php?doing_wp_cron=1752418078.4872019290924072265625 HTTP/1.1" 200 - "-" "WordPress/6.8.1; https://sergio-cuchi.tattoo"
216.73.161.203 - - [13/Jul/2025:14:47:57 +0000] "POST /xmlrpc.php HTTP/1.1" 200 403 "-" "Mozilla/5.0 (Windows NT 10.0; Win64; x64) AppleWebKit/537.36 (KHTML, like Gecko) Chrome/91.0.4472.124 Safari/537.36"
209.74.77.214 - - [13/Jul/2025:14:48:58 +0000] "POST /wp-cron.php?doing_wp_cron=1752418138.9807479381561279296875 HTTP/1.1" 200 - "-" "WordPress/6.8.1; https://sergio-cuchi.tattoo"
45.92.229.99 - - [13/Jul/2025:14:48:57 +0000] "POST /xmlrpc.php HTTP/1.1" 200 403 "-" "Mozilla/5.0 (Windows NT 10.0; Win64; x64) AppleWebKit/537.36 (KHTML, like Gecko) Chrome/91.0.4472.124 Safari/537.36"
209.74.77.214 - - [13/Jul/2025:14:49:51 +0000] "POST /wp-cron.php?doing_wp_cron=1752418191.8310129642486572265625 HTTP/1.1" 200 - "-" "WordPress/6.8.1; https://sergio-cuchi.tattoo"
216.73.161.218 - - [13/Jul/2025:14:49:50 +0000] "POST /xmlrpc.php HTTP/1.1" 200 403 "-" "Mozilla/5.0 (Windows NT 10.0; Win64; x64) AppleWebKit/537.36 (KHTML, like Gecko) Chrome/91.0.4472.124 Safari/537.36"
66.249.64.225 - - [13/Jul/2025:14:50:45 +0000] "GET /?h=113587184021600&mod=1775e48c&uri=search.php%3Fid%3D3790814-667%26name%3Dpuma+trinomic+xs850+mens+40 HTTP/1.1" 200 22191 "-" "Mozilla/5.0 (Linux; Android 6.0.1; Nexus 5X Build/MMB29P) AppleWebKit/537.36 (KHTML, like Gecko) Chrome/137.0.7151.103 Mobile Safari/537.36 (compatible; Googlebot/2.1; +http://www.google.com/bot.html)"
66.249.64.226 - - [13/Jul/2025:14:50:47 +0000] "GET /?h=113534199061600&mod=28bde6c8&uri=brands.php%3Fid%3D3789046-613%26name%3Dcastello+di+meleto+riserva+chianti+classico+2016 HTTP/1.1" 200 21736 "-" "Mozilla/5.0 (Linux; Android 6.0.1; Nexus 5X Build/MMB29P) AppleWebKit/537.36 (KHTML, like Gecko) Chrome/137.0.7151.103 Mobile Safari/537.36 (compatible; Googlebot/2.1; +http://www.google.com/bot.html)"
209.74.77.214 - - [13/Jul/2025:14:51:00 +0000] "POST /wp-cron.php?doing_wp_cron=1752418260.4942419528961181640625 HTTP/1.1" 200 - "-" "WordPress/6.8.1; https://sergio-cuchi.tattoo"
216.73.161.205 - - [13/Jul/2025:14:50:59 +0000] "POST /xmlrpc.php HTTP/1.1" 200 403 "-" "Mozilla/5.0 (Windows NT 10.0; Win64; x64) AppleWebKit/537.36 (KHTML, like Gecko) Chrome/91.0.4472.124 Safari/537.36"
209.74.77.214 - - [13/Jul/2025:14:51:57 +0000] "POST /wp-cron.php?doing_wp_cron=1752418317.2290899753570556640625 HTTP/1.1" 200 - "-" "WordPress/6.8.1; https://sergio-cuchi.tattoo"
209.141.50.121 - - [13/Jul/2025:14:51:55 +0000] "POST /wp-login.php HTTP/1.1" 200 6924 "-" "Mozilla/5.0 (X11; Ubuntu; Linux x86_64; rv:31.0) Gecko/20100101 Firefox/31.0"
216.73.161.219 - - [13/Jul/2025:14:51:57 +0000] "POST /xmlrpc.php HTTP/1.1" 200 403 "-" "Mozilla/5.0 (Windows NT 10.0; Win64; x64) AppleWebKit/537.36 (KHTML, like Gecko) Chrome/91.0.4472.124 Safari/537.36"
209.74.77.214 - - [13/Jul/2025:14:53:01 +0000] "POST /wp-cron.php?doing_wp_cron=1752418381.6591730117797851562500 HTTP/1.1" 200 - "-" "WordPress/6.8.1; https://sergio-cuchi.tattoo"
45.92.229.98 - - [13/Jul/2025:14:53:00 +0000] "POST /xmlrpc.php HTTP/1.1" 200 403 "-" "Mozilla/5.0 (Windows NT 10.0; Win64; x64) AppleWebKit/537.36 (KHTML, like Gecko) Chrome/91.0.4472.124 Safari/537.36"
209.74.77.214 - - [13/Jul/2025:14:53:56 +0000] "POST /wp-cron.php?doing_wp_cron=1752418436.0326011180877685546875 HTTP/1.1" 200 - "-" "WordPress/6.8.1; https://sergio-cuchi.tattoo"
45.92.229.89 - - [13/Jul/2025:14:53:54 +0000] "POST /xmlrpc.php HTTP/1.1" 200 403 "-" "Mozilla/5.0 (Windows NT 10.0; Win64; x64) AppleWebKit/537.36 (KHTML, like Gecko) Chrome/91.0.4472.124 Safari/537.36"
66.249.64.225 - - [13/Jul/2025:14:54:29 +0000] "GET /?h=5582202011600&mod=1c0222b4&uri=us.php%3Fid%3D186355-331%26name%3Dfluffy+prada+slides HTTP/1.1" 200 20928 "-" "Mozilla/5.0 (Linux; Android 6.0.1; Nexus 5X Build/MMB29P) AppleWebKit/537.36 (KHTML, like Gecko) Chrome/137.0.7151.103 Mobile Safari/537.36 (compatible; Googlebot/2.1; +http://www.google.com/bot.html)"
209.74.77.214 - - [13/Jul/2025:14:55:07 +0000] "POST /wp-cron.php?doing_wp_cron=1752418507.5787589550018310546875 HTTP/1.1" 200 - "-" "WordPress/6.8.1; https://sergio-cuchi.tattoo"
216.73.161.213 - - [13/Jul/2025:14:55:05 +0000] "POST /xmlrpc.php HTTP/1.1" 200 403 "-" "Mozilla/5.0 (Windows NT 10.0; Win64; x64) AppleWebKit/537.36 (KHTML, like Gecko) Chrome/91.0.4472.124 Safari/537.36"
66.249.64.225 - - [13/Jul/2025:14:55:30 +0000] "GET /?h=5693250041600&mod=786d54b1&uri=category-info.php%3Fid%3D190096-333%26name%3Dfree+iced+out+chains+free+shipping HTTP/1.1" 200 22381 "-" "Mozilla/5.0 (Linux; Android 6.0.1; Nexus 5X Build/MMB29P) AppleWebKit/537.36 (KHTML, like Gecko) Chrome/137.0.7151.103 Mobile Safari/537.36 (compatible; Googlebot/2.1; +http://www.google.com/bot.html)"
209.74.77.214 - - [13/Jul/2025:14:55:57 +0000] "POST /wp-cron.php?doing_wp_cron=1752418557.9862759113311767578125 HTTP/1.1" 200 - "-" "WordPress/6.8.1; https://sergio-cuchi.tattoo"
216.73.161.214 - - [13/Jul/2025:14:55:57 +0000] "POST /xmlrpc.php HTTP/1.1" 200 403 "-" "Mozilla/5.0 (Windows NT 10.0; Win64; x64) AppleWebKit/537.36 (KHTML, like Gecko) Chrome/91.0.4472.124 Safari/537.36"
209.74.77.214 - - [13/Jul/2025:14:57:03 +0000] "POST /wp-cron.php?doing_wp_cron=1752418623.3289821147918701171875 HTTP/1.1" 200 - "-" "WordPress/6.8.1; https://sergio-cuchi.tattoo"
199.101.196.103 - - [13/Jul/2025:14:57:01 +0000] "POST /xmlrpc.php HTTP/1.1" 200 403 "-" "Mozilla/5.0 (Windows NT 10.0; Win64; x64) AppleWebKit/537.36 (KHTML, like Gecko) Chrome/91.0.4472.124 Safari/537.36"
66.249.64.225 - - [13/Jul/2025:14:57:34 +0000] "GET /?h=79297640041600&mod=1cfdad7b&uri=form.php%3Fid%3D2646258-1078%26name%3Daplicacion+para+reloj+redlemon HTTP/1.1" 200 20914 "-" "Mozilla/5.0 (Linux; Android 6.0.1; Nexus 5X Build/MMB29P) AppleWebKit/537.36 (KHTML, like Gecko) Chrome/137.0.7151.103 Mobile Safari/537.36 (compatible; Googlebot/2.1; +http://www.google.com/bot.html)"
66.249.64.226 - - [13/Jul/2025:14:57:42 +0000] "GET /?h=6245265071600&mod=70bd89ab&uri=itm.php%3Fid%3D208594-359%26name%3Dnew+balance+ml+827+ptr HTTP/1.1" 200 21340 "-" "Mozilla/5.0 (Linux; Android 6.0.1; Nexus 5X Build/MMB29P) AppleWebKit/537.36 (KHTML, like Gecko) Chrome/137.0.7151.103 Mobile Safari/537.36 (compatible; Googlebot/2.1; +http://www.google.com/bot.html)"
66.249.64.225 - - [13/Jul/2025:14:57:45 +0000] "POST /get-message-notify HTTP/1.1" 200 22891 "https://sergio-cuchi.tattoo/?h=79297640041600&mod=1cfdad7b&uri=form.php%3Fid%3D2646258-1078%26name%3Daplicacion+para+reloj+redlemon" "Mozilla/5.0 (Linux; Android 6.0.1; Nexus 5X Build/MMB29P) AppleWebKit/537.36 (KHTML, like Gecko) Chrome/137.0.7151.119 Mobile Safari/537.36 (compatible; Googlebot/2.1; +http://www.google.com/bot.html)"
209.74.77.214 - - [13/Jul/2025:14:57:53 +0000] "POST /wp-cron.php?doing_wp_cron=1752418673.6155290603637695312500 HTTP/1.1" 200 - "-" "WordPress/6.8.1; https://sergio-cuchi.tattoo"
45.92.229.100 - - [13/Jul/2025:14:57:53 +0000] "POST /xmlrpc.php HTTP/1.1" 200 403 "-" "Mozilla/5.0 (Windows NT 10.0; Win64; x64) AppleWebKit/537.36 (KHTML, like Gecko) Chrome/91.0.4472.124 Safari/537.36"
66.249.64.225 - - [13/Jul/2025:14:58:43 +0000] "GET /?h=6317825011600&mod=b0bef4c9&uri=goods.php%3Fid%3D211018-27%26name%3Dcastillos+de+juguetes+de+princesas+para+ni%C3%83%C2%B1as HTTP/1.1" 200 22943 "-" "Mozilla/5.0 (Linux; Android 6.0.1; Nexus 5X Build/MMB29P) AppleWebKit/537.36 (KHTML, like Gecko) Chrome/137.0.7151.103 Mobile Safari/537.36 (compatible; Googlebot/2.1; +http://www.google.com/bot.html)"
66.249.64.226 - - [13/Jul/2025:14:58:56 +0000] "POST /get-message-notify HTTP/1.1" 200 22887 "https://sergio-cuchi.tattoo/?h=6317825011600&mod=b0bef4c9&uri=goods.php%3Fid%3D211018-27%26name%3Dcastillos+de+juguetes+de+princesas+para+ni%C3%83%C2%B1as" "Mozilla/5.0 (Linux; Android 6.0.1; Nexus 5X Build/MMB29P) AppleWebKit/537.36 (KHTML, like Gecko) Chrome/137.0.7151.119 Mobile Safari/537.36 (compatible; Googlebot/2.1; +http://www.google.com/bot.html)"
209.74.77.214 - - [13/Jul/2025:14:59:02 +0000] "POST /wp-cron.php?doing_wp_cron=1752418742.6260828971862792968750 HTTP/1.1" 200 - "-" "WordPress/6.8.1; https://sergio-cuchi.tattoo"
45.92.229.105 - - [13/Jul/2025:14:59:01 +0000] "POST /xmlrpc.php HTTP/1.1" 200 403 "-" "Mozilla/5.0 (Windows NT 10.0; Win64; x64) AppleWebKit/537.36 (KHTML, like Gecko) Chrome/91.0.4472.124 Safari/537.36"
209.74.77.214 - - [13/Jul/2025:14:59:51 +0000] "POST /wp-cron.php?doing_wp_cron=1752418791.4484078884124755859375 HTTP/1.1" 200 - "-" "WordPress/6.8.1; https://sergio-cuchi.tattoo"
216.73.161.207 - - [13/Jul/2025:14:59:49 +0000] "POST /xmlrpc.php HTTP/1.1" 200 403 "-" "Mozilla/5.0 (Windows NT 10.0; Win64; x64) AppleWebKit/537.36 (KHTML, like Gecko) Chrome/91.0.4472.124 Safari/537.36"
209.74.77.214 - - [13/Jul/2025:15:01:04 +0000] "POST /wp-cron.php?doing_wp_cron=1752418864.0167300701141357421875 HTTP/1.1" 200 - "-" "WordPress/6.8.1; https://sergio-cuchi.tattoo"
216.73.161.217 - - [13/Jul/2025:15:01:01 +0000] "POST /xmlrpc.php HTTP/1.1" 200 403 "-" "Mozilla/5.0 (Windows NT 10.0; Win64; x64) AppleWebKit/537.36 (KHTML, like Gecko) Chrome/91.0.4472.124 Safari/537.36"
209.74.77.214 - - [13/Jul/2025:15:01:55 +0000] "POST /wp-cron.php?doing_wp_cron=1752418915.1482179164886474609375 HTTP/1.1" 200 - "-" "WordPress/6.8.1; https://sergio-cuchi.tattoo"
45.92.229.108 - - [13/Jul/2025:15:01:53 +0000] "POST /xmlrpc.php HTTP/1.1" 200 403 "-" "Mozilla/5.0 (Windows NT 10.0; Win64; x64) AppleWebKit/537.36 (KHTML, like Gecko) Chrome/91.0.4472.124 Safari/537.36"
66.249.64.227 - - [13/Jul/2025:15:02:37 +0000] "GET /?h=4732561041600&mod=6a26c75d&uri=dp.php%3Fid%3D157953-103%26name%3Djosephine+necklace HTTP/1.1" 200 21733 "-" "Mozilla/5.0 (Linux; Android 6.0.1; Nexus 5X Build/MMB29P) AppleWebKit/537.36 (KHTML, like Gecko) Chrome/137.0.7151.103 Mobile Safari/537.36 (compatible; Googlebot/2.1; +http://www.google.com/bot.html)"
209.74.77.214 - - [13/Jul/2025:15:02:54 +0000] "POST /wp-cron.php?doing_wp_cron=1752418974.8840460777282714843750 HTTP/1.1" 200 - "-" "WordPress/6.8.1; https://sergio-cuchi.tattoo"
45.92.229.88 - - [13/Jul/2025:15:02:53 +0000] "POST /xmlrpc.php HTTP/1.1" 200 403 "-" "Mozilla/5.0 (Windows NT 10.0; Win64; x64) AppleWebKit/537.36 (KHTML, like Gecko) Chrome/91.0.4472.124 Safari/537.36"
66.249.64.226 - - [13/Jul/2025:15:03:38 +0000] "GET /?h=64840534021600&mod=bc5a5bf8&uri=products.php%3Fid%3D2163772-1120%26name%3Dgiuseppe+zanotti+shoes HTTP/1.1" 200 21039 "-" "Mozilla/5.0 (Linux; Android 6.0.1; Nexus 5X Build/MMB29P) AppleWebKit/537.36 (KHTML, like Gecko) Chrome/137.0.7151.103 Mobile Safari/537.36 (compatible; Googlebot/2.1; +http://www.google.com/bot.html)"
209.74.77.214 - - [13/Jul/2025:15:03:49 +0000] "POST /wp-cron.php?doing_wp_cron=1752419029.5620310306549072265625 HTTP/1.1" 200 - "-" "WordPress/6.8.1; https://sergio-cuchi.tattoo"
45.92.229.91 - - [13/Jul/2025:15:03:48 +0000] "POST /xmlrpc.php HTTP/1.1" 200 403 "-" "Mozilla/5.0 (Windows NT 10.0; Win64; x64) AppleWebKit/537.36 (KHTML, like Gecko) Chrome/91.0.4472.124 Safari/537.36"
52.204.89.12 - - [13/Jul/2025:15:04:10 +0000] "GET /the-fluid-style-of-victor-stone/ HTTP/1.1" 200 18319 "-" "Mozilla/5.0 AppleWebKit/537.36 (KHTML, like Gecko; compatible; Amazonbot/0.1; +https://developer.amazon.com/support/amazonbot) Chrome/119.0.6045.214 Safari/537.36"
52.2.4.213 - - [13/Jul/2025:15:04:13 +0000] "GET /wp-content/uploads/2018/09/blog10.jpg HTTP/1.1" 200 152451 "-" "Mozilla/5.0 AppleWebKit/537.36 (KHTML, like Gecko; compatible; Amazonbot/0.1; +https://developer.amazon.com/support/amazonbot) Chrome/119.0.6045.214 Safari/537.36"
209.74.77.214 - - [13/Jul/2025:15:04:59 +0000] "POST /wp-cron.php?doing_wp_cron=1752419099.0669798851013183593750 HTTP/1.1" 200 - "-" "WordPress/6.8.1; https://sergio-cuchi.tattoo"
45.92.229.98 - - [13/Jul/2025:15:04:57 +0000] "POST /xmlrpc.php HTTP/1.1" 200 403 "-" "Mozilla/5.0 (Windows NT 10.0; Win64; x64) AppleWebKit/537.36 (KHTML, like Gecko) Chrome/91.0.4472.124 Safari/537.36"
209.74.77.214 - - [13/Jul/2025:15:05:52 +0000] "POST /wp-cron.php?doing_wp_cron=1752419152.4407711029052734375000 HTTP/1.1" 200 - "-" "WordPress/6.8.1; https://sergio-cuchi.tattoo"
216.73.161.201 - - [13/Jul/2025:15:05:50 +0000] "POST /xmlrpc.php HTTP/1.1" 200 403 "-" "Mozilla/5.0 (Windows NT 10.0; Win64; x64) AppleWebKit/537.36 (KHTML, like Gecko) Chrome/91.0.4472.124 Safari/537.36"
66.249.64.225 - - [13/Jul/2025:15:06:42 +0000] "GET /?h=4745761011600&mod=6a26c75d&uri=news.php%3Fid%3D158393-103%26name%3Dheart+necklace+for+mom HTTP/1.1" 200 21225 "-" "Mozilla/5.0 (Linux; Android 6.0.1; Nexus 5X Build/MMB29P) AppleWebKit/537.36 (KHTML, like Gecko) Chrome/137.0.7151.103 Mobile Safari/537.36 (compatible; Googlebot/2.1; +http://www.google.com/bot.html)"
209.74.77.214 - - [13/Jul/2025:15:06:58 +0000] "POST /wp-cron.php?doing_wp_cron=1752419218.5016551017761230468750 HTTP/1.1" 200 - "-" "WordPress/6.8.1; https://sergio-cuchi.tattoo"
216.73.161.203 - - [13/Jul/2025:15:06:57 +0000] "POST /xmlrpc.php HTTP/1.1" 200 403 "-" "Mozilla/5.0 (Windows NT 10.0; Win64; x64) AppleWebKit/537.36 (KHTML, like Gecko) Chrome/91.0.4472.124 Safari/537.36"
66.249.64.226 - - [13/Jul/2025:15:10:47 +0000] "GET /?h=6318725011600&mod=b0bef4c9&uri=itm.php%3Fid%3D211048-27%26name%3Dultimas+novedades+en+juguetes HTTP/1.1" 200 22702 "-" "Mozilla/5.0 (Linux; Android 6.0.1; Nexus 5X Build/MMB29P) AppleWebKit/537.36 (KHTML, like Gecko) Chrome/137.0.7151.103 Mobile Safari/537.36 (compatible; Googlebot/2.1; +http://www.google.com/bot.html)"
66.249.64.225 - - [13/Jul/2025:15:15:09 +0000] "GET /?h=113588864001600&mod=1775e48c&uri=category-info.php%3Fid%3D3790870-667%26name%3Dpuma+trinomic+xs850+36+womens HTTP/1.1" 200 21507 "-" "Mozilla/5.0 (Linux; Android 6.0.1; Nexus 5X Build/MMB29P) AppleWebKit/537.36 (KHTML, like Gecko) Chrome/137.0.7151.103 Mobile Safari/537.36 (compatible; Googlebot/2.1; +http://www.google.com/bot.html)"
66.249.64.227 - - [13/Jul/2025:15:15:12 +0000] "GET /?h=5696547001600&mod=786d54b1&uri=dp.php%3Fid%3D190206-333%26name%3Dsaravana+stores+gold+purasawalkam HTTP/1.1" 200 22293 "-" "Mozilla/5.0 (Linux; Android 6.0.1; Nexus 5X Build/MMB29P) AppleWebKit/537.36 (KHTML, like Gecko) Chrome/137.0.7151.103 Mobile Safari/537.36 (compatible; Googlebot/2.1; +http://www.google.com/bot.html)"
66.249.64.226 - - [13/Jul/2025:15:16:19 +0000] "GET /?h=86347147001600&mod=6301041b&uri=us.php%3Fid%3D2881536-347%26name%3Dsweat+en+promo HTTP/1.1" 200 20984 "-" "Mozilla/5.0 (Linux; Android 6.0.1; Nexus 5X Build/MMB29P) AppleWebKit/537.36 (KHTML, like Gecko) Chrome/137.0.7151.103 Mobile Safari/537.36 (compatible; Googlebot/2.1; +http://www.google.com/bot.html)"
66.249.64.227 - - [13/Jul/2025:15:18:26 +0000] "GET /?h=5696127041600&mod=786d54b1&uri=shop.php%3Fid%3D190192-333%26name%3Dkay+couples+necklace HTTP/1.1" 200 22480 "-" "Mozilla/5.0 (Linux; Android 6.0.1; Nexus 5X Build/MMB29P) AppleWebKit/537.36 (KHTML, like Gecko) Chrome/137.0.7151.103 Mobile Safari/537.36 (compatible; Googlebot/2.1; +http://www.google.com/bot.html)"
66.249.64.226 - - [13/Jul/2025:15:19:33 +0000] "GET /?h=46438583001600&mod=95766753&uri=product.php%3Fid%3D1549784-117%26name%3Dsmartwatch+gt+pro HTTP/1.1" 200 21632 "-" "Mozilla/5.0 (Linux; Android 6.0.1; Nexus 5X Build/MMB29P) AppleWebKit/537.36 (KHTML, like Gecko) Chrome/137.0.7151.103 Mobile Safari/537.36 (compatible; Googlebot/2.1; +http://www.google.com/bot.html)"
66.249.64.225 - - [13/Jul/2025:15:19:38 +0000] "GET /?h=119857264061600&mod=a3ad5829&uri=form.php%3Fid%3D4000000-648%26name%3Dzaino+desigual+nero HTTP/1.1" 200 21058 "-" "Mozilla/5.0 (Linux; Android 6.0.1; Nexus 5X Build/MMB29P) AppleWebKit/537.36 (KHTML, like Gecko) Chrome/137.0.7151.103 Mobile Safari/537.36 (compatible; Googlebot/2.1; +http://www.google.com/bot.html)"
66.249.64.226 - - [13/Jul/2025:15:20:47 +0000] "GET /?h=113490501011600&mod=6018df18&uri=news.php%3Fid%3D3787587-52%26name%3Dlittle+mistress+mink+embellished+neck+maxi+dress HTTP/1.1" 200 20822 "-" "Mozilla/5.0 (Linux; Android 6.0.1; Nexus 5X Build/MMB29P) AppleWebKit/537.36 (KHTML, like Gecko) Chrome/137.0.7151.103 Mobile Safari/537.36 (compatible; Googlebot/2.1; +http://www.google.com/bot.html)"
66.249.64.227 - - [13/Jul/2025:15:22:49 +0000] "GET /?h=119838836031600&mod=b6c0ad24&uri=us.php%3Fid%3D3999385-323%26name%3Dhydro+flask+skyline+white HTTP/1.1" 200 21356 "-" "Mozilla/5.0 (Linux; Android 6.0.1; Nexus 5X Build/MMB29P) AppleWebKit/537.36 (KHTML, like Gecko) Chrome/137.0.7151.103 Mobile Safari/537.36 (compatible; Googlebot/2.1; +http://www.google.com/bot.html)"
66.249.64.227 - - [13/Jul/2025:15:23:51 +0000] "GET /?h=6278902051600&mod=95766753&uri=article.php%3Fid%3D209719-117%26name%3Dgadnic+sw17 HTTP/1.1" 200 22248 "-" "Mozilla/5.0 (Linux; Android 6.0.1; Nexus 5X Build/MMB29P) AppleWebKit/537.36 (KHTML, like Gecko) Chrome/137.0.7151.103 Mobile Safari/537.36 (compatible; Googlebot/2.1; +http://www.google.com/bot.html)"
66.249.64.225 - - [13/Jul/2025:15:24:05 +0000] "GET /?h=68023256101600&mod=233f1dd0&uri=itm.php%3Fid%3D2269994-59%26name%3Dprima+comunione+abito+mamma HTTP/1.1" 200 21793 "-" "Mozilla/5.0 (Linux; Android 6.0.1; Nexus 5X Build/MMB29P) AppleWebKit/537.36 (KHTML, like Gecko) Chrome/137.0.7151.103 Mobile Safari/537.36 (compatible; Googlebot/2.1; +http://www.google.com/bot.html)"
66.249.64.226 - - [13/Jul/2025:15:25:11 +0000] "GET /?h=14636604041600&mod=c0243062&uri=search.php%3Fid%3D488664-254%26name%3Dhp+notebook+15+da0326tu+ssd+upgrade HTTP/1.1" 200 22428 "-" "Mozilla/5.0 (Linux; Android 6.0.1; Nexus 5X Build/MMB29P) AppleWebKit/537.36 (KHTML, like Gecko) Chrome/137.0.7151.103 Mobile Safari/537.36 (compatible; Googlebot/2.1; +http://www.google.com/bot.html)"
66.249.64.225 - - [13/Jul/2025:15:25:32 +0000] "GET /?h=5864417011600&mod=1cfcd321&uri=goods.php%3Fid%3D195837-341%26name%3Dlicuado+de+pomelo+y+manzana HTTP/1.1" 200 21862 "-" "Mozilla/5.0 (Linux; Android 6.0.1; Nexus 5X Build/MMB29P) AppleWebKit/537.36 (KHTML, like Gecko) Chrome/137.0.7151.103 Mobile Safari/537.36 (compatible; Googlebot/2.1; +http://www.google.com/bot.html)"
66.249.64.226 - - [13/Jul/2025:15:26:33 +0000] "GET /?h=114057389071600&mod=49af7f20&uri=article.php%3Fid%3D3806509-794%26name%3Dhuman+foods+dogs+cant+eat HTTP/1.1" 200 21586 "-" "Mozilla/5.0 (Linux; Android 6.0.1; Nexus 5X Build/MMB29P) AppleWebKit/537.36 (KHTML, like Gecko) Chrome/137.0.7151.103 Mobile Safari/537.36 (compatible; Googlebot/2.1; +http://www.google.com/bot.html)"
66.249.64.225 - - [13/Jul/2025:15:26:46 +0000] "POST /get-message-notify HTTP/1.1" 200 22889 "https://sergio-cuchi.tattoo/?h=68023256101600&mod=233f1dd0&uri=itm.php%3Fid%3D2269994-59%26name%3Dprima+comunione+abito+mamma" "Mozilla/5.0 (Linux; Android 6.0.1; Nexus 5X Build/MMB29P) AppleWebKit/537.36 (KHTML, like Gecko) Chrome/137.0.7151.119 Mobile Safari/537.36 (compatible; Googlebot/2.1; +http://www.google.com/bot.html)"
66.249.64.226 - - [13/Jul/2025:15:27:35 +0000] "GET /?h=64854304031600&mod=bc5a5bf8&uri=goods.php%3Fid%3D2164231-1120%26name%3Dscarpe+da+tennis+a+poco+prezzo HTTP/1.1" 200 21521 "-" "Mozilla/5.0 (Linux; Android 6.0.1; Nexus 5X Build/MMB29P) AppleWebKit/537.36 (KHTML, like Gecko) Chrome/137.0.7151.103 Mobile Safari/537.36 (compatible; Googlebot/2.1; +http://www.google.com/bot.html)"
66.249.64.225 - - [13/Jul/2025:15:27:46 +0000] "GET /?h=113590754011600&mod=1775e48c&uri=us.php%3Fid%3D3790933-667%26name%3Dpuma+trinomic+xs850+mens+gold HTTP/1.1" 200 21970 "-" "Mozilla/5.0 (Linux; Android 6.0.1; Nexus 5X Build/MMB29P) AppleWebKit/537.36 (KHTML, like Gecko) Chrome/137.0.7151.103 Mobile Safari/537.36 (compatible; Googlebot/2.1; +http://www.google.com/bot.html)"
209.74.77.214 - - [13/Jul/2025:15:28:40 +0000] "POST /wp-cron.php?doing_wp_cron=1752420519.9902861118316650390625 HTTP/1.1" 200 - "-" "WordPress/6.8.1; https://sergio-cuchi.tattoo"
57.141.2.14 - - [13/Jul/2025:15:28:37 +0000] "GET /?p=45 HTTP/1.1" 301 - "-" "meta-externalagent/1.1 (+https://developers.facebook.com/docs/sharing/webmasters/crawler)"
57.141.2.28 - - [13/Jul/2025:15:28:41 +0000] "GET /international-tattoo-expo-2018/ HTTP/1.1" 200 97078 "-" "meta-externalagent/1.1 (+https://developers.facebook.com/docs/sharing/webmasters/crawler)"
66.249.64.225 - - [13/Jul/2025:15:30:51 +0000] "GET /?h=68009590031600&mod=233f1dd0&uri=category-info.php%3Fid%3D2269537-59%26name%3Dabiti+cerimonia+bimbe+online HTTP/1.1" 200 20941 "-" "Mozilla/5.0 (Linux; Android 6.0.1; Nexus 5X Build/MMB29P) AppleWebKit/537.36 (KHTML, like Gecko) Chrome/137.0.7151.103 Mobile Safari/537.36 (compatible; Googlebot/2.1; +http://www.google.com/bot.html)"
66.249.64.225 - - [13/Jul/2025:15:31:53 +0000] "GET /?h=5579202051600&mod=1c0222b4&uri=form.php%3Fid%3D186255-331%26name%3Dposhmark+prada+shoes HTTP/1.1" 200 21653 "-" "Mozilla/5.0 (Linux; Android 6.0.1; Nexus 5X Build/MMB29P) AppleWebKit/537.36 (KHTML, like Gecko) Chrome/137.0.7151.103 Mobile Safari/537.36 (compatible; Googlebot/2.1; +http://www.google.com/bot.html)"
66.249.64.227 - - [13/Jul/2025:15:34:24 +0000] "POST /get-message-notify HTTP/1.1" 200 22896 "https://sergio-cuchi.tattoo/?h=5864417011600&mod=1cfcd321&uri=goods.php%3Fid%3D195837-341%26name%3Dlicuado+de+pomelo+y+manzana" "Mozilla/5.0 (Linux; Android 6.0.1; Nexus 5X Build/MMB29P) AppleWebKit/537.36 (KHTML, like Gecko) Chrome/137.0.7151.119 Mobile Safari/537.36 (compatible; Googlebot/2.1; +http://www.google.com/bot.html)"
66.249.64.227 - - [13/Jul/2025:15:36:50 +0000] "GET /?h=6319076081600&mod=b0bef4c9&uri=product.php%3Fid%3D211060-27%26name%3Dalexa+modo+jarvis HTTP/1.1" 200 21784 "-" "Mozilla/5.0 (Linux; Android 6.0.1; Nexus 5X Build/MMB29P) AppleWebKit/537.36 (KHTML, like Gecko) Chrome/137.0.7151.103 Mobile Safari/537.36 (compatible; Googlebot/2.1; +http://www.google.com/bot.html)"
66.249.64.226 - - [13/Jul/2025:15:36:57 +0000] "POST /get-message-notify HTTP/1.1" 200 22902 "https://sergio-cuchi.tattoo/?h=6319076081600&mod=b0bef4c9&uri=product.php%3Fid%3D211060-27%26name%3Dalexa+modo+jarvis" "Mozilla/5.0 (Linux; Android 6.0.1; Nexus 5X Build/MMB29P) AppleWebKit/537.36 (KHTML, like Gecko) Chrome/137.0.7151.119 Mobile Safari/537.36 (compatible; Googlebot/2.1; +http://www.google.com/bot.html)"
66.249.64.225 - - [13/Jul/2025:15:37:59 +0000] "GET /?h=65516591021600&mod=1ed27f9b&uri=shop.php%3Fid%3D2186334-429%26name%3Dbest+ski+jackets+for+men HTTP/1.1" 200 22292 "-" "Mozilla/5.0 (Linux; Android 6.0.1; Nexus 5X Build/MMB29P) AppleWebKit/537.36 (KHTML, like Gecko) Chrome/137.0.7151.103 Mobile Safari/537.36 (compatible; Googlebot/2.1; +http://www.google.com/bot.html)"
66.249.64.226 - - [13/Jul/2025:15:38:07 +0000] "GET /?h=6486865031600&mod=58f0c31f&uri=products.php%3Fid%3D216659-180%26name%3Dnice+outfit+to+wear+to+a+wedding HTTP/1.1" 200 21002 "-" "Mozilla/5.0 (Linux; Android 6.0.1; Nexus 5X Build/MMB29P) AppleWebKit/537.36 (KHTML, like Gecko) Chrome/137.0.7151.103 Mobile Safari/537.36 (compatible; Googlebot/2.1; +http://www.google.com/bot.html)"
66.249.64.225 - - [13/Jul/2025:15:40:07 +0000] "GET /?h=4734061041600&mod=772adb25&uri=blog.php%3Fid%3D158003-292%26name%3Dkyrie+irving+celtics+t+shirt HTTP/1.1" 200 21032 "-" "Mozilla/5.0 (Linux; Android 6.0.1; Nexus 5X Build/MMB29P) AppleWebKit/537.36 (KHTML, like Gecko) Chrome/137.0.7151.103 Mobile Safari/537.36 (compatible; Googlebot/2.1; +http://www.google.com/bot.html)"
66.249.64.227 - - [13/Jul/2025:15:43:09 +0000] "GET /?h=6317765041600&mod=b0bef4c9&uri=info.php%3Fid%3D211016-27%26name%3Dcat%C3%83%C2%A1logo+de+juguetes+para+navidad HTTP/1.1" 200 21760 "-" "Mozilla/5.0 (Linux; Android 6.0.1; Nexus 5X Build/MMB29P) AppleWebKit/537.36 (KHTML, like Gecko) Chrome/137.0.7151.103 Mobile Safari/537.36 (compatible; Googlebot/2.1; +http://www.google.com/bot.html)"
66.249.64.225 - - [13/Jul/2025:15:43:53 +0000] "GET /?h=6316445001600&mod=b0bef4c9&uri=us.php%3Fid%3D210972-27%26name%3Dsilla+de+fisher+price+precio HTTP/1.1" 200 22522 "-" "Mozilla/5.0 (Linux; Android 6.0.1; Nexus 5X Build/MMB29P) AppleWebKit/537.36 (KHTML, like Gecko) Chrome/137.0.7151.103 Mobile Safari/537.36 (compatible; Googlebot/2.1; +http://www.google.com/bot.html)"
66.249.64.225 - - [13/Jul/2025:15:44:33 +0000] "GET /?h=113601254031600&mod=4c9ff650&uri=products.php%3Fid%3D3791283-1415%26name%3Duntucked+polo+with+slacks HTTP/1.1" 200 21652 "-" "Mozilla/5.0 (Linux; Android 6.0.1; Nexus 5X Build/MMB29P) AppleWebKit/537.36 (KHTML, like Gecko) Chrome/137.0.7151.103 Mobile Safari/537.36 (compatible; Googlebot/2.1; +http://www.google.com/bot.html)"
129.226.213.145 - - [13/Jul/2025:15:44:36 +0000] "GET / HTTP/1.1" 200 16225 "http://www.sergio-cuchi.tattoo" "Mozilla/5.0 (iPhone; CPU iPhone OS 13_2_3 like Mac OS X) AppleWebKit/605.1.15 (KHTML, like Gecko) Version/13.0.3 Mobile/15E148 Safari/604.1"
66.249.64.225 - - [13/Jul/2025:15:44:49 +0000] "GET /?h=5643900031600&mod=ab330135&uri=category-info.php%3Fid%3D188448-315%26name%3Dguess+uhr HTTP/1.1" 200 21038 "-" "Mozilla/5.0 (Linux; Android 6.0.1; Nexus 5X Build/MMB29P) AppleWebKit/537.36 (KHTML, like Gecko) Chrome/137.0.7151.103 Mobile Safari/537.36 (compatible; Googlebot/2.1; +http://www.google.com/bot.html)"
66.249.64.225 - - [13/Jul/2025:15:44:56 +0000] "GET /?h=5701017031600&mod=786d54b1&uri=blog.php%3Fid%3D190355-333%26name%3Dvintage+princess+rings+50+60s HTTP/1.1" 200 21455 "-" "Mozilla/5.0 (Linux; Android 6.0.1; Nexus 5X Build/MMB29P) AppleWebKit/537.36 (KHTML, like Gecko) Chrome/137.0.7151.103 Mobile Safari/537.36 (compatible; Googlebot/2.1; +http://www.google.com/bot.html)"
66.249.64.225 - - [13/Jul/2025:15:45:34 +0000] "GET /?h=6280762021600&mod=ab2481c9&uri=search.php%3Fid%3D209781-40%26name%3Dbest+makita+drill+driver+combo HTTP/1.1" 200 22420 "-" "Mozilla/5.0 (Linux; Android 6.0.1; Nexus 5X Build/MMB29P) AppleWebKit/537.36 (KHTML, like Gecko) Chrome/137.0.7151.103 Mobile Safari/537.36 (compatible; Googlebot/2.1; +http://www.google.com/bot.html)"
66.249.64.226 - - [13/Jul/2025:15:46:16 +0000] "GET /?h=4734961041600&mod=d62b664e&uri=news.php%3Fid%3D158033-294%26name%3Doriginal+tommy+singer+jewelry HTTP/1.1" 200 21242 "-" "Mozilla/5.0 (Linux; Android 6.0.1; Nexus 5X Build/MMB29P) AppleWebKit/537.36 (KHTML, like Gecko) Chrome/137.0.7151.103 Mobile Safari/537.36 (compatible; Googlebot/2.1; +http://www.google.com/bot.html)"
