66.249.64.225 - - [13/Jul/2025:15:46:54 +0000] "GET /?h=113553324011600&mod=28bde6c8&uri=article.php%3Fid%3D3789685-613%26name%3Dpinot+noir+ros%C3%83%C2%A9 HTTP/1.1" 200 20791 "-" "Mozilla/5.0 (Linux; Android 6.0.1; Nexus 5X Build/MMB29P) AppleWebKit/537.36 (KHTML, like Gecko) Chrome/137.0.7151.103 Mobile Safari/537.36 (compatible; Googlebot/2.1; +http://www.google.com/bot.html)"
66.249.64.225 - - [13/Jul/2025:15:47:32 +0000] "GET /?h=5580162011600&mod=f9421558&uri=us.php%3Fid%3D186287-330%26name%3Drheem+heating+element HTTP/1.1" 200 21463 "-" "Mozilla/5.0 (Linux; Android 6.0.1; Nexus 5X Build/MMB29P) AppleWebKit/537.36 (KHTML, like Gecko) Chrome/137.0.7151.103 Mobile Safari/537.36 (compatible; Googlebot/2.1; +http://www.google.com/bot.html)"
66.249.64.225 - - [13/Jul/2025:15:47:35 +0000] "POST /get-message-notify HTTP/1.1" 200 22905 "https://sergio-cuchi.tattoo/?h=5580162011600&mod=f9421558&uri=us.php%3Fid%3D186287-330%26name%3Drheem+heating+element" "Mozilla/5.0 (Linux; Android 6.0.1; Nexus 5X Build/MMB29P) AppleWebKit/537.36 (KHTML, like Gecko) Chrome/137.0.7151.119 Mobile Safari/537.36 (compatible; Googlebot/2.1; +http://www.google.com/bot.html)"
66.249.64.225 - - [13/Jul/2025:15:48:10 +0000] "POST /get-message-notify HTTP/1.1" 200 22898 "https://sergio-cuchi.tattoo/?h=6280762021600&mod=ab2481c9&uri=search.php%3Fid%3D209781-40%26name%3Dbest+makita+drill+driver+combo" "Mozilla/5.0 (Linux; Android 6.0.1; Nexus 5X Build/MMB29P) AppleWebKit/537.36 (KHTML, like Gecko) Chrome/137.0.7151.119 Mobile Safari/537.36 (compatible; Googlebot/2.1; +http://www.google.com/bot.html)"
66.249.64.226 - - [13/Jul/2025:15:48:13 +0000] "GET /?h=4743961041600&mod=5a7e322f&uri=info.php%3Fid%3D158333-126%26name%3Dgolf+cart+bag+reviews+2021 HTTP/1.1" 200 20920 "-" "Mozilla/5.0 (Linux; Android 6.0.1; Nexus 5X Build/MMB29P) AppleWebKit/537.36 (KHTML, like Gecko) Chrome/137.0.7151.103 Mobile Safari/537.36 (compatible; Googlebot/2.1; +http://www.google.com/bot.html)"
66.249.64.227 - - [13/Jul/2025:15:49:00 +0000] "GET /?h=4735861011600&mod=6a26c75d&uri=goods.php%3Fid%3D158063-103%26name%3Dmiranda+necklace HTTP/1.1" 200 20985 "-" "Mozilla/5.0 (Linux; Android 6.0.1; Nexus 5X Build/MMB29P) AppleWebKit/537.36 (KHTML, like Gecko) Chrome/137.0.7151.103 Mobile Safari/537.36 (compatible; Googlebot/2.1; +http://www.google.com/bot.html)"
66.249.64.225 - - [13/Jul/2025:15:49:38 +0000] "GET /?h=6336975051600&mod=1b9812b9&uri=info.php%3Fid%3D211661-26%26name%3Dmuro+virtual+roomba HTTP/1.1" 200 21643 "-" "Mozilla/5.0 (Linux; Android 6.0.1; Nexus 5X Build/MMB29P) AppleWebKit/537.36 (KHTML, like Gecko) Chrome/137.0.7151.103 Mobile Safari/537.36 (compatible; Googlebot/2.1; +http://www.google.com/bot.html)"
66.249.64.225 - - [13/Jul/2025:15:49:49 +0000] "POST /get-message-notify HTTP/1.1" 200 22904 "https://sergio-cuchi.tattoo/?h=6336975051600&mod=1b9812b9&uri=info.php%3Fid%3D211661-26%26name%3Dmuro+virtual+roomba" "Mozilla/5.0 (Linux; Android 6.0.1; Nexus 5X Build/MMB29P) AppleWebKit/537.36 (KHTML, like Gecko) Chrome/137.0.7151.119 Mobile Safari/537.36 (compatible; Googlebot/2.1; +http://www.google.com/bot.html)"
66.249.64.226 - - [13/Jul/2025:15:50:14 +0000] "GET / HTTP/1.1" 200 20804 "-" "Mozilla/5.0 (Linux; Android 6.0.1; Nexus 5X Build/MMB29P) AppleWebKit/537.36 (KHTML, like Gecko) Chrome/137.0.7151.103 Mobile Safari/537.36 (compatible; Googlebot/2.1; +http://www.google.com/bot.html)"
66.249.64.225 - - [13/Jul/2025:15:50:18 +0000] "GET /?h=39708140041600&mod=95766753&uri=shop.php%3Fid%3D1325248-117%26name%3Dbvlgari+aluminium+precio HTTP/1.1" 200 21588 "-" "Mozilla/5.0 (Linux; Android 6.0.1; Nexus 5X Build/MMB29P) AppleWebKit/537.36 (KHTML, like Gecko) Chrome/137.0.7151.103 Mobile Safari/537.36 (compatible; Googlebot/2.1; +http://www.google.com/bot.html)"
66.249.64.225 - - [13/Jul/2025:15:50:29 +0000] "GET /?h=113615984031600&mod=1775e48c&uri=article.php%3Fid%3D3791774-667%26name%3Dpuma+drift+cat+grey HTTP/1.1" 200 22247 "-" "Mozilla/5.0 (Linux; Android 6.0.1; Nexus 5X Build/MMB29P) AppleWebKit/537.36 (KHTML, like Gecko) Chrome/137.0.7151.103 Mobile Safari/537.36 (compatible; Googlebot/2.1; +http://www.google.com/bot.html)"
66.249.64.225 - - [13/Jul/2025:15:50:37 +0000] "GET /?h=119854136041600&mod=b6c0ad24&uri=search.php%3Fid%3D3999895-323%26name%3Dstandard+mouth+straw+lid HTTP/1.1" 200 20497 "-" "Mozilla/5.0 (Linux; Android 6.0.1; Nexus 5X Build/MMB29P) AppleWebKit/537.36 (KHTML, like Gecko) Chrome/137.0.7151.103 Mobile Safari/537.36 (compatible; Googlebot/2.1; +http://www.google.com/bot.html)"
66.249.64.225 - - [13/Jul/2025:15:50:44 +0000] "GET /?h=65447211021600&mod=1f00a892&uri=goods.php%3Fid%3D2184020-287%26name%3Dgopro+selfie+stick+near+me HTTP/1.1" 200 21628 "-" "Mozilla/5.0 (Linux; Android 6.0.1; Nexus 5X Build/MMB29P) AppleWebKit/537.36 (KHTML, like Gecko) Chrome/137.0.7151.103 Mobile Safari/537.36 (compatible; Googlebot/2.1; +http://www.google.com/bot.html)"
66.249.64.225 - - [13/Jul/2025:15:50:50 +0000] "POST /get-message-notify HTTP/1.1" 200 22895 "https://sergio-cuchi.tattoo/?h=119854136041600&mod=b6c0ad24&uri=search.php%3Fid%3D3999895-323%26name%3Dstandard+mouth+straw+lid" "Mozilla/5.0 (Linux; Android 6.0.1; Nexus 5X Build/MMB29P) AppleWebKit/537.36 (KHTML, like Gecko) Chrome/137.0.7151.119 Mobile Safari/537.36 (compatible; Googlebot/2.1; +http://www.google.com/bot.html)"
66.249.64.226 - - [13/Jul/2025:15:51:22 +0000] "GET /?h=6276112021600&mod=95766753&uri=pin.php%3Fid%3D209626-117%26name%3Dgarmin+fenix+pro+review+espa%C3%83%C2%B1ol HTTP/1.1" 200 21911 "-" "Mozilla/5.0 (Linux; Android 6.0.1; Nexus 5X Build/MMB29P) AppleWebKit/537.36 (KHTML, like Gecko) Chrome/137.0.7151.103 Mobile Safari/537.36 (compatible; Googlebot/2.1; +http://www.google.com/bot.html)"
66.249.64.226 - - [13/Jul/2025:15:51:28 +0000] "GET /?h=5598804061600&mod=f9421558&uri=us.php%3Fid%3D186911-330%26name%3Dvisionpro+8000+thermostat HTTP/1.1" 200 21074 "-" "Mozilla/5.0 (Linux; Android 6.0.1; Nexus 5X Build/MMB29P) AppleWebKit/537.36 (KHTML, like Gecko) Chrome/137.0.7151.103 Mobile Safari/537.36 (compatible; Googlebot/2.1; +http://www.google.com/bot.html)"
66.249.64.227 - - [13/Jul/2025:15:52:06 +0000] "GET /?h=5581362011600&mod=1c0222b4&uri=form.php%3Fid%3D186327-331%26name%3Dprada+segment+sneakers HTTP/1.1" 200 21010 "-" "Mozilla/5.0 (Linux; Android 6.0.1; Nexus 5X Build/MMB29P) AppleWebKit/537.36 (KHTML, like Gecko) Chrome/137.0.7151.103 Mobile Safari/537.36 (compatible; Googlebot/2.1; +http://www.google.com/bot.html)"
66.249.64.225 - - [13/Jul/2025:15:52:16 +0000] "POST /get-message-notify HTTP/1.1" 200 22885 "https://sergio-cuchi.tattoo/?h=5581362011600&mod=1c0222b4&uri=form.php%3Fid%3D186327-331%26name%3Dprada+segment+sneakers" "Mozilla/5.0 (Linux; Android 6.0.1; Nexus 5X Build/MMB29P) AppleWebKit/537.36 (KHTML, like Gecko) Chrome/137.0.7151.119 Mobile Safari/537.36 (compatible; Googlebot/2.1; +http://www.google.com/bot.html)"
66.249.64.225 - - [13/Jul/2025:15:52:44 +0000] "GET /?h=6282622031600&mod=786d54b1&uri=goods.php%3Fid%3D209843-333%26name%3Dlucky+knots HTTP/1.1" 200 21736 "-" "Mozilla/5.0 (Linux; Android 6.0.1; Nexus 5X Build/MMB29P) AppleWebKit/537.36 (KHTML, like Gecko) Chrome/137.0.7151.103 Mobile Safari/537.36 (compatible; Googlebot/2.1; +http://www.google.com/bot.html)"
66.249.64.227 - - [13/Jul/2025:15:53:25 +0000] "GET /?h=4740961031600&mod=772adb25&uri=shop.php%3Fid%3D158233-292%26name%3Dnike+photos+hd HTTP/1.1" 200 21994 "-" "Mozilla/5.0 (Linux; Android 6.0.1; Nexus 5X Build/MMB29P) AppleWebKit/537.36 (KHTML, like Gecko) Chrome/137.0.7151.103 Mobile Safari/537.36 (compatible; Googlebot/2.1; +http://www.google.com/bot.html)"
66.249.64.225 - - [13/Jul/2025:15:54:24 +0000] "POST /get-message-notify HTTP/1.1" 200 22903 "https://sergio-cuchi.tattoo/?h=4740961031600&mod=772adb25&uri=shop.php%3Fid%3D158233-292%26name%3Dnike+photos+hd" "Mozilla/5.0 (Linux; Android 6.0.1; Nexus 5X Build/MMB29P) AppleWebKit/537.36 (KHTML, like Gecko) Chrome/137.0.7151.119 Mobile Safari/537.36 (compatible; Googlebot/2.1; +http://www.google.com/bot.html)"
66.249.64.225 - - [13/Jul/2025:15:54:42 +0000] "GET /?h=5588945021600&mod=f9421558&uri=brands.php%3Fid%3D186580-330%26name%3Dprogramming+a+honeywell+home+thermostat HTTP/1.1" 200 22046 "-" "Mozilla/5.0 (Linux; Android 6.0.1; Nexus 5X Build/MMB29P) AppleWebKit/537.36 (KHTML, like Gecko) Chrome/137.0.7151.103 Mobile Safari/537.36 (compatible; Googlebot/2.1; +http://www.google.com/bot.html)"
66.249.64.225 - - [13/Jul/2025:15:55:20 +0000] "GET /?h=6275182011600&mod=95766753&uri=search.php%3Fid%3D209595-117%26name%3Dreplicas+relojes+espa%C3%83%C2%B1a+opiniones HTTP/1.1" 200 22521 "-" "Mozilla/5.0 (Linux; Android 6.0.1; Nexus 5X Build/MMB29P) AppleWebKit/537.36 (KHTML, like Gecko) Chrome/137.0.7151.103 Mobile Safari/537.36 (compatible; Googlebot/2.1; +http://www.google.com/bot.html)"
66.249.64.227 - - [13/Jul/2025:15:55:23 +0000] "GET /?h=5603776051600&mod=8b3abac1&uri=search.php%3Fid%3D187083-332%26name%3Dvishnuvardhan+new+songs HTTP/1.1" 200 22093 "-" "Mozilla/5.0 (Linux; Android 6.0.1; Nexus 5X Build/MMB29P) AppleWebKit/537.36 (KHTML, like Gecko) Chrome/137.0.7151.103 Mobile Safari/537.36 (compatible; Googlebot/2.1; +http://www.google.com/bot.html)"
66.249.64.226 - - [13/Jul/2025:15:55:26 +0000] "POST /get-message-notify HTTP/1.1" 200 22907 "https://sergio-cuchi.tattoo/?h=6275182011600&mod=95766753&uri=search.php%3Fid%3D209595-117%26name%3Dreplicas+relojes+espa%C3%83%C2%B1a+opiniones" "Mozilla/5.0 (Linux; Android 6.0.1; Nexus 5X Build/MMB29P) AppleWebKit/537.36 (KHTML, like Gecko) Chrome/137.0.7151.119 Mobile Safari/537.36 (compatible; Googlebot/2.1; +http://www.google.com/bot.html)"
66.249.64.226 - - [13/Jul/2025:15:56:11 +0000] "GET /?h=6315845021600&mod=b0bef4c9&uri=pin.php%3Fid%3D210952-27%26name%3Dthomas+a+control+remoto HTTP/1.1" 200 21939 "-" "Mozilla/5.0 (Linux; Android 6.0.1; Nexus 5X Build/MMB29P) AppleWebKit/537.36 (KHTML, like Gecko) Chrome/137.0.7151.103 Mobile Safari/537.36 (compatible; Googlebot/2.1; +http://www.google.com/bot.html)"
66.249.64.225 - - [13/Jul/2025:15:56:19 +0000] "GET /?h=113614544001600&mod=30d70963&uri=article.php%3Fid%3D3791726-582%26name%3Dfjallraven+authorized+dealers HTTP/1.1" 200 20492 "-" "Mozilla/5.0 (Linux; Android 6.0.1; Nexus 5X Build/MMB29P) AppleWebKit/537.36 (KHTML, like Gecko) Chrome/137.0.7151.103 Mobile Safari/537.36 (compatible; Googlebot/2.1; +http://www.google.com/bot.html)"
66.249.64.225 - - [13/Jul/2025:15:56:25 +0000] "POST /get-message-notify HTTP/1.1" 200 22887 "https://sergio-cuchi.tattoo/?h=113614544001600&mod=30d70963&uri=article.php%3Fid%3D3791726-582%26name%3Dfjallraven+authorized+dealers" "Mozilla/5.0 (Linux; Android 6.0.1; Nexus 5X Build/MMB29P) AppleWebKit/537.36 (KHTML, like Gecko) Chrome/137.0.7151.119 Mobile Safari/537.36 (compatible; Googlebot/2.1; +http://www.google.com/bot.html)"
66.249.64.225 - - [13/Jul/2025:15:56:57 +0000] "GET /?h=6318305021600&mod=1b9812b9&uri=goods.php%3Fid%3D211034-26%26name%3Droomba+676+potencia HTTP/1.1" 200 21827 "-" "Mozilla/5.0 (Linux; Android 6.0.1; Nexus 5X Build/MMB29P) AppleWebKit/537.36 (KHTML, like Gecko) Chrome/137.0.7151.103 Mobile Safari/537.36 (compatible; Googlebot/2.1; +http://www.google.com/bot.html)"
66.249.64.227 - - [13/Jul/2025:15:57:02 +0000] "POST /get-message-notify HTTP/1.1" 200 22901 "https://sergio-cuchi.tattoo/?h=6318305021600&mod=1b9812b9&uri=goods.php%3Fid%3D211034-26%26name%3Droomba+676+potencia" "Mozilla/5.0 (Linux; Android 6.0.1; Nexus 5X Build/MMB29P) AppleWebKit/537.36 (KHTML, like Gecko) Chrome/137.0.7151.119 Mobile Safari/537.36 (compatible; Googlebot/2.1; +http://www.google.com/bot.html)"
66.249.64.226 - - [13/Jul/2025:15:57:35 +0000] "GET /?h=80062635041600&mod=786d54b1&uri=brands.php%3Fid%3D2671791-333%26name%3Dvalentino+mens+ring HTTP/1.1" 200 20966 "-" "Mozilla/5.0 (Linux; Android 6.0.1; Nexus 5X Build/MMB29P) AppleWebKit/537.36 (KHTML, like Gecko) Chrome/137.0.7151.103 Mobile Safari/537.36 (compatible; Googlebot/2.1; +http://www.google.com/bot.html)"
66.249.64.226 - - [13/Jul/2025:15:58:36 +0000] "POST /get-message-notify HTTP/1.1" 200 22894 "https://sergio-cuchi.tattoo/" "Mozilla/5.0 (Linux; Android 6.0.1; Nexus 5X Build/MMB29P) AppleWebKit/537.36 (KHTML, like Gecko) Chrome/137.0.7151.119 Mobile Safari/537.36 (compatible; Googlebot/2.1; +http://www.google.com/bot.html)"
66.249.64.225 - - [13/Jul/2025:15:58:50 +0000] "GET /?h=5595155031600&mod=f9421558&uri=itm.php%3Fid%3D186787-330%26name%3Ddometic+digital+rv+thermostat HTTP/1.1" 200 20886 "-" "Mozilla/5.0 (Linux; Android 6.0.1; Nexus 5X Build/MMB29P) AppleWebKit/537.36 (KHTML, like Gecko) Chrome/137.0.7151.103 Mobile Safari/537.36 (compatible; Googlebot/2.1; +http://www.google.com/bot.html)"
66.249.64.225 - - [13/Jul/2025:15:59:33 +0000] "GET /?h=113587814071600&mod=b0f7b8df&uri=article.php%3Fid%3D3790835-776%26name%3Dcarteritas+de+cuero HTTP/1.1" 200 21583 "-" "Mozilla/5.0 (Linux; Android 6.0.1; Nexus 5X Build/MMB29P) AppleWebKit/537.36 (KHTML, like Gecko) Chrome/137.0.7151.103 Mobile Safari/537.36 (compatible; Googlebot/2.1; +http://www.google.com/bot.html)"
66.249.64.226 - - [13/Jul/2025:16:00:14 +0000] "GET /?h=5439702071600&mod=233f1dd0&uri=products.php%3Fid%3D181601-59%26name%3Dvestiti+matrimonio+lungo HTTP/1.1" 200 21883 "-" "Mozilla/5.0 (Linux; Android 6.0.1; Nexus 5X Build/MMB29P) AppleWebKit/537.36 (KHTML, like Gecko) Chrome/137.0.7151.103 Mobile Safari/537.36 (compatible; Googlebot/2.1; +http://www.google.com/bot.html)"
66.249.64.225 - - [13/Jul/2025:16:00:26 +0000] "POST /get-message-notify HTTP/1.1" 200 22897 "https://sergio-cuchi.tattoo/?h=5439702071600&mod=233f1dd0&uri=products.php%3Fid%3D181601-59%26name%3Dvestiti+matrimonio+lungo" "Mozilla/5.0 (Linux; Android 6.0.1; Nexus 5X Build/MMB29P) AppleWebKit/537.36 (KHTML, like Gecko) Chrome/137.0.7151.119 Mobile Safari/537.36 (compatible; Googlebot/2.1; +http://www.google.com/bot.html)"
66.249.64.225 - - [13/Jul/2025:16:00:52 +0000] "GET /?h=6284152001600&mod=786d54b1&uri=article.php%3Fid%3D209894-333%26name%3Dpakistani+gold+ring+design HTTP/1.1" 200 21982 "-" "Mozilla/5.0 (Linux; Android 6.0.1; Nexus 5X Build/MMB29P) AppleWebKit/537.36 (KHTML, like Gecko) Chrome/137.0.7151.103 Mobile Safari/537.36 (compatible; Googlebot/2.1; +http://www.google.com/bot.html)"
66.249.64.225 - - [13/Jul/2025:16:00:55 +0000] "GET /?h=6484045031600&mod=634a02f8&uri=news.php%3Fid%3D216565-364%26name%3Dregatta+mens+highton+stretch+jacket HTTP/1.1" 200 21621 "-" "Mozilla/5.0 (Linux; Android 6.0.1; Nexus 5X Build/MMB29P) AppleWebKit/537.36 (KHTML, like Gecko) Chrome/137.0.7151.103 Mobile Safari/537.36 (compatible; Googlebot/2.1; +http://www.google.com/bot.html)"
66.249.64.225 - - [13/Jul/2025:16:00:59 +0000] "GET /?h=4663339021600&mod=5fcf718a&uri=article.php%3Fid%3D155645-246%26name%3Dpanoramic+fisheye+camera HTTP/1.1" 200 22185 "-" "Mozilla/5.0 (Linux; Android 6.0.1; Nexus 5X Build/MMB29P) AppleWebKit/537.36 (KHTML, like Gecko) Chrome/137.0.7151.103 Mobile Safari/537.36 (compatible; Googlebot/2.1; +http://www.google.com/bot.html)"
209.74.77.214 - - [13/Jul/2025:16:01:55 +0000] "POST /wp-cron.php?doing_wp_cron=1752422515.7334549427032470703125 HTTP/1.1" 200 - "-" "WordPress/6.8.1; https://sergio-cuchi.tattoo"
151.80.19.225 - - [13/Jul/2025:16:01:53 +0000] "POST /xmlrpc.php HTTP/1.1" 200 403 "-" "Mozilla/5.0 (Windows NT 5.1; Win64; x64) AppleWebKit/537.36 (KHTML, like Gecko) Chrome/60.0.3112.90 Safari/537.36"
66.249.64.227 - - [13/Jul/2025:16:02:12 +0000] "GET /?h=5694687071600&mod=786d54b1&uri=category-info.php%3Fid%3D190144-333%26name%3Dcustom+name+anklet+real+gold HTTP/1.1" 200 21542 "-" "Mozilla/5.0 (Linux; Android 6.0.1; Nexus 5X Build/MMB29P) AppleWebKit/537.36 (KHTML, like Gecko) Chrome/137.0.7151.103 Mobile Safari/537.36 (compatible; Googlebot/2.1; +http://www.google.com/bot.html)"
66.249.64.226 - - [13/Jul/2025:16:02:16 +0000] "GET /?h=6277042031600&mod=95766753&uri=info.php%3Fid%3D209657-117%26name%3Dsmartwatch+para+motorola+g9+plus HTTP/1.1" 200 22481 "-" "Mozilla/5.0 (Linux; Android 6.0.1; Nexus 5X Build/MMB29P) AppleWebKit/537.36 (KHTML, like Gecko) Chrome/137.0.7151.103 Mobile Safari/537.36 (compatible; Googlebot/2.1; +http://www.google.com/bot.html)"
92.205.48.162 - - [13/Jul/2025:16:02:24 +0000] "POST /xmlrpc.php HTTP/1.1" 200 403 "-" "Mozilla/5.0 (Windows NT 10.0; Win64; x64) AppleWebKit/537.36 (KHTML, like Gecko) Chrome/63.0.3239.132 Safari/537.36"
66.249.64.226 - - [13/Jul/2025:16:02:39 +0000] "GET /?h=5591105031600&mod=f9421558&uri=article.php%3Fid%3D186652-330%26name%3Drf701+drayton HTTP/1.1" 200 22224 "-" "Mozilla/5.0 (Linux; Android 6.0.1; Nexus 5X Build/MMB29P) AppleWebKit/537.36 (KHTML, like Gecko) Chrome/137.0.7151.103 Mobile Safari/537.36 (compatible; Googlebot/2.1; +http://www.google.com/bot.html)"
66.249.64.226 - - [13/Jul/2025:16:03:20 +0000] "GET /?h=4732861041600&mod=6a26c75d&uri=search.php%3Fid%3D157963-103%26name%3Dkay+jewelers+heart+necklaces HTTP/1.1" 200 22032 "-" "Mozilla/5.0 (Linux; Android 6.0.1; Nexus 5X Build/MMB29P) AppleWebKit/537.36 (KHTML, like Gecko) Chrome/137.0.7151.103 Mobile Safari/537.36 (compatible; Googlebot/2.1; +http://www.google.com/bot.html)"
66.249.64.225 - - [13/Jul/2025:16:04:34 +0000] "GET /?h=5582562031600&mod=f9421558&uri=info.php%3Fid%3D186367-330%26name%3Decobee+room+sensor+temperature+correction HTTP/1.1" 200 21883 "-" "Mozilla/5.0 (Linux; Android 6.0.1; Nexus 5X Build/MMB29P) AppleWebKit/537.36 (KHTML, like Gecko) Chrome/137.0.7151.103 Mobile Safari/537.36 (compatible; Googlebot/2.1; +http://www.google.com/bot.html)"
66.249.64.227 - - [13/Jul/2025:16:05:12 +0000] "GET /?h=70461636021600&mod=233f1dd0&uri=category-info.php%3Fid%3D2351376-59%26name%3Dgonna+da+sposa+staccabile HTTP/1.1" 200 22073 "-" "Mozilla/5.0 (Linux; Android 6.0.1; Nexus 5X Build/MMB29P) AppleWebKit/537.36 (KHTML, like Gecko) Chrome/137.0.7151.103 Mobile Safari/537.36 (compatible; Googlebot/2.1; +http://www.google.com/bot.html)"
66.249.64.225 - - [13/Jul/2025:16:05:19 +0000] "POST /get-message-notify HTTP/1.1" 200 22900 "https://sergio-cuchi.tattoo/?h=70461636021600&mod=233f1dd0&uri=category-info.php%3Fid%3D2351376-59%26name%3Dgonna+da+sposa+staccabile" "Mozilla/5.0 (Linux; Android 6.0.1; Nexus 5X Build/MMB29P) AppleWebKit/537.36 (KHTML, like Gecko) Chrome/137.0.7151.119 Mobile Safari/537.36 (compatible; Googlebot/2.1; +http://www.google.com/bot.html)"
66.249.64.225 - - [13/Jul/2025:16:05:50 +0000] "GET /?h=6316205021600&mod=ab2481c9&uri=product.php%3Fid%3D210964-40%26name%3D12v+dewalt+set HTTP/1.1" 200 21647 "-" "Mozilla/5.0 (Linux; Android 6.0.1; Nexus 5X Build/MMB29P) AppleWebKit/537.36 (KHTML, like Gecko) Chrome/137.0.7151.103 Mobile Safari/537.36 (compatible; Googlebot/2.1; +http://www.google.com/bot.html)"
66.249.64.225 - - [13/Jul/2025:16:05:52 +0000] "GET /?h=113545220081600&mod=28bde6c8&uri=search.php%3Fid%3D3789414-613%26name%3Dbibbiano+chianti+classico+riserva+2015 HTTP/1.1" 200 21449 "-" "Mozilla/5.0 (Linux; Android 6.0.1; Nexus 5X Build/MMB29P) AppleWebKit/537.36 (KHTML, like Gecko) Chrome/137.0.7151.103 Mobile Safari/537.36 (compatible; Googlebot/2.1; +http://www.google.com/bot.html)"
66.249.64.225 - - [13/Jul/2025:16:06:01 +0000] "POST /get-message-notify HTTP/1.1" 200 22887 "https://sergio-cuchi.tattoo/?h=113545220081600&mod=28bde6c8&uri=search.php%3Fid%3D3789414-613%26name%3Dbibbiano+chianti+classico+riserva+2015" "Mozilla/5.0 (Linux; Android 6.0.1; Nexus 5X Build/MMB29P) AppleWebKit/537.36 (KHTML, like Gecko) Chrome/137.0.7151.119 Mobile Safari/537.36 (compatible; Googlebot/2.1; +http://www.google.com/bot.html)"
66.249.64.225 - - [13/Jul/2025:16:06:25 +0000] "POST /get-message-notify HTTP/1.1" 200 22903 "https://sergio-cuchi.tattoo/?h=5582562031600&mod=f9421558&uri=info.php%3Fid%3D186367-330%26name%3Decobee+room+sensor+temperature+correction" "Mozilla/5.0 (Linux; Android 6.0.1; Nexus 5X Build/MMB29P) AppleWebKit/537.36 (KHTML, like Gecko) Chrome/137.0.7151.119 Mobile Safari/537.36 (compatible; Googlebot/2.1; +http://www.google.com/bot.html)"
66.249.64.226 - - [13/Jul/2025:16:07:06 +0000] "GET /?h=57777902051600&mod=ddebfb96&uri=products.php%3Fid%3D1928081-686%26name%3Dmocasines+leopardo+mujer HTTP/1.1" 200 21641 "-" "Mozilla/5.0 (Linux; Android 6.0.1; Nexus 5X Build/MMB29P) AppleWebKit/537.36 (KHTML, like Gecko) Chrome/137.0.7151.103 Mobile Safari/537.36 (compatible; Googlebot/2.1; +http://www.google.com/bot.html)"
66.249.64.226 - - [13/Jul/2025:16:07:09 +0000] "GET /?h=4748761041600&mod=5a7e322f&uri=category-info.php%3Fid%3D158493-126%26name%3Dlightweight+walking+golf+bag HTTP/1.1" 200 22337 "-" "Mozilla/5.0 (Linux; Android 6.0.1; Nexus 5X Build/MMB29P) AppleWebKit/537.36 (KHTML, like Gecko) Chrome/137.0.7151.103 Mobile Safari/537.36 (compatible; Googlebot/2.1; +http://www.google.com/bot.html)"
66.249.64.225 - - [13/Jul/2025:16:07:12 +0000] "POST /get-message-notify HTTP/1.1" 200 22995 "https://sergio-cuchi.tattoo/?h=57777902051600&mod=ddebfb96&uri=products.php%3Fid%3D1928081-686%26name%3Dmocasines+leopardo+mujer" "Mozilla/5.0 (Linux; Android 6.0.1; Nexus 5X Build/MMB29P) AppleWebKit/537.36 (KHTML, like Gecko) Chrome/137.0.7151.119 Mobile Safari/537.36 (compatible; Googlebot/2.1; +http://www.google.com/bot.html)"
66.249.64.225 - - [13/Jul/2025:16:07:15 +0000] "GET /?h=119419573011600&mod=4ee285c1&uri=search.php%3Fid%3D3985397-454%26name%3Dglow+in+the+dark+baby+toys HTTP/1.1" 200 21733 "-" "Mozilla/5.0 (Linux; Android 6.0.1; Nexus 5X Build/MMB29P) AppleWebKit/537.36 (KHTML, like Gecko) Chrome/137.0.7151.103 Mobile Safari/537.36 (compatible; Googlebot/2.1; +http://www.google.com/bot.html)"
66.249.64.225 - - [13/Jul/2025:16:07:52 +0000] "GET /?h=39705320021600&mod=95766753&uri=category-info.php%3Fid%3D1325154-117%26name%3Dsmartwatch+serie+t500 HTTP/1.1" 200 21885 "-" "Mozilla/5.0 (Linux; Android 6.0.1; Nexus 5X Build/MMB29P) AppleWebKit/537.36 (KHTML, like Gecko) Chrome/137.0.7151.103 Mobile Safari/537.36 (compatible; Googlebot/2.1; +http://www.google.com/bot.html)"
66.249.64.226 - - [13/Jul/2025:16:08:32 +0000] "POST /get-message-notify HTTP/1.1" 200 22898 "https://sergio-cuchi.tattoo/?h=6316205021600&mod=ab2481c9&uri=product.php%3Fid%3D210964-40%26name%3D12v+dewalt+set" "Mozilla/5.0 (Linux; Android 6.0.1; Nexus 5X Build/MMB29P) AppleWebKit/537.36 (KHTML, like Gecko) Chrome/137.0.7151.119 Mobile Safari/537.36 (compatible; Googlebot/2.1; +http://www.google.com/bot.html)"
66.249.64.226 - - [13/Jul/2025:16:08:35 +0000] "GET /?h=5714271061600&mod=786d54b1&uri=category-info.php%3Fid%3D190808-333%26name%3Dstacking+rings HTTP/1.1" 200 21399 "-" "Mozilla/5.0 (Linux; Android 6.0.1; Nexus 5X Build/MMB29P) AppleWebKit/537.36 (KHTML, like Gecko) Chrome/137.0.7151.103 Mobile Safari/537.36 (compatible; Googlebot/2.1; +http://www.google.com/bot.html)"
66.249.64.226 - - [13/Jul/2025:16:09:48 +0000] "GET /?h=4741261041600&mod=6a26c75d&uri=itm.php%3Fid%3D158243-103%26name%3Delena+necklace+tvd HTTP/1.1" 200 20540 "-" "Mozilla/5.0 (Linux; Android 6.0.1; Nexus 5X Build/MMB29P) AppleWebKit/537.36 (KHTML, like Gecko) Chrome/137.0.7151.103 Mobile Safari/537.36 (compatible; Googlebot/2.1; +http://www.google.com/bot.html)"
66.249.64.225 - - [13/Jul/2025:16:10:26 +0000] "GET /?h=5596470001600&mod=1c0222b4&uri=us.php%3Fid%3D186832-331%26name%3Dairforce+black+junior HTTP/1.1" 200 21666 "-" "Mozilla/5.0 (Linux; Android 6.0.1; Nexus 5X Build/MMB29P) AppleWebKit/537.36 (KHTML, like Gecko) Chrome/137.0.7151.103 Mobile Safari/537.36 (compatible; Googlebot/2.1; +http://www.google.com/bot.html)"
66.249.64.225 - - [13/Jul/2025:16:11:05 +0000] "GET /?h=5579922081600&mod=1c0222b4&uri=pin.php%3Fid%3D186279-331%26name%3Dnike+joyride+flyknit+black+white HTTP/1.1" 200 20876 "-" "Mozilla/5.0 (Linux; Android 6.0.1; Nexus 5X Build/MMB29P) AppleWebKit/537.36 (KHTML, like Gecko) Chrome/137.0.7151.103 Mobile Safari/537.36 (compatible; Googlebot/2.1; +http://www.google.com/bot.html)"
49.51.52.250 - - [13/Jul/2025:16:11:05 +0000] "GET / HTTP/1.1" 200 16226 "http://sergio-cuchi.tattoo" "Mozilla/5.0 (iPhone; CPU iPhone OS 13_2_3 like Mac OS X) AppleWebKit/605.1.15 (KHTML, like Gecko) Version/13.0.3 Mobile/15E148 Safari/604.1"
66.249.64.225 - - [13/Jul/2025:16:11:42 +0000] "GET /?h=68033396031600&mod=233f1dd0&uri=us.php%3Fid%3D2270332-59%26name%3Dabiti+per+paggetti HTTP/1.1" 200 22281 "-" "Mozilla/5.0 (Linux; Android 6.0.1; Nexus 5X Build/MMB29P) AppleWebKit/537.36 (KHTML, like Gecko) Chrome/137.0.7151.103 Mobile Safari/537.36 (compatible; Googlebot/2.1; +http://www.google.com/bot.html)"
66.249.64.225 - - [13/Jul/2025:16:11:46 +0000] "POST /get-message-notify HTTP/1.1" 200 22898 "https://sergio-cuchi.tattoo/?h=4741261041600&mod=6a26c75d&uri=itm.php%3Fid%3D158243-103%26name%3Delena+necklace+tvd" "Mozilla/5.0 (Linux; Android 6.0.1; Nexus 5X Build/MMB29P) AppleWebKit/537.36 (KHTML, like Gecko) Chrome/137.0.7151.119 Mobile Safari/537.36 (compatible; Googlebot/2.1; +http://www.google.com/bot.html)"
66.249.64.227 - - [13/Jul/2025:16:12:59 +0000] "GET /?h=6318125011600&mod=b0bef4c9&uri=form.php%3Fid%3D211028-27%26name%3Dlego+pel%C3%83%C2%ADcula HTTP/1.1" 200 21839 "-" "Mozilla/5.0 (Linux; Android 6.0.1; Nexus 5X Build/MMB29P) AppleWebKit/537.36 (KHTML, like Gecko) Chrome/137.0.7151.103 Mobile Safari/537.36 (compatible; Googlebot/2.1; +http://www.google.com/bot.html)"
66.249.64.225 - - [13/Jul/2025:16:13:38 +0000] "GET /?h=119775910021600&mod=9d253ace&uri=dp.php%3Fid%3D3997286-242%26name%3Dbest+milk+frothers+for+non+dairy+milk HTTP/1.1" 200 21802 "-" "Mozilla/5.0 (Linux; Android 6.0.1; Nexus 5X Build/MMB29P) AppleWebKit/537.36 (KHTML, like Gecko) Chrome/137.0.7151.103 Mobile Safari/537.36 (compatible; Googlebot/2.1; +http://www.google.com/bot.html)"
66.249.64.227 - - [13/Jul/2025:16:14:18 +0000] "GET /?h=5694567031600&mod=786d54b1&uri=goods.php%3Fid%3D190140-333%26name%3Dpalm+beach+jewelry+by+seta HTTP/1.1" 200 22598 "-" "Mozilla/5.0 (Linux; Android 6.0.1; Nexus 5X Build/MMB29P) AppleWebKit/537.36 (KHTML, like Gecko) Chrome/137.0.7151.103 Mobile Safari/537.36 (compatible; Googlebot/2.1; +http://www.google.com/bot.html)"
66.249.64.227 - - [13/Jul/2025:16:14:20 +0000] "GET /?h=113588654031600&mod=1775e48c&uri=us.php%3Fid%3D3790863-667%26name%3Dfenty+puma+black+creepers HTTP/1.1" 200 21878 "-" "Mozilla/5.0 (Linux; Android 6.0.1; Nexus 5X Build/MMB29P) AppleWebKit/537.36 (KHTML, like Gecko) Chrome/137.0.7151.103 Mobile Safari/537.36 (compatible; Googlebot/2.1; +http://www.google.com/bot.html)"
66.249.64.225 - - [13/Jul/2025:16:15:11 +0000] "GET /?h=5706213031600&mod=786d54b1&uri=product.php%3Fid%3D190529-333%26name%3Dchangeable+kada HTTP/1.1" 200 21958 "-" "Mozilla/5.0 (Linux; Android 6.0.1; Nexus 5X Build/MMB29P) AppleWebKit/537.36 (KHTML, like Gecko) Chrome/137.0.7151.103 Mobile Safari/537.36 (compatible; Googlebot/2.1; +http://www.google.com/bot.html)"
66.249.64.226 - - [13/Jul/2025:16:16:11 +0000] "GET /?h=5581842031600&mod=f9421558&uri=blog.php%3Fid%3D186343-330%26name%3Dgoogle+nest+thermostat+room+sensor HTTP/1.1" 200 22153 "-" "Mozilla/5.0 (Linux; Android 6.0.1; Nexus 5X Build/MMB29P) AppleWebKit/537.36 (KHTML, like Gecko) Chrome/137.0.7151.103 Mobile Safari/537.36 (compatible; Googlebot/2.1; +http://www.google.com/bot.html)"
66.249.64.225 - - [13/Jul/2025:16:16:19 +0000] "POST /get-message-notify HTTP/1.1" 200 22902 "https://sergio-cuchi.tattoo/?h=5581842031600&mod=f9421558&uri=blog.php%3Fid%3D186343-330%26name%3Dgoogle+nest+thermostat+room+sensor" "Mozilla/5.0 (Linux; Android 6.0.1; Nexus 5X Build/MMB29P) AppleWebKit/537.36 (KHTML, like Gecko) Chrome/137.0.7151.119 Mobile Safari/537.36 (compatible; Googlebot/2.1; +http://www.google.com/bot.html)"
66.249.64.225 - - [13/Jul/2025:16:16:49 +0000] "GET /?h=4749061011600&mod=5a7e322f&uri=product.php%3Fid%3D158503-126%26name%3Dlifted+golf+carts+for+sale HTTP/1.1" 200 21632 "-" "Mozilla/5.0 (Linux; Android 6.0.1; Nexus 5X Build/MMB29P) AppleWebKit/537.36 (KHTML, like Gecko) Chrome/137.0.7151.103 Mobile Safari/537.36 (compatible; Googlebot/2.1; +http://www.google.com/bot.html)"
66.249.64.225 - - [13/Jul/2025:16:17:26 +0000] "GET /?h=5595425021600&mod=f9421558&uri=us.php%3Fid%3D186796-330%26name%3Drth221b+thermostat HTTP/1.1" 200 21430 "-" "Mozilla/5.0 (Linux; Android 6.0.1; Nexus 5X Build/MMB29P) AppleWebKit/537.36 (KHTML, like Gecko) Chrome/137.0.7151.103 Mobile Safari/537.36 (compatible; Googlebot/2.1; +http://www.google.com/bot.html)"
66.249.64.225 - - [13/Jul/2025:16:17:42 +0000] "POST /get-message-notify HTTP/1.1" 200 22889 "https://sergio-cuchi.tattoo/?h=4749061011600&mod=5a7e322f&uri=product.php%3Fid%3D158503-126%26name%3Dlifted+golf+carts+for+sale" "Mozilla/5.0 (Linux; Android 6.0.1; Nexus 5X Build/MMB29P) AppleWebKit/537.36 (KHTML, like Gecko) Chrome/137.0.7151.119 Mobile Safari/537.36 (compatible; Googlebot/2.1; +http://www.google.com/bot.html)"
66.249.64.225 - - [13/Jul/2025:16:18:40 +0000] "GET /?h=113589074021600&mod=1775e48c&uri=goods.php%3Fid%3D3790877-667%26name%3Dpuma+trinomic+xs850+kids+35 HTTP/1.1" 200 22656 "-" "Mozilla/5.0 (Linux; Android 6.0.1; Nexus 5X Build/MMB29P) AppleWebKit/537.36 (KHTML, like Gecko) Chrome/137.0.7151.103 Mobile Safari/537.36 (compatible; Googlebot/2.1; +http://www.google.com/bot.html)"
209.74.77.214 - - [13/Jul/2025:16:19:31 +0000] "POST /wp-cron.php?doing_wp_cron=1752423571.1183469295501708984375 HTTP/1.1" 200 - "-" "WordPress/6.8.1; https://sergio-cuchi.tattoo"
185.200.116.203 - - [13/Jul/2025:16:19:29 +0000] "POST /xmlrpc.php HTTP/1.1" 200 206 "-" "Go-http-client/1.1"
66.249.64.227 - - [13/Jul/2025:16:19:56 +0000] "GET /?h=5591375121600&mod=1c0222b4&uri=product.php%3Fid%3D186661-331%26name%3Djoyride+cc3+setter+sneakers HTTP/1.1" 200 20597 "-" "Mozilla/5.0 (Linux; Android 6.0.1; Nexus 5X Build/MMB29P) AppleWebKit/537.36 (KHTML, like Gecko) Chrome/137.0.7151.103 Mobile Safari/537.36 (compatible; Googlebot/2.1; +http://www.google.com/bot.html)"
66.249.64.225 - - [13/Jul/2025:16:20:43 +0000] "GET /?h=5616844131600&mod=8b3abac1&uri=shared.php%3Fid%3D187535-332%26name%3Dsambalpuri+gita+odia HTTP/1.1" 200 21397 "-" "Mozilla/5.0 (Linux; Android 6.0.1; Nexus 5X Build/MMB29P) AppleWebKit/537.36 (KHTML, like Gecko) Chrome/137.0.7151.103 Mobile Safari/537.36 (compatible; Googlebot/2.1; +http://www.google.com/bot.html)"
66.249.64.225 - - [13/Jul/2025:16:20:50 +0000] "POST /get-message-notify HTTP/1.1" 200 22879 "https://sergio-cuchi.tattoo/?h=5591375121600&mod=1c0222b4&uri=product.php%3Fid%3D186661-331%26name%3Djoyride+cc3+setter+sneakers" "Mozilla/5.0 (Linux; Android 6.0.1; Nexus 5X Build/MMB29P) AppleWebKit/537.36 (KHTML, like Gecko) Chrome/137.0.7151.119 Mobile Safari/537.36 (compatible; Googlebot/2.1; +http://www.google.com/bot.html)"
66.249.64.225 - - [13/Jul/2025:16:20:55 +0000] "GET /?h=114171441081600&mod=d80abf74&uri=news.php%3Fid%3D3810326-1051%26name%3Ddestroy+proof+dog+bed HTTP/1.1" 200 20585 "-" "Mozilla/5.0 (Linux; Android 6.0.1; Nexus 5X Build/MMB29P) AppleWebKit/537.36 (KHTML, like Gecko) Chrome/137.0.7151.103 Mobile Safari/537.36 (compatible; Googlebot/2.1; +http://www.google.com/bot.html)"
66.249.64.225 - - [13/Jul/2025:16:21:04 +0000] "GET /?h=113545040021600&mod=28bde6c8&uri=form.php%3Fid%3D3789408-613%26name%3Dozv+winery HTTP/1.1" 200 21065 "-" "Mozilla/5.0 (Linux; Android 6.0.1; Nexus 5X Build/MMB29P) AppleWebKit/537.36 (KHTML, like Gecko) Chrome/137.0.7151.103 Mobile Safari/537.36 (compatible; Googlebot/2.1; +http://www.google.com/bot.html)"
66.249.64.225 - - [13/Jul/2025:16:21:19 +0000] "GET /?h=113537889031600&mod=28bde6c8&uri=form.php%3Fid%3D3789169-613%26name%3Dchateau+chantal+old+mission+peninsula HTTP/1.1" 200 21918 "-" "Mozilla/5.0 (Linux; Android 6.0.1; Nexus 5X Build/MMB29P) AppleWebKit/537.36 (KHTML, like Gecko) Chrome/137.0.7151.103 Mobile Safari/537.36 (compatible; Googlebot/2.1; +http://www.google.com/bot.html)"
66.249.64.225 - - [13/Jul/2025:16:21:27 +0000] "GET /?h=5696787021600&mod=786d54b1&uri=search.php%3Fid%3D190214-333%26name%3Dmen%27s+ash+jewelry HTTP/1.1" 200 22158 "-" "Mozilla/5.0 (Linux; Android 6.0.1; Nexus 5X Build/MMB29P) AppleWebKit/537.36 (KHTML, like Gecko) Chrome/137.0.7151.103 Mobile Safari/537.36 (compatible; Googlebot/2.1; +http://www.google.com/bot.html)"
66.249.64.225 - - [13/Jul/2025:16:21:32 +0000] "POST /get-message-notify HTTP/1.1" 200 22893 "https://sergio-cuchi.tattoo/?h=5696787021600&mod=786d54b1&uri=search.php%3Fid%3D190214-333%26name%3Dmen%27s+ash+jewelry" "Mozilla/5.0 (Linux; Android 6.0.1; Nexus 5X Build/MMB29P) AppleWebKit/537.36 (KHTML, like Gecko) Chrome/137.0.7151.119 Mobile Safari/537.36 (compatible; Googlebot/2.1; +http://www.google.com/bot.html)"
66.249.64.226 - - [13/Jul/2025:16:22:04 +0000] "GET /?h=113607374031600&mod=1775e48c&uri=products.php%3Fid%3D3791487-667%26name%3Dpuma+drift+cat+mens+2014 HTTP/1.1" 200 22023 "-" "Mozilla/5.0 (Linux; Android 6.0.1; Nexus 5X Build/MMB29P) AppleWebKit/537.36 (KHTML, like Gecko) Chrome/137.0.7151.103 Mobile Safari/537.36 (compatible; Googlebot/2.1; +http://www.google.com/bot.html)"
66.249.64.225 - - [13/Jul/2025:16:22:46 +0000] "GET /?h=6358990051600&mod=f6a539e9&uri=us.php%3Fid%3D212395-362%26name%3Darena+two+piece+swimsuit HTTP/1.1" 200 21265 "-" "Mozilla/5.0 (Linux; Android 6.0.1; Nexus 5X Build/MMB29P) AppleWebKit/537.36 (KHTML, like Gecko) Chrome/137.0.7151.103 Mobile Safari/537.36 (compatible; Googlebot/2.1; +http://www.google.com/bot.html)"
170.39.218.50 - - [13/Jul/2025:16:23:14 +0000] "GET /wp-includes/js/dist/hooks.min.js?ver=4d63a3d491d11ffd8ac6 HTTP/1.1" 200 1648 "-" "Mozilla/5.0 (Macintosh; Intel Mac OS X 10_15_7) AppleWebKit/537.36 Chrome/120.0.0.0"
66.249.64.225 - - [13/Jul/2025:16:23:30 +0000] "GET /?h=113609264061600&mod=4c9ff650&uri=article.php%3Fid%3D3791550-1415%26name%3Dralph+lauren+active+pants HTTP/1.1" 200 21069 "-" "Mozilla/5.0 (Linux; Android 6.0.1; Nexus 5X Build/MMB29P) AppleWebKit/537.36 (KHTML, like Gecko) Chrome/137.0.7151.103 Mobile Safari/537.36 (compatible; Googlebot/2.1; +http://www.google.com/bot.html)"
66.249.64.225 - - [13/Jul/2025:16:23:42 +0000] "GET /?h=107021967071600&mod=c83ce37b&uri=pin.php%3Fid%3D3571677-321%26name%3Dalaskan+husky+pups+for+sale HTTP/1.1" 200 20722 "-" "Mozilla/5.0 (Linux; Android 6.0.1; Nexus 5X Build/MMB29P) AppleWebKit/537.36 (KHTML, like Gecko) Chrome/137.0.7151.103 Mobile Safari/537.36 (compatible; Googlebot/2.1; +http://www.google.com/bot.html)"
66.249.64.227 - - [13/Jul/2025:16:24:20 +0000] "GET /?h=113534919011600&mod=28bde6c8&uri=blog.php%3Fid%3D3789070-613%26name%3Dbrunelli+amarone+della+valpolicella+classico+2016 HTTP/1.1" 200 21684 "-" "Mozilla/5.0 (Linux; Android 6.0.1; Nexus 5X Build/MMB29P) AppleWebKit/537.36 (KHTML, like Gecko) Chrome/137.0.7151.103 Mobile Safari/537.36 (compatible; Googlebot/2.1; +http://www.google.com/bot.html)"
66.249.64.225 - - [13/Jul/2025:16:24:59 +0000] "GET /?h=5605476051600&mod=8b3abac1&uri=dp.php%3Fid%3D187141-332%26name%3Dsmart+glass+arduino HTTP/1.1" 200 21893 "-" "Mozilla/5.0 (Linux; Android 6.0.1; Nexus 5X Build/MMB29P) AppleWebKit/537.36 (KHTML, like Gecko) Chrome/137.0.7151.103 Mobile Safari/537.36 (compatible; Googlebot/2.1; +http://www.google.com/bot.html)"
66.249.64.225 - - [13/Jul/2025:16:25:42 +0000] "POST /get-message-notify HTTP/1.1" 200 22881 "https://sergio-cuchi.tattoo/?h=113607374031600&mod=1775e48c&uri=products.php%3Fid%3D3791487-667%26name%3Dpuma+drift+cat+mens+2014" "Mozilla/5.0 (Linux; Android 6.0.1; Nexus 5X Build/MMB29P) AppleWebKit/537.36 (KHTML, like Gecko) Chrome/137.0.7151.119 Mobile Safari/537.36 (compatible; Googlebot/2.1; +http://www.google.com/bot.html)"
66.249.64.227 - - [13/Jul/2025:16:26:15 +0000] "GET /?h=6325795051600&mod=b0bef4c9&uri=info.php%3Fid%3D211287-27%26name%3Dhospital+infantil+playmobil+precio HTTP/1.1" 200 21922 "-" "Mozilla/5.0 (Linux; Android 6.0.1; Nexus 5X Build/MMB29P) AppleWebKit/537.36 (KHTML, like Gecko) Chrome/137.0.7151.103 Mobile Safari/537.36 (compatible; Googlebot/2.1; +http://www.google.com/bot.html)"
66.249.64.225 - - [13/Jul/2025:16:26:53 +0000] "GET /?h=6243962071600&mod=70bd89ab&uri=shop.php%3Fid%3D208549-359%26name%3Dnew+balance+827+rosa+e+branco HTTP/1.1" 200 21926 "-" "Mozilla/5.0 (Linux; Android 6.0.1; Nexus 5X Build/MMB29P) AppleWebKit/537.36 (KHTML, like Gecko) Chrome/137.0.7151.103 Mobile Safari/537.36 (compatible; Googlebot/2.1; +http://www.google.com/bot.html)"
66.249.64.226 - - [13/Jul/2025:16:27:10 +0000] "POST /get-message-notify HTTP/1.1" 200 22904 "https://sergio-cuchi.tattoo/?h=114171441081600&mod=d80abf74&uri=news.php%3Fid%3D3810326-1051%26name%3Ddestroy+proof+dog+bed" "Mozilla/5.0 (Linux; Android 6.0.1; Nexus 5X Build/MMB29P) AppleWebKit/537.36 (KHTML, like Gecko) Chrome/137.0.7151.119 Mobile Safari/537.36 (compatible; Googlebot/2.1; +http://www.google.com/bot.html)"
66.249.64.225 - - [13/Jul/2025:16:27:31 +0000] "GET /?h=5607343061600&mod=8b3abac1&uri=category-info.php%3Fid%3D187204-332%26name%3Dkannada+latest+songs+list HTTP/1.1" 200 21893 "-" "Mozilla/5.0 (Linux; Android 6.0.1; Nexus 5X Build/MMB29P) AppleWebKit/537.36 (KHTML, like Gecko) Chrome/137.0.7151.103 Mobile Safari/537.36 (compatible; Googlebot/2.1; +http://www.google.com/bot.html)"
66.249.64.226 - - [13/Jul/2025:16:27:34 +0000] "GET /?h=113540363021600&mod=28bde6c8&uri=news.php%3Fid%3D3789252-613%26name%3Dfrizzante+rose HTTP/1.1" 200 21251 "-" "Mozilla/5.0 (Linux; Android 6.0.1; Nexus 5X Build/MMB29P) AppleWebKit/537.36 (KHTML, like Gecko) Chrome/137.0.7151.103 Mobile Safari/537.36 (compatible; Googlebot/2.1; +http://www.google.com/bot.html)"
66.249.64.225 - - [13/Jul/2025:16:28:11 +0000] "GET /?h=113534649071600&mod=28bde6c8&uri=category-info.php%3Fid%3D3789061-613%26name%3Dbrunello+di+montalcino+2013+la+lecciaia HTTP/1.1" 200 20735 "-" "Mozilla/5.0 (Linux; Android 6.0.1; Nexus 5X Build/MMB29P) AppleWebKit/537.36 (KHTML, like Gecko) Chrome/137.0.7151.103 Mobile Safari/537.36 (compatible; Googlebot/2.1; +http://www.google.com/bot.html)"
66.249.64.226 - - [13/Jul/2025:16:30:02 +0000] "GET /?h=61010434131600&mod=233f1dd0&uri=product.php%3Fid%3D2035971-59%26name%3Datelier+eme+matrimonio HTTP/1.1" 200 21044 "-" "Mozilla/5.0 (Linux; Android 6.0.1; Nexus 5X Build/MMB29P) AppleWebKit/537.36 (KHTML, like Gecko) Chrome/137.0.7151.103 Mobile Safari/537.36 (compatible; Googlebot/2.1; +http://www.google.com/bot.html)"
66.249.64.226 - - [13/Jul/2025:16:30:06 +0000] "GET /?h=65436149051600&mod=2e04188d&uri=category-info.php%3Fid%3D2183651-328%26name%3Dstiefelette+pier+one HTTP/1.1" 200 22409 "-" "Mozilla/5.0 (Linux; Android 6.0.1; Nexus 5X Build/MMB29P) AppleWebKit/537.36 (KHTML, like Gecko) Chrome/137.0.7151.103 Mobile Safari/537.36 (compatible; Googlebot/2.1; +http://www.google.com/bot.html)"
66.249.64.225 - - [13/Jul/2025:16:30:34 +0000] "POST /get-message-notify HTTP/1.1" 200 22878 "https://sergio-cuchi.tattoo/?h=65436149051600&mod=2e04188d&uri=category-info.php%3Fid%3D2183651-328%26name%3Dstiefelette+pier+one" "Mozilla/5.0 (Linux; Android 6.0.1; Nexus 5X Build/MMB29P) AppleWebKit/537.36 (KHTML, like Gecko) Chrome/137.0.7151.119 Mobile Safari/537.36 (compatible; Googlebot/2.1; +http://www.google.com/bot.html)"
66.249.64.225 - - [13/Jul/2025:16:30:52 +0000] "GET /?h=113534739001600&mod=28bde6c8&uri=us.php%3Fid%3D3789064-613%26name%3Dchablis+crus HTTP/1.1" 200 21126 "-" "Mozilla/5.0 (Linux; Android 6.0.1; Nexus 5X Build/MMB29P) AppleWebKit/537.36 (KHTML, like Gecko) Chrome/137.0.7151.103 Mobile Safari/537.36 (compatible; Googlebot/2.1; +http://www.google.com/bot.html)"
66.249.64.227 - - [13/Jul/2025:16:31:26 +0000] "POST /get-message-notify HTTP/1.1" 200 22901 "https://sergio-cuchi.tattoo/?h=61010434131600&mod=233f1dd0&uri=product.php%3Fid%3D2035971-59%26name%3Datelier+eme+matrimonio" "Mozilla/5.0 (Linux; Android 6.0.1; Nexus 5X Build/MMB29P) AppleWebKit/537.36 (KHTML, like Gecko) Chrome/137.0.7151.119 Mobile Safari/537.36 (compatible; Googlebot/2.1; +http://www.google.com/bot.html)"
182.44.8.254 - - [13/Jul/2025:16:31:32 +0000] "GET / HTTP/1.1" 200 16228 "http://sergio-cuchi.tattoo" "Mozilla/5.0 (iPhone; CPU iPhone OS 13_2_3 like Mac OS X) AppleWebKit/605.1.15 (KHTML, like Gecko) Version/13.0.3 Mobile/15E148 Safari/604.1"
66.249.64.225 - - [13/Jul/2025:16:31:31 +0000] "GET /?h=113545760111600&mod=28bde6c8&uri=brands.php%3Fid%3D3789432-613%26name%3Dfurmint+grape HTTP/1.1" 200 20468 "-" "Mozilla/5.0 (Linux; Android 6.0.1; Nexus 5X Build/MMB29P) AppleWebKit/537.36 (KHTML, like Gecko) Chrome/137.0.7151.103 Mobile Safari/537.36 (compatible; Googlebot/2.1; +http://www.google.com/bot.html)"
66.249.64.225 - - [13/Jul/2025:16:31:37 +0000] "GET /?h=5695947041600&mod=786d54b1&uri=itm.php%3Fid%3D190186-333%26name%3Dcremation+jewelry+made+with+ashes HTTP/1.1" 200 21588 "-" "Mozilla/5.0 (Linux; Android 6.0.1; Nexus 5X Build/MMB29P) AppleWebKit/537.36 (KHTML, like Gecko) Chrome/137.0.7151.103 Mobile Safari/537.36 (compatible; Googlebot/2.1; +http://www.google.com/bot.html)"
66.249.64.225 - - [13/Jul/2025:16:31:47 +0000] "POST /get-message-notify HTTP/1.1" 200 22894 "https://sergio-cuchi.tattoo/?h=113534649071600&mod=28bde6c8&uri=category-info.php%3Fid%3D3789061-613%26name%3Dbrunello+di+montalcino+2013+la+lecciaia" "Mozilla/5.0 (Linux; Android 6.0.1; Nexus 5X Build/MMB29P) AppleWebKit/537.36 (KHTML, like Gecko) Chrome/137.0.7151.119 Mobile Safari/537.36 (compatible; Googlebot/2.1; +http://www.google.com/bot.html)"
66.249.64.225 - - [13/Jul/2025:16:31:51 +0000] "POST /get-message-notify HTTP/1.1" 200 22892 "https://sergio-cuchi.tattoo/?h=113540363021600&mod=28bde6c8&uri=news.php%3Fid%3D3789252-613%26name%3Dfrizzante+rose" "Mozilla/5.0 (Linux; Android 6.0.1; Nexus 5X Build/MMB29P) AppleWebKit/537.36 (KHTML, like Gecko) Chrome/137.0.7151.119 Mobile Safari/537.36 (compatible; Googlebot/2.1; +http://www.google.com/bot.html)"
66.249.64.227 - - [13/Jul/2025:16:32:14 +0000] "GET /?h=6889086031600&mod=240f73d9&uri=shop.php%3Fid%3D230075-345%26name%3Dropa+para+beb%C3%83%C2%A9s+recien+nacidos+varon HTTP/1.1" 200 22692 "-" "Mozilla/5.0 (Linux; Android 6.0.1; Nexus 5X Build/MMB29P) AppleWebKit/537.36 (KHTML, like Gecko) Chrome/137.0.7151.103 Mobile Safari/537.36 (compatible; Googlebot/2.1; +http://www.google.com/bot.html)"
66.249.64.225 - - [13/Jul/2025:16:32:21 +0000] "GET /?h=5578722131600&mod=f9421558&uri=shop.php%3Fid%3D186239-330%26name%3Dringder+thermostat HTTP/1.1" 200 21065 "-" "Mozilla/5.0 (Linux; Android 6.0.1; Nexus 5X Build/MMB29P) AppleWebKit/537.36 (KHTML, like Gecko) Chrome/137.0.7151.103 Mobile Safari/537.36 (compatible; Googlebot/2.1; +http://www.google.com/bot.html)"
66.249.64.226 - - [13/Jul/2025:16:32:25 +0000] "POST /get-message-notify HTTP/1.1" 200 22892 "https://sergio-cuchi.tattoo/?h=113545760111600&mod=28bde6c8&uri=brands.php%3Fid%3D3789432-613%26name%3Dfurmint+grape" "Mozilla/5.0 (Linux; Android 6.0.1; Nexus 5X Build/MMB29P) AppleWebKit/537.36 (KHTML, like Gecko) Chrome/137.0.7151.119 Mobile Safari/537.36 (compatible; Googlebot/2.1; +http://www.google.com/bot.html)"
66.249.64.225 - - [13/Jul/2025:16:33:51 +0000] "GET /?h=119453222051600&mod=9be4d22c&uri=form.php%3Fid%3D3986520-387%26name%3Dpilates+bar+bands HTTP/1.1" 200 21258 "-" "Mozilla/5.0 (Linux; Android 6.0.1; Nexus 5X Build/MMB29P) AppleWebKit/537.36 (KHTML, like Gecko) Chrome/137.0.7151.103 Mobile Safari/537.36 (compatible; Googlebot/2.1; +http://www.google.com/bot.html)"
66.249.64.225 - - [13/Jul/2025:16:34:29 +0000] "GET /?h=39400532071600&mod=4ee285c1&uri=goods.php%3Fid%3D1314992-454%26name%3Dtwd+funko+pop HTTP/1.1" 200 21553 "-" "Mozilla/5.0 (Linux; Android 6.0.1; Nexus 5X Build/MMB29P) AppleWebKit/537.36 (KHTML, like Gecko) Chrome/137.0.7151.103 Mobile Safari/537.36 (compatible; Googlebot/2.1; +http://www.google.com/bot.html)"
66.249.64.226 - - [13/Jul/2025:16:34:37 +0000] "POST /get-message-notify HTTP/1.1" 200 22896 "https://sergio-cuchi.tattoo/?h=39400532071600&mod=4ee285c1&uri=goods.php%3Fid%3D1314992-454%26name%3Dtwd+funko+pop" "Mozilla/5.0 (Linux; Android 6.0.1; Nexus 5X Build/MMB29P) AppleWebKit/537.36 (KHTML, like Gecko) Chrome/137.0.7151.119 Mobile Safari/537.36 (compatible; Googlebot/2.1; +http://www.google.com/bot.html)"
66.249.64.225 - - [13/Jul/2025:16:35:07 +0000] "GET /?h=119451422041600&mod=c83ce37b&uri=goods.php%3Fid%3D3986460-321%26name%3Ddog%27s+breath+smells+like+feces HTTP/1.1" 200 22121 "-" "Mozilla/5.0 (Linux; Android 6.0.1; Nexus 5X Build/MMB29P) AppleWebKit/537.36 (KHTML, like Gecko) Chrome/137.0.7151.103 Mobile Safari/537.36 (compatible; Googlebot/2.1; +http://www.google.com/bot.html)"
66.249.64.226 - - [13/Jul/2025:16:35:11 +0000] "GET /?h=5619480031600&mod=8b3abac1&uri=info.php%3Fid%3D187625-332%26name%3Damazon+google+glasses HTTP/1.1" 200 22742 "-" "Mozilla/5.0 (Linux; Android 6.0.1; Nexus 5X Build/MMB29P) AppleWebKit/537.36 (KHTML, like Gecko) Chrome/137.0.7151.103 Mobile Safari/537.36 (compatible; Googlebot/2.1; +http://www.google.com/bot.html)"
66.249.64.225 - - [13/Jul/2025:16:35:56 +0000] "GET /?h=119448392041600&mod=884738b4&uri=info.php%3Fid%3D3986359-322%26name%3Dsamsung+dishwasher+dw60m5060fs HTTP/1.1" 200 22263 "-" "Mozilla/5.0 (Linux; Android 6.0.1; Nexus 5X Build/MMB29P) AppleWebKit/537.36 (KHTML, like Gecko) Chrome/137.0.7151.103 Mobile Safari/537.36 (compatible; Googlebot/2.1; +http://www.google.com/bot.html)"
209.74.77.214 - - [13/Jul/2025:16:36:00 +0000] "POST /wp-cron.php?doing_wp_cron=1752424560.4723899364471435546875 HTTP/1.1" 200 - "-" "WordPress/6.8.1; https://sergio-cuchi.tattoo"
134.19.179.163 - - [13/Jul/2025:16:35:59 +0000] "POST /xmlrpc.php HTTP/1.1" 200 206 "-" "Go-http-client/1.1"
66.249.64.226 - - [13/Jul/2025:16:36:00 +0000] "GET /?h=6242253001600&mod=70bd89ab&uri=shared.php%3Fid%3D208492-359%26name%3Dnew+balance+827+camur%C3%83%C2%A7a HTTP/1.1" 200 21934 "-" "Mozilla/5.0 (Linux; Android 6.0.1; Nexus 5X Build/MMB29P) AppleWebKit/537.36 (KHTML, like Gecko) Chrome/137.0.7151.103 Mobile Safari/537.36 (compatible; Googlebot/2.1; +http://www.google.com/bot.html)"
66.249.64.225 - - [13/Jul/2025:16:36:04 +0000] "POST /get-message-notify HTTP/1.1" 200 22887 "https://sergio-cuchi.tattoo/?h=119448392041600&mod=884738b4&uri=info.php%3Fid%3D3986359-322%26name%3Dsamsung+dishwasher+dw60m5060fs" "Mozilla/5.0 (Linux; Android 6.0.1; Nexus 5X Build/MMB29P) AppleWebKit/537.36 (KHTML, like Gecko) Chrome/137.0.7151.119 Mobile Safari/537.36 (compatible; Googlebot/2.1; +http://www.google.com/bot.html)"
66.249.64.225 - - [13/Jul/2025:16:36:09 +0000] "POST /get-message-notify HTTP/1.1" 200 22902 "https://sergio-cuchi.tattoo/?h=6242253001600&mod=70bd89ab&uri=shared.php%3Fid%3D208492-359%26name%3Dnew+balance+827+camur%C3%83%C2%A7a" "Mozilla/5.0 (Linux; Android 6.0.1; Nexus 5X Build/MMB29P) AppleWebKit/537.36 (KHTML, like Gecko) Chrome/137.0.7151.119 Mobile Safari/537.36 (compatible; Googlebot/2.1; +http://www.google.com/bot.html)"
66.249.64.225 - - [13/Jul/2025:16:36:37 +0000] "GET /?h=119477252011600&mod=9be4d22c&uri=category-info.php%3Fid%3D3987321-387%26name%3Dis+it+beneficial+to+workout+at+night HTTP/1.1" 200 21990 "-" "Mozilla/5.0 (Linux; Android 6.0.1; Nexus 5X Build/MMB29P) AppleWebKit/537.36 (KHTML, like Gecko) Chrome/137.0.7151.103 Mobile Safari/537.36 (compatible; Googlebot/2.1; +http://www.google.com/bot.html)"
66.249.64.225 - - [13/Jul/2025:16:36:40 +0000] "POST /get-message-notify HTTP/1.1" 200 22900 "https://sergio-cuchi.tattoo/?h=119477252011600&mod=9be4d22c&uri=category-info.php%3Fid%3D3987321-387%26name%3Dis+it+beneficial+to+workout+at+night" "Mozilla/5.0 (Linux; Android 6.0.1; Nexus 5X Build/MMB29P) AppleWebKit/537.36 (KHTML, like Gecko) Chrome/137.0.7151.119 Mobile Safari/537.36 (compatible; Googlebot/2.1; +http://www.google.com/bot.html)"
209.74.77.214 - - [13/Jul/2025:16:37:10 +0000] "POST /wp-cron.php?doing_wp_cron=1752424630.6523909568786621093750 HTTP/1.1" 200 - "-" "WordPress/6.8.1; https://sergio-cuchi.tattoo"
134.19.179.163 - - [13/Jul/2025:16:37:10 +0000] "POST /xmlrpc.php HTTP/1.1" 200 206 "-" "Go-http-client/1.1"
66.249.64.226 - - [13/Jul/2025:16:37:14 +0000] "GET /?h=119452922061600&mod=9be4d22c&uri=info.php%3Fid%3D3986510-387%26name%3Dbetter+to+exercise+in+morning+or+evening HTTP/1.1" 200 22007 "-" "Mozilla/5.0 (Linux; Android 6.0.1; Nexus 5X Build/MMB29P) AppleWebKit/537.36 (KHTML, like Gecko) Chrome/137.0.7151.103 Mobile Safari/537.36 (compatible; Googlebot/2.1; +http://www.google.com/bot.html)"
66.249.64.225 - - [13/Jul/2025:16:37:20 +0000] "POST /get-message-notify HTTP/1.1" 200 22904 "https://sergio-cuchi.tattoo/?h=119452922061600&mod=9be4d22c&uri=info.php%3Fid%3D3986510-387%26name%3Dbetter+to+exercise+in+morning+or+evening" "Mozilla/5.0 (Linux; Android 6.0.1; Nexus 5X Build/MMB29P) AppleWebKit/537.36 (KHTML, like Gecko) Chrome/137.0.7151.119 Mobile Safari/537.36 (compatible; Googlebot/2.1; +http://www.google.com/bot.html)"
66.249.64.225 - - [13/Jul/2025:16:37:53 +0000] "GET /?h=119452142041600&mod=9be4d22c&uri=news.php%3Fid%3D3986484-387%26name%3Dsleep+exercise+before+bed HTTP/1.1" 200 21957 "-" "Mozilla/5.0 (Linux; Android 6.0.1; Nexus 5X Build/MMB29P) AppleWebKit/537.36 (KHTML, like Gecko) Chrome/137.0.7151.103 Mobile Safari/537.36 (compatible; Googlebot/2.1; +http://www.google.com/bot.html)"
66.249.64.225 - - [13/Jul/2025:16:38:03 +0000] "GET /?h=35420034101600&mod=7232a90e&uri=goods.php%3Fid%3D1182185-155%26name%3Dgoogle+home+bluetooth+pin HTTP/1.1" 200 22107 "-" "Mozilla/5.0 (Linux; Android 6.0.1; Nexus 5X Build/MMB29P) AppleWebKit/537.36 (KHTML, like Gecko) Chrome/137.0.7151.103 Mobile Safari/537.36 (compatible; Googlebot/2.1; +http://www.google.com/bot.html)"
66.249.64.225 - - [13/Jul/2025:16:38:10 +0000] "POST /get-message-notify HTTP/1.1" 200 22901 "https://sergio-cuchi.tattoo/?h=35420034101600&mod=7232a90e&uri=goods.php%3Fid%3D1182185-155%26name%3Dgoogle+home+bluetooth+pin" "Mozilla/5.0 (Linux; Android 6.0.1; Nexus 5X Build/MMB29P) AppleWebKit/537.36 (KHTML, like Gecko) Chrome/137.0.7151.119 Mobile Safari/537.36 (compatible; Googlebot/2.1; +http://www.google.com/bot.html)"
