66.249.73.227 - - [15/Jul/2025:13:06:14 +0000] "GET /entity/2648045 HTTP/1.1" 200 18435 "-" "Mozilla/5.0 (Linux; Android 6.0.1; Nexus 5X Build/MMB29P) AppleWebKit/537.36 (KHTML, like Gecko) Chrome/137.0.7151.103 Mobile Safari/537.36 (compatible; GoogleOther)"
66.249.73.227 - - [15/Jul/2025:13:06:17 +0000] "POST /get-message-notify HTTP/1.1" 200 18727 "https://teamhachem.com/entity/635167110" "Mozilla/5.0 (Linux; Android 6.0.1; Nexus 5X Build/MMB29P) AppleWebKit/537.36 (KHTML, like Gecko) Chrome/137.0.7151.119 Mobile Safari/537.36 (compatible; Googlebot/2.1; +http://www.google.com/bot.html)"
66.249.73.226 - - [15/Jul/2025:13:06:35 +0000] "GET /entity/102441776 HTTP/1.1" 200 18590 "-" "Mozilla/5.0 (Linux; Android 6.0.1; Nexus 5X Build/MMB29P) AppleWebKit/537.36 (KHTML, like Gecko) Chrome/137.0.7151.103 Mobile Safari/537.36 (compatible; GoogleOther)"
66.249.73.225 - - [15/Jul/2025:13:06:56 +0000] "GET /entity/439235653 HTTP/1.1" 200 18344 "-" "Mozilla/5.0 (Linux; Android 6.0.1; Nexus 5X Build/MMB29P) AppleWebKit/537.36 (KHTML, like Gecko) Chrome/137.0.7151.103 Mobile Safari/537.36 (compatible; GoogleOther)"
209.74.77.214 - - [15/Jul/2025:13:07:03 +0000] "POST /wp-cron.php?doing_wp_cron=1752584823.7219760417938232421875 HTTP/1.1" 200 - "-" "WordPress/6.8.1; https://teamhachem.com"
85.208.96.203 - - [15/Jul/2025:13:07:02 +0000] "GET /events/list/?tribe-bar-date=2024-07-22 HTTP/1.1" 200 20207 "-" "Mozilla/5.0 (compatible; SemrushBot/7~bl; +http://www.semrush.com/bot.html)"
66.249.73.226 - - [15/Jul/2025:13:07:18 +0000] "GET /entity/15414437 HTTP/1.1" 200 18140 "-" "Mozilla/5.0 (Linux; Android 6.0.1; Nexus 5X Build/MMB29P) AppleWebKit/537.36 (KHTML, like Gecko) Chrome/137.0.7151.103 Mobile Safari/537.36 (compatible; GoogleOther)"
66.249.73.226 - - [15/Jul/2025:13:07:39 +0000] "GET /entity/15418439 HTTP/1.1" 200 18357 "-" "Mozilla/5.0 (Linux; Android 6.0.1; Nexus 5X Build/MMB29P) AppleWebKit/537.36 (KHTML, like Gecko) Chrome/137.0.7151.103 Mobile Safari/537.36 (compatible; GoogleOther)"
209.74.77.214 - - [15/Jul/2025:13:07:53 +0000] "POST /wp-cron.php?doing_wp_cron=1752584873.4275228977203369140625 HTTP/1.1" 200 - "-" "WordPress/6.8.1; https://teamhachem.com"
185.191.171.10 - - [15/Jul/2025:13:07:53 +0000] "GET /events/list/?eventDisplay=past&tribe-bar-date=2025-09-11 HTTP/1.1" 200 20241 "-" "Mozilla/5.0 (compatible; SemrushBot/7~bl; +http://www.semrush.com/bot.html)"
66.249.73.226 - - [15/Jul/2025:13:08:00 +0000] "GET /entity/15386621 HTTP/1.1" 200 17892 "-" "Mozilla/5.0 (Linux; Android 6.0.1; Nexus 5X Build/MMB29P) AppleWebKit/537.36 (KHTML, like Gecko) Chrome/137.0.7151.103 Mobile Safari/537.36 (compatible; GoogleOther)"
66.249.73.226 - - [15/Jul/2025:13:08:21 +0000] "GET /entity/15758169 HTTP/1.1" 200 18562 "-" "Mozilla/5.0 (Linux; Android 6.0.1; Nexus 5X Build/MMB29P) AppleWebKit/537.36 (KHTML, like Gecko) Chrome/137.0.7151.103 Mobile Safari/537.36 (compatible; GoogleOther)"
209.74.77.214 - - [15/Jul/2025:13:08:29 +0000] "POST /wp-cron.php?doing_wp_cron=1752584909.0927619934082031250000 HTTP/1.1" 200 - "-" "WordPress/6.8.1; https://teamhachem.com"
185.191.171.18 - - [15/Jul/2025:13:08:28 +0000] "GET /events/list/?tribe-bar-date=2026-04-04 HTTP/1.1" 200 19805 "-" "Mozilla/5.0 (compatible; SemrushBot/7~bl; +http://www.semrush.com/bot.html)"
66.249.73.225 - - [15/Jul/2025:13:08:43 +0000] "GET /entity/15374121 HTTP/1.1" 200 19699 "-" "Mozilla/5.0 (Linux; Android 6.0.1; Nexus 5X Build/MMB29P) AppleWebKit/537.36 (KHTML, like Gecko) Chrome/137.0.7151.103 Mobile Safari/537.36 (compatible; GoogleOther)"
209.74.77.214 - - [15/Jul/2025:13:08:54 +0000] "POST /wp-cron.php?doing_wp_cron=1752584934.5032730102539062500000 HTTP/1.1" 200 - "-" "WordPress/6.8.1; https://teamhachem.com"
185.191.171.9 - - [15/Jul/2025:13:08:54 +0000] "GET /events/list/?tribe-bar-date=2026-03-15 HTTP/1.1" 200 19794 "-" "Mozilla/5.0 (compatible; SemrushBot/7~bl; +http://www.semrush.com/bot.html)"
66.249.73.225 - - [15/Jul/2025:13:09:04 +0000] "GET /entity/15749336 HTTP/1.1" 200 18237 "-" "Mozilla/5.0 (Linux; Android 6.0.1; Nexus 5X Build/MMB29P) AppleWebKit/537.36 (KHTML, like Gecko) Chrome/137.0.7151.103 Mobile Safari/537.36 (compatible; GoogleOther)"
66.249.73.226 - - [15/Jul/2025:13:09:10 +0000] "POST /get-message-notify HTTP/1.1" 200 18727 "https://teamhachem.com/entity/101703246" "Mozilla/5.0 (Linux; Android 6.0.1; Nexus 5X Build/MMB29P) AppleWebKit/537.36 (KHTML, like Gecko) Chrome/137.0.7151.119 Mobile Safari/537.36 (compatible; Googlebot/2.1; +http://www.google.com/bot.html)"
66.249.73.225 - - [15/Jul/2025:13:09:25 +0000] "GET /entity/15377806 HTTP/1.1" 200 19632 "-" "Mozilla/5.0 (Linux; Android 6.0.1; Nexus 5X Build/MMB29P) AppleWebKit/537.36 (KHTML, like Gecko) Chrome/137.0.7151.103 Mobile Safari/537.36 (compatible; GoogleOther)"
209.74.77.214 - - [15/Jul/2025:13:09:28 +0000] "POST /wp-cron.php?doing_wp_cron=1752584968.9083149433135986328125 HTTP/1.1" 200 - "-" "WordPress/6.8.1; https://teamhachem.com"
185.191.171.13 - - [15/Jul/2025:13:09:28 +0000] "GET /events/list/?eventDisplay=past&tribe-bar-date=2026-05-10 HTTP/1.1" 200 20243 "-" "Mozilla/5.0 (compatible; SemrushBot/7~bl; +http://www.semrush.com/bot.html)"
66.249.73.225 - - [15/Jul/2025:13:09:47 +0000] "GET /entity/15746476 HTTP/1.1" 200 17900 "-" "Mozilla/5.0 (Linux; Android 6.0.1; Nexus 5X Build/MMB29P) AppleWebKit/537.36 (KHTML, like Gecko) Chrome/137.0.7151.103 Mobile Safari/537.36 (compatible; GoogleOther)"
66.249.73.225 - - [15/Jul/2025:13:10:08 +0000] "GET /entity/14850632 HTTP/1.1" 200 19605 "-" "Mozilla/5.0 (Linux; Android 6.0.1; Nexus 5X Build/MMB29P) AppleWebKit/537.36 (KHTML, like Gecko) Chrome/137.0.7151.103 Mobile Safari/537.36 (compatible; GoogleOther)"
66.249.73.225 - - [15/Jul/2025:13:10:29 +0000] "GET /entity/14842694 HTTP/1.1" 200 17987 "-" "Mozilla/5.0 (Linux; Android 6.0.1; Nexus 5X Build/MMB29P) AppleWebKit/537.36 (KHTML, like Gecko) Chrome/137.0.7151.103 Mobile Safari/537.36 (compatible; GoogleOther)"
66.249.73.225 - - [15/Jul/2025:13:10:50 +0000] "GET /entity/634491684 HTTP/1.1" 200 21481 "-" "Mozilla/5.0 (Linux; Android 6.0.1; Nexus 5X Build/MMB29P) AppleWebKit/537.36 (KHTML, like Gecko) Chrome/137.0.7151.103 Mobile Safari/537.36 (compatible; GoogleOther)"
66.249.73.227 - - [15/Jul/2025:13:11:12 +0000] "GET /entity/15383510 HTTP/1.1" 200 19564 "-" "Mozilla/5.0 (Linux; Android 6.0.1; Nexus 5X Build/MMB29P) AppleWebKit/537.36 (KHTML, like Gecko) Chrome/137.0.7151.103 Mobile Safari/537.36 (compatible; GoogleOther)"
66.249.73.225 - - [15/Jul/2025:13:11:35 +0000] "GET /entity/14844647 HTTP/1.1" 200 19122 "-" "Mozilla/5.0 (Linux; Android 6.0.1; Nexus 5X Build/MMB29P) AppleWebKit/537.36 (KHTML, like Gecko) Chrome/137.0.7151.103 Mobile Safari/537.36 (compatible; GoogleOther)"
66.249.73.225 - - [15/Jul/2025:13:11:54 +0000] "GET /entity/439236247 HTTP/1.1" 200 18869 "-" "Mozilla/5.0 (Linux; Android 6.0.1; Nexus 5X Build/MMB29P) AppleWebKit/537.36 (KHTML, like Gecko) Chrome/137.0.7151.103 Mobile Safari/537.36 (compatible; GoogleOther)"
66.249.73.226 - - [15/Jul/2025:13:12:16 +0000] "GET /entity/15397700 HTTP/1.1" 200 18206 "-" "Mozilla/5.0 (Linux; Android 6.0.1; Nexus 5X Build/MMB29P) AppleWebKit/537.36 (KHTML, like Gecko) Chrome/137.0.7151.103 Mobile Safari/537.36 (compatible; GoogleOther)"
66.249.73.225 - - [15/Jul/2025:13:12:37 +0000] "GET /entity/1886281 HTTP/1.1" 200 19996 "-" "Mozilla/5.0 (Linux; Android 6.0.1; Nexus 5X Build/MMB29P) AppleWebKit/537.36 (KHTML, like Gecko) Chrome/137.0.7151.103 Mobile Safari/537.36 (compatible; GoogleOther)"
209.74.77.214 - - [15/Jul/2025:13:12:56 +0000] "POST /wp-cron.php?doing_wp_cron=1752585176.9500660896301269531250 HTTP/1.1" 200 - "-" "WordPress/6.8.1; https://teamhachem.com"
85.208.96.204 - - [15/Jul/2025:13:12:56 +0000] "GET /events/list/?tribe-bar-date=2025-12-19 HTTP/1.1" 200 19807 "-" "Mozilla/5.0 (compatible; SemrushBot/7~bl; +http://www.semrush.com/bot.html)"
66.249.73.225 - - [15/Jul/2025:13:12:58 +0000] "GET /entity/634138938 HTTP/1.1" 200 20468 "-" "Mozilla/5.0 (Linux; Android 6.0.1; Nexus 5X Build/MMB29P) AppleWebKit/537.36 (KHTML, like Gecko) Chrome/137.0.7151.103 Mobile Safari/537.36 (compatible; GoogleOther)"
66.249.73.226 - - [15/Jul/2025:13:13:19 +0000] "GET /entity/634125278 HTTP/1.1" 200 20754 "-" "Mozilla/5.0 (Linux; Android 6.0.1; Nexus 5X Build/MMB29P) AppleWebKit/537.36 (KHTML, like Gecko) Chrome/137.0.7151.103 Mobile Safari/537.36 (compatible; GoogleOther)"
209.74.77.214 - - [15/Jul/2025:13:13:28 +0000] "POST /wp-cron.php?doing_wp_cron=1752585208.2947580814361572265625 HTTP/1.1" 200 - "-" "WordPress/6.8.1; https://teamhachem.com"
85.208.96.194 - - [15/Jul/2025:13:13:28 +0000] "GET /events/list/?tribe-bar-date=2026-07-03 HTTP/1.1" 200 19797 "-" "Mozilla/5.0 (compatible; SemrushBot/7~bl; +http://www.semrush.com/bot.html)"
51.222.253.5 - - [15/Jul/2025:13:13:29 +0000] "GET /events/list/?tribe-bar-date=2026-06-23 HTTP/1.1" 200 19809 "-" "Mozilla/5.0 (compatible; AhrefsBot/7.0; +http://ahrefs.com/robot/)"
66.249.73.226 - - [15/Jul/2025:13:13:40 +0000] "GET /entity/15748196 HTTP/1.1" 200 19024 "-" "Mozilla/5.0 (Linux; Android 6.0.1; Nexus 5X Build/MMB29P) AppleWebKit/537.36 (KHTML, like Gecko) Chrome/137.0.7151.103 Mobile Safari/537.36 (compatible; GoogleOther)"
209.74.77.214 - - [15/Jul/2025:13:13:46 +0000] "POST /wp-cron.php?doing_wp_cron=1752585226.2013630867004394531250 HTTP/1.1" 200 - "-" "WordPress/6.8.1; https://teamhachem.com"
85.208.96.206 - - [15/Jul/2025:13:13:45 +0000] "GET /events/list/?tribe-bar-date=2026-01-02 HTTP/1.1" 200 19804 "-" "Mozilla/5.0 (compatible; SemrushBot/7~bl; +http://www.semrush.com/bot.html)"
66.249.73.227 - - [15/Jul/2025:13:14:02 +0000] "GET /entity/439229102 HTTP/1.1" 200 19281 "-" "Mozilla/5.0 (Linux; Android 6.0.1; Nexus 5X Build/MMB29P) AppleWebKit/537.36 (KHTML, like Gecko) Chrome/137.0.7151.103 Mobile Safari/537.36 (compatible; GoogleOther)"
85.208.96.201 - - [15/Jul/2025:13:14:10 +0000] "GET /events/list/?tribe-bar-date=2025-12-14 HTTP/1.1" 200 19795 "-" "Mozilla/5.0 (compatible; SemrushBot/7~bl; +http://www.semrush.com/bot.html)"
66.249.73.226 - - [15/Jul/2025:13:14:16 +0000] "GET /entity/14781326 HTTP/1.1" 200 18224 "-" "Mozilla/5.0 (Linux; Android 6.0.1; Nexus 5X Build/MMB29P) AppleWebKit/537.36 (KHTML, like Gecko) Chrome/137.0.7151.103 Mobile Safari/537.36 (compatible; Googlebot/2.1; +http://www.google.com/bot.html)"
66.249.73.225 - - [15/Jul/2025:13:14:23 +0000] "GET /entity/101371207 HTTP/1.1" 200 18284 "-" "Mozilla/5.0 (Linux; Android 6.0.1; Nexus 5X Build/MMB29P) AppleWebKit/537.36 (KHTML, like Gecko) Chrome/137.0.7151.103 Mobile Safari/537.36 (compatible; GoogleOther)"
66.249.73.225 - - [15/Jul/2025:13:14:44 +0000] "GET /entity/100496943 HTTP/1.1" 200 19623 "-" "Mozilla/5.0 (Linux; Android 6.0.1; Nexus 5X Build/MMB29P) AppleWebKit/537.36 (KHTML, like Gecko) Chrome/137.0.7151.103 Mobile Safari/537.36 (compatible; GoogleOther)"
209.74.77.214 - - [15/Jul/2025:13:14:57 +0000] "POST /wp-cron.php?doing_wp_cron=1752585297.6542520523071289062500 HTTP/1.1" 200 - "-" "WordPress/6.8.1; https://teamhachem.com"
44.206.65.8 - - [15/Jul/2025:13:14:56 +0000] "GET /events/2026-11-30/ HTTP/1.1" 200 19477 "-" "Mozilla/5.0 AppleWebKit/537.36 (KHTML, like Gecko; compatible; Amazonbot/0.1; +https://developer.amazon.com/support/amazonbot) Chrome/119.0.6045.214 Safari/537.36"
54.85.109.140 - - [15/Jul/2025:13:15:01 +0000] "GET /events/list/?eventDisplay=past&tribe-bar-date=2024-10-15 HTTP/1.1" 200 19862 "-" "Mozilla/5.0 AppleWebKit/537.36 (KHTML, like Gecko; compatible; Amazonbot/0.1; +https://developer.amazon.com/support/amazonbot) Chrome/119.0.6045.214 Safari/537.36"
52.45.92.83 - - [15/Jul/2025:13:15:06 +0000] "GET /events/list/?eventDisplay=past&tribe-bar-date=2024-09-23 HTTP/1.1" 200 19873 "-" "Mozilla/5.0 AppleWebKit/537.36 (KHTML, like Gecko; compatible; Amazonbot/0.1; +https://developer.amazon.com/support/amazonbot) Chrome/119.0.6045.214 Safari/537.36"
66.249.73.225 - - [15/Jul/2025:13:15:06 +0000] "GET /entity/101351297 HTTP/1.1" 200 19652 "-" "Mozilla/5.0 (Linux; Android 6.0.1; Nexus 5X Build/MMB29P) AppleWebKit/537.36 (KHTML, like Gecko) Chrome/137.0.7151.103 Mobile Safari/537.36 (compatible; GoogleOther)"
66.249.73.226 - - [15/Jul/2025:13:15:30 +0000] "GET /entity/2243322 HTTP/1.1" 200 17973 "-" "Mozilla/5.0 (Linux; Android 6.0.1; Nexus 5X Build/MMB29P) AppleWebKit/537.36 (KHTML, like Gecko) Chrome/137.0.7151.103 Mobile Safari/537.36 (compatible; GoogleOther)"
66.249.73.225 - - [15/Jul/2025:13:15:48 +0000] "GET /entity/634132670 HTTP/1.1" 200 20946 "-" "Mozilla/5.0 (Linux; Android 6.0.1; Nexus 5X Build/MMB29P) AppleWebKit/537.36 (KHTML, like Gecko) Chrome/137.0.7151.103 Mobile Safari/537.36 (compatible; GoogleOther)"
52.167.144.146 - - [15/Jul/2025:13:16:05 +0000] "GET /entity/615396320 HTTP/1.1" 200 19886 "-" "Mozilla/5.0 AppleWebKit/537.36 (KHTML, like Gecko; compatible; bingbot/2.0; +http://www.bing.com/bingbot.htm) Chrome/116.0.1938.76 Safari/537.36"
66.249.73.225 - - [15/Jul/2025:13:16:09 +0000] "GET /entity/634134111 HTTP/1.1" 200 20244 "-" "Mozilla/5.0 (Linux; Android 6.0.1; Nexus 5X Build/MMB29P) AppleWebKit/537.36 (KHTML, like Gecko) Chrome/137.0.7151.103 Mobile Safari/537.36 (compatible; GoogleOther)"
209.74.77.214 - - [15/Jul/2025:13:16:14 +0000] "POST /wp-cron.php?doing_wp_cron=1752585374.8363349437713623046875 HTTP/1.1" 200 - "-" "WordPress/6.8.1; https://teamhachem.com"
185.191.171.17 - - [15/Jul/2025:13:16:14 +0000] "GET /events/list/?eventDisplay=past&tribe-bar-date=2025-05-04 HTTP/1.1" 200 20234 "-" "Mozilla/5.0 (compatible; SemrushBot/7~bl; +http://www.semrush.com/bot.html)"
209.74.77.214 - - [15/Jul/2025:13:16:27 +0000] "POST /wp-cron.php?doing_wp_cron=1752585387.1467230319976806640625 HTTP/1.1" 200 - "-" "WordPress/6.8.1; https://teamhachem.com"
185.191.171.18 - - [15/Jul/2025:13:16:26 +0000] "GET /events/2026-07-10/ HTTP/1.1" 200 19483 "-" "Mozilla/5.0 (compatible; SemrushBot/7~bl; +http://www.semrush.com/bot.html)"
66.249.73.226 - - [15/Jul/2025:13:16:31 +0000] "GET /entity/634151691 HTTP/1.1" 200 20006 "-" "Mozilla/5.0 (Linux; Android 6.0.1; Nexus 5X Build/MMB29P) AppleWebKit/537.36 (KHTML, like Gecko) Chrome/137.0.7151.103 Mobile Safari/537.36 (compatible; GoogleOther)"
66.249.73.225 - - [15/Jul/2025:13:16:52 +0000] "GET /entity/102447731 HTTP/1.1" 200 18539 "-" "Mozilla/5.0 (Linux; Android 6.0.1; Nexus 5X Build/MMB29P) AppleWebKit/537.36 (KHTML, like Gecko) Chrome/137.0.7151.103 Mobile Safari/537.36 (compatible; GoogleOther)"
209.74.77.214 - - [15/Jul/2025:13:16:59 +0000] "POST /wp-cron.php?doing_wp_cron=1752585419.7271270751953125000000 HTTP/1.1" 200 - "-" "WordPress/6.8.1; https://teamhachem.com"
185.191.171.15 - - [15/Jul/2025:13:16:58 +0000] "GET /events/list/?tribe-bar-date=2025-12-25 HTTP/1.1" 200 19805 "-" "Mozilla/5.0 (compatible; SemrushBot/7~bl; +http://www.semrush.com/bot.html)"
66.249.73.226 - - [15/Jul/2025:13:17:13 +0000] "GET /entity/14830491 HTTP/1.1" 200 19673 "-" "Mozilla/5.0 (Linux; Android 6.0.1; Nexus 5X Build/MMB29P) AppleWebKit/537.36 (KHTML, like Gecko) Chrome/137.0.7151.103 Mobile Safari/537.36 (compatible; GoogleOther)"
66.249.73.226 - - [15/Jul/2025:13:17:34 +0000] "GET /entity/14832741 HTTP/1.1" 200 18114 "-" "Mozilla/5.0 (Linux; Android 6.0.1; Nexus 5X Build/MMB29P) AppleWebKit/537.36 (KHTML, like Gecko) Chrome/137.0.7151.103 Mobile Safari/537.36 (compatible; GoogleOther)"
66.249.73.225 - - [15/Jul/2025:13:17:56 +0000] "GET /entity/101009034 HTTP/1.1" 200 18781 "-" "Mozilla/5.0 (Linux; Android 6.0.1; Nexus 5X Build/MMB29P) AppleWebKit/537.36 (KHTML, like Gecko) Chrome/137.0.7151.103 Mobile Safari/537.36 (compatible; GoogleOther)"
66.249.73.225 - - [15/Jul/2025:13:18:17 +0000] "GET /entity/14840974 HTTP/1.1" 200 20059 "-" "Mozilla/5.0 (Linux; Android 6.0.1; Nexus 5X Build/MMB29P) AppleWebKit/537.36 (KHTML, like Gecko) Chrome/137.0.7151.103 Mobile Safari/537.36 (compatible; GoogleOther)"
66.249.73.225 - - [15/Jul/2025:13:18:38 +0000] "GET /entity/634156205 HTTP/1.1" 200 20477 "-" "Mozilla/5.0 (Linux; Android 6.0.1; Nexus 5X Build/MMB29P) AppleWebKit/537.36 (KHTML, like Gecko) Chrome/137.0.7151.103 Mobile Safari/537.36 (compatible; GoogleOther)"
66.249.73.227 - - [15/Jul/2025:13:19:00 +0000] "GET /entity/14070130 HTTP/1.1" 200 18005 "-" "Mozilla/5.0 (Linux; Android 6.0.1; Nexus 5X Build/MMB29P) AppleWebKit/537.36 (KHTML, like Gecko) Chrome/137.0.7151.103 Mobile Safari/537.36 (compatible; GoogleOther)"
66.249.73.226 - - [15/Jul/2025:13:19:20 +0000] "GET /entity/100278556 HTTP/1.1" 200 17855 "-" "Mozilla/5.0 (Linux; Android 6.0.1; Nexus 5X Build/MMB29P) AppleWebKit/537.36 (KHTML, like Gecko) Chrome/137.0.7151.103 Mobile Safari/537.36 (compatible; GoogleOther)"
66.249.73.225 - - [15/Jul/2025:13:19:42 +0000] "GET /entity/2639808 HTTP/1.1" 200 17702 "-" "Mozilla/5.0 (Linux; Android 6.0.1; Nexus 5X Build/MMB29P) AppleWebKit/537.36 (KHTML, like Gecko) Chrome/137.0.7151.103 Mobile Safari/537.36 (compatible; GoogleOther)"
66.249.73.226 - - [15/Jul/2025:13:20:03 +0000] "GET /entity/14823378 HTTP/1.1" 200 18719 "-" "Mozilla/5.0 (Linux; Android 6.0.1; Nexus 5X Build/MMB29P) AppleWebKit/537.36 (KHTML, like Gecko) Chrome/137.0.7151.103 Mobile Safari/537.36 (compatible; GoogleOther)"
209.74.77.214 - - [15/Jul/2025:13:20:06 +0000] "POST /wp-cron.php?doing_wp_cron=1752585606.0210840702056884765625 HTTP/1.1" 200 - "-" "WordPress/6.8.1; https://teamhachem.com"
185.191.171.1 - - [15/Jul/2025:13:20:05 +0000] "GET /events/2024-04-28/ HTTP/1.1" 200 18818 "-" "Mozilla/5.0 (compatible; SemrushBot/7~bl; +http://www.semrush.com/bot.html)"
66.249.73.226 - - [15/Jul/2025:13:20:28 +0000] "GET /entity/634818037 HTTP/1.1" 200 20522 "-" "Mozilla/5.0 (Linux; Android 6.0.1; Nexus 5X Build/MMB29P) AppleWebKit/537.36 (KHTML, like Gecko) Chrome/137.0.7151.103 Mobile Safari/537.36 (compatible; GoogleOther)"
66.249.73.225 - - [15/Jul/2025:13:20:46 +0000] "GET /entity/15416468 HTTP/1.1" 200 18534 "-" "Mozilla/5.0 (Linux; Android 6.0.1; Nexus 5X Build/MMB29P) AppleWebKit/537.36 (KHTML, like Gecko) Chrome/137.0.7151.103 Mobile Safari/537.36 (compatible; GoogleOther)"
157.55.39.56 - - [15/Jul/2025:13:20:56 +0000] "GET /entity/615429593 HTTP/1.1" 200 20468 "-" "Mozilla/5.0 AppleWebKit/537.36 (KHTML, like Gecko; compatible; bingbot/2.0; +http://www.bing.com/bingbot.htm) Chrome/116.0.1938.76 Safari/537.36"
209.74.77.214 - - [15/Jul/2025:13:20:57 +0000] "POST /wp-cron.php?doing_wp_cron=1752585657.9807999134063720703125 HTTP/1.1" 200 - "-" "WordPress/6.8.1; https://teamhachem.com"
185.191.171.13 - - [15/Jul/2025:13:20:57 +0000] "GET /events/list/?eventDisplay=past&tribe-bar-date=2026-05-12 HTTP/1.1" 200 20253 "-" "Mozilla/5.0 (compatible; SemrushBot/7~bl; +http://www.semrush.com/bot.html)"
66.249.73.226 - - [15/Jul/2025:13:21:07 +0000] "GET /entity/101358454 HTTP/1.1" 200 18561 "-" "Mozilla/5.0 (Linux; Android 6.0.1; Nexus 5X Build/MMB29P) AppleWebKit/537.36 (KHTML, like Gecko) Chrome/137.0.7151.103 Mobile Safari/537.36 (compatible; GoogleOther)"
66.249.73.226 - - [15/Jul/2025:13:21:28 +0000] "GET /entity/15390029 HTTP/1.1" 200 18647 "-" "Mozilla/5.0 (Linux; Android 6.0.1; Nexus 5X Build/MMB29P) AppleWebKit/537.36 (KHTML, like Gecko) Chrome/137.0.7151.103 Mobile Safari/537.36 (compatible; GoogleOther)"
209.74.77.214 - - [15/Jul/2025:13:21:48 +0000] "POST /wp-cron.php?doing_wp_cron=1752585708.7855329513549804687500 HTTP/1.1" 200 - "-" "WordPress/6.8.1; https://teamhachem.com"
85.208.96.208 - - [15/Jul/2025:13:21:48 +0000] "GET /events/list/?tribe-bar-date=2024-03-02 HTTP/1.1" 200 20201 "-" "Mozilla/5.0 (compatible; SemrushBot/7~bl; +http://www.semrush.com/bot.html)"
66.249.73.225 - - [15/Jul/2025:13:21:49 +0000] "GET /entity/2657998 HTTP/1.1" 200 18525 "-" "Mozilla/5.0 (Linux; Android 6.0.1; Nexus 5X Build/MMB29P) AppleWebKit/537.36 (KHTML, like Gecko) Chrome/137.0.7151.103 Mobile Safari/537.36 (compatible; GoogleOther)"
66.249.73.226 - - [15/Jul/2025:13:22:12 +0000] "GET /entity/2253279 HTTP/1.1" 200 18289 "-" "Mozilla/5.0 (Linux; Android 6.0.1; Nexus 5X Build/MMB29P) AppleWebKit/537.36 (KHTML, like Gecko) Chrome/137.0.7151.103 Mobile Safari/537.36 (compatible; GoogleOther)"
66.249.73.227 - - [15/Jul/2025:13:23:14 +0000] "GET /entity/1932269 HTTP/1.1" 200 18204 "-" "Mozilla/5.0 (Linux; Android 6.0.1; Nexus 5X Build/MMB29P) AppleWebKit/537.36 (KHTML, like Gecko) Chrome/137.0.7151.103 Mobile Safari/537.36 (compatible; GoogleOther)"
66.249.73.225 - - [15/Jul/2025:13:23:37 +0000] "GET /entity/14823711 HTTP/1.1" 200 17996 "-" "Mozilla/5.0 (Linux; Android 6.0.1; Nexus 5X Build/MMB29P) AppleWebKit/537.36 (KHTML, like Gecko) Chrome/137.0.7151.103 Mobile Safari/537.36 (compatible; GoogleOther)"
66.249.73.225 - - [15/Jul/2025:13:23:57 +0000] "GET /entity/100496080 HTTP/1.1" 200 18448 "-" "Mozilla/5.0 (Linux; Android 6.0.1; Nexus 5X Build/MMB29P) AppleWebKit/537.36 (KHTML, like Gecko) Chrome/137.0.7151.103 Mobile Safari/537.36 (compatible; GoogleOther)"
52.167.144.233 - - [15/Jul/2025:13:24:06 +0000] "GET /entity/615372789 HTTP/1.1" 200 20317 "-" "Mozilla/5.0 AppleWebKit/537.36 (KHTML, like Gecko; compatible; bingbot/2.0; +http://www.bing.com/bingbot.htm) Chrome/116.0.1938.76 Safari/537.36"
66.249.73.227 - - [15/Jul/2025:13:24:18 +0000] "GET /entity/15779187 HTTP/1.1" 200 18727 "-" "Mozilla/5.0 (Linux; Android 6.0.1; Nexus 5X Build/MMB29P) AppleWebKit/537.36 (KHTML, like Gecko) Chrome/137.0.7151.103 Mobile Safari/537.36 (compatible; GoogleOther)"
66.249.73.225 - - [15/Jul/2025:13:24:42 +0000] "GET /entity/102434105 HTTP/1.1" 200 18521 "-" "Mozilla/5.0 (Linux; Android 6.0.1; Nexus 5X Build/MMB29P) AppleWebKit/537.36 (KHTML, like Gecko) Chrome/137.0.7151.103 Mobile Safari/537.36 (compatible; GoogleOther)"
66.249.73.227 - - [15/Jul/2025:13:25:01 +0000] "GET /entity/2243934 HTTP/1.1" 200 17962 "-" "Mozilla/5.0 (Linux; Android 6.0.1; Nexus 5X Build/MMB29P) AppleWebKit/537.36 (KHTML, like Gecko) Chrome/137.0.7151.103 Mobile Safari/537.36 (compatible; GoogleOther)"
157.55.39.54 - - [15/Jul/2025:13:25:16 +0000] "GET /entity/615357210 HTTP/1.1" 200 23086 "-" "Mozilla/5.0 AppleWebKit/537.36 (KHTML, like Gecko; compatible; bingbot/2.0; +http://www.bing.com/bingbot.htm) Chrome/116.0.1938.76 Safari/537.36"
66.249.73.225 - - [15/Jul/2025:13:25:22 +0000] "GET /entity/15398840 HTTP/1.1" 200 19051 "-" "Mozilla/5.0 (Linux; Android 6.0.1; Nexus 5X Build/MMB29P) AppleWebKit/537.36 (KHTML, like Gecko) Chrome/137.0.7151.103 Mobile Safari/537.36 (compatible; GoogleOther)"
209.74.77.214 - - [15/Jul/2025:13:25:32 +0000] "POST /wp-cron.php?doing_wp_cron=1752585932.0859689712524414062500 HTTP/1.1" 200 - "-" "WordPress/6.8.1; https://teamhachem.com"
51.222.253.20 - - [15/Jul/2025:13:25:30 +0000] "GET /events/list/?tribe-bar-date=2026-06-16 HTTP/1.1" 200 19794 "-" "Mozilla/5.0 (compatible; AhrefsBot/7.0; +http://ahrefs.com/robot/)"
66.249.73.226 - - [15/Jul/2025:13:26:05 +0000] "GET /entity/635522154 HTTP/1.1" 200 22794 "-" "Mozilla/5.0 (Linux; Android 6.0.1; Nexus 5X Build/MMB29P) AppleWebKit/537.36 (KHTML, like Gecko) Chrome/137.0.7151.103 Mobile Safari/537.36 (compatible; GoogleOther)"
66.249.73.225 - - [15/Jul/2025:13:26:26 +0000] "GET /entity/13719273 HTTP/1.1" 200 18202 "-" "Mozilla/5.0 (Linux; Android 6.0.1; Nexus 5X Build/MMB29P) AppleWebKit/537.36 (KHTML, like Gecko) Chrome/137.0.7151.103 Mobile Safari/537.36 (compatible; GoogleOther)"
66.249.73.225 - - [15/Jul/2025:13:26:32 +0000] "GET /entity/99574921 HTTP/1.1" 200 17861 "-" "Mozilla/5.0 (Linux; Android 6.0.1; Nexus 5X Build/MMB29P) AppleWebKit/537.36 (KHTML, like Gecko) Chrome/137.0.7151.103 Mobile Safari/537.36 (compatible; GoogleOther)"
66.249.73.225 - - [15/Jul/2025:13:26:54 +0000] "GET /entity/101368363 HTTP/1.1" 200 18593 "-" "Mozilla/5.0 (Linux; Android 6.0.1; Nexus 5X Build/MMB29P) AppleWebKit/537.36 (KHTML, like Gecko) Chrome/137.0.7151.103 Mobile Safari/537.36 (compatible; GoogleOther)"
66.249.73.226 - - [15/Jul/2025:13:27:15 +0000] "GET /entity/2655716 HTTP/1.1" 200 18032 "-" "Mozilla/5.0 (Linux; Android 6.0.1; Nexus 5X Build/MMB29P) AppleWebKit/537.36 (KHTML, like Gecko) Chrome/137.0.7151.103 Mobile Safari/537.36 (compatible; GoogleOther)"
209.74.77.214 - - [15/Jul/2025:13:27:23 +0000] "POST /wp-cron.php?doing_wp_cron=1752586043.7974650859832763671875 HTTP/1.1" 200 - "-" "WordPress/6.8.1; https://teamhachem.com"
101.255.105.202 - - [15/Jul/2025:13:27:23 +0000] "POST /wp-comments-post.php HTTP/1.1" 302 - "-" "Mozilla/5.0 (Windows NT 10.0; Win64; x64) AppleWebKit/537.36 (KHTML, like Gecko) Chrome/120.0.0.0 Safari/537.36"
66.249.73.225 - - [15/Jul/2025:13:27:33 +0000] "GET /entity/14063896 HTTP/1.1" 200 18290 "-" "Mozilla/5.0 (Linux; Android 6.0.1; Nexus 5X Build/MMB29P) AppleWebKit/537.36 (KHTML, like Gecko) Chrome/137.0.7151.103 Mobile Safari/537.36 (compatible; GoogleOther)"
209.74.77.214 - - [15/Jul/2025:13:27:52 +0000] "POST /wp-cron.php?doing_wp_cron=1752586072.5597009658813476562500 HTTP/1.1" 200 - "-" "WordPress/6.8.1; https://teamhachem.com"
101.255.105.202 - - [15/Jul/2025:13:27:52 +0000] "POST /wp-comments-post.php HTTP/1.1" 302 - "-" "Mozilla/5.0 (Windows NT 10.0; Win64; x64) AppleWebKit/537.36 (KHTML, like Gecko) Chrome/120.0.0.0 Safari/537.36"
66.249.73.225 - - [15/Jul/2025:13:27:54 +0000] "GET /entity/15395450 HTTP/1.1" 200 18540 "-" "Mozilla/5.0 (Linux; Android 6.0.1; Nexus 5X Build/MMB29P) AppleWebKit/537.36 (KHTML, like Gecko) Chrome/137.0.7151.103 Mobile Safari/537.36 (compatible; GoogleOther)"
66.249.73.227 - - [15/Jul/2025:13:28:15 +0000] "GET /entity/101363532 HTTP/1.1" 200 18590 "-" "Mozilla/5.0 (Linux; Android 6.0.1; Nexus 5X Build/MMB29P) AppleWebKit/537.36 (KHTML, like Gecko) Chrome/137.0.7151.103 Mobile Safari/537.36 (compatible; GoogleOther)"
209.74.77.214 - - [15/Jul/2025:13:28:23 +0000] "POST /wp-cron.php?doing_wp_cron=1752586103.9706859588623046875000 HTTP/1.1" 200 - "-" "WordPress/6.8.1; https://teamhachem.com"
101.255.105.202 - - [15/Jul/2025:13:28:23 +0000] "POST /wp-comments-post.php HTTP/1.1" 302 - "-" "Mozilla/5.0 (Windows NT 10.0; Win64; x64) AppleWebKit/537.36 (KHTML, like Gecko) Chrome/120.0.0.0 Safari/537.36"
52.167.144.233 - - [15/Jul/2025:13:28:36 +0000] "GET /entity/615310909 HTTP/1.1" 200 22271 "-" "Mozilla/5.0 AppleWebKit/537.36 (KHTML, like Gecko; compatible; bingbot/2.0; +http://www.bing.com/bingbot.htm) Chrome/116.0.1938.76 Safari/537.36"
66.249.73.226 - - [15/Jul/2025:13:28:36 +0000] "GET /entity/100135960 HTTP/1.1" 200 18384 "-" "Mozilla/5.0 (Linux; Android 6.0.1; Nexus 5X Build/MMB29P) AppleWebKit/537.36 (KHTML, like Gecko) Chrome/137.0.7151.103 Mobile Safari/537.36 (compatible; GoogleOther)"
66.249.73.225 - - [15/Jul/2025:13:28:58 +0000] "GET /entity/13485277 HTTP/1.1" 200 18442 "-" "Mozilla/5.0 (Linux; Android 6.0.1; Nexus 5X Build/MMB29P) AppleWebKit/537.36 (KHTML, like Gecko) Chrome/137.0.7151.103 Mobile Safari/537.36 (compatible; GoogleOther)"
209.74.77.214 - - [15/Jul/2025:13:29:00 +0000] "POST /wp-cron.php?doing_wp_cron=1752586140.5369501113891601562500 HTTP/1.1" 200 - "-" "WordPress/6.8.1; https://teamhachem.com"
101.255.105.202 - - [15/Jul/2025:13:29:00 +0000] "POST /wp-comments-post.php HTTP/1.1" 302 - "-" "Mozilla/5.0 (Windows NT 10.0; Win64; x64) AppleWebKit/537.36 (KHTML, like Gecko) Chrome/120.0.0.0 Safari/537.36"
101.255.105.202 - - [15/Jul/2025:13:29:03 +0000] "POST /wp-comments-post.php HTTP/1.1" 429 1107 "-" "Mozilla/5.0 (Windows NT 10.0; Win64; x64) AppleWebKit/537.36 (KHTML, like Gecko) Chrome/120.0.0.0 Safari/537.36"
101.255.105.202 - - [15/Jul/2025:13:29:08 +0000] "POST /wp-comments-post.php HTTP/1.1" 429 1107 "-" "Mozilla/5.0 (Windows NT 10.0; Win64; x64) AppleWebKit/537.36 (KHTML, like Gecko) Chrome/120.0.0.0 Safari/537.36"
101.255.105.202 - - [15/Jul/2025:13:29:12 +0000] "POST /wp-comments-post.php HTTP/1.1" 429 1107 "-" "Mozilla/5.0 (Windows NT 10.0; Win64; x64) AppleWebKit/537.36 (KHTML, like Gecko) Chrome/120.0.0.0 Safari/537.36"
101.255.105.202 - - [15/Jul/2025:13:29:15 +0000] "POST /wp-comments-post.php HTTP/1.1" 302 - "-" "Mozilla/5.0 (Windows NT 10.0; Win64; x64) AppleWebKit/537.36 (KHTML, like Gecko) Chrome/120.0.0.0 Safari/537.36"
209.74.77.214 - - [15/Jul/2025:13:29:35 +0000] "POST /wp-cron.php?doing_wp_cron=1752586175.7889668941497802734375 HTTP/1.1" 200 - "-" "WordPress/6.8.1; https://teamhachem.com"
185.191.171.11 - - [15/Jul/2025:13:29:35 +0000] "GET /events/list/?eventDisplay=past&tribe-bar-date=2026-06-01 HTTP/1.1" 200 20254 "-" "Mozilla/5.0 (compatible; SemrushBot/7~bl; +http://www.semrush.com/bot.html)"
66.249.73.227 - - [15/Jul/2025:13:29:41 +0000] "GET /entity/15397088 HTTP/1.1" 200 17980 "-" "Mozilla/5.0 (Linux; Android 6.0.1; Nexus 5X Build/MMB29P) AppleWebKit/537.36 (KHTML, like Gecko) Chrome/137.0.7151.103 Mobile Safari/537.36 (compatible; GoogleOther)"
101.255.105.202 - - [15/Jul/2025:13:29:43 +0000] "POST /wp-comments-post.php HTTP/1.1" 302 - "-" "Mozilla/5.0 (Windows NT 10.0; Win64; x64) AppleWebKit/537.36 (KHTML, like Gecko) Chrome/120.0.0.0 Safari/537.36"
54.152.163.42 - - [15/Jul/2025:13:29:53 +0000] "GET /events/2024-03-04/ HTTP/1.1" 200 18814 "-" "Mozilla/5.0 AppleWebKit/537.36 (KHTML, like Gecko; compatible; Amazonbot/0.1; +https://developer.amazon.com/support/amazonbot) Chrome/119.0.6045.214 Safari/537.36"
3.216.13.10 - - [15/Jul/2025:13:29:57 +0000] "GET /events/2026-11-24/ HTTP/1.1" 200 19479 "-" "Mozilla/5.0 AppleWebKit/537.36 (KHTML, like Gecko; compatible; Amazonbot/0.1; +https://developer.amazon.com/support/amazonbot) Chrome/119.0.6045.214 Safari/537.36"
66.249.73.225 - - [15/Jul/2025:13:30:01 +0000] "GET /entity/15744194 HTTP/1.1" 200 19021 "-" "Mozilla/5.0 (Linux; Android 6.0.1; Nexus 5X Build/MMB29P) AppleWebKit/537.36 (KHTML, like Gecko) Chrome/137.0.7151.103 Mobile Safari/537.36 (compatible; GoogleOther)"
66.249.73.225 - - [15/Jul/2025:13:30:21 +0000] "GET /entity/15374400 HTTP/1.1" 200 18472 "-" "Mozilla/5.0 (Linux; Android 6.0.1; Nexus 5X Build/MMB29P) AppleWebKit/537.36 (KHTML, like Gecko) Chrome/137.0.7151.103 Mobile Safari/537.36 (compatible; GoogleOther)"
66.249.73.225 - - [15/Jul/2025:13:30:42 +0000] "GET /entity/15779717 HTTP/1.1" 200 19934 "-" "Mozilla/5.0 (Linux; Android 6.0.1; Nexus 5X Build/MMB29P) AppleWebKit/537.36 (KHTML, like Gecko) Chrome/137.0.7151.103 Mobile Safari/537.36 (compatible; GoogleOther)"
209.74.77.214 - - [15/Jul/2025:13:30:51 +0000] "POST /wp-cron.php?doing_wp_cron=1752586251.1538219451904296875000 HTTP/1.1" 200 - "-" "WordPress/6.8.1; https://teamhachem.com"
85.208.96.204 - - [15/Jul/2025:13:30:50 +0000] "GET /events/list/?tribe-bar-date=2026-06-23 HTTP/1.1" 200 19807 "-" "Mozilla/5.0 (compatible; SemrushBot/7~bl; +http://www.semrush.com/bot.html)"
66.249.73.227 - - [15/Jul/2025:13:31:24 +0000] "GET /entity/14832458 HTTP/1.1" 200 20360 "-" "Mozilla/5.0 (Linux; Android 6.0.1; Nexus 5X Build/MMB29P) AppleWebKit/537.36 (KHTML, like Gecko) Chrome/137.0.7151.103 Mobile Safari/537.36 (compatible; GoogleOther)"
40.77.167.74 - - [15/Jul/2025:13:31:34 +0000] "GET /entity/615436156 HTTP/1.1" 200 20548 "-" "Mozilla/5.0 AppleWebKit/537.36 (KHTML, like Gecko; compatible; bingbot/2.0; +http://www.bing.com/bingbot.htm) Chrome/116.0.1938.76 Safari/537.36"
66.249.73.225 - - [15/Jul/2025:13:32:07 +0000] "GET /entity/1934896 HTTP/1.1" 200 18704 "-" "Mozilla/5.0 (Linux; Android 6.0.1; Nexus 5X Build/MMB29P) AppleWebKit/537.36 (KHTML, like Gecko) Chrome/137.0.7151.103 Mobile Safari/537.36 (compatible; GoogleOther)"
66.249.73.226 - - [15/Jul/2025:13:32:36 +0000] "GET /entity/15741633 HTTP/1.1" 200 18257 "-" "Mozilla/5.0 (Linux; Android 6.0.1; Nexus 5X Build/MMB29P) AppleWebKit/537.36 (KHTML, like Gecko) Chrome/137.0.7151.103 Mobile Safari/537.36 (compatible; GoogleOther)"
52.167.144.233 - - [15/Jul/2025:13:32:46 +0000] "GET /entity/615439829 HTTP/1.1" 200 20680 "-" "Mozilla/5.0 AppleWebKit/537.36 (KHTML, like Gecko; compatible; bingbot/2.0; +http://www.bing.com/bingbot.htm) Chrome/116.0.1938.76 Safari/537.36"
66.249.73.225 - - [15/Jul/2025:13:32:49 +0000] "GET /entity/2652872 HTTP/1.1" 200 18533 "-" "Mozilla/5.0 (Linux; Android 6.0.1; Nexus 5X Build/MMB29P) AppleWebKit/537.36 (KHTML, like Gecko) Chrome/137.0.7151.103 Mobile Safari/537.36 (compatible; GoogleOther)"
209.74.77.214 - - [15/Jul/2025:13:33:18 +0000] "POST /wp-cron.php?doing_wp_cron=1752586398.2157890796661376953125 HTTP/1.1" 200 - "-" "WordPress/6.8.1; https://teamhachem.com"
85.208.96.198 - - [15/Jul/2025:13:33:16 +0000] "GET /events/2024-05-03/ HTTP/1.1" 200 18816 "-" "Mozilla/5.0 (compatible; SemrushBot/7~bl; +http://www.semrush.com/bot.html)"
66.249.73.227 - - [15/Jul/2025:13:33:32 +0000] "GET /entity/15751586 HTTP/1.1" 200 18046 "-" "Mozilla/5.0 (Linux; Android 6.0.1; Nexus 5X Build/MMB29P) AppleWebKit/537.36 (KHTML, like Gecko) Chrome/137.0.7151.103 Mobile Safari/537.36 (compatible; GoogleOther)"
66.249.73.225 - - [15/Jul/2025:13:33:53 +0000] "GET /entity/13479322 HTTP/1.1" 200 19594 "-" "Mozilla/5.0 (Linux; Android 6.0.1; Nexus 5X Build/MMB29P) AppleWebKit/537.36 (KHTML, like Gecko) Chrome/137.0.7151.103 Mobile Safari/537.36 (compatible; GoogleOther)"
66.249.73.227 - - [15/Jul/2025:13:34:05 +0000] "POST /get-message-notify HTTP/1.1" 200 18727 "https://teamhachem.com/entity/15757623" "Mozilla/5.0 (Linux; Android 6.0.1; Nexus 5X Build/MMB29P) AppleWebKit/537.36 (KHTML, like Gecko) Chrome/137.0.7151.119 Mobile Safari/537.36 (compatible; Googlebot/2.1; +http://www.google.com/bot.html)"
66.249.73.226 - - [15/Jul/2025:13:34:35 +0000] "GET /entity/634154005 HTTP/1.1" 200 20534 "-" "Mozilla/5.0 (Linux; Android 6.0.1; Nexus 5X Build/MMB29P) AppleWebKit/537.36 (KHTML, like Gecko) Chrome/137.0.7151.103 Mobile Safari/537.36 (compatible; GoogleOther)"
66.249.73.225 - - [15/Jul/2025:13:34:57 +0000] "GET /entity/15388588 HTTP/1.1" 200 18515 "-" "Mozilla/5.0 (Linux; Android 6.0.1; Nexus 5X Build/MMB29P) AppleWebKit/537.36 (KHTML, like Gecko) Chrome/137.0.7151.103 Mobile Safari/537.36 (compatible; GoogleOther)"
209.74.77.214 - - [15/Jul/2025:13:37:19 +0000] "POST /wp-cron.php?doing_wp_cron=1752586639.0245029926300048828125 HTTP/1.1" 200 - "-" "WordPress/6.8.1; https://teamhachem.com"
51.222.253.3 - - [15/Jul/2025:13:37:16 +0000] "GET /events/list/?tribe-bar-date=2026-06-12 HTTP/1.1" 200 19803 "-" "Mozilla/5.0 (compatible; AhrefsBot/7.0; +http://ahrefs.com/robot/)"
85.208.96.202 - - [15/Jul/2025:13:37:53 +0000] "GET /robots.txt HTTP/1.1" 200 94 "-" "Mozilla/5.0 (compatible; SemrushBot/7~bl; +http://www.semrush.com/bot.html)"
209.74.77.214 - - [15/Jul/2025:13:37:55 +0000] "POST /wp-cron.php?doing_wp_cron=1752586675.3795609474182128906250 HTTP/1.1" 200 - "-" "WordPress/6.8.1; https://teamhachem.com"
85.208.96.208 - - [15/Jul/2025:13:37:53 +0000] "GET /events/list/?eventDisplay=past&tribe-bar-date=2026-05-24 HTTP/1.1" 200 20243 "-" "Mozilla/5.0 (compatible; SemrushBot/7~bl; +http://www.semrush.com/bot.html)"
185.191.171.16 - - [15/Jul/2025:13:38:02 +0000] "GET /events/2024-02-28/ HTTP/1.1" 200 18817 "-" "Mozilla/5.0 (compatible; SemrushBot/7~bl; +http://www.semrush.com/bot.html)"
185.191.171.6 - - [15/Jul/2025:13:38:22 +0000] "GET /events/list/?eventDisplay=past&tribe-bar-date=2025-01-19 HTTP/1.1" 200 20247 "-" "Mozilla/5.0 (compatible; SemrushBot/7~bl; +http://www.semrush.com/bot.html)"
66.249.73.226 - - [15/Jul/2025:13:39:42 +0000] "POST /get-message-notify HTTP/1.1" 200 18727 "https://teamhachem.com/entity/14838692" "Mozilla/5.0 (Linux; Android 6.0.1; Nexus 5X Build/MMB29P) AppleWebKit/537.36 (KHTML, like Gecko) Chrome/137.0.7151.119 Mobile Safari/537.36 (compatible; Googlebot/2.1; +http://www.google.com/bot.html)"
66.249.73.226 - - [15/Jul/2025:13:40:36 +0000] "POST /get-message-notify HTTP/1.1" 200 18727 "https://teamhachem.com/entity/14066658" "Mozilla/5.0 (Linux; Android 6.0.1; Nexus 5X Build/MMB29P) AppleWebKit/537.36 (KHTML, like Gecko) Chrome/137.0.7151.119 Mobile Safari/537.36 (compatible; Googlebot/2.1; +http://www.google.com/bot.html)"
66.249.73.227 - - [15/Jul/2025:13:40:38 +0000] "GET /entity/99575200 HTTP/1.1" 200 19760 "-" "Mozilla/5.0 (Linux; Android 6.0.1; Nexus 5X Build/MMB29P) AppleWebKit/537.36 (KHTML, like Gecko) Chrome/137.0.7151.103 Mobile Safari/537.36 (compatible; GoogleOther)"
52.167.144.156 - - [15/Jul/2025:13:41:05 +0000] "GET /entity/615429872 HTTP/1.1" 200 20631 "-" "Mozilla/5.0 AppleWebKit/537.36 (KHTML, like Gecko; compatible; bingbot/2.0; +http://www.bing.com/bingbot.htm) Chrome/116.0.1938.76 Safari/537.36"
209.74.77.214 - - [15/Jul/2025:13:41:53 +0000] "POST /wp-cron.php?doing_wp_cron=1752586913.8537950515747070312500 HTTP/1.1" 200 - "-" "WordPress/6.8.1; https://teamhachem.com"
85.208.96.200 - - [15/Jul/2025:13:41:51 +0000] "GET /events/list/?eventDisplay=past&tribe-bar-date=2026-02-15 HTTP/1.1" 200 20237 "-" "Mozilla/5.0 (compatible; SemrushBot/7~bl; +http://www.semrush.com/bot.html)"
66.249.73.227 - - [15/Jul/2025:13:42:37 +0000] "POST /get-message-notify HTTP/1.1" 200 18727 "https://teamhachem.com/entity/15413907" "Mozilla/5.0 (Linux; Android 6.0.1; Nexus 5X Build/MMB29P) AppleWebKit/537.36 (KHTML, like Gecko) Chrome/137.0.7151.119 Mobile Safari/537.36 (compatible; Googlebot/2.1; +http://www.google.com/bot.html)"
209.74.77.214 - - [15/Jul/2025:13:43:25 +0000] "POST /wp-cron.php?doing_wp_cron=1752587005.7404971122741699218750 HTTP/1.1" 200 - "-" "WordPress/6.8.1; https://teamhachem.com"
185.191.171.6 - - [15/Jul/2025:13:43:23 +0000] "GET /events/list/?tribe-bar-date=2025-02-25 HTTP/1.1" 200 19802 "-" "Mozilla/5.0 (compatible; SemrushBot/7~bl; +http://www.semrush.com/bot.html)"
209.74.77.214 - - [15/Jul/2025:13:44:02 +0000] "POST /wp-cron.php?doing_wp_cron=1752587042.2361950874328613281250 HTTP/1.1" 200 - "-" "WordPress/6.8.1; https://teamhachem.com"
185.191.171.19 - - [15/Jul/2025:13:44:00 +0000] "GET /events/list/?tribe-bar-date=2025-02-09 HTTP/1.1" 200 19805 "-" "Mozilla/5.0 (compatible; SemrushBot/7~bl; +http://www.semrush.com/bot.html)"
85.208.96.193 - - [15/Jul/2025:13:44:13 +0000] "GET /events/2026-04-25/ HTTP/1.1" 200 19480 "-" "Mozilla/5.0 (compatible; SemrushBot/7~bl; +http://www.semrush.com/bot.html)"
209.74.77.214 - - [15/Jul/2025:13:46:00 +0000] "POST /wp-cron.php?doing_wp_cron=1752587160.2010490894317626953125 HTTP/1.1" 200 - "-" "WordPress/6.8.1; https://teamhachem.com"
66.249.73.226 - - [15/Jul/2025:13:45:57 +0000] "GET /entity/q_90/file.jpg HTTP/1.1" 404 12736 "-" "Googlebot-Image/1.0"
209.74.77.214 - - [15/Jul/2025:13:46:57 +0000] "POST /wp-cron.php?doing_wp_cron=1752587217.5261480808258056640625 HTTP/1.1" 200 - "-" "WordPress/6.8.1; https://teamhachem.com"
185.191.171.18 - - [15/Jul/2025:13:46:54 +0000] "GET /events/2025-11-16/ HTTP/1.1" 200 19472 "-" "Mozilla/5.0 (compatible; SemrushBot/7~bl; +http://www.semrush.com/bot.html)"
209.74.77.214 - - [15/Jul/2025:13:48:02 +0000] "POST /wp-cron.php?doing_wp_cron=1752587282.6733629703521728515625 HTTP/1.1" 200 - "-" "WordPress/6.8.1; https://teamhachem.com"
185.191.171.5 - - [15/Jul/2025:13:48:00 +0000] "GET /events/2026-07-22/ HTTP/1.1" 200 19484 "-" "Mozilla/5.0 (compatible; SemrushBot/7~bl; +http://www.semrush.com/bot.html)"
143.198.229.0 - - [15/Jul/2025:13:48:18 +0000] "GET /uploaded_script.php HTTP/1.1" 404 12734 "www.google.com" "Mozilla/5.0 (Linux; Android 7.0; SM-G892A Build/NRD90M; wv) AppleWebKit/537.36 (KHTML, like Gecko) Version/4.0 Chrome/60.0.3112.107 Mobile Safari/537.36"
209.74.77.214 - - [15/Jul/2025:13:48:56 +0000] "POST /wp-cron.php?doing_wp_cron=1752587336.3409099578857421875000 HTTP/1.1" 200 - "-" "WordPress/6.8.1; https://teamhachem.com"
51.222.253.13 - - [15/Jul/2025:13:48:53 +0000] "GET /events/list/?tribe-bar-date=2026-06-09 HTTP/1.1" 200 19806 "-" "Mozilla/5.0 (compatible; AhrefsBot/7.0; +http://ahrefs.com/robot/)"
40.77.167.26 - - [15/Jul/2025:13:50:46 +0000] "GET /entity/615481867 HTTP/1.1" 200 20386 "-" "Mozilla/5.0 AppleWebKit/537.36 (KHTML, like Gecko; compatible; bingbot/2.0; +http://www.bing.com/bingbot.htm) Chrome/116.0.1938.76 Safari/537.36"
66.249.73.227 - - [15/Jul/2025:13:51:22 +0000] "POST /get-message-notify HTTP/1.1" 200 18727 "https://teamhachem.com/entity/14844117" "Mozilla/5.0 (Linux; Android 6.0.1; Nexus 5X Build/MMB29P) AppleWebKit/537.36 (KHTML, like Gecko) Chrome/137.0.7151.119 Mobile Safari/537.36 (compatible; Googlebot/2.1; +http://www.google.com/bot.html)"
209.74.77.214 - - [15/Jul/2025:13:54:36 +0000] "POST /wp-cron.php?doing_wp_cron=1752587676.1073980331420898437500 HTTP/1.1" 200 - "-" "WordPress/6.8.1; https://teamhachem.com"
185.191.171.16 - - [15/Jul/2025:13:54:33 +0000] "GET /events/list/?tribe-bar-date=2025-10-21 HTTP/1.1" 200 19796 "-" "Mozilla/5.0 (compatible; SemrushBot/7~bl; +http://www.semrush.com/bot.html)"
92.205.168.6 - - [15/Jul/2025:13:55:13 +0000] "POST /xmlrpc.php HTTP/1.1" 200 403 "-" "Mozilla/5.0 (Windows NT 5.1; Win64; x64) AppleWebKit/537.36 (KHTML, like Gecko) Chrome/60.0.3112.90 Safari/537.36"
185.99.135.177 - - [15/Jul/2025:13:55:20 +0000] "POST /xmlrpc.php HTTP/1.1" 200 403 "-" "Mozilla/5.0 (Windows NT 10.0; Win64; x64) AppleWebKit/537.36 (KHTML, like Gecko) Chrome/88.0.4324.104 Safari/537.36"
209.74.77.214 - - [15/Jul/2025:13:55:25 +0000] "POST /wp-cron.php?doing_wp_cron=1752587725.2131190299987792968750 HTTP/1.1" 200 - "-" "WordPress/6.8.1; https://teamhachem.com"
43.131.59.69 - - [15/Jul/2025:13:55:25 +0000] "POST /xmlrpc.php HTTP/1.1" 200 403 "-" "Mozilla/5.0 (Windows NT 10.0; Win64; x64) AppleWebKit/537.36 (KHTML, like Gecko) Chrome/70.0.3538.102 Safari/537.36"
68.183.24.180 - - [15/Jul/2025:13:55:25 +0000] "POST /xmlrpc.php HTTP/1.1" 200 403 "-" "Mozilla/5.0 (Windows NT 6.1; WOW64; rv:41.0) Gecko/20100101 Firefox/41.0"
209.74.77.214 - - [15/Jul/2025:13:55:40 +0000] "POST /wp-cron.php?doing_wp_cron=1752587740.3593909740447998046875 HTTP/1.1" 200 - "-" "WordPress/6.8.1; https://teamhachem.com"
103.72.96.84 - - [15/Jul/2025:13:55:39 +0000] "POST /xmlrpc.php HTTP/1.1" 200 403 "-" "Mozilla/5.0 (Windows NT 5.1; rv:30.0) Gecko/20100101 Firefox/30.0"
40.77.167.53 - - [15/Jul/2025:13:56:18 +0000] "GET /wp-sitemap.xml HTTP/1.1" 200 4285 "-" "Mozilla/5.0 AppleWebKit/537.36 (KHTML, like Gecko; compatible; bingbot/2.0; +http://www.bing.com/bingbot.htm) Chrome/116.0.1938.76 Safari/537.36"
157.55.39.197 - - [15/Jul/2025:13:56:29 +0000] "GET /entity/485479307 HTTP/1.1" 200 18686 "-" "Mozilla/5.0 AppleWebKit/537.36 (KHTML, like Gecko; compatible; bingbot/2.0; +http://www.bing.com/bingbot.htm) Chrome/116.0.1938.76 Safari/537.36"
40.77.167.241 - - [15/Jul/2025:13:56:36 +0000] "GET /entity/485429082 HTTP/1.1" 200 18267 "-" "Mozilla/5.0 AppleWebKit/537.36 (KHTML, like Gecko; compatible; bingbot/2.0; +http://www.bing.com/bingbot.htm) Chrome/116.0.1938.76 Safari/537.36"
40.77.167.53 - - [15/Jul/2025:13:56:41 +0000] "GET /entity/485479901 HTTP/1.1" 200 18901 "-" "Mozilla/5.0 AppleWebKit/537.36 (KHTML, like Gecko; compatible; bingbot/2.0; +http://www.bing.com/bingbot.htm) Chrome/116.0.1938.76 Safari/537.36"
207.46.13.127 - - [15/Jul/2025:13:57:19 +0000] "GET /entity/615370242 HTTP/1.1" 200 20001 "-" "Mozilla/5.0 AppleWebKit/537.36 (KHTML, like Gecko; compatible; bingbot/2.0; +http://www.bing.com/bingbot.htm) Chrome/116.0.1938.76 Safari/537.36"
209.74.77.214 - - [15/Jul/2025:13:57:35 +0000] "POST /wp-cron.php?doing_wp_cron=1752587855.0099000930786132812500 HTTP/1.1" 200 - "-" "WordPress/6.8.1; https://teamhachem.com"
23.23.137.202 - - [15/Jul/2025:13:57:32 +0000] "GET /events/2026-12-03/ HTTP/1.1" 200 19478 "-" "Mozilla/5.0 AppleWebKit/537.36 (KHTML, like Gecko; compatible; Amazonbot/0.1; +https://developer.amazon.com/support/amazonbot) Chrome/119.0.6045.214 Safari/537.36"
44.215.61.66 - - [15/Jul/2025:13:57:36 +0000] "GET /events/list/?tribe-bar-date=2026-10-09 HTTP/1.1" 200 19810 "-" "Mozilla/5.0 AppleWebKit/537.36 (KHTML, like Gecko; compatible; Amazonbot/0.1; +https://developer.amazon.com/support/amazonbot) Chrome/119.0.6045.214 Safari/537.36"
209.74.77.214 - - [15/Jul/2025:13:58:25 +0000] "POST /wp-cron.php?doing_wp_cron=1752587905.9833021163940429687500 HTTP/1.1" 200 - "-" "WordPress/6.8.1; https://teamhachem.com"
85.208.96.208 - - [15/Jul/2025:13:58:23 +0000] "GET /events/list/?tribe-bar-date=2025-12-29 HTTP/1.1" 200 19803 "-" "Mozilla/5.0 (compatible; SemrushBot/7~bl; +http://www.semrush.com/bot.html)"
40.77.167.241 - - [15/Jul/2025:13:58:47 +0000] "GET /entity/485425893 HTTP/1.1" 200 18433 "-" "Mozilla/5.0 AppleWebKit/537.36 (KHTML, like Gecko; compatible; bingbot/2.0; +http://www.bing.com/bingbot.htm) Chrome/116.0.1938.76 Safari/537.36"
40.77.167.241 - - [15/Jul/2025:13:58:50 +0000] "GET /entity/485516249 HTTP/1.1" 200 19663 "-" "Mozilla/5.0 AppleWebKit/537.36 (KHTML, like Gecko; compatible; bingbot/2.0; +http://www.bing.com/bingbot.htm) Chrome/116.0.1938.76 Safari/537.36"
40.77.167.241 - - [15/Jul/2025:13:58:52 +0000] "GET /entity/485464605 HTTP/1.1" 200 18347 "-" "Mozilla/5.0 AppleWebKit/537.36 (KHTML, like Gecko; compatible; bingbot/2.0; +http://www.bing.com/bingbot.htm) Chrome/116.0.1938.76 Safari/537.36"
40.77.167.241 - - [15/Jul/2025:13:58:55 +0000] "GET /entity/485425692 HTTP/1.1" 200 19570 "-" "Mozilla/5.0 AppleWebKit/537.36 (KHTML, like Gecko; compatible; bingbot/2.0; +http://www.bing.com/bingbot.htm) Chrome/116.0.1938.76 Safari/537.36"
66.249.73.226 - - [15/Jul/2025:13:58:56 +0000] "POST /get-message-notify HTTP/1.1" 200 18727 "https://teamhachem.com/entity/1935147" "Mozilla/5.0 (Linux; Android 6.0.1; Nexus 5X Build/MMB29P) AppleWebKit/537.36 (KHTML, like Gecko) Chrome/137.0.7151.119 Mobile Safari/537.36 (compatible; Googlebot/2.1; +http://www.google.com/bot.html)"
40.77.167.241 - - [15/Jul/2025:13:58:58 +0000] "GET /entity/485556053 HTTP/1.1" 200 18607 "-" "Mozilla/5.0 AppleWebKit/537.36 (KHTML, like Gecko; compatible; bingbot/2.0; +http://www.bing.com/bingbot.htm) Chrome/116.0.1938.76 Safari/537.36"
40.77.167.241 - - [15/Jul/2025:13:59:01 +0000] "GET /entity/485445225 HTTP/1.1" 200 18526 "-" "Mozilla/5.0 AppleWebKit/537.36 (KHTML, like Gecko; compatible; bingbot/2.0; +http://www.bing.com/bingbot.htm) Chrome/116.0.1938.76 Safari/537.36"
40.77.167.53 - - [15/Jul/2025:13:59:04 +0000] "GET /entity/485453741 HTTP/1.1" 200 18556 "-" "Mozilla/5.0 AppleWebKit/537.36 (KHTML, like Gecko; compatible; bingbot/2.0; +http://www.bing.com/bingbot.htm) Chrome/116.0.1938.76 Safari/537.36"
40.77.167.53 - - [15/Jul/2025:13:59:07 +0000] "GET /entity/485444396 HTTP/1.1" 200 18404 "-" "Mozilla/5.0 AppleWebKit/537.36 (KHTML, like Gecko; compatible; bingbot/2.0; +http://www.bing.com/bingbot.htm) Chrome/116.0.1938.76 Safari/537.36"
40.77.167.53 - - [15/Jul/2025:13:59:10 +0000] "GET /entity/485534718 HTTP/1.1" 200 17874 "-" "Mozilla/5.0 AppleWebKit/537.36 (KHTML, like Gecko; compatible; bingbot/2.0; +http://www.bing.com/bingbot.htm) Chrome/116.0.1938.76 Safari/537.36"
40.77.167.53 - - [15/Jul/2025:13:59:13 +0000] "GET /entity/485589852 HTTP/1.1" 200 18546 "-" "Mozilla/5.0 AppleWebKit/537.36 (KHTML, like Gecko; compatible; bingbot/2.0; +http://www.bing.com/bingbot.htm) Chrome/116.0.1938.76 Safari/537.36"
40.77.167.53 - - [15/Jul/2025:13:59:17 +0000] "GET /entity/485467995 HTTP/1.1" 200 18406 "-" "Mozilla/5.0 AppleWebKit/537.36 (KHTML, like Gecko; compatible; bingbot/2.0; +http://www.bing.com/bingbot.htm) Chrome/116.0.1938.76 Safari/537.36"
40.77.167.53 - - [15/Jul/2025:13:59:19 +0000] "GET /entity/485520251 HTTP/1.1" 200 19515 "-" "Mozilla/5.0 AppleWebKit/537.36 (KHTML, like Gecko; compatible; bingbot/2.0; +http://www.bing.com/bingbot.htm) Chrome/116.0.1938.76 Safari/537.36"
40.77.167.53 - - [15/Jul/2025:13:59:22 +0000] "GET /entity/485464523 HTTP/1.1" 200 19262 "-" "Mozilla/5.0 AppleWebKit/537.36 (KHTML, like Gecko; compatible; bingbot/2.0; +http://www.bing.com/bingbot.htm) Chrome/116.0.1938.76 Safari/537.36"
40.77.167.53 - - [15/Jul/2025:13:59:25 +0000] "GET /entity/485470556 HTTP/1.1" 200 19574 "-" "Mozilla/5.0 AppleWebKit/537.36 (KHTML, like Gecko; compatible; bingbot/2.0; +http://www.bing.com/bingbot.htm) Chrome/116.0.1938.76 Safari/537.36"
40.77.167.53 - - [15/Jul/2025:13:59:28 +0000] "GET /entity/485442114 HTTP/1.1" 200 18466 "-" "Mozilla/5.0 AppleWebKit/537.36 (KHTML, like Gecko; compatible; bingbot/2.0; +http://www.bing.com/bingbot.htm) Chrome/116.0.1938.76 Safari/537.36"
40.77.167.53 - - [15/Jul/2025:13:59:31 +0000] "GET /entity/485469398 HTTP/1.1" 200 21414 "-" "Mozilla/5.0 AppleWebKit/537.36 (KHTML, like Gecko; compatible; bingbot/2.0; +http://www.bing.com/bingbot.htm) Chrome/116.0.1938.76 Safari/537.36"
40.77.167.53 - - [15/Jul/2025:13:59:34 +0000] "GET /entity/485480744 HTTP/1.1" 200 18274 "-" "Mozilla/5.0 AppleWebKit/537.36 (KHTML, like Gecko; compatible; bingbot/2.0; +http://www.bing.com/bingbot.htm) Chrome/116.0.1938.76 Safari/537.36"
207.46.13.127 - - [15/Jul/2025:13:59:39 +0000] "GET /entity/485578741 HTTP/1.1" 200 18456 "-" "Mozilla/5.0 AppleWebKit/537.36 (KHTML, like Gecko; compatible; bingbot/2.0; +http://www.bing.com/bingbot.htm) Chrome/116.0.1938.76 Safari/537.36"
207.46.13.127 - - [15/Jul/2025:13:59:42 +0000] "GET /entity/485511719 HTTP/1.1" 200 20496 "-" "Mozilla/5.0 AppleWebKit/537.36 (KHTML, like Gecko; compatible; bingbot/2.0; +http://www.bing.com/bingbot.htm) Chrome/116.0.1938.76 Safari/537.36"
207.46.13.127 - - [15/Jul/2025:13:59:45 +0000] "GET /entity/485484417 HTTP/1.1" 200 17958 "-" "Mozilla/5.0 AppleWebKit/537.36 (KHTML, like Gecko; compatible; bingbot/2.0; +http://www.bing.com/bingbot.htm) Chrome/116.0.1938.76 Safari/537.36"
207.46.13.127 - - [15/Jul/2025:13:59:48 +0000] "GET /entity/485449209 HTTP/1.1" 200 19737 "-" "Mozilla/5.0 AppleWebKit/537.36 (KHTML, like Gecko; compatible; bingbot/2.0; +http://www.bing.com/bingbot.htm) Chrome/116.0.1938.76 Safari/537.36"
207.46.13.127 - - [15/Jul/2025:13:59:51 +0000] "GET /entity/485525062 HTTP/1.1" 200 19152 "-" "Mozilla/5.0 AppleWebKit/537.36 (KHTML, like Gecko; compatible; bingbot/2.0; +http://www.bing.com/bingbot.htm) Chrome/116.0.1938.76 Safari/537.36"
207.46.13.127 - - [15/Jul/2025:13:59:54 +0000] "GET /entity/485600634 HTTP/1.1" 200 19955 "-" "Mozilla/5.0 AppleWebKit/537.36 (KHTML, like Gecko; compatible; bingbot/2.0; +http://www.bing.com/bingbot.htm) Chrome/116.0.1938.76 Safari/537.36"
