207.46.13.127 - - [15/Jul/2025:13:59:58 +0000] "GET /entity/485475666 HTTP/1.1" 200 18309 "-" "Mozilla/5.0 AppleWebKit/537.36 (KHTML, like Gecko; compatible; bingbot/2.0; +http://www.bing.com/bingbot.htm) Chrome/116.0.1938.76 Safari/537.36"
209.74.77.214 - - [15/Jul/2025:14:00:57 +0000] "POST /wp-cron.php?doing_wp_cron=1752588057.5778319835662841796875 HTTP/1.1" 200 - "-" "WordPress/6.8.1; https://teamhachem.com"
51.222.253.8 - - [15/Jul/2025:14:00:54 +0000] "GET /events/list/?tribe-bar-date=2026-06-08 HTTP/1.1" 200 19789 "-" "Mozilla/5.0 (compatible; AhrefsBot/7.0; +http://ahrefs.com/robot/)"
40.77.167.241 - - [15/Jul/2025:14:03:27 +0000] "GET /entity/615454860 HTTP/1.1" 200 20014 "-" "Mozilla/5.0 AppleWebKit/537.36 (KHTML, like Gecko; compatible; bingbot/2.0; +http://www.bing.com/bingbot.htm) Chrome/116.0.1938.76 Safari/537.36"
17.241.75.136 - - [15/Jul/2025:14:04:12 +0000] "GET /robots.txt HTTP/1.1" 200 94 "-" "Mozilla/5.0 (Macintosh; Intel Mac OS X 10_15_7) AppleWebKit/605.1.15 (KHTML, like Gecko) Version/17.4 Safari/605.1.15 (Applebot/0.1; +http://www.apple.com/go/applebot)"
209.74.77.214 - - [15/Jul/2025:14:04:14 +0000] "POST /wp-cron.php?doing_wp_cron=1752588254.6698939800262451171875 HTTP/1.1" 200 - "-" "WordPress/6.8.1; https://teamhachem.com"
17.241.75.136 - - [15/Jul/2025:14:04:12 +0000] "GET /elements/ HTTP/1.1" 200 12532 "-" "Mozilla/5.0 (Macintosh; Intel Mac OS X 10_15_7) AppleWebKit/605.1.15 (KHTML, like Gecko) Version/17.4 Safari/605.1.15 (Applebot/0.1; +http://www.apple.com/go/applebot)"
66.249.73.227 - - [15/Jul/2025:14:04:42 +0000] "POST /get-message-notify HTTP/1.1" 200 18727 "https://teamhachem.com/entity/14819709" "Mozilla/5.0 (Linux; Android 6.0.1; Nexus 5X Build/MMB29P) AppleWebKit/537.36 (KHTML, like Gecko) Chrome/137.0.7151.119 Mobile Safari/537.36 (compatible; Googlebot/2.1; +http://www.google.com/bot.html)"
66.249.73.226 - - [15/Jul/2025:14:05:12 +0000] "POST /get-message-notify HTTP/1.1" 200 18727 "https://teamhachem.com/entity/14828821" "Mozilla/5.0 (Linux; Android 6.0.1; Nexus 5X Build/MMB29P) AppleWebKit/537.36 (KHTML, like Gecko) Chrome/137.0.7151.119 Mobile Safari/537.36 (compatible; Googlebot/2.1; +http://www.google.com/bot.html)"
66.249.73.226 - - [15/Jul/2025:14:05:26 +0000] "GET /entity/439583070 HTTP/1.1" 200 18308 "-" "Mozilla/5.0 (Linux; Android 6.0.1; Nexus 5X Build/MMB29P) AppleWebKit/537.36 (KHTML, like Gecko) Chrome/137.0.7151.103 Mobile Safari/537.36 (compatible; GoogleOther)"
209.74.77.214 - - [15/Jul/2025:14:06:02 +0000] "POST /wp-cron.php?doing_wp_cron=1752588362.1749949455261230468750 HTTP/1.1" 200 - "-" "WordPress/6.8.1; https://teamhachem.com"
185.191.171.15 - - [15/Jul/2025:14:05:59 +0000] "GET /events/2026-01-07/ HTTP/1.1" 200 19478 "-" "Mozilla/5.0 (compatible; SemrushBot/7~bl; +http://www.semrush.com/bot.html)"
209.74.77.214 - - [15/Jul/2025:14:07:08 +0000] "POST /wp-cron.php?doing_wp_cron=1752588428.1703810691833496093750 HTTP/1.1" 200 - "-" "WordPress/6.8.1; https://teamhachem.com"
85.208.96.195 - - [15/Jul/2025:14:07:05 +0000] "GET /events/2026-01-05/ HTTP/1.1" 200 19485 "-" "Mozilla/5.0 (compatible; SemrushBot/7~bl; +http://www.semrush.com/bot.html)"
209.74.77.214 - - [15/Jul/2025:14:07:30 +0000] "POST /wp-cron.php?doing_wp_cron=1752588450.1408510208129882812500 HTTP/1.1" 200 - "-" "WordPress/6.8.1; https://teamhachem.com"
85.208.96.202 - - [15/Jul/2025:14:07:29 +0000] "GET /events/list/?tribe-bar-date=2026-03-04 HTTP/1.1" 200 19792 "-" "Mozilla/5.0 (compatible; SemrushBot/7~bl; +http://www.semrush.com/bot.html)"
209.74.77.214 - - [15/Jul/2025:14:08:22 +0000] "POST /wp-cron.php?doing_wp_cron=1752588502.4599800109863281250000 HTTP/1.1" 200 - "-" "WordPress/6.8.1; https://teamhachem.com"
185.191.171.12 - - [15/Jul/2025:14:08:20 +0000] "GET /events/list/?eventDisplay=past&tribe-bar-date=2026-05-20 HTTP/1.1" 200 20256 "-" "Mozilla/5.0 (compatible; SemrushBot/7~bl; +http://www.semrush.com/bot.html)"
209.74.77.214 - - [15/Jul/2025:14:09:22 +0000] "POST /wp-cron.php?doing_wp_cron=1752588562.1235930919647216796875 HTTP/1.1" 200 - "-" "WordPress/6.8.1; https://teamhachem.com"
85.208.96.200 - - [15/Jul/2025:14:09:19 +0000] "GET /events/list/?tribe-bar-date=2024-08-24 HTTP/1.1" 200 20202 "-" "Mozilla/5.0 (compatible; SemrushBot/7~bl; +http://www.semrush.com/bot.html)"
17.246.15.140 - - [15/Jul/2025:14:11:08 +0000] "GET /wp-includes/css/dashicons.min.css?ver=6.8.1 HTTP/1.1" 200 35730 "https://teamhachem.com/elements/" "Mozilla/5.0 (Macintosh; Intel Mac OS X 10_15_7) AppleWebKit/605.1.15 (KHTML, like Gecko) Version/17.4 Safari/605.1.15 (Applebot/0.1; +http://www.apple.com/go/applebot)"
17.246.15.234 - - [15/Jul/2025:14:11:08 +0000] "GET /wp-content/plugins/post-views-counter/css/frontend.min.css?ver=1.5.5 HTTP/1.1" 200 440 "https://teamhachem.com/elements/" "Mozilla/5.0 (Macintosh; Intel Mac OS X 10_15_7) AppleWebKit/605.1.15 (KHTML, like Gecko) Version/17.4 Safari/605.1.15 (Applebot/0.1; +http://www.apple.com/go/applebot)"
17.246.15.171 - - [15/Jul/2025:14:11:09 +0000] "GET /wp-content/plugins/metronet-profile-picture/dist/blocks.style.build.css?ver=2.6.3 HTTP/1.1" 200 3267 "https://teamhachem.com/elements/" "Mozilla/5.0 (Macintosh; Intel Mac OS X 10_15_7) AppleWebKit/605.1.15 (KHTML, like Gecko) Version/17.4 Safari/605.1.15 (Applebot/0.1; +http://www.apple.com/go/applebot)"
17.246.15.160 - - [15/Jul/2025:14:11:09 +0000] "GET /wp-includes/css/dist/block-library/style.min.css?ver=6.8.1 HTTP/1.1" 200 15323 "https://teamhachem.com/elements/" "Mozilla/5.0 (Macintosh; Intel Mac OS X 10_15_7) AppleWebKit/605.1.15 (KHTML, like Gecko) Version/17.4 Safari/605.1.15 (Applebot/0.1; +http://www.apple.com/go/applebot)"
17.246.19.132 - - [15/Jul/2025:14:11:10 +0000] "GET /wp-content/plugins/leadconnector/public/css/lc-public.css?ver=3.0.10.1 HTTP/1.1" 200 106 "https://teamhachem.com/elements/" "Mozilla/5.0 (Macintosh; Intel Mac OS X 10_15_7) AppleWebKit/605.1.15 (KHTML, like Gecko) Version/17.4 Safari/605.1.15 (Applebot/0.1; +http://www.apple.com/go/applebot)"
17.246.15.169 - - [15/Jul/2025:14:11:10 +0000] "GET /wp-content/plugins/contact-form-7/includes/css/styles.css?ver=6.1 HTTP/1.1" 200 1031 "https://teamhachem.com/elements/" "Mozilla/5.0 (Macintosh; Intel Mac OS X 10_15_7) AppleWebKit/605.1.15 (KHTML, like Gecko) Version/17.4 Safari/605.1.15 (Applebot/0.1; +http://www.apple.com/go/applebot)"
17.246.15.105 - - [15/Jul/2025:14:11:11 +0000] "GET /wp-content/plugins/woocommerce/assets/css/woocommerce-layout.css?ver=10.0.2 HTTP/1.1" 200 3414 "https://teamhachem.com/elements/" "Mozilla/5.0 (Macintosh; Intel Mac OS X 10_15_7) AppleWebKit/605.1.15 (KHTML, like Gecko) Version/17.4 Safari/605.1.15 (Applebot/0.1; +http://www.apple.com/go/applebot)"
17.246.23.34 - - [15/Jul/2025:14:11:11 +0000] "GET /wp-content/plugins/woocommerce/assets/css/woocommerce.css?ver=10.0.2 HTTP/1.1" 200 10826 "https://teamhachem.com/elements/" "Mozilla/5.0 (Macintosh; Intel Mac OS X 10_15_7) AppleWebKit/605.1.15 (KHTML, like Gecko) Version/17.4 Safari/605.1.15 (Applebot/0.1; +http://www.apple.com/go/applebot)"
17.246.15.171 - - [15/Jul/2025:14:11:12 +0000] "GET /wp-content/plugins/woocommerce/assets/css/brands.css?ver=10.0.2 HTTP/1.1" 200 684 "https://teamhachem.com/elements/" "Mozilla/5.0 (Macintosh; Intel Mac OS X 10_15_7) AppleWebKit/605.1.15 (KHTML, like Gecko) Version/17.4 Safari/605.1.15 (Applebot/0.1; +http://www.apple.com/go/applebot)"
17.246.15.160 - - [15/Jul/2025:14:11:12 +0000] "GET /wp-content/themes/artkombat/assets/css/bootstrap-grid.css?ver=1.0 HTTP/1.1" 200 21204 "https://teamhachem.com/elements/" "Mozilla/5.0 (Macintosh; Intel Mac OS X 10_15_7) AppleWebKit/605.1.15 (KHTML, like Gecko) Version/17.4 Safari/605.1.15 (Applebot/0.1; +http://www.apple.com/go/applebot)"
17.246.19.132 - - [15/Jul/2025:14:11:13 +0000] "GET /wp-content/themes/artkombat/assets/css/plugins.css?ver=1.0 HTTP/1.1" 200 5855 "https://teamhachem.com/elements/" "Mozilla/5.0 (Macintosh; Intel Mac OS X 10_15_7) AppleWebKit/605.1.15 (KHTML, like Gecko) Version/17.4 Safari/605.1.15 (Applebot/0.1; +http://www.apple.com/go/applebot)"
17.246.15.169 - - [15/Jul/2025:14:11:13 +0000] "GET /wp-content/themes/artkombat-child/style.css?ver=1.0 HTTP/1.1" 200 345 "https://teamhachem.com/elements/" "Mozilla/5.0 (Macintosh; Intel Mac OS X 10_15_7) AppleWebKit/605.1.15 (KHTML, like Gecko) Version/17.4 Safari/605.1.15 (Applebot/0.1; +http://www.apple.com/go/applebot)"
17.246.15.105 - - [15/Jul/2025:14:11:14 +0000] "GET /wp-content/plugins/unyson/framework/static/libs/font-awesome/css/font-awesome.min.css?ver=2.7.25 HTTP/1.1" 200 7053 "https://teamhachem.com/elements/" "Mozilla/5.0 (Macintosh; Intel Mac OS X 10_15_7) AppleWebKit/605.1.15 (KHTML, like Gecko) Version/17.4 Safari/605.1.15 (Applebot/0.1; +http://www.apple.com/go/applebot)"
17.246.23.207 - - [15/Jul/2025:14:11:14 +0000] "GET /wp-content/plugins/unyson/framework/static/libs/linecons/css/linecons.css?ver=2.7.25 HTTP/1.1" 200 56006 "https://teamhachem.com/elements/" "Mozilla/5.0 (Macintosh; Intel Mac OS X 10_15_7) AppleWebKit/605.1.15 (KHTML, like Gecko) Version/17.4 Safari/605.1.15 (Applebot/0.1; +http://www.apple.com/go/applebot)"
17.246.15.116 - - [15/Jul/2025:14:11:15 +0000] "GET /wp-content/plugins/unyson/framework/static/libs/entypo/css/entypo.css?ver=2.7.25 HTTP/1.1" 200 3542 "https://teamhachem.com/elements/" "Mozilla/5.0 (Macintosh; Intel Mac OS X 10_15_7) AppleWebKit/605.1.15 (KHTML, like Gecko) Version/17.4 Safari/605.1.15 (Applebot/0.1; +http://www.apple.com/go/applebot)"
17.246.15.68 - - [15/Jul/2025:14:11:15 +0000] "GET /wp-content/plugins/unyson/framework/static/libs/lnr/css/lnr.css?ver=2.7.25 HTTP/1.1" 200 1660 "https://teamhachem.com/elements/" "Mozilla/5.0 (Macintosh; Intel Mac OS X 10_15_7) AppleWebKit/605.1.15 (KHTML, like Gecko) Version/17.4 Safari/605.1.15 (Applebot/0.1; +http://www.apple.com/go/applebot)"
17.246.15.124 - - [15/Jul/2025:14:11:16 +0000] "GET /wp-content/plugins/unyson/framework/static/libs/typcn/css/typcn.css?ver=2.7.25 HTTP/1.1" 200 3998 "https://teamhachem.com/elements/" "Mozilla/5.0 (Macintosh; Intel Mac OS X 10_15_7) AppleWebKit/605.1.15 (KHTML, like Gecko) Version/17.4 Safari/605.1.15 (Applebot/0.1; +http://www.apple.com/go/applebot)"
17.246.15.160 - - [15/Jul/2025:14:11:16 +0000] "GET /wp-content/plugins/unyson/framework/static/libs/unycon/unycon.css?ver=2.7.25 HTTP/1.1" 200 6088 "https://teamhachem.com/elements/" "Mozilla/5.0 (Macintosh; Intel Mac OS X 10_15_7) AppleWebKit/605.1.15 (KHTML, like Gecko) Version/17.4 Safari/605.1.15 (Applebot/0.1; +http://www.apple.com/go/applebot)"
17.246.23.175 - - [15/Jul/2025:14:11:17 +0000] "GET /wp-content/themes/artkombat/assets/css/magnific-popup.css?ver=1.1.0 HTTP/1.1" 200 1816 "https://teamhachem.com/elements/" "Mozilla/5.0 (Macintosh; Intel Mac OS X 10_15_7) AppleWebKit/605.1.15 (KHTML, like Gecko) Version/17.4 Safari/605.1.15 (Applebot/0.1; +http://www.apple.com/go/applebot)"
17.246.15.121 - - [15/Jul/2025:14:11:17 +0000] "GET /wp-content/plugins/js_composer/assets/lib/vendor/node_modules/@fortawesome/fontawesome-free/css/v4-shims.min.css?ver=8.0 HTTP/1.1" 200 4229 "https://teamhachem.com/elements/" "Mozilla/5.0 (Macintosh; Intel Mac OS X 10_15_7) AppleWebKit/605.1.15 (KHTML, like Gecko) Version/17.4 Safari/605.1.15 (Applebot/0.1; +http://www.apple.com/go/applebot)"
17.246.15.105 - - [15/Jul/2025:14:11:18 +0000] "GET /wp-content/plugins/js_composer/assets/lib/vendor/node_modules/@fortawesome/fontawesome-free/css/all.min.css?ver=8.0 HTTP/1.1" 200 12858 "https://teamhachem.com/elements/" "Mozilla/5.0 (Macintosh; Intel Mac OS X 10_15_7) AppleWebKit/605.1.15 (KHTML, like Gecko) Version/17.4 Safari/605.1.15 (Applebot/0.1; +http://www.apple.com/go/applebot)"
17.246.15.185 - - [15/Jul/2025:14:11:18 +0000] "GET /wp-content/themes/artkombat/style.css?ver=6.8.1 HTTP/1.1" 200 64827 "https://teamhachem.com/elements/" "Mozilla/5.0 (Macintosh; Intel Mac OS X 10_15_7) AppleWebKit/605.1.15 (KHTML, like Gecko) Version/17.4 Safari/605.1.15 (Applebot/0.1; +http://www.apple.com/go/applebot)"
17.246.15.68 - - [15/Jul/2025:14:11:19 +0000] "GET /wp-includes/js/jquery/jquery.min.js?ver=3.7.1 HTTP/1.1" 200 30368 "https://teamhachem.com/elements/" "Mozilla/5.0 (Macintosh; Intel Mac OS X 10_15_7) AppleWebKit/605.1.15 (KHTML, like Gecko) Version/17.4 Safari/605.1.15 (Applebot/0.1; +http://www.apple.com/go/applebot)"
17.246.15.217 - - [15/Jul/2025:14:11:19 +0000] "GET /wp-includes/js/jquery/jquery-migrate.min.js?ver=3.4.1 HTTP/1.1" 200 4872 "https://teamhachem.com/elements/" "Mozilla/5.0 (Macintosh; Intel Mac OS X 10_15_7) AppleWebKit/605.1.15 (KHTML, like Gecko) Version/17.4 Safari/605.1.15 (Applebot/0.1; +http://www.apple.com/go/applebot)"
17.246.23.18 - - [15/Jul/2025:14:11:20 +0000] "GET /wp-content/plugins/leadconnector/public/js/lc-public.js?ver=3.0.10.1 HTTP/1.1" 200 1322 "https://teamhachem.com/elements/" "Mozilla/5.0 (Macintosh; Intel Mac OS X 10_15_7) AppleWebKit/605.1.15 (KHTML, like Gecko) Version/17.4 Safari/605.1.15 (Applebot/0.1; +http://www.apple.com/go/applebot)"
17.246.15.131 - - [15/Jul/2025:14:11:20 +0000] "GET /wp-content/plugins/woocommerce/assets/js/jquery-blockui/jquery.blockUI.min.js?ver=2.7.0-wc.10.0.2 HTTP/1.1" 200 3537 "https://teamhachem.com/elements/" "Mozilla/5.0 (Macintosh; Intel Mac OS X 10_15_7) AppleWebKit/605.1.15 (KHTML, like Gecko) Version/17.4 Safari/605.1.15 (Applebot/0.1; +http://www.apple.com/go/applebot)"
17.246.23.54 - - [15/Jul/2025:14:11:21 +0000] "GET /wp-content/plugins/woocommerce/assets/js/frontend/add-to-cart.min.js?ver=10.0.2 HTTP/1.1" 200 1407 "https://teamhachem.com/elements/" "Mozilla/5.0 (Macintosh; Intel Mac OS X 10_15_7) AppleWebKit/605.1.15 (KHTML, like Gecko) Version/17.4 Safari/605.1.15 (Applebot/0.1; +http://www.apple.com/go/applebot)"
17.246.15.98 - - [15/Jul/2025:14:11:21 +0000] "GET /wp-content/plugins/woocommerce/assets/js/js-cookie/js.cookie.min.js?ver=2.1.4-wc.10.0.2 HTTP/1.1" 200 833 "https://teamhachem.com/elements/" "Mozilla/5.0 (Macintosh; Intel Mac OS X 10_15_7) AppleWebKit/605.1.15 (KHTML, like Gecko) Version/17.4 Safari/605.1.15 (Applebot/0.1; +http://www.apple.com/go/applebot)"
17.246.23.193 - - [15/Jul/2025:14:11:22 +0000] "GET /wp-content/plugins/woocommerce/assets/js/frontend/woocommerce.min.js?ver=10.0.2 HTTP/1.1" 200 1532 "https://teamhachem.com/elements/" "Mozilla/5.0 (Macintosh; Intel Mac OS X 10_15_7) AppleWebKit/605.1.15 (KHTML, like Gecko) Version/17.4 Safari/605.1.15 (Applebot/0.1; +http://www.apple.com/go/applebot)"
17.246.15.28 - - [15/Jul/2025:14:11:22 +0000] "GET /wp-content/plugins/js_composer/assets/js/vendors/woocommerce-add-to-cart.js?ver=8.0 HTTP/1.1" 200 374 "https://teamhachem.com/elements/" "Mozilla/5.0 (Macintosh; Intel Mac OS X 10_15_7) AppleWebKit/605.1.15 (KHTML, like Gecko) Version/17.4 Safari/605.1.15 (Applebot/0.1; +http://www.apple.com/go/applebot)"
17.246.19.74 - - [15/Jul/2025:14:11:23 +0000] "GET /wp-content/themes/artkombat/assets/js/modernizr-2.6.2.min.js?ver=2.6.2 HTTP/1.1" 200 6202 "https://teamhachem.com/elements/" "Mozilla/5.0 (Macintosh; Intel Mac OS X 10_15_7) AppleWebKit/605.1.15 (KHTML, like Gecko) Version/17.4 Safari/605.1.15 (Applebot/0.1; +http://www.apple.com/go/applebot)"
66.249.73.226 - - [15/Jul/2025:14:11:22 +0000] "POST /get-message-notify HTTP/1.1" 200 18727 "https://teamhachem.com/entity/634117888" "Mozilla/5.0 (Linux; Android 6.0.1; Nexus 5X Build/MMB29P) AppleWebKit/537.36 (KHTML, like Gecko) Chrome/137.0.7151.119 Mobile Safari/537.36 (compatible; Googlebot/2.1; +http://www.google.com/bot.html)"
17.246.19.158 - - [15/Jul/2025:14:11:23 +0000] "GET /wp-content/plugins/woocommerce/assets/client/blocks/wc-blocks.css?ver=wc-10.0.2 HTTP/1.1" 200 2575 "https://teamhachem.com/elements/" "Mozilla/5.0 (Macintosh; Intel Mac OS X 10_15_7) AppleWebKit/605.1.15 (KHTML, like Gecko) Version/17.4 Safari/605.1.15 (Applebot/0.1; +http://www.apple.com/go/applebot)"
17.246.23.54 - - [15/Jul/2025:14:11:24 +0000] "GET /wp-content/plugins/js_composer/assets/css/js_composer.min.css?ver=8.0 HTTP/1.1" 200 45510 "https://teamhachem.com/elements/" "Mozilla/5.0 (Macintosh; Intel Mac OS X 10_15_7) AppleWebKit/605.1.15 (KHTML, like Gecko) Version/17.4 Safari/605.1.15 (Applebot/0.1; +http://www.apple.com/go/applebot)"
17.246.19.25 - - [15/Jul/2025:14:11:24 +0000] "GET /wp-content/plugins/metronet-profile-picture/js/mpp-frontend.js?ver=2.6.3 HTTP/1.1" 200 195 "https://teamhachem.com/elements/" "Mozilla/5.0 (Macintosh; Intel Mac OS X 10_15_7) AppleWebKit/605.1.15 (KHTML, like Gecko) Version/17.4 Safari/605.1.15 (Applebot/0.1; +http://www.apple.com/go/applebot)"
17.246.15.98 - - [15/Jul/2025:14:11:25 +0000] "GET /wp-includes/js/dist/hooks.min.js?ver=4d63a3d491d11ffd8ac6 HTTP/1.1" 200 1648 "https://teamhachem.com/elements/" "Mozilla/5.0 (Macintosh; Intel Mac OS X 10_15_7) AppleWebKit/605.1.15 (KHTML, like Gecko) Version/17.4 Safari/605.1.15 (Applebot/0.1; +http://www.apple.com/go/applebot)"
17.246.23.247 - - [15/Jul/2025:14:11:25 +0000] "GET /wp-includes/js/dist/i18n.min.js?ver=5e580eb46a90c2b997e6 HTTP/1.1" 200 3667 "https://teamhachem.com/elements/" "Mozilla/5.0 (Macintosh; Intel Mac OS X 10_15_7) AppleWebKit/605.1.15 (KHTML, like Gecko) Version/17.4 Safari/605.1.15 (Applebot/0.1; +http://www.apple.com/go/applebot)"
17.246.15.28 - - [15/Jul/2025:14:11:26 +0000] "GET /wp-content/plugins/contact-form-7/includes/swv/js/index.js?ver=6.1 HTTP/1.1" 200 3503 "https://teamhachem.com/elements/" "Mozilla/5.0 (Macintosh; Intel Mac OS X 10_15_7) AppleWebKit/605.1.15 (KHTML, like Gecko) Version/17.4 Safari/605.1.15 (Applebot/0.1; +http://www.apple.com/go/applebot)"
17.246.23.193 - - [15/Jul/2025:14:11:26 +0000] "GET /wp-content/plugins/contact-form-7/includes/js/index.js?ver=6.1 HTTP/1.1" 200 4265 "https://teamhachem.com/elements/" "Mozilla/5.0 (Macintosh; Intel Mac OS X 10_15_7) AppleWebKit/605.1.15 (KHTML, like Gecko) Version/17.4 Safari/605.1.15 (Applebot/0.1; +http://www.apple.com/go/applebot)"
17.246.23.54 - - [15/Jul/2025:14:11:27 +0000] "GET /wp-content/plugins/woocommerce/assets/js/sourcebuster/sourcebuster.min.js?ver=10.0.2 HTTP/1.1" 200 4807 "https://teamhachem.com/elements/" "Mozilla/5.0 (Macintosh; Intel Mac OS X 10_15_7) AppleWebKit/605.1.15 (KHTML, like Gecko) Version/17.4 Safari/605.1.15 (Applebot/0.1; +http://www.apple.com/go/applebot)"
17.246.19.158 - - [15/Jul/2025:14:11:27 +0000] "GET /wp-content/plugins/woocommerce/assets/js/frontend/order-attribution.min.js?ver=10.0.2 HTTP/1.1" 200 1128 "https://teamhachem.com/elements/" "Mozilla/5.0 (Macintosh; Intel Mac OS X 10_15_7) AppleWebKit/605.1.15 (KHTML, like Gecko) Version/17.4 Safari/605.1.15 (Applebot/0.1; +http://www.apple.com/go/applebot)"
17.246.15.98 - - [15/Jul/2025:14:11:28 +0000] "GET /wp-includes/js/imagesloaded.min.js?ver=5.0.0 HTTP/1.1" 200 1803 "https://teamhachem.com/elements/" "Mozilla/5.0 (Macintosh; Intel Mac OS X 10_15_7) AppleWebKit/605.1.15 (KHTML, like Gecko) Version/17.4 Safari/605.1.15 (Applebot/0.1; +http://www.apple.com/go/applebot)"
17.246.23.191 - - [15/Jul/2025:14:11:28 +0000] "GET /wp-includes/js/masonry.min.js?ver=4.2.2 HTTP/1.1" 200 7382 "https://teamhachem.com/elements/" "Mozilla/5.0 (Macintosh; Intel Mac OS X 10_15_7) AppleWebKit/605.1.15 (KHTML, like Gecko) Version/17.4 Safari/605.1.15 (Applebot/0.1; +http://www.apple.com/go/applebot)"
17.246.15.28 - - [15/Jul/2025:14:11:29 +0000] "GET /wp-includes/js/jquery/jquery.masonry.min.js?ver=3.1.2b HTTP/1.1" 200 716 "https://teamhachem.com/elements/" "Mozilla/5.0 (Macintosh; Intel Mac OS X 10_15_7) AppleWebKit/605.1.15 (KHTML, like Gecko) Version/17.4 Safari/605.1.15 (Applebot/0.1; +http://www.apple.com/go/applebot)"
17.246.19.31 - - [15/Jul/2025:14:11:29 +0000] "GET /wp-content/themes/artkombat/assets/js/jquery.countdown.js?ver=2.2.0 HTTP/1.1" 200 1740 "https://teamhachem.com/elements/" "Mozilla/5.0 (Macintosh; Intel Mac OS X 10_15_7) AppleWebKit/605.1.15 (KHTML, like Gecko) Version/17.4 Safari/605.1.15 (Applebot/0.1; +http://www.apple.com/go/applebot)"
17.246.15.188 - - [15/Jul/2025:14:11:30 +0000] "GET /wp-content/themes/artkombat/assets/js/jquery.counterup.min.js?ver=1.0 HTTP/1.1" 200 574 "https://teamhachem.com/elements/" "Mozilla/5.0 (Macintosh; Intel Mac OS X 10_15_7) AppleWebKit/605.1.15 (KHTML, like Gecko) Version/17.4 Safari/605.1.15 (Applebot/0.1; +http://www.apple.com/go/applebot)"
17.246.23.193 - - [15/Jul/2025:14:11:30 +0000] "GET /wp-content/themes/artkombat/assets/js/jquery.matchHeight.js?ver=6.8.1 HTTP/1.1" 200 1357 "https://teamhachem.com/elements/" "Mozilla/5.0 (Macintosh; Intel Mac OS X 10_15_7) AppleWebKit/605.1.15 (KHTML, like Gecko) Version/17.4 Safari/605.1.15 (Applebot/0.1; +http://www.apple.com/go/applebot)"
17.246.19.183 - - [15/Jul/2025:14:11:31 +0000] "GET /wp-content/themes/artkombat/assets/js/jquery.nicescroll.js?ver=3.7.6 HTTP/1.1" 200 16928 "https://teamhachem.com/elements/" "Mozilla/5.0 (Macintosh; Intel Mac OS X 10_15_7) AppleWebKit/605.1.15 (KHTML, like Gecko) Version/17.4 Safari/605.1.15 (Applebot/0.1; +http://www.apple.com/go/applebot)"
17.246.23.191 - - [15/Jul/2025:14:11:31 +0000] "GET /wp-content/themes/artkombat/assets/js/jquery.magnific-popup.js?ver=1.1.0 HTTP/1.1" 200 12489 "https://teamhachem.com/elements/" "Mozilla/5.0 (Macintosh; Intel Mac OS X 10_15_7) AppleWebKit/605.1.15 (KHTML, like Gecko) Version/17.4 Safari/605.1.15 (Applebot/0.1; +http://www.apple.com/go/applebot)"
17.246.15.28 - - [15/Jul/2025:14:11:32 +0000] "GET /wp-content/themes/artkombat/assets/js/jquery.zoomslider.js?ver=0.2.3 HTTP/1.1" 200 2157 "https://teamhachem.com/elements/" "Mozilla/5.0 (Macintosh; Intel Mac OS X 10_15_7) AppleWebKit/605.1.15 (KHTML, like Gecko) Version/17.4 Safari/605.1.15 (Applebot/0.1; +http://www.apple.com/go/applebot)"
17.246.23.228 - - [15/Jul/2025:14:11:32 +0000] "GET /wp-content/themes/artkombat/assets/js/waypoint.js?ver=1.6.2 HTTP/1.1" 200 2567 "https://teamhachem.com/elements/" "Mozilla/5.0 (Macintosh; Intel Mac OS X 10_15_7) AppleWebKit/605.1.15 (KHTML, like Gecko) Version/17.4 Safari/605.1.15 (Applebot/0.1; +http://www.apple.com/go/applebot)"
17.246.15.188 - - [15/Jul/2025:14:11:33 +0000] "GET /wp-content/themes/artkombat/assets/js/affix.js?ver=3.3.7 HTTP/1.1" 200 1115 "https://teamhachem.com/elements/" "Mozilla/5.0 (Macintosh; Intel Mac OS X 10_15_7) AppleWebKit/605.1.15 (KHTML, like Gecko) Version/17.4 Safari/605.1.15 (Applebot/0.1; +http://www.apple.com/go/applebot)"
17.246.23.228 - - [15/Jul/2025:14:11:33 +0000] "GET /wp-content/themes/artkombat/assets/js/jquery.paroller.min.js?ver=1.3.1 HTTP/1.1" 200 656 "https://teamhachem.com/elements/" "Mozilla/5.0 (Macintosh; Intel Mac OS X 10_15_7) AppleWebKit/605.1.15 (KHTML, like Gecko) Version/17.4 Safari/605.1.15 (Applebot/0.1; +http://www.apple.com/go/applebot)"
17.246.19.123 - - [15/Jul/2025:14:11:34 +0000] "GET /wp-content/themes/artkombat/assets/js/swiper.js?ver=4.3.3 HTTP/1.1" 200 32454 "https://teamhachem.com/elements/" "Mozilla/5.0 (Macintosh; Intel Mac OS X 10_15_7) AppleWebKit/605.1.15 (KHTML, like Gecko) Version/17.4 Safari/605.1.15 (Applebot/0.1; +http://www.apple.com/go/applebot)"
17.246.23.84 - - [15/Jul/2025:14:11:34 +0000] "GET /wp-content/themes/artkombat/assets/js/parallax.min.js?ver=1.1.3 HTTP/1.1" 200 506 "https://teamhachem.com/elements/" "Mozilla/5.0 (Macintosh; Intel Mac OS X 10_15_7) AppleWebKit/605.1.15 (KHTML, like Gecko) Version/17.4 Safari/605.1.15 (Applebot/0.1; +http://www.apple.com/go/applebot)"
17.246.23.193 - - [15/Jul/2025:14:11:35 +0000] "GET /wp-content/themes/artkombat/assets/js/parallax-scroll.min.js?ver=1.0 HTTP/1.1" 200 5261 "https://teamhachem.com/elements/" "Mozilla/5.0 (Macintosh; Intel Mac OS X 10_15_7) AppleWebKit/605.1.15 (KHTML, like Gecko) Version/17.4 Safari/605.1.15 (Applebot/0.1; +http://www.apple.com/go/applebot)"
17.246.15.28 - - [15/Jul/2025:14:11:35 +0000] "GET /wp-content/themes/artkombat/assets/js/scrollreveal.js?ver=3.3.4 HTTP/1.1" 200 3269 "https://teamhachem.com/elements/" "Mozilla/5.0 (Macintosh; Intel Mac OS X 10_15_7) AppleWebKit/605.1.15 (KHTML, like Gecko) Version/17.4 Safari/605.1.15 (Applebot/0.1; +http://www.apple.com/go/applebot)"
17.246.15.188 - - [15/Jul/2025:14:11:36 +0000] "GET /wp-content/themes/artkombat/assets/js/scripts.js?ver=1.0 HTTP/1.1" 200 6746 "https://teamhachem.com/elements/" "Mozilla/5.0 (Macintosh; Intel Mac OS X 10_15_7) AppleWebKit/605.1.15 (KHTML, like Gecko) Version/17.4 Safari/605.1.15 (Applebot/0.1; +http://www.apple.com/go/applebot)"
17.246.15.148 - - [15/Jul/2025:14:11:37 +0000] "GET /wp-content/themes/artkombat/assets/js/pace.js?ver=6.8.1 HTTP/1.1" 200 4291 "https://teamhachem.com/elements/" "Mozilla/5.0 (Macintosh; Intel Mac OS X 10_15_7) AppleWebKit/605.1.15 (KHTML, like Gecko) Version/17.4 Safari/605.1.15 (Applebot/0.1; +http://www.apple.com/go/applebot)"
17.246.23.228 - - [15/Jul/2025:14:11:37 +0000] "GET /wp-content/plugins/js_composer/assets/js/dist/js_composer_front.min.js?ver=8.0 HTTP/1.1" 200 5146 "https://teamhachem.com/elements/" "Mozilla/5.0 (Macintosh; Intel Mac OS X 10_15_7) AppleWebKit/605.1.15 (KHTML, like Gecko) Version/17.4 Safari/605.1.15 (Applebot/0.1; +http://www.apple.com/go/applebot)"
17.246.19.10 - - [15/Jul/2025:14:11:38 +0000] "GET /wp-content/plugins/mailchimp-for-wp/assets/js/forms.js?ver=4.10.5 HTTP/1.1" 200 2591 "https://teamhachem.com/elements/" "Mozilla/5.0 (Macintosh; Intel Mac OS X 10_15_7) AppleWebKit/605.1.15 (KHTML, like Gecko) Version/17.4 Safari/605.1.15 (Applebot/0.1; +http://www.apple.com/go/applebot)"
17.246.15.24 - - [15/Jul/2025:14:11:38 +0000] "GET /wp-content/plugins/woocommerce/assets/css/woocommerce-smallscreen.css?ver=10.0.2 HTTP/1.1" 200 1279 "https://teamhachem.com/elements/" "Mozilla/5.0 (Macintosh; Intel Mac OS X 10_15_7) AppleWebKit/605.1.15 (KHTML, like Gecko) Version/17.4 Safari/605.1.15 (Applebot/0.1; +http://www.apple.com/go/applebot)"
52.167.144.20 - - [15/Jul/2025:14:11:40 +0000] "GET /entity/615404324 HTTP/1.1" 200 19979 "-" "Mozilla/5.0 AppleWebKit/537.36 (KHTML, like Gecko; compatible; bingbot/2.0; +http://www.bing.com/bingbot.htm) Chrome/116.0.1938.76 Safari/537.36"
216.73.216.88 - - [15/Jul/2025:14:12:28 +0000] "GET /robots.txt HTTP/1.1" 200 94 "-" "Mozilla/5.0 AppleWebKit/537.36 (KHTML, like Gecko; compatible; ClaudeBot/1.0; [email protected])"
209.74.77.214 - - [15/Jul/2025:14:12:31 +0000] "POST /wp-cron.php?doing_wp_cron=1752588751.1170558929443359375000 HTTP/1.1" 200 - "-" "WordPress/6.8.1; https://teamhachem.com"
216.73.216.88 - - [15/Jul/2025:14:12:28 +0000] "GET /entity/596435963 HTTP/1.1" 404 12736 "-" "Mozilla/5.0 AppleWebKit/537.36 (KHTML, like Gecko; compatible; ClaudeBot/1.0; [email protected])"
216.73.216.88 - - [15/Jul/2025:14:12:31 +0000] "GET /entity/596335983 HTTP/1.1" 404 12735 "-" "Mozilla/5.0 AppleWebKit/537.36 (KHTML, like Gecko; compatible; ClaudeBot/1.0; [email protected])"
216.73.216.88 - - [15/Jul/2025:14:12:34 +0000] "GET /entity/596460983 HTTP/1.1" 404 12735 "-" "Mozilla/5.0 AppleWebKit/537.36 (KHTML, like Gecko; compatible; ClaudeBot/1.0; [email protected])"
51.222.253.17 - - [15/Jul/2025:14:12:37 +0000] "GET /events/list/?tribe-bar-date=2026-06-10 HTTP/1.1" 200 19815 "-" "Mozilla/5.0 (compatible; AhrefsBot/7.0; +http://ahrefs.com/robot/)"
216.73.216.88 - - [15/Jul/2025:14:12:37 +0000] "GET /entity/596522897 HTTP/1.1" 404 12738 "-" "Mozilla/5.0 AppleWebKit/537.36 (KHTML, like Gecko; compatible; ClaudeBot/1.0; [email protected])"
216.73.216.88 - - [15/Jul/2025:14:12:40 +0000] "GET /entity/596502174 HTTP/1.1" 404 12739 "-" "Mozilla/5.0 AppleWebKit/537.36 (KHTML, like Gecko; compatible; ClaudeBot/1.0; [email protected])"
216.73.216.88 - - [15/Jul/2025:14:12:43 +0000] "GET /entity/596339969 HTTP/1.1" 404 12739 "-" "Mozilla/5.0 AppleWebKit/537.36 (KHTML, like Gecko; compatible; ClaudeBot/1.0; [email protected])"
216.73.216.88 - - [15/Jul/2025:14:12:46 +0000] "GET /entity/596510080 HTTP/1.1" 404 12740 "-" "Mozilla/5.0 AppleWebKit/537.36 (KHTML, like Gecko; compatible; ClaudeBot/1.0; [email protected])"
216.73.216.88 - - [15/Jul/2025:14:12:49 +0000] "GET /entity/596366970 HTTP/1.1" 404 12735 "-" "Mozilla/5.0 AppleWebKit/537.36 (KHTML, like Gecko; compatible; ClaudeBot/1.0; [email protected])"
216.73.216.88 - - [15/Jul/2025:14:13:15 +0000] "GET /entity/596355576 HTTP/1.1" 404 12738 "-" "Mozilla/5.0 AppleWebKit/537.36 (KHTML, like Gecko; compatible; ClaudeBot/1.0; [email protected])"
216.73.216.88 - - [15/Jul/2025:14:13:17 +0000] "GET /entity/596339967 HTTP/1.1" 404 12739 "-" "Mozilla/5.0 AppleWebKit/537.36 (KHTML, like Gecko; compatible; ClaudeBot/1.0; [email protected])"
216.73.216.88 - - [15/Jul/2025:14:13:20 +0000] "GET /entity/596371502 HTTP/1.1" 404 12736 "-" "Mozilla/5.0 AppleWebKit/537.36 (KHTML, like Gecko; compatible; ClaudeBot/1.0; [email protected])"
209.74.77.214 - - [15/Jul/2025:14:13:23 +0000] "POST /wp-cron.php?doing_wp_cron=1752588803.5351529121398925781250 HTTP/1.1" 200 - "-" "WordPress/6.8.1; https://teamhachem.com"
216.73.216.88 - - [15/Jul/2025:14:13:23 +0000] "GET /entity/596503003 HTTP/1.1" 404 12730 "-" "Mozilla/5.0 AppleWebKit/537.36 (KHTML, like Gecko; compatible; ClaudeBot/1.0; [email protected])"
216.73.216.88 - - [15/Jul/2025:14:13:26 +0000] "GET /entity/596355877 HTTP/1.1" 404 12732 "-" "Mozilla/5.0 AppleWebKit/537.36 (KHTML, like Gecko; compatible; ClaudeBot/1.0; [email protected])"
40.77.167.159 - - [15/Jul/2025:14:13:28 +0000] "GET /entity/615332174 HTTP/1.1" 200 20984 "-" "Mozilla/5.0 AppleWebKit/537.36 (KHTML, like Gecko; compatible; bingbot/2.0; +http://www.bing.com/bingbot.htm) Chrome/116.0.1938.76 Safari/537.36"
216.73.216.88 - - [15/Jul/2025:14:13:29 +0000] "GET /entity/596475767 HTTP/1.1" 404 12736 "-" "Mozilla/5.0 AppleWebKit/537.36 (KHTML, like Gecko; compatible; ClaudeBot/1.0; [email protected])"
209.74.77.214 - - [15/Jul/2025:14:13:32 +0000] "POST /wp-cron.php?doing_wp_cron=1752588812.5685451030731201171875 HTTP/1.1" 200 - "-" "WordPress/6.8.1; https://teamhachem.com"
216.73.216.88 - - [15/Jul/2025:14:13:32 +0000] "GET /entity/596353906 HTTP/1.1" 404 12735 "-" "Mozilla/5.0 AppleWebKit/537.36 (KHTML, like Gecko; compatible; ClaudeBot/1.0; [email protected])"
216.73.216.88 - - [15/Jul/2025:14:13:35 +0000] "GET /entity/596472012 HTTP/1.1" 404 12735 "-" "Mozilla/5.0 AppleWebKit/537.36 (KHTML, like Gecko; compatible; ClaudeBot/1.0; [email protected])"
216.73.216.88 - - [15/Jul/2025:14:14:07 +0000] "GET /entity/596528023 HTTP/1.1" 404 12735 "-" "Mozilla/5.0 AppleWebKit/537.36 (KHTML, like Gecko; compatible; ClaudeBot/1.0; [email protected])"
216.73.216.88 - - [15/Jul/2025:14:14:10 +0000] "GET /entity/596370360 HTTP/1.1" 404 12739 "-" "Mozilla/5.0 AppleWebKit/537.36 (KHTML, like Gecko; compatible; ClaudeBot/1.0; [email protected])"
85.208.96.209 - - [15/Jul/2025:14:14:11 +0000] "GET /events/list/?tribe-bar-date=2026-03-08 HTTP/1.1" 200 19794 "-" "Mozilla/5.0 (compatible; SemrushBot/7~bl; +http://www.semrush.com/bot.html)"
216.73.216.88 - - [15/Jul/2025:14:14:13 +0000] "GET /entity/596388518 HTTP/1.1" 404 12733 "-" "Mozilla/5.0 AppleWebKit/537.36 (KHTML, like Gecko; compatible; ClaudeBot/1.0; [email protected])"
216.73.216.88 - - [15/Jul/2025:14:14:16 +0000] "GET /entity/596380596 HTTP/1.1" 404 12739 "-" "Mozilla/5.0 AppleWebKit/537.36 (KHTML, like Gecko; compatible; ClaudeBot/1.0; [email protected])"
216.73.216.88 - - [15/Jul/2025:14:14:19 +0000] "GET /entity/596368411 HTTP/1.1" 404 12736 "-" "Mozilla/5.0 AppleWebKit/537.36 (KHTML, like Gecko; compatible; ClaudeBot/1.0; [email protected])"
216.73.216.88 - - [15/Jul/2025:14:14:22 +0000] "GET /entity/596457310 HTTP/1.1" 404 12734 "-" "Mozilla/5.0 AppleWebKit/537.36 (KHTML, like Gecko; compatible; ClaudeBot/1.0; [email protected])"
209.74.77.214 - - [15/Jul/2025:14:14:25 +0000] "POST /wp-cron.php?doing_wp_cron=1752588865.3613450527191162109375 HTTP/1.1" 200 - "-" "WordPress/6.8.1; https://teamhachem.com"
216.73.216.88 - - [15/Jul/2025:14:14:25 +0000] "GET /entity/596334295 HTTP/1.1" 404 12736 "-" "Mozilla/5.0 AppleWebKit/537.36 (KHTML, like Gecko; compatible; ClaudeBot/1.0; [email protected])"
216.73.216.88 - - [15/Jul/2025:14:14:28 +0000] "GET /entity/596331451 HTTP/1.1" 404 12737 "-" "Mozilla/5.0 AppleWebKit/537.36 (KHTML, like Gecko; compatible; ClaudeBot/1.0; [email protected])"
209.74.77.214 - - [15/Jul/2025:14:14:45 +0000] "POST /wp-cron.php?doing_wp_cron=1752588885.7303171157836914062500 HTTP/1.1" 200 - "-" "WordPress/6.8.1; https://teamhachem.com"
18.213.240.226 - - [15/Jul/2025:14:14:44 +0000] "GET /product/boxing-gloves-blue/ HTTP/1.1" 200 16933 "-" "Mozilla/5.0 AppleWebKit/537.36 (KHTML, like Gecko; compatible; Amazonbot/0.1; +https://developer.amazon.com/support/amazonbot) Chrome/119.0.6045.214 Safari/537.36"
216.73.216.88 - - [15/Jul/2025:14:15:03 +0000] "GET /entity/596426024 HTTP/1.1" 404 12737 "-" "Mozilla/5.0 AppleWebKit/537.36 (KHTML, like Gecko; compatible; ClaudeBot/1.0; [email protected])"
216.73.216.88 - - [15/Jul/2025:14:15:06 +0000] "GET /entity/596435981 HTTP/1.1" 404 12735 "-" "Mozilla/5.0 AppleWebKit/537.36 (KHTML, like Gecko; compatible; ClaudeBot/1.0; [email protected])"
216.73.216.88 - - [15/Jul/2025:14:15:09 +0000] "GET /entity/596365812 HTTP/1.1" 404 12737 "-" "Mozilla/5.0 AppleWebKit/537.36 (KHTML, like Gecko; compatible; ClaudeBot/1.0; [email protected])"
216.73.216.88 - - [15/Jul/2025:14:15:12 +0000] "GET /entity/596501863 HTTP/1.1" 404 12736 "-" "Mozilla/5.0 AppleWebKit/537.36 (KHTML, like Gecko; compatible; ClaudeBot/1.0; [email protected])"
216.73.216.88 - - [15/Jul/2025:14:15:15 +0000] "GET /entity/596372610 HTTP/1.1" 404 12733 "-" "Mozilla/5.0 AppleWebKit/537.36 (KHTML, like Gecko; compatible; ClaudeBot/1.0; [email protected])"
185.191.171.5 - - [15/Jul/2025:14:15:16 +0000] "GET /events/2024-11-23/ HTTP/1.1" 200 19474 "-" "Mozilla/5.0 (compatible; SemrushBot/7~bl; +http://www.semrush.com/bot.html)"
216.73.216.88 - - [15/Jul/2025:14:15:18 +0000] "GET /entity/596435648 HTTP/1.1" 404 12737 "-" "Mozilla/5.0 AppleWebKit/537.36 (KHTML, like Gecko; compatible; ClaudeBot/1.0; [email protected])"
216.73.216.88 - - [15/Jul/2025:14:15:21 +0000] "GET /entity/596449077 HTTP/1.1" 404 12738 "-" "Mozilla/5.0 AppleWebKit/537.36 (KHTML, like Gecko; compatible; ClaudeBot/1.0; [email protected])"
209.74.77.214 - - [15/Jul/2025:14:15:24 +0000] "POST /wp-cron.php?doing_wp_cron=1752588924.6351680755615234375000 HTTP/1.1" 200 - "-" "WordPress/6.8.1; https://teamhachem.com"
216.73.216.88 - - [15/Jul/2025:14:15:24 +0000] "GET /entity/596456469 HTTP/1.1" 404 12738 "-" "Mozilla/5.0 AppleWebKit/537.36 (KHTML, like Gecko; compatible; ClaudeBot/1.0; [email protected])"
209.74.77.214 - - [15/Jul/2025:14:15:59 +0000] "POST /wp-cron.php?doing_wp_cron=1752588959.4991009235382080078125 HTTP/1.1" 200 - "-" "WordPress/6.8.1; https://teamhachem.com"
216.73.216.88 - - [15/Jul/2025:14:15:56 +0000] "GET /entity/596362968 HTTP/1.1" 404 12739 "-" "Mozilla/5.0 AppleWebKit/537.36 (KHTML, like Gecko; compatible; ClaudeBot/1.0; [email protected])"
216.73.216.88 - - [15/Jul/2025:14:15:59 +0000] "GET /entity/596451277 HTTP/1.1" 404 12737 "-" "Mozilla/5.0 AppleWebKit/537.36 (KHTML, like Gecko; compatible; ClaudeBot/1.0; [email protected])"
216.73.216.88 - - [15/Jul/2025:14:16:02 +0000] "GET /entity/596346514 HTTP/1.1" 404 12736 "-" "Mozilla/5.0 AppleWebKit/537.36 (KHTML, like Gecko; compatible; ClaudeBot/1.0; [email protected])"
216.73.216.88 - - [15/Jul/2025:14:16:05 +0000] "GET /entity/596536770 HTTP/1.1" 404 12736 "-" "Mozilla/5.0 AppleWebKit/537.36 (KHTML, like Gecko; compatible; ClaudeBot/1.0; [email protected])"
216.73.216.88 - - [15/Jul/2025:14:16:08 +0000] "GET /entity/596451873 HTTP/1.1" 404 12738 "-" "Mozilla/5.0 AppleWebKit/537.36 (KHTML, like Gecko; compatible; ClaudeBot/1.0; [email protected])"
216.73.216.88 - - [15/Jul/2025:14:16:11 +0000] "GET /entity/596429462 HTTP/1.1" 404 12735 "-" "Mozilla/5.0 AppleWebKit/537.36 (KHTML, like Gecko; compatible; ClaudeBot/1.0; [email protected])"
216.73.216.88 - - [15/Jul/2025:14:16:14 +0000] "GET /entity/596479404 HTTP/1.1" 404 12741 "-" "Mozilla/5.0 AppleWebKit/537.36 (KHTML, like Gecko; compatible; ClaudeBot/1.0; [email protected])"
216.73.216.88 - - [15/Jul/2025:14:16:17 +0000] "GET /entity/596430008 HTTP/1.1" 404 12736 "-" "Mozilla/5.0 AppleWebKit/537.36 (KHTML, like Gecko; compatible; ClaudeBot/1.0; [email protected])"
66.249.73.225 - - [15/Jul/2025:14:16:42 +0000] "POST /get-message-notify HTTP/1.1" 200 18727 "https://teamhachem.com/entity/633769939" "Mozilla/5.0 (Linux; Android 6.0.1; Nexus 5X Build/MMB29P) AppleWebKit/537.36 (KHTML, like Gecko) Chrome/137.0.7151.119 Mobile Safari/537.36 (compatible; Googlebot/2.1; +http://www.google.com/bot.html)"
209.74.77.214 - - [15/Jul/2025:14:16:46 +0000] "POST /wp-cron.php?doing_wp_cron=1752589006.4667510986328125000000 HTTP/1.1" 200 - "-" "WordPress/6.8.1; https://teamhachem.com"
216.73.216.88 - - [15/Jul/2025:14:16:46 +0000] "GET /entity/596427148 HTTP/1.1" 404 12732 "-" "Mozilla/5.0 AppleWebKit/537.36 (KHTML, like Gecko; compatible; ClaudeBot/1.0; [email protected])"
216.73.216.88 - - [15/Jul/2025:14:16:49 +0000] "GET /events/list/?eventDisplay=past&ical=1&tribe-bar-date=2028-06-30 HTTP/1.1" 200 1289 "-" "Mozilla/5.0 AppleWebKit/537.36 (KHTML, like Gecko; compatible; ClaudeBot/1.0; [email protected])"
216.73.216.88 - - [15/Jul/2025:14:16:51 +0000] "GET /entity/596364110 HTTP/1.1" 404 12736 "-" "Mozilla/5.0 AppleWebKit/537.36 (KHTML, like Gecko; compatible; ClaudeBot/1.0; [email protected])"
216.73.216.88 - - [15/Jul/2025:14:16:55 +0000] "GET /entity/596435369 HTTP/1.1" 404 12735 "-" "Mozilla/5.0 AppleWebKit/537.36 (KHTML, like Gecko; compatible; ClaudeBot/1.0; [email protected])"
216.73.216.88 - - [15/Jul/2025:14:16:58 +0000] "GET /entity/596345324 HTTP/1.1" 404 12735 "-" "Mozilla/5.0 AppleWebKit/537.36 (KHTML, like Gecko; compatible; ClaudeBot/1.0; [email protected])"
216.73.216.88 - - [15/Jul/2025:14:17:01 +0000] "GET /entity/596499892 HTTP/1.1" 404 12735 "-" "Mozilla/5.0 AppleWebKit/537.36 (KHTML, like Gecko; compatible; ClaudeBot/1.0; [email protected])"
216.73.216.88 - - [15/Jul/2025:14:17:04 +0000] "GET /entity/596489345 HTTP/1.1" 404 12736 "-" "Mozilla/5.0 AppleWebKit/537.36 (KHTML, like Gecko; compatible; ClaudeBot/1.0; [email protected])"
216.73.216.88 - - [15/Jul/2025:14:17:07 +0000] "GET /entity/596329498 HTTP/1.1" 404 12736 "-" "Mozilla/5.0 AppleWebKit/537.36 (KHTML, like Gecko; compatible; ClaudeBot/1.0; [email protected])"
209.74.77.214 - - [15/Jul/2025:14:17:28 +0000] "POST /wp-cron.php?doing_wp_cron=1752589048.8709468841552734375000 HTTP/1.1" 200 - "-" "WordPress/6.8.1; https://teamhachem.com"
216.73.216.88 - - [15/Jul/2025:14:17:28 +0000] "GET /entity/596523144 HTTP/1.1" 404 12734 "-" "Mozilla/5.0 AppleWebKit/537.36 (KHTML, like Gecko; compatible; ClaudeBot/1.0; [email protected])"
209.74.77.214 - - [15/Jul/2025:14:17:32 +0000] "POST /wp-cron.php?doing_wp_cron=1752589052.1848950386047363281250 HTTP/1.1" 200 - "-" "WordPress/6.8.1; https://teamhachem.com"
216.73.216.88 - - [15/Jul/2025:14:17:31 +0000] "GET /entity/596458418 HTTP/1.1" 404 12740 "-" "Mozilla/5.0 AppleWebKit/537.36 (KHTML, like Gecko; compatible; ClaudeBot/1.0; [email protected])"
216.73.216.88 - - [15/Jul/2025:14:17:34 +0000] "GET /entity/596394489 HTTP/1.1" 404 12737 "-" "Mozilla/5.0 AppleWebKit/537.36 (KHTML, like Gecko; compatible; ClaudeBot/1.0; [email protected])"
216.73.216.88 - - [15/Jul/2025:14:17:37 +0000] "GET /entity/596355265 HTTP/1.1" 404 12736 "-" "Mozilla/5.0 AppleWebKit/537.36 (KHTML, like Gecko; compatible; ClaudeBot/1.0; [email protected])"
216.73.216.88 - - [15/Jul/2025:14:17:40 +0000] "GET /entity/596343375 HTTP/1.1" 404 12736 "-" "Mozilla/5.0 AppleWebKit/537.36 (KHTML, like Gecko; compatible; ClaudeBot/1.0; [email protected])"
216.73.216.88 - - [15/Jul/2025:14:17:43 +0000] "GET /entity/596373521 HTTP/1.1" 404 12739 "-" "Mozilla/5.0 AppleWebKit/537.36 (KHTML, like Gecko; compatible; ClaudeBot/1.0; [email protected])"
216.73.216.88 - - [15/Jul/2025:14:17:46 +0000] "GET /entity/596369535 HTTP/1.1" 404 12736 "-" "Mozilla/5.0 AppleWebKit/537.36 (KHTML, like Gecko; compatible; ClaudeBot/1.0; [email protected])"
216.73.216.88 - - [15/Jul/2025:14:17:49 +0000] "GET /entity/596384004 HTTP/1.1" 404 12739 "-" "Mozilla/5.0 AppleWebKit/537.36 (KHTML, like Gecko; compatible; ClaudeBot/1.0; [email protected])"
209.74.77.214 - - [15/Jul/2025:14:18:23 +0000] "POST /wp-cron.php?doing_wp_cron=1752589103.3936460018157958984375 HTTP/1.1" 200 - "-" "WordPress/6.8.1; https://teamhachem.com"
216.73.216.88 - - [15/Jul/2025:14:18:21 +0000] "GET /entity/596328061 HTTP/1.1" 404 12734 "-" "Mozilla/5.0 AppleWebKit/537.36 (KHTML, like Gecko; compatible; ClaudeBot/1.0; [email protected])"
216.73.216.88 - - [15/Jul/2025:14:18:24 +0000] "GET /entity/596469730 HTTP/1.1" 404 12741 "-" "Mozilla/5.0 AppleWebKit/537.36 (KHTML, like Gecko; compatible; ClaudeBot/1.0; [email protected])"
216.73.216.88 - - [15/Jul/2025:14:18:27 +0000] "GET /entity/596385144 HTTP/1.1" 404 12737 "-" "Mozilla/5.0 AppleWebKit/537.36 (KHTML, like Gecko; compatible; ClaudeBot/1.0; [email protected])"
216.73.216.88 - - [15/Jul/2025:14:18:30 +0000] "GET /entity/596333418 HTTP/1.1" 404 12740 "-" "Mozilla/5.0 AppleWebKit/537.36 (KHTML, like Gecko; compatible; ClaudeBot/1.0; [email protected])"
209.74.77.214 - - [15/Jul/2025:14:18:33 +0000] "POST /wp-cron.php?doing_wp_cron=1752589113.5661640167236328125000 HTTP/1.1" 200 - "-" "WordPress/6.8.1; https://teamhachem.com"
216.73.216.88 - - [15/Jul/2025:14:18:33 +0000] "GET /entity/596535961 HTTP/1.1" 404 12735 "-" "Mozilla/5.0 AppleWebKit/537.36 (KHTML, like Gecko; compatible; ClaudeBot/1.0; [email protected])"
216.73.216.88 - - [15/Jul/2025:14:18:36 +0000] "GET /events/list/?eventDisplay=past&ical=1&tribe-bar-date=2028-06-05 HTTP/1.1" 200 1288 "-" "Mozilla/5.0 AppleWebKit/537.36 (KHTML, like Gecko; compatible; ClaudeBot/1.0; [email protected])"
216.73.216.88 - - [15/Jul/2025:14:18:39 +0000] "GET /entity/596329169 HTTP/1.1" 404 12739 "-" "Mozilla/5.0 AppleWebKit/537.36 (KHTML, like Gecko; compatible; ClaudeBot/1.0; [email protected])"
216.73.216.88 - - [15/Jul/2025:14:18:42 +0000] "GET /entity/596376082 HTTP/1.1" 404 12737 "-" "Mozilla/5.0 AppleWebKit/537.36 (KHTML, like Gecko; compatible; ClaudeBot/1.0; [email protected])"
185.191.171.5 - - [15/Jul/2025:14:18:42 +0000] "GET /events/2024-07-01/ HTTP/1.1" 200 18822 "-" "Mozilla/5.0 (compatible; SemrushBot/7~bl; +http://www.semrush.com/bot.html)"
216.73.216.88 - - [15/Jul/2025:14:19:18 +0000] "GET /entity/596469812 HTTP/1.1" 404 12733 "-" "Mozilla/5.0 AppleWebKit/537.36 (KHTML, like Gecko; compatible; ClaudeBot/1.0; [email protected])"
216.73.216.88 - - [15/Jul/2025:14:19:21 +0000] "GET /entity/596360108 HTTP/1.1" 404 12734 "-" "Mozilla/5.0 AppleWebKit/537.36 (KHTML, like Gecko; compatible; ClaudeBot/1.0; [email protected])"
209.74.77.214 - - [15/Jul/2025:14:19:24 +0000] "POST /wp-cron.php?doing_wp_cron=1752589164.8742260932922363281250 HTTP/1.1" 200 - "-" "WordPress/6.8.1; https://teamhachem.com"
216.73.216.88 - - [15/Jul/2025:14:19:24 +0000] "GET /entity/596353312 HTTP/1.1" 404 12733 "-" "Mozilla/5.0 AppleWebKit/537.36 (KHTML, like Gecko; compatible; ClaudeBot/1.0; [email protected])"
216.73.216.88 - - [15/Jul/2025:14:19:27 +0000] "GET /entity/596518596 HTTP/1.1" 404 12737 "-" "Mozilla/5.0 AppleWebKit/537.36 (KHTML, like Gecko; compatible; ClaudeBot/1.0; [email protected])"
216.73.216.88 - - [15/Jul/2025:14:19:30 +0000] "GET /entity/596511204 HTTP/1.1" 404 12736 "-" "Mozilla/5.0 AppleWebKit/537.36 (KHTML, like Gecko; compatible; ClaudeBot/1.0; [email protected])"
209.74.77.214 - - [15/Jul/2025:14:19:33 +0000] "POST /wp-cron.php?doing_wp_cron=1752589173.9230990409851074218750 HTTP/1.1" 200 - "-" "WordPress/6.8.1; https://teamhachem.com"
216.73.216.88 - - [15/Jul/2025:14:19:33 +0000] "GET /entity/596475173 HTTP/1.1" 404 12738 "-" "Mozilla/5.0 AppleWebKit/537.36 (KHTML, like Gecko; compatible; ClaudeBot/1.0; [email protected])"
216.73.216.88 - - [15/Jul/2025:14:19:36 +0000] "GET /entity/596376612 HTTP/1.1" 404 12736 "-" "Mozilla/5.0 AppleWebKit/537.36 (KHTML, like Gecko; compatible; ClaudeBot/1.0; [email protected])"
216.73.216.88 - - [15/Jul/2025:14:19:39 +0000] "GET /entity/596451359 HTTP/1.1" 404 12737 "-" "Mozilla/5.0 AppleWebKit/537.36 (KHTML, like Gecko; compatible; ClaudeBot/1.0; [email protected])"
216.73.216.88 - - [15/Jul/2025:14:19:58 +0000] "GET /entity/596516346 HTTP/1.1" 404 12736 "-" "Mozilla/5.0 AppleWebKit/537.36 (KHTML, like Gecko; compatible; ClaudeBot/1.0; [email protected])"
216.73.216.88 - - [15/Jul/2025:14:20:00 +0000] "GET /entity/596518911 HTTP/1.1" 404 12736 "-" "Mozilla/5.0 AppleWebKit/537.36 (KHTML, like Gecko; compatible; ClaudeBot/1.0; [email protected])"
216.73.216.88 - - [15/Jul/2025:14:20:03 +0000] "GET /entity/596495629 HTTP/1.1" 404 12736 "-" "Mozilla/5.0 AppleWebKit/537.36 (KHTML, like Gecko; compatible; ClaudeBot/1.0; [email protected])"
216.73.216.88 - - [15/Jul/2025:14:20:06 +0000] "GET /entity/596363498 HTTP/1.1" 404 12737 "-" "Mozilla/5.0 AppleWebKit/537.36 (KHTML, like Gecko; compatible; ClaudeBot/1.0; [email protected])"
216.73.216.88 - - [15/Jul/2025:14:20:09 +0000] "GET /entity/596382037 HTTP/1.1" 404 12732 "-" "Mozilla/5.0 AppleWebKit/537.36 (KHTML, like Gecko; compatible; ClaudeBot/1.0; [email protected])"
216.73.216.88 - - [15/Jul/2025:14:20:12 +0000] "GET /entity/596474872 HTTP/1.1" 404 12736 "-" "Mozilla/5.0 AppleWebKit/537.36 (KHTML, like Gecko; compatible; ClaudeBot/1.0; [email protected])"
216.73.216.88 - - [15/Jul/2025:14:20:15 +0000] "GET /entity/596453904 HTTP/1.1" 404 12736 "-" "Mozilla/5.0 AppleWebKit/537.36 (KHTML, like Gecko; compatible; ClaudeBot/1.0; [email protected])"
216.73.216.88 - - [15/Jul/2025:14:20:18 +0000] "GET /entity/596465810 HTTP/1.1" 404 12736 "-" "Mozilla/5.0 AppleWebKit/537.36 (KHTML, like Gecko; compatible; ClaudeBot/1.0; [email protected])"
209.74.77.214 - - [15/Jul/2025:14:20:36 +0000] "POST /wp-cron.php?doing_wp_cron=1752589236.6334140300750732421875 HTTP/1.1" 200 - "-" "WordPress/6.8.1; https://teamhachem.com"
85.208.96.207 - - [15/Jul/2025:14:20:36 +0000] "GET /events/list/?eventDisplay=past&tribe-bar-date=2026-03-01 HTTP/1.1" 200 20256 "-" "Mozilla/5.0 (compatible; SemrushBot/7~bl; +http://www.semrush.com/bot.html)"
216.73.216.88 - - [15/Jul/2025:14:20:51 +0000] "GET /entity/596355594 HTTP/1.1" 404 12736 "-" "Mozilla/5.0 AppleWebKit/537.36 (KHTML, like Gecko; compatible; ClaudeBot/1.0; [email protected])"
216.73.216.88 - - [15/Jul/2025:14:20:53 +0000] "GET /entity/596421197 HTTP/1.1" 404 12739 "-" "Mozilla/5.0 AppleWebKit/537.36 (KHTML, like Gecko; compatible; ClaudeBot/1.0; [email protected])"
216.73.216.88 - - [15/Jul/2025:14:20:56 +0000] "GET /entity/596530819 HTTP/1.1" 404 12733 "-" "Mozilla/5.0 AppleWebKit/537.36 (KHTML, like Gecko; compatible; ClaudeBot/1.0; [email protected])"
216.73.216.88 - - [15/Jul/2025:14:20:59 +0000] "GET /entity/596418086 HTTP/1.1" 404 12733 "-" "Mozilla/5.0 AppleWebKit/537.36 (KHTML, like Gecko; compatible; ClaudeBot/1.0; [email protected])"
216.73.216.88 - - [15/Jul/2025:14:21:02 +0000] "GET /entity/596500968 HTTP/1.1" 404 12736 "-" "Mozilla/5.0 AppleWebKit/537.36 (KHTML, like Gecko; compatible; ClaudeBot/1.0; [email protected])"
216.73.216.88 - - [15/Jul/2025:14:21:05 +0000] "GET /entity/596514082 HTTP/1.1" 404 12738 "-" "Mozilla/5.0 AppleWebKit/537.36 (KHTML, like Gecko; compatible; ClaudeBot/1.0; [email protected])"
216.73.216.88 - - [15/Jul/2025:14:21:08 +0000] "GET /entity/596379723 HTTP/1.1" 404 12740 "-" "Mozilla/5.0 AppleWebKit/537.36 (KHTML, like Gecko; compatible; ClaudeBot/1.0; [email protected])"
216.73.216.88 - - [15/Jul/2025:14:21:11 +0000] "GET /entity/596475484 HTTP/1.1" 404 12738 "-" "Mozilla/5.0 AppleWebKit/537.36 (KHTML, like Gecko; compatible; ClaudeBot/1.0; [email protected])"
209.74.77.214 - - [15/Jul/2025:14:21:31 +0000] "POST /wp-cron.php?doing_wp_cron=1752589291.9317541122436523437500 HTTP/1.1" 200 - "-" "WordPress/6.8.1; https://teamhachem.com"
216.73.216.88 - - [15/Jul/2025:14:21:31 +0000] "GET /entity/596350237 HTTP/1.1" 404 12736 "-" "Mozilla/5.0 AppleWebKit/537.36 (KHTML, like Gecko; compatible; ClaudeBot/1.0; [email protected])"
216.73.216.88 - - [15/Jul/2025:14:21:34 +0000] "GET /entity/596490268 HTTP/1.1" 404 12736 "-" "Mozilla/5.0 AppleWebKit/537.36 (KHTML, like Gecko; compatible; ClaudeBot/1.0; [email protected])"
216.73.216.88 - - [15/Jul/2025:14:21:37 +0000] "GET /entity/596374645 HTTP/1.1" 404 12734 "-" "Mozilla/5.0 AppleWebKit/537.36 (KHTML, like Gecko; compatible; ClaudeBot/1.0; [email protected])"
216.73.216.88 - - [15/Jul/2025:14:21:40 +0000] "GET /entity/596467498 HTTP/1.1" 404 12733 "-" "Mozilla/5.0 AppleWebKit/537.36 (KHTML, like Gecko; compatible; ClaudeBot/1.0; [email protected])"
216.73.216.88 - - [15/Jul/2025:14:21:43 +0000] "GET /entity/596521707 HTTP/1.1" 404 12739 "-" "Mozilla/5.0 AppleWebKit/537.36 (KHTML, like Gecko; compatible; ClaudeBot/1.0; [email protected])"
216.73.216.88 - - [15/Jul/2025:14:21:46 +0000] "GET /entity/596535132 HTTP/1.1" 404 12737 "-" "Mozilla/5.0 AppleWebKit/537.36 (KHTML, like Gecko; compatible; ClaudeBot/1.0; [email protected])"
216.73.216.88 - - [15/Jul/2025:14:21:49 +0000] "GET /entity/596413275 HTTP/1.1" 404 12737 "-" "Mozilla/5.0 AppleWebKit/537.36 (KHTML, like Gecko; compatible; ClaudeBot/1.0; [email protected])"
207.46.13.18 - - [15/Jul/2025:14:21:51 +0000] "GET /entity/615287310 HTTP/1.1" 200 21213 "-" "Mozilla/5.0 AppleWebKit/537.36 (KHTML, like Gecko; compatible; bingbot/2.0; +http://www.bing.com/bingbot.htm) Chrome/116.0.1938.76 Safari/537.36"
216.73.216.88 - - [15/Jul/2025:14:21:52 +0000] "GET /entity/596365533 HTTP/1.1" 404 12736 "-" "Mozilla/5.0 AppleWebKit/537.36 (KHTML, like Gecko; compatible; ClaudeBot/1.0; [email protected])"
209.74.77.214 - - [15/Jul/2025:14:22:28 +0000] "POST /wp-cron.php?doing_wp_cron=1752589348.7718570232391357421875 HTTP/1.1" 200 - "-" "WordPress/6.8.1; https://teamhachem.com"
