66.249.73.132 - - [16/Jul/2025:01:46:57 +0000] "GET /shopdetail/1125296.shtml HTTP/1.1" 200 19253 "-" "Mozilla/5.0 (Linux; Android 6.0.1; Nexus 5X Build/MMB29P) AppleWebKit/537.36 (KHTML, like Gecko) Chrome/137.0.7151.103 Mobile Safari/537.36 (compatible; Googlebot/2.1; +http://www.google.com/bot.html)"
66.249.73.132 - - [16/Jul/2025:01:46:58 +0000] "GET /shopdetail/1616502.shtml HTTP/1.1" 200 18651 "-" "Mozilla/5.0 (Linux; Android 6.0.1; Nexus 5X Build/MMB29P) AppleWebKit/537.36 (KHTML, like Gecko) Chrome/137.0.7151.103 Mobile Safari/537.36 (compatible; Googlebot/2.1; +http://www.google.com/bot.html)"
66.249.73.128 - - [16/Jul/2025:01:47:03 +0000] "GET /shopdetail/1574392.shtml HTTP/1.1" 200 18687 "-" "Mozilla/5.0 (Linux; Android 6.0.1; Nexus 5X Build/MMB29P) AppleWebKit/537.36 (KHTML, like Gecko) Chrome/137.0.7151.103 Mobile Safari/537.36 (compatible; Googlebot/2.1; +http://www.google.com/bot.html)"
66.249.73.128 - - [16/Jul/2025:01:47:04 +0000] "GET /shopdetail/1347638.shtml HTTP/1.1" 200 18379 "-" "Mozilla/5.0 (Linux; Android 6.0.1; Nexus 5X Build/MMB29P) AppleWebKit/537.36 (KHTML, like Gecko) Chrome/137.0.7151.103 Mobile Safari/537.36 (compatible; Googlebot/2.1; +http://www.google.com/bot.html)"
66.249.73.131 - - [16/Jul/2025:01:47:05 +0000] "POST /get-message-notify HTTP/1.1" 200 18672 "https://cartel.express/shopdetail/1574392.shtml" "Mozilla/5.0 (Linux; Android 6.0.1; Nexus 5X Build/MMB29P) AppleWebKit/537.36 (KHTML, like Gecko) Chrome/137.0.7151.119 Mobile Safari/537.36 (compatible; Googlebot/2.1; +http://www.google.com/bot.html)"
66.249.73.132 - - [16/Jul/2025:01:47:07 +0000] "POST /get-message-notify HTTP/1.1" 200 18672 "https://cartel.express/shopdetail/1250688.shtml" "Mozilla/5.0 (Linux; Android 6.0.1; Nexus 5X Build/MMB29P) AppleWebKit/537.36 (KHTML, like Gecko) Chrome/137.0.7151.119 Mobile Safari/537.36 (compatible; Googlebot/2.1; +http://www.google.com/bot.html)"
66.249.73.131 - - [16/Jul/2025:01:47:12 +0000] "GET /shopdetail/1182444.shtml HTTP/1.1" 200 18491 "-" "Mozilla/5.0 (Linux; Android 6.0.1; Nexus 5X Build/MMB29P) AppleWebKit/537.36 (KHTML, like Gecko) Chrome/137.0.7151.103 Mobile Safari/537.36 (compatible; Googlebot/2.1; +http://www.google.com/bot.html)"
66.249.73.131 - - [16/Jul/2025:01:47:14 +0000] "GET /shopdetail/1333974.shtml HTTP/1.1" 200 19821 "-" "Mozilla/5.0 (Linux; Android 6.0.1; Nexus 5X Build/MMB29P) AppleWebKit/537.36 (KHTML, like Gecko) Chrome/137.0.7151.103 Mobile Safari/537.36 (compatible; Googlebot/2.1; +http://www.google.com/bot.html)"
66.249.73.131 - - [16/Jul/2025:01:47:18 +0000] "GET /shopdetail/1210958.shtml HTTP/1.1" 200 19968 "-" "Mozilla/5.0 (Linux; Android 6.0.1; Nexus 5X Build/MMB29P) AppleWebKit/537.36 (KHTML, like Gecko) Chrome/137.0.7151.103 Mobile Safari/537.36 (compatible; Googlebot/2.1; +http://www.google.com/bot.html)"
66.249.73.131 - - [16/Jul/2025:01:47:19 +0000] "GET /shopdetail/1151694.shtml HTTP/1.1" 200 18239 "-" "Mozilla/5.0 (Linux; Android 6.0.1; Nexus 5X Build/MMB29P) AppleWebKit/537.36 (KHTML, like Gecko) Chrome/137.0.7151.103 Mobile Safari/537.36 (compatible; Googlebot/2.1; +http://www.google.com/bot.html)"
66.249.73.131 - - [16/Jul/2025:01:47:20 +0000] "POST /get-message-notify HTTP/1.1" 200 18672 "https://cartel.express/shopdetail/1125296.shtml" "Mozilla/5.0 (Linux; Android 6.0.1; Nexus 5X Build/MMB29P) AppleWebKit/537.36 (KHTML, like Gecko) Chrome/137.0.7151.119 Mobile Safari/537.36 (compatible; Googlebot/2.1; +http://www.google.com/bot.html)"
66.249.73.131 - - [16/Jul/2025:01:47:24 +0000] "GET /shopdetail/1225672.shtml HTTP/1.1" 200 19107 "-" "Mozilla/5.0 (Linux; Android 6.0.1; Nexus 5X Build/MMB29P) AppleWebKit/537.36 (KHTML, like Gecko) Chrome/137.0.7151.103 Mobile Safari/537.36 (compatible; Googlebot/2.1; +http://www.google.com/bot.html)"
66.249.73.132 - - [16/Jul/2025:01:48:02 +0000] "POST /get-message-notify HTTP/1.1" 200 18672 "https://cartel.express/shopdetail/1151694.shtml" "Mozilla/5.0 (Linux; Android 6.0.1; Nexus 5X Build/MMB29P) AppleWebKit/537.36 (KHTML, like Gecko) Chrome/137.0.7151.119 Mobile Safari/537.36 (compatible; Googlebot/2.1; +http://www.google.com/bot.html)"
66.249.73.128 - - [16/Jul/2025:01:49:02 +0000] "POST /get-message-notify HTTP/1.1" 200 18672 "https://cartel.express/shopdetail/1225672.shtml" "Mozilla/5.0 (Linux; Android 6.0.1; Nexus 5X Build/MMB29P) AppleWebKit/537.36 (KHTML, like Gecko) Chrome/137.0.7151.119 Mobile Safari/537.36 (compatible; Googlebot/2.1; +http://www.google.com/bot.html)"
209.74.77.214 - - [16/Jul/2025:01:53:02 +0000] "POST /wp-cron.php?doing_wp_cron=1752630782.3066260814666748046875 HTTP/1.1" 200 - "-" "WordPress/6.8.1; https://cartel.express"
181.51.33.58 - - [16/Jul/2025:01:52:59 +0000] "GET /wp-json/wp/v2/users HTTP/1.1" 200 1539 "-" "Mozilla/4.0 (compatible; Win32; WinHttp.WinHttpRequest.5)"
209.74.77.214 - - [16/Jul/2025:01:54:56 +0000] "POST /wp-cron.php?doing_wp_cron=1752630896.2689490318298339843750 HTTP/1.1" 200 - "-" "WordPress/6.8.1; https://cartel.express"
181.51.33.58 - - [16/Jul/2025:01:54:54 +0000] "POST /xmlrpc.php HTTP/1.1" 200 403 "-" "Mozilla/5.0 (Windows NT 10.0; arm64) AppleWebKit/537.36 (KHTML, like Gecko) Chrome/110.0.0.0 Safari/537.36"
209.74.77.214 - - [16/Jul/2025:01:56:36 +0000] "POST /wp-cron.php?doing_wp_cron=1752630996.1484210491180419921875 HTTP/1.1" 200 - "-" "WordPress/6.8.1; https://cartel.express"
181.51.33.58 - - [16/Jul/2025:01:56:33 +0000] "POST /xmlrpc.php HTTP/1.1" 200 403 "-" "Mozilla/5.0 (Macintosh; Intel Mac OS X 10_15_7; arm64) AppleWebKit/537.36 (KHTML, like Gecko) Chrome/114.0.0.0 Safari/537.36"
209.74.77.214 - - [16/Jul/2025:01:58:36 +0000] "POST /wp-cron.php?doing_wp_cron=1752631116.5475690364837646484375 HTTP/1.1" 200 - "-" "WordPress/6.8.1; https://cartel.express"
181.51.33.58 - - [16/Jul/2025:01:58:34 +0000] "POST /xmlrpc.php HTTP/1.1" 200 403 "-" "Mozilla/5.0 (Windows NT 6.3; x86) AppleWebKit/537.36 (KHTML, like Gecko) Edge/92.0.0.0 Safari/537.36"
209.74.77.214 - - [16/Jul/2025:01:59:18 +0000] "POST /wp-cron.php?doing_wp_cron=1752631158.2332100868225097656250 HTTP/1.1" 200 - "-" "WordPress/6.8.1; https://cartel.express"
51.222.253.15 - - [16/Jul/2025:01:59:16 +0000] "GET /portfolio_group/polishing/ HTTP/1.1" 200 35217 "-" "Mozilla/5.0 (compatible; AhrefsBot/7.0; +http://ahrefs.com/robot/)"
51.222.253.19 - - [16/Jul/2025:01:59:29 +0000] "GET /wp-content/uploads/2024/08/Untitlessd-design-1.png HTTP/1.1" 200 6143 "-" "Mozilla/5.0 (compatible; AhrefsBot/7.0; +http://ahrefs.com/robot/)"
209.74.77.214 - - [16/Jul/2025:02:00:17 +0000] "POST /wp-cron.php?doing_wp_cron=1752631216.9808731079101562500000 HTTP/1.1" 200 - "-" "WordPress/6.8.1; https://cartel.express"
181.51.33.58 - - [16/Jul/2025:02:00:14 +0000] "POST /xmlrpc.php HTTP/1.1" 200 403 "-" "Mozilla/5.0 (Windows NT 6.3; arm64) AppleWebKit/537.36 (KHTML, like Gecko) Opera/74.0.0.0 Safari/537.36"
209.74.77.214 - - [16/Jul/2025:02:01:56 +0000] "POST /wp-cron.php?doing_wp_cron=1752631316.5413200855255126953125 HTTP/1.1" 200 - "-" "WordPress/6.8.1; https://cartel.express"
181.51.33.58 - - [16/Jul/2025:02:01:54 +0000] "POST /xmlrpc.php HTTP/1.1" 200 403 "-" "Mozilla/5.0 (Windows NT 6.2; x64) AppleWebKit/537.36 (KHTML, like Gecko) Chrome/102.0.0.0 Safari/537.36"
209.74.77.214 - - [16/Jul/2025:02:03:36 +0000] "POST /wp-cron.php?doing_wp_cron=1752631416.6763811111450195312500 HTTP/1.1" 200 - "-" "WordPress/6.8.1; https://cartel.express"
181.51.33.58 - - [16/Jul/2025:02:03:34 +0000] "POST /xmlrpc.php HTTP/1.1" 200 403 "-" "Mozilla/5.0 (Linux; Android 10; arm64) AppleWebKit/537.36 (KHTML, like Gecko) Edge/99.0.0.0 Safari/537.36"
209.74.77.214 - - [16/Jul/2025:02:05:39 +0000] "POST /wp-cron.php?doing_wp_cron=1752631539.4564650058746337890625 HTTP/1.1" 200 - "-" "WordPress/6.8.1; https://cartel.express"
181.51.33.58 - - [16/Jul/2025:02:05:37 +0000] "POST /xmlrpc.php HTTP/1.1" 200 403 "-" "Mozilla/5.0 (Macintosh; Intel Mac OS X 10_15_7; arm64) AppleWebKit/537.36 (KHTML, like Gecko) Firefox/78.0.0.0 Safari/537.36"
209.74.77.214 - - [16/Jul/2025:02:07:51 +0000] "POST /wp-cron.php?doing_wp_cron=1752631671.5818929672241210937500 HTTP/1.1" 200 - "-" "WordPress/6.8.1; https://cartel.express"
181.51.33.58 - - [16/Jul/2025:02:07:49 +0000] "POST /xmlrpc.php HTTP/1.1" 200 403 "-" "Mozilla/5.0 (Windows NT 10.0; arm64) AppleWebKit/537.36 (KHTML, like Gecko) Edge/90.0.0.0 Safari/537.36"
209.74.77.214 - - [16/Jul/2025:02:28:55 +0000] "POST /wp-cron.php?doing_wp_cron=1752632935.9310429096221923828125 HTTP/1.1" 200 - "-" "WordPress/6.8.1; https://cartel.express"
95.183.236.2 - - [16/Jul/2025:02:28:53 +0000] "POST /xmlrpc.php HTTP/1.1" 200 403 "-" "Mozilla/5.0 (Windows NT 10.0; Win64; x64; rv:85.0) Gecko/20100101 Firefox/85.0"
66.249.73.128 - - [16/Jul/2025:02:28:59 +0000] "GET /shopdetail/1194794.shtml HTTP/1.1" 200 19675 "-" "Mozilla/5.0 (Linux; Android 6.0.1; Nexus 5X Build/MMB29P) AppleWebKit/537.36 (KHTML, like Gecko) Chrome/137.0.7151.103 Mobile Safari/537.36 (compatible; Googlebot/2.1; +http://www.google.com/bot.html)"
209.74.77.214 - - [16/Jul/2025:02:28:59 +0000] "POST /wp-cron.php?doing_wp_cron=1752632939.2737159729003906250000 HTTP/1.1" 200 - "-" "WordPress/6.8.1; https://cartel.express"
95.183.236.2 - - [16/Jul/2025:02:28:59 +0000] "POST /xmlrpc.php HTTP/1.1" 200 403 "-" "Mozilla/5.0 (Windows; U; Windows NT 5.1; en-US; rv:1.7.10) Gecko/20050716 Firefox/1.0.6"
192.185.176.205 - - [16/Jul/2025:02:28:59 +0000] "POST /xmlrpc.php HTTP/1.1" 200 403 "-" "Mozilla/5.0 (Windows NT 10.0; WOW64) AppleWebKit/537.36 (KHTML, like Gecko) Chrome/91.0.4472.114 Safari/537.36"
66.249.73.131 - - [16/Jul/2025:02:56:36 +0000] "GET /portfolio/partial-painting/ HTTP/1.1" 200 18717 "-" "Mozilla/5.0 (Linux; Android 6.0.1; Nexus 5X Build/MMB29P) AppleWebKit/537.36 (KHTML, like Gecko) Chrome/137.0.7151.103 Mobile Safari/537.36 (compatible; Googlebot/2.1; +http://www.google.com/bot.html)"
66.249.73.131 - - [16/Jul/2025:02:56:43 +0000] "POST /get-message-notify HTTP/1.1" 200 18672 "https://cartel.express/portfolio/partial-painting/" "Mozilla/5.0 (Linux; Android 6.0.1; Nexus 5X Build/MMB29P) AppleWebKit/537.36 (KHTML, like Gecko) Chrome/137.0.7151.119 Mobile Safari/537.36 (compatible; Googlebot/2.1; +http://www.google.com/bot.html)"
66.249.73.131 - - [16/Jul/2025:02:57:17 +0000] "GET /portfolio/custom-wheels/ HTTP/1.1" 200 18030 "-" "Mozilla/5.0 (Linux; Android 6.0.1; Nexus 5X Build/MMB29P) AppleWebKit/537.36 (KHTML, like Gecko) Chrome/137.0.7151.103 Mobile Safari/537.36 (compatible; Googlebot/2.1; +http://www.google.com/bot.html)"
66.249.73.128 - - [16/Jul/2025:02:58:32 +0000] "GET /portfolio/custom-paint/ HTTP/1.1" 200 17963 "-" "Mozilla/5.0 (Linux; Android 6.0.1; Nexus 5X Build/MMB29P) AppleWebKit/537.36 (KHTML, like Gecko) Chrome/137.0.7151.103 Mobile Safari/537.36 (compatible; Googlebot/2.1; +http://www.google.com/bot.html)"
66.249.73.131 - - [16/Jul/2025:02:58:35 +0000] "GET /portfolio/lamination/ HTTP/1.1" 200 18613 "-" "Mozilla/5.0 (Linux; Android 6.0.1; Nexus 5X Build/MMB29P) AppleWebKit/537.36 (KHTML, like Gecko) Chrome/137.0.7151.103 Mobile Safari/537.36 (compatible; Googlebot/2.1; +http://www.google.com/bot.html)"
66.249.73.132 - - [16/Jul/2025:02:58:39 +0000] "POST /get-message-notify HTTP/1.1" 200 18672 "https://cartel.express/portfolio/lamination/" "Mozilla/5.0 (Linux; Android 6.0.1; Nexus 5X Build/MMB29P) AppleWebKit/537.36 (KHTML, like Gecko) Chrome/137.0.7151.119 Mobile Safari/537.36 (compatible; Googlebot/2.1; +http://www.google.com/bot.html)"
66.249.73.131 - - [16/Jul/2025:02:58:57 +0000] "GET /portfolio/custom-headlights/ HTTP/1.1" 200 19520 "-" "Mozilla/5.0 (Linux; Android 6.0.1; Nexus 5X Build/MMB29P) AppleWebKit/537.36 (KHTML, like Gecko) Chrome/137.0.7151.103 Mobile Safari/537.36 (compatible; Googlebot/2.1; +http://www.google.com/bot.html)"
66.249.73.131 - - [16/Jul/2025:02:59:00 +0000] "GET /portfolio/exhaust-system/ HTTP/1.1" 200 18736 "-" "Mozilla/5.0 (Linux; Android 6.0.1; Nexus 5X Build/MMB29P) AppleWebKit/537.36 (KHTML, like Gecko) Chrome/137.0.7151.103 Mobile Safari/537.36 (compatible; Googlebot/2.1; +http://www.google.com/bot.html)"
66.249.73.131 - - [16/Jul/2025:02:59:21 +0000] "GET /portfolio/motion-graphics/ HTTP/1.1" 200 18332 "-" "Mozilla/5.0 (Linux; Android 6.0.1; Nexus 5X Build/MMB29P) AppleWebKit/537.36 (KHTML, like Gecko) Chrome/137.0.7151.103 Mobile Safari/537.36 (compatible; Googlebot/2.1; +http://www.google.com/bot.html)"
66.249.73.131 - - [16/Jul/2025:02:59:26 +0000] "GET /portfolio/car-commercial/ HTTP/1.1" 200 18465 "-" "Mozilla/5.0 (Linux; Android 6.0.1; Nexus 5X Build/MMB29P) AppleWebKit/537.36 (KHTML, like Gecko) Chrome/137.0.7151.103 Mobile Safari/537.36 (compatible; Googlebot/2.1; +http://www.google.com/bot.html)"
66.249.73.132 - - [16/Jul/2025:03:00:26 +0000] "POST /get-message-notify HTTP/1.1" 200 18672 "https://cartel.express/portfolio/motion-graphics/" "Mozilla/5.0 (Linux; Android 6.0.1; Nexus 5X Build/MMB29P) AppleWebKit/537.36 (KHTML, like Gecko) Chrome/137.0.7151.119 Mobile Safari/537.36 (compatible; Googlebot/2.1; +http://www.google.com/bot.html)"
209.74.77.214 - - [16/Jul/2025:03:17:31 +0000] "POST /wp-cron.php?doing_wp_cron=1752635851.2198760509490966796875 HTTP/1.1" 200 - "-" "WordPress/6.8.1; https://cartel.express"
51.222.253.9 - - [16/Jul/2025:03:17:28 +0000] "GET /cars_features/power-windows/ HTTP/1.1" 200 35950 "-" "Mozilla/5.0 (compatible; AhrefsBot/7.0; +http://ahrefs.com/robot/)"
66.249.73.132 - - [16/Jul/2025:03:21:15 +0000] "GET /portfolio/lambo-door-system/ HTTP/1.1" 200 21307 "-" "Mozilla/5.0 (Linux; Android 6.0.1; Nexus 5X Build/MMB29P) AppleWebKit/537.36 (KHTML, like Gecko) Chrome/137.0.7151.103 Mobile Safari/537.36 (compatible; Googlebot/2.1; +http://www.google.com/bot.html)"
209.74.77.214 - - [16/Jul/2025:03:29:08 +0000] "POST /wp-cron.php?doing_wp_cron=1752636548.6122889518737792968750 HTTP/1.1" 200 - "-" "WordPress/6.8.1; https://cartel.express"
195.182.25.114 - - [16/Jul/2025:03:29:05 +0000] "GET /.git/config HTTP/1.1" 404 24671 "-" "Mozilla/5.0 (Macintosh; Intel Mac OS X 17_4_1) AppleWebKit/605.1.15 (KHTML, like Gecko) Version/17.0 Safari/605.1.15"
167.172.253.122 - - [16/Jul/2025:03:37:59 +0000] "GET / HTTP/1.1" 401 53 "-" "Mozilla/5.0 (X11; Linux x86_64; rv:137.0) Gecko/20100101 Firefox/137.0"
167.172.253.122 - - [16/Jul/2025:03:38:00 +0000] "GET /favicon.ico HTTP/1.1" 401 53 "https://cpcalendars.cartel.express/" "Mozilla/5.0 (X11; Linux x86_64; rv:137.0) Gecko/20100101 Firefox/137.0"
185.191.171.7 - - [16/Jul/2025:03:41:08 +0000] "GET /robots.txt HTTP/1.1" 200 94 "-" "Mozilla/5.0 (compatible; SemrushBot/7~bl; +http://www.semrush.com/bot.html)"
209.74.77.214 - - [16/Jul/2025:03:41:11 +0000] "POST /wp-cron.php?doing_wp_cron=1752637271.1623129844665527343750 HTTP/1.1" 200 - "-" "WordPress/6.8.1; https://cartel.express"
185.191.171.18 - - [16/Jul/2025:03:41:08 +0000] "GET /premium-quality-brake-parts-and-installation-service/ HTTP/1.1" 200 28722 "-" "Mozilla/5.0 (compatible; SemrushBot/7~bl; +http://www.semrush.com/bot.html)"
182.44.67.97 - - [16/Jul/2025:03:48:41 +0000] "GET / HTTP/1.1" 200 40611 "http://cartel.express" "Mozilla/5.0 (iPhone; CPU iPhone OS 13_2_3 like Mac OS X) AppleWebKit/605.1.15 (KHTML, like Gecko) Version/13.0.3 Mobile/15E148 Safari/604.1"
101.32.52.164 - - [16/Jul/2025:03:54:05 +0000] "GET / HTTP/1.1" 200 40612 "http://cartel.express" "Mozilla/5.0 (iPhone; CPU iPhone OS 13_2_3 like Mac OS X) AppleWebKit/605.1.15 (KHTML, like Gecko) Version/13.0.3 Mobile/15E148 Safari/604.1"
45.227.253.15 - - [16/Jul/2025:03:55:09 +0000] "GET /index.php/jk HTTP/1.1" 200 59 "-" "Mozilla/5.0 (Windows NT 10.0; Win64; x64) AppleWebKit/537.36 (KHTML, like Gecko) Chrome/77.0.3760. Safari/537.36 Edg/77.0.141.7"
209.74.77.214 - - [16/Jul/2025:03:58:37 +0000] "POST /wp-cron.php?doing_wp_cron=1752638317.6737370491027832031250 HTTP/1.1" 200 - "-" "WordPress/6.8.1; https://cartel.express"
209.74.77.214 - - [16/Jul/2025:03:58:31 +0000] "GET / HTTP/1.1" 200 269812 "-" "Mozilla/5.0 (Windows NT 10.0; Win64; x64; rv:122.0) Gecko/20100101 Firefox/122.0"
209.74.77.214 - - [16/Jul/2025:04:02:14 +0000] "POST /wp-cron.php?doing_wp_cron=1752638534.5252110958099365234375 HTTP/1.1" 200 - "-" "WordPress/6.8.1; https://cartel.express"
209.74.77.214 - - [16/Jul/2025:04:02:12 +0000] "POST /wp-admin/admin-ajax.php?action=wp_1_wc_privacy_cleanup&nonce=74432f7e1f HTTP/1.1" 200 - "-" "WordPress/6.8.1; https://cartel.express"
66.249.73.128 - - [16/Jul/2025:04:14:18 +0000] "GET /feed/ HTTP/1.1" 200 19013 "-" "Mozilla/5.0 (Linux; Android 6.0.1; Nexus 5X Build/MMB29P) AppleWebKit/537.36 (KHTML, like Gecko) Chrome/137.0.7151.119 Mobile Safari/537.36 (compatible; Googlebot/2.1; +http://www.google.com/bot.html)"
209.74.77.214 - - [16/Jul/2025:04:41:04 +0000] "POST /wp-cron.php?doing_wp_cron=1752640864.4691660404205322265625 HTTP/1.1" 200 - "-" "WordPress/6.8.1; https://cartel.express"
137.184.193.136 - - [16/Jul/2025:04:41:02 +0000] "POST /xmlrpc.php HTTP/1.1" 200 403 "-" "Mozilla/5.0 (Windows NT 10.0; Win64; x64; rv:57.0) Gecko/20100101 Firefox/57.0"
209.74.77.214 - - [16/Jul/2025:04:41:04 +0000] "POST /wp-cron.php?doing_wp_cron=1752640864.4688839912414550781250 HTTP/1.1" 200 - "-" "WordPress/6.8.1; https://cartel.express"
103.74.118.184 - - [16/Jul/2025:04:41:02 +0000] "POST /xmlrpc.php HTTP/1.1" 200 403 "-" "Mozilla/5.0 (iPhone; CPU iPhone OS 14_6 like Mac OS X) AppleWebKit/605.1.15 (KHTML, like Gecko) CriOS/91.0.4472.80 Mobile/15E148 Safari/604.1"
207.244.250.198 - - [16/Jul/2025:04:41:12 +0000] "POST /xmlrpc.php HTTP/1.1" 200 403 "-" "Mozilla/5.0 (Windows NT 10.0; Win64; x64; rv:78.0) Gecko/20100101 Firefox/78.0"
209.74.77.214 - - [16/Jul/2025:04:41:16 +0000] "POST /wp-cron.php?doing_wp_cron=1752640876.4693069458007812500000 HTTP/1.1" 200 - "-" "WordPress/6.8.1; https://cartel.express"
3.109.172.160 - - [16/Jul/2025:04:41:16 +0000] "POST /xmlrpc.php HTTP/1.1" 200 403 "-" "Mozilla/5.0 (Windows NT 10.0; Win64; x64) AppleWebKit/537.36 (KHTML, like Gecko) Chrome/61.0.3163.100 Safari/537.36"
95.217.165.68 - - [16/Jul/2025:04:41:20 +0000] "POST /xmlrpc.php HTTP/1.1" 200 403 "-" "Mozilla/5.0 (Windows NT 10.0; Win64; x64) AppleWebKit/537.36 (KHTML, like Gecko) Chrome/90.0.4430.93 Safari/537.36"
140.83.54.142 - - [16/Jul/2025:04:41:28 +0000] "POST /xmlrpc.php HTTP/1.1" 200 403 "-" "Mozilla/5.0 (Windows NT 10.0; Win64; x64) AppleWebKit/537.36 (KHTML, like Gecko) Chrome/79.0.3945.130 Safari/537.36"
154.82.44.162 - - [16/Jul/2025:04:41:32 +0000] "POST /xmlrpc.php HTTP/1.1" 200 403 "-" "Mozilla/5.0 (Windows NT 10.0; Win64; x64) AppleWebKit/537.36 (KHTML, like Gecko) Chrome/64.0.3282.186 Safari/537.36"
209.74.77.214 - - [16/Jul/2025:04:45:30 +0000] "POST /wp-cron.php?doing_wp_cron=1752641130.6814620494842529296875 HTTP/1.1" 200 - "-" "WordPress/6.8.1; https://cartel.express"
51.222.253.6 - - [16/Jul/2025:04:45:28 +0000] "GET /product-tag/oil/ HTTP/1.1" 200 38776 "-" "Mozilla/5.0 (compatible; AhrefsBot/7.0; +http://ahrefs.com/robot/)"
43.159.152.4 - - [16/Jul/2025:04:57:35 +0000] "GET / HTTP/1.1" 200 40612 "http://www.cartel.express" "Mozilla/5.0 (iPhone; CPU iPhone OS 13_2_3 like Mac OS X) AppleWebKit/605.1.15 (KHTML, like Gecko) Version/13.0.3 Mobile/15E148 Safari/604.1"
209.74.77.214 - - [16/Jul/2025:05:05:35 +0000] "POST /wp-cron.php?doing_wp_cron=1752642335.7983829975128173828125 HTTP/1.1" 200 - "-" "WordPress/6.8.1; https://cartel.express"
195.182.25.114 - - [16/Jul/2025:05:05:32 +0000] "GET /.git/config HTTP/1.1" 404 24672 "-" "Mozilla/5.0 (Macintosh; Intel Mac OS X 10_15_7) AppleWebKit/605.1.15 (KHTML, like Gecko) Version/17.4.1 Safari/605.6.23"
209.74.77.214 - - [16/Jul/2025:05:12:55 +0000] "POST /wp-cron.php?doing_wp_cron=1752642775.6916370391845703125000 HTTP/1.1" 200 - "-" "WordPress/6.8.1; https://cartel.express"
195.200.26.27 - - [16/Jul/2025:05:12:53 +0000] "GET / HTTP/1.1" 301 - "-" "Mozilla/5.0 (Macintosh; Intel Mac OS X 10_15_7) AppleWebKit/537.36 (KHTML, like Gecko) Chrome/133.0.0.0 Safari/537.36"
195.200.26.27 - - [16/Jul/2025:05:12:56 +0000] "GET / HTTP/1.1" 200 40521 "https://CARTEL.EXPRESS" "Mozilla/5.0 (Macintosh; Intel Mac OS X 10_15_7) AppleWebKit/537.36 (KHTML, like Gecko) Chrome/133.0.0.0 Safari/537.36"
209.74.77.214 - - [16/Jul/2025:05:13:01 +0000] "POST /wp-cron.php?doing_wp_cron=1752642781.6916720867156982421875 HTTP/1.1" 200 - "-" "WordPress/6.8.1; https://cartel.express"
103.109.95.107 - - [16/Jul/2025:05:13:01 +0000] "POST / HTTP/1.1" 200 40635 "-" "Mozilla/5.0 (Macintosh; Intel Mac OS X 10_15_7) AppleWebKit/537.36 (KHTML, like Gecko) Chrome/133.0.0.0 Safari/537.36"
103.109.95.107 - - [16/Jul/2025:05:13:04 +0000] "POST / HTTP/1.1" 200 40472 "-" "Mozilla/5.0 (Windows NT 10.0; Win64; x64) AppleWebKit/537.36 (KHTML, like Gecko) Chrome/120.0.0.0 Safari/537.36"
103.109.95.107 - - [16/Jul/2025:05:13:08 +0000] "POST / HTTP/1.1" 200 40698 "-" "Mozilla/5.0 (Macintosh; Intel Mac OS X 10_15_7) AppleWebKit/537.36 (KHTML, like Gecko) Chrome/133.0.0.0 Safari/537.36"
103.109.95.107 - - [16/Jul/2025:05:13:12 +0000] "POST / HTTP/1.1" 200 40471 "-" "Mozilla/5.0 (Windows NT 10.0; Win64; x64) AppleWebKit/537.36 (KHTML, like Gecko) Chrome/120.0.0.0 Safari/537.36"
209.74.77.214 - - [16/Jul/2025:05:13:14 +0000] "POST /wp-cron.php?doing_wp_cron=1752642794.6152529716491699218750 HTTP/1.1" 200 - "-" "WordPress/6.8.1; https://cartel.express"
195.200.26.27 - - [16/Jul/2025:05:13:14 +0000] "GET /comments/feed/ HTTP/1.1" 200 1595 "-" "Mozilla/5.0 (Macintosh; Intel Mac OS X 10_15_7) AppleWebKit/537.36 (KHTML, like Gecko) Chrome/133.0.0.0 Safari/537.36"
195.200.26.27 - - [16/Jul/2025:05:13:18 +0000] "GET /what-can-go-wrong-while-diagnosing-a-car-problem/ HTTP/1.1" 200 29415 "-" "Mozilla/5.0 (Macintosh; Intel Mac OS X 10_15_7) AppleWebKit/537.36 (KHTML, like Gecko) Chrome/133.0.0.0 Safari/537.36"
103.109.95.107 - - [16/Jul/2025:05:13:24 +0000] "POST /wp-comments-post.php HTTP/1.1" 200 1106 "-" "Mozilla/5.0 (Macintosh; Intel Mac OS X 10_15_7) AppleWebKit/537.36 (KHTML, like Gecko) Chrome/133.0.0.0 Safari/537.36"
103.109.95.107 - - [16/Jul/2025:05:13:27 +0000] "POST /wp-comments-post.php HTTP/1.1" 200 - "-" "Mozilla/5.0 (Windows NT 10.0; Win64; x64) AppleWebKit/537.36 (KHTML, like Gecko) Chrome/120.0.0.0 Safari/537.36"
195.200.26.27 - - [16/Jul/2025:05:13:28 +0000] "GET /contact/ HTTP/1.1" 200 27341 "-" "Mozilla/5.0 (Macintosh; Intel Mac OS X 10_15_7) AppleWebKit/537.36 (KHTML, like Gecko) Chrome/133.0.0.0 Safari/537.36"
103.109.95.107 - - [16/Jul/2025:05:13:33 +0000] "POST /contact/ HTTP/1.1" 200 27459 "-" "Mozilla/5.0 (Macintosh; Intel Mac OS X 10_15_7) AppleWebKit/537.36 (KHTML, like Gecko) Chrome/133.0.0.0 Safari/537.36"
103.109.95.107 - - [16/Jul/2025:05:13:37 +0000] "POST /contact/ HTTP/1.1" 200 27288 "-" "Mozilla/5.0 (Windows NT 10.0; Win64; x64) AppleWebKit/537.36 (KHTML, like Gecko) Chrome/120.0.0.0 Safari/537.36"
195.200.26.27 - - [16/Jul/2025:05:13:39 +0000] "GET /newsletter-popup/ HTTP/1.1" 200 27632 "-" "Mozilla/5.0 (Macintosh; Intel Mac OS X 10_15_7) AppleWebKit/537.36 (KHTML, like Gecko) Chrome/133.0.0.0 Safari/537.36"
103.109.95.107 - - [16/Jul/2025:05:13:42 +0000] "POST /newsletter-popup/ HTTP/1.1" 200 27801 "-" "Mozilla/5.0 (Macintosh; Intel Mac OS X 10_15_7) AppleWebKit/537.36 (KHTML, like Gecko) Chrome/133.0.0.0 Safari/537.36"
103.109.95.107 - - [16/Jul/2025:05:13:45 +0000] "POST /newsletter-popup/ HTTP/1.1" 200 27584 "-" "Mozilla/5.0 (Windows NT 10.0; Win64; x64) AppleWebKit/537.36 (KHTML, like Gecko) Chrome/120.0.0.0 Safari/537.36"
103.109.95.107 - - [16/Jul/2025:05:13:51 +0000] "POST /newsletter-popup/ HTTP/1.1" 200 27803 "-" "Mozilla/5.0 (Macintosh; Intel Mac OS X 10_15_7) AppleWebKit/537.36 (KHTML, like Gecko) Chrome/133.0.0.0 Safari/537.36"
209.74.77.214 - - [16/Jul/2025:05:13:58 +0000] "POST /wp-cron.php?doing_wp_cron=1752642838.0154910087585449218750 HTTP/1.1" 200 - "-" "WordPress/6.8.1; https://cartel.express"
103.109.95.107 - - [16/Jul/2025:05:13:57 +0000] "POST /newsletter-popup/ HTTP/1.1" 200 27583 "-" "Mozilla/5.0 (Windows NT 10.0; Win64; x64) AppleWebKit/537.36 (KHTML, like Gecko) Chrome/120.0.0.0 Safari/537.36"
195.200.26.27 - - [16/Jul/2025:05:13:59 +0000] "GET /blog-standard/ HTTP/1.1" 200 29875 "-" "Mozilla/5.0 (Macintosh; Intel Mac OS X 10_15_7) AppleWebKit/537.36 (KHTML, like Gecko) Chrome/133.0.0.0 Safari/537.36"
195.200.26.27 - - [16/Jul/2025:05:14:00 +0000] "GET /must-do-regular-checkups-for-a-better-car-operation/ HTTP/1.1" 200 29061 "-" "Mozilla/5.0 (Macintosh; Intel Mac OS X 10_15_7) AppleWebKit/537.36 (KHTML, like Gecko) Chrome/133.0.0.0 Safari/537.36"
195.200.26.27 - - [16/Jul/2025:05:14:02 +0000] "GET /top-10-ideas-how-to-paint-your-sports-and-racing-car/ HTTP/1.1" 200 29493 "-" "Mozilla/5.0 (Macintosh; Intel Mac OS X 10_15_7) AppleWebKit/537.36 (KHTML, like Gecko) Chrome/133.0.0.0 Safari/537.36"
195.200.26.27 - - [16/Jul/2025:05:14:04 +0000] "GET /blog-standard/page/2/ HTTP/1.1" 200 29163 "-" "Mozilla/5.0 (Macintosh; Intel Mac OS X 10_15_7) AppleWebKit/537.36 (KHTML, like Gecko) Chrome/133.0.0.0 Safari/537.36"
195.200.26.27 - - [16/Jul/2025:05:14:06 +0000] "GET /blog-standard/page/3/ HTTP/1.1" 200 27595 "-" "Mozilla/5.0 (Macintosh; Intel Mac OS X 10_15_7) AppleWebKit/537.36 (KHTML, like Gecko) Chrome/133.0.0.0 Safari/537.36"
195.200.26.27 - - [16/Jul/2025:05:14:07 +0000] "GET /tag/news/ HTTP/1.1" 200 26684 "-" "Mozilla/5.0 (Macintosh; Intel Mac OS X 10_15_7) AppleWebKit/537.36 (KHTML, like Gecko) Chrome/133.0.0.0 Safari/537.36"
195.200.26.27 - - [16/Jul/2025:05:14:09 +0000] "GET /blog-list/ HTTP/1.1" 200 27436 "-" "Mozilla/5.0 (Macintosh; Intel Mac OS X 10_15_7) AppleWebKit/537.36 (KHTML, like Gecko) Chrome/133.0.0.0 Safari/537.36"
195.200.26.27 - - [16/Jul/2025:05:14:10 +0000] "GET /blog-list/page/2/ HTTP/1.1" 200 27294 "-" "Mozilla/5.0 (Macintosh; Intel Mac OS X 10_15_7) AppleWebKit/537.36 (KHTML, like Gecko) Chrome/133.0.0.0 Safari/537.36"
195.200.26.27 - - [16/Jul/2025:05:14:11 +0000] "GET /blog-grid/ HTTP/1.1" 200 26031 "-" "Mozilla/5.0 (Macintosh; Intel Mac OS X 10_15_7) AppleWebKit/537.36 (KHTML, like Gecko) Chrome/133.0.0.0 Safari/537.36"
195.200.26.27 - - [16/Jul/2025:05:14:12 +0000] "GET /giving-a-new-life-to-old-headlights-polish-sealing/ HTTP/1.1" 200 28744 "-" "Mozilla/5.0 (Macintosh; Intel Mac OS X 10_15_7) AppleWebKit/537.36 (KHTML, like Gecko) Chrome/133.0.0.0 Safari/537.36"
209.74.77.214 - - [16/Jul/2025:05:14:14 +0000] "POST /wp-cron.php?doing_wp_cron=1752642854.1077570915222167968750 HTTP/1.1" 200 - "-" "WordPress/6.8.1; https://cartel.express"
195.200.26.27 - - [16/Jul/2025:05:14:13 +0000] "GET /must-do-regular-checkups-for-a-better-car-operation/ HTTP/1.1" 200 28496 "-" "Mozilla/5.0 (Macintosh; Intel Mac OS X 10_15_7) AppleWebKit/537.36 (KHTML, like Gecko) Chrome/133.0.0.0 Safari/537.36"
195.200.26.27 - - [16/Jul/2025:05:14:14 +0000] "GET /must-do-regular-checkups-for-a-better-car-operation/feed/ HTTP/1.1" 200 480 "-" "Mozilla/5.0 (Macintosh; Intel Mac OS X 10_15_7) AppleWebKit/537.36 (KHTML, like Gecko) Chrome/133.0.0.0 Safari/537.36"
195.200.26.27 - - [16/Jul/2025:05:14:15 +0000] "GET /must-do-regular-checkups-for-a-better-car-operation/ HTTP/1.1" 200 29058 "-" "Mozilla/5.0 (Macintosh; Intel Mac OS X 10_15_7) AppleWebKit/537.36 (KHTML, like Gecko) Chrome/133.0.0.0 Safari/537.36"
195.200.26.27 - - [16/Jul/2025:05:14:17 +0000] "GET /checkout/ HTTP/1.1" 302 - "-" "Mozilla/5.0 (Macintosh; Intel Mac OS X 10_15_7) AppleWebKit/537.36 (KHTML, like Gecko) Chrome/133.0.0.0 Safari/537.36"
195.200.26.27 - - [16/Jul/2025:05:14:18 +0000] "GET /cart/ HTTP/1.1" 200 55957 "https://cartel.express/checkout/" "Mozilla/5.0 (Macintosh; Intel Mac OS X 10_15_7) AppleWebKit/537.36 (KHTML, like Gecko) Chrome/133.0.0.0 Safari/537.36"
195.200.26.27 - - [16/Jul/2025:05:14:19 +0000] "GET /car-body-polish-makes-it-look-like-new/ HTTP/1.1" 200 28660 "-" "Mozilla/5.0 (Macintosh; Intel Mac OS X 10_15_7) AppleWebKit/537.36 (KHTML, like Gecko) Chrome/133.0.0.0 Safari/537.36"
195.200.26.27 - - [16/Jul/2025:05:14:20 +0000] "GET /car-body-polish-makes-it-look-like-new/feed/ HTTP/1.1" 200 472 "-" "Mozilla/5.0 (Macintosh; Intel Mac OS X 10_15_7) AppleWebKit/537.36 (KHTML, like Gecko) Chrome/133.0.0.0 Safari/537.36"
195.200.26.27 - - [16/Jul/2025:05:14:21 +0000] "GET /car-body-polish-makes-it-look-like-new/ HTTP/1.1" 200 28661 "-" "Mozilla/5.0 (Macintosh; Intel Mac OS X 10_15_7) AppleWebKit/537.36 (KHTML, like Gecko) Chrome/133.0.0.0 Safari/537.36"
195.200.26.27 - - [16/Jul/2025:05:14:22 +0000] "GET /car-body-polish-makes-it-look-like-new/ HTTP/1.1" 200 28661 "-" "Mozilla/5.0 (Macintosh; Intel Mac OS X 10_15_7) AppleWebKit/537.36 (KHTML, like Gecko) Chrome/133.0.0.0 Safari/537.36"
66.249.73.128 - - [16/Jul/2025:05:27:21 +0000] "GET /pcmypage?callback=/product%2Fdetail%2FC3433101984 HTTP/1.1" 200 20987 "-" "Mozilla/5.0 (Linux; Android 6.0.1; Nexus 5X Build/MMB29P) AppleWebKit/537.36 (KHTML, like Gecko) Chrome/137.0.7151.103 Mobile Safari/537.36 (compatible; Googlebot/2.1; +http://www.google.com/bot.html)"
66.249.73.131 - - [16/Jul/2025:05:28:58 +0000] "GET /safe_search/config?return_url=%2Fproduct%2Fdetail%2FC3433101984 HTTP/1.1" 200 20998 "-" "Mozilla/5.0 (Linux; Android 6.0.1; Nexus 5X Build/MMB29P) AppleWebKit/537.36 (KHTML, like Gecko) Chrome/137.0.7151.103 Mobile Safari/537.36 (compatible; Googlebot/2.1; +http://www.google.com/bot.html)"
66.249.73.132 - - [16/Jul/2025:05:33:45 +0000] "GET /wp-sitemap-taxonomies-cpt_cars_status-1.xml HTTP/1.1" 200 4515 "-" "Mozilla/5.0 (compatible; Googlebot/2.1; +http://www.google.com/bot.html)"
209.74.77.214 - - [16/Jul/2025:05:43:44 +0000] "POST /wp-cron.php?doing_wp_cron=1752644624.8290100097656250000000 HTTP/1.1" 200 - "-" "WordPress/6.8.1; https://cartel.express"
209.74.77.214 - - [16/Jul/2025:05:43:48 +0000] "POST /wp-cron.php HTTP/1.1" 200 - "-" "WordPress/6.8.1; https://cartel.express"
209.74.77.214 - - [16/Jul/2025:05:43:48 +0000] "GET / HTTP/1.1" 200 40526 "-" "WordPress/6.8.1; https://cartel.express"
209.74.77.214 - - [16/Jul/2025:05:43:49 +0000] "GET / HTTP/1.1" 200 40523 "-" "WordPress/6.8.1; https://cartel.express"
209.74.77.214 - - [16/Jul/2025:05:43:50 +0000] "GET / HTTP/1.1" 200 40525 "-" "WordPress/6.8.1; https://cartel.express"
209.74.77.214 - - [16/Jul/2025:05:43:50 +0000] "GET / HTTP/1.1" 200 40522 "-" "WordPress/6.8.1; https://cartel.express"
209.74.77.214 - - [16/Jul/2025:05:43:57 +0000] "POST /wp-cron.php?doing_wp_cron=1752644637.0490660667419433593750 HTTP/1.1" 200 - "-" "WordPress/6.8.1; https://cartel.express"
209.74.77.214 - - [16/Jul/2025:05:43:58 +0000] "HEAD / HTTP/1.1" 200 - "-" "-"
209.74.77.214 - - [16/Jul/2025:05:44:00 +0000] "POST /wp-admin/upgrade.php?step=upgrade_db HTTP/1.1" 404 24726 "-" "WordPress/6.8.1; https://cartel.express"
209.74.77.214 - - [16/Jul/2025:05:44:04 +0000] "HEAD / HTTP/1.1" 200 - "-" "-"
31.184.215.152 - - [16/Jul/2025:05:47:01 +0000] "GET / HTTP/1.0" 200 269956 "https://cartel.express/" "Mozilla/5.0 (Windows NT 6.1; Win64; x64) AppleWebKit/537.36 (KHTML, like Gecko) Chrome/103.0.5060.114 Safari/537.36"
31.184.215.152 - - [16/Jul/2025:05:47:03 +0000] "POST / HTTP/1.0" 200 269980 "https://cartel.express/" "Mozilla/5.0 (Windows NT 6.1; Win64; x64) AppleWebKit/537.36 (KHTML, like Gecko) Chrome/103.0.5060.114 Safari/537.36"
209.74.77.214 - - [16/Jul/2025:05:50:29 +0000] "POST /wp-cron.php?doing_wp_cron=1752645029.5455040931701660156250 HTTP/1.1" 200 - "-" "WordPress/6.8.2; https://cartel.express"
66.249.73.132 - - [16/Jul/2025:05:52:15 +0000] "GET /product/air-filter-element/ HTTP/1.1" 200 18560 "-" "Mozilla/5.0 (Linux; Android 6.0.1; Nexus 5X Build/MMB29P) AppleWebKit/537.36 (KHTML, like Gecko) Chrome/137.0.7151.103 Mobile Safari/537.36 (compatible; Googlebot/2.1; +http://www.google.com/bot.html)"
209.74.77.214 - - [16/Jul/2025:06:16:30 +0000] "POST /wp-cron.php?doing_wp_cron=1752646590.8439118862152099609375 HTTP/1.1" 200 - "-" "WordPress/6.8.2; https://cartel.express"
134.17.14.12 - - [16/Jul/2025:06:16:27 +0000] "GET /userfuns.php HTTP/1.1" 404 24727 "-" "Mozilla/4.0 (compatible; MSIE 6.0; Windows NT 5.1; SV1)"
66.249.73.128 - - [16/Jul/2025:06:19:41 +0000] "GET /portfolio-hover-waves/ HTTP/1.1" 200 18483 "-" "Mozilla/5.0 (Linux; Android 6.0.1; Nexus 5X Build/MMB29P) AppleWebKit/537.36 (KHTML, like Gecko) Chrome/137.0.7151.103 Mobile Safari/537.36 (compatible; Googlebot/2.1; +http://www.google.com/bot.html)"
66.249.73.131 - - [16/Jul/2025:06:19:48 +0000] "POST /get-message-notify HTTP/1.1" 200 18672 "https://cartel.express/portfolio-hover-waves/" "Mozilla/5.0 (Linux; Android 6.0.1; Nexus 5X Build/MMB29P) AppleWebKit/537.36 (KHTML, like Gecko) Chrome/137.0.7151.119 Mobile Safari/537.36 (compatible; Googlebot/2.1; +http://www.google.com/bot.html)"
66.249.73.131 - - [16/Jul/2025:06:20:44 +0000] "GET /robots.txt HTTP/1.1" 200 94 "-" "Mozilla/5.0 (compatible; Googlebot/2.1; +http://www.google.com/bot.html)"
66.249.73.131 - - [16/Jul/2025:06:20:44 +0000] "GET /category/detailing/ HTTP/1.1" 200 18824 "-" "Mozilla/5.0 (Linux; Android 6.0.1; Nexus 5X Build/MMB29P) AppleWebKit/537.36 (KHTML, like Gecko) Chrome/137.0.7151.103 Mobile Safari/537.36 (compatible; Googlebot/2.1; +http://www.google.com/bot.html)"
66.249.73.131 - - [16/Jul/2025:06:21:02 +0000] "GET /portfolio-mouse-info/ HTTP/1.1" 200 18507 "-" "Mozilla/5.0 (Linux; Android 6.0.1; Nexus 5X Build/MMB29P) AppleWebKit/537.36 (KHTML, like Gecko) Chrome/137.0.7151.103 Mobile Safari/537.36 (compatible; Googlebot/2.1; +http://www.google.com/bot.html)"
66.249.73.131 - - [16/Jul/2025:06:28:29 +0000] "GET /robots.txt HTTP/1.1" 200 94 "-" "Mozilla/5.0 (compatible; Googlebot/2.1; +http://www.google.com/bot.html)"
66.249.73.128 - - [16/Jul/2025:06:28:29 +0000] "GET /shopdetail/2617852.shtml HTTP/1.1" 200 18498 "-" "Mozilla/5.0 (Linux; Android 6.0.1; Nexus 5X Build/MMB29P) AppleWebKit/537.36 (KHTML, like Gecko) Chrome/137.0.7151.103 Mobile Safari/537.36 (compatible; Googlebot/2.1; +http://www.google.com/bot.html)"
66.249.73.131 - - [16/Jul/2025:06:28:30 +0000] "GET /shopdetail/2603074.shtml HTTP/1.1" 200 18400 "-" "Mozilla/5.0 (Linux; Android 6.0.1; Nexus 5X Build/MMB29P) AppleWebKit/537.36 (KHTML, like Gecko) Chrome/137.0.7151.103 Mobile Safari/537.36 (compatible; Googlebot/2.1; +http://www.google.com/bot.html)"
66.249.73.132 - - [16/Jul/2025:06:28:48 +0000] "GET /shopdetail/2609678.shtml HTTP/1.1" 200 18127 "-" "Mozilla/5.0 (Linux; Android 6.0.1; Nexus 5X Build/MMB29P) AppleWebKit/537.36 (KHTML, like Gecko) Chrome/137.0.7151.103 Mobile Safari/537.36 (compatible; Googlebot/2.1; +http://www.google.com/bot.html)"
66.249.73.131 - - [16/Jul/2025:06:28:55 +0000] "GET /pricing/ HTTP/1.1" 200 19681 "-" "Mozilla/5.0 (Linux; Android 6.0.1; Nexus 5X Build/MMB29P) AppleWebKit/537.36 (KHTML, like Gecko) Chrome/137.0.7151.103 Mobile Safari/537.36 (compatible; Googlebot/2.1; +http://www.google.com/bot.html)"
66.249.73.128 - - [16/Jul/2025:06:29:02 +0000] "POST /get-message-notify HTTP/1.1" 200 18672 "https://cartel.express/shopdetail/2603074.shtml" "Mozilla/5.0 (Linux; Android 6.0.1; Nexus 5X Build/MMB29P) AppleWebKit/537.36 (KHTML, like Gecko) Chrome/137.0.7151.119 Mobile Safari/537.36 (compatible; Googlebot/2.1; +http://www.google.com/bot.html)"
66.249.73.128 - - [16/Jul/2025:06:57:38 +0000] "GET /?pcmypage?callback=product%2Fdetail%2FC1129307087 HTTP/1.1" 200 20983 "-" "Mozilla/5.0 (Linux; Android 6.0.1; Nexus 5X Build/MMB29P) AppleWebKit/537.36 (KHTML, like Gecko) Chrome/137.0.7151.103 Mobile Safari/537.36 (compatible; Googlebot/2.1; +http://www.google.com/bot.html)"
209.74.77.214 - - [16/Jul/2025:07:05:20 +0000] "POST /wp-cron.php?doing_wp_cron=1752649520.9767029285430908203125 HTTP/1.1" 200 - "-" "WordPress/6.8.2; https://cartel.express"
34.44.59.207 - - [16/Jul/2025:07:05:18 +0000] "POST /xmlrpc.php HTTP/1.1" 200 403 "-" "Mozilla/5.0 (Windows NT 10.0; Win64; x64) AppleWebKit/537.36 (KHTML, like Gecko) Chrome/72.0.3626.121 Safari/537.36"
80.238.224.146 - - [16/Jul/2025:07:05:19 +0000] "POST /xmlrpc.php HTTP/1.1" 200 403 "-" "Mozilla/5.0 (Windows NT 10.0; Win64; x64; rv:62.0) Gecko/20100101 Firefox/62.0"
209.74.77.214 - - [16/Jul/2025:07:05:40 +0000] "POST /wp-cron.php?doing_wp_cron=1752649540.8100130558013916015625 HTTP/1.1" 200 - "-" "WordPress/6.8.2; https://cartel.express"
36.50.54.84 - - [16/Jul/2025:07:05:40 +0000] "POST /xmlrpc.php HTTP/1.1" 200 403 "-" "Mozilla/5.0 (Windows NT 6.1; Win64; x64) AppleWebKit/537.36 (KHTML, like Gecko) Chrome/60.0.3112.90 Safari/537.36"
80.238.224.146 - - [16/Jul/2025:07:05:42 +0000] "POST /xmlrpc.php HTTP/1.1" 200 403 "-" "Mozilla/5.0 (Windows NT 5.1) AppleWebKit/537.36 (KHTML, like Gecko) Chrome/46.0.2490.71 Safari/537.36"
40.77.167.159 - - [16/Jul/2025:07:09:16 +0000] "GET /portfolio/custom-paint/ HTTP/1.1" 200 17963 "-" "Mozilla/5.0 AppleWebKit/537.36 (KHTML, like Gecko; compatible; bingbot/2.0; +http://www.bing.com/bingbot.htm) Chrome/116.0.1938.76 Safari/537.36"
103.113.3.30 - - [16/Jul/2025:07:28:43 +0000] "POST /wp-comments-post.php HTTP/1.1" 302 - "-" "Mozilla/5.0 (Windows NT 10.0; Win64; x64) AppleWebKit/537.36 (KHTML, like Gecko) Chrome/120.0.0.0 Safari/537.36"
209.74.77.214 - - [16/Jul/2025:07:29:02 +0000] "POST /wp-cron.php?doing_wp_cron=1752650942.7796270847320556640625 HTTP/1.1" 200 - "-" "WordPress/6.8.2; https://cartel.express"
103.113.3.30 - - [16/Jul/2025:07:29:02 +0000] "POST /wp-comments-post.php HTTP/1.1" 302 - "-" "Mozilla/5.0 (Windows NT 10.0; Win64; x64) AppleWebKit/537.36 (KHTML, like Gecko) Chrome/120.0.0.0 Safari/537.36"
209.74.77.214 - - [16/Jul/2025:07:29:18 +0000] "POST /wp-cron.php?doing_wp_cron=1752650958.8888580799102783203125 HTTP/1.1" 200 - "-" "WordPress/6.8.2; https://cartel.express"
103.113.3.30 - - [16/Jul/2025:07:29:18 +0000] "POST /wp-comments-post.php HTTP/1.1" 302 - "-" "Mozilla/5.0 (Windows NT 10.0; Win64; x64) AppleWebKit/537.36 (KHTML, like Gecko) Chrome/120.0.0.0 Safari/537.36"
103.113.3.30 - - [16/Jul/2025:07:29:35 +0000] "POST /wp-comments-post.php HTTP/1.1" 302 - "-" "Mozilla/5.0 (Windows NT 10.0; Win64; x64) AppleWebKit/537.36 (KHTML, like Gecko) Chrome/120.0.0.0 Safari/537.36"
103.113.3.30 - - [16/Jul/2025:07:29:52 +0000] "POST /wp-comments-post.php HTTP/1.1" 302 - "-" "Mozilla/5.0 (Windows NT 10.0; Win64; x64) AppleWebKit/537.36 (KHTML, like Gecko) Chrome/120.0.0.0 Safari/537.36"
209.74.77.214 - - [16/Jul/2025:07:30:13 +0000] "POST /wp-cron.php?doing_wp_cron=1752651013.4806098937988281250000 HTTP/1.1" 200 - "-" "WordPress/6.8.2; https://cartel.express"
103.113.3.30 - - [16/Jul/2025:07:30:13 +0000] "POST /wp-comments-post.php HTTP/1.1" 302 - "-" "Mozilla/5.0 (Windows NT 10.0; Win64; x64) AppleWebKit/537.36 (KHTML, like Gecko) Chrome/120.0.0.0 Safari/537.36"
209.74.77.214 - - [16/Jul/2025:07:30:38 +0000] "POST /wp-cron.php?doing_wp_cron=1752651038.3106529712677001953125 HTTP/1.1" 200 - "-" "WordPress/6.8.2; https://cartel.express"
103.113.3.30 - - [16/Jul/2025:07:30:38 +0000] "POST /wp-comments-post.php HTTP/1.1" 302 - "-" "Mozilla/5.0 (Windows NT 10.0; Win64; x64) AppleWebKit/537.36 (KHTML, like Gecko) Chrome/120.0.0.0 Safari/537.36"
209.74.77.214 - - [16/Jul/2025:07:31:04 +0000] "POST /wp-cron.php?doing_wp_cron=1752651064.7799360752105712890625 HTTP/1.1" 200 - "-" "WordPress/6.8.2; https://cartel.express"
103.113.3.30 - - [16/Jul/2025:07:31:04 +0000] "POST /wp-comments-post.php HTTP/1.1" 302 - "-" "Mozilla/5.0 (Windows NT 10.0; Win64; x64) AppleWebKit/537.36 (KHTML, like Gecko) Chrome/120.0.0.0 Safari/537.36"
209.74.77.214 - - [16/Jul/2025:07:31:33 +0000] "POST /wp-cron.php?doing_wp_cron=1752651093.2554430961608886718750 HTTP/1.1" 200 - "-" "WordPress/6.8.2; https://cartel.express"
103.113.3.30 - - [16/Jul/2025:07:31:33 +0000] "POST /wp-comments-post.php HTTP/1.1" 302 - "-" "Mozilla/5.0 (Windows NT 10.0; Win64; x64) AppleWebKit/537.36 (KHTML, like Gecko) Chrome/120.0.0.0 Safari/537.36"
209.74.77.214 - - [16/Jul/2025:07:31:59 +0000] "POST /wp-cron.php?doing_wp_cron=1752651119.8406870365142822265625 HTTP/1.1" 200 - "-" "WordPress/6.8.2; https://cartel.express"
103.113.3.30 - - [16/Jul/2025:07:31:59 +0000] "POST /wp-comments-post.php HTTP/1.1" 302 - "-" "Mozilla/5.0 (Windows NT 10.0; Win64; x64) AppleWebKit/537.36 (KHTML, like Gecko) Chrome/120.0.0.0 Safari/537.36"
45.227.253.15 - - [16/Jul/2025:07:41:45 +0000] "GET /index.php/jk HTTP/1.1" 200 59 "-" "Mozilla/5.0 (Macintosh; Intel Mac OS X 10.15; rv:80.0) Gecko/20100101 Firefox/80.0"
209.74.77.214 - - [16/Jul/2025:07:56:32 +0000] "POST /wp-cron.php?doing_wp_cron=1752652592.7608718872070312500000 HTTP/1.1" 200 - "-" "WordPress/6.8.2; https://cartel.express"
43.153.93.82 - - [16/Jul/2025:07:56:29 +0000] "GET /.env HTTP/1.1" 404 24815 "-" "Mozilla/5.0 (Linux; U; Android 4.4.2; en-US; HM NOTE 1W Build/KOT49H) AppleWebKit/534.30 (KHTML, like Gecko) Version/4.0 UCBrowser/11.0.5.850 U3/0.8.0 Mobile Safari/534.30"
45.227.253.15 - - [16/Jul/2025:08:08:56 +0000] "GET /images/images/images/index.php?ARRAY=7o2230223n313735323635373034322p2231223n22687474703n5p2s5p2s7n7334393476313373752r74616368652r70726s5p2s3s6p633q7068705s636s64655s6n6326743q313735323635333434322q3836643436336162346236366138643566383065336666376237326337646464222p2232223n223933613538383433646365323436633834386538393930653965316133373732222p2233223n226337323238396637353332643736333933656134353438643033306533346137222p2262696r675s70617373223n2232362q34322q36302q36322q37322q38352q3236227q HTTP/1.1" 200 - "-" "Mozilla/5.0 (Macintosh; Intel Mac OS X 10.15; rv:103.0) Gecko/20100101 Firefox/101.0"
66.249.73.131 - - [16/Jul/2025:08:23:19 +0000] "GET /shopdetail/1856495436.shtml HTTP/1.1" 200 18429 "-" "Mozilla/5.0 (Linux; Android 6.0.1; Nexus 5X Build/MMB29P) AppleWebKit/537.36 (KHTML, like Gecko) Chrome/137.0.7151.103 Mobile Safari/537.36 (compatible; GoogleOther)"
66.249.73.131 - - [16/Jul/2025:08:23:22 +0000] "POST /get-message-notify HTTP/1.1" 200 18672 "https://cartel.express/shopdetail/1856495436.shtml" "Mozilla/5.0 (Linux; Android 6.0.1; Nexus 5X Build/MMB29P) AppleWebKit/537.36 (KHTML, like Gecko) Chrome/137.0.7151.119 Mobile Safari/537.36 (compatible; Googlebot/2.1; +http://www.google.com/bot.html)"
217.113.194.116 - - [16/Jul/2025:08:47:25 +0000] "GET /robots.txt HTTP/1.1" 200 94 "-" "Mozilla/5.0 (compatible; Barkrowler/0.9; +https://babbar.tech/crawler)"
209.74.77.214 - - [16/Jul/2025:08:47:45 +0000] "POST /wp-cron.php?doing_wp_cron=1752655665.0723249912261962890625 HTTP/1.1" 200 - "-" "WordPress/6.8.2; https://cartel.express"
217.113.194.115 - - [16/Jul/2025:08:47:42 +0000] "GET / HTTP/1.1" 200 40572 "-" "Mozilla/5.0 (compatible; Barkrowler/0.9; +https://babbar.tech/crawler)"
45.227.253.15 - - [16/Jul/2025:09:09:39 +0000] "GET /?of=1 HTTP/1.1" 200 8847 "-" "Mozilla/5.0 (Macintosh; Intel Mac OS X 10.15; rv:103.0) Gecko/20100101 Firefox/102.0"
209.74.77.214 - - [16/Jul/2025:09:45:38 +0000] "POST /wp-cron.php?doing_wp_cron=1752659138.8413090705871582031250 HTTP/1.1" 200 - "-" "WordPress/6.8.2; https://cartel.express"
143.244.184.1 - - [16/Jul/2025:09:45:35 +0000] "POST /xmlrpc.php HTTP/1.1" 200 403 "-" "Mozilla/5.0 (Windows NT 10.0; Win64; x64) AppleWebKit/537.36 (KHTML, like Gecko) Chrome/85.0.4183.102 Safari/537.36"
94.103.185.10 - - [16/Jul/2025:09:45:42 +0000] "POST /xmlrpc.php HTTP/1.1" 200 403 "-" "Mozilla/5.0 (Windows NT 10.0; WOW64; rv:52.0) Gecko/20100101 Firefox/52.0"
94.103.185.10 - - [16/Jul/2025:09:45:48 +0000] "POST /xmlrpc.php HTTP/1.1" 200 403 "-" "Mozilla/5.0 (Windows NT 5.1; rv:52.0) Gecko/20100101 Firefox/52.0"
209.74.77.214 - - [16/Jul/2025:09:46:03 +0000] "POST /wp-cron.php?doing_wp_cron=1752659163.1682910919189453125000 HTTP/1.1" 200 - "-" "WordPress/6.8.2; https://cartel.express"
47.93.235.72 - - [16/Jul/2025:09:46:02 +0000] "POST /xmlrpc.php HTTP/1.1" 200 403 "-" "Mozilla/5.0 (Windows NT 10.0; Win64; x64) AppleWebKit/537.36 (KHTML, like Gecko) Chrome/78.0.3904.108 Safari/537.36"
209.74.77.214 - - [16/Jul/2025:09:49:23 +0000] "POST /wp-cron.php?doing_wp_cron=1752659363.0511679649353027343750 HTTP/1.1" 200 - "-" "WordPress/6.8.2; https://cartel.express"
78.153.140.222 - - [16/Jul/2025:09:49:21 +0000] "GET /.env HTTP/1.1" 404 146916 "-" "Mozilla/5.0 (Macintosh; U; Intel Mac OS X 10_5_6; en-us) AppleWebKit/528.4+ (KHTML, like Gecko) Version/3.1.2 Safari/525.20.1"
78.153.140.222 - - [16/Jul/2025:09:49:31 +0000] "GET / HTTP/1.1" 200 269957 "-" "Mozilla/5.0 (X11; U; Linux x86_64; es-ES; rv:1.9.0.12) Gecko/2009070811 Ubuntu/9.04 (jaunty) Firefox/3.0.12"
78.153.140.222 - - [16/Jul/2025:09:49:42 +0000] "GET / HTTP/1.1" 200 269956 "-" "Mozilla/5.0 (Linux i686; U; en; rv:1.8.1) Gecko/20061208 Firefox/2.0.0"
209.74.77.214 - - [16/Jul/2025:09:49:59 +0000] "POST /wp-cron.php?doing_wp_cron=1752659399.0533750057220458984375 HTTP/1.1" 200 - "-" "WordPress/6.8.2; https://cartel.express"
78.153.140.222 - - [16/Jul/2025:09:49:58 +0000] "GET /sendgrid.env HTTP/1.1" 404 147093 "-" "Mozilla/5.0 (Linux; U; Android 4.4.2; en-us; LGMS395 Build/KOT49I.MS39510d) AppleWebKit/537.36 (KHTML, like Gecko) Version/4.0 Chrome/34.0.1847.118 Mobile Safari/537.36"
Page not found – Hello World !