Current File : /home/kelaby89/access-logs/cyber-secure.com.au.sixpack.studio-ssl_log |
66.249.73.234 - - [14/Jul/2025:12:08:36 +0000] "GET /?e=1170531041000&mod=4ea06fbc&uri=blog.php%3Fid%3D39080-77%26name%3Ddecathlon+499+shoes HTTP/1.1" 200 39921 "-" "Mozilla/5.0 (Linux; Android 6.0.1; Nexus 5X Build/MMB29P) AppleWebKit/537.36 (KHTML, like Gecko) Chrome/137.0.7151.103 Mobile Safari/537.36 (compatible; Googlebot/2.1; +http://www.google.com/bot.html)"
54.36.148.251 - - [14/Jul/2025:12:10:49 +0000] "GET /sitemapd.xml HTTP/1.1" 200 12912 "-" "Mozilla/5.0 (compatible; AhrefsBot/7.0; +http://ahrefs.com/robot/)"
66.249.73.235 - - [14/Jul/2025:12:16:14 +0000] "GET /?e=97307059021000&mod=0c1afc05&uri=article.php%3Fid%3D3247359-1524%26name%3Dlord+and+taylor+red+dress HTTP/1.1" 200 39798 "-" "Mozilla/5.0 (Linux; Android 6.0.1; Nexus 5X Build/MMB29P) AppleWebKit/537.36 (KHTML, like Gecko) Chrome/137.0.7151.103 Mobile Safari/537.36 (compatible; Googlebot/2.1; +http://www.google.com/bot.html)"
66.249.73.235 - - [14/Jul/2025:12:17:52 +0000] "GET /?e=53004728041000&mod=8466a2b4&uri=article.php%3Fid%3D1768816-540%26name%3Dcartier+or HTTP/1.1" 200 40054 "-" "Mozilla/5.0 (Linux; Android 6.0.1; Nexus 5X Build/MMB29P) AppleWebKit/537.36 (KHTML, like Gecko) Chrome/137.0.7151.103 Mobile Safari/537.36 (compatible; Googlebot/2.1; +http://www.google.com/bot.html)"
209.74.77.214 - - [14/Jul/2025:12:18:04 +0000] "POST /wp-cron.php?doing_wp_cron=1752495484.6024010181427001953125 HTTP/1.1" 200 - "-" "WordPress/6.8.1; https://cyber-secure.com.au"
209.74.77.214 - - [14/Jul/2025:12:18:04 +0000] "POST /wp-admin/admin-ajax.php?action=async_litespeed&nonce=dT3dT2g88d5xFCpPFZegB6lvTyplCqwR&litespeed_type=imgoptm HTTP/1.1" 200 21 "-" "WordPress/6.8.1; https://cyber-secure.com.au"
157.245.113.227 - - [14/Jul/2025:12:18:03 +0000] "GET / HTTP/1.1" 200 235698 "-" "-"
157.245.113.227 - - [14/Jul/2025:12:18:04 +0000] "GET / HTTP/1.1" 200 235698 "-" "Mozilla/5.0 (Linux; Android 6.0; HTC One M9 Build/MRA311168) AppleWebKit/537.36 (KHTML, like Gecko) Chrome/52.0.3511.98 Mobile Safari/537.3"
157.245.113.227 - - [14/Jul/2025:12:18:05 +0000] "GET /@vite/env HTTP/1.1" 404 18280 "-" "Go-http-client/1.1"
157.245.113.227 - - [14/Jul/2025:12:18:05 +0000] "GET /actuator/env HTTP/1.1" 404 18280 "-" "Go-http-client/1.1"
157.245.113.227 - - [14/Jul/2025:12:18:06 +0000] "GET /server HTTP/1.1" 404 18280 "-" "Go-http-client/1.1"
157.245.113.227 - - [14/Jul/2025:12:18:06 +0000] "GET /.vscode/sftp.json HTTP/1.1" 404 18279 "-" "Go-http-client/1.1"
209.74.77.214 - - [14/Jul/2025:12:18:07 +0000] "POST /wp-cron.php?doing_wp_cron=1752495487.4291069507598876953125 HTTP/1.1" 200 - "-" "WordPress/6.8.1; https://cyber-secure.com.au"
157.245.113.227 - - [14/Jul/2025:12:18:07 +0000] "GET /about HTTP/1.1" 301 - "-" "Go-http-client/1.1"
157.245.113.227 - - [14/Jul/2025:12:18:07 +0000] "GET /debug/default/view?panel=config HTTP/1.1" 404 18283 "-" "Go-http-client/1.1"
157.245.113.227 - - [14/Jul/2025:12:18:08 +0000] "GET /v2/_catalog HTTP/1.1" 404 18281 "-" "Go-http-client/1.1"
157.245.113.227 - - [14/Jul/2025:12:18:08 +0000] "GET /ecp/Current/exporttool/microsoft.exchange.ediscovery.exporttool.application HTTP/1.1" 404 18283 "-" "Go-http-client/1.1"
157.245.113.227 - - [14/Jul/2025:12:18:09 +0000] "GET /server-status HTTP/1.1" 404 18280 "-" "Go-http-client/1.1"
157.245.113.227 - - [14/Jul/2025:12:18:09 +0000] "GET /login.action HTTP/1.1" 404 18280 "-" "Go-http-client/1.1"
157.245.113.227 - - [14/Jul/2025:12:18:10 +0000] "GET /_all_dbs HTTP/1.1" 404 18279 "-" "Mozilla/5.0 (l9scan/2.0.431323e27373e24373e2930323; +https://leakix.net)"
157.245.113.227 - - [14/Jul/2025:12:18:10 +0000] "GET /.DS_Store HTTP/1.1" 404 18280 "-" "Go-http-client/1.1"
157.245.113.227 - - [14/Jul/2025:12:18:11 +0000] "GET /.env HTTP/1.1" 404 18280 "-" "Go-http-client/1.1"
157.245.113.227 - - [14/Jul/2025:12:18:11 +0000] "GET /.git/config HTTP/1.1" 404 18280 "-" "Go-http-client/1.1"
157.245.113.227 - - [14/Jul/2025:12:18:11 +0000] "GET /s/431323e27373e24373e2930323/_/;/META-INF/maven/com.atlassian.jira/jira-webapp-dist/pom.properties HTTP/1.1" 404 18281 "-" "Go-http-client/1.1"
157.245.113.227 - - [14/Jul/2025:12:18:12 +0000] "GET /config.json HTTP/1.1" 404 18280 "-" "Go-http-client/1.1"
157.245.113.227 - - [14/Jul/2025:12:18:12 +0000] "GET /telescope/requests HTTP/1.1" 404 18280 "-" "Go-http-client/1.1"
157.245.113.227 - - [14/Jul/2025:12:18:13 +0000] "GET /info.php HTTP/1.1" 404 18280 "-" "Go-http-client/1.1"
157.245.113.227 - - [14/Jul/2025:12:18:13 +0000] "GET /?rest_route=/wp/v2/users/ HTTP/1.1" 200 361 "-" "Go-http-client/1.1"
173.252.87.9 - - [14/Jul/2025:12:21:14 +0000] "GET /robots.txt HTTP/1.1" 206 333 "-" "facebookexternalhit/1.1 (+http://www.facebook.com/externalhit_uatext.php)"
66.249.73.236 - - [14/Jul/2025:12:24:57 +0000] "GET /item/stamp42596019/ HTTP/1.1" 200 39814 "-" "Mozilla/5.0 (Linux; Android 6.0.1; Nexus 5X Build/MMB29P) AppleWebKit/537.36 (KHTML, like Gecko) Chrome/137.0.7151.103 Mobile Safari/537.36 (compatible; GoogleOther)"
66.249.73.236 - - [14/Jul/2025:12:33:21 +0000] "GET /?e=52827591031000&mod=080c993f&uri=info.php%3Fid%3D1762905-464%26name%3Dddram HTTP/1.1" 200 39997 "-" "Mozilla/5.0 (Linux; Android 6.0.1; Nexus 5X Build/MMB29P) AppleWebKit/537.36 (KHTML, like Gecko) Chrome/137.0.7151.103 Mobile Safari/537.36 (compatible; Googlebot/2.1; +http://www.google.com/bot.html)"
209.74.77.214 - - [14/Jul/2025:12:37:33 +0000] "POST /wp-cron.php?doing_wp_cron=1752496653.9331710338592529296875 HTTP/1.1" 200 - "-" "WordPress/6.8.1; https://cyber-secure.com.au"
209.74.77.214 - - [14/Jul/2025:12:37:34 +0000] "POST /wp-admin/admin-ajax.php?action=async_litespeed&nonce=jPyud7NruUxohwhNHwUueN56aDNJ9vix&litespeed_type=imgoptm HTTP/1.1" 200 21 "-" "WordPress/6.8.1; https://cyber-secure.com.au"
54.36.148.40 - - [14/Jul/2025:12:37:32 +0000] "GET /?e=57329665011000&uri=pin.php%3Fid%3D1913121-952%26name%3Ddakimakura%20nico%20robin HTTP/1.1" 200 26111 "-" "Mozilla/5.0 (compatible; AhrefsBot/7.0; +http://ahrefs.com/robot/)"
54.37.86.223 - - [14/Jul/2025:12:37:42 +0000] "GET /robots.txt HTTP/1.1" 200 333 "-" "Mozilla/5.0 (compatible; MJ12bot/v1.4.8; http://mj12bot.com/)"
54.37.86.223 - - [14/Jul/2025:12:37:46 +0000] "GET / HTTP/1.1" 301 - "-" "Mozilla/5.0 (compatible; MJ12bot/v1.4.8; http://mj12bot.com/)"
54.37.86.223 - - [14/Jul/2025:12:37:49 +0000] "GET /robots.txt HTTP/1.1" 200 333 "-" "Mozilla/5.0 (compatible; MJ12bot/v1.4.8; http://mj12bot.com/)"
54.37.86.223 - - [14/Jul/2025:12:37:53 +0000] "GET / HTTP/1.1" 200 26110 "-" "Mozilla/5.0 (compatible; MJ12bot/v1.4.8; http://mj12bot.com/)"
54.36.149.88 - - [14/Jul/2025:12:37:57 +0000] "GET /wp-content/uploads/2025/01/Untitled-design.png HTTP/1.1" 200 28912 "-" "Mozilla/5.0 (compatible; AhrefsBot/7.0; +http://ahrefs.com/robot/)"
54.36.148.100 - - [14/Jul/2025:12:37:59 +0000] "GET /wp-content/uploads/2025/01/cyberjpg-015-616x1024.jpg HTTP/1.1" 200 42766 "-" "Mozilla/5.0 (compatible; AhrefsBot/7.0; +http://ahrefs.com/robot/)"
66.249.73.233 - - [14/Jul/2025:12:42:19 +0000] "GET /?e=27936972051000&mod=233f1dd0&uri=form.php%3Fid%3D932411-596%26name%3Dbaby+annabell+vs+baby+born HTTP/1.1" 200 39970 "-" "Mozilla/5.0 (Linux; Android 6.0.1; Nexus 5X Build/MMB29P) AppleWebKit/537.36 (KHTML, like Gecko) Chrome/137.0.7151.103 Mobile Safari/537.36 (compatible; Googlebot/2.1; +http://www.google.com/bot.html)"
66.249.73.233 - - [14/Jul/2025:12:43:25 +0000] "POST /get-message-notify HTTP/1.1" 200 40048 "https://cyber-secure.com.au/?e=53034715031000&mod=080c993f&uri=blog.php%3Fid%3D1769817-464%26name%3Dpatriot+viper+4133" "Mozilla/5.0 (Linux; Android 6.0.1; Nexus 5X Build/MMB29P) AppleWebKit/537.36 (KHTML, like Gecko) Chrome/137.0.7151.119 Mobile Safari/537.36 (compatible; Googlebot/2.1; +http://www.google.com/bot.html)"
66.249.73.235 - - [14/Jul/2025:12:45:56 +0000] "GET /?e=33197071021000&mod=281715ca&uri=products.php%3Fid%3D1107996-701%26name%3D4d+run+adidas HTTP/1.1" 200 39935 "-" "Mozilla/5.0 (Linux; Android 6.0.1; Nexus 5X Build/MMB29P) AppleWebKit/537.36 (KHTML, like Gecko) Chrome/137.0.7151.103 Mobile Safari/537.36 (compatible; Googlebot/2.1; +http://www.google.com/bot.html)"
66.249.73.233 - - [14/Jul/2025:12:46:04 +0000] "GET /?e=16994917011000&mod=a01a0380&uri=brands.php%3Fid%3D567339-39%26name%3Dsalerno+executive+office+chair HTTP/1.1" 200 39892 "-" "Mozilla/5.0 (Linux; Android 6.0.1; Nexus 5X Build/MMB29P) AppleWebKit/537.36 (KHTML, like Gecko) Chrome/137.0.7151.103 Mobile Safari/537.36 (compatible; Googlebot/2.1; +http://www.google.com/bot.html)"
66.249.73.233 - - [14/Jul/2025:12:47:35 +0000] "GET /?e=119586735001000&mod=77ee3bc5&uri=product.php%3Fid%3D3990976-315%26name%3Dhamilton+ventura+uhr HTTP/1.1" 200 39999 "-" "Mozilla/5.0 (Linux; Android 6.0.1; Nexus 5X Build/MMB29P) AppleWebKit/537.36 (KHTML, like Gecko) Chrome/137.0.7151.103 Mobile Safari/537.36 (compatible; Googlebot/2.1; +http://www.google.com/bot.html)"
66.249.73.235 - - [14/Jul/2025:12:48:16 +0000] "GET /?e=102520601131000&mod=a14ac55a&uri=goods.php%3Fid%3D3421397-161%26name%3Dberne+high+country+hooded+jacket HTTP/1.1" 200 39977 "-" "Mozilla/5.0 (Linux; Android 6.0.1; Nexus 5X Build/MMB29P) AppleWebKit/537.36 (KHTML, like Gecko) Chrome/137.0.7151.103 Mobile Safari/537.36 (compatible; Googlebot/2.1; +http://www.google.com/bot.html)"
66.249.73.234 - - [14/Jul/2025:12:54:07 +0000] "GET /?e=13494673021000&mod=a35fe7f7&uri=news.php%3Fid%3D450546-500%26name%3Dhealthy+milk+powder+for+babies HTTP/1.1" 200 39954 "-" "Mozilla/5.0 (Linux; Android 6.0.1; Nexus 5X Build/MMB29P) AppleWebKit/537.36 (KHTML, like Gecko) Chrome/137.0.7151.103 Mobile Safari/537.36 (compatible; Googlebot/2.1; +http://www.google.com/bot.html)"
66.249.73.233 - - [14/Jul/2025:12:54:13 +0000] "POST /get-message-notify HTTP/1.1" 200 40001 "https://cyber-secure.com.au/?e=13494673021000&mod=a35fe7f7&uri=news.php%3Fid%3D450546-500%26name%3Dhealthy+milk+powder+for+babies" "Mozilla/5.0 (Linux; Android 6.0.1; Nexus 5X Build/MMB29P) AppleWebKit/537.36 (KHTML, like Gecko) Chrome/137.0.7151.119 Mobile Safari/537.36 (compatible; Googlebot/2.1; +http://www.google.com/bot.html)"
66.249.73.235 - - [14/Jul/2025:12:55:30 +0000] "GET /?e=29845612011000&mod=c3f4db3a&uri=form.php%3Fid%3D996165-824%26name%3Dtoaster+oven+cookie+recipes HTTP/1.1" 200 39958 "-" "Mozilla/5.0 (Linux; Android 6.0.1; Nexus 5X Build/MMB29P) AppleWebKit/537.36 (KHTML, like Gecko) Chrome/137.0.7151.103 Mobile Safari/537.36 (compatible; Googlebot/2.1; +http://www.google.com/bot.html)"
66.249.73.233 - - [14/Jul/2025:12:55:36 +0000] "GET /?e=22653981011000&mod=069654d5&uri=form.php%3Fid%3D756159-183%26name%3Dused+xpulse HTTP/1.1" 200 39925 "-" "Mozilla/5.0 (Linux; Android 6.0.1; Nexus 5X Build/MMB29P) AppleWebKit/537.36 (KHTML, like Gecko) Chrome/137.0.7151.103 Mobile Safari/537.36 (compatible; Googlebot/2.1; +http://www.google.com/bot.html)"
66.249.73.233 - - [14/Jul/2025:12:55:43 +0000] "POST /get-message-notify HTTP/1.1" 200 40038 "https://cyber-secure.com.au/?e=29845612011000&mod=c3f4db3a&uri=form.php%3Fid%3D996165-824%26name%3Dtoaster+oven+cookie+recipes" "Mozilla/5.0 (Linux; Android 6.0.1; Nexus 5X Build/MMB29P) AppleWebKit/537.36 (KHTML, like Gecko) Chrome/137.0.7151.119 Mobile Safari/537.36 (compatible; Googlebot/2.1; +http://www.google.com/bot.html)"
66.249.73.235 - - [14/Jul/2025:12:56:58 +0000] "GET /?e=107586146001000&mod=32b991e5&uri=dp.php%3Fid%3D3590504-260%26name%3Dcanada+goose+paris+outlet HTTP/1.1" 200 39841 "-" "Mozilla/5.0 (Linux; Android 6.0.1; Nexus 5X Build/MMB29P) AppleWebKit/537.36 (KHTML, like Gecko) Chrome/137.0.7151.103 Mobile Safari/537.36 (compatible; Googlebot/2.1; +http://www.google.com/bot.html)"
209.74.77.214 - - [14/Jul/2025:13:02:46 +0000] "POST /wp-cron.php?doing_wp_cron=1752498166.0045289993286132812500 HTTP/1.1" 200 - "-" "WordPress/6.8.1; https://cyber-secure.com.au"
209.74.77.214 - - [14/Jul/2025:13:02:46 +0000] "POST /wp-admin/admin-ajax.php?action=async_litespeed&nonce=3Ly21n0bpktsJADOK5PPuBPFMwTUMAX9&litespeed_type=imgoptm HTTP/1.1" 200 21 "-" "WordPress/6.8.1; https://cyber-secure.com.au"
54.36.148.27 - - [14/Jul/2025:13:02:44 +0000] "GET /?e=46516494061000&uri=brands.php%3Fid%3D1552382-1238%26name%3Dconverse%20con%20zeppa%20outlet HTTP/1.1" 200 26110 "-" "Mozilla/5.0 (compatible; AhrefsBot/7.0; +http://ahrefs.com/robot/)"
66.249.73.235 - - [14/Jul/2025:13:06:22 +0000] "GET /item/thumb71591726/ HTTP/1.1" 200 39975 "-" "Mozilla/5.0 (Linux; Android 6.0.1; Nexus 5X Build/MMB29P) AppleWebKit/537.36 (KHTML, like Gecko) Chrome/137.0.7151.103 Mobile Safari/537.36 (compatible; GoogleOther)"
66.249.73.233 - - [14/Jul/2025:13:12:25 +0000] "GET /?e=116493383001000&mod=c255c052&uri=shared.php%3Fid%3D3887794-387%26name%3Dbowflex+bxt6+price HTTP/1.1" 200 39914 "-" "Mozilla/5.0 (Linux; Android 6.0.1; Nexus 5X Build/MMB29P) AppleWebKit/537.36 (KHTML, like Gecko) Chrome/137.0.7151.103 Mobile Safari/537.36 (compatible; Googlebot/2.1; +http://www.google.com/bot.html)"
66.249.73.234 - - [14/Jul/2025:13:13:04 +0000] "GET /?e=50592653141000&mod=45b865d1&uri=info.php%3Fid%3D1688366-1275%26name%3Dstroller+sleeping+bag+uppababy HTTP/1.1" 200 39837 "-" "Mozilla/5.0 (Linux; Android 6.0.1; Nexus 5X Build/MMB29P) AppleWebKit/537.36 (KHTML, like Gecko) Chrome/137.0.7151.103 Mobile Safari/537.36 (compatible; Googlebot/2.1; +http://www.google.com/bot.html)"
66.249.73.234 - - [14/Jul/2025:13:13:43 +0000] "GET /item/dwell82162991/ HTTP/1.1" 200 41929 "-" "Mozilla/5.0 (Linux; Android 6.0.1; Nexus 5X Build/MMB29P) AppleWebKit/537.36 (KHTML, like Gecko) Chrome/137.0.7151.103 Mobile Safari/537.36 (compatible; GoogleOther)"
66.249.73.234 - - [14/Jul/2025:13:15:28 +0000] "GET /?e=38510510031000&mod=9ee70b79&uri=shared.php%3Fid%3D1285295-437%26name%3Dorthofeet+arch+support+slippers HTTP/1.1" 200 40045 "-" "Mozilla/5.0 (Linux; Android 6.0.1; Nexus 5X Build/MMB29P) AppleWebKit/537.36 (KHTML, like Gecko) Chrome/137.0.7151.103 Mobile Safari/537.36 (compatible; Googlebot/2.1; +http://www.google.com/bot.html)"
66.249.73.233 - - [14/Jul/2025:13:15:43 +0000] "GET /?e=19678640051000&mod=b7c13b0a&uri=goods.php%3Fid%3D656899-751%26name%3Dbolsos+carrito+bebe+tuc+tuc HTTP/1.1" 200 39936 "-" "Mozilla/5.0 (Linux; Android 6.0.1; Nexus 5X Build/MMB29P) AppleWebKit/537.36 (KHTML, like Gecko) Chrome/137.0.7151.103 Mobile Safari/537.36 (compatible; Googlebot/2.1; +http://www.google.com/bot.html)"
66.249.73.233 - - [14/Jul/2025:13:16:28 +0000] "GET /?e=116509869031000&mod=11bcd3c1&uri=product.php%3Fid%3D3888344-397%26name%3Dnike+superfly+safari HTTP/1.1" 200 39812 "-" "Mozilla/5.0 (Linux; Android 6.0.1; Nexus 5X Build/MMB29P) AppleWebKit/537.36 (KHTML, like Gecko) Chrome/137.0.7151.103 Mobile Safari/537.36 (compatible; Googlebot/2.1; +http://www.google.com/bot.html)"
66.249.73.234 - - [14/Jul/2025:13:16:36 +0000] "GET /?e=50600123091000&mod=45b865d1&uri=news.php%3Fid%3D1688615-1275%26name%3Djoie+stages+car+seat+review HTTP/1.1" 200 39881 "-" "Mozilla/5.0 (Linux; Android 6.0.1; Nexus 5X Build/MMB29P) AppleWebKit/537.36 (KHTML, like Gecko) Chrome/137.0.7151.103 Mobile Safari/537.36 (compatible; Googlebot/2.1; +http://www.google.com/bot.html)"
66.249.73.234 - - [14/Jul/2025:13:17:57 +0000] "GET /?e=16981521021000&mod=a6ce9144&uri=search.php%3Fid%3D566892-678%26name%3Damazon+samsung+tab+a+case HTTP/1.1" 200 39948 "-" "Mozilla/5.0 (Linux; Android 6.0.1; Nexus 5X Build/MMB29P) AppleWebKit/537.36 (KHTML, like Gecko) Chrome/137.0.7151.103 Mobile Safari/537.36 (compatible; Googlebot/2.1; +http://www.google.com/bot.html)"
66.249.73.234 - - [14/Jul/2025:13:18:01 +0000] "POST /get-message-notify HTTP/1.1" 200 40084 "https://cyber-secure.com.au/?e=16981521021000&mod=a6ce9144&uri=search.php%3Fid%3D566892-678%26name%3Damazon+samsung+tab+a+case" "Mozilla/5.0 (Linux; Android 6.0.1; Nexus 5X Build/MMB29P) AppleWebKit/537.36 (KHTML, like Gecko) Chrome/137.0.7151.119 Mobile Safari/537.36 (compatible; Googlebot/2.1; +http://www.google.com/bot.html)"
209.74.77.214 - - [14/Jul/2025:13:18:53 +0000] "POST /wp-cron.php?doing_wp_cron=1752499133.5454320907592773437500 HTTP/1.1" 200 - "-" "WordPress/6.8.1; https://cyber-secure.com.au"
198.98.57.237 - - [14/Jul/2025:13:18:52 +0000] "GET /wp-login.php HTTP/1.1" 200 5406 "-" "Mozilla/5.0 (Windows NT 6.1; Trident/7.0; rv:11.0) like Gecko"
209.74.77.214 - - [14/Jul/2025:13:18:53 +0000] "POST /wp-admin/admin-ajax.php?action=async_litespeed&nonce=WAwiV52ZKzAO7BZ5HKpLQSudle0KxRkp&litespeed_type=imgoptm HTTP/1.1" 200 21 "-" "WordPress/6.8.1; https://cyber-secure.com.au"
66.249.73.233 - - [14/Jul/2025:13:19:59 +0000] "GET /item/soar42941923/ HTTP/1.1" 200 39950 "-" "Mozilla/5.0 (Linux; Android 6.0.1; Nexus 5X Build/MMB29P) AppleWebKit/537.36 (KHTML, like Gecko) Chrome/137.0.7151.103 Mobile Safari/537.36 (compatible; GoogleOther)"
66.249.73.234 - - [14/Jul/2025:13:20:04 +0000] "GET /?e=77442820051000&mod=fe2d0103&uri=article.php%3Fid%3D2584339-120%26name%3Dalma+en+pena+fiesta HTTP/1.1" 200 39993 "-" "Mozilla/5.0 (Linux; Android 6.0.1; Nexus 5X Build/MMB29P) AppleWebKit/537.36 (KHTML, like Gecko) Chrome/137.0.7151.103 Mobile Safari/537.36 (compatible; Googlebot/2.1; +http://www.google.com/bot.html)"
209.74.77.214 - - [14/Jul/2025:13:20:17 +0000] "POST /wp-cron.php?doing_wp_cron=1752499217.2387080192565917968750 HTTP/1.1" 200 - "-" "WordPress/6.8.1; https://cyber-secure.com.au"
198.98.57.237 - - [14/Jul/2025:13:20:16 +0000] "POST /wp-login.php HTTP/1.1" 200 5662 "-" "Mozilla/5.0 (Windows NT 6.1; Trident/7.0; rv:11.0) like Gecko"
209.74.77.214 - - [14/Jul/2025:13:20:17 +0000] "POST /wp-admin/admin-ajax.php?action=async_litespeed&nonce=mpjCHkHJCMFOpBA2Knvc73alDzzErFKY&litespeed_type=imgoptm HTTP/1.1" 200 21 "-" "WordPress/6.8.1; https://cyber-secure.com.au"
66.249.73.235 - - [14/Jul/2025:13:25:20 +0000] "GET /item/fifth41809195/ HTTP/1.1" 200 40019 "-" "Mozilla/5.0 (Linux; Android 6.0.1; Nexus 5X Build/MMB29P) AppleWebKit/537.36 (KHTML, like Gecko) Chrome/137.0.7151.103 Mobile Safari/537.36 (compatible; GoogleOther)"
104.210.140.138 - - [14/Jul/2025:13:25:48 +0000] "GET /robots.txt HTTP/1.1" 200 120 "-" "Mozilla/5.0 (Macintosh; Intel Mac OS X 10_15_7) AppleWebKit/537.36 (KHTML, like Gecko) Chrome/131.0.0.0 Safari/537.36; compatible; OAI-SearchBot/1.0; +https://openai.com/searchbot"
209.74.77.214 - - [14/Jul/2025:13:28:21 +0000] "POST /wp-cron.php?doing_wp_cron=1752499701.4737789630889892578125 HTTP/1.1" 200 - "-" "WordPress/6.8.1; https://cyber-secure.com.au"
209.74.77.214 - - [14/Jul/2025:13:28:21 +0000] "POST /wp-admin/admin-ajax.php?action=async_litespeed&nonce=C0ICZOY1uRxDSTeHqgtg2bEmkMjAEgOQ&litespeed_type=imgoptm HTTP/1.1" 200 21 "-" "WordPress/6.8.1; https://cyber-secure.com.au"
54.36.148.64 - - [14/Jul/2025:13:28:20 +0000] "GET /?e=39704570081000&uri=article.php%3Fid%3D1325129-361%26name%3Dbolso%20playa%20tela HTTP/1.1" 200 26107 "-" "Mozilla/5.0 (compatible; AhrefsBot/7.0; +http://ahrefs.com/robot/)"
66.249.73.235 - - [14/Jul/2025:13:29:56 +0000] "GET /item/ten50592036/ HTTP/1.1" 200 40493 "-" "Mozilla/5.0 (Linux; Android 6.0.1; Nexus 5X Build/MMB29P) AppleWebKit/537.36 (KHTML, like Gecko) Chrome/137.0.7151.103 Mobile Safari/537.36 (compatible; GoogleOther)"
66.249.73.234 - - [14/Jul/2025:13:33:52 +0000] "GET /item/tough81537927/ HTTP/1.1" 200 40098 "-" "Mozilla/5.0 (Linux; Android 6.0.1; Nexus 5X Build/MMB29P) AppleWebKit/537.36 (KHTML, like Gecko) Chrome/137.0.7151.103 Mobile Safari/537.36 (compatible; GoogleOther)"
66.249.73.233 - - [14/Jul/2025:13:37:16 +0000] "GET /item/drive61156125/ HTTP/1.1" 200 41566 "-" "Mozilla/5.0 (Linux; Android 6.0.1; Nexus 5X Build/MMB29P) AppleWebKit/537.36 (KHTML, like Gecko) Chrome/137.0.7151.103 Mobile Safari/537.36 (compatible; GoogleOther)"
66.249.73.233 - - [14/Jul/2025:13:40:11 +0000] "GET /item/high21696633/ HTTP/1.1" 200 40797 "-" "Mozilla/5.0 (Linux; Android 6.0.1; Nexus 5X Build/MMB29P) AppleWebKit/537.36 (KHTML, like Gecko) Chrome/137.0.7151.103 Mobile Safari/537.36 (compatible; GoogleOther)"
66.249.73.234 - - [14/Jul/2025:13:41:52 +0000] "GET /?e=72313197131000&mod=cf3c6554&uri=article.php%3Fid%3D2413175-1442%26name%3Drolex+explorer+nuovo HTTP/1.1" 200 39959 "-" "Mozilla/5.0 (Linux; Android 6.0.1; Nexus 5X Build/MMB29P) AppleWebKit/537.36 (KHTML, like Gecko) Chrome/137.0.7151.103 Mobile Safari/537.36 (compatible; Googlebot/2.1; +http://www.google.com/bot.html)"
66.249.73.234 - - [14/Jul/2025:13:41:55 +0000] "POST /get-message-notify HTTP/1.1" 200 39943 "https://cyber-secure.com.au/?e=72313197131000&mod=cf3c6554&uri=article.php%3Fid%3D2413175-1442%26name%3Drolex+explorer+nuovo" "Mozilla/5.0 (Linux; Android 6.0.1; Nexus 5X Build/MMB29P) AppleWebKit/537.36 (KHTML, like Gecko) Chrome/137.0.7151.119 Mobile Safari/537.36 (compatible; Googlebot/2.1; +http://www.google.com/bot.html)"
66.249.73.234 - - [14/Jul/2025:13:42:23 +0000] "GET /?e=52863618061000&mod=e9fb2eda&uri=product.php%3Fid%3D1764106-311%26name%3Dbarbie+lake HTTP/1.1" 200 39906 "-" "Mozilla/5.0 (Linux; Android 6.0.1; Nexus 5X Build/MMB29P) AppleWebKit/537.36 (KHTML, like Gecko) Chrome/137.0.7151.103 Mobile Safari/537.36 (compatible; Googlebot/2.1; +http://www.google.com/bot.html)"
66.249.73.233 - - [14/Jul/2025:13:42:43 +0000] "GET /item/indig22987609/ HTTP/1.1" 200 40072 "-" "Mozilla/5.0 (Linux; Android 6.0.1; Nexus 5X Build/MMB29P) AppleWebKit/537.36 (KHTML, like Gecko) Chrome/137.0.7151.103 Mobile Safari/537.36 (compatible; GoogleOther)"
66.249.73.234 - - [14/Jul/2025:13:44:52 +0000] "GET /item/ordin41775059/ HTTP/1.1" 200 40975 "-" "Mozilla/5.0 (Linux; Android 6.0.1; Nexus 5X Build/MMB29P) AppleWebKit/537.36 (KHTML, like Gecko) Chrome/137.0.7151.103 Mobile Safari/537.36 (compatible; GoogleOther)"
66.249.73.234 - - [14/Jul/2025:13:46:44 +0000] "GET /item/rank71097686/ HTTP/1.1" 200 40482 "-" "Mozilla/5.0 (Linux; Android 6.0.1; Nexus 5X Build/MMB29P) AppleWebKit/537.36 (KHTML, like Gecko) Chrome/137.0.7151.103 Mobile Safari/537.36 (compatible; GoogleOther)"
66.249.73.233 - - [14/Jul/2025:13:46:54 +0000] "GET /?e=6179387061000&mod=d1c373ab&uri=product.php%3Fid%3D206362-296%26name%3Dpuri+gana+bhojpuri+gana HTTP/1.1" 200 39896 "-" "Mozilla/5.0 (Linux; Android 6.0.1; Nexus 5X Build/MMB29P) AppleWebKit/537.36 (KHTML, like Gecko) Chrome/137.0.7151.103 Mobile Safari/537.36 (compatible; Googlebot/2.1; +http://www.google.com/bot.html)"
66.249.73.234 - - [14/Jul/2025:13:47:44 +0000] "POST /get-message-notify HTTP/1.1" 200 40009 "https://cyber-secure.com.au/item/high21696633/" "Mozilla/5.0 (Linux; Android 6.0.1; Nexus 5X Build/MMB29P) AppleWebKit/537.36 (KHTML, like Gecko) Chrome/137.0.7151.119 Mobile Safari/537.36 (compatible; Googlebot/2.1; +http://www.google.com/bot.html)"
66.249.73.233 - - [14/Jul/2025:13:48:21 +0000] "GET /item/fame32447514/ HTTP/1.1" 200 40136 "-" "Mozilla/5.0 (Linux; Android 6.0.1; Nexus 5X Build/MMB29P) AppleWebKit/537.36 (KHTML, like Gecko) Chrome/137.0.7151.103 Mobile Safari/537.36 (compatible; GoogleOther)"
66.249.73.233 - - [14/Jul/2025:13:48:49 +0000] "GET /?e=19645711071000&mod=f4f1f13c&uri=brands.php%3Fid%3D655801-750%26name%3Dbolsas+coach+en+liverpool HTTP/1.1" 200 39868 "-" "Mozilla/5.0 (Linux; Android 6.0.1; Nexus 5X Build/MMB29P) AppleWebKit/537.36 (KHTML, like Gecko) Chrome/137.0.7151.103 Mobile Safari/537.36 (compatible; Googlebot/2.1; +http://www.google.com/bot.html)"
66.249.73.234 - - [14/Jul/2025:13:49:27 +0000] "GET /?e=4249126131000&mod=55a988df&uri=article.php%3Fid%3D141822-253%26name%3Dgozanti+cruiser+lego HTTP/1.1" 200 39923 "-" "Mozilla/5.0 (Linux; Android 6.0.1; Nexus 5X Build/MMB29P) AppleWebKit/537.36 (KHTML, like Gecko) Chrome/137.0.7151.103 Mobile Safari/537.36 (compatible; Googlebot/2.1; +http://www.google.com/bot.html)"
66.249.73.233 - - [14/Jul/2025:13:49:31 +0000] "POST /get-message-notify HTTP/1.1" 200 40002 "https://cyber-secure.com.au/?e=4249126131000&mod=55a988df&uri=article.php%3Fid%3D141822-253%26name%3Dgozanti+cruiser+lego" "Mozilla/5.0 (Linux; Android 6.0.1; Nexus 5X Build/MMB29P) AppleWebKit/537.36 (KHTML, like Gecko) Chrome/137.0.7151.119 Mobile Safari/537.36 (compatible; Googlebot/2.1; +http://www.google.com/bot.html)"
66.249.73.233 - - [14/Jul/2025:13:49:45 +0000] "GET /item/whate31593122/ HTTP/1.1" 200 40196 "-" "Mozilla/5.0 (Linux; Android 6.0.1; Nexus 5X Build/MMB29P) AppleWebKit/537.36 (KHTML, like Gecko) Chrome/137.0.7151.103 Mobile Safari/537.36 (compatible; GoogleOther)"
66.249.73.233 - - [14/Jul/2025:13:49:59 +0000] "GET /?e=27940542001000&mod=851300ee&uri=search.php%3Fid%3D932530-173%26name%3Dmicro+rc+boat HTTP/1.1" 200 39941 "-" "Mozilla/5.0 (Linux; Android 6.0.1; Nexus 5X Build/MMB29P) AppleWebKit/537.36 (KHTML, like Gecko) Chrome/137.0.7151.103 Mobile Safari/537.36 (compatible; Googlebot/2.1; +http://www.google.com/bot.html)"
209.74.77.214 - - [14/Jul/2025:13:50:48 +0000] "POST /wp-cron.php?doing_wp_cron=1752501048.7294929027557373046875 HTTP/1.1" 200 - "-" "WordPress/6.8.1; https://cyber-secure.com.au"
209.74.77.214 - - [14/Jul/2025:13:50:48 +0000] "POST /wp-admin/admin-ajax.php?action=async_litespeed&nonce=XjV1iABUWoGGEox2mR5e8ziXuFzjoa1N&litespeed_type=imgoptm HTTP/1.1" 200 21 "-" "WordPress/6.8.1; https://cyber-secure.com.au"
54.36.148.233 - - [14/Jul/2025:13:50:47 +0000] "GET /?e=73355362101000&uri=shared.php%3Fid%3D2447935-283%26name%3Dkiomi%20lace%20up%20boots HTTP/1.1" 200 26107 "-" "Mozilla/5.0 (compatible; AhrefsBot/7.0; +http://ahrefs.com/robot/)"
66.249.73.234 - - [14/Jul/2025:13:52:54 +0000] "GET /item/train42036539/ HTTP/1.1" 200 39881 "-" "Mozilla/5.0 (Linux; Android 6.0.1; Nexus 5X Build/MMB29P) AppleWebKit/537.36 (KHTML, like Gecko) Chrome/137.0.7151.103 Mobile Safari/537.36 (compatible; GoogleOther)"
66.249.73.235 - - [14/Jul/2025:13:53:21 +0000] "POST /get-message-notify HTTP/1.1" 200 40068 "https://cyber-secure.com.au/item/train42036539/" "Mozilla/5.0 (Linux; Android 6.0.1; Nexus 5X Build/MMB29P) AppleWebKit/537.36 (KHTML, like Gecko) Chrome/137.0.7151.119 Mobile Safari/537.36 (compatible; Googlebot/2.1; +http://www.google.com/bot.html)"
66.249.73.233 - - [14/Jul/2025:13:53:41 +0000] "GET /item/pare82395879/ HTTP/1.1" 200 39871 "-" "Mozilla/5.0 (Linux; Android 6.0.1; Nexus 5X Build/MMB29P) AppleWebKit/537.36 (KHTML, like Gecko) Chrome/137.0.7151.103 Mobile Safari/537.36 (compatible; GoogleOther)"
66.249.73.234 - - [14/Jul/2025:13:54:14 +0000] "GET /?e=116450411041000&mod=dc9fa5f2&uri=us.php%3Fid%3D3886360-784%26name%3Dadidas+ultra+boost+20+rebel HTTP/1.1" 200 40058 "-" "Mozilla/5.0 (Linux; Android 6.0.1; Nexus 5X Build/MMB29P) AppleWebKit/537.36 (KHTML, like Gecko) Chrome/137.0.7151.103 Mobile Safari/537.36 (compatible; Googlebot/2.1; +http://www.google.com/bot.html)"
209.74.77.214 - - [14/Jul/2025:13:54:22 +0000] "POST /wp-cron.php?doing_wp_cron=1752501262.0420200824737548828125 HTTP/1.1" 200 - "-" "WordPress/6.8.1; https://cyber-secure.com.au"
209.74.77.214 - - [14/Jul/2025:13:54:22 +0000] "POST /wp-admin/admin-ajax.php?action=async_litespeed&nonce=Hh2ll4s79FjiUCMyEAMChZylgREBvVMX&litespeed_type=imgoptm HTTP/1.1" 200 21 "-" "WordPress/6.8.1; https://cyber-secure.com.au"
93.123.109.7 - - [14/Jul/2025:13:54:21 +0000] "GET /.git/config HTTP/1.1" 404 18280 "-" "Mozilla/5.0 (iPad; CPU OS 8_0_2 like Mac OS X) AppleWebKit/600.1.4 (KHTML like Gecko) Mobile/12A405 Version/7.0 Safari/9537.53"
66.249.73.234 - - [14/Jul/2025:13:54:23 +0000] "GET /item/kit81103935/ HTTP/1.1" 200 41507 "-" "Mozilla/5.0 (Linux; Android 6.0.1; Nexus 5X Build/MMB29P) AppleWebKit/537.36 (KHTML, like Gecko) Chrome/137.0.7151.103 Mobile Safari/537.36 (compatible; GoogleOther)"
66.249.73.235 - - [14/Jul/2025:13:55:31 +0000] "GET /item/write32064514/ HTTP/1.1" 200 39919 "-" "Mozilla/5.0 (Linux; Android 6.0.1; Nexus 5X Build/MMB29P) AppleWebKit/537.36 (KHTML, like Gecko) Chrome/137.0.7151.103 Mobile Safari/537.36 (compatible; GoogleOther)"
66.249.73.234 - - [14/Jul/2025:13:55:52 +0000] "POST /get-message-notify HTTP/1.1" 200 40017 "https://cyber-secure.com.au/?e=116450411041000&mod=dc9fa5f2&uri=us.php%3Fid%3D3886360-784%26name%3Dadidas+ultra+boost+20+rebel" "Mozilla/5.0 (Linux; Android 6.0.1; Nexus 5X Build/MMB29P) AppleWebKit/537.36 (KHTML, like Gecko) Chrome/137.0.7151.119 Mobile Safari/537.36 (compatible; Googlebot/2.1; +http://www.google.com/bot.html)"
66.249.73.235 - - [14/Jul/2025:13:56:23 +0000] "GET /?e=50611463071000&mod=973a5f0c&uri=brands.php%3Fid%3D1688993-165%26name%3Daviator+coat+cream HTTP/1.1" 200 39901 "-" "Mozilla/5.0 (Linux; Android 6.0.1; Nexus 5X Build/MMB29P) AppleWebKit/537.36 (KHTML, like Gecko) Chrome/137.0.7151.103 Mobile Safari/537.36 (compatible; Googlebot/2.1; +http://www.google.com/bot.html)"
66.249.73.233 - - [14/Jul/2025:13:56:29 +0000] "GET /item/distu12384312/ HTTP/1.1" 200 39821 "-" "Mozilla/5.0 (Linux; Android 6.0.1; Nexus 5X Build/MMB29P) AppleWebKit/537.36 (KHTML, like Gecko) Chrome/137.0.7151.103 Mobile Safari/537.36 (compatible; GoogleOther)"
66.249.73.235 - - [14/Jul/2025:13:57:31 +0000] "GET /item/afte70415998/ HTTP/1.1" 200 40112 "-" "Mozilla/5.0 (Linux; Android 6.0.1; Nexus 5X Build/MMB29P) AppleWebKit/537.36 (KHTML, like Gecko) Chrome/137.0.7151.103 Mobile Safari/537.36 (compatible; GoogleOther)"
66.249.73.234 - - [14/Jul/2025:13:58:15 +0000] "GET /?e=53031355011000&mod=080c993f&uri=products.php%3Fid%3D1769705-464%26name%3Dpatriot+viper+2666mhz HTTP/1.1" 200 40016 "-" "Mozilla/5.0 (Linux; Android 6.0.1; Nexus 5X Build/MMB29P) AppleWebKit/537.36 (KHTML, like Gecko) Chrome/137.0.7151.103 Mobile Safari/537.36 (compatible; Googlebot/2.1; +http://www.google.com/bot.html)"
66.249.73.234 - - [14/Jul/2025:13:58:31 +0000] "GET /item/perfe22652953/ HTTP/1.1" 200 40365 "-" "Mozilla/5.0 (Linux; Android 6.0.1; Nexus 5X Build/MMB29P) AppleWebKit/537.36 (KHTML, like Gecko) Chrome/137.0.7151.103 Mobile Safari/537.36 (compatible; GoogleOther)"
66.249.73.233 - - [14/Jul/2025:13:58:40 +0000] "POST /get-message-notify HTTP/1.1" 200 39998 "https://cyber-secure.com.au/?e=53031355011000&mod=080c993f&uri=products.php%3Fid%3D1769705-464%26name%3Dpatriot+viper+2666mhz" "Mozilla/5.0 (Linux; Android 6.0.1; Nexus 5X Build/MMB29P) AppleWebKit/537.36 (KHTML, like Gecko) Chrome/137.0.7151.119 Mobile Safari/537.36 (compatible; Googlebot/2.1; +http://www.google.com/bot.html)"
66.249.73.235 - - [14/Jul/2025:13:59:03 +0000] "GET /item/growt62327373/ HTTP/1.1" 200 40502 "-" "Mozilla/5.0 (Linux; Android 6.0.1; Nexus 5X Build/MMB29P) AppleWebKit/537.36 (KHTML, like Gecko) Chrome/137.0.7151.103 Mobile Safari/537.36 (compatible; GoogleOther)"
66.249.73.234 - - [14/Jul/2025:13:59:37 +0000] "GET /item/or30436498/ HTTP/1.1" 200 40669 "-" "Mozilla/5.0 (Linux; Android 6.0.1; Nexus 5X Build/MMB29P) AppleWebKit/537.36 (KHTML, like Gecko) Chrome/137.0.7151.103 Mobile Safari/537.36 (compatible; GoogleOther)"
66.249.73.233 - - [14/Jul/2025:14:00:04 +0000] "GET /?e=50601473141000&mod=45b865d1&uri=shared.php%3Fid%3D1688660-1275%26name%3Dporsche+junior+plus+seat HTTP/1.1" 200 39888 "-" "Mozilla/5.0 (Linux; Android 6.0.1; Nexus 5X Build/MMB29P) AppleWebKit/537.36 (KHTML, like Gecko) Chrome/137.0.7151.103 Mobile Safari/537.36 (compatible; Googlebot/2.1; +http://www.google.com/bot.html)"
66.249.73.233 - - [14/Jul/2025:14:00:40 +0000] "GET /item/creep20343065/ HTTP/1.1" 200 40066 "-" "Mozilla/5.0 (Linux; Android 6.0.1; Nexus 5X Build/MMB29P) AppleWebKit/537.36 (KHTML, like Gecko) Chrome/137.0.7151.103 Mobile Safari/537.36 (compatible; GoogleOther)"
66.249.73.233 - - [14/Jul/2025:14:00:46 +0000] "GET /?e=52861578011000&mod=e9fb2eda&uri=form.php%3Fid%3D1764038-311%26name%3Dbarbie+sticky+legs HTTP/1.1" 200 39984 "-" "Mozilla/5.0 (Linux; Android 6.0.1; Nexus 5X Build/MMB29P) AppleWebKit/537.36 (KHTML, like Gecko) Chrome/137.0.7151.103 Mobile Safari/537.36 (compatible; Googlebot/2.1; +http://www.google.com/bot.html)"
66.249.73.233 - - [14/Jul/2025:14:00:50 +0000] "GET /?e=99572170001000&mod=9a4b930f&uri=article.php%3Fid%3D3322977-1438%26name%3Dnike+kevin+durant+red HTTP/1.1" 200 39990 "-" "Mozilla/5.0 (Linux; Android 6.0.1; Nexus 5X Build/MMB29P) AppleWebKit/537.36 (KHTML, like Gecko) Chrome/137.0.7151.103 Mobile Safari/537.36 (compatible; Googlebot/2.1; +http://www.google.com/bot.html)"
66.249.73.233 - - [14/Jul/2025:14:00:53 +0000] "GET /?e=77470831011000&mod=28b9f8aa&uri=brands.php%3Fid%3D2585273-523%26name%3Dnike+takedo+sb HTTP/1.1" 200 39989 "-" "Mozilla/5.0 (Linux; Android 6.0.1; Nexus 5X Build/MMB29P) AppleWebKit/537.36 (KHTML, like Gecko) Chrome/137.0.7151.103 Mobile Safari/537.36 (compatible; Googlebot/2.1; +http://www.google.com/bot.html)"
66.249.73.235 - - [14/Jul/2025:14:01:54 +0000] "GET /item/fine72409318/ HTTP/1.1" 200 39944 "-" "Mozilla/5.0 (Linux; Android 6.0.1; Nexus 5X Build/MMB29P) AppleWebKit/537.36 (KHTML, like Gecko) Chrome/137.0.7151.103 Mobile Safari/537.36 (compatible; GoogleOther)"
66.249.73.233 - - [14/Jul/2025:14:02:35 +0000] "GET /?e=50473942001000&mod=02ae6a78&uri=search.php%3Fid%3D1684406-381%26name%3Dnaturino+primi+passi+saldi HTTP/1.1" 200 39977 "-" "Mozilla/5.0 (Linux; Android 6.0.1; Nexus 5X Build/MMB29P) AppleWebKit/537.36 (KHTML, like Gecko) Chrome/137.0.7151.103 Mobile Safari/537.36 (compatible; Googlebot/2.1; +http://www.google.com/bot.html)"
66.249.73.235 - - [14/Jul/2025:14:03:57 +0000] "GET /item/acros41289179/ HTTP/1.1" 200 39925 "-" "Mozilla/5.0 (Linux; Android 6.0.1; Nexus 5X Build/MMB29P) AppleWebKit/537.36 (KHTML, like Gecko) Chrome/137.0.7151.103 Mobile Safari/537.36 (compatible; GoogleOther)"
66.249.73.234 - - [14/Jul/2025:14:04:06 +0000] "GET /?e=52843788031000&mod=080c993f&uri=article.php%3Fid%3D1763445-464%26name%3Dcorsair+4000mhz HTTP/1.1" 200 39936 "-" "Mozilla/5.0 (Linux; Android 6.0.1; Nexus 5X Build/MMB29P) AppleWebKit/537.36 (KHTML, like Gecko) Chrome/137.0.7151.103 Mobile Safari/537.36 (compatible; Googlebot/2.1; +http://www.google.com/bot.html)"
66.249.73.234 - - [14/Jul/2025:14:05:53 +0000] "GET /item/shine71349678/ HTTP/1.1" 200 40088 "-" "Mozilla/5.0 (Linux; Android 6.0.1; Nexus 5X Build/MMB29P) AppleWebKit/537.36 (KHTML, like Gecko) Chrome/137.0.7151.103 Mobile Safari/537.36 (compatible; GoogleOther)"
66.249.73.234 - - [14/Jul/2025:14:07:55 +0000] "GET /item/pupil12540120/ HTTP/1.1" 200 40538 "-" "Mozilla/5.0 (Linux; Android 6.0.1; Nexus 5X Build/MMB29P) AppleWebKit/537.36 (KHTML, like Gecko) Chrome/137.0.7151.103 Mobile Safari/537.36 (compatible; GoogleOther)"
66.249.73.235 - - [14/Jul/2025:14:09:50 +0000] "GET /item/devel10380808/ HTTP/1.1" 200 40625 "-" "Mozilla/5.0 (Linux; Android 6.0.1; Nexus 5X Build/MMB29P) AppleWebKit/537.36 (KHTML, like Gecko) Chrome/137.0.7151.103 Mobile Safari/537.36 (compatible; GoogleOther)"
209.74.77.214 - - [14/Jul/2025:14:10:03 +0000] "POST /wp-cron.php?doing_wp_cron=1752502203.8145399093627929687500 HTTP/1.1" 200 - "-" "WordPress/6.8.1; https://cyber-secure.com.au"
199.195.253.169 - - [14/Jul/2025:14:10:02 +0000] "GET /wp-login.php HTTP/1.1" 200 5406 "-" "Mozilla/5.0 (Windows NT 6.1; rv:31.0) Gecko/20100101 Firefox/31.0"
209.74.77.214 - - [14/Jul/2025:14:10:03 +0000] "POST /wp-admin/admin-ajax.php?action=async_litespeed&nonce=j6G1uY8rOMEO1yLNdpB2jeSeURuwCmXd&litespeed_type=imgoptm HTTP/1.1" 200 21 "-" "WordPress/6.8.1; https://cyber-secure.com.au"
66.249.73.235 - - [14/Jul/2025:14:10:23 +0000] "POST /get-message-notify HTTP/1.1" 200 40121 "https://cyber-secure.com.au/item/devel10380808/" "Mozilla/5.0 (Linux; Android 6.0.1; Nexus 5X Build/MMB29P) AppleWebKit/537.36 (KHTML, like Gecko) Chrome/137.0.7151.119 Mobile Safari/537.36 (compatible; Googlebot/2.1; +http://www.google.com/bot.html)"
209.74.77.214 - - [14/Jul/2025:14:11:06 +0000] "POST /wp-cron.php?doing_wp_cron=1752502266.3943219184875488281250 HTTP/1.1" 200 - "-" "WordPress/6.8.1; https://cyber-secure.com.au"
199.195.253.169 - - [14/Jul/2025:14:11:05 +0000] "POST /wp-login.php HTTP/1.1" 200 5662 "-" "Mozilla/5.0 (Windows NT 6.1; rv:31.0) Gecko/20100101 Firefox/31.0"
209.74.77.214 - - [14/Jul/2025:14:11:06 +0000] "POST /wp-admin/admin-ajax.php?action=async_litespeed&nonce=1StwLmtPKdoiMCgX9YCrOvHyejuUXZ1y&litespeed_type=imgoptm HTTP/1.1" 200 21 "-" "WordPress/6.8.1; https://cyber-secure.com.au"
66.249.73.235 - - [14/Jul/2025:14:11:52 +0000] "GET /item/inspi21070033/ HTTP/1.1" 200 39825 "-" "Mozilla/5.0 (Linux; Android 6.0.1; Nexus 5X Build/MMB29P) AppleWebKit/537.36 (KHTML, like Gecko) Chrome/137.0.7151.103 Mobile Safari/537.36 (compatible; GoogleOther)"
66.249.73.234 - - [14/Jul/2025:14:13:47 +0000] "GET /item/ox30067530/ HTTP/1.1" 200 39949 "-" "Mozilla/5.0 (Linux; Android 6.0.1; Nexus 5X Build/MMB29P) AppleWebKit/537.36 (KHTML, like Gecko) Chrome/137.0.7151.103 Mobile Safari/537.36 (compatible; GoogleOther)"
54.36.148.105 - - [14/Jul/2025:14:15:08 +0000] "GET /sitemapa.xml HTTP/1.1" 200 14198 "-" "Mozilla/5.0 (compatible; AhrefsBot/7.0; +http://ahrefs.com/robot/)"
66.249.73.234 - - [14/Jul/2025:14:15:48 +0000] "GET /item/polar12865592/ HTTP/1.1" 200 40214 "-" "Mozilla/5.0 (Linux; Android 6.0.1; Nexus 5X Build/MMB29P) AppleWebKit/537.36 (KHTML, like Gecko) Chrome/137.0.7151.103 Mobile Safari/537.36 (compatible; GoogleOther)"
66.249.73.234 - - [14/Jul/2025:14:17:46 +0000] "GET /item/fifth41809195/ HTTP/1.1" 200 39968 "-" "Mozilla/5.0 (Linux; Android 6.0.1; Nexus 5X Build/MMB29P) AppleWebKit/537.36 (KHTML, like Gecko) Chrome/137.0.7151.103 Mobile Safari/537.36 (compatible; GoogleOther)"
66.249.73.235 - - [14/Jul/2025:14:20:39 +0000] "GET /?e=53029615031000&mod=080c993f&uri=blog.php%3Fid%3D1769647-464%26name%3Dpsd416g26662h HTTP/1.1" 200 39879 "-" "Mozilla/5.0 (Linux; Android 6.0.1; Nexus 5X Build/MMB29P) AppleWebKit/537.36 (KHTML, like Gecko) Chrome/137.0.7151.103 Mobile Safari/537.36 (compatible; Googlebot/2.1; +http://www.google.com/bot.html)"
66.249.73.234 - - [14/Jul/2025:14:21:23 +0000] "GET /item/basic11672256/ HTTP/1.1" 200 39904 "-" "Mozilla/5.0 (Linux; Android 6.0.1; Nexus 5X Build/MMB29P) AppleWebKit/537.36 (KHTML, like Gecko) Chrome/137.0.7151.103 Mobile Safari/537.36 (compatible; GoogleOther)"
66.249.73.234 - - [14/Jul/2025:14:21:29 +0000] "GET /item/snow70505214/ HTTP/1.1" 200 40408 "-" "Mozilla/5.0 (Linux; Android 6.0.1; Nexus 5X Build/MMB29P) AppleWebKit/537.36 (KHTML, like Gecko) Chrome/137.0.7151.103 Mobile Safari/537.36 (compatible; GoogleOther)"
66.249.73.233 - - [14/Jul/2025:14:21:35 +0000] "GET /item/mount12057216/ HTTP/1.1" 200 40694 "-" "Mozilla/5.0 (Linux; Android 6.0.1; Nexus 5X Build/MMB29P) AppleWebKit/537.36 (KHTML, like Gecko) Chrome/137.0.7151.103 Mobile Safari/537.36 (compatible; GoogleOther)"
66.249.73.233 - - [14/Jul/2025:14:21:58 +0000] "GET /item/susta32730058/ HTTP/1.1" 200 39993 "-" "Mozilla/5.0 (Linux; Android 6.0.1; Nexus 5X Build/MMB29P) AppleWebKit/537.36 (KHTML, like Gecko) Chrome/137.0.7151.103 Mobile Safari/537.36 (compatible; GoogleOther)"
209.74.77.214 - - [14/Jul/2025:14:25:06 +0000] "POST /wp-cron.php?doing_wp_cron=1752503106.4963250160217285156250 HTTP/1.1" 200 - "-" "WordPress/6.8.1; https://cyber-secure.com.au"
152.39.185.165 - - [14/Jul/2025:14:25:04 +0000] "GET /?e=106453792071000&mod=0c89807b&uri=brands.php%3Fid%3D3552720-1647%26name%3Dn%3Fke+kyrie HTTP/1.1" 301 - "-" "Mozilla/5.0 (Macintosh; Intel Mac OS X 10_14_6) AppleWebKit/605.1.15 (KHTML, like Gecko) Version/13.0.3 Safari/605.1.15"
209.74.77.214 - - [14/Jul/2025:14:25:06 +0000] "POST /wp-admin/admin-ajax.php?action=async_litespeed&nonce=Hyo86qRUY2VHKPCIvgqz2KXIOjFU5DpI&litespeed_type=imgoptm HTTP/1.1" 200 21 "-" "WordPress/6.8.1; https://cyber-secure.com.au"
152.39.185.165 - - [14/Jul/2025:14:25:07 +0000] "GET /?e=106453792071000&mod=0c89807b&uri=brands.php%3Fid%3D3552720-1647%26name%3Dn%3Fke%20kyrie HTTP/1.1" 200 26106 "https://cyber-secure.com.au/?e=106453792071000&mod=0c89807b&uri=brands.php%3Fid%3D3552720-1647%26name%3Dn%3Fke+kyrie" "Mozilla/5.0 (Macintosh; Intel Mac OS X 10_14_6) AppleWebKit/605.1.15 (KHTML, like Gecko) Version/13.0.3 Safari/605.1.15"
104.194.203.151 - - [14/Jul/2025:14:25:08 +0000] "GET /wp-content/uploads/2025/01/asset-013.png HTTP/1.1" 200 41662 "https://cyber-secure.com.au/?e=106453792071000&mod=0c89807b&uri=brands.php%3Fid%3D3552720-1647%26name%3Dn%3Fke+kyrie" "Mozilla/5.0 (Macintosh; Intel Mac OS X 10_15_7) AppleWebKit/537.36 (KHTML, like Gecko) Chrome/121.0.0.0 Safari/537.36"
180.149.22.50 - - [14/Jul/2025:14:25:08 +0000] "GET /wp-content/uploads/2025/01/Preview-logo-07.png HTTP/1.1" 200 11349 "https://cyber-secure.com.au/?e=106453792071000&mod=0c89807b&uri=brands.php%3Fid%3D3552720-1647%26name%3Dn%3Fke+kyrie" "Mozilla/5.0 (Macintosh; Intel Mac OS X 10_15_7) AppleWebKit/537.36 (KHTML, like Gecko) Chrome/121.0.0.0 Safari/537.36"
161.123.166.7 - - [14/Jul/2025:14:25:08 +0000] "GET /wp-content/uploads/2025/01/Preview-logo-06-1.png HTTP/1.1" 200 13937 "https://cyber-secure.com.au/?e=106453792071000&mod=0c89807b&uri=brands.php%3Fid%3D3552720-1647%26name%3Dn%3Fke+kyrie" "Mozilla/5.0 (Macintosh; Intel Mac OS X 10_15_7) AppleWebKit/537.36 (KHTML, like Gecko) Chrome/121.0.0.0 Safari/537.36"
206.204.58.30 - - [14/Jul/2025:14:25:08 +0000] "GET /wp-content/uploads/2025/01/cyberjpg-015-616x1024.jpg HTTP/1.1" 200 42766 "https://cyber-secure.com.au/?e=106453792071000&mod=0c89807b&uri=brands.php%3Fid%3D3552720-1647%26name%3Dn%3Fke+kyrie" "Mozilla/5.0 (Macintosh; Intel Mac OS X 10_15_7) AppleWebKit/537.36 (KHTML, like Gecko) Chrome/121.0.0.0 Safari/537.36"
142.147.202.104 - - [14/Jul/2025:14:25:08 +0000] "GET /wp-content/uploads/2025/01/cyberjpg-08.jpg HTTP/1.1" 200 136423 "https://cyber-secure.com.au/?e=106453792071000&mod=0c89807b&uri=brands.php%3Fid%3D3552720-1647%26name%3Dn%3Fke+kyrie" "Mozilla/5.0 (Macintosh; Intel Mac OS X 10_15_7) AppleWebKit/537.36 (KHTML, like Gecko) Chrome/121.0.0.0 Safari/537.36"
142.111.165.204 - - [14/Jul/2025:14:25:08 +0000] "GET /wp-content/uploads/2025/01/asset-012.png HTTP/1.1" 200 41605 "https://cyber-secure.com.au/?e=106453792071000&mod=0c89807b&uri=brands.php%3Fid%3D3552720-1647%26name%3Dn%3Fke+kyrie" "Mozilla/5.0 (Macintosh; Intel Mac OS X 10_15_7) AppleWebKit/537.36 (KHTML, like Gecko) Chrome/121.0.0.0 Safari/537.36"
142.111.196.161 - - [14/Jul/2025:14:25:08 +0000] "GET /wp-content/uploads/2025/01/asset-09.png HTTP/1.1" 200 44046 "https://cyber-secure.com.au/?e=106453792071000&mod=0c89807b&uri=brands.php%3Fid%3D3552720-1647%26name%3Dn%3Fke+kyrie" "Mozilla/5.0 (Macintosh; Intel Mac OS X 10_15_7) AppleWebKit/537.36 (KHTML, like Gecko) Chrome/121.0.0.0 Safari/537.36"
142.111.7.35 - - [14/Jul/2025:14:25:08 +0000] "GET /wp-content/uploads/2025/01/Preview-logo-02-1.png HTTP/1.1" 200 9745 "https://cyber-secure.com.au/?e=106453792071000&mod=0c89807b&uri=brands.php%3Fid%3D3552720-1647%26name%3Dn%3Fke+kyrie" "Mozilla/5.0 (Macintosh; Intel Mac OS X 10_15_7) AppleWebKit/537.36 (KHTML, like Gecko) Chrome/121.0.0.0 Safari/537.36"
142.111.165.206 - - [14/Jul/2025:14:25:08 +0000] "GET /wp-content/uploads/2025/01/Untitled-design.png HTTP/1.1" 200 28912 "https://cyber-secure.com.au/?e=106453792071000&mod=0c89807b&uri=brands.php%3Fid%3D3552720-1647%26name%3Dn%3Fke+kyrie" "Mozilla/5.0 (Macintosh; Intel Mac OS X 10_15_7) AppleWebKit/537.36 (KHTML, like Gecko) Chrome/121.0.0.0 Safari/537.36"
23.230.235.123 - - [14/Jul/2025:14:25:08 +0000] "GET /wp-content/uploads/2025/01/award-03.png HTTP/1.1" 200 24104 "https://cyber-secure.com.au/?e=106453792071000&mod=0c89807b&uri=brands.php%3Fid%3D3552720-1647%26name%3Dn%3Fke+kyrie" "Mozilla/5.0 (Macintosh; Intel Mac OS X 10_15_7) AppleWebKit/537.36 (KHTML, like Gecko) Chrome/121.0.0.0 Safari/537.36"
194.53.70.251 - - [14/Jul/2025:14:25:08 +0000] "GET /wp-content/uploads/2025/01/Preview-logo-04-1.png HTTP/1.1" 200 10011 "https://cyber-secure.com.au/?e=106453792071000&mod=0c89807b&uri=brands.php%3Fid%3D3552720-1647%26name%3Dn%3Fke+kyrie" "Mozilla/5.0 (Macintosh; Intel Mac OS X 10_15_7) AppleWebKit/537.36 (KHTML, like Gecko) Chrome/121.0.0.0 Safari/537.36"
45.41.150.83 - - [14/Jul/2025:14:25:08 +0000] "GET /wp-content/uploads/2025/01/Preview-logo-01-1.png HTTP/1.1" 200 11590 "https://cyber-secure.com.au/?e=106453792071000&mod=0c89807b&uri=brands.php%3Fid%3D3552720-1647%26name%3Dn%3Fke+kyrie" "Mozilla/5.0 (Macintosh; Intel Mac OS X 10_15_7) AppleWebKit/537.36 (KHTML, like Gecko) Chrome/121.0.0.0 Safari/537.36"
156.251.86.156 - - [14/Jul/2025:14:25:08 +0000] "GET /wp-content/uploads/2025/01/Preview-logo-08.png HTTP/1.1" 200 11004 "https://cyber-secure.com.au/?e=106453792071000&mod=0c89807b&uri=brands.php%3Fid%3D3552720-1647%26name%3Dn%3Fke+kyrie" "Mozilla/5.0 (Macintosh; Intel Mac OS X 10_15_7) AppleWebKit/537.36 (KHTML, like Gecko) Chrome/121.0.0.0 Safari/537.36"
89.249.57.200 - - [14/Jul/2025:14:25:08 +0000] "GET /wp-content/uploads/2025/01/Preview-logo-05.png HTTP/1.1" 200 10440 "https://cyber-secure.com.au/?e=106453792071000&mod=0c89807b&uri=brands.php%3Fid%3D3552720-1647%26name%3Dn%3Fke+kyrie" "Mozilla/5.0 (Macintosh; Intel Mac OS X 10_15_7) AppleWebKit/537.36 (KHTML, like Gecko) Chrome/121.0.0.0 Safari/537.36"
185.223.249.205 - - [14/Jul/2025:14:25:08 +0000] "GET /wp-content/uploads/2025/01/cyberjpg-07.jpg HTTP/1.1" 200 87754 "https://cyber-secure.com.au/?e=106453792071000&mod=0c89807b&uri=brands.php%3Fid%3D3552720-1647%26name%3Dn%3Fke+kyrie" "Mozilla/5.0 (Macintosh; Intel Mac OS X 10_15_7) AppleWebKit/537.36 (KHTML, like Gecko) Chrome/121.0.0.0 Safari/537.36"
62.122.77.56 - - [14/Jul/2025:14:25:09 +0000] "GET /wp-content/uploads/2025/01/asset-014.png HTTP/1.1" 200 41056 "https://cyber-secure.com.au/?e=106453792071000&mod=0c89807b&uri=brands.php%3Fid%3D3552720-1647%26name%3Dn%3Fke+kyrie" "Mozilla/5.0 (Macintosh; Intel Mac OS X 10_15_7) AppleWebKit/537.36 (KHTML, like Gecko) Chrome/121.0.0.0 Safari/537.36"
5.180.247.205 - - [14/Jul/2025:14:25:09 +0000] "GET /wp-content/uploads/2025/01/Preview-logo-03-1.png HTTP/1.1" 200 12030 "https://cyber-secure.com.au/?e=106453792071000&mod=0c89807b&uri=brands.php%3Fid%3D3552720-1647%26name%3Dn%3Fke+kyrie" "Mozilla/5.0 (Macintosh; Intel Mac OS X 10_15_7) AppleWebKit/537.36 (KHTML, like Gecko) Chrome/121.0.0.0 Safari/537.36"
89.184.199.162 - - [14/Jul/2025:14:25:09 +0000] "GET /wp-content/uploads/2025/01/cyberjpg-014-615x1024.jpg HTTP/1.1" 200 79386 "https://cyber-secure.com.au/?e=106453792071000&mod=0c89807b&uri=brands.php%3Fid%3D3552720-1647%26name%3Dn%3Fke+kyrie" "Mozilla/5.0 (Macintosh; Intel Mac OS X 10_15_7) AppleWebKit/537.36 (KHTML, like Gecko) Chrome/121.0.0.0 Safari/537.36"
38.132.193.108 - - [14/Jul/2025:14:25:17 +0000] "GET /wp-content/uploads/2025/01/Logo-01.png HTTP/1.1" 200 13387 "https://cyber-secure.com.au/?e=106453792071000&mod=0c89807b&uri=brands.php%3Fid%3D3552720-1647%26name%3Dn%3Fke+kyrie" "Mozilla/5.0 (Macintosh; Intel Mac OS X 10_15_7) AppleWebKit/537.36 (KHTML, like Gecko) Chrome/121.0.0.0 Safari/537.36"
209.74.77.214 - - [14/Jul/2025:14:25:42 +0000] "POST /wp-cron.php?doing_wp_cron=1752503142.8054449558258056640625 HTTP/1.1" 200 - "-" "WordPress/6.8.1; https://cyber-secure.com.au"
109.198.46.227 - - [14/Jul/2025:14:25:41 +0000] "GET /?e=106453792071000&mod=0c89807b&uri=brands.php%3Fid%3D3552720-1647%26name%3Dn%3Fke+kyrie HTTP/1.1" 301 - "-" "Mozilla/5.0 (Windows NT 10.0; Win64; x64) AppleWebKit/537.36 (KHTML, like Gecko) Chrome/93.0.0.0 Safari/537.36 Edg/125.0.0.0"
209.74.77.214 - - [14/Jul/2025:14:25:42 +0000] "POST /wp-admin/admin-ajax.php?action=async_litespeed&nonce=GilcBTxGAQUcyuBy4ySO46PgtaF4EStW&litespeed_type=imgoptm HTTP/1.1" 200 21 "-" "WordPress/6.8.1; https://cyber-secure.com.au"
109.198.46.227 - - [14/Jul/2025:14:25:44 +0000] "GET /?e=106453792071000&mod=0c89807b&uri=brands.php%3Fid%3D3552720-1647%26name%3Dn%3Fke%20kyrie HTTP/1.1" 200 26107 "https://cyber-secure.com.au/?e=106453792071000&mod=0c89807b&uri=brands.php%3Fid%3D3552720-1647%26name%3Dn%3Fke+kyrie" "Mozilla/5.0 (Windows NT 10.0; Win64; x64) AppleWebKit/537.36 (KHTML, like Gecko) Chrome/93.0.0.0 Safari/537.36 Edg/125.0.0.0"
185.253.26.40 - - [14/Jul/2025:14:26:00 +0000] "GET / HTTP/1.1" 200 26108 "-" "Mozilla/5.0 (Macintosh; Intel Mac OS X 15_4 ADSSO) AppleWebKit/605.1.15 (KHTML, like Gecko) Version/18.4 Safari/605.1.15"
185.253.26.40 - - [14/Jul/2025:14:26:01 +0000] "GET /wp-content/plugins/jeg-elementor-kit/assets/css/elements/main.css?ver=2.6.13 HTTP/1.1" 200 24960 "https://cyber-secure.com.au/" "Mozilla/5.0 (Macintosh; Intel Mac OS X 15_4 ADSSO) AppleWebKit/605.1.15 (KHTML, like Gecko) Version/18.4 Safari/605.1.15"
185.253.26.40 - - [14/Jul/2025:14:26:01 +0000] "GET /wp-content/plugins/leadconnector/public/css/lc-public.css?ver=3.0.9 HTTP/1.1" 200 106 "https://cyber-secure.com.au/" "Mozilla/5.0 (Macintosh; Intel Mac OS X 15_4 ADSSO) AppleWebKit/605.1.15 (KHTML, like Gecko) Version/18.4 Safari/605.1.15"
185.253.26.40 - - [14/Jul/2025:14:26:01 +0000] "GET /wp-content/uploads/elementor/css/custom-frontend.min.css?ver=1749267014 HTTP/1.1" 200 7099 "https://cyber-secure.com.au/" "Mozilla/5.0 (Macintosh; Intel Mac OS X 15_4 ADSSO) AppleWebKit/605.1.15 (KHTML, like Gecko) Version/18.4 Safari/605.1.15"
185.253.26.40 - - [14/Jul/2025:14:26:01 +0000] "GET /wp-content/uploads/elementor/css/post-8.css?ver=1749267014 HTTP/1.1" 200 2137 "https://cyber-secure.com.au/" "Mozilla/5.0 (Macintosh; Intel Mac OS X 15_4 ADSSO) AppleWebKit/605.1.15 (KHTML, like Gecko) Version/18.4 Safari/605.1.15"
185.253.26.40 - - [14/Jul/2025:14:26:01 +0000] "GET /wp-content/plugins/elementor/assets/css/widget-heading.min.css?ver=3.29.2 HTTP/1.1" 200 189 "https://cyber-secure.com.au/" "Mozilla/5.0 (Macintosh; Intel Mac OS X 15_4 ADSSO) AppleWebKit/605.1.15 (KHTML, like Gecko) Version/18.4 Safari/605.1.15"
185.253.26.40 - - [14/Jul/2025:14:26:01 +0000] "GET /wp-content/plugins/elementor/assets/lib/animations/styles/fadeIn.min.css?ver=3.29.2 HTTP/1.1" 200 79 "https://cyber-secure.com.au/" "Mozilla/5.0 (Macintosh; Intel Mac OS X 15_4 ADSSO) AppleWebKit/605.1.15 (KHTML, like Gecko) Version/18.4 Safari/605.1.15"
185.253.26.40 - - [14/Jul/2025:14:26:01 +0000] "GET /wp-content/plugins/elementor/assets/lib/animations/styles/e-animation-float.min.css?ver=3.29.2 HTTP/1.1" 200 139 "https://cyber-secure.com.au/" "Mozilla/5.0 (Macintosh; Intel Mac OS X 15_4 ADSSO) AppleWebKit/605.1.15 (KHTML, like Gecko) Version/18.4 Safari/605.1.15"
