66.249.73.233 - - [14/Jul/2025:15:22:01 +0000] "GET /item/confo51686236/ HTTP/1.1" 200 40245 "-" "Mozilla/5.0 (Linux; Android 6.0.1; Nexus 5X Build/MMB29P) AppleWebKit/537.36 (KHTML, like Gecko) Chrome/137.0.7151.103 Mobile Safari/537.36 (compatible; GoogleOther)"
209.74.77.214 - - [14/Jul/2025:15:22:19 +0000] "POST /wp-cron.php?doing_wp_cron=1752506539.3639259338378906250000 HTTP/1.1" 200 - "-" "WordPress/6.8.1; https://cyber-secure.com.au"
209.74.77.214 - - [14/Jul/2025:15:22:19 +0000] "POST /wp-admin/admin-ajax.php?action=async_litespeed&nonce=ZypshgG4YfpYdjEUYCCWiXpIX9Vl679B&litespeed_type=imgoptm HTTP/1.1" 200 21 "-" "WordPress/6.8.1; https://cyber-secure.com.au"
54.36.148.10 - - [14/Jul/2025:15:22:18 +0000] "GET /item/alone20940601/ HTTP/1.1" 404 18280 "-" "Mozilla/5.0 (compatible; AhrefsBot/7.0; +http://ahrefs.com/robot/)"
66.249.73.233 - - [14/Jul/2025:15:22:56 +0000] "GET /item/below42541043/ HTTP/1.1" 200 39928 "-" "Mozilla/5.0 (Linux; Android 6.0.1; Nexus 5X Build/MMB29P) AppleWebKit/537.36 (KHTML, like Gecko) Chrome/137.0.7151.103 Mobile Safari/537.36 (compatible; GoogleOther)"
66.249.73.234 - - [14/Jul/2025:15:23:06 +0000] "GET /item/harne30875034/ HTTP/1.1" 200 40220 "-" "Mozilla/5.0 (Linux; Android 6.0.1; Nexus 5X Build/MMB29P) AppleWebKit/537.36 (KHTML, like Gecko) Chrome/137.0.7151.103 Mobile Safari/537.36 (compatible; GoogleOther)"
66.249.73.233 - - [14/Jul/2025:15:23:42 +0000] "GET /item/campa81882319/ HTTP/1.1" 200 40395 "-" "Mozilla/5.0 (Linux; Android 6.0.1; Nexus 5X Build/MMB29P) AppleWebKit/537.36 (KHTML, like Gecko) Chrome/137.0.7151.103 Mobile Safari/537.36 (compatible; GoogleOther)"
66.249.73.234 - - [14/Jul/2025:15:24:21 +0000] "GET /item/tail82456007/ HTTP/1.1" 200 40008 "-" "Mozilla/5.0 (Linux; Android 6.0.1; Nexus 5X Build/MMB29P) AppleWebKit/537.36 (KHTML, like Gecko) Chrome/137.0.7151.103 Mobile Safari/537.36 (compatible; GoogleOther)"
66.249.73.235 - - [14/Jul/2025:15:25:21 +0000] "GET /item/weave61543253/ HTTP/1.1" 200 40590 "-" "Mozilla/5.0 (Linux; Android 6.0.1; Nexus 5X Build/MMB29P) AppleWebKit/537.36 (KHTML, like Gecko) Chrome/137.0.7151.103 Mobile Safari/537.36 (compatible; GoogleOther)"
66.249.73.234 - - [14/Jul/2025:15:29:38 +0000] "GET /item/kit80955935/ HTTP/1.1" 200 40418 "-" "Mozilla/5.0 (Linux; Android 6.0.1; Nexus 5X Build/MMB29P) AppleWebKit/537.36 (KHTML, like Gecko) Chrome/137.0.7151.103 Mobile Safari/537.36 (compatible; GoogleOther)"
66.249.73.235 - - [14/Jul/2025:15:33:10 +0000] "GET /item/delic70240870/ HTTP/1.1" 200 39827 "-" "Mozilla/5.0 (Linux; Android 6.0.1; Nexus 5X Build/MMB29P) AppleWebKit/537.36 (KHTML, like Gecko) Chrome/137.0.7151.103 Mobile Safari/537.36 (compatible; GoogleOther)"
66.249.73.234 - - [14/Jul/2025:15:33:15 +0000] "GET /item/doubl50252980/ HTTP/1.1" 200 40332 "-" "Mozilla/5.0 (Linux; Android 6.0.1; Nexus 5X Build/MMB29P) AppleWebKit/537.36 (KHTML, like Gecko) Chrome/137.0.7151.103 Mobile Safari/537.36 (compatible; Googlebot/2.1; +http://www.google.com/bot.html)"
66.249.73.233 - - [14/Jul/2025:15:33:19 +0000] "POST /get-message-notify HTTP/1.1" 200 40020 "https://cyber-secure.com.au/item/doubl50252980/" "Mozilla/5.0 (Linux; Android 6.0.1; Nexus 5X Build/MMB29P) AppleWebKit/537.36 (KHTML, like Gecko) Chrome/137.0.7151.119 Mobile Safari/537.36 (compatible; Googlebot/2.1; +http://www.google.com/bot.html)"
66.249.73.233 - - [14/Jul/2025:15:33:30 +0000] "GET /item/fix60480309/ HTTP/1.1" 200 39904 "-" "Mozilla/5.0 (Linux; Android 6.0.1; Nexus 5X Build/MMB29P) AppleWebKit/537.36 (KHTML, like Gecko) Chrome/137.0.7151.103 Mobile Safari/537.36 (compatible; GoogleOther)"
66.249.73.233 - - [14/Jul/2025:15:33:51 +0000] "GET /item/ripe70975310/ HTTP/1.1" 200 39918 "-" "Mozilla/5.0 (Linux; Android 6.0.1; Nexus 5X Build/MMB29P) AppleWebKit/537.36 (KHTML, like Gecko) Chrome/137.0.7151.103 Mobile Safari/537.36 (compatible; GoogleOther)"
66.249.73.234 - - [14/Jul/2025:15:34:00 +0000] "GET /item/bank51648596/ HTTP/1.1" 200 40154 "-" "Mozilla/5.0 (Linux; Android 6.0.1; Nexus 5X Build/MMB29P) AppleWebKit/537.36 (KHTML, like Gecko) Chrome/137.0.7151.103 Mobile Safari/537.36 (compatible; GoogleOther)"
66.249.73.234 - - [14/Jul/2025:15:34:11 +0000] "GET /item/pillo60387597/ HTTP/1.1" 200 40160 "-" "Mozilla/5.0 (Linux; Android 6.0.1; Nexus 5X Build/MMB29P) AppleWebKit/537.36 (KHTML, like Gecko) Chrome/137.0.7151.103 Mobile Safari/537.36 (compatible; GoogleOther)"
66.249.73.233 - - [14/Jul/2025:15:34:31 +0000] "GET /item/exces31658378/ HTTP/1.1" 200 40114 "-" "Mozilla/5.0 (Linux; Android 6.0.1; Nexus 5X Build/MMB29P) AppleWebKit/537.36 (KHTML, like Gecko) Chrome/137.0.7151.103 Mobile Safari/537.36 (compatible; GoogleOther)"
66.249.73.233 - - [14/Jul/2025:15:34:51 +0000] "GET /item/fond21099241/ HTTP/1.1" 200 40617 "-" "Mozilla/5.0 (Linux; Android 6.0.1; Nexus 5X Build/MMB29P) AppleWebKit/537.36 (KHTML, like Gecko) Chrome/137.0.7151.103 Mobile Safari/537.36 (compatible; GoogleOther)"
66.249.73.234 - - [14/Jul/2025:15:35:31 +0000] "GET /item/down61988789/ HTTP/1.1" 200 40074 "-" "Mozilla/5.0 (Linux; Android 6.0.1; Nexus 5X Build/MMB29P) AppleWebKit/537.36 (KHTML, like Gecko) Chrome/137.0.7151.103 Mobile Safari/537.36 (compatible; GoogleOther)"
66.249.73.233 - - [14/Jul/2025:15:36:12 +0000] "GET /item/empty61621077/ HTTP/1.1" 200 40102 "-" "Mozilla/5.0 (Linux; Android 6.0.1; Nexus 5X Build/MMB29P) AppleWebKit/537.36 (KHTML, like Gecko) Chrome/137.0.7151.103 Mobile Safari/537.36 (compatible; GoogleOther)"
209.74.77.214 - - [14/Jul/2025:15:36:40 +0000] "POST /wp-cron.php?doing_wp_cron=1752507400.1008861064910888671875 HTTP/1.1" 200 - "-" "WordPress/6.8.1; https://cyber-secure.com.au"
205.185.122.222 - - [14/Jul/2025:15:36:39 +0000] "GET /wp-login.php HTTP/1.1" 200 5406 "-" "Mozilla/5.0 (Macintosh; Intel Mac OS X 10.9; rv:30.0) Gecko/20100101 Firefox/30.0"
209.74.77.214 - - [14/Jul/2025:15:36:40 +0000] "POST /wp-admin/admin-ajax.php?action=async_litespeed&nonce=tAgmhxGdISiedSb3lcyeFS6VtLjjg3Mv&litespeed_type=imgoptm HTTP/1.1" 200 21 "-" "WordPress/6.8.1; https://cyber-secure.com.au"
66.249.73.234 - - [14/Jul/2025:15:36:52 +0000] "GET /item/recor20932393/ HTTP/1.1" 200 39948 "-" "Mozilla/5.0 (Linux; Android 6.0.1; Nexus 5X Build/MMB29P) AppleWebKit/537.36 (KHTML, like Gecko) Chrome/137.0.7151.103 Mobile Safari/537.36 (compatible; GoogleOther)"
209.74.77.214 - - [14/Jul/2025:15:37:26 +0000] "POST /wp-cron.php?doing_wp_cron=1752507446.1357569694519042968750 HTTP/1.1" 200 - "-" "WordPress/6.8.1; https://cyber-secure.com.au"
205.185.122.222 - - [14/Jul/2025:15:37:24 +0000] "POST /wp-login.php HTTP/1.1" 200 5662 "-" "Mozilla/5.0 (Macintosh; Intel Mac OS X 10.9; rv:30.0) Gecko/20100101 Firefox/30.0"
209.74.77.214 - - [14/Jul/2025:15:37:26 +0000] "POST /wp-admin/admin-ajax.php?action=async_litespeed&nonce=sc7KaoB1lDegKD9mYINcI1r2BdaFQVr0&litespeed_type=imgoptm HTTP/1.1" 200 21 "-" "WordPress/6.8.1; https://cyber-secure.com.au"
54.36.148.33 - - [14/Jul/2025:15:37:26 +0000] "GET /item/april12768784/ HTTP/1.1" 404 18281 "-" "Mozilla/5.0 (compatible; AhrefsBot/7.0; +http://ahrefs.com/robot/)"
66.249.73.235 - - [14/Jul/2025:15:38:12 +0000] "GET /item/cinem41292859/ HTTP/1.1" 200 39837 "-" "Mozilla/5.0 (Linux; Android 6.0.1; Nexus 5X Build/MMB29P) AppleWebKit/537.36 (KHTML, like Gecko) Chrome/137.0.7151.103 Mobile Safari/537.36 (compatible; GoogleOther)"
66.249.73.233 - - [14/Jul/2025:15:38:23 +0000] "GET /item/oven20962825/ HTTP/1.1" 200 40650 "-" "Mozilla/5.0 (Linux; Android 6.0.1; Nexus 5X Build/MMB29P) AppleWebKit/537.36 (KHTML, like Gecko) Chrome/137.0.7151.103 Mobile Safari/537.36 (compatible; GoogleOther)"
66.249.73.233 - - [14/Jul/2025:15:38:53 +0000] "GET /item/adapt50529988/ HTTP/1.1" 200 40703 "-" "Mozilla/5.0 (Linux; Android 6.0.1; Nexus 5X Build/MMB29P) AppleWebKit/537.36 (KHTML, like Gecko) Chrome/137.0.7151.103 Mobile Safari/537.36 (compatible; GoogleOther)"
66.249.73.233 - - [14/Jul/2025:15:39:33 +0000] "GET /item/alumi62162597/ HTTP/1.1" 200 40094 "-" "Mozilla/5.0 (Linux; Android 6.0.1; Nexus 5X Build/MMB29P) AppleWebKit/537.36 (KHTML, like Gecko) Chrome/137.0.7151.103 Mobile Safari/537.36 (compatible; GoogleOther)"
66.249.73.234 - - [14/Jul/2025:15:40:13 +0000] "GET /item/brand32647002/ HTTP/1.1" 200 40297 "-" "Mozilla/5.0 (Linux; Android 6.0.1; Nexus 5X Build/MMB29P) AppleWebKit/537.36 (KHTML, like Gecko) Chrome/137.0.7151.103 Mobile Safari/537.36 (compatible; GoogleOther)"
66.249.73.234 - - [14/Jul/2025:15:40:54 +0000] "GET /item/decre21507329/ HTTP/1.1" 200 40235 "-" "Mozilla/5.0 (Linux; Android 6.0.1; Nexus 5X Build/MMB29P) AppleWebKit/537.36 (KHTML, like Gecko) Chrome/137.0.7151.103 Mobile Safari/537.36 (compatible; GoogleOther)"
66.249.73.235 - - [14/Jul/2025:15:41:34 +0000] "GET /item/play22976433/ HTTP/1.1" 200 40168 "-" "Mozilla/5.0 (Linux; Android 6.0.1; Nexus 5X Build/MMB29P) AppleWebKit/537.36 (KHTML, like Gecko) Chrome/137.0.7151.103 Mobile Safari/537.36 (compatible; GoogleOther)"
66.249.73.234 - - [14/Jul/2025:15:42:14 +0000] "GET /item/autum71568630/ HTTP/1.1" 200 40263 "-" "Mozilla/5.0 (Linux; Android 6.0.1; Nexus 5X Build/MMB29P) AppleWebKit/537.36 (KHTML, like Gecko) Chrome/137.0.7151.103 Mobile Safari/537.36 (compatible; GoogleOther)"
66.249.73.234 - - [14/Jul/2025:15:42:29 +0000] "GET /item/germa30895226/ HTTP/1.1" 200 40309 "-" "Mozilla/5.0 (Linux; Android 6.0.1; Nexus 5X Build/MMB29P) AppleWebKit/537.36 (KHTML, like Gecko) Chrome/137.0.7151.103 Mobile Safari/537.36 (compatible; GoogleOther)"
66.249.73.233 - - [14/Jul/2025:15:42:55 +0000] "GET /item/vote32526418/ HTTP/1.1" 200 40559 "-" "Mozilla/5.0 (Linux; Android 6.0.1; Nexus 5X Build/MMB29P) AppleWebKit/537.36 (KHTML, like Gecko) Chrome/137.0.7151.103 Mobile Safari/537.36 (compatible; GoogleOther)"
66.249.73.233 - - [14/Jul/2025:15:43:35 +0000] "GET /item/afric22157377/ HTTP/1.1" 200 39885 "-" "Mozilla/5.0 (Linux; Android 6.0.1; Nexus 5X Build/MMB29P) AppleWebKit/537.36 (KHTML, like Gecko) Chrome/137.0.7151.103 Mobile Safari/537.36 (compatible; GoogleOther)"
66.249.73.233 - - [14/Jul/2025:15:44:15 +0000] "GET /item/hoax30755842/ HTTP/1.1" 200 40240 "-" "Mozilla/5.0 (Linux; Android 6.0.1; Nexus 5X Build/MMB29P) AppleWebKit/537.36 (KHTML, like Gecko) Chrome/137.0.7151.103 Mobile Safari/537.36 (compatible; GoogleOther)"
66.249.73.233 - - [14/Jul/2025:15:44:56 +0000] "GET /item/happi22358713/ HTTP/1.1" 200 40237 "-" "Mozilla/5.0 (Linux; Android 6.0.1; Nexus 5X Build/MMB29P) AppleWebKit/537.36 (KHTML, like Gecko) Chrome/137.0.7151.103 Mobile Safari/537.36 (compatible; GoogleOther)"
66.249.73.235 - - [14/Jul/2025:15:45:36 +0000] "GET /item/out82452487/ HTTP/1.1" 200 40125 "-" "Mozilla/5.0 (Linux; Android 6.0.1; Nexus 5X Build/MMB29P) AppleWebKit/537.36 (KHTML, like Gecko) Chrome/137.0.7151.103 Mobile Safari/537.36 (compatible; GoogleOther)"
66.249.73.235 - - [14/Jul/2025:15:46:16 +0000] "GET /item/typic81875191/ HTTP/1.1" 200 40118 "-" "Mozilla/5.0 (Linux; Android 6.0.1; Nexus 5X Build/MMB29P) AppleWebKit/537.36 (KHTML, like Gecko) Chrome/137.0.7151.103 Mobile Safari/537.36 (compatible; GoogleOther)"
66.249.73.233 - - [14/Jul/2025:15:46:32 +0000] "POST /get-message-notify HTTP/1.1" 200 40029 "https://cyber-secure.com.au/item/out82452487/" "Mozilla/5.0 (Linux; Android 6.0.1; Nexus 5X Build/MMB29P) AppleWebKit/537.36 (KHTML, like Gecko) Chrome/137.0.7151.119 Mobile Safari/537.36 (compatible; Googlebot/2.1; +http://www.google.com/bot.html)"
66.249.73.233 - - [14/Jul/2025:15:46:57 +0000] "GET /item/reaso62861613/ HTTP/1.1" 200 39938 "-" "Mozilla/5.0 (Linux; Android 6.0.1; Nexus 5X Build/MMB29P) AppleWebKit/537.36 (KHTML, like Gecko) Chrome/137.0.7151.103 Mobile Safari/537.36 (compatible; GoogleOther)"
66.249.73.234 - - [14/Jul/2025:15:48:17 +0000] "GET /item/erase41176659/ HTTP/1.1" 200 39846 "-" "Mozilla/5.0 (Linux; Android 6.0.1; Nexus 5X Build/MMB29P) AppleWebKit/537.36 (KHTML, like Gecko) Chrome/137.0.7151.103 Mobile Safari/537.36 (compatible; GoogleOther)"
66.249.73.233 - - [14/Jul/2025:15:48:57 +0000] "GET /item/king51984316/ HTTP/1.1" 200 39983 "-" "Mozilla/5.0 (Linux; Android 6.0.1; Nexus 5X Build/MMB29P) AppleWebKit/537.36 (KHTML, like Gecko) Chrome/137.0.7151.103 Mobile Safari/537.36 (compatible; GoogleOther)"
66.249.73.235 - - [14/Jul/2025:15:49:38 +0000] "GET /item/beef41696723/ HTTP/1.1" 200 40238 "-" "Mozilla/5.0 (Linux; Android 6.0.1; Nexus 5X Build/MMB29P) AppleWebKit/537.36 (KHTML, like Gecko) Chrome/137.0.7151.103 Mobile Safari/537.36 (compatible; GoogleOther)"
209.74.77.214 - - [14/Jul/2025:15:50:15 +0000] "POST /wp-cron.php?doing_wp_cron=1752508215.0865859985351562500000 HTTP/1.1" 200 - "-" "WordPress/6.8.1; https://cyber-secure.com.au"
209.74.77.214 - - [14/Jul/2025:15:50:15 +0000] "POST /wp-cron.php?doing_wp_cron=1752508215.0876529216766357421875 HTTP/1.1" 200 - "-" "WordPress/6.8.1; https://cyber-secure.com.au"
209.74.77.214 - - [14/Jul/2025:15:50:15 +0000] "POST /wp-cron.php?doing_wp_cron=1752508215.0807580947875976562500 HTTP/1.1" 200 - "-" "WordPress/6.8.1; https://cyber-secure.com.au"
209.74.77.214 - - [14/Jul/2025:15:50:15 +0000] "POST /wp-cron.php?doing_wp_cron=1752508215.0835900306701660156250 HTTP/1.1" 200 - "-" "WordPress/6.8.1; https://cyber-secure.com.au"
185.36.81.36 - - [14/Jul/2025:15:50:14 +0000] "GET /fckeditor/editor/filemanager/upload/php/upload.php HTTP/1.1" 404 18283 "-" "Mozilla/5.0 (Windows NT 10.0; Win64; x64) AppleWebKit/537.36 (KHTML, like Gecko) Chrome/138.0.7204.50 Safari/537.36"
185.36.81.36 - - [14/Jul/2025:15:50:14 +0000] "GET /admin/ckeditor/fileman/php/upload.php HTTP/1.1" 404 18284 "-" "Mozilla/5.0 (Windows NT 10.0; Win64; x64) AppleWebKit/537.36 (KHTML, like Gecko) Chrome/138.0.7204.50 Safari/537.36"
185.36.81.36 - - [14/Jul/2025:15:50:14 +0000] "GET /admin/FCKeditor/editor/filemanager/upload/php/upload.php HTTP/1.1" 404 18283 "-" "Mozilla/5.0 (Windows NT 10.0; Win64; x64) AppleWebKit/537.36 (KHTML, like Gecko) Chrome/138.0.7204.50 Safari/537.36"
185.36.81.36 - - [14/Jul/2025:15:50:14 +0000] "GET /plugins/fileman/php/upload.php HTTP/1.1" 404 18282 "-" "Mozilla/5.0 (Windows NT 10.0; Win64; x64) AppleWebKit/537.36 (KHTML, like Gecko) Chrome/138.0.7204.50 Safari/537.36"
185.36.81.36 - - [14/Jul/2025:15:50:14 +0000] "GET /mambots/editors/fckeditor/editor/filemanager/upload/php/upload.php HTTP/1.1" 404 18282 "-" "Mozilla/5.0 (Windows NT 10.0; Win64; x64) AppleWebKit/537.36 (KHTML, like Gecko) Chrome/138.0.7204.50 Safari/537.36"
185.36.81.36 - - [14/Jul/2025:15:50:14 +0000] "GET /admin/ckeditor/plugins/fileman/php/upload.php HTTP/1.1" 404 18283 "-" "Mozilla/5.0 (Windows NT 10.0; Win64; x64) AppleWebKit/537.36 (KHTML, like Gecko) Chrome/138.0.7204.50 Safari/537.36"
185.36.81.36 - - [14/Jul/2025:15:50:14 +0000] "GET /includes/fckeditor/editor/filemanager/upload/php/upload.php HTTP/1.1" 404 18284 "-" "Mozilla/5.0 (Windows NT 10.0; Win64; x64) AppleWebKit/537.36 (KHTML, like Gecko) Chrome/138.0.7204.50 Safari/537.36"
185.36.81.36 - - [14/Jul/2025:15:50:14 +0000] "GET /ckeditor/fileman/php/upload.php HTTP/1.1" 404 18283 "-" "Mozilla/5.0 (Windows NT 10.0; Win64; x64) AppleWebKit/537.36 (KHTML, like Gecko) Chrome/138.0.7204.50 Safari/537.36"
185.36.81.36 - - [14/Jul/2025:15:50:14 +0000] "GET /admin/includes/FCKeditor/editor/filemanager/upload/php/upload.php HTTP/1.1" 404 18284 "-" "Mozilla/5.0 (Windows NT 10.0; Win64; x64) AppleWebKit/537.36 (KHTML, like Gecko) Chrome/138.0.7204.50 Safari/537.36"
185.36.81.36 - - [14/Jul/2025:15:50:14 +0000] "GET /js/ckeditor/fileman/php/upload.php HTTP/1.1" 404 18283 "-" "Mozilla/5.0 (Windows NT 10.0; Win64; x64) AppleWebKit/537.36 (KHTML, like Gecko) Chrome/138.0.7204.50 Safari/537.36"
185.36.81.36 - - [14/Jul/2025:15:50:14 +0000] "GET /js/fileman/php/upload.php HTTP/1.1" 404 18283 "-" "Mozilla/5.0 (Windows NT 10.0; Win64; x64) AppleWebKit/537.36 (KHTML, like Gecko) Chrome/138.0.7204.50 Safari/537.36"
185.36.81.36 - - [14/Jul/2025:15:50:14 +0000] "GET /ckeditor/plugins/fileman/php/upload.php HTTP/1.1" 404 18284 "-" "Mozilla/5.0 (Windows NT 10.0; Win64; x64) AppleWebKit/537.36 (KHTML, like Gecko) Chrome/138.0.7204.50 Safari/537.36"
185.36.81.36 - - [14/Jul/2025:15:50:14 +0000] "GET /js/fckeditor/editor/filemanager/upload/php/upload.php HTTP/1.1" 404 18284 "-" "Mozilla/5.0 (Windows NT 10.0; Win64; x64) AppleWebKit/537.36 (KHTML, like Gecko) Chrome/138.0.7204.50 Safari/537.36"
185.36.81.36 - - [14/Jul/2025:15:50:14 +0000] "GET /editor/filemanager/upload/php/upload.php HTTP/1.1" 404 18284 "-" "Mozilla/5.0 (Windows NT 10.0; Win64; x64) AppleWebKit/537.36 (KHTML, like Gecko) Chrome/138.0.7204.50 Safari/537.36"
185.36.81.36 - - [14/Jul/2025:15:50:14 +0000] "GET /fileman/php/upload.php HTTP/1.1" 404 18283 "-" "Mozilla/5.0 (Windows NT 10.0; Win64; x64) AppleWebKit/537.36 (KHTML, like Gecko) Chrome/138.0.7204.50 Safari/537.36"
185.36.81.36 - - [14/Jul/2025:15:50:14 +0000] "GET /editor/editor/filemanager/upload/php/upload.php HTTP/1.1" 404 18284 "-" "Mozilla/5.0 (Windows NT 10.0; Win64; x64) AppleWebKit/537.36 (KHTML, like Gecko) Chrome/138.0.7204.50 Safari/537.36"
185.36.81.36 - - [14/Jul/2025:15:50:14 +0000] "GET /FCKeditor/editor/filemanager/upload/php/upload.php HTTP/1.1" 404 18284 "-" "Mozilla/5.0 (Windows NT 10.0; Win64; x64) AppleWebKit/537.36 (KHTML, like Gecko) Chrome/138.0.7204.50 Safari/537.36"
209.74.77.214 - - [14/Jul/2025:15:50:15 +0000] "POST /wp-admin/admin-ajax.php?action=async_litespeed&nonce=6gLmQ3p4oV4niCiIZ7AFqfJym0N56XEL&litespeed_type=imgoptm HTTP/1.1" 200 21 "-" "WordPress/6.8.1; https://cyber-secure.com.au"
185.36.81.36 - - [14/Jul/2025:15:50:14 +0000] "GET /admin/fckeditor/editor/filemanager/upload/php/upload.php HTTP/1.1" 404 18284 "-" "Mozilla/5.0 (Windows NT 10.0; Win64; x64) AppleWebKit/537.36 (KHTML, like Gecko) Chrome/138.0.7204.50 Safari/537.36"
185.36.81.36 - - [14/Jul/2025:15:50:14 +0000] "GET /admin/fileman/php/upload.php HTTP/1.1" 404 18285 "-" "Mozilla/5.0 (Windows NT 10.0; Win64; x64) AppleWebKit/537.36 (KHTML, like Gecko) Chrome/138.0.7204.50 Safari/537.36"
66.249.73.235 - - [14/Jul/2025:15:50:20 +0000] "GET /item/adj70121694/ HTTP/1.1" 200 40008 "-" "Mozilla/5.0 (Linux; Android 6.0.1; Nexus 5X Build/MMB29P) AppleWebKit/537.36 (KHTML, like Gecko) Chrome/137.0.7151.103 Mobile Safari/537.36 (compatible; GoogleOther)"
66.249.73.233 - - [14/Jul/2025:15:50:58 +0000] "GET /item/tasty60569621/ HTTP/1.1" 200 40814 "-" "Mozilla/5.0 (Linux; Android 6.0.1; Nexus 5X Build/MMB29P) AppleWebKit/537.36 (KHTML, like Gecko) Chrome/137.0.7151.103 Mobile Safari/537.36 (compatible; GoogleOther)"
54.36.149.56 - - [14/Jul/2025:15:51:04 +0000] "GET /item/argum62298861/ HTTP/1.1" 404 18281 "-" "Mozilla/5.0 (compatible; AhrefsBot/7.0; +http://ahrefs.com/robot/)"
66.249.73.233 - - [14/Jul/2025:15:51:38 +0000] "GET /item/net12229600/ HTTP/1.1" 200 40487 "-" "Mozilla/5.0 (Linux; Android 6.0.1; Nexus 5X Build/MMB29P) AppleWebKit/537.36 (KHTML, like Gecko) Chrome/137.0.7151.103 Mobile Safari/537.36 (compatible; GoogleOther)"
66.249.73.233 - - [14/Jul/2025:15:52:19 +0000] "GET /item/refra10678080/ HTTP/1.1" 200 40073 "-" "Mozilla/5.0 (Linux; Android 6.0.1; Nexus 5X Build/MMB29P) AppleWebKit/537.36 (KHTML, like Gecko) Chrome/137.0.7151.103 Mobile Safari/537.36 (compatible; GoogleOther)"
66.249.73.233 - - [14/Jul/2025:15:52:25 +0000] "POST /get-message-notify HTTP/1.1" 200 40089 "https://cyber-secure.com.au/item/net12229600/" "Mozilla/5.0 (Linux; Android 6.0.1; Nexus 5X Build/MMB29P) AppleWebKit/537.36 (KHTML, like Gecko) Chrome/137.0.7151.119 Mobile Safari/537.36 (compatible; Googlebot/2.1; +http://www.google.com/bot.html)"
66.249.73.233 - - [14/Jul/2025:15:52:30 +0000] "GET /item/notif51683708/ HTTP/1.1" 200 40070 "-" "Mozilla/5.0 (Linux; Android 6.0.1; Nexus 5X Build/MMB29P) AppleWebKit/537.36 (KHTML, like Gecko) Chrome/137.0.7151.103 Mobile Safari/537.36 (compatible; GoogleOther)"
66.249.73.233 - - [14/Jul/2025:15:52:59 +0000] "GET /item/fall32341538/ HTTP/1.1" 200 40125 "-" "Mozilla/5.0 (Linux; Android 6.0.1; Nexus 5X Build/MMB29P) AppleWebKit/537.36 (KHTML, like Gecko) Chrome/137.0.7151.103 Mobile Safari/537.36 (compatible; GoogleOther)"
66.249.73.234 - - [14/Jul/2025:15:53:39 +0000] "GET /item/scout21739409/ HTTP/1.1" 200 40146 "-" "Mozilla/5.0 (Linux; Android 6.0.1; Nexus 5X Build/MMB29P) AppleWebKit/537.36 (KHTML, like Gecko) Chrome/137.0.7151.103 Mobile Safari/537.36 (compatible; GoogleOther)"
66.249.73.235 - - [14/Jul/2025:15:54:20 +0000] "GET /item/slave82889903/ HTTP/1.1" 200 40316 "-" "Mozilla/5.0 (Linux; Android 6.0.1; Nexus 5X Build/MMB29P) AppleWebKit/537.36 (KHTML, like Gecko) Chrome/137.0.7151.103 Mobile Safari/537.36 (compatible; GoogleOther)"
66.249.73.235 - - [14/Jul/2025:15:55:00 +0000] "GET /item/semes32445610/ HTTP/1.1" 200 40399 "-" "Mozilla/5.0 (Linux; Android 6.0.1; Nexus 5X Build/MMB29P) AppleWebKit/537.36 (KHTML, like Gecko) Chrome/137.0.7151.103 Mobile Safari/537.36 (compatible; GoogleOther)"
66.249.73.233 - - [14/Jul/2025:15:55:40 +0000] "GET /item/fatal20834065/ HTTP/1.1" 200 40108 "-" "Mozilla/5.0 (Linux; Android 6.0.1; Nexus 5X Build/MMB29P) AppleWebKit/537.36 (KHTML, like Gecko) Chrome/137.0.7151.103 Mobile Safari/537.36 (compatible; GoogleOther)"
66.249.73.235 - - [14/Jul/2025:15:56:22 +0000] "GET /item/fast40120603/ HTTP/1.1" 200 40040 "-" "Mozilla/5.0 (Linux; Android 6.0.1; Nexus 5X Build/MMB29P) AppleWebKit/537.36 (KHTML, like Gecko) Chrome/137.0.7151.103 Mobile Safari/537.36 (compatible; GoogleOther)"
66.249.73.234 - - [14/Jul/2025:15:57:01 +0000] "GET /item/rear51055020/ HTTP/1.1" 200 39934 "-" "Mozilla/5.0 (Linux; Android 6.0.1; Nexus 5X Build/MMB29P) AppleWebKit/537.36 (KHTML, like Gecko) Chrome/137.0.7151.103 Mobile Safari/537.36 (compatible; GoogleOther)"
66.249.73.233 - - [14/Jul/2025:15:57:41 +0000] "GET /item/dilig11722360/ HTTP/1.1" 200 40056 "-" "Mozilla/5.0 (Linux; Android 6.0.1; Nexus 5X Build/MMB29P) AppleWebKit/537.36 (KHTML, like Gecko) Chrome/137.0.7151.103 Mobile Safari/537.36 (compatible; GoogleOther)"
66.249.73.233 - - [14/Jul/2025:15:57:52 +0000] "GET /item/fog72582766/ HTTP/1.1" 200 40035 "-" "Mozilla/5.0 (Linux; Android 6.0.1; Nexus 5X Build/MMB29P) AppleWebKit/537.36 (KHTML, like Gecko) Chrome/137.0.7151.103 Mobile Safari/537.36 (compatible; GoogleOther)"
66.249.73.235 - - [14/Jul/2025:15:58:21 +0000] "GET /item/town20732209/ HTTP/1.1" 200 40081 "-" "Mozilla/5.0 (Linux; Android 6.0.1; Nexus 5X Build/MMB29P) AppleWebKit/537.36 (KHTML, like Gecko) Chrome/137.0.7151.103 Mobile Safari/537.36 (compatible; GoogleOther)"
66.249.73.235 - - [14/Jul/2025:15:59:02 +0000] "GET /item/evolv70074382/ HTTP/1.1" 200 40338 "-" "Mozilla/5.0 (Linux; Android 6.0.1; Nexus 5X Build/MMB29P) AppleWebKit/537.36 (KHTML, like Gecko) Chrome/137.0.7151.103 Mobile Safari/537.36 (compatible; GoogleOther)"
66.249.73.234 - - [14/Jul/2025:15:59:48 +0000] "GET /item/impor30056162/ HTTP/1.1" 200 40786 "-" "Mozilla/5.0 (Linux; Android 6.0.1; Nexus 5X Build/MMB29P) AppleWebKit/537.36 (KHTML, like Gecko) Chrome/137.0.7151.103 Mobile Safari/537.36 (compatible; GoogleOther)"
66.249.73.235 - - [14/Jul/2025:16:00:22 +0000] "GET /item/mom22557625/ HTTP/1.1" 200 40685 "-" "Mozilla/5.0 (Linux; Android 6.0.1; Nexus 5X Build/MMB29P) AppleWebKit/537.36 (KHTML, like Gecko) Chrome/137.0.7151.103 Mobile Safari/537.36 (compatible; GoogleOther)"
66.249.73.233 - - [14/Jul/2025:16:01:03 +0000] "GET /item/rival81998111/ HTTP/1.1" 200 40893 "-" "Mozilla/5.0 (Linux; Android 6.0.1; Nexus 5X Build/MMB29P) AppleWebKit/537.36 (KHTML, like Gecko) Chrome/137.0.7151.103 Mobile Safari/537.36 (compatible; GoogleOther)"
66.249.73.234 - - [14/Jul/2025:16:01:43 +0000] "GET /item/limit72478550/ HTTP/1.1" 200 40305 "-" "Mozilla/5.0 (Linux; Android 6.0.1; Nexus 5X Build/MMB29P) AppleWebKit/537.36 (KHTML, like Gecko) Chrome/137.0.7151.103 Mobile Safari/537.36 (compatible; GoogleOther)"
66.249.73.233 - - [14/Jul/2025:16:01:57 +0000] "POST /get-message-notify HTTP/1.1" 200 39951 "https://cyber-secure.com.au/item/germa30895226/" "Mozilla/5.0 (Linux; Android 6.0.1; Nexus 5X Build/MMB29P) AppleWebKit/537.36 (KHTML, like Gecko) Chrome/137.0.7151.119 Mobile Safari/537.36 (compatible; Googlebot/2.1; +http://www.google.com/bot.html)"
66.249.73.234 - - [14/Jul/2025:16:02:23 +0000] "GET /item/unloa11863168/ HTTP/1.1" 200 41395 "-" "Mozilla/5.0 (Linux; Android 6.0.1; Nexus 5X Build/MMB29P) AppleWebKit/537.36 (KHTML, like Gecko) Chrome/137.0.7151.103 Mobile Safari/537.36 (compatible; GoogleOther)"
66.249.73.235 - - [14/Jul/2025:16:03:03 +0000] "GET /item/urgen31931138/ HTTP/1.1" 200 39983 "-" "Mozilla/5.0 (Linux; Android 6.0.1; Nexus 5X Build/MMB29P) AppleWebKit/537.36 (KHTML, like Gecko) Chrome/137.0.7151.103 Mobile Safari/537.36 (compatible; GoogleOther)"
66.249.73.233 - - [14/Jul/2025:16:03:44 +0000] "GET /item/gathe30902874/ HTTP/1.1" 200 40100 "-" "Mozilla/5.0 (Linux; Android 6.0.1; Nexus 5X Build/MMB29P) AppleWebKit/537.36 (KHTML, like Gecko) Chrome/137.0.7151.103 Mobile Safari/537.36 (compatible; GoogleOther)"
209.74.77.214 - - [14/Jul/2025:16:03:45 +0000] "POST /wp-cron.php?doing_wp_cron=1752509025.1802399158477783203125 HTTP/1.1" 200 - "-" "WordPress/6.8.1; https://cyber-secure.com.au"
209.74.77.214 - - [14/Jul/2025:16:03:45 +0000] "POST /wp-admin/admin-ajax.php?action=async_litespeed&nonce=3QLxpmBtefx6TCgdhrEFEVS211a9d0D3&litespeed_type=imgoptm HTTP/1.1" 200 21 "-" "WordPress/6.8.1; https://cyber-secure.com.au"
54.36.148.37 - - [14/Jul/2025:16:03:43 +0000] "GET /item/atom%2020035817/ HTTP/1.1" 404 18281 "-" "Mozilla/5.0 (compatible; AhrefsBot/7.0; +http://ahrefs.com/robot/)"
66.249.73.233 - - [14/Jul/2025:16:03:56 +0000] "GET /item/pride50600348/ HTTP/1.1" 200 39845 "-" "Mozilla/5.0 (Linux; Android 6.0.1; Nexus 5X Build/MMB29P) AppleWebKit/537.36 (KHTML, like Gecko) Chrome/137.0.7151.103 Mobile Safari/537.36 (compatible; GoogleOther)"
66.249.73.235 - - [14/Jul/2025:16:04:24 +0000] "GET /item/thriv62274781/ HTTP/1.1" 200 39777 "-" "Mozilla/5.0 (Linux; Android 6.0.1; Nexus 5X Build/MMB29P) AppleWebKit/537.36 (KHTML, like Gecko) Chrome/137.0.7151.103 Mobile Safari/537.36 (compatible; GoogleOther)"
66.249.73.233 - - [14/Jul/2025:16:04:49 +0000] "POST /get-message-notify HTTP/1.1" 200 39921 "https://cyber-secure.com.au/item/thriv62274781/" "Mozilla/5.0 (Linux; Android 6.0.1; Nexus 5X Build/MMB29P) AppleWebKit/537.36 (KHTML, like Gecko) Chrome/137.0.7151.119 Mobile Safari/537.36 (compatible; Googlebot/2.1; +http://www.google.com/bot.html)"
66.249.73.235 - - [14/Jul/2025:16:05:04 +0000] "GET /item/eleve21613265/ HTTP/1.1" 200 40376 "-" "Mozilla/5.0 (Linux; Android 6.0.1; Nexus 5X Build/MMB29P) AppleWebKit/537.36 (KHTML, like Gecko) Chrome/137.0.7151.103 Mobile Safari/537.36 (compatible; GoogleOther)"
66.249.73.233 - - [14/Jul/2025:16:05:46 +0000] "GET /item/odor80135871/ HTTP/1.1" 200 40504 "-" "Mozilla/5.0 (Linux; Android 6.0.1; Nexus 5X Build/MMB29P) AppleWebKit/537.36 (KHTML, like Gecko) Chrome/137.0.7151.103 Mobile Safari/537.36 (compatible; GoogleOther)"
66.249.73.234 - - [14/Jul/2025:16:06:20 +0000] "POST /get-message-notify HTTP/1.1" 200 40116 "https://cyber-secure.com.au/item/dilig11722360/" "Mozilla/5.0 (Linux; Android 6.0.1; Nexus 5X Build/MMB29P) AppleWebKit/537.36 (KHTML, like Gecko) Chrome/137.0.7151.119 Mobile Safari/537.36 (compatible; Googlebot/2.1; +http://www.google.com/bot.html)"
66.249.73.234 - - [14/Jul/2025:16:06:25 +0000] "GET /item/veto20339905/ HTTP/1.1" 200 40929 "-" "Mozilla/5.0 (Linux; Android 6.0.1; Nexus 5X Build/MMB29P) AppleWebKit/537.36 (KHTML, like Gecko) Chrome/137.0.7151.103 Mobile Safari/537.36 (compatible; GoogleOther)"
66.249.73.235 - - [14/Jul/2025:16:07:05 +0000] "GET /item/toast22569329/ HTTP/1.1" 200 39903 "-" "Mozilla/5.0 (Linux; Android 6.0.1; Nexus 5X Build/MMB29P) AppleWebKit/537.36 (KHTML, like Gecko) Chrome/137.0.7151.103 Mobile Safari/537.36 (compatible; GoogleOther)"
66.249.73.233 - - [14/Jul/2025:16:07:46 +0000] "GET /item/teles32027234/ HTTP/1.1" 200 40895 "-" "Mozilla/5.0 (Linux; Android 6.0.1; Nexus 5X Build/MMB29P) AppleWebKit/537.36 (KHTML, like Gecko) Chrome/137.0.7151.103 Mobile Safari/537.36 (compatible; GoogleOther)"
66.249.73.234 - - [14/Jul/2025:16:08:14 +0000] "GET /item/takeo41669907/ HTTP/1.1" 200 39921 "-" "Mozilla/5.0 (Linux; Android 6.0.1; Nexus 5X Build/MMB29P) AppleWebKit/537.36 (KHTML, like Gecko) Chrome/137.0.7151.103 Mobile Safari/537.36 (compatible; GoogleOther)"
66.249.73.233 - - [14/Jul/2025:16:08:26 +0000] "GET /item/bar70727062/ HTTP/1.1" 200 40007 "-" "Mozilla/5.0 (Linux; Android 6.0.1; Nexus 5X Build/MMB29P) AppleWebKit/537.36 (KHTML, like Gecko) Chrome/137.0.7151.103 Mobile Safari/537.36 (compatible; GoogleOther)"
66.249.73.233 - - [14/Jul/2025:16:09:06 +0000] "GET /item/makeu20814393/ HTTP/1.1" 200 41223 "-" "Mozilla/5.0 (Linux; Android 6.0.1; Nexus 5X Build/MMB29P) AppleWebKit/537.36 (KHTML, like Gecko) Chrome/137.0.7151.103 Mobile Safari/537.36 (compatible; GoogleOther)"
66.249.73.233 - - [14/Jul/2025:16:09:46 +0000] "GET /item/mall11465512/ HTTP/1.1" 200 40206 "-" "Mozilla/5.0 (Linux; Android 6.0.1; Nexus 5X Build/MMB29P) AppleWebKit/537.36 (KHTML, like Gecko) Chrome/137.0.7151.103 Mobile Safari/537.36 (compatible; GoogleOther)"
66.249.73.235 - - [14/Jul/2025:16:10:27 +0000] "GET /item/urban31315442/ HTTP/1.1" 200 41372 "-" "Mozilla/5.0 (Linux; Android 6.0.1; Nexus 5X Build/MMB29P) AppleWebKit/537.36 (KHTML, like Gecko) Chrome/137.0.7151.103 Mobile Safari/537.36 (compatible; GoogleOther)"
209.74.77.214 - - [14/Jul/2025:16:10:32 +0000] "POST /wp-cron.php?doing_wp_cron=1752509432.9448890686035156250000 HTTP/1.1" 200 - "-" "WordPress/6.8.1; https://cyber-secure.com.au"
209.141.55.27 - - [14/Jul/2025:16:10:31 +0000] "GET /wp-login.php HTTP/1.1" 200 5406 "-" "Mozilla/5.0 (X11; Linux i686) AppleWebKit/537.36 (KHTML, like Gecko) Chrome/36.0.1985.125 Safari/537.36"
209.74.77.214 - - [14/Jul/2025:16:10:33 +0000] "POST /wp-admin/admin-ajax.php?action=async_litespeed&nonce=ySktNsbfpaxGWZWOHrl2G286QNk8l53f&litespeed_type=imgoptm HTTP/1.1" 200 21 "-" "WordPress/6.8.1; https://cyber-secure.com.au"
54.36.149.58 - - [14/Jul/2025:16:10:33 +0000] "GET /item/capti42482875/ HTTP/1.1" 404 18282 "-" "Mozilla/5.0 (compatible; AhrefsBot/7.0; +http://ahrefs.com/robot/)"
66.249.73.234 - - [14/Jul/2025:16:11:07 +0000] "GET /item/recov20974113/ HTTP/1.1" 200 39886 "-" "Mozilla/5.0 (Linux; Android 6.0.1; Nexus 5X Build/MMB29P) AppleWebKit/537.36 (KHTML, like Gecko) Chrome/137.0.7151.103 Mobile Safari/537.36 (compatible; GoogleOther)"
66.249.73.234 - - [14/Jul/2025:16:11:39 +0000] "POST /get-message-notify HTTP/1.1" 200 39931 "https://cyber-secure.com.au/item/recov20974113/" "Mozilla/5.0 (Linux; Android 6.0.1; Nexus 5X Build/MMB29P) AppleWebKit/537.36 (KHTML, like Gecko) Chrome/137.0.7151.119 Mobile Safari/537.36 (compatible; Googlebot/2.1; +http://www.google.com/bot.html)"
66.249.73.233 - - [14/Jul/2025:16:11:47 +0000] "GET /item/rouse12983432/ HTTP/1.1" 200 40431 "-" "Mozilla/5.0 (Linux; Android 6.0.1; Nexus 5X Build/MMB29P) AppleWebKit/537.36 (KHTML, like Gecko) Chrome/137.0.7151.103 Mobile Safari/537.36 (compatible; GoogleOther)"
209.74.77.214 - - [14/Jul/2025:16:11:55 +0000] "POST /wp-cron.php?doing_wp_cron=1752509515.8244969844818115234375 HTTP/1.1" 200 - "-" "WordPress/6.8.1; https://cyber-secure.com.au"
209.141.55.27 - - [14/Jul/2025:16:11:55 +0000] "POST /wp-login.php HTTP/1.1" 200 5662 "-" "Mozilla/5.0 (X11; Linux i686) AppleWebKit/537.36 (KHTML, like Gecko) Chrome/36.0.1985.125 Safari/537.36"
209.74.77.214 - - [14/Jul/2025:16:11:55 +0000] "POST /wp-admin/admin-ajax.php?action=async_litespeed&nonce=9QgUiDI62BeNVy4FLQwUUJU5yeT45wTI&litespeed_type=imgoptm HTTP/1.1" 200 21 "-" "WordPress/6.8.1; https://cyber-secure.com.au"
66.249.73.234 - - [14/Jul/2025:16:12:28 +0000] "GET /item/pan61311021/ HTTP/1.1" 200 40568 "-" "Mozilla/5.0 (Linux; Android 6.0.1; Nexus 5X Build/MMB29P) AppleWebKit/537.36 (KHTML, like Gecko) Chrome/137.0.7151.103 Mobile Safari/537.36 (compatible; GoogleOther)"
66.249.73.234 - - [14/Jul/2025:16:12:32 +0000] "POST /get-message-notify HTTP/1.1" 200 39974 "https://cyber-secure.com.au/item/pan61311021/" "Mozilla/5.0 (Linux; Android 6.0.1; Nexus 5X Build/MMB29P) AppleWebKit/537.36 (KHTML, like Gecko) Chrome/137.0.7151.119 Mobile Safari/537.36 (compatible; Googlebot/2.1; +http://www.google.com/bot.html)"
66.249.73.233 - - [14/Jul/2025:16:12:39 +0000] "GET /item/insta32341482/ HTTP/1.1" 200 39907 "-" "Mozilla/5.0 (Linux; Android 6.0.1; Nexus 5X Build/MMB29P) AppleWebKit/537.36 (KHTML, like Gecko) Chrome/137.0.7151.103 Mobile Safari/537.36 (compatible; GoogleOther)"
66.249.73.235 - - [14/Jul/2025:16:13:08 +0000] "GET /item/hear52461740/ HTTP/1.1" 200 40128 "-" "Mozilla/5.0 (Linux; Android 6.0.1; Nexus 5X Build/MMB29P) AppleWebKit/537.36 (KHTML, like Gecko) Chrome/137.0.7151.103 Mobile Safari/537.36 (compatible; GoogleOther)"
66.249.73.234 - - [14/Jul/2025:16:13:48 +0000] "GET /item/isola71706934/ HTTP/1.1" 200 40087 "-" "Mozilla/5.0 (Linux; Android 6.0.1; Nexus 5X Build/MMB29P) AppleWebKit/537.36 (KHTML, like Gecko) Chrome/137.0.7151.103 Mobile Safari/537.36 (compatible; GoogleOther)"
66.249.73.233 - - [14/Jul/2025:16:14:29 +0000] "GET /item/dune41763923/ HTTP/1.1" 200 39773 "-" "Mozilla/5.0 (Linux; Android 6.0.1; Nexus 5X Build/MMB29P) AppleWebKit/537.36 (KHTML, like Gecko) Chrome/137.0.7151.103 Mobile Safari/537.36 (compatible; GoogleOther)"
66.249.73.234 - - [14/Jul/2025:16:14:38 +0000] "POST /get-message-notify HTTP/1.1" 200 40002 "https://cyber-secure.com.au/item/hear52461740/" "Mozilla/5.0 (Linux; Android 6.0.1; Nexus 5X Build/MMB29P) AppleWebKit/537.36 (KHTML, like Gecko) Chrome/137.0.7151.119 Mobile Safari/537.36 (compatible; Googlebot/2.1; +http://www.google.com/bot.html)"
66.249.73.234 - - [14/Jul/2025:16:15:09 +0000] "GET /item/data22419353/ HTTP/1.1" 200 39808 "-" "Mozilla/5.0 (Linux; Android 6.0.1; Nexus 5X Build/MMB29P) AppleWebKit/537.36 (KHTML, like Gecko) Chrome/137.0.7151.103 Mobile Safari/537.36 (compatible; GoogleOther)"
66.249.73.234 - - [14/Jul/2025:16:15:49 +0000] "GET /item/crew32955274/ HTTP/1.1" 200 40198 "-" "Mozilla/5.0 (Linux; Android 6.0.1; Nexus 5X Build/MMB29P) AppleWebKit/537.36 (KHTML, like Gecko) Chrome/137.0.7151.103 Mobile Safari/537.36 (compatible; GoogleOther)"
66.249.73.233 - - [14/Jul/2025:16:16:31 +0000] "GET /item/immob11729992/ HTTP/1.1" 200 40085 "-" "Mozilla/5.0 (Linux; Android 6.0.1; Nexus 5X Build/MMB29P) AppleWebKit/537.36 (KHTML, like Gecko) Chrome/137.0.7151.103 Mobile Safari/537.36 (compatible; GoogleOther)"
66.249.73.234 - - [14/Jul/2025:16:16:53 +0000] "GET /item/embas52663812/ HTTP/1.1" 200 40962 "-" "Mozilla/5.0 (Linux; Android 6.0.1; Nexus 5X Build/MMB29P) AppleWebKit/537.36 (KHTML, like Gecko) Chrome/137.0.7151.103 Mobile Safari/537.36 (compatible; GoogleOther)"
66.249.73.234 - - [14/Jul/2025:16:17:10 +0000] "GET /item/know20165769/ HTTP/1.1" 200 39847 "-" "Mozilla/5.0 (Linux; Android 6.0.1; Nexus 5X Build/MMB29P) AppleWebKit/537.36 (KHTML, like Gecko) Chrome/137.0.7151.103 Mobile Safari/537.36 (compatible; GoogleOther)"
66.249.73.233 - - [14/Jul/2025:16:17:25 +0000] "POST /get-message-notify HTTP/1.1" 200 39998 "https://cyber-secure.com.au/item/know20165769/" "Mozilla/5.0 (Linux; Android 6.0.1; Nexus 5X Build/MMB29P) AppleWebKit/537.36 (KHTML, like Gecko) Chrome/137.0.7151.119 Mobile Safari/537.36 (compatible; Googlebot/2.1; +http://www.google.com/bot.html)"
209.74.77.214 - - [14/Jul/2025:16:17:28 +0000] "POST /wp-cron.php?doing_wp_cron=1752509848.2841660976409912109375 HTTP/1.1" 200 - "-" "WordPress/6.8.1; https://cyber-secure.com.au"
209.74.77.214 - - [14/Jul/2025:16:17:28 +0000] "POST /wp-admin/admin-ajax.php?action=async_litespeed&nonce=tk545KEwKLgURMdTIch9xH1fFjggzx2Y&litespeed_type=imgoptm HTTP/1.1" 200 21 "-" "WordPress/6.8.1; https://cyber-secure.com.au"
54.36.148.136 - - [14/Jul/2025:16:17:27 +0000] "GET /item/chip72357446/ HTTP/1.1" 404 18280 "-" "Mozilla/5.0 (compatible; AhrefsBot/7.0; +http://ahrefs.com/robot/)"
66.249.73.233 - - [14/Jul/2025:16:17:50 +0000] "GET /item/famou81892831/ HTTP/1.1" 200 40037 "-" "Mozilla/5.0 (Linux; Android 6.0.1; Nexus 5X Build/MMB29P) AppleWebKit/537.36 (KHTML, like Gecko) Chrome/137.0.7151.103 Mobile Safari/537.36 (compatible; GoogleOther)"
66.249.73.235 - - [14/Jul/2025:16:18:30 +0000] "GET /item/neces40908571/ HTTP/1.1" 200 40486 "-" "Mozilla/5.0 (Linux; Android 6.0.1; Nexus 5X Build/MMB29P) AppleWebKit/537.36 (KHTML, like Gecko) Chrome/137.0.7151.103 Mobile Safari/537.36 (compatible; GoogleOther)"
66.249.73.234 - - [14/Jul/2025:16:19:11 +0000] "GET /item/hobby61268069/ HTTP/1.1" 200 40650 "-" "Mozilla/5.0 (Linux; Android 6.0.1; Nexus 5X Build/MMB29P) AppleWebKit/537.36 (KHTML, like Gecko) Chrome/137.0.7151.103 Mobile Safari/537.36 (compatible; GoogleOther)"
66.249.73.234 - - [14/Jul/2025:16:19:52 +0000] "GET /item/prope32640602/ HTTP/1.1" 200 40983 "-" "Mozilla/5.0 (Linux; Android 6.0.1; Nexus 5X Build/MMB29P) AppleWebKit/537.36 (KHTML, like Gecko) Chrome/137.0.7151.103 Mobile Safari/537.36 (compatible; GoogleOther)"
66.249.73.233 - - [14/Jul/2025:16:20:31 +0000] "GET /item/rural52853572/ HTTP/1.1" 200 39969 "-" "Mozilla/5.0 (Linux; Android 6.0.1; Nexus 5X Build/MMB29P) AppleWebKit/537.36 (KHTML, like Gecko) Chrome/137.0.7151.103 Mobile Safari/537.36 (compatible; GoogleOther)"
66.249.73.235 - - [14/Jul/2025:16:21:04 +0000] "GET /item/chant31172754/ HTTP/1.1" 200 40429 "-" "Mozilla/5.0 (Linux; Android 6.0.1; Nexus 5X Build/MMB29P) AppleWebKit/537.36 (KHTML, like Gecko) Chrome/137.0.7151.103 Mobile Safari/537.36 (compatible; GoogleOther)"
66.249.73.233 - - [14/Jul/2025:16:21:15 +0000] "GET /item/nativ41605499/ HTTP/1.1" 200 40180 "-" "Mozilla/5.0 (Linux; Android 6.0.1; Nexus 5X Build/MMB29P) AppleWebKit/537.36 (KHTML, like Gecko) Chrome/137.0.7151.103 Mobile Safari/537.36 (compatible; GoogleOther)"
66.249.73.233 - - [14/Jul/2025:16:21:52 +0000] "GET /item/muscl72171550/ HTTP/1.1" 200 40044 "-" "Mozilla/5.0 (Linux; Android 6.0.1; Nexus 5X Build/MMB29P) AppleWebKit/537.36 (KHTML, like Gecko) Chrome/137.0.7151.103 Mobile Safari/537.36 (compatible; GoogleOther)"
66.249.73.234 - - [14/Jul/2025:16:22:32 +0000] "GET /item/alcoh31397986/ HTTP/1.1" 200 40132 "-" "Mozilla/5.0 (Linux; Android 6.0.1; Nexus 5X Build/MMB29P) AppleWebKit/537.36 (KHTML, like Gecko) Chrome/137.0.7151.103 Mobile Safari/537.36 (compatible; GoogleOther)"
66.249.73.234 - - [14/Jul/2025:16:23:12 +0000] "GET /item/borro82036207/ HTTP/1.1" 200 40074 "-" "Mozilla/5.0 (Linux; Android 6.0.1; Nexus 5X Build/MMB29P) AppleWebKit/537.36 (KHTML, like Gecko) Chrome/137.0.7151.103 Mobile Safari/537.36 (compatible; GoogleOther)"
66.249.73.233 - - [14/Jul/2025:16:23:53 +0000] "GET /item/mini20435857/ HTTP/1.1" 200 41091 "-" "Mozilla/5.0 (Linux; Android 6.0.1; Nexus 5X Build/MMB29P) AppleWebKit/537.36 (KHTML, like Gecko) Chrome/137.0.7151.103 Mobile Safari/537.36 (compatible; GoogleOther)"
209.74.77.214 - - [14/Jul/2025:16:24:22 +0000] "POST /wp-cron.php?doing_wp_cron=1752510262.7651948928833007812500 HTTP/1.1" 200 - "-" "WordPress/6.8.1; https://cyber-secure.com.au"
209.74.77.214 - - [14/Jul/2025:16:24:22 +0000] "POST /wp-admin/admin-ajax.php?action=async_litespeed&nonce=enL3ZSnU3i5LlqsnBKVab1IWcuztczdb&litespeed_type=imgoptm HTTP/1.1" 200 21 "-" "WordPress/6.8.1; https://cyber-secure.com.au"
54.36.148.231 - - [14/Jul/2025:16:24:22 +0000] "GET /item/cover21616201/ HTTP/1.1" 404 18280 "-" "Mozilla/5.0 (compatible; AhrefsBot/7.0; +http://ahrefs.com/robot/)"
66.249.73.233 - - [14/Jul/2025:16:24:33 +0000] "GET /item/pen71416398/ HTTP/1.1" 200 40564 "-" "Mozilla/5.0 (Linux; Android 6.0.1; Nexus 5X Build/MMB29P) AppleWebKit/537.36 (KHTML, like Gecko) Chrome/137.0.7151.103 Mobile Safari/537.36 (compatible; GoogleOther)"
66.249.73.233 - - [14/Jul/2025:16:25:13 +0000] "GET /item/trace40102435/ HTTP/1.1" 200 40172 "-" "Mozilla/5.0 (Linux; Android 6.0.1; Nexus 5X Build/MMB29P) AppleWebKit/537.36 (KHTML, like Gecko) Chrome/137.0.7151.103 Mobile Safari/537.36 (compatible; GoogleOther)"
66.249.73.233 - - [14/Jul/2025:16:25:21 +0000] "GET /item/fork31544394/ HTTP/1.1" 200 40441 "-" "Mozilla/5.0 (Linux; Android 6.0.1; Nexus 5X Build/MMB29P) AppleWebKit/537.36 (KHTML, like Gecko) Chrome/137.0.7151.103 Mobile Safari/537.36 (compatible; GoogleOther)"
66.249.73.233 - - [14/Jul/2025:16:25:27 +0000] "GET /item/donat11769632/ HTTP/1.1" 200 41182 "-" "Mozilla/5.0 (Linux; Android 6.0.1; Nexus 5X Build/MMB29P) AppleWebKit/537.36 (KHTML, like Gecko) Chrome/137.0.7151.103 Mobile Safari/537.36 (compatible; GoogleOther)"
66.249.73.234 - - [14/Jul/2025:16:26:12 +0000] "POST /get-message-notify HTTP/1.1" 200 39962 "https://cyber-secure.com.au/item/rival81998111/" "Mozilla/5.0 (Linux; Android 6.0.1; Nexus 5X Build/MMB29P) AppleWebKit/537.36 (KHTML, like Gecko) Chrome/137.0.7151.119 Mobile Safari/537.36 (compatible; Googlebot/2.1; +http://www.google.com/bot.html)"
66.249.73.234 - - [14/Jul/2025:16:26:34 +0000] "GET /item/zero62544733/ HTTP/1.1" 200 40003 "-" "Mozilla/5.0 (Linux; Android 6.0.1; Nexus 5X Build/MMB29P) AppleWebKit/537.36 (KHTML, like Gecko) Chrome/137.0.7151.103 Mobile Safari/537.36 (compatible; GoogleOther)"
66.249.73.234 - - [14/Jul/2025:16:27:14 +0000] "GET /item/enthu21410473/ HTTP/1.1" 200 39976 "-" "Mozilla/5.0 (Linux; Android 6.0.1; Nexus 5X Build/MMB29P) AppleWebKit/537.36 (KHTML, like Gecko) Chrome/137.0.7151.103 Mobile Safari/537.36 (compatible; GoogleOther)"
66.249.73.234 - - [14/Jul/2025:16:27:54 +0000] "GET /item/senat11407032/ HTTP/1.1" 200 39971 "-" "Mozilla/5.0 (Linux; Android 6.0.1; Nexus 5X Build/MMB29P) AppleWebKit/537.36 (KHTML, like Gecko) Chrome/137.0.7151.103 Mobile Safari/537.36 (compatible; GoogleOther)"
66.249.73.235 - - [14/Jul/2025:16:28:35 +0000] "GET /item/soil80095311/ HTTP/1.1" 200 39812 "-" "Mozilla/5.0 (Linux; Android 6.0.1; Nexus 5X Build/MMB29P) AppleWebKit/537.36 (KHTML, like Gecko) Chrome/137.0.7151.103 Mobile Safari/537.36 (compatible; GoogleOther)"
66.249.73.234 - - [14/Jul/2025:16:29:15 +0000] "GET /item/aerop51026668/ HTTP/1.1" 200 40228 "-" "Mozilla/5.0 (Linux; Android 6.0.1; Nexus 5X Build/MMB29P) AppleWebKit/537.36 (KHTML, like Gecko) Chrome/137.0.7151.103 Mobile Safari/537.36 (compatible; GoogleOther)"
66.249.73.234 - - [14/Jul/2025:16:29:38 +0000] "GET /item/coord10099520/ HTTP/1.1" 200 39910 "-" "Mozilla/5.0 (Linux; Android 6.0.1; Nexus 5X Build/MMB29P) AppleWebKit/537.36 (KHTML, like Gecko) Chrome/137.0.7151.103 Mobile Safari/537.36 (compatible; GoogleOther)"
66.249.73.233 - - [14/Jul/2025:16:29:55 +0000] "GET /item/harne30443034/ HTTP/1.1" 200 40726 "-" "Mozilla/5.0 (Linux; Android 6.0.1; Nexus 5X Build/MMB29P) AppleWebKit/537.36 (KHTML, like Gecko) Chrome/137.0.7151.103 Mobile Safari/537.36 (compatible; GoogleOther)"
66.249.73.235 - - [14/Jul/2025:16:30:05 +0000] "GET /item/pet72741174/ HTTP/1.1" 200 39940 "-" "Mozilla/5.0 (Linux; Android 6.0.1; Nexus 5X Build/MMB29P) AppleWebKit/537.36 (KHTML, like Gecko) Chrome/137.0.7151.103 Mobile Safari/537.36 (compatible; GoogleOther)"
209.74.77.214 - - [14/Jul/2025:16:30:36 +0000] "POST /wp-cron.php?doing_wp_cron=1752510636.3230810165405273437500 HTTP/1.1" 200 - "-" "WordPress/6.8.1; https://cyber-secure.com.au"
209.74.77.214 - - [14/Jul/2025:16:30:36 +0000] "POST /wp-admin/admin-ajax.php?action=async_litespeed&nonce=RkAGfzkGqwHDN31DKSOpmmgyScCtzsci&litespeed_type=imgoptm HTTP/1.1" 200 21 "-" "WordPress/6.8.1; https://cyber-secure.com.au"
54.36.149.48 - - [14/Jul/2025:16:30:35 +0000] "GET /item/crude81002551/ HTTP/1.1" 404 18280 "-" "Mozilla/5.0 (compatible; AhrefsBot/7.0; +http://ahrefs.com/robot/)"
66.249.73.234 - - [14/Jul/2025:16:30:36 +0000] "GET /item/conve22816089/ HTTP/1.1" 200 40044 "-" "Mozilla/5.0 (Linux; Android 6.0.1; Nexus 5X Build/MMB29P) AppleWebKit/537.36 (KHTML, like Gecko) Chrome/137.0.7151.103 Mobile Safari/537.36 (compatible; GoogleOther)"
66.249.73.234 - - [14/Jul/2025:16:32:00 +0000] "GET /item/apply31246394/ HTTP/1.1" 200 40287 "-" "Mozilla/5.0 (Linux; Android 6.0.1; Nexus 5X Build/MMB29P) AppleWebKit/537.36 (KHTML, like Gecko) Chrome/137.0.7151.103 Mobile Safari/537.36 (compatible; GoogleOther)"
66.249.73.233 - - [14/Jul/2025:16:32:40 +0000] "GET /item/dumpl52424612/ HTTP/1.1" 200 40026 "-" "Mozilla/5.0 (Linux; Android 6.0.1; Nexus 5X Build/MMB29P) AppleWebKit/537.36 (KHTML, like Gecko) Chrome/137.0.7151.103 Mobile Safari/537.36 (compatible; GoogleOther)"
66.249.73.233 - - [14/Jul/2025:16:34:10 +0000] "GET /item/sligh41978163/ HTTP/1.1" 200 39844 "-" "Mozilla/5.0 (Linux; Android 6.0.1; Nexus 5X Build/MMB29P) AppleWebKit/537.36 (KHTML, like Gecko) Chrome/137.0.7151.103 Mobile Safari/537.36 (compatible; GoogleOther)"
66.249.73.234 - - [14/Jul/2025:16:34:37 +0000] "GET /item/cell20239121/ HTTP/1.1" 200 39961 "-" "Mozilla/5.0 (Linux; Android 6.0.1; Nexus 5X Build/MMB29P) AppleWebKit/537.36 (KHTML, like Gecko) Chrome/137.0.7151.103 Mobile Safari/537.36 (compatible; GoogleOther)"
66.249.73.233 - - [14/Jul/2025:16:34:52 +0000] "POST /get-message-notify HTTP/1.1" 200 40020 "https://cyber-secure.com.au/item/cell20239121/" "Mozilla/5.0 (Linux; Android 6.0.1; Nexus 5X Build/MMB29P) AppleWebKit/537.36 (KHTML, like Gecko) Chrome/137.0.7151.119 Mobile Safari/537.36 (compatible; Googlebot/2.1; +http://www.google.com/bot.html)"
66.249.73.235 - - [14/Jul/2025:16:35:19 +0000] "GET /item/jungl72389654/ HTTP/1.1" 200 40993 "-" "Mozilla/5.0 (Linux; Android 6.0.1; Nexus 5X Build/MMB29P) AppleWebKit/537.36 (KHTML, like Gecko) Chrome/137.0.7151.103 Mobile Safari/537.36 (compatible; GoogleOther)"
66.249.73.233 - - [14/Jul/2025:16:35:53 +0000] "POST /get-message-notify HTTP/1.1" 200 40022 "https://cyber-secure.com.au/item/rival81998111/" "Mozilla/5.0 (Linux; Android 6.0.1; Nexus 5X Build/MMB29P) AppleWebKit/537.36 (KHTML, like Gecko) Chrome/137.0.7151.119 Mobile Safari/537.36 (compatible; Googlebot/2.1; +http://www.google.com/bot.html)"
66.249.73.233 - - [14/Jul/2025:16:35:58 +0000] "GET /item/thoro42794963/ HTTP/1.1" 200 40065 "-" "Mozilla/5.0 (Linux; Android 6.0.1; Nexus 5X Build/MMB29P) AppleWebKit/537.36 (KHTML, like Gecko) Chrome/137.0.7151.103 Mobile Safari/537.36 (compatible; GoogleOther)"
66.249.73.234 - - [14/Jul/2025:16:36:38 +0000] "GET /item/sourc41082283/ HTTP/1.1" 200 40145 "-" "Mozilla/5.0 (Linux; Android 6.0.1; Nexus 5X Build/MMB29P) AppleWebKit/537.36 (KHTML, like Gecko) Chrome/137.0.7151.103 Mobile Safari/537.36 (compatible; GoogleOther)"
209.74.77.214 - - [14/Jul/2025:16:36:43 +0000] "POST /wp-cron.php?doing_wp_cron=1752511003.5807650089263916015625 HTTP/1.1" 200 - "-" "WordPress/6.8.1; https://cyber-secure.com.au"
209.74.77.214 - - [14/Jul/2025:16:36:43 +0000] "POST /wp-admin/admin-ajax.php?action=async_litespeed&nonce=TwaS03TR8TCyASY2FbXwdrW3THpeFjLS&litespeed_type=imgoptm HTTP/1.1" 200 21 "-" "WordPress/6.8.1; https://cyber-secure.com.au"
54.36.149.72 - - [14/Jul/2025:16:36:42 +0000] "GET /?e=69338647001000&uri=blog.php%3Fid%3D2313922-1000%26name%3Dwomen%27s%20white%20gold%20band%20rings HTTP/1.1" 200 26109 "-" "Mozilla/5.0 (compatible; AhrefsBot/7.0; +http://ahrefs.com/robot/)"
66.249.73.234 - - [14/Jul/2025:16:37:19 +0000] "GET /item/deny32703426/ HTTP/1.1" 200 40327 "-" "Mozilla/5.0 (Linux; Android 6.0.1; Nexus 5X Build/MMB29P) AppleWebKit/537.36 (KHTML, like Gecko) Chrome/137.0.7151.103 Mobile Safari/537.36 (compatible; GoogleOther)"
66.249.73.234 - - [14/Jul/2025:16:37:30 +0000] "GET /item/screa42211715/ HTTP/1.1" 200 39643 "-" "Mozilla/5.0 (Linux; Android 6.0.1; Nexus 5X Build/MMB29P) AppleWebKit/537.36 (KHTML, like Gecko) Chrome/137.0.7151.103 Mobile Safari/537.36 (compatible; GoogleOther)"
66.249.73.233 - - [14/Jul/2025:16:37:59 +0000] "GET /item/embas52435812/ HTTP/1.1" 200 40579 "-" "Mozilla/5.0 (Linux; Android 6.0.1; Nexus 5X Build/MMB29P) AppleWebKit/537.36 (KHTML, like Gecko) Chrome/137.0.7151.103 Mobile Safari/537.36 (compatible; GoogleOther)"
66.249.73.235 - - [14/Jul/2025:16:38:12 +0000] "GET /item/decid31365138/ HTTP/1.1" 200 40149 "-" "Mozilla/5.0 (Linux; Android 6.0.1; Nexus 5X Build/MMB29P) AppleWebKit/537.36 (KHTML, like Gecko) Chrome/137.0.7151.103 Mobile Safari/537.36 (compatible; GoogleOther)"
66.249.73.233 - - [14/Jul/2025:16:38:39 +0000] "GET /item/monk50031924/ HTTP/1.1" 200 40129 "-" "Mozilla/5.0 (Linux; Android 6.0.1; Nexus 5X Build/MMB29P) AppleWebKit/537.36 (KHTML, like Gecko) Chrome/137.0.7151.103 Mobile Safari/537.36 (compatible; GoogleOther)"
66.249.73.234 - - [14/Jul/2025:16:39:20 +0000] "GET /item/rsvp10751928/ HTTP/1.1" 200 40198 "-" "Mozilla/5.0 (Linux; Android 6.0.1; Nexus 5X Build/MMB29P) AppleWebKit/537.36 (KHTML, like Gecko) Chrome/137.0.7151.103 Mobile Safari/537.36 (compatible; GoogleOther)"
66.249.73.234 - - [14/Jul/2025:16:40:00 +0000] "GET /item/renee21303993/ HTTP/1.1" 200 40102 "-" "Mozilla/5.0 (Linux; Android 6.0.1; Nexus 5X Build/MMB29P) AppleWebKit/537.36 (KHTML, like Gecko) Chrome/137.0.7151.103 Mobile Safari/537.36 (compatible; GoogleOther)"
66.249.73.233 - - [14/Jul/2025:16:40:40 +0000] "GET /item/sigh70867790/ HTTP/1.1" 200 40105 "-" "Mozilla/5.0 (Linux; Android 6.0.1; Nexus 5X Build/MMB29P) AppleWebKit/537.36 (KHTML, like Gecko) Chrome/137.0.7151.103 Mobile Safari/537.36 (compatible; GoogleOther)"
66.249.73.235 - - [14/Jul/2025:16:41:20 +0000] "GET /item/shane31271994/ HTTP/1.1" 200 40174 "-" "Mozilla/5.0 (Linux; Android 6.0.1; Nexus 5X Build/MMB29P) AppleWebKit/537.36 (KHTML, like Gecko) Chrome/137.0.7151.103 Mobile Safari/537.36 (compatible; GoogleOther)"
66.249.73.235 - - [14/Jul/2025:16:42:01 +0000] "GET /item/bone80607639/ HTTP/1.1" 200 39830 "-" "Mozilla/5.0 (Linux; Android 6.0.1; Nexus 5X Build/MMB29P) AppleWebKit/537.36 (KHTML, like Gecko) Chrome/137.0.7151.103 Mobile Safari/537.36 (compatible; GoogleOther)"
66.249.73.234 - - [14/Jul/2025:16:42:29 +0000] "GET /item/cd70873142/ HTTP/1.1" 200 40001 "-" "Mozilla/5.0 (Linux; Android 6.0.1; Nexus 5X Build/MMB29P) AppleWebKit/537.36 (KHTML, like Gecko) Chrome/137.0.7151.103 Mobile Safari/537.36 (compatible; GoogleOther)"
209.74.77.214 - - [14/Jul/2025:16:42:38 +0000] "POST /wp-cron.php?doing_wp_cron=1752511358.3786830902099609375000 HTTP/1.1" 200 - "-" "WordPress/6.8.1; https://cyber-secure.com.au"
