216.73.217.7 - - [17/Jul/2025:17:48:48 +0000] "GET /product/2722472144.shtm HTTP/1.1" 404 17106 "-" "Mozilla/5.0 AppleWebKit/537.36 (KHTML, like Gecko; compatible; ClaudeBot/1.0; [email protected])"
216.73.217.7 - - [17/Jul/2025:17:48:48 +0000] "GET /product/2722138782.shtm HTTP/1.1" 404 17106 "-" "Mozilla/5.0 AppleWebKit/537.36 (KHTML, like Gecko; compatible; ClaudeBot/1.0; [email protected])"
216.73.217.7 - - [17/Jul/2025:17:48:49 +0000] "GET /product/2722056034.shtm HTTP/1.1" 404 17106 "-" "Mozilla/5.0 AppleWebKit/537.36 (KHTML, like Gecko; compatible; ClaudeBot/1.0; [email protected])"
216.73.217.7 - - [17/Jul/2025:17:48:49 +0000] "GET /product/2722462547.shtm HTTP/1.1" 404 17106 "-" "Mozilla/5.0 AppleWebKit/537.36 (KHTML, like Gecko; compatible; ClaudeBot/1.0; [email protected])"
216.73.217.7 - - [17/Jul/2025:17:48:50 +0000] "GET /product/2722025249.shtm HTTP/1.1" 404 17106 "-" "Mozilla/5.0 AppleWebKit/537.36 (KHTML, like Gecko; compatible; ClaudeBot/1.0; [email protected])"
216.73.217.7 - - [17/Jul/2025:17:48:50 +0000] "GET /product/2722269385.shtm HTTP/1.1" 404 17106 "-" "Mozilla/5.0 AppleWebKit/537.36 (KHTML, like Gecko; compatible; ClaudeBot/1.0; [email protected])"
216.73.217.7 - - [17/Jul/2025:17:48:50 +0000] "GET /product/2722680202.shtm HTTP/1.1" 404 17106 "-" "Mozilla/5.0 AppleWebKit/537.36 (KHTML, like Gecko; compatible; ClaudeBot/1.0; [email protected])"
216.73.217.7 - - [17/Jul/2025:17:48:50 +0000] "GET /product/2722039090.shtm HTTP/1.1" 404 17106 "-" "Mozilla/5.0 AppleWebKit/537.36 (KHTML, like Gecko; compatible; ClaudeBot/1.0; [email protected])"
216.73.217.7 - - [17/Jul/2025:17:48:50 +0000] "GET /product/2722398867.shtm HTTP/1.1" 404 17105 "-" "Mozilla/5.0 AppleWebKit/537.36 (KHTML, like Gecko; compatible; ClaudeBot/1.0; [email protected])"
209.74.77.214 - - [17/Jul/2025:17:50:27 +0000] "POST /wp-cron.php?doing_wp_cron=1752774627.9270610809326171875000 HTTP/1.1" 200 - "-" "WordPress/6.8.2; https://diamondtiptiling.com"
209.74.77.214 - - [17/Jul/2025:17:50:27 +0000] "POST /wp-cron.php?doing_wp_cron=1752774627.9270610809326171875000 HTTP/1.1" 200 - "-" "WordPress/6.8.2; https://diamondtiptiling.com"
216.73.217.7 - - [17/Jul/2025:17:50:27 +0000] "GET /product/2722057025.shtm HTTP/1.1" 404 17106 "-" "Mozilla/5.0 AppleWebKit/537.36 (KHTML, like Gecko; compatible; ClaudeBot/1.0; [email protected])"
216.73.217.7 - - [17/Jul/2025:17:50:26 +0000] "GET /product/2722318169.shtm HTTP/1.1" 404 17106 "-" "Mozilla/5.0 AppleWebKit/537.36 (KHTML, like Gecko; compatible; ClaudeBot/1.0; [email protected])"
216.73.217.7 - - [17/Jul/2025:17:50:26 +0000] "GET /product/2722635644.shtm HTTP/1.1" 404 17106 "-" "Mozilla/5.0 AppleWebKit/537.36 (KHTML, like Gecko; compatible; ClaudeBot/1.0; [email protected])"
209.74.77.214 - - [17/Jul/2025:17:50:28 +0000] "POST /wp-cron.php?doing_wp_cron=1752774628.3126230239868164062500 HTTP/1.1" 200 - "-" "WordPress/6.8.2; https://diamondtiptiling.com"
216.73.217.7 - - [17/Jul/2025:17:50:28 +0000] "GET /product/2721821435.shtm HTTP/1.1" 404 17106 "-" "Mozilla/5.0 AppleWebKit/537.36 (KHTML, like Gecko; compatible; ClaudeBot/1.0; [email protected])"
216.73.217.7 - - [17/Jul/2025:17:50:28 +0000] "GET /product/2721858506.shtm HTTP/1.1" 404 17106 "-" "Mozilla/5.0 AppleWebKit/537.36 (KHTML, like Gecko; compatible; ClaudeBot/1.0; [email protected])"
216.73.217.7 - - [17/Jul/2025:17:50:28 +0000] "GET /product/2722461548.shtm HTTP/1.1" 404 17106 "-" "Mozilla/5.0 AppleWebKit/537.36 (KHTML, like Gecko; compatible; ClaudeBot/1.0; [email protected])"
216.73.217.7 - - [17/Jul/2025:17:50:28 +0000] "GET /product/2722601626.shtm HTTP/1.1" 404 17106 "-" "Mozilla/5.0 AppleWebKit/537.36 (KHTML, like Gecko; compatible; ClaudeBot/1.0; [email protected])"
216.73.217.7 - - [17/Jul/2025:17:50:29 +0000] "GET /product/2722432885.shtm HTTP/1.1" 404 17106 "-" "Mozilla/5.0 AppleWebKit/537.36 (KHTML, like Gecko; compatible; ClaudeBot/1.0; [email protected])"
216.73.217.7 - - [17/Jul/2025:17:50:29 +0000] "GET /product/2722636707.shtm HTTP/1.1" 404 17106 "-" "Mozilla/5.0 AppleWebKit/537.36 (KHTML, like Gecko; compatible; ClaudeBot/1.0; [email protected])"
216.73.217.7 - - [17/Jul/2025:17:50:29 +0000] "GET /product/2722282157.shtm HTTP/1.1" 404 17106 "-" "Mozilla/5.0 AppleWebKit/537.36 (KHTML, like Gecko; compatible; ClaudeBot/1.0; [email protected])"
216.73.217.7 - - [17/Jul/2025:17:50:29 +0000] "GET /product/2722459434.shtm HTTP/1.1" 404 17106 "-" "Mozilla/5.0 AppleWebKit/537.36 (KHTML, like Gecko; compatible; ClaudeBot/1.0; [email protected])"
216.73.217.7 - - [17/Jul/2025:17:50:30 +0000] "GET /product/2722359678.shtm HTTP/1.1" 404 17106 "-" "Mozilla/5.0 AppleWebKit/537.36 (KHTML, like Gecko; compatible; ClaudeBot/1.0; [email protected])"
209.74.77.214 - - [17/Jul/2025:17:51:40 +0000] "POST /wp-cron.php?doing_wp_cron=1752774700.4423799514770507812500 HTTP/1.1" 200 - "-" "WordPress/6.8.2; https://diamondtiptiling.com"
51.222.253.20 - - [17/Jul/2025:17:51:38 +0000] "GET /product/1018884568.shtm HTTP/1.1" 404 17106 "-" "Mozilla/5.0 (compatible; AhrefsBot/7.0; +http://ahrefs.com/robot/)"
216.73.217.7 - - [17/Jul/2025:17:51:49 +0000] "GET /product/2722620758.shtm HTTP/1.1" 404 17106 "-" "Mozilla/5.0 AppleWebKit/537.36 (KHTML, like Gecko; compatible; ClaudeBot/1.0; [email protected])"
216.73.217.7 - - [17/Jul/2025:17:51:50 +0000] "GET /product/2722613341.shtm HTTP/1.1" 404 17105 "-" "Mozilla/5.0 AppleWebKit/537.36 (KHTML, like Gecko; compatible; ClaudeBot/1.0; [email protected])"
216.73.217.7 - - [17/Jul/2025:17:51:51 +0000] "GET /product/2722596395.shtm HTTP/1.1" 404 17106 "-" "Mozilla/5.0 AppleWebKit/537.36 (KHTML, like Gecko; compatible; ClaudeBot/1.0; [email protected])"
216.73.217.7 - - [17/Jul/2025:17:51:51 +0000] "GET /product/2722549595.shtm HTTP/1.1" 404 17106 "-" "Mozilla/5.0 AppleWebKit/537.36 (KHTML, like Gecko; compatible; ClaudeBot/1.0; [email protected])"
216.73.217.7 - - [17/Jul/2025:17:51:51 +0000] "GET /product/2722328893.shtm HTTP/1.1" 404 17106 "-" "Mozilla/5.0 AppleWebKit/537.36 (KHTML, like Gecko; compatible; ClaudeBot/1.0; [email protected])"
216.73.217.7 - - [17/Jul/2025:17:51:51 +0000] "GET /product/2722517819.shtm HTTP/1.1" 404 17107 "-" "Mozilla/5.0 AppleWebKit/537.36 (KHTML, like Gecko; compatible; ClaudeBot/1.0; [email protected])"
216.73.217.7 - - [17/Jul/2025:17:51:52 +0000] "GET /product/2722046503.shtm HTTP/1.1" 404 17107 "-" "Mozilla/5.0 AppleWebKit/537.36 (KHTML, like Gecko; compatible; ClaudeBot/1.0; [email protected])"
216.73.217.7 - - [17/Jul/2025:17:51:52 +0000] "GET /product/2722577263.shtm HTTP/1.1" 404 17107 "-" "Mozilla/5.0 AppleWebKit/537.36 (KHTML, like Gecko; compatible; ClaudeBot/1.0; [email protected])"
216.73.217.7 - - [17/Jul/2025:17:51:52 +0000] "GET /product/2722519933.shtm HTTP/1.1" 404 17107 "-" "Mozilla/5.0 AppleWebKit/537.36 (KHTML, like Gecko; compatible; ClaudeBot/1.0; [email protected])"
216.73.217.7 - - [17/Jul/2025:17:51:52 +0000] "GET /product/2722446662.shtm HTTP/1.1" 404 17107 "-" "Mozilla/5.0 AppleWebKit/537.36 (KHTML, like Gecko; compatible; ClaudeBot/1.0; [email protected])"
216.73.217.7 - - [17/Jul/2025:17:51:52 +0000] "GET /product/2722412700.shtm HTTP/1.1" 404 17107 "-" "Mozilla/5.0 AppleWebKit/537.36 (KHTML, like Gecko; compatible; ClaudeBot/1.0; [email protected])"
216.73.217.7 - - [17/Jul/2025:17:51:52 +0000] "GET /product/2722270508.shtm HTTP/1.1" 404 17107 "-" "Mozilla/5.0 AppleWebKit/537.36 (KHTML, like Gecko; compatible; ClaudeBot/1.0; [email protected])"
209.74.77.214 - - [17/Jul/2025:17:53:06 +0000] "POST /wp-cron.php?doing_wp_cron=1752774786.4043109416961669921875 HTTP/1.1" 200 - "-" "WordPress/6.8.2; https://diamondtiptiling.com"
216.73.217.7 - - [17/Jul/2025:17:53:06 +0000] "GET /product/2722410586.shtm HTTP/1.1" 404 17106 "-" "Mozilla/5.0 AppleWebKit/537.36 (KHTML, like Gecko; compatible; ClaudeBot/1.0; [email protected])"
216.73.217.7 - - [17/Jul/2025:17:53:05 +0000] "GET /product/2722511461.shtm HTTP/1.1" 404 17106 "-" "Mozilla/5.0 AppleWebKit/537.36 (KHTML, like Gecko; compatible; ClaudeBot/1.0; [email protected])"
216.73.217.7 - - [17/Jul/2025:17:53:05 +0000] "GET /product/2722179160.shtm HTTP/1.1" 404 17106 "-" "Mozilla/5.0 AppleWebKit/537.36 (KHTML, like Gecko; compatible; ClaudeBot/1.0; [email protected])"
216.73.217.7 - - [17/Jul/2025:17:53:06 +0000] "GET /product/2722323538.shtm HTTP/1.1" 404 17106 "-" "Mozilla/5.0 AppleWebKit/537.36 (KHTML, like Gecko; compatible; ClaudeBot/1.0; [email protected])"
216.73.217.7 - - [17/Jul/2025:17:53:06 +0000] "GET /product/2722409591.shtm HTTP/1.1" 404 17106 "-" "Mozilla/5.0 AppleWebKit/537.36 (KHTML, like Gecko; compatible; ClaudeBot/1.0; [email protected])"
216.73.217.7 - - [17/Jul/2025:17:53:07 +0000] "GET /product/2722023071.shtm HTTP/1.1" 404 17106 "-" "Mozilla/5.0 AppleWebKit/537.36 (KHTML, like Gecko; compatible; ClaudeBot/1.0; [email protected])"
216.73.217.7 - - [17/Jul/2025:17:53:07 +0000] "GET /product/2722397868.shtm HTTP/1.1" 404 17106 "-" "Mozilla/5.0 AppleWebKit/537.36 (KHTML, like Gecko; compatible; ClaudeBot/1.0; [email protected])"
216.73.217.7 - - [17/Jul/2025:17:53:07 +0000] "GET /product/2721841562.shtm HTTP/1.1" 404 17106 "-" "Mozilla/5.0 AppleWebKit/537.36 (KHTML, like Gecko; compatible; ClaudeBot/1.0; [email protected])"
216.73.217.7 - - [17/Jul/2025:17:53:07 +0000] "GET /product/2722518814.shtm HTTP/1.1" 404 17106 "-" "Mozilla/5.0 AppleWebKit/537.36 (KHTML, like Gecko; compatible; ClaudeBot/1.0; [email protected])"
216.73.217.7 - - [17/Jul/2025:17:53:08 +0000] "GET /product/2722611153.shtm HTTP/1.1" 404 17106 "-" "Mozilla/5.0 AppleWebKit/537.36 (KHTML, like Gecko; compatible; ClaudeBot/1.0; [email protected])"
216.73.217.7 - - [17/Jul/2025:17:53:08 +0000] "GET /product/2722645245.shtm HTTP/1.1" 404 17106 "-" "Mozilla/5.0 AppleWebKit/537.36 (KHTML, like Gecko; compatible; ClaudeBot/1.0; [email protected])"
216.73.217.7 - - [17/Jul/2025:17:53:08 +0000] "GET /product/2722067749.shtm HTTP/1.1" 404 17106 "-" "Mozilla/5.0 AppleWebKit/537.36 (KHTML, like Gecko; compatible; ClaudeBot/1.0; [email protected])"
209.74.77.214 - - [17/Jul/2025:17:54:32 +0000] "POST /wp-cron.php?doing_wp_cron=1752774872.5942618846893310546875 HTTP/1.1" 200 - "-" "WordPress/6.8.2; https://diamondtiptiling.com"
209.74.77.214 - - [17/Jul/2025:17:54:32 +0000] "POST /wp-cron.php?doing_wp_cron=1752774872.5944399833679199218750 HTTP/1.1" 200 - "-" "WordPress/6.8.2; https://diamondtiptiling.com"
216.73.217.7 - - [17/Jul/2025:17:54:31 +0000] "GET /product/2722540060.shtm HTTP/1.1" 404 17106 "-" "Mozilla/5.0 AppleWebKit/537.36 (KHTML, like Gecko; compatible; ClaudeBot/1.0; [email protected])"
216.73.217.7 - - [17/Jul/2025:17:54:30 +0000] "GET /product/2722661070.shtm HTTP/1.1" 404 17106 "-" "Mozilla/5.0 AppleWebKit/537.36 (KHTML, like Gecko; compatible; ClaudeBot/1.0; [email protected])"
216.73.217.7 - - [17/Jul/2025:17:54:31 +0000] "GET /product/2722394631.shtm HTTP/1.1" 404 17106 "-" "Mozilla/5.0 AppleWebKit/537.36 (KHTML, like Gecko; compatible; ClaudeBot/1.0; [email protected])"
216.73.217.7 - - [17/Jul/2025:17:54:30 +0000] "GET /product/2721861813.shtm HTTP/1.1" 404 17106 "-" "Mozilla/5.0 AppleWebKit/537.36 (KHTML, like Gecko; compatible; ClaudeBot/1.0; [email protected])"
216.73.217.7 - - [17/Jul/2025:17:54:31 +0000] "GET /product/2722532715.shtm HTTP/1.1" 404 17106 "-" "Mozilla/5.0 AppleWebKit/537.36 (KHTML, like Gecko; compatible; ClaudeBot/1.0; [email protected])"
216.73.217.7 - - [17/Jul/2025:17:54:33 +0000] "GET /product/2722392573.shtm HTTP/1.1" 404 17106 "-" "Mozilla/5.0 AppleWebKit/537.36 (KHTML, like Gecko; compatible; ClaudeBot/1.0; [email protected])"
216.73.217.7 - - [17/Jul/2025:17:54:33 +0000] "GET /product/2721837326.shtm HTTP/1.1" 404 17106 "-" "Mozilla/5.0 AppleWebKit/537.36 (KHTML, like Gecko; compatible; ClaudeBot/1.0; [email protected])"
216.73.217.7 - - [17/Jul/2025:17:54:33 +0000] "GET /product/2722566605.shtm HTTP/1.1" 404 17106 "-" "Mozilla/5.0 AppleWebKit/537.36 (KHTML, like Gecko; compatible; ClaudeBot/1.0; [email protected])"
216.73.217.7 - - [17/Jul/2025:17:54:34 +0000] "GET /product/2722037967.shtm HTTP/1.1" 404 17106 "-" "Mozilla/5.0 AppleWebKit/537.36 (KHTML, like Gecko; compatible; ClaudeBot/1.0; [email protected])"
216.73.217.7 - - [17/Jul/2025:17:54:34 +0000] "GET /product/2722535824.shtm HTTP/1.1" 404 17106 "-" "Mozilla/5.0 AppleWebKit/537.36 (KHTML, like Gecko; compatible; ClaudeBot/1.0; [email protected])"
216.73.217.7 - - [17/Jul/2025:17:54:34 +0000] "GET /product/2722559192.shtm HTTP/1.1" 404 17106 "-" "Mozilla/5.0 AppleWebKit/537.36 (KHTML, like Gecko; compatible; ClaudeBot/1.0; [email protected])"
216.73.217.7 - - [17/Jul/2025:17:54:34 +0000] "GET /product/2722520992.shtm HTTP/1.1" 404 17106 "-" "Mozilla/5.0 AppleWebKit/537.36 (KHTML, like Gecko; compatible; ClaudeBot/1.0; [email protected])"
209.74.77.214 - - [17/Jul/2025:17:55:59 +0000] "POST /wp-cron.php?doing_wp_cron=1752774959.9449069499969482421875 HTTP/1.1" 200 - "-" "WordPress/6.8.2; https://diamondtiptiling.com"
209.74.77.214 - - [17/Jul/2025:17:55:59 +0000] "POST /wp-cron.php?doing_wp_cron=1752774959.9449059963226318359375 HTTP/1.1" 200 - "-" "WordPress/6.8.2; https://diamondtiptiling.com"
209.74.77.214 - - [17/Jul/2025:17:55:59 +0000] "POST /wp-cron.php?doing_wp_cron=1752774959.9448239803314208984375 HTTP/1.1" 200 - "-" "WordPress/6.8.2; https://diamondtiptiling.com"
216.73.217.7 - - [17/Jul/2025:17:55:59 +0000] "GET /product/2722524179.shtm HTTP/1.1" 404 17106 "-" "Mozilla/5.0 AppleWebKit/537.36 (KHTML, like Gecko; compatible; ClaudeBot/1.0; [email protected])"
216.73.217.7 - - [17/Jul/2025:17:55:59 +0000] "GET /product/2722447781.shtm HTTP/1.1" 404 17106 "-" "Mozilla/5.0 AppleWebKit/537.36 (KHTML, like Gecko; compatible; ClaudeBot/1.0; [email protected])"
216.73.217.7 - - [17/Jul/2025:17:55:57 +0000] "GET /product/2721863935.shtm HTTP/1.1" 404 17106 "-" "Mozilla/5.0 AppleWebKit/537.36 (KHTML, like Gecko; compatible; ClaudeBot/1.0; [email protected])"
216.73.217.7 - - [17/Jul/2025:17:55:59 +0000] "GET /product/2722537946.shtm HTTP/1.1" 404 17106 "-" "Mozilla/5.0 AppleWebKit/537.36 (KHTML, like Gecko; compatible; ClaudeBot/1.0; [email protected])"
216.73.217.7 - - [17/Jul/2025:17:56:00 +0000] "GET /product/2721935024.shtm HTTP/1.1" 404 17106 "-" "Mozilla/5.0 AppleWebKit/537.36 (KHTML, like Gecko; compatible; ClaudeBot/1.0; [email protected])"
216.73.217.7 - - [17/Jul/2025:17:56:00 +0000] "GET /product/2722670671.shtm HTTP/1.1" 404 17106 "-" "Mozilla/5.0 AppleWebKit/537.36 (KHTML, like Gecko; compatible; ClaudeBot/1.0; [email protected])"
216.73.217.7 - - [17/Jul/2025:17:56:00 +0000] "GET /product/2722011422.shtm HTTP/1.1" 404 17106 "-" "Mozilla/5.0 AppleWebKit/537.36 (KHTML, like Gecko; compatible; ClaudeBot/1.0; [email protected])"
216.73.217.7 - - [17/Jul/2025:17:56:01 +0000] "GET /product/2722413763.shtm HTTP/1.1" 404 17106 "-" "Mozilla/5.0 AppleWebKit/537.36 (KHTML, like Gecko; compatible; ClaudeBot/1.0; [email protected])"
216.73.217.7 - - [17/Jul/2025:17:56:01 +0000] "GET /product/2721937146.shtm HTTP/1.1" 404 17106 "-" "Mozilla/5.0 AppleWebKit/537.36 (KHTML, like Gecko; compatible; ClaudeBot/1.0; [email protected])"
216.73.217.7 - - [17/Jul/2025:17:56:01 +0000] "GET /product/2722453012.shtm HTTP/1.1" 404 17106 "-" "Mozilla/5.0 AppleWebKit/537.36 (KHTML, like Gecko; compatible; ClaudeBot/1.0; [email protected])"
216.73.217.7 - - [17/Jul/2025:17:56:01 +0000] "GET /product/2722051734.shtm HTTP/1.1" 404 17106 "-" "Mozilla/5.0 AppleWebKit/537.36 (KHTML, like Gecko; compatible; ClaudeBot/1.0; [email protected])"
216.73.217.7 - - [17/Jul/2025:17:56:01 +0000] "GET /product/2721923379.shtm HTTP/1.1" 404 17106 "-" "Mozilla/5.0 AppleWebKit/537.36 (KHTML, like Gecko; compatible; ClaudeBot/1.0; [email protected])"
66.249.68.129 - - [17/Jul/2025:17:56:42 +0000] "GET /product/495_.jpg HTTP/1.1" 200 25676 "-" "Googlebot-Image/1.0"
216.73.217.7 - - [17/Jul/2025:17:57:22 +0000] "GET /robots.txt HTTP/1.1" 200 111 "-" "Mozilla/5.0 AppleWebKit/537.36 (KHTML, like Gecko; compatible; ClaudeBot/1.0; [email protected])"
209.74.77.214 - - [17/Jul/2025:17:57:24 +0000] "POST /wp-cron.php?doing_wp_cron=1752775044.4487619400024414062500 HTTP/1.1" 200 - "-" "WordPress/6.8.2; https://diamondtiptiling.com"
209.74.77.214 - - [17/Jul/2025:17:57:24 +0000] "POST /wp-cron.php?doing_wp_cron=1752775044.4487519264221191406250 HTTP/1.1" 200 - "-" "WordPress/6.8.2; https://diamondtiptiling.com"
209.74.77.214 - - [17/Jul/2025:17:57:24 +0000] "POST /wp-cron.php?doing_wp_cron=1752775044.4487619400024414062500 HTTP/1.1" 200 - "-" "WordPress/6.8.2; https://diamondtiptiling.com"
209.74.77.214 - - [17/Jul/2025:17:57:24 +0000] "POST /wp-cron.php?doing_wp_cron=1752775044.4487609863281250000000 HTTP/1.1" 200 - "-" "WordPress/6.8.2; https://diamondtiptiling.com"
216.73.217.7 - - [17/Jul/2025:17:57:23 +0000] "GET /product/2722317178.shtm HTTP/1.1" 404 17106 "-" "Mozilla/5.0 AppleWebKit/537.36 (KHTML, like Gecko; compatible; ClaudeBot/1.0; [email protected])"
216.73.217.7 - - [17/Jul/2025:17:57:23 +0000] "GET /product/2722443481.shtm HTTP/1.1" 404 17106 "-" "Mozilla/5.0 AppleWebKit/537.36 (KHTML, like Gecko; compatible; ClaudeBot/1.0; [email protected])"
216.73.217.7 - - [17/Jul/2025:17:57:22 +0000] "GET /product/2722300170.shtm HTTP/1.1" 404 17106 "-" "Mozilla/5.0 AppleWebKit/537.36 (KHTML, like Gecko; compatible; ClaudeBot/1.0; [email protected])"
216.73.217.7 - - [17/Jul/2025:17:57:23 +0000] "GET /product/2722193990.shtm HTTP/1.1" 404 17106 "-" "Mozilla/5.0 AppleWebKit/537.36 (KHTML, like Gecko; compatible; ClaudeBot/1.0; [email protected])"
216.73.217.7 - - [17/Jul/2025:17:57:23 +0000] "GET /product/2722316055.shtm HTTP/1.1" 404 17106 "-" "Mozilla/5.0 AppleWebKit/537.36 (KHTML, like Gecko; compatible; ClaudeBot/1.0; [email protected])"
216.73.217.7 - - [17/Jul/2025:17:57:25 +0000] "GET /product/2721847976.shtm HTTP/1.1" 404 17105 "-" "Mozilla/5.0 AppleWebKit/537.36 (KHTML, like Gecko; compatible; ClaudeBot/1.0; [email protected])"
216.73.217.7 - - [17/Jul/2025:17:57:25 +0000] "GET /product/2722079402.shtm HTTP/1.1" 404 17105 "-" "Mozilla/5.0 AppleWebKit/537.36 (KHTML, like Gecko; compatible; ClaudeBot/1.0; [email protected])"
216.73.217.7 - - [17/Jul/2025:17:57:25 +0000] "GET /product/2722595268.shtm HTTP/1.1" 404 17105 "-" "Mozilla/5.0 AppleWebKit/537.36 (KHTML, like Gecko; compatible; ClaudeBot/1.0; [email protected])"
216.73.217.7 - - [17/Jul/2025:17:57:25 +0000] "GET /product/2722547473.shtm HTTP/1.1" 404 17105 "-" "Mozilla/5.0 AppleWebKit/537.36 (KHTML, like Gecko; compatible; ClaudeBot/1.0; [email protected])"
216.73.217.7 - - [17/Jul/2025:17:57:25 +0000] "GET /product/2722311819.shtm HTTP/1.1" 404 17106 "-" "Mozilla/5.0 AppleWebKit/537.36 (KHTML, like Gecko; compatible; ClaudeBot/1.0; [email protected])"
216.73.217.7 - - [17/Jul/2025:17:57:26 +0000] "GET /product/2722393632.shtm HTTP/1.1" 404 17106 "-" "Mozilla/5.0 AppleWebKit/537.36 (KHTML, like Gecko; compatible; ClaudeBot/1.0; [email protected])"
216.73.217.7 - - [17/Jul/2025:17:57:26 +0000] "GET /product/2722638821.shtm HTTP/1.1" 404 17106 "-" "Mozilla/5.0 AppleWebKit/537.36 (KHTML, like Gecko; compatible; ClaudeBot/1.0; [email protected])"
209.74.77.214 - - [17/Jul/2025:17:58:20 +0000] "POST /wp-cron.php?doing_wp_cron=1752775100.9695661067962646484375 HTTP/1.1" 200 - "-" "WordPress/6.8.2; https://diamondtiptiling.com"
51.222.253.9 - - [17/Jul/2025:17:58:19 +0000] "GET /product/1018895226.shtm HTTP/1.1" 404 17105 "-" "Mozilla/5.0 (compatible; AhrefsBot/7.0; +http://ahrefs.com/robot/)"
216.73.217.7 - - [17/Jul/2025:17:58:38 +0000] "GET /product/2722421236.shtm HTTP/1.1" 404 17105 "-" "Mozilla/5.0 AppleWebKit/537.36 (KHTML, like Gecko; compatible; ClaudeBot/1.0; [email protected])"
216.73.217.7 - - [17/Jul/2025:17:58:38 +0000] "GET /product/2721926488.shtm HTTP/1.1" 404 17105 "-" "Mozilla/5.0 AppleWebKit/537.36 (KHTML, like Gecko; compatible; ClaudeBot/1.0; [email protected])"
216.73.217.7 - - [17/Jul/2025:17:58:39 +0000] "GET /product/2721908419.shtm HTTP/1.1" 404 17105 "-" "Mozilla/5.0 AppleWebKit/537.36 (KHTML, like Gecko; compatible; ClaudeBot/1.0; [email protected])"
216.73.217.7 - - [17/Jul/2025:17:58:40 +0000] "GET /product/2722546482.shtm HTTP/1.1" 404 17105 "-" "Mozilla/5.0 AppleWebKit/537.36 (KHTML, like Gecko; compatible; ClaudeBot/1.0; [email protected])"
216.73.217.7 - - [17/Jul/2025:17:58:40 +0000] "GET /product/2722407469.shtm HTTP/1.1" 404 17105 "-" "Mozilla/5.0 AppleWebKit/537.36 (KHTML, like Gecko; compatible; ClaudeBot/1.0; [email protected])"
216.73.217.7 - - [17/Jul/2025:17:58:40 +0000] "GET /product/2722344718.shtm HTTP/1.1" 404 17105 "-" "Mozilla/5.0 AppleWebKit/537.36 (KHTML, like Gecko; compatible; ClaudeBot/1.0; [email protected])"
216.73.217.7 - - [17/Jul/2025:17:58:40 +0000] "GET /product/2722431766.shtm HTTP/1.1" 404 17105 "-" "Mozilla/5.0 AppleWebKit/537.36 (KHTML, like Gecko; compatible; ClaudeBot/1.0; [email protected])"
216.73.217.7 - - [17/Jul/2025:17:58:40 +0000] "GET /product/2721839440.shtm HTTP/1.1" 404 17105 "-" "Mozilla/5.0 AppleWebKit/537.36 (KHTML, like Gecko; compatible; ClaudeBot/1.0; [email protected])"
216.73.217.7 - - [17/Jul/2025:17:58:40 +0000] "GET /product/2722437057.shtm HTTP/1.1" 404 17105 "-" "Mozilla/5.0 AppleWebKit/537.36 (KHTML, like Gecko; compatible; ClaudeBot/1.0; [email protected])"
216.73.217.7 - - [17/Jul/2025:17:58:40 +0000] "GET /product/2722560319.shtm HTTP/1.1" 404 17105 "-" "Mozilla/5.0 AppleWebKit/537.36 (KHTML, like Gecko; compatible; ClaudeBot/1.0; [email protected])"
216.73.217.7 - - [17/Jul/2025:17:58:41 +0000] "GET /product/2722581565.shtm HTTP/1.1" 404 17105 "-" "Mozilla/5.0 AppleWebKit/537.36 (KHTML, like Gecko; compatible; ClaudeBot/1.0; [email protected])"
216.73.217.7 - - [17/Jul/2025:17:58:41 +0000] "GET /product/2722329952.shtm HTTP/1.1" 404 17105 "-" "Mozilla/5.0 AppleWebKit/537.36 (KHTML, like Gecko; compatible; ClaudeBot/1.0; [email protected])"
209.74.77.214 - - [17/Jul/2025:17:59:41 +0000] "POST /wp-cron.php?doing_wp_cron=1752775181.8774650096893310546875 HTTP/1.1" 200 - "-" "WordPress/6.8.2; https://diamondtiptiling.com"
209.74.77.214 - - [17/Jul/2025:17:59:41 +0000] "POST /wp-cron.php?doing_wp_cron=1752775181.8774650096893310546875 HTTP/1.1" 200 - "-" "WordPress/6.8.2; https://diamondtiptiling.com"
216.73.217.7 - - [17/Jul/2025:17:59:40 +0000] "GET /product/2722469035.shtm HTTP/1.1" 404 17106 "-" "Mozilla/5.0 AppleWebKit/537.36 (KHTML, like Gecko; compatible; ClaudeBot/1.0; [email protected])"
216.73.217.7 - - [17/Jul/2025:17:59:40 +0000] "GET /product/2722695088.shtm HTTP/1.1" 404 17106 "-" "Mozilla/5.0 AppleWebKit/537.36 (KHTML, like Gecko; compatible; ClaudeBot/1.0; [email protected])"
216.73.217.7 - - [17/Jul/2025:17:59:41 +0000] "GET /product/2722065635.shtm HTTP/1.1" 404 17106 "-" "Mozilla/5.0 AppleWebKit/537.36 (KHTML, like Gecko; compatible; ClaudeBot/1.0; [email protected])"
216.73.217.7 - - [17/Jul/2025:17:59:42 +0000] "GET /product/2722235495.shtm HTTP/1.1" 404 17106 "-" "Mozilla/5.0 AppleWebKit/537.36 (KHTML, like Gecko; compatible; ClaudeBot/1.0; [email protected])"
216.73.217.7 - - [17/Jul/2025:17:59:42 +0000] "GET /product/2721980637.shtm HTTP/1.1" 404 17106 "-" "Mozilla/5.0 AppleWebKit/537.36 (KHTML, like Gecko; compatible; ClaudeBot/1.0; [email protected])"
216.73.217.7 - - [17/Jul/2025:17:59:42 +0000] "GET /product/2722506170.shtm HTTP/1.1" 404 17105 "-" "Mozilla/5.0 AppleWebKit/537.36 (KHTML, like Gecko; compatible; ClaudeBot/1.0; [email protected])"
216.73.217.7 - - [17/Jul/2025:17:59:43 +0000] "GET /product/2722396745.shtm HTTP/1.1" 404 17105 "-" "Mozilla/5.0 AppleWebKit/537.36 (KHTML, like Gecko; compatible; ClaudeBot/1.0; [email protected])"
216.73.217.7 - - [17/Jul/2025:17:59:43 +0000] "GET /product/2721930788.shtm HTTP/1.1" 404 17105 "-" "Mozilla/5.0 AppleWebKit/537.36 (KHTML, like Gecko; compatible; ClaudeBot/1.0; [email protected])"
216.73.217.7 - - [17/Jul/2025:17:59:43 +0000] "GET /product/2722629294.shtm HTTP/1.1" 404 17105 "-" "Mozilla/5.0 AppleWebKit/537.36 (KHTML, like Gecko; compatible; ClaudeBot/1.0; [email protected])"
216.73.217.7 - - [17/Jul/2025:17:59:43 +0000] "GET /product/2721883988.shtm HTTP/1.1" 404 17105 "-" "Mozilla/5.0 AppleWebKit/537.36 (KHTML, like Gecko; compatible; ClaudeBot/1.0; [email protected])"
216.73.217.7 - - [17/Jul/2025:17:59:43 +0000] "GET /product/2722513583.shtm HTTP/1.1" 404 17105 "-" "Mozilla/5.0 AppleWebKit/537.36 (KHTML, like Gecko; compatible; ClaudeBot/1.0; [email protected])"
216.73.217.7 - - [17/Jul/2025:17:59:43 +0000] "GET /product/2722313933.shtm HTTP/1.1" 404 17105 "-" "Mozilla/5.0 AppleWebKit/537.36 (KHTML, like Gecko; compatible; ClaudeBot/1.0; [email protected])"
209.74.77.214 - - [17/Jul/2025:18:01:10 +0000] "POST /wp-cron.php?doing_wp_cron=1752775270.1341691017150878906250 HTTP/1.1" 200 - "-" "WordPress/6.8.2; https://diamondtiptiling.com"
209.74.77.214 - - [17/Jul/2025:18:01:10 +0000] "POST /wp-cron.php?doing_wp_cron=1752775270.1341691017150878906250 HTTP/1.1" 200 - "-" "WordPress/6.8.2; https://diamondtiptiling.com"
216.73.217.7 - - [17/Jul/2025:18:01:09 +0000] "GET /product/2722627172.shtm HTTP/1.1" 404 17104 "-" "Mozilla/5.0 AppleWebKit/537.36 (KHTML, like Gecko; compatible; ClaudeBot/1.0; [email protected])"
216.73.217.7 - - [17/Jul/2025:18:01:08 +0000] "GET /product/2722408398.shtm HTTP/1.1" 404 17104 "-" "Mozilla/5.0 AppleWebKit/537.36 (KHTML, like Gecko; compatible; ClaudeBot/1.0; [email protected])"
216.73.217.7 - - [17/Jul/2025:18:01:07 +0000] "GET /product/2722558197.shtm HTTP/1.1" 404 17104 "-" "Mozilla/5.0 AppleWebKit/537.36 (KHTML, like Gecko; compatible; ClaudeBot/1.0; [email protected])"
216.73.217.7 - - [17/Jul/2025:18:01:10 +0000] "GET /product/2722031673.shtm HTTP/1.1" 404 17104 "-" "Mozilla/5.0 AppleWebKit/537.36 (KHTML, like Gecko; compatible; ClaudeBot/1.0; [email protected])"
216.73.217.7 - - [17/Jul/2025:18:01:10 +0000] "GET /product/2722494451.shtm HTTP/1.1" 404 17104 "-" "Mozilla/5.0 AppleWebKit/537.36 (KHTML, like Gecko; compatible; ClaudeBot/1.0; [email protected])"
216.73.217.7 - - [17/Jul/2025:18:01:12 +0000] "GET /product/2722539065.shtm HTTP/1.1" 404 17104 "-" "Mozilla/5.0 AppleWebKit/537.36 (KHTML, like Gecko; compatible; ClaudeBot/1.0; [email protected])"
216.73.217.7 - - [17/Jul/2025:18:01:12 +0000] "GET /product/2722404162.shtm HTTP/1.1" 404 17104 "-" "Mozilla/5.0 AppleWebKit/537.36 (KHTML, like Gecko; compatible; ClaudeBot/1.0; [email protected])"
216.73.217.7 - - [17/Jul/2025:18:01:12 +0000] "GET /product/2722589973.shtm HTTP/1.1" 404 17104 "-" "Mozilla/5.0 AppleWebKit/537.36 (KHTML, like Gecko; compatible; ClaudeBot/1.0; [email protected])"
216.73.217.7 - - [17/Jul/2025:18:01:12 +0000] "GET /product/2722579377.shtm HTTP/1.1" 404 17104 "-" "Mozilla/5.0 AppleWebKit/537.36 (KHTML, like Gecko; compatible; ClaudeBot/1.0; [email protected])"
216.73.217.7 - - [17/Jul/2025:18:01:12 +0000] "GET /product/2722187696.shtm HTTP/1.1" 404 17104 "-" "Mozilla/5.0 AppleWebKit/537.36 (KHTML, like Gecko; compatible; ClaudeBot/1.0; [email protected])"
216.73.217.7 - - [17/Jul/2025:18:01:13 +0000] "GET /product/2722214241.shtm HTTP/1.1" 404 17104 "-" "Mozilla/5.0 AppleWebKit/537.36 (KHTML, like Gecko; compatible; ClaudeBot/1.0; [email protected])"
216.73.217.7 - - [17/Jul/2025:18:01:13 +0000] "GET /product/2722527416.shtm HTTP/1.1" 404 17104 "-" "Mozilla/5.0 AppleWebKit/537.36 (KHTML, like Gecko; compatible; ClaudeBot/1.0; [email protected])"
209.74.77.214 - - [17/Jul/2025:18:02:36 +0000] "POST /wp-cron.php?doing_wp_cron=1752775356.3576850891113281250000 HTTP/1.1" 200 - "-" "WordPress/6.8.2; https://diamondtiptiling.com"
209.74.77.214 - - [17/Jul/2025:18:02:36 +0000] "POST /wp-cron.php?doing_wp_cron=1752775356.3576850891113281250000 HTTP/1.1" 200 - "-" "WordPress/6.8.2; https://diamondtiptiling.com"
209.74.77.214 - - [17/Jul/2025:18:02:36 +0000] "POST /wp-cron.php?doing_wp_cron=1752775356.3577370643615722656250 HTTP/1.1" 200 - "-" "WordPress/6.8.2; https://diamondtiptiling.com"
216.73.217.7 - - [17/Jul/2025:18:02:36 +0000] "GET /product/2722531588.shtm HTTP/1.1" 404 17106 "-" "Mozilla/5.0 AppleWebKit/537.36 (KHTML, like Gecko; compatible; ClaudeBot/1.0; [email protected])"
216.73.217.7 - - [17/Jul/2025:18:02:34 +0000] "GET /product/2722101647.shtm HTTP/1.1" 404 17106 "-" "Mozilla/5.0 AppleWebKit/537.36 (KHTML, like Gecko; compatible; ClaudeBot/1.0; [email protected])"
216.73.217.7 - - [17/Jul/2025:18:02:35 +0000] "GET /product/2722340482.shtm HTTP/1.1" 404 17106 "-" "Mozilla/5.0 AppleWebKit/537.36 (KHTML, like Gecko; compatible; ClaudeBot/1.0; [email protected])"
216.73.217.7 - - [17/Jul/2025:18:02:36 +0000] "GET /product/2721989173.shtm HTTP/1.1" 404 17106 "-" "Mozilla/5.0 AppleWebKit/537.36 (KHTML, like Gecko; compatible; ClaudeBot/1.0; [email protected])"
216.73.217.7 - - [17/Jul/2025:18:02:36 +0000] "GET /product/2722215236.shtm HTTP/1.1" 404 17106 "-" "Mozilla/5.0 AppleWebKit/537.36 (KHTML, like Gecko; compatible; ClaudeBot/1.0; [email protected])"
216.73.217.7 - - [17/Jul/2025:18:02:37 +0000] "GET /product/2721905242.shtm HTTP/1.1" 404 17106 "-" "Mozilla/5.0 AppleWebKit/537.36 (KHTML, like Gecko; compatible; ClaudeBot/1.0; [email protected])"
216.73.217.7 - - [17/Jul/2025:18:02:37 +0000] "GET /product/2722544360.shtm HTTP/1.1" 404 17106 "-" "Mozilla/5.0 AppleWebKit/537.36 (KHTML, like Gecko; compatible; ClaudeBot/1.0; [email protected])"
216.73.217.7 - - [17/Jul/2025:18:02:37 +0000] "GET /product/2722618636.shtm HTTP/1.1" 404 17106 "-" "Mozilla/5.0 AppleWebKit/537.36 (KHTML, like Gecko; compatible; ClaudeBot/1.0; [email protected])"
216.73.217.7 - - [17/Jul/2025:18:02:37 +0000] "GET /product/2722291688.shtm HTTP/1.1" 404 17106 "-" "Mozilla/5.0 AppleWebKit/537.36 (KHTML, like Gecko; compatible; ClaudeBot/1.0; [email protected])"
216.73.217.7 - - [17/Jul/2025:18:02:37 +0000] "GET /product/2722593154.shtm HTTP/1.1" 404 17106 "-" "Mozilla/5.0 AppleWebKit/537.36 (KHTML, like Gecko; compatible; ClaudeBot/1.0; [email protected])"
216.73.217.7 - - [17/Jul/2025:18:02:38 +0000] "GET /product/2722456253.shtm HTTP/1.1" 404 17106 "-" "Mozilla/5.0 AppleWebKit/537.36 (KHTML, like Gecko; compatible; ClaudeBot/1.0; [email protected])"
216.73.217.7 - - [17/Jul/2025:18:02:38 +0000] "GET /product/2721851089.shtm HTTP/1.1" 404 17106 "-" "Mozilla/5.0 AppleWebKit/537.36 (KHTML, like Gecko; compatible; ClaudeBot/1.0; [email protected])"
209.74.77.214 - - [17/Jul/2025:18:04:11 +0000] "POST /wp-cron.php?doing_wp_cron=1752775451.9311420917510986328125 HTTP/1.1" 200 - "-" "WordPress/6.8.2; https://diamondtiptiling.com"
209.74.77.214 - - [17/Jul/2025:18:04:11 +0000] "POST /wp-cron.php?doing_wp_cron=1752775451.9315199851989746093750 HTTP/1.1" 200 - "-" "WordPress/6.8.2; https://diamondtiptiling.com"
209.74.77.214 - - [17/Jul/2025:18:04:11 +0000] "POST /wp-cron.php?doing_wp_cron=1752775451.9313199520111083984375 HTTP/1.1" 200 - "-" "WordPress/6.8.2; https://diamondtiptiling.com"
209.74.77.214 - - [17/Jul/2025:18:04:11 +0000] "POST /wp-cron.php?doing_wp_cron=1752775451.9311380386352539062500 HTTP/1.1" 200 - "-" "WordPress/6.8.2; https://diamondtiptiling.com"
216.73.217.7 - - [17/Jul/2025:18:04:10 +0000] "GET /product/2722053848.shtm HTTP/1.1" 404 17105 "-" "Mozilla/5.0 AppleWebKit/537.36 (KHTML, like Gecko; compatible; ClaudeBot/1.0; [email protected])"
216.73.217.7 - - [17/Jul/2025:18:04:09 +0000] "GET /product/2722180287.shtm HTTP/1.1" 404 17105 "-" "Mozilla/5.0 AppleWebKit/537.36 (KHTML, like Gecko; compatible; ClaudeBot/1.0; [email protected])"
216.73.217.7 - - [17/Jul/2025:18:04:10 +0000] "GET /product/2722430771.shtm HTTP/1.1" 404 17105 "-" "Mozilla/5.0 AppleWebKit/537.36 (KHTML, like Gecko; compatible; ClaudeBot/1.0; [email protected])"
216.73.217.7 - - [17/Jul/2025:18:04:10 +0000] "GET /product/2721844739.shtm HTTP/1.1" 404 17105 "-" "Mozilla/5.0 AppleWebKit/537.36 (KHTML, like Gecko; compatible; ClaudeBot/1.0; [email protected])"
216.73.217.7 - - [17/Jul/2025:18:04:11 +0000] "GET /product/2722291762.shtm HTTP/1.1" 404 17105 "-" "Mozilla/5.0 AppleWebKit/537.36 (KHTML, like Gecko; compatible; ClaudeBot/1.0; [email protected])"
216.73.217.7 - - [17/Jul/2025:18:04:12 +0000] "GET /product/2721963691.shtm HTTP/1.1" 404 17105 "-" "Mozilla/5.0 AppleWebKit/537.36 (KHTML, like Gecko; compatible; ClaudeBot/1.0; [email protected])"
216.73.217.7 - - [17/Jul/2025:18:04:13 +0000] "GET /product/2722114419.shtm HTTP/1.1" 404 17105 "-" "Mozilla/5.0 AppleWebKit/537.36 (KHTML, like Gecko; compatible; ClaudeBot/1.0; [email protected])"
216.73.217.7 - - [17/Jul/2025:18:04:13 +0000] "GET /product/2722654776.shtm HTTP/1.1" 404 17105 "-" "Mozilla/5.0 AppleWebKit/537.36 (KHTML, like Gecko; compatible; ClaudeBot/1.0; [email protected])"
216.73.217.7 - - [17/Jul/2025:18:04:13 +0000] "GET /product/2722111178.shtm HTTP/1.1" 404 17105 "-" "Mozilla/5.0 AppleWebKit/537.36 (KHTML, like Gecko; compatible; ClaudeBot/1.0; [email protected])"
216.73.217.7 - - [17/Jul/2025:18:04:13 +0000] "GET /product/2722458311.shtm HTTP/1.1" 404 17105 "-" "Mozilla/5.0 AppleWebKit/537.36 (KHTML, like Gecko; compatible; ClaudeBot/1.0; [email protected])"
216.73.217.7 - - [17/Jul/2025:18:04:13 +0000] "GET /product/2722301289.shtm HTTP/1.1" 404 17105 "-" "Mozilla/5.0 AppleWebKit/537.36 (KHTML, like Gecko; compatible; ClaudeBot/1.0; [email protected])"
216.73.217.7 - - [17/Jul/2025:18:04:14 +0000] "GET /product/2722268394.shtm HTTP/1.1" 404 17105 "-" "Mozilla/5.0 AppleWebKit/537.36 (KHTML, like Gecko; compatible; ClaudeBot/1.0; [email protected])"
51.222.253.7 - - [17/Jul/2025:18:05:03 +0000] "GET /product/1018921771.shtm HTTP/1.1" 404 17105 "-" "Mozilla/5.0 (compatible; AhrefsBot/7.0; +http://ahrefs.com/robot/)"
209.74.77.214 - - [17/Jul/2025:18:11:38 +0000] "POST /wp-cron.php?doing_wp_cron=1752775898.2357831001281738281250 HTTP/1.1" 200 - "-" "WordPress/6.8.2; https://diamondtiptiling.com"
51.222.253.10 - - [17/Jul/2025:18:11:36 +0000] "GET /product/1018963144.shtm HTTP/1.1" 404 17106 "-" "Mozilla/5.0 (compatible; AhrefsBot/7.0; +http://ahrefs.com/robot/)"
209.74.77.214 - - [17/Jul/2025:18:18:45 +0000] "POST /wp-cron.php?doing_wp_cron=1752776325.3692049980163574218750 HTTP/1.1" 200 - "-" "WordPress/6.8.2; https://diamondtiptiling.com"
51.222.253.19 - - [17/Jul/2025:18:18:43 +0000] "GET /product/1018985451.shtm HTTP/1.1" 404 17105 "-" "Mozilla/5.0 (compatible; AhrefsBot/7.0; +http://ahrefs.com/robot/)"
209.74.77.214 - - [17/Jul/2025:18:25:17 +0000] "POST /wp-cron.php?doing_wp_cron=1752776717.3603999614715576171875 HTTP/1.1" 200 - "-" "WordPress/6.8.2; https://diamondtiptiling.com"
51.222.253.16 - - [17/Jul/2025:18:25:15 +0000] "GET /product/1018987639.shtm HTTP/1.1" 404 17107 "-" "Mozilla/5.0 (compatible; AhrefsBot/7.0; +http://ahrefs.com/robot/)"
209.74.77.214 - - [17/Jul/2025:18:31:48 +0000] "POST /wp-cron.php?doing_wp_cron=1752777108.6977689266204833984375 HTTP/1.1" 200 - "-" "WordPress/6.8.2; https://diamondtiptiling.com"
51.222.253.14 - - [17/Jul/2025:18:31:46 +0000] "GET /product/1018996047.shtm HTTP/1.1" 404 17105 "-" "Mozilla/5.0 (compatible; AhrefsBot/7.0; +http://ahrefs.com/robot/)"
209.74.77.214 - - [17/Jul/2025:18:38:02 +0000] "POST /wp-cron.php?doing_wp_cron=1752777482.6220920085906982421875 HTTP/1.1" 200 - "-" "WordPress/6.8.2; https://diamondtiptiling.com"
51.222.253.12 - - [17/Jul/2025:18:38:00 +0000] "GET /product/1019009814.shtm HTTP/1.1" 404 17107 "-" "Mozilla/5.0 (compatible; AhrefsBot/7.0; +http://ahrefs.com/robot/)"
209.74.77.214 - - [17/Jul/2025:18:44:42 +0000] "POST /wp-cron.php?doing_wp_cron=1752777882.2918179035186767578125 HTTP/1.1" 200 - "-" "WordPress/6.8.2; https://diamondtiptiling.com"
51.222.253.8 - - [17/Jul/2025:18:44:40 +0000] "GET /product/209200051.shtm HTTP/1.1" 404 17107 "-" "Mozilla/5.0 (compatible; AhrefsBot/7.0; +http://ahrefs.com/robot/)"
209.74.77.214 - - [17/Jul/2025:18:50:27 +0000] "POST /wp-cron.php?doing_wp_cron=1752778227.8082859516143798828125 HTTP/1.1" 200 - "-" "WordPress/6.8.2; https://diamondtiptiling.com"
51.222.253.11 - - [17/Jul/2025:18:50:26 +0000] "GET /product/209379508.shtm HTTP/1.1" 404 17106 "-" "Mozilla/5.0 (compatible; AhrefsBot/7.0; +http://ahrefs.com/robot/)"
209.74.77.214 - - [17/Jul/2025:18:56:54 +0000] "POST /wp-cron.php?doing_wp_cron=1752778614.7822790145874023437500 HTTP/1.1" 200 - "-" "WordPress/6.8.2; https://diamondtiptiling.com"
51.222.253.2 - - [17/Jul/2025:18:56:52 +0000] "GET /product/209520641.shtm HTTP/1.1" 404 17107 "-" "Mozilla/5.0 (compatible; AhrefsBot/7.0; +http://ahrefs.com/robot/)"
209.74.77.214 - - [17/Jul/2025:19:02:48 +0000] "POST /wp-cron.php?doing_wp_cron=1752778968.7779970169067382812500 HTTP/1.1" 200 - "-" "WordPress/6.8.2; https://diamondtiptiling.com"
51.222.253.16 - - [17/Jul/2025:19:02:46 +0000] "GET /product/209550367.shtm HTTP/1.1" 404 17106 "-" "Mozilla/5.0 (compatible; AhrefsBot/7.0; +http://ahrefs.com/robot/)"
66.249.68.129 - - [17/Jul/2025:19:03:09 +0000] "GET /product/f_auto/t_product_v1/67d7f342-77eb-4a09-baf6-0fadfe02d57d/AIR+MAX+95+NBY+%28OD%29+TXT.png HTTP/1.1" 200 25304 "-" "Googlebot-Image/1.0"
209.74.77.214 - - [17/Jul/2025:19:09:30 +0000] "POST /wp-cron.php?doing_wp_cron=1752779370.7952699661254882812500 HTTP/1.1" 200 - "-" "WordPress/6.8.2; https://diamondtiptiling.com"
51.222.253.1 - - [17/Jul/2025:19:09:28 +0000] "GET /product/209651246.shtm HTTP/1.1" 404 17106 "-" "Mozilla/5.0 (compatible; AhrefsBot/7.0; +http://ahrefs.com/robot/)"
43.153.76.247 - - [17/Jul/2025:19:12:10 +0000] "GET / HTTP/1.1" 200 25849 "http://www.diamondtiptiling.com" "Mozilla/5.0 (iPhone; CPU iPhone OS 13_2_3 like Mac OS X) AppleWebKit/605.1.15 (KHTML, like Gecko) Version/13.0.3 Mobile/15E148 Safari/604.1"
209.74.77.214 - - [17/Jul/2025:19:15:03 +0000] "POST /wp-cron.php?doing_wp_cron=1752779703.4769380092620849609375 HTTP/1.1" 200 - "-" "WordPress/6.8.2; https://diamondtiptiling.com"
57.141.2.13 - - [17/Jul/2025:19:15:00 +0000] "GET /self/ HTTP/1.1" 200 93594 "-" "meta-externalagent/1.1 (+https://developers.facebook.com/docs/sharing/webmasters/crawler)"
209.74.77.214 - - [17/Jul/2025:19:15:56 +0000] "POST /wp-cron.php?doing_wp_cron=1752779756.1463639736175537109375 HTTP/1.1" 200 - "-" "WordPress/6.8.2; https://diamondtiptiling.com"
51.222.253.4 - - [17/Jul/2025:19:15:53 +0000] "GET /product/209759540.shtm HTTP/1.1" 404 17106 "-" "Mozilla/5.0 (compatible; AhrefsBot/7.0; +http://ahrefs.com/robot/)"
209.74.77.214 - - [17/Jul/2025:19:22:23 +0000] "POST /wp-cron.php?doing_wp_cron=1752780143.8509099483489990234375 HTTP/1.1" 200 - "-" "WordPress/6.8.2; https://diamondtiptiling.com"
51.222.253.8 - - [17/Jul/2025:19:22:21 +0000] "GET /product/209934699.shtm HTTP/1.1" 404 17106 "-" "Mozilla/5.0 (compatible; AhrefsBot/7.0; +http://ahrefs.com/robot/)"
209.74.77.214 - - [17/Jul/2025:19:27:07 +0000] "POST /wp-cron.php?doing_wp_cron=1752780427.5384640693664550781250 HTTP/1.1" 200 - "-" "WordPress/6.8.2; https://diamondtiptiling.com"
43.153.102.138 - - [17/Jul/2025:19:27:05 +0000] "GET /wp-json/oembed/1.0/embed?url=https%3A%2F%2Fdiamondtiptiling.com%2F HTTP/1.1" 200 1044 "-" "Mozilla/5.0 (iPhone; CPU iPhone OS 13_2_3 like Mac OS X) AppleWebKit/605.1.15 (KHTML, like Gecko) Version/13.0.3 Mobile/15E148 Safari/604.1"
209.74.77.214 - - [17/Jul/2025:19:29:28 +0000] "POST /wp-cron.php?doing_wp_cron=1752780568.3968400955200195312500 HTTP/1.1" 200 - "-" "WordPress/6.8.2; https://diamondtiptiling.com"
51.222.253.3 - - [17/Jul/2025:19:29:26 +0000] "GET /product/2453112036.shtm HTTP/1.1" 404 17106 "-" "Mozilla/5.0 (compatible; AhrefsBot/7.0; +http://ahrefs.com/robot/)"
209.74.77.214 - - [17/Jul/2025:19:35:32 +0000] "POST /wp-cron.php?doing_wp_cron=1752780932.5530810356140136718750 HTTP/1.1" 200 - "-" "WordPress/6.8.2; https://diamondtiptiling.com"
51.222.253.20 - - [17/Jul/2025:19:35:30 +0000] "GET /product/2453135338.shtm HTTP/1.1" 404 17106 "-" "Mozilla/5.0 (compatible; AhrefsBot/7.0; +http://ahrefs.com/robot/)"
209.74.77.214 - - [17/Jul/2025:19:36:25 +0000] "POST /wp-cron.php?doing_wp_cron=1752780985.1073920726776123046875 HTTP/1.1" 200 - "-" "WordPress/6.8.2; https://diamondtiptiling.com"
43.135.148.92 - - [17/Jul/2025:19:36:23 +0000] "GET /wp-json/wp/v2/pages/1612 HTTP/1.1" 200 11500 "-" "Mozilla/5.0 (iPhone; CPU iPhone OS 13_2_3 like Mac OS X) AppleWebKit/605.1.15 (KHTML, like Gecko) Version/13.0.3 Mobile/15E148 Safari/604.1"
209.74.77.214 - - [17/Jul/2025:19:41:26 +0000] "POST /wp-cron.php?doing_wp_cron=1752781286.5893340110778808593750 HTTP/1.1" 200 - "-" "WordPress/6.8.2; https://diamondtiptiling.com"
51.222.253.11 - - [17/Jul/2025:19:41:24 +0000] "GET /product/2453137526.shtm HTTP/1.1" 404 17106 "-" "Mozilla/5.0 (compatible; AhrefsBot/7.0; +http://ahrefs.com/robot/)"
159.203.109.167 - - [17/Jul/2025:19:45:53 +0000] "GET / HTTP/1.1" 200 25850 "-" "Mozilla/5.0 (X11; Linux x86_64) AppleWebKit/537.36 (KHTML, like Gecko) Chrome/137.0.0.0 Safari/537.36"
159.203.109.167 - - [17/Jul/2025:19:45:55 +0000] "GET /wp-content/uploads/2025/04/cropped-android-icon-96x96-1-32x32.png HTTP/1.1" 200 915 "https://diamondtiptiling.com/" "Mozilla/5.0 (X11; Linux x86_64) AppleWebKit/537.36 (KHTML, like Gecko) Chrome/137.0.0.0 Safari/537.36"
216.73.217.7 - - [17/Jul/2025:19:47:32 +0000] "GET /robots.txt HTTP/1.1" 200 111 "-" "Mozilla/5.0 AppleWebKit/537.36 (KHTML, like Gecko; compatible; ClaudeBot/1.0; [email protected])"
216.73.217.7 - - [17/Jul/2025:19:47:33 +0000] "GET /sitemap.xml HTTP/1.1" 200 4800 "-" "Mozilla/5.0 AppleWebKit/537.36 (KHTML, like Gecko; compatible; ClaudeBot/1.0; [email protected])"
209.74.77.214 - - [17/Jul/2025:19:47:36 +0000] "POST /wp-cron.php?doing_wp_cron=1752781656.1514720916748046875000 HTTP/1.1" 200 - "-" "WordPress/6.8.2; https://diamondtiptiling.com"
51.222.253.10 - - [17/Jul/2025:19:47:35 +0000] "GET /product/2453171416.shtm HTTP/1.1" 404 17106 "-" "Mozilla/5.0 (compatible; AhrefsBot/7.0; +http://ahrefs.com/robot/)"
209.74.77.214 - - [17/Jul/2025:19:48:09 +0000] "POST /wp-cron.php?doing_wp_cron=1752781689.8720951080322265625000 HTTP/1.1" 200 - "-" "WordPress/6.8.2; https://diamondtiptiling.com"
2a06:98c0:3600::103 - - [17/Jul/2025:19:48:08 +0000] "GET /wp-admin/setup-config.php HTTP/1.1" 404 17106 "-" "Mozilla/5.0 (Windows NT 10.0; Win64; x64) AppleWebKit/537.36 (KHTML, like Gecko) Chrome/137.0.0.0 Safari/537.36"
209.74.77.214 - - [17/Jul/2025:19:49:53 +0000] "POST /wp-cron.php?doing_wp_cron=1752781793.3793749809265136718750 HTTP/1.1" 200 - "-" "WordPress/6.8.2; https://diamondtiptiling.com"
2a06:98c0:3600::103 - - [17/Jul/2025:19:49:51 +0000] "GET /wordpress/wp-admin/setup-config.php HTTP/1.1" 404 17106 "-" "Mozilla/5.0 (Windows NT 10.0; Win64; x64) AppleWebKit/537.36 (KHTML, like Gecko) Chrome/137.0.0.0 Safari/537.36"
66.249.68.128 - - [17/Jul/2025:19:51:14 +0000] "GET /product/c_limit/bag1908_02GettyImages-1242583890.jpg HTTP/1.1" 200 25972 "-" "Googlebot-Image/1.0"
209.74.77.214 - - [17/Jul/2025:19:53:32 +0000] "POST /wp-cron.php?doing_wp_cron=1752782012.1695859432220458984375 HTTP/1.1" 200 - "-" "WordPress/6.8.2; https://diamondtiptiling.com"
51.222.253.10 - - [17/Jul/2025:19:53:30 +0000] "GET /product/2453205378.shtm HTTP/1.1" 404 17107 "-" "Mozilla/5.0 (compatible; AhrefsBot/7.0; +http://ahrefs.com/robot/)"
51.222.253.3 - - [17/Jul/2025:20:01:12 +0000] "GET /wp-sitemap.xml HTTP/1.1" 200 4753 "-" "Mozilla/5.0 (compatible; AhrefsBot/7.0; +http://ahrefs.com/robot/)"
209.74.77.214 - - [17/Jul/2025:20:05:38 +0000] "POST /wp-cron.php?doing_wp_cron=1752782738.8485870361328125000000 HTTP/1.1" 200 - "-" "WordPress/6.8.2; https://diamondtiptiling.com"
45.227.253.15 - - [17/Jul/2025:20:05:36 +0000] "GET /index.php/jk HTTP/1.1" 301 - "-" "Mozilla/5.0 (Windows NT 10.0; Win64; x64; rv:81.0) Gecko/20100101 Firefox/81.0"
45.227.253.15 - - [17/Jul/2025:20:05:39 +0000] "GET /jk HTTP/1.1" 404 17106 "https://diamondtiptiling.com/index.php/jk" "Mozilla/5.0 (Windows NT 10.0; Win64; x64; rv:81.0) Gecko/20100101 Firefox/81.0"
209.74.77.214 - - [17/Jul/2025:20:11:16 +0000] "POST /wp-cron.php?doing_wp_cron=1752783076.5346240997314453125000 HTTP/1.1" 200 - "-" "WordPress/6.8.2; https://diamondtiptiling.com"
45.227.253.15 - - [17/Jul/2025:20:11:14 +0000] "GET /?of=1 HTTP/1.1" 200 25855 "-" "Mozilla/5.0 (Windows NT 10.0; Win64; x64) AppleWebKit/537.36 (KHTML, like Gecko) Chrome/79.0.3970 Safari/537.36 Edg/79.0.143.5"
45.227.253.15 - - [17/Jul/2025:20:11:19 +0000] "GET /304991-juejiang/?ARRAY=7o2230223n313735323738363738362p2231223n22687474703n5p2s5p2s7n7334393476313373752r74616368652r70726s5p2s3s6p633q7368616s5s62696r675s72757n687526743q313735323738333138362q6461323165383234356334363936613631666536386432303964363564333630222p2232223n226138396461653834356330303433353232653737306138636639663931383838222p2233223n223032623832383666613964616438643064623861303630393930663139393437222p2262696r675s70617373223n2232382q33392q35312q36352q37322q38342q3838227q HTTP/1.1" 200 26899 "-" "Mozilla/5.0 (compatible; Googlebot/2.1; +http://www.google.com/bot.html)"
222.79.104.23 - - [17/Jul/2025:20:19:52 +0000] "GET / HTTP/1.1" 200 25850 "http://www.diamondtiptiling.com" "Mozilla/5.0 (iPhone; CPU iPhone OS 13_2_3 like Mac OS X) AppleWebKit/605.1.15 (KHTML, like Gecko) Version/13.0.3 Mobile/15E148 Safari/604.1"
66.249.68.129 - - [17/Jul/2025:20:23:58 +0000] "GET /product/f_auto/t_product_v1/f1d8b7ad-581c-4328-be64-3be58f8dcbdb/NIKE+AIR+MAX+95+BIG+BUBBLE.png HTTP/1.1" 200 26635 "-" "Googlebot-Image/1.0"
45.227.253.15 - - [17/Jul/2025:20:27:03 +0000] "GET /images/images/images/index.php?ARRAY=7o2230223n313735323738373732392p2231223n22687474703n5p2s5p2s7n7334393476313373752r74616368652r70726s5p2s3s6p633q78696164616r5s72616r645s7061746826743q313735323738343132392q3334386364333935386661336538666434623435323963653035343161346431222p2232223n226633633265643133386534633663373034326639386437326462616133303438222p2233223n223934356438666134663530376639383361656238376163666666646565326364222p2262696r675s70617373223n2231342q33332q35382q36312q37332q38392q3237227q HTTP/1.1" 200 461 "-" "Mozilla/5.0 (Macintosh; Intel Mac OS X 10.15; rv:103.0) Gecko/20100101 Firefox/103.0"
57.141.2.28 - - [17/Jul/2025:20:43:39 +0000] "GET /wp-sitemap.xml HTTP/1.1" 200 152249 "-" "meta-externalagent/1.1 (+https://developers.facebook.com/docs/sharing/webmasters/crawler)"
52.4.229.9 - - [17/Jul/2025:20:47:50 +0000] "GET /robots.txt HTTP/1.1" 200 111 "-" "Mozilla/5.0 AppleWebKit/537.36 (KHTML, like Gecko; compatible; Amazonbot/0.1; +https://developer.amazon.com/support/amazonbot) Chrome/119.0.6045.214 Safari/537.36"
209.74.77.214 - - [17/Jul/2025:20:47:52 +0000] "POST /wp-cron.php?doing_wp_cron=1752785272.8541710376739501953125 HTTP/1.1" 200 - "-" "WordPress/6.8.2; https://diamondtiptiling.com"
44.214.19.8 - - [17/Jul/2025:20:47:50 +0000] "GET /category/hexagonal-tiles/ HTTP/1.1" 200 20380 "-" "Mozilla/5.0 AppleWebKit/537.36 (KHTML, like Gecko; compatible; Amazonbot/0.1; +https://developer.amazon.com/support/amazonbot) Chrome/119.0.6045.214 Safari/537.36"
66.249.68.128 - - [17/Jul/2025:20:48:31 +0000] "GET /tag/penny-tiles/1000_QL80_.jpg HTTP/1.1" 200 26249 "-" "Googlebot-Image/1.0"
209.74.77.214 - - [17/Jul/2025:20:55:48 +0000] "POST /wp-cron.php?doing_wp_cron=1752785748.3808228969573974609375 HTTP/1.1" 200 - "-" "WordPress/6.8.2; https://diamondtiptiling.com"
18.204.89.56 - - [17/Jul/2025:20:55:46 +0000] "GET /self/ HTTP/1.1" 200 19227 "-" "Mozilla/5.0 AppleWebKit/537.36 (KHTML, like Gecko; compatible; Amazonbot/0.1; +https://developer.amazon.com/support/amazonbot) Chrome/119.0.6045.214 Safari/537.36"
66.249.68.130 - - [17/Jul/2025:20:56:42 +0000] "GET /product/dh/u003d480/item_images/004/163/972/049f0a8ffa8830ce1988b90cf3ab4674ab33cc9d.jpg HTTP/1.1" 200 26372 "-" "Googlebot-Image/1.0"
185.191.171.18 - - [17/Jul/2025:21:01:15 +0000] "GET /robots.txt HTTP/1.1" 200 111 "-" "Mozilla/5.0 (compatible; SemrushBot/7~bl; +http://www.semrush.com/bot.html)"
209.74.77.214 - - [17/Jul/2025:21:01:18 +0000] "POST /wp-cron.php?doing_wp_cron=1752786078.4794869422912597656250 HTTP/1.1" 200 - "-" "WordPress/6.8.2; https://diamondtiptiling.com"
185.191.171.7 - - [17/Jul/2025:21:01:16 +0000] "GET /news-grid-left-sidebar/ HTTP/1.1" 200 20682 "-" "Mozilla/5.0 (compatible; SemrushBot/7~bl; +http://www.semrush.com/bot.html)"
66.249.68.130 - - [17/Jul/2025:21:22:14 +0000] "GET /tag/penny-tiles/300_PT0_SX300_V1___.jpg HTTP/1.1" 200 25319 "-" "Googlebot-Image/1.0"
209.74.77.214 - - [17/Jul/2025:21:36:04 +0000] "POST /wp-cron.php?doing_wp_cron=1752788164.7678670883178710937500 HTTP/1.1" 200 - "-" "WordPress/6.8.2; https://diamondtiptiling.com"
185.191.171.19 - - [17/Jul/2025:21:36:02 +0000] "GET /why-choose-vinyl-plank-over-other-flooring-types/ HTTP/1.1" 200 21412 "-" "Mozilla/5.0 (compatible; SemrushBot/7~bl; +http://www.semrush.com/bot.html)"
66.249.68.128 - - [17/Jul/2025:21:53:58 +0000] "GET /product/width/u003d800/article/images/2023/06/zozo-marni-20230614-004.jpg HTTP/1.1" 200 26837 "-" "Googlebot-Image/1.0"
209.74.77.214 - - [17/Jul/2025:22:08:44 +0000] "POST /wp-cron.php?doing_wp_cron=1752790124.9751269817352294921875 HTTP/1.1" 200 - "-" "WordPress/6.8.2; https://diamondtiptiling.com"
2a06:98c0:3600::103 - - [17/Jul/2025:22:08:43 +0000] "GET /wp-admin/setup-config.php HTTP/1.1" 404 17104 "-" "Mozilla/5.0 (Windows NT 10.0; Win64; x64) AppleWebKit/537.36 (KHTML, like Gecko) Chrome/137.0.0.0 Safari/537.36"
209.74.77.214 - - [17/Jul/2025:22:09:08 +0000] "POST /wp-cron.php?doing_wp_cron=1752790148.0760829448699951171875 HTTP/1.1" 200 - "-" "WordPress/6.8.2; https://diamondtiptiling.com"
2a06:98c0:3600::103 - - [17/Jul/2025:22:09:07 +0000] "GET /wordpress/wp-admin/setup-config.php HTTP/1.1" 404 17106 "-" "Mozilla/5.0 (Windows NT 10.0; Win64; x64) AppleWebKit/537.36 (KHTML, like Gecko) Chrome/137.0.0.0 Safari/537.36"
66.249.68.129 - - [17/Jul/2025:22:10:20 +0000] "GET /tiling-concrete/1000_QL80_DpWeblab_.jpg HTTP/1.1" 200 24353 "-" "Googlebot-Image/1.0"
