216.73.216.233 - - [14/Jul/2025:14:54:14 +0000] "GET /shopdetail/149393780 HTTP/1.1" 404 13146 "-" "Mozilla/5.0 AppleWebKit/537.36 (KHTML, like Gecko; compatible; ClaudeBot/1.0; [email protected])"
66.249.73.128 - - [14/Jul/2025:14:54:15 +0000] "POST /get-message-notify HTTP/1.1" 200 17999 "https://onlycnc.com.au/?f=94557694071490&mod=b313e67d&uri=product.php%3Fid%3D3155574-1094%26name%3Dbox+frame+shirt" "Mozilla/5.0 (Linux; Android 6.0.1; Nexus 5X Build/MMB29P) AppleWebKit/537.36 (KHTML, like Gecko) Chrome/137.0.7151.119 Mobile Safari/537.36 (compatible; Googlebot/2.1; +http://www.google.com/bot.html)"
66.249.73.132 - - [14/Jul/2025:14:54:57 +0000] "GET /?f=94593364041490&mod=f148268a&uri=blog.php%3Fid%3D3156763-633%26name%3Dwhite+nike+air+force+custom HTTP/1.1" 200 19013 "-" "Mozilla/5.0 (Linux; Android 6.0.1; Nexus 5X Build/MMB29P) AppleWebKit/537.36 (KHTML, like Gecko) Chrome/137.0.7151.103 Mobile Safari/537.36 (compatible; Googlebot/2.1; +http://www.google.com/bot.html)"
66.249.73.132 - - [14/Jul/2025:14:55:00 +0000] "POST /get-message-notify HTTP/1.1" 200 17999 "https://onlycnc.com.au/?f=94593364041490&mod=f148268a&uri=blog.php%3Fid%3D3156763-633%26name%3Dwhite+nike+air+force+custom" "Mozilla/5.0 (Linux; Android 6.0.1; Nexus 5X Build/MMB29P) AppleWebKit/537.36 (KHTML, like Gecko) Chrome/137.0.7151.119 Mobile Safari/537.36 (compatible; Googlebot/2.1; +http://www.google.com/bot.html)"
66.249.73.132 - - [14/Jul/2025:14:55:24 +0000] "GET /?f=94566454031490&mod=4e805f0e&uri=article.php%3Fid%3D3155866-452%26name%3Dsandalias+adidas+yeezy HTTP/1.1" 200 19015 "-" "Mozilla/5.0 (Linux; Android 6.0.1; Nexus 5X Build/MMB29P) AppleWebKit/537.36 (KHTML, like Gecko) Chrome/137.0.7151.103 Mobile Safari/537.36 (compatible; Googlebot/2.1; +http://www.google.com/bot.html)"
216.73.216.233 - - [14/Jul/2025:14:55:26 +0000] "GET /shopdetail/149167616 HTTP/1.1" 404 13146 "-" "Mozilla/5.0 AppleWebKit/537.36 (KHTML, like Gecko; compatible; ClaudeBot/1.0; [email protected])"
216.73.216.233 - - [14/Jul/2025:14:55:29 +0000] "GET /shopdetail/149174304 HTTP/1.1" 404 13146 "-" "Mozilla/5.0 AppleWebKit/537.36 (KHTML, like Gecko; compatible; ClaudeBot/1.0; [email protected])"
216.73.216.233 - - [14/Jul/2025:14:55:31 +0000] "GET /shopdetail/149839036 HTTP/1.1" 404 13146 "-" "Mozilla/5.0 AppleWebKit/537.36 (KHTML, like Gecko; compatible; ClaudeBot/1.0; [email protected])"
216.73.216.233 - - [14/Jul/2025:14:55:34 +0000] "GET /shopdetail/149884216 HTTP/1.1" 404 13146 "-" "Mozilla/5.0 AppleWebKit/537.36 (KHTML, like Gecko; compatible; ClaudeBot/1.0; [email protected])"
216.73.216.233 - - [14/Jul/2025:14:55:37 +0000] "GET /shopdetail/149439924 HTTP/1.1" 404 13146 "-" "Mozilla/5.0 AppleWebKit/537.36 (KHTML, like Gecko; compatible; ClaudeBot/1.0; [email protected])"
216.73.216.233 - - [14/Jul/2025:14:55:40 +0000] "GET /shopdetail/149953692 HTTP/1.1" 404 13146 "-" "Mozilla/5.0 AppleWebKit/537.36 (KHTML, like Gecko; compatible; ClaudeBot/1.0; [email protected])"
66.249.73.132 - - [14/Jul/2025:14:55:51 +0000] "GET /?f=25248701031490&mod=4ec74784&uri=category-info.php?shopdetail/3296352 HTTP/1.1" 200 19114 "-" "Mozilla/5.0 (Linux; Android 6.0.1; Nexus 5X Build/MMB29P) AppleWebKit/537.36 (KHTML, like Gecko) Chrome/137.0.7151.103 Mobile Safari/537.36 (compatible; Googlebot/2.1; +http://www.google.com/bot.html)"
66.249.73.132 - - [14/Jul/2025:14:56:18 +0000] "GET /?f=54475162021490&mod=c302c12d&uri=category-info.php%3Fid%3D1817893-1031%26name%3Dleopard+nike+sandals HTTP/1.1" 200 19017 "-" "Mozilla/5.0 (Linux; Android 6.0.1; Nexus 5X Build/MMB29P) AppleWebKit/537.36 (KHTML, like Gecko) Chrome/137.0.7151.103 Mobile Safari/537.36 (compatible; Googlebot/2.1; +http://www.google.com/bot.html)"
66.249.73.128 - - [14/Jul/2025:14:56:20 +0000] "GET /?f=105406995021490&mod=d8da1244&uri=category-info.php%3Fid%3D3517791-400%26name%3Dwatch+bgc+season+online+free HTTP/1.1" 200 19056 "-" "Mozilla/5.0 (Linux; Android 6.0.1; Nexus 5X Build/MMB29P) AppleWebKit/537.36 (KHTML, like Gecko) Chrome/137.0.7151.103 Mobile Safari/537.36 (compatible; Googlebot/2.1; +http://www.google.com/bot.html)"
66.249.73.128 - - [14/Jul/2025:14:56:26 +0000] "POST /get-message-notify HTTP/1.1" 200 17999 "https://onlycnc.com.au/?f=105406995021490&mod=d8da1244&uri=category-info.php%3Fid%3D3517791-400%26name%3Dwatch+bgc+season+online+free" "Mozilla/5.0 (Linux; Android 6.0.1; Nexus 5X Build/MMB29P) AppleWebKit/537.36 (KHTML, like Gecko) Chrome/137.0.7151.119 Mobile Safari/537.36 (compatible; Googlebot/2.1; +http://www.google.com/bot.html)"
209.74.77.214 - - [14/Jul/2025:14:56:46 +0000] "POST /wp-cron.php?doing_wp_cron=1752505006.9204881191253662109375 HTTP/1.1" 200 - "-" "WordPress/6.8.1; https://onlycnc.com.au"
216.73.216.233 - - [14/Jul/2025:14:56:46 +0000] "GET /shopdetail/149299880 HTTP/1.1" 404 13146 "-" "Mozilla/5.0 AppleWebKit/537.36 (KHTML, like Gecko; compatible; ClaudeBot/1.0; [email protected])"
66.249.73.132 - - [14/Jul/2025:14:56:47 +0000] "GET /?f=94522667021490&mod=6e65e501&uri=product.php%3Fid%3D3154406-465%26name%3Dreebok+experiment HTTP/1.1" 200 19001 "-" "Mozilla/5.0 (Linux; Android 6.0.1; Nexus 5X Build/MMB29P) AppleWebKit/537.36 (KHTML, like Gecko) Chrome/137.0.7151.103 Mobile Safari/537.36 (compatible; Googlebot/2.1; +http://www.google.com/bot.html)"
216.73.216.233 - - [14/Jul/2025:14:56:49 +0000] "GET /shopdetail/149976760 HTTP/1.1" 404 13146 "-" "Mozilla/5.0 AppleWebKit/537.36 (KHTML, like Gecko; compatible; ClaudeBot/1.0; [email protected])"
216.73.216.233 - - [14/Jul/2025:14:56:52 +0000] "GET /shopdetail/149693660 HTTP/1.1" 404 13146 "-" "Mozilla/5.0 AppleWebKit/537.36 (KHTML, like Gecko; compatible; ClaudeBot/1.0; [email protected])"
216.73.216.233 - - [14/Jul/2025:14:56:55 +0000] "GET /shopdetail/149619816 HTTP/1.1" 404 13146 "-" "Mozilla/5.0 AppleWebKit/537.36 (KHTML, like Gecko; compatible; ClaudeBot/1.0; [email protected])"
66.249.73.132 - - [14/Jul/2025:14:56:57 +0000] "POST /get-message-notify HTTP/1.1" 200 17999 "https://onlycnc.com.au/?f=94522667021490&mod=6e65e501&uri=product.php%3Fid%3D3154406-465%26name%3Dreebok+experiment" "Mozilla/5.0 (Linux; Android 6.0.1; Nexus 5X Build/MMB29P) AppleWebKit/537.36 (KHTML, like Gecko) Chrome/137.0.7151.119 Mobile Safari/537.36 (compatible; Googlebot/2.1; +http://www.google.com/bot.html)"
216.73.216.233 - - [14/Jul/2025:14:56:58 +0000] "GET /shopdetail/149624184 HTTP/1.1" 404 13146 "-" "Mozilla/5.0 AppleWebKit/537.36 (KHTML, like Gecko; compatible; ClaudeBot/1.0; [email protected])"
66.249.73.132 - - [14/Jul/2025:14:56:59 +0000] "POST /get-message-notify HTTP/1.1" 200 17999 "https://onlycnc.com.au/?f=25248701031490&mod=4ec74784&uri=category-info.php?shopdetail/3296352" "Mozilla/5.0 (Linux; Android 6.0.1; Nexus 5X Build/MMB29P) AppleWebKit/537.36 (KHTML, like Gecko) Chrome/137.0.7151.119 Mobile Safari/537.36 (compatible; Googlebot/2.1; +http://www.google.com/bot.html)"
216.73.216.233 - - [14/Jul/2025:14:57:01 +0000] "GET /shopdetail/149184132 HTTP/1.1" 404 13146 "-" "Mozilla/5.0 AppleWebKit/537.36 (KHTML, like Gecko; compatible; ClaudeBot/1.0; [email protected])"
66.249.73.132 - - [14/Jul/2025:14:57:41 +0000] "GET /?f=94586884001490&mod=4e805f0e&uri=dp.php%3Fid%3D3156547-452%26name%3Dfx6795 HTTP/1.1" 200 18961 "-" "Mozilla/5.0 (Linux; Android 6.0.1; Nexus 5X Build/MMB29P) AppleWebKit/537.36 (KHTML, like Gecko) Chrome/137.0.7151.103 Mobile Safari/537.36 (compatible; Googlebot/2.1; +http://www.google.com/bot.html)"
66.249.73.132 - - [14/Jul/2025:14:58:08 +0000] "GET /?f=94590364011490&mod=4e805f0e&uri=form.php%3Fid%3D3156663-452%26name%3Djonathan+d+boat+shoes HTTP/1.1" 200 19002 "-" "Mozilla/5.0 (Linux; Android 6.0.1; Nexus 5X Build/MMB29P) AppleWebKit/537.36 (KHTML, like Gecko) Chrome/137.0.7151.103 Mobile Safari/537.36 (compatible; Googlebot/2.1; +http://www.google.com/bot.html)"
216.73.216.233 - - [14/Jul/2025:14:58:11 +0000] "GET /robots.txt HTTP/1.1" 200 94 "-" "Mozilla/5.0 AppleWebKit/537.36 (KHTML, like Gecko; compatible; ClaudeBot/1.0; [email protected])"
216.73.216.233 - - [14/Jul/2025:14:58:11 +0000] "GET /shopdetail/149906192 HTTP/1.1" 404 13146 "-" "Mozilla/5.0 AppleWebKit/537.36 (KHTML, like Gecko; compatible; ClaudeBot/1.0; [email protected])"
216.73.216.233 - - [14/Jul/2025:14:58:14 +0000] "GET /shopdetail/149254700 HTTP/1.1" 404 13146 "-" "Mozilla/5.0 AppleWebKit/537.36 (KHTML, like Gecko; compatible; ClaudeBot/1.0; [email protected])"
216.73.216.233 - - [14/Jul/2025:14:58:17 +0000] "GET /shopdetail/149985760 HTTP/1.1" 404 13146 "-" "Mozilla/5.0 AppleWebKit/537.36 (KHTML, like Gecko; compatible; ClaudeBot/1.0; [email protected])"
216.73.216.233 - - [14/Jul/2025:14:58:20 +0000] "GET /shopdetail/149944948 HTTP/1.1" 404 13146 "-" "Mozilla/5.0 AppleWebKit/537.36 (KHTML, like Gecko; compatible; ClaudeBot/1.0; [email protected])"
216.73.216.233 - - [14/Jul/2025:14:58:23 +0000] "GET /shopdetail/149921880 HTTP/1.1" 404 13146 "-" "Mozilla/5.0 AppleWebKit/537.36 (KHTML, like Gecko; compatible; ClaudeBot/1.0; [email protected])"
216.73.216.233 - - [14/Jul/2025:14:58:26 +0000] "GET /shopdetail/149689156 HTTP/1.1" 404 13146 "-" "Mozilla/5.0 AppleWebKit/537.36 (KHTML, like Gecko; compatible; ClaudeBot/1.0; [email protected])"
66.249.73.132 - - [14/Jul/2025:14:59:02 +0000] "GET /?f=94593484001490&mod=cb241cbf&uri=blog.php%3Fid%3D3156767-623%26name%3Dreebok+classic+homme+blanche HTTP/1.1" 200 19016 "-" "Mozilla/5.0 (Linux; Android 6.0.1; Nexus 5X Build/MMB29P) AppleWebKit/537.36 (KHTML, like Gecko) Chrome/137.0.7151.103 Mobile Safari/537.36 (compatible; Googlebot/2.1; +http://www.google.com/bot.html)"
216.73.216.233 - - [14/Jul/2025:14:59:24 +0000] "GET /shopdetail/149327580 HTTP/1.1" 404 13146 "-" "Mozilla/5.0 AppleWebKit/537.36 (KHTML, like Gecko; compatible; ClaudeBot/1.0; [email protected])"
216.73.216.233 - - [14/Jul/2025:14:59:27 +0000] "GET /shopdetail/149927212 HTTP/1.1" 404 13146 "-" "Mozilla/5.0 AppleWebKit/537.36 (KHTML, like Gecko; compatible; ClaudeBot/1.0; [email protected])"
66.249.73.128 - - [14/Jul/2025:14:59:29 +0000] "GET /?f=94592764011490&mod=4e805f0e&uri=search.php%3Fid%3D3156743-452%26name%3Dquayside+sydney+deck+shoes HTTP/1.1" 200 19017 "-" "Mozilla/5.0 (Linux; Android 6.0.1; Nexus 5X Build/MMB29P) AppleWebKit/537.36 (KHTML, like Gecko) Chrome/137.0.7151.103 Mobile Safari/537.36 (compatible; Googlebot/2.1; +http://www.google.com/bot.html)"
216.73.216.233 - - [14/Jul/2025:14:59:30 +0000] "GET /shopdetail/149827016 HTTP/1.1" 404 13146 "-" "Mozilla/5.0 AppleWebKit/537.36 (KHTML, like Gecko; compatible; ClaudeBot/1.0; [email protected])"
66.249.73.128 - - [14/Jul/2025:14:59:31 +0000] "GET /?f=25570214051490&mod=f4e4eeeb&uri=news.php%3Fid%3D853428-667%26name%3Doff+white+shoes+canada HTTP/1.1" 200 18998 "-" "Mozilla/5.0 (Linux; Android 6.0.1; Nexus 5X Build/MMB29P) AppleWebKit/537.36 (KHTML, like Gecko) Chrome/137.0.7151.103 Mobile Safari/537.36 (compatible; Googlebot/2.1; +http://www.google.com/bot.html)"
216.73.216.233 - - [14/Jul/2025:14:59:33 +0000] "GET /shopdetail/149177708 HTTP/1.1" 404 13146 "-" "Mozilla/5.0 AppleWebKit/537.36 (KHTML, like Gecko; compatible; ClaudeBot/1.0; [email protected])"
66.249.73.132 - - [14/Jul/2025:14:59:34 +0000] "POST /get-message-notify HTTP/1.1" 200 17999 "https://onlycnc.com.au/?f=25570214051490&mod=f4e4eeeb&uri=news.php%3Fid%3D853428-667%26name%3Doff+white+shoes+canada" "Mozilla/5.0 (Linux; Android 6.0.1; Nexus 5X Build/MMB29P) AppleWebKit/537.36 (KHTML, like Gecko) Chrome/137.0.7151.119 Mobile Safari/537.36 (compatible; Googlebot/2.1; +http://www.google.com/bot.html)"
216.73.216.233 - - [14/Jul/2025:14:59:36 +0000] "GET /shopdetail/149930616 HTTP/1.1" 404 13146 "-" "Mozilla/5.0 AppleWebKit/537.36 (KHTML, like Gecko; compatible; ClaudeBot/1.0; [email protected])"
216.73.216.233 - - [14/Jul/2025:14:59:39 +0000] "GET /shopdetail/149340692 HTTP/1.1" 404 13146 "-" "Mozilla/5.0 AppleWebKit/537.36 (KHTML, like Gecko; compatible; ClaudeBot/1.0; [email protected])"
66.249.73.132 - - [14/Jul/2025:14:59:59 +0000] "GET /?f=32040047031490&mod=a555ec5f&uri=us.php%3Fid%3D1069378-209%26name%3Dpet+flea+and+worm+treatments HTTP/1.1" 200 18997 "-" "Mozilla/5.0 (Linux; Android 6.0.1; Nexus 5X Build/MMB29P) AppleWebKit/537.36 (KHTML, like Gecko) Chrome/137.0.7151.103 Mobile Safari/537.36 (compatible; Googlebot/2.1; +http://www.google.com/bot.html)"
66.249.73.132 - - [14/Jul/2025:15:00:26 +0000] "GET /?f=94593964011490&mod=4e805f0e&uri=blog.php%3Fid%3D3156783-452%26name%3Dadidas+puremotion+adapt+sneaker HTTP/1.1" 200 19025 "-" "Mozilla/5.0 (Linux; Android 6.0.1; Nexus 5X Build/MMB29P) AppleWebKit/537.36 (KHTML, like Gecko) Chrome/137.0.7151.103 Mobile Safari/537.36 (compatible; Googlebot/2.1; +http://www.google.com/bot.html)"
66.249.73.128 - - [14/Jul/2025:15:00:35 +0000] "POST /get-message-notify HTTP/1.1" 200 17999 "https://onlycnc.com.au/?f=94593964011490&mod=4e805f0e&uri=blog.php%3Fid%3D3156783-452%26name%3Dadidas+puremotion+adapt+sneaker" "Mozilla/5.0 (Linux; Android 6.0.1; Nexus 5X Build/MMB29P) AppleWebKit/537.36 (KHTML, like Gecko) Chrome/137.0.7151.119 Mobile Safari/537.36 (compatible; Googlebot/2.1; +http://www.google.com/bot.html)"
216.73.216.233 - - [14/Jul/2025:15:00:53 +0000] "GET /shopdetail/149200648 HTTP/1.1" 404 13146 "-" "Mozilla/5.0 AppleWebKit/537.36 (KHTML, like Gecko; compatible; ClaudeBot/1.0; [email protected])"
216.73.216.233 - - [14/Jul/2025:15:00:56 +0000] "GET /shopdetail/149241588 HTTP/1.1" 404 13146 "-" "Mozilla/5.0 AppleWebKit/537.36 (KHTML, like Gecko; compatible; ClaudeBot/1.0; [email protected])"
216.73.216.233 - - [14/Jul/2025:15:00:59 +0000] "GET /shopdetail/149205152 HTTP/1.1" 404 13146 "-" "Mozilla/5.0 AppleWebKit/537.36 (KHTML, like Gecko; compatible; ClaudeBot/1.0; [email protected])"
216.73.216.233 - - [14/Jul/2025:15:01:02 +0000] "GET /shopdetail/149404708 HTTP/1.1" 404 13146 "-" "Mozilla/5.0 AppleWebKit/537.36 (KHTML, like Gecko; compatible; ClaudeBot/1.0; [email protected])"
216.73.216.233 - - [14/Jul/2025:15:01:05 +0000] "GET /shopdetail/149937176 HTTP/1.1" 404 13146 "-" "Mozilla/5.0 AppleWebKit/537.36 (KHTML, like Gecko; compatible; ClaudeBot/1.0; [email protected])"
216.73.216.233 - - [14/Jul/2025:15:01:08 +0000] "GET /shopdetail/149965840 HTTP/1.1" 404 13146 "-" "Mozilla/5.0 AppleWebKit/537.36 (KHTML, like Gecko; compatible; ClaudeBot/1.0; [email protected])"
66.249.73.129 - - [14/Jul/2025:15:01:19 +0000] "GET /?f=54475822041490&mod=c302c12d&uri=product.php%3Fid%3D1817915-1031%26name%3Dcole+haan+dsw HTTP/1.1" 200 18995 "-" "Mozilla/5.0 (Linux; Android 6.0.1; Nexus 5X Build/MMB29P) AppleWebKit/537.36 (KHTML, like Gecko) Chrome/137.0.7151.103 Mobile Safari/537.36 (compatible; Googlebot/2.1; +http://www.google.com/bot.html)"
216.73.216.233 - - [14/Jul/2025:15:01:45 +0000] "GET /shopdetail/149404572 HTTP/1.1" 404 13146 "-" "Mozilla/5.0 AppleWebKit/537.36 (KHTML, like Gecko; compatible; ClaudeBot/1.0; [email protected])"
66.249.73.128 - - [14/Jul/2025:15:01:46 +0000] "GET /?f=94592164061490&mod=13a5ec89&uri=news.php%3Fid%3D3156723-346%26name%3Dlogo+jersey+design HTTP/1.1" 200 18995 "-" "Mozilla/5.0 (Linux; Android 6.0.1; Nexus 5X Build/MMB29P) AppleWebKit/537.36 (KHTML, like Gecko) Chrome/137.0.7151.103 Mobile Safari/537.36 (compatible; Googlebot/2.1; +http://www.google.com/bot.html)"
216.73.216.233 - - [14/Jul/2025:15:01:48 +0000] "GET /shopdetail/149652848 HTTP/1.1" 404 13146 "-" "Mozilla/5.0 AppleWebKit/537.36 (KHTML, like Gecko; compatible; ClaudeBot/1.0; [email protected])"
66.249.73.132 - - [14/Jul/2025:15:01:48 +0000] "GET /?f=5493614031490&mod=f551334a&uri=article.php%3Fid%3D183399-328%26name%3Dhse+rieker+sandalen HTTP/1.1" 200 19010 "-" "Mozilla/5.0 (Linux; Android 6.0.1; Nexus 5X Build/MMB29P) AppleWebKit/537.36 (KHTML, like Gecko) Chrome/137.0.7151.103 Mobile Safari/537.36 (compatible; Googlebot/2.1; +http://www.google.com/bot.html)"
216.73.216.233 - - [14/Jul/2025:15:01:51 +0000] "GET /shopdetail/149692440 HTTP/1.1" 404 13146 "-" "Mozilla/5.0 AppleWebKit/537.36 (KHTML, like Gecko; compatible; ClaudeBot/1.0; [email protected])"
216.73.216.233 - - [14/Jul/2025:15:01:54 +0000] "GET /shopdetail/149844496 HTTP/1.1" 404 13146 "-" "Mozilla/5.0 AppleWebKit/537.36 (KHTML, like Gecko; compatible; ClaudeBot/1.0; [email protected])"
216.73.216.233 - - [14/Jul/2025:15:01:57 +0000] "GET /shopdetail/149462036 HTTP/1.1" 404 13146 "-" "Mozilla/5.0 AppleWebKit/537.36 (KHTML, like Gecko; compatible; ClaudeBot/1.0; [email protected])"
216.73.216.233 - - [14/Jul/2025:15:02:00 +0000] "GET /shopdetail/149672640 HTTP/1.1" 404 13146 "-" "Mozilla/5.0 AppleWebKit/537.36 (KHTML, like Gecko; compatible; ClaudeBot/1.0; [email protected])"
66.249.73.128 - - [14/Jul/2025:15:02:15 +0000] "GET /?f=5418375021490&mod=007ff380&uri=shop.php%3Fid%3D180889-64%26name%3Dcreate+oculus+account HTTP/1.1" 200 18987 "-" "Mozilla/5.0 (Linux; Android 6.0.1; Nexus 5X Build/MMB29P) AppleWebKit/537.36 (KHTML, like Gecko) Chrome/137.0.7151.103 Mobile Safari/537.36 (compatible; Googlebot/2.1; +http://www.google.com/bot.html)"
66.249.73.128 - - [14/Jul/2025:15:02:43 +0000] "GET /?f=94589164061490&mod=4e805f0e&uri=brands.php%3Fid%3D3156623-452%26name%3Dsperry+0771246 HTTP/1.1" 200 18992 "-" "Mozilla/5.0 (Linux; Android 6.0.1; Nexus 5X Build/MMB29P) AppleWebKit/537.36 (KHTML, like Gecko) Chrome/137.0.7151.103 Mobile Safari/537.36 (compatible; Googlebot/2.1; +http://www.google.com/bot.html)"
66.249.73.128 - - [14/Jul/2025:15:03:00 +0000] "POST /get-message-notify HTTP/1.1" 200 17999 "https://onlycnc.com.au/?f=5418375021490&mod=007ff380&uri=shop.php%3Fid%3D180889-64%26name%3Dcreate+oculus+account" "Mozilla/5.0 (Linux; Android 6.0.1; Nexus 5X Build/MMB29P) AppleWebKit/537.36 (KHTML, like Gecko) Chrome/137.0.7151.119 Mobile Safari/537.36 (compatible; Googlebot/2.1; +http://www.google.com/bot.html)"
216.73.216.233 - - [14/Jul/2025:15:03:15 +0000] "GET /shopdetail/149552396 HTTP/1.1" 404 13146 "-" "Mozilla/5.0 AppleWebKit/537.36 (KHTML, like Gecko; compatible; ClaudeBot/1.0; [email protected])"
66.249.73.132 - - [14/Jul/2025:15:03:17 +0000] "GET /?f=94593724001490&mod=56718cda&uri=shop.php%3Fid%3D3156775-787%26name%3Doutlet+abbigliamento+grandi+firme HTTP/1.1" 200 19020 "-" "Mozilla/5.0 (Linux; Android 6.0.1; Nexus 5X Build/MMB29P) AppleWebKit/537.36 (KHTML, like Gecko) Chrome/137.0.7151.103 Mobile Safari/537.36 (compatible; Googlebot/2.1; +http://www.google.com/bot.html)"
216.73.216.233 - - [14/Jul/2025:15:03:18 +0000] "GET /shopdetail/149931580 HTTP/1.1" 404 13146 "-" "Mozilla/5.0 AppleWebKit/537.36 (KHTML, like Gecko; compatible; ClaudeBot/1.0; [email protected])"
216.73.216.233 - - [14/Jul/2025:15:03:21 +0000] "GET /shopdetail/149907548 HTTP/1.1" 404 13146 "-" "Mozilla/5.0 AppleWebKit/537.36 (KHTML, like Gecko; compatible; ClaudeBot/1.0; [email protected])"
216.73.216.233 - - [14/Jul/2025:15:03:24 +0000] "GET /shopdetail/149176488 HTTP/1.1" 404 13146 "-" "Mozilla/5.0 AppleWebKit/537.36 (KHTML, like Gecko; compatible; ClaudeBot/1.0; [email protected])"
216.73.216.233 - - [14/Jul/2025:15:03:27 +0000] "GET /shopdetail/149258104 HTTP/1.1" 404 13146 "-" "Mozilla/5.0 AppleWebKit/537.36 (KHTML, like Gecko; compatible; ClaudeBot/1.0; [email protected])"
216.73.216.233 - - [14/Jul/2025:15:03:30 +0000] "GET /shopdetail/149674824 HTTP/1.1" 404 13146 "-" "Mozilla/5.0 AppleWebKit/537.36 (KHTML, like Gecko; compatible; ClaudeBot/1.0; [email protected])"
66.249.73.132 - - [14/Jul/2025:15:03:44 +0000] "GET /?f=94590604041490&mod=4e805f0e&uri=us.php%3Fid%3D3156671-452%26name%3Dfloating+boat+shoes HTTP/1.1" 200 18978 "-" "Mozilla/5.0 (Linux; Android 6.0.1; Nexus 5X Build/MMB29P) AppleWebKit/537.36 (KHTML, like Gecko) Chrome/137.0.7151.103 Mobile Safari/537.36 (compatible; Googlebot/2.1; +http://www.google.com/bot.html)"
66.249.73.128 - - [14/Jul/2025:15:04:37 +0000] "GET /?f=94587724041490&mod=4e805f0e&uri=form.php%3Fid%3D3156575-452%26name%3Dred+tape+boat+shoes+in+leather HTTP/1.1" 200 19021 "-" "Mozilla/5.0 (Linux; Android 6.0.1; Nexus 5X Build/MMB29P) AppleWebKit/537.36 (KHTML, like Gecko) Chrome/137.0.7151.103 Mobile Safari/537.36 (compatible; Googlebot/2.1; +http://www.google.com/bot.html)"
216.73.216.233 - - [14/Jul/2025:15:04:37 +0000] "GET /shopdetail/149756320 HTTP/1.1" 404 13146 "-" "Mozilla/5.0 AppleWebKit/537.36 (KHTML, like Gecko; compatible; ClaudeBot/1.0; [email protected])"
66.249.73.129 - - [14/Jul/2025:15:04:39 +0000] "GET /?f=5728194101490&mod=06524331&uri=shared.php%3Fid%3D191289-334%26name%3Dbigg+boss+13+feb+2021 HTTP/1.1" 200 19013 "-" "Mozilla/5.0 (Linux; Android 6.0.1; Nexus 5X Build/MMB29P) AppleWebKit/537.36 (KHTML, like Gecko) Chrome/137.0.7151.103 Mobile Safari/537.36 (compatible; Googlebot/2.1; +http://www.google.com/bot.html)"
216.73.216.233 - - [14/Jul/2025:15:04:40 +0000] "GET /shopdetail/149911916 HTTP/1.1" 404 13146 "-" "Mozilla/5.0 AppleWebKit/537.36 (KHTML, like Gecko; compatible; ClaudeBot/1.0; [email protected])"
66.249.73.128 - - [14/Jul/2025:15:04:43 +0000] "GET /?f=25454010051490&mod=ccc58dde&uri=brands.php%3Fid%3D849554-97%26name%3Dcelebrity+beach+bags HTTP/1.1" 200 19005 "-" "Mozilla/5.0 (Linux; Android 6.0.1; Nexus 5X Build/MMB29P) AppleWebKit/537.36 (KHTML, like Gecko) Chrome/137.0.7151.103 Mobile Safari/537.36 (compatible; Googlebot/2.1; +http://www.google.com/bot.html)"
216.73.216.233 - - [14/Jul/2025:15:04:43 +0000] "GET /shopdetail/149702396 HTTP/1.1" 404 13146 "-" "Mozilla/5.0 AppleWebKit/537.36 (KHTML, like Gecko; compatible; ClaudeBot/1.0; [email protected])"
66.249.73.128 - - [14/Jul/2025:15:04:46 +0000] "POST /get-message-notify HTTP/1.1" 200 17999 "https://onlycnc.com.au/?f=25454010051490&mod=ccc58dde&uri=brands.php%3Fid%3D849554-97%26name%3Dcelebrity+beach+bags" "Mozilla/5.0 (Linux; Android 6.0.1; Nexus 5X Build/MMB29P) AppleWebKit/537.36 (KHTML, like Gecko) Chrome/137.0.7151.119 Mobile Safari/537.36 (compatible; Googlebot/2.1; +http://www.google.com/bot.html)"
216.73.216.233 - - [14/Jul/2025:15:04:46 +0000] "GET /shopdetail/149348600 HTTP/1.1" 404 13146 "-" "Mozilla/5.0 AppleWebKit/537.36 (KHTML, like Gecko; compatible; ClaudeBot/1.0; [email protected])"
216.73.216.233 - - [14/Jul/2025:15:04:49 +0000] "GET /shopdetail/149779652 HTTP/1.1" 404 13146 "-" "Mozilla/5.0 AppleWebKit/537.36 (KHTML, like Gecko; compatible; ClaudeBot/1.0; [email protected])"
216.73.216.233 - - [14/Jul/2025:15:04:52 +0000] "GET /shopdetail/149271216 HTTP/1.1" 404 13146 "-" "Mozilla/5.0 AppleWebKit/537.36 (KHTML, like Gecko; compatible; ClaudeBot/1.0; [email protected])"
66.249.73.129 - - [14/Jul/2025:15:05:10 +0000] "GET /?f=25579124021490&mod=f4e4eeeb&uri=dp.php%3Fid%3D853725-667%26name%3Dplatform+shoes+toronto HTTP/1.1" 200 18986 "-" "Mozilla/5.0 (Linux; Android 6.0.1; Nexus 5X Build/MMB29P) AppleWebKit/537.36 (KHTML, like Gecko) Chrome/137.0.7151.103 Mobile Safari/537.36 (compatible; Googlebot/2.1; +http://www.google.com/bot.html)"
66.249.73.132 - - [14/Jul/2025:15:05:11 +0000] "GET /?f=54473662071490&mod=c302c12d&uri=article.php%3Fid%3D1817843-1031%26name%3Dnike+gravity+zoom+black HTTP/1.1" 200 19017 "-" "Mozilla/5.0 (Linux; Android 6.0.1; Nexus 5X Build/MMB29P) AppleWebKit/537.36 (KHTML, like Gecko) Chrome/137.0.7151.103 Mobile Safari/537.36 (compatible; Googlebot/2.1; +http://www.google.com/bot.html)"
88.0.17.15 - - [14/Jul/2025:15:05:46 +0000] "GET /?f=31672420141490&mod=ba3d4749&uri=news.php%3Fid%3D1057113-476%26name%3Dmr+boho+relojes+el+corte+ingles HTTP/1.1" 301 - "https://www.google.com/" "Mozilla/5.0 (Linux; Android 10; K) AppleWebKit/537.36 (KHTML, like Gecko) Chrome/138.0.0.0 Mobile Safari/537.36"
88.0.17.15 - - [14/Jul/2025:15:05:48 +0000] "GET /?f=31672420141490&mod=ba3d4749&uri=news.php%3Fid%3D1057113-476%26name%3Dmr%20boho%20relojes%20el%20corte%20ingles HTTP/1.1" 200 21189 "https://www.google.com/" "Mozilla/5.0 (Linux; Android 10; K) AppleWebKit/537.36 (KHTML, like Gecko) Chrome/138.0.0.0 Mobile Safari/537.36"
88.0.17.15 - - [14/Jul/2025:15:05:48 +0000] "GET /wp-content/plugins/gutenverse-form/lib/framework/assets/fonts/fontawesome/css/all.min.css?ver=2.0.7 HTTP/1.1" 200 22534 "https://onlycnc.com.au/?f=31672420141490&mod=ba3d4749&uri=news.php%3Fid%3D1057113-476%26name%3Dmr%20boho%20relojes%20el%20corte%20ingles" "Mozilla/5.0 (Linux; Android 10; K) AppleWebKit/537.36 (KHTML, like Gecko) Chrome/138.0.0.0 Mobile Safari/537.36"
88.0.17.15 - - [14/Jul/2025:15:05:49 +0000] "GET /wp-content/plugins/gutenverse-form/lib/framework/assets/css/frontend.css?ver=2.0.7 HTTP/1.1" 200 5147 "https://onlycnc.com.au/?f=31672420141490&mod=ba3d4749&uri=news.php%3Fid%3D1057113-476%26name%3Dmr%20boho%20relojes%20el%20corte%20ingles" "Mozilla/5.0 (Linux; Android 10; K) AppleWebKit/537.36 (KHTML, like Gecko) Chrome/138.0.0.0 Mobile Safari/537.36"
88.0.17.15 - - [14/Jul/2025:15:05:49 +0000] "GET /wp-content/themes/ondustry/style.css?ver=1.0.1 HTTP/1.1" 200 549 "https://onlycnc.com.au/?f=31672420141490&mod=ba3d4749&uri=news.php%3Fid%3D1057113-476%26name%3Dmr%20boho%20relojes%20el%20corte%20ingles" "Mozilla/5.0 (Linux; Android 10; K) AppleWebKit/537.36 (KHTML, like Gecko) Chrome/138.0.0.0 Mobile Safari/537.36"
88.0.17.15 - - [14/Jul/2025:15:05:49 +0000] "GET /wp-content/plugins/gutenverse-form/lib/framework/assets/fonts/gtnicon/gtnicon.css?ver=2.0.7 HTTP/1.1" 200 35282 "https://onlycnc.com.au/?f=31672420141490&mod=ba3d4749&uri=news.php%3Fid%3D1057113-476%26name%3Dmr%20boho%20relojes%20el%20corte%20ingles" "Mozilla/5.0 (Linux; Android 10; K) AppleWebKit/537.36 (KHTML, like Gecko) Chrome/138.0.0.0 Mobile Safari/537.36"
88.0.17.15 - - [14/Jul/2025:15:05:49 +0000] "GET /wp-content/plugins/leadconnector/public/css/lc-public.css?ver=3.0.10.1 HTTP/1.1" 200 106 "https://onlycnc.com.au/?f=31672420141490&mod=ba3d4749&uri=news.php%3Fid%3D1057113-476%26name%3Dmr%20boho%20relojes%20el%20corte%20ingles" "Mozilla/5.0 (Linux; Android 10; K) AppleWebKit/537.36 (KHTML, like Gecko) Chrome/138.0.0.0 Mobile Safari/537.36"
88.0.17.15 - - [14/Jul/2025:15:05:49 +0000] "GET /wp-content/plugins/gutenverse-form/assets/css/frontend.css?ver=2.0.8 HTTP/1.1" 200 4889 "https://onlycnc.com.au/?f=31672420141490&mod=ba3d4749&uri=news.php%3Fid%3D1057113-476%26name%3Dmr%20boho%20relojes%20el%20corte%20ingles" "Mozilla/5.0 (Linux; Android 10; K) AppleWebKit/537.36 (KHTML, like Gecko) Chrome/138.0.0.0 Mobile Safari/537.36"
88.0.17.15 - - [14/Jul/2025:15:05:49 +0000] "GET /wp-includes/css/dashicons.min.css?ver=6.8.1 HTTP/1.1" 200 35730 "https://onlycnc.com.au/?f=31672420141490&mod=ba3d4749&uri=news.php%3Fid%3D1057113-476%26name%3Dmr%20boho%20relojes%20el%20corte%20ingles" "Mozilla/5.0 (Linux; Android 10; K) AppleWebKit/537.36 (KHTML, like Gecko) Chrome/138.0.0.0 Mobile Safari/537.36"
88.0.17.15 - - [14/Jul/2025:15:05:49 +0000] "GET /wp-content/uploads/gutenverse/css/gutenverse-template-blank-canvas-666947.css?ver=666947 HTTP/1.1" 200 19 "https://onlycnc.com.au/?f=31672420141490&mod=ba3d4749&uri=news.php%3Fid%3D1057113-476%26name%3Dmr%20boho%20relojes%20el%20corte%20ingles" "Mozilla/5.0 (Linux; Android 10; K) AppleWebKit/537.36 (KHTML, like Gecko) Chrome/138.0.0.0 Mobile Safari/537.36"
88.0.17.15 - - [14/Jul/2025:15:05:49 +0000] "GET /wp-content/themes/ondustry/assets/css/essential/frontend-essential.css?ver=1.0.5 HTTP/1.1" 200 2196 "https://onlycnc.com.au/?f=31672420141490&mod=ba3d4749&uri=news.php%3Fid%3D1057113-476%26name%3Dmr%20boho%20relojes%20el%20corte%20ingles" "Mozilla/5.0 (Linux; Android 10; K) AppleWebKit/537.36 (KHTML, like Gecko) Chrome/138.0.0.0 Mobile Safari/537.36"
88.0.17.15 - - [14/Jul/2025:15:05:49 +0000] "GET /wp-content/plugins/gutenverse/assets/css/frontend.css?ver=3.0.7 HTTP/1.1" 200 20119 "https://onlycnc.com.au/?f=31672420141490&mod=ba3d4749&uri=news.php%3Fid%3D1057113-476%26name%3Dmr%20boho%20relojes%20el%20corte%20ingles" "Mozilla/5.0 (Linux; Android 10; K) AppleWebKit/537.36 (KHTML, like Gecko) Chrome/138.0.0.0 Mobile Safari/537.36"
88.0.17.15 - - [14/Jul/2025:15:05:49 +0000] "GET /wp-content/uploads/gutenverse/css/gutenverse-content-45-666947.css?ver=666947 HTTP/1.1" 200 13642 "https://onlycnc.com.au/?f=31672420141490&mod=ba3d4749&uri=news.php%3Fid%3D1057113-476%26name%3Dmr%20boho%20relojes%20el%20corte%20ingles" "Mozilla/5.0 (Linux; Android 10; K) AppleWebKit/537.36 (KHTML, like Gecko) Chrome/138.0.0.0 Mobile Safari/537.36"
88.0.17.15 - - [14/Jul/2025:15:05:49 +0000] "GET /wp-content/plugins/gutenverse-form/lib/framework/assets/dist/frontend-icon.css?ver=2.0.7 HTTP/1.1" 200 507 "https://onlycnc.com.au/?f=31672420141490&mod=ba3d4749&uri=news.php%3Fid%3D1057113-476%26name%3Dmr%20boho%20relojes%20el%20corte%20ingles" "Mozilla/5.0 (Linux; Android 10; K) AppleWebKit/537.36 (KHTML, like Gecko) Chrome/138.0.0.0 Mobile Safari/537.36"
88.0.17.15 - - [14/Jul/2025:15:05:49 +0000] "GET /wp-content/plugins/leadconnector/public/js/lc-public.js?ver=3.0.10.1 HTTP/1.1" 200 1322 "https://onlycnc.com.au/?f=31672420141490&mod=ba3d4749&uri=news.php%3Fid%3D1057113-476%26name%3Dmr%20boho%20relojes%20el%20corte%20ingles" "Mozilla/5.0 (Linux; Android 10; K) AppleWebKit/537.36 (KHTML, like Gecko) Chrome/138.0.0.0 Mobile Safari/537.36"
88.0.17.15 - - [14/Jul/2025:15:05:49 +0000] "GET /wp-includes/js/jquery/jquery-migrate.min.js?ver=3.4.1 HTTP/1.1" 200 4872 "https://onlycnc.com.au/?f=31672420141490&mod=ba3d4749&uri=news.php%3Fid%3D1057113-476%26name%3Dmr%20boho%20relojes%20el%20corte%20ingles" "Mozilla/5.0 (Linux; Android 10; K) AppleWebKit/537.36 (KHTML, like Gecko) Chrome/138.0.0.0 Mobile Safari/537.36"
88.0.17.15 - - [14/Jul/2025:15:05:49 +0000] "GET /wp-includes/js/jquery/jquery.min.js?ver=3.7.1 HTTP/1.1" 200 30368 "https://onlycnc.com.au/?f=31672420141490&mod=ba3d4749&uri=news.php%3Fid%3D1057113-476%26name%3Dmr%20boho%20relojes%20el%20corte%20ingles" "Mozilla/5.0 (Linux; Android 10; K) AppleWebKit/537.36 (KHTML, like Gecko) Chrome/138.0.0.0 Mobile Safari/537.36"
88.0.17.15 - - [14/Jul/2025:15:05:50 +0000] "GET /wp-content/uploads/2025/02/Asset-3.png HTTP/1.1" 200 23991 "https://onlycnc.com.au/?f=31672420141490&mod=ba3d4749&uri=news.php%3Fid%3D1057113-476%26name%3Dmr%20boho%20relojes%20el%20corte%20ingles" "Mozilla/5.0 (Linux; Android 10; K) AppleWebKit/537.36 (KHTML, like Gecko) Chrome/138.0.0.0 Mobile Safari/537.36"
88.0.17.15 - - [14/Jul/2025:15:05:50 +0000] "GET /wp-content/uploads/2025/02/industrial-worker-indoors-in-factory-young-technic-ondustry.webp HTTP/1.1" 200 50178 "https://onlycnc.com.au/?f=31672420141490&mod=ba3d4749&uri=news.php%3Fid%3D1057113-476%26name%3Dmr%20boho%20relojes%20el%20corte%20ingles" "Mozilla/5.0 (Linux; Android 10; K) AppleWebKit/537.36 (KHTML, like Gecko) Chrome/138.0.0.0 Mobile Safari/537.36"
88.0.17.15 - - [14/Jul/2025:15:05:50 +0000] "GET /wp-content/plugins/gutenverse-form/assets/js/frontend.js?ver=2.0.8 HTTP/1.1" 200 19872 "https://onlycnc.com.au/?f=31672420141490&mod=ba3d4749&uri=news.php%3Fid%3D1057113-476%26name%3Dmr%20boho%20relojes%20el%20corte%20ingles" "Mozilla/5.0 (Linux; Android 10; K) AppleWebKit/537.36 (KHTML, like Gecko) Chrome/138.0.0.0 Mobile Safari/537.36"
88.0.17.15 - - [14/Jul/2025:15:05:50 +0000] "GET /wp-content/uploads/2025/02/team-worker-ondustry.webp HTTP/1.1" 200 51830 "https://onlycnc.com.au/?f=31672420141490&mod=ba3d4749&uri=news.php%3Fid%3D1057113-476%26name%3Dmr%20boho%20relojes%20el%20corte%20ingles" "Mozilla/5.0 (Linux; Android 10; K) AppleWebKit/537.36 (KHTML, like Gecko) Chrome/138.0.0.0 Mobile Safari/537.36"
88.0.17.15 - - [14/Jul/2025:15:05:50 +0000] "GET /wp-includes/js/dist/vendor/lodash.min.js?ver=4.17.21 HTTP/1.1" 200 24899 "https://onlycnc.com.au/?f=31672420141490&mod=ba3d4749&uri=news.php%3Fid%3D1057113-476%26name%3Dmr%20boho%20relojes%20el%20corte%20ingles" "Mozilla/5.0 (Linux; Android 10; K) AppleWebKit/537.36 (KHTML, like Gecko) Chrome/138.0.0.0 Mobile Safari/537.36"
88.0.17.15 - - [14/Jul/2025:15:05:50 +0000] "GET /wp-content/plugins/gutenverse-form/lib/framework/assets/js/corefrontend.js?ver=2.0.7 HTTP/1.1" 200 41792 "https://onlycnc.com.au/?f=31672420141490&mod=ba3d4749&uri=news.php%3Fid%3D1057113-476%26name%3Dmr%20boho%20relojes%20el%20corte%20ingles" "Mozilla/5.0 (Linux; Android 10; K) AppleWebKit/537.36 (KHTML, like Gecko) Chrome/138.0.0.0 Mobile Safari/537.36"
88.0.17.15 - - [14/Jul/2025:15:05:50 +0000] "GET /wp-content/plugins/gutenverse-form/lib/framework/assets/fonts/gtnicon/gtnicon-10.woff?bv8d8l HTTP/1.1" 200 37214 "https://onlycnc.com.au/wp-content/plugins/gutenverse-form/lib/framework/assets/fonts/gtnicon/gtnicon.css?ver=2.0.7" "Mozilla/5.0 (Linux; Android 10; K) AppleWebKit/537.36 (KHTML, like Gecko) Chrome/138.0.0.0 Mobile Safari/537.36"
88.0.17.15 - - [14/Jul/2025:15:05:50 +0000] "GET /wp-content/uploads/2025/02/Untitled-design-12-1-1.png HTTP/1.1" 200 760026 "https://onlycnc.com.au/?f=31672420141490&mod=ba3d4749&uri=news.php%3Fid%3D1057113-476%26name%3Dmr%20boho%20relojes%20el%20corte%20ingles" "Mozilla/5.0 (Linux; Android 10; K) AppleWebKit/537.36 (KHTML, like Gecko) Chrome/138.0.0.0 Mobile Safari/537.36"
88.0.17.15 - - [14/Jul/2025:15:05:50 +0000] "GET /wp-content/plugins/gutenverse-form/lib/framework/assets/fonts/gtnicon/gtnicon-9.woff?bv8d8l HTTP/1.1" 200 88298 "https://onlycnc.com.au/wp-content/plugins/gutenverse-form/lib/framework/assets/fonts/gtnicon/gtnicon.css?ver=2.0.7" "Mozilla/5.0 (Linux; Android 10; K) AppleWebKit/537.36 (KHTML, like Gecko) Chrome/138.0.0.0 Mobile Safari/537.36"
88.0.17.15 - - [14/Jul/2025:15:05:50 +0000] "GET /wp-content/plugins/gutenverse-form/lib/framework/assets/fonts/gtnicon/gtnicon-8.woff?bv8d8l HTTP/1.1" 200 71472 "https://onlycnc.com.au/wp-content/plugins/gutenverse-form/lib/framework/assets/fonts/gtnicon/gtnicon.css?ver=2.0.7" "Mozilla/5.0 (Linux; Android 10; K) AppleWebKit/537.36 (KHTML, like Gecko) Chrome/138.0.0.0 Mobile Safari/537.36"
88.0.17.15 - - [14/Jul/2025:15:05:50 +0000] "GET /wp-content/plugins/gutenverse-form/lib/framework/assets/fonts/fontawesome/webfonts/fa-solid-900.woff2 HTTP/1.1" 200 156539 "https://onlycnc.com.au/wp-content/plugins/gutenverse-form/lib/framework/assets/fonts/fontawesome/css/all.min.css?ver=2.0.7" "Mozilla/5.0 (Linux; Android 10; K) AppleWebKit/537.36 (KHTML, like Gecko) Chrome/138.0.0.0 Mobile Safari/537.36"
88.0.17.15 - - [14/Jul/2025:15:05:50 +0000] "GET /wp-content/themes/ondustry/assets/js/essential/profrontend.js?ver=1.0.5 HTTP/1.1" 200 2599 "https://onlycnc.com.au/?f=31672420141490&mod=ba3d4749&uri=news.php%3Fid%3D1057113-476%26name%3Dmr%20boho%20relojes%20el%20corte%20ingles" "Mozilla/5.0 (Linux; Android 10; K) AppleWebKit/537.36 (KHTML, like Gecko) Chrome/138.0.0.0 Mobile Safari/537.36"
88.0.17.15 - - [14/Jul/2025:15:05:50 +0000] "GET /wp-content/themes/ondustry/assets/js/essential/frontend.js?ver=1.0.5 HTTP/1.1" 200 7588 "https://onlycnc.com.au/?f=31672420141490&mod=ba3d4749&uri=news.php%3Fid%3D1057113-476%26name%3Dmr%20boho%20relojes%20el%20corte%20ingles" "Mozilla/5.0 (Linux; Android 10; K) AppleWebKit/537.36 (KHTML, like Gecko) Chrome/138.0.0.0 Mobile Safari/537.36"
88.0.17.15 - - [14/Jul/2025:15:05:50 +0000] "GET /wp-content/uploads/2025/02/bg1.png HTTP/1.1" 200 268337 "https://onlycnc.com.au/wp-content/uploads/gutenverse/css/gutenverse-content-45-666947.css?ver=666947" "Mozilla/5.0 (Linux; Android 10; K) AppleWebKit/537.36 (KHTML, like Gecko) Chrome/138.0.0.0 Mobile Safari/537.36"
88.0.17.15 - - [14/Jul/2025:15:05:50 +0000] "GET /wp-content/uploads/2025/02/male-worker-holds-ondustry.webp HTTP/1.1" 200 68951 "https://onlycnc.com.au/?f=31672420141490&mod=ba3d4749&uri=news.php%3Fid%3D1057113-476%26name%3Dmr%20boho%20relojes%20el%20corte%20ingles" "Mozilla/5.0 (Linux; Android 10; K) AppleWebKit/537.36 (KHTML, like Gecko) Chrome/138.0.0.0 Mobile Safari/537.36"
88.0.17.15 - - [14/Jul/2025:15:05:50 +0000] "GET /wp-content/plugins/gutenverse/assets/js/frontend.js?ver=3.0.7 HTTP/1.1" 200 108904 "https://onlycnc.com.au/?f=31672420141490&mod=ba3d4749&uri=news.php%3Fid%3D1057113-476%26name%3Dmr%20boho%20relojes%20el%20corte%20ingles" "Mozilla/5.0 (Linux; Android 10; K) AppleWebKit/537.36 (KHTML, like Gecko) Chrome/138.0.0.0 Mobile Safari/537.36"
88.0.17.15 - - [14/Jul/2025:15:05:51 +0000] "GET /wp-content/uploads/2025/02/heavy-industry-ondustry.webp HTTP/1.1" 200 54664 "https://onlycnc.com.au/?f=31672420141490&mod=ba3d4749&uri=news.php%3Fid%3D1057113-476%26name%3Dmr%20boho%20relojes%20el%20corte%20ingles" "Mozilla/5.0 (Linux; Android 10; K) AppleWebKit/537.36 (KHTML, like Gecko) Chrome/138.0.0.0 Mobile Safari/537.36"
88.0.17.15 - - [14/Jul/2025:15:05:51 +0000] "GET /wp-content/uploads/2025/02/heavy-ondustry.webp HTTP/1.1" 200 64898 "https://onlycnc.com.au/?f=31672420141490&mod=ba3d4749&uri=news.php%3Fid%3D1057113-476%26name%3Dmr%20boho%20relojes%20el%20corte%20ingles" "Mozilla/5.0 (Linux; Android 10; K) AppleWebKit/537.36 (KHTML, like Gecko) Chrome/138.0.0.0 Mobile Safari/537.36"
88.0.17.15 - - [14/Jul/2025:15:05:51 +0000] "GET /wp-content/uploads/2025/02/worker-grinding-metal-metal-grinding-machine-with-sparks-metal-sawing.webp HTTP/1.1" 200 119526 "https://onlycnc.com.au/?f=31672420141490&mod=ba3d4749&uri=news.php%3Fid%3D1057113-476%26name%3Dmr%20boho%20relojes%20el%20corte%20ingles" "Mozilla/5.0 (Linux; Android 10; K) AppleWebKit/537.36 (KHTML, like Gecko) Chrome/138.0.0.0 Mobile Safari/537.36"
88.0.17.15 - - [14/Jul/2025:15:05:51 +0000] "GET /wp-content/uploads/2025/02/industrial-factory-weld-worker-welding-or-welder-master-ondustry.webp HTTP/1.1" 200 138061 "https://onlycnc.com.au/?f=31672420141490&mod=ba3d4749&uri=news.php%3Fid%3D1057113-476%26name%3Dmr%20boho%20relojes%20el%20corte%20ingles" "Mozilla/5.0 (Linux; Android 10; K) AppleWebKit/537.36 (KHTML, like Gecko) Chrome/138.0.0.0 Mobile Safari/537.36"
88.0.17.15 - - [14/Jul/2025:15:05:51 +0000] "GET /wp-content/uploads/2025/02/Untitled-design-10.png HTTP/1.1" 200 33357 "https://onlycnc.com.au/?f=31672420141490&mod=ba3d4749&uri=news.php%3Fid%3D1057113-476%26name%3Dmr%20boho%20relojes%20el%20corte%20ingles" "Mozilla/5.0 (Linux; Android 10; K) AppleWebKit/537.36 (KHTML, like Gecko) Chrome/138.0.0.0 Mobile Safari/537.36"
88.0.17.15 - - [14/Jul/2025:15:05:51 +0000] "GET /wp-content/uploads/2025/02/what-is-CNC-Routing.webp HTTP/1.1" 200 95895 "https://onlycnc.com.au/wp-content/uploads/gutenverse/css/gutenverse-content-45-666947.css?ver=666947" "Mozilla/5.0 (Linux; Android 10; K) AppleWebKit/537.36 (KHTML, like Gecko) Chrome/138.0.0.0 Mobile Safari/537.36"
88.0.17.15 - - [14/Jul/2025:15:05:51 +0000] "GET /wp-content/uploads/2025/02/image-world-ondustry.webp HTTP/1.1" 200 132307 "https://onlycnc.com.au/wp-content/uploads/gutenverse/css/gutenverse-content-45-666947.css?ver=666947" "Mozilla/5.0 (Linux; Android 10; K) AppleWebKit/537.36 (KHTML, like Gecko) Chrome/138.0.0.0 Mobile Safari/537.36"
88.0.17.15 - - [14/Jul/2025:15:05:51 +0000] "GET /wp-content/uploads/2025/02/industry-plant-ondustry.webp HTTP/1.1" 200 83451 "https://onlycnc.com.au/wp-content/uploads/gutenverse/css/gutenverse-content-45-666947.css?ver=666947" "Mozilla/5.0 (Linux; Android 10; K) AppleWebKit/537.36 (KHTML, like Gecko) Chrome/138.0.0.0 Mobile Safari/537.36"
88.0.17.15 - - [14/Jul/2025:15:05:51 +0000] "GET /wp-content/plugins/gutenverse-form/lib/framework/assets/js/ReactPlayer.standalone.js?ver=2.0.7 HTTP/1.1" 200 53243 "https://onlycnc.com.au/?f=31672420141490&mod=ba3d4749&uri=news.php%3Fid%3D1057113-476%26name%3Dmr%20boho%20relojes%20el%20corte%20ingles" "Mozilla/5.0 (Linux; Android 10; K) AppleWebKit/537.36 (KHTML, like Gecko) Chrome/138.0.0.0 Mobile Safari/537.36"
88.0.17.15 - - [14/Jul/2025:15:05:51 +0000] "GET /wp-content/uploads/2025/02/worker-welding-in-a-ondustry.webp HTTP/1.1" 200 88859 "https://onlycnc.com.au/?f=31672420141490&mod=ba3d4749&uri=news.php%3Fid%3D1057113-476%26name%3Dmr%20boho%20relojes%20el%20corte%20ingles" "Mozilla/5.0 (Linux; Android 10; K) AppleWebKit/537.36 (KHTML, like Gecko) Chrome/138.0.0.0 Mobile Safari/537.36"
88.0.17.15 - - [14/Jul/2025:15:05:51 +0000] "GET /wp-content/uploads/2025/02/cncc-1-1-1.png HTTP/1.1" 200 749592 "https://onlycnc.com.au/wp-content/uploads/gutenverse/css/gutenverse-content-45-666947.css?ver=666947" "Mozilla/5.0 (Linux; Android 10; K) AppleWebKit/537.36 (KHTML, like Gecko) Chrome/138.0.0.0 Mobile Safari/537.36"
88.0.17.15 - - [14/Jul/2025:15:05:52 +0000] "GET /wp-content/uploads/2025/02/cropped-oncnclogo-192x192.png HTTP/1.1" 200 15283 "https://onlycnc.com.au/?f=31672420141490&mod=ba3d4749&uri=news.php%3Fid%3D1057113-476%26name%3Dmr%20boho%20relojes%20el%20corte%20ingles" "Mozilla/5.0 (Linux; Android 10; K) AppleWebKit/537.36 (KHTML, like Gecko) Chrome/138.0.0.0 Mobile Safari/537.36"
88.0.17.15 - - [14/Jul/2025:15:05:52 +0000] "GET /wp-content/uploads/2025/02/cropped-oncnclogo-180x180.png HTTP/1.1" 200 13860 "https://onlycnc.com.au/?f=31672420141490&mod=ba3d4749&uri=news.php%3Fid%3D1057113-476%26name%3Dmr%20boho%20relojes%20el%20corte%20ingles" "Mozilla/5.0 (Linux; Android 10; K) AppleWebKit/537.36 (KHTML, like Gecko) Chrome/138.0.0.0 Mobile Safari/537.36"
216.73.216.233 - - [14/Jul/2025:15:06:03 +0000] "GET /shopdetail/149925028 HTTP/1.1" 404 13146 "-" "Mozilla/5.0 AppleWebKit/537.36 (KHTML, like Gecko; compatible; ClaudeBot/1.0; [email protected])"
66.249.73.129 - - [14/Jul/2025:15:06:05 +0000] "GET /?f=94589404041490&mod=4e805f0e&uri=product.php%3Fid%3D3156631-452%26name%3Dnmd+r1+signal+pink HTTP/1.1" 200 19004 "-" "Mozilla/5.0 (Linux; Android 6.0.1; Nexus 5X Build/MMB29P) AppleWebKit/537.36 (KHTML, like Gecko) Chrome/137.0.7151.103 Mobile Safari/537.36 (compatible; Googlebot/2.1; +http://www.google.com/bot.html)"
216.73.216.233 - - [14/Jul/2025:15:06:06 +0000] "GET /shopdetail/149687936 HTTP/1.1" 404 13146 "-" "Mozilla/5.0 AppleWebKit/537.36 (KHTML, like Gecko; compatible; ClaudeBot/1.0; [email protected])"
216.73.216.233 - - [14/Jul/2025:15:06:09 +0000] "GET /shopdetail/149173340 HTTP/1.1" 404 13146 "-" "Mozilla/5.0 AppleWebKit/537.36 (KHTML, like Gecko; compatible; ClaudeBot/1.0; [email protected])"
216.73.216.233 - - [14/Jul/2025:15:06:12 +0000] "GET /shopdetail/149570132 HTTP/1.1" 404 13146 "-" "Mozilla/5.0 AppleWebKit/537.36 (KHTML, like Gecko; compatible; ClaudeBot/1.0; [email protected])"
216.73.216.233 - - [14/Jul/2025:15:06:15 +0000] "GET /shopdetail/149458752 HTTP/1.1" 404 13146 "-" "Mozilla/5.0 AppleWebKit/537.36 (KHTML, like Gecko; compatible; ClaudeBot/1.0; [email protected])"
216.73.216.233 - - [14/Jul/2025:15:06:18 +0000] "GET /shopdetail/149475404 HTTP/1.1" 404 13146 "-" "Mozilla/5.0 AppleWebKit/537.36 (KHTML, like Gecko; compatible; ClaudeBot/1.0; [email protected])"
66.249.73.128 - - [14/Jul/2025:15:06:32 +0000] "GET /?f=94590844001490&mod=4e805f0e&uri=category-info.php%3Fid%3D3156679-452%26name%3Dhuk+men%27s+brewster+boat+shoes HTTP/1.1" 200 19042 "-" "Mozilla/5.0 (Linux; Android 6.0.1; Nexus 5X Build/MMB29P) AppleWebKit/537.36 (KHTML, like Gecko) Chrome/137.0.7151.103 Mobile Safari/537.36 (compatible; Googlebot/2.1; +http://www.google.com/bot.html)"
66.249.73.128 - - [14/Jul/2025:15:06:33 +0000] "GET /?f=25332857031490&mod=169806bb&uri=itm.php%3Fid%3D845514-70%26name%3Dchristmas+day+sides HTTP/1.1" 200 18991 "-" "Mozilla/5.0 (Linux; Android 6.0.1; Nexus 5X Build/MMB29P) AppleWebKit/537.36 (KHTML, like Gecko) Chrome/137.0.7151.103 Mobile Safari/537.36 (compatible; Googlebot/2.1; +http://www.google.com/bot.html)"
66.249.73.132 - - [14/Jul/2025:15:07:27 +0000] "GET /?f=94589044041490&mod=4e805f0e&uri=pin.php%3Fid%3D3156619-452%26name%3Dfy5730 HTTP/1.1" 200 18972 "-" "Mozilla/5.0 (Linux; Android 6.0.1; Nexus 5X Build/MMB29P) AppleWebKit/537.36 (KHTML, like Gecko) Chrome/137.0.7151.103 Mobile Safari/537.36 (compatible; Googlebot/2.1; +http://www.google.com/bot.html)"
66.249.73.132 - - [14/Jul/2025:15:07:29 +0000] "GET /?f=5728434031490&mod=06524331&uri=news.php%3Fid%3D191297-334%26name%3Ddailymotion+barrister+babu HTTP/1.1" 200 19001 "-" "Mozilla/5.0 (Linux; Android 6.0.1; Nexus 5X Build/MMB29P) AppleWebKit/537.36 (KHTML, like Gecko) Chrome/137.0.7151.103 Mobile Safari/537.36 (compatible; Googlebot/2.1; +http://www.google.com/bot.html)"
66.249.73.128 - - [14/Jul/2025:15:07:30 +0000] "GET /?f=32390920051490&mod=6a21bd02&uri=products.php%3Fid%3D1081084-95%26name%3Dportaoggetti+per+mtb HTTP/1.1" 200 19002 "-" "Mozilla/5.0 (Linux; Android 6.0.1; Nexus 5X Build/MMB29P) AppleWebKit/537.36 (KHTML, like Gecko) Chrome/137.0.7151.103 Mobile Safari/537.36 (compatible; Googlebot/2.1; +http://www.google.com/bot.html)"
66.249.73.128 - - [14/Jul/2025:15:07:32 +0000] "GET /?f=25578584021490&mod=f4e4eeeb&uri=blog.php%3Fid%3D853707-667%26name%3Dyoox+shoe+sale+uk HTTP/1.1" 200 18999 "-" "Mozilla/5.0 (Linux; Android 6.0.1; Nexus 5X Build/MMB29P) AppleWebKit/537.36 (KHTML, like Gecko) Chrome/137.0.7151.103 Mobile Safari/537.36 (compatible; Googlebot/2.1; +http://www.google.com/bot.html)"
66.249.73.128 - - [14/Jul/2025:15:07:35 +0000] "POST /get-message-notify HTTP/1.1" 200 17999 "https://onlycnc.com.au/?f=94589404041490&mod=4e805f0e&uri=product.php%3Fid%3D3156631-452%26name%3Dnmd+r1+signal+pink" "Mozilla/5.0 (Linux; Android 6.0.1; Nexus 5X Build/MMB29P) AppleWebKit/537.36 (KHTML, like Gecko) Chrome/137.0.7151.119 Mobile Safari/537.36 (compatible; Googlebot/2.1; +http://www.google.com/bot.html)"
66.249.73.132 - - [14/Jul/2025:15:07:43 +0000] "POST /get-message-notify HTTP/1.1" 200 17999 "https://onlycnc.com.au/?f=25578584021490&mod=f4e4eeeb&uri=blog.php%3Fid%3D853707-667%26name%3Dyoox+shoe+sale+uk" "Mozilla/5.0 (Linux; Android 6.0.1; Nexus 5X Build/MMB29P) AppleWebKit/537.36 (KHTML, like Gecko) Chrome/137.0.7151.119 Mobile Safari/537.36 (compatible; Googlebot/2.1; +http://www.google.com/bot.html)"
66.249.73.132 - - [14/Jul/2025:15:07:47 +0000] "POST /get-message-notify HTTP/1.1" 200 17999 "https://onlycnc.com.au/?f=94589044041490&mod=4e805f0e&uri=pin.php%3Fid%3D3156619-452%26name%3Dfy5730" "Mozilla/5.0 (Linux; Android 6.0.1; Nexus 5X Build/MMB29P) AppleWebKit/537.36 (KHTML, like Gecko) Chrome/137.0.7151.119 Mobile Safari/537.36 (compatible; Googlebot/2.1; +http://www.google.com/bot.html)"
216.73.216.233 - - [14/Jul/2025:15:07:56 +0000] "GET /shopdetail/149306696 HTTP/1.1" 404 13146 "-" "Mozilla/5.0 AppleWebKit/537.36 (KHTML, like Gecko; compatible; ClaudeBot/1.0; [email protected])"
66.249.73.132 - - [14/Jul/2025:15:07:59 +0000] "GET /?f=108130720141490&mod=6e65e501&uri=shared.php%3Fid%3D3608676-465%26name%3Dalan%27s+shoes+coupon HTTP/1.1" 200 19012 "-" "Mozilla/5.0 (Linux; Android 6.0.1; Nexus 5X Build/MMB29P) AppleWebKit/537.36 (KHTML, like Gecko) Chrome/137.0.7151.103 Mobile Safari/537.36 (compatible; Googlebot/2.1; +http://www.google.com/bot.html)"
216.73.216.233 - - [14/Jul/2025:15:07:59 +0000] "GET /shopdetail/149344096 HTTP/1.1" 404 13146 "-" "Mozilla/5.0 AppleWebKit/537.36 (KHTML, like Gecko; compatible; ClaudeBot/1.0; [email protected])"
66.249.73.132 - - [14/Jul/2025:15:08:00 +0000] "GET /?f=113759868071490&mod=798b4516&uri=product.php%3Fid%3D3796576-330%26name%3Dokuma+cavalla+2020 HTTP/1.1" 200 19008 "-" "Mozilla/5.0 (Linux; Android 6.0.1; Nexus 5X Build/MMB29P) AppleWebKit/537.36 (KHTML, like Gecko) Chrome/137.0.7151.103 Mobile Safari/537.36 (compatible; Googlebot/2.1; +http://www.google.com/bot.html)"
216.73.216.233 - - [14/Jul/2025:15:08:02 +0000] "GET /shopdetail/149882032 HTTP/1.1" 404 13146 "-" "Mozilla/5.0 AppleWebKit/537.36 (KHTML, like Gecko; compatible; ClaudeBot/1.0; [email protected])"
216.73.216.233 - - [14/Jul/2025:15:08:05 +0000] "GET /shopdetail/149183168 HTTP/1.1" 404 13146 "-" "Mozilla/5.0 AppleWebKit/537.36 (KHTML, like Gecko; compatible; ClaudeBot/1.0; [email protected])"
216.73.216.233 - - [14/Jul/2025:15:08:08 +0000] "GET /shopdetail/149792756 HTTP/1.1" 404 13146 "-" "Mozilla/5.0 AppleWebKit/537.36 (KHTML, like Gecko; compatible; ClaudeBot/1.0; [email protected])"
216.73.216.233 - - [14/Jul/2025:15:08:11 +0000] "GET /shopdetail/149979208 HTTP/1.1" 404 13146 "-" "Mozilla/5.0 AppleWebKit/537.36 (KHTML, like Gecko; compatible; ClaudeBot/1.0; [email protected])"
66.249.73.132 - - [14/Jul/2025:15:08:54 +0000] "GET /?f=94590964011490&mod=4e805f0e&uri=itm.php%3Fid%3D3156683-452%26name%3Dadidas+run+60s+shoes+female HTTP/1.1" 200 19012 "-" "Mozilla/5.0 (Linux; Android 6.0.1; Nexus 5X Build/MMB29P) AppleWebKit/537.36 (KHTML, like Gecko) Chrome/137.0.7151.103 Mobile Safari/537.36 (compatible; Googlebot/2.1; +http://www.google.com/bot.html)"
66.249.73.128 - - [14/Jul/2025:15:09:22 +0000] "GET /?f=94587844041490&mod=4e805f0e&uri=article.php%3Fid%3D3156579-452%26name%3Dpopular+deck+shoes HTTP/1.1" 200 19010 "-" "Mozilla/5.0 (Linux; Android 6.0.1; Nexus 5X Build/MMB29P) AppleWebKit/537.36 (KHTML, like Gecko) Chrome/137.0.7151.103 Mobile Safari/537.36 (compatible; Googlebot/2.1; +http://www.google.com/bot.html)"
216.73.216.233 - - [14/Jul/2025:15:09:28 +0000] "GET /shopdetail/149128988 HTTP/1.1" 404 13146 "-" "Mozilla/5.0 AppleWebKit/537.36 (KHTML, like Gecko; compatible; ClaudeBot/1.0; [email protected])"
216.73.216.233 - - [14/Jul/2025:15:09:31 +0000] "GET /shopdetail/149533696 HTTP/1.1" 404 13146 "-" "Mozilla/5.0 AppleWebKit/537.36 (KHTML, like Gecko; compatible; ClaudeBot/1.0; [email protected])"
216.73.216.233 - - [14/Jul/2025:15:09:34 +0000] "GET /shopdetail/149373724 HTTP/1.1" 404 13146 "-" "Mozilla/5.0 AppleWebKit/537.36 (KHTML, like Gecko; compatible; ClaudeBot/1.0; [email protected])"
216.73.216.233 - - [14/Jul/2025:15:09:37 +0000] "GET /shopdetail/149392560 HTTP/1.1" 404 13146 "-" "Mozilla/5.0 AppleWebKit/537.36 (KHTML, like Gecko; compatible; ClaudeBot/1.0; [email protected])"
216.73.216.233 - - [14/Jul/2025:15:09:40 +0000] "GET /shopdetail/149790572 HTTP/1.1" 404 13146 "-" "Mozilla/5.0 AppleWebKit/537.36 (KHTML, like Gecko; compatible; ClaudeBot/1.0; [email protected])"
216.73.216.233 - - [14/Jul/2025:15:09:43 +0000] "GET /shopdetail/149720004 HTTP/1.1" 404 13146 "-" "Mozilla/5.0 AppleWebKit/537.36 (KHTML, like Gecko; compatible; ClaudeBot/1.0; [email protected])"
