66.249.73.132 - - [14/Jul/2025:13:41:57 +0000] "GET /?f=6113795021490&mod=d3036eaa&uri=info.php%3Fid%3D204161-208%26name%3Dsony+handycam+hi8+player HTTP/1.1" 200 18998 "-" "Mozilla/5.0 (Linux; Android 6.0.1; Nexus 5X Build/MMB29P) AppleWebKit/537.36 (KHTML, like Gecko) Chrome/137.0.7151.103 Mobile Safari/537.36 (compatible; Googlebot/2.1; +http://www.google.com/bot.html)"
66.249.73.132 - - [14/Jul/2025:13:42:00 +0000] "POST /get-message-notify HTTP/1.1" 200 17999 "https://onlycnc.com.au/?f=6113795021490&mod=d3036eaa&uri=info.php%3Fid%3D204161-208%26name%3Dsony+handycam+hi8+player" "Mozilla/5.0 (Linux; Android 6.0.1; Nexus 5X Build/MMB29P) AppleWebKit/537.36 (KHTML, like Gecko) Chrome/137.0.7151.119 Mobile Safari/537.36 (compatible; Googlebot/2.1; +http://www.google.com/bot.html)"
216.73.216.233 - - [14/Jul/2025:13:42:04 +0000] "GET /shopdetail/149269032 HTTP/1.1" 404 13146 "-" "Mozilla/5.0 AppleWebKit/537.36 (KHTML, like Gecko; compatible; ClaudeBot/1.0; [email protected])"
216.73.216.233 - - [14/Jul/2025:13:42:07 +0000] "GET /shopdetail/149606448 HTTP/1.1" 404 13146 "-" "Mozilla/5.0 AppleWebKit/537.36 (KHTML, like Gecko; compatible; ClaudeBot/1.0; [email protected])"
216.73.216.233 - - [14/Jul/2025:13:42:10 +0000] "GET /shopdetail/149662812 HTTP/1.1" 404 13146 "-" "Mozilla/5.0 AppleWebKit/537.36 (KHTML, like Gecko; compatible; ClaudeBot/1.0; [email protected])"
216.73.216.233 - - [14/Jul/2025:13:42:13 +0000] "GET /shopdetail/149945912 HTTP/1.1" 404 13146 "-" "Mozilla/5.0 AppleWebKit/537.36 (KHTML, like Gecko; compatible; ClaudeBot/1.0; [email protected])"
216.73.216.233 - - [14/Jul/2025:13:42:16 +0000] "GET /shopdetail/149262480 HTTP/1.1" 404 13146 "-" "Mozilla/5.0 AppleWebKit/537.36 (KHTML, like Gecko; compatible; ClaudeBot/1.0; [email protected])"
216.73.216.233 - - [14/Jul/2025:13:42:19 +0000] "GET /shopdetail/149230668 HTTP/1.1" 404 13146 "-" "Mozilla/5.0 AppleWebKit/537.36 (KHTML, like Gecko; compatible; ClaudeBot/1.0; [email protected])"
216.73.216.233 - - [14/Jul/2025:13:42:22 +0000] "GET /shopdetail/149959280 HTTP/1.1" 404 13146 "-" "Mozilla/5.0 AppleWebKit/537.36 (KHTML, like Gecko; compatible; ClaudeBot/1.0; [email protected])"
66.249.73.132 - - [14/Jul/2025:13:42:41 +0000] "GET /?f=25594664041490&mod=13a5ec89&uri=search.php%3Fid%3D854243-346%26name%3Djersey+number+26+in+football HTTP/1.1" 200 19018 "-" "Mozilla/5.0 (Linux; Android 6.0.1; Nexus 5X Build/MMB29P) AppleWebKit/537.36 (KHTML, like Gecko) Chrome/137.0.7151.103 Mobile Safari/537.36 (compatible; Googlebot/2.1; +http://www.google.com/bot.html)"
66.249.73.132 - - [14/Jul/2025:13:42:53 +0000] "GET /?f=5439252051490&mod=fe45e322&uri=search.php%3Fid%3D181586-60%26name%3Dcamicie+lino+bimbo HTTP/1.1" 200 18989 "-" "Mozilla/5.0 (Linux; Android 6.0.1; Nexus 5X Build/MMB29P) AppleWebKit/537.36 (KHTML, like Gecko) Chrome/137.0.7151.103 Mobile Safari/537.36 (compatible; Googlebot/2.1; +http://www.google.com/bot.html)"
66.249.73.132 - - [14/Jul/2025:13:42:54 +0000] "GET /?f=86381851031490&mod=f551334a&uri=products.php%3Fid%3D2882695-328%26name%3Dweite+g+stiefel HTTP/1.1" 200 19000 "-" "Mozilla/5.0 (Linux; Android 6.0.1; Nexus 5X Build/MMB29P) AppleWebKit/537.36 (KHTML, like Gecko) Chrome/137.0.7151.103 Mobile Safari/537.36 (compatible; Googlebot/2.1; +http://www.google.com/bot.html)"
66.249.73.132 - - [14/Jul/2025:13:42:57 +0000] "POST /get-message-notify HTTP/1.1" 200 17999 "https://onlycnc.com.au/?f=86381851031490&mod=f551334a&uri=products.php%3Fid%3D2882695-328%26name%3Dweite+g+stiefel" "Mozilla/5.0 (Linux; Android 6.0.1; Nexus 5X Build/MMB29P) AppleWebKit/537.36 (KHTML, like Gecko) Chrome/137.0.7151.119 Mobile Safari/537.36 (compatible; Googlebot/2.1; +http://www.google.com/bot.html)"
51.222.253.3 - - [14/Jul/2025:13:43:05 +0000] "GET /?f=116398464001490&uri=goods.php%3Fid%3D3884628-1694%26name%3Dmet%20rei%20kawakubo HTTP/1.1" 200 21189 "-" "Mozilla/5.0 (compatible; AhrefsBot/7.0; +http://ahrefs.com/robot/)"
216.73.216.233 - - [14/Jul/2025:13:43:25 +0000] "GET /shopdetail/149734472 HTTP/1.1" 404 13146 "-" "Mozilla/5.0 AppleWebKit/537.36 (KHTML, like Gecko; compatible; ClaudeBot/1.0; [email protected])"
66.249.73.132 - - [14/Jul/2025:13:43:26 +0000] "GET /?f=6105605051490&mod=89a4779d&uri=pin.php%3Fid%3D203888-40%26name%3D17n163 HTTP/1.1" 200 18957 "-" "Mozilla/5.0 (Linux; Android 6.0.1; Nexus 5X Build/MMB29P) AppleWebKit/537.36 (KHTML, like Gecko) Chrome/137.0.7151.103 Mobile Safari/537.36 (compatible; Googlebot/2.1; +http://www.google.com/bot.html)"
216.73.216.233 - - [14/Jul/2025:13:43:28 +0000] "GET /shopdetail/149888712 HTTP/1.1" 404 13146 "-" "Mozilla/5.0 AppleWebKit/537.36 (KHTML, like Gecko; compatible; ClaudeBot/1.0; [email protected])"
216.73.216.233 - - [14/Jul/2025:13:43:31 +0000] "GET /shopdetail/149432408 HTTP/1.1" 404 13146 "-" "Mozilla/5.0 AppleWebKit/537.36 (KHTML, like Gecko; compatible; ClaudeBot/1.0; [email protected])"
216.73.216.233 - - [14/Jul/2025:13:43:34 +0000] "GET /shopdetail/149145504 HTTP/1.1" 404 13146 "-" "Mozilla/5.0 AppleWebKit/537.36 (KHTML, like Gecko; compatible; ClaudeBot/1.0; [email protected])"
216.73.216.233 - - [14/Jul/2025:13:43:37 +0000] "GET /shopdetail/149823740 HTTP/1.1" 404 13146 "-" "Mozilla/5.0 AppleWebKit/537.36 (KHTML, like Gecko; compatible; ClaudeBot/1.0; [email protected])"
216.73.216.233 - - [14/Jul/2025:13:43:40 +0000] "GET /shopdetail/149986724 HTTP/1.1" 404 13146 "-" "Mozilla/5.0 AppleWebKit/537.36 (KHTML, like Gecko; compatible; ClaudeBot/1.0; [email protected])"
216.73.216.233 - - [14/Jul/2025:13:43:43 +0000] "GET /shopdetail/149905228 HTTP/1.1" 404 13146 "-" "Mozilla/5.0 AppleWebKit/537.36 (KHTML, like Gecko; compatible; ClaudeBot/1.0; [email protected])"
66.249.73.129 - - [14/Jul/2025:13:44:10 +0000] "GET /?f=114563632001490&mod=13a5ec89&uri=goods.php%3Fid%3D3823411-346%26name%3Dfifa+21+premier+league+kits HTTP/1.1" 200 19023 "-" "Mozilla/5.0 (Linux; Android 6.0.1; Nexus 5X Build/MMB29P) AppleWebKit/537.36 (KHTML, like Gecko) Chrome/137.0.7151.103 Mobile Safari/537.36 (compatible; Googlebot/2.1; +http://www.google.com/bot.html)"
216.73.216.233 - - [14/Jul/2025:13:44:34 +0000] "GET /shopdetail/149642756 HTTP/1.1" 404 13146 "-" "Mozilla/5.0 AppleWebKit/537.36 (KHTML, like Gecko; compatible; ClaudeBot/1.0; [email protected])"
216.73.216.233 - - [14/Jul/2025:13:44:37 +0000] "GET /shopdetail/149616276 HTTP/1.1" 404 13146 "-" "Mozilla/5.0 AppleWebKit/537.36 (KHTML, like Gecko; compatible; ClaudeBot/1.0; [email protected])"
216.73.216.233 - - [14/Jul/2025:13:44:40 +0000] "GET /shopdetail/149317752 HTTP/1.1" 404 13146 "-" "Mozilla/5.0 AppleWebKit/537.36 (KHTML, like Gecko; compatible; ClaudeBot/1.0; [email protected])"
216.73.216.233 - - [14/Jul/2025:13:44:43 +0000] "GET /shopdetail/149256884 HTTP/1.1" 404 13146 "-" "Mozilla/5.0 AppleWebKit/537.36 (KHTML, like Gecko; compatible; ClaudeBot/1.0; [email protected])"
216.73.216.233 - - [14/Jul/2025:13:44:46 +0000] "GET /shopdetail/149193004 HTTP/1.1" 404 13146 "-" "Mozilla/5.0 AppleWebKit/537.36 (KHTML, like Gecko; compatible; ClaudeBot/1.0; [email protected])"
216.73.216.233 - - [14/Jul/2025:13:44:49 +0000] "GET /shopdetail/149819236 HTTP/1.1" 404 13146 "-" "Mozilla/5.0 AppleWebKit/537.36 (KHTML, like Gecko; compatible; ClaudeBot/1.0; [email protected])"
216.73.216.233 - - [14/Jul/2025:13:44:52 +0000] "GET /shopdetail/149180856 HTTP/1.1" 404 13146 "-" "Mozilla/5.0 AppleWebKit/537.36 (KHTML, like Gecko; compatible; ClaudeBot/1.0; [email protected])"
66.249.73.132 - - [14/Jul/2025:13:44:55 +0000] "GET /?f=6004914021490&mod=798b4516&uri=us.php%3Fid%3D200526-330%26name%3Dfishing+flasher+rigs HTTP/1.1" 200 18979 "-" "Mozilla/5.0 (Linux; Android 6.0.1; Nexus 5X Build/MMB29P) AppleWebKit/537.36 (KHTML, like Gecko) Chrome/137.0.7151.103 Mobile Safari/537.36 (compatible; Googlebot/2.1; +http://www.google.com/bot.html)"
66.249.73.129 - - [14/Jul/2025:13:45:06 +0000] "POST /get-message-notify HTTP/1.1" 200 17999 "https://onlycnc.com.au/?f=6004914021490&mod=798b4516&uri=us.php%3Fid%3D200526-330%26name%3Dfishing+flasher+rigs" "Mozilla/5.0 (Linux; Android 6.0.1; Nexus 5X Build/MMB29P) AppleWebKit/537.36 (KHTML, like Gecko) Chrome/137.0.7151.119 Mobile Safari/537.36 (compatible; Googlebot/2.1; +http://www.google.com/bot.html)"
66.249.73.128 - - [14/Jul/2025:13:45:40 +0000] "GET /?f=6111065031490&mod=89a4779d&uri=itm.php%3Fid%3D204070-40%26name%3Dgraco+tc+pro+corded+airless+paint+sprayer HTTP/1.1" 200 19015 "-" "Mozilla/5.0 (Linux; Android 6.0.1; Nexus 5X Build/MMB29P) AppleWebKit/537.36 (KHTML, like Gecko) Chrome/137.0.7151.103 Mobile Safari/537.36 (compatible; Googlebot/2.1; +http://www.google.com/bot.html)"
216.73.216.233 - - [14/Jul/2025:13:46:26 +0000] "GET /shopdetail/149870976 HTTP/1.1" 404 13146 "-" "Mozilla/5.0 AppleWebKit/537.36 (KHTML, like Gecko; compatible; ClaudeBot/1.0; [email protected])"
216.73.216.233 - - [14/Jul/2025:13:46:29 +0000] "GET /shopdetail/149216336 HTTP/1.1" 404 13146 "-" "Mozilla/5.0 AppleWebKit/537.36 (KHTML, like Gecko; compatible; ClaudeBot/1.0; [email protected])"
216.73.216.233 - - [14/Jul/2025:13:46:32 +0000] "GET /shopdetail/149677144 HTTP/1.1" 404 13146 "-" "Mozilla/5.0 AppleWebKit/537.36 (KHTML, like Gecko; compatible; ClaudeBot/1.0; [email protected])"
216.73.216.233 - - [14/Jul/2025:13:46:35 +0000] "GET /shopdetail/149955876 HTTP/1.1" 404 13146 "-" "Mozilla/5.0 AppleWebKit/537.36 (KHTML, like Gecko; compatible; ClaudeBot/1.0; [email protected])"
216.73.216.233 - - [14/Jul/2025:13:46:38 +0000] "GET /shopdetail/149367172 HTTP/1.1" 404 13146 "-" "Mozilla/5.0 AppleWebKit/537.36 (KHTML, like Gecko; compatible; ClaudeBot/1.0; [email protected])"
216.73.216.233 - - [14/Jul/2025:13:46:41 +0000] "GET /shopdetail/149434592 HTTP/1.1" 404 13146 "-" "Mozilla/5.0 AppleWebKit/537.36 (KHTML, like Gecko; compatible; ClaudeBot/1.0; [email protected])"
216.73.216.233 - - [14/Jul/2025:13:46:44 +0000] "GET /shopdetail/149405928 HTTP/1.1" 404 13146 "-" "Mozilla/5.0 AppleWebKit/537.36 (KHTML, like Gecko; compatible; ClaudeBot/1.0; [email protected])"
66.249.73.128 - - [14/Jul/2025:13:46:56 +0000] "GET /?f=6111905011490&mod=89a4779d&uri=search.php%3Fid%3D204098-40%26name%3Dmilwaukee+m12+battery+positive+and+negative HTTP/1.1" 200 19033 "-" "Mozilla/5.0 (Linux; Android 6.0.1; Nexus 5X Build/MMB29P) AppleWebKit/537.36 (KHTML, like Gecko) Chrome/137.0.7151.103 Mobile Safari/537.36 (compatible; Googlebot/2.1; +http://www.google.com/bot.html)"
66.249.73.132 - - [14/Jul/2025:13:47:32 +0000] "GET /?f=6115475031490&mod=d3036eaa&uri=news.php%3Fid%3D204217-208%26name%3Dfujimax+instax+mini+7s HTTP/1.1" 200 18998 "-" "Mozilla/5.0 (Linux; Android 6.0.1; Nexus 5X Build/MMB29P) AppleWebKit/537.36 (KHTML, like Gecko) Chrome/137.0.7151.103 Mobile Safari/537.36 (compatible; Googlebot/2.1; +http://www.google.com/bot.html)"
66.249.73.128 - - [14/Jul/2025:13:47:36 +0000] "POST /get-message-notify HTTP/1.1" 200 17999 "https://onlycnc.com.au/?f=6115475031490&mod=d3036eaa&uri=news.php%3Fid%3D204217-208%26name%3Dfujimax+instax+mini+7s" "Mozilla/5.0 (Linux; Android 6.0.1; Nexus 5X Build/MMB29P) AppleWebKit/537.36 (KHTML, like Gecko) Chrome/137.0.7151.119 Mobile Safari/537.36 (compatible; Googlebot/2.1; +http://www.google.com/bot.html)"
66.249.73.129 - - [14/Jul/2025:13:48:09 +0000] "GET /?f=33383527001490&mod=13a5ec89&uri=news.php%3Fid%3D1114213-346%26name%3Dbengaluru+fc+logo+url HTTP/1.1" 200 19001 "-" "Mozilla/5.0 (Linux; Android 6.0.1; Nexus 5X Build/MMB29P) AppleWebKit/537.36 (KHTML, like Gecko) Chrome/137.0.7151.103 Mobile Safari/537.36 (compatible; Googlebot/2.1; +http://www.google.com/bot.html)"
66.249.73.132 - - [14/Jul/2025:13:48:14 +0000] "GET /?f=25464082011490&mod=ccc58dde&uri=info.php%3Fid%3D849890-97%26name%3Dwaist+pouch+wildcraft HTTP/1.1" 200 19002 "-" "Mozilla/5.0 (Linux; Android 6.0.1; Nexus 5X Build/MMB29P) AppleWebKit/537.36 (KHTML, like Gecko) Chrome/137.0.7151.103 Mobile Safari/537.36 (compatible; Googlebot/2.1; +http://www.google.com/bot.html)"
216.73.216.233 - - [14/Jul/2025:13:48:14 +0000] "GET /shopdetail/149163376 HTTP/1.1" 404 13146 "-" "Mozilla/5.0 AppleWebKit/537.36 (KHTML, like Gecko; compatible; ClaudeBot/1.0; [email protected])"
216.73.216.233 - - [14/Jul/2025:13:48:17 +0000] "GET /shopdetail/149898548 HTTP/1.1" 404 13146 "-" "Mozilla/5.0 AppleWebKit/537.36 (KHTML, like Gecko; compatible; ClaudeBot/1.0; [email protected])"
216.73.216.233 - - [14/Jul/2025:13:48:20 +0000] "GET /shopdetail/149283364 HTTP/1.1" 404 13146 "-" "Mozilla/5.0 AppleWebKit/537.36 (KHTML, like Gecko; compatible; ClaudeBot/1.0; [email protected])"
216.73.216.233 - - [14/Jul/2025:13:48:23 +0000] "GET /shopdetail/149610944 HTTP/1.1" 404 13146 "-" "Mozilla/5.0 AppleWebKit/537.36 (KHTML, like Gecko; compatible; ClaudeBot/1.0; [email protected])"
216.73.216.233 - - [14/Jul/2025:13:48:26 +0000] "GET /shopdetail/149221668 HTTP/1.1" 404 13146 "-" "Mozilla/5.0 AppleWebKit/537.36 (KHTML, like Gecko; compatible; ClaudeBot/1.0; [email protected])"
216.73.216.233 - - [14/Jul/2025:13:48:29 +0000] "GET /shopdetail/149278032 HTTP/1.1" 404 13146 "-" "Mozilla/5.0 AppleWebKit/537.36 (KHTML, like Gecko; compatible; ClaudeBot/1.0; [email protected])"
216.73.216.233 - - [14/Jul/2025:13:48:32 +0000] "GET /shopdetail/149456440 HTTP/1.1" 404 13146 "-" "Mozilla/5.0 AppleWebKit/537.36 (KHTML, like Gecko; compatible; ClaudeBot/1.0; [email protected])"
66.249.73.132 - - [14/Jul/2025:13:48:45 +0000] "GET /?f=6104135001490&mod=89a4779d&uri=goods.php%3Fid%3D203839-40%26name%3Dultra+airless HTTP/1.1" 200 18982 "-" "Mozilla/5.0 (Linux; Android 6.0.1; Nexus 5X Build/MMB29P) AppleWebKit/537.36 (KHTML, like Gecko) Chrome/137.0.7151.103 Mobile Safari/537.36 (compatible; Googlebot/2.1; +http://www.google.com/bot.html)"
66.249.73.132 - - [14/Jul/2025:13:48:47 +0000] "GET /?f=54314404001490&mod=77bea4fd&uri=category-info.php%3Fid%3D1812523-115%26name%3Dpyjama+satin+pieces+femme HTTP/1.1" 200 19028 "-" "Mozilla/5.0 (Linux; Android 6.0.1; Nexus 5X Build/MMB29P) AppleWebKit/537.36 (KHTML, like Gecko) Chrome/137.0.7151.103 Mobile Safari/537.36 (compatible; Googlebot/2.1; +http://www.google.com/bot.html)"
66.249.73.132 - - [14/Jul/2025:13:48:59 +0000] "POST /get-message-notify HTTP/1.1" 200 17999 "https://onlycnc.com.au/?f=54314404001490&mod=77bea4fd&uri=category-info.php%3Fid%3D1812523-115%26name%3Dpyjama+satin+pieces+femme" "Mozilla/5.0 (Linux; Android 6.0.1; Nexus 5X Build/MMB29P) AppleWebKit/537.36 (KHTML, like Gecko) Chrome/137.0.7151.119 Mobile Safari/537.36 (compatible; Googlebot/2.1; +http://www.google.com/bot.html)"
66.249.73.132 - - [14/Jul/2025:13:49:26 +0000] "GET /?f=6106025031490&mod=89a4779d&uri=product.php%3Fid%3D203902-40%26name%3Dmilwaukee+chainsaw+near+me HTTP/1.1" 200 19016 "-" "Mozilla/5.0 (Linux; Android 6.0.1; Nexus 5X Build/MMB29P) AppleWebKit/537.36 (KHTML, like Gecko) Chrome/137.0.7151.103 Mobile Safari/537.36 (compatible; Googlebot/2.1; +http://www.google.com/bot.html)"
216.73.216.233 - - [14/Jul/2025:13:49:39 +0000] "GET /shopdetail/149522768 HTTP/1.1" 404 13146 "-" "Mozilla/5.0 AppleWebKit/537.36 (KHTML, like Gecko; compatible; ClaudeBot/1.0; [email protected])"
66.249.73.132 - - [14/Jul/2025:13:49:40 +0000] "POST /get-message-notify HTTP/1.1" 200 17999 "https://onlycnc.com.au/?f=33383527001490&mod=13a5ec89&uri=news.php%3Fid%3D1114213-346%26name%3Dbengaluru+fc+logo+url" "Mozilla/5.0 (Linux; Android 6.0.1; Nexus 5X Build/MMB29P) AppleWebKit/537.36 (KHTML, like Gecko) Chrome/137.0.7151.119 Mobile Safari/537.36 (compatible; Googlebot/2.1; +http://www.google.com/bot.html)"
216.73.216.233 - - [14/Jul/2025:13:49:42 +0000] "GET /shopdetail/149447568 HTTP/1.1" 404 13146 "-" "Mozilla/5.0 AppleWebKit/537.36 (KHTML, like Gecko; compatible; ClaudeBot/1.0; [email protected])"
216.73.216.233 - - [14/Jul/2025:13:49:45 +0000] "GET /shopdetail/149134712 HTTP/1.1" 404 13146 "-" "Mozilla/5.0 AppleWebKit/537.36 (KHTML, like Gecko; compatible; ClaudeBot/1.0; [email protected])"
216.73.216.233 - - [14/Jul/2025:13:49:48 +0000] "GET /shopdetail/149893080 HTTP/1.1" 404 13146 "-" "Mozilla/5.0 AppleWebKit/537.36 (KHTML, like Gecko; compatible; ClaudeBot/1.0; [email protected])"
216.73.216.233 - - [14/Jul/2025:13:49:51 +0000] "GET /shopdetail/149259068 HTTP/1.1" 404 13146 "-" "Mozilla/5.0 AppleWebKit/537.36 (KHTML, like Gecko; compatible; ClaudeBot/1.0; [email protected])"
216.73.216.233 - - [14/Jul/2025:13:49:54 +0000] "GET /shopdetail/149512804 HTTP/1.1" 404 13146 "-" "Mozilla/5.0 AppleWebKit/537.36 (KHTML, like Gecko; compatible; ClaudeBot/1.0; [email protected])"
216.73.216.233 - - [14/Jul/2025:13:49:57 +0000] "GET /shopdetail/149518400 HTTP/1.1" 404 13146 "-" "Mozilla/5.0 AppleWebKit/537.36 (KHTML, like Gecko; compatible; ClaudeBot/1.0; [email protected])"
66.249.73.128 - - [14/Jul/2025:13:50:07 +0000] "GET /?f=6114005051490&mod=d3036eaa&uri=blog.php%3Fid%3D204168-208%26name%3Dinstax+camera+images HTTP/1.1" 200 18987 "-" "Mozilla/5.0 (Linux; Android 6.0.1; Nexus 5X Build/MMB29P) AppleWebKit/537.36 (KHTML, like Gecko) Chrome/137.0.7151.103 Mobile Safari/537.36 (compatible; Googlebot/2.1; +http://www.google.com/bot.html)"
66.249.73.128 - - [14/Jul/2025:13:50:38 +0000] "GET /?f=31839230081490&mod=5fb0c358&uri=category-info.php?shopdetail/3285168 HTTP/1.1" 200 18968 "-" "Mozilla/5.0 (Linux; Android 6.0.1; Nexus 5X Build/MMB29P) AppleWebKit/537.36 (KHTML, like Gecko) Chrome/137.0.7151.103 Mobile Safari/537.36 (compatible; Googlebot/2.1; +http://www.google.com/bot.html)"
66.249.73.132 - - [14/Jul/2025:13:50:52 +0000] "GET /?f=6023045041490&mod=798b4516&uri=products.php%3Fid%3D201131-330%26name%3Dpowerbait+crappie+nibbles HTTP/1.1" 200 19014 "-" "Mozilla/5.0 (Linux; Android 6.0.1; Nexus 5X Build/MMB29P) AppleWebKit/537.36 (KHTML, like Gecko) Chrome/137.0.7151.103 Mobile Safari/537.36 (compatible; Googlebot/2.1; +http://www.google.com/bot.html)"
66.249.73.132 - - [14/Jul/2025:13:50:56 +0000] "POST /get-message-notify HTTP/1.1" 200 17999 "https://onlycnc.com.au/?f=6023045041490&mod=798b4516&uri=products.php%3Fid%3D201131-330%26name%3Dpowerbait+crappie+nibbles" "Mozilla/5.0 (Linux; Android 6.0.1; Nexus 5X Build/MMB29P) AppleWebKit/537.36 (KHTML, like Gecko) Chrome/137.0.7151.119 Mobile Safari/537.36 (compatible; Googlebot/2.1; +http://www.google.com/bot.html)"
216.73.216.233 - - [14/Jul/2025:13:51:09 +0000] "GET /shopdetail/149501620 HTTP/1.1" 404 13146 "-" "Mozilla/5.0 AppleWebKit/537.36 (KHTML, like Gecko; compatible; ClaudeBot/1.0; [email protected])"
216.73.216.233 - - [14/Jul/2025:13:51:12 +0000] "GET /shopdetail/149459716 HTTP/1.1" 404 13146 "-" "Mozilla/5.0 AppleWebKit/537.36 (KHTML, like Gecko; compatible; ClaudeBot/1.0; [email protected])"
216.73.216.233 - - [14/Jul/2025:13:51:15 +0000] "GET /shopdetail/149735436 HTTP/1.1" 404 13146 "-" "Mozilla/5.0 AppleWebKit/537.36 (KHTML, like Gecko; compatible; ClaudeBot/1.0; [email protected])"
216.73.216.233 - - [14/Jul/2025:13:51:18 +0000] "GET /shopdetail/149575464 HTTP/1.1" 404 13146 "-" "Mozilla/5.0 AppleWebKit/537.36 (KHTML, like Gecko; compatible; ClaudeBot/1.0; [email protected])"
216.73.216.233 - - [14/Jul/2025:13:51:21 +0000] "GET /shopdetail/149532468 HTTP/1.1" 404 13146 "-" "Mozilla/5.0 AppleWebKit/537.36 (KHTML, like Gecko; compatible; ClaudeBot/1.0; [email protected])"
216.73.216.233 - - [14/Jul/2025:13:51:24 +0000] "GET /shopdetail/149541468 HTTP/1.1" 404 13146 "-" "Mozilla/5.0 AppleWebKit/537.36 (KHTML, like Gecko; compatible; ClaudeBot/1.0; [email protected])"
216.73.216.233 - - [14/Jul/2025:13:51:27 +0000] "GET /shopdetail/149380412 HTTP/1.1" 404 13146 "-" "Mozilla/5.0 AppleWebKit/537.36 (KHTML, like Gecko; compatible; ClaudeBot/1.0; [email protected])"
66.249.73.129 - - [14/Jul/2025:13:51:37 +0000] "GET /?f=6113375021490&mod=d3036eaa&uri=us.php%3Fid%3D204147-208%26name%3Dfujifilm+instax+mini+90+instant+film+camera HTTP/1.1" 200 19006 "-" "Mozilla/5.0 (Linux; Android 6.0.1; Nexus 5X Build/MMB29P) AppleWebKit/537.36 (KHTML, like Gecko) Chrome/137.0.7151.103 Mobile Safari/537.36 (compatible; Googlebot/2.1; +http://www.google.com/bot.html)"
66.249.73.128 - - [14/Jul/2025:13:51:49 +0000] "GET /?f=31839230081490&mod=5fb0c358&uri=category-info.php?avsoft.html HTTP/1.1" 200 19417 "-" "Mozilla/5.0 (Linux; Android 6.0.1; Nexus 5X Build/MMB29P) AppleWebKit/537.36 (KHTML, like Gecko) Chrome/137.0.7151.103 Mobile Safari/537.36 (compatible; Googlebot/2.1; +http://www.google.com/bot.html)"
66.249.73.128 - - [14/Jul/2025:13:51:51 +0000] "GET /?f=105435597051490&mod=cdbe7ddc&uri=itm.php?shopdetail/3325844 HTTP/1.1" 200 19131 "-" "Mozilla/5.0 (Linux; Android 6.0.1; Nexus 5X Build/MMB29P) AppleWebKit/537.36 (KHTML, like Gecko) Chrome/137.0.7151.103 Mobile Safari/537.36 (compatible; Googlebot/2.1; +http://www.google.com/bot.html)"
66.249.73.132 - - [14/Jul/2025:13:51:56 +0000] "POST /get-message-notify HTTP/1.1" 200 17999 "https://onlycnc.com.au/?f=105435597051490&mod=cdbe7ddc&uri=itm.php?shopdetail/3325844" "Mozilla/5.0 (Linux; Android 6.0.1; Nexus 5X Build/MMB29P) AppleWebKit/537.36 (KHTML, like Gecko) Chrome/137.0.7151.119 Mobile Safari/537.36 (compatible; Googlebot/2.1; +http://www.google.com/bot.html)"
66.249.73.128 - - [14/Jul/2025:13:52:12 +0000] "POST /get-message-notify HTTP/1.1" 200 17999 "https://onlycnc.com.au/?f=6114005051490&mod=d3036eaa&uri=blog.php%3Fid%3D204168-208%26name%3Dinstax+camera+images" "Mozilla/5.0 (Linux; Android 6.0.1; Nexus 5X Build/MMB29P) AppleWebKit/537.36 (KHTML, like Gecko) Chrome/137.0.7151.119 Mobile Safari/537.36 (compatible; Googlebot/2.1; +http://www.google.com/bot.html)"
66.249.73.128 - - [14/Jul/2025:13:52:21 +0000] "GET /?f=6110645021490&mod=89a4779d&uri=product.php%3Fid%3D204056-40%26name%3Dm12+pvc+cutter HTTP/1.1" 200 18989 "-" "Mozilla/5.0 (Linux; Android 6.0.1; Nexus 5X Build/MMB29P) AppleWebKit/537.36 (KHTML, like Gecko) Chrome/137.0.7151.103 Mobile Safari/537.36 (compatible; Googlebot/2.1; +http://www.google.com/bot.html)"
216.73.216.233 - - [14/Jul/2025:13:52:46 +0000] "GET /shopdetail/149803684 HTTP/1.1" 404 13146 "-" "Mozilla/5.0 AppleWebKit/537.36 (KHTML, like Gecko; compatible; ClaudeBot/1.0; [email protected])"
216.73.216.233 - - [14/Jul/2025:13:52:49 +0000] "GET /shopdetail/149567948 HTTP/1.1" 404 13146 "-" "Mozilla/5.0 AppleWebKit/537.36 (KHTML, like Gecko; compatible; ClaudeBot/1.0; [email protected])"
216.73.216.233 - - [14/Jul/2025:13:52:52 +0000] "GET /shopdetail/149548020 HTTP/1.1" 404 13146 "-" "Mozilla/5.0 AppleWebKit/537.36 (KHTML, like Gecko; compatible; ClaudeBot/1.0; [email protected])"
216.73.216.233 - - [14/Jul/2025:13:52:55 +0000] "GET /shopdetail/149243772 HTTP/1.1" 404 13146 "-" "Mozilla/5.0 AppleWebKit/537.36 (KHTML, like Gecko; compatible; ClaudeBot/1.0; [email protected])"
216.73.216.233 - - [14/Jul/2025:13:52:58 +0000] "GET /shopdetail/149342876 HTTP/1.1" 404 13146 "-" "Mozilla/5.0 AppleWebKit/537.36 (KHTML, like Gecko; compatible; ClaudeBot/1.0; [email protected])"
216.73.216.233 - - [14/Jul/2025:13:53:01 +0000] "GET /shopdetail/149308880 HTTP/1.1" 404 13146 "-" "Mozilla/5.0 AppleWebKit/537.36 (KHTML, like Gecko; compatible; ClaudeBot/1.0; [email protected])"
216.73.216.233 - - [14/Jul/2025:13:53:04 +0000] "GET /shopdetail/149876564 HTTP/1.1" 404 13146 "-" "Mozilla/5.0 AppleWebKit/537.36 (KHTML, like Gecko; compatible; ClaudeBot/1.0; [email protected])"
66.249.73.132 - - [14/Jul/2025:13:53:06 +0000] "GET /?f=6112115021490&mod=d3036eaa&uri=itm.php%3Fid%3D204105-208%26name%3Dinstax+mini+13 HTTP/1.1" 200 18973 "-" "Mozilla/5.0 (Linux; Android 6.0.1; Nexus 5X Build/MMB29P) AppleWebKit/537.36 (KHTML, like Gecko) Chrome/137.0.7151.103 Mobile Safari/537.36 (compatible; Googlebot/2.1; +http://www.google.com/bot.html)"
66.249.73.132 - - [14/Jul/2025:13:53:38 +0000] "GET /?f=31839230081490&mod=5fb0c358&uri=category-info.php?shopdetail/3324880 HTTP/1.1" 200 19227 "-" "Mozilla/5.0 (Linux; Android 6.0.1; Nexus 5X Build/MMB29P) AppleWebKit/537.36 (KHTML, like Gecko) Chrome/137.0.7151.103 Mobile Safari/537.36 (compatible; Googlebot/2.1; +http://www.google.com/bot.html)"
66.249.73.132 - - [14/Jul/2025:13:53:43 +0000] "POST /get-message-notify HTTP/1.1" 200 17999 "https://onlycnc.com.au/?f=31839230081490&mod=5fb0c358&uri=category-info.php?shopdetail/3324880" "Mozilla/5.0 (Linux; Android 6.0.1; Nexus 5X Build/MMB29P) AppleWebKit/537.36 (KHTML, like Gecko) Chrome/137.0.7151.119 Mobile Safari/537.36 (compatible; Googlebot/2.1; +http://www.google.com/bot.html)"
66.249.73.132 - - [14/Jul/2025:13:53:51 +0000] "GET /?f=6114845011490&mod=d3036eaa&uri=info.php%3Fid%3D204196-208%26name%3Dfuji+instax+10 HTTP/1.1" 200 18986 "-" "Mozilla/5.0 (Linux; Android 6.0.1; Nexus 5X Build/MMB29P) AppleWebKit/537.36 (KHTML, like Gecko) Chrome/137.0.7151.103 Mobile Safari/537.36 (compatible; Googlebot/2.1; +http://www.google.com/bot.html)"
216.73.216.233 - - [14/Jul/2025:13:54:17 +0000] "GET /shopdetail/149137988 HTTP/1.1" 404 13146 "-" "Mozilla/5.0 AppleWebKit/537.36 (KHTML, like Gecko; compatible; ClaudeBot/1.0; [email protected])"
216.73.216.233 - - [14/Jul/2025:13:54:20 +0000] "GET /shopdetail/149634976 HTTP/1.1" 404 13146 "-" "Mozilla/5.0 AppleWebKit/537.36 (KHTML, like Gecko; compatible; ClaudeBot/1.0; [email protected])"
216.73.216.233 - - [14/Jul/2025:13:54:23 +0000] "GET /shopdetail/149868920 HTTP/1.1" 404 13146 "-" "Mozilla/5.0 AppleWebKit/537.36 (KHTML, like Gecko; compatible; ClaudeBot/1.0; [email protected])"
216.73.216.233 - - [14/Jul/2025:13:54:26 +0000] "GET /shopdetail/149432272 HTTP/1.1" 404 13146 "-" "Mozilla/5.0 AppleWebKit/537.36 (KHTML, like Gecko; compatible; ClaudeBot/1.0; [email protected])"
216.73.216.233 - - [14/Jul/2025:13:54:29 +0000] "GET /shopdetail/149774056 HTTP/1.1" 404 13146 "-" "Mozilla/5.0 AppleWebKit/537.36 (KHTML, like Gecko; compatible; ClaudeBot/1.0; [email protected])"
216.73.216.233 - - [14/Jul/2025:13:54:32 +0000] "GET /shopdetail/149260160 HTTP/1.1" 404 13146 "-" "Mozilla/5.0 AppleWebKit/537.36 (KHTML, like Gecko; compatible; ClaudeBot/1.0; [email protected])"
216.73.216.233 - - [14/Jul/2025:13:54:35 +0000] "GET /shopdetail/149557984 HTTP/1.1" 404 13146 "-" "Mozilla/5.0 AppleWebKit/537.36 (KHTML, like Gecko; compatible; ClaudeBot/1.0; [email protected])"
66.249.73.129 - - [14/Jul/2025:13:54:35 +0000] "GET /?f=6103505091490&mod=89a4779d&uri=search.php%3Fid%3D203818-40%26name%3Dimpact+driver+bit+for+socket HTTP/1.1" 200 19011 "-" "Mozilla/5.0 (Linux; Android 6.0.1; Nexus 5X Build/MMB29P) AppleWebKit/537.36 (KHTML, like Gecko) Chrome/137.0.7151.103 Mobile Safari/537.36 (compatible; Googlebot/2.1; +http://www.google.com/bot.html)"
66.249.73.128 - - [14/Jul/2025:13:55:20 +0000] "GET /?f=6015789001490&mod=798b4516&uri=category-info.php%3Fid%3D200889-330%26name%3Dtournament+choice+angler+fishing+rod HTTP/1.1" 200 19036 "-" "Mozilla/5.0 (Linux; Android 6.0.1; Nexus 5X Build/MMB29P) AppleWebKit/537.36 (KHTML, like Gecko) Chrome/137.0.7151.103 Mobile Safari/537.36 (compatible; Googlebot/2.1; +http://www.google.com/bot.html)"
66.249.73.132 - - [14/Jul/2025:13:55:23 +0000] "POST /get-message-notify HTTP/1.1" 200 17999 "https://onlycnc.com.au/?f=6015789001490&mod=798b4516&uri=category-info.php%3Fid%3D200889-330%26name%3Dtournament+choice+angler+fishing+rod" "Mozilla/5.0 (Linux; Android 6.0.1; Nexus 5X Build/MMB29P) AppleWebKit/537.36 (KHTML, like Gecko) Chrome/137.0.7151.119 Mobile Safari/537.36 (compatible; Googlebot/2.1; +http://www.google.com/bot.html)"
66.249.73.128 - - [14/Jul/2025:13:55:25 +0000] "POST /get-message-notify HTTP/1.1" 200 17999 "https://onlycnc.com.au/?f=6110645021490&mod=89a4779d&uri=product.php%3Fid%3D204056-40%26name%3Dm12+pvc+cutter" "Mozilla/5.0 (Linux; Android 6.0.1; Nexus 5X Build/MMB29P) AppleWebKit/537.36 (KHTML, like Gecko) Chrome/137.0.7151.119 Mobile Safari/537.36 (compatible; Googlebot/2.1; +http://www.google.com/bot.html)"
216.73.216.233 - - [14/Jul/2025:13:55:48 +0000] "GET /shopdetail/149778424 HTTP/1.1" 404 13146 "-" "Mozilla/5.0 AppleWebKit/537.36 (KHTML, like Gecko; compatible; ClaudeBot/1.0; [email protected])"
216.73.216.233 - - [14/Jul/2025:13:55:51 +0000] "GET /shopdetail/149510620 HTTP/1.1" 404 13146 "-" "Mozilla/5.0 AppleWebKit/537.36 (KHTML, like Gecko; compatible; ClaudeBot/1.0; [email protected])"
216.73.216.233 - - [14/Jul/2025:13:55:54 +0000] "GET /shopdetail/149564544 HTTP/1.1" 404 13146 "-" "Mozilla/5.0 AppleWebKit/537.36 (KHTML, like Gecko; compatible; ClaudeBot/1.0; [email protected])"
216.73.216.233 - - [14/Jul/2025:13:55:59 +0000] "GET /shopdetail/149663776 HTTP/1.1" 404 13146 "-" "Mozilla/5.0 AppleWebKit/537.36 (KHTML, like Gecko; compatible; ClaudeBot/1.0; [email protected])"
216.73.216.233 - - [14/Jul/2025:13:56:00 +0000] "GET /shopdetail/149274620 HTTP/1.1" 404 13146 "-" "Mozilla/5.0 AppleWebKit/537.36 (KHTML, like Gecko; compatible; ClaudeBot/1.0; [email protected])"
216.73.216.233 - - [14/Jul/2025:13:56:03 +0000] "GET /shopdetail/149669364 HTTP/1.1" 404 13146 "-" "Mozilla/5.0 AppleWebKit/537.36 (KHTML, like Gecko; compatible; ClaudeBot/1.0; [email protected])"
216.73.216.233 - - [14/Jul/2025:13:56:06 +0000] "GET /shopdetail/149792892 HTTP/1.1" 404 13146 "-" "Mozilla/5.0 AppleWebKit/537.36 (KHTML, like Gecko; compatible; ClaudeBot/1.0; [email protected])"
66.249.73.132 - - [14/Jul/2025:13:56:25 +0000] "GET /?f=119841746071490&mod=2ed6f877&uri=brands.php%3Fid%3D3999482-323%26name%3Dchilly%27s+bottles+sale HTTP/1.1" 200 19016 "-" "Mozilla/5.0 (Linux; Android 6.0.1; Nexus 5X Build/MMB29P) AppleWebKit/537.36 (KHTML, like Gecko) Chrome/137.0.7151.103 Mobile Safari/537.36 (compatible; Googlebot/2.1; +http://www.google.com/bot.html)"
66.249.73.129 - - [14/Jul/2025:13:56:27 +0000] "GET /?f=5963291051490&mod=9cecbb6f&uri=form.php%3Fid%3D199135-344%26name%3Ddeichmann+mens+black+shoes HTTP/1.1" 200 19005 "-" "Mozilla/5.0 (Linux; Android 6.0.1; Nexus 5X Build/MMB29P) AppleWebKit/537.36 (KHTML, like Gecko) Chrome/137.0.7151.103 Mobile Safari/537.36 (compatible; Googlebot/2.1; +http://www.google.com/bot.html)"
66.249.73.132 - - [14/Jul/2025:13:56:37 +0000] "POST /get-message-notify HTTP/1.1" 200 17999 "https://onlycnc.com.au/?f=5963291051490&mod=9cecbb6f&uri=form.php%3Fid%3D199135-344%26name%3Ddeichmann+mens+black+shoes" "Mozilla/5.0 (Linux; Android 6.0.1; Nexus 5X Build/MMB29P) AppleWebKit/537.36 (KHTML, like Gecko) Chrome/137.0.7151.119 Mobile Safari/537.36 (compatible; Googlebot/2.1; +http://www.google.com/bot.html)"
216.73.216.233 - - [14/Jul/2025:13:57:00 +0000] "GET /robots.txt HTTP/1.1" 200 94 "-" "Mozilla/5.0 AppleWebKit/537.36 (KHTML, like Gecko; compatible; ClaudeBot/1.0; [email protected])"
209.74.77.214 - - [14/Jul/2025:13:57:01 +0000] "POST /wp-cron.php?doing_wp_cron=1752501421.0951869487762451171875 HTTP/1.1" 200 - "-" "WordPress/6.8.1; https://onlycnc.com.au"
216.73.216.233 - - [14/Jul/2025:13:57:00 +0000] "GET /shopdetail/149982356 HTTP/1.1" 404 13146 "-" "Mozilla/5.0 AppleWebKit/537.36 (KHTML, like Gecko; compatible; ClaudeBot/1.0; [email protected])"
66.249.73.129 - - [14/Jul/2025:13:57:03 +0000] "GET /?f=6105185051490&mod=89a4779d&uri=shared.php%3Fid%3D203874-40%26name%3Dryobi+tryckspruta HTTP/1.1" 200 18993 "-" "Mozilla/5.0 (Linux; Android 6.0.1; Nexus 5X Build/MMB29P) AppleWebKit/537.36 (KHTML, like Gecko) Chrome/137.0.7151.103 Mobile Safari/537.36 (compatible; Googlebot/2.1; +http://www.google.com/bot.html)"
216.73.216.233 - - [14/Jul/2025:13:57:04 +0000] "GET /shopdetail/149534916 HTTP/1.1" 404 13146 "-" "Mozilla/5.0 AppleWebKit/537.36 (KHTML, like Gecko; compatible; ClaudeBot/1.0; [email protected])"
216.73.216.233 - - [14/Jul/2025:13:57:07 +0000] "GET /shopdetail/149524952 HTTP/1.1" 404 13146 "-" "Mozilla/5.0 AppleWebKit/537.36 (KHTML, like Gecko; compatible; ClaudeBot/1.0; [email protected])"
216.73.216.233 - - [14/Jul/2025:13:57:10 +0000] "GET /shopdetail/149655996 HTTP/1.1" 404 13146 "-" "Mozilla/5.0 AppleWebKit/537.36 (KHTML, like Gecko; compatible; ClaudeBot/1.0; [email protected])"
216.73.216.233 - - [14/Jul/2025:13:57:13 +0000] "GET /shopdetail/149554580 HTTP/1.1" 404 13146 "-" "Mozilla/5.0 AppleWebKit/537.36 (KHTML, like Gecko; compatible; ClaudeBot/1.0; [email protected])"
216.73.216.233 - - [14/Jul/2025:13:57:16 +0000] "GET /shopdetail/149372760 HTTP/1.1" 404 13146 "-" "Mozilla/5.0 AppleWebKit/537.36 (KHTML, like Gecko; compatible; ClaudeBot/1.0; [email protected])"
216.73.216.233 - - [14/Jul/2025:13:57:19 +0000] "GET /shopdetail/149922844 HTTP/1.1" 404 13146 "-" "Mozilla/5.0 AppleWebKit/537.36 (KHTML, like Gecko; compatible; ClaudeBot/1.0; [email protected])"
66.249.73.128 - - [14/Jul/2025:13:57:39 +0000] "GET /?f=6118625031490&mod=89a4779d&uri=form.php%3Fid%3D204322-40%26name%3Dmakita+cordless+led+work+light HTTP/1.1" 200 19007 "-" "Mozilla/5.0 (Linux; Android 6.0.1; Nexus 5X Build/MMB29P) AppleWebKit/537.36 (KHTML, like Gecko) Chrome/137.0.7151.103 Mobile Safari/537.36 (compatible; Googlebot/2.1; +http://www.google.com/bot.html)"
66.249.73.132 - - [14/Jul/2025:13:57:50 +0000] "POST /get-message-notify HTTP/1.1" 200 17999 "https://onlycnc.com.au/?f=6118625031490&mod=89a4779d&uri=form.php%3Fid%3D204322-40%26name%3Dmakita+cordless+led+work+light" "Mozilla/5.0 (Linux; Android 6.0.1; Nexus 5X Build/MMB29P) AppleWebKit/537.36 (KHTML, like Gecko) Chrome/137.0.7151.119 Mobile Safari/537.36 (compatible; Googlebot/2.1; +http://www.google.com/bot.html)"
216.73.216.233 - - [14/Jul/2025:13:58:26 +0000] "GET /shopdetail/149825796 HTTP/1.1" 404 13146 "-" "Mozilla/5.0 AppleWebKit/537.36 (KHTML, like Gecko; compatible; ClaudeBot/1.0; [email protected])"
216.73.216.233 - - [14/Jul/2025:13:58:29 +0000] "GET /shopdetail/149237220 HTTP/1.1" 404 13146 "-" "Mozilla/5.0 AppleWebKit/537.36 (KHTML, like Gecko; compatible; ClaudeBot/1.0; [email protected])"
216.73.216.233 - - [14/Jul/2025:13:58:32 +0000] "GET /shopdetail/149374944 HTTP/1.1" 404 13146 "-" "Mozilla/5.0 AppleWebKit/537.36 (KHTML, like Gecko; compatible; ClaudeBot/1.0; [email protected])"
216.73.216.233 - - [14/Jul/2025:13:58:35 +0000] "GET /shopdetail/149528100 HTTP/1.1" 404 13146 "-" "Mozilla/5.0 AppleWebKit/537.36 (KHTML, like Gecko; compatible; ClaudeBot/1.0; [email protected])"
216.73.216.233 - - [14/Jul/2025:13:58:38 +0000] "GET /shopdetail/149585428 HTTP/1.1" 404 13146 "-" "Mozilla/5.0 AppleWebKit/537.36 (KHTML, like Gecko; compatible; ClaudeBot/1.0; [email protected])"
216.73.216.233 - - [14/Jul/2025:13:58:41 +0000] "GET /shopdetail/149620780 HTTP/1.1" 404 13146 "-" "Mozilla/5.0 AppleWebKit/537.36 (KHTML, like Gecko; compatible; ClaudeBot/1.0; [email protected])"
45.148.10.249 - - [14/Jul/2025:13:58:44 +0000] "GET /.env HTTP/1.1" 301 - "-" "Mozilla/5.0 (X11; Linux x86_64) AppleWebKit/537.36 (KHTML, like Gecko) Chrome/81.0.4044.129 Safari/537.36"
216.73.216.233 - - [14/Jul/2025:13:58:44 +0000] "GET /shopdetail/149668144 HTTP/1.1" 404 13146 "-" "Mozilla/5.0 AppleWebKit/537.36 (KHTML, like Gecko; compatible; ClaudeBot/1.0; [email protected])"
45.148.10.249 - - [14/Jul/2025:13:58:45 +0000] "GET /api/.env HTTP/1.1" 301 - "-" "Mozilla/5.0 (X11; Linux x86_64) AppleWebKit/537.36 (KHTML, like Gecko) Chrome/81.0.4044.129 Safari/537.36"
45.148.10.249 - - [14/Jul/2025:13:58:46 +0000] "GET /.env.save HTTP/1.1" 301 - "-" "Mozilla/5.0 (X11; Linux x86_64) AppleWebKit/537.36 (KHTML, like Gecko) Chrome/81.0.4044.129 Safari/537.36"
45.148.10.249 - - [14/Jul/2025:13:58:46 +0000] "GET /.env.prod HTTP/1.1" 301 - "-" "Mozilla/5.0 (X11; Linux x86_64) AppleWebKit/537.36 (KHTML, like Gecko) Chrome/81.0.4044.129 Safari/537.36"
45.148.10.249 - - [14/Jul/2025:13:58:47 +0000] "GET /env.js HTTP/1.1" 301 - "-" "Mozilla/5.0 (X11; Linux x86_64) AppleWebKit/537.36 (KHTML, like Gecko) Chrome/81.0.4044.129 Safari/537.36"
45.148.10.249 - - [14/Jul/2025:13:58:48 +0000] "GET /api/config.js HTTP/1.1" 301 - "-" "Mozilla/5.0 (X11; Linux x86_64) AppleWebKit/537.36 (KHTML, like Gecko) Chrome/81.0.4044.129 Safari/537.36"
45.148.10.249 - - [14/Jul/2025:13:58:49 +0000] "GET /assets/env.js HTTP/1.1" 301 - "-" "Mozilla/5.0 (X11; Linux x86_64) AppleWebKit/537.36 (KHTML, like Gecko) Chrome/81.0.4044.129 Safari/537.36"
45.148.10.249 - - [14/Jul/2025:13:58:50 +0000] "GET /js/config.js HTTP/1.1" 301 - "-" "Mozilla/5.0 (X11; Linux x86_64) AppleWebKit/537.36 (KHTML, like Gecko) Chrome/81.0.4044.129 Safari/537.36"
45.148.10.249 - - [14/Jul/2025:13:58:50 +0000] "GET /js/app.js HTTP/1.1" 301 - "-" "Mozilla/5.0 (X11; Linux x86_64) AppleWebKit/537.36 (KHTML, like Gecko) Chrome/81.0.4044.129 Safari/537.36"
45.148.10.249 - - [14/Jul/2025:13:58:51 +0000] "GET /config.json HTTP/1.1" 301 - "-" "Mozilla/5.0 (X11; Linux x86_64) AppleWebKit/537.36 (KHTML, like Gecko) Chrome/81.0.4044.129 Safari/537.36"
45.148.10.249 - - [14/Jul/2025:13:58:52 +0000] "GET /phpinfo.php HTTP/1.1" 301 - "-" "Mozilla/5.0 (X11; Linux x86_64) AppleWebKit/537.36 (KHTML, like Gecko) Chrome/81.0.4044.129 Safari/537.36"
66.249.73.128 - - [14/Jul/2025:13:58:52 +0000] "GET /?f=6108755061490&mod=89a4779d&uri=news.php%3Fid%3D203993-40%26name%3D24+volt+impact+gun HTTP/1.1" 200 18991 "-" "Mozilla/5.0 (Linux; Android 6.0.1; Nexus 5X Build/MMB29P) AppleWebKit/537.36 (KHTML, like Gecko) Chrome/137.0.7151.103 Mobile Safari/537.36 (compatible; Googlebot/2.1; +http://www.google.com/bot.html)"
45.148.10.249 - - [14/Jul/2025:13:58:52 +0000] "GET /phpinfo HTTP/1.1" 301 - "-" "Mozilla/5.0 (X11; Linux x86_64) AppleWebKit/537.36 (KHTML, like Gecko) Chrome/81.0.4044.129 Safari/537.36"
45.148.10.249 - - [14/Jul/2025:13:58:53 +0000] "GET /dev/.env HTTP/1.1" 301 - "-" "Mozilla/5.0 (X11; Linux x86_64) AppleWebKit/537.36 (KHTML, like Gecko) Chrome/81.0.4044.129 Safari/537.36"
45.148.10.249 - - [14/Jul/2025:13:58:54 +0000] "GET /application/.env HTTP/1.1" 301 - "-" "Mozilla/5.0 (X11; Linux x86_64) AppleWebKit/537.36 (KHTML, like Gecko) Chrome/81.0.4044.129 Safari/537.36"
45.148.10.249 - - [14/Jul/2025:13:58:55 +0000] "GET /php_info.php HTTP/1.1" 301 - "-" "Mozilla/5.0 (X11; Linux x86_64) AppleWebKit/537.36 (KHTML, like Gecko) Chrome/81.0.4044.129 Safari/537.36"
45.148.10.249 - - [14/Jul/2025:13:58:55 +0000] "GET /_profiler/phpinfo HTTP/1.1" 301 - "-" "Mozilla/5.0 (X11; Linux x86_64) AppleWebKit/537.36 (KHTML, like Gecko) Chrome/81.0.4044.129 Safari/537.36"
45.148.10.249 - - [14/Jul/2025:13:58:56 +0000] "POST / HTTP/1.1" 200 21193 "-" "Mozilla/5.0 (X11; Linux x86_64) AppleWebKit/537.36 (KHTML, like Gecko) Chrome/81.0.4044.129 Safari/537.36"
66.249.73.129 - - [14/Jul/2025:13:59:28 +0000] "GET /?f=6110435001490&mod=d3036eaa&uri=shared.php%3Fid%3D204049-208%26name%3Dinstax+square+size+cm HTTP/1.1" 200 19005 "-" "Mozilla/5.0 (Linux; Android 6.0.1; Nexus 5X Build/MMB29P) AppleWebKit/537.36 (KHTML, like Gecko) Chrome/137.0.7151.103 Mobile Safari/537.36 (compatible; Googlebot/2.1; +http://www.google.com/bot.html)"
66.249.73.129 - - [14/Jul/2025:14:00:06 +0000] "GET /?f=38146845071490&mod=13a5ec89&uri=goods.php%3Fid%3D1273166-346%26name%3Dalfa+romeo+racing+f1+store HTTP/1.1" 200 19016 "-" "Mozilla/5.0 (Linux; Android 6.0.1; Nexus 5X Build/MMB29P) AppleWebKit/537.36 (KHTML, like Gecko) Chrome/137.0.7151.103 Mobile Safari/537.36 (compatible; Googlebot/2.1; +http://www.google.com/bot.html)"
66.249.73.132 - - [14/Jul/2025:14:00:07 +0000] "GET /?f=54473542081490&mod=c302c12d&uri=blog.php%3Fid%3D1817839-1031%26name%3Dnew+jordans+orange+and+black HTTP/1.1" 200 19018 "-" "Mozilla/5.0 (Linux; Android 6.0.1; Nexus 5X Build/MMB29P) AppleWebKit/537.36 (KHTML, like Gecko) Chrome/137.0.7151.103 Mobile Safari/537.36 (compatible; Googlebot/2.1; +http://www.google.com/bot.html)"
216.73.216.233 - - [14/Jul/2025:14:00:09 +0000] "GET /shopdetail/149218520 HTTP/1.1" 404 13146 "-" "Mozilla/5.0 AppleWebKit/537.36 (KHTML, like Gecko; compatible; ClaudeBot/1.0; [email protected])"
216.73.216.233 - - [14/Jul/2025:14:00:12 +0000] "GET /shopdetail/149731060 HTTP/1.1" 404 13146 "-" "Mozilla/5.0 AppleWebKit/537.36 (KHTML, like Gecko; compatible; ClaudeBot/1.0; [email protected])"
66.249.73.128 - - [14/Jul/2025:14:00:14 +0000] "GET /?f=54319225051490&mod=77bea4fd&uri=us.php%3Fid%3D1812684-115%26name%3Dchemise+homme+coupe+confort HTTP/1.1" 200 18990 "-" "Mozilla/5.0 (Linux; Android 6.0.1; Nexus 5X Build/MMB29P) AppleWebKit/537.36 (KHTML, like Gecko) Chrome/137.0.7151.103 Mobile Safari/537.36 (compatible; Googlebot/2.1; +http://www.google.com/bot.html)"
216.73.216.233 - - [14/Jul/2025:14:00:15 +0000] "GET /shopdetail/149980172 HTTP/1.1" 404 13146 "-" "Mozilla/5.0 AppleWebKit/537.36 (KHTML, like Gecko; compatible; ClaudeBot/1.0; [email protected])"
216.73.216.233 - - [14/Jul/2025:14:00:18 +0000] "GET /shopdetail/149901824 HTTP/1.1" 404 13146 "-" "Mozilla/5.0 AppleWebKit/537.36 (KHTML, like Gecko; compatible; ClaudeBot/1.0; [email protected])"
216.73.216.233 - - [14/Jul/2025:14:00:21 +0000] "GET /shopdetail/149858828 HTTP/1.1" 404 13146 "-" "Mozilla/5.0 AppleWebKit/537.36 (KHTML, like Gecko; compatible; ClaudeBot/1.0; [email protected])"
216.73.216.233 - - [14/Jul/2025:14:00:24 +0000] "GET /shopdetail/149665960 HTTP/1.1" 404 13146 "-" "Mozilla/5.0 AppleWebKit/537.36 (KHTML, like Gecko; compatible; ClaudeBot/1.0; [email protected])"
216.73.216.233 - - [14/Jul/2025:14:00:27 +0000] "GET /shopdetail/149641792 HTTP/1.1" 404 13146 "-" "Mozilla/5.0 AppleWebKit/537.36 (KHTML, like Gecko; compatible; ClaudeBot/1.0; [email protected])"
66.249.73.132 - - [14/Jul/2025:14:00:43 +0000] "GET /?f=54303744021490&mod=77bea4fd&uri=form.php%3Fid%3D1812166-115%26name%3Dpantalon+nike+cargo+femme HTTP/1.1" 200 19004 "-" "Mozilla/5.0 (Linux; Android 6.0.1; Nexus 5X Build/MMB29P) AppleWebKit/537.36 (KHTML, like Gecko) Chrome/137.0.7151.103 Mobile Safari/537.36 (compatible; Googlebot/2.1; +http://www.google.com/bot.html)"
66.249.73.132 - - [14/Jul/2025:14:00:45 +0000] "GET /?f=5496707021490&mod=f551334a&uri=product.php%3Fid%3D183503-328%26name%3Drieker+geschlossene+sandalen+damen HTTP/1.1" 200 19027 "-" "Mozilla/5.0 (Linux; Android 6.0.1; Nexus 5X Build/MMB29P) AppleWebKit/537.36 (KHTML, like Gecko) Chrome/137.0.7151.103 Mobile Safari/537.36 (compatible; Googlebot/2.1; +http://www.google.com/bot.html)"
66.249.73.132 - - [14/Jul/2025:14:00:48 +0000] "GET /?f=46672492081490&mod=0e98aeeb&uri=category-info.php?shopdetail/3256504 HTTP/1.1" 200 19109 "-" "Mozilla/5.0 (Linux; Android 6.0.1; Nexus 5X Build/MMB29P) AppleWebKit/537.36 (KHTML, like Gecko) Chrome/137.0.7151.103 Mobile Safari/537.36 (compatible; Googlebot/2.1; +http://www.google.com/bot.html)"
66.249.73.132 - - [14/Jul/2025:14:00:55 +0000] "POST /get-message-notify HTTP/1.1" 200 17999 "https://onlycnc.com.au/?f=5496707021490&mod=f551334a&uri=product.php%3Fid%3D183503-328%26name%3Drieker+geschlossene+sandalen+damen" "Mozilla/5.0 (Linux; Android 6.0.1; Nexus 5X Build/MMB29P) AppleWebKit/537.36 (KHTML, like Gecko) Chrome/137.0.7151.119 Mobile Safari/537.36 (compatible; Googlebot/2.1; +http://www.google.com/bot.html)"
216.73.216.233 - - [14/Jul/2025:14:01:13 +0000] "GET /shopdetail/149146860 HTTP/1.1" 404 13146 "-" "Mozilla/5.0 AppleWebKit/537.36 (KHTML, like Gecko; compatible; ClaudeBot/1.0; [email protected])"
216.73.216.233 - - [14/Jul/2025:14:01:16 +0000] "GET /shopdetail/149833568 HTTP/1.1" 404 13146 "-" "Mozilla/5.0 AppleWebKit/537.36 (KHTML, like Gecko; compatible; ClaudeBot/1.0; [email protected])"
66.249.73.129 - - [14/Jul/2025:14:01:17 +0000] "GET /?f=54303414061490&mod=77bea4fd&uri=pin.php%3Fid%3D1812155-115%26name%3Dcombinaison+de+travail+agricole+massey+ferguson HTTP/1.1" 200 19037 "-" "Mozilla/5.0 (Linux; Android 6.0.1; Nexus 5X Build/MMB29P) AppleWebKit/537.36 (KHTML, like Gecko) Chrome/137.0.7151.103 Mobile Safari/537.36 (compatible; Googlebot/2.1; +http://www.google.com/bot.html)"
216.73.216.233 - - [14/Jul/2025:14:01:19 +0000] "GET /shopdetail/149550212 HTTP/1.1" 404 13146 "-" "Mozilla/5.0 AppleWebKit/537.36 (KHTML, like Gecko; compatible; ClaudeBot/1.0; [email protected])"
216.73.216.233 - - [14/Jul/2025:14:01:22 +0000] "GET /shopdetail/149619680 HTTP/1.1" 404 13146 "-" "Mozilla/5.0 AppleWebKit/537.36 (KHTML, like Gecko; compatible; ClaudeBot/1.0; [email protected])"
216.73.216.233 - - [14/Jul/2025:14:01:25 +0000] "GET /shopdetail/149260296 HTTP/1.1" 404 13146 "-" "Mozilla/5.0 AppleWebKit/537.36 (KHTML, like Gecko; compatible; ClaudeBot/1.0; [email protected])"
216.73.216.233 - - [14/Jul/2025:14:01:28 +0000] "GET /shopdetail/149894044 HTTP/1.1" 404 13146 "-" "Mozilla/5.0 AppleWebKit/537.36 (KHTML, like Gecko; compatible; ClaudeBot/1.0; [email protected])"
216.73.216.233 - - [14/Jul/2025:14:01:31 +0000] "GET /shopdetail/149651628 HTTP/1.1" 404 13146 "-" "Mozilla/5.0 AppleWebKit/537.36 (KHTML, like Gecko; compatible; ClaudeBot/1.0; [email protected])"
66.249.73.128 - - [14/Jul/2025:14:02:32 +0000] "GET /?f=54304164011490&mod=77bea4fd&uri=shared.php%3Fid%3D1812180-115%26name%3Dchemise+de+nuit+action HTTP/1.1" 200 19007 "-" "Mozilla/5.0 (Linux; Android 6.0.1; Nexus 5X Build/MMB29P) AppleWebKit/537.36 (KHTML, like Gecko) Chrome/137.0.7151.103 Mobile Safari/537.36 (compatible; Googlebot/2.1; +http://www.google.com/bot.html)"
66.249.73.128 - - [14/Jul/2025:14:02:34 +0000] "GET /?f=105405315021490&mod=ee2093ab&uri=pin.php%3Fid%3D3517735-728%26name%3Dbag+strap HTTP/1.1" 200 18984 "-" "Mozilla/5.0 (Linux; Android 6.0.1; Nexus 5X Build/MMB29P) AppleWebKit/537.36 (KHTML, like Gecko) Chrome/137.0.7151.103 Mobile Safari/537.36 (compatible; Googlebot/2.1; +http://www.google.com/bot.html)"
216.73.216.233 - - [14/Jul/2025:14:02:37 +0000] "GET /shopdetail/149830164 HTTP/1.1" 404 13146 "-" "Mozilla/5.0 AppleWebKit/537.36 (KHTML, like Gecko; compatible; ClaudeBot/1.0; [email protected])"
216.73.216.233 - - [14/Jul/2025:14:02:40 +0000] "GET /shopdetail/149281180 HTTP/1.1" 404 13146 "-" "Mozilla/5.0 AppleWebKit/537.36 (KHTML, like Gecko; compatible; ClaudeBot/1.0; [email protected])"
216.73.216.233 - - [14/Jul/2025:14:02:43 +0000] "GET /shopdetail/149534652 HTTP/1.1" 404 13146 "-" "Mozilla/5.0 AppleWebKit/537.36 (KHTML, like Gecko; compatible; ClaudeBot/1.0; [email protected])"
216.73.216.233 - - [14/Jul/2025:14:02:46 +0000] "GET /shopdetail/149824832 HTTP/1.1" 404 13146 "-" "Mozilla/5.0 AppleWebKit/537.36 (KHTML, like Gecko; compatible; ClaudeBot/1.0; [email protected])"
216.73.216.233 - - [14/Jul/2025:14:02:49 +0000] "GET /shopdetail/149981392 HTTP/1.1" 404 13146 "-" "Mozilla/5.0 AppleWebKit/537.36 (KHTML, like Gecko; compatible; ClaudeBot/1.0; [email protected])"
216.73.216.233 - - [14/Jul/2025:14:02:52 +0000] "GET /shopdetail/149650664 HTTP/1.1" 404 13146 "-" "Mozilla/5.0 AppleWebKit/537.36 (KHTML, like Gecko; compatible; ClaudeBot/1.0; [email protected])"
216.73.216.233 - - [14/Jul/2025:14:02:55 +0000] "GET /shopdetail/149577648 HTTP/1.1" 404 13146 "-" "Mozilla/5.0 AppleWebKit/537.36 (KHTML, like Gecko; compatible; ClaudeBot/1.0; [email protected])"
66.249.73.132 - - [14/Jul/2025:14:03:01 +0000] "GET /?f=75741867001490&mod=f9beb1e8&uri=shop.php%3Fid%3D2527571-37%26name%3Drucksack+einkaufen HTTP/1.1" 200 18993 "-" "Mozilla/5.0 (Linux; Android 6.0.1; Nexus 5X Build/MMB29P) AppleWebKit/537.36 (KHTML, like Gecko) Chrome/137.0.7151.103 Mobile Safari/537.36 (compatible; Googlebot/2.1; +http://www.google.com/bot.html)"
66.249.73.129 - - [14/Jul/2025:14:03:02 +0000] "GET /?f=38100825121490&mod=169806bb&uri=info.php%3Fid%3D1271632-70%26name%3Dtransparent+plates+set HTTP/1.1" 200 18993 "-" "Mozilla/5.0 (Linux; Android 6.0.1; Nexus 5X Build/MMB29P) AppleWebKit/537.36 (KHTML, like Gecko) Chrome/137.0.7151.103 Mobile Safari/537.36 (compatible; Googlebot/2.1; +http://www.google.com/bot.html)"
66.249.73.128 - - [14/Jul/2025:14:03:04 +0000] "GET /?f=54208046011490&mod=e24a7e4c&uri=dp.php%3Fid%3D1808973-310%26name%3Dgigabyte+b550m+ds3h+am4+b550 HTTP/1.1" 200 18993 "-" "Mozilla/5.0 (Linux; Android 6.0.1; Nexus 5X Build/MMB29P) AppleWebKit/537.36 (KHTML, like Gecko) Chrome/137.0.7151.103 Mobile Safari/537.36 (compatible; Googlebot/2.1; +http://www.google.com/bot.html)"
66.249.73.132 - - [14/Jul/2025:14:03:31 +0000] "GET /?f=54382248091490&mod=7bad3bd3&uri=us.php%3Fid%3D1814788-98%26name%3Dmejores+bicis+estaticas+2020 HTTP/1.1" 200 18996 "-" "Mozilla/5.0 (Linux; Android 6.0.1; Nexus 5X Build/MMB29P) AppleWebKit/537.36 (KHTML, like Gecko) Chrome/137.0.7151.103 Mobile Safari/537.36 (compatible; Googlebot/2.1; +http://www.google.com/bot.html)"
66.249.73.128 - - [14/Jul/2025:14:04:04 +0000] "POST /get-message-notify HTTP/1.1" 200 17999 "https://onlycnc.com.au/?f=54304164011490&mod=77bea4fd&uri=shared.php%3Fid%3D1812180-115%26name%3Dchemise+de+nuit+action" "Mozilla/5.0 (Linux; Android 6.0.1; Nexus 5X Build/MMB29P) AppleWebKit/537.36 (KHTML, like Gecko) Chrome/137.0.7151.119 Mobile Safari/537.36 (compatible; Googlebot/2.1; +http://www.google.com/bot.html)"
66.249.73.132 - - [14/Jul/2025:14:04:16 +0000] "GET /?f=54303324031490&mod=77bea4fd&uri=article.php%3Fid%3D1812152-115%26name%3Dveste+matelassee HTTP/1.1" 200 19007 "-" "Mozilla/5.0 (Linux; Android 6.0.1; Nexus 5X Build/MMB29P) AppleWebKit/537.36 (KHTML, like Gecko) Chrome/137.0.7151.103 Mobile Safari/537.36 (compatible; Googlebot/2.1; +http://www.google.com/bot.html)"
216.73.216.233 - - [14/Jul/2025:14:04:16 +0000] "GET /shopdetail/149284584 HTTP/1.1" 404 13146 "-" "Mozilla/5.0 AppleWebKit/537.36 (KHTML, like Gecko; compatible; ClaudeBot/1.0; [email protected])"
216.73.216.233 - - [14/Jul/2025:14:04:19 +0000] "GET /shopdetail/149513768 HTTP/1.1" 404 13146 "-" "Mozilla/5.0 AppleWebKit/537.36 (KHTML, like Gecko; compatible; ClaudeBot/1.0; [email protected])"
66.249.73.132 - - [14/Jul/2025:14:04:22 +0000] "POST /get-message-notify HTTP/1.1" 200 17999 "https://onlycnc.com.au/?f=54303324031490&mod=77bea4fd&uri=article.php%3Fid%3D1812152-115%26name%3Dveste+matelassee" "Mozilla/5.0 (Linux; Android 6.0.1; Nexus 5X Build/MMB29P) AppleWebKit/537.36 (KHTML, like Gecko) Chrome/137.0.7151.119 Mobile Safari/537.36 (compatible; Googlebot/2.1; +http://www.google.com/bot.html)"
216.73.216.233 - - [14/Jul/2025:14:04:22 +0000] "GET /shopdetail/149599760 HTTP/1.1" 404 13146 "-" "Mozilla/5.0 AppleWebKit/537.36 (KHTML, like Gecko; compatible; ClaudeBot/1.0; [email protected])"
