66.249.73.129 - - [14/Jul/2025:14:32:00 +0000] "GET /?f=94593844041490&mod=f9e71db1&uri=form.php%3Fid%3D3156779-1542%26name%3Dfedi+unoaerre+opinioni HTTP/1.1" 200 19004 "-" "Mozilla/5.0 (Linux; Android 6.0.1; Nexus 5X Build/MMB29P) AppleWebKit/537.36 (KHTML, like Gecko) Chrome/137.0.7151.103 Mobile Safari/537.36 (compatible; Googlebot/2.1; +http://www.google.com/bot.html)"
216.73.216.233 - - [14/Jul/2025:14:32:00 +0000] "GET /shopdetail/149573280 HTTP/1.1" 404 13146 "-" "Mozilla/5.0 AppleWebKit/537.36 (KHTML, like Gecko; compatible; ClaudeBot/1.0; [email protected])"
216.73.216.233 - - [14/Jul/2025:14:32:03 +0000] "GET /shopdetail/149866736 HTTP/1.1" 404 13146 "-" "Mozilla/5.0 AppleWebKit/537.36 (KHTML, like Gecko; compatible; ClaudeBot/1.0; [email protected])"
216.73.216.233 - - [14/Jul/2025:14:32:06 +0000] "GET /shopdetail/149272436 HTTP/1.1" 404 13146 "-" "Mozilla/5.0 AppleWebKit/537.36 (KHTML, like Gecko; compatible; ClaudeBot/1.0; [email protected])"
216.73.216.233 - - [14/Jul/2025:14:32:09 +0000] "GET /shopdetail/149627460 HTTP/1.1" 404 13146 "-" "Mozilla/5.0 AppleWebKit/537.36 (KHTML, like Gecko; compatible; ClaudeBot/1.0; [email protected])"
66.249.73.132 - - [14/Jul/2025:14:32:11 +0000] "POST /get-message-notify HTTP/1.1" 200 17999 "https://onlycnc.com.au/?f=31764584011490&mod=80ebd641&uri=form.php%3Fid%3D1060189-1003%26name%3Dlebron+15+shoes+uk" "Mozilla/5.0 (Linux; Android 6.0.1; Nexus 5X Build/MMB29P) AppleWebKit/537.36 (KHTML, like Gecko) Chrome/137.0.7151.119 Mobile Safari/537.36 (compatible; Googlebot/2.1; +http://www.google.com/bot.html)"
216.73.216.233 - - [14/Jul/2025:14:32:12 +0000] "GET /shopdetail/149692304 HTTP/1.1" 404 13146 "-" "Mozilla/5.0 AppleWebKit/537.36 (KHTML, like Gecko; compatible; ClaudeBot/1.0; [email protected])"
66.249.73.132 - - [14/Jul/2025:14:32:36 +0000] "GET /?f=94591564001490&mod=4e805f0e&uri=product.php%3Fid%3D3156703-452%26name%3Dultraboost+20+sizing HTTP/1.1" 200 19000 "-" "Mozilla/5.0 (Linux; Android 6.0.1; Nexus 5X Build/MMB29P) AppleWebKit/537.36 (KHTML, like Gecko) Chrome/137.0.7151.103 Mobile Safari/537.36 (compatible; Googlebot/2.1; +http://www.google.com/bot.html)"
216.73.216.233 - - [14/Jul/2025:14:32:51 +0000] "GET /shopdetail/149362932 HTTP/1.1" 404 13146 "-" "Mozilla/5.0 AppleWebKit/537.36 (KHTML, like Gecko; compatible; ClaudeBot/1.0; [email protected])"
66.249.73.132 - - [14/Jul/2025:14:32:52 +0000] "POST /get-message-notify HTTP/1.1" 200 17999 "https://onlycnc.com.au/?f=94591564001490&mod=4e805f0e&uri=product.php%3Fid%3D3156703-452%26name%3Dultraboost+20+sizing" "Mozilla/5.0 (Linux; Android 6.0.1; Nexus 5X Build/MMB29P) AppleWebKit/537.36 (KHTML, like Gecko) Chrome/137.0.7151.119 Mobile Safari/537.36 (compatible; Googlebot/2.1; +http://www.google.com/bot.html)"
216.73.216.233 - - [14/Jul/2025:14:32:54 +0000] "GET /shopdetail/149890896 HTTP/1.1" 404 13146 "-" "Mozilla/5.0 AppleWebKit/537.36 (KHTML, like Gecko; compatible; ClaudeBot/1.0; [email protected])"
216.73.216.233 - - [14/Jul/2025:14:32:57 +0000] "GET /shopdetail/149942764 HTTP/1.1" 404 13146 "-" "Mozilla/5.0 AppleWebKit/537.36 (KHTML, like Gecko; compatible; ClaudeBot/1.0; [email protected])"
216.73.216.233 - - [14/Jul/2025:14:33:00 +0000] "GET /shopdetail/149280216 HTTP/1.1" 404 13146 "-" "Mozilla/5.0 AppleWebKit/537.36 (KHTML, like Gecko; compatible; ClaudeBot/1.0; [email protected])"
66.249.73.129 - - [14/Jul/2025:14:33:00 +0000] "POST /get-message-notify HTTP/1.1" 200 17999 "https://onlycnc.com.au/?f=94588204141490&mod=4e805f0e&uri=shop.php%3Fid%3D3156591-452%26name%3Dmens+sperry+float+shoes" "Mozilla/5.0 (Linux; Android 6.0.1; Nexus 5X Build/MMB29P) AppleWebKit/537.36 (KHTML, like Gecko) Chrome/137.0.7151.119 Mobile Safari/537.36 (compatible; Googlebot/2.1; +http://www.google.com/bot.html)"
216.73.216.233 - - [14/Jul/2025:14:33:03 +0000] "GET /shopdetail/149980036 HTTP/1.1" 404 13146 "-" "Mozilla/5.0 AppleWebKit/537.36 (KHTML, like Gecko; compatible; ClaudeBot/1.0; [email protected])"
216.73.216.233 - - [14/Jul/2025:14:33:06 +0000] "GET /shopdetail/149555800 HTTP/1.1" 404 13146 "-" "Mozilla/5.0 AppleWebKit/537.36 (KHTML, like Gecko; compatible; ClaudeBot/1.0; [email protected])"
216.73.216.233 - - [14/Jul/2025:14:33:09 +0000] "GET /shopdetail/149950408 HTTP/1.1" 404 13146 "-" "Mozilla/5.0 AppleWebKit/537.36 (KHTML, like Gecko; compatible; ClaudeBot/1.0; [email protected])"
66.249.73.128 - - [14/Jul/2025:14:33:41 +0000] "GET /?f=94586524001490&mod=4e805f0e&uri=goods.php%3Fid%3D3156535-452%26name%3Dcolumbia+men%27s+dorado+slip+ii+boat+shoe HTTP/1.1" 200 19048 "-" "Mozilla/5.0 (Linux; Android 6.0.1; Nexus 5X Build/MMB29P) AppleWebKit/537.36 (KHTML, like Gecko) Chrome/137.0.7151.103 Mobile Safari/537.36 (compatible; Googlebot/2.1; +http://www.google.com/bot.html)"
66.249.73.132 - - [14/Jul/2025:14:33:45 +0000] "GET /?f=86481445011490&mod=8e7035e0&uri=search.php%3Fid%3D2886018-270%26name%3Dsamsung+galaxy+tab+a7+stylus+support HTTP/1.1" 200 19030 "-" "Mozilla/5.0 (Linux; Android 6.0.1; Nexus 5X Build/MMB29P) AppleWebKit/537.36 (KHTML, like Gecko) Chrome/137.0.7151.103 Mobile Safari/537.36 (compatible; Googlebot/2.1; +http://www.google.com/bot.html)"
216.73.216.233 - - [14/Jul/2025:14:33:55 +0000] "GET /shopdetail/149822520 HTTP/1.1" 404 13146 "-" "Mozilla/5.0 AppleWebKit/537.36 (KHTML, like Gecko; compatible; ClaudeBot/1.0; [email protected])"
216.73.216.233 - - [14/Jul/2025:14:33:58 +0000] "GET /shopdetail/149608632 HTTP/1.1" 404 13146 "-" "Mozilla/5.0 AppleWebKit/537.36 (KHTML, like Gecko; compatible; ClaudeBot/1.0; [email protected])"
216.73.216.233 - - [14/Jul/2025:14:34:01 +0000] "GET /shopdetail/149465440 HTTP/1.1" 404 13146 "-" "Mozilla/5.0 AppleWebKit/537.36 (KHTML, like Gecko; compatible; ClaudeBot/1.0; [email protected])"
216.73.216.233 - - [14/Jul/2025:14:34:04 +0000] "GET /shopdetail/149282400 HTTP/1.1" 404 13146 "-" "Mozilla/5.0 AppleWebKit/537.36 (KHTML, like Gecko; compatible; ClaudeBot/1.0; [email protected])"
216.73.216.233 - - [14/Jul/2025:14:34:07 +0000] "GET /shopdetail/149525916 HTTP/1.1" 404 13146 "-" "Mozilla/5.0 AppleWebKit/537.36 (KHTML, like Gecko; compatible; ClaudeBot/1.0; [email protected])"
216.73.216.233 - - [14/Jul/2025:14:34:10 +0000] "GET /shopdetail/149345060 HTTP/1.1" 404 13146 "-" "Mozilla/5.0 AppleWebKit/537.36 (KHTML, like Gecko; compatible; ClaudeBot/1.0; [email protected])"
216.73.216.233 - - [14/Jul/2025:14:34:13 +0000] "GET /shopdetail/149827980 HTTP/1.1" 404 13146 "-" "Mozilla/5.0 AppleWebKit/537.36 (KHTML, like Gecko; compatible; ClaudeBot/1.0; [email protected])"
66.249.73.129 - - [14/Jul/2025:14:34:21 +0000] "GET /?f=94592404041490&mod=4e805f0e&uri=itm.php%3Fid%3D3156731-452%26name%3Dadidas+nite+jogger+ef9419 HTTP/1.1" 200 19005 "-" "Mozilla/5.0 (Linux; Android 6.0.1; Nexus 5X Build/MMB29P) AppleWebKit/537.36 (KHTML, like Gecko) Chrome/137.0.7151.103 Mobile Safari/537.36 (compatible; Googlebot/2.1; +http://www.google.com/bot.html)"
66.249.73.129 - - [14/Jul/2025:14:34:22 +0000] "GET /?f=25360093121490&mod=623ea0af&uri=itm.php%3Fid%3D846423-879%26name%3Draw+fluorite+ring HTTP/1.1" 200 18986 "-" "Mozilla/5.0 (Linux; Android 6.0.1; Nexus 5X Build/MMB29P) AppleWebKit/537.36 (KHTML, like Gecko) Chrome/137.0.7151.103 Mobile Safari/537.36 (compatible; Googlebot/2.1; +http://www.google.com/bot.html)"
66.249.73.128 - - [14/Jul/2025:14:34:46 +0000] "GET /?f=94585924081490&mod=4e805f0e&uri=search.php%3Fid%3D3156515-452%26name%3Dskechers+status+lorano+boat+shoe HTTP/1.1" 200 19020 "-" "Mozilla/5.0 (Linux; Android 6.0.1; Nexus 5X Build/MMB29P) AppleWebKit/537.36 (KHTML, like Gecko) Chrome/137.0.7151.103 Mobile Safari/537.36 (compatible; Googlebot/2.1; +http://www.google.com/bot.html)"
66.249.73.128 - - [14/Jul/2025:14:35:30 +0000] "GET /?f=94590124001490&mod=4e805f0e&uri=info.php%3Fid%3D3156655-452%26name%3Dnmd+r1+speedlines HTTP/1.1" 200 18997 "-" "Mozilla/5.0 (Linux; Android 6.0.1; Nexus 5X Build/MMB29P) AppleWebKit/537.36 (KHTML, like Gecko) Chrome/137.0.7151.103 Mobile Safari/537.36 (compatible; Googlebot/2.1; +http://www.google.com/bot.html)"
66.249.73.128 - - [14/Jul/2025:14:35:38 +0000] "GET /?f=31839980031490&mod=243facb2&uri=blog.php?feature/yokohama_maruicity/index.html HTTP/1.1" 200 19163 "-" "Mozilla/5.0 (Linux; Android 6.0.1; Nexus 5X Build/MMB29P) AppleWebKit/537.36 (KHTML, like Gecko) Chrome/137.0.7151.103 Mobile Safari/537.36 (compatible; Googlebot/2.1; +http://www.google.com/bot.html)"
216.73.216.233 - - [14/Jul/2025:14:35:43 +0000] "GET /shopdetail/149346416 HTTP/1.1" 404 13146 "-" "Mozilla/5.0 AppleWebKit/537.36 (KHTML, like Gecko; compatible; ClaudeBot/1.0; [email protected])"
216.73.216.233 - - [14/Jul/2025:14:35:45 +0000] "GET /shopdetail/149474048 HTTP/1.1" 404 13146 "-" "Mozilla/5.0 AppleWebKit/537.36 (KHTML, like Gecko; compatible; ClaudeBot/1.0; [email protected])"
216.73.216.233 - - [14/Jul/2025:14:35:48 +0000] "GET /shopdetail/149154504 HTTP/1.1" 404 13146 "-" "Mozilla/5.0 AppleWebKit/537.36 (KHTML, like Gecko; compatible; ClaudeBot/1.0; [email protected])"
216.73.216.233 - - [14/Jul/2025:14:35:52 +0000] "GET /shopdetail/149812684 HTTP/1.1" 404 13146 "-" "Mozilla/5.0 AppleWebKit/537.36 (KHTML, like Gecko; compatible; ClaudeBot/1.0; [email protected])"
216.73.216.233 - - [14/Jul/2025:14:35:55 +0000] "GET /shopdetail/149481956 HTTP/1.1" 404 13146 "-" "Mozilla/5.0 AppleWebKit/537.36 (KHTML, like Gecko; compatible; ClaudeBot/1.0; [email protected])"
216.73.216.233 - - [14/Jul/2025:14:35:58 +0000] "GET /shopdetail/149561132 HTTP/1.1" 404 13146 "-" "Mozilla/5.0 AppleWebKit/537.36 (KHTML, like Gecko; compatible; ClaudeBot/1.0; [email protected])"
216.73.216.233 - - [14/Jul/2025:14:36:01 +0000] "GET /shopdetail/149563316 HTTP/1.1" 404 13146 "-" "Mozilla/5.0 AppleWebKit/537.36 (KHTML, like Gecko; compatible; ClaudeBot/1.0; [email protected])"
66.249.73.132 - - [14/Jul/2025:14:36:14 +0000] "GET /?f=94594204041490&mod=39f55b52&uri=search.php%3Fid%3D3156791-1373%26name%3Dlebron+16+hyper+jade HTTP/1.1" 200 19004 "-" "Mozilla/5.0 (Linux; Android 6.0.1; Nexus 5X Build/MMB29P) AppleWebKit/537.36 (KHTML, like Gecko) Chrome/137.0.7151.103 Mobile Safari/537.36 (compatible; Googlebot/2.1; +http://www.google.com/bot.html)"
66.249.73.132 - - [14/Jul/2025:14:36:46 +0000] "GET /?f=54440295061490&mod=22da99af&uri=shop.php%3Fid%3D1816727-1307%26name%3Dcat%C3%83%C2%A1logos+virtuales+price+shoes+2019+pdf HTTP/1.1" 200 19056 "-" "Mozilla/5.0 (Linux; Android 6.0.1; Nexus 5X Build/MMB29P) AppleWebKit/537.36 (KHTML, like Gecko) Chrome/137.0.7151.103 Mobile Safari/537.36 (compatible; GoogleOther)"
66.249.73.132 - - [14/Jul/2025:14:36:59 +0000] "GET /?f=94575214011490&mod=13a5ec89&uri=product.php%3Fid%3D3156158-346%26name%3Dcardinal+shirt HTTP/1.1" 200 18997 "-" "Mozilla/5.0 (Linux; Android 6.0.1; Nexus 5X Build/MMB29P) AppleWebKit/537.36 (KHTML, like Gecko) Chrome/137.0.7151.103 Mobile Safari/537.36 (compatible; Googlebot/2.1; +http://www.google.com/bot.html)"
216.73.216.233 - - [14/Jul/2025:14:37:01 +0000] "GET /shopdetail/149182076 HTTP/1.1" 404 13146 "-" "Mozilla/5.0 AppleWebKit/537.36 (KHTML, like Gecko; compatible; ClaudeBot/1.0; [email protected])"
216.73.216.233 - - [14/Jul/2025:14:37:04 +0000] "GET /shopdetail/149922708 HTTP/1.1" 404 13146 "-" "Mozilla/5.0 AppleWebKit/537.36 (KHTML, like Gecko; compatible; ClaudeBot/1.0; [email protected])"
216.73.216.233 - - [14/Jul/2025:14:37:07 +0000] "GET /shopdetail/149263700 HTTP/1.1" 404 13146 "-" "Mozilla/5.0 AppleWebKit/537.36 (KHTML, like Gecko; compatible; ClaudeBot/1.0; [email protected])"
216.73.216.233 - - [14/Jul/2025:14:37:10 +0000] "GET /shopdetail/149214016 HTTP/1.1" 404 13146 "-" "Mozilla/5.0 AppleWebKit/537.36 (KHTML, like Gecko; compatible; ClaudeBot/1.0; [email protected])"
216.73.216.233 - - [14/Jul/2025:14:37:13 +0000] "GET /shopdetail/149811464 HTTP/1.1" 404 13146 "-" "Mozilla/5.0 AppleWebKit/537.36 (KHTML, like Gecko; compatible; ClaudeBot/1.0; [email protected])"
216.73.216.233 - - [14/Jul/2025:14:37:16 +0000] "GET /shopdetail/149273400 HTTP/1.1" 404 13146 "-" "Mozilla/5.0 AppleWebKit/537.36 (KHTML, like Gecko; compatible; ClaudeBot/1.0; [email protected])"
216.73.216.233 - - [14/Jul/2025:14:37:19 +0000] "GET /shopdetail/149255920 HTTP/1.1" 404 13146 "-" "Mozilla/5.0 AppleWebKit/537.36 (KHTML, like Gecko; compatible; ClaudeBot/1.0; [email protected])"
66.249.73.132 - - [14/Jul/2025:14:37:46 +0000] "GET /?f=94593124031490&mod=4e805f0e&uri=shop.php%3Fid%3D3156755-452%26name%3Dnight+jogger+adidas+3m HTTP/1.1" 200 19005 "-" "Mozilla/5.0 (Linux; Android 6.0.1; Nexus 5X Build/MMB29P) AppleWebKit/537.36 (KHTML, like Gecko) Chrome/137.0.7151.103 Mobile Safari/537.36 (compatible; Googlebot/2.1; +http://www.google.com/bot.html)"
66.249.73.132 - - [14/Jul/2025:14:38:28 +0000] "GET /?f=94592284001490&mod=4e805f0e&uri=search.php%3Fid%3D3156727-452%26name%3Dadidas+nemeziz+football+boots HTTP/1.1" 200 19020 "-" "Mozilla/5.0 (Linux; Android 6.0.1; Nexus 5X Build/MMB29P) AppleWebKit/537.36 (KHTML, like Gecko) Chrome/137.0.7151.103 Mobile Safari/537.36 (compatible; Googlebot/2.1; +http://www.google.com/bot.html)"
216.73.216.233 - - [14/Jul/2025:14:38:33 +0000] "GET /shopdetail/149293328 HTTP/1.1" 404 13146 "-" "Mozilla/5.0 AppleWebKit/537.36 (KHTML, like Gecko; compatible; ClaudeBot/1.0; [email protected])"
216.73.216.233 - - [14/Jul/2025:14:38:36 +0000] "GET /shopdetail/149168836 HTTP/1.1" 404 13146 "-" "Mozilla/5.0 AppleWebKit/537.36 (KHTML, like Gecko; compatible; ClaudeBot/1.0; [email protected])"
216.73.216.233 - - [14/Jul/2025:14:38:39 +0000] "GET /shopdetail/149370576 HTTP/1.1" 404 13146 "-" "Mozilla/5.0 AppleWebKit/537.36 (KHTML, like Gecko; compatible; ClaudeBot/1.0; [email protected])"
216.73.216.233 - - [14/Jul/2025:14:38:42 +0000] "GET /shopdetail/149399240 HTTP/1.1" 404 13146 "-" "Mozilla/5.0 AppleWebKit/537.36 (KHTML, like Gecko; compatible; ClaudeBot/1.0; [email protected])"
216.73.216.233 - - [14/Jul/2025:14:38:45 +0000] "GET /shopdetail/149784020 HTTP/1.1" 404 13146 "-" "Mozilla/5.0 AppleWebKit/537.36 (KHTML, like Gecko; compatible; ClaudeBot/1.0; [email protected])"
216.73.216.233 - - [14/Jul/2025:14:38:48 +0000] "GET /shopdetail/149576820 HTTP/1.1" 404 13146 "-" "Mozilla/5.0 AppleWebKit/537.36 (KHTML, like Gecko; compatible; ClaudeBot/1.0; [email protected])"
216.73.216.233 - - [14/Jul/2025:14:38:51 +0000] "GET /shopdetail/149588832 HTTP/1.1" 404 13146 "-" "Mozilla/5.0 AppleWebKit/537.36 (KHTML, like Gecko; compatible; ClaudeBot/1.0; [email protected])"
66.249.73.132 - - [14/Jul/2025:14:39:13 +0000] "GET /?f=94591924031490&mod=4e805f0e&uri=itm.php%3Fid%3D3156715-452%26name%3Dwomens+adidas+nite+jogger+shoes HTTP/1.1" 200 19018 "-" "Mozilla/5.0 (Linux; Android 6.0.1; Nexus 5X Build/MMB29P) AppleWebKit/537.36 (KHTML, like Gecko) Chrome/137.0.7151.103 Mobile Safari/537.36 (compatible; Googlebot/2.1; +http://www.google.com/bot.html)"
216.73.216.233 - - [14/Jul/2025:14:39:45 +0000] "GET /shopdetail/149219484 HTTP/1.1" 404 13146 "-" "Mozilla/5.0 AppleWebKit/537.36 (KHTML, like Gecko; compatible; ClaudeBot/1.0; [email protected])"
216.73.216.233 - - [14/Jul/2025:14:39:48 +0000] "GET /shopdetail/149802720 HTTP/1.1" 404 13146 "-" "Mozilla/5.0 AppleWebKit/537.36 (KHTML, like Gecko; compatible; ClaudeBot/1.0; [email protected])"
216.73.216.233 - - [14/Jul/2025:14:39:51 +0000] "GET /shopdetail/149971428 HTTP/1.1" 404 13146 "-" "Mozilla/5.0 AppleWebKit/537.36 (KHTML, like Gecko; compatible; ClaudeBot/1.0; [email protected])"
216.73.216.233 - - [14/Jul/2025:14:39:54 +0000] "GET /shopdetail/149962428 HTTP/1.1" 404 13146 "-" "Mozilla/5.0 AppleWebKit/537.36 (KHTML, like Gecko; compatible; ClaudeBot/1.0; [email protected])"
216.73.216.233 - - [14/Jul/2025:14:39:57 +0000] "GET /shopdetail/149840128 HTTP/1.1" 404 13146 "-" "Mozilla/5.0 AppleWebKit/537.36 (KHTML, like Gecko; compatible; ClaudeBot/1.0; [email protected])"
66.249.73.132 - - [14/Jul/2025:14:39:57 +0000] "GET /?f=94585684041490&mod=34186e9e&uri=form.php%3Fid%3D3156507-49%26name%3Dclayton+kershaw+autographed+baseball HTTP/1.1" 200 19025 "-" "Mozilla/5.0 (Linux; Android 6.0.1; Nexus 5X Build/MMB29P) AppleWebKit/537.36 (KHTML, like Gecko) Chrome/137.0.7151.103 Mobile Safari/537.36 (compatible; Googlebot/2.1; +http://www.google.com/bot.html)"
216.73.216.233 - - [14/Jul/2025:14:40:00 +0000] "GET /shopdetail/149330728 HTTP/1.1" 404 13146 "-" "Mozilla/5.0 AppleWebKit/537.36 (KHTML, like Gecko; compatible; ClaudeBot/1.0; [email protected])"
216.73.216.233 - - [14/Jul/2025:14:40:03 +0000] "GET /shopdetail/149500656 HTTP/1.1" 404 13146 "-" "Mozilla/5.0 AppleWebKit/537.36 (KHTML, like Gecko; compatible; ClaudeBot/1.0; [email protected])"
66.249.73.128 - - [14/Jul/2025:14:40:42 +0000] "GET /?f=94588084041490&mod=13a5ec89&uri=search.php%3Fid%3D3156587-346%26name%3Dsuns+jersey+dress HTTP/1.1" 200 18998 "-" "Mozilla/5.0 (Linux; Android 6.0.1; Nexus 5X Build/MMB29P) AppleWebKit/537.36 (KHTML, like Gecko) Chrome/137.0.7151.103 Mobile Safari/537.36 (compatible; Googlebot/2.1; +http://www.google.com/bot.html)"
216.73.216.233 - - [14/Jul/2025:14:41:15 +0000] "GET /shopdetail/149873160 HTTP/1.1" 404 13146 "-" "Mozilla/5.0 AppleWebKit/537.36 (KHTML, like Gecko; compatible; ClaudeBot/1.0; [email protected])"
216.73.216.233 - - [14/Jul/2025:14:41:17 +0000] "GET /shopdetail/149248148 HTTP/1.1" 404 13146 "-" "Mozilla/5.0 AppleWebKit/537.36 (KHTML, like Gecko; compatible; ClaudeBot/1.0; [email protected])"
216.73.216.233 - - [14/Jul/2025:14:41:20 +0000] "GET /shopdetail/149661456 HTTP/1.1" 404 13146 "-" "Mozilla/5.0 AppleWebKit/537.36 (KHTML, like Gecko; compatible; ClaudeBot/1.0; [email protected])"
216.73.216.233 - - [14/Jul/2025:14:41:23 +0000] "GET /shopdetail/149655032 HTTP/1.1" 404 13146 "-" "Mozilla/5.0 AppleWebKit/537.36 (KHTML, like Gecko; compatible; ClaudeBot/1.0; [email protected])"
216.73.216.233 - - [14/Jul/2025:14:41:26 +0000] "GET /shopdetail/149452072 HTTP/1.1" 404 13146 "-" "Mozilla/5.0 AppleWebKit/537.36 (KHTML, like Gecko; compatible; ClaudeBot/1.0; [email protected])"
66.249.73.132 - - [14/Jul/2025:14:41:27 +0000] "GET /?f=94593244021490&mod=f9e71db1&uri=search.php%3Fid%3D3156759-1542%26name%3Danelli+a+fascia+con+brillanti+salvini HTTP/1.1" 200 19035 "-" "Mozilla/5.0 (Linux; Android 6.0.1; Nexus 5X Build/MMB29P) AppleWebKit/537.36 (KHTML, like Gecko) Chrome/137.0.7151.103 Mobile Safari/537.36 (compatible; Googlebot/2.1; +http://www.google.com/bot.html)"
66.249.73.128 - - [14/Jul/2025:14:41:28 +0000] "POST /get-message-notify HTTP/1.1" 200 17999 "https://onlycnc.com.au/?f=94588084041490&mod=13a5ec89&uri=search.php%3Fid%3D3156587-346%26name%3Dsuns+jersey+dress" "Mozilla/5.0 (Linux; Android 6.0.1; Nexus 5X Build/MMB29P) AppleWebKit/537.36 (KHTML, like Gecko) Chrome/137.0.7151.119 Mobile Safari/537.36 (compatible; Googlebot/2.1; +http://www.google.com/bot.html)"
216.73.216.233 - - [14/Jul/2025:14:41:29 +0000] "GET /shopdetail/149217164 HTTP/1.1" 404 13146 "-" "Mozilla/5.0 AppleWebKit/537.36 (KHTML, like Gecko; compatible; ClaudeBot/1.0; [email protected])"
216.73.216.233 - - [14/Jul/2025:14:41:32 +0000] "GET /shopdetail/149916284 HTTP/1.1" 404 13146 "-" "Mozilla/5.0 AppleWebKit/537.36 (KHTML, like Gecko; compatible; ClaudeBot/1.0; [email protected])"
66.249.73.132 - - [14/Jul/2025:14:41:44 +0000] "POST /get-message-notify HTTP/1.1" 200 17999 "https://onlycnc.com.au/?f=94585684041490&mod=34186e9e&uri=form.php%3Fid%3D3156507-49%26name%3Dclayton+kershaw+autographed+baseball" "Mozilla/5.0 (Linux; Android 6.0.1; Nexus 5X Build/MMB29P) AppleWebKit/537.36 (KHTML, like Gecko) Chrome/137.0.7151.119 Mobile Safari/537.36 (compatible; Googlebot/2.1; +http://www.google.com/bot.html)"
66.249.73.128 - - [14/Jul/2025:14:42:11 +0000] "GET /?f=94587364041490&mod=4e805f0e&uri=product.php%3Fid%3D3156563-452%26name%3Dpharrell+extra+eye+yellow HTTP/1.1" 200 19009 "-" "Mozilla/5.0 (Linux; Android 6.0.1; Nexus 5X Build/MMB29P) AppleWebKit/537.36 (KHTML, like Gecko) Chrome/137.0.7151.103 Mobile Safari/537.36 (compatible; Googlebot/2.1; +http://www.google.com/bot.html)"
216.73.216.233 - - [14/Jul/2025:14:42:28 +0000] "GET /shopdetail/149352840 HTTP/1.1" 404 13146 "-" "Mozilla/5.0 AppleWebKit/537.36 (KHTML, like Gecko; compatible; ClaudeBot/1.0; [email protected])"
216.73.216.233 - - [14/Jul/2025:14:42:31 +0000] "GET /shopdetail/149690120 HTTP/1.1" 404 13146 "-" "Mozilla/5.0 AppleWebKit/537.36 (KHTML, like Gecko; compatible; ClaudeBot/1.0; [email protected])"
216.73.216.233 - - [14/Jul/2025:14:42:34 +0000] "GET /shopdetail/149683696 HTTP/1.1" 404 13146 "-" "Mozilla/5.0 AppleWebKit/537.36 (KHTML, like Gecko; compatible; ClaudeBot/1.0; [email protected])"
216.73.216.233 - - [14/Jul/2025:14:42:37 +0000] "GET /shopdetail/149964740 HTTP/1.1" 404 13146 "-" "Mozilla/5.0 AppleWebKit/537.36 (KHTML, like Gecko; compatible; ClaudeBot/1.0; [email protected])"
216.73.216.233 - - [14/Jul/2025:14:42:40 +0000] "GET /shopdetail/149653812 HTTP/1.1" 404 13146 "-" "Mozilla/5.0 AppleWebKit/537.36 (KHTML, like Gecko; compatible; ClaudeBot/1.0; [email protected])"
216.73.216.233 - - [14/Jul/2025:14:42:43 +0000] "GET /shopdetail/149323212 HTTP/1.1" 404 13146 "-" "Mozilla/5.0 AppleWebKit/537.36 (KHTML, like Gecko; compatible; ClaudeBot/1.0; [email protected])"
216.73.216.233 - - [14/Jul/2025:14:42:46 +0000] "GET /shopdetail/149648480 HTTP/1.1" 404 13146 "-" "Mozilla/5.0 AppleWebKit/537.36 (KHTML, like Gecko; compatible; ClaudeBot/1.0; [email protected])"
66.249.73.132 - - [14/Jul/2025:14:42:56 +0000] "GET /?f=94587004041490&mod=4e805f0e&uri=pin.php%3Fid%3D3156551-452%26name%3Divy+park+nite+jogger+shoes HTTP/1.1" 200 19011 "-" "Mozilla/5.0 (Linux; Android 6.0.1; Nexus 5X Build/MMB29P) AppleWebKit/537.36 (KHTML, like Gecko) Chrome/137.0.7151.103 Mobile Safari/537.36 (compatible; Googlebot/2.1; +http://www.google.com/bot.html)"
66.249.73.129 - - [14/Jul/2025:14:43:15 +0000] "GET /?f=25358773031490&mod=623ea0af&uri=blog.php%3Fid%3D846379-879%26name%3Dgold+bangles+with+meena+work HTTP/1.1" 200 19013 "-" "Mozilla/5.0 (Linux; Android 6.0.1; Nexus 5X Build/MMB29P) AppleWebKit/537.36 (KHTML, like Gecko) Chrome/137.0.7151.103 Mobile Safari/537.36 (compatible; Googlebot/2.1; +http://www.google.com/bot.html)"
66.249.73.132 - - [14/Jul/2025:14:43:27 +0000] "POST /get-message-notify HTTP/1.1" 200 17999 "https://onlycnc.com.au/?f=25358773031490&mod=623ea0af&uri=blog.php%3Fid%3D846379-879%26name%3Dgold+bangles+with+meena+work" "Mozilla/5.0 (Linux; Android 6.0.1; Nexus 5X Build/MMB29P) AppleWebKit/537.36 (KHTML, like Gecko) Chrome/137.0.7151.119 Mobile Safari/537.36 (compatible; Googlebot/2.1; +http://www.google.com/bot.html)"
66.249.73.132 - - [14/Jul/2025:14:43:41 +0000] "GET /?f=94548934051490&mod=b313e67d&uri=form.php%3Fid%3D3155282-1094%26name%3Dsd+padres+apparel HTTP/1.1" 200 18997 "-" "Mozilla/5.0 (Linux; Android 6.0.1; Nexus 5X Build/MMB29P) AppleWebKit/537.36 (KHTML, like Gecko) Chrome/137.0.7151.103 Mobile Safari/537.36 (compatible; Googlebot/2.1; +http://www.google.com/bot.html)"
216.73.216.233 - - [14/Jul/2025:14:43:54 +0000] "GET /shopdetail/149918340 HTTP/1.1" 404 13146 "-" "Mozilla/5.0 AppleWebKit/537.36 (KHTML, like Gecko; compatible; ClaudeBot/1.0; [email protected])"
66.249.73.132 - - [14/Jul/2025:14:43:56 +0000] "POST /get-message-notify HTTP/1.1" 200 17999 "https://onlycnc.com.au/?f=94548934051490&mod=b313e67d&uri=form.php%3Fid%3D3155282-1094%26name%3Dsd+padres+apparel" "Mozilla/5.0 (Linux; Android 6.0.1; Nexus 5X Build/MMB29P) AppleWebKit/537.36 (KHTML, like Gecko) Chrome/137.0.7151.119 Mobile Safari/537.36 (compatible; Googlebot/2.1; +http://www.google.com/bot.html)"
216.73.216.233 - - [14/Jul/2025:14:43:57 +0000] "GET /shopdetail/149505032 HTTP/1.1" 404 13146 "-" "Mozilla/5.0 AppleWebKit/537.36 (KHTML, like Gecko; compatible; ClaudeBot/1.0; [email protected])"
216.73.216.233 - - [14/Jul/2025:14:44:00 +0000] "GET /shopdetail/149751952 HTTP/1.1" 404 13146 "-" "Mozilla/5.0 AppleWebKit/537.36 (KHTML, like Gecko; compatible; ClaudeBot/1.0; [email protected])"
216.73.216.233 - - [14/Jul/2025:14:44:03 +0000] "GET /shopdetail/149239404 HTTP/1.1" 404 13146 "-" "Mozilla/5.0 AppleWebKit/537.36 (KHTML, like Gecko; compatible; ClaudeBot/1.0; [email protected])"
216.73.216.233 - - [14/Jul/2025:14:44:06 +0000] "GET /shopdetail/149249368 HTTP/1.1" 404 13146 "-" "Mozilla/5.0 AppleWebKit/537.36 (KHTML, like Gecko; compatible; ClaudeBot/1.0; [email protected])"
216.73.216.233 - - [14/Jul/2025:14:44:09 +0000] "GET /shopdetail/149629644 HTTP/1.1" 404 13146 "-" "Mozilla/5.0 AppleWebKit/537.36 (KHTML, like Gecko; compatible; ClaudeBot/1.0; [email protected])"
216.73.216.233 - - [14/Jul/2025:14:44:12 +0000] "GET /shopdetail/149521548 HTTP/1.1" 404 13146 "-" "Mozilla/5.0 AppleWebKit/537.36 (KHTML, like Gecko; compatible; ClaudeBot/1.0; [email protected])"
66.249.73.129 - - [14/Jul/2025:14:44:25 +0000] "GET /?f=94587964001490&mod=4e805f0e&uri=article.php%3Fid%3D3156583-452%26name%3Deh0597 HTTP/1.1" 200 18990 "-" "Mozilla/5.0 (Linux; Android 6.0.1; Nexus 5X Build/MMB29P) AppleWebKit/537.36 (KHTML, like Gecko) Chrome/137.0.7151.103 Mobile Safari/537.36 (compatible; Googlebot/2.1; +http://www.google.com/bot.html)"
216.73.216.233 - - [14/Jul/2025:14:44:52 +0000] "GET /shopdetail/149285548 HTTP/1.1" 404 13146 "-" "Mozilla/5.0 AppleWebKit/537.36 (KHTML, like Gecko; compatible; ClaudeBot/1.0; [email protected])"
216.73.216.233 - - [14/Jul/2025:14:44:55 +0000] "GET /shopdetail/149478552 HTTP/1.1" 404 13146 "-" "Mozilla/5.0 AppleWebKit/537.36 (KHTML, like Gecko; compatible; ClaudeBot/1.0; [email protected])"
216.73.216.233 - - [14/Jul/2025:14:44:58 +0000] "GET /shopdetail/149987944 HTTP/1.1" 404 13146 "-" "Mozilla/5.0 AppleWebKit/537.36 (KHTML, like Gecko; compatible; ClaudeBot/1.0; [email protected])"
216.73.216.233 - - [14/Jul/2025:14:45:01 +0000] "GET /shopdetail/149235036 HTTP/1.1" 404 13146 "-" "Mozilla/5.0 AppleWebKit/537.36 (KHTML, like Gecko; compatible; ClaudeBot/1.0; [email protected])"
216.73.216.233 - - [14/Jul/2025:14:45:04 +0000] "GET /shopdetail/149682476 HTTP/1.1" 404 13146 "-" "Mozilla/5.0 AppleWebKit/537.36 (KHTML, like Gecko; compatible; ClaudeBot/1.0; [email protected])"
216.73.216.233 - - [14/Jul/2025:14:45:07 +0000] "GET /shopdetail/149334268 HTTP/1.1" 404 13146 "-" "Mozilla/5.0 AppleWebKit/537.36 (KHTML, like Gecko; compatible; ClaudeBot/1.0; [email protected])"
66.249.73.128 - - [14/Jul/2025:14:45:10 +0000] "GET /?f=94591084021490&mod=4e805f0e&uri=info.php%3Fid%3D3156687-452%26name%3Dadidas+ninja+jogger HTTP/1.1" 200 19001 "-" "Mozilla/5.0 (Linux; Android 6.0.1; Nexus 5X Build/MMB29P) AppleWebKit/537.36 (KHTML, like Gecko) Chrome/137.0.7151.103 Mobile Safari/537.36 (compatible; Googlebot/2.1; +http://www.google.com/bot.html)"
216.73.216.233 - - [14/Jul/2025:14:45:10 +0000] "GET /shopdetail/149604128 HTTP/1.1" 404 13146 "-" "Mozilla/5.0 AppleWebKit/537.36 (KHTML, like Gecko; compatible; ClaudeBot/1.0; [email protected])"
66.249.73.128 - - [14/Jul/2025:14:46:16 +0000] "GET /?f=31839230081490&mod=5fb0c358&uri=category-info.php?shopdetail/3300720 HTTP/1.1" 200 18918 "-" "Mozilla/5.0 (Linux; Android 6.0.1; Nexus 5X Build/MMB29P) AppleWebKit/537.36 (KHTML, like Gecko) Chrome/137.0.7151.103 Mobile Safari/537.36 (compatible; Googlebot/2.1; +http://www.google.com/bot.html)"
216.73.216.233 - - [14/Jul/2025:14:46:18 +0000] "GET /shopdetail/149938396 HTTP/1.1" 404 13146 "-" "Mozilla/5.0 AppleWebKit/537.36 (KHTML, like Gecko; compatible; ClaudeBot/1.0; [email protected])"
216.73.216.233 - - [14/Jul/2025:14:46:21 +0000] "GET /shopdetail/149245828 HTTP/1.1" 404 13146 "-" "Mozilla/5.0 AppleWebKit/537.36 (KHTML, like Gecko; compatible; ClaudeBot/1.0; [email protected])"
66.249.73.128 - - [14/Jul/2025:14:46:23 +0000] "GET /?f=94594684051490&mod=4e805f0e&uri=search.php%3Fid%3D3156807-452%26name%3Dadidas+nmd+r1+v2+paris HTTP/1.1" 200 19007 "-" "Mozilla/5.0 (Linux; Android 6.0.1; Nexus 5X Build/MMB29P) AppleWebKit/537.36 (KHTML, like Gecko) Chrome/137.0.7151.103 Mobile Safari/537.36 (compatible; Googlebot/2.1; +http://www.google.com/bot.html)"
216.73.216.233 - - [14/Jul/2025:14:46:24 +0000] "GET /shopdetail/149851048 HTTP/1.1" 404 13146 "-" "Mozilla/5.0 AppleWebKit/537.36 (KHTML, like Gecko; compatible; ClaudeBot/1.0; [email protected])"
66.249.73.128 - - [14/Jul/2025:14:46:24 +0000] "GET /?f=54417126061490&mod=d37b3ca3&uri=brands.php%3Fid%3D1815952-27%26name%3Dlogitech+ultra+hd+brio HTTP/1.1" 200 19007 "-" "Mozilla/5.0 (Linux; Android 6.0.1; Nexus 5X Build/MMB29P) AppleWebKit/537.36 (KHTML, like Gecko) Chrome/137.0.7151.103 Mobile Safari/537.36 (compatible; Googlebot/2.1; +http://www.google.com/bot.html)"
66.249.73.128 - - [14/Jul/2025:14:46:26 +0000] "POST /get-message-notify HTTP/1.1" 200 17999 "https://onlycnc.com.au/?f=94594684051490&mod=4e805f0e&uri=search.php%3Fid%3D3156807-452%26name%3Dadidas+nmd+r1+v2+paris" "Mozilla/5.0 (Linux; Android 6.0.1; Nexus 5X Build/MMB29P) AppleWebKit/537.36 (KHTML, like Gecko) Chrome/137.0.7151.119 Mobile Safari/537.36 (compatible; Googlebot/2.1; +http://www.google.com/bot.html)"
216.73.216.233 - - [14/Jul/2025:14:46:27 +0000] "GET /shopdetail/149130208 HTTP/1.1" 404 13146 "-" "Mozilla/5.0 AppleWebKit/537.36 (KHTML, like Gecko; compatible; ClaudeBot/1.0; [email protected])"
216.73.216.233 - - [14/Jul/2025:14:46:30 +0000] "GET /shopdetail/149891860 HTTP/1.1" 404 13146 "-" "Mozilla/5.0 AppleWebKit/537.36 (KHTML, like Gecko; compatible; ClaudeBot/1.0; [email protected])"
216.73.216.233 - - [14/Jul/2025:14:46:33 +0000] "GET /shopdetail/149475268 HTTP/1.1" 404 13146 "-" "Mozilla/5.0 AppleWebKit/537.36 (KHTML, like Gecko; compatible; ClaudeBot/1.0; [email protected])"
216.73.216.233 - - [14/Jul/2025:14:46:36 +0000] "GET /shopdetail/149872196 HTTP/1.1" 404 13146 "-" "Mozilla/5.0 AppleWebKit/537.36 (KHTML, like Gecko; compatible; ClaudeBot/1.0; [email protected])"
66.249.73.132 - - [14/Jul/2025:14:46:44 +0000] "GET /?f=105460671001490&mod=0e98aeeb&uri=blog.php?shopdetail/3294032 HTTP/1.1" 200 19455 "-" "Mozilla/5.0 (Linux; Android 6.0.1; Nexus 5X Build/MMB29P) AppleWebKit/537.36 (KHTML, like Gecko) Chrome/137.0.7151.103 Mobile Safari/537.36 (compatible; Googlebot/2.1; +http://www.google.com/bot.html)"
66.249.73.132 - - [14/Jul/2025:14:46:45 +0000] "GET /?f=94592524001490&mod=ee3b82c0&uri=itm.php%3Fid%3D3156735-466%26name%3Drieker+zip+ankle+boots HTTP/1.1" 200 19003 "-" "Mozilla/5.0 (Linux; Android 6.0.1; Nexus 5X Build/MMB29P) AppleWebKit/537.36 (KHTML, like Gecko) Chrome/137.0.7151.103 Mobile Safari/537.36 (compatible; Googlebot/2.1; +http://www.google.com/bot.html)"
66.249.73.129 - - [14/Jul/2025:14:47:06 +0000] "POST /get-message-notify HTTP/1.1" 200 17999 "https://onlycnc.com.au/?f=94592524001490&mod=ee3b82c0&uri=itm.php%3Fid%3D3156735-466%26name%3Drieker+zip+ankle+boots" "Mozilla/5.0 (Linux; Android 6.0.1; Nexus 5X Build/MMB29P) AppleWebKit/537.36 (KHTML, like Gecko) Chrome/137.0.7151.119 Mobile Safari/537.36 (compatible; Googlebot/2.1; +http://www.google.com/bot.html)"
66.249.73.128 - - [14/Jul/2025:14:47:24 +0000] "GET /?f=94590244041490&mod=13a5ec89&uri=brands.php%3Fid%3D3156659-346%26name%3Dmckenzie+milton+jersey HTTP/1.1" 200 19015 "-" "Mozilla/5.0 (Linux; Android 6.0.1; Nexus 5X Build/MMB29P) AppleWebKit/537.36 (KHTML, like Gecko) Chrome/137.0.7151.103 Mobile Safari/537.36 (compatible; Googlebot/2.1; +http://www.google.com/bot.html)"
216.73.216.233 - - [14/Jul/2025:14:47:25 +0000] "GET /shopdetail/149639480 HTTP/1.1" 404 13146 "-" "Mozilla/5.0 AppleWebKit/537.36 (KHTML, like Gecko; compatible; ClaudeBot/1.0; [email protected])"
216.73.216.233 - - [14/Jul/2025:14:47:28 +0000] "GET /shopdetail/149635112 HTTP/1.1" 404 13146 "-" "Mozilla/5.0 AppleWebKit/537.36 (KHTML, like Gecko; compatible; ClaudeBot/1.0; [email protected])"
216.73.216.233 - - [14/Jul/2025:14:47:31 +0000] "GET /shopdetail/149189856 HTTP/1.1" 404 13146 "-" "Mozilla/5.0 AppleWebKit/537.36 (KHTML, like Gecko; compatible; ClaudeBot/1.0; [email protected])"
216.73.216.233 - - [14/Jul/2025:14:47:34 +0000] "GET /shopdetail/149321992 HTTP/1.1" 404 13146 "-" "Mozilla/5.0 AppleWebKit/537.36 (KHTML, like Gecko; compatible; ClaudeBot/1.0; [email protected])"
216.73.216.233 - - [14/Jul/2025:14:47:37 +0000] "GET /shopdetail/149426812 HTTP/1.1" 404 13146 "-" "Mozilla/5.0 AppleWebKit/537.36 (KHTML, like Gecko; compatible; ClaudeBot/1.0; [email protected])"
216.73.216.233 - - [14/Jul/2025:14:47:40 +0000] "GET /shopdetail/149319808 HTTP/1.1" 404 13146 "-" "Mozilla/5.0 AppleWebKit/537.36 (KHTML, like Gecko; compatible; ClaudeBot/1.0; [email protected])"
66.249.73.129 - - [14/Jul/2025:14:48:08 +0000] "GET /?f=94522667041490&mod=6e65e501&uri=goods.php%3Fid%3D3154406-465%26name%3Dreebok+experiment HTTP/1.1" 200 18997 "-" "Mozilla/5.0 (Linux; Android 6.0.1; Nexus 5X Build/MMB29P) AppleWebKit/537.36 (KHTML, like Gecko) Chrome/137.0.7151.103 Mobile Safari/537.36 (compatible; Googlebot/2.1; +http://www.google.com/bot.html)"
216.73.216.233 - - [14/Jul/2025:14:48:29 +0000] "GET /shopdetail/149914100 HTTP/1.1" 404 13146 "-" "Mozilla/5.0 AppleWebKit/537.36 (KHTML, like Gecko; compatible; ClaudeBot/1.0; [email protected])"
216.73.216.233 - - [14/Jul/2025:14:48:32 +0000] "GET /shopdetail/149963520 HTTP/1.1" 404 13146 "-" "Mozilla/5.0 AppleWebKit/537.36 (KHTML, like Gecko; compatible; ClaudeBot/1.0; [email protected])"
216.73.216.233 - - [14/Jul/2025:14:48:35 +0000] "GET /shopdetail/149850220 HTTP/1.1" 404 13146 "-" "Mozilla/5.0 AppleWebKit/537.36 (KHTML, like Gecko; compatible; ClaudeBot/1.0; [email protected])"
216.73.216.233 - - [14/Jul/2025:14:48:38 +0000] "GET /shopdetail/149705672 HTTP/1.1" 404 13146 "-" "Mozilla/5.0 AppleWebKit/537.36 (KHTML, like Gecko; compatible; ClaudeBot/1.0; [email protected])"
216.73.216.233 - - [14/Jul/2025:14:48:41 +0000] "GET /shopdetail/149757540 HTTP/1.1" 404 13146 "-" "Mozilla/5.0 AppleWebKit/537.36 (KHTML, like Gecko; compatible; ClaudeBot/1.0; [email protected])"
216.73.216.233 - - [14/Jul/2025:14:48:44 +0000] "GET /shopdetail/149402388 HTTP/1.1" 404 13146 "-" "Mozilla/5.0 AppleWebKit/537.36 (KHTML, like Gecko; compatible; ClaudeBot/1.0; [email protected])"
66.249.73.128 - - [14/Jul/2025:14:48:53 +0000] "GET /?f=94586284001490&mod=13a5ec89&uri=brands.php%3Fid%3D3156527-346%26name%3Dbasketball+training+vest HTTP/1.1" 200 19019 "-" "Mozilla/5.0 (Linux; Android 6.0.1; Nexus 5X Build/MMB29P) AppleWebKit/537.36 (KHTML, like Gecko) Chrome/137.0.7151.103 Mobile Safari/537.36 (compatible; Googlebot/2.1; +http://www.google.com/bot.html)"
66.249.73.129 - - [14/Jul/2025:14:49:38 +0000] "GET /?f=94586764011490&mod=4e805f0e&uri=brands.php%3Fid%3D3156543-452%26name%3Dadidas+nmd+platypus HTTP/1.1" 200 19007 "-" "Mozilla/5.0 (Linux; Android 6.0.1; Nexus 5X Build/MMB29P) AppleWebKit/537.36 (KHTML, like Gecko) Chrome/137.0.7151.103 Mobile Safari/537.36 (compatible; Googlebot/2.1; +http://www.google.com/bot.html)"
66.249.73.128 - - [14/Jul/2025:14:49:43 +0000] "POST /get-message-notify HTTP/1.1" 200 17999 "https://onlycnc.com.au/?f=94586764011490&mod=4e805f0e&uri=brands.php%3Fid%3D3156543-452%26name%3Dadidas+nmd+platypus" "Mozilla/5.0 (Linux; Android 6.0.1; Nexus 5X Build/MMB29P) AppleWebKit/537.36 (KHTML, like Gecko) Chrome/137.0.7151.119 Mobile Safari/537.36 (compatible; Googlebot/2.1; +http://www.google.com/bot.html)"
216.73.216.233 - - [14/Jul/2025:14:49:51 +0000] "GET /shopdetail/149350656 HTTP/1.1" 404 13146 "-" "Mozilla/5.0 AppleWebKit/537.36 (KHTML, like Gecko; compatible; ClaudeBot/1.0; [email protected])"
216.73.216.233 - - [14/Jul/2025:14:49:54 +0000] "GET /shopdetail/149178672 HTTP/1.1" 404 13146 "-" "Mozilla/5.0 AppleWebKit/537.36 (KHTML, like Gecko; compatible; ClaudeBot/1.0; [email protected])"
216.73.216.233 - - [14/Jul/2025:14:49:57 +0000] "GET /shopdetail/149318716 HTTP/1.1" 404 13146 "-" "Mozilla/5.0 AppleWebKit/537.36 (KHTML, like Gecko; compatible; ClaudeBot/1.0; [email protected])"
216.73.216.233 - - [14/Jul/2025:14:50:00 +0000] "GET /shopdetail/149577784 HTTP/1.1" 404 13146 "-" "Mozilla/5.0 AppleWebKit/537.36 (KHTML, like Gecko; compatible; ClaudeBot/1.0; [email protected])"
216.73.216.233 - - [14/Jul/2025:14:50:03 +0000] "GET /shopdetail/149821556 HTTP/1.1" 404 13146 "-" "Mozilla/5.0 AppleWebKit/537.36 (KHTML, like Gecko; compatible; ClaudeBot/1.0; [email protected])"
216.73.216.233 - - [14/Jul/2025:14:50:06 +0000] "GET /shopdetail/149387092 HTTP/1.1" 404 13146 "-" "Mozilla/5.0 AppleWebKit/537.36 (KHTML, like Gecko; compatible; ClaudeBot/1.0; [email protected])"
66.249.73.132 - - [14/Jul/2025:14:50:22 +0000] "GET /?f=94590484001490&mod=4e805f0e&uri=itm.php%3Fid%3D3156667-452%26name%3Dboat+deck+shoes+womens HTTP/1.1" 200 19003 "-" "Mozilla/5.0 (Linux; Android 6.0.1; Nexus 5X Build/MMB29P) AppleWebKit/537.36 (KHTML, like Gecko) Chrome/137.0.7151.103 Mobile Safari/537.36 (compatible; Googlebot/2.1; +http://www.google.com/bot.html)"
66.249.73.128 - - [14/Jul/2025:14:50:46 +0000] "POST /get-message-notify HTTP/1.1" 200 17999 "https://onlycnc.com.au/?f=94590484001490&mod=4e805f0e&uri=itm.php%3Fid%3D3156667-452%26name%3Dboat+deck+shoes+womens" "Mozilla/5.0 (Linux; Android 6.0.1; Nexus 5X Build/MMB29P) AppleWebKit/537.36 (KHTML, like Gecko) Chrome/137.0.7151.119 Mobile Safari/537.36 (compatible; Googlebot/2.1; +http://www.google.com/bot.html)"
66.249.73.132 - - [14/Jul/2025:14:51:00 +0000] "GET /?f=31802940031490&mod=676207dd&uri=products.php%3Fid%3D1061468-454%26name%3Dlego+wedo+building+instructions+pdf HTTP/1.1" 200 19025 "-" "Mozilla/5.0 (Linux; Android 6.0.1; Nexus 5X Build/MMB29P) AppleWebKit/537.36 (KHTML, like Gecko) Chrome/137.0.7151.103 Mobile Safari/537.36 (compatible; GoogleOther)"
66.249.73.132 - - [14/Jul/2025:14:51:07 +0000] "GET /?f=94540187031490&mod=b313e67d&uri=search.php%3Fid%3D3154990-1094%26name%3Dfaze+merch+shop HTTP/1.1" 200 18993 "-" "Mozilla/5.0 (Linux; Android 6.0.1; Nexus 5X Build/MMB29P) AppleWebKit/537.36 (KHTML, like Gecko) Chrome/137.0.7151.103 Mobile Safari/537.36 (compatible; Googlebot/2.1; +http://www.google.com/bot.html)"
216.73.216.233 - - [14/Jul/2025:14:51:13 +0000] "GET /shopdetail/149162156 HTTP/1.1" 404 13146 "-" "Mozilla/5.0 AppleWebKit/537.36 (KHTML, like Gecko; compatible; ClaudeBot/1.0; [email protected])"
216.73.216.233 - - [14/Jul/2025:14:51:16 +0000] "GET /shopdetail/149643976 HTTP/1.1" 404 13146 "-" "Mozilla/5.0 AppleWebKit/537.36 (KHTML, like Gecko; compatible; ClaudeBot/1.0; [email protected])"
216.73.216.233 - - [14/Jul/2025:14:51:20 +0000] "GET /shopdetail/149957096 HTTP/1.1" 404 13146 "-" "Mozilla/5.0 AppleWebKit/537.36 (KHTML, like Gecko; compatible; ClaudeBot/1.0; [email protected])"
216.73.216.233 - - [14/Jul/2025:14:51:22 +0000] "GET /shopdetail/149538064 HTTP/1.1" 404 13146 "-" "Mozilla/5.0 AppleWebKit/537.36 (KHTML, like Gecko; compatible; ClaudeBot/1.0; [email protected])"
216.73.216.233 - - [14/Jul/2025:14:51:25 +0000] "GET /shopdetail/149597576 HTTP/1.1" 404 13146 "-" "Mozilla/5.0 AppleWebKit/537.36 (KHTML, like Gecko; compatible; ClaudeBot/1.0; [email protected])"
216.73.216.233 - - [14/Jul/2025:14:51:28 +0000] "GET /shopdetail/149613128 HTTP/1.1" 404 13146 "-" "Mozilla/5.0 AppleWebKit/537.36 (KHTML, like Gecko; compatible; ClaudeBot/1.0; [email protected])"
66.249.73.132 - - [14/Jul/2025:14:51:51 +0000] "GET /?f=94592644021490&mod=4e805f0e&uri=shop.php%3Fid%3D3156739-452%26name%3Dnite+jogger+fv1267 HTTP/1.1" 200 18998 "-" "Mozilla/5.0 (Linux; Android 6.0.1; Nexus 5X Build/MMB29P) AppleWebKit/537.36 (KHTML, like Gecko) Chrome/137.0.7151.103 Mobile Safari/537.36 (compatible; Googlebot/2.1; +http://www.google.com/bot.html)"
66.249.73.132 - - [14/Jul/2025:14:51:53 +0000] "GET /?f=25325207021490&mod=169806bb&uri=dp.php%3Fid%3D845259-70%26name%3Dbajaj+22+ltr+otg HTTP/1.1" 200 18976 "-" "Mozilla/5.0 (Linux; Android 6.0.1; Nexus 5X Build/MMB29P) AppleWebKit/537.36 (KHTML, like Gecko) Chrome/137.0.7151.103 Mobile Safari/537.36 (compatible; Googlebot/2.1; +http://www.google.com/bot.html)"
66.249.73.132 - - [14/Jul/2025:14:51:54 +0000] "GET /?f=25538054011490&mod=0fef209b&uri=shop.php%3Fid%3D852356-864%26name%3Dskechers+online+gift+card HTTP/1.1" 200 18999 "-" "Mozilla/5.0 (Linux; Android 6.0.1; Nexus 5X Build/MMB29P) AppleWebKit/537.36 (KHTML, like Gecko) Chrome/137.0.7151.103 Mobile Safari/537.36 (compatible; Googlebot/2.1; +http://www.google.com/bot.html)"
66.249.73.132 - - [14/Jul/2025:14:51:58 +0000] "GET /?f=119781250071490&mod=7a6785df&uri=article.php%3Fid%3D3997464-242%26name%3Dbreville+bes878btr+barista+pro+coffee+machine HTTP/1.1" 200 19054 "-" "Mozilla/5.0 (Linux; Android 6.0.1; Nexus 5X Build/MMB29P) AppleWebKit/537.36 (KHTML, like Gecko) Chrome/137.0.7151.103 Mobile Safari/537.36 (compatible; Googlebot/2.1; +http://www.google.com/bot.html)"
66.249.73.132 - - [14/Jul/2025:14:51:59 +0000] "GET /?f=31840880011490&mod=19fc29a6&uri=search.php%3Fid%3D1062734-910%26name%3Dslimmest+watch+in+the+world HTTP/1.1" 200 19016 "-" "Mozilla/5.0 (Linux; Android 6.0.1; Nexus 5X Build/MMB29P) AppleWebKit/537.36 (KHTML, like Gecko) Chrome/137.0.7151.103 Mobile Safari/537.36 (compatible; Googlebot/2.1; +http://www.google.com/bot.html)"
66.249.73.132 - - [14/Jul/2025:14:52:01 +0000] "GET /?f=40412370081490&mod=169806bb&uri=itm.php%3Fid%3D1348743-70%26name%3Dnurxiovo+juice+dispenser HTTP/1.1" 200 19004 "-" "Mozilla/5.0 (Linux; Android 6.0.1; Nexus 5X Build/MMB29P) AppleWebKit/537.36 (KHTML, like Gecko) Chrome/137.0.7151.103 Mobile Safari/537.36 (compatible; Googlebot/2.1; +http://www.google.com/bot.html)"
66.249.73.132 - - [14/Jul/2025:14:52:02 +0000] "POST /get-message-notify HTTP/1.1" 200 17999 "https://onlycnc.com.au/?f=25325207021490&mod=169806bb&uri=dp.php%3Fid%3D845259-70%26name%3Dbajaj+22+ltr+otg" "Mozilla/5.0 (Linux; Android 6.0.1; Nexus 5X Build/MMB29P) AppleWebKit/537.36 (KHTML, like Gecko) Chrome/137.0.7151.119 Mobile Safari/537.36 (compatible; Googlebot/2.1; +http://www.google.com/bot.html)"
66.249.73.132 - - [14/Jul/2025:14:52:04 +0000] "GET /?f=54874213071490&mod=420c8410&uri=news.php%3Fid%3D1831198-129%26name%3Diphone+20+fe HTTP/1.1" 200 18988 "-" "Mozilla/5.0 (Linux; Android 6.0.1; Nexus 5X Build/MMB29P) AppleWebKit/537.36 (KHTML, like Gecko) Chrome/137.0.7151.103 Mobile Safari/537.36 (compatible; Googlebot/2.1; +http://www.google.com/bot.html)"
66.249.73.132 - - [14/Jul/2025:14:52:05 +0000] "GET /?f=25567784001490&mod=f4e4eeeb&uri=shared.php%3Fid%3D853347-667%26name%3Dtruworths+shoes+for+man HTTP/1.1" 200 19014 "-" "Mozilla/5.0 (Linux; Android 6.0.1; Nexus 5X Build/MMB29P) AppleWebKit/537.36 (KHTML, like Gecko) Chrome/137.0.7151.103 Mobile Safari/537.36 (compatible; Googlebot/2.1; +http://www.google.com/bot.html)"
66.249.73.132 - - [14/Jul/2025:14:52:07 +0000] "GET /?f=25578044011490&mod=f4e4eeeb&uri=brands.php%3Fid%3D853689-667%26name%3Drunning+shoes+uk+online HTTP/1.1" 200 19007 "-" "Mozilla/5.0 (Linux; Android 6.0.1; Nexus 5X Build/MMB29P) AppleWebKit/537.36 (KHTML, like Gecko) Chrome/137.0.7151.103 Mobile Safari/537.36 (compatible; Googlebot/2.1; +http://www.google.com/bot.html)"
66.249.73.132 - - [14/Jul/2025:14:52:08 +0000] "GET /?f=86482885011490&mod=8e7035e0&uri=shop.php%3Fid%3D2886066-270%26name%3Dtablet+bamboo+pen HTTP/1.1" 200 18991 "-" "Mozilla/5.0 (Linux; Android 6.0.1; Nexus 5X Build/MMB29P) AppleWebKit/537.36 (KHTML, like Gecko) Chrome/137.0.7151.103 Mobile Safari/537.36 (compatible; Googlebot/2.1; +http://www.google.com/bot.html)"
66.249.73.132 - - [14/Jul/2025:14:52:10 +0000] "GET /?f=5421765011490&mod=d3036eaa&uri=dp.php%3Fid%3D181002-208%26name%3Ddslr+camera+80d HTTP/1.1" 200 18969 "-" "Mozilla/5.0 (Linux; Android 6.0.1; Nexus 5X Build/MMB29P) AppleWebKit/537.36 (KHTML, like Gecko) Chrome/137.0.7151.103 Mobile Safari/537.36 (compatible; GoogleOther)"
66.249.73.132 - - [14/Jul/2025:14:52:21 +0000] "POST /get-message-notify HTTP/1.1" 200 17999 "https://onlycnc.com.au/?f=40412370081490&mod=169806bb&uri=itm.php%3Fid%3D1348743-70%26name%3Dnurxiovo+juice+dispenser" "Mozilla/5.0 (Linux; Android 6.0.1; Nexus 5X Build/MMB29P) AppleWebKit/537.36 (KHTML, like Gecko) Chrome/137.0.7151.119 Mobile Safari/537.36 (compatible; Googlebot/2.1; +http://www.google.com/bot.html)"
216.73.216.233 - - [14/Jul/2025:14:52:34 +0000] "GET /shopdetail/149691476 HTTP/1.1" 404 13146 "-" "Mozilla/5.0 AppleWebKit/537.36 (KHTML, like Gecko; compatible; ClaudeBot/1.0; [email protected])"
66.249.73.132 - - [14/Jul/2025:14:52:35 +0000] "GET /?f=54323619001490&mod=77bea4fd&uri=form.php%3Fid%3D1812831-115%26name%3Dsous+v%C3%83%C2%AAtements+dentelle+homme HTTP/1.1" 200 19038 "-" "Mozilla/5.0 (Linux; Android 6.0.1; Nexus 5X Build/MMB29P) AppleWebKit/537.36 (KHTML, like Gecko) Chrome/137.0.7151.103 Mobile Safari/537.36 (compatible; Googlebot/2.1; +http://www.google.com/bot.html)"
66.249.73.132 - - [14/Jul/2025:14:52:37 +0000] "GET /?f=94586404041490&mod=4e805f0e&uri=goods.php%3Fid%3D3156531-452%26name%3Dadidas+nite+jogger+ee5549 HTTP/1.1" 200 19015 "-" "Mozilla/5.0 (Linux; Android 6.0.1; Nexus 5X Build/MMB29P) AppleWebKit/537.36 (KHTML, like Gecko) Chrome/137.0.7151.103 Mobile Safari/537.36 (compatible; Googlebot/2.1; +http://www.google.com/bot.html)"
216.73.216.233 - - [14/Jul/2025:14:52:37 +0000] "GET /shopdetail/149131308 HTTP/1.1" 404 13146 "-" "Mozilla/5.0 AppleWebKit/537.36 (KHTML, like Gecko; compatible; ClaudeBot/1.0; [email protected])"
66.249.73.132 - - [14/Jul/2025:14:52:38 +0000] "GET /?f=86477305031490&mod=8e7035e0&uri=search.php%3Fid%3D2885880-270%26name%3Dsamsung+a+pen HTTP/1.1" 200 18992 "-" "Mozilla/5.0 (Linux; Android 6.0.1; Nexus 5X Build/MMB29P) AppleWebKit/537.36 (KHTML, like Gecko) Chrome/137.0.7151.103 Mobile Safari/537.36 (compatible; Googlebot/2.1; +http://www.google.com/bot.html)"
66.249.73.132 - - [14/Jul/2025:14:52:40 +0000] "GET /?f=31726304001490&mod=676207dd&uri=category-info.php%3Fid%3D1058913-454%26name%3Dbakugan HTTP/1.1" 200 18997 "-" "Mozilla/5.0 (Linux; Android 6.0.1; Nexus 5X Build/MMB29P) AppleWebKit/537.36 (KHTML, like Gecko) Chrome/137.0.7151.103 Mobile Safari/537.36 (compatible; Googlebot/2.1; +http://www.google.com/bot.html)"
216.73.216.233 - - [14/Jul/2025:14:52:40 +0000] "GET /shopdetail/149446740 HTTP/1.1" 404 13146 "-" "Mozilla/5.0 AppleWebKit/537.36 (KHTML, like Gecko; compatible; ClaudeBot/1.0; [email protected])"
66.249.73.132 - - [14/Jul/2025:14:52:41 +0000] "POST /get-message-notify HTTP/1.1" 200 17999 "https://onlycnc.com.au/?f=54323619001490&mod=77bea4fd&uri=form.php%3Fid%3D1812831-115%26name%3Dsous+v%C3%83%C2%AAtements+dentelle+homme" "Mozilla/5.0 (Linux; Android 6.0.1; Nexus 5X Build/MMB29P) AppleWebKit/537.36 (KHTML, like Gecko) Chrome/137.0.7151.119 Mobile Safari/537.36 (compatible; Googlebot/2.1; +http://www.google.com/bot.html)"
216.73.216.233 - - [14/Jul/2025:14:52:43 +0000] "GET /shopdetail/149821420 HTTP/1.1" 404 13146 "-" "Mozilla/5.0 AppleWebKit/537.36 (KHTML, like Gecko; compatible; ClaudeBot/1.0; [email protected])"
216.73.216.233 - - [14/Jul/2025:14:52:46 +0000] "GET /shopdetail/149225072 HTTP/1.1" 404 13146 "-" "Mozilla/5.0 AppleWebKit/537.36 (KHTML, like Gecko; compatible; ClaudeBot/1.0; [email protected])"
216.73.216.233 - - [14/Jul/2025:14:52:49 +0000] "GET /shopdetail/149805868 HTTP/1.1" 404 13146 "-" "Mozilla/5.0 AppleWebKit/537.36 (KHTML, like Gecko; compatible; ClaudeBot/1.0; [email protected])"
66.249.73.132 - - [14/Jul/2025:14:52:52 +0000] "POST /get-message-notify HTTP/1.1" 200 17999 "https://onlycnc.com.au/?f=25567784001490&mod=f4e4eeeb&uri=shared.php%3Fid%3D853347-667%26name%3Dtruworths+shoes+for+man" "Mozilla/5.0 (Linux; Android 6.0.1; Nexus 5X Build/MMB29P) AppleWebKit/537.36 (KHTML, like Gecko) Chrome/137.0.7151.119 Mobile Safari/537.36 (compatible; Googlebot/2.1; +http://www.google.com/bot.html)"
66.249.73.129 - - [14/Jul/2025:14:53:35 +0000] "GET /?f=94557694071490&mod=b313e67d&uri=product.php%3Fid%3D3155574-1094%26name%3Dbox+frame+shirt HTTP/1.1" 200 18996 "-" "Mozilla/5.0 (Linux; Android 6.0.1; Nexus 5X Build/MMB29P) AppleWebKit/537.36 (KHTML, like Gecko) Chrome/137.0.7151.103 Mobile Safari/537.36 (compatible; Googlebot/2.1; +http://www.google.com/bot.html)"
66.249.73.129 - - [14/Jul/2025:14:53:36 +0000] "GET /?f=105414675091490&mod=d8da1244&uri=products.php%3Fid%3D3518047-400%26name%3Dwatch+gossip+girl+season+online HTTP/1.1" 200 19027 "-" "Mozilla/5.0 (Linux; Android 6.0.1; Nexus 5X Build/MMB29P) AppleWebKit/537.36 (KHTML, like Gecko) Chrome/137.0.7151.103 Mobile Safari/537.36 (compatible; Googlebot/2.1; +http://www.google.com/bot.html)"
54.236.1.11 - - [14/Jul/2025:14:53:37 +0000] "GET / HTTP/1.1" 200 21205 "-" "Mozilla/5.0 (compatible; Pinterestbot/1.0; +http://www.pinterest.com/bot.html)"
216.73.216.233 - - [14/Jul/2025:14:53:59 +0000] "GET /shopdetail/149885436 HTTP/1.1" 404 13146 "-" "Mozilla/5.0 AppleWebKit/537.36 (KHTML, like Gecko; compatible; ClaudeBot/1.0; [email protected])"
216.73.216.233 - - [14/Jul/2025:14:54:02 +0000] "GET /shopdetail/149589796 HTTP/1.1" 404 13146 "-" "Mozilla/5.0 AppleWebKit/537.36 (KHTML, like Gecko; compatible; ClaudeBot/1.0; [email protected])"
66.249.73.128 - - [14/Jul/2025:14:54:03 +0000] "GET /?f=94594324041490&mod=13a5ec89&uri=brands.php%3Fid%3D3156795-346%26name%3Dfootball+shirt+for+girlfriend HTTP/1.1" 200 19023 "-" "Mozilla/5.0 (Linux; Android 6.0.1; Nexus 5X Build/MMB29P) AppleWebKit/537.36 (KHTML, like Gecko) Chrome/137.0.7151.103 Mobile Safari/537.36 (compatible; Googlebot/2.1; +http://www.google.com/bot.html)"
216.73.216.233 - - [14/Jul/2025:14:54:05 +0000] "GET /shopdetail/149929396 HTTP/1.1" 404 13146 "-" "Mozilla/5.0 AppleWebKit/537.36 (KHTML, like Gecko; compatible; ClaudeBot/1.0; [email protected])"
216.73.216.233 - - [14/Jul/2025:14:54:08 +0000] "GET /shopdetail/149878884 HTTP/1.1" 404 13146 "-" "Mozilla/5.0 AppleWebKit/537.36 (KHTML, like Gecko; compatible; ClaudeBot/1.0; [email protected])"
45.140.42.96 - - [14/Jul/2025:14:54:08 +0000] "GET / HTTP/1.1" 200 21205 "http://www.onlycnc.com.au" "Mozilla/5.0 (Windows NT 10.0; Win64; x64; rv:136.0) Gecko/20100101 Firefox/136.0"
216.73.216.233 - - [14/Jul/2025:14:54:11 +0000] "GET /shopdetail/149856644 HTTP/1.1" 404 13146 "-" "Mozilla/5.0 AppleWebKit/537.36 (KHTML, like Gecko; compatible; ClaudeBot/1.0; [email protected])"
