216.73.216.233 - - [14/Jul/2025:13:16:15 +0000] "GET /shopdetail/149568912 HTTP/1.1" 404 13146 "-" "Mozilla/5.0 AppleWebKit/537.36 (KHTML, like Gecko; compatible; ClaudeBot/1.0; [email protected])"
66.249.73.132 - - [14/Jul/2025:13:16:26 +0000] "GET /?f=25137821071490&mod=55b37c5c&uri=product.php%3Fid%3D839001-6%26name%3Dmontre+woodstock HTTP/1.1" 200 18991 "-" "Mozilla/5.0 (Linux; Android 6.0.1; Nexus 5X Build/MMB29P) AppleWebKit/537.36 (KHTML, like Gecko) Chrome/137.0.7151.103 Mobile Safari/537.36 (compatible; Googlebot/2.1; +http://www.google.com/bot.html)"
66.249.73.132 - - [14/Jul/2025:13:16:32 +0000] "GET /?f=31839230081490&mod=5fb0c358&uri=category-info.php?text/terms HTTP/1.1" 200 18932 "-" "Mozilla/5.0 (Linux; Android 6.0.1; Nexus 5X Build/MMB29P) AppleWebKit/537.36 (KHTML, like Gecko) Chrome/137.0.7151.103 Mobile Safari/537.36 (compatible; Googlebot/2.1; +http://www.google.com/bot.html)"
66.249.73.132 - - [14/Jul/2025:13:16:40 +0000] "GET /?f=55293644111490&mod=e24a7e4c&uri=itm.php%3Fid%3D1845191-310%26name%3Dasrock+x399+taichi+motherboard HTTP/1.1" 200 19011 "-" "Mozilla/5.0 (Linux; Android 6.0.1; Nexus 5X Build/MMB29P) AppleWebKit/537.36 (KHTML, like Gecko) Chrome/137.0.7151.103 Mobile Safari/537.36 (compatible; Googlebot/2.1; +http://www.google.com/bot.html)"
66.249.73.132 - - [14/Jul/2025:13:16:59 +0000] "POST /get-message-notify HTTP/1.1" 200 17999 "https://onlycnc.com.au/?f=6001240041490&mod=798b4516&uri=shop.php%3Fid%3D200403-330%26name%3Dfishing+rigs+for+sale" "Mozilla/5.0 (Linux; Android 6.0.1; Nexus 5X Build/MMB29P) AppleWebKit/537.36 (KHTML, like Gecko) Chrome/137.0.7151.119 Mobile Safari/537.36 (compatible; Googlebot/2.1; +http://www.google.com/bot.html)"
66.249.73.129 - - [14/Jul/2025:13:17:14 +0000] "GET /?f=54197098051490&mod=e24a7e4c&uri=category-info.php%3Fid%3D1808608-310%26name%3Dmsi+rx+580+armor+8g+oc+specs HTTP/1.1" 200 19038 "-" "Mozilla/5.0 (Linux; Android 6.0.1; Nexus 5X Build/MMB29P) AppleWebKit/537.36 (KHTML, like Gecko) Chrome/137.0.7151.103 Mobile Safari/537.36 (compatible; Googlebot/2.1; +http://www.google.com/bot.html)"
216.73.216.233 - - [14/Jul/2025:13:17:15 +0000] "GET /shopdetail/149307660 HTTP/1.1" 404 13146 "-" "Mozilla/5.0 AppleWebKit/537.36 (KHTML, like Gecko; compatible; ClaudeBot/1.0; [email protected])"
216.73.216.233 - - [14/Jul/2025:13:17:18 +0000] "GET /shopdetail/149738840 HTTP/1.1" 404 13146 "-" "Mozilla/5.0 AppleWebKit/537.36 (KHTML, like Gecko; compatible; ClaudeBot/1.0; [email protected])"
216.73.216.233 - - [14/Jul/2025:13:17:21 +0000] "GET /shopdetail/149562352 HTTP/1.1" 404 13146 "-" "Mozilla/5.0 AppleWebKit/537.36 (KHTML, like Gecko; compatible; ClaudeBot/1.0; [email protected])"
66.249.73.132 - - [14/Jul/2025:13:17:23 +0000] "POST /get-message-notify HTTP/1.1" 200 17999 "https://onlycnc.com.au/?f=31839230081490&mod=5fb0c358&uri=category-info.php?text/terms" "Mozilla/5.0 (Linux; Android 6.0.1; Nexus 5X Build/MMB29P) AppleWebKit/537.36 (KHTML, like Gecko) Chrome/137.0.7151.119 Mobile Safari/537.36 (compatible; Googlebot/2.1; +http://www.google.com/bot.html)"
216.73.216.233 - - [14/Jul/2025:13:17:24 +0000] "GET /shopdetail/149899768 HTTP/1.1" 404 13146 "-" "Mozilla/5.0 AppleWebKit/537.36 (KHTML, like Gecko; compatible; ClaudeBot/1.0; [email protected])"
216.73.216.233 - - [14/Jul/2025:13:17:27 +0000] "GET /shopdetail/149304512 HTTP/1.1" 404 13146 "-" "Mozilla/5.0 AppleWebKit/537.36 (KHTML, like Gecko; compatible; ClaudeBot/1.0; [email protected])"
216.73.216.233 - - [14/Jul/2025:13:17:30 +0000] "GET /shopdetail/149503804 HTTP/1.1" 404 13146 "-" "Mozilla/5.0 AppleWebKit/537.36 (KHTML, like Gecko; compatible; ClaudeBot/1.0; [email protected])"
66.249.73.132 - - [14/Jul/2025:13:17:30 +0000] "POST /get-message-notify HTTP/1.1" 200 17999 "https://onlycnc.com.au/?f=54197098051490&mod=e24a7e4c&uri=category-info.php%3Fid%3D1808608-310%26name%3Dmsi+rx+580+armor+8g+oc+specs" "Mozilla/5.0 (Linux; Android 6.0.1; Nexus 5X Build/MMB29P) AppleWebKit/537.36 (KHTML, like Gecko) Chrome/137.0.7151.119 Mobile Safari/537.36 (compatible; Googlebot/2.1; +http://www.google.com/bot.html)"
216.73.216.233 - - [14/Jul/2025:13:17:33 +0000] "GET /shopdetail/149231632 HTTP/1.1" 404 13146 "-" "Mozilla/5.0 AppleWebKit/537.36 (KHTML, like Gecko; compatible; ClaudeBot/1.0; [email protected])"
66.249.73.132 - - [14/Jul/2025:13:17:55 +0000] "GET /?f=55281314001490&mod=e24a7e4c&uri=products.php%3Fid%3D1844780-310%26name%3Db460m+gaming+motherboard HTTP/1.1" 200 19011 "-" "Mozilla/5.0 (Linux; Android 6.0.1; Nexus 5X Build/MMB29P) AppleWebKit/537.36 (KHTML, like Gecko) Chrome/137.0.7151.103 Mobile Safari/537.36 (compatible; Googlebot/2.1; +http://www.google.com/bot.html)"
216.73.216.233 - - [14/Jul/2025:13:18:36 +0000] "GET /shopdetail/149187536 HTTP/1.1" 404 13146 "-" "Mozilla/5.0 AppleWebKit/537.36 (KHTML, like Gecko; compatible; ClaudeBot/1.0; [email protected])"
216.73.216.233 - - [14/Jul/2025:13:18:38 +0000] "GET /shopdetail/149851184 HTTP/1.1" 404 13146 "-" "Mozilla/5.0 AppleWebKit/537.36 (KHTML, like Gecko; compatible; ClaudeBot/1.0; [email protected])"
216.73.216.233 - - [14/Jul/2025:13:18:41 +0000] "GET /shopdetail/149403608 HTTP/1.1" 404 13146 "-" "Mozilla/5.0 AppleWebKit/537.36 (KHTML, like Gecko; compatible; ClaudeBot/1.0; [email protected])"
216.73.216.233 - - [14/Jul/2025:13:18:44 +0000] "GET /shopdetail/149815832 HTTP/1.1" 404 13146 "-" "Mozilla/5.0 AppleWebKit/537.36 (KHTML, like Gecko; compatible; ClaudeBot/1.0; [email protected])"
66.249.73.132 - - [14/Jul/2025:13:18:47 +0000] "GET /?f=55293734051490&mod=a1261ccd&uri=form.php%3Fid%3D1845194-830%26name%3Dnike+air+max+ivo+boys HTTP/1.1" 200 19005 "-" "Mozilla/5.0 (Linux; Android 6.0.1; Nexus 5X Build/MMB29P) AppleWebKit/537.36 (KHTML, like Gecko) Chrome/137.0.7151.103 Mobile Safari/537.36 (compatible; Googlebot/2.1; +http://www.google.com/bot.html)"
216.73.216.233 - - [14/Jul/2025:13:18:47 +0000] "GET /shopdetail/149735300 HTTP/1.1" 404 13146 "-" "Mozilla/5.0 AppleWebKit/537.36 (KHTML, like Gecko; compatible; ClaudeBot/1.0; [email protected])"
216.73.216.233 - - [14/Jul/2025:13:18:50 +0000] "GET /shopdetail/149770652 HTTP/1.1" 404 13146 "-" "Mozilla/5.0 AppleWebKit/537.36 (KHTML, like Gecko; compatible; ClaudeBot/1.0; [email protected])"
216.73.216.233 - - [14/Jul/2025:13:18:53 +0000] "GET /shopdetail/149214980 HTTP/1.1" 404 13146 "-" "Mozilla/5.0 AppleWebKit/537.36 (KHTML, like Gecko; compatible; ClaudeBot/1.0; [email protected])"
66.249.73.128 - - [14/Jul/2025:13:19:23 +0000] "GET /?f=55293494061490&mod=e24a7e4c&uri=pin.php%3Fid%3D1845186-310%26name%3Dasrock+b450m+pro4+micro+atx+am4 HTTP/1.1" 200 19019 "-" "Mozilla/5.0 (Linux; Android 6.0.1; Nexus 5X Build/MMB29P) AppleWebKit/537.36 (KHTML, like Gecko) Chrome/137.0.7151.103 Mobile Safari/537.36 (compatible; Googlebot/2.1; +http://www.google.com/bot.html)"
66.249.73.132 - - [14/Jul/2025:13:19:25 +0000] "POST /get-message-notify HTTP/1.1" 200 17999 "https://onlycnc.com.au/?f=55293494061490&mod=e24a7e4c&uri=pin.php%3Fid%3D1845186-310%26name%3Dasrock+b450m+pro4+micro+atx+am4" "Mozilla/5.0 (Linux; Android 6.0.1; Nexus 5X Build/MMB29P) AppleWebKit/537.36 (KHTML, like Gecko) Chrome/137.0.7151.119 Mobile Safari/537.36 (compatible; Googlebot/2.1; +http://www.google.com/bot.html)"
66.249.73.128 - - [14/Jul/2025:13:19:32 +0000] "GET /?f=6028504041490&mod=4308acc8&uri=blog.php%3Fid%3D201313-347%26name%3Dsweat+salomon+homme HTTP/1.1" 200 18991 "-" "Mozilla/5.0 (Linux; Android 6.0.1; Nexus 5X Build/MMB29P) AppleWebKit/537.36 (KHTML, like Gecko) Chrome/137.0.7151.103 Mobile Safari/537.36 (compatible; Googlebot/2.1; +http://www.google.com/bot.html)"
216.73.216.233 - - [14/Jul/2025:13:19:36 +0000] "GET /shopdetail/149130344 HTTP/1.1" 404 13146 "-" "Mozilla/5.0 AppleWebKit/537.36 (KHTML, like Gecko; compatible; ClaudeBot/1.0; [email protected])"
216.73.216.233 - - [14/Jul/2025:13:19:39 +0000] "GET /shopdetail/149904008 HTTP/1.1" 404 13146 "-" "Mozilla/5.0 AppleWebKit/537.36 (KHTML, like Gecko; compatible; ClaudeBot/1.0; [email protected])"
216.73.216.233 - - [14/Jul/2025:13:19:42 +0000] "GET /shopdetail/149848864 HTTP/1.1" 404 13146 "-" "Mozilla/5.0 AppleWebKit/537.36 (KHTML, like Gecko; compatible; ClaudeBot/1.0; [email protected])"
216.73.216.233 - - [14/Jul/2025:13:19:45 +0000] "GET /shopdetail/149482920 HTTP/1.1" 404 13146 "-" "Mozilla/5.0 AppleWebKit/537.36 (KHTML, like Gecko; compatible; ClaudeBot/1.0; [email protected])"
216.73.216.233 - - [14/Jul/2025:13:19:48 +0000] "GET /shopdetail/149734336 HTTP/1.1" 404 13146 "-" "Mozilla/5.0 AppleWebKit/537.36 (KHTML, like Gecko; compatible; ClaudeBot/1.0; [email protected])"
216.73.216.233 - - [14/Jul/2025:13:19:51 +0000] "GET /shopdetail/149606312 HTTP/1.1" 404 13146 "-" "Mozilla/5.0 AppleWebKit/537.36 (KHTML, like Gecko; compatible; ClaudeBot/1.0; [email protected])"
216.73.216.233 - - [14/Jul/2025:13:19:54 +0000] "GET /shopdetail/149660492 HTTP/1.1" 404 13146 "-" "Mozilla/5.0 AppleWebKit/537.36 (KHTML, like Gecko; compatible; ClaudeBot/1.0; [email protected])"
66.249.73.132 - - [14/Jul/2025:13:20:01 +0000] "GET /?f=55294154031490&mod=723e73bc&uri=search.php%3Fid%3D1845208-700%26name%3Dred+fox+labrador+puppies+for+sale+near+me HTTP/1.1" 200 19039 "-" "Mozilla/5.0 (Linux; Android 6.0.1; Nexus 5X Build/MMB29P) AppleWebKit/537.36 (KHTML, like Gecko) Chrome/137.0.7151.103 Mobile Safari/537.36 (compatible; Googlebot/2.1; +http://www.google.com/bot.html)"
66.249.73.128 - - [14/Jul/2025:13:20:22 +0000] "GET /?f=55293914051490&mod=e24a7e4c&uri=products.php%3Fid%3D1845200-310%26name%3Damd+radeon+vega+supported+games HTTP/1.1" 200 19025 "-" "Mozilla/5.0 (Linux; Android 6.0.1; Nexus 5X Build/MMB29P) AppleWebKit/537.36 (KHTML, like Gecko) Chrome/137.0.7151.103 Mobile Safari/537.36 (compatible; Googlebot/2.1; +http://www.google.com/bot.html)"
216.73.216.233 - - [14/Jul/2025:13:21:04 +0000] "GET /shopdetail/149793984 HTTP/1.1" 404 13146 "-" "Mozilla/5.0 AppleWebKit/537.36 (KHTML, like Gecko; compatible; ClaudeBot/1.0; [email protected])"
66.249.73.128 - - [14/Jul/2025:13:21:07 +0000] "GET /?f=55293614051490&mod=e24a7e4c&uri=shared.php%3Fid%3D1845190-310%26name%3Dmsi+vdh+pro+max HTTP/1.1" 200 19001 "-" "Mozilla/5.0 (Linux; Android 6.0.1; Nexus 5X Build/MMB29P) AppleWebKit/537.36 (KHTML, like Gecko) Chrome/137.0.7151.103 Mobile Safari/537.36 (compatible; Googlebot/2.1; +http://www.google.com/bot.html)"
216.73.216.233 - - [14/Jul/2025:13:21:07 +0000] "GET /shopdetail/149376044 HTTP/1.1" 404 13146 "-" "Mozilla/5.0 AppleWebKit/537.36 (KHTML, like Gecko; compatible; ClaudeBot/1.0; [email protected])"
216.73.216.233 - - [14/Jul/2025:13:21:10 +0000] "GET /shopdetail/149202832 HTTP/1.1" 404 13146 "-" "Mozilla/5.0 AppleWebKit/537.36 (KHTML, like Gecko; compatible; ClaudeBot/1.0; [email protected])"
216.73.216.233 - - [14/Jul/2025:13:21:13 +0000] "GET /shopdetail/149600980 HTTP/1.1" 404 13146 "-" "Mozilla/5.0 AppleWebKit/537.36 (KHTML, like Gecko; compatible; ClaudeBot/1.0; [email protected])"
216.73.216.233 - - [14/Jul/2025:13:21:16 +0000] "GET /shopdetail/149637296 HTTP/1.1" 404 13146 "-" "Mozilla/5.0 AppleWebKit/537.36 (KHTML, like Gecko; compatible; ClaudeBot/1.0; [email protected])"
216.73.216.233 - - [14/Jul/2025:13:21:19 +0000] "GET /shopdetail/149988908 HTTP/1.1" 404 13146 "-" "Mozilla/5.0 AppleWebKit/537.36 (KHTML, like Gecko; compatible; ClaudeBot/1.0; [email protected])"
216.73.216.233 - - [14/Jul/2025:13:21:22 +0000] "GET /shopdetail/149852404 HTTP/1.1" 404 13146 "-" "Mozilla/5.0 AppleWebKit/537.36 (KHTML, like Gecko; compatible; ClaudeBot/1.0; [email protected])"
66.249.73.132 - - [14/Jul/2025:13:21:52 +0000] "GET /?f=55294214001490&mod=e24a7e4c&uri=us.php%3Fid%3D1845210-310%26name%3Dsurface+book+quadro+rtx+3000+price HTTP/1.1" 200 19001 "-" "Mozilla/5.0 (Linux; Android 6.0.1; Nexus 5X Build/MMB29P) AppleWebKit/537.36 (KHTML, like Gecko) Chrome/137.0.7151.103 Mobile Safari/537.36 (compatible; Googlebot/2.1; +http://www.google.com/bot.html)"
216.73.216.233 - - [14/Jul/2025:13:22:18 +0000] "GET /shopdetail/149903044 HTTP/1.1" 404 13146 "-" "Mozilla/5.0 AppleWebKit/537.36 (KHTML, like Gecko; compatible; ClaudeBot/1.0; [email protected])"
216.73.216.233 - - [14/Jul/2025:13:22:21 +0000] "GET /shopdetail/149594300 HTTP/1.1" 404 13146 "-" "Mozilla/5.0 AppleWebKit/537.36 (KHTML, like Gecko; compatible; ClaudeBot/1.0; [email protected])"
216.73.216.233 - - [14/Jul/2025:13:22:24 +0000] "GET /shopdetail/149954912 HTTP/1.1" 404 13146 "-" "Mozilla/5.0 AppleWebKit/537.36 (KHTML, like Gecko; compatible; ClaudeBot/1.0; [email protected])"
216.73.216.233 - - [14/Jul/2025:13:22:27 +0000] "GET /shopdetail/149477588 HTTP/1.1" 404 13146 "-" "Mozilla/5.0 AppleWebKit/537.36 (KHTML, like Gecko; compatible; ClaudeBot/1.0; [email protected])"
216.73.216.233 - - [14/Jul/2025:13:22:30 +0000] "GET /shopdetail/149451108 HTTP/1.1" 404 13146 "-" "Mozilla/5.0 AppleWebKit/537.36 (KHTML, like Gecko; compatible; ClaudeBot/1.0; [email protected])"
216.73.216.233 - - [14/Jul/2025:13:22:33 +0000] "GET /shopdetail/149250332 HTTP/1.1" 404 13146 "-" "Mozilla/5.0 AppleWebKit/537.36 (KHTML, like Gecko; compatible; ClaudeBot/1.0; [email protected])"
216.73.216.233 - - [14/Jul/2025:13:22:36 +0000] "GET /shopdetail/149298916 HTTP/1.1" 404 13146 "-" "Mozilla/5.0 AppleWebKit/537.36 (KHTML, like Gecko; compatible; ClaudeBot/1.0; [email protected])"
66.249.73.128 - - [14/Jul/2025:13:22:36 +0000] "GET /?f=47276132051490&mod=e24a7e4c&uri=article.php%3Fid%3D1577720-310%26name%3Drtx+2060+gigabyte+gaming HTTP/1.1" 200 19022 "-" "Mozilla/5.0 (Linux; Android 6.0.1; Nexus 5X Build/MMB29P) AppleWebKit/537.36 (KHTML, like Gecko) Chrome/137.0.7151.103 Mobile Safari/537.36 (compatible; Googlebot/2.1; +http://www.google.com/bot.html)"
66.249.73.129 - - [14/Jul/2025:13:23:07 +0000] "GET /?f=7218759011490&mod=4ec74784&uri=form.php%3Fid%3D241078-252%26name%3Dvan+heusen+flex+shirt HTTP/1.1" 200 18996 "-" "Mozilla/5.0 (Linux; Android 6.0.1; Nexus 5X Build/MMB29P) AppleWebKit/537.36 (KHTML, like Gecko) Chrome/137.0.7151.103 Mobile Safari/537.36 (compatible; Googlebot/2.1; +http://www.google.com/bot.html)"
66.249.73.132 - - [14/Jul/2025:13:23:21 +0000] "GET /?f=55277804011490&mod=e24a7e4c&uri=shop.php%3Fid%3D1844663-310%26name%3Dstartech+video+adapter HTTP/1.1" 200 18995 "-" "Mozilla/5.0 (Linux; Android 6.0.1; Nexus 5X Build/MMB29P) AppleWebKit/537.36 (KHTML, like Gecko) Chrome/137.0.7151.103 Mobile Safari/537.36 (compatible; Googlebot/2.1; +http://www.google.com/bot.html)"
66.249.73.132 - - [14/Jul/2025:13:23:24 +0000] "POST /get-message-notify HTTP/1.1" 200 17999 "https://onlycnc.com.au/?f=55277804011490&mod=e24a7e4c&uri=shop.php%3Fid%3D1844663-310%26name%3Dstartech+video+adapter" "Mozilla/5.0 (Linux; Android 6.0.1; Nexus 5X Build/MMB29P) AppleWebKit/537.36 (KHTML, like Gecko) Chrome/137.0.7151.119 Mobile Safari/537.36 (compatible; Googlebot/2.1; +http://www.google.com/bot.html)"
216.73.216.233 - - [14/Jul/2025:13:23:28 +0000] "GET /shopdetail/149836716 HTTP/1.1" 404 13146 "-" "Mozilla/5.0 AppleWebKit/537.36 (KHTML, like Gecko; compatible; ClaudeBot/1.0; [email protected])"
216.73.216.233 - - [14/Jul/2025:13:23:31 +0000] "GET /shopdetail/149562488 HTTP/1.1" 404 13146 "-" "Mozilla/5.0 AppleWebKit/537.36 (KHTML, like Gecko; compatible; ClaudeBot/1.0; [email protected])"
216.73.216.233 - - [14/Jul/2025:13:23:34 +0000] "GET /shopdetail/149194224 HTTP/1.1" 404 13146 "-" "Mozilla/5.0 AppleWebKit/537.36 (KHTML, like Gecko; compatible; ClaudeBot/1.0; [email protected])"
216.73.216.233 - - [14/Jul/2025:13:23:37 +0000] "GET /shopdetail/149626240 HTTP/1.1" 404 13146 "-" "Mozilla/5.0 AppleWebKit/537.36 (KHTML, like Gecko; compatible; ClaudeBot/1.0; [email protected])"
216.73.216.233 - - [14/Jul/2025:13:23:40 +0000] "GET /shopdetail/149149044 HTTP/1.1" 404 13146 "-" "Mozilla/5.0 AppleWebKit/537.36 (KHTML, like Gecko; compatible; ClaudeBot/1.0; [email protected])"
216.73.216.233 - - [14/Jul/2025:13:23:43 +0000] "GET /shopdetail/149855680 HTTP/1.1" 404 13146 "-" "Mozilla/5.0 AppleWebKit/537.36 (KHTML, like Gecko; compatible; ClaudeBot/1.0; [email protected])"
216.73.216.233 - - [14/Jul/2025:13:23:46 +0000] "GET /shopdetail/149242552 HTTP/1.1" 404 13146 "-" "Mozilla/5.0 AppleWebKit/537.36 (KHTML, like Gecko; compatible; ClaudeBot/1.0; [email protected])"
66.249.73.128 - - [14/Jul/2025:13:24:39 +0000] "GET /?f=55294274011490&mod=723e73bc&uri=news.php%3Fid%3D1845212-700%26name%3Dfemale+puppy+first+season HTTP/1.1" 200 19001 "-" "Mozilla/5.0 (Linux; Android 6.0.1; Nexus 5X Build/MMB29P) AppleWebKit/537.36 (KHTML, like Gecko) Chrome/137.0.7151.103 Mobile Safari/537.36 (compatible; Googlebot/2.1; +http://www.google.com/bot.html)"
66.249.73.128 - - [14/Jul/2025:13:24:43 +0000] "POST /get-message-notify HTTP/1.1" 200 17999 "https://onlycnc.com.au/?f=55294274011490&mod=723e73bc&uri=news.php%3Fid%3D1845212-700%26name%3Dfemale+puppy+first+season" "Mozilla/5.0 (Linux; Android 6.0.1; Nexus 5X Build/MMB29P) AppleWebKit/537.36 (KHTML, like Gecko) Chrome/137.0.7151.119 Mobile Safari/537.36 (compatible; Googlebot/2.1; +http://www.google.com/bot.html)"
216.73.216.233 - - [14/Jul/2025:13:24:51 +0000] "GET /shopdetail/149950544 HTTP/1.1" 404 13146 "-" "Mozilla/5.0 AppleWebKit/537.36 (KHTML, like Gecko; compatible; ClaudeBot/1.0; [email protected])"
216.73.216.233 - - [14/Jul/2025:13:24:54 +0000] "GET /shopdetail/149775020 HTTP/1.1" 404 13146 "-" "Mozilla/5.0 AppleWebKit/537.36 (KHTML, like Gecko; compatible; ClaudeBot/1.0; [email protected])"
216.73.216.233 - - [14/Jul/2025:13:24:57 +0000] "GET /shopdetail/149725472 HTTP/1.1" 404 13146 "-" "Mozilla/5.0 AppleWebKit/537.36 (KHTML, like Gecko; compatible; ClaudeBot/1.0; [email protected])"
216.73.216.233 - - [14/Jul/2025:13:25:00 +0000] "GET /shopdetail/149939360 HTTP/1.1" 404 13146 "-" "Mozilla/5.0 AppleWebKit/537.36 (KHTML, like Gecko; compatible; ClaudeBot/1.0; [email protected])"
216.73.216.233 - - [14/Jul/2025:13:25:03 +0000] "GET /shopdetail/149864552 HTTP/1.1" 404 13146 "-" "Mozilla/5.0 AppleWebKit/537.36 (KHTML, like Gecko; compatible; ClaudeBot/1.0; [email protected])"
216.73.216.233 - - [14/Jul/2025:13:25:06 +0000] "GET /shopdetail/149664996 HTTP/1.1" 404 13146 "-" "Mozilla/5.0 AppleWebKit/537.36 (KHTML, like Gecko; compatible; ClaudeBot/1.0; [email protected])"
216.73.216.233 - - [14/Jul/2025:13:25:09 +0000] "GET /shopdetail/149648344 HTTP/1.1" 404 13146 "-" "Mozilla/5.0 AppleWebKit/537.36 (KHTML, like Gecko; compatible; ClaudeBot/1.0; [email protected])"
66.249.73.129 - - [14/Jul/2025:13:25:16 +0000] "GET /?f=47278952041490&mod=e24a7e4c&uri=search.php%3Fid%3D1577814-310%26name%3Ddell+xps+8900+graphics+card HTTP/1.1" 200 19013 "-" "Mozilla/5.0 (Linux; Android 6.0.1; Nexus 5X Build/MMB29P) AppleWebKit/537.36 (KHTML, like Gecko) Chrome/137.0.7151.103 Mobile Safari/537.36 (compatible; Googlebot/2.1; +http://www.google.com/bot.html)"
66.249.73.128 - - [14/Jul/2025:13:25:52 +0000] "GET /?f=25444590051490&mod=9745c830&uri=info.php%3Fid%3D849240-241%26name%3Dgtx+max+q HTTP/1.1" 200 18982 "-" "Mozilla/5.0 (Linux; Android 6.0.1; Nexus 5X Build/MMB29P) AppleWebKit/537.36 (KHTML, like Gecko) Chrome/137.0.7151.103 Mobile Safari/537.36 (compatible; Googlebot/2.1; +http://www.google.com/bot.html)"
66.249.73.128 - - [14/Jul/2025:13:25:54 +0000] "GET /?f=55293764001490&mod=723e73bc&uri=shared.php%3Fid%3D1845195-700%26name%3Dstarted+labradors+for+sale HTTP/1.1" 200 19016 "-" "Mozilla/5.0 (Linux; Android 6.0.1; Nexus 5X Build/MMB29P) AppleWebKit/537.36 (KHTML, like Gecko) Chrome/137.0.7151.103 Mobile Safari/537.36 (compatible; Googlebot/2.1; +http://www.google.com/bot.html)"
66.249.73.132 - - [14/Jul/2025:13:25:57 +0000] "GET /?f=6040164051490&mod=4308acc8&uri=form.php?feature/sale2411-5/index.html HTTP/1.1" 200 18631 "-" "Mozilla/5.0 (Linux; Android 6.0.1; Nexus 5X Build/MMB29P) AppleWebKit/537.36 (KHTML, like Gecko) Chrome/137.0.7151.103 Mobile Safari/537.36 (compatible; Googlebot/2.1; +http://www.google.com/bot.html)"
216.73.216.233 - - [14/Jul/2025:13:26:04 +0000] "GET /shopdetail/149723288 HTTP/1.1" 404 13146 "-" "Mozilla/5.0 AppleWebKit/537.36 (KHTML, like Gecko; compatible; ClaudeBot/1.0; [email protected])"
216.73.216.233 - - [14/Jul/2025:13:26:07 +0000] "GET /shopdetail/149894180 HTTP/1.1" 404 13146 "-" "Mozilla/5.0 AppleWebKit/537.36 (KHTML, like Gecko; compatible; ClaudeBot/1.0; [email protected])"
216.73.216.233 - - [14/Jul/2025:13:26:10 +0000] "GET /shopdetail/149548156 HTTP/1.1" 404 13146 "-" "Mozilla/5.0 AppleWebKit/537.36 (KHTML, like Gecko; compatible; ClaudeBot/1.0; [email protected])"
216.73.216.233 - - [14/Jul/2025:13:26:13 +0000] "GET /shopdetail/149375908 HTTP/1.1" 404 13146 "-" "Mozilla/5.0 AppleWebKit/537.36 (KHTML, like Gecko; compatible; ClaudeBot/1.0; [email protected])"
216.73.216.233 - - [14/Jul/2025:13:26:16 +0000] "GET /shopdetail/149822384 HTTP/1.1" 404 13146 "-" "Mozilla/5.0 AppleWebKit/537.36 (KHTML, like Gecko; compatible; ClaudeBot/1.0; [email protected])"
216.73.216.233 - - [14/Jul/2025:13:26:19 +0000] "GET /shopdetail/149212924 HTTP/1.1" 404 13146 "-" "Mozilla/5.0 AppleWebKit/537.36 (KHTML, like Gecko; compatible; ClaudeBot/1.0; [email protected])"
216.73.216.233 - - [14/Jul/2025:13:26:22 +0000] "GET /shopdetail/149355024 HTTP/1.1" 404 13146 "-" "Mozilla/5.0 AppleWebKit/537.36 (KHTML, like Gecko; compatible; ClaudeBot/1.0; [email protected])"
66.249.73.129 - - [14/Jul/2025:13:26:24 +0000] "POST /get-message-notify HTTP/1.1" 200 17999 "https://onlycnc.com.au/?f=55293764001490&mod=723e73bc&uri=shared.php%3Fid%3D1845195-700%26name%3Dstarted+labradors+for+sale" "Mozilla/5.0 (Linux; Android 6.0.1; Nexus 5X Build/MMB29P) AppleWebKit/537.36 (KHTML, like Gecko) Chrome/137.0.7151.119 Mobile Safari/537.36 (compatible; Googlebot/2.1; +http://www.google.com/bot.html)"
66.249.73.132 - - [14/Jul/2025:13:26:33 +0000] "GET /?f=55294394061490&mod=e24a7e4c&uri=products.php%3Fid%3D1845216-310%26name%3Ddell+mobile+precision+3551+cto HTTP/1.1" 200 19020 "-" "Mozilla/5.0 (Linux; Android 6.0.1; Nexus 5X Build/MMB29P) AppleWebKit/537.36 (KHTML, like Gecko) Chrome/137.0.7151.103 Mobile Safari/537.36 (compatible; Googlebot/2.1; +http://www.google.com/bot.html)"
66.249.73.132 - - [14/Jul/2025:13:26:50 +0000] "POST /get-message-notify HTTP/1.1" 200 17999 "https://onlycnc.com.au/?f=54488242061490&mod=c302c12d&uri=shared.php%3Fid%3D1818329-1031%26name%3Dnike+sb+dunk+stadium+goods" "Mozilla/5.0 (Linux; Android 6.0.1; Nexus 5X Build/MMB29P) AppleWebKit/537.36 (KHTML, like Gecko) Chrome/137.0.7151.119 Mobile Safari/537.36 (compatible; Googlebot/2.1; +http://www.google.com/bot.html)"
66.249.73.132 - - [14/Jul/2025:13:27:09 +0000] "GET /?f=55278974071490&mod=e24a7e4c&uri=itm.php%3Fid%3D1844702-310%26name%3Dnormal+gpu+prices HTTP/1.1" 200 18989 "-" "Mozilla/5.0 (Linux; Android 6.0.1; Nexus 5X Build/MMB29P) AppleWebKit/537.36 (KHTML, like Gecko) Chrome/137.0.7151.103 Mobile Safari/537.36 (compatible; Googlebot/2.1; +http://www.google.com/bot.html)"
216.73.216.233 - - [14/Jul/2025:13:27:27 +0000] "GET /shopdetail/149339728 HTTP/1.1" 404 13146 "-" "Mozilla/5.0 AppleWebKit/537.36 (KHTML, like Gecko; compatible; ClaudeBot/1.0; [email protected])"
216.73.216.233 - - [14/Jul/2025:13:27:28 +0000] "GET /shopdetail/149863196 HTTP/1.1" 404 13146 "-" "Mozilla/5.0 AppleWebKit/537.36 (KHTML, like Gecko; compatible; ClaudeBot/1.0; [email protected])"
216.73.216.233 - - [14/Jul/2025:13:27:31 +0000] "GET /shopdetail/149864416 HTTP/1.1" 404 13146 "-" "Mozilla/5.0 AppleWebKit/537.36 (KHTML, like Gecko; compatible; ClaudeBot/1.0; [email protected])"
216.73.216.233 - - [14/Jul/2025:13:27:34 +0000] "GET /shopdetail/149764092 HTTP/1.1" 404 13146 "-" "Mozilla/5.0 AppleWebKit/537.36 (KHTML, like Gecko; compatible; ClaudeBot/1.0; [email protected])"
216.73.216.233 - - [14/Jul/2025:13:27:37 +0000] "GET /shopdetail/149801500 HTTP/1.1" 404 13146 "-" "Mozilla/5.0 AppleWebKit/537.36 (KHTML, like Gecko; compatible; ClaudeBot/1.0; [email protected])"
216.73.216.233 - - [14/Jul/2025:13:27:40 +0000] "GET /shopdetail/149408112 HTTP/1.1" 404 13146 "-" "Mozilla/5.0 AppleWebKit/537.36 (KHTML, like Gecko; compatible; ClaudeBot/1.0; [email protected])"
216.73.216.233 - - [14/Jul/2025:13:27:43 +0000] "GET /shopdetail/149865380 HTTP/1.1" 404 13146 "-" "Mozilla/5.0 AppleWebKit/537.36 (KHTML, like Gecko; compatible; ClaudeBot/1.0; [email protected])"
66.249.73.132 - - [14/Jul/2025:13:27:46 +0000] "GET /?f=16840053051490&mod=1d9aa17d&uri=article.php%3Fid%3D562174-673%26name%3Dair+jordans+mid+gs HTTP/1.1" 200 19011 "-" "Mozilla/5.0 (Linux; Android 6.0.1; Nexus 5X Build/MMB29P) AppleWebKit/537.36 (KHTML, like Gecko) Chrome/137.0.7151.103 Mobile Safari/537.36 (compatible; Googlebot/2.1; +http://www.google.com/bot.html)"
66.249.73.132 - - [14/Jul/2025:13:28:22 +0000] "GET /?f=55277834041490&mod=e24a7e4c&uri=shared.php%3Fid%3D1844664-310%26name%3Dintel+uhd+graphics+630+vs+rx+vega+11 HTTP/1.1" 200 19043 "-" "Mozilla/5.0 (Linux; Android 6.0.1; Nexus 5X Build/MMB29P) AppleWebKit/537.36 (KHTML, like Gecko) Chrome/137.0.7151.103 Mobile Safari/537.36 (compatible; Googlebot/2.1; +http://www.google.com/bot.html)"
216.73.216.233 - - [14/Jul/2025:13:28:46 +0000] "GET /shopdetail/149670328 HTTP/1.1" 404 13146 "-" "Mozilla/5.0 AppleWebKit/537.36 (KHTML, like Gecko; compatible; ClaudeBot/1.0; [email protected])"
216.73.216.233 - - [14/Jul/2025:13:28:49 +0000] "GET /shopdetail/149472956 HTTP/1.1" 404 13146 "-" "Mozilla/5.0 AppleWebKit/537.36 (KHTML, like Gecko; compatible; ClaudeBot/1.0; [email protected])"
216.73.216.233 - - [14/Jul/2025:13:28:52 +0000] "GET /shopdetail/149296732 HTTP/1.1" 404 13146 "-" "Mozilla/5.0 AppleWebKit/537.36 (KHTML, like Gecko; compatible; ClaudeBot/1.0; [email protected])"
216.73.216.233 - - [14/Jul/2025:13:28:55 +0000] "GET /shopdetail/149836852 HTTP/1.1" 404 13146 "-" "Mozilla/5.0 AppleWebKit/537.36 (KHTML, like Gecko; compatible; ClaudeBot/1.0; [email protected])"
216.73.216.233 - - [14/Jul/2025:13:28:58 +0000] "GET /shopdetail/149813648 HTTP/1.1" 404 13146 "-" "Mozilla/5.0 AppleWebKit/537.36 (KHTML, like Gecko; compatible; ClaudeBot/1.0; [email protected])"
66.249.73.132 - - [14/Jul/2025:13:28:59 +0000] "GET /?f=55294004081490&mod=e24a7e4c&uri=search.php%3Fid%3D1845203-310%26name%3Dmsi+b460+bazooka HTTP/1.1" 200 18995 "-" "Mozilla/5.0 (Linux; Android 6.0.1; Nexus 5X Build/MMB29P) AppleWebKit/537.36 (KHTML, like Gecko) Chrome/137.0.7151.103 Mobile Safari/537.36 (compatible; Googlebot/2.1; +http://www.google.com/bot.html)"
216.73.216.233 - - [14/Jul/2025:13:29:01 +0000] "GET /shopdetail/149338508 HTTP/1.1" 404 13146 "-" "Mozilla/5.0 AppleWebKit/537.36 (KHTML, like Gecko; compatible; ClaudeBot/1.0; [email protected])"
216.73.216.233 - - [14/Jul/2025:13:29:04 +0000] "GET /shopdetail/149431052 HTTP/1.1" 404 13146 "-" "Mozilla/5.0 AppleWebKit/537.36 (KHTML, like Gecko; compatible; ClaudeBot/1.0; [email protected])"
66.249.73.129 - - [14/Jul/2025:13:29:35 +0000] "GET /?f=6039564091490&mod=4308acc8&uri=blog.php%3Fid%3D201682-347%26name%3Dsweat+gris+clair+femme HTTP/1.1" 200 19002 "-" "Mozilla/5.0 (Linux; Android 6.0.1; Nexus 5X Build/MMB29P) AppleWebKit/537.36 (KHTML, like Gecko) Chrome/137.0.7151.103 Mobile Safari/537.36 (compatible; Googlebot/2.1; +http://www.google.com/bot.html)"
66.249.73.132 - - [14/Jul/2025:13:29:37 +0000] "GET /?f=55293554031490&mod=e24a7e4c&uri=shop.php%3Fid%3D1845188-310%26name%3Dasus+x399+zenith+extreme+alpha HTTP/1.1" 200 19023 "-" "Mozilla/5.0 (Linux; Android 6.0.1; Nexus 5X Build/MMB29P) AppleWebKit/537.36 (KHTML, like Gecko) Chrome/137.0.7151.103 Mobile Safari/537.36 (compatible; Googlebot/2.1; +http://www.google.com/bot.html)"
66.249.73.132 - - [14/Jul/2025:13:29:40 +0000] "GET /?f=101669834071490&mod=02ddce85&uri=products.php%3Fid%3D3393014-155%26name%3Dbose+soundlink+revolve+plus+bluetooth+speaker HTTP/1.1" 200 19049 "-" "Mozilla/5.0 (Linux; Android 6.0.1; Nexus 5X Build/MMB29P) AppleWebKit/537.36 (KHTML, like Gecko) Chrome/137.0.7151.103 Mobile Safari/537.36 (compatible; Googlebot/2.1; +http://www.google.com/bot.html)"
66.249.73.132 - - [14/Jul/2025:13:29:54 +0000] "POST /get-message-notify HTTP/1.1" 200 17999 "https://onlycnc.com.au/?f=55294004081490&mod=e24a7e4c&uri=search.php%3Fid%3D1845203-310%26name%3Dmsi+b460+bazooka" "Mozilla/5.0 (Linux; Android 6.0.1; Nexus 5X Build/MMB29P) AppleWebKit/537.36 (KHTML, like Gecko) Chrome/137.0.7151.119 Mobile Safari/537.36 (compatible; Googlebot/2.1; +http://www.google.com/bot.html)"
216.73.216.233 - - [14/Jul/2025:13:30:00 +0000] "GET /shopdetail/149161192 HTTP/1.1" 404 13146 "-" "Mozilla/5.0 AppleWebKit/537.36 (KHTML, like Gecko; compatible; ClaudeBot/1.0; [email protected])"
216.73.216.233 - - [14/Jul/2025:13:30:03 +0000] "GET /shopdetail/149615312 HTTP/1.1" 404 13146 "-" "Mozilla/5.0 AppleWebKit/537.36 (KHTML, like Gecko; compatible; ClaudeBot/1.0; [email protected])"
216.73.216.233 - - [14/Jul/2025:13:30:06 +0000] "GET /shopdetail/149317616 HTTP/1.1" 404 13146 "-" "Mozilla/5.0 AppleWebKit/537.36 (KHTML, like Gecko; compatible; ClaudeBot/1.0; [email protected])"
216.73.216.233 - - [14/Jul/2025:13:30:09 +0000] "GET /shopdetail/149842312 HTTP/1.1" 404 13146 "-" "Mozilla/5.0 AppleWebKit/537.36 (KHTML, like Gecko; compatible; ClaudeBot/1.0; [email protected])"
216.73.216.233 - - [14/Jul/2025:13:30:12 +0000] "GET /shopdetail/149489600 HTTP/1.1" 404 13146 "-" "Mozilla/5.0 AppleWebKit/537.36 (KHTML, like Gecko; compatible; ClaudeBot/1.0; [email protected])"
216.73.216.233 - - [14/Jul/2025:13:30:15 +0000] "GET /shopdetail/149973612 HTTP/1.1" 404 13146 "-" "Mozilla/5.0 AppleWebKit/537.36 (KHTML, like Gecko; compatible; ClaudeBot/1.0; [email protected])"
66.249.73.129 - - [14/Jul/2025:13:30:16 +0000] "GET /?f=55280534031490&mod=e24a7e4c&uri=form.php%3Fid%3D1844754-310%26name%3Dh410m+msi HTTP/1.1" 200 18981 "-" "Mozilla/5.0 (Linux; Android 6.0.1; Nexus 5X Build/MMB29P) AppleWebKit/537.36 (KHTML, like Gecko) Chrome/137.0.7151.103 Mobile Safari/537.36 (compatible; Googlebot/2.1; +http://www.google.com/bot.html)"
216.73.216.233 - - [14/Jul/2025:13:30:18 +0000] "GET /shopdetail/149291144 HTTP/1.1" 404 13146 "-" "Mozilla/5.0 AppleWebKit/537.36 (KHTML, like Gecko; compatible; ClaudeBot/1.0; [email protected])"
66.249.73.128 - - [14/Jul/2025:13:30:52 +0000] "GET /?f=105408195021490&mod=dcd602be&uri=article.php%3Fid%3D3517831-639%26name%3Dwebcam+logitech+c310+hd+720p HTTP/1.1" 200 19034 "-" "Mozilla/5.0 (Linux; Android 6.0.1; Nexus 5X Build/MMB29P) AppleWebKit/537.36 (KHTML, like Gecko) Chrome/137.0.7151.103 Mobile Safari/537.36 (compatible; Googlebot/2.1; +http://www.google.com/bot.html)"
66.249.73.128 - - [14/Jul/2025:13:30:54 +0000] "GET /?f=55277774071490&mod=e24a7e4c&uri=news.php%3Fid%3D1844662-310%26name%3Dmsi+b460m+torpedo HTTP/1.1" 200 18989 "-" "Mozilla/5.0 (Linux; Android 6.0.1; Nexus 5X Build/MMB29P) AppleWebKit/537.36 (KHTML, like Gecko) Chrome/137.0.7151.103 Mobile Safari/537.36 (compatible; Googlebot/2.1; +http://www.google.com/bot.html)"
66.249.73.132 - - [14/Jul/2025:13:30:56 +0000] "GET /?f=25573184041490&mod=f4e4eeeb&uri=pin.php%3Fid%3D853527-667%26name%3Dallen+edmonds+phone+number HTTP/1.1" 200 18999 "-" "Mozilla/5.0 (Linux; Android 6.0.1; Nexus 5X Build/MMB29P) AppleWebKit/537.36 (KHTML, like Gecko) Chrome/137.0.7151.103 Mobile Safari/537.36 (compatible; Googlebot/2.1; +http://www.google.com/bot.html)"
66.249.73.132 - - [14/Jul/2025:13:30:59 +0000] "POST /get-message-notify HTTP/1.1" 200 17999 "https://onlycnc.com.au/?f=25573184041490&mod=f4e4eeeb&uri=pin.php%3Fid%3D853527-667%26name%3Dallen+edmonds+phone+number" "Mozilla/5.0 (Linux; Android 6.0.1; Nexus 5X Build/MMB29P) AppleWebKit/537.36 (KHTML, like Gecko) Chrome/137.0.7151.119 Mobile Safari/537.36 (compatible; Googlebot/2.1; +http://www.google.com/bot.html)"
216.73.216.233 - - [14/Jul/2025:13:31:07 +0000] "GET /shopdetail/149252516 HTTP/1.1" 404 13146 "-" "Mozilla/5.0 AppleWebKit/537.36 (KHTML, like Gecko; compatible; ClaudeBot/1.0; [email protected])"
216.73.216.233 - - [14/Jul/2025:13:31:10 +0000] "GET /shopdetail/149712360 HTTP/1.1" 404 13146 "-" "Mozilla/5.0 AppleWebKit/537.36 (KHTML, like Gecko; compatible; ClaudeBot/1.0; [email protected])"
216.73.216.233 - - [14/Jul/2025:13:31:13 +0000] "GET /shopdetail/149706636 HTTP/1.1" 404 13146 "-" "Mozilla/5.0 AppleWebKit/537.36 (KHTML, like Gecko; compatible; ClaudeBot/1.0; [email protected])"
216.73.216.233 - - [14/Jul/2025:13:31:16 +0000] "GET /shopdetail/149287732 HTTP/1.1" 404 13146 "-" "Mozilla/5.0 AppleWebKit/537.36 (KHTML, like Gecko; compatible; ClaudeBot/1.0; [email protected])"
216.73.216.233 - - [14/Jul/2025:13:31:19 +0000] "GET /shopdetail/149514988 HTTP/1.1" 404 13146 "-" "Mozilla/5.0 AppleWebKit/537.36 (KHTML, like Gecko; compatible; ClaudeBot/1.0; [email protected])"
216.73.216.233 - - [14/Jul/2025:13:31:22 +0000] "GET /shopdetail/149778432 HTTP/1.1" 404 13146 "-" "Mozilla/5.0 AppleWebKit/537.36 (KHTML, like Gecko; compatible; ClaudeBot/1.0; [email protected])"
216.73.216.233 - - [14/Jul/2025:13:31:25 +0000] "GET /shopdetail/149854588 HTTP/1.1" 404 13146 "-" "Mozilla/5.0 AppleWebKit/537.36 (KHTML, like Gecko; compatible; ClaudeBot/1.0; [email protected])"
66.249.73.132 - - [14/Jul/2025:13:31:57 +0000] "GET /?f=16772750051490&mod=2963adf1&uri=article.php%3Fid%3D559930-670%26name%3Dcat+vomiting+up+food HTTP/1.1" 200 19013 "-" "Mozilla/5.0 (Linux; Android 6.0.1; Nexus 5X Build/MMB29P) AppleWebKit/537.36 (KHTML, like Gecko) Chrome/137.0.7151.103 Mobile Safari/537.36 (compatible; Googlebot/2.1; +http://www.google.com/bot.html)"
66.249.73.132 - - [14/Jul/2025:13:31:59 +0000] "GET /?f=47276672031490&mod=e24a7e4c&uri=itm.php%3Fid%3D1577738-310%26name%3Dpc+capture+card HTTP/1.1" 200 18986 "-" "Mozilla/5.0 (Linux; Android 6.0.1; Nexus 5X Build/MMB29P) AppleWebKit/537.36 (KHTML, like Gecko) Chrome/137.0.7151.103 Mobile Safari/537.36 (compatible; Googlebot/2.1; +http://www.google.com/bot.html)"
66.249.73.128 - - [14/Jul/2025:13:32:01 +0000] "GET /?f=105416595131490&mod=cdbe7ddc&uri=products.php%3Fid%3D3518111-387%26name%3Dbest+workout+equipment+to+lose+weight HTTP/1.1" 200 19036 "-" "Mozilla/5.0 (Linux; Android 6.0.1; Nexus 5X Build/MMB29P) AppleWebKit/537.36 (KHTML, like Gecko) Chrome/137.0.7151.103 Mobile Safari/537.36 (compatible; Googlebot/2.1; +http://www.google.com/bot.html)"
66.249.73.132 - - [14/Jul/2025:13:32:19 +0000] "GET /?f=47278472031490&mod=e24a7e4c&uri=search.php%3Fid%3D1577798-310%26name%3Ddisplayport+gpu+to+hdmi+monitor HTTP/1.1" 200 19018 "-" "Mozilla/5.0 (Linux; Android 6.0.1; Nexus 5X Build/MMB29P) AppleWebKit/537.36 (KHTML, like Gecko) Chrome/137.0.7151.103 Mobile Safari/537.36 (compatible; Googlebot/2.1; +http://www.google.com/bot.html)"
216.73.216.233 - - [14/Jul/2025:13:32:43 +0000] "GET /shopdetail/149488508 HTTP/1.1" 404 13146 "-" "Mozilla/5.0 AppleWebKit/537.36 (KHTML, like Gecko; compatible; ClaudeBot/1.0; [email protected])"
216.73.216.233 - - [14/Jul/2025:13:32:46 +0000] "GET /shopdetail/149977980 HTTP/1.1" 404 13146 "-" "Mozilla/5.0 AppleWebKit/537.36 (KHTML, like Gecko; compatible; ClaudeBot/1.0; [email protected])"
216.73.216.233 - - [14/Jul/2025:13:32:49 +0000] "GET /shopdetail/149563452 HTTP/1.1" 404 13146 "-" "Mozilla/5.0 AppleWebKit/537.36 (KHTML, like Gecko; compatible; ClaudeBot/1.0; [email protected])"
216.73.216.233 - - [14/Jul/2025:13:32:52 +0000] "GET /shopdetail/149360612 HTTP/1.1" 404 13146 "-" "Mozilla/5.0 AppleWebKit/537.36 (KHTML, like Gecko; compatible; ClaudeBot/1.0; [email protected])"
216.73.216.233 - - [14/Jul/2025:13:32:55 +0000] "GET /shopdetail/149784984 HTTP/1.1" 404 13146 "-" "Mozilla/5.0 AppleWebKit/537.36 (KHTML, like Gecko; compatible; ClaudeBot/1.0; [email protected])"
216.73.216.233 - - [14/Jul/2025:13:32:58 +0000] "GET /shopdetail/149294548 HTTP/1.1" 404 13146 "-" "Mozilla/5.0 AppleWebKit/537.36 (KHTML, like Gecko; compatible; ClaudeBot/1.0; [email protected])"
216.73.216.233 - - [14/Jul/2025:13:33:01 +0000] "GET /shopdetail/149706772 HTTP/1.1" 404 13146 "-" "Mozilla/5.0 AppleWebKit/537.36 (KHTML, like Gecko; compatible; ClaudeBot/1.0; [email protected])"
66.249.73.132 - - [14/Jul/2025:13:33:01 +0000] "GET /?f=47280092021490&mod=e24a7e4c&uri=news.php%3Fid%3D1577852-310%26name%3Dmsi+b550+tomahawk+wifi HTTP/1.1" 200 19005 "-" "Mozilla/5.0 (Linux; Android 6.0.1; Nexus 5X Build/MMB29P) AppleWebKit/537.36 (KHTML, like Gecko) Chrome/137.0.7151.103 Mobile Safari/537.36 (compatible; Googlebot/2.1; +http://www.google.com/bot.html)"
66.249.73.132 - - [14/Jul/2025:13:33:46 +0000] "GET /?f=55293794011490&mod=723e73bc&uri=category-info.php%3Fid%3D1845196-700%26name%3Df1bb+bernedoodle HTTP/1.1" 200 19013 "-" "Mozilla/5.0 (Linux; Android 6.0.1; Nexus 5X Build/MMB29P) AppleWebKit/537.36 (KHTML, like Gecko) Chrome/137.0.7151.103 Mobile Safari/537.36 (compatible; Googlebot/2.1; +http://www.google.com/bot.html)"
216.73.216.233 - - [14/Jul/2025:13:34:05 +0000] "GET /shopdetail/149430088 HTTP/1.1" 404 13146 "-" "Mozilla/5.0 AppleWebKit/537.36 (KHTML, like Gecko; compatible; ClaudeBot/1.0; [email protected])"
216.73.216.233 - - [14/Jul/2025:13:34:08 +0000] "GET /shopdetail/149644940 HTTP/1.1" 404 13146 "-" "Mozilla/5.0 AppleWebKit/537.36 (KHTML, like Gecko; compatible; ClaudeBot/1.0; [email protected])"
216.73.216.233 - - [14/Jul/2025:13:34:11 +0000] "GET /shopdetail/149736656 HTTP/1.1" 404 13146 "-" "Mozilla/5.0 AppleWebKit/537.36 (KHTML, like Gecko; compatible; ClaudeBot/1.0; [email protected])"
216.73.216.233 - - [14/Jul/2025:13:34:14 +0000] "GET /shopdetail/149363896 HTTP/1.1" 404 13146 "-" "Mozilla/5.0 AppleWebKit/537.36 (KHTML, like Gecko; compatible; ClaudeBot/1.0; [email protected])"
216.73.216.233 - - [14/Jul/2025:13:34:17 +0000] "GET /shopdetail/149967060 HTTP/1.1" 404 13146 "-" "Mozilla/5.0 AppleWebKit/537.36 (KHTML, like Gecko; compatible; ClaudeBot/1.0; [email protected])"
216.73.216.233 - - [14/Jul/2025:13:34:20 +0000] "GET /shopdetail/149519364 HTTP/1.1" 404 13146 "-" "Mozilla/5.0 AppleWebKit/537.36 (KHTML, like Gecko; compatible; ClaudeBot/1.0; [email protected])"
216.73.216.233 - - [14/Jul/2025:13:34:23 +0000] "GET /shopdetail/149341912 HTTP/1.1" 404 13146 "-" "Mozilla/5.0 AppleWebKit/537.36 (KHTML, like Gecko; compatible; ClaudeBot/1.0; [email protected])"
66.249.73.129 - - [14/Jul/2025:13:34:30 +0000] "GET /?f=55278584041490&mod=e24a7e4c&uri=article.php%3Fid%3D1844689-310%26name%3Dgigabyte+x399+aorus+pro+tr4 HTTP/1.1" 200 19031 "-" "Mozilla/5.0 (Linux; Android 6.0.1; Nexus 5X Build/MMB29P) AppleWebKit/537.36 (KHTML, like Gecko) Chrome/137.0.7151.103 Mobile Safari/537.36 (compatible; Googlebot/2.1; +http://www.google.com/bot.html)"
66.249.73.132 - - [14/Jul/2025:13:35:15 +0000] "GET /?f=55293974071490&mod=e24a7e4c&uri=pin.php%3Fid%3D1845202-310%26name%3Dlenovo+t430s+motherboard HTTP/1.1" 200 19000 "-" "Mozilla/5.0 (Linux; Android 6.0.1; Nexus 5X Build/MMB29P) AppleWebKit/537.36 (KHTML, like Gecko) Chrome/137.0.7151.103 Mobile Safari/537.36 (compatible; Googlebot/2.1; +http://www.google.com/bot.html)"
216.73.216.233 - - [14/Jul/2025:13:35:30 +0000] "GET /shopdetail/149537100 HTTP/1.1" 404 13146 "-" "Mozilla/5.0 AppleWebKit/537.36 (KHTML, like Gecko; compatible; ClaudeBot/1.0; [email protected])"
216.73.216.233 - - [14/Jul/2025:13:35:33 +0000] "GET /shopdetail/149936076 HTTP/1.1" 404 13146 "-" "Mozilla/5.0 AppleWebKit/537.36 (KHTML, like Gecko; compatible; ClaudeBot/1.0; [email protected])"
216.73.216.233 - - [14/Jul/2025:13:35:36 +0000] "GET /shopdetail/149523732 HTTP/1.1" 404 13146 "-" "Mozilla/5.0 AppleWebKit/537.36 (KHTML, like Gecko; compatible; ClaudeBot/1.0; [email protected])"
216.73.216.233 - - [14/Jul/2025:13:35:39 +0000] "GET /shopdetail/149799316 HTTP/1.1" 404 13146 "-" "Mozilla/5.0 AppleWebKit/537.36 (KHTML, like Gecko; compatible; ClaudeBot/1.0; [email protected])"
216.73.216.233 - - [14/Jul/2025:13:35:42 +0000] "GET /shopdetail/149361712 HTTP/1.1" 404 13146 "-" "Mozilla/5.0 AppleWebKit/537.36 (KHTML, like Gecko; compatible; ClaudeBot/1.0; [email protected])"
216.73.216.233 - - [14/Jul/2025:13:35:45 +0000] "GET /shopdetail/149394744 HTTP/1.1" 404 13146 "-" "Mozilla/5.0 AppleWebKit/537.36 (KHTML, like Gecko; compatible; ClaudeBot/1.0; [email protected])"
216.73.216.233 - - [14/Jul/2025:13:35:48 +0000] "GET /shopdetail/149560168 HTTP/1.1" 404 13146 "-" "Mozilla/5.0 AppleWebKit/537.36 (KHTML, like Gecko; compatible; ClaudeBot/1.0; [email protected])"
66.249.73.128 - - [14/Jul/2025:13:36:00 +0000] "GET /?f=6108125031490&mod=89a4779d&uri=goods.php%3Fid%3D203972-40%26name%3Dmilwaukee+m12+jobsite+radio HTTP/1.1" 200 19008 "-" "Mozilla/5.0 (Linux; Android 6.0.1; Nexus 5X Build/MMB29P) AppleWebKit/537.36 (KHTML, like Gecko) Chrome/137.0.7151.103 Mobile Safari/537.36 (compatible; Googlebot/2.1; +http://www.google.com/bot.html)"
66.249.73.132 - - [14/Jul/2025:13:36:44 +0000] "GET /?f=6116945071490&mod=d3036eaa&uri=brands.php%3Fid%3D204266-208%26name%3Dsony+video+hi8+xr+handycam HTTP/1.1" 200 19019 "-" "Mozilla/5.0 (Linux; Android 6.0.1; Nexus 5X Build/MMB29P) AppleWebKit/537.36 (KHTML, like Gecko) Chrome/137.0.7151.103 Mobile Safari/537.36 (compatible; Googlebot/2.1; +http://www.google.com/bot.html)"
216.73.216.233 - - [14/Jul/2025:13:36:47 +0000] "GET /shopdetail/149875344 HTTP/1.1" 404 13146 "-" "Mozilla/5.0 AppleWebKit/537.36 (KHTML, like Gecko; compatible; ClaudeBot/1.0; [email protected])"
216.73.216.233 - - [14/Jul/2025:13:36:50 +0000] "GET /shopdetail/149395964 HTTP/1.1" 404 13146 "-" "Mozilla/5.0 AppleWebKit/537.36 (KHTML, like Gecko; compatible; ClaudeBot/1.0; [email protected])"
216.73.216.233 - - [14/Jul/2025:13:36:53 +0000] "GET /shopdetail/149543652 HTTP/1.1" 404 13146 "-" "Mozilla/5.0 AppleWebKit/537.36 (KHTML, like Gecko; compatible; ClaudeBot/1.0; [email protected])"
66.249.73.132 - - [14/Jul/2025:13:36:55 +0000] "GET /?f=25355923111490&mod=623ea0af&uri=brands.php%3Fid%3D846284-879%26name%3Dgraduation+keychain+2019 HTTP/1.1" 200 19010 "-" "Mozilla/5.0 (Linux; Android 6.0.1; Nexus 5X Build/MMB29P) AppleWebKit/537.36 (KHTML, like Gecko) Chrome/137.0.7151.103 Mobile Safari/537.36 (compatible; Googlebot/2.1; +http://www.google.com/bot.html)"
216.73.216.233 - - [14/Jul/2025:13:36:56 +0000] "GET /shopdetail/149232852 HTTP/1.1" 404 13146 "-" "Mozilla/5.0 AppleWebKit/537.36 (KHTML, like Gecko; compatible; ClaudeBot/1.0; [email protected])"
216.73.216.233 - - [14/Jul/2025:13:36:59 +0000] "GET /shopdetail/149328544 HTTP/1.1" 404 13146 "-" "Mozilla/5.0 AppleWebKit/537.36 (KHTML, like Gecko; compatible; ClaudeBot/1.0; [email protected])"
216.73.216.233 - - [14/Jul/2025:13:37:02 +0000] "GET /shopdetail/149662676 HTTP/1.1" 404 13146 "-" "Mozilla/5.0 AppleWebKit/537.36 (KHTML, like Gecko; compatible; ClaudeBot/1.0; [email protected])"
216.73.216.233 - - [14/Jul/2025:13:37:05 +0000] "GET /shopdetail/149862232 HTTP/1.1" 404 13146 "-" "Mozilla/5.0 AppleWebKit/537.36 (KHTML, like Gecko; compatible; ClaudeBot/1.0; [email protected])"
66.249.73.129 - - [14/Jul/2025:13:37:29 +0000] "GET /?f=6116735001490&mod=d3036eaa&uri=dp.php%3Fid%3D204259-208%26name%3Dnx100+price HTTP/1.1" 200 18961 "-" "Mozilla/5.0 (Linux; Android 6.0.1; Nexus 5X Build/MMB29P) AppleWebKit/537.36 (KHTML, like Gecko) Chrome/137.0.7151.103 Mobile Safari/537.36 (compatible; Googlebot/2.1; +http://www.google.com/bot.html)"
216.73.216.233 - - [14/Jul/2025:13:37:58 +0000] "GET /shopdetail/149587612 HTTP/1.1" 404 13146 "-" "Mozilla/5.0 AppleWebKit/537.36 (KHTML, like Gecko; compatible; ClaudeBot/1.0; [email protected])"
216.73.216.233 - - [14/Jul/2025:13:38:01 +0000] "GET /shopdetail/149549248 HTTP/1.1" 404 13146 "-" "Mozilla/5.0 AppleWebKit/537.36 (KHTML, like Gecko; compatible; ClaudeBot/1.0; [email protected])"
216.73.216.233 - - [14/Jul/2025:13:38:04 +0000] "GET /shopdetail/149879712 HTTP/1.1" 404 13146 "-" "Mozilla/5.0 AppleWebKit/537.36 (KHTML, like Gecko; compatible; ClaudeBot/1.0; [email protected])"
216.73.216.233 - - [14/Jul/2025:13:38:07 +0000] "GET /shopdetail/149542432 HTTP/1.1" 404 13146 "-" "Mozilla/5.0 AppleWebKit/537.36 (KHTML, like Gecko; compatible; ClaudeBot/1.0; [email protected])"
216.73.216.233 - - [14/Jul/2025:13:38:10 +0000] "GET /shopdetail/149175524 HTTP/1.1" 404 13146 "-" "Mozilla/5.0 AppleWebKit/537.36 (KHTML, like Gecko; compatible; ClaudeBot/1.0; [email protected])"
216.73.216.233 - - [14/Jul/2025:13:38:13 +0000] "GET /shopdetail/149230532 HTTP/1.1" 404 13146 "-" "Mozilla/5.0 AppleWebKit/537.36 (KHTML, like Gecko; compatible; ClaudeBot/1.0; [email protected])"
66.249.73.132 - - [14/Jul/2025:13:38:13 +0000] "GET /?f=6114425031490&mod=d3036eaa&uri=shared.php%3Fid%3D204182-208%26name%3Dfoto+instax+mini HTTP/1.1" 200 18993 "-" "Mozilla/5.0 (Linux; Android 6.0.1; Nexus 5X Build/MMB29P) AppleWebKit/537.36 (KHTML, like Gecko) Chrome/137.0.7151.103 Mobile Safari/537.36 (compatible; Googlebot/2.1; +http://www.google.com/bot.html)"
216.73.216.233 - - [14/Jul/2025:13:38:16 +0000] "GET /shopdetail/149640700 HTTP/1.1" 404 13146 "-" "Mozilla/5.0 AppleWebKit/537.36 (KHTML, like Gecko; compatible; ClaudeBot/1.0; [email protected])"
66.249.73.128 - - [14/Jul/2025:13:38:58 +0000] "GET /?f=6116105091490&mod=d3036eaa&uri=goods.php%3Fid%3D204238-208%26name%3Dinstax+mini+90+neo+classic+black HTTP/1.1" 200 19018 "-" "Mozilla/5.0 (Linux; Android 6.0.1; Nexus 5X Build/MMB29P) AppleWebKit/537.36 (KHTML, like Gecko) Chrome/137.0.7151.103 Mobile Safari/537.36 (compatible; Googlebot/2.1; +http://www.google.com/bot.html)"
216.73.216.233 - - [14/Jul/2025:13:39:23 +0000] "GET /shopdetail/149941544 HTTP/1.1" 404 13146 "-" "Mozilla/5.0 AppleWebKit/537.36 (KHTML, like Gecko; compatible; ClaudeBot/1.0; [email protected])"
216.73.216.233 - - [14/Jul/2025:13:39:26 +0000] "GET /shopdetail/149686844 HTTP/1.1" 404 13146 "-" "Mozilla/5.0 AppleWebKit/537.36 (KHTML, like Gecko; compatible; ClaudeBot/1.0; [email protected])"
216.73.216.233 - - [14/Jul/2025:13:39:29 +0000] "GET /shopdetail/149315432 HTTP/1.1" 404 13146 "-" "Mozilla/5.0 AppleWebKit/537.36 (KHTML, like Gecko; compatible; ClaudeBot/1.0; [email protected])"
216.73.216.233 - - [14/Jul/2025:13:39:32 +0000] "GET /shopdetail/149846680 HTTP/1.1" 404 13146 "-" "Mozilla/5.0 AppleWebKit/537.36 (KHTML, like Gecko; compatible; ClaudeBot/1.0; [email protected])"
216.73.216.233 - - [14/Jul/2025:13:39:35 +0000] "GET /shopdetail/149638516 HTTP/1.1" 404 13146 "-" "Mozilla/5.0 AppleWebKit/537.36 (KHTML, like Gecko; compatible; ClaudeBot/1.0; [email protected])"
216.73.216.233 - - [14/Jul/2025:13:39:38 +0000] "GET /shopdetail/149375080 HTTP/1.1" 404 13146 "-" "Mozilla/5.0 AppleWebKit/537.36 (KHTML, like Gecko; compatible; ClaudeBot/1.0; [email protected])"
216.73.216.233 - - [14/Jul/2025:13:39:41 +0000] "GET /shopdetail/149865516 HTTP/1.1" 404 13146 "-" "Mozilla/5.0 AppleWebKit/537.36 (KHTML, like Gecko; compatible; ClaudeBot/1.0; [email protected])"
66.249.73.129 - - [14/Jul/2025:13:39:43 +0000] "GET /?f=6026675051490&mod=0c2a1b8e&uri=shop.php%3Fid%3D201252-59%26name%3Ddiamond+abiti+cerimonia HTTP/1.1" 200 18992 "-" "Mozilla/5.0 (Linux; Android 6.0.1; Nexus 5X Build/MMB29P) AppleWebKit/537.36 (KHTML, like Gecko) Chrome/137.0.7151.103 Mobile Safari/537.36 (compatible; Googlebot/2.1; +http://www.google.com/bot.html)"
66.249.73.128 - - [14/Jul/2025:13:39:46 +0000] "POST /get-message-notify HTTP/1.1" 200 17999 "https://onlycnc.com.au/?f=6026675051490&mod=0c2a1b8e&uri=shop.php%3Fid%3D201252-59%26name%3Ddiamond+abiti+cerimonia" "Mozilla/5.0 (Linux; Android 6.0.1; Nexus 5X Build/MMB29P) AppleWebKit/537.36 (KHTML, like Gecko) Chrome/137.0.7151.119 Mobile Safari/537.36 (compatible; Googlebot/2.1; +http://www.google.com/bot.html)"
66.249.73.132 - - [14/Jul/2025:13:40:27 +0000] "GET /?f=6112955041490&mod=d3036eaa&uri=brands.php%3Fid%3D204133-208%26name%3Dnikon+15mm+lens+price HTTP/1.1" 200 19001 "-" "Mozilla/5.0 (Linux; Android 6.0.1; Nexus 5X Build/MMB29P) AppleWebKit/537.36 (KHTML, like Gecko) Chrome/137.0.7151.103 Mobile Safari/537.36 (compatible; Googlebot/2.1; +http://www.google.com/bot.html)"
216.73.216.233 - - [14/Jul/2025:13:40:43 +0000] "GET /shopdetail/149814868 HTTP/1.1" 404 13146 "-" "Mozilla/5.0 AppleWebKit/537.36 (KHTML, like Gecko; compatible; ClaudeBot/1.0; [email protected])"
216.73.216.233 - - [14/Jul/2025:13:40:47 +0000] "GET /shopdetail/149984540 HTTP/1.1" 404 13146 "-" "Mozilla/5.0 AppleWebKit/537.36 (KHTML, like Gecko; compatible; ClaudeBot/1.0; [email protected])"
216.73.216.233 - - [14/Jul/2025:13:40:49 +0000] "GET /shopdetail/149545836 HTTP/1.1" 404 13146 "-" "Mozilla/5.0 AppleWebKit/537.36 (KHTML, like Gecko; compatible; ClaudeBot/1.0; [email protected])"
216.73.216.233 - - [14/Jul/2025:13:40:52 +0000] "GET /shopdetail/149677972 HTTP/1.1" 404 13146 "-" "Mozilla/5.0 AppleWebKit/537.36 (KHTML, like Gecko; compatible; ClaudeBot/1.0; [email protected])"
216.73.216.233 - - [14/Jul/2025:13:40:55 +0000] "GET /shopdetail/149444420 HTTP/1.1" 404 13146 "-" "Mozilla/5.0 AppleWebKit/537.36 (KHTML, like Gecko; compatible; ClaudeBot/1.0; [email protected])"
216.73.216.233 - - [14/Jul/2025:13:40:58 +0000] "GET /shopdetail/149975796 HTTP/1.1" 404 13146 "-" "Mozilla/5.0 AppleWebKit/537.36 (KHTML, like Gecko; compatible; ClaudeBot/1.0; [email protected])"
216.73.216.233 - - [14/Jul/2025:13:41:01 +0000] "GET /shopdetail/149843532 HTTP/1.1" 404 13146 "-" "Mozilla/5.0 AppleWebKit/537.36 (KHTML, like Gecko; compatible; ClaudeBot/1.0; [email protected])"
66.249.73.132 - - [14/Jul/2025:13:41:08 +0000] "POST /get-message-notify HTTP/1.1" 200 17999 "https://onlycnc.com.au/?f=6112955041490&mod=d3036eaa&uri=brands.php%3Fid%3D204133-208%26name%3Dnikon+15mm+lens+price" "Mozilla/5.0 (Linux; Android 6.0.1; Nexus 5X Build/MMB29P) AppleWebKit/537.36 (KHTML, like Gecko) Chrome/137.0.7151.119 Mobile Safari/537.36 (compatible; Googlebot/2.1; +http://www.google.com/bot.html)"
66.249.73.132 - - [14/Jul/2025:13:41:12 +0000] "GET /?f=6110015011490&mod=89a4779d&uri=form.php%3Fid%3D204035-40%26name%3Dmilwaukee+electric+roofing+nailer HTTP/1.1" 200 19011 "-" "Mozilla/5.0 (Linux; Android 6.0.1; Nexus 5X Build/MMB29P) AppleWebKit/537.36 (KHTML, like Gecko) Chrome/137.0.7151.103 Mobile Safari/537.36 (compatible; Googlebot/2.1; +http://www.google.com/bot.html)"
