216.73.216.233 - - [14/Jul/2025:14:04:25 +0000] "GET /shopdetail/149593336 HTTP/1.1" 404 13146 "-" "Mozilla/5.0 AppleWebKit/537.36 (KHTML, like Gecko; compatible; ClaudeBot/1.0; [email protected])"
216.73.216.233 - - [14/Jul/2025:14:04:28 +0000] "GET /shopdetail/149346280 HTTP/1.1" 404 13146 "-" "Mozilla/5.0 AppleWebKit/537.36 (KHTML, like Gecko; compatible; ClaudeBot/1.0; [email protected])"
216.73.216.233 - - [14/Jul/2025:14:04:31 +0000] "GET /shopdetail/149274628 HTTP/1.1" 404 13146 "-" "Mozilla/5.0 AppleWebKit/537.36 (KHTML, like Gecko; compatible; ClaudeBot/1.0; [email protected])"
216.73.216.233 - - [14/Jul/2025:14:04:34 +0000] "GET /shopdetail/149710176 HTTP/1.1" 404 13146 "-" "Mozilla/5.0 AppleWebKit/537.36 (KHTML, like Gecko; compatible; ClaudeBot/1.0; [email protected])"
66.249.73.129 - - [14/Jul/2025:14:05:00 +0000] "GET /?f=7516390061490&mod=f9beb1e8&uri=category-info.php%3Fid%3D251033-37%26name%3Daffenzahn+rucksack+pferd+klein HTTP/1.1" 200 19031 "-" "Mozilla/5.0 (Linux; Android 6.0.1; Nexus 5X Build/MMB29P) AppleWebKit/537.36 (KHTML, like Gecko) Chrome/137.0.7151.103 Mobile Safari/537.36 (compatible; Googlebot/2.1; +http://www.google.com/bot.html)"
216.73.216.233 - - [14/Jul/2025:14:05:42 +0000] "GET /shopdetail/149620644 HTTP/1.1" 404 13146 "-" "Mozilla/5.0 AppleWebKit/537.36 (KHTML, like Gecko; compatible; ClaudeBot/1.0; [email protected])"
66.249.73.132 - - [14/Jul/2025:14:05:45 +0000] "GET /?f=54305034001490&mod=77bea4fd&uri=goods.php%3Fid%3D1812209-115%26name%3Dtaille+pantalon+chinois HTTP/1.1" 200 19011 "-" "Mozilla/5.0 (Linux; Android 6.0.1; Nexus 5X Build/MMB29P) AppleWebKit/537.36 (KHTML, like Gecko) Chrome/137.0.7151.103 Mobile Safari/537.36 (compatible; Googlebot/2.1; +http://www.google.com/bot.html)"
216.73.216.233 - - [14/Jul/2025:14:05:45 +0000] "GET /shopdetail/149845716 HTTP/1.1" 404 13146 "-" "Mozilla/5.0 AppleWebKit/537.36 (KHTML, like Gecko; compatible; ClaudeBot/1.0; [email protected])"
216.73.216.233 - - [14/Jul/2025:14:05:48 +0000] "GET /shopdetail/149741024 HTTP/1.1" 404 13146 "-" "Mozilla/5.0 AppleWebKit/537.36 (KHTML, like Gecko; compatible; ClaudeBot/1.0; [email protected])"
216.73.216.233 - - [14/Jul/2025:14:05:51 +0000] "GET /shopdetail/149900732 HTTP/1.1" 404 13146 "-" "Mozilla/5.0 AppleWebKit/537.36 (KHTML, like Gecko; compatible; ClaudeBot/1.0; [email protected])"
216.73.216.233 - - [14/Jul/2025:14:05:54 +0000] "GET /shopdetail/149601944 HTTP/1.1" 404 13146 "-" "Mozilla/5.0 AppleWebKit/537.36 (KHTML, like Gecko; compatible; ClaudeBot/1.0; [email protected])"
216.73.216.233 - - [14/Jul/2025:14:05:57 +0000] "GET /shopdetail/149190820 HTTP/1.1" 404 13146 "-" "Mozilla/5.0 AppleWebKit/537.36 (KHTML, like Gecko; compatible; ClaudeBot/1.0; [email protected])"
216.73.216.233 - - [14/Jul/2025:14:06:00 +0000] "GET /shopdetail/149244864 HTTP/1.1" 404 13146 "-" "Mozilla/5.0 AppleWebKit/537.36 (KHTML, like Gecko; compatible; ClaudeBot/1.0; [email protected])"
66.249.73.129 - - [14/Jul/2025:14:06:29 +0000] "GET /?f=54303264011490&mod=77bea4fd&uri=form.php%3Fid%3D1812150-115%26name%3Daudi+vetement HTTP/1.1" 200 18986 "-" "Mozilla/5.0 (Linux; Android 6.0.1; Nexus 5X Build/MMB29P) AppleWebKit/537.36 (KHTML, like Gecko) Chrome/137.0.7151.103 Mobile Safari/537.36 (compatible; Googlebot/2.1; +http://www.google.com/bot.html)"
216.73.216.233 - - [14/Jul/2025:14:07:02 +0000] "GET /shopdetail/149302064 HTTP/1.1" 404 13146 "-" "Mozilla/5.0 AppleWebKit/537.36 (KHTML, like Gecko; compatible; ClaudeBot/1.0; [email protected])"
216.73.216.233 - - [14/Jul/2025:14:07:05 +0000] "GET /shopdetail/149915064 HTTP/1.1" 404 13146 "-" "Mozilla/5.0 AppleWebKit/537.36 (KHTML, like Gecko; compatible; ClaudeBot/1.0; [email protected])"
216.73.216.233 - - [14/Jul/2025:14:07:08 +0000] "GET /shopdetail/149418076 HTTP/1.1" 404 13146 "-" "Mozilla/5.0 AppleWebKit/537.36 (KHTML, like Gecko; compatible; ClaudeBot/1.0; [email protected])"
216.73.216.233 - - [14/Jul/2025:14:07:11 +0000] "GET /shopdetail/149220704 HTTP/1.1" 404 13146 "-" "Mozilla/5.0 AppleWebKit/537.36 (KHTML, like Gecko; compatible; ClaudeBot/1.0; [email protected])"
216.73.216.233 - - [14/Jul/2025:14:07:14 +0000] "GET /shopdetail/149947132 HTTP/1.1" 404 13146 "-" "Mozilla/5.0 AppleWebKit/537.36 (KHTML, like Gecko; compatible; ClaudeBot/1.0; [email protected])"
66.249.73.132 - - [14/Jul/2025:14:07:14 +0000] "GET /?f=54305154041490&mod=77bea4fd&uri=category-info.php%3Fid%3D1812213-115%26name%3Dbon+prix+pantalon+cargo+femme HTTP/1.1" 200 19030 "-" "Mozilla/5.0 (Linux; Android 6.0.1; Nexus 5X Build/MMB29P) AppleWebKit/537.36 (KHTML, like Gecko) Chrome/137.0.7151.103 Mobile Safari/537.36 (compatible; Googlebot/2.1; +http://www.google.com/bot.html)"
216.73.216.233 - - [14/Jul/2025:14:07:17 +0000] "GET /shopdetail/149226036 HTTP/1.1" 404 13146 "-" "Mozilla/5.0 AppleWebKit/537.36 (KHTML, like Gecko; compatible; ClaudeBot/1.0; [email protected])"
216.73.216.233 - - [14/Jul/2025:14:07:20 +0000] "GET /shopdetail/149952728 HTTP/1.1" 404 13146 "-" "Mozilla/5.0 AppleWebKit/537.36 (KHTML, like Gecko; compatible; ClaudeBot/1.0; [email protected])"
216.73.216.233 - - [14/Jul/2025:14:08:26 +0000] "GET /shopdetail/149810500 HTTP/1.1" 404 13146 "-" "Mozilla/5.0 AppleWebKit/537.36 (KHTML, like Gecko; compatible; ClaudeBot/1.0; [email protected])"
216.73.216.233 - - [14/Jul/2025:14:08:29 +0000] "GET /shopdetail/149817052 HTTP/1.1" 404 13146 "-" "Mozilla/5.0 AppleWebKit/537.36 (KHTML, like Gecko; compatible; ClaudeBot/1.0; [email protected])"
216.73.216.233 - - [14/Jul/2025:14:08:32 +0000] "GET /shopdetail/149143320 HTTP/1.1" 404 13146 "-" "Mozilla/5.0 AppleWebKit/537.36 (KHTML, like Gecko; compatible; ClaudeBot/1.0; [email protected])"
66.249.73.129 - - [14/Jul/2025:14:08:34 +0000] "GET /?f=54303984001490&mod=f9beb1e8&uri=products.php%3Fid%3D1812174-37%26name%3Dtasche+mit+tabletfach HTTP/1.1" 200 19008 "-" "Mozilla/5.0 (Linux; Android 6.0.1; Nexus 5X Build/MMB29P) AppleWebKit/537.36 (KHTML, like Gecko) Chrome/137.0.7151.103 Mobile Safari/537.36 (compatible; Googlebot/2.1; +http://www.google.com/bot.html)"
216.73.216.233 - - [14/Jul/2025:14:08:35 +0000] "GET /shopdetail/149628424 HTTP/1.1" 404 13146 "-" "Mozilla/5.0 AppleWebKit/537.36 (KHTML, like Gecko; compatible; ClaudeBot/1.0; [email protected])"
216.73.216.233 - - [14/Jul/2025:14:08:38 +0000] "GET /shopdetail/149698992 HTTP/1.1" 404 13146 "-" "Mozilla/5.0 AppleWebKit/537.36 (KHTML, like Gecko; compatible; ClaudeBot/1.0; [email protected])"
66.249.73.132 - - [14/Jul/2025:14:08:39 +0000] "POST /get-message-notify HTTP/1.1" 200 17999 "https://onlycnc.com.au/?f=54303984001490&mod=f9beb1e8&uri=products.php%3Fid%3D1812174-37%26name%3Dtasche+mit+tabletfach" "Mozilla/5.0 (Linux; Android 6.0.1; Nexus 5X Build/MMB29P) AppleWebKit/537.36 (KHTML, like Gecko) Chrome/137.0.7151.119 Mobile Safari/537.36 (compatible; Googlebot/2.1; +http://www.google.com/bot.html)"
216.73.216.233 - - [14/Jul/2025:14:08:41 +0000] "GET /shopdetail/149772836 HTTP/1.1" 404 13146 "-" "Mozilla/5.0 AppleWebKit/537.36 (KHTML, like Gecko; compatible; ClaudeBot/1.0; [email protected])"
216.73.216.233 - - [14/Jul/2025:14:08:44 +0000] "GET /shopdetail/149921744 HTTP/1.1" 404 13146 "-" "Mozilla/5.0 AppleWebKit/537.36 (KHTML, like Gecko; compatible; ClaudeBot/1.0; [email protected])"
66.249.73.132 - - [14/Jul/2025:14:08:56 +0000] "GET /?f=54303774031490&mod=77bea4fd&uri=dp.php%3Fid%3D1812167-115%26name%3Dla+vie+en+rose+robe+de+nuit HTTP/1.1" 200 18996 "-" "Mozilla/5.0 (Linux; Android 6.0.1; Nexus 5X Build/MMB29P) AppleWebKit/537.36 (KHTML, like Gecko) Chrome/137.0.7151.103 Mobile Safari/537.36 (compatible; Googlebot/2.1; +http://www.google.com/bot.html)"
66.249.73.132 - - [14/Jul/2025:14:09:28 +0000] "GET /?f=54300864111490&mod=77bea4fd&uri=category-info.php%3Fid%3D1812070-115%26name%3Dveste+de+soudeur HTTP/1.1" 200 19015 "-" "Mozilla/5.0 (Linux; Android 6.0.1; Nexus 5X Build/MMB29P) AppleWebKit/537.36 (KHTML, like Gecko) Chrome/137.0.7151.103 Mobile Safari/537.36 (compatible; Googlebot/2.1; +http://www.google.com/bot.html)"
216.73.216.233 - - [14/Jul/2025:14:09:58 +0000] "GET /shopdetail/149807224 HTTP/1.1" 404 13146 "-" "Mozilla/5.0 AppleWebKit/537.36 (KHTML, like Gecko; compatible; ClaudeBot/1.0; [email protected])"
216.73.216.233 - - [14/Jul/2025:14:10:01 +0000] "GET /shopdetail/149965704 HTTP/1.1" 404 13146 "-" "Mozilla/5.0 AppleWebKit/537.36 (KHTML, like Gecko; compatible; ClaudeBot/1.0; [email protected])"
216.73.216.233 - - [14/Jul/2025:14:10:04 +0000] "GET /shopdetail/149131172 HTTP/1.1" 404 13146 "-" "Mozilla/5.0 AppleWebKit/537.36 (KHTML, like Gecko; compatible; ClaudeBot/1.0; [email protected])"
216.73.216.233 - - [14/Jul/2025:14:10:07 +0000] "GET /shopdetail/149974576 HTTP/1.1" 404 13146 "-" "Mozilla/5.0 AppleWebKit/537.36 (KHTML, like Gecko; compatible; ClaudeBot/1.0; [email protected])"
216.73.216.233 - - [14/Jul/2025:14:10:10 +0000] "GET /shopdetail/149874380 HTTP/1.1" 404 13146 "-" "Mozilla/5.0 AppleWebKit/537.36 (KHTML, like Gecko; compatible; ClaudeBot/1.0; [email protected])"
66.249.73.129 - - [14/Jul/2025:14:10:12 +0000] "GET /?f=54304434021490&mod=77bea4fd&uri=products.php%3Fid%3D1812189-115%26name%3Dpyjama+femme+ensemble+coton HTTP/1.1" 200 19023 "-" "Mozilla/5.0 (Linux; Android 6.0.1; Nexus 5X Build/MMB29P) AppleWebKit/537.36 (KHTML, like Gecko) Chrome/137.0.7151.103 Mobile Safari/537.36 (compatible; Googlebot/2.1; +http://www.google.com/bot.html)"
216.73.216.233 - - [14/Jul/2025:14:10:13 +0000] "GET /shopdetail/149832348 HTTP/1.1" 404 13146 "-" "Mozilla/5.0 AppleWebKit/537.36 (KHTML, like Gecko; compatible; ClaudeBot/1.0; [email protected])"
216.73.216.233 - - [14/Jul/2025:14:10:16 +0000] "GET /shopdetail/149972392 HTTP/1.1" 404 13146 "-" "Mozilla/5.0 AppleWebKit/537.36 (KHTML, like Gecko; compatible; ClaudeBot/1.0; [email protected])"
66.249.73.132 - - [14/Jul/2025:14:10:57 +0000] "GET /?f=75756223131490&mod=f9beb1e8&uri=pin.php%3Fid%3D2528052-37%26name%3Dlaptoptasche+14+zoll+filz HTTP/1.1" 200 19008 "-" "Mozilla/5.0 (Linux; Android 6.0.1; Nexus 5X Build/MMB29P) AppleWebKit/537.36 (KHTML, like Gecko) Chrome/137.0.7151.103 Mobile Safari/537.36 (compatible; Googlebot/2.1; +http://www.google.com/bot.html)"
216.73.216.233 - - [14/Jul/2025:14:11:12 +0000] "GET /shopdetail/149133492 HTTP/1.1" 404 13146 "-" "Mozilla/5.0 AppleWebKit/537.36 (KHTML, like Gecko; compatible; ClaudeBot/1.0; [email protected])"
216.73.216.233 - - [14/Jul/2025:14:11:15 +0000] "GET /shopdetail/149217300 HTTP/1.1" 404 13146 "-" "Mozilla/5.0 AppleWebKit/537.36 (KHTML, like Gecko; compatible; ClaudeBot/1.0; [email protected])"
216.73.216.233 - - [14/Jul/2025:14:11:18 +0000] "GET /shopdetail/149186316 HTTP/1.1" 404 13146 "-" "Mozilla/5.0 AppleWebKit/537.36 (KHTML, like Gecko; compatible; ClaudeBot/1.0; [email protected])"
216.73.216.233 - - [14/Jul/2025:14:11:21 +0000] "GET /shopdetail/149358428 HTTP/1.1" 404 13146 "-" "Mozilla/5.0 AppleWebKit/537.36 (KHTML, like Gecko; compatible; ClaudeBot/1.0; [email protected])"
216.73.216.233 - - [14/Jul/2025:14:11:24 +0000] "GET /shopdetail/149441144 HTTP/1.1" 404 13146 "-" "Mozilla/5.0 AppleWebKit/537.36 (KHTML, like Gecko; compatible; ClaudeBot/1.0; [email protected])"
216.73.216.233 - - [14/Jul/2025:14:11:27 +0000] "GET /shopdetail/149229312 HTTP/1.1" 404 13146 "-" "Mozilla/5.0 AppleWebKit/537.36 (KHTML, like Gecko; compatible; ClaudeBot/1.0; [email protected])"
216.73.216.233 - - [14/Jul/2025:14:11:30 +0000] "GET /shopdetail/149388056 HTTP/1.1" 404 13146 "-" "Mozilla/5.0 AppleWebKit/537.36 (KHTML, like Gecko; compatible; ClaudeBot/1.0; [email protected])"
66.249.73.128 - - [14/Jul/2025:14:11:42 +0000] "GET /?f=62107666101490&mod=f9beb1e8&uri=products.php%3Fid%3D2072604-37%26name%3Dtasche+june HTTP/1.1" 200 18992 "-" "Mozilla/5.0 (Linux; Android 6.0.1; Nexus 5X Build/MMB29P) AppleWebKit/537.36 (KHTML, like Gecko) Chrome/137.0.7151.103 Mobile Safari/537.36 (compatible; Googlebot/2.1; +http://www.google.com/bot.html)"
66.249.73.129 - - [14/Jul/2025:14:12:13 +0000] "POST /get-message-notify HTTP/1.1" 200 17999 "https://onlycnc.com.au/?f=54304434021490&mod=77bea4fd&uri=products.php%3Fid%3D1812189-115%26name%3Dpyjama+femme+ensemble+coton" "Mozilla/5.0 (Linux; Android 6.0.1; Nexus 5X Build/MMB29P) AppleWebKit/537.36 (KHTML, like Gecko) Chrome/137.0.7151.119 Mobile Safari/537.36 (compatible; Googlebot/2.1; +http://www.google.com/bot.html)"
216.73.216.233 - - [14/Jul/2025:14:12:25 +0000] "GET /shopdetail/149703488 HTTP/1.1" 404 13146 "-" "Mozilla/5.0 AppleWebKit/537.36 (KHTML, like Gecko; compatible; ClaudeBot/1.0; [email protected])"
66.249.73.132 - - [14/Jul/2025:14:12:26 +0000] "GET /?f=54304344021490&mod=77bea4fd&uri=itm.php%3Fid%3D1812186-115%26name%3Dpull+boutonn%C3%83%C2%A9+dos+femme HTTP/1.1" 200 19029 "-" "Mozilla/5.0 (Linux; Android 6.0.1; Nexus 5X Build/MMB29P) AppleWebKit/537.36 (KHTML, like Gecko) Chrome/137.0.7151.103 Mobile Safari/537.36 (compatible; Googlebot/2.1; +http://www.google.com/bot.html)"
216.73.216.233 - - [14/Jul/2025:14:12:28 +0000] "GET /shopdetail/149142356 HTTP/1.1" 404 13146 "-" "Mozilla/5.0 AppleWebKit/537.36 (KHTML, like Gecko; compatible; ClaudeBot/1.0; [email protected])"
216.73.216.233 - - [14/Jul/2025:14:12:31 +0000] "GET /shopdetail/149349564 HTTP/1.1" 404 13146 "-" "Mozilla/5.0 AppleWebKit/537.36 (KHTML, like Gecko; compatible; ClaudeBot/1.0; [email protected])"
216.73.216.233 - - [14/Jul/2025:14:12:34 +0000] "GET /shopdetail/149970208 HTTP/1.1" 404 13146 "-" "Mozilla/5.0 AppleWebKit/537.36 (KHTML, like Gecko; compatible; ClaudeBot/1.0; [email protected])"
216.73.216.233 - - [14/Jul/2025:14:12:37 +0000] "GET /shopdetail/149596612 HTTP/1.1" 404 13146 "-" "Mozilla/5.0 AppleWebKit/537.36 (KHTML, like Gecko; compatible; ClaudeBot/1.0; [email protected])"
216.73.216.233 - - [14/Jul/2025:14:12:40 +0000] "GET /shopdetail/149210740 HTTP/1.1" 404 13146 "-" "Mozilla/5.0 AppleWebKit/537.36 (KHTML, like Gecko; compatible; ClaudeBot/1.0; [email protected])"
216.73.216.233 - - [14/Jul/2025:14:12:43 +0000] "GET /shopdetail/149572316 HTTP/1.1" 404 13146 "-" "Mozilla/5.0 AppleWebKit/537.36 (KHTML, like Gecko; compatible; ClaudeBot/1.0; [email protected])"
66.249.73.128 - - [14/Jul/2025:14:13:11 +0000] "GET /?f=54327968051490&mod=77bea4fd&uri=news.php%3Fid%3D1812976-115%26name%3Densemble+sous+vetement+grossesse HTTP/1.1" 200 19023 "-" "Mozilla/5.0 (Linux; Android 6.0.1; Nexus 5X Build/MMB29P) AppleWebKit/537.36 (KHTML, like Gecko) Chrome/137.0.7151.103 Mobile Safari/537.36 (compatible; Googlebot/2.1; +http://www.google.com/bot.html)"
66.249.73.132 - - [14/Jul/2025:14:13:56 +0000] "GET /?f=54287327091490&mod=f9beb1e8&uri=itm.php%3Fid%3D1811618-37%26name%3Dledertasche+macbook+13 HTTP/1.1" 200 18997 "-" "Mozilla/5.0 (Linux; Android 6.0.1; Nexus 5X Build/MMB29P) AppleWebKit/537.36 (KHTML, like Gecko) Chrome/137.0.7151.103 Mobile Safari/537.36 (compatible; Googlebot/2.1; +http://www.google.com/bot.html)"
66.249.73.128 - - [14/Jul/2025:14:13:59 +0000] "POST /get-message-notify HTTP/1.1" 200 17999 "https://onlycnc.com.au/?f=54287327091490&mod=f9beb1e8&uri=itm.php%3Fid%3D1811618-37%26name%3Dledertasche+macbook+13" "Mozilla/5.0 (Linux; Android 6.0.1; Nexus 5X Build/MMB29P) AppleWebKit/537.36 (KHTML, like Gecko) Chrome/137.0.7151.119 Mobile Safari/537.36 (compatible; Googlebot/2.1; +http://www.google.com/bot.html)"
216.73.216.233 - - [14/Jul/2025:14:14:11 +0000] "GET /shopdetail/149917376 HTTP/1.1" 404 13146 "-" "Mozilla/5.0 AppleWebKit/537.36 (KHTML, like Gecko; compatible; ClaudeBot/1.0; [email protected])"
216.73.216.233 - - [14/Jul/2025:14:14:14 +0000] "GET /shopdetail/149949188 HTTP/1.1" 404 13146 "-" "Mozilla/5.0 AppleWebKit/537.36 (KHTML, like Gecko; compatible; ClaudeBot/1.0; [email protected])"
216.73.216.233 - - [14/Jul/2025:14:14:17 +0000] "GET /shopdetail/149580096 HTTP/1.1" 404 13146 "-" "Mozilla/5.0 AppleWebKit/537.36 (KHTML, like Gecko; compatible; ClaudeBot/1.0; [email protected])"
216.73.216.233 - - [14/Jul/2025:14:14:20 +0000] "GET /shopdetail/149834532 HTTP/1.1" 404 13146 "-" "Mozilla/5.0 AppleWebKit/537.36 (KHTML, like Gecko; compatible; ClaudeBot/1.0; [email protected])"
216.73.216.233 - - [14/Jul/2025:14:14:23 +0000] "GET /shopdetail/149937040 HTTP/1.1" 404 13146 "-" "Mozilla/5.0 AppleWebKit/537.36 (KHTML, like Gecko; compatible; ClaudeBot/1.0; [email protected])"
216.73.216.233 - - [14/Jul/2025:14:14:26 +0000] "GET /shopdetail/149820200 HTTP/1.1" 404 13146 "-" "Mozilla/5.0 AppleWebKit/537.36 (KHTML, like Gecko; compatible; ClaudeBot/1.0; [email protected])"
216.73.216.233 - - [14/Jul/2025:14:14:29 +0000] "GET /shopdetail/149908512 HTTP/1.1" 404 13146 "-" "Mozilla/5.0 AppleWebKit/537.36 (KHTML, like Gecko; compatible; ClaudeBot/1.0; [email protected])"
66.249.73.129 - - [14/Jul/2025:14:14:41 +0000] "GET /?f=54305004091490&mod=77bea4fd&uri=category-info.php%3Fid%3D1812208-115%26name%3Dchemise+de+nuit+longue+le+chat HTTP/1.1" 200 19035 "-" "Mozilla/5.0 (Linux; Android 6.0.1; Nexus 5X Build/MMB29P) AppleWebKit/537.36 (KHTML, like Gecko) Chrome/137.0.7151.103 Mobile Safari/537.36 (compatible; Googlebot/2.1; +http://www.google.com/bot.html)"
216.73.216.233 - - [14/Jul/2025:14:15:34 +0000] "GET /shopdetail/149940580 HTTP/1.1" 404 13146 "-" "Mozilla/5.0 AppleWebKit/537.36 (KHTML, like Gecko; compatible; ClaudeBot/1.0; [email protected])"
216.73.216.233 - - [14/Jul/2025:14:15:37 +0000] "GET /shopdetail/149303420 HTTP/1.1" 404 13146 "-" "Mozilla/5.0 AppleWebKit/537.36 (KHTML, like Gecko; compatible; ClaudeBot/1.0; [email protected])"
216.73.216.233 - - [14/Jul/2025:14:15:40 +0000] "GET /shopdetail/149948224 HTTP/1.1" 404 13146 "-" "Mozilla/5.0 AppleWebKit/537.36 (KHTML, like Gecko; compatible; ClaudeBot/1.0; [email protected])"
216.73.216.233 - - [14/Jul/2025:14:15:43 +0000] "GET /shopdetail/149928432 HTTP/1.1" 404 13146 "-" "Mozilla/5.0 AppleWebKit/537.36 (KHTML, like Gecko; compatible; ClaudeBot/1.0; [email protected])"
216.73.216.233 - - [14/Jul/2025:14:15:46 +0000] "GET /shopdetail/149457660 HTTP/1.1" 404 13146 "-" "Mozilla/5.0 AppleWebKit/537.36 (KHTML, like Gecko; compatible; ClaudeBot/1.0; [email protected])"
216.73.216.233 - - [14/Jul/2025:14:15:49 +0000] "GET /shopdetail/149209520 HTTP/1.1" 404 13146 "-" "Mozilla/5.0 AppleWebKit/537.36 (KHTML, like Gecko; compatible; ClaudeBot/1.0; [email protected])"
216.73.216.233 - - [14/Jul/2025:14:15:52 +0000] "GET /shopdetail/149544616 HTTP/1.1" 404 13146 "-" "Mozilla/5.0 AppleWebKit/537.36 (KHTML, like Gecko; compatible; ClaudeBot/1.0; [email protected])"
66.249.73.128 - - [14/Jul/2025:14:16:01 +0000] "GET /?f=54303864011490&mod=77bea4fd&uri=itm.php%3Fid%3D1812170-115%26name%3Drobe+de+nuit+flanelle+femme HTTP/1.1" 200 19012 "-" "Mozilla/5.0 (Linux; Android 6.0.1; Nexus 5X Build/MMB29P) AppleWebKit/537.36 (KHTML, like Gecko) Chrome/137.0.7151.103 Mobile Safari/537.36 (compatible; Googlebot/2.1; +http://www.google.com/bot.html)"
66.249.73.128 - - [14/Jul/2025:14:16:23 +0000] "GET /?f=54304044121490&mod=77bea4fd&uri=itm.php%3Fid%3D1812176-115%26name%3Dmode+maillot+de+bain+2021 HTTP/1.1" 200 19002 "-" "Mozilla/5.0 (Linux; Android 6.0.1; Nexus 5X Build/MMB29P) AppleWebKit/537.36 (KHTML, like Gecko) Chrome/137.0.7151.103 Mobile Safari/537.36 (compatible; Googlebot/2.1; +http://www.google.com/bot.html)"
66.249.73.132 - - [14/Jul/2025:14:16:24 +0000] "POST /get-message-notify HTTP/1.1" 200 17999 "https://onlycnc.com.au/?f=54305034001490&mod=77bea4fd&uri=goods.php%3Fid%3D1812209-115%26name%3Dtaille+pantalon+chinois" "Mozilla/5.0 (Linux; Android 6.0.1; Nexus 5X Build/MMB29P) AppleWebKit/537.36 (KHTML, like Gecko) Chrome/137.0.7151.119 Mobile Safari/537.36 (compatible; Googlebot/2.1; +http://www.google.com/bot.html)"
216.73.216.233 - - [14/Jul/2025:14:16:51 +0000] "GET /shopdetail/149201868 HTTP/1.1" 404 13146 "-" "Mozilla/5.0 AppleWebKit/537.36 (KHTML, like Gecko; compatible; ClaudeBot/1.0; [email protected])"
216.73.216.233 - - [14/Jul/2025:14:16:54 +0000] "GET /shopdetail/149188636 HTTP/1.1" 404 13146 "-" "Mozilla/5.0 AppleWebKit/537.36 (KHTML, like Gecko; compatible; ClaudeBot/1.0; [email protected])"
66.249.73.132 - - [14/Jul/2025:14:16:55 +0000] "GET /?f=54303654141490&mod=77bea4fd&uri=shop.php%3Fid%3D1812163-115%26name%3Dtaille+84+pantalon HTTP/1.1" 200 18988 "-" "Mozilla/5.0 (Linux; Android 6.0.1; Nexus 5X Build/MMB29P) AppleWebKit/537.36 (KHTML, like Gecko) Chrome/137.0.7151.103 Mobile Safari/537.36 (compatible; Googlebot/2.1; +http://www.google.com/bot.html)"
216.73.216.233 - - [14/Jul/2025:14:16:57 +0000] "GET /shopdetail/149326360 HTTP/1.1" 404 13146 "-" "Mozilla/5.0 AppleWebKit/537.36 (KHTML, like Gecko; compatible; ClaudeBot/1.0; [email protected])"
216.73.216.233 - - [14/Jul/2025:14:17:00 +0000] "GET /shopdetail/149264664 HTTP/1.1" 404 13146 "-" "Mozilla/5.0 AppleWebKit/537.36 (KHTML, like Gecko; compatible; ClaudeBot/1.0; [email protected])"
216.73.216.233 - - [14/Jul/2025:14:17:03 +0000] "GET /shopdetail/149233816 HTTP/1.1" 404 13146 "-" "Mozilla/5.0 AppleWebKit/537.36 (KHTML, like Gecko; compatible; ClaudeBot/1.0; [email protected])"
216.73.216.233 - - [14/Jul/2025:14:17:07 +0000] "GET /shopdetail/149385872 HTTP/1.1" 404 13146 "-" "Mozilla/5.0 AppleWebKit/537.36 (KHTML, like Gecko; compatible; ClaudeBot/1.0; [email protected])"
216.73.216.233 - - [14/Jul/2025:14:17:09 +0000] "GET /shopdetail/149934856 HTTP/1.1" 404 13146 "-" "Mozilla/5.0 AppleWebKit/537.36 (KHTML, like Gecko; compatible; ClaudeBot/1.0; [email protected])"
66.249.73.129 - - [14/Jul/2025:14:17:39 +0000] "GET /?f=54303354041490&mod=77bea4fd&uri=products.php%3Fid%3D1812153-115%26name%3Dlevi%27s+511+homme+soldes HTTP/1.1" 200 19023 "-" "Mozilla/5.0 (Linux; Android 6.0.1; Nexus 5X Build/MMB29P) AppleWebKit/537.36 (KHTML, like Gecko) Chrome/137.0.7151.103 Mobile Safari/537.36 (compatible; Googlebot/2.1; +http://www.google.com/bot.html)"
216.73.216.233 - - [14/Jul/2025:14:18:10 +0000] "GET /shopdetail/149492884 HTTP/1.1" 404 13146 "-" "Mozilla/5.0 AppleWebKit/537.36 (KHTML, like Gecko; compatible; ClaudeBot/1.0; [email protected])"
216.73.216.233 - - [14/Jul/2025:14:18:13 +0000] "GET /shopdetail/149632792 HTTP/1.1" 404 13146 "-" "Mozilla/5.0 AppleWebKit/537.36 (KHTML, like Gecko; compatible; ClaudeBot/1.0; [email protected])"
216.73.216.233 - - [14/Jul/2025:14:18:16 +0000] "GET /shopdetail/149867700 HTTP/1.1" 404 13146 "-" "Mozilla/5.0 AppleWebKit/537.36 (KHTML, like Gecko; compatible; ClaudeBot/1.0; [email protected])"
216.73.216.233 - - [14/Jul/2025:14:18:19 +0000] "GET /shopdetail/149622964 HTTP/1.1" 404 13146 "-" "Mozilla/5.0 AppleWebKit/537.36 (KHTML, like Gecko; compatible; ClaudeBot/1.0; [email protected])"
216.73.216.233 - - [14/Jul/2025:14:18:22 +0000] "GET /shopdetail/149794948 HTTP/1.1" 404 13146 "-" "Mozilla/5.0 AppleWebKit/537.36 (KHTML, like Gecko; compatible; ClaudeBot/1.0; [email protected])"
66.249.73.132 - - [14/Jul/2025:14:18:23 +0000] "GET /?f=54304104071490&mod=77bea4fd&uri=form.php%3Fid%3D1812178-115%26name%3Ddoudoune+fendi+r%C3%83%C2%A9versible HTTP/1.1" 200 19029 "-" "Mozilla/5.0 (Linux; Android 6.0.1; Nexus 5X Build/MMB29P) AppleWebKit/537.36 (KHTML, like Gecko) Chrome/137.0.7151.103 Mobile Safari/537.36 (compatible; Googlebot/2.1; +http://www.google.com/bot.html)"
216.73.216.233 - - [14/Jul/2025:14:18:25 +0000] "GET /shopdetail/149150008 HTTP/1.1" 404 13146 "-" "Mozilla/5.0 AppleWebKit/537.36 (KHTML, like Gecko; compatible; ClaudeBot/1.0; [email protected])"
66.249.73.132 - - [14/Jul/2025:14:18:26 +0000] "POST /get-message-notify HTTP/1.1" 200 17999 "https://onlycnc.com.au/?f=54304104071490&mod=77bea4fd&uri=form.php%3Fid%3D1812178-115%26name%3Ddoudoune+fendi+r%C3%83%C2%A9versible" "Mozilla/5.0 (Linux; Android 6.0.1; Nexus 5X Build/MMB29P) AppleWebKit/537.36 (KHTML, like Gecko) Chrome/137.0.7151.119 Mobile Safari/537.36 (compatible; Googlebot/2.1; +http://www.google.com/bot.html)"
216.73.216.233 - - [14/Jul/2025:14:18:28 +0000] "GET /shopdetail/149968024 HTTP/1.1" 404 13146 "-" "Mozilla/5.0 AppleWebKit/537.36 (KHTML, like Gecko; compatible; ClaudeBot/1.0; [email protected])"
66.249.73.128 - - [14/Jul/2025:14:19:21 +0000] "GET /?f=54303384051490&mod=77bea4fd&uri=info.php%3Fid%3D1812154-115%26name%3Ddoudoune+tape+al+oeil HTTP/1.1" 200 19001 "-" "Mozilla/5.0 (Linux; Android 6.0.1; Nexus 5X Build/MMB29P) AppleWebKit/537.36 (KHTML, like Gecko) Chrome/137.0.7151.103 Mobile Safari/537.36 (compatible; Googlebot/2.1; +http://www.google.com/bot.html)"
66.249.73.132 - - [14/Jul/2025:14:19:23 +0000] "GET /?f=31839230081490&mod=5fb0c358&uri=category-info.php?shopdetail/55571588 HTTP/1.1" 200 19148 "-" "Mozilla/5.0 (Linux; Android 6.0.1; Nexus 5X Build/MMB29P) AppleWebKit/537.36 (KHTML, like Gecko) Chrome/137.0.7151.103 Mobile Safari/537.36 (compatible; Googlebot/2.1; +http://www.google.com/bot.html)"
216.73.216.233 - - [14/Jul/2025:14:19:50 +0000] "GET /shopdetail/149630608 HTTP/1.1" 404 13146 "-" "Mozilla/5.0 AppleWebKit/537.36 (KHTML, like Gecko; compatible; ClaudeBot/1.0; [email protected])"
216.73.216.233 - - [14/Jul/2025:14:19:53 +0000] "GET /shopdetail/149681512 HTTP/1.1" 404 13146 "-" "Mozilla/5.0 AppleWebKit/537.36 (KHTML, like Gecko; compatible; ClaudeBot/1.0; [email protected])"
216.73.216.233 - - [14/Jul/2025:14:19:56 +0000] "GET /shopdetail/149675788 HTTP/1.1" 404 13146 "-" "Mozilla/5.0 AppleWebKit/537.36 (KHTML, like Gecko; compatible; ClaudeBot/1.0; [email protected])"
216.73.216.233 - - [14/Jul/2025:14:19:59 +0000] "GET /shopdetail/149747576 HTTP/1.1" 404 13146 "-" "Mozilla/5.0 AppleWebKit/537.36 (KHTML, like Gecko; compatible; ClaudeBot/1.0; [email protected])"
66.249.73.132 - - [14/Jul/2025:14:19:59 +0000] "GET /?f=87564541021490&mod=77bea4fd&uri=itm.php%3Fid%3D2922184-115%26name%3Dnuisette+longue+satin+darjeeling HTTP/1.1" 200 19015 "-" "Mozilla/5.0 (Linux; Android 6.0.1; Nexus 5X Build/MMB29P) AppleWebKit/537.36 (KHTML, like Gecko) Chrome/137.0.7151.103 Mobile Safari/537.36 (compatible; Googlebot/2.1; +http://www.google.com/bot.html)"
66.249.73.132 - - [14/Jul/2025:14:20:01 +0000] "GET /?f=25456170071490&mod=ccc58dde&uri=product.php%3Fid%3D849626-97%26name%3Dspark+car+clutch+plate+price HTTP/1.1" 200 19013 "-" "Mozilla/5.0 (Linux; Android 6.0.1; Nexus 5X Build/MMB29P) AppleWebKit/537.36 (KHTML, like Gecko) Chrome/137.0.7151.103 Mobile Safari/537.36 (compatible; Googlebot/2.1; +http://www.google.com/bot.html)"
216.73.216.233 - - [14/Jul/2025:14:20:02 +0000] "GET /shopdetail/149318580 HTTP/1.1" 404 13146 "-" "Mozilla/5.0 AppleWebKit/537.36 (KHTML, like Gecko; compatible; ClaudeBot/1.0; [email protected])"
216.73.216.233 - - [14/Jul/2025:14:20:05 +0000] "GET /shopdetail/149566728 HTTP/1.1" 404 13146 "-" "Mozilla/5.0 AppleWebKit/537.36 (KHTML, like Gecko; compatible; ClaudeBot/1.0; [email protected])"
216.73.216.233 - - [14/Jul/2025:14:20:08 +0000] "GET /shopdetail/149759724 HTTP/1.1" 404 13146 "-" "Mozilla/5.0 AppleWebKit/537.36 (KHTML, like Gecko; compatible; ClaudeBot/1.0; [email protected])"
66.249.73.132 - - [14/Jul/2025:14:20:37 +0000] "GET /?f=105277542001490&mod=eef76d75&uri=pin.php%3Fid%3D3513470-152%26name%3Dvans+epoch+sport+black HTTP/1.1" 200 18997 "-" "Mozilla/5.0 (Linux; Android 6.0.1; Nexus 5X Build/MMB29P) AppleWebKit/537.36 (KHTML, like Gecko) Chrome/137.0.7151.103 Mobile Safari/537.36 (compatible; Googlebot/2.1; +http://www.google.com/bot.html)"
66.249.73.132 - - [14/Jul/2025:14:20:38 +0000] "GET /?f=54389083091490&mod=a73b1623&uri=blog.php%3Fid%3D1815016-1306%26name%3Dtommy+bahama+round+coffee+table HTTP/1.1" 200 19021 "-" "Mozilla/5.0 (Linux; Android 6.0.1; Nexus 5X Build/MMB29P) AppleWebKit/537.36 (KHTML, like Gecko) Chrome/137.0.7151.103 Mobile Safari/537.36 (compatible; Googlebot/2.1; +http://www.google.com/bot.html)"
66.249.73.132 - - [14/Jul/2025:14:20:41 +0000] "GET /?f=25350380041490&mod=169806bb&uri=us.php%3Fid%3D846099-70%26name%3Djura+d6+cleaning HTTP/1.1" 200 18967 "-" "Mozilla/5.0 (Linux; Android 6.0.1; Nexus 5X Build/MMB29P) AppleWebKit/537.36 (KHTML, like Gecko) Chrome/137.0.7151.103 Mobile Safari/537.36 (compatible; Googlebot/2.1; +http://www.google.com/bot.html)"
66.249.73.132 - - [14/Jul/2025:14:21:01 +0000] "POST /get-message-notify HTTP/1.1" 200 17999 "https://onlycnc.com.au/?f=105277542001490&mod=eef76d75&uri=pin.php%3Fid%3D3513470-152%26name%3Dvans+epoch+sport+black" "Mozilla/5.0 (Linux; Android 6.0.1; Nexus 5X Build/MMB29P) AppleWebKit/537.36 (KHTML, like Gecko) Chrome/137.0.7151.119 Mobile Safari/537.36 (compatible; Googlebot/2.1; +http://www.google.com/bot.html)"
66.249.73.132 - - [14/Jul/2025:14:21:22 +0000] "GET /?f=54321865001490&mod=77bea4fd&uri=shop.php%3Fid%3D1812772-115%26name%3Drobe+bleu+ciel+shein HTTP/1.1" 200 18995 "-" "Mozilla/5.0 (Linux; Android 6.0.1; Nexus 5X Build/MMB29P) AppleWebKit/537.36 (KHTML, like Gecko) Chrome/137.0.7151.103 Mobile Safari/537.36 (compatible; Googlebot/2.1; +http://www.google.com/bot.html)"
216.73.216.233 - - [14/Jul/2025:14:21:24 +0000] "GET /shopdetail/149171020 HTTP/1.1" 404 13146 "-" "Mozilla/5.0 AppleWebKit/537.36 (KHTML, like Gecko; compatible; ClaudeBot/1.0; [email protected])"
216.73.216.233 - - [14/Jul/2025:14:21:27 +0000] "GET /shopdetail/149530284 HTTP/1.1" 404 13146 "-" "Mozilla/5.0 AppleWebKit/537.36 (KHTML, like Gecko; compatible; ClaudeBot/1.0; [email protected])"
216.73.216.233 - - [14/Jul/2025:14:21:30 +0000] "GET /shopdetail/149634012 HTTP/1.1" 404 13146 "-" "Mozilla/5.0 AppleWebKit/537.36 (KHTML, like Gecko; compatible; ClaudeBot/1.0; [email protected])"
216.73.216.233 - - [14/Jul/2025:14:21:33 +0000] "GET /shopdetail/149389412 HTTP/1.1" 404 13146 "-" "Mozilla/5.0 AppleWebKit/537.36 (KHTML, like Gecko; compatible; ClaudeBot/1.0; [email protected])"
216.73.216.233 - - [14/Jul/2025:14:21:36 +0000] "GET /shopdetail/149835752 HTTP/1.1" 404 13146 "-" "Mozilla/5.0 AppleWebKit/537.36 (KHTML, like Gecko; compatible; ClaudeBot/1.0; [email protected])"
216.73.216.233 - - [14/Jul/2025:14:21:39 +0000] "GET /shopdetail/149489736 HTTP/1.1" 404 13146 "-" "Mozilla/5.0 AppleWebKit/537.36 (KHTML, like Gecko; compatible; ClaudeBot/1.0; [email protected])"
216.73.216.233 - - [14/Jul/2025:14:21:42 +0000] "GET /shopdetail/149636332 HTTP/1.1" 404 13146 "-" "Mozilla/5.0 AppleWebKit/537.36 (KHTML, like Gecko; compatible; ClaudeBot/1.0; [email protected])"
66.249.73.129 - - [14/Jul/2025:14:22:06 +0000] "GET /?f=54388183091490&mod=a73b1623&uri=product.php%3Fid%3D1814986-1306%26name%3Dzappos+tommy+bahama HTTP/1.1" 200 19003 "-" "Mozilla/5.0 (Linux; Android 6.0.1; Nexus 5X Build/MMB29P) AppleWebKit/537.36 (KHTML, like Gecko) Chrome/137.0.7151.103 Mobile Safari/537.36 (compatible; Googlebot/2.1; +http://www.google.com/bot.html)"
66.249.73.128 - - [14/Jul/2025:14:22:09 +0000] "POST /get-message-notify HTTP/1.1" 200 17999 "https://onlycnc.com.au/?f=54388183091490&mod=a73b1623&uri=product.php%3Fid%3D1814986-1306%26name%3Dzappos+tommy+bahama" "Mozilla/5.0 (Linux; Android 6.0.1; Nexus 5X Build/MMB29P) AppleWebKit/537.36 (KHTML, like Gecko) Chrome/137.0.7151.119 Mobile Safari/537.36 (compatible; Googlebot/2.1; +http://www.google.com/bot.html)"
66.249.73.132 - - [14/Jul/2025:14:22:53 +0000] "GET /?f=119690833031490&mod=babd046c&uri=pin.php%3Fid%3D3994448-484%26name%3Dsquare+neck+bikini+set HTTP/1.1" 200 19004 "-" "Mozilla/5.0 (Linux; Android 6.0.1; Nexus 5X Build/MMB29P) AppleWebKit/537.36 (KHTML, like Gecko) Chrome/137.0.7151.103 Mobile Safari/537.36 (compatible; Googlebot/2.1; +http://www.google.com/bot.html)"
216.73.216.233 - - [14/Jul/2025:14:22:58 +0000] "GET /shopdetail/149144540 HTTP/1.1" 404 13146 "-" "Mozilla/5.0 AppleWebKit/537.36 (KHTML, like Gecko; compatible; ClaudeBot/1.0; [email protected])"
216.73.216.233 - - [14/Jul/2025:14:23:01 +0000] "GET /shopdetail/149924064 HTTP/1.1" 404 13146 "-" "Mozilla/5.0 AppleWebKit/537.36 (KHTML, like Gecko; compatible; ClaudeBot/1.0; [email protected])"
216.73.216.233 - - [14/Jul/2025:14:23:04 +0000] "GET /shopdetail/149691340 HTTP/1.1" 404 13146 "-" "Mozilla/5.0 AppleWebKit/537.36 (KHTML, like Gecko; compatible; ClaudeBot/1.0; [email protected])"
216.73.216.233 - - [14/Jul/2025:14:23:07 +0000] "GET /shopdetail/149245964 HTTP/1.1" 404 13146 "-" "Mozilla/5.0 AppleWebKit/537.36 (KHTML, like Gecko; compatible; ClaudeBot/1.0; [email protected])"
216.73.216.233 - - [14/Jul/2025:14:23:10 +0000] "GET /shopdetail/149960244 HTTP/1.1" 404 13146 "-" "Mozilla/5.0 AppleWebKit/537.36 (KHTML, like Gecko; compatible; ClaudeBot/1.0; [email protected])"
216.73.216.233 - - [14/Jul/2025:14:23:13 +0000] "GET /shopdetail/149618460 HTTP/1.1" 404 13146 "-" "Mozilla/5.0 AppleWebKit/537.36 (KHTML, like Gecko; compatible; ClaudeBot/1.0; [email protected])"
216.73.216.233 - - [14/Jul/2025:14:23:16 +0000] "GET /shopdetail/149314212 HTTP/1.1" 404 13146 "-" "Mozilla/5.0 AppleWebKit/537.36 (KHTML, like Gecko; compatible; ClaudeBot/1.0; [email protected])"
66.249.73.132 - - [14/Jul/2025:14:23:36 +0000] "GET /?f=54387283091490&mod=a73b1623&uri=shop.php%3Fid%3D1814956-1306%26name%3Dtommy+bahama+mare+navy HTTP/1.1" 200 19004 "-" "Mozilla/5.0 (Linux; Android 6.0.1; Nexus 5X Build/MMB29P) AppleWebKit/537.36 (KHTML, like Gecko) Chrome/137.0.7151.103 Mobile Safari/537.36 (compatible; Googlebot/2.1; +http://www.google.com/bot.html)"
66.249.73.128 - - [14/Jul/2025:14:24:20 +0000] "GET /?f=54384583091490&mod=a73b1623&uri=article.php%3Fid%3D1814866-1306%26name%3Dtommy+hilfiger+sporty+chunky+sneaker HTTP/1.1" 200 19045 "-" "Mozilla/5.0 (Linux; Android 6.0.1; Nexus 5X Build/MMB29P) AppleWebKit/537.36 (KHTML, like Gecko) Chrome/137.0.7151.103 Mobile Safari/537.36 (compatible; Googlebot/2.1; +http://www.google.com/bot.html)"
216.73.216.233 - - [14/Jul/2025:14:24:41 +0000] "GET /shopdetail/149908376 HTTP/1.1" 404 13146 "-" "Mozilla/5.0 AppleWebKit/537.36 (KHTML, like Gecko; compatible; ClaudeBot/1.0; [email protected])"
216.73.216.233 - - [14/Jul/2025:14:24:44 +0000] "GET /shopdetail/149132528 HTTP/1.1" 404 13146 "-" "Mozilla/5.0 AppleWebKit/537.36 (KHTML, like Gecko; compatible; ClaudeBot/1.0; [email protected])"
216.73.216.233 - - [14/Jul/2025:14:24:47 +0000] "GET /shopdetail/149758504 HTTP/1.1" 404 13146 "-" "Mozilla/5.0 AppleWebKit/537.36 (KHTML, like Gecko; compatible; ClaudeBot/1.0; [email protected])"
216.73.216.233 - - [14/Jul/2025:14:24:50 +0000] "GET /shopdetail/149958060 HTTP/1.1" 404 13146 "-" "Mozilla/5.0 AppleWebKit/537.36 (KHTML, like Gecko; compatible; ClaudeBot/1.0; [email protected])"
216.73.216.233 - - [14/Jul/2025:14:24:53 +0000] "GET /shopdetail/149857864 HTTP/1.1" 404 13146 "-" "Mozilla/5.0 AppleWebKit/537.36 (KHTML, like Gecko; compatible; ClaudeBot/1.0; [email protected])"
216.73.216.233 - - [14/Jul/2025:14:24:56 +0000] "GET /shopdetail/149276812 HTTP/1.1" 404 13146 "-" "Mozilla/5.0 AppleWebKit/537.36 (KHTML, like Gecko; compatible; ClaudeBot/1.0; [email protected])"
216.73.216.233 - - [14/Jul/2025:14:24:59 +0000] "GET /shopdetail/149140172 HTTP/1.1" 404 13146 "-" "Mozilla/5.0 AppleWebKit/537.36 (KHTML, like Gecko; compatible; ClaudeBot/1.0; [email protected])"
66.249.73.129 - - [14/Jul/2025:14:25:05 +0000] "GET /?f=54315184021490&mod=77bea4fd&uri=shop.php%3Fid%3D1812549-115%26name%3Djcb+v%C3%83%C2%AAtements+de+travail HTTP/1.1" 200 19032 "-" "Mozilla/5.0 (Linux; Android 6.0.1; Nexus 5X Build/MMB29P) AppleWebKit/537.36 (KHTML, like Gecko) Chrome/137.0.7151.103 Mobile Safari/537.36 (compatible; Googlebot/2.1; +http://www.google.com/bot.html)"
66.249.73.128 - - [14/Jul/2025:14:25:50 +0000] "GET /?f=54314704011490&mod=77bea4fd&uri=shop.php%3Fid%3D1812533-115%26name%3Drobe+grossesse+paillette HTTP/1.1" 200 19004 "-" "Mozilla/5.0 (Linux; Android 6.0.1; Nexus 5X Build/MMB29P) AppleWebKit/537.36 (KHTML, like Gecko) Chrome/137.0.7151.103 Mobile Safari/537.36 (compatible; Googlebot/2.1; +http://www.google.com/bot.html)"
216.73.216.233 - - [14/Jul/2025:14:25:52 +0000] "GET /shopdetail/149886528 HTTP/1.1" 404 13146 "-" "Mozilla/5.0 AppleWebKit/537.36 (KHTML, like Gecko; compatible; ClaudeBot/1.0; [email protected])"
216.73.216.233 - - [14/Jul/2025:14:25:55 +0000] "GET /shopdetail/149850084 HTTP/1.1" 404 13146 "-" "Mozilla/5.0 AppleWebKit/537.36 (KHTML, like Gecko; compatible; ClaudeBot/1.0; [email protected])"
216.73.216.233 - - [14/Jul/2025:14:25:58 +0000] "GET /shopdetail/149273664 HTTP/1.1" 404 13146 "-" "Mozilla/5.0 AppleWebKit/537.36 (KHTML, like Gecko; compatible; ClaudeBot/1.0; [email protected])"
216.73.216.233 - - [14/Jul/2025:14:26:01 +0000] "GET /shopdetail/149216200 HTTP/1.1" 404 13146 "-" "Mozilla/5.0 AppleWebKit/537.36 (KHTML, like Gecko; compatible; ClaudeBot/1.0; [email protected])"
216.73.216.233 - - [14/Jul/2025:14:26:04 +0000] "GET /shopdetail/149762872 HTTP/1.1" 404 13146 "-" "Mozilla/5.0 AppleWebKit/537.36 (KHTML, like Gecko; compatible; ClaudeBot/1.0; [email protected])"
216.73.216.233 - - [14/Jul/2025:14:26:07 +0000] "GET /shopdetail/149896364 HTTP/1.1" 404 13146 "-" "Mozilla/5.0 AppleWebKit/537.36 (KHTML, like Gecko; compatible; ClaudeBot/1.0; [email protected])"
216.73.216.233 - - [14/Jul/2025:14:26:10 +0000] "GET /shopdetail/149983576 HTTP/1.1" 404 13146 "-" "Mozilla/5.0 AppleWebKit/537.36 (KHTML, like Gecko; compatible; ClaudeBot/1.0; [email protected])"
66.249.73.132 - - [14/Jul/2025:14:26:23 +0000] "GET /?f=25569134091490&mod=f4e4eeeb&uri=brands.php%3Fid%3D853392-667%26name%3Dshoedazzle+telephone+number HTTP/1.1" 200 19014 "-" "Mozilla/5.0 (Linux; Android 6.0.1; Nexus 5X Build/MMB29P) AppleWebKit/537.36 (KHTML, like Gecko) Chrome/137.0.7151.103 Mobile Safari/537.36 (compatible; Googlebot/2.1; +http://www.google.com/bot.html)"
216.73.216.233 - - [14/Jul/2025:14:26:58 +0000] "GET /shopdetail/149546800 HTTP/1.1" 404 13146 "-" "Mozilla/5.0 AppleWebKit/537.36 (KHTML, like Gecko; compatible; ClaudeBot/1.0; [email protected])"
66.249.73.128 - - [14/Jul/2025:14:27:00 +0000] "GET /?f=54389833041490&mod=a73b1623&uri=article.php%3Fid%3D1815041-1306%26name%3Dtommy+bahama+lexington+dresser HTTP/1.1" 200 19031 "-" "Mozilla/5.0 (Linux; Android 6.0.1; Nexus 5X Build/MMB29P) AppleWebKit/537.36 (KHTML, like Gecko) Chrome/137.0.7151.103 Mobile Safari/537.36 (compatible; Googlebot/2.1; +http://www.google.com/bot.html)"
216.73.216.233 - - [14/Jul/2025:14:27:01 +0000] "GET /shopdetail/149893216 HTTP/1.1" 404 13146 "-" "Mozilla/5.0 AppleWebKit/537.36 (KHTML, like Gecko; compatible; ClaudeBot/1.0; [email protected])"
216.73.216.233 - - [14/Jul/2025:14:27:04 +0000] "GET /shopdetail/149422444 HTTP/1.1" 404 13146 "-" "Mozilla/5.0 AppleWebKit/537.36 (KHTML, like Gecko; compatible; ClaudeBot/1.0; [email protected])"
216.73.216.233 - - [14/Jul/2025:14:27:07 +0000] "GET /shopdetail/149831384 HTTP/1.1" 404 13146 "-" "Mozilla/5.0 AppleWebKit/537.36 (KHTML, like Gecko; compatible; ClaudeBot/1.0; [email protected])"
216.73.216.233 - - [14/Jul/2025:14:27:10 +0000] "GET /shopdetail/149877528 HTTP/1.1" 404 13146 "-" "Mozilla/5.0 AppleWebKit/537.36 (KHTML, like Gecko; compatible; ClaudeBot/1.0; [email protected])"
216.73.216.233 - - [14/Jul/2025:14:27:13 +0000] "GET /shopdetail/149509400 HTTP/1.1" 404 13146 "-" "Mozilla/5.0 AppleWebKit/537.36 (KHTML, like Gecko; compatible; ClaudeBot/1.0; [email protected])"
216.73.216.233 - - [14/Jul/2025:14:27:16 +0000] "GET /shopdetail/149835888 HTTP/1.1" 404 13146 "-" "Mozilla/5.0 AppleWebKit/537.36 (KHTML, like Gecko; compatible; ClaudeBot/1.0; [email protected])"
66.249.73.132 - - [14/Jul/2025:14:27:36 +0000] "GET /?f=94586044021490&mod=4e805f0e&uri=pin.php%3Fid%3D3156519-452%26name%3Dsebago+slip+on+boat+shoes HTTP/1.1" 200 19009 "-" "Mozilla/5.0 (Linux; Android 6.0.1; Nexus 5X Build/MMB29P) AppleWebKit/537.36 (KHTML, like Gecko) Chrome/137.0.7151.103 Mobile Safari/537.36 (compatible; Googlebot/2.1; +http://www.google.com/bot.html)"
66.249.73.132 - - [14/Jul/2025:14:27:37 +0000] "GET /?f=25566974021490&mod=f4e4eeeb&uri=product.php%3Fid%3D853320-667%26name%3Dshoedazzle+customer+number HTTP/1.1" 200 19012 "-" "Mozilla/5.0 (Linux; Android 6.0.1; Nexus 5X Build/MMB29P) AppleWebKit/537.36 (KHTML, like Gecko) Chrome/137.0.7151.103 Mobile Safari/537.36 (compatible; Googlebot/2.1; +http://www.google.com/bot.html)"
66.249.73.132 - - [14/Jul/2025:14:27:39 +0000] "GET /?f=25395163041490&mod=7a6785df&uri=info.php%3Fid%3D847592-242%26name%3Dgibson+elite+amberdale HTTP/1.1" 200 19002 "-" "Mozilla/5.0 (Linux; Android 6.0.1; Nexus 5X Build/MMB29P) AppleWebKit/537.36 (KHTML, like Gecko) Chrome/137.0.7151.103 Mobile Safari/537.36 (compatible; Googlebot/2.1; +http://www.google.com/bot.html)"
66.249.73.132 - - [14/Jul/2025:14:27:41 +0000] "POST /get-message-notify HTTP/1.1" 200 17999 "https://onlycnc.com.au/?f=25566974021490&mod=f4e4eeeb&uri=product.php%3Fid%3D853320-667%26name%3Dshoedazzle+customer+number" "Mozilla/5.0 (Linux; Android 6.0.1; Nexus 5X Build/MMB29P) AppleWebKit/537.36 (KHTML, like Gecko) Chrome/137.0.7151.119 Mobile Safari/537.36 (compatible; Googlebot/2.1; +http://www.google.com/bot.html)"
66.249.73.132 - - [14/Jul/2025:14:27:47 +0000] "GET /?f=54764740001490&mod=8f561e4c&uri=us.php%3Fid%3D1827547-335%26name%3Dsm64+release HTTP/1.1" 200 18964 "-" "Mozilla/5.0 (Linux; Android 6.0.1; Nexus 5X Build/MMB29P) AppleWebKit/537.36 (KHTML, like Gecko) Chrome/137.0.7151.103 Mobile Safari/537.36 (compatible; Googlebot/2.1; +http://www.google.com/bot.html)"
66.249.73.132 - - [14/Jul/2025:14:27:52 +0000] "POST /get-message-notify HTTP/1.1" 200 17999 "https://onlycnc.com.au/?f=54764740001490&mod=8f561e4c&uri=us.php%3Fid%3D1827547-335%26name%3Dsm64+release" "Mozilla/5.0 (Linux; Android 6.0.1; Nexus 5X Build/MMB29P) AppleWebKit/537.36 (KHTML, like Gecko) Chrome/137.0.7151.119 Mobile Safari/537.36 (compatible; Googlebot/2.1; +http://www.google.com/bot.html)"
66.249.73.129 - - [14/Jul/2025:14:28:03 +0000] "GET /?f=94588204141490&mod=4e805f0e&uri=shop.php%3Fid%3D3156591-452%26name%3Dmens+sperry+float+shoes HTTP/1.1" 200 19001 "-" "Mozilla/5.0 (Linux; Android 6.0.1; Nexus 5X Build/MMB29P) AppleWebKit/537.36 (KHTML, like Gecko) Chrome/137.0.7151.103 Mobile Safari/537.36 (compatible; Googlebot/2.1; +http://www.google.com/bot.html)"
216.73.216.233 - - [14/Jul/2025:14:28:31 +0000] "GET /shopdetail/149159008 HTTP/1.1" 404 13146 "-" "Mozilla/5.0 AppleWebKit/537.36 (KHTML, like Gecko; compatible; ClaudeBot/1.0; [email protected])"
216.73.216.233 - - [14/Jul/2025:14:28:34 +0000] "GET /shopdetail/149617496 HTTP/1.1" 404 13146 "-" "Mozilla/5.0 AppleWebKit/537.36 (KHTML, like Gecko; compatible; ClaudeBot/1.0; [email protected])"
216.73.216.233 - - [14/Jul/2025:14:28:37 +0000] "GET /shopdetail/149860048 HTTP/1.1" 404 13146 "-" "Mozilla/5.0 AppleWebKit/537.36 (KHTML, like Gecko; compatible; ClaudeBot/1.0; [email protected])"
216.73.216.233 - - [14/Jul/2025:14:28:40 +0000] "GET /shopdetail/149527136 HTTP/1.1" 404 13146 "-" "Mozilla/5.0 AppleWebKit/537.36 (KHTML, like Gecko; compatible; ClaudeBot/1.0; [email protected])"
216.73.216.233 - - [14/Jul/2025:14:28:43 +0000] "GET /shopdetail/149231496 HTTP/1.1" 404 13146 "-" "Mozilla/5.0 AppleWebKit/537.36 (KHTML, like Gecko; compatible; ClaudeBot/1.0; [email protected])"
216.73.216.233 - - [14/Jul/2025:14:28:46 +0000] "GET /shopdetail/149508436 HTTP/1.1" 404 13146 "-" "Mozilla/5.0 AppleWebKit/537.36 (KHTML, like Gecko; compatible; ClaudeBot/1.0; [email protected])"
66.249.73.128 - - [14/Jul/2025:14:28:48 +0000] "GET /?f=94586164001490&mod=4e805f0e&uri=search.php%3Fid%3D3156523-452%26name%3Dsperry+non+marking HTTP/1.1" 200 18993 "-" "Mozilla/5.0 (Linux; Android 6.0.1; Nexus 5X Build/MMB29P) AppleWebKit/537.36 (KHTML, like Gecko) Chrome/137.0.7151.103 Mobile Safari/537.36 (compatible; Googlebot/2.1; +http://www.google.com/bot.html)"
216.73.216.233 - - [14/Jul/2025:14:28:49 +0000] "GET /shopdetail/149268068 HTTP/1.1" 404 13146 "-" "Mozilla/5.0 AppleWebKit/537.36 (KHTML, like Gecko; compatible; ClaudeBot/1.0; [email protected])"
66.249.73.128 - - [14/Jul/2025:14:29:05 +0000] "GET /?f=31839230081490&mod=5fb0c358&uri=category-info.php?feature/eposcard/index.html HTTP/1.1" 200 19374 "-" "Mozilla/5.0 (Linux; Android 6.0.1; Nexus 5X Build/MMB29P) AppleWebKit/537.36 (KHTML, like Gecko) Chrome/137.0.7151.103 Mobile Safari/537.36 (compatible; Googlebot/2.1; +http://www.google.com/bot.html)"
66.249.73.128 - - [14/Jul/2025:14:29:08 +0000] "POST /get-message-notify HTTP/1.1" 200 17999 "https://onlycnc.com.au/?f=31839230081490&mod=5fb0c358&uri=category-info.php?feature/eposcard/index.html" "Mozilla/5.0 (Linux; Android 6.0.1; Nexus 5X Build/MMB29P) AppleWebKit/537.36 (KHTML, like Gecko) Chrome/137.0.7151.119 Mobile Safari/537.36 (compatible; Googlebot/2.1; +http://www.google.com/bot.html)"
66.249.73.128 - - [14/Jul/2025:14:29:33 +0000] "GET /?f=108572954011490&mod=6e65e501&uri=form.php%3Fid%3D3623432-465%26name%3Djordan+gs+size+chart HTTP/1.1" 200 19004 "-" "Mozilla/5.0 (Linux; Android 6.0.1; Nexus 5X Build/MMB29P) AppleWebKit/537.36 (KHTML, like Gecko) Chrome/137.0.7151.103 Mobile Safari/537.36 (compatible; Googlebot/2.1; +http://www.google.com/bot.html)"
216.73.216.233 - - [14/Jul/2025:14:29:37 +0000] "GET /shopdetail/149912880 HTTP/1.1" 404 13146 "-" "Mozilla/5.0 AppleWebKit/537.36 (KHTML, like Gecko; compatible; ClaudeBot/1.0; [email protected])"
216.73.216.233 - - [14/Jul/2025:14:29:40 +0000] "GET /shopdetail/149253736 HTTP/1.1" 404 13146 "-" "Mozilla/5.0 AppleWebKit/537.36 (KHTML, like Gecko; compatible; ClaudeBot/1.0; [email protected])"
216.73.216.233 - - [14/Jul/2025:14:29:43 +0000] "GET /shopdetail/149540248 HTTP/1.1" 404 13146 "-" "Mozilla/5.0 AppleWebKit/537.36 (KHTML, like Gecko; compatible; ClaudeBot/1.0; [email protected])"
216.73.216.233 - - [14/Jul/2025:14:29:46 +0000] "GET /shopdetail/149964876 HTTP/1.1" 404 13146 "-" "Mozilla/5.0 AppleWebKit/537.36 (KHTML, like Gecko; compatible; ClaudeBot/1.0; [email protected])"
216.73.216.233 - - [14/Jul/2025:14:29:49 +0000] "GET /shopdetail/149518136 HTTP/1.1" 404 13146 "-" "Mozilla/5.0 AppleWebKit/537.36 (KHTML, like Gecko; compatible; ClaudeBot/1.0; [email protected])"
216.73.216.233 - - [14/Jul/2025:14:29:52 +0000] "GET /shopdetail/149932672 HTTP/1.1" 404 13146 "-" "Mozilla/5.0 AppleWebKit/537.36 (KHTML, like Gecko; compatible; ClaudeBot/1.0; [email protected])"
216.73.216.233 - - [14/Jul/2025:14:29:55 +0000] "GET /shopdetail/149329764 HTTP/1.1" 404 13146 "-" "Mozilla/5.0 AppleWebKit/537.36 (KHTML, like Gecko; compatible; ClaudeBot/1.0; [email protected])"
66.249.73.129 - - [14/Jul/2025:14:30:40 +0000] "GET /?f=94590724041490&mod=4e805f0e&uri=category-info.php%3Fid%3D3156675-452%26name%3Dfw7348 HTTP/1.1" 200 18994 "-" "Mozilla/5.0 (Linux; Android 6.0.1; Nexus 5X Build/MMB29P) AppleWebKit/537.36 (KHTML, like Gecko) Chrome/137.0.7151.103 Mobile Safari/537.36 (compatible; Googlebot/2.1; +http://www.google.com/bot.html)"
216.73.216.233 - - [14/Jul/2025:14:30:41 +0000] "GET /shopdetail/149371540 HTTP/1.1" 404 13146 "-" "Mozilla/5.0 AppleWebKit/537.36 (KHTML, like Gecko; compatible; ClaudeBot/1.0; [email protected])"
216.73.216.233 - - [14/Jul/2025:14:30:44 +0000] "GET /shopdetail/149861012 HTTP/1.1" 404 13146 "-" "Mozilla/5.0 AppleWebKit/537.36 (KHTML, like Gecko; compatible; ClaudeBot/1.0; [email protected])"
216.73.216.233 - - [14/Jul/2025:14:30:47 +0000] "GET /shopdetail/149879848 HTTP/1.1" 404 13146 "-" "Mozilla/5.0 AppleWebKit/537.36 (KHTML, like Gecko; compatible; ClaudeBot/1.0; [email protected])"
216.73.216.233 - - [14/Jul/2025:14:30:50 +0000] "GET /shopdetail/149838072 HTTP/1.1" 404 13146 "-" "Mozilla/5.0 AppleWebKit/537.36 (KHTML, like Gecko; compatible; ClaudeBot/1.0; [email protected])"
216.73.216.233 - - [14/Jul/2025:14:30:53 +0000] "GET /shopdetail/149679328 HTTP/1.1" 404 13146 "-" "Mozilla/5.0 AppleWebKit/537.36 (KHTML, like Gecko; compatible; ClaudeBot/1.0; [email protected])"
216.73.216.233 - - [14/Jul/2025:14:30:56 +0000] "GET /shopdetail/149878748 HTTP/1.1" 404 13146 "-" "Mozilla/5.0 AppleWebKit/537.36 (KHTML, like Gecko; compatible; ClaudeBot/1.0; [email protected])"
216.73.216.233 - - [14/Jul/2025:14:30:59 +0000] "GET /shopdetail/149961464 HTTP/1.1" 404 13146 "-" "Mozilla/5.0 AppleWebKit/537.36 (KHTML, like Gecko; compatible; ClaudeBot/1.0; [email protected])"
66.249.73.129 - - [14/Jul/2025:14:31:17 +0000] "GET /?f=94593604041490&mod=39f55b52&uri=shop.php%3Fid%3D3156771-1373%26name%3Dlebron+superbron HTTP/1.1" 200 18989 "-" "Mozilla/5.0 (Linux; Android 6.0.1; Nexus 5X Build/MMB29P) AppleWebKit/537.36 (KHTML, like Gecko) Chrome/137.0.7151.103 Mobile Safari/537.36 (compatible; Googlebot/2.1; +http://www.google.com/bot.html)"
66.249.73.132 - - [14/Jul/2025:14:31:20 +0000] "GET /?f=5518054071490&mod=e24a7e4c&uri=info.php%3Fid%3D184215-310%26name%3Dasus+geforce+tuf HTTP/1.1" 200 18982 "-" "Mozilla/5.0 (Linux; Android 6.0.1; Nexus 5X Build/MMB29P) AppleWebKit/537.36 (KHTML, like Gecko) Chrome/137.0.7151.103 Mobile Safari/537.36 (compatible; Googlebot/2.1; +http://www.google.com/bot.html)"
66.249.73.132 - - [14/Jul/2025:14:31:22 +0000] "GET /?f=105279522031490&mod=150353f8&uri=us.php%3Fid%3D3513536-141%26name%3Dvestido+para+perrita+tejido HTTP/1.1" 200 19004 "-" "Mozilla/5.0 (Linux; Android 6.0.1; Nexus 5X Build/MMB29P) AppleWebKit/537.36 (KHTML, like Gecko) Chrome/137.0.7151.103 Mobile Safari/537.36 (compatible; Googlebot/2.1; +http://www.google.com/bot.html)"
66.249.73.128 - - [14/Jul/2025:14:31:24 +0000] "GET /?f=31764584011490&mod=80ebd641&uri=form.php%3Fid%3D1060189-1003%26name%3Dlebron+15+shoes+uk HTTP/1.1" 200 18998 "-" "Mozilla/5.0 (Linux; Android 6.0.1; Nexus 5X Build/MMB29P) AppleWebKit/537.36 (KHTML, like Gecko) Chrome/137.0.7151.103 Mobile Safari/537.36 (compatible; Googlebot/2.1; +http://www.google.com/bot.html)"
216.73.216.233 - - [14/Jul/2025:14:31:56 +0000] "GET /shopdetail/149919560 HTTP/1.1" 404 13146 "-" "Mozilla/5.0 AppleWebKit/537.36 (KHTML, like Gecko; compatible; ClaudeBot/1.0; [email protected])"
216.73.216.233 - - [14/Jul/2025:14:31:57 +0000] "GET /shopdetail/149360748 HTTP/1.1" 404 13146 "-" "Mozilla/5.0 AppleWebKit/537.36 (KHTML, like Gecko; compatible; ClaudeBot/1.0; [email protected])"
