66.249.73.132 - - [14/Jul/2025:15:28:20 +0000] "POST /get-message-notify HTTP/1.1" 200 17999 "https://onlycnc.com.au/?f=86481265001490&mod=8e7035e0&uri=product.php?shopdetail/3312868" "Mozilla/5.0 (Linux; Android 6.0.1; Nexus 5X Build/MMB29P) AppleWebKit/537.36 (KHTML, like Gecko) Chrome/137.0.7151.119 Mobile Safari/537.36 (compatible; Googlebot/2.1; +http://www.google.com/bot.html)"
216.73.216.233 - - [14/Jul/2025:15:28:58 +0000] "GET /shopdetail/149198464 HTTP/1.1" 404 13146 "-" "Mozilla/5.0 AppleWebKit/537.36 (KHTML, like Gecko; compatible; ClaudeBot/1.0; [email protected])"
216.73.216.233 - - [14/Jul/2025:15:28:59 +0000] "GET /shopdetail/149442108 HTTP/1.1" 404 13146 "-" "Mozilla/5.0 AppleWebKit/537.36 (KHTML, like Gecko; compatible; ClaudeBot/1.0; [email protected])"
216.73.216.233 - - [14/Jul/2025:15:29:02 +0000] "GET /shopdetail/149485104 HTTP/1.1" 404 13146 "-" "Mozilla/5.0 AppleWebKit/537.36 (KHTML, like Gecko; compatible; ClaudeBot/1.0; [email protected])"
216.73.216.233 - - [14/Jul/2025:15:29:05 +0000] "GET /shopdetail/149445384 HTTP/1.1" 404 13146 "-" "Mozilla/5.0 AppleWebKit/537.36 (KHTML, like Gecko; compatible; ClaudeBot/1.0; [email protected])"
216.73.216.233 - - [14/Jul/2025:15:29:08 +0000] "GET /shopdetail/149240368 HTTP/1.1" 404 13146 "-" "Mozilla/5.0 AppleWebKit/537.36 (KHTML, like Gecko; compatible; ClaudeBot/1.0; [email protected])"
216.73.216.233 - - [14/Jul/2025:15:29:11 +0000] "GET /shopdetail/149174168 HTTP/1.1" 404 13146 "-" "Mozilla/5.0 AppleWebKit/537.36 (KHTML, like Gecko; compatible; ClaudeBot/1.0; [email protected])"
66.249.73.132 - - [14/Jul/2025:15:29:11 +0000] "GET /?f=73718141051490&mod=eef76d75&uri=goods.php%3Fid%3D2460040-152%26name%3Dnike+m2k+custom HTTP/1.1" 200 18997 "-" "Mozilla/5.0 (Linux; Android 6.0.1; Nexus 5X Build/MMB29P) AppleWebKit/537.36 (KHTML, like Gecko) Chrome/137.0.7151.103 Mobile Safari/537.36 (compatible; Googlebot/2.1; +http://www.google.com/bot.html)"
66.249.73.128 - - [14/Jul/2025:15:29:13 +0000] "GET /?f=86481265001490&mod=8e7035e0&uri=product.php?shopdetail/3306180 HTTP/1.1" 200 18774 "-" "Mozilla/5.0 (Linux; Android 6.0.1; Nexus 5X Build/MMB29P) AppleWebKit/537.36 (KHTML, like Gecko) Chrome/137.0.7151.103 Mobile Safari/537.36 (compatible; Googlebot/2.1; +http://www.google.com/bot.html)"
66.249.73.129 - - [14/Jul/2025:15:29:14 +0000] "GET /?f=86472445011490&mod=8e7035e0&uri=blog.php?shopdetail/3267688 HTTP/1.1" 200 19274 "-" "Mozilla/5.0 (Linux; Android 6.0.1; Nexus 5X Build/MMB29P) AppleWebKit/537.36 (KHTML, like Gecko) Chrome/137.0.7151.103 Mobile Safari/537.36 (compatible; Googlebot/2.1; +http://www.google.com/bot.html)"
66.249.73.132 - - [14/Jul/2025:15:29:41 +0000] "GET /?f=86481265001490&mod=8e7035e0&uri=product.php?shopdetail/3256504 HTTP/1.1" 200 19095 "-" "Mozilla/5.0 (Linux; Android 6.0.1; Nexus 5X Build/MMB29P) AppleWebKit/537.36 (KHTML, like Gecko) Chrome/137.0.7151.103 Mobile Safari/537.36 (compatible; Googlebot/2.1; +http://www.google.com/bot.html)"
66.249.73.132 - - [14/Jul/2025:15:29:43 +0000] "GET /?f=25284192081490&mod=beeb6c4c&uri=category-info.php%3Fid%3D843889-403%26name%3Dslipper+beige+herren HTTP/1.1" 200 19015 "-" "Mozilla/5.0 (Linux; Android 6.0.1; Nexus 5X Build/MMB29P) AppleWebKit/537.36 (KHTML, like Gecko) Chrome/137.0.7151.103 Mobile Safari/537.36 (compatible; Googlebot/2.1; +http://www.google.com/bot.html)"
216.73.216.233 - - [14/Jul/2025:15:30:20 +0000] "GET /shopdetail/149607668 HTTP/1.1" 404 13146 "-" "Mozilla/5.0 AppleWebKit/537.36 (KHTML, like Gecko; compatible; ClaudeBot/1.0; [email protected])"
216.73.216.233 - - [14/Jul/2025:15:30:23 +0000] "GET /shopdetail/149786204 HTTP/1.1" 404 13146 "-" "Mozilla/5.0 AppleWebKit/537.36 (KHTML, like Gecko; compatible; ClaudeBot/1.0; [email protected])"
216.73.216.233 - - [14/Jul/2025:15:30:26 +0000] "GET /shopdetail/149490564 HTTP/1.1" 404 13146 "-" "Mozilla/5.0 AppleWebKit/537.36 (KHTML, like Gecko; compatible; ClaudeBot/1.0; [email protected])"
216.73.216.233 - - [14/Jul/2025:15:30:29 +0000] "GET /shopdetail/149571096 HTTP/1.1" 404 13146 "-" "Mozilla/5.0 AppleWebKit/537.36 (KHTML, like Gecko; compatible; ClaudeBot/1.0; [email protected])"
216.73.216.233 - - [14/Jul/2025:15:30:32 +0000] "GET /shopdetail/149347244 HTTP/1.1" 404 13146 "-" "Mozilla/5.0 AppleWebKit/537.36 (KHTML, like Gecko; compatible; ClaudeBot/1.0; [email protected])"
216.73.216.233 - - [14/Jul/2025:15:30:35 +0000] "GET /shopdetail/149698028 HTTP/1.1" 404 13146 "-" "Mozilla/5.0 AppleWebKit/537.36 (KHTML, like Gecko; compatible; ClaudeBot/1.0; [email protected])"
66.249.73.128 - - [14/Jul/2025:15:30:37 +0000] "GET /?f=86481265001490&mod=8e7035e0&uri=product.php?feature/utsunomiya/index.html HTTP/1.1" 200 19503 "-" "Mozilla/5.0 (Linux; Android 6.0.1; Nexus 5X Build/MMB29P) AppleWebKit/537.36 (KHTML, like Gecko) Chrome/137.0.7151.103 Mobile Safari/537.36 (compatible; Googlebot/2.1; +http://www.google.com/bot.html)"
66.249.73.132 - - [14/Jul/2025:15:31:04 +0000] "GET /?f=86481265001490&mod=8e7035e0&uri=product.php?hobby/boardgame/index.html HTTP/1.1" 200 19301 "-" "Mozilla/5.0 (Linux; Android 6.0.1; Nexus 5X Build/MMB29P) AppleWebKit/537.36 (KHTML, like Gecko) Chrome/137.0.7151.103 Mobile Safari/537.36 (compatible; Googlebot/2.1; +http://www.google.com/bot.html)"
216.73.216.233 - - [14/Jul/2025:15:31:50 +0000] "GET /shopdetail/149763136 HTTP/1.1" 404 13146 "-" "Mozilla/5.0 AppleWebKit/537.36 (KHTML, like Gecko; compatible; ClaudeBot/1.0; [email protected])"
216.73.216.233 - - [14/Jul/2025:15:31:54 +0000] "GET /shopdetail/149583244 HTTP/1.1" 404 13146 "-" "Mozilla/5.0 AppleWebKit/537.36 (KHTML, like Gecko; compatible; ClaudeBot/1.0; [email protected])"
216.73.216.233 - - [14/Jul/2025:15:31:56 +0000] "GET /shopdetail/149436776 HTTP/1.1" 404 13146 "-" "Mozilla/5.0 AppleWebKit/537.36 (KHTML, like Gecko; compatible; ClaudeBot/1.0; [email protected])"
66.249.73.132 - - [14/Jul/2025:15:31:57 +0000] "GET /?f=86481265001490&mod=8e7035e0&uri=product.php?shopdetail/3324880 HTTP/1.1" 200 19184 "-" "Mozilla/5.0 (Linux; Android 6.0.1; Nexus 5X Build/MMB29P) AppleWebKit/537.36 (KHTML, like Gecko) Chrome/137.0.7151.103 Mobile Safari/537.36 (compatible; Googlebot/2.1; +http://www.google.com/bot.html)"
216.73.216.233 - - [14/Jul/2025:15:31:59 +0000] "GET /shopdetail/149694624 HTTP/1.1" 404 13146 "-" "Mozilla/5.0 AppleWebKit/537.36 (KHTML, like Gecko; compatible; ClaudeBot/1.0; [email protected])"
216.73.216.233 - - [14/Jul/2025:15:32:02 +0000] "GET /shopdetail/149678108 HTTP/1.1" 404 13146 "-" "Mozilla/5.0 AppleWebKit/537.36 (KHTML, like Gecko; compatible; ClaudeBot/1.0; [email protected])"
216.73.216.233 - - [14/Jul/2025:15:32:05 +0000] "GET /shopdetail/149398020 HTTP/1.1" 404 13146 "-" "Mozilla/5.0 AppleWebKit/537.36 (KHTML, like Gecko; compatible; ClaudeBot/1.0; [email protected])"
66.249.73.132 - - [14/Jul/2025:15:32:24 +0000] "GET /?f=86481265001490&mod=8e7035e0&uri=product.php?shopdetail/3243264 HTTP/1.1" 200 19307 "-" "Mozilla/5.0 (Linux; Android 6.0.1; Nexus 5X Build/MMB29P) AppleWebKit/537.36 (KHTML, like Gecko) Chrome/137.0.7151.103 Mobile Safari/537.36 (compatible; Googlebot/2.1; +http://www.google.com/bot.html)"
66.249.73.132 - - [14/Jul/2025:15:32:26 +0000] "GET /?f=25359973081490&mod=1fbd0219&uri=search.php%3Fid%3D846419-881%26name%3Dthe+giving+bracelet HTTP/1.1" 200 18999 "-" "Mozilla/5.0 (Linux; Android 6.0.1; Nexus 5X Build/MMB29P) AppleWebKit/537.36 (KHTML, like Gecko) Chrome/137.0.7151.103 Mobile Safari/537.36 (compatible; Googlebot/2.1; +http://www.google.com/bot.html)"
66.249.73.132 - - [14/Jul/2025:15:32:29 +0000] "POST /get-message-notify HTTP/1.1" 200 17999 "https://onlycnc.com.au/?f=25359973081490&mod=1fbd0219&uri=search.php%3Fid%3D846419-881%26name%3Dthe+giving+bracelet" "Mozilla/5.0 (Linux; Android 6.0.1; Nexus 5X Build/MMB29P) AppleWebKit/537.36 (KHTML, like Gecko) Chrome/137.0.7151.119 Mobile Safari/537.36 (compatible; Googlebot/2.1; +http://www.google.com/bot.html)"
66.249.73.132 - - [14/Jul/2025:15:32:30 +0000] "POST /get-message-notify HTTP/1.1" 200 17999 "https://onlycnc.com.au/?f=86481265001490&mod=8e7035e0&uri=product.php?shopdetail/3243264" "Mozilla/5.0 (Linux; Android 6.0.1; Nexus 5X Build/MMB29P) AppleWebKit/537.36 (KHTML, like Gecko) Chrome/137.0.7151.119 Mobile Safari/537.36 (compatible; Googlebot/2.1; +http://www.google.com/bot.html)"
216.73.216.233 - - [14/Jul/2025:15:33:02 +0000] "GET /shopdetail/149199684 HTTP/1.1" 404 13146 "-" "Mozilla/5.0 AppleWebKit/537.36 (KHTML, like Gecko; compatible; ClaudeBot/1.0; [email protected])"
216.73.216.233 - - [14/Jul/2025:15:33:05 +0000] "GET /shopdetail/149680292 HTTP/1.1" 404 13146 "-" "Mozilla/5.0 AppleWebKit/537.36 (KHTML, like Gecko; compatible; ClaudeBot/1.0; [email protected])"
216.73.216.233 - - [14/Jul/2025:15:33:08 +0000] "GET /shopdetail/149787168 HTTP/1.1" 404 13146 "-" "Mozilla/5.0 AppleWebKit/537.36 (KHTML, like Gecko; compatible; ClaudeBot/1.0; [email protected])"
216.73.216.233 - - [14/Jul/2025:15:33:11 +0000] "GET /shopdetail/149753172 HTTP/1.1" 404 13146 "-" "Mozilla/5.0 AppleWebKit/537.36 (KHTML, like Gecko; compatible; ClaudeBot/1.0; [email protected])"
216.73.216.233 - - [14/Jul/2025:15:33:14 +0000] "GET /shopdetail/149332084 HTTP/1.1" 404 13146 "-" "Mozilla/5.0 AppleWebKit/537.36 (KHTML, like Gecko; compatible; ClaudeBot/1.0; [email protected])"
216.73.216.233 - - [14/Jul/2025:15:33:17 +0000] "GET /shopdetail/149649308 HTTP/1.1" 404 13146 "-" "Mozilla/5.0 AppleWebKit/537.36 (KHTML, like Gecko; compatible; ClaudeBot/1.0; [email protected])"
66.249.73.129 - - [14/Jul/2025:15:33:17 +0000] "GET /?f=86481265001490&mod=8e7035e0&uri=product.php?shopdetail/52919076 HTTP/1.1" 200 19472 "-" "Mozilla/5.0 (Linux; Android 6.0.1; Nexus 5X Build/MMB29P) AppleWebKit/537.36 (KHTML, like Gecko) Chrome/137.0.7151.103 Mobile Safari/537.36 (compatible; Googlebot/2.1; +http://www.google.com/bot.html)"
66.249.73.128 - - [14/Jul/2025:15:33:44 +0000] "GET /?f=86481265001490&mod=8e7035e0&uri=product.php?shopdetail/52926856 HTTP/1.1" 200 19270 "-" "Mozilla/5.0 (Linux; Android 6.0.1; Nexus 5X Build/MMB29P) AppleWebKit/537.36 (KHTML, like Gecko) Chrome/137.0.7151.103 Mobile Safari/537.36 (compatible; Googlebot/2.1; +http://www.google.com/bot.html)"
216.73.216.233 - - [14/Jul/2025:15:34:00 +0000] "GET /shopdetail/149389276 HTTP/1.1" 404 13146 "-" "Mozilla/5.0 AppleWebKit/537.36 (KHTML, like Gecko; compatible; ClaudeBot/1.0; [email protected])"
216.73.216.233 - - [14/Jul/2025:15:34:03 +0000] "GET /shopdetail/149455476 HTTP/1.1" 404 13146 "-" "Mozilla/5.0 AppleWebKit/537.36 (KHTML, like Gecko; compatible; ClaudeBot/1.0; [email protected])"
216.73.216.233 - - [14/Jul/2025:15:34:06 +0000] "GET /shopdetail/149222888 HTTP/1.1" 404 13146 "-" "Mozilla/5.0 AppleWebKit/537.36 (KHTML, like Gecko; compatible; ClaudeBot/1.0; [email protected])"
216.73.216.233 - - [14/Jul/2025:15:34:09 +0000] "GET /shopdetail/149304248 HTTP/1.1" 404 13146 "-" "Mozilla/5.0 AppleWebKit/537.36 (KHTML, like Gecko; compatible; ClaudeBot/1.0; [email protected])"
216.73.216.233 - - [14/Jul/2025:15:34:12 +0000] "GET /shopdetail/149796168 HTTP/1.1" 404 13146 "-" "Mozilla/5.0 AppleWebKit/537.36 (KHTML, like Gecko; compatible; ClaudeBot/1.0; [email protected])"
216.73.216.233 - - [14/Jul/2025:15:34:15 +0000] "GET /shopdetail/149798352 HTTP/1.1" 404 13146 "-" "Mozilla/5.0 AppleWebKit/537.36 (KHTML, like Gecko; compatible; ClaudeBot/1.0; [email protected])"
66.249.73.129 - - [14/Jul/2025:15:34:38 +0000] "GET /?f=86481265001490&mod=8e7035e0&uri=product.php?shopdetail/52936948 HTTP/1.1" 200 19256 "-" "Mozilla/5.0 (Linux; Android 6.0.1; Nexus 5X Build/MMB29P) AppleWebKit/537.36 (KHTML, like Gecko) Chrome/137.0.7151.103 Mobile Safari/537.36 (compatible; Googlebot/2.1; +http://www.google.com/bot.html)"
66.249.73.132 - - [14/Jul/2025:15:34:39 +0000] "GET /?f=86481265001490&mod=8e7035e0&uri=product.php?shopdetail/52910340 HTTP/1.1" 200 19105 "-" "Mozilla/5.0 (Linux; Android 6.0.1; Nexus 5X Build/MMB29P) AppleWebKit/537.36 (KHTML, like Gecko) Chrome/137.0.7151.103 Mobile Safari/537.36 (compatible; Googlebot/2.1; +http://www.google.com/bot.html)"
66.249.73.128 - - [14/Jul/2025:15:34:49 +0000] "POST /get-message-notify HTTP/1.1" 200 17999 "https://onlycnc.com.au/?f=86481265001490&mod=8e7035e0&uri=product.php?shopdetail/52926856" "Mozilla/5.0 (Linux; Android 6.0.1; Nexus 5X Build/MMB29P) AppleWebKit/537.36 (KHTML, like Gecko) Chrome/137.0.7151.119 Mobile Safari/537.36 (compatible; Googlebot/2.1; +http://www.google.com/bot.html)"
66.249.73.128 - - [14/Jul/2025:15:35:06 +0000] "GET /?f=25576154051490&mod=f4e4eeeb&uri=info.php%3Fid%3D853626-667%26name%3Dpropet+shoes+calgary HTTP/1.1" 200 18996 "-" "Mozilla/5.0 (Linux; Android 6.0.1; Nexus 5X Build/MMB29P) AppleWebKit/537.36 (KHTML, like Gecko) Chrome/137.0.7151.103 Mobile Safari/537.36 (compatible; Googlebot/2.1; +http://www.google.com/bot.html)"
66.249.73.128 - - [14/Jul/2025:15:35:08 +0000] "GET /?f=86481265001490&mod=8e7035e0&uri=product.php?shopdetail/52915928 HTTP/1.1" 200 18822 "-" "Mozilla/5.0 (Linux; Android 6.0.1; Nexus 5X Build/MMB29P) AppleWebKit/537.36 (KHTML, like Gecko) Chrome/137.0.7151.103 Mobile Safari/537.36 (compatible; Googlebot/2.1; +http://www.google.com/bot.html)"
66.249.73.128 - - [14/Jul/2025:15:35:15 +0000] "POST /get-message-notify HTTP/1.1" 200 17999 "https://onlycnc.com.au/?f=25576154051490&mod=f4e4eeeb&uri=info.php%3Fid%3D853626-667%26name%3Dpropet+shoes+calgary" "Mozilla/5.0 (Linux; Android 6.0.1; Nexus 5X Build/MMB29P) AppleWebKit/537.36 (KHTML, like Gecko) Chrome/137.0.7151.119 Mobile Safari/537.36 (compatible; Googlebot/2.1; +http://www.google.com/bot.html)"
216.73.216.233 - - [14/Jul/2025:15:35:19 +0000] "GET /shopdetail/149495068 HTTP/1.1" 404 13146 "-" "Mozilla/5.0 AppleWebKit/537.36 (KHTML, like Gecko; compatible; ClaudeBot/1.0; [email protected])"
216.73.216.233 - - [14/Jul/2025:15:35:22 +0000] "GET /shopdetail/149390376 HTTP/1.1" 404 13146 "-" "Mozilla/5.0 AppleWebKit/537.36 (KHTML, like Gecko; compatible; ClaudeBot/1.0; [email protected])"
216.73.216.233 - - [14/Jul/2025:15:35:25 +0000] "GET /shopdetail/149829200 HTTP/1.1" 404 13146 "-" "Mozilla/5.0 AppleWebKit/537.36 (KHTML, like Gecko; compatible; ClaudeBot/1.0; [email protected])"
216.73.216.233 - - [14/Jul/2025:15:35:28 +0000] "GET /shopdetail/149520584 HTTP/1.1" 404 13146 "-" "Mozilla/5.0 AppleWebKit/537.36 (KHTML, like Gecko; compatible; ClaudeBot/1.0; [email protected])"
216.73.216.233 - - [14/Jul/2025:15:35:31 +0000] "GET /shopdetail/149420260 HTTP/1.1" 404 13146 "-" "Mozilla/5.0 AppleWebKit/537.36 (KHTML, like Gecko; compatible; ClaudeBot/1.0; [email protected])"
216.73.216.233 - - [14/Jul/2025:15:35:34 +0000] "GET /shopdetail/149347380 HTTP/1.1" 404 13146 "-" "Mozilla/5.0 AppleWebKit/537.36 (KHTML, like Gecko; compatible; ClaudeBot/1.0; [email protected])"
66.249.73.132 - - [14/Jul/2025:15:35:35 +0000] "GET /?f=86481265001490&mod=8e7035e0&uri=product.php?shopdetail/52921396 HTTP/1.1" 200 19365 "-" "Mozilla/5.0 (Linux; Android 6.0.1; Nexus 5X Build/MMB29P) AppleWebKit/537.36 (KHTML, like Gecko) Chrome/137.0.7151.103 Mobile Safari/537.36 (compatible; Googlebot/2.1; +http://www.google.com/bot.html)"
66.249.73.128 - - [14/Jul/2025:15:36:02 +0000] "GET /?f=86481265001490&mod=8e7035e0&uri=product.php?shopdetail/52899412 HTTP/1.1" 200 18548 "-" "Mozilla/5.0 (Linux; Android 6.0.1; Nexus 5X Build/MMB29P) AppleWebKit/537.36 (KHTML, like Gecko) Chrome/137.0.7151.103 Mobile Safari/537.36 (compatible; Googlebot/2.1; +http://www.google.com/bot.html)"
66.249.73.128 - - [14/Jul/2025:15:36:03 +0000] "GET /?f=16771850051490&mod=2963adf1&uri=info.php%3Fid%3D559900-670%26name%3Dcat+puking+up+food+after+eating HTTP/1.1" 200 19020 "-" "Mozilla/5.0 (Linux; Android 6.0.1; Nexus 5X Build/MMB29P) AppleWebKit/537.36 (KHTML, like Gecko) Chrome/137.0.7151.103 Mobile Safari/537.36 (compatible; Googlebot/2.1; +http://www.google.com/bot.html)"
66.249.73.128 - - [14/Jul/2025:15:36:30 +0000] "GET /?f=86481265001490&mod=8e7035e0&uri=product.php?shopdetail/52931224 HTTP/1.1" 200 18368 "-" "Mozilla/5.0 (Linux; Android 6.0.1; Nexus 5X Build/MMB29P) AppleWebKit/537.36 (KHTML, like Gecko) Chrome/137.0.7151.103 Mobile Safari/537.36 (compatible; Googlebot/2.1; +http://www.google.com/bot.html)"
66.249.73.132 - - [14/Jul/2025:15:36:32 +0000] "GET /?f=56243728011490&mod=eef76d75&uri=category-info.php%3Fid%3D1876884-152%26name%3Dstar+player+ev HTTP/1.1" 200 19007 "-" "Mozilla/5.0 (Linux; Android 6.0.1; Nexus 5X Build/MMB29P) AppleWebKit/537.36 (KHTML, like Gecko) Chrome/137.0.7151.103 Mobile Safari/537.36 (compatible; Googlebot/2.1; +http://www.google.com/bot.html)"
216.73.216.233 - - [14/Jul/2025:15:36:38 +0000] "GET /shopdetail/149592116 HTTP/1.1" 404 13146 "-" "Mozilla/5.0 AppleWebKit/537.36 (KHTML, like Gecko; compatible; ClaudeBot/1.0; [email protected])"
216.73.216.233 - - [14/Jul/2025:15:36:40 +0000] "GET /shopdetail/149366208 HTTP/1.1" 404 13146 "-" "Mozilla/5.0 AppleWebKit/537.36 (KHTML, like Gecko; compatible; ClaudeBot/1.0; [email protected])"
216.73.216.233 - - [14/Jul/2025:15:36:43 +0000] "GET /shopdetail/149359392 HTTP/1.1" 404 13146 "-" "Mozilla/5.0 AppleWebKit/537.36 (KHTML, like Gecko; compatible; ClaudeBot/1.0; [email protected])"
216.73.216.233 - - [14/Jul/2025:15:36:46 +0000] "GET /shopdetail/149881068 HTTP/1.1" 404 13146 "-" "Mozilla/5.0 AppleWebKit/537.36 (KHTML, like Gecko; compatible; ClaudeBot/1.0; [email protected])"
87.251.78.131 - - [14/Jul/2025:15:36:48 +0000] "GET / HTTP/1.1" 200 21205 "http://onlycnc.com.au" "Mozilla/5.0 (X11; Linux x86_64) AppleWebKit/537.36 Chrome/113.0.0.0 Safari/537.36"
87.251.78.131 - - [14/Jul/2025:15:36:48 +0000] "GET /wp-includes/js/dist/vendor/lodash.min.js?ver=4.17.21 HTTP/1.1" 200 24899 "-" "Mozilla/5.0 (Windows NT 10.0; Win64; x64) AppleWebKit/537.36 Chrome/114.0.5735.110 Safari/537.36"
87.251.78.131 - - [14/Jul/2025:15:36:49 +0000] "GET /wp-content/plugins/gutenverse/assets/js/frontend.js?ver=3.0.7 HTTP/1.1" 200 108904 "-" "Mozilla/5.0 (Macintosh; Intel Mac OS X 10_15_7) AppleWebKit/605.1.15 (KHTML, like Gecko) Version/15.1 Safari/605.1.15"
216.73.216.233 - - [14/Jul/2025:15:36:49 +0000] "GET /shopdetail/149158872 HTTP/1.1" 404 13146 "-" "Mozilla/5.0 AppleWebKit/537.36 (KHTML, like Gecko; compatible; ClaudeBot/1.0; [email protected])"
216.73.216.233 - - [14/Jul/2025:15:36:53 +0000] "GET /shopdetail/149164340 HTTP/1.1" 404 13146 "-" "Mozilla/5.0 AppleWebKit/537.36 (KHTML, like Gecko; compatible; ClaudeBot/1.0; [email protected])"
87.251.78.131 - - [14/Jul/2025:15:36:55 +0000] "GET /wp-content/themes/ondustry/assets/js/essential/frontend.js?ver=1.0.5 HTTP/1.1" 200 7588 "-" "Mozilla/5.0 (Windows NT 10.0; Win64; x64) AppleWebKit/537.36 Chrome/114.0.5735.110 Safari/537.36"
87.251.78.131 - - [14/Jul/2025:15:36:55 +0000] "GET /wp-includes/js/jquery/jquery.min.js?ver=3.7.1 HTTP/1.1" 200 30368 "-" "Mozilla/5.0 (X11; Linux x86_64) AppleWebKit/537.36 Chrome/113.0.0.0 Safari/537.36"
87.251.78.131 - - [14/Jul/2025:15:36:55 +0000] "GET /wp-content/plugins/gutenverse-form/lib/framework/assets/js/corefrontend.js?ver=2.0.7 HTTP/1.1" 200 41792 "-" "Mozilla/5.0 (X11; Linux x86_64) AppleWebKit/537.36 Chrome/113.0.0.0 Safari/537.36"
87.251.78.131 - - [14/Jul/2025:15:36:56 +0000] "GET /wp-content/plugins/gutenverse-form/assets/js/frontend.js?ver=2.0.8 HTTP/1.1" 200 19872 "-" "Mozilla/5.0 (X11; Linux x86_64) AppleWebKit/537.36 Chrome/113.0.0.0 Safari/537.36"
87.251.78.131 - - [14/Jul/2025:15:36:56 +0000] "GET /wp-content/themes/ondustry/assets/js/essential/profrontend.js?ver=1.0.5 HTTP/1.1" 200 2599 "-" "Mozilla/5.0 (Windows NT 10.0; Win64; x64) AppleWebKit/537.36 Chrome/114.0.5735.110 Safari/537.36"
87.251.78.131 - - [14/Jul/2025:15:36:57 +0000] "GET /wp-includes/js/jquery/jquery-migrate.min.js?ver=3.4.1 HTTP/1.1" 200 4872 "-" "Mozilla/5.0 (X11; Linux x86_64) AppleWebKit/537.36 Chrome/113.0.0.0 Safari/537.36"
87.251.78.131 - - [14/Jul/2025:15:36:57 +0000] "GET /wp-content/plugins/leadconnector/public/js/lc-public.js?ver=3.0.10.1 HTTP/1.1" 200 1322 "-" "Mozilla/5.0 (Macintosh; Intel Mac OS X 10_15_7) AppleWebKit/605.1.15 (KHTML, like Gecko) Version/15.1 Safari/605.1.15"
66.249.73.129 - - [14/Jul/2025:15:37:21 +0000] "GET /?f=86481265001490&mod=8e7035e0&uri=product.php?shopdetail/52877300 HTTP/1.1" 200 19369 "-" "Mozilla/5.0 (Linux; Android 6.0.1; Nexus 5X Build/MMB29P) AppleWebKit/537.36 (KHTML, like Gecko) Chrome/137.0.7151.103 Mobile Safari/537.36 (compatible; Googlebot/2.1; +http://www.google.com/bot.html)"
66.249.73.132 - - [14/Jul/2025:15:37:23 +0000] "GET /?f=105412755001490&mod=d8da1244&uri=blog.php%3Fid%3D3517983-400%26name%3Dwatch+mama%27s+girl+full+movie+online HTTP/1.1" 200 19040 "-" "Mozilla/5.0 (Linux; Android 6.0.1; Nexus 5X Build/MMB29P) AppleWebKit/537.36 (KHTML, like Gecko) Chrome/137.0.7151.103 Mobile Safari/537.36 (compatible; Googlebot/2.1; +http://www.google.com/bot.html)"
66.249.73.128 - - [14/Jul/2025:15:37:24 +0000] "GET /?f=86481265001490&mod=8e7035e0&uri=product.php?shopdetail/52916892 HTTP/1.1" 200 18931 "-" "Mozilla/5.0 (Linux; Android 6.0.1; Nexus 5X Build/MMB29P) AppleWebKit/537.36 (KHTML, like Gecko) Chrome/137.0.7151.103 Mobile Safari/537.36 (compatible; Googlebot/2.1; +http://www.google.com/bot.html)"
216.73.216.233 - - [14/Jul/2025:15:37:51 +0000] "GET /shopdetail/149889676 HTTP/1.1" 404 13146 "-" "Mozilla/5.0 AppleWebKit/537.36 (KHTML, like Gecko; compatible; ClaudeBot/1.0; [email protected])"
66.249.73.128 - - [14/Jul/2025:15:37:51 +0000] "GET /?f=54623663031490&mod=261474eb&uri=itm.php%3Fid%3D1822844-434%26name%3Dbeats+pill+speaker+charger+cable HTTP/1.1" 200 19005 "-" "Mozilla/5.0 (Linux; Android 6.0.1; Nexus 5X Build/MMB29P) AppleWebKit/537.36 (KHTML, like Gecko) Chrome/137.0.7151.103 Mobile Safari/537.36 (compatible; Googlebot/2.1; +http://www.google.com/bot.html)"
66.249.73.128 - - [14/Jul/2025:15:37:53 +0000] "GET /?f=86481265001490&mod=8e7035e0&uri=product.php?shopdetail/52934764 HTTP/1.1" 200 19404 "-" "Mozilla/5.0 (Linux; Android 6.0.1; Nexus 5X Build/MMB29P) AppleWebKit/537.36 (KHTML, like Gecko) Chrome/137.0.7151.103 Mobile Safari/537.36 (compatible; Googlebot/2.1; +http://www.google.com/bot.html)"
216.73.216.233 - - [14/Jul/2025:15:37:54 +0000] "GET /shopdetail/149397056 HTTP/1.1" 404 13146 "-" "Mozilla/5.0 AppleWebKit/537.36 (KHTML, like Gecko; compatible; ClaudeBot/1.0; [email protected])"
66.249.73.128 - - [14/Jul/2025:15:37:54 +0000] "GET /?f=86481265001490&mod=8e7035e0&uri=product.php?shopdetail/52932444 HTTP/1.1" 200 19644 "-" "Mozilla/5.0 (Linux; Android 6.0.1; Nexus 5X Build/MMB29P) AppleWebKit/537.36 (KHTML, like Gecko) Chrome/137.0.7151.103 Mobile Safari/537.36 (compatible; Googlebot/2.1; +http://www.google.com/bot.html)"
216.73.216.233 - - [14/Jul/2025:15:37:57 +0000] "GET /shopdetail/149579004 HTTP/1.1" 404 13146 "-" "Mozilla/5.0 AppleWebKit/537.36 (KHTML, like Gecko; compatible; ClaudeBot/1.0; [email protected])"
216.73.216.233 - - [14/Jul/2025:15:38:00 +0000] "GET /shopdetail/149152320 HTTP/1.1" 404 13146 "-" "Mozilla/5.0 AppleWebKit/537.36 (KHTML, like Gecko; compatible; ClaudeBot/1.0; [email protected])"
216.73.216.233 - - [14/Jul/2025:15:38:03 +0000] "GET /shopdetail/149207336 HTTP/1.1" 404 13146 "-" "Mozilla/5.0 AppleWebKit/537.36 (KHTML, like Gecko; compatible; ClaudeBot/1.0; [email protected])"
216.73.216.233 - - [14/Jul/2025:15:38:06 +0000] "GET /shopdetail/149755356 HTTP/1.1" 404 13146 "-" "Mozilla/5.0 AppleWebKit/537.36 (KHTML, like Gecko; compatible; ClaudeBot/1.0; [email protected])"
66.249.73.128 - - [14/Jul/2025:15:38:33 +0000] "GET /?f=86481265001490&mod=8e7035e0&uri=product.php?shopdetail/52873896 HTTP/1.1" 200 18237 "-" "Mozilla/5.0 (Linux; Android 6.0.1; Nexus 5X Build/MMB29P) AppleWebKit/537.36 (KHTML, like Gecko) Chrome/137.0.7151.103 Mobile Safari/537.36 (compatible; Googlebot/2.1; +http://www.google.com/bot.html)"
216.73.216.233 - - [14/Jul/2025:15:38:53 +0000] "GET /shopdetail/149238184 HTTP/1.1" 404 13146 "-" "Mozilla/5.0 AppleWebKit/537.36 (KHTML, like Gecko; compatible; ClaudeBot/1.0; [email protected])"
216.73.216.233 - - [14/Jul/2025:15:38:56 +0000] "GET /shopdetail/149498472 HTTP/1.1" 404 13146 "-" "Mozilla/5.0 AppleWebKit/537.36 (KHTML, like Gecko; compatible; ClaudeBot/1.0; [email protected])"
216.73.216.233 - - [14/Jul/2025:15:38:59 +0000] "GET /shopdetail/149365116 HTTP/1.1" 404 13146 "-" "Mozilla/5.0 AppleWebKit/537.36 (KHTML, like Gecko; compatible; ClaudeBot/1.0; [email protected])"
216.73.216.233 - - [14/Jul/2025:15:39:02 +0000] "GET /shopdetail/149951508 HTTP/1.1" 404 13146 "-" "Mozilla/5.0 AppleWebKit/537.36 (KHTML, like Gecko; compatible; ClaudeBot/1.0; [email protected])"
216.73.216.233 - - [14/Jul/2025:15:39:05 +0000] "GET /shopdetail/149313248 HTTP/1.1" 404 13146 "-" "Mozilla/5.0 AppleWebKit/537.36 (KHTML, like Gecko; compatible; ClaudeBot/1.0; [email protected])"
216.73.216.233 - - [14/Jul/2025:15:39:08 +0000] "GET /shopdetail/149416720 HTTP/1.1" 404 13146 "-" "Mozilla/5.0 AppleWebKit/537.36 (KHTML, like Gecko; compatible; ClaudeBot/1.0; [email protected])"
66.249.73.128 - - [14/Jul/2025:15:39:15 +0000] "GET /?f=86481265001490&mod=8e7035e0&uri=product.php?shopdetail/52921260 HTTP/1.1" 200 19423 "-" "Mozilla/5.0 (Linux; Android 6.0.1; Nexus 5X Build/MMB29P) AppleWebKit/537.36 (KHTML, like Gecko) Chrome/137.0.7151.103 Mobile Safari/537.36 (compatible; Googlebot/2.1; +http://www.google.com/bot.html)"
66.249.73.128 - - [14/Jul/2025:15:39:17 +0000] "POST /get-message-notify HTTP/1.1" 200 17999 "https://onlycnc.com.au/?f=86481265001490&mod=8e7035e0&uri=product.php?shopdetail/52921260" "Mozilla/5.0 (Linux; Android 6.0.1; Nexus 5X Build/MMB29P) AppleWebKit/537.36 (KHTML, like Gecko) Chrome/137.0.7151.119 Mobile Safari/537.36 (compatible; Googlebot/2.1; +http://www.google.com/bot.html)"
216.73.216.233 - - [14/Jul/2025:15:40:16 +0000] "GET /shopdetail/149173204 HTTP/1.1" 404 13146 "-" "Mozilla/5.0 AppleWebKit/537.36 (KHTML, like Gecko; compatible; ClaudeBot/1.0; [email protected])"
66.249.73.129 - - [14/Jul/2025:15:40:17 +0000] "GET /?f=86481265001490&mod=8e7035e0&uri=product.php?shopdetail/52867344 HTTP/1.1" 200 19423 "-" "Mozilla/5.0 (Linux; Android 6.0.1; Nexus 5X Build/MMB29P) AppleWebKit/537.36 (KHTML, like Gecko) Chrome/137.0.7151.103 Mobile Safari/537.36 (compatible; Googlebot/2.1; +http://www.google.com/bot.html)"
216.73.216.233 - - [14/Jul/2025:15:40:19 +0000] "GET /shopdetail/149356244 HTTP/1.1" 404 13146 "-" "Mozilla/5.0 AppleWebKit/537.36 (KHTML, like Gecko; compatible; ClaudeBot/1.0; [email protected])"
216.73.216.233 - - [14/Jul/2025:15:40:22 +0000] "GET /shopdetail/149491920 HTTP/1.1" 404 13146 "-" "Mozilla/5.0 AppleWebKit/537.36 (KHTML, like Gecko; compatible; ClaudeBot/1.0; [email protected])"
216.73.216.233 - - [14/Jul/2025:15:40:25 +0000] "GET /shopdetail/149781836 HTTP/1.1" 404 13146 "-" "Mozilla/5.0 AppleWebKit/537.36 (KHTML, like Gecko; compatible; ClaudeBot/1.0; [email protected])"
216.73.216.233 - - [14/Jul/2025:15:40:28 +0000] "GET /shopdetail/149141136 HTTP/1.1" 404 13146 "-" "Mozilla/5.0 AppleWebKit/537.36 (KHTML, like Gecko; compatible; ClaudeBot/1.0; [email protected])"
216.73.216.233 - - [14/Jul/2025:15:40:31 +0000] "GET /shopdetail/149646160 HTTP/1.1" 404 13146 "-" "Mozilla/5.0 AppleWebKit/537.36 (KHTML, like Gecko; compatible; ClaudeBot/1.0; [email protected])"
66.249.73.128 - - [14/Jul/2025:15:40:44 +0000] "GET /?f=32389840051490&mod=6a21bd02&uri=article.php%3Fid%3D1081048-95%26name%3Dcassetta+shimano+dura+ace HTTP/1.1" 200 19024 "-" "Mozilla/5.0 (Linux; Android 6.0.1; Nexus 5X Build/MMB29P) AppleWebKit/537.36 (KHTML, like Gecko) Chrome/137.0.7151.103 Mobile Safari/537.36 (compatible; Googlebot/2.1; +http://www.google.com/bot.html)"
66.249.73.128 - - [14/Jul/2025:15:40:46 +0000] "GET /?f=86481265001490&mod=8e7035e0&uri=product.php?shopdetail/52887264 HTTP/1.1" 200 19419 "-" "Mozilla/5.0 (Linux; Android 6.0.1; Nexus 5X Build/MMB29P) AppleWebKit/537.36 (KHTML, like Gecko) Chrome/137.0.7151.103 Mobile Safari/537.36 (compatible; Googlebot/2.1; +http://www.google.com/bot.html)"
216.73.216.233 - - [14/Jul/2025:15:41:36 +0000] "GET /shopdetail/149423408 HTTP/1.1" 404 13146 "-" "Mozilla/5.0 AppleWebKit/537.36 (KHTML, like Gecko; compatible; ClaudeBot/1.0; [email protected])"
216.73.216.233 - - [14/Jul/2025:15:41:39 +0000] "GET /shopdetail/149400204 HTTP/1.1" 404 13146 "-" "Mozilla/5.0 AppleWebKit/537.36 (KHTML, like Gecko; compatible; ClaudeBot/1.0; [email protected])"
66.249.73.132 - - [14/Jul/2025:15:41:39 +0000] "GET /?f=86481265001490&mod=8e7035e0&uri=product.php?shopdetail/52878264 HTTP/1.1" 200 19466 "-" "Mozilla/5.0 (Linux; Android 6.0.1; Nexus 5X Build/MMB29P) AppleWebKit/537.36 (KHTML, like Gecko) Chrome/137.0.7151.103 Mobile Safari/537.36 (compatible; Googlebot/2.1; +http://www.google.com/bot.html)"
216.73.216.233 - - [14/Jul/2025:15:41:42 +0000] "GET /shopdetail/149468588 HTTP/1.1" 404 13146 "-" "Mozilla/5.0 AppleWebKit/537.36 (KHTML, like Gecko; compatible; ClaudeBot/1.0; [email protected])"
216.73.216.233 - - [14/Jul/2025:15:41:45 +0000] "GET /shopdetail/149159972 HTTP/1.1" 404 13146 "-" "Mozilla/5.0 AppleWebKit/537.36 (KHTML, like Gecko; compatible; ClaudeBot/1.0; [email protected])"
216.73.216.233 - - [14/Jul/2025:15:41:48 +0000] "GET /shopdetail/149631828 HTTP/1.1" 404 13146 "-" "Mozilla/5.0 AppleWebKit/537.36 (KHTML, like Gecko; compatible; ClaudeBot/1.0; [email protected])"
216.73.216.233 - - [14/Jul/2025:15:41:51 +0000] "GET /shopdetail/149195188 HTTP/1.1" 404 13146 "-" "Mozilla/5.0 AppleWebKit/537.36 (KHTML, like Gecko; compatible; ClaudeBot/1.0; [email protected])"
66.249.73.129 - - [14/Jul/2025:15:42:06 +0000] "GET /?f=86481265001490&mod=8e7035e0&uri=product.php?shopdetail/52939132 HTTP/1.1" 200 19108 "-" "Mozilla/5.0 (Linux; Android 6.0.1; Nexus 5X Build/MMB29P) AppleWebKit/537.36 (KHTML, like Gecko) Chrome/137.0.7151.103 Mobile Safari/537.36 (compatible; Googlebot/2.1; +http://www.google.com/bot.html)"
66.249.73.128 - - [14/Jul/2025:15:42:09 +0000] "POST /get-message-notify HTTP/1.1" 200 17999 "https://onlycnc.com.au/?f=32389840051490&mod=6a21bd02&uri=article.php%3Fid%3D1081048-95%26name%3Dcassetta+shimano+dura+ace" "Mozilla/5.0 (Linux; Android 6.0.1; Nexus 5X Build/MMB29P) AppleWebKit/537.36 (KHTML, like Gecko) Chrome/137.0.7151.119 Mobile Safari/537.36 (compatible; Googlebot/2.1; +http://www.google.com/bot.html)"
66.249.73.128 - - [14/Jul/2025:15:42:34 +0000] "GET /?f=25450890001490&mod=ccc58dde&uri=shop.php%3Fid%3D849450-97%26name%3Dwallet+on+chain+dior HTTP/1.1" 200 18996 "-" "Mozilla/5.0 (Linux; Android 6.0.1; Nexus 5X Build/MMB29P) AppleWebKit/537.36 (KHTML, like Gecko) Chrome/137.0.7151.103 Mobile Safari/537.36 (compatible; Googlebot/2.1; +http://www.google.com/bot.html)"
66.249.73.132 - - [14/Jul/2025:15:42:44 +0000] "POST /get-message-notify HTTP/1.1" 200 17999 "https://onlycnc.com.au/?f=25450890001490&mod=ccc58dde&uri=shop.php%3Fid%3D849450-97%26name%3Dwallet+on+chain+dior" "Mozilla/5.0 (Linux; Android 6.0.1; Nexus 5X Build/MMB29P) AppleWebKit/537.36 (KHTML, like Gecko) Chrome/137.0.7151.119 Mobile Safari/537.36 (compatible; Googlebot/2.1; +http://www.google.com/bot.html)"
66.249.73.128 - - [14/Jul/2025:15:43:01 +0000] "GET /?f=86481265001490&mod=8e7035e0&uri=product.php?shopdetail/52893824 HTTP/1.1" 200 19112 "-" "Mozilla/5.0 (Linux; Android 6.0.1; Nexus 5X Build/MMB29P) AppleWebKit/537.36 (KHTML, like Gecko) Chrome/137.0.7151.103 Mobile Safari/537.36 (compatible; Googlebot/2.1; +http://www.google.com/bot.html)"
216.73.216.233 - - [14/Jul/2025:15:43:05 +0000] "GET /shopdetail/149236000 HTTP/1.1" 404 13146 "-" "Mozilla/5.0 AppleWebKit/537.36 (KHTML, like Gecko; compatible; ClaudeBot/1.0; [email protected])"
216.73.216.233 - - [14/Jul/2025:15:43:08 +0000] "GET /shopdetail/149325396 HTTP/1.1" 404 13146 "-" "Mozilla/5.0 AppleWebKit/537.36 (KHTML, like Gecko; compatible; ClaudeBot/1.0; [email protected])"
216.73.216.233 - - [14/Jul/2025:15:43:11 +0000] "GET /shopdetail/149487288 HTTP/1.1" 404 13146 "-" "Mozilla/5.0 AppleWebKit/537.36 (KHTML, like Gecko; compatible; ClaudeBot/1.0; [email protected])"
216.73.216.233 - - [14/Jul/2025:15:43:14 +0000] "GET /shopdetail/149368392 HTTP/1.1" 404 13146 "-" "Mozilla/5.0 AppleWebKit/537.36 (KHTML, like Gecko; compatible; ClaudeBot/1.0; [email protected])"
216.73.216.233 - - [14/Jul/2025:15:43:17 +0000] "GET /shopdetail/149145640 HTTP/1.1" 404 13146 "-" "Mozilla/5.0 AppleWebKit/537.36 (KHTML, like Gecko; compatible; ClaudeBot/1.0; [email protected])"
216.73.216.233 - - [14/Jul/2025:15:43:20 +0000] "GET /shopdetail/149779388 HTTP/1.1" 404 13146 "-" "Mozilla/5.0 AppleWebKit/537.36 (KHTML, like Gecko; compatible; ClaudeBot/1.0; [email protected])"
66.249.73.128 - - [14/Jul/2025:15:43:28 +0000] "GET /?f=86481265001490&mod=8e7035e0&uri=product.php?shopdetail/52860784 HTTP/1.1" 200 18694 "-" "Mozilla/5.0 (Linux; Android 6.0.1; Nexus 5X Build/MMB29P) AppleWebKit/537.36 (KHTML, like Gecko) Chrome/137.0.7151.103 Mobile Safari/537.36 (compatible; Googlebot/2.1; +http://www.google.com/bot.html)"
66.249.66.15 - - [14/Jul/2025:15:43:29 +0000] "GET /?f=86471905131490&mod=8e7035e0&uri=search.php?pcsp.html HTTP/1.1" 200 19399 "-" "Mozilla/5.0 (Linux; Android 6.0.1; Nexus 5X Build/MMB29P) AppleWebKit/537.36 (KHTML, like Gecko) Chrome/137.0.7151.103 Mobile Safari/537.36 (compatible; Googlebot/2.1; +http://www.google.com/bot.html)"
66.249.73.128 - - [14/Jul/2025:15:43:31 +0000] "GET /?f=86470645011490&mod=8e7035e0&uri=shop.php%3Fid%3D2885658-270%26name%3Demr+pen+chromebook HTTP/1.1" 200 18994 "-" "Mozilla/5.0 (Linux; Android 6.0.1; Nexus 5X Build/MMB29P) AppleWebKit/537.36 (KHTML, like Gecko) Chrome/137.0.7151.103 Mobile Safari/537.36 (compatible; Googlebot/2.1; +http://www.google.com/bot.html)"
216.73.216.233 - - [14/Jul/2025:15:44:14 +0000] "GET /shopdetail/149227256 HTTP/1.1" 404 13146 "-" "Mozilla/5.0 AppleWebKit/537.36 (KHTML, like Gecko; compatible; ClaudeBot/1.0; [email protected])"
216.73.216.233 - - [14/Jul/2025:15:44:17 +0000] "GET /shopdetail/149461900 HTTP/1.1" 404 13146 "-" "Mozilla/5.0 AppleWebKit/537.36 (KHTML, like Gecko; compatible; ClaudeBot/1.0; [email protected])"
216.73.216.233 - - [14/Jul/2025:15:44:20 +0000] "GET /shopdetail/149574500 HTTP/1.1" 404 13146 "-" "Mozilla/5.0 AppleWebKit/537.36 (KHTML, like Gecko; compatible; ClaudeBot/1.0; [email protected])"
216.73.216.233 - - [14/Jul/2025:15:44:23 +0000] "GET /shopdetail/149463256 HTTP/1.1" 404 13146 "-" "Mozilla/5.0 AppleWebKit/537.36 (KHTML, like Gecko; compatible; ClaudeBot/1.0; [email protected])"
66.249.73.129 - - [14/Jul/2025:15:44:25 +0000] "GET /?f=86481265001490&mod=8e7035e0&uri=product.php?shopdetail/52925892 HTTP/1.1" 200 19219 "-" "Mozilla/5.0 (Linux; Android 6.0.1; Nexus 5X Build/MMB29P) AppleWebKit/537.36 (KHTML, like Gecko) Chrome/137.0.7151.103 Mobile Safari/537.36 (compatible; Googlebot/2.1; +http://www.google.com/bot.html)"
216.73.216.233 - - [14/Jul/2025:15:44:26 +0000] "GET /shopdetail/149324176 HTTP/1.1" 404 13146 "-" "Mozilla/5.0 AppleWebKit/537.36 (KHTML, like Gecko; compatible; ClaudeBot/1.0; [email protected])"
216.73.216.233 - - [14/Jul/2025:15:44:29 +0000] "GET /shopdetail/149791536 HTTP/1.1" 404 13146 "-" "Mozilla/5.0 AppleWebKit/537.36 (KHTML, like Gecko; compatible; ClaudeBot/1.0; [email protected])"
66.249.73.128 - - [14/Jul/2025:15:44:34 +0000] "POST /get-message-notify HTTP/1.1" 200 17999 "https://onlycnc.com.au/?f=86470645011490&mod=8e7035e0&uri=shop.php%3Fid%3D2885658-270%26name%3Demr+pen+chromebook" "Mozilla/5.0 (Linux; Android 6.0.1; Nexus 5X Build/MMB29P) AppleWebKit/537.36 (KHTML, like Gecko) Chrome/137.0.7151.119 Mobile Safari/537.36 (compatible; Googlebot/2.1; +http://www.google.com/bot.html)"
66.249.73.132 - - [14/Jul/2025:15:44:52 +0000] "GET /?f=86481265001490&mod=8e7035e0&uri=product.php?shopdetail/52886044 HTTP/1.1" 200 19301 "-" "Mozilla/5.0 (Linux; Android 6.0.1; Nexus 5X Build/MMB29P) AppleWebKit/537.36 (KHTML, like Gecko) Chrome/137.0.7151.103 Mobile Safari/537.36 (compatible; Googlebot/2.1; +http://www.google.com/bot.html)"
216.73.216.233 - - [14/Jul/2025:15:45:43 +0000] "GET /shopdetail/149883252 HTTP/1.1" 404 13146 "-" "Mozilla/5.0 AppleWebKit/537.36 (KHTML, like Gecko; compatible; ClaudeBot/1.0; [email protected])"
66.249.73.132 - - [14/Jul/2025:15:45:45 +0000] "GET /?f=86481265001490&mod=8e7035e0&uri=product.php?shopdetail/52892732 HTTP/1.1" 200 18609 "-" "Mozilla/5.0 (Linux; Android 6.0.1; Nexus 5X Build/MMB29P) AppleWebKit/537.36 (KHTML, like Gecko) Chrome/137.0.7151.103 Mobile Safari/537.36 (compatible; Googlebot/2.1; +http://www.google.com/bot.html)"
216.73.216.233 - - [14/Jul/2025:15:45:46 +0000] "GET /shopdetail/149421224 HTTP/1.1" 404 13146 "-" "Mozilla/5.0 AppleWebKit/537.36 (KHTML, like Gecko; compatible; ClaudeBot/1.0; [email protected])"
216.73.216.233 - - [14/Jul/2025:15:45:49 +0000] "GET /shopdetail/149438960 HTTP/1.1" 404 13146 "-" "Mozilla/5.0 AppleWebKit/537.36 (KHTML, like Gecko; compatible; ClaudeBot/1.0; [email protected])"
216.73.216.233 - - [14/Jul/2025:15:45:52 +0000] "GET /shopdetail/149411260 HTTP/1.1" 404 13146 "-" "Mozilla/5.0 AppleWebKit/537.36 (KHTML, like Gecko; compatible; ClaudeBot/1.0; [email protected])"
216.73.216.233 - - [14/Jul/2025:15:45:55 +0000] "GET /shopdetail/149558948 HTTP/1.1" 404 13146 "-" "Mozilla/5.0 AppleWebKit/537.36 (KHTML, like Gecko; compatible; ClaudeBot/1.0; [email protected])"
216.73.216.233 - - [14/Jul/2025:15:45:58 +0000] "GET /shopdetail/149556764 HTTP/1.1" 404 13146 "-" "Mozilla/5.0 AppleWebKit/537.36 (KHTML, like Gecko; compatible; ClaudeBot/1.0; [email protected])"
66.249.73.129 - - [14/Jul/2025:15:46:39 +0000] "GET /?f=86481265001490&mod=8e7035e0&uri=product.php?shopdetail/52918112 HTTP/1.1" 200 18611 "-" "Mozilla/5.0 (Linux; Android 6.0.1; Nexus 5X Build/MMB29P) AppleWebKit/537.36 (KHTML, like Gecko) Chrome/137.0.7151.103 Mobile Safari/537.36 (compatible; Googlebot/2.1; +http://www.google.com/bot.html)"
216.73.216.233 - - [14/Jul/2025:15:46:42 +0000] "GET /shopdetail/149789352 HTTP/1.1" 404 13146 "-" "Mozilla/5.0 AppleWebKit/537.36 (KHTML, like Gecko; compatible; ClaudeBot/1.0; [email protected])"
216.73.216.233 - - [14/Jul/2025:15:46:44 +0000] "GET /shopdetail/149595392 HTTP/1.1" 404 13146 "-" "Mozilla/5.0 AppleWebKit/537.36 (KHTML, like Gecko; compatible; ClaudeBot/1.0; [email protected])"
216.73.216.233 - - [14/Jul/2025:15:46:47 +0000] "GET /shopdetail/149414536 HTTP/1.1" 404 13146 "-" "Mozilla/5.0 AppleWebKit/537.36 (KHTML, like Gecko; compatible; ClaudeBot/1.0; [email protected])"
216.73.216.233 - - [14/Jul/2025:15:46:51 +0000] "GET /shopdetail/149159836 HTTP/1.1" 404 13146 "-" "Mozilla/5.0 AppleWebKit/537.36 (KHTML, like Gecko; compatible; ClaudeBot/1.0; [email protected])"
216.73.216.233 - - [14/Jul/2025:15:46:53 +0000] "GET /shopdetail/149776240 HTTP/1.1" 404 13146 "-" "Mozilla/5.0 AppleWebKit/537.36 (KHTML, like Gecko; compatible; ClaudeBot/1.0; [email protected])"
216.73.216.233 - - [14/Jul/2025:15:46:56 +0000] "GET /shopdetail/149321028 HTTP/1.1" 404 13146 "-" "Mozilla/5.0 AppleWebKit/537.36 (KHTML, like Gecko; compatible; ClaudeBot/1.0; [email protected])"
66.249.73.129 - - [14/Jul/2025:15:47:06 +0000] "GET /?f=86481265001490&mod=8e7035e0&uri=product.php?shopdetail/52868564 HTTP/1.1" 200 19054 "-" "Mozilla/5.0 (Linux; Android 6.0.1; Nexus 5X Build/MMB29P) AppleWebKit/537.36 (KHTML, like Gecko) Chrome/137.0.7151.103 Mobile Safari/537.36 (compatible; Googlebot/2.1; +http://www.google.com/bot.html)"
216.73.216.233 - - [14/Jul/2025:15:47:39 +0000] "GET /shopdetail/149649444 HTTP/1.1" 404 13146 "-" "Mozilla/5.0 AppleWebKit/537.36 (KHTML, like Gecko; compatible; ClaudeBot/1.0; [email protected])"
216.73.216.233 - - [14/Jul/2025:15:47:42 +0000] "GET /shopdetail/149427904 HTTP/1.1" 404 13146 "-" "Mozilla/5.0 AppleWebKit/537.36 (KHTML, like Gecko; compatible; ClaudeBot/1.0; [email protected])"
216.73.216.233 - - [14/Jul/2025:15:47:45 +0000] "GET /shopdetail/149197372 HTTP/1.1" 404 13146 "-" "Mozilla/5.0 AppleWebKit/537.36 (KHTML, like Gecko; compatible; ClaudeBot/1.0; [email protected])"
216.73.216.233 - - [14/Jul/2025:15:47:48 +0000] "GET /shopdetail/149496288 HTTP/1.1" 404 13146 "-" "Mozilla/5.0 AppleWebKit/537.36 (KHTML, like Gecko; compatible; ClaudeBot/1.0; [email protected])"
216.73.216.233 - - [14/Jul/2025:15:47:51 +0000] "GET /shopdetail/149907412 HTTP/1.1" 404 13146 "-" "Mozilla/5.0 AppleWebKit/537.36 (KHTML, like Gecko; compatible; ClaudeBot/1.0; [email protected])"
216.73.216.233 - - [14/Jul/2025:15:47:54 +0000] "GET /shopdetail/149887492 HTTP/1.1" 404 13146 "-" "Mozilla/5.0 AppleWebKit/537.36 (KHTML, like Gecko; compatible; ClaudeBot/1.0; [email protected])"
66.249.73.129 - - [14/Jul/2025:15:48:00 +0000] "GET /?f=86481265001490&mod=8e7035e0&uri=product.php?shopdetail/52871712 HTTP/1.1" 200 19433 "-" "Mozilla/5.0 (Linux; Android 6.0.1; Nexus 5X Build/MMB29P) AppleWebKit/537.36 (KHTML, like Gecko) Chrome/137.0.7151.103 Mobile Safari/537.36 (compatible; Googlebot/2.1; +http://www.google.com/bot.html)"
66.249.73.129 - - [14/Jul/2025:15:48:02 +0000] "GET /?f=54475822041490&mod=c302c12d&uri=product.php?shopdetail/3268652 HTTP/1.1" 200 19151 "-" "Mozilla/5.0 (Linux; Android 6.0.1; Nexus 5X Build/MMB29P) AppleWebKit/537.36 (KHTML, like Gecko) Chrome/137.0.7151.103 Mobile Safari/537.36 (compatible; Googlebot/2.1; +http://www.google.com/bot.html)"
66.249.73.129 - - [14/Jul/2025:15:48:04 +0000] "GET /?f=86481265001490&mod=8e7035e0&uri=product.php?shopdetail/52891632 HTTP/1.1" 200 19526 "-" "Mozilla/5.0 (Linux; Android 6.0.1; Nexus 5X Build/MMB29P) AppleWebKit/537.36 (KHTML, like Gecko) Chrome/137.0.7151.103 Mobile Safari/537.36 (compatible; Googlebot/2.1; +http://www.google.com/bot.html)"
66.249.73.128 - - [14/Jul/2025:15:48:28 +0000] "GET /?f=5416425011490&mod=d3036eaa&uri=us.php%3Fid%3D180824-208%26name%3Dhasselblad+503cw+millennium HTTP/1.1" 200 18996 "-" "Mozilla/5.0 (Linux; Android 6.0.1; Nexus 5X Build/MMB29P) AppleWebKit/537.36 (KHTML, like Gecko) Chrome/137.0.7151.103 Mobile Safari/537.36 (compatible; GoogleOther)"
66.249.73.128 - - [14/Jul/2025:15:48:31 +0000] "GET /?f=86481265001490&mod=8e7035e0&uri=product.php?shopdetail/52888228 HTTP/1.1" 200 18388 "-" "Mozilla/5.0 (Linux; Android 6.0.1; Nexus 5X Build/MMB29P) AppleWebKit/537.36 (KHTML, like Gecko) Chrome/137.0.7151.103 Mobile Safari/537.36 (compatible; Googlebot/2.1; +http://www.google.com/bot.html)"
216.73.216.233 - - [14/Jul/2025:15:48:32 +0000] "GET /shopdetail/149467624 HTTP/1.1" 404 13146 "-" "Mozilla/5.0 AppleWebKit/537.36 (KHTML, like Gecko; compatible; ClaudeBot/1.0; [email protected])"
66.249.73.132 - - [14/Jul/2025:15:48:32 +0000] "GET /?f=89336417081490&mod=06378740&uri=pin.php%3Fid%3D2981294-397%26name%3Dformal+high+heels HTTP/1.1" 200 18992 "-" "Mozilla/5.0 (Linux; Android 6.0.1; Nexus 5X Build/MMB29P) AppleWebKit/537.36 (KHTML, like Gecko) Chrome/137.0.7151.103 Mobile Safari/537.36 (compatible; Googlebot/2.1; +http://www.google.com/bot.html)"
216.73.216.233 - - [14/Jul/2025:15:48:35 +0000] "GET /shopdetail/149793720 HTTP/1.1" 404 13146 "-" "Mozilla/5.0 AppleWebKit/537.36 (KHTML, like Gecko; compatible; ClaudeBot/1.0; [email protected])"
216.73.216.233 - - [14/Jul/2025:15:48:38 +0000] "GET /shopdetail/149777204 HTTP/1.1" 404 13146 "-" "Mozilla/5.0 AppleWebKit/537.36 (KHTML, like Gecko; compatible; ClaudeBot/1.0; [email protected])"
216.73.216.233 - - [14/Jul/2025:15:48:41 +0000] "GET /shopdetail/149454256 HTTP/1.1" 404 13146 "-" "Mozilla/5.0 AppleWebKit/537.36 (KHTML, like Gecko; compatible; ClaudeBot/1.0; [email protected])"
216.73.216.233 - - [14/Jul/2025:15:48:44 +0000] "GET /shopdetail/149466404 HTTP/1.1" 404 13146 "-" "Mozilla/5.0 AppleWebKit/537.36 (KHTML, like Gecko; compatible; ClaudeBot/1.0; [email protected])"
216.73.216.233 - - [14/Jul/2025:15:48:47 +0000] "GET /shopdetail/149479772 HTTP/1.1" 404 13146 "-" "Mozilla/5.0 AppleWebKit/537.36 (KHTML, like Gecko; compatible; ClaudeBot/1.0; [email protected])"
66.249.73.128 - - [14/Jul/2025:15:49:01 +0000] "GET /?f=86481265001490&mod=8e7035e0&uri=product.php?shopdetail/52870748 HTTP/1.1" 200 18825 "-" "Mozilla/5.0 (Linux; Android 6.0.1; Nexus 5X Build/MMB29P) AppleWebKit/537.36 (KHTML, like Gecko) Chrome/137.0.7151.103 Mobile Safari/537.36 (compatible; Googlebot/2.1; +http://www.google.com/bot.html)"
66.249.73.128 - - [14/Jul/2025:15:49:04 +0000] "POST /get-message-notify HTTP/1.1" 200 17999 "https://onlycnc.com.au/?f=86481265001490&mod=8e7035e0&uri=product.php?shopdetail/52870748" "Mozilla/5.0 (Linux; Android 6.0.1; Nexus 5X Build/MMB29P) AppleWebKit/537.36 (KHTML, like Gecko) Chrome/137.0.7151.119 Mobile Safari/537.36 (compatible; Googlebot/2.1; +http://www.google.com/bot.html)"
216.73.216.233 - - [14/Jul/2025:15:49:37 +0000] "GET /shopdetail/149705808 HTTP/1.1" 404 13146 "-" "Mozilla/5.0 AppleWebKit/537.36 (KHTML, like Gecko; compatible; ClaudeBot/1.0; [email protected])"
216.73.216.233 - - [14/Jul/2025:15:49:40 +0000] "GET /shopdetail/149305476 HTTP/1.1" 404 13146 "-" "Mozilla/5.0 AppleWebKit/537.36 (KHTML, like Gecko; compatible; ClaudeBot/1.0; [email protected])"
216.73.216.233 - - [14/Jul/2025:15:49:43 +0000] "GET /shopdetail/149135676 HTTP/1.1" 404 13146 "-" "Mozilla/5.0 AppleWebKit/537.36 (KHTML, like Gecko; compatible; ClaudeBot/1.0; [email protected])"
216.73.216.233 - - [14/Jul/2025:15:49:46 +0000] "GET /shopdetail/149288952 HTTP/1.1" 404 13146 "-" "Mozilla/5.0 AppleWebKit/537.36 (KHTML, like Gecko; compatible; ClaudeBot/1.0; [email protected])"
216.73.216.233 - - [14/Jul/2025:15:49:49 +0000] "GET /shopdetail/149433236 HTTP/1.1" 404 13146 "-" "Mozilla/5.0 AppleWebKit/537.36 (KHTML, like Gecko; compatible; ClaudeBot/1.0; [email protected])"
Page not found – Hello World !