34.122.147.229 - - [14/Jul/2025:21:40:43 +0000] "GET /wp-content/plugins/leadconnector/public/js/lc-public.js?ver=3.0.10.1 HTTP/1.1" 200 1322 "https://teamhachem.com/" "Mozilla/5.0 (X11; Linux x86_64) AppleWebKit/537.36 (KHTML, like Gecko) HeadlessChrome/117.0.5938.132 Safari/537.36"
34.72.176.129 - - [14/Jul/2025:21:40:43 +0000] "GET /wp-content/plugins/woocommerce/assets/js/jquery-blockui/jquery.blockUI.min.js?ver=2.7.0-wc.9.9.5 HTTP/1.1" 200 3537 "https://teamhachem.com/" "Mozilla/5.0 (X11; Linux x86_64) AppleWebKit/537.36 (KHTML, like Gecko) HeadlessChrome/117.0.5938.132 Safari/537.36"
34.72.176.129 - - [14/Jul/2025:21:40:43 +0000] "GET /wp-includes/js/jquery/jquery.min.js?ver=3.7.1 HTTP/1.1" 200 30368 "https://teamhachem.com/" "Mozilla/5.0 (X11; Linux x86_64) AppleWebKit/537.36 (KHTML, like Gecko) HeadlessChrome/117.0.5938.132 Safari/537.36"
34.72.176.129 - - [14/Jul/2025:21:40:43 +0000] "GET /wp-content/plugins/woocommerce/assets/js/frontend/add-to-cart.min.js?ver=9.9.5 HTTP/1.1" 200 1368 "https://teamhachem.com/" "Mozilla/5.0 (X11; Linux x86_64) AppleWebKit/537.36 (KHTML, like Gecko) HeadlessChrome/117.0.5938.132 Safari/537.36"
34.122.147.229 - - [14/Jul/2025:21:40:43 +0000] "GET /wp-content/plugins/js_composer/assets/js/vendors/woocommerce-add-to-cart.js?ver=8.0 HTTP/1.1" 200 374 "https://teamhachem.com/" "Mozilla/5.0 (X11; Linux x86_64) AppleWebKit/537.36 (KHTML, like Gecko) HeadlessChrome/117.0.5938.132 Safari/537.36"
34.72.176.129 - - [14/Jul/2025:21:40:43 +0000] "GET /wp-content/uploads/2018/09/serv_01-600x450.jpg HTTP/1.1" 200 41951 "https://teamhachem.com/" "Mozilla/5.0 (X11; Linux x86_64) AppleWebKit/537.36 (KHTML, like Gecko) HeadlessChrome/117.0.5938.132 Safari/537.36"
34.72.176.129 - - [14/Jul/2025:21:40:43 +0000] "GET /wp-content/themes/artkombat/assets/js/modernizr-2.6.2.min.js?ver=2.6.2 HTTP/1.1" 200 6202 "https://teamhachem.com/" "Mozilla/5.0 (X11; Linux x86_64) AppleWebKit/537.36 (KHTML, like Gecko) HeadlessChrome/117.0.5938.132 Safari/537.36"
34.72.176.129 - - [14/Jul/2025:21:40:43 +0000] "GET /wp-content/plugins/woocommerce/assets/client/blocks/wc-blocks.css?ver=wc-9.9.5 HTTP/1.1" 200 2575 "https://teamhachem.com/" "Mozilla/5.0 (X11; Linux x86_64) AppleWebKit/537.36 (KHTML, like Gecko) HeadlessChrome/117.0.5938.132 Safari/537.36"
34.122.147.229 - - [14/Jul/2025:21:40:43 +0000] "GET /wp-content/plugins/metronet-profile-picture/js/mpp-frontend.js?ver=2.6.3 HTTP/1.1" 200 195 "https://teamhachem.com/" "Mozilla/5.0 (X11; Linux x86_64) AppleWebKit/537.36 (KHTML, like Gecko) HeadlessChrome/117.0.5938.132 Safari/537.36"
34.72.176.129 - - [14/Jul/2025:21:40:43 +0000] "GET /wp-content/plugins/js_composer/assets/lib/vendor/node_modules/animate.css/animate.min.css?ver=8.0 HTTP/1.1" 200 4259 "https://teamhachem.com/" "Mozilla/5.0 (X11; Linux x86_64) AppleWebKit/537.36 (KHTML, like Gecko) HeadlessChrome/117.0.5938.132 Safari/537.36"
34.72.176.129 - - [14/Jul/2025:21:40:43 +0000] "GET /wp-includes/js/dist/i18n.min.js?ver=5e580eb46a90c2b997e6 HTTP/1.1" 200 3667 "https://teamhachem.com/" "Mozilla/5.0 (X11; Linux x86_64) AppleWebKit/537.36 (KHTML, like Gecko) HeadlessChrome/117.0.5938.132 Safari/537.36"
34.72.176.129 - - [14/Jul/2025:21:40:43 +0000] "GET /wp-includes/js/dist/hooks.min.js?ver=4d63a3d491d11ffd8ac6 HTTP/1.1" 200 1648 "https://teamhachem.com/" "Mozilla/5.0 (X11; Linux x86_64) AppleWebKit/537.36 (KHTML, like Gecko) HeadlessChrome/117.0.5938.132 Safari/537.36"
34.72.176.129 - - [14/Jul/2025:21:40:43 +0000] "GET /wp-content/plugins/contact-form-7/includes/swv/js/index.js?ver=6.1 HTTP/1.1" 200 3503 "https://teamhachem.com/" "Mozilla/5.0 (X11; Linux x86_64) AppleWebKit/537.36 (KHTML, like Gecko) HeadlessChrome/117.0.5938.132 Safari/537.36"
34.72.176.129 - - [14/Jul/2025:21:40:43 +0000] "GET /wp-content/plugins/contact-form-7/includes/js/index.js?ver=6.1 HTTP/1.1" 200 4265 "https://teamhachem.com/" "Mozilla/5.0 (X11; Linux x86_64) AppleWebKit/537.36 (KHTML, like Gecko) HeadlessChrome/117.0.5938.132 Safari/537.36"
34.72.176.129 - - [14/Jul/2025:21:40:43 +0000] "GET /wp-content/plugins/woocommerce/assets/js/frontend/order-attribution.min.js?ver=9.9.5 HTTP/1.1" 200 1128 "https://teamhachem.com/" "Mozilla/5.0 (X11; Linux x86_64) AppleWebKit/537.36 (KHTML, like Gecko) HeadlessChrome/117.0.5938.132 Safari/537.36"
34.72.176.129 - - [14/Jul/2025:21:40:43 +0000] "GET /wp-content/plugins/woocommerce/assets/js/sourcebuster/sourcebuster.min.js?ver=9.9.5 HTTP/1.1" 200 4807 "https://teamhachem.com/" "Mozilla/5.0 (X11; Linux x86_64) AppleWebKit/537.36 (KHTML, like Gecko) HeadlessChrome/117.0.5938.132 Safari/537.36"
34.72.176.129 - - [14/Jul/2025:21:40:43 +0000] "GET /wp-content/uploads/2024/10/Teamw.png HTTP/1.1" 200 5125 "https://teamhachem.com/" "Mozilla/5.0 (X11; Linux x86_64) AppleWebKit/537.36 (KHTML, like Gecko) HeadlessChrome/117.0.5938.132 Safari/537.36"
34.122.147.229 - - [14/Jul/2025:21:40:43 +0000] "GET /wp-content/plugins/unyson/framework/static/libs/font-awesome/fonts/fontawesome-webfont.woff2?v=4.7.0 HTTP/1.1" 200 77162 "https://teamhachem.com/wp-content/plugins/unyson/framework/static/libs/font-awesome/css/font-awesome.min.css?ver=2.7.25" "Mozilla/5.0 (X11; Linux x86_64) AppleWebKit/537.36 (KHTML, like Gecko) HeadlessChrome/117.0.5938.132 Safari/537.36"
34.72.176.129 - - [14/Jul/2025:21:40:43 +0000] "GET /wp-includes/js/jquery/jquery.masonry.min.js?ver=3.1.2b HTTP/1.1" 200 716 "https://teamhachem.com/" "Mozilla/5.0 (X11; Linux x86_64) AppleWebKit/537.36 (KHTML, like Gecko) HeadlessChrome/117.0.5938.132 Safari/537.36"
34.72.176.129 - - [14/Jul/2025:21:40:43 +0000] "GET /wp-includes/js/imagesloaded.min.js?ver=5.0.0 HTTP/1.1" 200 1803 "https://teamhachem.com/" "Mozilla/5.0 (X11; Linux x86_64) AppleWebKit/537.36 (KHTML, like Gecko) HeadlessChrome/117.0.5938.132 Safari/537.36"
34.72.176.129 - - [14/Jul/2025:21:40:43 +0000] "GET /wp-includes/js/masonry.min.js?ver=4.2.2 HTTP/1.1" 200 7382 "https://teamhachem.com/" "Mozilla/5.0 (X11; Linux x86_64) AppleWebKit/537.36 (KHTML, like Gecko) HeadlessChrome/117.0.5938.132 Safari/537.36"
34.72.176.129 - - [14/Jul/2025:21:40:43 +0000] "GET /wp-content/themes/artkombat/assets/js/jquery.countdown.js?ver=2.2.0 HTTP/1.1" 200 1740 "https://teamhachem.com/" "Mozilla/5.0 (X11; Linux x86_64) AppleWebKit/537.36 (KHTML, like Gecko) HeadlessChrome/117.0.5938.132 Safari/537.36"
34.72.176.129 - - [14/Jul/2025:21:40:43 +0000] "GET /wp-content/uploads/2018/09/img-go-top.png HTTP/1.1" 200 288 "https://teamhachem.com/" "Mozilla/5.0 (X11; Linux x86_64) AppleWebKit/537.36 (KHTML, like Gecko) HeadlessChrome/117.0.5938.132 Safari/537.36"
34.72.176.129 - - [14/Jul/2025:21:40:43 +0000] "GET /wp-content/themes/artkombat/assets/js/jquery.counterup.min.js?ver=1.0 HTTP/1.1" 200 574 "https://teamhachem.com/" "Mozilla/5.0 (X11; Linux x86_64) AppleWebKit/537.36 (KHTML, like Gecko) HeadlessChrome/117.0.5938.132 Safari/537.36"
34.72.176.129 - - [14/Jul/2025:21:40:43 +0000] "GET /wp-content/plugins/js_composer/assets/lib/vendor/node_modules/@fortawesome/fontawesome-free/webfonts/fa-regular-400.woff2 HTTP/1.1" 200 13247 "https://teamhachem.com/wp-content/plugins/js_composer/assets/lib/vendor/node_modules/@fortawesome/fontawesome-free/css/all.min.css?ver=8.0" "Mozilla/5.0 (X11; Linux x86_64) AppleWebKit/537.36 (KHTML, like Gecko) HeadlessChrome/117.0.5938.132 Safari/537.36"
34.72.176.129 - - [14/Jul/2025:21:40:43 +0000] "GET /wp-content/plugins/js_composer/assets/lib/vendor/node_modules/@fortawesome/fontawesome-free/webfonts/fa-brands-400.woff2 HTTP/1.1" 200 76764 "https://teamhachem.com/wp-content/plugins/js_composer/assets/lib/vendor/node_modules/@fortawesome/fontawesome-free/css/all.min.css?ver=8.0" "Mozilla/5.0 (X11; Linux x86_64) AppleWebKit/537.36 (KHTML, like Gecko) HeadlessChrome/117.0.5938.132 Safari/537.36"
34.122.147.229 - - [14/Jul/2025:21:40:43 +0000] "GET /wp-content/themes/artkombat/assets/js/jquery.matchHeight.js?ver=6.8.1 HTTP/1.1" 200 1357 "https://teamhachem.com/" "Mozilla/5.0 (X11; Linux x86_64) AppleWebKit/537.36 (KHTML, like Gecko) HeadlessChrome/117.0.5938.132 Safari/537.36"
34.72.176.129 - - [14/Jul/2025:21:40:43 +0000] "GET /wp-content/themes/artkombat/assets/js/jquery.zoomslider.js?ver=0.2.3 HTTP/1.1" 200 2157 "https://teamhachem.com/" "Mozilla/5.0 (X11; Linux x86_64) AppleWebKit/537.36 (KHTML, like Gecko) HeadlessChrome/117.0.5938.132 Safari/537.36"
34.72.176.129 - - [14/Jul/2025:21:40:43 +0000] "GET /wp-content/themes/artkombat/assets/js/jquery.magnific-popup.js?ver=1.1.0 HTTP/1.1" 200 12489 "https://teamhachem.com/" "Mozilla/5.0 (X11; Linux x86_64) AppleWebKit/537.36 (KHTML, like Gecko) HeadlessChrome/117.0.5938.132 Safari/537.36"
34.72.176.129 - - [14/Jul/2025:21:40:43 +0000] "GET /wp-content/themes/artkombat/assets/js/jquery.nicescroll.js?ver=3.7.6 HTTP/1.1" 200 16928 "https://teamhachem.com/" "Mozilla/5.0 (X11; Linux x86_64) AppleWebKit/537.36 (KHTML, like Gecko) HeadlessChrome/117.0.5938.132 Safari/537.36"
34.122.147.229 - - [14/Jul/2025:21:40:43 +0000] "GET /wp-content/themes/artkombat/assets/js/waypoint.js?ver=1.6.2 HTTP/1.1" 200 2567 "https://teamhachem.com/" "Mozilla/5.0 (X11; Linux x86_64) AppleWebKit/537.36 (KHTML, like Gecko) HeadlessChrome/117.0.5938.132 Safari/537.36"
34.72.176.129 - - [14/Jul/2025:21:40:43 +0000] "GET /wp-content/themes/artkombat/assets/js/affix.js?ver=3.3.7 HTTP/1.1" 200 1115 "https://teamhachem.com/" "Mozilla/5.0 (X11; Linux x86_64) AppleWebKit/537.36 (KHTML, like Gecko) HeadlessChrome/117.0.5938.132 Safari/537.36"
34.72.176.129 - - [14/Jul/2025:21:40:43 +0000] "GET /wp-content/themes/artkombat/assets/js/parallax.min.js?ver=1.1.3 HTTP/1.1" 200 506 "https://teamhachem.com/" "Mozilla/5.0 (X11; Linux x86_64) AppleWebKit/537.36 (KHTML, like Gecko) HeadlessChrome/117.0.5938.132 Safari/537.36"
34.72.176.129 - - [14/Jul/2025:21:40:43 +0000] "GET /wp-content/themes/artkombat/assets/js/jquery.paroller.min.js?ver=1.3.1 HTTP/1.1" 200 656 "https://teamhachem.com/" "Mozilla/5.0 (X11; Linux x86_64) AppleWebKit/537.36 (KHTML, like Gecko) HeadlessChrome/117.0.5938.132 Safari/537.36"
34.72.176.129 - - [14/Jul/2025:21:40:43 +0000] "GET /wp-content/themes/artkombat/assets/js/swiper.js?ver=4.3.3 HTTP/1.1" 200 32454 "https://teamhachem.com/" "Mozilla/5.0 (X11; Linux x86_64) AppleWebKit/537.36 (KHTML, like Gecko) HeadlessChrome/117.0.5938.132 Safari/537.36"
34.122.147.229 - - [14/Jul/2025:21:40:43 +0000] "GET /wp-content/themes/artkombat/assets/js/parallax-scroll.min.js?ver=1.0 HTTP/1.1" 200 5261 "https://teamhachem.com/" "Mozilla/5.0 (X11; Linux x86_64) AppleWebKit/537.36 (KHTML, like Gecko) HeadlessChrome/117.0.5938.132 Safari/537.36"
34.72.176.129 - - [14/Jul/2025:21:40:43 +0000] "GET /wp-content/uploads/2018/09/slide_04.jpg HTTP/1.1" 200 198637 "https://teamhachem.com/" "Mozilla/5.0 (X11; Linux x86_64) AppleWebKit/537.36 (KHTML, like Gecko) HeadlessChrome/117.0.5938.132 Safari/537.36"
34.122.147.229 - - [14/Jul/2025:21:40:43 +0000] "GET /wp-content/themes/artkombat/assets/js/scrollreveal.js?ver=3.3.4 HTTP/1.1" 200 3269 "https://teamhachem.com/" "Mozilla/5.0 (X11; Linux x86_64) AppleWebKit/537.36 (KHTML, like Gecko) HeadlessChrome/117.0.5938.132 Safari/537.36"
34.72.176.129 - - [14/Jul/2025:21:40:43 +0000] "GET /wp-content/uploads/2024/10/th1.png HTTP/1.1" 200 494522 "https://teamhachem.com/" "Mozilla/5.0 (X11; Linux x86_64) AppleWebKit/537.36 (KHTML, like Gecko) HeadlessChrome/117.0.5938.132 Safari/537.36"
34.72.176.129 - - [14/Jul/2025:21:40:43 +0000] "GET /wp-content/uploads/2018/09/slide_03.jpg HTTP/1.1" 200 230268 "https://teamhachem.com/" "Mozilla/5.0 (X11; Linux x86_64) AppleWebKit/537.36 (KHTML, like Gecko) HeadlessChrome/117.0.5938.132 Safari/537.36"
34.72.176.129 - - [14/Jul/2025:21:40:43 +0000] "GET /wp-content/uploads/2018/09/slide_02.jpg HTTP/1.1" 200 271075 "https://teamhachem.com/" "Mozilla/5.0 (X11; Linux x86_64) AppleWebKit/537.36 (KHTML, like Gecko) HeadlessChrome/117.0.5938.132 Safari/537.36"
34.122.147.229 - - [14/Jul/2025:21:40:43 +0000] "GET /wp-content/themes/artkombat/assets/js/scripts.js?ver=1.0 HTTP/1.1" 200 6746 "https://teamhachem.com/" "Mozilla/5.0 (X11; Linux x86_64) AppleWebKit/537.36 (KHTML, like Gecko) HeadlessChrome/117.0.5938.132 Safari/537.36"
34.72.176.129 - - [14/Jul/2025:21:40:43 +0000] "GET /wp-content/themes/artkombat/assets/js/map-style.js?ver=1.0.0 HTTP/1.1" 200 335 "https://teamhachem.com/" "Mozilla/5.0 (X11; Linux x86_64) AppleWebKit/537.36 (KHTML, like Gecko) HeadlessChrome/117.0.5938.132 Safari/537.36"
34.72.176.129 - - [14/Jul/2025:21:40:43 +0000] "GET /wp-content/themes/artkombat/assets/js/pace.js?ver=6.8.1 HTTP/1.1" 200 4291 "https://teamhachem.com/" "Mozilla/5.0 (X11; Linux x86_64) AppleWebKit/537.36 (KHTML, like Gecko) HeadlessChrome/117.0.5938.132 Safari/537.36"
34.122.147.229 - - [14/Jul/2025:21:40:43 +0000] "GET /wp-content/plugins/js_composer/assets/js/dist/js_composer_front.min.js?ver=8.0 HTTP/1.1" 200 5146 "https://teamhachem.com/" "Mozilla/5.0 (X11; Linux x86_64) AppleWebKit/537.36 (KHTML, like Gecko) HeadlessChrome/117.0.5938.132 Safari/537.36"
34.72.176.129 - - [14/Jul/2025:21:40:43 +0000] "GET /wp-content/plugins/js_composer/assets/lib/vc/vc_waypoints/vc-waypoints.min.js?ver=8.0 HTTP/1.1" 200 2726 "https://teamhachem.com/" "Mozilla/5.0 (X11; Linux x86_64) AppleWebKit/537.36 (KHTML, like Gecko) HeadlessChrome/117.0.5938.132 Safari/537.36"
34.72.176.129 - - [14/Jul/2025:21:40:43 +0000] "GET /wp-content/plugins/woocommerce/assets/js/js-cookie/js.cookie.min.js?ver=2.1.4-wc.9.9.5 HTTP/1.1" 200 833 "https://teamhachem.com/" "Mozilla/5.0 (X11; Linux x86_64) AppleWebKit/537.36 (KHTML, like Gecko) HeadlessChrome/117.0.5938.132 Safari/537.36"
34.72.176.129 - - [14/Jul/2025:21:40:43 +0000] "GET /wp-content/plugins/woocommerce/assets/js/frontend/woocommerce.min.js?ver=9.9.5 HTTP/1.1" 200 1449 "https://teamhachem.com/" "Mozilla/5.0 (X11; Linux x86_64) AppleWebKit/537.36 (KHTML, like Gecko) HeadlessChrome/117.0.5938.132 Safari/537.36"
34.72.176.129 - - [14/Jul/2025:21:40:43 +0000] "GET /wp-content/uploads/2018/10/watermark.png HTTP/1.1" 200 5875 "https://teamhachem.com/" "Mozilla/5.0 (X11; Linux x86_64) AppleWebKit/537.36 (KHTML, like Gecko) HeadlessChrome/117.0.5938.132 Safari/537.36"
34.122.147.229 - - [14/Jul/2025:21:40:44 +0000] "GET /wp-content/uploads/2018/09/serv_02-600x450.jpg HTTP/1.1" 200 33110 "https://teamhachem.com/" "Mozilla/5.0 (X11; Linux x86_64) AppleWebKit/537.36 (KHTML, like Gecko) HeadlessChrome/117.0.5938.132 Safari/537.36"
34.72.176.129 - - [14/Jul/2025:21:40:44 +0000] "GET /wp-content/uploads/2018/09/logo-1.png HTTP/1.1" 200 9062 "https://teamhachem.com/" "Mozilla/5.0 (X11; Linux x86_64) AppleWebKit/537.36 (KHTML, like Gecko) HeadlessChrome/117.0.5938.132 Safari/537.36"
34.72.176.129 - - [14/Jul/2025:21:40:44 +0000] "GET /wp-content/uploads/2018/09/logo-2.png HTTP/1.1" 200 5909 "https://teamhachem.com/" "Mozilla/5.0 (X11; Linux x86_64) AppleWebKit/537.36 (KHTML, like Gecko) HeadlessChrome/117.0.5938.132 Safari/537.36"
34.72.176.129 - - [14/Jul/2025:21:40:44 +0000] "GET /wp-content/uploads/2018/09/logo-3.png HTTP/1.1" 200 11995 "https://teamhachem.com/" "Mozilla/5.0 (X11; Linux x86_64) AppleWebKit/537.36 (KHTML, like Gecko) HeadlessChrome/117.0.5938.132 Safari/537.36"
34.72.176.129 - - [14/Jul/2025:21:40:44 +0000] "GET /wp-content/uploads/2018/09/logo-4.png HTTP/1.1" 200 6489 "https://teamhachem.com/" "Mozilla/5.0 (X11; Linux x86_64) AppleWebKit/537.36 (KHTML, like Gecko) HeadlessChrome/117.0.5938.132 Safari/537.36"
34.122.147.229 - - [14/Jul/2025:21:40:44 +0000] "GET /wp-content/uploads/2018/09/logo-5.png HTTP/1.1" 200 13156 "https://teamhachem.com/" "Mozilla/5.0 (X11; Linux x86_64) AppleWebKit/537.36 (KHTML, like Gecko) HeadlessChrome/117.0.5938.132 Safari/537.36"
34.72.176.129 - - [14/Jul/2025:21:40:44 +0000] "GET /wp-content/uploads/2018/09/logo-6.png HTTP/1.1" 200 6475 "https://teamhachem.com/" "Mozilla/5.0 (X11; Linux x86_64) AppleWebKit/537.36 (KHTML, like Gecko) HeadlessChrome/117.0.5938.132 Safari/537.36"
34.72.176.129 - - [14/Jul/2025:21:40:44 +0000] "GET /wp-content/uploads/2018/09/subscribe.png HTTP/1.1" 200 942 "https://teamhachem.com/" "Mozilla/5.0 (X11; Linux x86_64) AppleWebKit/537.36 (KHTML, like Gecko) HeadlessChrome/117.0.5938.132 Safari/537.36"
34.72.176.129 - - [14/Jul/2025:21:40:44 +0000] "GET /wp-content/plugins/mailchimp-for-wp/assets/js/forms.js?ver=4.10.5 HTTP/1.1" 200 2591 "https://teamhachem.com/" "Mozilla/5.0 (X11; Linux x86_64) AppleWebKit/537.36 (KHTML, like Gecko) HeadlessChrome/117.0.5938.132 Safari/537.36"
34.72.176.129 - - [14/Jul/2025:21:40:44 +0000] "GET /wp-content/uploads/2018/09/serv_01.jpg HTTP/1.1" 200 307044 "https://teamhachem.com/" "Mozilla/5.0 (X11; Linux x86_64) AppleWebKit/537.36 (KHTML, like Gecko) HeadlessChrome/117.0.5938.132 Safari/537.36"
34.72.176.129 - - [14/Jul/2025:21:40:44 +0000] "GET /wp-content/uploads/2018/09/serv_03.jpg HTTP/1.1" 200 198687 "https://teamhachem.com/" "Mozilla/5.0 (X11; Linux x86_64) AppleWebKit/537.36 (KHTML, like Gecko) HeadlessChrome/117.0.5938.132 Safari/537.36"
34.72.176.129 - - [14/Jul/2025:21:40:44 +0000] "GET /wp-content/uploads/2018/09/serv_04.jpg HTTP/1.1" 200 268131 "https://teamhachem.com/" "Mozilla/5.0 (X11; Linux x86_64) AppleWebKit/537.36 (KHTML, like Gecko) HeadlessChrome/117.0.5938.132 Safari/537.36"
34.72.176.129 - - [14/Jul/2025:21:40:44 +0000] "GET /wp-content/uploads/2018/09/cards_parallax.jpg?id=5986 HTTP/1.1" 200 391629 "https://teamhachem.com/" "Mozilla/5.0 (X11; Linux x86_64) AppleWebKit/537.36 (KHTML, like Gecko) HeadlessChrome/117.0.5938.132 Safari/537.36"
34.72.176.129 - - [14/Jul/2025:21:40:44 +0000] "GET /wp-content/uploads/2018/09/blog_08.jpg?id=6007 HTTP/1.1" 200 222740 "https://teamhachem.com/" "Mozilla/5.0 (X11; Linux x86_64) AppleWebKit/537.36 (KHTML, like Gecko) HeadlessChrome/117.0.5938.132 Safari/537.36"
34.122.147.229 - - [14/Jul/2025:21:40:44 +0000] "GET /wp-content/uploads/2018/09/serv_02.jpg HTTP/1.1" 200 201303 "https://teamhachem.com/" "Mozilla/5.0 (X11; Linux x86_64) AppleWebKit/537.36 (KHTML, like Gecko) HeadlessChrome/117.0.5938.132 Safari/537.36"
34.72.176.129 - - [14/Jul/2025:21:40:44 +0000] "GET /wp-content/uploads/2018/09/stratches-1.png?id=6064 HTTP/1.1" 200 65216 "https://teamhachem.com/" "Mozilla/5.0 (X11; Linux x86_64) AppleWebKit/537.36 (KHTML, like Gecko) HeadlessChrome/117.0.5938.132 Safari/537.36"
34.72.176.129 - - [14/Jul/2025:21:40:44 +0000] "GET /wp-content/uploads/2018/09/map-dots.png?id=6061 HTTP/1.1" 200 73418 "https://teamhachem.com/" "Mozilla/5.0 (X11; Linux x86_64) AppleWebKit/537.36 (KHTML, like Gecko) HeadlessChrome/117.0.5938.132 Safari/537.36"
34.72.176.129 - - [14/Jul/2025:21:40:44 +0000] "GET /wp-content/uploads/2018/09/footer_bg-1.jpg HTTP/1.1" 200 66300 "https://teamhachem.com/" "Mozilla/5.0 (X11; Linux x86_64) AppleWebKit/537.36 (KHTML, like Gecko) HeadlessChrome/117.0.5938.132 Safari/537.36"
34.72.176.129 - - [14/Jul/2025:21:40:44 +0000] "GET /wp-content/uploads/2018/09/serv_03-600x450.jpg HTTP/1.1" 200 32282 "https://teamhachem.com/" "Mozilla/5.0 (X11; Linux x86_64) AppleWebKit/537.36 (KHTML, like Gecko) HeadlessChrome/117.0.5938.132 Safari/537.36"
34.122.147.229 - - [14/Jul/2025:21:40:44 +0000] "GET /wp-content/uploads/2018/09/serv_04-600x450.jpg HTTP/1.1" 200 43957 "https://teamhachem.com/" "Mozilla/5.0 (X11; Linux x86_64) AppleWebKit/537.36 (KHTML, like Gecko) HeadlessChrome/117.0.5938.132 Safari/537.36"
34.72.176.129 - - [14/Jul/2025:21:40:44 +0000] "GET /wp-content/uploads/2018/10/skills-men.png HTTP/1.1" 200 207780 "https://teamhachem.com/" "Mozilla/5.0 (X11; Linux x86_64) AppleWebKit/537.36 (KHTML, like Gecko) HeadlessChrome/117.0.5938.132 Safari/537.36"
34.122.147.229 - - [14/Jul/2025:21:40:44 +0000] "GET /wp-content/plugins/woocommerce/assets/css/woocommerce-smallscreen.css?ver=9.9.5 HTTP/1.1" 200 1279 "https://teamhachem.com/" "Mozilla/5.0 (X11; Linux x86_64) AppleWebKit/537.36 (KHTML, like Gecko) HeadlessChrome/117.0.5938.132 Safari/537.36"
34.72.176.129 - - [14/Jul/2025:21:40:44 +0000] "GET /wp-includes/js/wp-emoji-release.min.js?ver=6.8.1 HTTP/1.1" 200 5166 "https://teamhachem.com/" "Mozilla/5.0 (X11; Linux x86_64) AppleWebKit/537.36 (KHTML, like Gecko) HeadlessChrome/117.0.5938.132 Safari/537.36"
34.72.176.129 - - [14/Jul/2025:21:40:44 +0000] "GET /wp-content/uploads/2018/09/boxing-glove.png HTTP/1.1" 200 297998 "https://teamhachem.com/" "Mozilla/5.0 (X11; Linux x86_64) AppleWebKit/537.36 (KHTML, like Gecko) HeadlessChrome/117.0.5938.132 Safari/537.36"
34.122.147.229 - - [14/Jul/2025:21:40:44 +0000] "GET /wp-content/uploads/2024/10/02255Untitled-design-365x520.png HTTP/1.1" 200 174875 "https://teamhachem.com/" "Mozilla/5.0 (X11; Linux x86_64) AppleWebKit/537.36 (KHTML, like Gecko) HeadlessChrome/117.0.5938.132 Safari/537.36"
34.72.176.129 - - [14/Jul/2025:21:40:44 +0000] "GET /wp-content/uploads/2017/09/coach4-removebg-preview-365x520.png HTTP/1.1" 200 174481 "https://teamhachem.com/" "Mozilla/5.0 (X11; Linux x86_64) AppleWebKit/537.36 (KHTML, like Gecko) HeadlessChrome/117.0.5938.132 Safari/537.36"
34.72.176.129 - - [14/Jul/2025:21:40:44 +0000] "GET /wp-content/uploads/2017/09/coach5-removebg-preview-365x520.png HTTP/1.1" 200 180760 "https://teamhachem.com/" "Mozilla/5.0 (X11; Linux x86_64) AppleWebKit/537.36 (KHTML, like Gecko) HeadlessChrome/117.0.5938.132 Safari/537.36"
34.72.176.129 - - [14/Jul/2025:21:40:44 +0000] "GET /wp-content/uploads/2017/09/couchh2-3-365x520.png HTTP/1.1" 200 227451 "https://teamhachem.com/" "Mozilla/5.0 (X11; Linux x86_64) AppleWebKit/537.36 (KHTML, like Gecko) HeadlessChrome/117.0.5938.132 Safari/537.36"
34.72.176.129 - - [14/Jul/2025:21:40:44 +0000] "GET /wp-content/uploads/2018/03/w6-70x70.jpg HTTP/1.1" 200 2136 "https://teamhachem.com/" "Mozilla/5.0 (X11; Linux x86_64) AppleWebKit/537.36 (KHTML, like Gecko) HeadlessChrome/117.0.5938.132 Safari/537.36"
34.72.176.129 - - [14/Jul/2025:21:40:44 +0000] "GET /wp-content/uploads/2018/03/w3-70x70.jpg HTTP/1.1" 200 2120 "https://teamhachem.com/" "Mozilla/5.0 (X11; Linux x86_64) AppleWebKit/537.36 (KHTML, like Gecko) HeadlessChrome/117.0.5938.132 Safari/537.36"
34.122.147.229 - - [14/Jul/2025:21:40:44 +0000] "GET /wp-content/uploads/2017/09/coach3-1-365x520.png HTTP/1.1" 200 206259 "https://teamhachem.com/" "Mozilla/5.0 (X11; Linux x86_64) AppleWebKit/537.36 (KHTML, like Gecko) HeadlessChrome/117.0.5938.132 Safari/537.36"
34.72.176.129 - - [14/Jul/2025:21:40:44 +0000] "GET /wp-content/uploads/2018/03/w1-70x70.jpg HTTP/1.1" 200 2169 "https://teamhachem.com/" "Mozilla/5.0 (X11; Linux x86_64) AppleWebKit/537.36 (KHTML, like Gecko) HeadlessChrome/117.0.5938.132 Safari/537.36"
34.72.176.129 - - [14/Jul/2025:21:40:44 +0000] "GET /wp-json/contact-form-7/v1/contact-forms/6102/feedback/schema HTTP/1.1" 200 93 "https://teamhachem.com/" "Mozilla/5.0 (X11; Linux x86_64) AppleWebKit/537.36 (KHTML, like Gecko) HeadlessChrome/117.0.5938.132 Safari/537.36"
34.72.176.129 - - [14/Jul/2025:21:40:45 +0000] "GET /wp-json/contact-form-7/v1/contact-forms/6102/refill HTTP/1.1" 200 22 "https://teamhachem.com/" "Mozilla/5.0 (X11; Linux x86_64) AppleWebKit/537.36 (KHTML, like Gecko) HeadlessChrome/117.0.5938.132 Safari/537.36"
104.197.69.115 - - [14/Jul/2025:21:40:45 +0000] "GET / HTTP/1.1" 301 - "-" "Mozilla/5.0 (Macintosh; Intel Mac OS X 10_15_4) AppleWebKit/537.36 (KHTML, like Gecko) Chrome/83.0.4103.97 Safari/537.36"
34.122.147.229 - - [14/Jul/2025:21:40:46 +0000] "GET / HTTP/1.1" 200 22863 "-" "Mozilla/5.0 (Macintosh; Intel Mac OS X 10_15_4) AppleWebKit/537.36 (KHTML, like Gecko) Chrome/83.0.4103.97 Safari/537.36"
34.122.147.229 - - [14/Jul/2025:21:40:47 +0000] "GET /wp-includes/js/jquery/jquery.min.js?ver=3.7.1 HTTP/1.1" 200 30368 "https://teamhachem.com/" "Mozilla/5.0 (Macintosh; Intel Mac OS X 10_15_4) AppleWebKit/537.36 (KHTML, like Gecko) Chrome/83.0.4103.97 Safari/537.36"
34.122.147.229 - - [14/Jul/2025:21:40:47 +0000] "GET /wp-includes/js/jquery/jquery-migrate.min.js?ver=3.4.1 HTTP/1.1" 200 4872 "https://teamhachem.com/" "Mozilla/5.0 (Macintosh; Intel Mac OS X 10_15_4) AppleWebKit/537.36 (KHTML, like Gecko) Chrome/83.0.4103.97 Safari/537.36"
104.197.69.115 - - [14/Jul/2025:21:40:47 +0000] "GET /wp-content/plugins/leadconnector/public/js/lc-public.js?ver=3.0.10.1 HTTP/1.1" 200 1322 "https://teamhachem.com/" "Mozilla/5.0 (Macintosh; Intel Mac OS X 10_15_4) AppleWebKit/537.36 (KHTML, like Gecko) Chrome/83.0.4103.97 Safari/537.36"
34.72.176.129 - - [14/Jul/2025:21:40:47 +0000] "GET /wp-content/plugins/woocommerce/assets/js/jquery-blockui/jquery.blockUI.min.js?ver=2.7.0-wc.9.9.5 HTTP/1.1" 200 3537 "https://teamhachem.com/" "Mozilla/5.0 (Macintosh; Intel Mac OS X 10_15_4) AppleWebKit/537.36 (KHTML, like Gecko) Chrome/83.0.4103.97 Safari/537.36"
34.72.176.129 - - [14/Jul/2025:21:40:47 +0000] "GET /wp-content/plugins/woocommerce/assets/js/frontend/add-to-cart.min.js?ver=9.9.5 HTTP/1.1" 200 1368 "https://teamhachem.com/" "Mozilla/5.0 (Macintosh; Intel Mac OS X 10_15_4) AppleWebKit/537.36 (KHTML, like Gecko) Chrome/83.0.4103.97 Safari/537.36"
34.122.147.229 - - [14/Jul/2025:21:40:47 +0000] "GET /wp-content/plugins/js_composer/assets/js/vendors/woocommerce-add-to-cart.js?ver=8.0 HTTP/1.1" 200 374 "https://teamhachem.com/" "Mozilla/5.0 (Macintosh; Intel Mac OS X 10_15_4) AppleWebKit/537.36 (KHTML, like Gecko) Chrome/83.0.4103.97 Safari/537.36"
104.197.69.115 - - [14/Jul/2025:21:40:47 +0000] "GET /wp-content/themes/artkombat/assets/js/modernizr-2.6.2.min.js?ver=2.6.2 HTTP/1.1" 200 6202 "https://teamhachem.com/" "Mozilla/5.0 (Macintosh; Intel Mac OS X 10_15_4) AppleWebKit/537.36 (KHTML, like Gecko) Chrome/83.0.4103.97 Safari/537.36"
34.72.176.129 - - [14/Jul/2025:21:40:47 +0000] "GET /wp-content/plugins/contact-form-7/includes/swv/js/index.js?ver=6.1 HTTP/1.1" 200 3503 "https://teamhachem.com/" "Mozilla/5.0 (Macintosh; Intel Mac OS X 10_15_4) AppleWebKit/537.36 (KHTML, like Gecko) Chrome/83.0.4103.97 Safari/537.36"
104.197.69.115 - - [14/Jul/2025:21:40:47 +0000] "GET /wp-content/plugins/metronet-profile-picture/js/mpp-frontend.js?ver=2.6.3 HTTP/1.1" 200 195 "https://teamhachem.com/" "Mozilla/5.0 (Macintosh; Intel Mac OS X 10_15_4) AppleWebKit/537.36 (KHTML, like Gecko) Chrome/83.0.4103.97 Safari/537.36"
34.72.176.129 - - [14/Jul/2025:21:40:47 +0000] "GET /wp-includes/js/dist/i18n.min.js?ver=5e580eb46a90c2b997e6 HTTP/1.1" 200 3667 "https://teamhachem.com/" "Mozilla/5.0 (Macintosh; Intel Mac OS X 10_15_4) AppleWebKit/537.36 (KHTML, like Gecko) Chrome/83.0.4103.97 Safari/537.36"
34.122.147.229 - - [14/Jul/2025:21:40:47 +0000] "GET /wp-includes/js/dist/hooks.min.js?ver=4d63a3d491d11ffd8ac6 HTTP/1.1" 200 1648 "https://teamhachem.com/" "Mozilla/5.0 (Macintosh; Intel Mac OS X 10_15_4) AppleWebKit/537.36 (KHTML, like Gecko) Chrome/83.0.4103.97 Safari/537.36"
104.197.69.115 - - [14/Jul/2025:21:40:47 +0000] "GET /wp-content/plugins/contact-form-7/includes/js/index.js?ver=6.1 HTTP/1.1" 200 4265 "https://teamhachem.com/" "Mozilla/5.0 (Macintosh; Intel Mac OS X 10_15_4) AppleWebKit/537.36 (KHTML, like Gecko) Chrome/83.0.4103.97 Safari/537.36"
34.122.147.229 - - [14/Jul/2025:21:40:47 +0000] "GET /wp-content/plugins/woocommerce/assets/js/sourcebuster/sourcebuster.min.js?ver=9.9.5 HTTP/1.1" 200 4807 "https://teamhachem.com/" "Mozilla/5.0 (Macintosh; Intel Mac OS X 10_15_4) AppleWebKit/537.36 (KHTML, like Gecko) Chrome/83.0.4103.97 Safari/537.36"
104.197.69.115 - - [14/Jul/2025:21:40:47 +0000] "GET /wp-includes/js/imagesloaded.min.js?ver=5.0.0 HTTP/1.1" 200 1803 "https://teamhachem.com/" "Mozilla/5.0 (Macintosh; Intel Mac OS X 10_15_4) AppleWebKit/537.36 (KHTML, like Gecko) Chrome/83.0.4103.97 Safari/537.36"
34.72.176.129 - - [14/Jul/2025:21:40:47 +0000] "GET /wp-includes/js/jquery/jquery.masonry.min.js?ver=3.1.2b HTTP/1.1" 200 716 "https://teamhachem.com/" "Mozilla/5.0 (Macintosh; Intel Mac OS X 10_15_4) AppleWebKit/537.36 (KHTML, like Gecko) Chrome/83.0.4103.97 Safari/537.36"
104.197.69.115 - - [14/Jul/2025:21:40:47 +0000] "GET /wp-content/themes/artkombat/assets/js/jquery.countdown.js?ver=2.2.0 HTTP/1.1" 200 1740 "https://teamhachem.com/" "Mozilla/5.0 (Macintosh; Intel Mac OS X 10_15_4) AppleWebKit/537.36 (KHTML, like Gecko) Chrome/83.0.4103.97 Safari/537.36"
34.122.147.229 - - [14/Jul/2025:21:40:47 +0000] "GET /wp-includes/js/masonry.min.js?ver=4.2.2 HTTP/1.1" 200 7382 "https://teamhachem.com/" "Mozilla/5.0 (Macintosh; Intel Mac OS X 10_15_4) AppleWebKit/537.36 (KHTML, like Gecko) Chrome/83.0.4103.97 Safari/537.36"
34.72.176.129 - - [14/Jul/2025:21:40:47 +0000] "GET /wp-content/themes/artkombat/assets/js/jquery.counterup.min.js?ver=1.0 HTTP/1.1" 200 574 "https://teamhachem.com/" "Mozilla/5.0 (Macintosh; Intel Mac OS X 10_15_4) AppleWebKit/537.36 (KHTML, like Gecko) Chrome/83.0.4103.97 Safari/537.36"
34.122.147.229 - - [14/Jul/2025:21:40:47 +0000] "GET /wp-content/plugins/woocommerce/assets/js/frontend/order-attribution.min.js?ver=9.9.5 HTTP/1.1" 200 1128 "https://teamhachem.com/" "Mozilla/5.0 (Macintosh; Intel Mac OS X 10_15_4) AppleWebKit/537.36 (KHTML, like Gecko) Chrome/83.0.4103.97 Safari/537.36"
34.72.176.129 - - [14/Jul/2025:21:40:47 +0000] "GET /wp-content/themes/artkombat/assets/js/jquery.magnific-popup.js?ver=1.1.0 HTTP/1.1" 200 12489 "https://teamhachem.com/" "Mozilla/5.0 (Macintosh; Intel Mac OS X 10_15_4) AppleWebKit/537.36 (KHTML, like Gecko) Chrome/83.0.4103.97 Safari/537.36"
104.197.69.115 - - [14/Jul/2025:21:40:47 +0000] "GET /wp-content/themes/artkombat/assets/js/affix.js?ver=3.3.7 HTTP/1.1" 200 1115 "https://teamhachem.com/" "Mozilla/5.0 (Macintosh; Intel Mac OS X 10_15_4) AppleWebKit/537.36 (KHTML, like Gecko) Chrome/83.0.4103.97 Safari/537.36"
34.72.176.129 - - [14/Jul/2025:21:40:47 +0000] "GET /wp-content/themes/artkombat/assets/js/waypoint.js?ver=1.6.2 HTTP/1.1" 200 2567 "https://teamhachem.com/" "Mozilla/5.0 (Macintosh; Intel Mac OS X 10_15_4) AppleWebKit/537.36 (KHTML, like Gecko) Chrome/83.0.4103.97 Safari/537.36"
34.122.147.229 - - [14/Jul/2025:21:40:47 +0000] "GET /wp-content/themes/artkombat/assets/js/jquery.matchHeight.js?ver=6.8.1 HTTP/1.1" 200 1357 "https://teamhachem.com/" "Mozilla/5.0 (Macintosh; Intel Mac OS X 10_15_4) AppleWebKit/537.36 (KHTML, like Gecko) Chrome/83.0.4103.97 Safari/537.36"
104.197.69.115 - - [14/Jul/2025:21:40:47 +0000] "GET /wp-content/themes/artkombat/assets/js/jquery.zoomslider.js?ver=0.2.3 HTTP/1.1" 200 2157 "https://teamhachem.com/" "Mozilla/5.0 (Macintosh; Intel Mac OS X 10_15_4) AppleWebKit/537.36 (KHTML, like Gecko) Chrome/83.0.4103.97 Safari/537.36"
34.122.147.229 - - [14/Jul/2025:21:40:47 +0000] "GET /wp-content/themes/artkombat/assets/js/jquery.nicescroll.js?ver=3.7.6 HTTP/1.1" 200 16928 "https://teamhachem.com/" "Mozilla/5.0 (Macintosh; Intel Mac OS X 10_15_4) AppleWebKit/537.36 (KHTML, like Gecko) Chrome/83.0.4103.97 Safari/537.36"
104.197.69.115 - - [14/Jul/2025:21:40:47 +0000] "GET /wp-content/themes/artkombat/assets/js/parallax.min.js?ver=1.1.3 HTTP/1.1" 200 506 "https://teamhachem.com/" "Mozilla/5.0 (Macintosh; Intel Mac OS X 10_15_4) AppleWebKit/537.36 (KHTML, like Gecko) Chrome/83.0.4103.97 Safari/537.36"
104.197.69.115 - - [14/Jul/2025:21:40:47 +0000] "GET /wp-content/themes/artkombat/assets/js/scrollreveal.js?ver=3.3.4 HTTP/1.1" 200 3269 "https://teamhachem.com/" "Mozilla/5.0 (Macintosh; Intel Mac OS X 10_15_4) AppleWebKit/537.36 (KHTML, like Gecko) Chrome/83.0.4103.97 Safari/537.36"
34.122.147.229 - - [14/Jul/2025:21:40:47 +0000] "GET /wp-content/themes/artkombat/assets/js/parallax-scroll.min.js?ver=1.0 HTTP/1.1" 200 5261 "https://teamhachem.com/" "Mozilla/5.0 (Macintosh; Intel Mac OS X 10_15_4) AppleWebKit/537.36 (KHTML, like Gecko) Chrome/83.0.4103.97 Safari/537.36"
34.122.147.229 - - [14/Jul/2025:21:40:47 +0000] "GET /wp-content/themes/artkombat/assets/js/jquery.paroller.min.js?ver=1.3.1 HTTP/1.1" 200 656 "https://teamhachem.com/" "Mozilla/5.0 (Macintosh; Intel Mac OS X 10_15_4) AppleWebKit/537.36 (KHTML, like Gecko) Chrome/83.0.4103.97 Safari/537.36"
34.72.176.129 - - [14/Jul/2025:21:40:47 +0000] "GET /wp-content/themes/artkombat/assets/js/swiper.js?ver=4.3.3 HTTP/1.1" 200 32454 "https://teamhachem.com/" "Mozilla/5.0 (Macintosh; Intel Mac OS X 10_15_4) AppleWebKit/537.36 (KHTML, like Gecko) Chrome/83.0.4103.97 Safari/537.36"
34.72.176.129 - - [14/Jul/2025:21:40:47 +0000] "GET /wp-content/themes/artkombat/assets/js/scripts.js?ver=1.0 HTTP/1.1" 200 6746 "https://teamhachem.com/" "Mozilla/5.0 (Macintosh; Intel Mac OS X 10_15_4) AppleWebKit/537.36 (KHTML, like Gecko) Chrome/83.0.4103.97 Safari/537.36"
34.122.147.229 - - [14/Jul/2025:21:40:47 +0000] "GET /wp-content/themes/artkombat/assets/js/map-style.js?ver=1.0.0 HTTP/1.1" 200 335 "https://teamhachem.com/" "Mozilla/5.0 (Macintosh; Intel Mac OS X 10_15_4) AppleWebKit/537.36 (KHTML, like Gecko) Chrome/83.0.4103.97 Safari/537.36"
104.197.69.115 - - [14/Jul/2025:21:40:47 +0000] "GET /wp-content/plugins/js_composer/assets/lib/vc/vc_waypoints/vc-waypoints.min.js?ver=8.0 HTTP/1.1" 200 2726 "https://teamhachem.com/" "Mozilla/5.0 (Macintosh; Intel Mac OS X 10_15_4) AppleWebKit/537.36 (KHTML, like Gecko) Chrome/83.0.4103.97 Safari/537.36"
104.197.69.115 - - [14/Jul/2025:21:40:47 +0000] "GET /wp-content/plugins/js_composer/assets/js/dist/js_composer_front.min.js?ver=8.0 HTTP/1.1" 200 5146 "https://teamhachem.com/" "Mozilla/5.0 (Macintosh; Intel Mac OS X 10_15_4) AppleWebKit/537.36 (KHTML, like Gecko) Chrome/83.0.4103.97 Safari/537.36"
34.122.147.229 - - [14/Jul/2025:21:40:47 +0000] "GET /wp-content/themes/artkombat/assets/js/pace.js?ver=6.8.1 HTTP/1.1" 200 4291 "https://teamhachem.com/" "Mozilla/5.0 (Macintosh; Intel Mac OS X 10_15_4) AppleWebKit/537.36 (KHTML, like Gecko) Chrome/83.0.4103.97 Safari/537.36"
34.72.176.129 - - [14/Jul/2025:21:40:47 +0000] "GET /wp-content/plugins/woocommerce/assets/js/js-cookie/js.cookie.min.js?ver=2.1.4-wc.9.9.5 HTTP/1.1" 200 833 "https://teamhachem.com/" "Mozilla/5.0 (Macintosh; Intel Mac OS X 10_15_4) AppleWebKit/537.36 (KHTML, like Gecko) Chrome/83.0.4103.97 Safari/537.36"
34.72.176.129 - - [14/Jul/2025:21:40:47 +0000] "GET /wp-content/plugins/woocommerce/assets/js/frontend/woocommerce.min.js?ver=9.9.5 HTTP/1.1" 200 1449 "https://teamhachem.com/" "Mozilla/5.0 (Macintosh; Intel Mac OS X 10_15_4) AppleWebKit/537.36 (KHTML, like Gecko) Chrome/83.0.4103.97 Safari/537.36"
34.122.147.229 - - [14/Jul/2025:21:40:47 +0000] "GET /wp-content/plugins/mailchimp-for-wp/assets/js/forms.js?ver=4.10.5 HTTP/1.1" 200 2591 "https://teamhachem.com/" "Mozilla/5.0 (Macintosh; Intel Mac OS X 10_15_4) AppleWebKit/537.36 (KHTML, like Gecko) Chrome/83.0.4103.97 Safari/537.36"
34.122.147.229 - - [14/Jul/2025:21:40:48 +0000] "GET /wp-includes/js/wp-emoji-release.min.js?ver=6.8.1 HTTP/1.1" 200 5166 "https://teamhachem.com/" "Mozilla/5.0 (Macintosh; Intel Mac OS X 10_15_4) AppleWebKit/537.36 (KHTML, like Gecko) Chrome/83.0.4103.97 Safari/537.36"
66.249.73.226 - - [14/Jul/2025:21:41:30 +0000] "GET /entity/14401328 HTTP/1.1" 200 18681 "-" "Mozilla/5.0 (Linux; Android 6.0.1; Nexus 5X Build/MMB29P) AppleWebKit/537.36 (KHTML, like Gecko) Chrome/137.0.7151.103 Mobile Safari/537.36 (compatible; GoogleOther)"
209.74.77.214 - - [14/Jul/2025:21:41:38 +0000] "POST /wp-cron.php?doing_wp_cron=1752529298.4140560626983642578125 HTTP/1.1" 200 - "-" "WordPress/6.8.1; https://teamhachem.com"
216.73.216.96 - - [14/Jul/2025:21:41:36 +0000] "GET /entity/40789044 HTTP/1.1" 404 12738 "-" "Mozilla/5.0 AppleWebKit/537.36 (KHTML, like Gecko; compatible; ClaudeBot/1.0; [email protected])"
216.73.216.96 - - [14/Jul/2025:21:41:40 +0000] "GET /entity/40806622 HTTP/1.1" 404 12741 "-" "Mozilla/5.0 AppleWebKit/537.36 (KHTML, like Gecko; compatible; ClaudeBot/1.0; [email protected])"
216.73.216.96 - - [14/Jul/2025:21:41:42 +0000] "GET /entity/40807748 HTTP/1.1" 404 12736 "-" "Mozilla/5.0 AppleWebKit/537.36 (KHTML, like Gecko; compatible; ClaudeBot/1.0; [email protected])"
216.73.216.96 - - [14/Jul/2025:21:41:45 +0000] "GET /entity/40803216 HTTP/1.1" 404 12735 "-" "Mozilla/5.0 AppleWebKit/537.36 (KHTML, like Gecko; compatible; ClaudeBot/1.0; [email protected])"
216.73.216.96 - - [14/Jul/2025:21:41:48 +0000] "GET /entity/40806857 HTTP/1.1" 404 12740 "-" "Mozilla/5.0 AppleWebKit/537.36 (KHTML, like Gecko; compatible; ClaudeBot/1.0; [email protected])"
216.73.216.96 - - [14/Jul/2025:21:41:52 +0000] "GET /entity/40809701 HTTP/1.1" 404 12740 "-" "Mozilla/5.0 AppleWebKit/537.36 (KHTML, like Gecko; compatible; ClaudeBot/1.0; [email protected])"
216.73.216.96 - - [14/Jul/2025:21:41:54 +0000] "GET /entity/40803467 HTTP/1.1" 404 12736 "-" "Mozilla/5.0 AppleWebKit/537.36 (KHTML, like Gecko; compatible; ClaudeBot/1.0; [email protected])"
66.249.73.227 - - [14/Jul/2025:21:42:16 +0000] "GET /entity/97553452 HTTP/1.1" 200 19652 "-" "Mozilla/5.0 (Linux; Android 6.0.1; Nexus 5X Build/MMB29P) AppleWebKit/537.36 (KHTML, like Gecko) Chrome/137.0.7151.103 Mobile Safari/537.36 (compatible; GoogleOther)"
66.249.73.226 - - [14/Jul/2025:21:42:42 +0000] "GET /entity/97353522 HTTP/1.1" 200 20425 "-" "Mozilla/5.0 (Linux; Android 6.0.1; Nexus 5X Build/MMB29P) AppleWebKit/537.36 (KHTML, like Gecko) Chrome/137.0.7151.103 Mobile Safari/537.36 (compatible; GoogleOther)"
209.74.77.214 - - [14/Jul/2025:21:43:16 +0000] "POST /wp-cron.php?doing_wp_cron=1752529396.6918680667877197265625 HTTP/1.1" 200 - "-" "WordPress/6.8.1; https://teamhachem.com"
216.73.216.96 - - [14/Jul/2025:21:43:14 +0000] "GET /entity/40779621 HTTP/1.1" 404 12739 "-" "Mozilla/5.0 AppleWebKit/537.36 (KHTML, like Gecko; compatible; ClaudeBot/1.0; [email protected])"
216.73.216.96 - - [14/Jul/2025:21:43:17 +0000] "GET /entity/40803746 HTTP/1.1" 404 12737 "-" "Mozilla/5.0 AppleWebKit/537.36 (KHTML, like Gecko; compatible; ClaudeBot/1.0; [email protected])"
209.74.77.214 - - [14/Jul/2025:21:43:23 +0000] "POST /wp-cron.php?doing_wp_cron=1752529403.4770131111145019531250 HTTP/1.1" 200 - "-" "WordPress/6.8.1; https://teamhachem.com"
216.73.216.96 - - [14/Jul/2025:21:43:23 +0000] "GET /entity/40804061 HTTP/1.1" 404 12741 "-" "Mozilla/5.0 AppleWebKit/537.36 (KHTML, like Gecko; compatible; ClaudeBot/1.0; [email protected])"
216.73.216.96 - - [14/Jul/2025:21:43:26 +0000] "GET /entity/40802638 HTTP/1.1" 404 12739 "-" "Mozilla/5.0 AppleWebKit/537.36 (KHTML, like Gecko; compatible; ClaudeBot/1.0; [email protected])"
216.73.216.96 - - [14/Jul/2025:21:43:29 +0000] "GET /entity/40806311 HTTP/1.1" 404 12738 "-" "Mozilla/5.0 AppleWebKit/537.36 (KHTML, like Gecko; compatible; ClaudeBot/1.0; [email protected])"
209.74.77.214 - - [14/Jul/2025:21:43:32 +0000] "POST /wp-cron.php?doing_wp_cron=1752529412.8879508972167968750000 HTTP/1.1" 200 - "-" "WordPress/6.8.1; https://teamhachem.com"
216.73.216.96 - - [14/Jul/2025:21:43:32 +0000] "GET /entity/40802937 HTTP/1.1" 404 12740 "-" "Mozilla/5.0 AppleWebKit/537.36 (KHTML, like Gecko; compatible; ClaudeBot/1.0; [email protected])"
66.249.73.225 - - [14/Jul/2025:21:43:33 +0000] "GET /entity/97564517 HTTP/1.1" 200 17884 "-" "Mozilla/5.0 (Linux; Android 6.0.1; Nexus 5X Build/MMB29P) AppleWebKit/537.36 (KHTML, like Gecko) Chrome/137.0.7151.103 Mobile Safari/537.36 (compatible; GoogleOther)"
216.73.216.96 - - [14/Jul/2025:21:43:35 +0000] "GET /entity/40910010 HTTP/1.1" 404 12733 "-" "Mozilla/5.0 AppleWebKit/537.36 (KHTML, like Gecko; compatible; ClaudeBot/1.0; [email protected])"
157.55.39.12 - - [14/Jul/2025:21:44:02 +0000] "GET /entity/615482461 HTTP/1.1" 200 21212 "-" "Mozilla/5.0 AppleWebKit/537.36 (KHTML, like Gecko; compatible; bingbot/2.0; +http://www.bing.com/bingbot.htm) Chrome/116.0.1938.76 Safari/537.36"
216.73.216.96 - - [14/Jul/2025:21:44:05 +0000] "GET /entity/40806939 HTTP/1.1" 404 12740 "-" "Mozilla/5.0 AppleWebKit/537.36 (KHTML, like Gecko; compatible; ClaudeBot/1.0; [email protected])"
216.73.216.96 - - [14/Jul/2025:21:44:12 +0000] "GET /entity/40764554 HTTP/1.1" 404 12739 "-" "Mozilla/5.0 AppleWebKit/537.36 (KHTML, like Gecko; compatible; ClaudeBot/1.0; [email protected])"
216.73.216.96 - - [14/Jul/2025:21:44:14 +0000] "GET /entity/40742743 HTTP/1.1" 404 12742 "-" "Mozilla/5.0 AppleWebKit/537.36 (KHTML, like Gecko; compatible; ClaudeBot/1.0; [email protected])"
216.73.216.96 - - [14/Jul/2025:21:44:17 +0000] "GET /entity/40897197 HTTP/1.1" 404 12740 "-" "Mozilla/5.0 AppleWebKit/537.36 (KHTML, like Gecko; compatible; ClaudeBot/1.0; [email protected])"
216.73.216.96 - - [14/Jul/2025:21:44:20 +0000] "GET /entity/40808888 HTTP/1.1" 404 12742 "-" "Mozilla/5.0 AppleWebKit/537.36 (KHTML, like Gecko; compatible; ClaudeBot/1.0; [email protected])"
209.74.77.214 - - [14/Jul/2025:21:44:23 +0000] "POST /wp-cron.php?doing_wp_cron=1752529463.7104349136352539062500 HTTP/1.1" 200 - "-" "WordPress/6.8.1; https://teamhachem.com"
216.73.216.96 - - [14/Jul/2025:21:44:23 +0000] "GET /entity/40804340 HTTP/1.1" 404 12739 "-" "Mozilla/5.0 AppleWebKit/537.36 (KHTML, like Gecko; compatible; ClaudeBot/1.0; [email protected])"
216.73.216.96 - - [14/Jul/2025:21:44:26 +0000] "GET /entity/40809500 HTTP/1.1" 404 12742 "-" "Mozilla/5.0 AppleWebKit/537.36 (KHTML, like Gecko; compatible; ClaudeBot/1.0; [email protected])"
66.249.73.227 - - [14/Jul/2025:21:44:49 +0000] "GET /entity/99051715 HTTP/1.1" 200 19111 "-" "Mozilla/5.0 (Linux; Android 6.0.1; Nexus 5X Build/MMB29P) AppleWebKit/537.36 (KHTML, like Gecko) Chrome/137.0.7151.103 Mobile Safari/537.36 (compatible; GoogleOther)"
209.74.77.214 - - [14/Jul/2025:21:45:02 +0000] "POST /wp-cron.php?doing_wp_cron=1752529502.0841009616851806640625 HTTP/1.1" 200 - "-" "WordPress/6.8.1; https://teamhachem.com"
216.73.216.96 - - [14/Jul/2025:21:45:01 +0000] "GET /entity/40744098 HTTP/1.1" 404 12741 "-" "Mozilla/5.0 AppleWebKit/537.36 (KHTML, like Gecko; compatible; ClaudeBot/1.0; [email protected])"
216.73.216.96 - - [14/Jul/2025:21:45:04 +0000] "GET /entity/40806028 HTTP/1.1" 404 12738 "-" "Mozilla/5.0 AppleWebKit/537.36 (KHTML, like Gecko; compatible; ClaudeBot/1.0; [email protected])"
66.249.73.227 - - [14/Jul/2025:21:45:06 +0000] "GET /entity/13759918 HTTP/1.1" 200 17996 "-" "Mozilla/5.0 (Linux; Android 6.0.1; Nexus 5X Build/MMB29P) AppleWebKit/537.36 (KHTML, like Gecko) Chrome/137.0.7151.103 Mobile Safari/537.36 (compatible; GoogleOther)"
216.73.216.96 - - [14/Jul/2025:21:45:07 +0000] "GET /entity/40802026 HTTP/1.1" 404 12737 "-" "Mozilla/5.0 AppleWebKit/537.36 (KHTML, like Gecko; compatible; ClaudeBot/1.0; [email protected])"
66.249.73.227 - - [14/Jul/2025:21:45:08 +0000] "GET /entity/97548609 HTTP/1.1" 200 20236 "-" "Mozilla/5.0 (Linux; Android 6.0.1; Nexus 5X Build/MMB29P) AppleWebKit/537.36 (KHTML, like Gecko) Chrome/137.0.7151.103 Mobile Safari/537.36 (compatible; GoogleOther)"
216.73.216.96 - - [14/Jul/2025:21:45:10 +0000] "GET /entity/40883320 HTTP/1.1" 404 12743 "-" "Mozilla/5.0 AppleWebKit/537.36 (KHTML, like Gecko; compatible; ClaudeBot/1.0; [email protected])"
216.73.216.96 - - [14/Jul/2025:21:45:13 +0000] "GET /entity/40802391 HTTP/1.1" 404 12733 "-" "Mozilla/5.0 AppleWebKit/537.36 (KHTML, like Gecko; compatible; ClaudeBot/1.0; [email protected])"
216.73.216.96 - - [14/Jul/2025:21:45:16 +0000] "GET /entity/40751490 HTTP/1.1" 404 12741 "-" "Mozilla/5.0 AppleWebKit/537.36 (KHTML, like Gecko; compatible; ClaudeBot/1.0; [email protected])"
216.73.216.96 - - [14/Jul/2025:21:45:19 +0000] "GET /entity/40809418 HTTP/1.1" 404 12741 "-" "Mozilla/5.0 AppleWebKit/537.36 (KHTML, like Gecko; compatible; ClaudeBot/1.0; [email protected])"
66.249.73.226 - - [14/Jul/2025:21:45:27 +0000] "GET /entity/98325785 HTTP/1.1" 200 19189 "-" "Mozilla/5.0 (Linux; Android 6.0.1; Nexus 5X Build/MMB29P) AppleWebKit/537.36 (KHTML, like Gecko) Chrome/137.0.7151.103 Mobile Safari/537.36 (compatible; GoogleOther)"
209.74.77.214 - - [14/Jul/2025:21:45:39 +0000] "POST /wp-cron.php?doing_wp_cron=1752529539.8635931015014648437500 HTTP/1.1" 200 - "-" "WordPress/6.8.1; https://teamhachem.com"
216.73.216.96 - - [14/Jul/2025:21:45:39 +0000] "GET /entity/40897793 HTTP/1.1" 404 12737 "-" "Mozilla/5.0 AppleWebKit/537.36 (KHTML, like Gecko; compatible; ClaudeBot/1.0; [email protected])"
216.73.216.96 - - [14/Jul/2025:21:45:42 +0000] "GET /entity/40771105 HTTP/1.1" 404 12742 "-" "Mozilla/5.0 AppleWebKit/537.36 (KHTML, like Gecko; compatible; ClaudeBot/1.0; [email protected])"
216.73.216.96 - - [14/Jul/2025:21:45:45 +0000] "GET /entity/40771946 HTTP/1.1" 404 12736 "-" "Mozilla/5.0 AppleWebKit/537.36 (KHTML, like Gecko; compatible; ClaudeBot/1.0; [email protected])"
66.249.73.225 - - [14/Jul/2025:21:45:46 +0000] "GET /entity/97947441 HTTP/1.1" 200 18332 "-" "Mozilla/5.0 (Linux; Android 6.0.1; Nexus 5X Build/MMB29P) AppleWebKit/537.36 (KHTML, like Gecko) Chrome/137.0.7151.103 Mobile Safari/537.36 (compatible; GoogleOther)"
216.73.216.96 - - [14/Jul/2025:21:45:48 +0000] "GET /entity/40796687 HTTP/1.1" 404 12741 "-" "Mozilla/5.0 AppleWebKit/537.36 (KHTML, like Gecko; compatible; ClaudeBot/1.0; [email protected])"
216.73.216.96 - - [14/Jul/2025:21:45:51 +0000] "GET /entity/40848610 HTTP/1.1" 404 12743 "-" "Mozilla/5.0 AppleWebKit/537.36 (KHTML, like Gecko; compatible; ClaudeBot/1.0; [email protected])"
216.73.216.96 - - [14/Jul/2025:21:45:54 +0000] "GET /entity/40883603 HTTP/1.1" 404 12738 "-" "Mozilla/5.0 AppleWebKit/537.36 (KHTML, like Gecko; compatible; ClaudeBot/1.0; [email protected])"
216.73.216.96 - - [14/Jul/2025:21:45:57 +0000] "GET /entity/40785887 HTTP/1.1" 404 12740 "-" "Mozilla/5.0 AppleWebKit/537.36 (KHTML, like Gecko; compatible; ClaudeBot/1.0; [email protected])"
66.249.73.227 - - [14/Jul/2025:21:46:05 +0000] "GET /entity/97680734 HTTP/1.1" 200 19468 "-" "Mozilla/5.0 (Linux; Android 6.0.1; Nexus 5X Build/MMB29P) AppleWebKit/537.36 (KHTML, like Gecko) Chrome/137.0.7151.103 Mobile Safari/537.36 (compatible; GoogleOther)"
216.73.216.96 - - [14/Jul/2025:21:46:22 +0000] "GET /entity/40736706 HTTP/1.1" 404 12739 "-" "Mozilla/5.0 AppleWebKit/537.36 (KHTML, like Gecko; compatible; ClaudeBot/1.0; [email protected])"
66.249.73.226 - - [14/Jul/2025:21:46:24 +0000] "GET /entity/99177574 HTTP/1.1" 200 18137 "-" "Mozilla/5.0 (Linux; Android 6.0.1; Nexus 5X Build/MMB29P) AppleWebKit/537.36 (KHTML, like Gecko) Chrome/137.0.7151.103 Mobile Safari/537.36 (compatible; GoogleOther)"
209.74.77.214 - - [14/Jul/2025:21:46:25 +0000] "POST /wp-cron.php?doing_wp_cron=1752529585.7244119644165039062500 HTTP/1.1" 200 - "-" "WordPress/6.8.1; https://teamhachem.com"
216.73.216.96 - - [14/Jul/2025:21:46:25 +0000] "GET /entity/40820565 HTTP/1.1" 404 12740 "-" "Mozilla/5.0 AppleWebKit/537.36 (KHTML, like Gecko; compatible; ClaudeBot/1.0; [email protected])"
216.73.216.96 - - [14/Jul/2025:21:46:28 +0000] "GET /entity/40774511 HTTP/1.1" 404 12739 "-" "Mozilla/5.0 AppleWebKit/537.36 (KHTML, like Gecko; compatible; ClaudeBot/1.0; [email protected])"
209.74.77.214 - - [14/Jul/2025:21:46:31 +0000] "POST /wp-cron.php?doing_wp_cron=1752529591.7265579700469970703125 HTTP/1.1" 200 - "-" "WordPress/6.8.1; https://teamhachem.com"
216.73.216.96 - - [14/Jul/2025:21:46:31 +0000] "GET /entity/40896667 HTTP/1.1" 404 12739 "-" "Mozilla/5.0 AppleWebKit/537.36 (KHTML, like Gecko; compatible; ClaudeBot/1.0; [email protected])"
216.73.216.96 - - [14/Jul/2025:21:46:34 +0000] "GET /entity/40783934 HTTP/1.1" 404 12738 "-" "Mozilla/5.0 AppleWebKit/537.36 (KHTML, like Gecko; compatible; ClaudeBot/1.0; [email protected])"
216.73.216.96 - - [14/Jul/2025:21:46:37 +0000] "GET /entity/40784448 HTTP/1.1" 404 12739 "-" "Mozilla/5.0 AppleWebKit/537.36 (KHTML, like Gecko; compatible; ClaudeBot/1.0; [email protected])"
216.73.216.96 - - [14/Jul/2025:21:46:40 +0000] "GET /entity/40897791 HTTP/1.1" 404 12742 "-" "Mozilla/5.0 AppleWebKit/537.36 (KHTML, like Gecko; compatible; ClaudeBot/1.0; [email protected])"
66.249.73.225 - - [14/Jul/2025:21:46:43 +0000] "POST /get-message-notify HTTP/1.1" 200 18727 "https://teamhachem.com/entity/99044652" "Mozilla/5.0 (Linux; Android 6.0.1; Nexus 5X Build/MMB29P) AppleWebKit/537.36 (KHTML, like Gecko) Chrome/137.0.7151.119 Mobile Safari/537.36 (compatible; Googlebot/2.1; +http://www.google.com/bot.html)"
66.249.73.225 - - [14/Jul/2025:21:46:43 +0000] "GET /entity/99168528 HTTP/1.1" 200 18609 "-" "Mozilla/5.0 (Linux; Android 6.0.1; Nexus 5X Build/MMB29P) AppleWebKit/537.36 (KHTML, like Gecko) Chrome/137.0.7151.103 Mobile Safari/537.36 (compatible; GoogleOther)"
66.249.73.225 - - [14/Jul/2025:21:47:02 +0000] "GET /entity/99171093 HTTP/1.1" 200 18558 "-" "Mozilla/5.0 (Linux; Android 6.0.1; Nexus 5X Build/MMB29P) AppleWebKit/537.36 (KHTML, like Gecko) Chrome/137.0.7151.103 Mobile Safari/537.36 (compatible; GoogleOther)"
216.73.216.96 - - [14/Jul/2025:21:47:19 +0000] "GET /entity/40736427 HTTP/1.1" 404 12739 "-" "Mozilla/5.0 AppleWebKit/537.36 (KHTML, like Gecko; compatible; ClaudeBot/1.0; [email protected])"
66.249.73.225 - - [14/Jul/2025:21:47:22 +0000] "GET /entity/97552593 HTTP/1.1" 200 18340 "-" "Mozilla/5.0 (Linux; Android 6.0.1; Nexus 5X Build/MMB29P) AppleWebKit/537.36 (KHTML, like Gecko) Chrome/137.0.7151.103 Mobile Safari/537.36 (compatible; GoogleOther)"
209.74.77.214 - - [14/Jul/2025:21:47:25 +0000] "POST /wp-cron.php?doing_wp_cron=1752529645.2622349262237548828125 HTTP/1.1" 200 - "-" "WordPress/6.8.1; https://teamhachem.com"
216.73.216.96 - - [14/Jul/2025:21:47:24 +0000] "GET /entity/40876823 HTTP/1.1" 404 12739 "-" "Mozilla/5.0 AppleWebKit/537.36 (KHTML, like Gecko; compatible; ClaudeBot/1.0; [email protected])"
216.73.216.96 - - [14/Jul/2025:21:47:28 +0000] "GET /entity/40805781 HTTP/1.1" 404 12738 "-" "Mozilla/5.0 AppleWebKit/537.36 (KHTML, like Gecko; compatible; ClaudeBot/1.0; [email protected])"
209.74.77.214 - - [14/Jul/2025:21:47:31 +0000] "POST /wp-cron.php?doing_wp_cron=1752529651.6882889270782470703125 HTTP/1.1" 200 - "-" "WordPress/6.8.1; https://teamhachem.com"
216.73.216.96 - - [14/Jul/2025:21:47:31 +0000] "GET /entity/40773070 HTTP/1.1" 404 12733 "-" "Mozilla/5.0 AppleWebKit/537.36 (KHTML, like Gecko; compatible; ClaudeBot/1.0; [email protected])"
216.73.216.96 - - [14/Jul/2025:21:47:34 +0000] "GET /entity/40790714 HTTP/1.1" 404 12738 "-" "Mozilla/5.0 AppleWebKit/537.36 (KHTML, like Gecko; compatible; ClaudeBot/1.0; [email protected])"
