66.249.73.225 - - [14/Jul/2025:22:05:49 +0000] "GET /entity/97921046 HTTP/1.1" 200 19698 "-" "Mozilla/5.0 (Linux; Android 6.0.1; Nexus 5X Build/MMB29P) AppleWebKit/537.36 (KHTML, like Gecko) Chrome/137.0.7151.103 Mobile Safari/537.36 (compatible; GoogleOther)"
216.73.216.96 - - [14/Jul/2025:22:05:58 +0000] "GET /entity/40797795 HTTP/1.1" 404 12734 "-" "Mozilla/5.0 AppleWebKit/537.36 (KHTML, like Gecko; compatible; ClaudeBot/1.0; [email protected])"
216.73.216.96 - - [14/Jul/2025:22:06:01 +0000] "GET /entity/40779091 HTTP/1.1" 404 12738 "-" "Mozilla/5.0 AppleWebKit/537.36 (KHTML, like Gecko; compatible; ClaudeBot/1.0; [email protected])"
216.73.216.96 - - [14/Jul/2025:22:06:04 +0000] "GET /entity/40716894 HTTP/1.1" 404 12737 "-" "Mozilla/5.0 AppleWebKit/537.36 (KHTML, like Gecko; compatible; ClaudeBot/1.0; [email protected])"
216.73.216.96 - - [14/Jul/2025:22:06:07 +0000] "GET /entity/40837549 HTTP/1.1" 404 12733 "-" "Mozilla/5.0 AppleWebKit/537.36 (KHTML, like Gecko; compatible; ClaudeBot/1.0; [email protected])"
66.249.73.227 - - [14/Jul/2025:22:06:07 +0000] "GET /entity/862077 HTTP/1.1" 200 18306 "-" "Mozilla/5.0 (Linux; Android 6.0.1; Nexus 5X Build/MMB29P) AppleWebKit/537.36 (KHTML, like Gecko) Chrome/137.0.7151.103 Mobile Safari/537.36 (compatible; GoogleOther)"
216.73.216.96 - - [14/Jul/2025:22:06:10 +0000] "GET /entity/40810030 HTTP/1.1" 404 12738 "-" "Mozilla/5.0 AppleWebKit/537.36 (KHTML, like Gecko; compatible; ClaudeBot/1.0; [email protected])"
216.73.216.96 - - [14/Jul/2025:22:06:13 +0000] "GET /entity/40843500 HTTP/1.1" 404 12739 "-" "Mozilla/5.0 AppleWebKit/537.36 (KHTML, like Gecko; compatible; ClaudeBot/1.0; [email protected])"
216.73.216.96 - - [14/Jul/2025:22:06:16 +0000] "GET /entity/40872821 HTTP/1.1" 404 12735 "-" "Mozilla/5.0 AppleWebKit/537.36 (KHTML, like Gecko; compatible; ClaudeBot/1.0; [email protected])"
66.249.73.226 - - [14/Jul/2025:22:06:26 +0000] "GET /entity/14423438 HTTP/1.1" 200 17966 "-" "Mozilla/5.0 (Linux; Android 6.0.1; Nexus 5X Build/MMB29P) AppleWebKit/537.36 (KHTML, like Gecko) Chrome/137.0.7151.103 Mobile Safari/537.36 (compatible; GoogleOther)"
66.249.73.225 - - [14/Jul/2025:22:06:42 +0000] "GET /entity/98451845 HTTP/1.1" 200 19542 "-" "Mozilla/5.0 (Linux; Android 6.0.1; Nexus 5X Build/MMB29P) AppleWebKit/537.36 (KHTML, like Gecko) Chrome/137.0.7151.103 Mobile Safari/537.36 (compatible; GoogleOther)"
209.74.77.214 - - [14/Jul/2025:22:06:43 +0000] "POST /wp-cron.php?doing_wp_cron=1752530803.0929040908813476562500 HTTP/1.1" 200 - "-" "WordPress/6.8.1; https://teamhachem.com"
216.73.216.96 - - [14/Jul/2025:22:06:42 +0000] "GET /entity/40753772 HTTP/1.1" 404 12739 "-" "Mozilla/5.0 AppleWebKit/537.36 (KHTML, like Gecko; compatible; ClaudeBot/1.0; [email protected])"
216.73.216.96 - - [14/Jul/2025:22:06:45 +0000] "GET /entity/40834984 HTTP/1.1" 404 12734 "-" "Mozilla/5.0 AppleWebKit/537.36 (KHTML, like Gecko; compatible; ClaudeBot/1.0; [email protected])"
66.249.73.225 - - [14/Jul/2025:22:06:45 +0000] "GET /entity/594513 HTTP/1.1" 200 19939 "-" "Mozilla/5.0 (Linux; Android 6.0.1; Nexus 5X Build/MMB29P) AppleWebKit/537.36 (KHTML, like Gecko) Chrome/137.0.7151.103 Mobile Safari/537.36 (compatible; GoogleOther)"
216.73.216.96 - - [14/Jul/2025:22:06:48 +0000] "GET /entity/40902919 HTTP/1.1" 404 12741 "-" "Mozilla/5.0 AppleWebKit/537.36 (KHTML, like Gecko; compatible; ClaudeBot/1.0; [email protected])"
216.73.216.96 - - [14/Jul/2025:22:06:51 +0000] "GET /entity/40892366 HTTP/1.1" 404 12737 "-" "Mozilla/5.0 AppleWebKit/537.36 (KHTML, like Gecko; compatible; ClaudeBot/1.0; [email protected])"
216.73.216.96 - - [14/Jul/2025:22:06:54 +0000] "GET /entity/40802108 HTTP/1.1" 404 12737 "-" "Mozilla/5.0 AppleWebKit/537.36 (KHTML, like Gecko; compatible; ClaudeBot/1.0; [email protected])"
216.73.216.96 - - [14/Jul/2025:22:06:57 +0000] "GET /entity/40760006 HTTP/1.1" 404 12735 "-" "Mozilla/5.0 AppleWebKit/537.36 (KHTML, like Gecko; compatible; ClaudeBot/1.0; [email protected])"
216.73.216.96 - - [14/Jul/2025:22:07:00 +0000] "GET /entity/40756086 HTTP/1.1" 404 12746 "-" "Mozilla/5.0 AppleWebKit/537.36 (KHTML, like Gecko; compatible; ClaudeBot/1.0; [email protected])"
66.249.73.226 - - [14/Jul/2025:22:07:05 +0000] "GET /entity/97315143 HTTP/1.1" 200 20870 "-" "Mozilla/5.0 (Linux; Android 6.0.1; Nexus 5X Build/MMB29P) AppleWebKit/537.36 (KHTML, like Gecko) Chrome/137.0.7151.103 Mobile Safari/537.36 (compatible; GoogleOther)"
66.249.73.225 - - [14/Jul/2025:22:07:24 +0000] "GET /entity/12737139 HTTP/1.1" 200 17898 "-" "Mozilla/5.0 (Linux; Android 6.0.1; Nexus 5X Build/MMB29P) AppleWebKit/537.36 (KHTML, like Gecko) Chrome/137.0.7151.103 Mobile Safari/537.36 (compatible; GoogleOther)"
209.74.77.214 - - [14/Jul/2025:22:07:36 +0000] "POST /wp-cron.php?doing_wp_cron=1752530856.0881109237670898437500 HTTP/1.1" 200 - "-" "WordPress/6.8.1; https://teamhachem.com"
43.157.53.115 - - [14/Jul/2025:22:07:35 +0000] "GET / HTTP/1.1" 200 22838 "-" "Mozilla/5.0 (iPhone; CPU iPhone OS 13_2_3 like Mac OS X) AppleWebKit/605.1.15 (KHTML, like Gecko) Version/13.0.3 Mobile/15E148 Safari/604.1"
216.73.216.96 - - [14/Jul/2025:22:07:37 +0000] "GET /entity/40922512 HTTP/1.1" 404 12739 "-" "Mozilla/5.0 AppleWebKit/537.36 (KHTML, like Gecko; compatible; ClaudeBot/1.0; [email protected])"
216.73.216.96 - - [14/Jul/2025:22:07:40 +0000] "GET /entity/40747488 HTTP/1.1" 404 12737 "-" "Mozilla/5.0 AppleWebKit/537.36 (KHTML, like Gecko; compatible; ClaudeBot/1.0; [email protected])"
52.167.144.220 - - [14/Jul/2025:22:07:40 +0000] "GET /entity/615422219 HTTP/1.1" 200 21416 "-" "Mozilla/5.0 AppleWebKit/537.36 (KHTML, like Gecko; compatible; bingbot/2.0; +http://www.bing.com/bingbot.htm) Chrome/116.0.1938.76 Safari/537.36"
185.191.171.3 - - [14/Jul/2025:22:07:40 +0000] "GET /events/list/?tribe-bar-date=2025-01-03 HTTP/1.1" 200 19783 "-" "Mozilla/5.0 (compatible; SemrushBot/7~bl; +http://www.semrush.com/bot.html)"
66.249.73.225 - - [14/Jul/2025:22:07:43 +0000] "GET /entity/776269 HTTP/1.1" 200 19538 "-" "Mozilla/5.0 (Linux; Android 6.0.1; Nexus 5X Build/MMB29P) AppleWebKit/537.36 (KHTML, like Gecko) Chrome/137.0.7151.103 Mobile Safari/537.36 (compatible; GoogleOther)"
216.73.216.96 - - [14/Jul/2025:22:07:43 +0000] "GET /entity/40787854 HTTP/1.1" 404 12738 "-" "Mozilla/5.0 AppleWebKit/537.36 (KHTML, like Gecko; compatible; ClaudeBot/1.0; [email protected])"
216.73.216.96 - - [14/Jul/2025:22:07:46 +0000] "GET /entity/40819654 HTTP/1.1" 404 12739 "-" "Mozilla/5.0 AppleWebKit/537.36 (KHTML, like Gecko; compatible; ClaudeBot/1.0; [email protected])"
216.73.216.96 - - [14/Jul/2025:22:07:49 +0000] "GET /entity/40788962 HTTP/1.1" 404 12744 "-" "Mozilla/5.0 AppleWebKit/537.36 (KHTML, like Gecko; compatible; ClaudeBot/1.0; [email protected])"
216.73.216.96 - - [14/Jul/2025:22:07:52 +0000] "GET /entity/40906903 HTTP/1.1" 404 12741 "-" "Mozilla/5.0 AppleWebKit/537.36 (KHTML, like Gecko; compatible; ClaudeBot/1.0; [email protected])"
66.249.73.225 - - [14/Jul/2025:22:07:53 +0000] "GET /entity/12729153 HTTP/1.1" 200 19006 "-" "Mozilla/5.0 (Linux; Android 6.0.1; Nexus 5X Build/MMB29P) AppleWebKit/537.36 (KHTML, like Gecko) Chrome/137.0.7151.103 Mobile Safari/537.36 (compatible; GoogleOther)"
66.249.73.225 - - [14/Jul/2025:22:07:54 +0000] "GET /entity/98072939 HTTP/1.1" 200 19279 "-" "Mozilla/5.0 (Linux; Android 6.0.1; Nexus 5X Build/MMB29P) AppleWebKit/537.36 (KHTML, like Gecko) Chrome/137.0.7151.103 Mobile Safari/537.36 (compatible; GoogleOther)"
216.73.216.96 - - [14/Jul/2025:22:07:55 +0000] "GET /entity/40877369 HTTP/1.1" 404 12736 "-" "Mozilla/5.0 AppleWebKit/537.36 (KHTML, like Gecko; compatible; ClaudeBot/1.0; [email protected])"
66.249.73.227 - - [14/Jul/2025:22:08:02 +0000] "GET /entity/477035136 HTTP/1.1" 200 19375 "-" "Mozilla/5.0 (Linux; Android 6.0.1; Nexus 5X Build/MMB29P) AppleWebKit/537.36 (KHTML, like Gecko) Chrome/137.0.7151.103 Mobile Safari/537.36 (compatible; GoogleOther)"
216.73.216.96 - - [14/Jul/2025:22:08:15 +0000] "GET /entity/40921687 HTTP/1.1" 404 12740 "-" "Mozilla/5.0 AppleWebKit/537.36 (KHTML, like Gecko; compatible; ClaudeBot/1.0; [email protected])"
216.73.216.96 - - [14/Jul/2025:22:08:18 +0000] "GET /entity/40762866 HTTP/1.1" 404 12738 "-" "Mozilla/5.0 AppleWebKit/537.36 (KHTML, like Gecko; compatible; ClaudeBot/1.0; [email protected])"
216.73.216.96 - - [14/Jul/2025:22:08:21 +0000] "GET /entity/40792434 HTTP/1.1" 404 12740 "-" "Mozilla/5.0 AppleWebKit/537.36 (KHTML, like Gecko; compatible; ClaudeBot/1.0; [email protected])"
66.249.73.226 - - [14/Jul/2025:22:08:21 +0000] "GET /entity/12726887 HTTP/1.1" 200 18236 "-" "Mozilla/5.0 (Linux; Android 6.0.1; Nexus 5X Build/MMB29P) AppleWebKit/537.36 (KHTML, like Gecko) Chrome/137.0.7151.103 Mobile Safari/537.36 (compatible; GoogleOther)"
209.74.77.214 - - [14/Jul/2025:22:08:24 +0000] "POST /wp-cron.php?doing_wp_cron=1752530904.4889459609985351562500 HTTP/1.1" 200 - "-" "WordPress/6.8.1; https://teamhachem.com"
216.73.216.96 - - [14/Jul/2025:22:08:24 +0000] "GET /entity/40797512 HTTP/1.1" 404 12740 "-" "Mozilla/5.0 AppleWebKit/537.36 (KHTML, like Gecko; compatible; ClaudeBot/1.0; [email protected])"
216.73.216.96 - - [14/Jul/2025:22:08:27 +0000] "GET /entity/40881883 HTTP/1.1" 404 12737 "-" "Mozilla/5.0 AppleWebKit/537.36 (KHTML, like Gecko; compatible; ClaudeBot/1.0; [email protected])"
66.249.73.225 - - [14/Jul/2025:22:08:28 +0000] "POST /get-message-notify HTTP/1.1" 200 18727 "https://teamhachem.com/entity/99044652" "Mozilla/5.0 (Linux; Android 6.0.1; Nexus 5X Build/MMB29P) AppleWebKit/537.36 (KHTML, like Gecko) Chrome/137.0.7151.119 Mobile Safari/537.36 (compatible; Googlebot/2.1; +http://www.google.com/bot.html)"
216.73.216.96 - - [14/Jul/2025:22:08:30 +0000] "GET /entity/40798636 HTTP/1.1" 404 12735 "-" "Mozilla/5.0 AppleWebKit/537.36 (KHTML, like Gecko; compatible; ClaudeBot/1.0; [email protected])"
209.74.77.214 - - [14/Jul/2025:22:08:33 +0000] "POST /wp-cron.php?doing_wp_cron=1752530913.4835100173950195312500 HTTP/1.1" 200 - "-" "WordPress/6.8.1; https://teamhachem.com"
216.73.216.96 - - [14/Jul/2025:22:08:33 +0000] "GET /entity/40734474 HTTP/1.1" 404 12733 "-" "Mozilla/5.0 AppleWebKit/537.36 (KHTML, like Gecko; compatible; ClaudeBot/1.0; [email protected])"
66.249.73.225 - - [14/Jul/2025:22:08:35 +0000] "GET /entity/13734669 HTTP/1.1" 200 18513 "-" "Mozilla/5.0 (Linux; Android 6.0.1; Nexus 5X Build/MMB29P) AppleWebKit/537.36 (KHTML, like Gecko) Chrome/137.0.7151.103 Mobile Safari/537.36 (compatible; GoogleOther)"
66.249.73.225 - - [14/Jul/2025:22:08:40 +0000] "GET /entity/97559156 HTTP/1.1" 200 19510 "-" "Mozilla/5.0 (Linux; Android 6.0.1; Nexus 5X Build/MMB29P) AppleWebKit/537.36 (KHTML, like Gecko) Chrome/137.0.7151.103 Mobile Safari/537.36 (compatible; GoogleOther)"
66.249.73.225 - - [14/Jul/2025:22:08:44 +0000] "POST /get-message-notify HTTP/1.1" 200 18727 "https://teamhachem.com/entity/99528899" "Mozilla/5.0 (Linux; Android 6.0.1; Nexus 5X Build/MMB29P) AppleWebKit/537.36 (KHTML, like Gecko) Chrome/137.0.7151.119 Mobile Safari/537.36 (compatible; Googlebot/2.1; +http://www.google.com/bot.html)"
66.249.73.225 - - [14/Jul/2025:22:08:59 +0000] "GET /entity/12728324 HTTP/1.1" 200 20130 "-" "Mozilla/5.0 (Linux; Android 6.0.1; Nexus 5X Build/MMB29P) AppleWebKit/537.36 (KHTML, like Gecko) Chrome/137.0.7151.103 Mobile Safari/537.36 (compatible; GoogleOther)"
217.113.194.198 - - [14/Jul/2025:22:09:01 +0000] "GET /robots.txt HTTP/1.1" 200 94 "-" "Mozilla/5.0 (compatible; Barkrowler/0.9; +https://babbar.tech/crawler)"
216.73.216.96 - - [14/Jul/2025:22:09:14 +0000] "GET /entity/40761758 HTTP/1.1" 404 12739 "-" "Mozilla/5.0 AppleWebKit/537.36 (KHTML, like Gecko; compatible; ClaudeBot/1.0; [email protected])"
217.113.194.193 - - [14/Jul/2025:22:09:17 +0000] "GET /blog/ HTTP/1.1" 200 14839 "-" "Mozilla/5.0 (compatible; Barkrowler/0.9; +https://babbar.tech/crawler)"
216.73.216.96 - - [14/Jul/2025:22:09:17 +0000] "GET /entity/40894385 HTTP/1.1" 404 12734 "-" "Mozilla/5.0 AppleWebKit/537.36 (KHTML, like Gecko; compatible; ClaudeBot/1.0; [email protected])"
66.249.73.225 - - [14/Jul/2025:22:09:18 +0000] "GET /entity/863514 HTTP/1.1" 200 19681 "-" "Mozilla/5.0 (Linux; Android 6.0.1; Nexus 5X Build/MMB29P) AppleWebKit/537.36 (KHTML, like Gecko) Chrome/137.0.7151.103 Mobile Safari/537.36 (compatible; GoogleOther)"
216.73.216.96 - - [14/Jul/2025:22:09:20 +0000] "GET /entity/40901478 HTTP/1.1" 404 12741 "-" "Mozilla/5.0 AppleWebKit/537.36 (KHTML, like Gecko; compatible; ClaudeBot/1.0; [email protected])"
216.73.216.96 - - [14/Jul/2025:22:09:23 +0000] "GET /entity/40918215 HTTP/1.1" 404 12738 "-" "Mozilla/5.0 AppleWebKit/537.36 (KHTML, like Gecko; compatible; ClaudeBot/1.0; [email protected])"
216.73.216.96 - - [14/Jul/2025:22:09:26 +0000] "GET /entity/40831594 HTTP/1.1" 404 12741 "-" "Mozilla/5.0 AppleWebKit/537.36 (KHTML, like Gecko; compatible; ClaudeBot/1.0; [email protected])"
216.73.216.96 - - [14/Jul/2025:22:09:29 +0000] "GET /entity/40882162 HTTP/1.1" 404 12739 "-" "Mozilla/5.0 AppleWebKit/537.36 (KHTML, like Gecko; compatible; ClaudeBot/1.0; [email protected])"
209.74.77.214 - - [14/Jul/2025:22:09:33 +0000] "POST /wp-cron.php?doing_wp_cron=1752530972.9978110790252685546875 HTTP/1.1" 200 - "-" "WordPress/6.8.1; https://teamhachem.com"
216.73.216.96 - - [14/Jul/2025:22:09:32 +0000] "GET /entity/40755213 HTTP/1.1" 404 12739 "-" "Mozilla/5.0 AppleWebKit/537.36 (KHTML, like Gecko; compatible; ClaudeBot/1.0; [email protected])"
217.113.194.195 - - [14/Jul/2025:22:09:34 +0000] "GET /feed/ HTTP/1.1" 200 4363 "-" "Mozilla/5.0 (compatible; Barkrowler/0.9; +https://babbar.tech/crawler)"
66.249.73.225 - - [14/Jul/2025:22:09:37 +0000] "GET /entity/14423191 HTTP/1.1" 200 18568 "-" "Mozilla/5.0 (Linux; Android 6.0.1; Nexus 5X Build/MMB29P) AppleWebKit/537.36 (KHTML, like Gecko) Chrome/137.0.7151.103 Mobile Safari/537.36 (compatible; GoogleOther)"
154.54.249.214 - - [14/Jul/2025:22:09:52 +0000] "GET /shop/ HTTP/1.1" 200 16144 "-" "Mozilla/5.0 (compatible; Barkrowler/0.9; +https://babbar.tech/crawler)"
66.249.73.225 - - [14/Jul/2025:22:09:56 +0000] "GET /entity/98454127 HTTP/1.1" 200 18606 "-" "Mozilla/5.0 (Linux; Android 6.0.1; Nexus 5X Build/MMB29P) AppleWebKit/537.36 (KHTML, like Gecko) Chrome/137.0.7151.103 Mobile Safari/537.36 (compatible; GoogleOther)"
209.74.77.214 - - [14/Jul/2025:22:10:06 +0000] "POST /wp-cron.php?doing_wp_cron=1752531006.9582641124725341796875 HTTP/1.1" 200 - "-" "WordPress/6.8.1; https://teamhachem.com"
216.73.216.96 - - [14/Jul/2025:22:10:06 +0000] "GET /entity/40761164 HTTP/1.1" 404 12736 "-" "Mozilla/5.0 AppleWebKit/537.36 (KHTML, like Gecko; compatible; ClaudeBot/1.0; [email protected])"
216.73.216.96 - - [14/Jul/2025:22:10:09 +0000] "GET /entity/40910823 HTTP/1.1" 404 12738 "-" "Mozilla/5.0 AppleWebKit/537.36 (KHTML, like Gecko; compatible; ClaudeBot/1.0; [email protected])"
217.113.194.194 - - [14/Jul/2025:22:10:10 +0000] "GET /blogs/ HTTP/1.1" 404 12740 "-" "Mozilla/5.0 (compatible; Barkrowler/0.9; +https://babbar.tech/crawler)"
216.73.216.96 - - [14/Jul/2025:22:10:12 +0000] "GET /entity/40769979 HTTP/1.1" 404 12736 "-" "Mozilla/5.0 AppleWebKit/537.36 (KHTML, like Gecko; compatible; ClaudeBot/1.0; [email protected])"
216.73.216.96 - - [14/Jul/2025:22:10:15 +0000] "GET /entity/40876211 HTTP/1.1" 404 12738 "-" "Mozilla/5.0 AppleWebKit/537.36 (KHTML, like Gecko; compatible; ClaudeBot/1.0; [email protected])"
66.249.73.225 - - [14/Jul/2025:22:10:15 +0000] "GET /entity/98406981 HTTP/1.1" 200 19782 "-" "Mozilla/5.0 (Linux; Android 6.0.1; Nexus 5X Build/MMB29P) AppleWebKit/537.36 (KHTML, like Gecko) Chrome/137.0.7151.103 Mobile Safari/537.36 (compatible; GoogleOther)"
216.73.216.96 - - [14/Jul/2025:22:10:18 +0000] "GET /entity/40879930 HTTP/1.1" 404 12736 "-" "Mozilla/5.0 AppleWebKit/537.36 (KHTML, like Gecko; compatible; ClaudeBot/1.0; [email protected])"
216.73.216.96 - - [14/Jul/2025:22:10:21 +0000] "GET /entity/40856913 HTTP/1.1" 404 12741 "-" "Mozilla/5.0 AppleWebKit/537.36 (KHTML, like Gecko; compatible; ClaudeBot/1.0; [email protected])"
66.249.73.225 - - [14/Jul/2025:22:10:23 +0000] "POST /get-message-notify HTTP/1.1" 200 18727 "https://teamhachem.com/entity/97983723" "Mozilla/5.0 (Linux; Android 6.0.1; Nexus 5X Build/MMB29P) AppleWebKit/537.36 (KHTML, like Gecko) Chrome/137.0.7151.119 Mobile Safari/537.36 (compatible; Googlebot/2.1; +http://www.google.com/bot.html)"
209.74.77.214 - - [14/Jul/2025:22:10:24 +0000] "POST /wp-cron.php?doing_wp_cron=1752531024.8487589359283447265625 HTTP/1.1" 200 - "-" "WordPress/6.8.1; https://teamhachem.com"
216.73.216.96 - - [14/Jul/2025:22:10:24 +0000] "GET /entity/40765744 HTTP/1.1" 404 12740 "-" "Mozilla/5.0 AppleWebKit/537.36 (KHTML, like Gecko; compatible; ClaudeBot/1.0; [email protected])"
217.113.194.197 - - [14/Jul/2025:22:10:25 +0000] "GET /elements/ HTTP/1.1" 200 12532 "-" "Mozilla/5.0 (compatible; Barkrowler/0.9; +https://babbar.tech/crawler)"
66.249.73.225 - - [14/Jul/2025:22:10:34 +0000] "GET /entity/863797 HTTP/1.1" 200 18159 "-" "Mozilla/5.0 (Linux; Android 6.0.1; Nexus 5X Build/MMB29P) AppleWebKit/537.36 (KHTML, like Gecko) Chrome/137.0.7151.103 Mobile Safari/537.36 (compatible; GoogleOther)"
209.74.77.214 - - [14/Jul/2025:22:10:43 +0000] "POST /wp-cron.php?doing_wp_cron=1752531043.1188900470733642578125 HTTP/1.1" 200 - "-" "WordPress/6.8.1; https://teamhachem.com"
217.113.194.195 - - [14/Jul/2025:22:10:42 +0000] "GET /about-us/ HTTP/1.1" 200 15744 "-" "Mozilla/5.0 (compatible; Barkrowler/0.9; +https://babbar.tech/crawler)"
66.249.73.225 - - [14/Jul/2025:22:10:53 +0000] "GET /entity/98034903 HTTP/1.1" 200 17930 "-" "Mozilla/5.0 (Linux; Android 6.0.1; Nexus 5X Build/MMB29P) AppleWebKit/537.36 (KHTML, like Gecko) Chrome/137.0.7151.103 Mobile Safari/537.36 (compatible; GoogleOther)"
217.113.194.200 - - [14/Jul/2025:22:11:00 +0000] "GET /events/?ical=1 HTTP/1.1" 200 1135 "-" "Mozilla/5.0 (compatible; Barkrowler/0.9; +https://babbar.tech/crawler)"
66.249.73.227 - - [14/Jul/2025:22:11:13 +0000] "GET /entity/97966739 HTTP/1.1" 200 20030 "-" "Mozilla/5.0 (Linux; Android 6.0.1; Nexus 5X Build/MMB29P) AppleWebKit/537.36 (KHTML, like Gecko) Chrome/137.0.7151.103 Mobile Safari/537.36 (compatible; GoogleOther)"
217.113.194.196 - - [14/Jul/2025:22:11:16 +0000] "GET /tag/food/ HTTP/1.1" 200 16190 "-" "Mozilla/5.0 (compatible; Barkrowler/0.9; +https://babbar.tech/crawler)"
66.249.73.226 - - [14/Jul/2025:22:11:20 +0000] "GET /entity/98464379 HTTP/1.1" 200 19338 "-" "Mozilla/5.0 (Linux; Android 6.0.1; Nexus 5X Build/MMB29P) AppleWebKit/537.36 (KHTML, like Gecko) Chrome/137.0.7151.103 Mobile Safari/537.36 (compatible; GoogleOther)"
66.249.73.225 - - [14/Jul/2025:22:11:21 +0000] "GET /feature/utsunomiya/h_1428 HTTP/1.1" 200 18135 "-" "Mozilla/5.0 (Linux; Android 6.0.1; Nexus 5X Build/MMB29P) AppleWebKit/537.36 (KHTML, like Gecko) Chrome/137.0.7151.103 Mobile Safari/537.36 (compatible; GoogleOther)"
66.249.73.225 - - [14/Jul/2025:22:11:32 +0000] "GET /entity/854964 HTTP/1.1" 200 18614 "-" "Mozilla/5.0 (Linux; Android 6.0.1; Nexus 5X Build/MMB29P) AppleWebKit/537.36 (KHTML, like Gecko) Chrome/137.0.7151.103 Mobile Safari/537.36 (compatible; GoogleOther)"
209.74.77.214 - - [14/Jul/2025:22:11:33 +0000] "POST /wp-cron.php?doing_wp_cron=1752531093.0724349021911621093750 HTTP/1.1" 200 - "-" "WordPress/6.8.1; https://teamhachem.com"
217.113.194.200 - - [14/Jul/2025:22:11:32 +0000] "GET /2018/10/ HTTP/1.1" 200 14101 "-" "Mozilla/5.0 (compatible; Barkrowler/0.9; +https://babbar.tech/crawler)"
66.249.73.225 - - [14/Jul/2025:22:11:38 +0000] "POST /get-message-notify HTTP/1.1" 200 18727 "https://teamhachem.com/entity/98325785" "Mozilla/5.0 (Linux; Android 6.0.1; Nexus 5X Build/MMB29P) AppleWebKit/537.36 (KHTML, like Gecko) Chrome/137.0.7151.119 Mobile Safari/537.36 (compatible; Googlebot/2.1; +http://www.google.com/bot.html)"
217.113.194.200 - - [14/Jul/2025:22:11:48 +0000] "GET /faq/page/2/ HTTP/1.1" 200 13578 "-" "Mozilla/5.0 (compatible; Barkrowler/0.9; +https://babbar.tech/crawler)"
66.249.73.225 - - [14/Jul/2025:22:11:51 +0000] "GET /entity/12858996 HTTP/1.1" 200 18601 "-" "Mozilla/5.0 (Linux; Android 6.0.1; Nexus 5X Build/MMB29P) AppleWebKit/537.36 (KHTML, like Gecko) Chrome/137.0.7151.103 Mobile Safari/537.36 (compatible; GoogleOther)"
154.54.249.214 - - [14/Jul/2025:22:12:04 +0000] "GET /tag/boxing/ HTTP/1.1" 200 14881 "-" "Mozilla/5.0 (compatible; Barkrowler/0.9; +https://babbar.tech/crawler)"
66.249.73.227 - - [14/Jul/2025:22:12:10 +0000] "GET /entity/97616490 HTTP/1.1" 200 19470 "-" "Mozilla/5.0 (Linux; Android 6.0.1; Nexus 5X Build/MMB29P) AppleWebKit/537.36 (KHTML, like Gecko) Chrome/137.0.7151.103 Mobile Safari/537.36 (compatible; GoogleOther)"
217.113.194.198 - - [14/Jul/2025:22:12:20 +0000] "GET /tag/karate/ HTTP/1.1" 200 13686 "-" "Mozilla/5.0 (compatible; Barkrowler/0.9; +https://babbar.tech/crawler)"
66.249.73.225 - - [14/Jul/2025:22:12:29 +0000] "GET /entity/98095097 HTTP/1.1" 200 18224 "-" "Mozilla/5.0 (Linux; Android 6.0.1; Nexus 5X Build/MMB29P) AppleWebKit/537.36 (KHTML, like Gecko) Chrome/137.0.7151.103 Mobile Safari/537.36 (compatible; GoogleOther)"
209.74.77.214 - - [14/Jul/2025:22:12:37 +0000] "POST /wp-cron.php?doing_wp_cron=1752531157.4806129932403564453125 HTTP/1.1" 200 - "-" "WordPress/6.8.1; https://teamhachem.com"
154.54.249.214 - - [14/Jul/2025:22:12:37 +0000] "GET /tag/coaches/ HTTP/1.1" 200 13675 "-" "Mozilla/5.0 (compatible; Barkrowler/0.9; +https://babbar.tech/crawler)"
66.249.73.225 - - [14/Jul/2025:22:12:48 +0000] "GET /entity/12736228 HTTP/1.1" 200 18490 "-" "Mozilla/5.0 (Linux; Android 6.0.1; Nexus 5X Build/MMB29P) AppleWebKit/537.36 (KHTML, like Gecko) Chrome/137.0.7151.103 Mobile Safari/537.36 (compatible; GoogleOther)"
66.249.73.225 - - [14/Jul/2025:22:12:48 +0000] "GET /entity/12857559 HTTP/1.1" 200 18203 "-" "Mozilla/5.0 (Linux; Android 6.0.1; Nexus 5X Build/MMB29P) AppleWebKit/537.36 (KHTML, like Gecko) Chrome/137.0.7151.103 Mobile Safari/537.36 (compatible; GoogleOther)"
66.249.73.225 - - [14/Jul/2025:22:12:53 +0000] "GET /entity/99527791 HTTP/1.1" 200 18140 "-" "Mozilla/5.0 (Linux; Android 6.0.1; Nexus 5X Build/MMB29P) AppleWebKit/537.36 (KHTML, like Gecko) Chrome/137.0.7151.103 Mobile Safari/537.36 (compatible; GoogleOther)"
217.113.194.192 - - [14/Jul/2025:22:12:56 +0000] "GET /tag/matches/ HTTP/1.1" 200 12889 "-" "Mozilla/5.0 (compatible; Barkrowler/0.9; +https://babbar.tech/crawler)"
66.249.73.225 - - [14/Jul/2025:22:13:07 +0000] "GET /entity/98104209 HTTP/1.1" 200 18588 "-" "Mozilla/5.0 (Linux; Android 6.0.1; Nexus 5X Build/MMB29P) AppleWebKit/537.36 (KHTML, like Gecko) Chrome/137.0.7151.103 Mobile Safari/537.36 (compatible; GoogleOther)"
217.113.194.196 - - [14/Jul/2025:22:13:13 +0000] "GET /tag/gym/ HTTP/1.1" 200 13682 "-" "Mozilla/5.0 (compatible; Barkrowler/0.9; +https://babbar.tech/crawler)"
66.249.73.226 - - [14/Jul/2025:22:13:26 +0000] "GET /entity/97673031 HTTP/1.1" 200 19707 "-" "Mozilla/5.0 (Linux; Android 6.0.1; Nexus 5X Build/MMB29P) AppleWebKit/537.36 (KHTML, like Gecko) Chrome/137.0.7151.103 Mobile Safari/537.36 (compatible; GoogleOther)"
66.249.73.226 - - [14/Jul/2025:22:13:27 +0000] "POST /get-message-notify HTTP/1.1" 200 18727 "https://teamhachem.com/entity/97947441" "Mozilla/5.0 (Linux; Android 6.0.1; Nexus 5X Build/MMB29P) AppleWebKit/537.36 (KHTML, like Gecko) Chrome/137.0.7151.119 Mobile Safari/537.36 (compatible; Googlebot/2.1; +http://www.google.com/bot.html)"
209.74.77.214 - - [14/Jul/2025:22:13:30 +0000] "POST /wp-cron.php?doing_wp_cron=1752531210.1653149127960205078125 HTTP/1.1" 200 - "-" "WordPress/6.8.1; https://teamhachem.com"
217.113.194.195 - - [14/Jul/2025:22:13:29 +0000] "GET /tag/combat/ HTTP/1.1" 200 16479 "-" "Mozilla/5.0 (compatible; Barkrowler/0.9; +https://babbar.tech/crawler)"
66.249.73.225 - - [14/Jul/2025:22:13:41 +0000] "POST /get-message-notify HTTP/1.1" 200 18727 "https://teamhachem.com/entity/97559156" "Mozilla/5.0 (Linux; Android 6.0.1; Nexus 5X Build/MMB29P) AppleWebKit/537.36 (KHTML, like Gecko) Chrome/137.0.7151.119 Mobile Safari/537.36 (compatible; Googlebot/2.1; +http://www.google.com/bot.html)"
66.249.73.225 - - [14/Jul/2025:22:13:45 +0000] "GET /entity/622574 HTTP/1.1" 200 18590 "-" "Mozilla/5.0 (Linux; Android 6.0.1; Nexus 5X Build/MMB29P) AppleWebKit/537.36 (KHTML, like Gecko) Chrome/137.0.7151.103 Mobile Safari/537.36 (compatible; GoogleOther)"
209.74.77.214 - - [14/Jul/2025:22:13:47 +0000] "POST /wp-cron.php?doing_wp_cron=1752531227.0674250125885009765625 HTTP/1.1" 200 - "-" "WordPress/6.8.1; https://teamhachem.com"
217.113.194.192 - - [14/Jul/2025:22:13:46 +0000] "GET /tag/training/ HTTP/1.1" 200 16284 "-" "Mozilla/5.0 (compatible; Barkrowler/0.9; +https://babbar.tech/crawler)"
154.54.249.214 - - [14/Jul/2025:22:14:02 +0000] "GET /elements/text/ HTTP/1.1" 200 13267 "-" "Mozilla/5.0 (compatible; Barkrowler/0.9; +https://babbar.tech/crawler)"
66.249.73.226 - - [14/Jul/2025:22:14:04 +0000] "GET /entity/97585846 HTTP/1.1" 200 19860 "-" "Mozilla/5.0 (Linux; Android 6.0.1; Nexus 5X Build/MMB29P) AppleWebKit/537.36 (KHTML, like Gecko) Chrome/137.0.7151.103 Mobile Safari/537.36 (compatible; GoogleOther)"
217.113.194.198 - - [14/Jul/2025:22:14:19 +0000] "GET /category/gym/ HTTP/1.1" 200 13521 "-" "Mozilla/5.0 (compatible; Barkrowler/0.9; +https://babbar.tech/crawler)"
66.249.73.226 - - [14/Jul/2025:22:14:24 +0000] "GET /entity/97547762 HTTP/1.1" 200 18832 "-" "Mozilla/5.0 (Linux; Android 6.0.1; Nexus 5X Build/MMB29P) AppleWebKit/537.36 (KHTML, like Gecko) Chrome/137.0.7151.103 Mobile Safari/537.36 (compatible; GoogleOther)"
209.74.77.214 - - [14/Jul/2025:22:14:35 +0000] "POST /wp-cron.php?doing_wp_cron=1752531275.6323459148406982421875 HTTP/1.1" 200 - "-" "WordPress/6.8.1; https://teamhachem.com"
217.113.194.195 - - [14/Jul/2025:22:14:35 +0000] "GET /event/women-classes/ HTTP/1.1" 200 17335 "-" "Mozilla/5.0 (compatible; Barkrowler/0.9; +https://babbar.tech/crawler)"
51.222.253.17 - - [14/Jul/2025:22:14:42 +0000] "GET /sitemap.xml HTTP/1.1" 200 4295 "-" "Mozilla/5.0 (compatible; AhrefsBot/7.0; +http://ahrefs.com/robot/)"
66.249.73.225 - - [14/Jul/2025:22:14:43 +0000] "GET /entity/12722885 HTTP/1.1" 200 17968 "-" "Mozilla/5.0 (Linux; Android 6.0.1; Nexus 5X Build/MMB29P) AppleWebKit/537.36 (KHTML, like Gecko) Chrome/137.0.7151.103 Mobile Safari/537.36 (compatible; GoogleOther)"
217.113.194.201 - - [14/Jul/2025:22:14:51 +0000] "GET /author/teamh/ HTTP/1.1" 200 14855 "-" "Mozilla/5.0 (compatible; Barkrowler/0.9; +https://babbar.tech/crawler)"
66.249.73.225 - - [14/Jul/2025:22:15:02 +0000] "GET /entity/594760 HTTP/1.1" 200 17888 "-" "Mozilla/5.0 (Linux; Android 6.0.1; Nexus 5X Build/MMB29P) AppleWebKit/537.36 (KHTML, like Gecko) Chrome/137.0.7151.103 Mobile Safari/537.36 (compatible; GoogleOther)"
217.113.194.196 - - [14/Jul/2025:22:15:07 +0000] "GET /elements/headers/ HTTP/1.1" 200 13655 "-" "Mozilla/5.0 (compatible; Barkrowler/0.9; +https://babbar.tech/crawler)"
185.191.171.16 - - [14/Jul/2025:22:15:17 +0000] "GET /events/list/?tribe-bar-date=2025-02-12 HTTP/1.1" 200 19809 "-" "Mozilla/5.0 (compatible; SemrushBot/7~bl; +http://www.semrush.com/bot.html)"
66.249.73.226 - - [14/Jul/2025:22:15:21 +0000] "GET /entity/97345534 HTTP/1.1" 200 19358 "-" "Mozilla/5.0 (Linux; Android 6.0.1; Nexus 5X Build/MMB29P) AppleWebKit/537.36 (KHTML, like Gecko) Chrome/137.0.7151.103 Mobile Safari/537.36 (compatible; GoogleOther)"
209.74.77.214 - - [14/Jul/2025:22:15:24 +0000] "POST /wp-cron.php?doing_wp_cron=1752531324.0580489635467529296875 HTTP/1.1" 200 - "-" "WordPress/6.8.1; https://teamhachem.com"
217.113.194.201 - - [14/Jul/2025:22:15:23 +0000] "GET /elements/tabs/ HTTP/1.1" 200 14037 "-" "Mozilla/5.0 (compatible; Barkrowler/0.9; +https://babbar.tech/crawler)"
209.74.77.214 - - [14/Jul/2025:22:15:39 +0000] "POST /wp-cron.php?doing_wp_cron=1752531339.9597771167755126953125 HTTP/1.1" 200 - "-" "WordPress/6.8.1; https://teamhachem.com"
154.54.249.214 - - [14/Jul/2025:22:15:39 +0000] "GET /team/michael-hardy/ HTTP/1.1" 404 12739 "-" "Mozilla/5.0 (compatible; Barkrowler/0.9; +https://babbar.tech/crawler)"
66.249.73.225 - - [14/Jul/2025:22:15:40 +0000] "GET /entity/794722 HTTP/1.1" 200 17849 "-" "Mozilla/5.0 (Linux; Android 6.0.1; Nexus 5X Build/MMB29P) AppleWebKit/537.36 (KHTML, like Gecko) Chrome/137.0.7151.103 Mobile Safari/537.36 (compatible; GoogleOther)"
66.249.73.225 - - [14/Jul/2025:22:15:50 +0000] "POST /get-message-notify HTTP/1.1" 200 18727 "https://teamhachem.com/entity/99522944" "Mozilla/5.0 (Linux; Android 6.0.1; Nexus 5X Build/MMB29P) AppleWebKit/537.36 (KHTML, like Gecko) Chrome/137.0.7151.119 Mobile Safari/537.36 (compatible; Googlebot/2.1; +http://www.google.com/bot.html)"
217.113.194.194 - - [14/Jul/2025:22:15:58 +0000] "GET /team/denis-green/ HTTP/1.1" 404 12738 "-" "Mozilla/5.0 (compatible; Barkrowler/0.9; +https://babbar.tech/crawler)"
66.249.73.225 - - [14/Jul/2025:22:15:59 +0000] "GET /entity/98328346 HTTP/1.1" 200 17935 "-" "Mozilla/5.0 (Linux; Android 6.0.1; Nexus 5X Build/MMB29P) AppleWebKit/537.36 (KHTML, like Gecko) Chrome/137.0.7151.103 Mobile Safari/537.36 (compatible; GoogleOther)"
217.113.194.194 - - [14/Jul/2025:22:16:15 +0000] "GET /team/antony-taylor/ HTTP/1.1" 404 12735 "-" "Mozilla/5.0 (compatible; Barkrowler/0.9; +https://babbar.tech/crawler)"
66.249.73.227 - - [14/Jul/2025:22:16:18 +0000] "GET /entity/98408400 HTTP/1.1" 200 18040 "-" "Mozilla/5.0 (Linux; Android 6.0.1; Nexus 5X Build/MMB29P) AppleWebKit/537.36 (KHTML, like Gecko) Chrome/137.0.7151.103 Mobile Safari/537.36 (compatible; GoogleOther)"
209.74.77.214 - - [14/Jul/2025:22:16:35 +0000] "POST /wp-cron.php?doing_wp_cron=1752531395.4279410839080810546875 HTTP/1.1" 200 - "-" "WordPress/6.8.1; https://teamhachem.com"
217.113.194.195 - - [14/Jul/2025:22:16:35 +0000] "GET /team/brian-marsh/ HTTP/1.1" 404 12740 "-" "Mozilla/5.0 (compatible; Barkrowler/0.9; +https://babbar.tech/crawler)"
66.249.73.226 - - [14/Jul/2025:22:16:37 +0000] "GET /entity/13729509 HTTP/1.1" 200 18591 "-" "Mozilla/5.0 (Linux; Android 6.0.1; Nexus 5X Build/MMB29P) AppleWebKit/537.36 (KHTML, like Gecko) Chrome/137.0.7151.103 Mobile Safari/537.36 (compatible; GoogleOther)"
217.113.194.201 - - [14/Jul/2025:22:16:52 +0000] "GET /elements/buttons/ HTTP/1.1" 200 13244 "-" "Mozilla/5.0 (compatible; Barkrowler/0.9; +https://babbar.tech/crawler)"
66.249.73.225 - - [14/Jul/2025:22:16:56 +0000] "GET /entity/97326236 HTTP/1.1" 200 18193 "-" "Mozilla/5.0 (Linux; Android 6.0.1; Nexus 5X Build/MMB29P) AppleWebKit/537.36 (KHTML, like Gecko) Chrome/137.0.7151.103 Mobile Safari/537.36 (compatible; GoogleOther)"
217.113.194.192 - - [14/Jul/2025:22:17:10 +0000] "GET /category/karate-school/ HTTP/1.1" 200 14665 "-" "Mozilla/5.0 (compatible; Barkrowler/0.9; +https://babbar.tech/crawler)"
216.73.216.96 - - [14/Jul/2025:22:17:12 +0000] "GET /entity/40794405 HTTP/1.1" 404 12740 "-" "Mozilla/5.0 AppleWebKit/537.36 (KHTML, like Gecko; compatible; ClaudeBot/1.0; [email protected])"
66.249.73.226 - - [14/Jul/2025:22:17:15 +0000] "GET /entity/14408720 HTTP/1.1" 200 19689 "-" "Mozilla/5.0 (Linux; Android 6.0.1; Nexus 5X Build/MMB29P) AppleWebKit/537.36 (KHTML, like Gecko) Chrome/137.0.7151.103 Mobile Safari/537.36 (compatible; GoogleOther)"
216.73.216.96 - - [14/Jul/2025:22:17:15 +0000] "GET /entity/40903148 HTTP/1.1" 404 12742 "-" "Mozilla/5.0 AppleWebKit/537.36 (KHTML, like Gecko; compatible; ClaudeBot/1.0; [email protected])"
216.73.216.96 - - [14/Jul/2025:22:17:18 +0000] "GET /entity/40754601 HTTP/1.1" 404 12740 "-" "Mozilla/5.0 AppleWebKit/537.36 (KHTML, like Gecko; compatible; ClaudeBot/1.0; [email protected])"
216.73.216.96 - - [14/Jul/2025:22:17:21 +0000] "GET /entity/40789873 HTTP/1.1" 404 12742 "-" "Mozilla/5.0 AppleWebKit/537.36 (KHTML, like Gecko; compatible; ClaudeBot/1.0; [email protected])"
209.74.77.214 - - [14/Jul/2025:22:17:24 +0000] "POST /wp-cron.php?doing_wp_cron=1752531444.8672080039978027343750 HTTP/1.1" 200 - "-" "WordPress/6.8.1; https://teamhachem.com"
216.73.216.96 - - [14/Jul/2025:22:17:24 +0000] "GET /entity/40918761 HTTP/1.1" 404 12740 "-" "Mozilla/5.0 AppleWebKit/537.36 (KHTML, like Gecko; compatible; ClaudeBot/1.0; [email protected])"
217.113.194.199 - - [14/Jul/2025:22:17:26 +0000] "GET /team/grace-flynn/ HTTP/1.1" 404 12736 "-" "Mozilla/5.0 (compatible; Barkrowler/0.9; +https://babbar.tech/crawler)"
216.73.216.96 - - [14/Jul/2025:22:17:27 +0000] "GET /entity/40736788 HTTP/1.1" 404 12742 "-" "Mozilla/5.0 AppleWebKit/537.36 (KHTML, like Gecko; compatible; ClaudeBot/1.0; [email protected])"
185.191.171.10 - - [14/Jul/2025:22:17:28 +0000] "GET /events/list/?tribe-bar-date=2025-02-28 HTTP/1.1" 200 19801 "-" "Mozilla/5.0 (compatible; SemrushBot/7~bl; +http://www.semrush.com/bot.html)"
216.73.216.96 - - [14/Jul/2025:22:17:30 +0000] "GET /entity/40846972 HTTP/1.1" 404 12738 "-" "Mozilla/5.0 AppleWebKit/537.36 (KHTML, like Gecko; compatible; ClaudeBot/1.0; [email protected])"
66.249.73.226 - - [14/Jul/2025:22:17:34 +0000] "GET /entity/98037416 HTTP/1.1" 200 19199 "-" "Mozilla/5.0 (Linux; Android 6.0.1; Nexus 5X Build/MMB29P) AppleWebKit/537.36 (KHTML, like Gecko) Chrome/137.0.7151.103 Mobile Safari/537.36 (compatible; GoogleOther)"
209.74.77.214 - - [14/Jul/2025:22:17:45 +0000] "POST /wp-cron.php?doing_wp_cron=1752531465.2336471080780029296875 HTTP/1.1" 200 - "-" "WordPress/6.8.1; https://teamhachem.com"
217.113.194.195 - - [14/Jul/2025:22:17:44 +0000] "GET /category/boxing-classes/ HTTP/1.1" 200 13128 "-" "Mozilla/5.0 (compatible; Barkrowler/0.9; +https://babbar.tech/crawler)"
216.73.216.96 - - [14/Jul/2025:22:17:50 +0000] "GET /entity/40784763 HTTP/1.1" 404 12738 "-" "Mozilla/5.0 AppleWebKit/537.36 (KHTML, like Gecko; compatible; ClaudeBot/1.0; [email protected])"
216.73.216.96 - - [14/Jul/2025:22:17:53 +0000] "GET /entity/40795824 HTTP/1.1" 404 12737 "-" "Mozilla/5.0 AppleWebKit/537.36 (KHTML, like Gecko; compatible; ClaudeBot/1.0; [email protected])"
66.249.73.225 - - [14/Jul/2025:22:17:53 +0000] "GET /entity/12730905 HTTP/1.1" 200 18418 "-" "Mozilla/5.0 (Linux; Android 6.0.1; Nexus 5X Build/MMB29P) AppleWebKit/537.36 (KHTML, like Gecko) Chrome/137.0.7151.103 Mobile Safari/537.36 (compatible; GoogleOther)"
216.73.216.96 - - [14/Jul/2025:22:17:56 +0000] "GET /entity/40860004 HTTP/1.1" 404 12737 "-" "Mozilla/5.0 AppleWebKit/537.36 (KHTML, like Gecko; compatible; ClaudeBot/1.0; [email protected])"
216.73.216.96 - - [14/Jul/2025:22:17:59 +0000] "GET /entity/40869148 HTTP/1.1" 404 12740 "-" "Mozilla/5.0 AppleWebKit/537.36 (KHTML, like Gecko; compatible; ClaudeBot/1.0; [email protected])"
216.73.216.96 - - [14/Jul/2025:22:18:02 +0000] "GET /entity/40882774 HTTP/1.1" 404 12742 "-" "Mozilla/5.0 AppleWebKit/537.36 (KHTML, like Gecko; compatible; ClaudeBot/1.0; [email protected])"
217.113.194.193 - - [14/Jul/2025:22:18:04 +0000] "GET /category/kickboxing/ HTTP/1.1" 200 13665 "-" "Mozilla/5.0 (compatible; Barkrowler/0.9; +https://babbar.tech/crawler)"
216.73.216.96 - - [14/Jul/2025:22:18:05 +0000] "GET /entity/40778497 HTTP/1.1" 404 12741 "-" "Mozilla/5.0 AppleWebKit/537.36 (KHTML, like Gecko; compatible; ClaudeBot/1.0; [email protected])"
216.73.216.96 - - [14/Jul/2025:22:18:08 +0000] "GET /entity/40814861 HTTP/1.1" 404 12740 "-" "Mozilla/5.0 AppleWebKit/537.36 (KHTML, like Gecko; compatible; ClaudeBot/1.0; [email protected])"
217.113.194.198 - - [14/Jul/2025:22:18:22 +0000] "GET /category/martial-arts/ HTTP/1.1" 200 13702 "-" "Mozilla/5.0 (compatible; Barkrowler/0.9; +https://babbar.tech/crawler)"
66.249.73.225 - - [14/Jul/2025:22:18:31 +0000] "GET /entity/98333689 HTTP/1.1" 200 17984 "-" "Mozilla/5.0 (Linux; Android 6.0.1; Nexus 5X Build/MMB29P) AppleWebKit/537.36 (KHTML, like Gecko) Chrome/137.0.7151.103 Mobile Safari/537.36 (compatible; GoogleOther)"
209.74.77.214 - - [14/Jul/2025:22:18:40 +0000] "POST /wp-cron.php?doing_wp_cron=1752531520.9203879833221435546875 HTTP/1.1" 200 - "-" "WordPress/6.8.1; https://teamhachem.com"
217.113.194.194 - - [14/Jul/2025:22:18:40 +0000] "GET /category/art-kombat/ HTTP/1.1" 200 14457 "-" "Mozilla/5.0 (compatible; Barkrowler/0.9; +https://babbar.tech/crawler)"
216.73.216.96 - - [14/Jul/2025:22:18:41 +0000] "GET /entity/40908340 HTTP/1.1" 404 12736 "-" "Mozilla/5.0 AppleWebKit/537.36 (KHTML, like Gecko; compatible; ClaudeBot/1.0; [email protected])"
216.73.216.96 - - [14/Jul/2025:22:18:44 +0000] "GET /entity/40838145 HTTP/1.1" 404 12736 "-" "Mozilla/5.0 AppleWebKit/537.36 (KHTML, like Gecko; compatible; ClaudeBot/1.0; [email protected])"
185.191.171.14 - - [14/Jul/2025:22:18:46 +0000] "GET /events/2025-01-16/ HTTP/1.1" 200 19476 "-" "Mozilla/5.0 (compatible; SemrushBot/7~bl; +http://www.semrush.com/bot.html)"
216.73.216.96 - - [14/Jul/2025:22:18:47 +0000] "GET /entity/40920246 HTTP/1.1" 404 12742 "-" "Mozilla/5.0 AppleWebKit/537.36 (KHTML, like Gecko; compatible; ClaudeBot/1.0; [email protected])"
216.73.216.96 - - [14/Jul/2025:22:18:50 +0000] "GET /entity/40810329 HTTP/1.1" 404 12737 "-" "Mozilla/5.0 AppleWebKit/537.36 (KHTML, like Gecko; compatible; ClaudeBot/1.0; [email protected])"
66.249.73.226 - - [14/Jul/2025:22:18:51 +0000] "GET /entity/97630945 HTTP/1.1" 200 18209 "-" "Mozilla/5.0 (Linux; Android 6.0.1; Nexus 5X Build/MMB29P) AppleWebKit/537.36 (KHTML, like Gecko) Chrome/137.0.7151.103 Mobile Safari/537.36 (compatible; GoogleOther)"
216.73.216.96 - - [14/Jul/2025:22:18:53 +0000] "GET /entity/40909416 HTTP/1.1" 404 12737 "-" "Mozilla/5.0 AppleWebKit/537.36 (KHTML, like Gecko; compatible; ClaudeBot/1.0; [email protected])"
216.73.216.96 - - [14/Jul/2025:22:18:56 +0000] "GET /entity/40735068 HTTP/1.1" 404 12742 "-" "Mozilla/5.0 AppleWebKit/537.36 (KHTML, like Gecko; compatible; ClaudeBot/1.0; [email protected])"
217.113.194.195 - - [14/Jul/2025:22:18:58 +0000] "GET /event/boxing-with-joe/ HTTP/1.1" 200 15357 "-" "Mozilla/5.0 (compatible; Barkrowler/0.9; +https://babbar.tech/crawler)"
216.73.216.96 - - [14/Jul/2025:22:18:59 +0000] "GET /entity/40842970 HTTP/1.1" 404 12739 "-" "Mozilla/5.0 AppleWebKit/537.36 (KHTML, like Gecko; compatible; ClaudeBot/1.0; [email protected])"
207.46.13.160 - - [14/Jul/2025:22:19:05 +0000] "GET /entity/615373353 HTTP/1.1" 200 22045 "-" "Mozilla/5.0 AppleWebKit/537.36 (KHTML, like Gecko; compatible; bingbot/2.0; +http://www.bing.com/bingbot.htm) Chrome/116.0.1938.76 Safari/537.36"
217.113.194.195 - - [14/Jul/2025:22:19:14 +0000] "GET /my-account/lost-password/ HTTP/1.1" 200 13323 "-" "Mozilla/5.0 (compatible; Barkrowler/0.9; +https://babbar.tech/crawler)"
66.249.73.225 - - [14/Jul/2025:22:19:26 +0000] "POST /get-message-notify HTTP/1.1" 200 18727 "https://teamhachem.com/entity/14403610" "Mozilla/5.0 (Linux; Android 6.0.1; Nexus 5X Build/MMB29P) AppleWebKit/537.36 (KHTML, like Gecko) Chrome/137.0.7151.119 Mobile Safari/537.36 (compatible; Googlebot/2.1; +http://www.google.com/bot.html)"
209.74.77.214 - - [14/Jul/2025:22:19:30 +0000] "POST /wp-cron.php?doing_wp_cron=1752531570.3268170356750488281250 HTTP/1.1" 200 - "-" "WordPress/6.8.1; https://teamhachem.com"
216.73.216.96 - - [14/Jul/2025:22:19:30 +0000] "GET /entity/40836704 HTTP/1.1" 404 12742 "-" "Mozilla/5.0 AppleWebKit/537.36 (KHTML, like Gecko; compatible; ClaudeBot/1.0; [email protected])"
209.74.77.214 - - [14/Jul/2025:22:19:31 +0000] "POST /wp-cron.php?doing_wp_cron=1752531571.2139720916748046875000 HTTP/1.1" 200 - "-" "WordPress/6.8.1; https://teamhachem.com"
217.113.194.192 - - [14/Jul/2025:22:19:30 +0000] "GET /event/adult-classes-2/feed/ HTTP/1.1" 200 446 "-" "Mozilla/5.0 (compatible; Barkrowler/0.9; +https://babbar.tech/crawler)"
216.73.216.96 - - [14/Jul/2025:22:19:33 +0000] "GET /entity/40862585 HTTP/1.1" 404 12734 "-" "Mozilla/5.0 AppleWebKit/537.36 (KHTML, like Gecko; compatible; ClaudeBot/1.0; [email protected])"
216.73.216.96 - - [14/Jul/2025:22:19:35 +0000] "GET /entity/40781291 HTTP/1.1" 404 12737 "-" "Mozilla/5.0 AppleWebKit/537.36 (KHTML, like Gecko; compatible; ClaudeBot/1.0; [email protected])"
216.73.216.96 - - [14/Jul/2025:22:19:38 +0000] "GET /entity/40782728 HTTP/1.1" 404 12740 "-" "Mozilla/5.0 AppleWebKit/537.36 (KHTML, like Gecko; compatible; ClaudeBot/1.0; [email protected])"
216.73.216.96 - - [14/Jul/2025:22:19:41 +0000] "GET /entity/40740178 HTTP/1.1" 404 12735 "-" "Mozilla/5.0 AppleWebKit/537.36 (KHTML, like Gecko; compatible; ClaudeBot/1.0; [email protected])"
216.73.216.96 - - [14/Jul/2025:22:19:44 +0000] "GET /entity/40876741 HTTP/1.1" 404 12738 "-" "Mozilla/5.0 AppleWebKit/537.36 (KHTML, like Gecko; compatible; ClaudeBot/1.0; [email protected])"
216.73.216.96 - - [14/Jul/2025:22:19:47 +0000] "GET /entity/40907150 HTTP/1.1" 404 12736 "-" "Mozilla/5.0 AppleWebKit/537.36 (KHTML, like Gecko; compatible; ClaudeBot/1.0; [email protected])"
217.113.194.199 - - [14/Jul/2025:22:19:48 +0000] "GET /what-sports-supplements-choose-famous-athletes/ HTTP/1.1" 200 18451 "-" "Mozilla/5.0 (compatible; Barkrowler/0.9; +https://babbar.tech/crawler)"
217.113.194.196 - - [14/Jul/2025:22:20:04 +0000] "GET /what-sports-supplements-choose-famous-athletes-2/ HTTP/1.1" 200 18233 "-" "Mozilla/5.0 (compatible; Barkrowler/0.9; +https://babbar.tech/crawler)"
66.249.73.225 - - [14/Jul/2025:22:20:13 +0000] "GET /entity/98100536 HTTP/1.1" 200 18649 "-" "Mozilla/5.0 (Linux; Android 6.0.1; Nexus 5X Build/MMB29P) AppleWebKit/537.36 (KHTML, like Gecko) Chrome/137.0.7151.103 Mobile Safari/537.36 (compatible; GoogleOther)"
217.113.194.200 - - [14/Jul/2025:22:20:21 +0000] "GET /martial-arts-for-women-the-best-way-of-self-defense/feed/ HTTP/1.1" 200 1323 "-" "Mozilla/5.0 (compatible; Barkrowler/0.9; +https://babbar.tech/crawler)"
66.249.73.226 - - [14/Jul/2025:22:20:26 +0000] "GET /entity/860636 HTTP/1.1" 200 18473 "-" "Mozilla/5.0 (Linux; Android 6.0.1; Nexus 5X Build/MMB29P) AppleWebKit/537.36 (KHTML, like Gecko) Chrome/137.0.7151.103 Mobile Safari/537.36 (compatible; GoogleOther)"
209.74.77.214 - - [14/Jul/2025:22:20:32 +0000] "POST /wp-cron.php?doing_wp_cron=1752531632.1749749183654785156250 HTTP/1.1" 200 - "-" "WordPress/6.8.1; https://teamhachem.com"
216.73.216.96 - - [14/Jul/2025:22:20:31 +0000] "GET /entity/40759727 HTTP/1.1" 404 12738 "-" "Mozilla/5.0 AppleWebKit/537.36 (KHTML, like Gecko; compatible; ClaudeBot/1.0; [email protected])"
216.73.216.96 - - [14/Jul/2025:22:20:34 +0000] "GET /entity/40882180 HTTP/1.1" 404 12741 "-" "Mozilla/5.0 AppleWebKit/537.36 (KHTML, like Gecko; compatible; ClaudeBot/1.0; [email protected])"
217.113.194.195 - - [14/Jul/2025:22:20:37 +0000] "GET /mark-dyson-all-the-fight-i-owned-the-initiative/feed/ HTTP/1.1" 200 885 "-" "Mozilla/5.0 (compatible; Barkrowler/0.9; +https://babbar.tech/crawler)"
216.73.216.96 - - [14/Jul/2025:22:20:37 +0000] "GET /entity/40841830 HTTP/1.1" 404 12738 "-" "Mozilla/5.0 AppleWebKit/537.36 (KHTML, like Gecko; compatible; ClaudeBot/1.0; [email protected])"
216.73.216.96 - - [14/Jul/2025:22:20:40 +0000] "GET /entity/40887852 HTTP/1.1" 404 12744 "-" "Mozilla/5.0 AppleWebKit/537.36 (KHTML, like Gecko; compatible; ClaudeBot/1.0; [email protected])"
216.73.216.96 - - [14/Jul/2025:22:20:43 +0000] "GET /entity/40906026 HTTP/1.1" 404 12737 "-" "Mozilla/5.0 AppleWebKit/537.36 (KHTML, like Gecko; compatible; ClaudeBot/1.0; [email protected])"
216.73.216.96 - - [14/Jul/2025:22:20:46 +0000] "GET /entity/40752648 HTTP/1.1" 404 12736 "-" "Mozilla/5.0 AppleWebKit/537.36 (KHTML, like Gecko; compatible; ClaudeBot/1.0; [email protected])"
216.73.216.96 - - [14/Jul/2025:22:20:49 +0000] "GET /entity/40878178 HTTP/1.1" 404 12738 "-" "Mozilla/5.0 AppleWebKit/537.36 (KHTML, like Gecko; compatible; ClaudeBot/1.0; [email protected])"
217.113.194.199 - - [14/Jul/2025:22:20:54 +0000] "GET /how-many-times-a-week-is-necessary-to-train-for-weight-loss/ HTTP/1.1" 200 18253 "-" "Mozilla/5.0 (compatible; Barkrowler/0.9; +https://babbar.tech/crawler)"
66.249.73.226 - - [14/Jul/2025:22:21:04 +0000] "GET /entity/526283 HTTP/1.1" 200 19250 "-" "Mozilla/5.0 (Linux; Android 6.0.1; Nexus 5X Build/MMB29P) AppleWebKit/537.36 (KHTML, like Gecko) Chrome/137.0.7151.103 Mobile Safari/537.36 (compatible; GoogleOther)"
217.113.194.199 - - [14/Jul/2025:22:21:11 +0000] "GET /ex-world-champion-refused-to-fight-for-a-week-before-the-fight/feed/ HTTP/1.1" 200 492 "-" "Mozilla/5.0 (compatible; Barkrowler/0.9; +https://babbar.tech/crawler)"
66.249.73.225 - - [14/Jul/2025:22:21:23 +0000] "GET /entity/98449595 HTTP/1.1" 200 18580 "-" "Mozilla/5.0 (Linux; Android 6.0.1; Nexus 5X Build/MMB29P) AppleWebKit/537.36 (KHTML, like Gecko) Chrome/137.0.7151.103 Mobile Safari/537.36 (compatible; GoogleOther)"
209.74.77.214 - - [14/Jul/2025:22:21:30 +0000] "POST /wp-cron.php?doing_wp_cron=1752531690.1827960014343261718750 HTTP/1.1" 200 - "-" "WordPress/6.8.1; https://teamhachem.com"
217.113.194.201 - - [14/Jul/2025:22:21:29 +0000] "GET /it-became-known-when-and-where-will-the-boxing-match-between-corrado-and-lennox/ HTTP/1.1" 200 18796 "-" "Mozilla/5.0 (compatible; Barkrowler/0.9; +https://babbar.tech/crawler)"
209.74.77.214 - - [14/Jul/2025:22:21:32 +0000] "POST /wp-cron.php?doing_wp_cron=1752531692.6877200603485107421875 HTTP/1.1" 200 - "-" "WordPress/6.8.1; https://teamhachem.com"
216.73.216.96 - - [14/Jul/2025:22:21:32 +0000] "GET /entity/40874491 HTTP/1.1" 404 12737 "-" "Mozilla/5.0 AppleWebKit/537.36 (KHTML, like Gecko; compatible; ClaudeBot/1.0; [email protected])"
216.73.216.96 - - [14/Jul/2025:22:21:35 +0000] "GET /entity/40727082 HTTP/1.1" 404 12742 "-" "Mozilla/5.0 AppleWebKit/537.36 (KHTML, like Gecko; compatible; ClaudeBot/1.0; [email protected])"
216.73.216.96 - - [14/Jul/2025:22:21:38 +0000] "GET /entity/40904589 HTTP/1.1" 404 12742 "-" "Mozilla/5.0 AppleWebKit/537.36 (KHTML, like Gecko; compatible; ClaudeBot/1.0; [email protected])"
66.249.73.225 - - [14/Jul/2025:22:21:40 +0000] "POST /get-message-notify HTTP/1.1" 200 18727 "https://teamhachem.com/entity/13208055" "Mozilla/5.0 (Linux; Android 6.0.1; Nexus 5X Build/MMB29P) AppleWebKit/537.36 (KHTML, like Gecko) Chrome/137.0.7151.119 Mobile Safari/537.36 (compatible; Googlebot/2.1; +http://www.google.com/bot.html)"
216.73.216.96 - - [14/Jul/2025:22:21:41 +0000] "GET /entity/40741302 HTTP/1.1" 404 12738 "-" "Mozilla/5.0 AppleWebKit/537.36 (KHTML, like Gecko; compatible; ClaudeBot/1.0; [email protected])"
66.249.73.225 - - [14/Jul/2025:22:21:42 +0000] "GET /entity/99523538 HTTP/1.1" 200 19422 "-" "Mozilla/5.0 (Linux; Android 6.0.1; Nexus 5X Build/MMB29P) AppleWebKit/537.36 (KHTML, like Gecko) Chrome/137.0.7151.103 Mobile Safari/537.36 (compatible; GoogleOther)"
216.73.216.96 - - [14/Jul/2025:22:21:44 +0000] "GET /entity/40780462 HTTP/1.1" 404 12741 "-" "Mozilla/5.0 AppleWebKit/537.36 (KHTML, like Gecko; compatible; ClaudeBot/1.0; [email protected])"
216.73.216.96 - - [14/Jul/2025:22:21:47 +0000] "GET /entity/40901199 HTTP/1.1" 404 12737 "-" "Mozilla/5.0 AppleWebKit/537.36 (KHTML, like Gecko; compatible; ClaudeBot/1.0; [email protected])"
216.73.216.96 - - [14/Jul/2025:22:21:50 +0000] "GET /entity/40850974 HTTP/1.1" 404 12739 "-" "Mozilla/5.0 AppleWebKit/537.36 (KHTML, like Gecko; compatible; ClaudeBot/1.0; [email protected])"
18.232.12.157 - - [14/Jul/2025:22:22:05 +0000] "GET /events/2024-09-22/ HTTP/1.1" 200 18818 "-" "Mozilla/5.0 AppleWebKit/537.36 (KHTML, like Gecko; compatible; Amazonbot/0.1; +https://developer.amazon.com/support/amazonbot) Chrome/119.0.6045.214 Safari/537.36"
184.73.195.18 - - [14/Jul/2025:22:22:08 +0000] "GET /events/2024-07-06/ HTTP/1.1" 200 18822 "-" "Mozilla/5.0 AppleWebKit/537.36 (KHTML, like Gecko; compatible; Amazonbot/0.1; +https://developer.amazon.com/support/amazonbot) Chrome/119.0.6045.214 Safari/537.36"
216.73.216.96 - - [14/Jul/2025:22:22:15 +0000] "GET /entity/40871631 HTTP/1.1" 404 12740 "-" "Mozilla/5.0 AppleWebKit/537.36 (KHTML, like Gecko; compatible; ClaudeBot/1.0; [email protected])"
216.73.216.96 - - [14/Jul/2025:22:22:18 +0000] "GET /entity/40840939 HTTP/1.1" 404 12740 "-" "Mozilla/5.0 AppleWebKit/537.36 (KHTML, like Gecko; compatible; ClaudeBot/1.0; [email protected])"
66.249.73.227 - - [14/Jul/2025:22:22:20 +0000] "GET /entity/99519869 HTTP/1.1" 200 19654 "-" "Mozilla/5.0 (Linux; Android 6.0.1; Nexus 5X Build/MMB29P) AppleWebKit/537.36 (KHTML, like Gecko) Chrome/137.0.7151.103 Mobile Safari/537.36 (compatible; GoogleOther)"
216.73.216.96 - - [14/Jul/2025:22:22:21 +0000] "GET /entity/40923636 HTTP/1.1" 404 12737 "-" "Mozilla/5.0 AppleWebKit/537.36 (KHTML, like Gecko; compatible; ClaudeBot/1.0; [email protected])"
209.74.77.214 - - [14/Jul/2025:22:22:24 +0000] "POST /wp-cron.php?doing_wp_cron=1752531744.6154990196228027343750 HTTP/1.1" 200 - "-" "WordPress/6.8.1; https://teamhachem.com"
216.73.216.96 - - [14/Jul/2025:22:22:24 +0000] "GET /entity/40721392 HTTP/1.1" 404 12734 "-" "Mozilla/5.0 AppleWebKit/537.36 (KHTML, like Gecko; compatible; ClaudeBot/1.0; [email protected])"
216.73.216.96 - - [14/Jul/2025:22:22:27 +0000] "GET /entity/40793875 HTTP/1.1" 404 12743 "-" "Mozilla/5.0 AppleWebKit/537.36 (KHTML, like Gecko; compatible; ClaudeBot/1.0; [email protected])"
216.73.216.96 - - [14/Jul/2025:22:22:30 +0000] "GET /entity/40777901 HTTP/1.1" 404 12739 "-" "Mozilla/5.0 AppleWebKit/537.36 (KHTML, like Gecko; compatible; ClaudeBot/1.0; [email protected])"
209.74.77.214 - - [14/Jul/2025:22:22:33 +0000] "POST /wp-cron.php?doing_wp_cron=1752531753.6463658809661865234375 HTTP/1.1" 200 - "-" "WordPress/6.8.1; https://teamhachem.com"
216.73.216.96 - - [14/Jul/2025:22:22:33 +0000] "GET /entity/40907979 HTTP/1.1" 404 12739 "-" "Mozilla/5.0 AppleWebKit/537.36 (KHTML, like Gecko; compatible; ClaudeBot/1.0; [email protected])"
216.73.216.96 - - [14/Jul/2025:22:23:05 +0000] "GET /entity/40843582 HTTP/1.1" 404 12742 "-" "Mozilla/5.0 AppleWebKit/537.36 (KHTML, like Gecko; compatible; ClaudeBot/1.0; [email protected])"
216.73.216.96 - - [14/Jul/2025:22:23:08 +0000] "GET /entity/40731066 HTTP/1.1" 404 12740 "-" "Mozilla/5.0 AppleWebKit/537.36 (KHTML, like Gecko; compatible; ClaudeBot/1.0; [email protected])"
216.73.216.96 - - [14/Jul/2025:22:23:11 +0000] "GET /entity/40817093 HTTP/1.1" 404 12736 "-" "Mozilla/5.0 AppleWebKit/537.36 (KHTML, like Gecko; compatible; ClaudeBot/1.0; [email protected])"
