66.249.73.225 - - [14/Jul/2025:14:51:54 +0000] "GET /entity/97539497 HTTP/1.1" 200 18789 "-" "Mozilla/5.0 (Linux; Android 6.0.1; Nexus 5X Build/MMB29P) AppleWebKit/537.36 (KHTML, like Gecko) Chrome/137.0.7151.103 Mobile Safari/537.36 (compatible; GoogleOther)"
66.249.73.225 - - [14/Jul/2025:14:51:56 +0000] "GET /kaden.html HTTP/1.1" 200 17954 "-" "Mozilla/5.0 (Linux; Android 6.0.1; Nexus 5X Build/MMB29P) AppleWebKit/537.36 (KHTML, like Gecko) Chrome/137.0.7151.103 Mobile Safari/537.36 (compatible; GoogleOther)"
66.249.73.225 - - [14/Jul/2025:14:51:58 +0000] "POST /get-message-notify HTTP/1.1" 200 18727 "https://teamhachem.com/entity/97230475" "Mozilla/5.0 (Linux; Android 6.0.1; Nexus 5X Build/MMB29P) AppleWebKit/537.36 (KHTML, like Gecko) Chrome/137.0.7151.119 Mobile Safari/537.36 (compatible; Googlebot/2.1; +http://www.google.com/bot.html)"
66.249.73.225 - - [14/Jul/2025:14:51:59 +0000] "GET /entity/97687797 HTTP/1.1" 200 18584 "-" "Mozilla/5.0 (Linux; Android 6.0.1; Nexus 5X Build/MMB29P) AppleWebKit/537.36 (KHTML, like Gecko) Chrome/137.0.7151.103 Mobile Safari/537.36 (compatible; GoogleOther)"
66.249.73.225 - - [14/Jul/2025:14:52:03 +0000] "POST /get-message-notify HTTP/1.1" 200 18727 "https://teamhachem.com/entity/97687797" "Mozilla/5.0 (Linux; Android 6.0.1; Nexus 5X Build/MMB29P) AppleWebKit/537.36 (KHTML, like Gecko) Chrome/137.0.7151.119 Mobile Safari/537.36 (compatible; Googlebot/2.1; +http://www.google.com/bot.html)"
209.74.77.214 - - [14/Jul/2025:14:52:15 +0000] "POST /wp-cron.php?doing_wp_cron=1752504735.1300029754638671875000 HTTP/1.1" 200 - "-" "WordPress/6.8.1; https://teamhachem.com"
54.36.148.178 - - [14/Jul/2025:14:52:13 +0000] "GET /events/list/?tribe-bar-date=2026-02-06&eventDisplay=past HTTP/1.1" 200 20259 "-" "Mozilla/5.0 (compatible; AhrefsBot/7.0; +http://ahrefs.com/robot/)"
66.249.73.225 - - [14/Jul/2025:14:52:27 +0000] "GET /hobby/boardgame/index.html HTTP/1.1" 200 17962 "-" "Mozilla/5.0 (Linux; Android 6.0.1; Nexus 5X Build/MMB29P) AppleWebKit/537.36 (KHTML, like Gecko) Chrome/137.0.7151.103 Mobile Safari/537.36 (compatible; GoogleOther)"
66.249.73.225 - - [14/Jul/2025:14:52:40 +0000] "POST /get-message-notify HTTP/1.1" 200 18727 "https://teamhachem.com/hobby/boardgame/index.html" "Mozilla/5.0 (Linux; Android 6.0.1; Nexus 5X Build/MMB29P) AppleWebKit/537.36 (KHTML, like Gecko) Chrome/137.0.7151.119 Mobile Safari/537.36 (compatible; Googlebot/2.1; +http://www.google.com/bot.html)"
66.249.73.225 - - [14/Jul/2025:14:52:55 +0000] "GET /entity/477035730 HTTP/1.1" 200 18611 "-" "Mozilla/5.0 (Linux; Android 6.0.1; Nexus 5X Build/MMB29P) AppleWebKit/537.36 (KHTML, like Gecko) Chrome/137.0.7151.103 Mobile Safari/537.36 (compatible; GoogleOther)"
66.249.73.225 - - [14/Jul/2025:14:52:58 +0000] "POST /get-message-notify HTTP/1.1" 200 18727 "https://teamhachem.com/kaden.html" "Mozilla/5.0 (Linux; Android 6.0.1; Nexus 5X Build/MMB29P) AppleWebKit/537.36 (KHTML, like Gecko) Chrome/137.0.7151.119 Mobile Safari/537.36 (compatible; Googlebot/2.1; +http://www.google.com/bot.html)"
66.249.73.225 - - [14/Jul/2025:14:53:23 +0000] "GET /entity/97694595 HTTP/1.1" 200 17864 "-" "Mozilla/5.0 (Linux; Android 6.0.1; Nexus 5X Build/MMB29P) AppleWebKit/537.36 (KHTML, like Gecko) Chrome/137.0.7151.103 Mobile Safari/537.36 (compatible; GoogleOther)"
66.249.73.225 - - [14/Jul/2025:14:54:34 +0000] "POST /get-message-notify HTTP/1.1" 200 18727 "https://teamhachem.com/entity/477035730" "Mozilla/5.0 (Linux; Android 6.0.1; Nexus 5X Build/MMB29P) AppleWebKit/537.36 (KHTML, like Gecko) Chrome/137.0.7151.119 Mobile Safari/537.36 (compatible; Googlebot/2.1; +http://www.google.com/bot.html)"
66.249.73.225 - - [14/Jul/2025:14:54:42 +0000] "GET /entity/96980850 HTTP/1.1" 200 18336 "-" "Mozilla/5.0 (Linux; Android 6.0.1; Nexus 5X Build/MMB29P) AppleWebKit/537.36 (KHTML, like Gecko) Chrome/137.0.7151.103 Mobile Safari/537.36 (compatible; Googlebot/2.1; +http://www.google.com/bot.html)"
66.249.73.225 - - [14/Jul/2025:14:56:35 +0000] "GET /entity/97571379 HTTP/1.1" 200 18297 "-" "Mozilla/5.0 (Linux; Android 6.0.1; Nexus 5X Build/MMB29P) AppleWebKit/537.36 (KHTML, like Gecko) Chrome/137.0.7151.103 Mobile Safari/537.36 (compatible; GoogleOther)"
66.249.73.226 - - [14/Jul/2025:14:57:13 +0000] "GET /entity/14403281 HTTP/1.1" 200 18469 "-" "Mozilla/5.0 (Linux; Android 6.0.1; Nexus 5X Build/MMB29P) AppleWebKit/537.36 (KHTML, like Gecko) Chrome/137.0.7151.103 Mobile Safari/537.36 (compatible; GoogleOther)"
66.249.73.226 - - [14/Jul/2025:14:57:52 +0000] "GET /entity/97015462 HTTP/1.1" 200 18887 "-" "Mozilla/5.0 (Linux; Android 6.0.1; Nexus 5X Build/MMB29P) AppleWebKit/537.36 (KHTML, like Gecko) Chrome/137.0.7151.103 Mobile Safari/537.36 (compatible; Googlebot/2.1; +http://www.google.com/bot.html)"
66.249.73.225 - - [14/Jul/2025:14:58:15 +0000] "GET /entity/97969830 HTTP/1.1" 200 18758 "-" "Mozilla/5.0 (Linux; Android 6.0.1; Nexus 5X Build/MMB29P) AppleWebKit/537.36 (KHTML, like Gecko) Chrome/137.0.7151.103 Mobile Safari/537.36 (compatible; GoogleOther)"
66.249.73.226 - - [14/Jul/2025:14:58:27 +0000] "GET /entity/97271419 HTTP/1.1" 200 18625 "-" "Mozilla/5.0 (Linux; Android 6.0.1; Nexus 5X Build/MMB29P) AppleWebKit/537.36 (KHTML, like Gecko) Chrome/137.0.7151.103 Mobile Safari/537.36 (compatible; GoogleOther)"
66.249.73.225 - - [14/Jul/2025:14:59:29 +0000] "GET /entity/97702581 HTTP/1.1" 200 19582 "-" "Mozilla/5.0 (Linux; Android 6.0.1; Nexus 5X Build/MMB29P) AppleWebKit/537.36 (KHTML, like Gecko) Chrome/137.0.7151.103 Mobile Safari/537.36 (compatible; GoogleOther)"
66.249.73.225 - - [14/Jul/2025:14:59:54 +0000] "GET /entity/97607410 HTTP/1.1" 200 18165 "-" "Mozilla/5.0 (Linux; Android 6.0.1; Nexus 5X Build/MMB29P) AppleWebKit/537.36 (KHTML, like Gecko) Chrome/137.0.7151.103 Mobile Safari/537.36 (compatible; GoogleOther)"
66.249.73.225 - - [14/Jul/2025:15:00:09 +0000] "POST /get-message-notify HTTP/1.1" 200 18727 "https://teamhachem.com/entity/14403281" "Mozilla/5.0 (Linux; Android 6.0.1; Nexus 5X Build/MMB29P) AppleWebKit/537.36 (KHTML, like Gecko) Chrome/137.0.7151.119 Mobile Safari/537.36 (compatible; Googlebot/2.1; +http://www.google.com/bot.html)"
66.249.73.225 - - [14/Jul/2025:15:00:23 +0000] "POST /get-message-notify HTTP/1.1" 200 18727 "https://teamhachem.com/entity/97702581" "Mozilla/5.0 (Linux; Android 6.0.1; Nexus 5X Build/MMB29P) AppleWebKit/537.36 (KHTML, like Gecko) Chrome/137.0.7151.119 Mobile Safari/537.36 (compatible; Googlebot/2.1; +http://www.google.com/bot.html)"
66.249.73.225 - - [14/Jul/2025:15:00:30 +0000] "GET /entity/13742340 HTTP/1.1" 200 18552 "-" "Mozilla/5.0 (Linux; Android 6.0.1; Nexus 5X Build/MMB29P) AppleWebKit/537.36 (KHTML, like Gecko) Chrome/137.0.7151.103 Mobile Safari/537.36 (compatible; GoogleOther)"
66.249.73.225 - - [14/Jul/2025:15:00:42 +0000] "GET /entity/14040895 HTTP/1.1" 200 17901 "-" "Mozilla/5.0 (Linux; Android 6.0.1; Nexus 5X Build/MMB29P) AppleWebKit/537.36 (KHTML, like Gecko) Chrome/137.0.7151.103 Mobile Safari/537.36 (compatible; GoogleOther)"
66.249.73.226 - - [14/Jul/2025:15:01:20 +0000] "GET /entity/98109052 HTTP/1.1" 200 17944 "-" "Mozilla/5.0 (Linux; Android 6.0.1; Nexus 5X Build/MMB29P) AppleWebKit/537.36 (KHTML, like Gecko) Chrome/137.0.7151.103 Mobile Safari/537.36 (compatible; GoogleOther)"
66.249.73.226 - - [14/Jul/2025:15:01:29 +0000] "GET /entity/559520 HTTP/1.1" 200 18572 "-" "Mozilla/5.0 (Linux; Android 6.0.1; Nexus 5X Build/MMB29P) AppleWebKit/537.36 (KHTML, like Gecko) Chrome/137.0.7151.103 Mobile Safari/537.36 (compatible; GoogleOther)"
66.249.73.226 - - [14/Jul/2025:15:01:32 +0000] "GET /entity/98042841 HTTP/1.1" 200 18014 "-" "Mozilla/5.0 (Linux; Android 6.0.1; Nexus 5X Build/MMB29P) AppleWebKit/537.36 (KHTML, like Gecko) Chrome/137.0.7151.103 Mobile Safari/537.36 (compatible; GoogleOther)"
66.249.73.225 - - [14/Jul/2025:15:01:44 +0000] "GET /entity/426052 HTTP/1.1" 200 19743 "-" "Mozilla/5.0 (Linux; Android 6.0.1; Nexus 5X Build/MMB29P) AppleWebKit/537.36 (KHTML, like Gecko) Chrome/137.0.7151.103 Mobile Safari/537.36 (compatible; GoogleOther)"
66.249.73.225 - - [14/Jul/2025:15:01:44 +0000] "POST /get-message-notify HTTP/1.1" 200 18727 "https://teamhachem.com/entity/97607410" "Mozilla/5.0 (Linux; Android 6.0.1; Nexus 5X Build/MMB29P) AppleWebKit/537.36 (KHTML, like Gecko) Chrome/137.0.7151.119 Mobile Safari/537.36 (compatible; Googlebot/2.1; +http://www.google.com/bot.html)"
66.249.73.225 - - [14/Jul/2025:15:01:56 +0000] "GET /entity/14395060 HTTP/1.1" 200 19259 "-" "Mozilla/5.0 (Linux; Android 6.0.1; Nexus 5X Build/MMB29P) AppleWebKit/537.36 (KHTML, like Gecko) Chrome/137.0.7151.103 Mobile Safari/537.36 (compatible; GoogleOther)"
66.249.73.226 - - [14/Jul/2025:15:02:02 +0000] "POST /get-message-notify HTTP/1.1" 200 18727 "https://teamhachem.com/entity/98109052" "Mozilla/5.0 (Linux; Android 6.0.1; Nexus 5X Build/MMB29P) AppleWebKit/537.36 (KHTML, like Gecko) Chrome/137.0.7151.119 Mobile Safari/537.36 (compatible; Googlebot/2.1; +http://www.google.com/bot.html)"
66.249.73.225 - - [14/Jul/2025:15:02:09 +0000] "GET /entity/521452 HTTP/1.1" 200 21163 "-" "Mozilla/5.0 (Linux; Android 6.0.1; Nexus 5X Build/MMB29P) AppleWebKit/537.36 (KHTML, like Gecko) Chrome/137.0.7151.103 Mobile Safari/537.36 (compatible; GoogleOther)"
66.249.73.225 - - [14/Jul/2025:15:02:21 +0000] "GET /entity/503874 HTTP/1.1" 200 17777 "-" "Mozilla/5.0 (Linux; Android 6.0.1; Nexus 5X Build/MMB29P) AppleWebKit/537.36 (KHTML, like Gecko) Chrome/137.0.7151.103 Mobile Safari/537.36 (compatible; GoogleOther)"
66.249.73.225 - - [14/Jul/2025:15:02:33 +0000] "GET /entity/97593784 HTTP/1.1" 200 18116 "-" "Mozilla/5.0 (Linux; Android 6.0.1; Nexus 5X Build/MMB29P) AppleWebKit/537.36 (KHTML, like Gecko) Chrome/137.0.7151.103 Mobile Safari/537.36 (compatible; GoogleOther)"
209.74.77.214 - - [14/Jul/2025:15:03:50 +0000] "POST /wp-cron.php?doing_wp_cron=1752505430.1460978984832763671875 HTTP/1.1" 200 - "-" "WordPress/6.8.1; https://teamhachem.com"
54.36.148.9 - - [14/Jul/2025:15:03:48 +0000] "GET /events/list/?tribe-bar-date=2026-02-15&eventDisplay=past HTTP/1.1" 200 20234 "-" "Mozilla/5.0 (compatible; AhrefsBot/7.0; +http://ahrefs.com/robot/)"
66.249.73.227 - - [14/Jul/2025:15:04:00 +0000] "GET /entity/14406689 HTTP/1.1" 200 19595 "-" "Mozilla/5.0 (Linux; Android 6.0.1; Nexus 5X Build/MMB29P) AppleWebKit/537.36 (KHTML, like Gecko) Chrome/137.0.7151.103 Mobile Safari/537.36 (compatible; GoogleOther)"
66.249.73.226 - - [14/Jul/2025:15:04:24 +0000] "GET /entity/505297 HTTP/1.1" 200 19856 "-" "Mozilla/5.0 (Linux; Android 6.0.1; Nexus 5X Build/MMB29P) AppleWebKit/537.36 (KHTML, like Gecko) Chrome/137.0.7151.103 Mobile Safari/537.36 (compatible; GoogleOther)"
66.249.73.225 - - [14/Jul/2025:15:04:37 +0000] "GET /entity/512936 HTTP/1.1" 200 20066 "-" "Mozilla/5.0 (Linux; Android 6.0.1; Nexus 5X Build/MMB29P) AppleWebKit/537.36 (KHTML, like Gecko) Chrome/137.0.7151.103 Mobile Safari/537.36 (compatible; GoogleOther)"
66.249.73.225 - - [14/Jul/2025:15:04:53 +0000] "GET /entity/512689 HTTP/1.1" 200 17961 "-" "Mozilla/5.0 (Linux; Android 6.0.1; Nexus 5X Build/MMB29P) AppleWebKit/537.36 (KHTML, like Gecko) Chrome/137.0.7151.103 Mobile Safari/537.36 (compatible; GoogleOther)"
66.249.73.226 - - [14/Jul/2025:15:05:26 +0000] "GET /entity/458713 HTTP/1.1" 200 18344 "-" "Mozilla/5.0 (Linux; Android 6.0.1; Nexus 5X Build/MMB29P) AppleWebKit/537.36 (KHTML, like Gecko) Chrome/137.0.7151.103 Mobile Safari/537.36 (compatible; GoogleOther)"
66.249.73.226 - - [14/Jul/2025:15:05:50 +0000] "GET /entity/625205 HTTP/1.1" 200 20281 "-" "Mozilla/5.0 (Linux; Android 6.0.1; Nexus 5X Build/MMB29P) AppleWebKit/537.36 (KHTML, like Gecko) Chrome/137.0.7151.103 Mobile Safari/537.36 (compatible; GoogleOther)"
66.249.73.225 - - [14/Jul/2025:15:07:01 +0000] "GET /entity/464353 HTTP/1.1" 200 18395 "-" "Mozilla/5.0 (Linux; Android 6.0.1; Nexus 5X Build/MMB29P) AppleWebKit/537.36 (KHTML, like Gecko) Chrome/137.0.7151.103 Mobile Safari/537.36 (compatible; GoogleOther)"
66.249.73.225 - - [14/Jul/2025:15:07:56 +0000] "GET /entity/622327 HTTP/1.1" 200 18586 "-" "Mozilla/5.0 (Linux; Android 6.0.1; Nexus 5X Build/MMB29P) AppleWebKit/537.36 (KHTML, like Gecko) Chrome/137.0.7151.103 Mobile Safari/537.36 (compatible; GoogleOther)"
209.74.77.214 - - [14/Jul/2025:15:08:53 +0000] "POST /wp-cron.php?doing_wp_cron=1752505733.1348021030426025390625 HTTP/1.1" 200 - "-" "WordPress/6.8.1; https://teamhachem.com"
100.27.153.9 - - [14/Jul/2025:15:08:50 +0000] "GET /events/2026-11-01/ HTTP/1.1" 200 19475 "-" "Mozilla/5.0 AppleWebKit/537.36 (KHTML, like Gecko; compatible; Amazonbot/0.1; +https://developer.amazon.com/support/amazonbot) Chrome/119.0.6045.214 Safari/537.36"
18.206.47.187 - - [14/Jul/2025:15:08:53 +0000] "GET /events/list/?eventDisplay=past&tribe-bar-date=2024-04-29 HTTP/1.1" 200 19877 "-" "Mozilla/5.0 AppleWebKit/537.36 (KHTML, like Gecko; compatible; Amazonbot/0.1; +https://developer.amazon.com/support/amazonbot) Chrome/119.0.6045.214 Safari/537.36"
3.221.156.96 - - [14/Jul/2025:15:08:57 +0000] "GET /events/list/?eventDisplay=past&tribe-bar-date=2024-05-03 HTTP/1.1" 200 19872 "-" "Mozilla/5.0 AppleWebKit/537.36 (KHTML, like Gecko; compatible; Amazonbot/0.1; +https://developer.amazon.com/support/amazonbot) Chrome/119.0.6045.214 Safari/537.36"
34.231.156.59 - - [14/Jul/2025:15:09:00 +0000] "GET /events/list/?eventDisplay=past&tribe-bar-date=2026-08-19 HTTP/1.1" 200 20252 "-" "Mozilla/5.0 AppleWebKit/537.36 (KHTML, like Gecko; compatible; Amazonbot/0.1; +https://developer.amazon.com/support/amazonbot) Chrome/119.0.6045.214 Safari/537.36"
18.214.124.6 - - [14/Jul/2025:15:09:06 +0000] "GET /events/list/?eventDisplay=past&tribe-bar-date=2026-08-11 HTTP/1.1" 200 20248 "-" "Mozilla/5.0 AppleWebKit/537.36 (KHTML, like Gecko; compatible; Amazonbot/0.1; +https://developer.amazon.com/support/amazonbot) Chrome/119.0.6045.214 Safari/537.36"
66.249.73.227 - - [14/Jul/2025:15:09:53 +0000] "GET /entity/97760527 HTTP/1.1" 200 18333 "-" "Mozilla/5.0 (Linux; Android 6.0.1; Nexus 5X Build/MMB29P) AppleWebKit/537.36 (KHTML, like Gecko) Chrome/137.0.7151.103 Mobile Safari/537.36 (compatible; GoogleOther)"
66.249.73.226 - - [14/Jul/2025:15:09:56 +0000] "GET /entity/98128946 HTTP/1.1" 200 18223 "-" "Mozilla/5.0 (Linux; Android 6.0.1; Nexus 5X Build/MMB29P) AppleWebKit/537.36 (KHTML, like Gecko) Chrome/137.0.7151.103 Mobile Safari/537.36 (compatible; GoogleOther)"
66.249.73.226 - - [14/Jul/2025:15:10:00 +0000] "GET /entity/30 HTTP/1.1" 200 18065 "-" "Mozilla/5.0 (Linux; Android 6.0.1; Nexus 5X Build/MMB29P) AppleWebKit/537.36 (KHTML, like Gecko) Chrome/137.0.7151.103 Mobile Safari/537.36 (compatible; GoogleOther)"
66.249.73.226 - - [14/Jul/2025:15:10:09 +0000] "GET /entity/97387243 HTTP/1.1" 200 18384 "-" "Mozilla/5.0 (Linux; Android 6.0.1; Nexus 5X Build/MMB29P) AppleWebKit/537.36 (KHTML, like Gecko) Chrome/137.0.7151.103 Mobile Safari/537.36 (compatible; GoogleOther)"
66.249.73.225 - - [14/Jul/2025:15:10:21 +0000] "GET /entity/97354881 HTTP/1.1" 200 18164 "-" "Mozilla/5.0 (Linux; Android 6.0.1; Nexus 5X Build/MMB29P) AppleWebKit/537.36 (KHTML, like Gecko) Chrome/137.0.7151.103 Mobile Safari/537.36 (compatible; GoogleOther)"
66.249.73.225 - - [14/Jul/2025:15:10:41 +0000] "POST /get-message-notify HTTP/1.1" 200 18727 "https://teamhachem.com/entity/97760527" "Mozilla/5.0 (Linux; Android 6.0.1; Nexus 5X Build/MMB29P) AppleWebKit/537.36 (KHTML, like Gecko) Chrome/137.0.7151.119 Mobile Safari/537.36 (compatible; Googlebot/2.1; +http://www.google.com/bot.html)"
66.249.73.225 - - [14/Jul/2025:15:10:46 +0000] "GET /feature/sale2411-5/index.html HTTP/1.1" 200 17924 "-" "Mozilla/5.0 (Linux; Android 6.0.1; Nexus 5X Build/MMB29P) AppleWebKit/537.36 (KHTML, like Gecko) Chrome/137.0.7151.103 Mobile Safari/537.36 (compatible; GoogleOther)"
66.249.73.225 - - [14/Jul/2025:15:10:55 +0000] "GET /entity/509016 HTTP/1.1" 200 18701 "-" "Mozilla/5.0 (Linux; Android 6.0.1; Nexus 5X Build/MMB29P) AppleWebKit/537.36 (KHTML, like Gecko) Chrome/137.0.7151.103 Mobile Safari/537.36 (compatible; GoogleOther)"
66.249.73.226 - - [14/Jul/2025:15:11:17 +0000] "GET /entity/464435 HTTP/1.1" 200 19046 "-" "Mozilla/5.0 (Linux; Android 6.0.1; Nexus 5X Build/MMB29P) AppleWebKit/537.36 (KHTML, like Gecko) Chrome/137.0.7151.103 Mobile Safari/537.36 (compatible; GoogleOther)"
66.249.73.226 - - [14/Jul/2025:15:11:23 +0000] "GET /entity/552443 HTTP/1.1" 200 18507 "-" "Mozilla/5.0 (Linux; Android 6.0.1; Nexus 5X Build/MMB29P) AppleWebKit/537.36 (KHTML, like Gecko) Chrome/137.0.7151.103 Mobile Safari/537.36 (compatible; GoogleOther)"
66.249.73.225 - - [14/Jul/2025:15:11:35 +0000] "POST /get-message-notify HTTP/1.1" 200 18727 "https://teamhachem.com/entity/509016" "Mozilla/5.0 (Linux; Android 6.0.1; Nexus 5X Build/MMB29P) AppleWebKit/537.36 (KHTML, like Gecko) Chrome/137.0.7151.119 Mobile Safari/537.36 (compatible; Googlebot/2.1; +http://www.google.com/bot.html)"
66.249.73.226 - - [14/Jul/2025:15:12:00 +0000] "GET /entity/14385966 HTTP/1.1" 200 17888 "-" "Mozilla/5.0 (Linux; Android 6.0.1; Nexus 5X Build/MMB29P) AppleWebKit/537.36 (KHTML, like Gecko) Chrome/137.0.7151.103 Mobile Safari/537.36 (compatible; GoogleOther)"
66.249.73.226 - - [14/Jul/2025:15:12:10 +0000] "GET /entity/626560 HTTP/1.1" 200 17971 "-" "Mozilla/5.0 (Linux; Android 6.0.1; Nexus 5X Build/MMB29P) AppleWebKit/537.36 (KHTML, like Gecko) Chrome/137.0.7151.103 Mobile Safari/537.36 (compatible; GoogleOther)"
66.249.73.225 - - [14/Jul/2025:15:12:37 +0000] "GET /entity/97209736 HTTP/1.1" 200 19777 "-" "Mozilla/5.0 (Linux; Android 6.0.1; Nexus 5X Build/MMB29P) AppleWebKit/537.36 (KHTML, like Gecko) Chrome/137.0.7151.103 Mobile Safari/537.36 (compatible; GoogleOther)"
66.249.73.225 - - [14/Jul/2025:15:12:43 +0000] "GET /entity/503031 HTTP/1.1" 200 17804 "-" "Mozilla/5.0 (Linux; Android 6.0.1; Nexus 5X Build/MMB29P) AppleWebKit/537.36 (KHTML, like Gecko) Chrome/137.0.7151.103 Mobile Safari/537.36 (compatible; GoogleOther)"
66.249.73.226 - - [14/Jul/2025:15:13:14 +0000] "GET /entity/width/u003d1200 HTTP/1.1" 200 18096 "-" "Mozilla/5.0 (Linux; Android 6.0.1; Nexus 5X Build/MMB29P) AppleWebKit/537.36 (KHTML, like Gecko) Chrome/137.0.7151.103 Mobile Safari/537.36 (compatible; GoogleOther)"
66.249.73.225 - - [14/Jul/2025:15:13:31 +0000] "POST /get-message-notify HTTP/1.1" 200 18727 "https://teamhachem.com/entity/503031" "Mozilla/5.0 (Linux; Android 6.0.1; Nexus 5X Build/MMB29P) AppleWebKit/537.36 (KHTML, like Gecko) Chrome/137.0.7151.119 Mobile Safari/537.36 (compatible; Googlebot/2.1; +http://www.google.com/bot.html)"
66.249.73.225 - - [14/Jul/2025:15:13:38 +0000] "GET /entity/97350050 HTTP/1.1" 200 18460 "-" "Mozilla/5.0 (Linux; Android 6.0.1; Nexus 5X Build/MMB29P) AppleWebKit/537.36 (KHTML, like Gecko) Chrome/137.0.7151.103 Mobile Safari/537.36 (compatible; GoogleOther)"
66.249.73.225 - - [14/Jul/2025:15:13:50 +0000] "GET /entity/97970129 HTTP/1.1" 200 18111 "-" "Mozilla/5.0 (Linux; Android 6.0.1; Nexus 5X Build/MMB29P) AppleWebKit/537.36 (KHTML, like Gecko) Chrome/137.0.7151.103 Mobile Safari/537.36 (compatible; GoogleOther)"
66.249.73.225 - - [14/Jul/2025:15:13:56 +0000] "POST /get-message-notify HTTP/1.1" 200 18727 "https://teamhachem.com/entity/464435" "Mozilla/5.0 (Linux; Android 6.0.1; Nexus 5X Build/MMB29P) AppleWebKit/537.36 (KHTML, like Gecko) Chrome/137.0.7151.119 Mobile Safari/537.36 (compatible; Googlebot/2.1; +http://www.google.com/bot.html)"
66.249.73.227 - - [14/Jul/2025:15:14:14 +0000] "GET /entity/503031 HTTP/1.1" 200 17804 "-" "Mozilla/5.0 (Linux; Android 6.0.1; Nexus 5X Build/MMB29P) AppleWebKit/537.36 (KHTML, like Gecko) Chrome/137.0.7151.103 Mobile Safari/537.36 (compatible; Googlebot/2.1; +http://www.google.com/bot.html)"
66.249.73.225 - - [14/Jul/2025:15:14:15 +0000] "GET /entity/98043371 HTTP/1.1" 200 18358 "-" "Mozilla/5.0 (Linux; Android 6.0.1; Nexus 5X Build/MMB29P) AppleWebKit/537.36 (KHTML, like Gecko) Chrome/137.0.7151.103 Mobile Safari/537.36 (compatible; GoogleOther)"
66.249.73.226 - - [14/Jul/2025:15:14:23 +0000] "POST /get-message-notify HTTP/1.1" 200 18727 "https://teamhachem.com/entity/464353" "Mozilla/5.0 (Linux; Android 6.0.1; Nexus 5X Build/MMB29P) AppleWebKit/537.36 (KHTML, like Gecko) Chrome/137.0.7151.119 Mobile Safari/537.36 (compatible; Googlebot/2.1; +http://www.google.com/bot.html)"
66.249.73.225 - - [14/Jul/2025:15:15:05 +0000] "GET /entity/97364834 HTTP/1.1" 200 19881 "-" "Mozilla/5.0 (Linux; Android 6.0.1; Nexus 5X Build/MMB29P) AppleWebKit/537.36 (KHTML, like Gecko) Chrome/137.0.7151.103 Mobile Safari/537.36 (compatible; GoogleOther)"
209.74.77.214 - - [14/Jul/2025:15:15:13 +0000] "POST /wp-cron.php?doing_wp_cron=1752506113.8374440670013427734375 HTTP/1.1" 200 - "-" "WordPress/6.8.1; https://teamhachem.com"
54.36.148.226 - - [14/Jul/2025:15:15:12 +0000] "GET /events/list/?tribe-bar-date=2026-02-14&eventDisplay=past HTTP/1.1" 200 20251 "-" "Mozilla/5.0 (compatible; AhrefsBot/7.0; +http://ahrefs.com/robot/)"
85.208.96.207 - - [14/Jul/2025:15:15:17 +0000] "GET /events/list/?eventDisplay=past&tribe-bar-date=2025-01-14 HTTP/1.1" 200 20244 "-" "Mozilla/5.0 (compatible; SemrushBot/7~bl; +http://www.semrush.com/bot.html)"
66.249.73.226 - - [14/Jul/2025:15:15:29 +0000] "GET /entity/97555405 HTTP/1.1" 200 18271 "-" "Mozilla/5.0 (Linux; Android 6.0.1; Nexus 5X Build/MMB29P) AppleWebKit/537.36 (KHTML, like Gecko) Chrome/137.0.7151.103 Mobile Safari/537.36 (compatible; GoogleOther)"
66.249.73.227 - - [14/Jul/2025:15:17:08 +0000] "GET /entity/14397031 HTTP/1.1" 200 19952 "-" "Mozilla/5.0 (Linux; Android 6.0.1; Nexus 5X Build/MMB29P) AppleWebKit/537.36 (KHTML, like Gecko) Chrome/137.0.7151.103 Mobile Safari/537.36 (compatible; GoogleOther)"
66.249.73.225 - - [14/Jul/2025:15:17:33 +0000] "GET /entity/97573940 HTTP/1.1" 200 17827 "-" "Mozilla/5.0 (Linux; Android 6.0.1; Nexus 5X Build/MMB29P) AppleWebKit/537.36 (KHTML, like Gecko) Chrome/137.0.7151.103 Mobile Safari/537.36 (compatible; GoogleOther)"
66.249.73.225 - - [14/Jul/2025:15:18:34 +0000] "GET /entity/97764196 HTTP/1.1" 200 18578 "-" "Mozilla/5.0 (Linux; Android 6.0.1; Nexus 5X Build/MMB29P) AppleWebKit/537.36 (KHTML, like Gecko) Chrome/137.0.7151.103 Mobile Safari/537.36 (compatible; GoogleOther)"
66.249.73.225 - - [14/Jul/2025:15:18:42 +0000] "GET /entity/553569 HTTP/1.1" 200 18546 "-" "Mozilla/5.0 (Linux; Android 6.0.1; Nexus 5X Build/MMB29P) AppleWebKit/537.36 (KHTML, like Gecko) Chrome/137.0.7151.103 Mobile Safari/537.36 (compatible; GoogleOther)"
66.249.73.226 - - [14/Jul/2025:15:19:11 +0000] "GET /entity/97764790 HTTP/1.1" 200 19243 "-" "Mozilla/5.0 (Linux; Android 6.0.1; Nexus 5X Build/MMB29P) AppleWebKit/537.36 (KHTML, like Gecko) Chrome/137.0.7151.103 Mobile Safari/537.36 (compatible; GoogleOther)"
66.249.73.226 - - [14/Jul/2025:15:19:21 +0000] "POST /get-message-notify HTTP/1.1" 200 18727 "https://teamhachem.com/entity/14397031" "Mozilla/5.0 (Linux; Android 6.0.1; Nexus 5X Build/MMB29P) AppleWebKit/537.36 (KHTML, like Gecko) Chrome/137.0.7151.119 Mobile Safari/537.36 (compatible; Googlebot/2.1; +http://www.google.com/bot.html)"
66.249.73.226 - - [14/Jul/2025:15:20:25 +0000] "GET /entity/97740896 HTTP/1.1" 200 19695 "-" "Mozilla/5.0 (Linux; Android 6.0.1; Nexus 5X Build/MMB29P) AppleWebKit/537.36 (KHTML, like Gecko) Chrome/137.0.7151.103 Mobile Safari/537.36 (compatible; GoogleOther)"
66.249.73.226 - - [14/Jul/2025:15:21:38 +0000] "GET /entity/97597786 HTTP/1.1" 200 18042 "-" "Mozilla/5.0 (Linux; Android 6.0.1; Nexus 5X Build/MMB29P) AppleWebKit/537.36 (KHTML, like Gecko) Chrome/137.0.7151.103 Mobile Safari/537.36 (compatible; GoogleOther)"
66.249.73.227 - - [14/Jul/2025:15:21:41 +0000] "GET /entity/97218334 HTTP/1.1" 200 18071 "-" "Mozilla/5.0 (Linux; Android 6.0.1; Nexus 5X Build/MMB29P) AppleWebKit/537.36 (KHTML, like Gecko) Chrome/137.0.7151.103 Mobile Safari/537.36 (compatible; GoogleOther)"
66.249.73.226 - - [14/Jul/2025:15:22:28 +0000] "GET /entity/532316 HTTP/1.1" 200 19546 "-" "Mozilla/5.0 (Linux; Android 6.0.1; Nexus 5X Build/MMB29P) AppleWebKit/537.36 (KHTML, like Gecko) Chrome/137.0.7151.103 Mobile Safari/537.36 (compatible; GoogleOther)"
66.249.73.225 - - [14/Jul/2025:15:22:40 +0000] "GET /entity/97679528 HTTP/1.1" 200 19746 "-" "Mozilla/5.0 (Linux; Android 6.0.1; Nexus 5X Build/MMB29P) AppleWebKit/537.36 (KHTML, like Gecko) Chrome/137.0.7151.103 Mobile Safari/537.36 (compatible; GoogleOther)"
66.249.73.225 - - [14/Jul/2025:15:22:52 +0000] "POST /get-message-notify HTTP/1.1" 200 18727 "https://teamhachem.com/entity/97679528" "Mozilla/5.0 (Linux; Android 6.0.1; Nexus 5X Build/MMB29P) AppleWebKit/537.36 (KHTML, like Gecko) Chrome/137.0.7151.119 Mobile Safari/537.36 (compatible; Googlebot/2.1; +http://www.google.com/bot.html)"
66.249.73.225 - - [14/Jul/2025:15:22:52 +0000] "GET /entity/497076 HTTP/1.1" 200 18364 "-" "Mozilla/5.0 (Linux; Android 6.0.1; Nexus 5X Build/MMB29P) AppleWebKit/537.36 (KHTML, like Gecko) Chrome/137.0.7151.103 Mobile Safari/537.36 (compatible; GoogleOther)"
66.249.73.227 - - [14/Jul/2025:15:23:05 +0000] "GET /entity/97628396 HTTP/1.1" 200 18446 "-" "Mozilla/5.0 (Linux; Android 6.0.1; Nexus 5X Build/MMB29P) AppleWebKit/537.36 (KHTML, like Gecko) Chrome/137.0.7151.103 Mobile Safari/537.36 (compatible; GoogleOther)"
66.249.73.227 - - [14/Jul/2025:15:23:09 +0000] "POST /get-message-notify HTTP/1.1" 200 18727 "https://teamhachem.com/entity/97218334" "Mozilla/5.0 (Linux; Android 6.0.1; Nexus 5X Build/MMB29P) AppleWebKit/537.36 (KHTML, like Gecko) Chrome/137.0.7151.119 Mobile Safari/537.36 (compatible; Googlebot/2.1; +http://www.google.com/bot.html)"
209.74.77.214 - - [14/Jul/2025:15:23:10 +0000] "POST /wp-cron.php?doing_wp_cron=1752506590.7581460475921630859375 HTTP/1.1" 200 - "-" "WordPress/6.8.1; https://teamhachem.com"
15.235.196.18 - - [14/Jul/2025:15:23:08 +0000] "GET /.vscode/sftp.json HTTP/1.1" 404 12739 "-" "Mozilla/5.0 (Windows NT 10.0; Win64; x64) AppleWebKit/537.36 (KHTML, like Gecko) Chrome/91.0.4472.124 Safari/537.36"
15.235.196.18 - - [14/Jul/2025:15:23:08 +0000] "GET /config.php HTTP/1.1" 404 12740 "-" "Mozilla/5.0 (Windows NT 10.0; Win64; x64) AppleWebKit/537.36 (KHTML, like Gecko) Chrome/91.0.4472.124 Safari/537.36"
15.235.196.18 - - [14/Jul/2025:15:23:08 +0000] "GET /sftp-config.json HTTP/1.1" 404 12736 "-" "Mozilla/5.0 (Windows NT 10.0; Win64; x64) AppleWebKit/537.36 (KHTML, like Gecko) Chrome/91.0.4472.124 Safari/537.36"
15.235.196.18 - - [14/Jul/2025:15:23:08 +0000] "GET /database.yml HTTP/1.1" 404 12735 "-" "Mozilla/5.0 (Windows NT 10.0; Win64; x64) AppleWebKit/537.36 (KHTML, like Gecko) Chrome/91.0.4472.124 Safari/537.36"
15.235.196.18 - - [14/Jul/2025:15:23:08 +0000] "GET /settings.json HTTP/1.1" 404 12738 "-" "Mozilla/5.0 (Windows NT 10.0; Win64; x64) AppleWebKit/537.36 (KHTML, like Gecko) Chrome/91.0.4472.124 Safari/537.36"
15.235.196.18 - - [14/Jul/2025:15:23:08 +0000] "GET /wp-config.php HTTP/1.1" 404 12734 "-" "Mozilla/5.0 (Windows NT 10.0; Win64; x64) AppleWebKit/537.36 (KHTML, like Gecko) Chrome/91.0.4472.124 Safari/537.36"
15.235.196.18 - - [14/Jul/2025:15:23:08 +0000] "GET /config.js HTTP/1.1" 404 12741 "-" "Mozilla/5.0 (Windows NT 10.0; Win64; x64) AppleWebKit/537.36 (KHTML, like Gecko) Chrome/91.0.4472.124 Safari/537.36"
15.235.196.18 - - [14/Jul/2025:15:23:08 +0000] "GET /config.xml HTTP/1.1" 404 12738 "-" "Mozilla/5.0 (Windows NT 10.0; Win64; x64) AppleWebKit/537.36 (KHTML, like Gecko) Chrome/91.0.4472.124 Safari/537.36"
15.235.196.18 - - [14/Jul/2025:15:23:08 +0000] "GET /.env HTTP/1.1" 404 12740 "-" "Mozilla/5.0 (Windows NT 10.0; Win64; x64) AppleWebKit/537.36 (KHTML, like Gecko) Chrome/91.0.4472.124 Safari/537.36"
15.235.196.18 - - [14/Jul/2025:15:23:08 +0000] "GET /.env.production HTTP/1.1" 404 12738 "-" "Mozilla/5.0 (Windows NT 10.0; Win64; x64) AppleWebKit/537.36 (KHTML, like Gecko) Chrome/91.0.4472.124 Safari/537.36"
15.235.196.18 - - [14/Jul/2025:15:23:08 +0000] "GET /credentials.xml HTTP/1.1" 404 12739 "-" "Mozilla/5.0 (Windows NT 10.0; Win64; x64) AppleWebKit/537.36 (KHTML, like Gecko) Chrome/91.0.4472.124 Safari/537.36"
15.235.196.18 - - [14/Jul/2025:15:23:08 +0000] "GET /wp-config.php_bak HTTP/1.1" 404 12738 "-" "Mozilla/5.0 (Windows NT 10.0; Win64; x64) AppleWebKit/537.36 (KHTML, like Gecko) Chrome/91.0.4472.124 Safari/537.36"
15.235.196.18 - - [14/Jul/2025:15:23:08 +0000] "GET /wp-config.php.old HTTP/1.1" 404 12739 "-" "Mozilla/5.0 (Windows NT 10.0; Win64; x64) AppleWebKit/537.36 (KHTML, like Gecko) Chrome/91.0.4472.124 Safari/537.36"
15.235.196.18 - - [14/Jul/2025:15:23:08 +0000] "GET /wp-config.php.bak HTTP/1.1" 404 12735 "-" "Mozilla/5.0 (Windows NT 10.0; Win64; x64) AppleWebKit/537.36 (KHTML, like Gecko) Chrome/91.0.4472.124 Safari/537.36"
15.235.196.18 - - [14/Jul/2025:15:23:08 +0000] "GET /wp-config.php~ HTTP/1.1" 404 12737 "-" "Mozilla/5.0 (Windows NT 10.0; Win64; x64) AppleWebKit/537.36 (KHTML, like Gecko) Chrome/91.0.4472.124 Safari/537.36"
15.235.196.18 - - [14/Jul/2025:15:23:08 +0000] "GET /config.json HTTP/1.1" 404 12738 "-" "Mozilla/5.0 (Windows NT 10.0; Win64; x64) AppleWebKit/537.36 (KHTML, like Gecko) Chrome/91.0.4472.124 Safari/537.36"
15.235.196.18 - - [14/Jul/2025:15:23:08 +0000] "GET /wp-config.php.save HTTP/1.1" 404 12740 "-" "Mozilla/5.0 (Windows NT 10.0; Win64; x64) AppleWebKit/537.36 (KHTML, like Gecko) Chrome/91.0.4472.124 Safari/537.36"
15.235.196.18 - - [14/Jul/2025:15:23:08 +0000] "GET /.env.local HTTP/1.1" 404 12740 "-" "Mozilla/5.0 (Windows NT 10.0; Win64; x64) AppleWebKit/537.36 (KHTML, like Gecko) Chrome/91.0.4472.124 Safari/537.36"
15.235.196.18 - - [14/Jul/2025:15:23:11 +0000] "GET /wp-config.save HTTP/1.1" 404 12739 "-" "Mozilla/5.0 (Windows NT 10.0; Win64; x64) AppleWebKit/537.36 (KHTML, like Gecko) Chrome/91.0.4472.124 Safari/537.36"
66.249.73.226 - - [14/Jul/2025:15:23:17 +0000] "GET /entity/97957645 HTTP/1.1" 200 17995 "-" "Mozilla/5.0 (Linux; Android 6.0.1; Nexus 5X Build/MMB29P) AppleWebKit/537.36 (KHTML, like Gecko) Chrome/137.0.7151.103 Mobile Safari/537.36 (compatible; GoogleOther)"
66.249.73.225 - - [14/Jul/2025:15:23:54 +0000] "GET /entity/97256320 HTTP/1.1" 200 17908 "-" "Mozilla/5.0 (Linux; Android 6.0.1; Nexus 5X Build/MMB29P) AppleWebKit/537.36 (KHTML, like Gecko) Chrome/137.0.7151.103 Mobile Safari/537.36 (compatible; GoogleOther)"
66.249.73.225 - - [14/Jul/2025:15:24:06 +0000] "GET /entity/14414392 HTTP/1.1" 200 18936 "-" "Mozilla/5.0 (Linux; Android 6.0.1; Nexus 5X Build/MMB29P) AppleWebKit/537.36 (KHTML, like Gecko) Chrome/137.0.7151.103 Mobile Safari/537.36 (compatible; GoogleOther)"
66.249.73.225 - - [14/Jul/2025:15:25:01 +0000] "GET /entity/98115850 HTTP/1.1" 200 17952 "-" "Mozilla/5.0 (Linux; Android 6.0.1; Nexus 5X Build/MMB29P) AppleWebKit/537.36 (KHTML, like Gecko) Chrome/137.0.7151.103 Mobile Safari/537.36 (compatible; GoogleOther)"
66.249.73.225 - - [14/Jul/2025:15:25:52 +0000] "GET /entity/97962159 HTTP/1.1" 200 18747 "-" "Mozilla/5.0 (Linux; Android 6.0.1; Nexus 5X Build/MMB29P) AppleWebKit/537.36 (KHTML, like Gecko) Chrome/137.0.7151.103 Mobile Safari/537.36 (compatible; GoogleOther)"
66.249.73.225 - - [14/Jul/2025:15:25:57 +0000] "GET /entity/97251210 HTTP/1.1" 200 18519 "-" "Mozilla/5.0 (Linux; Android 6.0.1; Nexus 5X Build/MMB29P) AppleWebKit/537.36 (KHTML, like Gecko) Chrome/137.0.7151.103 Mobile Safari/537.36 (compatible; GoogleOther)"
66.249.73.226 - - [14/Jul/2025:15:26:06 +0000] "POST /get-message-notify HTTP/1.1" 200 18727 "https://teamhachem.com/entity/97251210" "Mozilla/5.0 (Linux; Android 6.0.1; Nexus 5X Build/MMB29P) AppleWebKit/537.36 (KHTML, like Gecko) Chrome/137.0.7151.119 Mobile Safari/537.36 (compatible; Googlebot/2.1; +http://www.google.com/bot.html)"
209.74.77.214 - - [14/Jul/2025:15:26:08 +0000] "POST /wp-cron.php?doing_wp_cron=1752506768.9580729007720947265625 HTTP/1.1" 200 - "-" "WordPress/6.8.1; https://teamhachem.com"
54.36.149.95 - - [14/Jul/2025:15:26:07 +0000] "GET /events/list/?tribe-bar-date=2026-02-05&eventDisplay=past HTTP/1.1" 200 20256 "-" "Mozilla/5.0 (compatible; AhrefsBot/7.0; +http://ahrefs.com/robot/)"
194.26.192.154 - - [14/Jul/2025:15:27:07 +0000] "GET / HTTP/1.1" 200 135159 "-" "Mozlila/5.0 (Linux; Android 7.0; SM-G892A Bulid/NRD90M; wv) AppleWebKit/537.36 (KHTML, like Gecko) Version/4.0 Chrome/60.0.3112.107 Moblie Safari/537.36"
194.26.192.154 - - [14/Jul/2025:15:27:08 +0000] "GET /wp-content/themes/seotheme/db.php?u HTTP/1.1" 404 54661 "www.google.com" "Mozlila/5.0 (Linux; Android 7.0; SM-G892A Bulid/NRD90M; wv) AppleWebKit/537.36 (KHTML, like Gecko) Version/4.0 Chrome/60.0.3112.107 Moblie Safari/537.36"
194.26.192.154 - - [14/Jul/2025:15:27:09 +0000] "GET /wp-content/plugins/apikey/apikey.php?test=hello HTTP/1.1" 404 54661 "-" "Mozlila/5.0 (Linux; Android 7.0; SM-G892A Bulid/NRD90M; wv) AppleWebKit/537.36 (KHTML, like Gecko) Version/4.0 Chrome/60.0.3112.107 Moblie Safari/537.36"
194.26.192.154 - - [14/Jul/2025:15:27:09 +0000] "POST /wp-plain.php HTTP/1.1" 404 54661 "www.google.com" "Mozilla/5.0 (Linux; Android 7.0; SM-G892A Bulid/NRD90M; wv) AppleWebKit/537.36 (KHTML, like Gecko) Version/4.0 Chrome/60.0.3112.107 Moblie Safari/537.36"
194.26.192.154 - - [14/Jul/2025:15:27:09 +0000] "GET /plugins/content/apismtp/apismtp.php?test=hello HTTP/1.1" 404 54659 "-" "Mozlila/5.0 (Linux; Android 7.0; SM-G892A Bulid/NRD90M; wv) AppleWebKit/537.36 (KHTML, like Gecko) Version/4.0 Chrome/60.0.3112.107 Moblie Safari/537.36"
194.26.192.154 - - [14/Jul/2025:15:27:10 +0000] "GET /vwodpbfl.php?Fox=d3wL7 HTTP/1.1" 404 54659 "www.google.com" "Mozilla/5.0 (Linux; Android 7.0; SM-G892A Bulid/NRD90M; wv) AppleWebKit/537.36 (KHTML, like Gecko) Version/4.0 Chrome/60.0.3112.107 Moblie Safari/537.36"
194.26.192.154 - - [14/Jul/2025:15:27:10 +0000] "GET /plugins/content/apismtp/apismtp.php.suspected?test=hello HTTP/1.1" 404 54661 "-" "Mozlila/5.0 (Linux; Android 7.0; SM-G892A Bulid/NRD90M; wv) AppleWebKit/537.36 (KHTML, like Gecko) Version/4.0 Chrome/60.0.3112.107 Moblie Safari/537.36"
52.204.37.237 - - [14/Jul/2025:15:27:12 +0000] "GET /events/list/?tribe-bar-date=2024-09-23 HTTP/1.1" 200 20201 "-" "Mozilla/5.0 AppleWebKit/537.36 (KHTML, like Gecko; compatible; Amazonbot/0.1; +https://developer.amazon.com/support/amazonbot) Chrome/119.0.6045.214 Safari/537.36"
66.249.73.225 - - [14/Jul/2025:15:27:53 +0000] "GET /entity/97587287 HTTP/1.1" 200 18531 "-" "Mozilla/5.0 (Linux; Android 6.0.1; Nexus 5X Build/MMB29P) AppleWebKit/537.36 (KHTML, like Gecko) Chrome/137.0.7151.103 Mobile Safari/537.36 (compatible; GoogleOther)"
66.249.73.226 - - [14/Jul/2025:15:27:56 +0000] "GET /entity/97719053 HTTP/1.1" 200 19820 "-" "Mozilla/5.0 (Linux; Android 6.0.1; Nexus 5X Build/MMB29P) AppleWebKit/537.36 (KHTML, like Gecko) Chrome/137.0.7151.103 Mobile Safari/537.36 (compatible; GoogleOther)"
66.249.73.225 - - [14/Jul/2025:15:27:59 +0000] "GET /entity/13734418 HTTP/1.1" 200 18531 "-" "Mozilla/5.0 (Linux; Android 6.0.1; Nexus 5X Build/MMB29P) AppleWebKit/537.36 (KHTML, like Gecko) Chrome/137.0.7151.103 Mobile Safari/537.36 (compatible; GoogleOther)"
43.130.67.6 - - [14/Jul/2025:15:28:48 +0000] "GET / HTTP/1.1" 200 22831 "http://teamhachem.com" "Mozilla/5.0 (iPhone; CPU iPhone OS 13_2_3 like Mac OS X) AppleWebKit/605.1.15 (KHTML, like Gecko) Version/13.0.3 Mobile/15E148 Safari/604.1"
66.249.73.225 - - [14/Jul/2025:15:28:55 +0000] "GET /product_archives HTTP/1.1" 200 18681 "-" "Mozilla/5.0 (Linux; Android 6.0.1; Nexus 5X Build/MMB29P) AppleWebKit/537.36 (KHTML, like Gecko) Chrome/137.0.7151.103 Mobile Safari/537.36 (compatible; GoogleOther)"
185.191.171.11 - - [14/Jul/2025:15:29:04 +0000] "GET /events/2024-11-20/ HTTP/1.1" 200 19463 "-" "Mozilla/5.0 (compatible; SemrushBot/7~bl; +http://www.semrush.com/bot.html)"
66.249.73.227 - - [14/Jul/2025:15:29:23 +0000] "GET /entity/544736 HTTP/1.1" 200 18399 "-" "Mozilla/5.0 (Linux; Android 6.0.1; Nexus 5X Build/MMB29P) AppleWebKit/537.36 (KHTML, like Gecko) Chrome/137.0.7151.103 Mobile Safari/537.36 (compatible; GoogleOther)"
66.249.73.226 - - [14/Jul/2025:15:29:49 +0000] "POST /get-message-notify HTTP/1.1" 200 18727 "https://teamhachem.com/product_archives" "Mozilla/5.0 (Linux; Android 6.0.1; Nexus 5X Build/MMB29P) AppleWebKit/537.36 (KHTML, like Gecko) Chrome/137.0.7151.119 Mobile Safari/537.36 (compatible; Googlebot/2.1; +http://www.google.com/bot.html)"
66.249.73.225 - - [14/Jul/2025:15:30:10 +0000] "GET /entity/458167 HTTP/1.1" 200 18830 "-" "Mozilla/5.0 (Linux; Android 6.0.1; Nexus 5X Build/MMB29P) AppleWebKit/537.36 (KHTML, like Gecko) Chrome/137.0.7151.103 Mobile Safari/537.36 (compatible; GoogleOther)"
66.249.73.225 - - [14/Jul/2025:15:30:33 +0000] "POST /get-message-notify HTTP/1.1" 200 18727 "https://teamhachem.com/entity/97719053" "Mozilla/5.0 (Linux; Android 6.0.1; Nexus 5X Build/MMB29P) AppleWebKit/537.36 (KHTML, like Gecko) Chrome/137.0.7151.119 Mobile Safari/537.36 (compatible; Googlebot/2.1; +http://www.google.com/bot.html)"
66.249.73.225 - - [14/Jul/2025:15:31:17 +0000] "GET /entity/530034 HTTP/1.1" 200 18467 "-" "Mozilla/5.0 (Linux; Android 6.0.1; Nexus 5X Build/MMB29P) AppleWebKit/537.36 (KHTML, like Gecko) Chrome/137.0.7151.103 Mobile Safari/537.36 (compatible; GoogleOther)"
66.249.73.227 - - [14/Jul/2025:15:32:16 +0000] "POST /get-message-notify HTTP/1.1" 200 18727 "https://teamhachem.com/entity/544736" "Mozilla/5.0 (Linux; Android 6.0.1; Nexus 5X Build/MMB29P) AppleWebKit/537.36 (KHTML, like Gecko) Chrome/137.0.7151.119 Mobile Safari/537.36 (compatible; Googlebot/2.1; +http://www.google.com/bot.html)"
66.249.73.226 - - [14/Jul/2025:15:36:39 +0000] "POST /get-message-notify HTTP/1.1" 200 18727 "https://teamhachem.com/entity/97597786" "Mozilla/5.0 (Linux; Android 6.0.1; Nexus 5X Build/MMB29P) AppleWebKit/537.36 (KHTML, like Gecko) Chrome/137.0.7151.119 Mobile Safari/537.36 (compatible; Googlebot/2.1; +http://www.google.com/bot.html)"
66.249.73.225 - - [14/Jul/2025:15:36:42 +0000] "GET /entity/97587004 HTTP/1.1" 200 19660 "-" "Mozilla/5.0 (Linux; Android 6.0.1; Nexus 5X Build/MMB29P) AppleWebKit/537.36 (KHTML, like Gecko) Chrome/137.0.7151.103 Mobile Safari/537.36 (compatible; GoogleOther)"
209.74.77.214 - - [14/Jul/2025:15:36:49 +0000] "POST /wp-cron.php?doing_wp_cron=1752507409.4990739822387695312500 HTTP/1.1" 200 - "-" "WordPress/6.8.1; https://teamhachem.com"
185.191.171.18 - - [14/Jul/2025:15:36:48 +0000] "GET /events/list/?tribe-bar-date=2025-08-03 HTTP/1.1" 200 19796 "-" "Mozilla/5.0 (compatible; SemrushBot/7~bl; +http://www.semrush.com/bot.html)"
54.36.148.183 - - [14/Jul/2025:15:37:07 +0000] "GET /events/list/?tribe-bar-date=2026-02-13&eventDisplay=past HTTP/1.1" 200 20253 "-" "Mozilla/5.0 (compatible; AhrefsBot/7.0; +http://ahrefs.com/robot/)"
66.249.73.225 - - [14/Jul/2025:15:38:25 +0000] "GET /entity/98027545 HTTP/1.1" 200 18440 "-" "Mozilla/5.0 (Linux; Android 6.0.1; Nexus 5X Build/MMB29P) AppleWebKit/537.36 (KHTML, like Gecko) Chrome/137.0.7151.103 Mobile Safari/537.36 (compatible; GoogleOther)"
66.249.73.226 - - [14/Jul/2025:15:38:31 +0000] "POST /get-message-notify HTTP/1.1" 200 18727 "https://teamhachem.com/entity/14395060" "Mozilla/5.0 (Linux; Android 6.0.1; Nexus 5X Build/MMB29P) AppleWebKit/537.36 (KHTML, like Gecko) Chrome/137.0.7151.119 Mobile Safari/537.36 (compatible; Googlebot/2.1; +http://www.google.com/bot.html)"
66.249.73.227 - - [14/Jul/2025:15:39:18 +0000] "GET /entity/97233319 HTTP/1.1" 200 18161 "-" "Mozilla/5.0 (Linux; Android 6.0.1; Nexus 5X Build/MMB29P) AppleWebKit/537.36 (KHTML, like Gecko) Chrome/137.0.7151.103 Mobile Safari/537.36 (compatible; GoogleOther)"
66.249.73.226 - - [14/Jul/2025:15:39:33 +0000] "GET /entity/97956798 HTTP/1.1" 200 17905 "-" "Mozilla/5.0 (Linux; Android 6.0.1; Nexus 5X Build/MMB29P) AppleWebKit/537.36 (KHTML, like Gecko) Chrome/137.0.7151.103 Mobile Safari/537.36 (compatible; GoogleOther)"
66.249.73.225 - - [14/Jul/2025:15:39:45 +0000] "GET /entity/98027545 HTTP/1.1" 200 18440 "-" "Mozilla/5.0 (Linux; Android 6.0.1; Nexus 5X Build/MMB29P) AppleWebKit/537.36 (KHTML, like Gecko) Chrome/137.0.7151.103 Mobile Safari/537.36 (compatible; Googlebot/2.1; +http://www.google.com/bot.html)"
66.249.73.225 - - [14/Jul/2025:15:40:52 +0000] "GET /entity/14390779 HTTP/1.1" 200 18150 "-" "Mozilla/5.0 (Linux; Android 6.0.1; Nexus 5X Build/MMB29P) AppleWebKit/537.36 (KHTML, like Gecko) Chrome/137.0.7151.103 Mobile Safari/537.36 (compatible; GoogleOther)"
66.249.73.226 - - [14/Jul/2025:15:43:01 +0000] "GET /entity/14412361 HTTP/1.1" 200 20167 "-" "Mozilla/5.0 (Linux; Android 6.0.1; Nexus 5X Build/MMB29P) AppleWebKit/537.36 (KHTML, like Gecko) Chrome/137.0.7151.103 Mobile Safari/537.36 (compatible; GoogleOther)"
66.249.73.226 - - [14/Jul/2025:15:43:57 +0000] "GET /entity/861762 HTTP/1.1" 200 18255 "-" "Mozilla/5.0 (Linux; Android 6.0.1; Nexus 5X Build/MMB29P) AppleWebKit/537.36 (KHTML, like Gecko) Chrome/137.0.7151.103 Mobile Safari/537.36 (compatible; GoogleOther)"
85.208.96.194 - - [14/Jul/2025:15:44:31 +0000] "GET /robots.txt HTTP/1.1" 200 94 "-" "Mozilla/5.0 (compatible; SemrushBot/7~bl; +http://www.semrush.com/bot.html)"
209.74.77.214 - - [14/Jul/2025:15:44:33 +0000] "POST /wp-cron.php?doing_wp_cron=1752507873.9087429046630859375000 HTTP/1.1" 200 - "-" "WordPress/6.8.1; https://teamhachem.com"
85.208.96.212 - - [14/Jul/2025:15:44:31 +0000] "GET /events/2024-11-14/ HTTP/1.1" 200 19481 "-" "Mozilla/5.0 (compatible; SemrushBot/7~bl; +http://www.semrush.com/bot.html)"
66.249.73.226 - - [14/Jul/2025:15:45:53 +0000] "GET /entity/490842 HTTP/1.1" 200 17977 "-" "Mozilla/5.0 (Linux; Android 6.0.1; Nexus 5X Build/MMB29P) AppleWebKit/537.36 (KHTML, like Gecko) Chrome/137.0.7151.103 Mobile Safari/537.36 (compatible; GoogleOther)"
66.249.73.227 - - [14/Jul/2025:15:45:56 +0000] "POST /get-message-notify HTTP/1.1" 200 18727 "https://teamhachem.com/entity/861762" "Mozilla/5.0 (Linux; Android 6.0.1; Nexus 5X Build/MMB29P) AppleWebKit/537.36 (KHTML, like Gecko) Chrome/137.0.7151.119 Mobile Safari/537.36 (compatible; Googlebot/2.1; +http://www.google.com/bot.html)"
66.249.73.226 - - [14/Jul/2025:15:45:57 +0000] "GET /entity/14392499 HTTP/1.1" 200 18306 "-" "Mozilla/5.0 (Linux; Android 6.0.1; Nexus 5X Build/MMB29P) AppleWebKit/537.36 (KHTML, like Gecko) Chrome/137.0.7151.103 Mobile Safari/537.36 (compatible; GoogleOther)"
66.249.73.225 - - [14/Jul/2025:15:46:00 +0000] "GET /entity/97542058 HTTP/1.1" 200 18447 "-" "Mozilla/5.0 (Linux; Android 6.0.1; Nexus 5X Build/MMB29P) AppleWebKit/537.36 (KHTML, like Gecko) Chrome/137.0.7151.103 Mobile Safari/537.36 (compatible; GoogleOther)"
66.249.73.225 - - [14/Jul/2025:15:46:55 +0000] "GET /entity/529127 HTTP/1.1" 200 20042 "-" "Mozilla/5.0 (Linux; Android 6.0.1; Nexus 5X Build/MMB29P) AppleWebKit/537.36 (KHTML, like Gecko) Chrome/137.0.7151.103 Mobile Safari/537.36 (compatible; GoogleOther)"
66.249.73.227 - - [14/Jul/2025:15:47:09 +0000] "GET /entity/97282480 HTTP/1.1" 200 20425 "-" "Mozilla/5.0 (Linux; Android 6.0.1; Nexus 5X Build/MMB29P) AppleWebKit/537.36 (KHTML, like Gecko) Chrome/137.0.7151.103 Mobile Safari/537.36 (compatible; GoogleOther)"
66.249.73.226 - - [14/Jul/2025:15:47:23 +0000] "GET /entity/484263 HTTP/1.1" 200 19176 "-" "Mozilla/5.0 (Linux; Android 6.0.1; Nexus 5X Build/MMB29P) AppleWebKit/537.36 (KHTML, like Gecko) Chrome/137.0.7151.103 Mobile Safari/537.36 (compatible; GoogleOther)"
209.74.77.214 - - [14/Jul/2025:15:47:35 +0000] "POST /wp-cron.php?doing_wp_cron=1752508055.0136590003967285156250 HTTP/1.1" 200 - "-" "WordPress/6.8.1; https://teamhachem.com"
54.36.148.190 - - [14/Jul/2025:15:47:33 +0000] "GET /events/list/?tribe-bar-date=2026-03-30&eventDisplay=past HTTP/1.1" 200 20260 "-" "Mozilla/5.0 (compatible; AhrefsBot/7.0; +http://ahrefs.com/robot/)"
66.249.73.227 - - [14/Jul/2025:15:48:10 +0000] "GET /entity/97626726 HTTP/1.1" 200 18440 "-" "Mozilla/5.0 (Linux; Android 6.0.1; Nexus 5X Build/MMB29P) AppleWebKit/537.36 (KHTML, like Gecko) Chrome/137.0.7151.103 Mobile Safari/537.36 (compatible; GoogleOther)"
66.249.73.226 - - [14/Jul/2025:15:51:17 +0000] "GET /entity/493921 HTTP/1.1" 200 19422 "-" "Mozilla/5.0 (Linux; Android 6.0.1; Nexus 5X Build/MMB29P) AppleWebKit/537.36 (KHTML, like Gecko) Chrome/137.0.7151.103 Mobile Safari/537.36 (compatible; GoogleOther)"
66.249.73.225 - - [14/Jul/2025:15:54:42 +0000] "GET /entity/97946845 HTTP/1.1" 200 18330 "-" "Mozilla/5.0 (Linux; Android 6.0.1; Nexus 5X Build/MMB29P) AppleWebKit/537.36 (KHTML, like Gecko) Chrome/137.0.7151.103 Mobile Safari/537.36 (compatible; GoogleOther)"
66.249.73.226 - - [14/Jul/2025:15:57:34 +0000] "GET /entity/97228805 HTTP/1.1" 200 18711 "-" "Mozilla/5.0 (Linux; Android 6.0.1; Nexus 5X Build/MMB29P) AppleWebKit/537.36 (KHTML, like Gecko) Chrome/137.0.7151.103 Mobile Safari/537.36 (compatible; GoogleOther)"
66.249.73.225 - - [14/Jul/2025:15:57:37 +0000] "GET /entity/97674171 HTTP/1.1" 200 18741 "-" "Mozilla/5.0 (Linux; Android 6.0.1; Nexus 5X Build/MMB29P) AppleWebKit/537.36 (KHTML, like Gecko) Chrome/137.0.7151.103 Mobile Safari/537.36 (compatible; GoogleOther)"
66.249.73.226 - - [14/Jul/2025:15:58:52 +0000] "GET /entity/599045 HTTP/1.1" 200 18256 "-" "Mozilla/5.0 (Linux; Android 6.0.1; Nexus 5X Build/MMB29P) AppleWebKit/537.36 (KHTML, like Gecko) Chrome/137.0.7151.103 Mobile Safari/537.36 (compatible; GoogleOther)"
66.249.73.226 - - [14/Jul/2025:15:59:12 +0000] "GET /man/kaitori/kantan.html HTTP/1.1" 200 18556 "-" "Mozilla/5.0 (Linux; Android 6.0.1; Nexus 5X Build/MMB29P) AppleWebKit/537.36 (KHTML, like Gecko) Chrome/137.0.7151.103 Mobile Safari/537.36 (compatible; GoogleOther)"
51.222.253.9 - - [14/Jul/2025:15:59:19 +0000] "GET /robots.txt HTTP/1.1" 200 94 "-" "Mozilla/5.0 (compatible; AhrefsBot/7.0; +http://ahrefs.com/robot/)"
51.222.253.20 - - [14/Jul/2025:15:59:22 +0000] "GET /sitemap.xml HTTP/1.1" 200 4272 "-" "Mozilla/5.0 (compatible; AhrefsBot/7.0; +http://ahrefs.com/robot/)"
209.74.77.214 - - [14/Jul/2025:15:59:42 +0000] "POST /wp-cron.php?doing_wp_cron=1752508782.3790071010589599609375 HTTP/1.1" 200 - "-" "WordPress/6.8.1; https://teamhachem.com"
54.210.152.179 - - [14/Jul/2025:15:59:40 +0000] "GET /events/2024-01-01/ HTTP/1.1" 200 18831 "-" "Mozilla/5.0 AppleWebKit/537.36 (KHTML, like Gecko; compatible; Amazonbot/0.1; +https://developer.amazon.com/support/amazonbot) Chrome/119.0.6045.214 Safari/537.36"
54.84.102.81 - - [14/Jul/2025:15:59:45 +0000] "GET /events/2026-10-18/ HTTP/1.1" 200 19476 "-" "Mozilla/5.0 AppleWebKit/537.36 (KHTML, like Gecko; compatible; Amazonbot/0.1; +https://developer.amazon.com/support/amazonbot) Chrome/119.0.6045.214 Safari/537.36"
52.0.41.164 - - [14/Jul/2025:15:59:48 +0000] "GET /events/2026-10-27/ HTTP/1.1" 200 19464 "-" "Mozilla/5.0 AppleWebKit/537.36 (KHTML, like Gecko; compatible; Amazonbot/0.1; +https://developer.amazon.com/support/amazonbot) Chrome/119.0.6045.214 Safari/537.36"
50.19.79.213 - - [14/Jul/2025:15:59:53 +0000] "GET /events/list/?tribe-bar-date=2026-09-23 HTTP/1.1" 200 19785 "-" "Mozilla/5.0 AppleWebKit/537.36 (KHTML, like Gecko; compatible; Amazonbot/0.1; +https://developer.amazon.com/support/amazonbot) Chrome/119.0.6045.214 Safari/537.36"
66.249.73.226 - - [14/Jul/2025:15:59:55 +0000] "POST /get-message-notify HTTP/1.1" 200 18727 "https://teamhachem.com/entity/97228805" "Mozilla/5.0 (Linux; Android 6.0.1; Nexus 5X Build/MMB29P) AppleWebKit/537.36 (KHTML, like Gecko) Chrome/137.0.7151.119 Mobile Safari/537.36 (compatible; Googlebot/2.1; +http://www.google.com/bot.html)"
66.249.73.226 - - [14/Jul/2025:16:00:03 +0000] "POST /get-message-notify HTTP/1.1" 200 18727 "https://teamhachem.com/man/kaitori/kantan.html" "Mozilla/5.0 (Linux; Android 6.0.1; Nexus 5X Build/MMB29P) AppleWebKit/537.36 (KHTML, like Gecko) Chrome/137.0.7151.119 Mobile Safari/537.36 (compatible; Googlebot/2.1; +http://www.google.com/bot.html)"
66.249.73.226 - - [14/Jul/2025:16:00:25 +0000] "POST /get-message-notify HTTP/1.1" 200 18727 "https://teamhachem.com/entity/599045" "Mozilla/5.0 (Linux; Android 6.0.1; Nexus 5X Build/MMB29P) AppleWebKit/537.36 (KHTML, like Gecko) Chrome/137.0.7151.119 Mobile Safari/537.36 (compatible; Googlebot/2.1; +http://www.google.com/bot.html)"
66.249.73.225 - - [14/Jul/2025:16:01:01 +0000] "GET /entity/97546654 HTTP/1.1" 200 20182 "-" "Mozilla/5.0 (Linux; Android 6.0.1; Nexus 5X Build/MMB29P) AppleWebKit/537.36 (KHTML, like Gecko) Chrome/137.0.7151.103 Mobile Safari/537.36 (compatible; GoogleOther)"
66.249.73.225 - - [14/Jul/2025:16:01:08 +0000] "POST /get-message-notify HTTP/1.1" 200 18727 "https://teamhachem.com/entity/97546654" "Mozilla/5.0 (Linux; Android 6.0.1; Nexus 5X Build/MMB29P) AppleWebKit/537.36 (KHTML, like Gecko) Chrome/137.0.7151.119 Mobile Safari/537.36 (compatible; Googlebot/2.1; +http://www.google.com/bot.html)"
66.249.73.225 - - [14/Jul/2025:16:01:53 +0000] "GET /entity/581182 HTTP/1.1" 200 19165 "-" "Mozilla/5.0 (Linux; Android 6.0.1; Nexus 5X Build/MMB29P) AppleWebKit/537.36 (KHTML, like Gecko) Chrome/137.0.7151.103 Mobile Safari/537.36 (compatible; GoogleOther)"
66.249.73.225 - - [14/Jul/2025:16:01:56 +0000] "GET /entity/97257526 HTTP/1.1" 200 18518 "-" "Mozilla/5.0 (Linux; Android 6.0.1; Nexus 5X Build/MMB29P) AppleWebKit/537.36 (KHTML, like Gecko) Chrome/137.0.7151.103 Mobile Safari/537.36 (compatible; GoogleOther)"
66.249.73.225 - - [14/Jul/2025:16:01:58 +0000] "POST /get-message-notify HTTP/1.1" 200 18727 "https://teamhachem.com/entity/97740896" "Mozilla/5.0 (Linux; Android 6.0.1; Nexus 5X Build/MMB29P) AppleWebKit/537.36 (KHTML, like Gecko) Chrome/137.0.7151.119 Mobile Safari/537.36 (compatible; Googlebot/2.1; +http://www.google.com/bot.html)"
66.249.73.226 - - [14/Jul/2025:16:02:05 +0000] "GET /entity/97231599 HTTP/1.1" 200 19306 "-" "Mozilla/5.0 (Linux; Android 6.0.1; Nexus 5X Build/MMB29P) AppleWebKit/537.36 (KHTML, like Gecko) Chrome/137.0.7151.103 Mobile Safari/537.36 (compatible; GoogleOther)"
66.249.73.225 - - [14/Jul/2025:16:03:53 +0000] "GET /entity/98397618 HTTP/1.1" 200 18655 "-" "Mozilla/5.0 (Linux; Android 6.0.1; Nexus 5X Build/MMB29P) AppleWebKit/537.36 (KHTML, like Gecko) Chrome/137.0.7151.103 Mobile Safari/537.36 (compatible; GoogleOther)"
