110.249.201.5 - - [14/Jul/2025:16:33:17 +0000] "GET /wp-content/themes/artkombat/assets/css/bootstrap-grid.css?ver=1.0 HTTP/1.1" 200 21204 "https://teamhachem.com/" "Mozilla/5.0 (Linux; Android 5.0) AppleWebKit/537.36 (KHTML, like Gecko) Mobile Safari/537.36 (compatible; Bytespider; https://zhanzhang.toutiao.com/)"
110.249.201.4 - - [14/Jul/2025:16:33:17 +0000] "GET /wp-content/plugins/post-views-counter/css/frontend.min.css?ver=1.5.5 HTTP/1.1" 200 440 "https://teamhachem.com/" "Mozilla/5.0 (Linux; Android 5.0) AppleWebKit/537.36 (KHTML, like Gecko) Mobile Safari/537.36 (compatible; Bytespider; https://zhanzhang.toutiao.com/)"
110.249.201.3 - - [14/Jul/2025:16:33:17 +0000] "GET /wp-includes/css/dashicons.min.css?ver=6.8.1 HTTP/1.1" 200 35730 "https://teamhachem.com/" "Mozilla/5.0 (Linux; Android 5.0) AppleWebKit/537.36 (KHTML, like Gecko) Mobile Safari/537.36 (compatible; Bytespider; https://zhanzhang.toutiao.com/)"
110.249.201.4 - - [14/Jul/2025:16:33:17 +0000] "GET /wp-content/plugins/contact-form-7/includes/css/styles.css?ver=6.1 HTTP/1.1" 200 1031 "https://teamhachem.com/" "Mozilla/5.0 (Linux; Android 5.0) AppleWebKit/537.36 (KHTML, like Gecko) Mobile Safari/537.36 (compatible; Bytespider; https://zhanzhang.toutiao.com/)"
110.249.201.9 - - [14/Jul/2025:16:33:17 +0000] "GET /wp-content/plugins/leadconnector/public/css/lc-public.css?ver=3.0.10.1 HTTP/1.1" 200 106 "https://teamhachem.com/" "Mozilla/5.0 (Linux; Android 5.0) AppleWebKit/537.36 (KHTML, like Gecko) Mobile Safari/537.36 (compatible; Bytespider; https://zhanzhang.toutiao.com/)"
110.249.201.5 - - [14/Jul/2025:16:33:17 +0000] "GET /wp-content/plugins/woocommerce/assets/css/woocommerce-layout.css?ver=9.9.5 HTTP/1.1" 200 3414 "https://teamhachem.com/" "Mozilla/5.0 (Linux; Android 5.0) AppleWebKit/537.36 (KHTML, like Gecko) Mobile Safari/537.36 (compatible; Bytespider; https://zhanzhang.toutiao.com/)"
110.249.201.5 - - [14/Jul/2025:16:33:17 +0000] "GET /wp-content/plugins/woocommerce/assets/css/woocommerce.css?ver=9.9.5 HTTP/1.1" 200 10820 "https://teamhachem.com/" "Mozilla/5.0 (Linux; Android 5.0) AppleWebKit/537.36 (KHTML, like Gecko) Mobile Safari/537.36 (compatible; Bytespider; https://zhanzhang.toutiao.com/)"
110.249.201.4 - - [14/Jul/2025:16:33:17 +0000] "GET /wp-content/plugins/woocommerce/assets/css/brands.css?ver=9.9.5 HTTP/1.1" 200 684 "https://teamhachem.com/" "Mozilla/5.0 (Linux; Android 5.0) AppleWebKit/537.36 (KHTML, like Gecko) Mobile Safari/537.36 (compatible; Bytespider; https://zhanzhang.toutiao.com/)"
110.249.201.4 - - [14/Jul/2025:16:33:17 +0000] "GET /wp-content/plugins/woocommerce/assets/css/woocommerce-smallscreen.css?ver=9.9.5 HTTP/1.1" 200 1279 "https://teamhachem.com/" "Mozilla/5.0 (Linux; Android 5.0) AppleWebKit/537.36 (KHTML, like Gecko) Mobile Safari/537.36 (compatible; Bytespider; https://zhanzhang.toutiao.com/)"
110.249.201.9 - - [14/Jul/2025:16:33:17 +0000] "GET /wp-content/plugins/unyson/framework/static/libs/entypo/css/entypo.css?ver=2.7.25 HTTP/1.1" 200 3542 "https://teamhachem.com/" "Mozilla/5.0 (Linux; Android 5.0) AppleWebKit/537.36 (KHTML, like Gecko) Mobile Safari/537.36 (compatible; Bytespider; https://zhanzhang.toutiao.com/)"
110.249.201.5 - - [14/Jul/2025:16:33:17 +0000] "GET /wp-content/plugins/unyson/framework/static/libs/linecons/css/linecons.css?ver=2.7.25 HTTP/1.1" 200 56006 "https://teamhachem.com/" "Mozilla/5.0 (Linux; Android 5.0) AppleWebKit/537.36 (KHTML, like Gecko) Mobile Safari/537.36 (compatible; Bytespider; https://zhanzhang.toutiao.com/)"
110.249.201.5 - - [14/Jul/2025:16:33:17 +0000] "GET /wp-content/plugins/unyson/framework/static/libs/font-awesome/css/font-awesome.min.css?ver=2.7.25 HTTP/1.1" 200 7053 "https://teamhachem.com/" "Mozilla/5.0 (Linux; Android 5.0) AppleWebKit/537.36 (KHTML, like Gecko) Mobile Safari/537.36 (compatible; Bytespider; https://zhanzhang.toutiao.com/)"
110.249.201.3 - - [14/Jul/2025:16:33:17 +0000] "GET /wp-content/themes/artkombat/assets/css/plugins.css?ver=1.0 HTTP/1.1" 200 5855 "https://teamhachem.com/" "Mozilla/5.0 (Linux; Android 5.0) AppleWebKit/537.36 (KHTML, like Gecko) Mobile Safari/537.36 (compatible; Bytespider; https://zhanzhang.toutiao.com/)"
110.249.201.4 - - [14/Jul/2025:16:33:17 +0000] "GET /wp-content/plugins/js_composer/assets/css/js_composer.min.css?ver=8.0 HTTP/1.1" 200 45510 "https://teamhachem.com/" "Mozilla/5.0 (Linux; Android 5.0) AppleWebKit/537.36 (KHTML, like Gecko) Mobile Safari/537.36 (compatible; Bytespider; https://zhanzhang.toutiao.com/)"
110.249.201.4 - - [14/Jul/2025:16:33:17 +0000] "GET /wp-content/plugins/unyson/framework/static/libs/lnr/css/lnr.css?ver=2.7.25 HTTP/1.1" 200 1660 "https://teamhachem.com/" "Mozilla/5.0 (Linux; Android 5.0) AppleWebKit/537.36 (KHTML, like Gecko) Mobile Safari/537.36 (compatible; Bytespider; https://zhanzhang.toutiao.com/)"
110.249.201.9 - - [14/Jul/2025:16:33:17 +0000] "GET /wp-content/themes/artkombat-child/style.css?ver=1.0 HTTP/1.1" 200 345 "https://teamhachem.com/" "Mozilla/5.0 (Linux; Android 5.0) AppleWebKit/537.36 (KHTML, like Gecko) Mobile Safari/537.36 (compatible; Bytespider; https://zhanzhang.toutiao.com/)"
110.249.201.5 - - [14/Jul/2025:16:33:18 +0000] "GET /wp-content/plugins/unyson/framework/static/libs/unycon/unycon.css?ver=2.7.25 HTTP/1.1" 200 6088 "https://teamhachem.com/" "Mozilla/5.0 (Linux; Android 5.0) AppleWebKit/537.36 (KHTML, like Gecko) Mobile Safari/537.36 (compatible; Bytespider; https://zhanzhang.toutiao.com/)"
110.249.201.3 - - [14/Jul/2025:16:33:18 +0000] "GET /wp-content/themes/artkombat/assets/css/magnific-popup.css?ver=1.1.0 HTTP/1.1" 200 1816 "https://teamhachem.com/" "Mozilla/5.0 (Linux; Android 5.0) AppleWebKit/537.36 (KHTML, like Gecko) Mobile Safari/537.36 (compatible; Bytespider; https://zhanzhang.toutiao.com/)"
110.249.201.4 - - [14/Jul/2025:16:33:18 +0000] "GET /wp-content/plugins/unyson/framework/static/libs/typcn/css/typcn.css?ver=2.7.25 HTTP/1.1" 200 3998 "https://teamhachem.com/" "Mozilla/5.0 (Linux; Android 5.0) AppleWebKit/537.36 (KHTML, like Gecko) Mobile Safari/537.36 (compatible; Bytespider; https://zhanzhang.toutiao.com/)"
110.249.201.9 - - [14/Jul/2025:16:33:18 +0000] "GET /wp-content/plugins/js_composer/assets/lib/vendor/node_modules/@fortawesome/fontawesome-free/css/all.min.css?ver=8.0 HTTP/1.1" 200 12858 "https://teamhachem.com/" "Mozilla/5.0 (Linux; Android 5.0) AppleWebKit/537.36 (KHTML, like Gecko) Mobile Safari/537.36 (compatible; Bytespider; https://zhanzhang.toutiao.com/)"
110.249.201.5 - - [14/Jul/2025:16:33:18 +0000] "GET /wp-content/plugins/js_composer/assets/lib/vendor/node_modules/@fortawesome/fontawesome-free/css/v4-shims.min.css?ver=8.0 HTTP/1.1" 200 4229 "https://teamhachem.com/" "Mozilla/5.0 (Linux; Android 5.0) AppleWebKit/537.36 (KHTML, like Gecko) Mobile Safari/537.36 (compatible; Bytespider; https://zhanzhang.toutiao.com/)"
110.249.201.4 - - [14/Jul/2025:16:33:18 +0000] "GET /wp-includes/js/jquery/jquery-migrate.min.js?ver=3.4.1 HTTP/1.1" 200 4872 "https://teamhachem.com/" "Mozilla/5.0 (Linux; Android 5.0) AppleWebKit/537.36 (KHTML, like Gecko) Mobile Safari/537.36 (compatible; Bytespider; https://zhanzhang.toutiao.com/)"
110.249.201.3 - - [14/Jul/2025:16:33:18 +0000] "GET /wp-content/themes/artkombat/style.css?ver=6.8.1 HTTP/1.1" 200 64827 "https://teamhachem.com/" "Mozilla/5.0 (Linux; Android 5.0) AppleWebKit/537.36 (KHTML, like Gecko) Mobile Safari/537.36 (compatible; Bytespider; https://zhanzhang.toutiao.com/)"
110.249.201.5 - - [14/Jul/2025:16:33:18 +0000] "GET /wp-content/plugins/woocommerce/assets/js/frontend/add-to-cart.min.js?ver=9.9.5 HTTP/1.1" 200 1368 "https://teamhachem.com/" "Mozilla/5.0 (Linux; Android 5.0) AppleWebKit/537.36 (KHTML, like Gecko) Mobile Safari/537.36 (compatible; Bytespider; https://zhanzhang.toutiao.com/)"
110.249.201.9 - - [14/Jul/2025:16:33:18 +0000] "GET /wp-includes/js/jquery/jquery.min.js?ver=3.7.1 HTTP/1.1" 200 30368 "https://teamhachem.com/" "Mozilla/5.0 (Linux; Android 5.0) AppleWebKit/537.36 (KHTML, like Gecko) Mobile Safari/537.36 (compatible; Bytespider; https://zhanzhang.toutiao.com/)"
110.249.201.4 - - [14/Jul/2025:16:33:18 +0000] "GET /wp-content/plugins/woocommerce/assets/js/jquery-blockui/jquery.blockUI.min.js?ver=2.7.0-wc.9.9.5 HTTP/1.1" 200 3537 "https://teamhachem.com/" "Mozilla/5.0 (Linux; Android 5.0) AppleWebKit/537.36 (KHTML, like Gecko) Mobile Safari/537.36 (compatible; Bytespider; https://zhanzhang.toutiao.com/)"
110.249.201.5 - - [14/Jul/2025:16:33:18 +0000] "GET /wp-content/plugins/leadconnector/public/js/lc-public.js?ver=3.0.10.1 HTTP/1.1" 200 1322 "https://teamhachem.com/" "Mozilla/5.0 (Linux; Android 5.0) AppleWebKit/537.36 (KHTML, like Gecko) Mobile Safari/537.36 (compatible; Bytespider; https://zhanzhang.toutiao.com/)"
110.249.201.4 - - [14/Jul/2025:16:33:18 +0000] "GET /wp-content/themes/artkombat/assets/js/modernizr-2.6.2.min.js?ver=2.6.2 HTTP/1.1" 200 6202 "https://teamhachem.com/" "Mozilla/5.0 (Linux; Android 5.0) AppleWebKit/537.36 (KHTML, like Gecko) Mobile Safari/537.36 (compatible; Bytespider; https://zhanzhang.toutiao.com/)"
110.249.201.5 - - [14/Jul/2025:16:33:18 +0000] "GET /wp-content/plugins/js_composer/assets/js/vendors/woocommerce-add-to-cart.js?ver=8.0 HTTP/1.1" 200 374 "https://teamhachem.com/" "Mozilla/5.0 (Linux; Android 5.0) AppleWebKit/537.36 (KHTML, like Gecko) Mobile Safari/537.36 (compatible; Bytespider; https://zhanzhang.toutiao.com/)"
110.249.201.4 - - [14/Jul/2025:16:33:18 +0000] "GET /wp-content/uploads/2018/09/serv_01-600x450.jpg HTTP/1.1" 206 500 "https://teamhachem.com/" "Mozilla/5.0 (Linux; Android 5.0) AppleWebKit/537.36 (KHTML, like Gecko) Mobile Safari/537.36 (compatible; Bytespider; https://zhanzhang.toutiao.com/)"
110.249.201.4 - - [14/Jul/2025:16:33:20 +0000] "GET /wp-content/plugins/woocommerce/assets/client/blocks/wc-blocks.css?ver=wc-9.9.5 HTTP/1.1" 200 2575 "https://teamhachem.com/" "Mozilla/5.0 (Linux; Android 5.0) AppleWebKit/537.36 (KHTML, like Gecko) Mobile Safari/537.36 (compatible; Bytespider; https://zhanzhang.toutiao.com/)"
110.249.201.4 - - [14/Jul/2025:16:33:20 +0000] "GET /wp-content/plugins/js_composer/assets/lib/vendor/node_modules/animate.css/animate.min.css?ver=8.0 HTTP/1.1" 200 4259 "https://teamhachem.com/" "Mozilla/5.0 (Linux; Android 5.0) AppleWebKit/537.36 (KHTML, like Gecko) Mobile Safari/537.36 (compatible; Bytespider; https://zhanzhang.toutiao.com/)"
110.249.201.4 - - [14/Jul/2025:16:33:20 +0000] "GET /wp-content/plugins/metronet-profile-picture/js/mpp-frontend.js?ver=2.6.3 HTTP/1.1" 200 195 "https://teamhachem.com/" "Mozilla/5.0 (Linux; Android 5.0) AppleWebKit/537.36 (KHTML, like Gecko) Mobile Safari/537.36 (compatible; Bytespider; https://zhanzhang.toutiao.com/)"
110.249.201.4 - - [14/Jul/2025:16:33:21 +0000] "GET /wp-includes/js/dist/hooks.min.js?ver=4d63a3d491d11ffd8ac6 HTTP/1.1" 200 1648 "https://teamhachem.com/" "Mozilla/5.0 (Linux; Android 5.0) AppleWebKit/537.36 (KHTML, like Gecko) Mobile Safari/537.36 (compatible; Bytespider; https://zhanzhang.toutiao.com/)"
110.249.201.4 - - [14/Jul/2025:16:33:21 +0000] "GET /wp-includes/js/dist/i18n.min.js?ver=5e580eb46a90c2b997e6 HTTP/1.1" 200 3667 "https://teamhachem.com/" "Mozilla/5.0 (Linux; Android 5.0) AppleWebKit/537.36 (KHTML, like Gecko) Mobile Safari/537.36 (compatible; Bytespider; https://zhanzhang.toutiao.com/)"
110.249.201.4 - - [14/Jul/2025:16:33:21 +0000] "GET /wp-content/plugins/contact-form-7/includes/swv/js/index.js?ver=6.1 HTTP/1.1" 200 3503 "https://teamhachem.com/" "Mozilla/5.0 (Linux; Android 5.0) AppleWebKit/537.36 (KHTML, like Gecko) Mobile Safari/537.36 (compatible; Bytespider; https://zhanzhang.toutiao.com/)"
110.249.201.4 - - [14/Jul/2025:16:33:21 +0000] "GET /wp-content/plugins/contact-form-7/includes/js/index.js?ver=6.1 HTTP/1.1" 200 4265 "https://teamhachem.com/" "Mozilla/5.0 (Linux; Android 5.0) AppleWebKit/537.36 (KHTML, like Gecko) Mobile Safari/537.36 (compatible; Bytespider; https://zhanzhang.toutiao.com/)"
110.249.201.4 - - [14/Jul/2025:16:33:22 +0000] "GET /wp-content/plugins/woocommerce/assets/js/sourcebuster/sourcebuster.min.js?ver=9.9.5 HTTP/1.1" 200 4807 "https://teamhachem.com/" "Mozilla/5.0 (Linux; Android 5.0) AppleWebKit/537.36 (KHTML, like Gecko) Mobile Safari/537.36 (compatible; Bytespider; https://zhanzhang.toutiao.com/)"
110.249.201.4 - - [14/Jul/2025:16:33:22 +0000] "GET /wp-content/plugins/woocommerce/assets/js/frontend/order-attribution.min.js?ver=9.9.5 HTTP/1.1" 200 1128 "https://teamhachem.com/" "Mozilla/5.0 (Linux; Android 5.0) AppleWebKit/537.36 (KHTML, like Gecko) Mobile Safari/537.36 (compatible; Bytespider; https://zhanzhang.toutiao.com/)"
110.249.201.4 - - [14/Jul/2025:16:33:22 +0000] "GET /wp-includes/js/imagesloaded.min.js?ver=5.0.0 HTTP/1.1" 200 1803 "https://teamhachem.com/" "Mozilla/5.0 (Linux; Android 5.0) AppleWebKit/537.36 (KHTML, like Gecko) Mobile Safari/537.36 (compatible; Bytespider; https://zhanzhang.toutiao.com/)"
110.249.201.4 - - [14/Jul/2025:16:33:23 +0000] "GET /wp-includes/js/masonry.min.js?ver=4.2.2 HTTP/1.1" 200 7382 "https://teamhachem.com/" "Mozilla/5.0 (Linux; Android 5.0) AppleWebKit/537.36 (KHTML, like Gecko) Mobile Safari/537.36 (compatible; Bytespider; https://zhanzhang.toutiao.com/)"
110.249.201.4 - - [14/Jul/2025:16:33:23 +0000] "GET /wp-includes/js/jquery/jquery.masonry.min.js?ver=3.1.2b HTTP/1.1" 200 716 "https://teamhachem.com/" "Mozilla/5.0 (Linux; Android 5.0) AppleWebKit/537.36 (KHTML, like Gecko) Mobile Safari/537.36 (compatible; Bytespider; https://zhanzhang.toutiao.com/)"
110.249.201.4 - - [14/Jul/2025:16:33:23 +0000] "GET /wp-content/themes/artkombat/assets/js/jquery.countdown.js?ver=2.2.0 HTTP/1.1" 200 1740 "https://teamhachem.com/" "Mozilla/5.0 (Linux; Android 5.0) AppleWebKit/537.36 (KHTML, like Gecko) Mobile Safari/537.36 (compatible; Bytespider; https://zhanzhang.toutiao.com/)"
110.249.201.4 - - [14/Jul/2025:16:33:23 +0000] "GET /wp-content/themes/artkombat/assets/js/jquery.counterup.min.js?ver=1.0 HTTP/1.1" 200 574 "https://teamhachem.com/" "Mozilla/5.0 (Linux; Android 5.0) AppleWebKit/537.36 (KHTML, like Gecko) Mobile Safari/537.36 (compatible; Bytespider; https://zhanzhang.toutiao.com/)"
110.249.201.4 - - [14/Jul/2025:16:33:24 +0000] "GET /wp-content/themes/artkombat/assets/js/jquery.matchHeight.js?ver=6.8.1 HTTP/1.1" 200 1357 "https://teamhachem.com/" "Mozilla/5.0 (Linux; Android 5.0) AppleWebKit/537.36 (KHTML, like Gecko) Mobile Safari/537.36 (compatible; Bytespider; https://zhanzhang.toutiao.com/)"
110.249.201.4 - - [14/Jul/2025:16:33:24 +0000] "GET /wp-content/themes/artkombat/assets/js/jquery.nicescroll.js?ver=3.7.6 HTTP/1.1" 200 16928 "https://teamhachem.com/" "Mozilla/5.0 (Linux; Android 5.0) AppleWebKit/537.36 (KHTML, like Gecko) Mobile Safari/537.36 (compatible; Bytespider; https://zhanzhang.toutiao.com/)"
110.249.201.4 - - [14/Jul/2025:16:33:24 +0000] "GET /wp-content/themes/artkombat/assets/js/jquery.magnific-popup.js?ver=1.1.0 HTTP/1.1" 200 12489 "https://teamhachem.com/" "Mozilla/5.0 (Linux; Android 5.0) AppleWebKit/537.36 (KHTML, like Gecko) Mobile Safari/537.36 (compatible; Bytespider; https://zhanzhang.toutiao.com/)"
110.249.201.4 - - [14/Jul/2025:16:33:24 +0000] "GET /wp-content/themes/artkombat/assets/js/jquery.zoomslider.js?ver=0.2.3 HTTP/1.1" 200 2157 "https://teamhachem.com/" "Mozilla/5.0 (Linux; Android 5.0) AppleWebKit/537.36 (KHTML, like Gecko) Mobile Safari/537.36 (compatible; Bytespider; https://zhanzhang.toutiao.com/)"
110.249.201.4 - - [14/Jul/2025:16:33:25 +0000] "GET /wp-content/themes/artkombat/assets/js/waypoint.js?ver=1.6.2 HTTP/1.1" 200 2567 "https://teamhachem.com/" "Mozilla/5.0 (Linux; Android 5.0) AppleWebKit/537.36 (KHTML, like Gecko) Mobile Safari/537.36 (compatible; Bytespider; https://zhanzhang.toutiao.com/)"
110.249.201.4 - - [14/Jul/2025:16:33:25 +0000] "GET /wp-content/themes/artkombat/assets/js/affix.js?ver=3.3.7 HTTP/1.1" 200 1115 "https://teamhachem.com/" "Mozilla/5.0 (Linux; Android 5.0) AppleWebKit/537.36 (KHTML, like Gecko) Mobile Safari/537.36 (compatible; Bytespider; https://zhanzhang.toutiao.com/)"
110.249.201.4 - - [14/Jul/2025:16:33:25 +0000] "GET /wp-content/themes/artkombat/assets/js/jquery.paroller.min.js?ver=1.3.1 HTTP/1.1" 200 656 "https://teamhachem.com/" "Mozilla/5.0 (Linux; Android 5.0) AppleWebKit/537.36 (KHTML, like Gecko) Mobile Safari/537.36 (compatible; Bytespider; https://zhanzhang.toutiao.com/)"
110.249.201.4 - - [14/Jul/2025:16:33:25 +0000] "GET /wp-content/themes/artkombat/assets/js/swiper.js?ver=4.3.3 HTTP/1.1" 200 32454 "https://teamhachem.com/" "Mozilla/5.0 (Linux; Android 5.0) AppleWebKit/537.36 (KHTML, like Gecko) Mobile Safari/537.36 (compatible; Bytespider; https://zhanzhang.toutiao.com/)"
110.249.201.4 - - [14/Jul/2025:16:33:26 +0000] "GET /wp-content/themes/artkombat/assets/js/parallax.min.js?ver=1.1.3 HTTP/1.1" 200 506 "https://teamhachem.com/" "Mozilla/5.0 (Linux; Android 5.0) AppleWebKit/537.36 (KHTML, like Gecko) Mobile Safari/537.36 (compatible; Bytespider; https://zhanzhang.toutiao.com/)"
110.249.201.4 - - [14/Jul/2025:16:33:26 +0000] "GET /wp-content/themes/artkombat/assets/js/parallax-scroll.min.js?ver=1.0 HTTP/1.1" 200 5261 "https://teamhachem.com/" "Mozilla/5.0 (Linux; Android 5.0) AppleWebKit/537.36 (KHTML, like Gecko) Mobile Safari/537.36 (compatible; Bytespider; https://zhanzhang.toutiao.com/)"
110.249.201.4 - - [14/Jul/2025:16:33:26 +0000] "GET /wp-content/themes/artkombat/assets/js/scrollreveal.js?ver=3.3.4 HTTP/1.1" 200 3269 "https://teamhachem.com/" "Mozilla/5.0 (Linux; Android 5.0) AppleWebKit/537.36 (KHTML, like Gecko) Mobile Safari/537.36 (compatible; Bytespider; https://zhanzhang.toutiao.com/)"
66.249.73.225 - - [14/Jul/2025:16:33:26 +0000] "GET /entity/855811 HTTP/1.1" 200 19469 "-" "Mozilla/5.0 (Linux; Android 6.0.1; Nexus 5X Build/MMB29P) AppleWebKit/537.36 (KHTML, like Gecko) Chrome/137.0.7151.103 Mobile Safari/537.36 (compatible; GoogleOther)"
110.249.201.4 - - [14/Jul/2025:16:33:27 +0000] "GET /wp-content/themes/artkombat/assets/js/scripts.js?ver=1.0 HTTP/1.1" 200 6746 "https://teamhachem.com/" "Mozilla/5.0 (Linux; Android 5.0) AppleWebKit/537.36 (KHTML, like Gecko) Mobile Safari/537.36 (compatible; Bytespider; https://zhanzhang.toutiao.com/)"
110.249.201.4 - - [14/Jul/2025:16:33:27 +0000] "GET /wp-content/themes/artkombat/assets/js/map-style.js?ver=1.0.0 HTTP/1.1" 200 335 "https://teamhachem.com/" "Mozilla/5.0 (Linux; Android 5.0) AppleWebKit/537.36 (KHTML, like Gecko) Mobile Safari/537.36 (compatible; Bytespider; https://zhanzhang.toutiao.com/)"
110.249.201.4 - - [14/Jul/2025:16:33:27 +0000] "GET /wp-content/themes/artkombat/assets/js/pace.js?ver=6.8.1 HTTP/1.1" 200 4291 "https://teamhachem.com/" "Mozilla/5.0 (Linux; Android 5.0) AppleWebKit/537.36 (KHTML, like Gecko) Mobile Safari/537.36 (compatible; Bytespider; https://zhanzhang.toutiao.com/)"
110.249.201.4 - - [14/Jul/2025:16:33:27 +0000] "GET /wp-content/plugins/js_composer/assets/js/dist/js_composer_front.min.js?ver=8.0 HTTP/1.1" 200 5146 "https://teamhachem.com/" "Mozilla/5.0 (Linux; Android 5.0) AppleWebKit/537.36 (KHTML, like Gecko) Mobile Safari/537.36 (compatible; Bytespider; https://zhanzhang.toutiao.com/)"
110.249.201.4 - - [14/Jul/2025:16:33:28 +0000] "GET /wp-content/plugins/js_composer/assets/lib/vc/vc_waypoints/vc-waypoints.min.js?ver=8.0 HTTP/1.1" 200 2726 "https://teamhachem.com/" "Mozilla/5.0 (Linux; Android 5.0) AppleWebKit/537.36 (KHTML, like Gecko) Mobile Safari/537.36 (compatible; Bytespider; https://zhanzhang.toutiao.com/)"
110.249.201.4 - - [14/Jul/2025:16:33:28 +0000] "GET /wp-content/plugins/woocommerce/assets/js/js-cookie/js.cookie.min.js?ver=2.1.4-wc.9.9.5 HTTP/1.1" 200 833 "https://teamhachem.com/" "Mozilla/5.0 (Linux; Android 5.0) AppleWebKit/537.36 (KHTML, like Gecko) Mobile Safari/537.36 (compatible; Bytespider; https://zhanzhang.toutiao.com/)"
110.249.201.4 - - [14/Jul/2025:16:33:28 +0000] "GET /wp-content/plugins/woocommerce/assets/js/frontend/woocommerce.min.js?ver=9.9.5 HTTP/1.1" 200 1449 "https://teamhachem.com/" "Mozilla/5.0 (Linux; Android 5.0) AppleWebKit/537.36 (KHTML, like Gecko) Mobile Safari/537.36 (compatible; Bytespider; https://zhanzhang.toutiao.com/)"
110.249.201.4 - - [14/Jul/2025:16:33:29 +0000] "GET /wp-content/uploads/2024/10/Teamw.png HTTP/1.1" 206 500 "https://teamhachem.com/" "Mozilla/5.0 (Linux; Android 5.0) AppleWebKit/537.36 (KHTML, like Gecko) Mobile Safari/537.36 (compatible; Bytespider; https://zhanzhang.toutiao.com/)"
110.249.201.4 - - [14/Jul/2025:16:33:29 +0000] "GET /wp-content/uploads/2018/10/watermark.png HTTP/1.1" 206 500 "https://teamhachem.com/" "Mozilla/5.0 (Linux; Android 5.0) AppleWebKit/537.36 (KHTML, like Gecko) Mobile Safari/537.36 (compatible; Bytespider; https://zhanzhang.toutiao.com/)"
110.249.201.4 - - [14/Jul/2025:16:33:29 +0000] "GET /wp-content/uploads/2018/09/serv_02-600x450.jpg HTTP/1.1" 206 500 "https://teamhachem.com/" "Mozilla/5.0 (Linux; Android 5.0) AppleWebKit/537.36 (KHTML, like Gecko) Mobile Safari/537.36 (compatible; Bytespider; https://zhanzhang.toutiao.com/)"
110.249.201.4 - - [14/Jul/2025:16:33:29 +0000] "GET /wp-content/uploads/2018/09/logo-1.png HTTP/1.1" 206 500 "https://teamhachem.com/" "Mozilla/5.0 (Linux; Android 5.0) AppleWebKit/537.36 (KHTML, like Gecko) Mobile Safari/537.36 (compatible; Bytespider; https://zhanzhang.toutiao.com/)"
110.249.201.4 - - [14/Jul/2025:16:33:30 +0000] "GET /wp-content/uploads/2018/09/logo-2.png HTTP/1.1" 206 500 "https://teamhachem.com/" "Mozilla/5.0 (Linux; Android 5.0) AppleWebKit/537.36 (KHTML, like Gecko) Mobile Safari/537.36 (compatible; Bytespider; https://zhanzhang.toutiao.com/)"
110.249.201.4 - - [14/Jul/2025:16:33:30 +0000] "GET /wp-content/uploads/2018/09/logo-3.png HTTP/1.1" 206 500 "https://teamhachem.com/" "Mozilla/5.0 (Linux; Android 5.0) AppleWebKit/537.36 (KHTML, like Gecko) Mobile Safari/537.36 (compatible; Bytespider; https://zhanzhang.toutiao.com/)"
110.249.201.4 - - [14/Jul/2025:16:33:31 +0000] "GET /wp-content/uploads/2018/09/logo-4.png HTTP/1.1" 206 500 "https://teamhachem.com/" "Mozilla/5.0 (Linux; Android 5.0) AppleWebKit/537.36 (KHTML, like Gecko) Mobile Safari/537.36 (compatible; Bytespider; https://zhanzhang.toutiao.com/)"
110.249.201.4 - - [14/Jul/2025:16:33:31 +0000] "GET /wp-content/uploads/2018/09/logo-5.png HTTP/1.1" 206 500 "https://teamhachem.com/" "Mozilla/5.0 (Linux; Android 5.0) AppleWebKit/537.36 (KHTML, like Gecko) Mobile Safari/537.36 (compatible; Bytespider; https://zhanzhang.toutiao.com/)"
110.249.201.4 - - [14/Jul/2025:16:33:31 +0000] "GET /wp-content/uploads/2018/09/logo-6.png HTTP/1.1" 206 500 "https://teamhachem.com/" "Mozilla/5.0 (Linux; Android 5.0) AppleWebKit/537.36 (KHTML, like Gecko) Mobile Safari/537.36 (compatible; Bytespider; https://zhanzhang.toutiao.com/)"
110.249.201.4 - - [14/Jul/2025:16:33:31 +0000] "GET /wp-content/uploads/2018/09/subscribe.png HTTP/1.1" 206 500 "https://teamhachem.com/" "Mozilla/5.0 (Linux; Android 5.0) AppleWebKit/537.36 (KHTML, like Gecko) Mobile Safari/537.36 (compatible; Bytespider; https://zhanzhang.toutiao.com/)"
110.249.201.4 - - [14/Jul/2025:16:33:32 +0000] "GET /wp-content/plugins/mailchimp-for-wp/assets/js/forms.js?ver=4.10.5 HTTP/1.1" 200 2591 "https://teamhachem.com/" "Mozilla/5.0 (Linux; Android 5.0) AppleWebKit/537.36 (KHTML, like Gecko) Mobile Safari/537.36 (compatible; Bytespider; https://zhanzhang.toutiao.com/)"
110.249.201.11 - - [14/Jul/2025:16:33:33 +0000] "GET /wp-content/uploads/2018/09/slide_02.jpg HTTP/1.1" 206 500 "https://teamhachem.com/" "Mozilla/5.0 (Linux; Android 5.0) AppleWebKit/537.36 (KHTML, like Gecko) Mobile Safari/537.36 (compatible; Bytespider; https://zhanzhang.toutiao.com/)"
110.249.201.12 - - [14/Jul/2025:16:33:33 +0000] "GET /wp-content/uploads/2024/10/th1.png HTTP/1.1" 206 500 "https://teamhachem.com/" "Mozilla/5.0 (Linux; Android 5.0) AppleWebKit/537.36 (KHTML, like Gecko) Mobile Safari/537.36 (compatible; Bytespider; https://zhanzhang.toutiao.com/)"
110.249.201.14 - - [14/Jul/2025:16:33:33 +0000] "GET /wp-content/uploads/2018/09/img-go-top.png HTTP/1.1" 206 288 "https://teamhachem.com/" "Mozilla/5.0 (Linux; Android 5.0) AppleWebKit/537.36 (KHTML, like Gecko) Mobile Safari/537.36 (compatible; Bytespider; https://zhanzhang.toutiao.com/)"
110.249.201.12 - - [14/Jul/2025:16:33:33 +0000] "GET /wp-content/uploads/2018/09/serv_02.jpg HTTP/1.1" 206 500 "https://teamhachem.com/" "Mozilla/5.0 (Linux; Android 5.0) AppleWebKit/537.36 (KHTML, like Gecko) Mobile Safari/537.36 (compatible; Bytespider; https://zhanzhang.toutiao.com/)"
110.249.201.14 - - [14/Jul/2025:16:33:33 +0000] "GET /wp-content/uploads/2018/09/serv_03.jpg HTTP/1.1" 206 500 "https://teamhachem.com/" "Mozilla/5.0 (Linux; Android 5.0) AppleWebKit/537.36 (KHTML, like Gecko) Mobile Safari/537.36 (compatible; Bytespider; https://zhanzhang.toutiao.com/)"
110.249.201.12 - - [14/Jul/2025:16:33:33 +0000] "GET /wp-content/uploads/2018/09/serv_01.jpg HTTP/1.1" 206 500 "https://teamhachem.com/" "Mozilla/5.0 (Linux; Android 5.0) AppleWebKit/537.36 (KHTML, like Gecko) Mobile Safari/537.36 (compatible; Bytespider; https://zhanzhang.toutiao.com/)"
209.74.77.214 - - [14/Jul/2025:16:33:34 +0000] "POST /wp-cron.php?doing_wp_cron=1752510814.0065610408782958984375 HTTP/1.1" 200 - "-" "WordPress/6.8.1; https://teamhachem.com"
110.249.201.14 - - [14/Jul/2025:16:33:34 +0000] "GET /wp-content/uploads/2018/09/cards_parallax.jpg?id=5986 HTTP/1.1" 206 500 "https://teamhachem.com/" "Mozilla/5.0 (Linux; Android 5.0) AppleWebKit/537.36 (KHTML, like Gecko) Mobile Safari/537.36 (compatible; Bytespider; https://zhanzhang.toutiao.com/)"
110.249.201.12 - - [14/Jul/2025:16:33:34 +0000] "GET /wp-content/uploads/2018/09/blog_08.jpg?id=6007 HTTP/1.1" 206 500 "https://teamhachem.com/" "Mozilla/5.0 (Linux; Android 5.0) AppleWebKit/537.36 (KHTML, like Gecko) Mobile Safari/537.36 (compatible; Bytespider; https://zhanzhang.toutiao.com/)"
110.249.201.11 - - [14/Jul/2025:16:33:33 +0000] "GET /wp-json/contact-form-7/v1/contact-forms/6102/feedback/schema HTTP/1.1" 200 93 "https://teamhachem.com/" "Mozilla/5.0 (Linux; Android 5.0) AppleWebKit/537.36 (KHTML, like Gecko) Mobile Safari/537.36 (compatible; Bytespider; https://zhanzhang.toutiao.com/)"
110.249.201.11 - - [14/Jul/2025:16:33:34 +0000] "GET /wp-content/uploads/2018/09/map-dots.png?id=6061 HTTP/1.1" 206 500 "https://teamhachem.com/" "Mozilla/5.0 (Linux; Android 5.0) AppleWebKit/537.36 (KHTML, like Gecko) Mobile Safari/537.36 (compatible; Bytespider; https://zhanzhang.toutiao.com/)"
110.249.201.11 - - [14/Jul/2025:16:33:34 +0000] "GET /wp-content/uploads/2018/09/stratches-1.png?id=6064 HTTP/1.1" 206 500 "https://teamhachem.com/" "Mozilla/5.0 (Linux; Android 5.0) AppleWebKit/537.36 (KHTML, like Gecko) Mobile Safari/537.36 (compatible; Bytespider; https://zhanzhang.toutiao.com/)"
110.249.201.11 - - [14/Jul/2025:16:33:35 +0000] "GET /wp-content/uploads/2018/09/footer_bg-1.jpg HTTP/1.1" 206 500 "https://teamhachem.com/" "Mozilla/5.0 (Linux; Android 5.0) AppleWebKit/537.36 (KHTML, like Gecko) Mobile Safari/537.36 (compatible; Bytespider; https://zhanzhang.toutiao.com/)"
110.249.201.11 - - [14/Jul/2025:16:33:35 +0000] "GET /wp-content/uploads/2018/09/serv_03-600x450.jpg HTTP/1.1" 206 500 "https://teamhachem.com/" "Mozilla/5.0 (Linux; Android 5.0) AppleWebKit/537.36 (KHTML, like Gecko) Mobile Safari/537.36 (compatible; Bytespider; https://zhanzhang.toutiao.com/)"
110.249.201.11 - - [14/Jul/2025:16:33:35 +0000] "GET /wp-content/uploads/2018/09/serv_04-600x450.jpg HTTP/1.1" 206 500 "https://teamhachem.com/" "Mozilla/5.0 (Linux; Android 5.0) AppleWebKit/537.36 (KHTML, like Gecko) Mobile Safari/537.36 (compatible; Bytespider; https://zhanzhang.toutiao.com/)"
110.249.201.11 - - [14/Jul/2025:16:33:35 +0000] "GET /wp-content/uploads/2017/09/couchh2-3-365x520.png HTTP/1.1" 206 500 "https://teamhachem.com/" "Mozilla/5.0 (Linux; Android 5.0) AppleWebKit/537.36 (KHTML, like Gecko) Mobile Safari/537.36 (compatible; Bytespider; https://zhanzhang.toutiao.com/)"
110.249.201.11 - - [14/Jul/2025:16:33:35 +0000] "GET /wp-content/uploads/2017/09/coach5-removebg-preview-365x520.png HTTP/1.1" 206 500 "https://teamhachem.com/" "Mozilla/5.0 (Linux; Android 5.0) AppleWebKit/537.36 (KHTML, like Gecko) Mobile Safari/537.36 (compatible; Bytespider; https://zhanzhang.toutiao.com/)"
66.249.73.225 - - [14/Jul/2025:16:33:35 +0000] "GET /entity/14391076 HTTP/1.1" 200 18521 "-" "Mozilla/5.0 (Linux; Android 6.0.1; Nexus 5X Build/MMB29P) AppleWebKit/537.36 (KHTML, like Gecko) Chrome/137.0.7151.103 Mobile Safari/537.36 (compatible; GoogleOther)"
110.249.201.11 - - [14/Jul/2025:16:33:36 +0000] "GET /wp-content/uploads/2024/10/02255Untitled-design-365x520.png HTTP/1.1" 206 500 "https://teamhachem.com/" "Mozilla/5.0 (Linux; Android 5.0) AppleWebKit/537.36 (KHTML, like Gecko) Mobile Safari/537.36 (compatible; Bytespider; https://zhanzhang.toutiao.com/)"
110.249.201.11 - - [14/Jul/2025:16:33:36 +0000] "GET /wp-content/uploads/2017/09/coach3-1-365x520.png HTTP/1.1" 206 500 "https://teamhachem.com/" "Mozilla/5.0 (Linux; Android 5.0) AppleWebKit/537.36 (KHTML, like Gecko) Mobile Safari/537.36 (compatible; Bytespider; https://zhanzhang.toutiao.com/)"
110.249.201.11 - - [14/Jul/2025:16:33:36 +0000] "GET /wp-content/uploads/2017/09/coach4-removebg-preview-365x520.png HTTP/1.1" 206 500 "https://teamhachem.com/" "Mozilla/5.0 (Linux; Android 5.0) AppleWebKit/537.36 (KHTML, like Gecko) Mobile Safari/537.36 (compatible; Bytespider; https://zhanzhang.toutiao.com/)"
110.249.201.11 - - [14/Jul/2025:16:33:36 +0000] "GET /wp-content/uploads/2018/03/w1-70x70.jpg HTTP/1.1" 206 500 "https://teamhachem.com/" "Mozilla/5.0 (Linux; Android 5.0) AppleWebKit/537.36 (KHTML, like Gecko) Mobile Safari/537.36 (compatible; Bytespider; https://zhanzhang.toutiao.com/)"
110.249.201.11 - - [14/Jul/2025:16:33:37 +0000] "GET /wp-content/uploads/2018/03/w3-70x70.jpg HTTP/1.1" 206 500 "https://teamhachem.com/" "Mozilla/5.0 (Linux; Android 5.0) AppleWebKit/537.36 (KHTML, like Gecko) Mobile Safari/537.36 (compatible; Bytespider; https://zhanzhang.toutiao.com/)"
110.249.201.12 - - [14/Jul/2025:16:33:37 +0000] "GET /wp-content/uploads/2018/09/serv_04.jpg HTTP/1.1" 206 500 "https://teamhachem.com/" "Mozilla/5.0 (Linux; Android 5.0) AppleWebKit/537.36 (KHTML, like Gecko) Mobile Safari/537.36 (compatible; Bytespider; https://zhanzhang.toutiao.com/)"
110.249.201.11 - - [14/Jul/2025:16:33:37 +0000] "GET /wp-content/uploads/2018/03/w6-70x70.jpg HTTP/1.1" 206 500 "https://teamhachem.com/" "Mozilla/5.0 (Linux; Android 5.0) AppleWebKit/537.36 (KHTML, like Gecko) Mobile Safari/537.36 (compatible; Bytespider; https://zhanzhang.toutiao.com/)"
185.191.171.14 - - [14/Jul/2025:16:33:38 +0000] "GET /events/2025-07-06/ HTTP/1.1" 200 19491 "-" "Mozilla/5.0 (compatible; SemrushBot/7~bl; +http://www.semrush.com/bot.html)"
66.249.73.225 - - [14/Jul/2025:16:33:40 +0000] "POST /get-message-notify HTTP/1.1" 200 18727 "https://teamhachem.com/entity/98124665" "Mozilla/5.0 (Linux; Android 6.0.1; Nexus 5X Build/MMB29P) AppleWebKit/537.36 (KHTML, like Gecko) Chrome/137.0.7151.119 Mobile Safari/537.36 (compatible; Googlebot/2.1; +http://www.google.com/bot.html)"
66.249.73.225 - - [14/Jul/2025:16:33:51 +0000] "GET /entity/97409419 HTTP/1.1" 200 18489 "-" "Mozilla/5.0 (Linux; Android 6.0.1; Nexus 5X Build/MMB29P) AppleWebKit/537.36 (KHTML, like Gecko) Chrome/137.0.7151.103 Mobile Safari/537.36 (compatible; GoogleOther)"
66.249.73.225 - - [14/Jul/2025:16:33:59 +0000] "GET /entity/846169 HTTP/1.1" 200 19376 "-" "Mozilla/5.0 (Linux; Android 6.0.1; Nexus 5X Build/MMB29P) AppleWebKit/537.36 (KHTML, like Gecko) Chrome/137.0.7151.103 Mobile Safari/537.36 (compatible; GoogleOther)"
51.222.253.13 - - [14/Jul/2025:16:34:05 +0000] "GET /events/list/?tribe-bar-date=2026-03-21&eventDisplay=past HTTP/1.1" 200 20245 "-" "Mozilla/5.0 (compatible; AhrefsBot/7.0; +http://ahrefs.com/robot/)"
110.249.201.10 - - [14/Jul/2025:16:34:08 +0000] "GET /wp-json/contact-form-7/v1/contact-forms/6102/refill HTTP/1.1" 200 22 "https://teamhachem.com/" "Mozilla/5.0 (Linux; Android 5.0) AppleWebKit/537.36 (KHTML, like Gecko) Mobile Safari/537.36 (compatible; Bytespider; https://zhanzhang.toutiao.com/)"
66.249.73.227 - - [14/Jul/2025:16:34:12 +0000] "GET /entity/223313877 HTTP/1.1" 200 19345 "-" "Mozilla/5.0 (Linux; Android 6.0.1; Nexus 5X Build/MMB29P) AppleWebKit/537.36 (KHTML, like Gecko) Chrome/137.0.7151.103 Mobile Safari/537.36 (compatible; GoogleOther)"
66.249.73.225 - - [14/Jul/2025:16:34:33 +0000] "GET /entity/14035141 HTTP/1.1" 200 19427 "-" "Mozilla/5.0 (Linux; Android 6.0.1; Nexus 5X Build/MMB29P) AppleWebKit/537.36 (KHTML, like Gecko) Chrome/137.0.7151.103 Mobile Safari/537.36 (compatible; GoogleOther)"
66.249.73.226 - - [14/Jul/2025:16:34:36 +0000] "GET /entity/477033699 HTTP/1.1" 200 18622 "-" "Mozilla/5.0 (Linux; Android 6.0.1; Nexus 5X Build/MMB29P) AppleWebKit/537.36 (KHTML, like Gecko) Chrome/137.0.7151.103 Mobile Safari/537.36 (compatible; GoogleOther)"
66.249.73.225 - - [14/Jul/2025:16:34:47 +0000] "GET /entity/97638102 HTTP/1.1" 200 18233 "-" "Mozilla/5.0 (Linux; Android 6.0.1; Nexus 5X Build/MMB29P) AppleWebKit/537.36 (KHTML, like Gecko) Chrome/137.0.7151.103 Mobile Safari/537.36 (compatible; GoogleOther)"
66.249.73.226 - - [14/Jul/2025:16:35:09 +0000] "GET /entity/97963596 HTTP/1.1" 200 18716 "-" "Mozilla/5.0 (Linux; Android 6.0.1; Nexus 5X Build/MMB29P) AppleWebKit/537.36 (KHTML, like Gecko) Chrome/137.0.7151.103 Mobile Safari/537.36 (compatible; GoogleOther)"
66.249.73.227 - - [14/Jul/2025:16:35:10 +0000] "GET /entity/781096 HTTP/1.1" 200 20341 "-" "Mozilla/5.0 (Linux; Android 6.0.1; Nexus 5X Build/MMB29P) AppleWebKit/537.36 (KHTML, like Gecko) Chrome/137.0.7151.103 Mobile Safari/537.36 (compatible; GoogleOther)"
66.249.73.226 - - [14/Jul/2025:16:35:23 +0000] "GET /entity/98762025 HTTP/1.1" 200 19724 "-" "Mozilla/5.0 (Linux; Android 6.0.1; Nexus 5X Build/MMB29P) AppleWebKit/537.36 (KHTML, like Gecko) Chrome/137.0.7151.103 Mobile Safari/537.36 (compatible; GoogleOther)"
66.249.73.225 - - [14/Jul/2025:16:35:44 +0000] "GET /entity/12854121 HTTP/1.1" 200 18497 "-" "Mozilla/5.0 (Linux; Android 6.0.1; Nexus 5X Build/MMB29P) AppleWebKit/537.36 (KHTML, like Gecko) Chrome/137.0.7151.103 Mobile Safari/537.36 (compatible; GoogleOther)"
66.249.73.225 - - [14/Jul/2025:16:35:56 +0000] "GET /entity/14410673 HTTP/1.1" 200 18654 "-" "Mozilla/5.0 (Linux; Android 6.0.1; Nexus 5X Build/MMB29P) AppleWebKit/537.36 (KHTML, like Gecko) Chrome/137.0.7151.103 Mobile Safari/537.36 (compatible; GoogleOther)"
66.249.73.225 - - [14/Jul/2025:16:36:19 +0000] "GET /entity/98073812 HTTP/1.1" 200 20280 "-" "Mozilla/5.0 (Linux; Android 6.0.1; Nexus 5X Build/MMB29P) AppleWebKit/537.36 (KHTML, like Gecko) Chrome/137.0.7151.103 Mobile Safari/537.36 (compatible; GoogleOther)"
66.249.73.226 - - [14/Jul/2025:16:36:31 +0000] "GET /entity/98035467 HTTP/1.1" 200 18562 "-" "Mozilla/5.0 (Linux; Android 6.0.1; Nexus 5X Build/MMB29P) AppleWebKit/537.36 (KHTML, like Gecko) Chrome/137.0.7151.103 Mobile Safari/537.36 (compatible; GoogleOther)"
66.249.73.225 - - [14/Jul/2025:16:36:49 +0000] "POST /get-message-notify HTTP/1.1" 200 18727 "https://teamhachem.com/entity/98073812" "Mozilla/5.0 (Linux; Android 6.0.1; Nexus 5X Build/MMB29P) AppleWebKit/537.36 (KHTML, like Gecko) Chrome/137.0.7151.119 Mobile Safari/537.36 (compatible; Googlebot/2.1; +http://www.google.com/bot.html)"
66.249.73.225 - - [14/Jul/2025:16:36:55 +0000] "GET /entity/97953392 HTTP/1.1" 200 19115 "-" "Mozilla/5.0 (Linux; Android 6.0.1; Nexus 5X Build/MMB29P) AppleWebKit/537.36 (KHTML, like Gecko) Chrome/137.0.7151.103 Mobile Safari/537.36 (compatible; GoogleOther)"
209.74.77.214 - - [14/Jul/2025:16:37:06 +0000] "POST /wp-cron.php?doing_wp_cron=1752511026.6847488880157470703125 HTTP/1.1" 200 - "-" "WordPress/6.8.1; https://teamhachem.com"
66.249.73.226 - - [14/Jul/2025:16:37:05 +0000] "GET /entity/0 HTTP/1.1" 404 12742 "-" "Mozilla/5.0 (Linux; Android 6.0.1; Nexus 5X Build/MMB29P) AppleWebKit/537.36 (KHTML, like Gecko) Chrome/137.0.7151.103 Mobile Safari/537.36 (compatible; GoogleOther)"
110.249.202.34 - - [14/Jul/2025:16:37:14 +0000] "GET /robots.txt HTTP/1.1" 200 94 "-" "Mozilla/5.0 (Linux; Android 5.0) AppleWebKit/537.36 (KHTML, like Gecko) Mobile Safari/537.36 (compatible; Bytespider; https://zhanzhang.toutiao.com/)"
66.249.73.226 - - [14/Jul/2025:16:37:18 +0000] "GET /entity/14750387 HTTP/1.1" 200 18150 "-" "Mozilla/5.0 (Linux; Android 6.0.1; Nexus 5X Build/MMB29P) AppleWebKit/537.36 (KHTML, like Gecko) Chrome/137.0.7151.103 Mobile Safari/537.36 (compatible; GoogleOther)"
66.249.73.225 - - [14/Jul/2025:16:37:28 +0000] "GET /entity/850089 HTTP/1.1" 200 18620 "-" "Mozilla/5.0 (Linux; Android 6.0.1; Nexus 5X Build/MMB29P) AppleWebKit/537.36 (KHTML, like Gecko) Chrome/137.0.7151.103 Mobile Safari/537.36 (compatible; GoogleOther)"
66.249.73.225 - - [14/Jul/2025:16:37:40 +0000] "GET /entity/97980694 HTTP/1.1" 200 18393 "-" "Mozilla/5.0 (Linux; Android 6.0.1; Nexus 5X Build/MMB29P) AppleWebKit/537.36 (KHTML, like Gecko) Chrome/137.0.7151.103 Mobile Safari/537.36 (compatible; GoogleOther)"
66.249.73.225 - - [14/Jul/2025:16:37:44 +0000] "POST /get-message-notify HTTP/1.1" 200 18727 "https://teamhachem.com/entity/14035141" "Mozilla/5.0 (Linux; Android 6.0.1; Nexus 5X Build/MMB29P) AppleWebKit/537.36 (KHTML, like Gecko) Chrome/137.0.7151.119 Mobile Safari/537.36 (compatible; Googlebot/2.1; +http://www.google.com/bot.html)"
66.249.73.225 - - [14/Jul/2025:16:37:52 +0000] "POST /get-message-notify HTTP/1.1" 200 18727 "https://teamhachem.com/entity/97980694" "Mozilla/5.0 (Linux; Android 6.0.1; Nexus 5X Build/MMB29P) AppleWebKit/537.36 (KHTML, like Gecko) Chrome/137.0.7151.119 Mobile Safari/537.36 (compatible; Googlebot/2.1; +http://www.google.com/bot.html)"
66.249.73.225 - - [14/Jul/2025:16:38:00 +0000] "POST /get-message-notify HTTP/1.1" 200 18727 "https://teamhachem.com/entity/850089" "Mozilla/5.0 (Linux; Android 6.0.1; Nexus 5X Build/MMB29P) AppleWebKit/537.36 (KHTML, like Gecko) Chrome/137.0.7151.119 Mobile Safari/537.36 (compatible; Googlebot/2.1; +http://www.google.com/bot.html)"
66.249.73.226 - - [14/Jul/2025:16:38:03 +0000] "GET /entity/97576736 HTTP/1.1" 200 18353 "-" "Mozilla/5.0 (Linux; Android 6.0.1; Nexus 5X Build/MMB29P) AppleWebKit/537.36 (KHTML, like Gecko) Chrome/137.0.7151.103 Mobile Safari/537.36 (compatible; GoogleOther)"
66.249.73.225 - - [14/Jul/2025:16:38:10 +0000] "GET /entity/98376600 HTTP/1.1" 200 18427 "-" "Mozilla/5.0 (Linux; Android 6.0.1; Nexus 5X Build/MMB29P) AppleWebKit/537.36 (KHTML, like Gecko) Chrome/137.0.7151.103 Mobile Safari/537.36 (compatible; GoogleOther)"
66.249.73.225 - - [14/Jul/2025:16:38:14 +0000] "GET /entity/847889 HTTP/1.1" 200 18284 "-" "Mozilla/5.0 (Linux; Android 6.0.1; Nexus 5X Build/MMB29P) AppleWebKit/537.36 (KHTML, like Gecko) Chrome/137.0.7151.103 Mobile Safari/537.36 (compatible; GoogleOther)"
66.249.73.225 - - [14/Jul/2025:16:38:14 +0000] "GET /entity/98449280 HTTP/1.1" 200 17863 "-" "Mozilla/5.0 (Linux; Android 6.0.1; Nexus 5X Build/MMB29P) AppleWebKit/537.36 (KHTML, like Gecko) Chrome/137.0.7151.103 Mobile Safari/537.36 (compatible; GoogleOther)"
66.249.73.225 - - [14/Jul/2025:16:38:37 +0000] "GET /entity/796757 HTTP/1.1" 200 17937 "-" "Mozilla/5.0 (Linux; Android 6.0.1; Nexus 5X Build/MMB29P) AppleWebKit/537.36 (KHTML, like Gecko) Chrome/137.0.7151.103 Mobile Safari/537.36 (compatible; GoogleOther)"
66.249.73.225 - - [14/Jul/2025:16:38:48 +0000] "GET /entity/12855327 HTTP/1.1" 200 17729 "-" "Mozilla/5.0 (Linux; Android 6.0.1; Nexus 5X Build/MMB29P) AppleWebKit/537.36 (KHTML, like Gecko) Chrome/137.0.7151.103 Mobile Safari/537.36 (compatible; GoogleOther)"
66.249.73.226 - - [14/Jul/2025:16:39:10 +0000] "GET /entity/588574 HTTP/1.1" 200 18388 "-" "Mozilla/5.0 (Linux; Android 6.0.1; Nexus 5X Build/MMB29P) AppleWebKit/537.36 (KHTML, like Gecko) Chrome/137.0.7151.103 Mobile Safari/537.36 (compatible; GoogleOther)"
66.249.73.226 - - [14/Jul/2025:16:39:23 +0000] "GET /entity/477032340 HTTP/1.1" 200 19951 "-" "Mozilla/5.0 (Linux; Android 6.0.1; Nexus 5X Build/MMB29P) AppleWebKit/537.36 (KHTML, like Gecko) Chrome/137.0.7151.103 Mobile Safari/537.36 (compatible; GoogleOther)"
66.249.73.225 - - [14/Jul/2025:16:39:45 +0000] "GET /entity/779659 HTTP/1.1" 200 18284 "-" "Mozilla/5.0 (Linux; Android 6.0.1; Nexus 5X Build/MMB29P) AppleWebKit/537.36 (KHTML, like Gecko) Chrome/137.0.7151.103 Mobile Safari/537.36 (compatible; GoogleOther)"
66.249.73.225 - - [14/Jul/2025:16:39:57 +0000] "GET /entity/13735777 HTTP/1.1" 200 19498 "-" "Mozilla/5.0 (Linux; Android 6.0.1; Nexus 5X Build/MMB29P) AppleWebKit/537.36 (KHTML, like Gecko) Chrome/137.0.7151.103 Mobile Safari/537.36 (compatible; GoogleOther)"
66.249.73.227 - - [14/Jul/2025:16:40:07 +0000] "POST /get-message-notify HTTP/1.1" 200 18727 "https://teamhachem.com/entity/477032340" "Mozilla/5.0 (Linux; Android 6.0.1; Nexus 5X Build/MMB29P) AppleWebKit/537.36 (KHTML, like Gecko) Chrome/137.0.7151.119 Mobile Safari/537.36 (compatible; Googlebot/2.1; +http://www.google.com/bot.html)"
66.249.73.225 - - [14/Jul/2025:16:40:10 +0000] "GET /entity/255 HTTP/1.1" 200 18334 "-" "Mozilla/5.0 (Linux; Android 6.0.1; Nexus 5X Build/MMB29P) AppleWebKit/537.36 (KHTML, like Gecko) Chrome/137.0.7151.103 Mobile Safari/537.36 (compatible; GoogleOther)"
66.249.73.225 - - [14/Jul/2025:16:40:13 +0000] "GET /entity/477037701 HTTP/1.1" 200 17866 "-" "Mozilla/5.0 (Linux; Android 6.0.1; Nexus 5X Build/MMB29P) AppleWebKit/537.36 (KHTML, like Gecko) Chrome/137.0.7151.103 Mobile Safari/537.36 (compatible; GoogleOther)"
66.249.73.225 - - [14/Jul/2025:16:40:17 +0000] "GET /entity/97670781 HTTP/1.1" 200 18590 "-" "Mozilla/5.0 (Linux; Android 6.0.1; Nexus 5X Build/MMB29P) AppleWebKit/537.36 (KHTML, like Gecko) Chrome/137.0.7151.103 Mobile Safari/537.36 (compatible; GoogleOther)"
66.249.73.225 - - [14/Jul/2025:16:40:19 +0000] "GET /entity/778830 HTTP/1.1" 200 18242 "-" "Mozilla/5.0 (Linux; Android 6.0.1; Nexus 5X Build/MMB29P) AppleWebKit/537.36 (KHTML, like Gecko) Chrome/137.0.7151.103 Mobile Safari/537.36 (compatible; GoogleOther)"
66.249.73.225 - - [14/Jul/2025:16:40:31 +0000] "GET /entity/97975255 HTTP/1.1" 200 20238 "-" "Mozilla/5.0 (Linux; Android 6.0.1; Nexus 5X Build/MMB29P) AppleWebKit/537.36 (KHTML, like Gecko) Chrome/137.0.7151.103 Mobile Safari/537.36 (compatible; GoogleOther)"
66.249.73.225 - - [14/Jul/2025:16:40:53 +0000] "GET /entity/98336021 HTTP/1.1" 200 17767 "-" "Mozilla/5.0 (Linux; Android 6.0.1; Nexus 5X Build/MMB29P) AppleWebKit/537.36 (KHTML, like Gecko) Chrome/137.0.7151.103 Mobile Safari/537.36 (compatible; GoogleOther)"
66.249.73.227 - - [14/Jul/2025:16:41:05 +0000] "GET /entity/98038010 HTTP/1.1" 200 18240 "-" "Mozilla/5.0 (Linux; Android 6.0.1; Nexus 5X Build/MMB29P) AppleWebKit/537.36 (KHTML, like Gecko) Chrome/137.0.7151.103 Mobile Safari/537.36 (compatible; GoogleOther)"
66.249.73.225 - - [14/Jul/2025:16:41:10 +0000] "POST /get-message-notify HTTP/1.1" 200 18727 "https://teamhachem.com/entity/796757" "Mozilla/5.0 (Linux; Android 6.0.1; Nexus 5X Build/MMB29P) AppleWebKit/537.36 (KHTML, like Gecko) Chrome/137.0.7151.119 Mobile Safari/537.36 (compatible; Googlebot/2.1; +http://www.google.com/bot.html)"
66.249.73.226 - - [14/Jul/2025:16:41:12 +0000] "GET /entity/589403 HTTP/1.1" 200 18635 "-" "Mozilla/5.0 (Linux; Android 6.0.1; Nexus 5X Build/MMB29P) AppleWebKit/537.36 (KHTML, like Gecko) Chrome/137.0.7151.103 Mobile Safari/537.36 (compatible; GoogleOther)"
66.249.73.225 - - [14/Jul/2025:16:41:21 +0000] "GET /entity/97917873 HTTP/1.1" 200 19423 "-" "Mozilla/5.0 (Linux; Android 6.0.1; Nexus 5X Build/MMB29P) AppleWebKit/537.36 (KHTML, like Gecko) Chrome/137.0.7151.103 Mobile Safari/537.36 (compatible; GoogleOther)"
66.249.73.225 - - [14/Jul/2025:16:41:27 +0000] "GET /entity/586210 HTTP/1.1" 200 18367 "-" "Mozilla/5.0 (Linux; Android 6.0.1; Nexus 5X Build/MMB29P) AppleWebKit/537.36 (KHTML, like Gecko) Chrome/137.0.7151.103 Mobile Safari/537.36 (compatible; GoogleOther)"
209.74.77.214 - - [14/Jul/2025:16:41:31 +0000] "POST /wp-cron.php?doing_wp_cron=1752511291.6871070861816406250000 HTTP/1.1" 200 - "-" "WordPress/6.8.1; https://teamhachem.com"
51.222.253.12 - - [14/Jul/2025:16:41:31 +0000] "GET /events/list/?tribe-bar-date=2026-03-29&eventDisplay=past HTTP/1.1" 200 20237 "-" "Mozilla/5.0 (compatible; AhrefsBot/7.0; +http://ahrefs.com/robot/)"
66.249.73.225 - - [14/Jul/2025:16:41:40 +0000] "GET /entity/97983193 HTTP/1.1" 200 17864 "-" "Mozilla/5.0 (Linux; Android 6.0.1; Nexus 5X Build/MMB29P) AppleWebKit/537.36 (KHTML, like Gecko) Chrome/137.0.7151.103 Mobile Safari/537.36 (compatible; GoogleOther)"
66.249.73.225 - - [14/Jul/2025:16:41:40 +0000] "GET /product/edit/T636820626 HTTP/1.1" 200 21218 "-" "Mozilla/5.0 (Linux; Android 6.0.1; Nexus 5X Build/MMB29P) AppleWebKit/537.36 (KHTML, like Gecko) Chrome/137.0.7151.103 Mobile Safari/537.36 (compatible; GoogleOther)"
157.55.39.7 - - [14/Jul/2025:16:41:44 +0000] "GET /entity/615300952 HTTP/1.1" 200 21438 "-" "Mozilla/5.0 AppleWebKit/537.36 (KHTML, like Gecko; compatible; bingbot/2.0; +http://www.bing.com/bingbot.htm) Chrome/116.0.1938.76 Safari/537.36"
66.249.73.227 - - [14/Jul/2025:16:42:02 +0000] "GET /entity/q_auto HTTP/1.1" 200 18466 "-" "Mozilla/5.0 (Linux; Android 6.0.1; Nexus 5X Build/MMB29P) AppleWebKit/537.36 (KHTML, like Gecko) Chrome/137.0.7151.103 Mobile Safari/537.36 (compatible; GoogleOther)"
66.249.73.225 - - [14/Jul/2025:16:42:15 +0000] "GET /entity/520081 HTTP/1.1" 200 18185 "-" "Mozilla/5.0 (Linux; Android 6.0.1; Nexus 5X Build/MMB29P) AppleWebKit/537.36 (KHTML, like Gecko) Chrome/137.0.7151.103 Mobile Safari/537.36 (compatible; GoogleOther)"
66.249.73.225 - - [14/Jul/2025:16:42:23 +0000] "POST /get-message-notify HTTP/1.1" 200 18727 "https://teamhachem.com/entity/520081" "Mozilla/5.0 (Linux; Android 6.0.1; Nexus 5X Build/MMB29P) AppleWebKit/537.36 (KHTML, like Gecko) Chrome/137.0.7151.119 Mobile Safari/537.36 (compatible; Googlebot/2.1; +http://www.google.com/bot.html)"
66.249.73.225 - - [14/Jul/2025:16:42:27 +0000] "GET /entity/98453282 HTTP/1.1" 200 18119 "-" "Mozilla/5.0 (Linux; Android 6.0.1; Nexus 5X Build/MMB29P) AppleWebKit/537.36 (KHTML, like Gecko) Chrome/137.0.7151.103 Mobile Safari/537.36 (compatible; GoogleOther)"
66.249.73.225 - - [14/Jul/2025:16:42:35 +0000] "GET /entity/477033416 HTTP/1.1" 200 18867 "-" "Mozilla/5.0 (Linux; Android 6.0.1; Nexus 5X Build/MMB29P) AppleWebKit/537.36 (KHTML, like Gecko) Chrome/137.0.7151.103 Mobile Safari/537.36 (compatible; GoogleOther)"
209.74.77.214 - - [14/Jul/2025:16:42:37 +0000] "POST /wp-cron.php?doing_wp_cron=1752511357.2778699398040771484375 HTTP/1.1" 200 - "-" "WordPress/6.8.1; https://teamhachem.com"
100.24.167.60 - - [14/Jul/2025:16:42:36 +0000] "GET /events/list/?tribe-bar-date=2026-09-30 HTTP/1.1" 200 19803 "-" "Mozilla/5.0 AppleWebKit/537.36 (KHTML, like Gecko; compatible; Amazonbot/0.1; +https://developer.amazon.com/support/amazonbot) Chrome/119.0.6045.214 Safari/537.36"
44.206.93.215 - - [14/Jul/2025:16:42:41 +0000] "GET /events/list/?tribe-bar-date=2026-09-18 HTTP/1.1" 200 19806 "-" "Mozilla/5.0 AppleWebKit/537.36 (KHTML, like Gecko; compatible; Amazonbot/0.1; +https://developer.amazon.com/support/amazonbot) Chrome/119.0.6045.214 Safari/537.36"
66.249.73.225 - - [14/Jul/2025:16:42:48 +0000] "GET /entity/97918485 HTTP/1.1" 200 18599 "-" "Mozilla/5.0 (Linux; Android 6.0.1; Nexus 5X Build/MMB29P) AppleWebKit/537.36 (KHTML, like Gecko) Chrome/137.0.7151.103 Mobile Safari/537.36 (compatible; GoogleOther)"
66.249.73.225 - - [14/Jul/2025:16:43:11 +0000] "GET /entity/98074342 HTTP/1.1" 200 18231 "-" "Mozilla/5.0 (Linux; Android 6.0.1; Nexus 5X Build/MMB29P) AppleWebKit/537.36 (KHTML, like Gecko) Chrome/137.0.7151.103 Mobile Safari/537.36 (compatible; GoogleOther)"
66.249.73.226 - - [14/Jul/2025:16:43:22 +0000] "GET /entity/12864951 HTTP/1.1" 200 19894 "-" "Mozilla/5.0 (Linux; Android 6.0.1; Nexus 5X Build/MMB29P) AppleWebKit/537.36 (KHTML, like Gecko) Chrome/137.0.7151.103 Mobile Safari/537.36 (compatible; GoogleOther)"
66.249.73.225 - - [14/Jul/2025:16:43:46 +0000] "GET /entity/98448172 HTTP/1.1" 200 19506 "-" "Mozilla/5.0 (Linux; Android 6.0.1; Nexus 5X Build/MMB29P) AppleWebKit/537.36 (KHTML, like Gecko) Chrome/137.0.7151.103 Mobile Safari/537.36 (compatible; GoogleOther)"
66.249.73.225 - - [14/Jul/2025:16:43:56 +0000] "POST /get-message-notify HTTP/1.1" 200 18727 "https://teamhachem.com/entity/97983193" "Mozilla/5.0 (Linux; Android 6.0.1; Nexus 5X Build/MMB29P) AppleWebKit/537.36 (KHTML, like Gecko) Chrome/137.0.7151.119 Mobile Safari/537.36 (compatible; Googlebot/2.1; +http://www.google.com/bot.html)"
66.249.73.225 - - [14/Jul/2025:16:43:57 +0000] "GET /entity/14386265 HTTP/1.1" 200 18049 "-" "Mozilla/5.0 (Linux; Android 6.0.1; Nexus 5X Build/MMB29P) AppleWebKit/537.36 (KHTML, like Gecko) Chrome/137.0.7151.103 Mobile Safari/537.36 (compatible; GoogleOther)"
66.249.73.226 - - [14/Jul/2025:16:44:20 +0000] "GET /entity/97724145 HTTP/1.1" 200 17923 "-" "Mozilla/5.0 (Linux; Android 6.0.1; Nexus 5X Build/MMB29P) AppleWebKit/537.36 (KHTML, like Gecko) Chrome/137.0.7151.103 Mobile Safari/537.36 (compatible; GoogleOther)"
66.249.73.226 - - [14/Jul/2025:16:44:33 +0000] "GET /entity/13392356 HTTP/1.1" 200 18270 "-" "Mozilla/5.0 (Linux; Android 6.0.1; Nexus 5X Build/MMB29P) AppleWebKit/537.36 (KHTML, like Gecko) Chrome/137.0.7151.103 Mobile Safari/537.36 (compatible; GoogleOther)"
66.249.73.225 - - [14/Jul/2025:16:44:51 +0000] "GET /entity/13729838 HTTP/1.1" 200 18340 "-" "Mozilla/5.0 (Linux; Android 6.0.1; Nexus 5X Build/MMB29P) AppleWebKit/537.36 (KHTML, like Gecko) Chrome/137.0.7151.103 Mobile Safari/537.36 (compatible; GoogleOther)"
66.249.73.225 - - [14/Jul/2025:16:44:53 +0000] "GET /entity/98022997 HTTP/1.1" 200 17902 "-" "Mozilla/5.0 (Linux; Android 6.0.1; Nexus 5X Build/MMB29P) AppleWebKit/537.36 (KHTML, like Gecko) Chrome/137.0.7151.103 Mobile Safari/537.36 (compatible; GoogleOther)"
