216.73.216.96 - - [14/Jul/2025:20:50:10 +0000] "GET /entity/350607257 HTTP/1.1" 404 12739 "-" "Mozilla/5.0 AppleWebKit/537.36 (KHTML, like Gecko; compatible; ClaudeBot/1.0; [email protected])"
216.73.216.96 - - [14/Jul/2025:20:50:12 +0000] "GET /entity/350589892 HTTP/1.1" 404 12739 "-" "Mozilla/5.0 AppleWebKit/537.36 (KHTML, like Gecko; compatible; ClaudeBot/1.0; [email protected])"
216.73.216.96 - - [14/Jul/2025:20:50:15 +0000] "GET /entity/350481460 HTTP/1.1" 404 12736 "-" "Mozilla/5.0 AppleWebKit/537.36 (KHTML, like Gecko; compatible; ClaudeBot/1.0; [email protected])"
216.73.216.96 - - [14/Jul/2025:20:50:19 +0000] "GET /entity/350545028 HTTP/1.1" 404 12738 "-" "Mozilla/5.0 AppleWebKit/537.36 (KHTML, like Gecko; compatible; ClaudeBot/1.0; [email protected])"
216.73.216.96 - - [14/Jul/2025:20:50:21 +0000] "GET /entity/350476268 HTTP/1.1" 404 12737 "-" "Mozilla/5.0 AppleWebKit/537.36 (KHTML, like Gecko; compatible; ClaudeBot/1.0; [email protected])"
66.249.73.228 - - [14/Jul/2025:20:50:30 +0000] "POST /get-message-notify HTTP/1.1" 200 18727 "https://teamhachem.com/entity/97182221" "Mozilla/5.0 (Linux; Android 6.0.1; Nexus 5X Build/MMB29P) AppleWebKit/537.36 (KHTML, like Gecko) Chrome/137.0.7151.119 Mobile Safari/537.36 (compatible; Googlebot/2.1; +http://www.google.com/bot.html)"
209.74.77.214 - - [14/Jul/2025:20:50:46 +0000] "POST /wp-cron.php?doing_wp_cron=1752526246.8200809955596923828125 HTTP/1.1" 200 - "-" "WordPress/6.8.1; https://teamhachem.com"
216.73.216.96 - - [14/Jul/2025:20:50:46 +0000] "GET /entity/350424329 HTTP/1.1" 404 12739 "-" "Mozilla/5.0 AppleWebKit/537.36 (KHTML, like Gecko; compatible; ClaudeBot/1.0; [email protected])"
216.73.216.96 - - [14/Jul/2025:20:50:47 +0000] "GET /entity/350434794 HTTP/1.1" 404 12739 "-" "Mozilla/5.0 AppleWebKit/537.36 (KHTML, like Gecko; compatible; ClaudeBot/1.0; [email protected])"
216.73.216.96 - - [14/Jul/2025:20:50:50 +0000] "GET /entity/350483943 HTTP/1.1" 404 12740 "-" "Mozilla/5.0 AppleWebKit/537.36 (KHTML, like Gecko; compatible; ClaudeBot/1.0; [email protected])"
216.73.216.96 - - [14/Jul/2025:20:50:53 +0000] "GET /entity/350417216 HTTP/1.1" 404 12738 "-" "Mozilla/5.0 AppleWebKit/537.36 (KHTML, like Gecko; compatible; ClaudeBot/1.0; [email protected])"
216.73.216.96 - - [14/Jul/2025:20:50:56 +0000] "GET /entity/350447296 HTTP/1.1" 404 12738 "-" "Mozilla/5.0 AppleWebKit/537.36 (KHTML, like Gecko; compatible; ClaudeBot/1.0; [email protected])"
216.73.216.96 - - [14/Jul/2025:20:51:01 +0000] "GET /entity/350542778 HTTP/1.1" 404 12736 "-" "Mozilla/5.0 AppleWebKit/537.36 (KHTML, like Gecko; compatible; ClaudeBot/1.0; [email protected])"
216.73.216.96 - - [14/Jul/2025:20:51:13 +0000] "GET /entity/350423765 HTTP/1.1" 404 12737 "-" "Mozilla/5.0 AppleWebKit/537.36 (KHTML, like Gecko; compatible; ClaudeBot/1.0; [email protected])"
216.73.216.96 - - [14/Jul/2025:20:51:17 +0000] "GET /entity/350545622 HTTP/1.1" 404 12738 "-" "Mozilla/5.0 AppleWebKit/537.36 (KHTML, like Gecko; compatible; ClaudeBot/1.0; [email protected])"
216.73.216.96 - - [14/Jul/2025:20:51:19 +0000] "GET /entity/350420092 HTTP/1.1" 404 12741 "-" "Mozilla/5.0 AppleWebKit/537.36 (KHTML, like Gecko; compatible; ClaudeBot/1.0; [email protected])"
216.73.216.96 - - [14/Jul/2025:20:51:20 +0000] "GET /entity/350557845 HTTP/1.1" 404 12739 "-" "Mozilla/5.0 AppleWebKit/537.36 (KHTML, like Gecko; compatible; ClaudeBot/1.0; [email protected])"
209.74.77.214 - - [14/Jul/2025:20:51:24 +0000] "POST /wp-cron.php?doing_wp_cron=1752526284.2155160903930664062500 HTTP/1.1" 200 - "-" "WordPress/6.8.1; https://teamhachem.com"
216.73.216.96 - - [14/Jul/2025:20:51:23 +0000] "GET /entity/350507259 HTTP/1.1" 404 12740 "-" "Mozilla/5.0 AppleWebKit/537.36 (KHTML, like Gecko; compatible; ClaudeBot/1.0; [email protected])"
216.73.216.96 - - [14/Jul/2025:20:51:26 +0000] "GET /entity/350529714 HTTP/1.1" 404 12740 "-" "Mozilla/5.0 AppleWebKit/537.36 (KHTML, like Gecko; compatible; ClaudeBot/1.0; [email protected])"
209.74.77.214 - - [14/Jul/2025:20:51:51 +0000] "POST /wp-cron.php?doing_wp_cron=1752526311.2514081001281738281250 HTTP/1.1" 200 - "-" "WordPress/6.8.1; https://teamhachem.com"
51.222.253.4 - - [14/Jul/2025:20:51:50 +0000] "GET /events/list/?tribe-bar-date=2026-05-21&eventDisplay=past HTTP/1.1" 200 20258 "-" "Mozilla/5.0 (compatible; AhrefsBot/7.0; +http://ahrefs.com/robot/)"
216.73.216.96 - - [14/Jul/2025:20:51:55 +0000] "GET /entity/350558686 HTTP/1.1" 404 12737 "-" "Mozilla/5.0 AppleWebKit/537.36 (KHTML, like Gecko; compatible; ClaudeBot/1.0; [email protected])"
216.73.216.96 - - [14/Jul/2025:20:51:57 +0000] "GET /entity/350577177 HTTP/1.1" 404 12736 "-" "Mozilla/5.0 AppleWebKit/537.36 (KHTML, like Gecko; compatible; ClaudeBot/1.0; [email protected])"
216.73.216.96 - - [14/Jul/2025:20:52:00 +0000] "GET /entity/350498197 HTTP/1.1" 404 12734 "-" "Mozilla/5.0 AppleWebKit/537.36 (KHTML, like Gecko; compatible; ClaudeBot/1.0; [email protected])"
216.73.216.96 - - [14/Jul/2025:20:52:03 +0000] "GET /entity/350552141 HTTP/1.1" 404 12737 "-" "Mozilla/5.0 AppleWebKit/537.36 (KHTML, like Gecko; compatible; ClaudeBot/1.0; [email protected])"
216.73.216.96 - - [14/Jul/2025:20:52:08 +0000] "GET /entity/350577707 HTTP/1.1" 404 12739 "-" "Mozilla/5.0 AppleWebKit/537.36 (KHTML, like Gecko; compatible; ClaudeBot/1.0; [email protected])"
216.73.216.96 - - [14/Jul/2025:20:52:20 +0000] "GET /entity/350611177 HTTP/1.1" 404 12736 "-" "Mozilla/5.0 AppleWebKit/537.36 (KHTML, like Gecko; compatible; ClaudeBot/1.0; [email protected])"
209.74.77.214 - - [14/Jul/2025:20:52:24 +0000] "POST /wp-cron.php?doing_wp_cron=1752526344.9869070053100585937500 HTTP/1.1" 200 - "-" "WordPress/6.8.1; https://teamhachem.com"
216.73.216.96 - - [14/Jul/2025:20:52:24 +0000] "GET /entity/350436829 HTTP/1.1" 404 12737 "-" "Mozilla/5.0 AppleWebKit/537.36 (KHTML, like Gecko; compatible; ClaudeBot/1.0; [email protected])"
216.73.216.96 - - [14/Jul/2025:20:52:26 +0000] "GET /entity/350503275 HTTP/1.1" 404 12739 "-" "Mozilla/5.0 AppleWebKit/537.36 (KHTML, like Gecko; compatible; ClaudeBot/1.0; [email protected])"
216.73.216.96 - - [14/Jul/2025:20:52:29 +0000] "GET /entity/350501587 HTTP/1.1" 404 12741 "-" "Mozilla/5.0 AppleWebKit/537.36 (KHTML, like Gecko; compatible; ClaudeBot/1.0; [email protected])"
209.74.77.214 - - [14/Jul/2025:20:52:33 +0000] "POST /wp-cron.php?doing_wp_cron=1752526353.0959761142730712890625 HTTP/1.1" 200 - "-" "WordPress/6.8.1; https://teamhachem.com"
216.73.216.96 - - [14/Jul/2025:20:52:32 +0000] "GET /entity/350603038 HTTP/1.1" 404 12739 "-" "Mozilla/5.0 AppleWebKit/537.36 (KHTML, like Gecko; compatible; ClaudeBot/1.0; [email protected])"
216.73.216.96 - - [14/Jul/2025:20:52:35 +0000] "GET /entity/350547609 HTTP/1.1" 404 12742 "-" "Mozilla/5.0 AppleWebKit/537.36 (KHTML, like Gecko; compatible; ClaudeBot/1.0; [email protected])"
216.73.216.96 - - [14/Jul/2025:20:52:56 +0000] "GET /entity/350465239 HTTP/1.1" 404 12738 "-" "Mozilla/5.0 AppleWebKit/537.36 (KHTML, like Gecko; compatible; ClaudeBot/1.0; [email protected])"
216.73.216.96 - - [14/Jul/2025:20:52:59 +0000] "GET /entity/350410948 HTTP/1.1" 404 12741 "-" "Mozilla/5.0 AppleWebKit/537.36 (KHTML, like Gecko; compatible; ClaudeBot/1.0; [email protected])"
216.73.216.96 - - [14/Jul/2025:20:53:05 +0000] "GET /entity/350542184 HTTP/1.1" 404 12736 "-" "Mozilla/5.0 AppleWebKit/537.36 (KHTML, like Gecko; compatible; ClaudeBot/1.0; [email protected])"
216.73.216.96 - - [14/Jul/2025:20:53:08 +0000] "GET /entity/350446782 HTTP/1.1" 404 12735 "-" "Mozilla/5.0 AppleWebKit/537.36 (KHTML, like Gecko; compatible; ClaudeBot/1.0; [email protected])"
216.73.216.96 - - [14/Jul/2025:20:53:08 +0000] "GET /entity/350568627 HTTP/1.1" 404 12739 "-" "Mozilla/5.0 AppleWebKit/537.36 (KHTML, like Gecko; compatible; ClaudeBot/1.0; [email protected])"
216.73.216.96 - - [14/Jul/2025:20:53:11 +0000] "GET /entity/350445941 HTTP/1.1" 404 12741 "-" "Mozilla/5.0 AppleWebKit/537.36 (KHTML, like Gecko; compatible; ClaudeBot/1.0; [email protected])"
66.249.73.228 - - [14/Jul/2025:20:53:18 +0000] "POST /get-message-notify HTTP/1.1" 200 18727 "https://teamhachem.com/entity/857760" "Mozilla/5.0 (Linux; Android 6.0.1; Nexus 5X Build/MMB29P) AppleWebKit/537.36 (KHTML, like Gecko) Chrome/137.0.7151.119 Mobile Safari/537.36 (compatible; Googlebot/2.1; +http://www.google.com/bot.html)"
209.74.77.214 - - [14/Jul/2025:20:53:26 +0000] "POST /wp-cron.php?doing_wp_cron=1752526406.5905311107635498046875 HTTP/1.1" 200 - "-" "WordPress/6.8.1; https://teamhachem.com"
216.73.216.96 - - [14/Jul/2025:20:53:26 +0000] "GET /entity/350546469 HTTP/1.1" 404 12740 "-" "Mozilla/5.0 AppleWebKit/537.36 (KHTML, like Gecko; compatible; ClaudeBot/1.0; [email protected])"
216.73.216.96 - - [14/Jul/2025:20:53:29 +0000] "GET /entity/350566313 HTTP/1.1" 404 12740 "-" "Mozilla/5.0 AppleWebKit/537.36 (KHTML, like Gecko; compatible; ClaudeBot/1.0; [email protected])"
209.74.77.214 - - [14/Jul/2025:20:53:32 +0000] "POST /wp-cron.php?doing_wp_cron=1752526412.4600229263305664062500 HTTP/1.1" 200 - "-" "WordPress/6.8.1; https://teamhachem.com"
216.73.216.96 - - [14/Jul/2025:20:53:32 +0000] "GET /entity/350428843 HTTP/1.1" 404 12740 "-" "Mozilla/5.0 AppleWebKit/537.36 (KHTML, like Gecko; compatible; ClaudeBot/1.0; [email protected])"
216.73.216.96 - - [14/Jul/2025:20:53:38 +0000] "GET /entity/350535669 HTTP/1.1" 404 12735 "-" "Mozilla/5.0 AppleWebKit/537.36 (KHTML, like Gecko; compatible; ClaudeBot/1.0; [email protected])"
216.73.216.96 - - [14/Jul/2025:20:53:42 +0000] "GET /entity/350575425 HTTP/1.1" 404 12741 "-" "Mozilla/5.0 AppleWebKit/537.36 (KHTML, like Gecko; compatible; ClaudeBot/1.0; [email protected])"
66.249.73.227 - - [14/Jul/2025:20:54:01 +0000] "POST /get-message-notify HTTP/1.1" 200 18727 "https://teamhachem.com/entity/97254054" "Mozilla/5.0 (Linux; Android 6.0.1; Nexus 5X Build/MMB29P) AppleWebKit/537.36 (KHTML, like Gecko) Chrome/137.0.7151.119 Mobile Safari/537.36 (compatible; Googlebot/2.1; +http://www.google.com/bot.html)"
216.73.216.96 - - [14/Jul/2025:20:54:11 +0000] "GET /entity/350416391 HTTP/1.1" 404 12738 "-" "Mozilla/5.0 AppleWebKit/537.36 (KHTML, like Gecko; compatible; ClaudeBot/1.0; [email protected])"
216.73.216.96 - - [14/Jul/2025:20:54:15 +0000] "GET /entity/350596754 HTTP/1.1" 404 12740 "-" "Mozilla/5.0 AppleWebKit/537.36 (KHTML, like Gecko; compatible; ClaudeBot/1.0; [email protected])"
216.73.216.96 - - [14/Jul/2025:20:54:19 +0000] "GET /entity/350582221 HTTP/1.1" 404 12741 "-" "Mozilla/5.0 AppleWebKit/537.36 (KHTML, like Gecko; compatible; ClaudeBot/1.0; [email protected])"
209.74.77.214 - - [14/Jul/2025:20:54:24 +0000] "POST /wp-cron.php?doing_wp_cron=1752526464.8955669403076171875000 HTTP/1.1" 200 - "-" "WordPress/6.8.1; https://teamhachem.com"
216.73.216.96 - - [14/Jul/2025:20:54:24 +0000] "GET /entity/350537636 HTTP/1.1" 404 12740 "-" "Mozilla/5.0 AppleWebKit/537.36 (KHTML, like Gecko; compatible; ClaudeBot/1.0; [email protected])"
216.73.216.96 - - [14/Jul/2025:20:54:30 +0000] "GET /entity/350515263 HTTP/1.1" 404 12737 "-" "Mozilla/5.0 AppleWebKit/537.36 (KHTML, like Gecko; compatible; ClaudeBot/1.0; [email protected])"
209.74.77.214 - - [14/Jul/2025:20:54:38 +0000] "POST /wp-cron.php?doing_wp_cron=1752526478.2098300457000732421875 HTTP/1.1" 200 - "-" "WordPress/6.8.1; https://teamhachem.com"
216.73.216.96 - - [14/Jul/2025:20:54:37 +0000] "GET /entity/350487132 HTTP/1.1" 404 12739 "-" "Mozilla/5.0 AppleWebKit/537.36 (KHTML, like Gecko; compatible; ClaudeBot/1.0; [email protected])"
216.73.216.96 - - [14/Jul/2025:20:54:41 +0000] "GET /entity/350507556 HTTP/1.1" 404 12741 "-" "Mozilla/5.0 AppleWebKit/537.36 (KHTML, like Gecko; compatible; ClaudeBot/1.0; [email protected])"
216.73.216.96 - - [14/Jul/2025:20:54:43 +0000] "GET /entity/350567519 HTTP/1.1" 404 12740 "-" "Mozilla/5.0 AppleWebKit/537.36 (KHTML, like Gecko; compatible; ClaudeBot/1.0; [email protected])"
216.73.216.96 - - [14/Jul/2025:20:54:46 +0000] "GET /entity/350529120 HTTP/1.1" 404 12738 "-" "Mozilla/5.0 AppleWebKit/537.36 (KHTML, like Gecko; compatible; ClaudeBot/1.0; [email protected])"
216.73.216.96 - - [14/Jul/2025:20:54:49 +0000] "GET /entity/350533437 HTTP/1.1" 404 12741 "-" "Mozilla/5.0 AppleWebKit/537.36 (KHTML, like Gecko; compatible; ClaudeBot/1.0; [email protected])"
216.73.216.96 - - [14/Jul/2025:20:54:54 +0000] "GET /entity/350537357 HTTP/1.1" 404 12737 "-" "Mozilla/5.0 AppleWebKit/537.36 (KHTML, like Gecko; compatible; ClaudeBot/1.0; [email protected])"
216.73.216.96 - - [14/Jul/2025:20:55:21 +0000] "GET /entity/350518932 HTTP/1.1" 404 12741 "-" "Mozilla/5.0 AppleWebKit/537.36 (KHTML, like Gecko; compatible; ClaudeBot/1.0; [email protected])"
209.74.77.214 - - [14/Jul/2025:20:55:25 +0000] "POST /wp-cron.php?doing_wp_cron=1752526525.2387979030609130859375 HTTP/1.1" 200 - "-" "WordPress/6.8.1; https://teamhachem.com"
216.73.216.96 - - [14/Jul/2025:20:55:24 +0000] "GET /entity/350578831 HTTP/1.1" 404 12737 "-" "Mozilla/5.0 AppleWebKit/537.36 (KHTML, like Gecko; compatible; ClaudeBot/1.0; [email protected])"
216.73.216.96 - - [14/Jul/2025:20:55:27 +0000] "GET /entity/350543591 HTTP/1.1" 404 12738 "-" "Mozilla/5.0 AppleWebKit/537.36 (KHTML, like Gecko; compatible; ClaudeBot/1.0; [email protected])"
216.73.216.96 - - [14/Jul/2025:20:55:30 +0000] "GET /entity/350411263 HTTP/1.1" 404 12736 "-" "Mozilla/5.0 AppleWebKit/537.36 (KHTML, like Gecko; compatible; ClaudeBot/1.0; [email protected])"
66.249.73.226 - - [14/Jul/2025:20:55:31 +0000] "GET /entity/97227679 HTTP/1.1" 200 17909 "-" "Mozilla/5.0 (Linux; Android 6.0.1; Nexus 5X Build/MMB29P) AppleWebKit/537.36 (KHTML, like Gecko) Chrome/137.0.7151.103 Mobile Safari/537.36 (compatible; GoogleOther)"
209.74.77.214 - - [14/Jul/2025:20:55:35 +0000] "POST /wp-cron.php?doing_wp_cron=1752526535.0578649044036865234375 HTTP/1.1" 200 - "-" "WordPress/6.8.1; https://teamhachem.com"
216.73.216.96 - - [14/Jul/2025:20:55:34 +0000] "GET /entity/350452143 HTTP/1.1" 404 12738 "-" "Mozilla/5.0 AppleWebKit/537.36 (KHTML, like Gecko; compatible; ClaudeBot/1.0; [email protected])"
85.208.96.210 - - [14/Jul/2025:20:55:36 +0000] "GET /robots.txt HTTP/1.1" 200 94 "-" "Mozilla/5.0 (compatible; SemrushBot/7~bl; +http://www.semrush.com/bot.html)"
85.208.96.210 - - [14/Jul/2025:20:55:37 +0000] "GET /events/list/?eventDisplay=past&tribe-bar-date=2025-03-29 HTTP/1.1" 200 20262 "-" "Mozilla/5.0 (compatible; SemrushBot/7~bl; +http://www.semrush.com/bot.html)"
216.73.216.96 - - [14/Jul/2025:20:55:39 +0000] "GET /entity/350592752 HTTP/1.1" 404 12739 "-" "Mozilla/5.0 AppleWebKit/537.36 (KHTML, like Gecko; compatible; ClaudeBot/1.0; [email protected])"
216.73.216.96 - - [14/Jul/2025:20:55:48 +0000] "GET /entity/350549329 HTTP/1.1" 404 12734 "-" "Mozilla/5.0 AppleWebKit/537.36 (KHTML, like Gecko; compatible; ClaudeBot/1.0; [email protected])"
216.73.216.96 - - [14/Jul/2025:20:55:52 +0000] "GET /entity/350533967 HTTP/1.1" 404 12737 "-" "Mozilla/5.0 AppleWebKit/537.36 (KHTML, like Gecko; compatible; ClaudeBot/1.0; [email protected])"
216.73.216.96 - - [14/Jul/2025:20:55:54 +0000] "GET /entity/350431404 HTTP/1.1" 404 12739 "-" "Mozilla/5.0 AppleWebKit/537.36 (KHTML, like Gecko; compatible; ClaudeBot/1.0; [email protected])"
216.73.216.96 - - [14/Jul/2025:20:55:57 +0000] "GET /entity/350506944 HTTP/1.1" 404 12734 "-" "Mozilla/5.0 AppleWebKit/537.36 (KHTML, like Gecko; compatible; ClaudeBot/1.0; [email protected])"
216.73.216.96 - - [14/Jul/2025:20:56:00 +0000] "GET /entity/350511261 HTTP/1.1" 404 12735 "-" "Mozilla/5.0 AppleWebKit/537.36 (KHTML, like Gecko; compatible; ClaudeBot/1.0; [email protected])"
205.210.31.79 - - [14/Jul/2025:20:56:01 +0000] "GET / HTTP/1.1" 301 - "-" "Hello from Palo Alto Networks, find out more about our scans in https://docs-cortex.paloaltonetworks.com/r/1/Cortex-Xpanse/Scanning-activity"
209.74.77.214 - - [14/Jul/2025:20:56:24 +0000] "POST /wp-cron.php?doing_wp_cron=1752526584.1771340370178222656250 HTTP/1.1" 200 - "-" "WordPress/6.8.1; https://teamhachem.com"
216.73.216.96 - - [14/Jul/2025:20:56:23 +0000] "GET /entity/350410669 HTTP/1.1" 404 12739 "-" "Mozilla/5.0 AppleWebKit/537.36 (KHTML, like Gecko; compatible; ClaudeBot/1.0; [email protected])"
216.73.216.96 - - [14/Jul/2025:20:56:30 +0000] "GET /entity/350585081 HTTP/1.1" 404 12737 "-" "Mozilla/5.0 AppleWebKit/537.36 (KHTML, like Gecko; compatible; ClaudeBot/1.0; [email protected])"
209.74.77.214 - - [14/Jul/2025:20:56:37 +0000] "POST /wp-cron.php?doing_wp_cron=1752526597.2375171184539794921875 HTTP/1.1" 200 - "-" "WordPress/6.8.1; https://teamhachem.com"
216.73.216.96 - - [14/Jul/2025:20:56:36 +0000] "GET /entity/350582817 HTTP/1.1" 404 12737 "-" "Mozilla/5.0 AppleWebKit/537.36 (KHTML, like Gecko; compatible; ClaudeBot/1.0; [email protected])"
216.73.216.96 - - [14/Jul/2025:20:56:39 +0000] "GET /entity/350436514 HTTP/1.1" 404 12741 "-" "Mozilla/5.0 AppleWebKit/537.36 (KHTML, like Gecko; compatible; ClaudeBot/1.0; [email protected])"
216.73.216.96 - - [14/Jul/2025:20:56:41 +0000] "GET /entity/350545343 HTTP/1.1" 404 12737 "-" "Mozilla/5.0 AppleWebKit/537.36 (KHTML, like Gecko; compatible; ClaudeBot/1.0; [email protected])"
216.73.216.96 - - [14/Jul/2025:20:56:54 +0000] "GET /entity/350478582 HTTP/1.1" 404 12742 "-" "Mozilla/5.0 AppleWebKit/537.36 (KHTML, like Gecko; compatible; ClaudeBot/1.0; [email protected])"
216.73.216.96 - - [14/Jul/2025:20:56:59 +0000] "GET /entity/350467752 HTTP/1.1" 404 12737 "-" "Mozilla/5.0 AppleWebKit/537.36 (KHTML, like Gecko; compatible; ClaudeBot/1.0; [email protected])"
216.73.216.96 - - [14/Jul/2025:20:57:03 +0000] "GET /entity/350489382 HTTP/1.1" 404 12739 "-" "Mozilla/5.0 AppleWebKit/537.36 (KHTML, like Gecko; compatible; ClaudeBot/1.0; [email protected])"
185.191.171.6 - - [14/Jul/2025:20:57:03 +0000] "GET /events/list/?eventDisplay=past&tribe-bar-date=2025-08-20 HTTP/1.1" 200 20250 "-" "Mozilla/5.0 (compatible; SemrushBot/7~bl; +http://www.semrush.com/bot.html)"
216.73.216.96 - - [14/Jul/2025:20:57:05 +0000] "GET /entity/350554455 HTTP/1.1" 404 12738 "-" "Mozilla/5.0 AppleWebKit/537.36 (KHTML, like Gecko; compatible; ClaudeBot/1.0; [email protected])"
216.73.216.96 - - [14/Jul/2025:20:57:08 +0000] "GET /entity/350456129 HTTP/1.1" 404 12735 "-" "Mozilla/5.0 AppleWebKit/537.36 (KHTML, like Gecko; compatible; ClaudeBot/1.0; [email protected])"
209.74.77.214 - - [14/Jul/2025:20:57:28 +0000] "POST /wp-cron.php?doing_wp_cron=1752526648.3079969882965087890625 HTTP/1.1" 200 - "-" "WordPress/6.8.1; https://teamhachem.com"
216.73.216.96 - - [14/Jul/2025:20:57:28 +0000] "GET /entity/350437672 HTTP/1.1" 404 12739 "-" "Mozilla/5.0 AppleWebKit/537.36 (KHTML, like Gecko; compatible; ClaudeBot/1.0; [email protected])"
209.74.77.214 - - [14/Jul/2025:20:57:31 +0000] "POST /wp-cron.php?doing_wp_cron=1752526651.7973489761352539062500 HTTP/1.1" 200 - "-" "WordPress/6.8.1; https://teamhachem.com"
157.230.250.239 - - [14/Jul/2025:20:57:31 +0000] "HEAD / HTTP/1.1" 200 - "http://teamhachem.com/" "-"
157.230.250.239 - - [14/Jul/2025:20:57:33 +0000] "GET / HTTP/1.1" 200 135154 "http://teamhachem.com/" "Mozilla/5.0 (iPhone; CPU iPhone OS 17_1 like Mac OS X) AppleWebKit/605.1.15 (KHTML, like Gecko) Version/17.1 Mobile/15E148 Safari/604.1"
157.230.250.239 - - [14/Jul/2025:20:57:36 +0000] "GET / HTTP/1.1" 200 135154 "http://teamhachem.com/" "Mozilla/5.0 (Windows NT 10.0; Win64; x64; rv:119.0) Gecko/20100101 Firefox/119.0"
216.73.216.96 - - [14/Jul/2025:20:57:37 +0000] "GET /entity/350479740 HTTP/1.1" 404 12740 "-" "Mozilla/5.0 AppleWebKit/537.36 (KHTML, like Gecko; compatible; ClaudeBot/1.0; [email protected])"
157.230.250.239 - - [14/Jul/2025:20:57:38 +0000] "GET / HTTP/1.1" 200 135177 "http://teamhachem.com/" "Mozilla/5.0 (Macintosh; Intel Mac OS X 10_15_7) AppleWebKit/605.1.15 (KHTML, like Gecko) Version/17.1 Safari/605.1.15"
157.230.250.239 - - [14/Jul/2025:20:57:39 +0000] "GET /xmlrpc.php HTTP/1.1" 405 42 "-" "Mozilla/5.0 (Linux; Android 14; SM-G991B) AppleWebKit/537.36 (KHTML, like Gecko) Chrome/120.0.0.0 Mobile Safari/537.36"
216.73.216.96 - - [14/Jul/2025:20:57:41 +0000] "GET /entity/350560127 HTTP/1.1" 404 12739 "-" "Mozilla/5.0 AppleWebKit/537.36 (KHTML, like Gecko; compatible; ClaudeBot/1.0; [email protected])"
157.230.250.239 - - [14/Jul/2025:20:57:42 +0000] "GET / HTTP/1.1" 200 135164 "http://teamhachem.com/" "Mozilla/5.0 (Linux; Android 13; Pixel 7) AppleWebKit/537.36 (KHTML, like Gecko) Chrome/120.0.0.0 Mobile Safari/537.36"
216.73.216.96 - - [14/Jul/2025:20:57:42 +0000] "GET /entity/350605505 HTTP/1.1" 404 12742 "-" "Mozilla/5.0 AppleWebKit/537.36 (KHTML, like Gecko; compatible; ClaudeBot/1.0; [email protected])"
157.230.250.239 - - [14/Jul/2025:20:57:44 +0000] "GET /xmlrpc.php HTTP/1.1" 405 42 "-" "Mozilla/5.0 (Macintosh; Intel Mac OS X 10_15_7) AppleWebKit/537.36 (KHTML, like Gecko) Chrome/120.0.0.0 Safari/537.36"
216.73.216.96 - - [14/Jul/2025:20:57:45 +0000] "GET /entity/350591333 HTTP/1.1" 404 12736 "-" "Mozilla/5.0 AppleWebKit/537.36 (KHTML, like Gecko; compatible; ClaudeBot/1.0; [email protected])"
66.249.73.226 - - [14/Jul/2025:20:57:49 +0000] "POST /get-message-notify HTTP/1.1" 200 18727 "https://teamhachem.com/entity/97921875" "Mozilla/5.0 (Linux; Android 6.0.1; Nexus 5X Build/MMB29P) AppleWebKit/537.36 (KHTML, like Gecko) Chrome/137.0.7151.119 Mobile Safari/537.36 (compatible; Googlebot/2.1; +http://www.google.com/bot.html)"
216.73.216.96 - - [14/Jul/2025:20:57:57 +0000] "GET /entity/350481378 HTTP/1.1" 404 12739 "-" "Mozilla/5.0 AppleWebKit/537.36 (KHTML, like Gecko; compatible; ClaudeBot/1.0; [email protected])"
157.230.250.239 - - [14/Jul/2025:20:57:58 +0000] "GET / HTTP/1.1" 200 135165 "http://teamhachem.com/" "Mozilla/5.0 (iPhone; CPU iPhone OS 17_1 like Mac OS X) AppleWebKit/605.1.15 (KHTML, like Gecko) Version/17.1 Mobile/15E148 Safari/604.1"
216.73.216.96 - - [14/Jul/2025:20:58:04 +0000] "GET /entity/350520620 HTTP/1.1" 404 12739 "-" "Mozilla/5.0 AppleWebKit/537.36 (KHTML, like Gecko; compatible; ClaudeBot/1.0; [email protected])"
216.73.216.96 - - [14/Jul/2025:20:58:05 +0000] "GET /entity/350615458 HTTP/1.1" 404 12743 "-" "Mozilla/5.0 AppleWebKit/537.36 (KHTML, like Gecko; compatible; ClaudeBot/1.0; [email protected])"
216.73.216.96 - - [14/Jul/2025:20:58:08 +0000] "GET /entity/350500479 HTTP/1.1" 404 12739 "-" "Mozilla/5.0 AppleWebKit/537.36 (KHTML, like Gecko; compatible; ClaudeBot/1.0; [email protected])"
216.73.216.96 - - [14/Jul/2025:20:58:11 +0000] "GET /entity/350537106 HTTP/1.1" 404 12736 "-" "Mozilla/5.0 AppleWebKit/537.36 (KHTML, like Gecko; compatible; ClaudeBot/1.0; [email protected])"
157.230.250.239 - - [14/Jul/2025:20:58:11 +0000] "GET / HTTP/1.1" 200 135168 "http://teamhachem.com/" "Mozilla/5.0 (Macintosh; Intel Mac OS X 10_15_7) AppleWebKit/537.36 (KHTML, like Gecko) Chrome/120.0.0.0 Safari/537.36"
207.46.13.107 - - [14/Jul/2025:20:58:17 +0000] "GET /entity/615372195 HTTP/1.1" 200 20980 "-" "Mozilla/5.0 AppleWebKit/537.36 (KHTML, like Gecko; compatible; bingbot/2.0; +http://www.bing.com/bingbot.htm) Chrome/116.0.1938.76 Safari/537.36"
209.74.77.214 - - [14/Jul/2025:20:58:30 +0000] "POST /wp-cron.php?doing_wp_cron=1752526710.8288080692291259765625 HTTP/1.1" 200 - "-" "WordPress/6.8.1; https://teamhachem.com"
216.73.216.96 - - [14/Jul/2025:20:58:30 +0000] "GET /entity/350502199 HTTP/1.1" 404 12739 "-" "Mozilla/5.0 AppleWebKit/537.36 (KHTML, like Gecko; compatible; ClaudeBot/1.0; [email protected])"
209.74.77.214 - - [14/Jul/2025:20:58:34 +0000] "POST /wp-cron.php?doing_wp_cron=1752526714.3146679401397705078125 HTTP/1.1" 200 - "-" "WordPress/6.8.1; https://teamhachem.com"
216.73.216.96 - - [14/Jul/2025:20:58:34 +0000] "GET /entity/350494442 HTTP/1.1" 404 12741 "-" "Mozilla/5.0 AppleWebKit/537.36 (KHTML, like Gecko; compatible; ClaudeBot/1.0; [email protected])"
216.73.216.96 - - [14/Jul/2025:20:58:36 +0000] "GET /entity/350531155 HTTP/1.1" 404 12735 "-" "Mozilla/5.0 AppleWebKit/537.36 (KHTML, like Gecko; compatible; ClaudeBot/1.0; [email protected])"
216.73.216.96 - - [14/Jul/2025:20:58:40 +0000] "GET /entity/350549030 HTTP/1.1" 404 12737 "-" "Mozilla/5.0 AppleWebKit/537.36 (KHTML, like Gecko; compatible; ClaudeBot/1.0; [email protected])"
216.73.216.96 - - [14/Jul/2025:20:58:42 +0000] "GET /entity/350453580 HTTP/1.1" 404 12736 "-" "Mozilla/5.0 AppleWebKit/537.36 (KHTML, like Gecko; compatible; ClaudeBot/1.0; [email protected])"
216.73.216.96 - - [14/Jul/2025:20:59:06 +0000] "GET /entity/350488240 HTTP/1.1" 404 12741 "-" "Mozilla/5.0 AppleWebKit/537.36 (KHTML, like Gecko; compatible; ClaudeBot/1.0; [email protected])"
216.73.216.96 - - [14/Jul/2025:20:59:08 +0000] "GET /entity/350460113 HTTP/1.1" 404 12743 "-" "Mozilla/5.0 AppleWebKit/537.36 (KHTML, like Gecko; compatible; ClaudeBot/1.0; [email protected])"
216.73.216.96 - - [14/Jul/2025:20:59:10 +0000] "GET /entity/350582500 HTTP/1.1" 404 12742 "-" "Mozilla/5.0 AppleWebKit/537.36 (KHTML, like Gecko; compatible; ClaudeBot/1.0; [email protected])"
216.73.216.96 - - [14/Jul/2025:20:59:14 +0000] "GET /entity/350513511 HTTP/1.1" 404 12744 "-" "Mozilla/5.0 AppleWebKit/537.36 (KHTML, like Gecko; compatible; ClaudeBot/1.0; [email protected])"
216.73.216.96 - - [14/Jul/2025:20:59:16 +0000] "GET /entity/350544749 HTTP/1.1" 404 12740 "-" "Mozilla/5.0 AppleWebKit/537.36 (KHTML, like Gecko; compatible; ClaudeBot/1.0; [email protected])"
209.74.77.214 - - [14/Jul/2025:20:59:34 +0000] "POST /wp-cron.php?doing_wp_cron=1752526774.9746229648590087890625 HTTP/1.1" 200 - "-" "WordPress/6.8.1; https://teamhachem.com"
216.73.216.96 - - [14/Jul/2025:20:59:34 +0000] "GET /entity/350500164 HTTP/1.1" 404 12734 "-" "Mozilla/5.0 AppleWebKit/537.36 (KHTML, like Gecko; compatible; ClaudeBot/1.0; [email protected])"
216.73.216.96 - - [14/Jul/2025:20:59:38 +0000] "GET /entity/350444500 HTTP/1.1" 404 12739 "-" "Mozilla/5.0 AppleWebKit/537.36 (KHTML, like Gecko; compatible; ClaudeBot/1.0; [email protected])"
216.73.216.96 - - [14/Jul/2025:20:59:44 +0000] "GET /entity/350458690 HTTP/1.1" 404 12741 "-" "Mozilla/5.0 AppleWebKit/537.36 (KHTML, like Gecko; compatible; ClaudeBot/1.0; [email protected])"
216.73.216.96 - - [14/Jul/2025:20:59:48 +0000] "GET /entity/350580268 HTTP/1.1" 404 12743 "-" "Mozilla/5.0 AppleWebKit/537.36 (KHTML, like Gecko; compatible; ClaudeBot/1.0; [email protected])"
216.73.216.96 - - [14/Jul/2025:20:59:51 +0000] "GET /entity/350518059 HTTP/1.1" 404 12738 "-" "Mozilla/5.0 AppleWebKit/537.36 (KHTML, like Gecko; compatible; ClaudeBot/1.0; [email protected])"
216.73.216.96 - - [14/Jul/2025:21:00:05 +0000] "GET /entity/350435705 HTTP/1.1" 404 12739 "-" "Mozilla/5.0 AppleWebKit/537.36 (KHTML, like Gecko; compatible; ClaudeBot/1.0; [email protected])"
209.74.77.214 - - [14/Jul/2025:21:00:09 +0000] "POST /wp-cron.php?doing_wp_cron=1752526809.3666920661926269531250 HTTP/1.1" 200 - "-" "WordPress/6.8.1; https://teamhachem.com"
216.73.216.96 - - [14/Jul/2025:21:00:09 +0000] "GET /entity/350555531 HTTP/1.1" 404 12740 "-" "Mozilla/5.0 AppleWebKit/537.36 (KHTML, like Gecko; compatible; ClaudeBot/1.0; [email protected])"
216.73.216.96 - - [14/Jul/2025:21:00:13 +0000] "GET /entity/350479429 HTTP/1.1" 404 12739 "-" "Mozilla/5.0 AppleWebKit/537.36 (KHTML, like Gecko; compatible; ClaudeBot/1.0; [email protected])"
216.73.216.96 - - [14/Jul/2025:21:00:18 +0000] "GET /entity/350452739 HTTP/1.1" 404 12739 "-" "Mozilla/5.0 AppleWebKit/537.36 (KHTML, like Gecko; compatible; ClaudeBot/1.0; [email protected])"
216.73.216.96 - - [14/Jul/2025:21:00:20 +0000] "GET /entity/350556404 HTTP/1.1" 404 12736 "-" "Mozilla/5.0 AppleWebKit/537.36 (KHTML, like Gecko; compatible; ClaudeBot/1.0; [email protected])"
216.73.216.96 - - [14/Jul/2025:21:00:44 +0000] "GET /robots.txt HTTP/1.1" 200 94 "-" "Mozilla/5.0 AppleWebKit/537.36 (KHTML, like Gecko; compatible; ClaudeBot/1.0; [email protected])"
209.74.77.214 - - [14/Jul/2025:21:00:44 +0000] "POST /wp-cron.php?doing_wp_cron=1752526844.5850720405578613281250 HTTP/1.1" 200 - "-" "WordPress/6.8.1; https://teamhachem.com"
216.73.216.96 - - [14/Jul/2025:21:00:44 +0000] "GET /entity/350539671 HTTP/1.1" 404 12742 "-" "Mozilla/5.0 AppleWebKit/537.36 (KHTML, like Gecko; compatible; ClaudeBot/1.0; [email protected])"
216.73.216.96 - - [14/Jul/2025:21:00:47 +0000] "GET /entity/350468958 HTTP/1.1" 404 12736 "-" "Mozilla/5.0 AppleWebKit/537.36 (KHTML, like Gecko; compatible; ClaudeBot/1.0; [email protected])"
216.73.216.96 - - [14/Jul/2025:21:00:50 +0000] "GET /entity/350510946 HTTP/1.1" 404 12736 "-" "Mozilla/5.0 AppleWebKit/537.36 (KHTML, like Gecko; compatible; ClaudeBot/1.0; [email protected])"
216.73.216.96 - - [14/Jul/2025:21:00:53 +0000] "GET /entity/350467206 HTTP/1.1" 404 12739 "-" "Mozilla/5.0 AppleWebKit/537.36 (KHTML, like Gecko; compatible; ClaudeBot/1.0; [email protected])"
216.73.216.96 - - [14/Jul/2025:21:00:56 +0000] "GET /entity/350616303 HTTP/1.1" 404 12742 "-" "Mozilla/5.0 AppleWebKit/537.36 (KHTML, like Gecko; compatible; ClaudeBot/1.0; [email protected])"
66.249.73.225 - - [14/Jul/2025:21:01:12 +0000] "POST /get-message-notify HTTP/1.1" 200 18727 "https://teamhachem.com/entity/624922" "Mozilla/5.0 (Linux; Android 6.0.1; Nexus 5X Build/MMB29P) AppleWebKit/537.36 (KHTML, like Gecko) Chrome/137.0.7151.119 Mobile Safari/537.36 (compatible; Googlebot/2.1; +http://www.google.com/bot.html)"
216.73.216.96 - - [14/Jul/2025:21:01:18 +0000] "GET /entity/350470911 HTTP/1.1" 404 12737 "-" "Mozilla/5.0 AppleWebKit/537.36 (KHTML, like Gecko; compatible; ClaudeBot/1.0; [email protected])"
209.74.77.214 - - [14/Jul/2025:21:01:23 +0000] "POST /wp-cron.php?doing_wp_cron=1752526883.0740969181060791015625 HTTP/1.1" 200 - "-" "WordPress/6.8.1; https://teamhachem.com"
216.73.216.96 - - [14/Jul/2025:21:01:22 +0000] "GET /entity/350441939 HTTP/1.1" 404 12740 "-" "Mozilla/5.0 AppleWebKit/537.36 (KHTML, like Gecko; compatible; ClaudeBot/1.0; [email protected])"
216.73.216.96 - - [14/Jul/2025:21:01:24 +0000] "GET /entity/350499885 HTTP/1.1" 404 12737 "-" "Mozilla/5.0 AppleWebKit/537.36 (KHTML, like Gecko; compatible; ClaudeBot/1.0; [email protected])"
216.73.216.96 - - [14/Jul/2025:21:01:27 +0000] "GET /entity/350409545 HTTP/1.1" 404 12742 "-" "Mozilla/5.0 AppleWebKit/537.36 (KHTML, like Gecko; compatible; ClaudeBot/1.0; [email protected])"
216.73.216.96 - - [14/Jul/2025:21:01:30 +0000] "GET /entity/350491963 HTTP/1.1" 404 12737 "-" "Mozilla/5.0 AppleWebKit/537.36 (KHTML, like Gecko; compatible; ClaudeBot/1.0; [email protected])"
209.74.77.214 - - [14/Jul/2025:21:01:53 +0000] "POST /wp-cron.php?doing_wp_cron=1752526913.0011999607086181640625 HTTP/1.1" 200 - "-" "WordPress/6.8.1; https://teamhachem.com"
51.222.253.9 - - [14/Jul/2025:21:01:52 +0000] "GET /events/list/?tribe-bar-date=2026-05-20&eventDisplay=past HTTP/1.1" 200 20262 "-" "Mozilla/5.0 (compatible; AhrefsBot/7.0; +http://ahrefs.com/robot/)"
216.73.216.96 - - [14/Jul/2025:21:01:53 +0000] "GET /entity/350486291 HTTP/1.1" 404 12739 "-" "Mozilla/5.0 AppleWebKit/537.36 (KHTML, like Gecko; compatible; ClaudeBot/1.0; [email protected])"
216.73.216.96 - - [14/Jul/2025:21:01:58 +0000] "GET /entity/350483660 HTTP/1.1" 404 12742 "-" "Mozilla/5.0 AppleWebKit/537.36 (KHTML, like Gecko; compatible; ClaudeBot/1.0; [email protected])"
216.73.216.96 - - [14/Jul/2025:21:01:59 +0000] "GET /entity/350592473 HTTP/1.1" 404 12740 "-" "Mozilla/5.0 AppleWebKit/537.36 (KHTML, like Gecko; compatible; ClaudeBot/1.0; [email protected])"
216.73.216.96 - - [14/Jul/2025:21:02:02 +0000] "GET /entity/350463204 HTTP/1.1" 404 12739 "-" "Mozilla/5.0 AppleWebKit/537.36 (KHTML, like Gecko; compatible; ClaudeBot/1.0; [email protected])"
216.73.216.96 - - [14/Jul/2025:21:02:05 +0000] "GET /entity/350437108 HTTP/1.1" 404 12735 "-" "Mozilla/5.0 AppleWebKit/537.36 (KHTML, like Gecko; compatible; ClaudeBot/1.0; [email protected])"
209.74.77.214 - - [14/Jul/2025:21:02:43 +0000] "POST /wp-cron.php?doing_wp_cron=1752526963.6836409568786621093750 HTTP/1.1" 200 - "-" "WordPress/6.8.1; https://teamhachem.com"
216.73.216.96 - - [14/Jul/2025:21:02:41 +0000] "GET /entity/350512698 HTTP/1.1" 404 12739 "-" "Mozilla/5.0 AppleWebKit/537.36 (KHTML, like Gecko; compatible; ClaudeBot/1.0; [email protected])"
216.73.216.96 - - [14/Jul/2025:21:02:46 +0000] "GET /entity/350564326 HTTP/1.1" 404 12736 "-" "Mozilla/5.0 AppleWebKit/537.36 (KHTML, like Gecko; compatible; ClaudeBot/1.0; [email protected])"
216.73.216.96 - - [14/Jul/2025:21:02:48 +0000] "GET /entity/350417531 HTTP/1.1" 404 12740 "-" "Mozilla/5.0 AppleWebKit/537.36 (KHTML, like Gecko; compatible; ClaudeBot/1.0; [email protected])"
216.73.216.96 - - [14/Jul/2025:21:02:51 +0000] "GET /entity/350613208 HTTP/1.1" 404 12736 "-" "Mozilla/5.0 AppleWebKit/537.36 (KHTML, like Gecko; compatible; ClaudeBot/1.0; [email protected])"
216.73.216.96 - - [14/Jul/2025:21:02:55 +0000] "GET /entity/350613491 HTTP/1.1" 404 12740 "-" "Mozilla/5.0 AppleWebKit/537.36 (KHTML, like Gecko; compatible; ClaudeBot/1.0; [email protected])"
216.73.216.96 - - [14/Jul/2025:21:03:05 +0000] "GET /entity/350519183 HTTP/1.1" 404 12740 "-" "Mozilla/5.0 AppleWebKit/537.36 (KHTML, like Gecko; compatible; ClaudeBot/1.0; [email protected])"
216.73.216.96 - - [14/Jul/2025:21:03:09 +0000] "GET /entity/350534792 HTTP/1.1" 404 12740 "-" "Mozilla/5.0 AppleWebKit/537.36 (KHTML, like Gecko; compatible; ClaudeBot/1.0; [email protected])"
216.73.216.96 - - [14/Jul/2025:21:03:10 +0000] "GET /entity/350538230 HTTP/1.1" 404 12740 "-" "Mozilla/5.0 AppleWebKit/537.36 (KHTML, like Gecko; compatible; ClaudeBot/1.0; [email protected])"
216.73.216.96 - - [14/Jul/2025:21:03:13 +0000] "GET /entity/350445658 HTTP/1.1" 404 12739 "-" "Mozilla/5.0 AppleWebKit/537.36 (KHTML, like Gecko; compatible; ClaudeBot/1.0; [email protected])"
216.73.216.96 - - [14/Jul/2025:21:03:16 +0000] "GET /entity/350548139 HTTP/1.1" 404 12740 "-" "Mozilla/5.0 AppleWebKit/537.36 (KHTML, like Gecko; compatible; ClaudeBot/1.0; [email protected])"
209.74.77.214 - - [14/Jul/2025:21:03:39 +0000] "POST /wp-cron.php?doing_wp_cron=1752527019.6408910751342773437500 HTTP/1.1" 200 - "-" "WordPress/6.8.1; https://teamhachem.com"
216.73.216.96 - - [14/Jul/2025:21:03:39 +0000] "GET /entity/350536512 HTTP/1.1" 404 12739 "-" "Mozilla/5.0 AppleWebKit/537.36 (KHTML, like Gecko; compatible; ClaudeBot/1.0; [email protected])"
216.73.216.96 - - [14/Jul/2025:21:03:43 +0000] "GET /entity/350514057 HTTP/1.1" 404 12738 "-" "Mozilla/5.0 AppleWebKit/537.36 (KHTML, like Gecko; compatible; ClaudeBot/1.0; [email protected])"
209.74.77.214 - - [14/Jul/2025:21:03:48 +0000] "POST /wp-cron.php?doing_wp_cron=1752527028.3246929645538330078125 HTTP/1.1" 200 - "-" "WordPress/6.8.1; https://teamhachem.com"
216.73.216.96 - - [14/Jul/2025:21:03:48 +0000] "GET /entity/350581376 HTTP/1.1" 404 12738 "-" "Mozilla/5.0 AppleWebKit/537.36 (KHTML, like Gecko; compatible; ClaudeBot/1.0; [email protected])"
216.73.216.96 - - [14/Jul/2025:21:03:51 +0000] "GET /entity/350569486 HTTP/1.1" 404 12738 "-" "Mozilla/5.0 AppleWebKit/537.36 (KHTML, like Gecko; compatible; ClaudeBot/1.0; [email protected])"
216.73.216.96 - - [14/Jul/2025:21:03:54 +0000] "GET /entity/350521449 HTTP/1.1" 404 12738 "-" "Mozilla/5.0 AppleWebKit/537.36 (KHTML, like Gecko; compatible; ClaudeBot/1.0; [email protected])"
52.44.229.124 - - [14/Jul/2025:21:04:09 +0000] "GET /events/2026-10-14/ HTTP/1.1" 200 19464 "-" "Mozilla/5.0 AppleWebKit/537.36 (KHTML, like Gecko; compatible; Amazonbot/0.1; +https://developer.amazon.com/support/amazonbot) Chrome/119.0.6045.214 Safari/537.36"
98.83.226.125 - - [14/Jul/2025:21:04:13 +0000] "GET /events/2026-10-30/ HTTP/1.1" 200 19476 "-" "Mozilla/5.0 AppleWebKit/537.36 (KHTML, like Gecko; compatible; Amazonbot/0.1; +https://developer.amazon.com/support/amazonbot) Chrome/119.0.6045.214 Safari/537.36"
216.73.216.96 - - [14/Jul/2025:21:04:13 +0000] "GET /entity/350603273 HTTP/1.1" 404 12740 "-" "Mozilla/5.0 AppleWebKit/537.36 (KHTML, like Gecko; compatible; ClaudeBot/1.0; [email protected])"
18.213.102.186 - - [14/Jul/2025:21:04:17 +0000] "GET /events/list/?tribe-bar-date=2026-10-04 HTTP/1.1" 200 19796 "-" "Mozilla/5.0 AppleWebKit/537.36 (KHTML, like Gecko; compatible; Amazonbot/0.1; +https://developer.amazon.com/support/amazonbot) Chrome/119.0.6045.214 Safari/537.36"
216.73.216.96 - - [14/Jul/2025:21:04:17 +0000] "GET /entity/350525433 HTTP/1.1" 404 12738 "-" "Mozilla/5.0 AppleWebKit/537.36 (KHTML, like Gecko; compatible; ClaudeBot/1.0; [email protected])"
216.73.216.96 - - [14/Jul/2025:21:04:20 +0000] "GET /entity/350572346 HTTP/1.1" 404 12736 "-" "Mozilla/5.0 AppleWebKit/537.36 (KHTML, like Gecko; compatible; ClaudeBot/1.0; [email protected])"
54.84.161.62 - - [14/Jul/2025:21:04:21 +0000] "GET /events/list/?tribe-bar-date=2026-07-06 HTTP/1.1" 200 19805 "-" "Mozilla/5.0 AppleWebKit/537.36 (KHTML, like Gecko; compatible; Amazonbot/0.1; +https://developer.amazon.com/support/amazonbot) Chrome/119.0.6045.214 Safari/537.36"
209.74.77.214 - - [14/Jul/2025:21:04:26 +0000] "POST /wp-cron.php?doing_wp_cron=1752527066.2950370311737060546875 HTTP/1.1" 200 - "-" "WordPress/6.8.1; https://teamhachem.com"
216.73.216.96 - - [14/Jul/2025:21:04:26 +0000] "GET /entity/350508385 HTTP/1.1" 404 12738 "-" "Mozilla/5.0 AppleWebKit/537.36 (KHTML, like Gecko; compatible; ClaudeBot/1.0; [email protected])"
216.73.216.96 - - [14/Jul/2025:21:04:30 +0000] "GET /entity/350511540 HTTP/1.1" 404 12741 "-" "Mozilla/5.0 AppleWebKit/537.36 (KHTML, like Gecko; compatible; ClaudeBot/1.0; [email protected])"
209.74.77.214 - - [14/Jul/2025:21:04:47 +0000] "POST /wp-cron.php?doing_wp_cron=1752527087.7733609676361083984375 HTTP/1.1" 200 - "-" "WordPress/6.8.1; https://teamhachem.com"
216.73.216.96 - - [14/Jul/2025:21:04:47 +0000] "GET /entity/350485695 HTTP/1.1" 404 12738 "-" "Mozilla/5.0 AppleWebKit/537.36 (KHTML, like Gecko; compatible; ClaudeBot/1.0; [email protected])"
216.73.216.96 - - [14/Jul/2025:21:04:51 +0000] "GET /entity/350573159 HTTP/1.1" 404 12735 "-" "Mozilla/5.0 AppleWebKit/537.36 (KHTML, like Gecko; compatible; ClaudeBot/1.0; [email protected])"
216.73.216.96 - - [14/Jul/2025:21:04:53 +0000] "GET /entity/350592174 HTTP/1.1" 404 12739 "-" "Mozilla/5.0 AppleWebKit/537.36 (KHTML, like Gecko; compatible; ClaudeBot/1.0; [email protected])"
216.73.216.96 - - [14/Jul/2025:21:04:56 +0000] "GET /entity/350448223 HTTP/1.1" 404 12739 "-" "Mozilla/5.0 AppleWebKit/537.36 (KHTML, like Gecko; compatible; ClaudeBot/1.0; [email protected])"
216.73.216.96 - - [14/Jul/2025:21:04:59 +0000] "GET /entity/350478303 HTTP/1.1" 404 12738 "-" "Mozilla/5.0 AppleWebKit/537.36 (KHTML, like Gecko; compatible; ClaudeBot/1.0; [email protected])"
216.73.216.96 - - [14/Jul/2025:21:05:17 +0000] "GET /entity/350419251 HTTP/1.1" 404 12738 "-" "Mozilla/5.0 AppleWebKit/537.36 (KHTML, like Gecko; compatible; ClaudeBot/1.0; [email protected])"
209.74.77.214 - - [14/Jul/2025:21:05:24 +0000] "POST /wp-cron.php?doing_wp_cron=1752527124.0594561100006103515625 HTTP/1.1" 200 - "-" "WordPress/6.8.1; https://teamhachem.com"
216.73.216.96 - - [14/Jul/2025:21:05:23 +0000] "GET /entity/350472631 HTTP/1.1" 404 12739 "-" "Mozilla/5.0 AppleWebKit/537.36 (KHTML, like Gecko; compatible; ClaudeBot/1.0; [email protected])"
216.73.216.96 - - [14/Jul/2025:21:05:27 +0000] "GET /entity/350535687 HTTP/1.1" 404 12741 "-" "Mozilla/5.0 AppleWebKit/537.36 (KHTML, like Gecko; compatible; ClaudeBot/1.0; [email protected])"
216.73.216.96 - - [14/Jul/2025:21:05:28 +0000] "GET /entity/350442268 HTTP/1.1" 404 12738 "-" "Mozilla/5.0 AppleWebKit/537.36 (KHTML, like Gecko; compatible; ClaudeBot/1.0; [email protected])"
209.74.77.214 - - [14/Jul/2025:21:05:32 +0000] "POST /wp-cron.php?doing_wp_cron=1752527132.0668880939483642578125 HTTP/1.1" 200 - "-" "WordPress/6.8.1; https://teamhachem.com"
216.73.216.96 - - [14/Jul/2025:21:05:31 +0000] "GET /entity/350517742 HTTP/1.1" 404 12736 "-" "Mozilla/5.0 AppleWebKit/537.36 (KHTML, like Gecko; compatible; ClaudeBot/1.0; [email protected])"
216.73.216.96 - - [14/Jul/2025:21:05:58 +0000] "GET /entity/350435159 HTTP/1.1" 404 12737 "-" "Mozilla/5.0 AppleWebKit/537.36 (KHTML, like Gecko; compatible; ClaudeBot/1.0; [email protected])"
216.73.216.96 - - [14/Jul/2025:21:06:04 +0000] "GET /entity/350472348 HTTP/1.1" 404 12740 "-" "Mozilla/5.0 AppleWebKit/537.36 (KHTML, like Gecko; compatible; ClaudeBot/1.0; [email protected])"
66.249.73.227 - - [14/Jul/2025:21:06:06 +0000] "GET /entity/13730946 HTTP/1.1" 200 19444 "-" "Mozilla/5.0 (Linux; Android 6.0.1; Nexus 5X Build/MMB29P) AppleWebKit/537.36 (KHTML, like Gecko) Chrome/137.0.7151.103 Mobile Safari/537.36 (compatible; GoogleOther)"
216.73.216.96 - - [14/Jul/2025:21:06:07 +0000] "GET /entity/350429204 HTTP/1.1" 404 12740 "-" "Mozilla/5.0 AppleWebKit/537.36 (KHTML, like Gecko; compatible; ClaudeBot/1.0; [email protected])"
216.73.216.96 - - [14/Jul/2025:21:06:10 +0000] "GET /entity/350408104 HTTP/1.1" 404 12740 "-" "Mozilla/5.0 AppleWebKit/537.36 (KHTML, like Gecko; compatible; ClaudeBot/1.0; [email protected])"
216.73.216.96 - - [14/Jul/2025:21:06:13 +0000] "GET /entity/350426643 HTTP/1.1" 404 12740 "-" "Mozilla/5.0 AppleWebKit/537.36 (KHTML, like Gecko; compatible; ClaudeBot/1.0; [email protected])"
209.74.77.214 - - [14/Jul/2025:21:06:29 +0000] "POST /wp-cron.php?doing_wp_cron=1752527189.8157789707183837890625 HTTP/1.1" 200 - "-" "WordPress/6.8.1; https://teamhachem.com"
216.73.216.96 - - [14/Jul/2025:21:06:29 +0000] "GET /entity/350535075 HTTP/1.1" 404 12742 "-" "Mozilla/5.0 AppleWebKit/537.36 (KHTML, like Gecko; compatible; ClaudeBot/1.0; [email protected])"
209.74.77.214 - - [14/Jul/2025:21:06:33 +0000] "POST /wp-cron.php?doing_wp_cron=1752527193.8547248840332031250000 HTTP/1.1" 200 - "-" "WordPress/6.8.1; https://teamhachem.com"
216.73.216.96 - - [14/Jul/2025:21:06:33 +0000] "GET /entity/350526324 HTTP/1.1" 404 12736 "-" "Mozilla/5.0 AppleWebKit/537.36 (KHTML, like Gecko; compatible; ClaudeBot/1.0; [email protected])"
216.73.216.96 - - [14/Jul/2025:21:06:35 +0000] "GET /entity/350465785 HTTP/1.1" 404 12739 "-" "Mozilla/5.0 AppleWebKit/537.36 (KHTML, like Gecko; compatible; ClaudeBot/1.0; [email protected])"
216.73.216.96 - - [14/Jul/2025:21:06:40 +0000] "GET /entity/350508150 HTTP/1.1" 404 12737 "-" "Mozilla/5.0 AppleWebKit/537.36 (KHTML, like Gecko; compatible; ClaudeBot/1.0; [email protected])"
216.73.216.96 - - [14/Jul/2025:21:06:41 +0000] "GET /entity/350529435 HTTP/1.1" 404 12736 "-" "Mozilla/5.0 AppleWebKit/537.36 (KHTML, like Gecko; compatible; ClaudeBot/1.0; [email protected])"
216.73.216.96 - - [14/Jul/2025:21:07:01 +0000] "GET /entity/350576549 HTTP/1.1" 404 12738 "-" "Mozilla/5.0 AppleWebKit/537.36 (KHTML, like Gecko; compatible; ClaudeBot/1.0; [email protected])"
216.73.216.96 - - [14/Jul/2025:21:07:05 +0000] "GET /entity/350534545 HTTP/1.1" 404 12741 "-" "Mozilla/5.0 AppleWebKit/537.36 (KHTML, like Gecko; compatible; ClaudeBot/1.0; [email protected])"
216.73.216.96 - - [14/Jul/2025:21:07:09 +0000] "GET /entity/350495054 HTTP/1.1" 404 12743 "-" "Mozilla/5.0 AppleWebKit/537.36 (KHTML, like Gecko; compatible; ClaudeBot/1.0; [email protected])"
216.73.216.96 - - [14/Jul/2025:21:07:12 +0000] "GET /entity/350468346 HTTP/1.1" 404 12738 "-" "Mozilla/5.0 AppleWebKit/537.36 (KHTML, like Gecko; compatible; ClaudeBot/1.0; [email protected])"
216.73.216.96 - - [14/Jul/2025:21:07:15 +0000] "GET /entity/350488491 HTTP/1.1" 404 12741 "-" "Mozilla/5.0 AppleWebKit/537.36 (KHTML, like Gecko; compatible; ClaudeBot/1.0; [email protected])"
66.249.73.225 - - [14/Jul/2025:21:07:17 +0000] "GET /entity/99537132 HTTP/1.1" 200 18403 "-" "Mozilla/5.0 (Linux; Android 6.0.1; Nexus 5X Build/MMB29P) AppleWebKit/537.36 (KHTML, like Gecko) Chrome/137.0.7151.103 Mobile Safari/537.36 (compatible; GoogleOther)"
209.74.77.214 - - [14/Jul/2025:21:07:32 +0000] "POST /wp-cron.php?doing_wp_cron=1752527252.5031750202178955078125 HTTP/1.1" 200 - "-" "WordPress/6.8.1; https://teamhachem.com"
216.73.216.96 - - [14/Jul/2025:21:07:32 +0000] "GET /entity/350463286 HTTP/1.1" 404 12738 "-" "Mozilla/5.0 AppleWebKit/537.36 (KHTML, like Gecko; compatible; ClaudeBot/1.0; [email protected])"
66.249.73.225 - - [14/Jul/2025:21:07:37 +0000] "GET /entity/858966 HTTP/1.1" 200 18104 "-" "Mozilla/5.0 (Linux; Android 6.0.1; Nexus 5X Build/MMB29P) AppleWebKit/537.36 (KHTML, like Gecko) Chrome/137.0.7151.103 Mobile Safari/537.36 (compatible; GoogleOther)"
216.73.216.96 - - [14/Jul/2025:21:07:37 +0000] "GET /entity/350408698 HTTP/1.1" 404 12742 "-" "Mozilla/5.0 AppleWebKit/537.36 (KHTML, like Gecko; compatible; ClaudeBot/1.0; [email protected])"
216.73.216.96 - - [14/Jul/2025:21:07:41 +0000] "GET /entity/350454174 HTTP/1.1" 404 12739 "-" "Mozilla/5.0 AppleWebKit/537.36 (KHTML, like Gecko; compatible; ClaudeBot/1.0; [email protected])"
216.73.216.96 - - [14/Jul/2025:21:07:47 +0000] "GET /entity/350440237 HTTP/1.1" 404 12737 "-" "Mozilla/5.0 AppleWebKit/537.36 (KHTML, like Gecko; compatible; ClaudeBot/1.0; [email protected])"
216.73.216.96 - - [14/Jul/2025:21:07:50 +0000] "GET /entity/350432594 HTTP/1.1" 404 12738 "-" "Mozilla/5.0 AppleWebKit/537.36 (KHTML, like Gecko; compatible; ClaudeBot/1.0; [email protected])"
66.249.73.225 - - [14/Jul/2025:21:07:52 +0000] "GET /entity/548208 HTTP/1.1" 200 18565 "-" "Mozilla/5.0 (Linux; Android 6.0.1; Nexus 5X Build/MMB29P) AppleWebKit/537.36 (KHTML, like Gecko) Chrome/137.0.7151.103 Mobile Safari/537.36 (compatible; GoogleOther)"
66.249.73.225 - - [14/Jul/2025:21:07:57 +0000] "GET /entity/850368 HTTP/1.1" 200 18328 "-" "Mozilla/5.0 (Linux; Android 6.0.1; Nexus 5X Build/MMB29P) AppleWebKit/537.36 (KHTML, like Gecko) Chrome/137.0.7151.103 Mobile Safari/537.36 (compatible; GoogleOther)"
216.73.216.96 - - [14/Jul/2025:21:08:05 +0000] "GET /entity/350440516 HTTP/1.1" 404 12740 "-" "Mozilla/5.0 AppleWebKit/537.36 (KHTML, like Gecko; compatible; ClaudeBot/1.0; [email protected])"
216.73.216.96 - - [14/Jul/2025:21:08:10 +0000] "GET /entity/350524604 HTTP/1.1" 404 12738 "-" "Mozilla/5.0 AppleWebKit/537.36 (KHTML, like Gecko; compatible; ClaudeBot/1.0; [email protected])"
216.73.216.96 - - [14/Jul/2025:21:08:11 +0000] "GET /entity/350433953 HTTP/1.1" 404 12738 "-" "Mozilla/5.0 AppleWebKit/537.36 (KHTML, like Gecko; compatible; ClaudeBot/1.0; [email protected])"
216.73.216.96 - - [14/Jul/2025:21:08:14 +0000] "GET /entity/350471754 HTTP/1.1" 404 12739 "-" "Mozilla/5.0 AppleWebKit/537.36 (KHTML, like Gecko; compatible; ClaudeBot/1.0; [email protected])"
66.249.73.225 - - [14/Jul/2025:21:08:15 +0000] "GET /entity/97917044 HTTP/1.1" 200 19414 "-" "Mozilla/5.0 (Linux; Android 6.0.1; Nexus 5X Build/MMB29P) AppleWebKit/537.36 (KHTML, like Gecko) Chrome/137.0.7151.103 Mobile Safari/537.36 (compatible; GoogleOther)"
216.73.216.96 - - [14/Jul/2025:21:08:17 +0000] "GET /entity/350614350 HTTP/1.1" 404 12738 "-" "Mozilla/5.0 AppleWebKit/537.36 (KHTML, like Gecko; compatible; ClaudeBot/1.0; [email protected])"
66.249.73.226 - - [14/Jul/2025:21:08:34 +0000] "GET /entity/14413764 HTTP/1.1" 200 18242 "-" "Mozilla/5.0 (Linux; Android 6.0.1; Nexus 5X Build/MMB29P) AppleWebKit/537.36 (KHTML, like Gecko) Chrome/137.0.7151.103 Mobile Safari/537.36 (compatible; GoogleOther)"
209.74.77.214 - - [14/Jul/2025:21:08:45 +0000] "POST /wp-cron.php?doing_wp_cron=1752527325.0594029426574707031250 HTTP/1.1" 200 - "-" "WordPress/6.8.1; https://teamhachem.com"
216.73.216.96 - - [14/Jul/2025:21:08:44 +0000] "GET /entity/350439390 HTTP/1.1" 404 12738 "-" "Mozilla/5.0 AppleWebKit/537.36 (KHTML, like Gecko; compatible; ClaudeBot/1.0; [email protected])"
216.73.216.96 - - [14/Jul/2025:21:08:49 +0000] "GET /entity/350520291 HTTP/1.1" 404 12733 "-" "Mozilla/5.0 AppleWebKit/537.36 (KHTML, like Gecko; compatible; ClaudeBot/1.0; [email protected])"
66.249.73.225 - - [14/Jul/2025:21:08:53 +0000] "GET /entity/852933 HTTP/1.1" 200 17848 "-" "Mozilla/5.0 (Linux; Android 6.0.1; Nexus 5X Build/MMB29P) AppleWebKit/537.36 (KHTML, like Gecko) Chrome/137.0.7151.103 Mobile Safari/537.36 (compatible; GoogleOther)"
216.73.216.96 - - [14/Jul/2025:21:08:56 +0000] "GET /entity/350544498 HTTP/1.1" 404 12741 "-" "Mozilla/5.0 AppleWebKit/537.36 (KHTML, like Gecko; compatible; ClaudeBot/1.0; [email protected])"
216.73.216.96 - - [14/Jul/2025:21:09:04 +0000] "GET /entity/350475427 HTTP/1.1" 404 12738 "-" "Mozilla/5.0 AppleWebKit/537.36 (KHTML, like Gecko; compatible; ClaudeBot/1.0; [email protected])"
216.73.216.96 - - [14/Jul/2025:21:09:05 +0000] "GET /entity/350570594 HTTP/1.1" 404 12742 "-" "Mozilla/5.0 AppleWebKit/537.36 (KHTML, like Gecko; compatible; ClaudeBot/1.0; [email protected])"
66.249.73.226 - - [14/Jul/2025:21:09:12 +0000] "GET /entity/477034028 HTTP/1.1" 200 18325 "-" "Mozilla/5.0 (Linux; Android 6.0.1; Nexus 5X Build/MMB29P) AppleWebKit/537.36 (KHTML, like Gecko) Chrome/137.0.7151.103 Mobile Safari/537.36 (compatible; GoogleOther)"
216.73.216.96 - - [14/Jul/2025:21:09:17 +0000] "GET /entity/350461801 HTTP/1.1" 404 12738 "-" "Mozilla/5.0 AppleWebKit/537.36 (KHTML, like Gecko; compatible; ClaudeBot/1.0; [email protected])"
216.73.216.96 - - [14/Jul/2025:21:09:22 +0000] "GET /entity/350516088 HTTP/1.1" 404 12733 "-" "Mozilla/5.0 AppleWebKit/537.36 (KHTML, like Gecko; compatible; ClaudeBot/1.0; [email protected])"
209.74.77.214 - - [14/Jul/2025:21:09:23 +0000] "POST /wp-cron.php?doing_wp_cron=1752527363.9055399894714355468750 HTTP/1.1" 200 - "-" "WordPress/6.8.1; https://teamhachem.com"
216.73.216.96 - - [14/Jul/2025:21:09:23 +0000] "GET /entity/350617210 HTTP/1.1" 404 12739 "-" "Mozilla/5.0 AppleWebKit/537.36 (KHTML, like Gecko; compatible; ClaudeBot/1.0; [email protected])"
216.73.216.96 - - [14/Jul/2025:21:09:26 +0000] "GET /entity/350576019 HTTP/1.1" 404 12739 "-" "Mozilla/5.0 AppleWebKit/537.36 (KHTML, like Gecko; compatible; ClaudeBot/1.0; [email protected])"
216.73.216.96 - - [14/Jul/2025:21:09:29 +0000] "GET /entity/350546168 HTTP/1.1" 404 12737 "-" "Mozilla/5.0 AppleWebKit/537.36 (KHTML, like Gecko; compatible; ClaudeBot/1.0; [email protected])"
