94.124.93.171 - - [16/Jul/2025:05:28:58 +0000] "POST /xmlrpc.php HTTP/1.1" 200 403 "-" "Mozilla/5.0 (Windows NT 6.1; Win64; x64) AppleWebKit/537.36 (KHTML, like Gecko) Chrome/69.0.3497.100 Safari/537.36"
66.29.153.8 - - [16/Jul/2025:05:29:04 +0000] "POST /xmlrpc.php HTTP/1.1" 200 403 "-" "Mozilla/5.0 (Windows NT 10.0; Win64; x64; rv:59.0) Gecko/20100101 Firefox/59.0"
209.74.77.214 - - [16/Jul/2025:05:29:14 +0000] "POST /wp-cron.php?doing_wp_cron=1752643754.5730130672454833984375 HTTP/1.1" 200 - "-" "WordPress/6.8.1; https://abl.academy"
120.55.63.243 - - [16/Jul/2025:05:29:14 +0000] "POST /xmlrpc.php HTTP/1.1" 200 403 "-" "Mozilla/5.0 (Windows NT 5.1; rv:30.0) Gecko/20100101 Firefox/30.0"
66.249.65.198 - - [16/Jul/2025:05:37:03 +0000] "GET /item/scope70938102/ HTTP/1.1" 200 40835 "-" "Mozilla/5.0 (Linux; Android 6.0.1; Nexus 5X Build/MMB29P) AppleWebKit/537.36 (KHTML, like Gecko) Chrome/137.0.7151.103 Mobile Safari/537.36 (compatible; Googlebot/2.1; +http://www.google.com/bot.html)"
209.74.77.214 - - [16/Jul/2025:05:42:08 +0000] "POST /wp-cron.php?doing_wp_cron=1752644528.3118109703063964843750 HTTP/1.1" 200 - "-" "WordPress/6.8.1; https://abl.academy"
209.74.77.214 - - [16/Jul/2025:05:42:13 +0000] "POST /wp-cron.php?doing_wp_cron=1752644533.6329720020294189453125 HTTP/1.1" 200 - "-" "WordPress/6.8.1; https://abl.academy"
209.74.77.214 - - [16/Jul/2025:05:42:20 +0000] "HEAD / HTTP/1.1" 200 - "-" "-"
209.74.77.214 - - [16/Jul/2025:05:42:27 +0000] "HEAD / HTTP/1.1" 200 - "-" "-"
209.74.77.214 - - [16/Jul/2025:05:45:03 +0000] "POST /wp-cron.php?doing_wp_cron=1752644703.2726330757141113281250 HTTP/1.1" 200 - "-" "WordPress/6.8.2; https://abl.academy"
212.34.136.218 - - [16/Jul/2025:05:45:00 +0000] "GET /lms-wordpress-plugin/ HTTP/1.0" 200 69394 "https://abl.academy/lms-wordpress-plugin/" "Mozilla/5.0 (Windows NT 10.0; Win64; x64) AppleWebKit/537.36 (KHTML, like Gecko) Chrome/130.0.0.0 Safari/537.36 CCleaner/130.0.0.0"
66.249.65.199 - - [16/Jul/2025:05:45:03 +0000] "GET /item/hence21115017/ HTTP/1.1" 404 9550 "-" "Mozilla/5.0 (Linux; Android 6.0.1; Nexus 5X Build/MMB29P) AppleWebKit/537.36 (KHTML, like Gecko) Chrome/137.0.7151.103 Mobile Safari/537.36 (compatible; Googlebot/2.1; +http://www.google.com/bot.html)"
212.34.136.218 - - [16/Jul/2025:05:45:04 +0000] "POST /wp-comments-post.php HTTP/1.0" 302 - "https://abl.academy/lms-wordpress-plugin/" "Mozilla/5.0 (Windows NT 10.0; Win64; x64) AppleWebKit/537.36 (KHTML, like Gecko) Chrome/130.0.0.0 Safari/537.36 CCleaner/130.0.0.0"
212.34.136.218 - - [16/Jul/2025:05:45:05 +0000] "GET /lms-wordpress-plugin/?unapproved=5955&moderation-hash=457aba00d06fbd9da531a8a4cef50b1c HTTP/1.0" 200 71852 "https://abl.academy/lms-wordpress-plugin/?unapproved=5955&moderation-hash=457aba00d06fbd9da531a8a4cef50b1c#comment-5955" "Mozilla/5.0 (Windows NT 10.0; Win64; x64) AppleWebKit/537.36 (KHTML, like Gecko) Chrome/130.0.0.0 Safari/537.36 CCleaner/130.0.0.0"
209.74.77.214 - - [16/Jul/2025:05:45:21 +0000] "POST /wp-cron.php?doing_wp_cron=1752644721.2031960487365722656250 HTTP/1.1" 200 - "-" "WordPress/6.8.2; https://abl.academy"
66.249.65.198 - - [16/Jul/2025:05:45:21 +0000] "GET /item/how62136949/ HTTP/1.1" 404 9550 "-" "Mozilla/5.0 (Linux; Android 6.0.1; Nexus 5X Build/MMB29P) AppleWebKit/537.36 (KHTML, like Gecko) Chrome/137.0.7151.103 Mobile Safari/537.36 (compatible; Googlebot/2.1; +http://www.google.com/bot.html)"
209.74.77.214 - - [16/Jul/2025:05:46:17 +0000] "POST /wp-cron.php?doing_wp_cron=1752644777.5347399711608886718750 HTTP/1.1" 200 - "-" "WordPress/6.8.2; https://abl.academy"
66.249.65.198 - - [16/Jul/2025:05:46:16 +0000] "GET /item/ache41497187/ HTTP/1.1" 404 9550 "-" "Mozilla/5.0 (Linux; Android 6.0.1; Nexus 5X Build/MMB29P) AppleWebKit/537.36 (KHTML, like Gecko) Chrome/137.0.7151.103 Mobile Safari/537.36 (compatible; Googlebot/2.1; +http://www.google.com/bot.html)"
209.74.77.214 - - [16/Jul/2025:05:47:25 +0000] "POST /wp-cron.php?doing_wp_cron=1752644845.5172669887542724609375 HTTP/1.1" 200 - "-" "WordPress/6.8.2; https://abl.academy"
66.249.65.199 - - [16/Jul/2025:05:47:25 +0000] "GET /item/self11031888/ HTTP/1.1" 404 9550 "-" "Mozilla/5.0 (Linux; Android 6.0.1; Nexus 5X Build/MMB29P) AppleWebKit/537.36 (KHTML, like Gecko) Chrome/137.0.7151.103 Mobile Safari/537.36 (compatible; Googlebot/2.1; +http://www.google.com/bot.html)"
66.249.65.197 - - [16/Jul/2025:05:47:23 +0000] "GET /shopdetail/431161749 HTTP/1.1" 404 9550 "-" "Mozilla/5.0 (compatible; Googlebot/2.1; +http://www.google.com/bot.html)"
66.249.65.198 - - [16/Jul/2025:05:47:26 +0000] "GET /shopdetail/148816949 HTTP/1.1" 404 9550 "-" "Mozilla/5.0 (Linux; Android 6.0.1; Nexus 5X Build/MMB29P) AppleWebKit/537.36 (KHTML, like Gecko) Chrome/137.0.7151.103 Mobile Safari/537.36 (compatible; Googlebot/2.1; +http://www.google.com/bot.html)"
209.74.77.214 - - [16/Jul/2025:05:48:31 +0000] "POST /wp-cron.php?doing_wp_cron=1752644911.3069980144500732421875 HTTP/1.1" 200 - "-" "WordPress/6.8.2; https://abl.academy"
66.249.65.198 - - [16/Jul/2025:05:48:29 +0000] "GET /shopdetail/491993849 HTTP/1.1" 404 9550 "-" "Mozilla/5.0 (compatible; Googlebot/2.1; +http://www.google.com/bot.html)"
66.249.65.199 - - [16/Jul/2025:05:48:32 +0000] "GET /shopdetail/538533749 HTTP/1.1" 404 9550 "-" "Mozilla/5.0 (compatible; Googlebot/2.1; +http://www.google.com/bot.html)"
66.249.65.198 - - [16/Jul/2025:05:48:40 +0000] "GET /product-category/accessories/?add-to-cart=142 HTTP/1.1" 200 30053 "-" "Mozilla/5.0 (compatible; Googlebot/2.1; +http://www.google.com/bot.html)"
209.74.77.214 - - [16/Jul/2025:05:49:32 +0000] "POST /wp-cron.php?doing_wp_cron=1752644972.9619829654693603515625 HTTP/1.1" 200 - "-" "WordPress/6.8.2; https://abl.academy"
66.249.65.199 - - [16/Jul/2025:05:49:31 +0000] "GET /shopdetail/154374649 HTTP/1.1" 404 9550 "-" "Mozilla/5.0 (compatible; Googlebot/2.1; +http://www.google.com/bot.html)"
66.249.65.197 - - [16/Jul/2025:05:49:35 +0000] "GET /shopdetail/373460549 HTTP/1.1" 404 9550 "-" "Mozilla/5.0 (compatible; Googlebot/2.1; +http://www.google.com/bot.html)"
66.249.65.197 - - [16/Jul/2025:05:49:46 +0000] "GET /shopdetail/121519249 HTTP/1.1" 404 9550 "-" "Mozilla/5.0 (compatible; Googlebot/2.1; +http://www.google.com/bot.html)"
209.74.77.214 - - [16/Jul/2025:05:50:25 +0000] "POST /wp-cron.php?doing_wp_cron=1752645025.6710739135742187500000 HTTP/1.1" 200 - "-" "WordPress/6.8.2; https://abl.academy"
209.74.77.214 - - [16/Jul/2025:05:52:49 +0000] "POST /wp-cron.php?doing_wp_cron=1752645169.7700929641723632812500 HTTP/1.1" 200 - "-" "WordPress/6.8.2; https://abl.academy"
185.157.213.215 - - [16/Jul/2025:05:52:48 +0000] "GET /lms-wordpress-plugin/ HTTP/1.0" 200 69394 "https://abl.academy/lms-wordpress-plugin/" "Mozilla/5.0 (Windows NT 10.0; Win64; x64) AppleWebKit/537.36 (KHTML, like Gecko) Chrome/131.0.0.0 Safari/537.36 Avast/131.0.0.0"
185.157.213.215 - - [16/Jul/2025:05:52:50 +0000] "POST /wp-comments-post.php HTTP/1.0" 302 - "https://abl.academy/lms-wordpress-plugin/" "Mozilla/5.0 (Windows NT 10.0; Win64; x64) AppleWebKit/537.36 (KHTML, like Gecko) Chrome/131.0.0.0 Safari/537.36 Avast/131.0.0.0"
185.157.213.215 - - [16/Jul/2025:05:52:51 +0000] "GET /lms-wordpress-plugin/?unapproved=5956&moderation-hash=a0aadaebb962be0e10f058b4ffb26020 HTTP/1.0" 200 72010 "https://abl.academy/lms-wordpress-plugin/?unapproved=5956&moderation-hash=a0aadaebb962be0e10f058b4ffb26020#comment-5956" "Mozilla/5.0 (Windows NT 10.0; Win64; x64) AppleWebKit/537.36 (KHTML, like Gecko) Chrome/131.0.0.0 Safari/537.36 Avast/131.0.0.0"
209.74.77.214 - - [16/Jul/2025:05:53:10 +0000] "POST /wp-cron.php?doing_wp_cron=1752645190.3995420932769775390625 HTTP/1.1" 200 - "-" "WordPress/6.8.2; https://abl.academy"
66.249.65.198 - - [16/Jul/2025:05:53:10 +0000] "GET /shopdetail/484666149 HTTP/1.1" 404 9550 "-" "Mozilla/5.0 (Linux; Android 6.0.1; Nexus 5X Build/MMB29P) AppleWebKit/537.36 (KHTML, like Gecko) Chrome/137.0.7151.103 Mobile Safari/537.36 (compatible; Googlebot/2.1; +http://www.google.com/bot.html)"
209.74.77.214 - - [16/Jul/2025:05:53:23 +0000] "POST /wp-cron.php?doing_wp_cron=1752645203.0907409191131591796875 HTTP/1.1" 200 - "-" "WordPress/6.8.2; https://abl.academy"
185.157.213.215 - - [16/Jul/2025:05:53:22 +0000] "GET /lms-wordpress-plugin/ HTTP/1.0" 200 69394 "https://abl.academy/lms-wordpress-plugin/" "Mozilla/5.0 (Windows NT 10.0; Win64; x64) AppleWebKit/537.36 (KHTML, like Gecko) Chrome/130.0.0.0 Safari/537.36"
185.157.213.215 - - [16/Jul/2025:05:53:24 +0000] "POST /wp-comments-post.php HTTP/1.0" 302 - "https://abl.academy/lms-wordpress-plugin/" "Mozilla/5.0 (Windows NT 10.0; Win64; x64) AppleWebKit/537.36 (KHTML, like Gecko) Chrome/130.0.0.0 Safari/537.36"
185.157.213.215 - - [16/Jul/2025:05:53:24 +0000] "GET /lms-wordpress-plugin/?unapproved=5957&moderation-hash=e5a7191a22c3424b28da26674656be06 HTTP/1.0" 200 72025 "https://abl.academy/lms-wordpress-plugin/?unapproved=5957&moderation-hash=e5a7191a22c3424b28da26674656be06#comment-5957" "Mozilla/5.0 (Windows NT 10.0; Win64; x64) AppleWebKit/537.36 (KHTML, like Gecko) Chrome/130.0.0.0 Safari/537.36"
66.249.65.197 - - [16/Jul/2025:05:53:38 +0000] "GET /shopdetail/296018549 HTTP/1.1" 404 9550 "-" "Mozilla/5.0 (compatible; Googlebot/2.1; +http://www.google.com/bot.html)"
209.74.77.214 - - [16/Jul/2025:05:54:02 +0000] "POST /wp-cron.php?doing_wp_cron=1752645242.5145750045776367187500 HTTP/1.1" 200 - "-" "WordPress/6.8.2; https://abl.academy"
66.249.65.197 - - [16/Jul/2025:05:54:02 +0000] "GET /shopdetail/308938849 HTTP/1.1" 404 9550 "-" "Mozilla/5.0 (Linux; Android 6.0.1; Nexus 5X Build/MMB29P) AppleWebKit/537.36 (KHTML, like Gecko) Chrome/137.0.7151.103 Mobile Safari/537.36 (compatible; Googlebot/2.1; +http://www.google.com/bot.html)"
209.74.77.214 - - [16/Jul/2025:05:54:50 +0000] "POST /wp-cron.php?doing_wp_cron=1752645290.7358710765838623046875 HTTP/1.1" 200 - "-" "WordPress/6.8.2; https://abl.academy"
66.249.65.197 - - [16/Jul/2025:05:54:49 +0000] "GET /shopdetail/17098749 HTTP/1.1" 404 9550 "-" "Mozilla/5.0 (Linux; Android 6.0.1; Nexus 5X Build/MMB29P) AppleWebKit/537.36 (KHTML, like Gecko) Chrome/137.0.7151.103 Mobile Safari/537.36 (compatible; Googlebot/2.1; +http://www.google.com/bot.html)"
209.74.77.214 - - [16/Jul/2025:05:55:23 +0000] "POST /wp-cron.php?doing_wp_cron=1752645323.6109380722045898437500 HTTP/1.1" 200 - "-" "WordPress/6.8.2; https://abl.academy"
66.249.65.197 - - [16/Jul/2025:05:55:22 +0000] "GET /shopdetail/405819849 HTTP/1.1" 404 9550 "-" "Mozilla/5.0 (compatible; Googlebot/2.1; +http://www.google.com/bot.html)"
209.74.77.214 - - [16/Jul/2025:05:56:35 +0000] "POST /wp-cron.php?doing_wp_cron=1752645395.3412690162658691406250 HTTP/1.1" 200 - "-" "WordPress/6.8.2; https://abl.academy"
66.249.65.198 - - [16/Jul/2025:05:56:33 +0000] "GET /shopdetail/469258349 HTTP/1.1" 404 9550 "-" "Mozilla/5.0 (compatible; Googlebot/2.1; +http://www.google.com/bot.html)"
209.74.77.214 - - [16/Jul/2025:05:59:30 +0000] "POST /wp-cron.php?doing_wp_cron=1752645570.7097289562225341796875 HTTP/1.1" 200 - "-" "WordPress/6.8.2; https://abl.academy"
205.210.31.194 - - [16/Jul/2025:05:59:29 +0000] "GET / HTTP/1.1" 200 44668 "-" "Hello from Palo Alto Networks, find out more about our scans in https://docs-cortex.paloaltonetworks.com/r/1/Cortex-Xpanse/Scanning-activity"
209.74.77.214 - - [16/Jul/2025:06:03:10 +0000] "POST /wp-cron.php?doing_wp_cron=1752645790.4486570358276367187500 HTTP/1.1" 200 - "-" "WordPress/6.8.2; https://abl.academy"
66.249.65.198 - - [16/Jul/2025:06:03:08 +0000] "GET /shopdetail/218981249 HTTP/1.1" 404 9550 "-" "Mozilla/5.0 (Linux; Android 6.0.1; Nexus 5X Build/MMB29P) AppleWebKit/537.36 (KHTML, like Gecko) Chrome/137.0.7151.103 Mobile Safari/537.36 (compatible; Googlebot/2.1; +http://www.google.com/bot.html)"
209.74.77.214 - - [16/Jul/2025:06:11:42 +0000] "POST /wp-cron.php?doing_wp_cron=1752646302.6701390743255615234375 HTTP/1.1" 200 - "-" "WordPress/6.8.2; https://abl.academy"
66.249.65.197 - - [16/Jul/2025:06:11:41 +0000] "GET /shopdetail/228935949 HTTP/1.1" 404 9550 "-" "Mozilla/5.0 (Linux; Android 6.0.1; Nexus 5X Build/MMB29P) AppleWebKit/537.36 (KHTML, like Gecko) Chrome/137.0.7151.103 Mobile Safari/537.36 (compatible; Googlebot/2.1; +http://www.google.com/bot.html)"
209.74.77.214 - - [16/Jul/2025:06:12:10 +0000] "POST /wp-cron.php?doing_wp_cron=1752646330.0426590442657470703125 HTTP/1.1" 200 - "-" "WordPress/6.8.2; https://abl.academy"
66.249.65.199 - - [16/Jul/2025:06:12:09 +0000] "GET /shopdetail/73210949 HTTP/1.1" 404 9550 "-" "Mozilla/5.0 (Linux; Android 6.0.1; Nexus 5X Build/MMB29P) AppleWebKit/537.36 (KHTML, like Gecko) Chrome/137.0.7151.103 Mobile Safari/537.36 (compatible; Googlebot/2.1; +http://www.google.com/bot.html)"
209.74.77.214 - - [16/Jul/2025:06:13:16 +0000] "POST /wp-cron.php?doing_wp_cron=1752646396.5577230453491210937500 HTTP/1.1" 200 - "-" "WordPress/6.8.2; https://abl.academy"
66.249.65.198 - - [16/Jul/2025:06:13:15 +0000] "GET /shopdetail/364971749 HTTP/1.1" 404 9550 "-" "Mozilla/5.0 (Linux; Android 6.0.1; Nexus 5X Build/MMB29P) AppleWebKit/537.36 (KHTML, like Gecko) Chrome/137.0.7151.103 Mobile Safari/537.36 (compatible; Googlebot/2.1; +http://www.google.com/bot.html)"
66.249.65.198 - - [16/Jul/2025:06:13:44 +0000] "GET /shopdetail/436985349 HTTP/1.1" 404 9550 "-" "Mozilla/5.0 (Linux; Android 6.0.1; Nexus 5X Build/MMB29P) AppleWebKit/537.36 (KHTML, like Gecko) Chrome/137.0.7151.103 Mobile Safari/537.36 (compatible; Googlebot/2.1; +http://www.google.com/bot.html)"
66.249.65.197 - - [16/Jul/2025:06:13:55 +0000] "GET /shopdetail/182876949 HTTP/1.1" 404 9550 "-" "Mozilla/5.0 (compatible; Googlebot/2.1; +http://www.google.com/bot.html)"
209.74.77.214 - - [16/Jul/2025:06:16:24 +0000] "POST /wp-cron.php?doing_wp_cron=1752646584.3747119903564453125000 HTTP/1.1" 200 - "-" "WordPress/6.8.2; https://abl.academy"
66.249.65.199 - - [16/Jul/2025:06:16:22 +0000] "GET /shopdetail/469707649 HTTP/1.1" 404 9550 "-" "Mozilla/5.0 (compatible; Googlebot/2.1; +http://www.google.com/bot.html)"
66.249.65.198 - - [16/Jul/2025:06:16:30 +0000] "GET /shopdetail/96747449 HTTP/1.1" 404 9550 "-" "Mozilla/5.0 (compatible; Googlebot/2.1; +http://www.google.com/bot.html)"
154.195.97.206 - - [16/Jul/2025:06:16:45 +0000] "GET /lms-wordpress-plugin/?unapproved=5958&moderation-hash=4958b535b30be336360641b8743893f0 HTTP/1.0" 200 73502 "https://abl.academy/lms-wordpress-plugin/?unapproved=5958&moderation-hash=4958b535b30be336360641b8743893f0#comment-5958" "Mozilla/5.0 (Windows NT 10.0; Win64; x64) AppleWebKit/537.36 (KHTML, like Gecko) Chrome/129.0.0.0 Safari/537.36"
209.74.77.214 - - [16/Jul/2025:06:17:55 +0000] "POST /wp-cron.php?doing_wp_cron=1752646675.2705960273742675781250 HTTP/1.1" 200 - "-" "WordPress/6.8.2; https://abl.academy"
66.249.65.199 - - [16/Jul/2025:06:17:53 +0000] "GET /shopdetail/258644449 HTTP/1.1" 404 9550 "-" "Mozilla/5.0 (compatible; Googlebot/2.1; +http://www.google.com/bot.html)"
209.74.77.214 - - [16/Jul/2025:06:18:45 +0000] "POST /wp-cron.php?doing_wp_cron=1752646725.2789659500122070312500 HTTP/1.1" 200 - "-" "WordPress/6.8.2; https://abl.academy"
66.249.65.197 - - [16/Jul/2025:06:18:43 +0000] "GET /shopdetail/32840149 HTTP/1.1" 404 9550 "-" "Mozilla/5.0 (Linux; Android 6.0.1; Nexus 5X Build/MMB29P) AppleWebKit/537.36 (KHTML, like Gecko) Chrome/137.0.7151.103 Mobile Safari/537.36 (compatible; Googlebot/2.1; +http://www.google.com/bot.html)"
209.74.77.214 - - [16/Jul/2025:06:20:52 +0000] "POST /wp-cron.php?doing_wp_cron=1752646852.6456449031829833984375 HTTP/1.1" 200 - "-" "WordPress/6.8.2; https://abl.academy"
66.249.65.197 - - [16/Jul/2025:06:20:51 +0000] "GET /shopdetail/40052349 HTTP/1.1" 404 9550 "-" "Mozilla/5.0 (Linux; Android 6.0.1; Nexus 5X Build/MMB29P) AppleWebKit/537.36 (KHTML, like Gecko) Chrome/137.0.7151.103 Mobile Safari/537.36 (compatible; Googlebot/2.1; +http://www.google.com/bot.html)"
209.74.77.214 - - [16/Jul/2025:06:21:21 +0000] "POST /wp-cron.php?doing_wp_cron=1752646881.1313300132751464843750 HTTP/1.1" 200 - "-" "WordPress/6.8.2; https://abl.academy"
66.249.65.199 - - [16/Jul/2025:06:21:21 +0000] "GET /shopdetail/112463949 HTTP/1.1" 404 9549 "-" "Mozilla/5.0 (Linux; Android 6.0.1; Nexus 5X Build/MMB29P) AppleWebKit/537.36 (KHTML, like Gecko) Chrome/137.0.7151.103 Mobile Safari/537.36 (compatible; Googlebot/2.1; +http://www.google.com/bot.html)"
209.74.77.214 - - [16/Jul/2025:06:23:20 +0000] "POST /wp-cron.php?doing_wp_cron=1752647000.3383800983428955078125 HTTP/1.1" 200 - "-" "WordPress/6.8.2; https://abl.academy"
66.249.65.197 - - [16/Jul/2025:06:23:18 +0000] "GET /shopdetail/383473149 HTTP/1.1" 404 9550 "-" "Mozilla/5.0 (Linux; Android 6.0.1; Nexus 5X Build/MMB29P) AppleWebKit/537.36 (KHTML, like Gecko) Chrome/137.0.7151.103 Mobile Safari/537.36 (compatible; Googlebot/2.1; +http://www.google.com/bot.html)"
18.204.152.114 - - [16/Jul/2025:06:24:32 +0000] "GET /robots.txt HTTP/1.1" 200 114 "-" "Mozilla/5.0 AppleWebKit/537.36 (KHTML, like Gecko; compatible; Amazonbot/0.1; +https://developer.amazon.com/support/amazonbot) Chrome/119.0.6045.214 Safari/537.36"
209.74.77.214 - - [16/Jul/2025:06:24:34 +0000] "POST /wp-cron.php?doing_wp_cron=1752647074.5728690624237060546875 HTTP/1.1" 200 - "-" "WordPress/6.8.2; https://abl.academy"
18.204.152.114 - - [16/Jul/2025:06:24:33 +0000] "GET /courses/test/lessons/lesson-31/ HTTP/1.1" 200 32742 "-" "Mozilla/5.0 AppleWebKit/537.36 (KHTML, like Gecko; compatible; Amazonbot/0.1; +https://developer.amazon.com/support/amazonbot) Chrome/119.0.6045.214 Safari/537.36"
54.145.82.217 - - [16/Jul/2025:06:24:36 +0000] "GET /courses/test/lessons/lesson-41/ HTTP/1.1" 200 32735 "-" "Mozilla/5.0 AppleWebKit/537.36 (KHTML, like Gecko; compatible; Amazonbot/0.1; +https://developer.amazon.com/support/amazonbot) Chrome/119.0.6045.214 Safari/537.36"
52.204.71.8 - - [16/Jul/2025:06:24:39 +0000] "GET /courses/test/lessons/lesson-69/ HTTP/1.1" 200 32741 "-" "Mozilla/5.0 AppleWebKit/537.36 (KHTML, like Gecko; compatible; Amazonbot/0.1; +https://developer.amazon.com/support/amazonbot) Chrome/119.0.6045.214 Safari/537.36"
52.3.156.186 - - [16/Jul/2025:06:24:43 +0000] "GET /courses/test/lessons/lesson-21/ HTTP/1.1" 200 32744 "-" "Mozilla/5.0 AppleWebKit/537.36 (KHTML, like Gecko; compatible; Amazonbot/0.1; +https://developer.amazon.com/support/amazonbot) Chrome/119.0.6045.214 Safari/537.36"
100.29.34.97 - - [16/Jul/2025:06:24:47 +0000] "GET /courses/test/lessons/lesson-6/ HTTP/1.1" 200 32741 "-" "Mozilla/5.0 AppleWebKit/537.36 (KHTML, like Gecko; compatible; Amazonbot/0.1; +https://developer.amazon.com/support/amazonbot) Chrome/119.0.6045.214 Safari/537.36"
34.236.41.241 - - [16/Jul/2025:06:24:52 +0000] "GET /courses/test/lessons/lesson-22/ HTTP/1.1" 200 32745 "-" "Mozilla/5.0 AppleWebKit/537.36 (KHTML, like Gecko; compatible; Amazonbot/0.1; +https://developer.amazon.com/support/amazonbot) Chrome/119.0.6045.214 Safari/537.36"
209.74.77.214 - - [16/Jul/2025:06:25:01 +0000] "POST /wp-cron.php?doing_wp_cron=1752647101.9032020568847656250000 HTTP/1.1" 200 - "-" "WordPress/6.8.2; https://abl.academy"
66.249.65.198 - - [16/Jul/2025:06:25:01 +0000] "GET /shopdetail/14748049 HTTP/1.1" 404 9550 "-" "Mozilla/5.0 (compatible; Googlebot/2.1; +http://www.google.com/bot.html)"
209.74.77.214 - - [16/Jul/2025:06:25:14 +0000] "POST /wp-cron.php?doing_wp_cron=1752647114.4192230701446533203125 HTTP/1.1" 200 - "-" "WordPress/6.8.2; https://abl.academy"
66.249.65.197 - - [16/Jul/2025:06:25:14 +0000] "GET /shopdetail/389246149 HTTP/1.1" 404 9550 "-" "Mozilla/5.0 (compatible; Googlebot/2.1; +http://www.google.com/bot.html)"
66.249.65.197 - - [16/Jul/2025:06:25:32 +0000] "GET /shopdetail/109899149 HTTP/1.1" 404 9550 "-" "Mozilla/5.0 (Linux; Android 6.0.1; Nexus 5X Build/MMB29P) AppleWebKit/537.36 (KHTML, like Gecko) Chrome/137.0.7151.103 Mobile Safari/537.36 (compatible; Googlebot/2.1; +http://www.google.com/bot.html)"
209.74.77.214 - - [16/Jul/2025:06:27:14 +0000] "POST /wp-cron.php?doing_wp_cron=1752647234.8934299945831298828125 HTTP/1.1" 200 - "-" "WordPress/6.8.2; https://abl.academy"
66.249.65.197 - - [16/Jul/2025:06:27:13 +0000] "GET /shopdetail/417917449 HTTP/1.1" 404 9550 "-" "Mozilla/5.0 (compatible; Googlebot/2.1; +http://www.google.com/bot.html)"
209.74.77.214 - - [16/Jul/2025:06:28:40 +0000] "POST /wp-cron.php?doing_wp_cron=1752647320.1725959777832031250000 HTTP/1.1" 200 - "-" "WordPress/6.8.2; https://abl.academy"
66.249.65.197 - - [16/Jul/2025:06:28:38 +0000] "GET /shopdetail/69072349 HTTP/1.1" 404 9550 "-" "Mozilla/5.0 (Linux; Android 6.0.1; Nexus 5X Build/MMB29P) AppleWebKit/537.36 (KHTML, like Gecko) Chrome/137.0.7151.103 Mobile Safari/537.36 (compatible; Googlebot/2.1; +http://www.google.com/bot.html)"
209.74.77.214 - - [16/Jul/2025:06:29:04 +0000] "POST /wp-cron.php?doing_wp_cron=1752647344.8808860778808593750000 HTTP/1.1" 200 - "-" "WordPress/6.8.2; https://abl.academy"
66.249.65.198 - - [16/Jul/2025:06:29:04 +0000] "GET /shopdetail/308248949 HTTP/1.1" 404 9550 "-" "Mozilla/5.0 (Linux; Android 6.0.1; Nexus 5X Build/MMB29P) AppleWebKit/537.36 (KHTML, like Gecko) Chrome/137.0.7151.103 Mobile Safari/537.36 (compatible; Googlebot/2.1; +http://www.google.com/bot.html)"
209.74.77.214 - - [16/Jul/2025:06:30:08 +0000] "POST /wp-cron.php?doing_wp_cron=1752647408.6858439445495605468750 HTTP/1.1" 200 - "-" "WordPress/6.8.2; https://abl.academy"
66.249.65.198 - - [16/Jul/2025:06:30:07 +0000] "GET /shopdetail/101352149 HTTP/1.1" 404 9550 "-" "Mozilla/5.0 (Linux; Android 6.0.1; Nexus 5X Build/MMB29P) AppleWebKit/537.36 (KHTML, like Gecko) Chrome/137.0.7151.103 Mobile Safari/537.36 (compatible; Googlebot/2.1; +http://www.google.com/bot.html)"
209.74.77.214 - - [16/Jul/2025:06:31:42 +0000] "POST /wp-cron.php?doing_wp_cron=1752647502.8163518905639648437500 HTTP/1.1" 200 - "-" "WordPress/6.8.2; https://abl.academy"
66.249.65.197 - - [16/Jul/2025:06:31:41 +0000] "GET /shopdetail/8445649 HTTP/1.1" 404 9550 "-" "Mozilla/5.0 (Linux; Android 6.0.1; Nexus 5X Build/MMB29P) AppleWebKit/537.36 (KHTML, like Gecko) Chrome/137.0.7151.103 Mobile Safari/537.36 (compatible; Googlebot/2.1; +http://www.google.com/bot.html)"
209.74.77.214 - - [16/Jul/2025:06:33:18 +0000] "POST /wp-cron.php?doing_wp_cron=1752647598.6335690021514892578125 HTTP/1.1" 200 - "-" "WordPress/6.8.2; https://abl.academy"
66.249.65.198 - - [16/Jul/2025:06:33:17 +0000] "GET /shopdetail/160396849 HTTP/1.1" 404 9550 "-" "Mozilla/5.0 (compatible; Googlebot/2.1; +http://www.google.com/bot.html)"
209.74.77.214 - - [16/Jul/2025:06:34:31 +0000] "POST /wp-cron.php?doing_wp_cron=1752647671.9660730361938476562500 HTTP/1.1" 200 - "-" "WordPress/6.8.2; https://abl.academy"
66.249.65.197 - - [16/Jul/2025:06:34:30 +0000] "GET /shopdetail/357997649 HTTP/1.1" 404 9550 "-" "Mozilla/5.0 (compatible; Googlebot/2.1; +http://www.google.com/bot.html)"
209.74.77.214 - - [16/Jul/2025:06:35:29 +0000] "POST /wp-cron.php?doing_wp_cron=1752647729.6022660732269287109375 HTTP/1.1" 200 - "-" "WordPress/6.8.2; https://abl.academy"
66.249.65.198 - - [16/Jul/2025:06:35:28 +0000] "GET /shopdetail/431791249 HTTP/1.1" 404 9550 "-" "Mozilla/5.0 (compatible; Googlebot/2.1; +http://www.google.com/bot.html)"
66.249.65.198 - - [16/Jul/2025:06:35:36 +0000] "GET /shopdetail/7054249 HTTP/1.1" 404 9550 "-" "Mozilla/5.0 (compatible; Googlebot/2.1; +http://www.google.com/bot.html)"
209.74.77.214 - - [16/Jul/2025:06:36:09 +0000] "POST /wp-cron.php?doing_wp_cron=1752647769.8152821063995361328125 HTTP/1.1" 200 - "-" "WordPress/6.8.2; https://abl.academy"
66.249.65.198 - - [16/Jul/2025:06:36:08 +0000] "GET /shopdetail/108306849 HTTP/1.1" 404 9550 "-" "Mozilla/5.0 (Linux; Android 6.0.1; Nexus 5X Build/MMB29P) AppleWebKit/537.36 (KHTML, like Gecko) Chrome/137.0.7151.103 Mobile Safari/537.36 (compatible; Googlebot/2.1; +http://www.google.com/bot.html)"
209.74.77.214 - - [16/Jul/2025:06:37:24 +0000] "POST /wp-cron.php?doing_wp_cron=1752647844.7794919013977050781250 HTTP/1.1" 200 - "-" "WordPress/6.8.2; https://abl.academy"
45.227.253.15 - - [16/Jul/2025:06:37:23 +0000] "GET /index.php/jk HTTP/1.1" 301 - "-" "Mozilla/5.0 (Windows NT 6.1; WOW64; Trident/7.0; rv:11.0) like Gecko"
45.227.253.15 - - [16/Jul/2025:06:37:25 +0000] "GET /jk HTTP/1.1" 404 9550 "https://abl.academy/index.php/jk" "Mozilla/5.0 (Windows NT 6.1; WOW64; Trident/7.0; rv:11.0) like Gecko"
209.74.77.214 - - [16/Jul/2025:06:38:20 +0000] "POST /wp-cron.php?doing_wp_cron=1752647900.8356750011444091796875 HTTP/1.1" 200 - "-" "WordPress/6.8.2; https://abl.academy"
66.249.65.199 - - [16/Jul/2025:06:38:19 +0000] "GET /shopdetail/195728549 HTTP/1.1" 404 9550 "-" "Mozilla/5.0 (Linux; Android 6.0.1; Nexus 5X Build/MMB29P) AppleWebKit/537.36 (KHTML, like Gecko) Chrome/137.0.7151.103 Mobile Safari/537.36 (compatible; Googlebot/2.1; +http://www.google.com/bot.html)"
66.249.65.197 - - [16/Jul/2025:06:38:41 +0000] "GET /shopdetail/166860449 HTTP/1.1" 404 9550 "-" "Mozilla/5.0 (compatible; Googlebot/2.1; +http://www.google.com/bot.html)"
66.249.65.197 - - [16/Jul/2025:06:38:55 +0000] "GET /shopdetail/204879549 HTTP/1.1" 404 9550 "-" "Mozilla/5.0 (Linux; Android 6.0.1; Nexus 5X Build/MMB29P) AppleWebKit/537.36 (KHTML, like Gecko) Chrome/137.0.7151.103 Mobile Safari/537.36 (compatible; Googlebot/2.1; +http://www.google.com/bot.html)"
209.74.77.214 - - [16/Jul/2025:06:40:31 +0000] "POST /wp-cron.php?doing_wp_cron=1752648031.8852040767669677734375 HTTP/1.1" 200 - "-" "WordPress/6.8.2; https://abl.academy"
66.249.65.197 - - [16/Jul/2025:06:40:30 +0000] "GET /item/princ30150122/ HTTP/1.1" 404 9550 "-" "Mozilla/5.0 (Linux; Android 6.0.1; Nexus 5X Build/MMB29P) AppleWebKit/537.36 (KHTML, like Gecko) Chrome/137.0.7151.103 Mobile Safari/537.36 (compatible; Googlebot/2.1; +http://www.google.com/bot.html)"
209.74.77.214 - - [16/Jul/2025:06:42:59 +0000] "POST /wp-cron.php?doing_wp_cron=1752648179.2628719806671142578125 HTTP/1.1" 200 - "-" "WordPress/6.8.2; https://abl.academy"
66.249.65.199 - - [16/Jul/2025:06:42:57 +0000] "GET /shopdetail/463857149 HTTP/1.1" 404 9550 "-" "Mozilla/5.0 (Linux; Android 6.0.1; Nexus 5X Build/MMB29P) AppleWebKit/537.36 (KHTML, like Gecko) Chrome/137.0.7151.103 Mobile Safari/537.36 (compatible; Googlebot/2.1; +http://www.google.com/bot.html)"
209.74.77.214 - - [16/Jul/2025:06:44:23 +0000] "POST /wp-cron.php?doing_wp_cron=1752648263.2482368946075439453125 HTTP/1.1" 200 - "-" "WordPress/6.8.2; https://abl.academy"
66.249.65.198 - - [16/Jul/2025:06:44:21 +0000] "GET /item/pair61116221/ HTTP/1.1" 404 9550 "-" "Mozilla/5.0 (Linux; Android 6.0.1; Nexus 5X Build/MMB29P) AppleWebKit/537.36 (KHTML, like Gecko) Chrome/137.0.7151.103 Mobile Safari/537.36 (compatible; Googlebot/2.1; +http://www.google.com/bot.html)"
66.249.65.198 - - [16/Jul/2025:06:44:48 +0000] "GET /shopdetail/182596749 HTTP/1.1" 404 9550 "-" "Mozilla/5.0 (Linux; Android 6.0.1; Nexus 5X Build/MMB29P) AppleWebKit/537.36 (KHTML, like Gecko) Chrome/137.0.7151.103 Mobile Safari/537.36 (compatible; Googlebot/2.1; +http://www.google.com/bot.html)"
209.74.77.214 - - [16/Jul/2025:06:45:40 +0000] "POST /wp-cron.php?doing_wp_cron=1752648340.5181601047515869140625 HTTP/1.1" 200 - "-" "WordPress/6.8.2; https://abl.academy"
66.249.65.199 - - [16/Jul/2025:06:45:39 +0000] "GET /shopdetail/492612749 HTTP/1.1" 404 9550 "-" "Mozilla/5.0 (Linux; Android 6.0.1; Nexus 5X Build/MMB29P) AppleWebKit/537.36 (KHTML, like Gecko) Chrome/137.0.7151.103 Mobile Safari/537.36 (compatible; Googlebot/2.1; +http://www.google.com/bot.html)"
66.249.65.198 - - [16/Jul/2025:06:45:53 +0000] "GET /shopdetail/391508549 HTTP/1.1" 404 9550 "-" "Mozilla/5.0 (compatible; Googlebot/2.1; +http://www.google.com/bot.html)"
209.74.77.214 - - [16/Jul/2025:06:48:18 +0000] "POST /wp-cron.php?doing_wp_cron=1752648498.0924780368804931640625 HTTP/1.1" 200 - "-" "WordPress/6.8.2; https://abl.academy"
66.249.65.199 - - [16/Jul/2025:06:48:16 +0000] "GET /shopdetail/261581949 HTTP/1.1" 404 9550 "-" "Mozilla/5.0 (compatible; Googlebot/2.1; +http://www.google.com/bot.html)"
66.249.65.198 - - [16/Jul/2025:06:48:45 +0000] "GET /shopdetail/210882349 HTTP/1.1" 404 9550 "-" "Mozilla/5.0 (Linux; Android 6.0.1; Nexus 5X Build/MMB29P) AppleWebKit/537.36 (KHTML, like Gecko) Chrome/137.0.7151.103 Mobile Safari/537.36 (compatible; Googlebot/2.1; +http://www.google.com/bot.html)"
209.74.77.214 - - [16/Jul/2025:06:52:48 +0000] "POST /wp-cron.php?doing_wp_cron=1752648768.4643669128417968750000 HTTP/1.1" 200 - "-" "WordPress/6.8.2; https://abl.academy"
66.249.65.198 - - [16/Jul/2025:06:52:47 +0000] "GET /shopdetail/455921449 HTTP/1.1" 404 9550 "-" "Mozilla/5.0 (Linux; Android 6.0.1; Nexus 5X Build/MMB29P) AppleWebKit/537.36 (KHTML, like Gecko) Chrome/137.0.7151.103 Mobile Safari/537.36 (compatible; Googlebot/2.1; +http://www.google.com/bot.html)"
209.74.77.214 - - [16/Jul/2025:06:55:09 +0000] "POST /wp-cron.php?doing_wp_cron=1752648909.7546598911285400390625 HTTP/1.1" 200 - "-" "WordPress/6.8.2; https://abl.academy"
66.249.65.199 - - [16/Jul/2025:06:55:08 +0000] "GET /shopdetail/543520049 HTTP/1.1" 404 9550 "-" "Mozilla/5.0 (Linux; Android 6.0.1; Nexus 5X Build/MMB29P) AppleWebKit/537.36 (KHTML, like Gecko) Chrome/137.0.7151.103 Mobile Safari/537.36 (compatible; Googlebot/2.1; +http://www.google.com/bot.html)"
209.74.77.214 - - [16/Jul/2025:06:57:44 +0000] "POST /wp-cron.php?doing_wp_cron=1752649064.4483890533447265625000 HTTP/1.1" 200 - "-" "WordPress/6.8.2; https://abl.academy"
66.249.65.198 - - [16/Jul/2025:06:57:42 +0000] "GET /shopdetail/234286449 HTTP/1.1" 404 9550 "-" "Mozilla/5.0 (Linux; Android 6.0.1; Nexus 5X Build/MMB29P) AppleWebKit/537.36 (KHTML, like Gecko) Chrome/137.0.7151.103 Mobile Safari/537.36 (compatible; Googlebot/2.1; +http://www.google.com/bot.html)"
95.108.213.107 - - [16/Jul/2025:06:58:54 +0000] "GET /robots.txt HTTP/1.1" 200 285 "-" "Mozilla/5.0 (compatible; YandexBot/3.0; +http://yandex.com/bots)"
209.74.77.214 - - [16/Jul/2025:06:58:57 +0000] "POST /wp-cron.php?doing_wp_cron=1752649137.0933170318603515625000 HTTP/1.1" 200 - "-" "WordPress/6.8.2; https://abl.academy"
95.108.213.94 - - [16/Jul/2025:06:58:55 +0000] "GET /sitemapm.xml HTTP/1.1" 404 9550 "-" "Mozilla/5.0 (compatible; YandexBot/3.0; +http://yandex.com/bots)"
52.200.54.136 - - [16/Jul/2025:06:58:59 +0000] "GET /courses/test/quizzes/quiz-7/ HTTP/1.1" 200 32841 "-" "Mozilla/5.0 AppleWebKit/537.36 (KHTML, like Gecko; compatible; Amazonbot/0.1; +https://developer.amazon.com/support/amazonbot) Chrome/119.0.6045.214 Safari/537.36"
66.249.65.198 - - [16/Jul/2025:06:59:01 +0000] "GET /shopdetail/332414949 HTTP/1.1" 404 9550 "-" "Mozilla/5.0 (Linux; Android 6.0.1; Nexus 5X Build/MMB29P) AppleWebKit/537.36 (KHTML, like Gecko) Chrome/137.0.7151.103 Mobile Safari/537.36 (compatible; Googlebot/2.1; +http://www.google.com/bot.html)"
209.74.77.214 - - [16/Jul/2025:06:59:35 +0000] "POST /wp-cron.php?doing_wp_cron=1752649175.5609960556030273437500 HTTP/1.1" 200 - "-" "WordPress/6.8.2; https://abl.academy"
5.255.231.2 - - [16/Jul/2025:06:59:34 +0000] "GET /sitemapi.xml HTTP/1.1" 404 9550 "-" "Mozilla/5.0 (compatible; YandexBot/3.0; +http://yandex.com/bots)"
209.74.77.214 - - [16/Jul/2025:07:00:36 +0000] "POST /wp-cron.php?doing_wp_cron=1752649236.7132949829101562500000 HTTP/1.1" 200 - "-" "WordPress/6.8.2; https://abl.academy"
5.255.231.66 - - [16/Jul/2025:07:00:35 +0000] "GET /sitemapg.xml HTTP/1.1" 404 9550 "-" "Mozilla/5.0 (compatible; YandexBot/3.0; +http://yandex.com/bots)"
5.255.231.153 - - [16/Jul/2025:07:00:38 +0000] "GET /sitemapk.xml HTTP/1.1" 404 9550 "-" "Mozilla/5.0 (compatible; YandexBot/3.0; +http://yandex.com/bots)"
66.249.65.199 - - [16/Jul/2025:07:00:42 +0000] "GET /shopdetail/187031849 HTTP/1.1" 404 9550 "-" "Mozilla/5.0 (compatible; Googlebot/2.1; +http://www.google.com/bot.html)"
209.74.77.214 - - [16/Jul/2025:07:01:52 +0000] "POST /wp-cron.php?doing_wp_cron=1752649312.0853149890899658203125 HTTP/1.1" 200 - "-" "WordPress/6.8.2; https://abl.academy"
66.249.65.198 - - [16/Jul/2025:07:01:50 +0000] "GET /item/germa31579226/ HTTP/1.1" 404 9550 "-" "Mozilla/5.0 (Linux; Android 6.0.1; Nexus 5X Build/MMB29P) AppleWebKit/537.36 (KHTML, like Gecko) Chrome/137.0.7151.103 Mobile Safari/537.36 (compatible; Googlebot/2.1; +http://www.google.com/bot.html)"
209.74.77.214 - - [16/Jul/2025:07:02:05 +0000] "POST /wp-cron.php?doing_wp_cron=1752649325.9609971046447753906250 HTTP/1.1" 200 - "-" "WordPress/6.8.2; https://abl.academy"
87.250.224.21 - - [16/Jul/2025:07:02:05 +0000] "GET /sitemaph.xml HTTP/1.1" 404 9550 "-" "Mozilla/5.0 (compatible; YandexBot/3.0; +http://yandex.com/bots)"
209.74.77.214 - - [16/Jul/2025:07:02:28 +0000] "POST /wp-cron.php?doing_wp_cron=1752649348.5302770137786865234375 HTTP/1.1" 200 - "-" "WordPress/6.8.2; https://abl.academy"
213.180.203.66 - - [16/Jul/2025:07:02:28 +0000] "GET /sitemapl.xml HTTP/1.1" 404 9550 "-" "Mozilla/5.0 (compatible; YandexBot/3.0; +http://yandex.com/bots)"
209.74.77.214 - - [16/Jul/2025:07:03:17 +0000] "POST /wp-cron.php?doing_wp_cron=1752649397.3985879421234130859375 HTTP/1.1" 200 - "-" "WordPress/6.8.2; https://abl.academy"
213.180.203.213 - - [16/Jul/2025:07:03:15 +0000] "GET /sitemapn.xml HTTP/1.1" 404 9550 "-" "Mozilla/5.0 (compatible; YandexBot/3.0; +http://yandex.com/bots)"
209.74.77.214 - - [16/Jul/2025:07:03:57 +0000] "POST /wp-cron.php?doing_wp_cron=1752649437.9498269557952880859375 HTTP/1.1" 200 - "-" "WordPress/6.8.2; https://abl.academy"
95.108.213.219 - - [16/Jul/2025:07:03:56 +0000] "GET /sitemapf.xml HTTP/1.1" 404 9550 "-" "Mozilla/5.0 (compatible; YandexBot/3.0; +http://yandex.com/bots)"
209.74.77.214 - - [16/Jul/2025:07:04:36 +0000] "POST /wp-cron.php?doing_wp_cron=1752649476.8308539390563964843750 HTTP/1.1" 200 - "-" "WordPress/6.8.2; https://abl.academy"
209.74.77.214 - - [16/Jul/2025:07:04:36 +0000] "POST /wp-cron.php?doing_wp_cron=1752649476.8308629989624023437500 HTTP/1.1" 200 - "-" "WordPress/6.8.2; https://abl.academy"
66.249.65.199 - - [16/Jul/2025:07:04:35 +0000] "GET /shopdetail/428129649 HTTP/1.1" 404 9550 "-" "Mozilla/5.0 (Linux; Android 6.0.1; Nexus 5X Build/MMB29P) AppleWebKit/537.36 (KHTML, like Gecko) Chrome/137.0.7151.103 Mobile Safari/537.36 (compatible; Googlebot/2.1; +http://www.google.com/bot.html)"
66.249.65.197 - - [16/Jul/2025:07:04:35 +0000] "GET /shopdetail/516923749 HTTP/1.1" 404 9550 "-" "Mozilla/5.0 (Linux; Android 6.0.1; Nexus 5X Build/MMB29P) AppleWebKit/537.36 (KHTML, like Gecko) Chrome/137.0.7151.103 Mobile Safari/537.36 (compatible; Googlebot/2.1; +http://www.google.com/bot.html)"
209.74.77.214 - - [16/Jul/2025:07:05:34 +0000] "POST /wp-cron.php?doing_wp_cron=1752649534.1921620368957519531250 HTTP/1.1" 200 - "-" "WordPress/6.8.2; https://abl.academy"
5.255.231.193 - - [16/Jul/2025:07:05:32 +0000] "GET /sitemapo.xml HTTP/1.1" 404 9550 "-" "Mozilla/5.0 (compatible; YandexBot/3.0; +http://yandex.com/bots)"
5.255.231.73 - - [16/Jul/2025:07:06:52 +0000] "GET /robots.txt HTTP/1.1" 200 285 "-" "Mozilla/5.0 (compatible; YandexBot/3.0; +http://yandex.com/bots)"
209.74.77.214 - - [16/Jul/2025:07:06:54 +0000] "POST /wp-cron.php?doing_wp_cron=1752649614.5379309654235839843750 HTTP/1.1" 200 - "-" "WordPress/6.8.2; https://abl.academy"
213.180.203.49 - - [16/Jul/2025:07:06:53 +0000] "GET /sitemapj.xml HTTP/1.1" 404 9550 "-" "Mozilla/5.0 (compatible; YandexBot/3.0; +http://yandex.com/bots)"
209.74.77.214 - - [16/Jul/2025:07:08:54 +0000] "POST /wp-cron.php?doing_wp_cron=1752649734.8821599483489990234375 HTTP/1.1" 200 - "-" "WordPress/6.8.2; https://abl.academy"
66.249.65.197 - - [16/Jul/2025:07:08:53 +0000] "GET /shopdetail/39368749 HTTP/1.1" 404 9550 "-" "Mozilla/5.0 (Linux; Android 6.0.1; Nexus 5X Build/MMB29P) AppleWebKit/537.36 (KHTML, like Gecko) Chrome/137.0.7151.103 Mobile Safari/537.36 (compatible; Googlebot/2.1; +http://www.google.com/bot.html)"
209.74.77.214 - - [16/Jul/2025:07:09:20 +0000] "POST /wp-cron.php?doing_wp_cron=1752649760.6409070491790771484375 HTTP/1.1" 200 - "-" "WordPress/6.8.2; https://abl.academy"
66.249.65.199 - - [16/Jul/2025:07:09:20 +0000] "GET /shopdetail/301633749 HTTP/1.1" 404 9550 "-" "Mozilla/5.0 (Linux; Android 6.0.1; Nexus 5X Build/MMB29P) AppleWebKit/537.36 (KHTML, like Gecko) Chrome/137.0.7151.103 Mobile Safari/537.36 (compatible; Googlebot/2.1; +http://www.google.com/bot.html)"
209.74.77.214 - - [16/Jul/2025:07:11:04 +0000] "POST /wp-cron.php?doing_wp_cron=1752649864.6052949428558349609375 HTTP/1.1" 200 - "-" "WordPress/6.8.2; https://abl.academy"
66.249.65.197 - - [16/Jul/2025:07:11:03 +0000] "GET /shopdetail/106576449 HTTP/1.1" 404 9550 "-" "Mozilla/5.0 (compatible; Googlebot/2.1; +http://www.google.com/bot.html)"
209.74.77.214 - - [16/Jul/2025:07:12:00 +0000] "POST /wp-cron.php?doing_wp_cron=1752649920.4298989772796630859375 HTTP/1.1" 200 - "-" "WordPress/6.8.2; https://abl.academy"
66.249.65.197 - - [16/Jul/2025:07:11:58 +0000] "GET /shopdetail/490246549 HTTP/1.1" 404 9550 "-" "Mozilla/5.0 (Linux; Android 6.0.1; Nexus 5X Build/MMB29P) AppleWebKit/537.36 (KHTML, like Gecko) Chrome/137.0.7151.103 Mobile Safari/537.36 (compatible; Googlebot/2.1; +http://www.google.com/bot.html)"
209.74.77.214 - - [16/Jul/2025:07:12:27 +0000] "POST /wp-cron.php?doing_wp_cron=1752649947.6877930164337158203125 HTTP/1.1" 200 - "-" "WordPress/6.8.2; https://abl.academy"
66.249.65.197 - - [16/Jul/2025:07:12:27 +0000] "GET /item/perha10440912/ HTTP/1.1" 404 9550 "-" "Mozilla/5.0 (Linux; Android 6.0.1; Nexus 5X Build/MMB29P) AppleWebKit/537.36 (KHTML, like Gecko) Chrome/137.0.7151.103 Mobile Safari/537.36 (compatible; Googlebot/2.1; +http://www.google.com/bot.html)"
209.74.77.214 - - [16/Jul/2025:07:13:11 +0000] "POST /wp-cron.php?doing_wp_cron=1752649991.0532109737396240234375 HTTP/1.1" 200 - "-" "WordPress/6.8.2; https://abl.academy"
66.249.65.199 - - [16/Jul/2025:07:13:09 +0000] "GET /item/descr81360679/ HTTP/1.1" 404 9550 "-" "Mozilla/5.0 (Linux; Android 6.0.1; Nexus 5X Build/MMB29P) AppleWebKit/537.36 (KHTML, like Gecko) Chrome/137.0.7151.103 Mobile Safari/537.36 (compatible; Googlebot/2.1; +http://www.google.com/bot.html)"
209.74.77.214 - - [16/Jul/2025:07:13:41 +0000] "POST /wp-cron.php?doing_wp_cron=1752650021.7548820972442626953125 HTTP/1.1" 200 - "-" "WordPress/6.8.2; https://abl.academy"
66.249.65.198 - - [16/Jul/2025:07:13:41 +0000] "GET /shopdetail/311823349 HTTP/1.1" 404 9550 "-" "Mozilla/5.0 (Linux; Android 6.0.1; Nexus 5X Build/MMB29P) AppleWebKit/537.36 (KHTML, like Gecko) Chrome/137.0.7151.103 Mobile Safari/537.36 (compatible; Googlebot/2.1; +http://www.google.com/bot.html)"
209.74.77.214 - - [16/Jul/2025:07:14:21 +0000] "POST /wp-cron.php?doing_wp_cron=1752650061.7612860202789306640625 HTTP/1.1" 200 - "-" "WordPress/6.8.2; https://abl.academy"
66.249.65.197 - - [16/Jul/2025:07:14:20 +0000] "GET /shopdetail/45490649 HTTP/1.1" 404 9550 "-" "Mozilla/5.0 (Linux; Android 6.0.1; Nexus 5X Build/MMB29P) AppleWebKit/537.36 (KHTML, like Gecko) Chrome/137.0.7151.103 Mobile Safari/537.36 (compatible; Googlebot/2.1; +http://www.google.com/bot.html)"
209.74.77.214 - - [16/Jul/2025:07:15:02 +0000] "POST /wp-cron.php?doing_wp_cron=1752650102.8667891025543212890625 HTTP/1.1" 200 - "-" "WordPress/6.8.2; https://abl.academy"
66.249.65.199 - - [16/Jul/2025:07:15:00 +0000] "GET /shopdetail/237025849 HTTP/1.1" 404 9550 "-" "Mozilla/5.0 (compatible; Googlebot/2.1; +http://www.google.com/bot.html)"
209.74.77.214 - - [16/Jul/2025:07:15:31 +0000] "POST /wp-cron.php?doing_wp_cron=1752650131.6453680992126464843750 HTTP/1.1" 200 - "-" "WordPress/6.8.2; https://abl.academy"
66.249.65.198 - - [16/Jul/2025:07:15:31 +0000] "GET /shopdetail/105105149 HTTP/1.1" 404 9550 "-" "Mozilla/5.0 (Linux; Android 6.0.1; Nexus 5X Build/MMB29P) AppleWebKit/537.36 (KHTML, like Gecko) Chrome/137.0.7151.103 Mobile Safari/537.36 (compatible; Googlebot/2.1; +http://www.google.com/bot.html)"
209.74.77.214 - - [16/Jul/2025:07:17:50 +0000] "POST /wp-cron.php?doing_wp_cron=1752650270.2118771076202392578125 HTTP/1.1" 200 - "-" "WordPress/6.8.2; https://abl.academy"
66.249.65.198 - - [16/Jul/2025:07:17:48 +0000] "GET /shopdetail/123718449 HTTP/1.1" 404 9550 "-" "Mozilla/5.0 (Linux; Android 6.0.1; Nexus 5X Build/MMB29P) AppleWebKit/537.36 (KHTML, like Gecko) Chrome/137.0.7151.103 Mobile Safari/537.36 (compatible; Googlebot/2.1; +http://www.google.com/bot.html)"
209.74.77.214 - - [16/Jul/2025:07:18:07 +0000] "POST /wp-cron.php?doing_wp_cron=1752650287.6146399974822998046875 HTTP/1.1" 200 - "-" "WordPress/6.8.2; https://abl.academy"
54.144.185.255 - - [16/Jul/2025:07:18:07 +0000] "GET /wp-login.php?redirect_to=https://abl.academy/courses/test/lessons/lesson-3 HTTP/1.1" 200 2049 "-" "Mozilla/5.0 AppleWebKit/537.36 (KHTML, like Gecko; compatible; Amazonbot/0.1; +https://developer.amazon.com/support/amazonbot) Chrome/119.0.6045.214 Safari/537.36"
209.74.77.214 - - [16/Jul/2025:07:20:18 +0000] "POST /wp-cron.php?doing_wp_cron=1752650418.5900599956512451171875 HTTP/1.1" 200 - "-" "WordPress/6.8.2; https://abl.academy"
66.249.65.197 - - [16/Jul/2025:07:20:17 +0000] "GET /item/fleet60159429/ HTTP/1.1" 404 9550 "-" "Mozilla/5.0 (Linux; Android 6.0.1; Nexus 5X Build/MMB29P) AppleWebKit/537.36 (KHTML, like Gecko) Chrome/137.0.7151.103 Mobile Safari/537.36 (compatible; Googlebot/2.1; +http://www.google.com/bot.html)"
66.249.65.197 - - [16/Jul/2025:07:20:23 +0000] "GET /shopdetail/56148349 HTTP/1.1" 404 9550 "-" "Mozilla/5.0 (compatible; Googlebot/2.1; +http://www.google.com/bot.html)"
209.74.77.214 - - [16/Jul/2025:07:23:03 +0000] "POST /wp-cron.php?doing_wp_cron=1752650583.5617229938507080078125 HTTP/1.1" 200 - "-" "WordPress/6.8.2; https://abl.academy"
66.249.65.199 - - [16/Jul/2025:07:23:02 +0000] "GET /item/harbo80090663/ HTTP/1.1" 404 9550 "-" "Mozilla/5.0 (Linux; Android 6.0.1; Nexus 5X Build/MMB29P) AppleWebKit/537.36 (KHTML, like Gecko) Chrome/137.0.7151.103 Mobile Safari/537.36 (compatible; Googlebot/2.1; +http://www.google.com/bot.html)"
209.74.77.214 - - [16/Jul/2025:07:24:19 +0000] "POST /wp-cron.php?doing_wp_cron=1752650659.1034860610961914062500 HTTP/1.1" 200 - "-" "WordPress/6.8.2; https://abl.academy"
66.249.65.198 - - [16/Jul/2025:07:24:17 +0000] "GET /shopdetail/324261349 HTTP/1.1" 404 9550 "-" "Mozilla/5.0 (Linux; Android 6.0.1; Nexus 5X Build/MMB29P) AppleWebKit/537.36 (KHTML, like Gecko) Chrome/137.0.7151.103 Mobile Safari/537.36 (compatible; Googlebot/2.1; +http://www.google.com/bot.html)"
209.74.77.214 - - [16/Jul/2025:07:25:56 +0000] "POST /wp-cron.php?doing_wp_cron=1752650756.3337409496307373046875 HTTP/1.1" 200 - "-" "WordPress/6.8.2; https://abl.academy"
66.249.65.197 - - [16/Jul/2025:07:25:54 +0000] "GET /shopdetail/361458449 HTTP/1.1" 404 9550 "-" "Mozilla/5.0 (compatible; Googlebot/2.1; +http://www.google.com/bot.html)"
66.249.65.199 - - [16/Jul/2025:07:26:09 +0000] "GET /shopdetail/341161349 HTTP/1.1" 404 9550 "-" "Mozilla/5.0 (compatible; Googlebot/2.1; +http://www.google.com/bot.html)"
209.74.77.214 - - [16/Jul/2025:07:26:51 +0000] "POST /wp-cron.php?doing_wp_cron=1752650811.7274689674377441406250 HTTP/1.1" 200 - "-" "WordPress/6.8.2; https://abl.academy"
66.249.65.197 - - [16/Jul/2025:07:26:50 +0000] "GET /shopdetail/409829449 HTTP/1.1" 404 9550 "-" "Mozilla/5.0 (compatible; Googlebot/2.1; +http://www.google.com/bot.html)"
209.74.77.214 - - [16/Jul/2025:07:27:43 +0000] "POST /wp-cron.php?doing_wp_cron=1752650863.5523309707641601562500 HTTP/1.1" 200 - "-" "WordPress/6.8.2; https://abl.academy"
205.210.31.120 - - [16/Jul/2025:07:27:42 +0000] "GET / HTTP/1.1" 200 9693 "-" "\"Xpanse-bot"
205.210.31.120 - - [16/Jul/2025:07:27:43 +0000] "GET /demo-main/courses/ HTTP/1.1" 301 - "-" "\"Xpanse-bot"
205.210.31.120 - - [16/Jul/2025:07:27:44 +0000] "GET /courses/ HTTP/1.1" 200 15019 "https://abl.academy/demo-main/courses/" "\"Xpanse-bot"
205.210.31.120 - - [16/Jul/2025:07:27:44 +0000] "GET /contact/ HTTP/1.1" 200 10133 "-" "\"Xpanse-bot"
205.210.31.120 - - [16/Jul/2025:07:27:45 +0000] "GET /demo-main/shop/ HTTP/1.1" 301 - "-" "\"Xpanse-bot"
205.210.31.120 - - [16/Jul/2025:07:27:45 +0000] "GET /shop/ HTTP/1.1" 200 29783 "https://abl.academy/demo-main/shop/" "\"Xpanse-bot"
205.210.31.120 - - [16/Jul/2025:07:27:46 +0000] "GET /become-a-teacher/ HTTP/1.1" 200 10872 "-" "\"Xpanse-bot"
205.210.31.120 - - [16/Jul/2025:07:27:47 +0000] "GET /wp-login.php HTTP/1.1" 200 2032 "-" "\"Xpanse-bot"
205.210.31.120 - - [16/Jul/2025:07:27:47 +0000] "GET /wp-login.php?action=lostpassword HTTP/1.1" 200 1251 "-" "\"Xpanse-bot"
205.210.31.120 - - [16/Jul/2025:07:27:48 +0000] "GET /shop/?add-to-cart=139 HTTP/1.1" 200 31137 "-" "\"Xpanse-bot"
205.210.31.120 - - [16/Jul/2025:07:27:49 +0000] "GET /account/?action=register HTTP/1.1" 200 11097 "-" "\"Xpanse-bot"
205.210.31.120 - - [16/Jul/2025:07:27:49 +0000] "GET /cart/ HTTP/1.1" 200 79531 "-" "\"Xpanse-bot"
209.74.77.214 - - [16/Jul/2025:07:27:56 +0000] "POST /wp-cron.php?doing_wp_cron=1752650876.7524850368499755859375 HTTP/1.1" 200 - "-" "WordPress/6.8.2; https://abl.academy"
34.72.176.129 - - [16/Jul/2025:07:27:56 +0000] "GET /wp-login.php HTTP/1.1" 200 2032 "-" "Mozilla/5.0 (X11; Linux x86_64) AppleWebKit/537.36 (KHTML, like Gecko) HeadlessChrome/117.0.5938.132 Safari/537.36"
34.72.176.129 - - [16/Jul/2025:07:27:56 +0000] "GET /wp-includes/css/dashicons.min.css?ver=6.8.2 HTTP/1.1" 200 35730 "https://abl.academy/wp-login.php" "Mozilla/5.0 (X11; Linux x86_64) AppleWebKit/537.36 (KHTML, like Gecko) HeadlessChrome/117.0.5938.132 Safari/537.36"
34.72.176.129 - - [16/Jul/2025:07:27:57 +0000] "GET /wp-admin/css/login.min.css?ver=6.8.2 HTTP/1.1" 200 2171 "https://abl.academy/wp-login.php" "Mozilla/5.0 (X11; Linux x86_64) AppleWebKit/537.36 (KHTML, like Gecko) HeadlessChrome/117.0.5938.132 Safari/537.36"
34.72.176.129 - - [16/Jul/2025:07:27:57 +0000] "GET /wp-admin/css/forms.min.css?ver=6.8.2 HTTP/1.1" 200 6694 "https://abl.academy/wp-login.php" "Mozilla/5.0 (X11; Linux x86_64) AppleWebKit/537.36 (KHTML, like Gecko) HeadlessChrome/117.0.5938.132 Safari/537.36"
34.72.176.129 - - [16/Jul/2025:07:27:57 +0000] "GET /wp-admin/css/l10n.min.css?ver=6.8.2 HTTP/1.1" 200 767 "https://abl.academy/wp-login.php" "Mozilla/5.0 (X11; Linux x86_64) AppleWebKit/537.36 (KHTML, like Gecko) HeadlessChrome/117.0.5938.132 Safari/537.36"
34.122.147.229 - - [16/Jul/2025:07:27:57 +0000] "GET /wp-includes/css/buttons.min.css?ver=6.8.2 HTTP/1.1" 200 1470 "https://abl.academy/wp-login.php" "Mozilla/5.0 (X11; Linux x86_64) AppleWebKit/537.36 (KHTML, like Gecko) HeadlessChrome/117.0.5938.132 Safari/537.36"
34.72.176.129 - - [16/Jul/2025:07:27:57 +0000] "GET /wp-includes/js/clipboard.min.js?ver=2.0.11 HTTP/1.1" 200 3150 "https://abl.academy/wp-login.php" "Mozilla/5.0 (X11; Linux x86_64) AppleWebKit/537.36 (KHTML, like Gecko) HeadlessChrome/117.0.5938.132 Safari/537.36"
34.122.147.229 - - [16/Jul/2025:07:27:57 +0000] "GET /wp-includes/js/jquery/jquery.min.js?ver=3.7.1 HTTP/1.1" 200 30368 "https://abl.academy/wp-login.php" "Mozilla/5.0 (X11; Linux x86_64) AppleWebKit/537.36 (KHTML, like Gecko) HeadlessChrome/117.0.5938.132 Safari/537.36"
34.72.176.129 - - [16/Jul/2025:07:27:57 +0000] "GET /wp-includes/js/jquery/jquery-migrate.min.js?ver=3.4.1 HTTP/1.1" 200 4872 "https://abl.academy/wp-login.php" "Mozilla/5.0 (X11; Linux x86_64) AppleWebKit/537.36 (KHTML, like Gecko) HeadlessChrome/117.0.5938.132 Safari/537.36"
34.72.176.129 - - [16/Jul/2025:07:27:57 +0000] "GET /wp-includes/js/dist/hooks.min.js?ver=4d63a3d491d11ffd8ac6 HTTP/1.1" 200 1648 "https://abl.academy/wp-login.php" "Mozilla/5.0 (X11; Linux x86_64) AppleWebKit/537.36 (KHTML, like Gecko) HeadlessChrome/117.0.5938.132 Safari/537.36"
34.122.147.229 - - [16/Jul/2025:07:27:57 +0000] "GET /wp-includes/js/dist/i18n.min.js?ver=5e580eb46a90c2b997e6 HTTP/1.1" 200 3667 "https://abl.academy/wp-login.php" "Mozilla/5.0 (X11; Linux x86_64) AppleWebKit/537.36 (KHTML, like Gecko) HeadlessChrome/117.0.5938.132 Safari/537.36"
34.72.176.129 - - [16/Jul/2025:07:27:57 +0000] "GET /wp-login.php?action=lostpassword HTTP/1.1" 200 1251 "-" "Mozilla/5.0 (X11; Linux x86_64) AppleWebKit/537.36 (KHTML, like Gecko) HeadlessChrome/117.0.5938.132 Safari/537.36"
34.72.176.129 - - [16/Jul/2025:07:27:57 +0000] "GET /wp-admin/js/password-strength-meter.min.js?ver=6.8.2 HTTP/1.1" 200 621 "https://abl.academy/wp-login.php" "Mozilla/5.0 (X11; Linux x86_64) AppleWebKit/537.36 (KHTML, like Gecko) HeadlessChrome/117.0.5938.132 Safari/537.36"
34.122.147.229 - - [16/Jul/2025:07:27:57 +0000] "GET /wp-includes/js/wp-util.min.js?ver=6.8.2 HTTP/1.1" 200 756 "https://abl.academy/wp-login.php" "Mozilla/5.0 (X11; Linux x86_64) AppleWebKit/537.36 (KHTML, like Gecko) HeadlessChrome/117.0.5938.132 Safari/537.36"
34.72.176.129 - - [16/Jul/2025:07:27:57 +0000] "GET /wp-includes/css/dashicons.min.css?ver=6.8.2 HTTP/1.1" 200 35730 "https://abl.academy/wp-login.php?action=lostpassword" "Mozilla/5.0 (X11; Linux x86_64) AppleWebKit/537.36 (KHTML, like Gecko) HeadlessChrome/117.0.5938.132 Safari/537.36"
34.72.176.129 - - [16/Jul/2025:07:27:57 +0000] "GET /wp-includes/js/dist/dom-ready.min.js?ver=f77871ff7694fffea381 HTTP/1.1" 200 320 "https://abl.academy/wp-login.php" "Mozilla/5.0 (X11; Linux x86_64) AppleWebKit/537.36 (KHTML, like Gecko) HeadlessChrome/117.0.5938.132 Safari/537.36"
34.122.147.229 - - [16/Jul/2025:07:27:57 +0000] "GET /wp-admin/js/user-profile.min.js?ver=6.8.2 HTTP/1.1" 200 2610 "https://abl.academy/wp-login.php" "Mozilla/5.0 (X11; Linux x86_64) AppleWebKit/537.36 (KHTML, like Gecko) HeadlessChrome/117.0.5938.132 Safari/537.36"
34.72.176.129 - - [16/Jul/2025:07:27:57 +0000] "GET /wp-includes/js/zxcvbn-async.min.js?ver=1.0 HTTP/1.1" 200 256 "https://abl.academy/wp-login.php" "Mozilla/5.0 (X11; Linux x86_64) AppleWebKit/537.36 (KHTML, like Gecko) HeadlessChrome/117.0.5938.132 Safari/537.36"
34.122.147.229 - - [16/Jul/2025:07:27:57 +0000] "GET /wp-includes/js/underscore.min.js?ver=1.13.7 HTTP/1.1" 200 7317 "https://abl.academy/wp-login.php" "Mozilla/5.0 (X11; Linux x86_64) AppleWebKit/537.36 (KHTML, like Gecko) HeadlessChrome/117.0.5938.132 Safari/537.36"
