66.249.65.198 - - [16/Jul/2025:03:35:02 +0000] "GET /item/inven42572275/ HTTP/1.1" 200 40019 "-" "Mozilla/5.0 (Linux; Android 6.0.1; Nexus 5X Build/MMB29P) AppleWebKit/537.36 (KHTML, like Gecko) Chrome/137.0.7151.103 Mobile Safari/537.36 (compatible; Googlebot/2.1; +http://www.google.com/bot.html)"
66.249.65.197 - - [16/Jul/2025:03:35:02 +0000] "GET /item/chick41256387/ HTTP/1.1" 200 39861 "-" "Mozilla/5.0 (Linux; Android 6.0.1; Nexus 5X Build/MMB29P) AppleWebKit/537.36 (KHTML, like Gecko) Chrome/137.0.7151.103 Mobile Safari/537.36 (compatible; Googlebot/2.1; +http://www.google.com/bot.html)"
66.249.65.200 - - [16/Jul/2025:03:35:03 +0000] "GET /item/reach41368627/ HTTP/1.1" 200 40631 "-" "Mozilla/5.0 (Linux; Android 6.0.1; Nexus 5X Build/MMB29P) AppleWebKit/537.36 (KHTML, like Gecko) Chrome/137.0.7151.103 Mobile Safari/537.36 (compatible; Googlebot/2.1; +http://www.google.com/bot.html)"
66.249.65.199 - - [16/Jul/2025:03:35:05 +0000] "GET /item/bull21807561/ HTTP/1.1" 200 40267 "-" "Mozilla/5.0 (Linux; Android 6.0.1; Nexus 5X Build/MMB29P) AppleWebKit/537.36 (KHTML, like Gecko) Chrome/137.0.7151.103 Mobile Safari/537.36 (compatible; Googlebot/2.1; +http://www.google.com/bot.html)"
66.249.65.197 - - [16/Jul/2025:03:35:06 +0000] "GET /item/lesso60288717/ HTTP/1.1" 200 40198 "-" "Mozilla/5.0 (Linux; Android 6.0.1; Nexus 5X Build/MMB29P) AppleWebKit/537.36 (KHTML, like Gecko) Chrome/137.0.7151.103 Mobile Safari/537.36 (compatible; Googlebot/2.1; +http://www.google.com/bot.html)"
66.249.65.198 - - [16/Jul/2025:03:35:06 +0000] "GET /item/vent12015904/ HTTP/1.1" 200 39977 "-" "Mozilla/5.0 (Linux; Android 6.0.1; Nexus 5X Build/MMB29P) AppleWebKit/537.36 (KHTML, like Gecko) Chrome/137.0.7151.103 Mobile Safari/537.36 (compatible; Googlebot/2.1; +http://www.google.com/bot.html)"
66.249.65.199 - - [16/Jul/2025:03:35:07 +0000] "GET /item/extra60893365/ HTTP/1.1" 200 39834 "-" "Mozilla/5.0 (Linux; Android 6.0.1; Nexus 5X Build/MMB29P) AppleWebKit/537.36 (KHTML, like Gecko) Chrome/137.0.7151.103 Mobile Safari/537.36 (compatible; Googlebot/2.1; +http://www.google.com/bot.html)"
66.249.65.199 - - [16/Jul/2025:03:35:09 +0000] "POST /get-message-notify HTTP/1.1" 200 40311 "https://abl.academy/shopdetail/313234849" "Mozilla/5.0 (Linux; Android 6.0.1; Nexus 5X Build/MMB29P) AppleWebKit/537.36 (KHTML, like Gecko) Chrome/137.0.7151.119 Mobile Safari/537.36 (compatible; Googlebot/2.1; +http://www.google.com/bot.html)"
66.249.65.199 - - [16/Jul/2025:03:35:09 +0000] "GET /item/but20708481/ HTTP/1.1" 200 40175 "-" "Mozilla/5.0 (Linux; Android 6.0.1; Nexus 5X Build/MMB29P) AppleWebKit/537.36 (KHTML, like Gecko) Chrome/137.0.7151.103 Mobile Safari/537.36 (compatible; Googlebot/2.1; +http://www.google.com/bot.html)"
66.249.65.198 - - [16/Jul/2025:03:35:10 +0000] "GET /item/democ41513979/ HTTP/1.1" 200 39990 "-" "Mozilla/5.0 (Linux; Android 6.0.1; Nexus 5X Build/MMB29P) AppleWebKit/537.36 (KHTML, like Gecko) Chrome/137.0.7151.103 Mobile Safari/537.36 (compatible; Googlebot/2.1; +http://www.google.com/bot.html)"
66.249.65.197 - - [16/Jul/2025:03:35:10 +0000] "GET /item/easy82520983/ HTTP/1.1" 200 40601 "-" "Mozilla/5.0 (Linux; Android 6.0.1; Nexus 5X Build/MMB29P) AppleWebKit/537.36 (KHTML, like Gecko) Chrome/137.0.7151.103 Mobile Safari/537.36 (compatible; Googlebot/2.1; +http://www.google.com/bot.html)"
66.249.65.198 - - [16/Jul/2025:03:35:15 +0000] "POST /get-message-notify HTTP/1.1" 200 40400 "https://abl.academy/item/vent12015904/" "Mozilla/5.0 (Linux; Android 6.0.1; Nexus 5X Build/MMB29P) AppleWebKit/537.36 (KHTML, like Gecko) Chrome/137.0.7151.119 Mobile Safari/537.36 (compatible; Googlebot/2.1; +http://www.google.com/bot.html)"
66.249.65.198 - - [16/Jul/2025:03:35:16 +0000] "GET /item/orang60485125/ HTTP/1.1" 200 40294 "-" "Mozilla/5.0 (Linux; Android 6.0.1; Nexus 5X Build/MMB29P) AppleWebKit/537.36 (KHTML, like Gecko) Chrome/137.0.7151.103 Mobile Safari/537.36 (compatible; Googlebot/2.1; +http://www.google.com/bot.html)"
66.249.65.197 - - [16/Jul/2025:03:35:16 +0000] "GET /item/fable21790697/ HTTP/1.1" 200 40088 "-" "Mozilla/5.0 (Linux; Android 6.0.1; Nexus 5X Build/MMB29P) AppleWebKit/537.36 (KHTML, like Gecko) Chrome/137.0.7151.103 Mobile Safari/537.36 (compatible; Googlebot/2.1; +http://www.google.com/bot.html)"
66.249.65.197 - - [16/Jul/2025:03:35:17 +0000] "GET /item/need20800017/ HTTP/1.1" 200 40135 "-" "Mozilla/5.0 (Linux; Android 6.0.1; Nexus 5X Build/MMB29P) AppleWebKit/537.36 (KHTML, like Gecko) Chrome/137.0.7151.103 Mobile Safari/537.36 (compatible; Googlebot/2.1; +http://www.google.com/bot.html)"
66.249.65.198 - - [16/Jul/2025:03:35:17 +0000] "GET /item/basic10152256/ HTTP/1.1" 200 41051 "-" "Mozilla/5.0 (Linux; Android 6.0.1; Nexus 5X Build/MMB29P) AppleWebKit/537.36 (KHTML, like Gecko) Chrome/137.0.7151.103 Mobile Safari/537.36 (compatible; Googlebot/2.1; +http://www.google.com/bot.html)"
66.249.65.198 - - [16/Jul/2025:03:35:18 +0000] "GET /item/deaf81324591/ HTTP/1.1" 200 39953 "-" "Mozilla/5.0 (Linux; Android 6.0.1; Nexus 5X Build/MMB29P) AppleWebKit/537.36 (KHTML, like Gecko) Chrome/137.0.7151.103 Mobile Safari/537.36 (compatible; Googlebot/2.1; +http://www.google.com/bot.html)"
66.249.65.198 - - [16/Jul/2025:03:35:18 +0000] "GET /item/fifty12973032/ HTTP/1.1" 200 40123 "-" "Mozilla/5.0 (Linux; Android 6.0.1; Nexus 5X Build/MMB29P) AppleWebKit/537.36 (KHTML, like Gecko) Chrome/137.0.7151.103 Mobile Safari/537.36 (compatible; Googlebot/2.1; +http://www.google.com/bot.html)"
66.249.65.197 - - [16/Jul/2025:03:35:20 +0000] "GET /item/her81808151/ HTTP/1.1" 200 40348 "-" "Mozilla/5.0 (Linux; Android 6.0.1; Nexus 5X Build/MMB29P) AppleWebKit/537.36 (KHTML, like Gecko) Chrome/137.0.7151.103 Mobile Safari/537.36 (compatible; Googlebot/2.1; +http://www.google.com/bot.html)"
66.249.65.197 - - [16/Jul/2025:03:35:21 +0000] "GET /item/fence20393505/ HTTP/1.1" 200 40755 "-" "Mozilla/5.0 (Linux; Android 6.0.1; Nexus 5X Build/MMB29P) AppleWebKit/537.36 (KHTML, like Gecko) Chrome/137.0.7151.103 Mobile Safari/537.36 (compatible; Googlebot/2.1; +http://www.google.com/bot.html)"
66.249.65.199 - - [16/Jul/2025:03:35:21 +0000] "GET /item/dune41075923/ HTTP/1.1" 200 40059 "-" "Mozilla/5.0 (Linux; Android 6.0.1; Nexus 5X Build/MMB29P) AppleWebKit/537.36 (KHTML, like Gecko) Chrome/137.0.7151.103 Mobile Safari/537.36 (compatible; Googlebot/2.1; +http://www.google.com/bot.html)"
66.249.65.197 - - [16/Jul/2025:03:35:22 +0000] "GET /item/stren22023425/ HTTP/1.1" 200 40368 "-" "Mozilla/5.0 (Linux; Android 6.0.1; Nexus 5X Build/MMB29P) AppleWebKit/537.36 (KHTML, like Gecko) Chrome/137.0.7151.103 Mobile Safari/537.36 (compatible; Googlebot/2.1; +http://www.google.com/bot.html)"
66.249.65.198 - - [16/Jul/2025:03:35:22 +0000] "GET /item/fibre71519286/ HTTP/1.1" 200 39952 "-" "Mozilla/5.0 (Linux; Android 6.0.1; Nexus 5X Build/MMB29P) AppleWebKit/537.36 (KHTML, like Gecko) Chrome/137.0.7151.103 Mobile Safari/537.36 (compatible; Googlebot/2.1; +http://www.google.com/bot.html)"
66.249.65.199 - - [16/Jul/2025:03:35:23 +0000] "POST /get-message-notify HTTP/1.1" 200 40301 "https://abl.academy/item/her81808151/" "Mozilla/5.0 (Linux; Android 6.0.1; Nexus 5X Build/MMB29P) AppleWebKit/537.36 (KHTML, like Gecko) Chrome/137.0.7151.119 Mobile Safari/537.36 (compatible; Googlebot/2.1; +http://www.google.com/bot.html)"
66.249.65.197 - - [16/Jul/2025:03:35:23 +0000] "GET /item/uncon61503029/ HTTP/1.1" 200 40141 "-" "Mozilla/5.0 (Linux; Android 6.0.1; Nexus 5X Build/MMB29P) AppleWebKit/537.36 (KHTML, like Gecko) Chrome/137.0.7151.103 Mobile Safari/537.36 (compatible; Googlebot/2.1; +http://www.google.com/bot.html)"
66.249.65.197 - - [16/Jul/2025:03:35:25 +0000] "GET /item/impol11505792/ HTTP/1.1" 200 40240 "-" "Mozilla/5.0 (Linux; Android 6.0.1; Nexus 5X Build/MMB29P) AppleWebKit/537.36 (KHTML, like Gecko) Chrome/137.0.7151.103 Mobile Safari/537.36 (compatible; Googlebot/2.1; +http://www.google.com/bot.html)"
66.249.65.198 - - [16/Jul/2025:03:35:25 +0000] "POST /get-message-notify HTTP/1.1" 200 40402 "https://abl.academy/item/basic10152256/" "Mozilla/5.0 (Linux; Android 6.0.1; Nexus 5X Build/MMB29P) AppleWebKit/537.36 (KHTML, like Gecko) Chrome/137.0.7151.119 Mobile Safari/537.36 (compatible; Googlebot/2.1; +http://www.google.com/bot.html)"
66.249.65.199 - - [16/Jul/2025:03:35:26 +0000] "GET /item/inher31178146/ HTTP/1.1" 200 39859 "-" "Mozilla/5.0 (Linux; Android 6.0.1; Nexus 5X Build/MMB29P) AppleWebKit/537.36 (KHTML, like Gecko) Chrome/137.0.7151.103 Mobile Safari/537.36 (compatible; Googlebot/2.1; +http://www.google.com/bot.html)"
66.249.65.198 - - [16/Jul/2025:03:35:26 +0000] "GET /item/pat40546691/ HTTP/1.1" 200 40009 "-" "Mozilla/5.0 (Linux; Android 6.0.1; Nexus 5X Build/MMB29P) AppleWebKit/537.36 (KHTML, like Gecko) Chrome/137.0.7151.103 Mobile Safari/537.36 (compatible; Googlebot/2.1; +http://www.google.com/bot.html)"
66.249.65.198 - - [16/Jul/2025:03:35:27 +0000] "GET /item/evalu12946168/ HTTP/1.1" 200 39821 "-" "Mozilla/5.0 (Linux; Android 6.0.1; Nexus 5X Build/MMB29P) AppleWebKit/537.36 (KHTML, like Gecko) Chrome/137.0.7151.103 Mobile Safari/537.36 (compatible; Googlebot/2.1; +http://www.google.com/bot.html)"
66.249.65.199 - - [16/Jul/2025:03:35:28 +0000] "GET /item/lemon61249173/ HTTP/1.1" 200 39911 "-" "Mozilla/5.0 (Linux; Android 6.0.1; Nexus 5X Build/MMB29P) AppleWebKit/537.36 (KHTML, like Gecko) Chrome/137.0.7151.103 Mobile Safari/537.36 (compatible; Googlebot/2.1; +http://www.google.com/bot.html)"
66.249.65.197 - - [16/Jul/2025:03:35:28 +0000] "GET /item/well40337339/ HTTP/1.1" 200 40765 "-" "Mozilla/5.0 (Linux; Android 6.0.1; Nexus 5X Build/MMB29P) AppleWebKit/537.36 (KHTML, like Gecko) Chrome/137.0.7151.103 Mobile Safari/537.36 (compatible; Googlebot/2.1; +http://www.google.com/bot.html)"
66.249.65.198 - - [16/Jul/2025:03:35:29 +0000] "GET /item/these70744750/ HTTP/1.1" 200 39876 "-" "Mozilla/5.0 (Linux; Android 6.0.1; Nexus 5X Build/MMB29P) AppleWebKit/537.36 (KHTML, like Gecko) Chrome/137.0.7151.103 Mobile Safari/537.36 (compatible; Googlebot/2.1; +http://www.google.com/bot.html)"
66.249.65.198 - - [16/Jul/2025:03:35:30 +0000] "GET /item/exten61898013/ HTTP/1.1" 200 40022 "-" "Mozilla/5.0 (Linux; Android 6.0.1; Nexus 5X Build/MMB29P) AppleWebKit/537.36 (KHTML, like Gecko) Chrome/137.0.7151.103 Mobile Safari/537.36 (compatible; Googlebot/2.1; +http://www.google.com/bot.html)"
66.249.65.200 - - [16/Jul/2025:03:35:31 +0000] "GET /item/handw41343219/ HTTP/1.1" 200 39896 "-" "Mozilla/5.0 (Linux; Android 6.0.1; Nexus 5X Build/MMB29P) AppleWebKit/537.36 (KHTML, like Gecko) Chrome/137.0.7151.103 Mobile Safari/537.36 (compatible; Googlebot/2.1; +http://www.google.com/bot.html)"
66.249.65.200 - - [16/Jul/2025:03:35:33 +0000] "POST /get-message-notify HTTP/1.1" 200 40268 "https://abl.academy/item/deaf81324591/" "Mozilla/5.0 (Linux; Android 6.0.1; Nexus 5X Build/MMB29P) AppleWebKit/537.36 (KHTML, like Gecko) Chrome/137.0.7151.119 Mobile Safari/537.36 (compatible; Googlebot/2.1; +http://www.google.com/bot.html)"
66.249.65.200 - - [16/Jul/2025:03:35:33 +0000] "GET /item/fatig62626261/ HTTP/1.1" 200 40341 "-" "Mozilla/5.0 (Linux; Android 6.0.1; Nexus 5X Build/MMB29P) AppleWebKit/537.36 (KHTML, like Gecko) Chrome/137.0.7151.103 Mobile Safari/537.36 (compatible; Googlebot/2.1; +http://www.google.com/bot.html)"
66.249.65.198 - - [16/Jul/2025:03:35:33 +0000] "GET /item/solid81404751/ HTTP/1.1" 200 39887 "-" "Mozilla/5.0 (Linux; Android 6.0.1; Nexus 5X Build/MMB29P) AppleWebKit/537.36 (KHTML, like Gecko) Chrome/137.0.7151.103 Mobile Safari/537.36 (compatible; Googlebot/2.1; +http://www.google.com/bot.html)"
66.249.65.199 - - [16/Jul/2025:03:35:37 +0000] "GET /item/distr51381404/ HTTP/1.1" 200 40324 "-" "Mozilla/5.0 (Linux; Android 6.0.1; Nexus 5X Build/MMB29P) AppleWebKit/537.36 (KHTML, like Gecko) Chrome/137.0.7151.103 Mobile Safari/537.36 (compatible; Googlebot/2.1; +http://www.google.com/bot.html)"
66.249.65.198 - - [16/Jul/2025:03:35:38 +0000] "POST /get-message-notify HTTP/1.1" 200 40448 "https://abl.academy/item/fatig62626261/" "Mozilla/5.0 (Linux; Android 6.0.1; Nexus 5X Build/MMB29P) AppleWebKit/537.36 (KHTML, like Gecko) Chrome/137.0.7151.119 Mobile Safari/537.36 (compatible; Googlebot/2.1; +http://www.google.com/bot.html)"
66.249.65.198 - - [16/Jul/2025:03:35:39 +0000] "GET /item/impol10201792/ HTTP/1.1" 200 39920 "-" "Mozilla/5.0 (Linux; Android 6.0.1; Nexus 5X Build/MMB29P) AppleWebKit/537.36 (KHTML, like Gecko) Chrome/137.0.7151.103 Mobile Safari/537.36 (compatible; Googlebot/2.1; +http://www.google.com/bot.html)"
66.249.65.201 - - [16/Jul/2025:03:35:40 +0000] "GET /item/notio10551752/ HTTP/1.1" 200 40056 "-" "Mozilla/5.0 (Linux; Android 6.0.1; Nexus 5X Build/MMB29P) AppleWebKit/537.36 (KHTML, like Gecko) Chrome/137.0.7151.103 Mobile Safari/537.36 (compatible; Googlebot/2.1; +http://www.google.com/bot.html)"
66.249.65.197 - - [16/Jul/2025:03:35:41 +0000] "GET /shopdetail/331141049 HTTP/1.1" 200 41192 "-" "Mozilla/5.0 (Linux; Android 6.0.1; Nexus 5X Build/MMB29P) AppleWebKit/537.36 (KHTML, like Gecko) Chrome/137.0.7151.103 Mobile Safari/537.36 (compatible; Googlebot/2.1; +http://www.google.com/bot.html)"
66.249.65.201 - - [16/Jul/2025:03:35:42 +0000] "POST /get-message-notify HTTP/1.1" 200 40273 "https://abl.academy/item/lemon61249173/" "Mozilla/5.0 (Linux; Android 6.0.1; Nexus 5X Build/MMB29P) AppleWebKit/537.36 (KHTML, like Gecko) Chrome/137.0.7151.119 Mobile Safari/537.36 (compatible; Googlebot/2.1; +http://www.google.com/bot.html)"
154.195.110.208 - - [16/Jul/2025:03:35:47 +0000] "GET /lms-wordpress-plugin/?unapproved=5936&moderation-hash=6cb6f23fafeefe579f9f29a8f317814e HTTP/1.0" 200 69494 "https://abl.academy/lms-wordpress-plugin/?unapproved=5936&moderation-hash=6cb6f23fafeefe579f9f29a8f317814e#comment-5936" "Mozilla/5.0 (Windows NT 10.0; Win64; x64) AppleWebKit/537.36 (KHTML, like Gecko) Chrome/130.0.0.0 Safari/537.36"
66.249.65.201 - - [16/Jul/2025:03:35:52 +0000] "POST /get-message-notify HTTP/1.1" 200 40332 "https://abl.academy/item/impol11505792/" "Mozilla/5.0 (Linux; Android 6.0.1; Nexus 5X Build/MMB29P) AppleWebKit/537.36 (KHTML, like Gecko) Chrome/137.0.7151.119 Mobile Safari/537.36 (compatible; Googlebot/2.1; +http://www.google.com/bot.html)"
66.249.65.197 - - [16/Jul/2025:03:36:11 +0000] "GET /shopdetail/308059549 HTTP/1.1" 200 39859 "-" "Mozilla/5.0 (Linux; Android 6.0.1; Nexus 5X Build/MMB29P) AppleWebKit/537.36 (KHTML, like Gecko) Chrome/137.0.7151.103 Mobile Safari/537.36 (compatible; Googlebot/2.1; +http://www.google.com/bot.html)"
66.249.65.199 - - [16/Jul/2025:03:36:13 +0000] "POST /get-message-notify HTTP/1.1" 200 40257 "https://abl.academy/item/well40337339/" "Mozilla/5.0 (Linux; Android 6.0.1; Nexus 5X Build/MMB29P) AppleWebKit/537.36 (KHTML, like Gecko) Chrome/137.0.7151.119 Mobile Safari/537.36 (compatible; Googlebot/2.1; +http://www.google.com/bot.html)"
66.249.65.197 - - [16/Jul/2025:03:36:31 +0000] "POST /get-message-notify HTTP/1.1" 200 40371 "https://abl.academy/item/dune41075923/" "Mozilla/5.0 (Linux; Android 6.0.1; Nexus 5X Build/MMB29P) AppleWebKit/537.36 (KHTML, like Gecko) Chrome/137.0.7151.119 Mobile Safari/537.36 (compatible; Googlebot/2.1; +http://www.google.com/bot.html)"
66.249.65.197 - - [16/Jul/2025:03:36:56 +0000] "POST /get-message-notify HTTP/1.1" 200 40245 "https://abl.academy/item/symbo82616647/" "Mozilla/5.0 (Linux; Android 6.0.1; Nexus 5X Build/MMB29P) AppleWebKit/537.36 (KHTML, like Gecko) Chrome/137.0.7151.119 Mobile Safari/537.36 (compatible; Googlebot/2.1; +http://www.google.com/bot.html)"
66.249.65.198 - - [16/Jul/2025:03:37:15 +0000] "POST /get-message-notify HTTP/1.1" 200 40315 "https://abl.academy/item/smoot61576141/" "Mozilla/5.0 (Linux; Android 6.0.1; Nexus 5X Build/MMB29P) AppleWebKit/537.36 (KHTML, like Gecko) Chrome/137.0.7151.119 Mobile Safari/537.36 (compatible; Googlebot/2.1; +http://www.google.com/bot.html)"
66.249.65.197 - - [16/Jul/2025:03:37:23 +0000] "GET /shopdetail/362479749 HTTP/1.1" 200 40737 "-" "Mozilla/5.0 (Linux; Android 6.0.1; Nexus 5X Build/MMB29P) AppleWebKit/537.36 (KHTML, like Gecko) Chrome/137.0.7151.103 Mobile Safari/537.36 (compatible; Googlebot/2.1; +http://www.google.com/bot.html)"
66.249.65.197 - - [16/Jul/2025:03:37:49 +0000] "GET /product/edit/61947280 HTTP/1.1" 200 39791 "-" "Mozilla/5.0 (Linux; Android 6.0.1; Nexus 5X Build/MMB29P) AppleWebKit/537.36 (KHTML, like Gecko) Chrome/137.0.7151.103 Mobile Safari/537.36 (compatible; Googlebot/2.1; +http://www.google.com/bot.html)"
66.249.65.199 - - [16/Jul/2025:03:38:16 +0000] "GET /item/regis52283404/ HTTP/1.1" 200 39893 "-" "Mozilla/5.0 (Linux; Android 6.0.1; Nexus 5X Build/MMB29P) AppleWebKit/537.36 (KHTML, like Gecko) Chrome/137.0.7151.103 Mobile Safari/537.36 (compatible; Googlebot/2.1; +http://www.google.com/bot.html)"
66.249.65.198 - - [16/Jul/2025:03:38:49 +0000] "GET /shopdetail/%3Ctable%20border= HTTP/1.1" 200 40443 "-" "Googlebot-Image/1.0"
66.249.65.197 - - [16/Jul/2025:03:39:14 +0000] "GET /shopdetail/154214349 HTTP/1.1" 200 40617 "-" "Mozilla/5.0 (Linux; Android 6.0.1; Nexus 5X Build/MMB29P) AppleWebKit/537.36 (KHTML, like Gecko) Chrome/137.0.7151.103 Mobile Safari/537.36 (compatible; Googlebot/2.1; +http://www.google.com/bot.html)"
209.74.77.214 - - [16/Jul/2025:03:39:19 +0000] "POST /wp-cron.php?doing_wp_cron=1752637159.6775701045989990234375 HTTP/1.1" 200 - "-" "WordPress/6.8.1; https://abl.academy"
134.17.14.12 - - [16/Jul/2025:03:39:18 +0000] "GET /userfuns.php HTTP/1.1" 404 9552 "-" "Mozilla/4.0 (compatible; MSIE 6.0; Windows NT 5.1; SV1)"
66.249.65.197 - - [16/Jul/2025:03:39:43 +0000] "POST /get-message-notify HTTP/1.1" 200 40384 "https://abl.academy/item/bind20271177/" "Mozilla/5.0 (Linux; Android 6.0.1; Nexus 5X Build/MMB29P) AppleWebKit/537.36 (KHTML, like Gecko) Chrome/137.0.7151.119 Mobile Safari/537.36 (compatible; Googlebot/2.1; +http://www.google.com/bot.html)"
45.227.253.15 - - [16/Jul/2025:03:39:44 +0000] "GET /index.php/jk HTTP/1.1" 200 59 "-" "Mozilla/5.0 (Macintosh; Intel Mac OS X 10.15; rv:81.0) Gecko/20100101 Firefox/81.0"
66.249.65.197 - - [16/Jul/2025:03:39:50 +0000] "GET /shopdetail/291986649 HTTP/1.1" 200 40287 "-" "Mozilla/5.0 (Linux; Android 6.0.1; Nexus 5X Build/MMB29P) AppleWebKit/537.36 (KHTML, like Gecko) Chrome/137.0.7151.103 Mobile Safari/537.36 (compatible; Googlebot/2.1; +http://www.google.com/bot.html)"
66.249.65.197 - - [16/Jul/2025:03:40:17 +0000] "GET /item/rule20621009/ HTTP/1.1" 200 40146 "-" "Mozilla/5.0 (Linux; Android 6.0.1; Nexus 5X Build/MMB29P) AppleWebKit/537.36 (KHTML, like Gecko) Chrome/137.0.7151.103 Mobile Safari/537.36 (compatible; Googlebot/2.1; +http://www.google.com/bot.html)"
66.249.65.197 - - [16/Jul/2025:03:40:25 +0000] "POST /get-message-notify HTTP/1.1" 200 40265 "https://abl.academy/item/rule20621009/" "Mozilla/5.0 (Linux; Android 6.0.1; Nexus 5X Build/MMB29P) AppleWebKit/537.36 (KHTML, like Gecko) Chrome/137.0.7151.119 Mobile Safari/537.36 (compatible; Googlebot/2.1; +http://www.google.com/bot.html)"
66.249.65.198 - - [16/Jul/2025:03:41:07 +0000] "POST /get-message-notify HTTP/1.1" 200 40320 "https://abl.academy/item/regis52283404/" "Mozilla/5.0 (Linux; Android 6.0.1; Nexus 5X Build/MMB29P) AppleWebKit/537.36 (KHTML, like Gecko) Chrome/137.0.7151.119 Mobile Safari/537.36 (compatible; Googlebot/2.1; +http://www.google.com/bot.html)"
209.74.77.214 - - [16/Jul/2025:03:41:32 +0000] "POST /wp-cron.php?doing_wp_cron=1752637292.7452089786529541015625 HTTP/1.1" 200 - "-" "WordPress/6.8.1; https://abl.academy"
31.128.76.130 - - [16/Jul/2025:03:41:31 +0000] "GET /lms-wordpress-plugin/ HTTP/1.0" 200 69405 "https://abl.academy/lms-wordpress-plugin/" "Mozilla/5.0 (Windows NT 10.0; Win64; x64) AppleWebKit/537.36 (KHTML, like Gecko) Chrome/129.0.0.0 Safari/537.36"
31.128.76.130 - - [16/Jul/2025:03:41:34 +0000] "POST /wp-comments-post.php HTTP/1.0" 302 - "https://abl.academy/lms-wordpress-plugin/" "Mozilla/5.0 (Windows NT 10.0; Win64; x64) AppleWebKit/537.36 (KHTML, like Gecko) Chrome/129.0.0.0 Safari/537.36"
31.128.76.130 - - [16/Jul/2025:03:41:36 +0000] "GET /lms-wordpress-plugin/?unapproved=5937&moderation-hash=b224b1b3583ee590d3cd1a924ab02a10 HTTP/1.0" 200 69494 "https://abl.academy/lms-wordpress-plugin/?unapproved=5937&moderation-hash=b224b1b3583ee590d3cd1a924ab02a10#comment-5937" "Mozilla/5.0 (Windows NT 10.0; Win64; x64) AppleWebKit/537.36 (KHTML, like Gecko) Chrome/129.0.0.0 Safari/537.36"
66.249.65.199 - - [16/Jul/2025:03:42:18 +0000] "GET /item/topic52469668/ HTTP/1.1" 200 40259 "-" "Mozilla/5.0 (Linux; Android 6.0.1; Nexus 5X Build/MMB29P) AppleWebKit/537.36 (KHTML, like Gecko) Chrome/137.0.7151.103 Mobile Safari/537.36 (compatible; Googlebot/2.1; +http://www.google.com/bot.html)"
66.249.65.199 - - [16/Jul/2025:03:43:27 +0000] "POST /get-message-notify HTTP/1.1" 200 40272 "https://abl.academy/item/worm70034958/" "Mozilla/5.0 (Linux; Android 6.0.1; Nexus 5X Build/MMB29P) AppleWebKit/537.36 (KHTML, like Gecko) Chrome/137.0.7151.119 Mobile Safari/537.36 (compatible; Googlebot/2.1; +http://www.google.com/bot.html)"
66.249.65.199 - - [16/Jul/2025:03:44:16 +0000] "GET /item/those62764917/ HTTP/1.1" 200 41196 "-" "Mozilla/5.0 (Linux; Android 6.0.1; Nexus 5X Build/MMB29P) AppleWebKit/537.36 (KHTML, like Gecko) Chrome/137.0.7151.103 Mobile Safari/537.36 (compatible; Googlebot/2.1; +http://www.google.com/bot.html)"
66.249.65.197 - - [16/Jul/2025:03:46:16 +0000] "GET /robots.txt HTTP/1.1" 200 114 "-" "Mozilla/5.0 (compatible; Googlebot/2.1; +http://www.google.com/bot.html)"
66.249.65.199 - - [16/Jul/2025:03:46:16 +0000] "GET /item/fast41884603/ HTTP/1.1" 200 41192 "-" "Mozilla/5.0 (Linux; Android 6.0.1; Nexus 5X Build/MMB29P) AppleWebKit/537.36 (KHTML, like Gecko) Chrome/137.0.7151.103 Mobile Safari/537.36 (compatible; Googlebot/2.1; +http://www.google.com/bot.html)"
66.249.65.197 - - [16/Jul/2025:03:48:16 +0000] "GET /robots.txt HTTP/1.1" 200 114 "-" "Mozilla/5.0 (compatible; Googlebot/2.1; +http://www.google.com/bot.html)"
66.249.65.199 - - [16/Jul/2025:03:48:16 +0000] "GET /item/hotel22168673/ HTTP/1.1" 200 40026 "-" "Mozilla/5.0 (Linux; Android 6.0.1; Nexus 5X Build/MMB29P) AppleWebKit/537.36 (KHTML, like Gecko) Chrome/137.0.7151.103 Mobile Safari/537.36 (compatible; Googlebot/2.1; +http://www.google.com/bot.html)"
66.249.65.198 - - [16/Jul/2025:03:50:02 +0000] "GET /robots.txt HTTP/1.1" 200 114 "-" "Mozilla/5.0 (compatible; Googlebot/2.1; +http://www.google.com/bot.html)"
66.249.65.199 - - [16/Jul/2025:03:50:02 +0000] "GET /shopdetail/274674049 HTTP/1.1" 200 40481 "-" "Mozilla/5.0 (Linux; Android 6.0.1; Nexus 5X Build/MMB29P) AppleWebKit/537.36 (KHTML, like Gecko) Chrome/137.0.7151.119 Mobile Safari/537.36 (compatible; Googlebot/2.1; +http://www.google.com/bot.html)"
66.249.65.197 - - [16/Jul/2025:03:50:16 +0000] "GET /item/consi11097432/ HTTP/1.1" 200 39911 "-" "Mozilla/5.0 (Linux; Android 6.0.1; Nexus 5X Build/MMB29P) AppleWebKit/537.36 (KHTML, like Gecko) Chrome/137.0.7151.103 Mobile Safari/537.36 (compatible; Googlebot/2.1; +http://www.google.com/bot.html)"
66.249.65.197 - - [16/Jul/2025:03:50:37 +0000] "POST /get-message-notify HTTP/1.1" 200 40267 "https://abl.academy/item/handw41343219/" "Mozilla/5.0 (Linux; Android 6.0.1; Nexus 5X Build/MMB29P) AppleWebKit/537.36 (KHTML, like Gecko) Chrome/137.0.7151.119 Mobile Safari/537.36 (compatible; Googlebot/2.1; +http://www.google.com/bot.html)"
66.249.65.198 - - [16/Jul/2025:03:52:16 +0000] "GET /robots.txt HTTP/1.1" 200 114 "-" "Mozilla/5.0 (compatible; Googlebot/2.1; +http://www.google.com/bot.html)"
66.249.65.197 - - [16/Jul/2025:03:52:16 +0000] "GET /item/pea50711372/ HTTP/1.1" 200 40117 "-" "Mozilla/5.0 (Linux; Android 6.0.1; Nexus 5X Build/MMB29P) AppleWebKit/537.36 (KHTML, like Gecko) Chrome/137.0.7151.103 Mobile Safari/537.36 (compatible; Googlebot/2.1; +http://www.google.com/bot.html)"
66.249.65.199 - - [16/Jul/2025:03:54:17 +0000] "GET /robots.txt HTTP/1.1" 200 114 "-" "Mozilla/5.0 (compatible; Googlebot/2.1; +http://www.google.com/bot.html)"
66.249.65.197 - - [16/Jul/2025:03:54:17 +0000] "GET /item/submi80369935/ HTTP/1.1" 200 40964 "-" "Mozilla/5.0 (Linux; Android 6.0.1; Nexus 5X Build/MMB29P) AppleWebKit/537.36 (KHTML, like Gecko) Chrome/137.0.7151.103 Mobile Safari/537.36 (compatible; Googlebot/2.1; +http://www.google.com/bot.html)"
66.249.65.197 - - [16/Jul/2025:03:54:20 +0000] "POST /get-message-notify HTTP/1.1" 200 40337 "https://abl.academy/item/submi80369935/" "Mozilla/5.0 (Linux; Android 6.0.1; Nexus 5X Build/MMB29P) AppleWebKit/537.36 (KHTML, like Gecko) Chrome/137.0.7151.119 Mobile Safari/537.36 (compatible; Googlebot/2.1; +http://www.google.com/bot.html)"
66.249.65.199 - - [16/Jul/2025:03:56:16 +0000] "GET /robots.txt HTTP/1.1" 200 114 "-" "Mozilla/5.0 (compatible; Googlebot/2.1; +http://www.google.com/bot.html)"
66.249.65.199 - - [16/Jul/2025:03:56:16 +0000] "GET /item/pole72775190/ HTTP/1.1" 200 39934 "-" "Mozilla/5.0 (Linux; Android 6.0.1; Nexus 5X Build/MMB29P) AppleWebKit/537.36 (KHTML, like Gecko) Chrome/137.0.7151.103 Mobile Safari/537.36 (compatible; Googlebot/2.1; +http://www.google.com/bot.html)"
66.249.65.197 - - [16/Jul/2025:03:57:14 +0000] "GET /shopdetail/461693049 HTTP/1.1" 200 40327 "-" "Mozilla/5.0 (Linux; Android 6.0.1; Nexus 5X Build/MMB29P) AppleWebKit/537.36 (KHTML, like Gecko) Chrome/137.0.7151.103 Mobile Safari/537.36 (compatible; Googlebot/2.1; +http://www.google.com/bot.html)"
66.249.65.198 - - [16/Jul/2025:03:57:31 +0000] "GET /robots.txt HTTP/1.1" 200 114 "-" "Mozilla/5.0 (compatible; Googlebot/2.1; +http://www.google.com/bot.html)"
66.249.65.198 - - [16/Jul/2025:03:57:31 +0000] "POST /get-message-notify HTTP/1.1" 200 40345 "https://abl.academy/shopdetail/461693049" "Mozilla/5.0 (Linux; Android 6.0.1; Nexus 5X Build/MMB29P) AppleWebKit/537.36 (KHTML, like Gecko) Chrome/137.0.7151.119 Mobile Safari/537.36 (compatible; Googlebot/2.1; +http://www.google.com/bot.html)"
66.249.65.198 - - [16/Jul/2025:03:58:18 +0000] "GET /item/caree41359067/ HTTP/1.1" 200 40073 "-" "Mozilla/5.0 (Linux; Android 6.0.1; Nexus 5X Build/MMB29P) AppleWebKit/537.36 (KHTML, like Gecko) Chrome/137.0.7151.103 Mobile Safari/537.36 (compatible; Googlebot/2.1; +http://www.google.com/bot.html)"
209.74.77.214 - - [16/Jul/2025:03:58:33 +0000] "POST /wp-cron.php?doing_wp_cron=1752638313.6851949691772460937500 HTTP/1.1" 200 - "-" "WordPress/6.8.1; https://abl.academy"
209.74.77.214 - - [16/Jul/2025:03:58:31 +0000] "GET / HTTP/1.1" 200 44668 "-" "Mozilla/5.0 (Windows NT 10.0; Win64; x64; rv:122.0) Gecko/20100101 Firefox/122.0"
66.249.65.199 - - [16/Jul/2025:04:02:21 +0000] "GET /item/milk62124813/ HTTP/1.1" 200 40001 "-" "Mozilla/5.0 (Linux; Android 6.0.1; Nexus 5X Build/MMB29P) AppleWebKit/537.36 (KHTML, like Gecko) Chrome/137.0.7151.103 Mobile Safari/537.36 (compatible; Googlebot/2.1; +http://www.google.com/bot.html)"
66.249.65.198 - - [16/Jul/2025:04:02:26 +0000] "GET /item/petro30123362/ HTTP/1.1" 200 39804 "-" "Mozilla/5.0 (Linux; Android 6.0.1; Nexus 5X Build/MMB29P) AppleWebKit/537.36 (KHTML, like Gecko) Chrome/137.0.7151.103 Mobile Safari/537.36 (compatible; Googlebot/2.1; +http://www.google.com/bot.html)"
66.249.65.197 - - [16/Jul/2025:04:03:12 +0000] "GET /item/uncer61365901/ HTTP/1.1" 200 40892 "-" "Mozilla/5.0 (Linux; Android 6.0.1; Nexus 5X Build/MMB29P) AppleWebKit/537.36 (KHTML, like Gecko) Chrome/137.0.7151.103 Mobile Safari/537.36 (compatible; Googlebot/2.1; +http://www.google.com/bot.html)"
66.249.65.199 - - [16/Jul/2025:04:03:14 +0000] "GET /item/fur71395646/ HTTP/1.1" 200 40161 "-" "Mozilla/5.0 (Linux; Android 6.0.1; Nexus 5X Build/MMB29P) AppleWebKit/537.36 (KHTML, like Gecko) Chrome/137.0.7151.103 Mobile Safari/537.36 (compatible; Googlebot/2.1; +http://www.google.com/bot.html)"
66.249.65.198 - - [16/Jul/2025:04:04:10 +0000] "GET /item/excit52965140/ HTTP/1.1" 200 40018 "-" "Mozilla/5.0 (Linux; Android 6.0.1; Nexus 5X Build/MMB29P) AppleWebKit/537.36 (KHTML, like Gecko) Chrome/137.0.7151.103 Mobile Safari/537.36 (compatible; Googlebot/2.1; +http://www.google.com/bot.html)"
66.249.65.197 - - [16/Jul/2025:04:04:17 +0000] "GET /item/stone52044212/ HTTP/1.1" 200 40168 "-" "Mozilla/5.0 (Linux; Android 6.0.1; Nexus 5X Build/MMB29P) AppleWebKit/537.36 (KHTML, like Gecko) Chrome/137.0.7151.103 Mobile Safari/537.36 (compatible; Googlebot/2.1; +http://www.google.com/bot.html)"
66.249.65.199 - - [16/Jul/2025:04:05:06 +0000] "GET /avsoft.html HTTP/1.1" 200 39860 "-" "Mozilla/5.0 (Linux; Android 6.0.1; Nexus 5X Build/MMB29P) AppleWebKit/537.36 (KHTML, like Gecko) Chrome/137.0.7151.103 Mobile Safari/537.36 (compatible; Googlebot/2.1; +http://www.google.com/bot.html)"
66.249.65.197 - - [16/Jul/2025:04:05:12 +0000] "POST /get-message-notify HTTP/1.1" 200 40252 "https://abl.academy/avsoft.html" "Mozilla/5.0 (Linux; Android 6.0.1; Nexus 5X Build/MMB29P) AppleWebKit/537.36 (KHTML, like Gecko) Chrome/137.0.7151.119 Mobile Safari/537.36 (compatible; Googlebot/2.1; +http://www.google.com/bot.html)"
66.249.65.199 - - [16/Jul/2025:04:06:02 +0000] "GET /item/filte82850911/ HTTP/1.1" 200 39827 "-" "Mozilla/5.0 (Linux; Android 6.0.1; Nexus 5X Build/MMB29P) AppleWebKit/537.36 (KHTML, like Gecko) Chrome/137.0.7151.103 Mobile Safari/537.36 (compatible; Googlebot/2.1; +http://www.google.com/bot.html)"
66.249.65.199 - - [16/Jul/2025:04:07:55 +0000] "GET /item/twelv51700732/ HTTP/1.1" 200 40055 "-" "Mozilla/5.0 (Linux; Android 6.0.1; Nexus 5X Build/MMB29P) AppleWebKit/537.36 (KHTML, like Gecko) Chrome/137.0.7151.103 Mobile Safari/537.36 (compatible; Googlebot/2.1; +http://www.google.com/bot.html)"
66.249.65.199 - - [16/Jul/2025:04:08:25 +0000] "GET /shopdetail/441325049 HTTP/1.1" 200 40507 "-" "Mozilla/5.0 (Linux; Android 6.0.1; Nexus 5X Build/MMB29P) AppleWebKit/537.36 (KHTML, like Gecko) Chrome/137.0.7151.103 Mobile Safari/537.36 (compatible; Googlebot/2.1; +http://www.google.com/bot.html)"
209.74.77.214 - - [16/Jul/2025:04:09:25 +0000] "POST /wp-cron.php?doing_wp_cron=1752638965.3047609329223632812500 HTTP/1.1" 200 - "-" "WordPress/6.8.1; https://abl.academy"
3.224.215.150 - - [16/Jul/2025:04:09:23 +0000] "GET /wp-login.php?redirect_to=https://abl.academy/courses/test/lessons/lesson-30 HTTP/1.1" 200 2049 "-" "Mozilla/5.0 AppleWebKit/537.36 (KHTML, like Gecko; compatible; Amazonbot/0.1; +https://developer.amazon.com/support/amazonbot) Chrome/119.0.6045.214 Safari/537.36"
209.74.77.214 - - [16/Jul/2025:04:09:25 +0000] "POST /wp-admin/admin-ajax.php?action=wp_1_wc_privacy_cleanup&nonce=5a3a8d98dd HTTP/1.1" 200 - "-" "WordPress/6.8.1; https://abl.academy"
66.249.65.198 - - [16/Jul/2025:04:09:48 +0000] "GET /item/grann21472937/ HTTP/1.1" 200 40024 "-" "Mozilla/5.0 (Linux; Android 6.0.1; Nexus 5X Build/MMB29P) AppleWebKit/537.36 (KHTML, like Gecko) Chrome/137.0.7151.103 Mobile Safari/537.36 (compatible; Googlebot/2.1; +http://www.google.com/bot.html)"
66.249.65.197 - - [16/Jul/2025:04:09:52 +0000] "POST /get-message-notify HTTP/1.1" 200 40381 "https://abl.academy/item/twelv51700732/" "Mozilla/5.0 (Linux; Android 6.0.1; Nexus 5X Build/MMB29P) AppleWebKit/537.36 (KHTML, like Gecko) Chrome/137.0.7151.119 Mobile Safari/537.36 (compatible; Googlebot/2.1; +http://www.google.com/bot.html)"
66.249.65.199 - - [16/Jul/2025:04:11:40 +0000] "GET /item/monum40282483/ HTTP/1.1" 200 39720 "-" "Mozilla/5.0 (Linux; Android 6.0.1; Nexus 5X Build/MMB29P) AppleWebKit/537.36 (KHTML, like Gecko) Chrome/137.0.7151.103 Mobile Safari/537.36 (compatible; Googlebot/2.1; +http://www.google.com/bot.html)"
66.249.65.197 - - [16/Jul/2025:04:13:32 +0000] "GET /item/pea51551372/ HTTP/1.1" 200 39818 "-" "Mozilla/5.0 (Linux; Android 6.0.1; Nexus 5X Build/MMB29P) AppleWebKit/537.36 (KHTML, like Gecko) Chrome/137.0.7151.103 Mobile Safari/537.36 (compatible; Googlebot/2.1; +http://www.google.com/bot.html)"
66.249.65.198 - - [16/Jul/2025:04:13:38 +0000] "POST /get-message-notify HTTP/1.1" 200 40321 "https://abl.academy/item/pea51551372/" "Mozilla/5.0 (Linux; Android 6.0.1; Nexus 5X Build/MMB29P) AppleWebKit/537.36 (KHTML, like Gecko) Chrome/137.0.7151.119 Mobile Safari/537.36 (compatible; Googlebot/2.1; +http://www.google.com/bot.html)"
66.249.65.197 - - [16/Jul/2025:04:15:13 +0000] "GET /shopdetail/360685649 HTTP/1.1" 200 39869 "-" "Mozilla/5.0 (Linux; Android 6.0.1; Nexus 5X Build/MMB29P) AppleWebKit/537.36 (KHTML, like Gecko) Chrome/137.0.7151.103 Mobile Safari/537.36 (compatible; Googlebot/2.1; +http://www.google.com/bot.html)"
66.249.65.197 - - [16/Jul/2025:04:15:25 +0000] "GET /item/feedb30042274/ HTTP/1.1" 200 39965 "-" "Mozilla/5.0 (Linux; Android 6.0.1; Nexus 5X Build/MMB29P) AppleWebKit/537.36 (KHTML, like Gecko) Chrome/137.0.7151.103 Mobile Safari/537.36 (compatible; Googlebot/2.1; +http://www.google.com/bot.html)"
66.249.65.198 - - [16/Jul/2025:04:17:19 +0000] "GET /item/pale51518556/ HTTP/1.1" 200 40997 "-" "Mozilla/5.0 (Linux; Android 6.0.1; Nexus 5X Build/MMB29P) AppleWebKit/537.36 (KHTML, like Gecko) Chrome/137.0.7151.103 Mobile Safari/537.36 (compatible; Googlebot/2.1; +http://www.google.com/bot.html)"
66.249.65.197 - - [16/Jul/2025:04:17:39 +0000] "POST /get-message-notify HTTP/1.1" 200 40335 "https://abl.academy/item/pale51518556/" "Mozilla/5.0 (Linux; Android 6.0.1; Nexus 5X Build/MMB29P) AppleWebKit/537.36 (KHTML, like Gecko) Chrome/137.0.7151.119 Mobile Safari/537.36 (compatible; Googlebot/2.1; +http://www.google.com/bot.html)"
66.249.65.198 - - [16/Jul/2025:04:19:11 +0000] "GET /shopdetail/341191749 HTTP/1.1" 200 40031 "-" "Mozilla/5.0 (Linux; Android 6.0.1; Nexus 5X Build/MMB29P) AppleWebKit/537.36 (KHTML, like Gecko) Chrome/137.0.7151.103 Mobile Safari/537.36 (compatible; Googlebot/2.1; +http://www.google.com/bot.html)"
66.249.65.198 - - [16/Jul/2025:04:19:10 +0000] "GET /item/chanc71389150/ HTTP/1.1" 200 39909 "-" "Mozilla/5.0 (Linux; Android 6.0.1; Nexus 5X Build/MMB29P) AppleWebKit/537.36 (KHTML, like Gecko) Chrome/137.0.7151.103 Mobile Safari/537.36 (compatible; Googlebot/2.1; +http://www.google.com/bot.html)"
66.249.65.198 - - [16/Jul/2025:04:19:14 +0000] "POST /get-message-notify HTTP/1.1" 200 40307 "https://abl.academy/item/chanc71389150/" "Mozilla/5.0 (Linux; Android 6.0.1; Nexus 5X Build/MMB29P) AppleWebKit/537.36 (KHTML, like Gecko) Chrome/137.0.7151.119 Mobile Safari/537.36 (compatible; Googlebot/2.1; +http://www.google.com/bot.html)"
66.249.65.197 - - [16/Jul/2025:04:19:26 +0000] "POST /get-message-notify HTTP/1.1" 200 40353 "https://abl.academy/shopdetail/341191749" "Mozilla/5.0 (Linux; Android 6.0.1; Nexus 5X Build/MMB29P) AppleWebKit/537.36 (KHTML, like Gecko) Chrome/137.0.7151.119 Mobile Safari/537.36 (compatible; Googlebot/2.1; +http://www.google.com/bot.html)"
66.249.65.197 - - [16/Jul/2025:04:20:47 +0000] "GET /shopdetail/531622249 HTTP/1.1" 200 40247 "-" "Mozilla/5.0 (Linux; Android 6.0.1; Nexus 5X Build/MMB29P) AppleWebKit/537.36 (KHTML, like Gecko) Chrome/137.0.7151.103 Mobile Safari/537.36 (compatible; Googlebot/2.1; +http://www.google.com/bot.html)"
66.249.65.197 - - [16/Jul/2025:04:21:02 +0000] "GET /shopdetail/502513649 HTTP/1.1" 200 40074 "-" "Mozilla/5.0 (Linux; Android 6.0.1; Nexus 5X Build/MMB29P) AppleWebKit/537.36 (KHTML, like Gecko) Chrome/137.0.7151.103 Mobile Safari/537.36 (compatible; Googlebot/2.1; +http://www.google.com/bot.html)"
66.249.65.198 - - [16/Jul/2025:04:21:18 +0000] "POST /get-message-notify HTTP/1.1" 200 40288 "https://abl.academy/shopdetail/531622249" "Mozilla/5.0 (Linux; Android 6.0.1; Nexus 5X Build/MMB29P) AppleWebKit/537.36 (KHTML, like Gecko) Chrome/137.0.7151.119 Mobile Safari/537.36 (compatible; Googlebot/2.1; +http://www.google.com/bot.html)"
66.249.65.198 - - [16/Jul/2025:04:22:23 +0000] "GET /shopdetail/578126149 HTTP/1.1" 200 40357 "-" "Mozilla/5.0 (Linux; Android 6.0.1; Nexus 5X Build/MMB29P) AppleWebKit/537.36 (KHTML, like Gecko) Chrome/137.0.7151.103 Mobile Safari/537.36 (compatible; Googlebot/2.1; +http://www.google.com/bot.html)"
66.249.65.197 - - [16/Jul/2025:04:22:48 +0000] "GET /item/rid71214542/ HTTP/1.1" 200 39774 "-" "Mozilla/5.0 (Linux; Android 6.0.1; Nexus 5X Build/MMB29P) AppleWebKit/537.36 (KHTML, like Gecko) Chrome/137.0.7151.103 Mobile Safari/537.36 (compatible; Googlebot/2.1; +http://www.google.com/bot.html)"
66.249.65.197 - - [16/Jul/2025:04:22:56 +0000] "GET /shopdetail/74113049 HTTP/1.1" 200 40166 "-" "Mozilla/5.0 (Linux; Android 6.0.1; Nexus 5X Build/MMB29P) AppleWebKit/537.36 (KHTML, like Gecko) Chrome/137.0.7151.103 Mobile Safari/537.36 (compatible; Googlebot/2.1; +http://www.google.com/bot.html)"
66.249.65.199 - - [16/Jul/2025:04:23:21 +0000] "POST /get-message-notify HTTP/1.1" 200 40331 "https://abl.academy/shopdetail/74113049" "Mozilla/5.0 (Linux; Android 6.0.1; Nexus 5X Build/MMB29P) AppleWebKit/537.36 (KHTML, like Gecko) Chrome/137.0.7151.119 Mobile Safari/537.36 (compatible; Googlebot/2.1; +http://www.google.com/bot.html)"
66.249.65.197 - - [16/Jul/2025:04:23:59 +0000] "GET /shopdetail/206190049 HTTP/1.1" 200 40483 "-" "Mozilla/5.0 (Linux; Android 6.0.1; Nexus 5X Build/MMB29P) AppleWebKit/537.36 (KHTML, like Gecko) Chrome/137.0.7151.103 Mobile Safari/537.36 (compatible; Googlebot/2.1; +http://www.google.com/bot.html)"
66.249.65.198 - - [16/Jul/2025:04:30:49 +0000] "GET /pcmypage?callback=product%2Fdetail%2F65135206 HTTP/1.1" 200 40136 "-" "Mozilla/5.0 (Linux; Android 6.0.1; Nexus 5X Build/MMB29P) AppleWebKit/537.36 (KHTML, like Gecko) Chrome/137.0.7151.103 Mobile Safari/537.36 (compatible; Googlebot/2.1; +http://www.google.com/bot.html)"
66.249.65.197 - - [16/Jul/2025:04:31:46 +0000] "GET /item/phras11357664/ HTTP/1.1" 200 40161 "-" "Mozilla/5.0 (Linux; Android 6.0.1; Nexus 5X Build/MMB29P) AppleWebKit/537.36 (KHTML, like Gecko) Chrome/137.0.7151.103 Mobile Safari/537.36 (compatible; Googlebot/2.1; +http://www.google.com/bot.html)"
66.249.65.199 - - [16/Jul/2025:04:32:25 +0000] "GET /item/telep50596940/ HTTP/1.1" 200 40321 "-" "Mozilla/5.0 (Linux; Android 6.0.1; Nexus 5X Build/MMB29P) AppleWebKit/537.36 (KHTML, like Gecko) Chrome/137.0.7151.103 Mobile Safari/537.36 (compatible; Googlebot/2.1; +http://www.google.com/bot.html)"
209.74.77.214 - - [16/Jul/2025:04:34:29 +0000] "POST /wp-cron.php?doing_wp_cron=1752640469.0992391109466552734375 HTTP/1.1" 200 - "-" "WordPress/6.8.1; https://abl.academy"
54.225.199.17 - - [16/Jul/2025:04:34:27 +0000] "GET /wp-login.php?redirect_to=https://abl.academy/courses/test/lessons/lesson-60 HTTP/1.1" 200 2049 "-" "Mozilla/5.0 AppleWebKit/537.36 (KHTML, like Gecko; compatible; Amazonbot/0.1; +https://developer.amazon.com/support/amazonbot) Chrome/119.0.6045.214 Safari/537.36"
100.28.57.133 - - [16/Jul/2025:04:34:31 +0000] "GET /wp-login.php?redirect_to=https://abl.academy/courses/test/lessons/lesson-55 HTTP/1.1" 200 2049 "-" "Mozilla/5.0 AppleWebKit/537.36 (KHTML, like Gecko; compatible; Amazonbot/0.1; +https://developer.amazon.com/support/amazonbot) Chrome/119.0.6045.214 Safari/537.36"
3.224.104.67 - - [16/Jul/2025:04:34:35 +0000] "GET /wp-login.php?redirect_to=https://abl.academy/courses/test/lessons/lesson-38 HTTP/1.1" 200 2050 "-" "Mozilla/5.0 AppleWebKit/537.36 (KHTML, like Gecko; compatible; Amazonbot/0.1; +https://developer.amazon.com/support/amazonbot) Chrome/119.0.6045.214 Safari/537.36"
209.74.77.214 - - [16/Jul/2025:04:36:55 +0000] "POST /wp-cron.php?doing_wp_cron=1752640615.8422529697418212890625 HTTP/1.1" 200 - "-" "WordPress/6.8.1; https://abl.academy"
195.182.25.114 - - [16/Jul/2025:04:36:54 +0000] "GET /.git/config HTTP/1.1" 404 9552 "-" "Mozilla/5.0 (X11; Linux i686) AppleWebKit/537.36 (KHTML, like Gecko) Chrome/118.0.0.0 Safari/537.36"
66.249.65.199 - - [16/Jul/2025:04:38:46 +0000] "GET /item/tongu11064264/ HTTP/1.1" 200 41121 "-" "Mozilla/5.0 (Linux; Android 6.0.1; Nexus 5X Build/MMB29P) AppleWebKit/537.36 (KHTML, like Gecko) Chrome/137.0.7151.103 Mobile Safari/537.36 (compatible; Googlebot/2.1; +http://www.google.com/bot.html)"
66.249.65.199 - - [16/Jul/2025:04:38:46 +0000] "GET /item/bind21455177/ HTTP/1.1" 200 39726 "-" "Mozilla/5.0 (Linux; Android 6.0.1; Nexus 5X Build/MMB29P) AppleWebKit/537.36 (KHTML, like Gecko) Chrome/137.0.7151.103 Mobile Safari/537.36 (compatible; Googlebot/2.1; +http://www.google.com/bot.html)"
223.204.196.199 - - [16/Jul/2025:04:43:34 +0000] "POST /wp-comments-post.php HTTP/1.1" 302 - "-" "Mozilla/5.0 (Windows NT 10.0; Win64; x64) AppleWebKit/537.36 (KHTML, like Gecko) Chrome/120.0.0.0 Safari/537.36"
209.74.77.214 - - [16/Jul/2025:04:44:01 +0000] "POST /wp-cron.php?doing_wp_cron=1752641041.5286669731140136718750 HTTP/1.1" 200 - "-" "WordPress/6.8.1; https://abl.academy"
223.204.196.199 - - [16/Jul/2025:04:44:01 +0000] "POST /wp-comments-post.php HTTP/1.1" 302 - "-" "Mozilla/5.0 (Windows NT 10.0; Win64; x64) AppleWebKit/537.36 (KHTML, like Gecko) Chrome/120.0.0.0 Safari/537.36"
209.74.77.214 - - [16/Jul/2025:04:44:28 +0000] "POST /wp-cron.php?doing_wp_cron=1752641068.2368490695953369140625 HTTP/1.1" 200 - "-" "WordPress/6.8.1; https://abl.academy"
223.204.196.199 - - [16/Jul/2025:04:44:28 +0000] "POST /wp-comments-post.php HTTP/1.1" 302 - "-" "Mozilla/5.0 (Windows NT 10.0; Win64; x64) AppleWebKit/537.36 (KHTML, like Gecko) Chrome/120.0.0.0 Safari/537.36"
223.204.196.199 - - [16/Jul/2025:04:44:55 +0000] "POST /wp-comments-post.php HTTP/1.1" 302 - "-" "Mozilla/5.0 (Windows NT 10.0; Win64; x64) AppleWebKit/537.36 (KHTML, like Gecko) Chrome/120.0.0.0 Safari/537.36"
209.74.77.214 - - [16/Jul/2025:04:45:22 +0000] "POST /wp-cron.php?doing_wp_cron=1752641122.6338300704956054687500 HTTP/1.1" 200 - "-" "WordPress/6.8.1; https://abl.academy"
223.204.196.199 - - [16/Jul/2025:04:45:22 +0000] "POST /wp-comments-post.php HTTP/1.1" 302 - "-" "Mozilla/5.0 (Windows NT 10.0; Win64; x64) AppleWebKit/537.36 (KHTML, like Gecko) Chrome/120.0.0.0 Safari/537.36"
223.204.196.199 - - [16/Jul/2025:04:45:50 +0000] "POST /wp-comments-post.php HTTP/1.1" 302 - "-" "Mozilla/5.0 (Windows NT 10.0; Win64; x64) AppleWebKit/537.36 (KHTML, like Gecko) Chrome/120.0.0.0 Safari/537.36"
209.74.77.214 - - [16/Jul/2025:04:46:18 +0000] "POST /wp-cron.php?doing_wp_cron=1752641178.1097040176391601562500 HTTP/1.1" 200 - "-" "WordPress/6.8.1; https://abl.academy"
223.204.196.199 - - [16/Jul/2025:04:46:18 +0000] "POST /wp-comments-post.php HTTP/1.1" 302 - "-" "Mozilla/5.0 (Windows NT 10.0; Win64; x64) AppleWebKit/537.36 (KHTML, like Gecko) Chrome/120.0.0.0 Safari/537.36"
223.204.196.199 - - [16/Jul/2025:04:46:44 +0000] "POST /wp-comments-post.php HTTP/1.1" 302 - "-" "Mozilla/5.0 (Windows NT 10.0; Win64; x64) AppleWebKit/537.36 (KHTML, like Gecko) Chrome/120.0.0.0 Safari/537.36"
66.249.65.198 - - [16/Jul/2025:04:46:53 +0000] "GET /item/crust72286918/ HTTP/1.1" 200 39794 "-" "Mozilla/5.0 (Linux; Android 6.0.1; Nexus 5X Build/MMB29P) AppleWebKit/537.36 (KHTML, like Gecko) Chrome/137.0.7151.103 Mobile Safari/537.36 (compatible; Googlebot/2.1; +http://www.google.com/bot.html)"
209.74.77.214 - - [16/Jul/2025:04:48:13 +0000] "POST /wp-cron.php?doing_wp_cron=1752641293.1016399860382080078125 HTTP/1.1" 200 - "-" "WordPress/6.8.1; https://abl.academy"
84.54.44.30 - - [16/Jul/2025:04:48:11 +0000] "GET /lms-wordpress-plugin/ HTTP/1.0" 200 69405 "https://abl.academy/lms-wordpress-plugin/" "Mozilla/5.0 (Windows NT 10.0; Win64; x64) AppleWebKit/537.36 (KHTML, like Gecko) Chrome/130.0.0.0 Safari/537.36 CCleaner/130.0.0.0"
84.54.44.30 - - [16/Jul/2025:04:48:14 +0000] "POST /wp-comments-post.php HTTP/1.0" 302 - "https://abl.academy/lms-wordpress-plugin/" "Mozilla/5.0 (Windows NT 10.0; Win64; x64) AppleWebKit/537.36 (KHTML, like Gecko) Chrome/130.0.0.0 Safari/537.36 CCleaner/130.0.0.0"
84.54.44.30 - - [16/Jul/2025:04:48:15 +0000] "GET /lms-wordpress-plugin/?unapproved=5946&moderation-hash=80fe95943edfcecfbe5ade1c53b8b002 HTTP/1.0" 200 69494 "https://abl.academy/lms-wordpress-plugin/?unapproved=5946&moderation-hash=80fe95943edfcecfbe5ade1c53b8b002#comment-5946" "Mozilla/5.0 (Windows NT 10.0; Win64; x64) AppleWebKit/537.36 (KHTML, like Gecko) Chrome/130.0.0.0 Safari/537.36 CCleaner/130.0.0.0"
66.249.65.198 - - [16/Jul/2025:04:48:29 +0000] "GET /shopdetail/177603049 HTTP/1.1" 200 40244 "-" "Mozilla/5.0 (Linux; Android 6.0.1; Nexus 5X Build/MMB29P) AppleWebKit/537.36 (KHTML, like Gecko) Chrome/137.0.7151.103 Mobile Safari/537.36 (compatible; Googlebot/2.1; +http://www.google.com/bot.html)"
115.72.169.40 - - [16/Jul/2025:04:49:17 +0000] "POST /wp-comments-post.php HTTP/1.1" 302 - "-" "Mozilla/5.0 (Windows NT 10.0; Win64; x64) AppleWebKit/537.36 (KHTML, like Gecko) Chrome/120.0.0.0 Safari/537.36"
115.72.169.40 - - [16/Jul/2025:04:49:50 +0000] "POST /wp-comments-post.php HTTP/1.1" 302 - "-" "Mozilla/5.0 (Windows NT 10.0; Win64; x64) AppleWebKit/537.36 (KHTML, like Gecko) Chrome/120.0.0.0 Safari/537.36"
209.74.77.214 - - [16/Jul/2025:04:50:20 +0000] "POST /wp-cron.php?doing_wp_cron=1752641420.7781078815460205078125 HTTP/1.1" 200 - "-" "WordPress/6.8.1; https://abl.academy"
115.72.169.40 - - [16/Jul/2025:04:50:20 +0000] "POST /wp-comments-post.php HTTP/1.1" 302 - "-" "Mozilla/5.0 (Windows NT 10.0; Win64; x64) AppleWebKit/537.36 (KHTML, like Gecko) Chrome/120.0.0.0 Safari/537.36"
115.72.169.40 - - [16/Jul/2025:04:50:50 +0000] "POST /wp-comments-post.php HTTP/1.1" 302 - "-" "Mozilla/5.0 (Windows NT 10.0; Win64; x64) AppleWebKit/537.36 (KHTML, like Gecko) Chrome/120.0.0.0 Safari/537.36"
66.249.65.199 - - [16/Jul/2025:04:51:09 +0000] "GET /item/lion11412392/ HTTP/1.1" 200 40173 "-" "Mozilla/5.0 (Linux; Android 6.0.1; Nexus 5X Build/MMB29P) AppleWebKit/537.36 (KHTML, like Gecko) Chrome/137.0.7151.103 Mobile Safari/537.36 (compatible; Googlebot/2.1; +http://www.google.com/bot.html)"
209.74.77.214 - - [16/Jul/2025:04:51:18 +0000] "POST /wp-cron.php?doing_wp_cron=1752641478.7639410495758056640625 HTTP/1.1" 200 - "-" "WordPress/6.8.1; https://abl.academy"
115.72.169.40 - - [16/Jul/2025:04:51:18 +0000] "POST /wp-comments-post.php HTTP/1.1" 302 - "-" "Mozilla/5.0 (Windows NT 10.0; Win64; x64) AppleWebKit/537.36 (KHTML, like Gecko) Chrome/120.0.0.0 Safari/537.36"
115.72.169.40 - - [16/Jul/2025:04:51:45 +0000] "POST /wp-comments-post.php HTTP/1.1" 302 - "-" "Mozilla/5.0 (Windows NT 10.0; Win64; x64) AppleWebKit/537.36 (KHTML, like Gecko) Chrome/120.0.0.0 Safari/537.36"
209.74.77.214 - - [16/Jul/2025:04:52:14 +0000] "POST /wp-cron.php?doing_wp_cron=1752641534.9309809207916259765625 HTTP/1.1" 200 - "-" "WordPress/6.8.1; https://abl.academy"
115.72.169.40 - - [16/Jul/2025:04:52:14 +0000] "POST /wp-comments-post.php HTTP/1.1" 302 - "-" "Mozilla/5.0 (Windows NT 10.0; Win64; x64) AppleWebKit/537.36 (KHTML, like Gecko) Chrome/120.0.0.0 Safari/537.36"
115.72.169.40 - - [16/Jul/2025:04:52:44 +0000] "POST /wp-comments-post.php HTTP/1.1" 302 - "-" "Mozilla/5.0 (Windows NT 10.0; Win64; x64) AppleWebKit/537.36 (KHTML, like Gecko) Chrome/120.0.0.0 Safari/537.36"
66.249.65.197 - - [16/Jul/2025:04:53:22 +0000] "GET /item/file41550755/ HTTP/1.1" 200 39949 "-" "Mozilla/5.0 (Linux; Android 6.0.1; Nexus 5X Build/MMB29P) AppleWebKit/537.36 (KHTML, like Gecko) Chrome/137.0.7151.103 Mobile Safari/537.36 (compatible; Googlebot/2.1; +http://www.google.com/bot.html)"
66.249.65.197 - - [16/Jul/2025:04:55:46 +0000] "GET /item/docto32244290/ HTTP/1.1" 200 39996 "-" "Mozilla/5.0 (Linux; Android 6.0.1; Nexus 5X Build/MMB29P) AppleWebKit/537.36 (KHTML, like Gecko) Chrome/137.0.7151.103 Mobile Safari/537.36 (compatible; Googlebot/2.1; +http://www.google.com/bot.html)"
95.108.213.203 - - [16/Jul/2025:04:56:49 +0000] "GET /robots.txt HTTP/1.1" 200 285 "-" "Mozilla/5.0 (compatible; YandexBot/3.0; +http://yandex.com/bots)"
209.74.77.214 - - [16/Jul/2025:04:56:51 +0000] "POST /wp-cron.php?doing_wp_cron=1752641811.9262371063232421875000 HTTP/1.1" 200 - "-" "WordPress/6.8.1; https://abl.academy"
95.108.213.156 - - [16/Jul/2025:04:56:50 +0000] "GET /item/flame21351569/ HTTP/1.1" 404 9551 "-" "Mozilla/5.0 (compatible; YandexBot/3.0; +http://yandex.com/bots)"
66.249.65.198 - - [16/Jul/2025:04:58:10 +0000] "GET /item/fluid51522828/ HTTP/1.1" 200 39955 "-" "Mozilla/5.0 (Linux; Android 6.0.1; Nexus 5X Build/MMB29P) AppleWebKit/537.36 (KHTML, like Gecko) Chrome/137.0.7151.103 Mobile Safari/537.36 (compatible; Googlebot/2.1; +http://www.google.com/bot.html)"
66.249.65.198 - - [16/Jul/2025:05:00:34 +0000] "GET /item/oval70819782/ HTTP/1.1" 200 40327 "-" "Mozilla/5.0 (Linux; Android 6.0.1; Nexus 5X Build/MMB29P) AppleWebKit/537.36 (KHTML, like Gecko) Chrome/137.0.7151.103 Mobile Safari/537.36 (compatible; Googlebot/2.1; +http://www.google.com/bot.html)"
66.249.65.199 - - [16/Jul/2025:05:02:59 +0000] "GET /item/narro42177963/ HTTP/1.1" 200 39934 "-" "Mozilla/5.0 (Linux; Android 6.0.1; Nexus 5X Build/MMB29P) AppleWebKit/537.36 (KHTML, like Gecko) Chrome/137.0.7151.103 Mobile Safari/537.36 (compatible; Googlebot/2.1; +http://www.google.com/bot.html)"
66.249.65.197 - - [16/Jul/2025:05:13:27 +0000] "GET /shopdetail/251062349 HTTP/1.1" 200 39866 "-" "Mozilla/5.0 (Linux; Android 6.0.1; Nexus 5X Build/MMB29P) AppleWebKit/537.36 (KHTML, like Gecko) Chrome/137.0.7151.103 Mobile Safari/537.36 (compatible; Googlebot/2.1; +http://www.google.com/bot.html)"
209.74.77.214 - - [16/Jul/2025:05:28:45 +0000] "POST /wp-cron.php?doing_wp_cron=1752643725.6932470798492431640625 HTTP/1.1" 200 - "-" "WordPress/6.8.1; https://abl.academy"
209.74.77.214 - - [16/Jul/2025:05:28:45 +0000] "POST /wp-cron.php?doing_wp_cron=1752643725.6932408809661865234375 HTTP/1.1" 200 - "-" "WordPress/6.8.1; https://abl.academy"
66.29.146.79 - - [16/Jul/2025:05:28:44 +0000] "POST /xmlrpc.php HTTP/1.1" 200 403 "-" "Mozilla/5.0 (Windows NT 6.1; WOW64; rv:50.0) Gecko/20100101 Firefox/50.0"
66.29.153.8 - - [16/Jul/2025:05:28:43 +0000] "POST /xmlrpc.php HTTP/1.1" 200 403 "-" "Mozilla/5.0 (Windows NT 6.1; Win64; x64) AppleWebKit/537.36 (KHTML, like Gecko) Chrome/79.0.3945.88 Safari/537.36"
52.55.206.244 - - [16/Jul/2025:05:28:55 +0000] "POST /xmlrpc.php HTTP/1.1" 200 403 "-" "Mozilla/5.0 (Windows NT 6.2; Win64; x64) AppleWebKit/537.36 (KHTML, like Gecko) Chrome/60.0.3112.90 Safari/537.36"
209.74.77.214 - - [16/Jul/2025:05:28:59 +0000] "POST /wp-cron.php?doing_wp_cron=1752643739.1806950569152832031250 HTTP/1.1" 200 - "-" "WordPress/6.8.1; https://abl.academy"
