34.72.176.129 - - [16/Jul/2025:07:27:57 +0000] "GET /wp-includes/js/dist/a11y.min.js?ver=3156534cc54473497e14 HTTP/1.1" 200 956 "https://abl.academy/wp-login.php" "Mozilla/5.0 (X11; Linux x86_64) AppleWebKit/537.36 (KHTML, like Gecko) HeadlessChrome/117.0.5938.132 Safari/537.36"
34.72.176.129 - - [16/Jul/2025:07:27:57 +0000] "GET /wp-includes/css/buttons.min.css?ver=6.8.2 HTTP/1.1" 200 1470 "https://abl.academy/wp-login.php?action=lostpassword" "Mozilla/5.0 (X11; Linux x86_64) AppleWebKit/537.36 (KHTML, like Gecko) HeadlessChrome/117.0.5938.132 Safari/537.36"
34.122.147.229 - - [16/Jul/2025:07:27:57 +0000] "GET /wp-admin/images/wordpress-logo.svg?ver=20131107 HTTP/1.1" 200 818 "https://abl.academy/wp-admin/css/login.min.css?ver=6.8.2" "Mozilla/5.0 (X11; Linux x86_64) AppleWebKit/537.36 (KHTML, like Gecko) HeadlessChrome/117.0.5938.132 Safari/537.36"
34.72.176.129 - - [16/Jul/2025:07:27:57 +0000] "GET /wp-admin/css/forms.min.css?ver=6.8.2 HTTP/1.1" 200 6694 "https://abl.academy/wp-login.php?action=lostpassword" "Mozilla/5.0 (X11; Linux x86_64) AppleWebKit/537.36 (KHTML, like Gecko) HeadlessChrome/117.0.5938.132 Safari/537.36"
34.72.176.129 - - [16/Jul/2025:07:27:57 +0000] "GET /wp-admin/css/l10n.min.css?ver=6.8.2 HTTP/1.1" 200 767 "https://abl.academy/wp-login.php?action=lostpassword" "Mozilla/5.0 (X11; Linux x86_64) AppleWebKit/537.36 (KHTML, like Gecko) HeadlessChrome/117.0.5938.132 Safari/537.36"
104.197.69.115 - - [16/Jul/2025:07:27:57 +0000] "GET /wp-admin/css/login.min.css?ver=6.8.2 HTTP/1.1" 200 2171 "https://abl.academy/wp-login.php?action=lostpassword" "Mozilla/5.0 (X11; Linux x86_64) AppleWebKit/537.36 (KHTML, like Gecko) HeadlessChrome/117.0.5938.132 Safari/537.36"
104.197.69.115 - - [16/Jul/2025:07:27:57 +0000] "GET /wp-admin/images/wordpress-logo.svg?ver=20131107 HTTP/1.1" 200 818 "https://abl.academy/wp-admin/css/login.min.css?ver=6.8.2" "Mozilla/5.0 (X11; Linux x86_64) AppleWebKit/537.36 (KHTML, like Gecko) HeadlessChrome/117.0.5938.132 Safari/537.36"
34.122.147.229 - - [16/Jul/2025:07:27:57 +0000] "GET /wp-includes/js/zxcvbn.min.js HTTP/1.1" 200 399661 "https://abl.academy/wp-login.php" "Mozilla/5.0 (X11; Linux x86_64) AppleWebKit/537.36 (KHTML, like Gecko) HeadlessChrome/117.0.5938.132 Safari/537.36"
34.123.170.104 - - [16/Jul/2025:07:27:58 +0000] "GET / HTTP/1.1" 200 9693 "-" "Mozilla/5.0 (X11; Linux x86_64) AppleWebKit/537.36 (KHTML, like Gecko) HeadlessChrome/117.0.5938.132 Safari/537.36"
34.123.170.104 - - [16/Jul/2025:07:27:58 +0000] "GET /wp-includes/css/dist/block-library/style.min.css?ver=6.8.2 HTTP/1.1" 200 15315 "https://abl.academy/" "Mozilla/5.0 (X11; Linux x86_64) AppleWebKit/537.36 (KHTML, like Gecko) HeadlessChrome/117.0.5938.132 Safari/537.36"
34.123.170.104 - - [16/Jul/2025:07:27:58 +0000] "GET /wp-content/themes/eduma/assets/css/all.min.css?ver=5.5.8 HTTP/1.1" 200 12790 "https://abl.academy/" "Mozilla/5.0 (X11; Linux x86_64) AppleWebKit/537.36 (KHTML, like Gecko) HeadlessChrome/117.0.5938.132 Safari/537.36"
104.197.69.115 - - [16/Jul/2025:07:27:58 +0000] "GET /wp-content/themes/eduma/assets/css/thim-ekits-icons.min.css?ver=5.5.8 HTTP/1.1" 200 10395 "https://abl.academy/" "Mozilla/5.0 (X11; Linux x86_64) AppleWebKit/537.36 (KHTML, like Gecko) HeadlessChrome/117.0.5938.132 Safari/537.36"
104.197.69.115 - - [16/Jul/2025:07:27:58 +0000] "GET /wp-content/plugins/woocommerce/assets/css/brands.css?ver=10.0.2 HTTP/1.1" 200 684 "https://abl.academy/" "Mozilla/5.0 (X11; Linux x86_64) AppleWebKit/537.36 (KHTML, like Gecko) HeadlessChrome/117.0.5938.132 Safari/537.36"
34.122.147.229 - - [16/Jul/2025:07:27:58 +0000] "GET /wp-content/plugins/learnpress/assets/css/widgets.min.css?ver=4.2.8.7.4 HTTP/1.1" 200 4619 "https://abl.academy/" "Mozilla/5.0 (X11; Linux x86_64) AppleWebKit/537.36 (KHTML, like Gecko) HeadlessChrome/117.0.5938.132 Safari/537.36"
34.123.170.104 - - [16/Jul/2025:07:27:58 +0000] "GET /wp-content/themes/eduma/assets/css/v4-shims.min.css?ver=5.5.8 HTTP/1.1" 200 4228 "https://abl.academy/" "Mozilla/5.0 (X11; Linux x86_64) AppleWebKit/537.36 (KHTML, like Gecko) HeadlessChrome/117.0.5938.132 Safari/537.36"
34.122.147.229 - - [16/Jul/2025:07:27:58 +0000] "GET /wp-includes/js/jquery/jquery-migrate.min.js?ver=3.4.1 HTTP/1.1" 200 4872 "https://abl.academy/" "Mozilla/5.0 (X11; Linux x86_64) AppleWebKit/537.36 (KHTML, like Gecko) HeadlessChrome/117.0.5938.132 Safari/537.36"
104.197.69.115 - - [16/Jul/2025:07:27:58 +0000] "GET /wp-includes/js/jquery/jquery.min.js?ver=3.7.1 HTTP/1.1" 200 30368 "https://abl.academy/" "Mozilla/5.0 (X11; Linux x86_64) AppleWebKit/537.36 (KHTML, like Gecko) HeadlessChrome/117.0.5938.132 Safari/537.36"
104.197.69.115 - - [16/Jul/2025:07:27:59 +0000] "GET /wp-content/plugins/woocommerce/assets/client/blocks/wc-blocks.css?ver=wc-10.0.2 HTTP/1.1" 200 2575 "https://abl.academy/" "Mozilla/5.0 (X11; Linux x86_64) AppleWebKit/537.36 (KHTML, like Gecko) HeadlessChrome/117.0.5938.132 Safari/537.36"
104.197.69.115 - - [16/Jul/2025:07:27:58 +0000] "GET /wp-content/themes/eduma/style.css?ver=5.5.8 HTTP/1.1" 200 104917 "https://abl.academy/" "Mozilla/5.0 (X11; Linux x86_64) AppleWebKit/537.36 (KHTML, like Gecko) HeadlessChrome/117.0.5938.132 Safari/537.36"
104.197.69.115 - - [16/Jul/2025:07:27:59 +0000] "GET /wp-content/plugins/woocommerce/assets/js/sourcebuster/sourcebuster.min.js?ver=10.0.2 HTTP/1.1" 200 4807 "https://abl.academy/" "Mozilla/5.0 (X11; Linux x86_64) AppleWebKit/537.36 (KHTML, like Gecko) HeadlessChrome/117.0.5938.132 Safari/537.36"
104.197.69.115 - - [16/Jul/2025:07:27:59 +0000] "GET /wp-content/plugins/woocommerce/assets/js/frontend/order-attribution.min.js?ver=10.0.2 HTTP/1.1" 200 1128 "https://abl.academy/" "Mozilla/5.0 (X11; Linux x86_64) AppleWebKit/537.36 (KHTML, like Gecko) HeadlessChrome/117.0.5938.132 Safari/537.36"
104.197.69.115 - - [16/Jul/2025:07:27:59 +0000] "GET /wp-includes/js/imagesloaded.min.js?ver=5.0.0 HTTP/1.1" 200 1803 "https://abl.academy/" "Mozilla/5.0 (X11; Linux x86_64) AppleWebKit/537.36 (KHTML, like Gecko) HeadlessChrome/117.0.5938.132 Safari/537.36"
104.197.69.115 - - [16/Jul/2025:07:27:59 +0000] "GET /wp-content/themes/eduma/assets/js/main.min.js?ver=5.5.8 HTTP/1.1" 200 21197 "https://abl.academy/" "Mozilla/5.0 (X11; Linux x86_64) AppleWebKit/537.36 (KHTML, like Gecko) HeadlessChrome/117.0.5938.132 Safari/537.36"
104.197.69.115 - - [16/Jul/2025:07:27:59 +0000] "GET /wp-content/themes/eduma/assets/js/thim-scripts.min.js?ver=5.5.8 HTTP/1.1" 200 9207 "https://abl.academy/" "Mozilla/5.0 (X11; Linux x86_64) AppleWebKit/537.36 (KHTML, like Gecko) HeadlessChrome/117.0.5938.132 Safari/537.36"
34.123.170.104 - - [16/Jul/2025:07:27:59 +0000] "GET /wp-content/plugins/woocommerce/assets/js/frontend/add-to-cart.min.js?ver=10.0.2 HTTP/1.1" 200 1407 "https://abl.academy/" "Mozilla/5.0 (X11; Linux x86_64) AppleWebKit/537.36 (KHTML, like Gecko) HeadlessChrome/117.0.5938.132 Safari/537.36"
34.122.147.229 - - [16/Jul/2025:07:27:59 +0000] "GET /wp-content/plugins/learnpress/assets/js/dist/loadAJAX.min.js?ver=4.2.8.7.4 HTTP/1.1" 200 1613 "https://abl.academy/" "Mozilla/5.0 (X11; Linux x86_64) AppleWebKit/537.36 (KHTML, like Gecko) HeadlessChrome/117.0.5938.132 Safari/537.36"
34.122.147.229 - - [16/Jul/2025:07:27:59 +0000] "GET /wp-content/plugins/woocommerce/assets/js/jquery-blockui/jquery.blockUI.min.js?ver=2.7.0-wc.10.0.2 HTTP/1.1" 200 3537 "https://abl.academy/" "Mozilla/5.0 (X11; Linux x86_64) AppleWebKit/537.36 (KHTML, like Gecko) HeadlessChrome/117.0.5938.132 Safari/537.36"
34.122.147.229 - - [16/Jul/2025:07:27:59 +0000] "GET /wp-content/uploads/2024/06/Untitled-design2white.png HTTP/1.1" 200 6348 "https://abl.academy/" "Mozilla/5.0 (X11; Linux x86_64) AppleWebKit/537.36 (KHTML, like Gecko) HeadlessChrome/117.0.5938.132 Safari/537.36"
34.122.147.229 - - [16/Jul/2025:07:27:59 +0000] "GET /wp-content/themes/eduma/assets/fonts/awesome-5x/fa-solid-900.woff2 HTTP/1.1" 200 80265 "https://abl.academy/wp-content/themes/eduma/assets/css/all.min.css?ver=5.5.8" "Mozilla/5.0 (X11; Linux x86_64) AppleWebKit/537.36 (KHTML, like Gecko) HeadlessChrome/117.0.5938.132 Safari/537.36"
104.197.69.115 - - [16/Jul/2025:07:27:59 +0000] "GET /wp-content/uploads/2022/11/Eduma-cover-banner-17.jpg HTTP/1.1" 200 108034 "https://abl.academy/" "Mozilla/5.0 (X11; Linux x86_64) AppleWebKit/537.36 (KHTML, like Gecko) HeadlessChrome/117.0.5938.132 Safari/537.36"
34.122.147.229 - - [16/Jul/2025:07:27:59 +0000] "GET /wp-content/themes/eduma/assets/fonts/thim-ekits/thim-ekits.woff2 HTTP/1.1" 200 217865 "https://abl.academy/wp-content/themes/eduma/assets/css/thim-ekits-icons.min.css?ver=5.5.8" "Mozilla/5.0 (X11; Linux x86_64) AppleWebKit/537.36 (KHTML, like Gecko) HeadlessChrome/117.0.5938.132 Safari/537.36"
34.72.176.129 - - [16/Jul/2025:07:28:01 +0000] "GET /wp-login.php?action=lostpassword HTTP/1.1" 200 1251 "-" "Mozilla/5.0 (Macintosh; Intel Mac OS X 10_15_4) AppleWebKit/537.36 (KHTML, like Gecko) Chrome/83.0.4103.97 Safari/537.36"
34.123.170.104 - - [16/Jul/2025:07:28:01 +0000] "GET /wp-login.php HTTP/1.1" 200 2032 "-" "Mozilla/5.0 (Macintosh; Intel Mac OS X 10_15_4) AppleWebKit/537.36 (KHTML, like Gecko) Chrome/83.0.4103.97 Safari/537.36"
34.123.170.104 - - [16/Jul/2025:07:28:01 +0000] "GET /wp-includes/js/clipboard.min.js?ver=2.0.11 HTTP/1.1" 200 3150 "https://abl.academy/wp-login.php" "Mozilla/5.0 (Macintosh; Intel Mac OS X 10_15_4) AppleWebKit/537.36 (KHTML, like Gecko) Chrome/83.0.4103.97 Safari/537.36"
34.123.170.104 - - [16/Jul/2025:07:28:01 +0000] "GET /wp-includes/js/jquery/jquery.min.js?ver=3.7.1 HTTP/1.1" 200 30368 "https://abl.academy/wp-login.php" "Mozilla/5.0 (Macintosh; Intel Mac OS X 10_15_4) AppleWebKit/537.36 (KHTML, like Gecko) Chrome/83.0.4103.97 Safari/537.36"
34.123.170.104 - - [16/Jul/2025:07:28:01 +0000] "GET /wp-includes/js/underscore.min.js?ver=1.13.7 HTTP/1.1" 200 7317 "https://abl.academy/wp-login.php" "Mozilla/5.0 (Macintosh; Intel Mac OS X 10_15_4) AppleWebKit/537.36 (KHTML, like Gecko) Chrome/83.0.4103.97 Safari/537.36"
34.123.170.104 - - [16/Jul/2025:07:28:01 +0000] "GET /wp-includes/js/zxcvbn-async.min.js?ver=1.0 HTTP/1.1" 200 256 "https://abl.academy/wp-login.php" "Mozilla/5.0 (Macintosh; Intel Mac OS X 10_15_4) AppleWebKit/537.36 (KHTML, like Gecko) Chrome/83.0.4103.97 Safari/537.36"
34.123.170.104 - - [16/Jul/2025:07:28:01 +0000] "GET /wp-includes/js/dist/hooks.min.js?ver=4d63a3d491d11ffd8ac6 HTTP/1.1" 200 1648 "https://abl.academy/wp-login.php" "Mozilla/5.0 (Macintosh; Intel Mac OS X 10_15_4) AppleWebKit/537.36 (KHTML, like Gecko) Chrome/83.0.4103.97 Safari/537.36"
34.72.176.129 - - [16/Jul/2025:07:28:01 +0000] "GET /wp-includes/js/wp-util.min.js?ver=6.8.2 HTTP/1.1" 200 756 "https://abl.academy/wp-login.php" "Mozilla/5.0 (Macintosh; Intel Mac OS X 10_15_4) AppleWebKit/537.36 (KHTML, like Gecko) Chrome/83.0.4103.97 Safari/537.36"
34.72.176.129 - - [16/Jul/2025:07:28:01 +0000] "GET /wp-includes/js/dist/a11y.min.js?ver=3156534cc54473497e14 HTTP/1.1" 200 956 "https://abl.academy/wp-login.php" "Mozilla/5.0 (Macintosh; Intel Mac OS X 10_15_4) AppleWebKit/537.36 (KHTML, like Gecko) Chrome/83.0.4103.97 Safari/537.36"
34.123.170.104 - - [16/Jul/2025:07:28:02 +0000] "GET /wp-admin/js/user-profile.min.js?ver=6.8.2 HTTP/1.1" 200 2610 "https://abl.academy/wp-login.php" "Mozilla/5.0 (Macintosh; Intel Mac OS X 10_15_4) AppleWebKit/537.36 (KHTML, like Gecko) Chrome/83.0.4103.97 Safari/537.36"
34.72.176.129 - - [16/Jul/2025:07:28:02 +0000] "GET /wp-includes/js/jquery/jquery-migrate.min.js?ver=3.4.1 HTTP/1.1" 200 4872 "https://abl.academy/wp-login.php" "Mozilla/5.0 (Macintosh; Intel Mac OS X 10_15_4) AppleWebKit/537.36 (KHTML, like Gecko) Chrome/83.0.4103.97 Safari/537.36"
34.72.176.129 - - [16/Jul/2025:07:28:02 +0000] "GET /wp-includes/js/dist/i18n.min.js?ver=5e580eb46a90c2b997e6 HTTP/1.1" 200 3667 "https://abl.academy/wp-login.php" "Mozilla/5.0 (Macintosh; Intel Mac OS X 10_15_4) AppleWebKit/537.36 (KHTML, like Gecko) Chrome/83.0.4103.97 Safari/537.36"
34.123.170.104 - - [16/Jul/2025:07:28:02 +0000] "GET /wp-admin/js/password-strength-meter.min.js?ver=6.8.2 HTTP/1.1" 200 621 "https://abl.academy/wp-login.php" "Mozilla/5.0 (Macintosh; Intel Mac OS X 10_15_4) AppleWebKit/537.36 (KHTML, like Gecko) Chrome/83.0.4103.97 Safari/537.36"
34.123.170.104 - - [16/Jul/2025:07:28:02 +0000] "GET /wp-includes/js/dist/dom-ready.min.js?ver=f77871ff7694fffea381 HTTP/1.1" 200 320 "https://abl.academy/wp-login.php" "Mozilla/5.0 (Macintosh; Intel Mac OS X 10_15_4) AppleWebKit/537.36 (KHTML, like Gecko) Chrome/83.0.4103.97 Safari/537.36"
34.72.176.129 - - [16/Jul/2025:07:28:02 +0000] "GET / HTTP/1.1" 200 9693 "-" "Mozilla/5.0 (Macintosh; Intel Mac OS X 10_15_4) AppleWebKit/537.36 (KHTML, like Gecko) Chrome/83.0.4103.97 Safari/537.36"
34.123.170.104 - - [16/Jul/2025:07:28:02 +0000] "GET /wp-includes/js/zxcvbn.min.js HTTP/1.1" 200 399661 "https://abl.academy/wp-login.php" "Mozilla/5.0 (Macintosh; Intel Mac OS X 10_15_4) AppleWebKit/537.36 (KHTML, like Gecko) Chrome/83.0.4103.97 Safari/537.36"
34.72.176.129 - - [16/Jul/2025:07:28:03 +0000] "GET /wp-includes/js/jquery/jquery.min.js?ver=3.7.1 HTTP/1.1" 200 30368 "https://abl.academy/" "Mozilla/5.0 (Macintosh; Intel Mac OS X 10_15_4) AppleWebKit/537.36 (KHTML, like Gecko) Chrome/83.0.4103.97 Safari/537.36"
34.72.176.129 - - [16/Jul/2025:07:28:03 +0000] "GET /wp-includes/js/jquery/jquery-migrate.min.js?ver=3.4.1 HTTP/1.1" 200 4872 "https://abl.academy/" "Mozilla/5.0 (Macintosh; Intel Mac OS X 10_15_4) AppleWebKit/537.36 (KHTML, like Gecko) Chrome/83.0.4103.97 Safari/537.36"
34.72.176.129 - - [16/Jul/2025:07:28:03 +0000] "GET /wp-content/plugins/woocommerce/assets/js/sourcebuster/sourcebuster.min.js?ver=10.0.2 HTTP/1.1" 200 4807 "https://abl.academy/" "Mozilla/5.0 (Macintosh; Intel Mac OS X 10_15_4) AppleWebKit/537.36 (KHTML, like Gecko) Chrome/83.0.4103.97 Safari/537.36"
104.197.69.115 - - [16/Jul/2025:07:28:03 +0000] "GET /wp-content/plugins/woocommerce/assets/js/frontend/order-attribution.min.js?ver=10.0.2 HTTP/1.1" 200 1128 "https://abl.academy/" "Mozilla/5.0 (Macintosh; Intel Mac OS X 10_15_4) AppleWebKit/537.36 (KHTML, like Gecko) Chrome/83.0.4103.97 Safari/537.36"
34.72.176.129 - - [16/Jul/2025:07:28:03 +0000] "GET /wp-includes/js/imagesloaded.min.js?ver=5.0.0 HTTP/1.1" 200 1803 "https://abl.academy/" "Mozilla/5.0 (Macintosh; Intel Mac OS X 10_15_4) AppleWebKit/537.36 (KHTML, like Gecko) Chrome/83.0.4103.97 Safari/537.36"
104.197.69.115 - - [16/Jul/2025:07:28:03 +0000] "GET /wp-content/themes/eduma/assets/js/main.min.js?ver=5.5.8 HTTP/1.1" 200 21197 "https://abl.academy/" "Mozilla/5.0 (Macintosh; Intel Mac OS X 10_15_4) AppleWebKit/537.36 (KHTML, like Gecko) Chrome/83.0.4103.97 Safari/537.36"
34.72.176.129 - - [16/Jul/2025:07:28:03 +0000] "GET /wp-content/plugins/learnpress/assets/js/dist/loadAJAX.min.js?ver=4.2.8.7.4 HTTP/1.1" 200 1613 "https://abl.academy/" "Mozilla/5.0 (Macintosh; Intel Mac OS X 10_15_4) AppleWebKit/537.36 (KHTML, like Gecko) Chrome/83.0.4103.97 Safari/537.36"
104.197.69.115 - - [16/Jul/2025:07:28:03 +0000] "GET /wp-content/themes/eduma/assets/js/thim-scripts.min.js?ver=5.5.8 HTTP/1.1" 200 9207 "https://abl.academy/" "Mozilla/5.0 (Macintosh; Intel Mac OS X 10_15_4) AppleWebKit/537.36 (KHTML, like Gecko) Chrome/83.0.4103.97 Safari/537.36"
34.72.176.129 - - [16/Jul/2025:07:28:03 +0000] "GET /wp-content/plugins/woocommerce/assets/js/jquery-blockui/jquery.blockUI.min.js?ver=2.7.0-wc.10.0.2 HTTP/1.1" 200 3537 "https://abl.academy/" "Mozilla/5.0 (Macintosh; Intel Mac OS X 10_15_4) AppleWebKit/537.36 (KHTML, like Gecko) Chrome/83.0.4103.97 Safari/537.36"
34.123.170.104 - - [16/Jul/2025:07:28:03 +0000] "GET /wp-content/plugins/woocommerce/assets/js/frontend/add-to-cart.min.js?ver=10.0.2 HTTP/1.1" 200 1407 "https://abl.academy/" "Mozilla/5.0 (Macintosh; Intel Mac OS X 10_15_4) AppleWebKit/537.36 (KHTML, like Gecko) Chrome/83.0.4103.97 Safari/537.36"
209.74.77.214 - - [16/Jul/2025:07:33:39 +0000] "POST /wp-cron.php?doing_wp_cron=1752651219.2339959144592285156250 HTTP/1.1" 200 - "-" "WordPress/6.8.2; https://abl.academy"
66.249.65.199 - - [16/Jul/2025:07:33:37 +0000] "GET /item/breat20188257/ HTTP/1.1" 404 9550 "-" "Mozilla/5.0 (Linux; Android 6.0.1; Nexus 5X Build/MMB29P) AppleWebKit/537.36 (KHTML, like Gecko) Chrome/137.0.7151.103 Mobile Safari/537.36 (compatible; Googlebot/2.1; +http://www.google.com/bot.html)"
209.74.77.214 - - [16/Jul/2025:07:35:39 +0000] "POST /wp-cron.php?doing_wp_cron=1752651339.4636270999908447265625 HTTP/1.1" 200 - "-" "WordPress/6.8.2; https://abl.academy"
66.249.65.198 - - [16/Jul/2025:07:35:37 +0000] "GET /pcmypage?callback=product%2Fdetail%2F78988251 HTTP/1.1" 404 9575 "-" "Mozilla/5.0 (Linux; Android 6.0.1; Nexus 5X Build/MMB29P) AppleWebKit/537.36 (KHTML, like Gecko) Chrome/137.0.7151.103 Mobile Safari/537.36 (compatible; Googlebot/2.1; +http://www.google.com/bot.html)"
212.34.140.72 - - [16/Jul/2025:07:35:53 +0000] "GET /lms-wordpress-plugin/?unapproved=5465&moderation-hash=285d9522013d2a0eea6b88534e4c1b26 HTTP/1.0" 200 69483 "https://abl.academy/lms-wordpress-plugin/?unapproved=5465&moderation-hash=285d9522013d2a0eea6b88534e4c1b26#comment-5465" "Mozilla/5.0 (Windows NT 10.0; Win64; x64) AppleWebKit/537.36 (KHTML, like Gecko) Chrome/131.0.0.0 Safari/537.36"
212.34.140.72 - - [16/Jul/2025:07:35:54 +0000] "POST /wp-comments-post.php HTTP/1.0" 302 - "https://abl.academy/lms-wordpress-plugin/?unapproved=5465&moderation-hash=285d9522013d2a0eea6b88534e4c1b26#comment-5465" "Mozilla/5.0 (Windows NT 10.0; Win64; x64) AppleWebKit/537.36 (KHTML, like Gecko) Chrome/131.0.0.0 Safari/537.36"
212.34.140.72 - - [16/Jul/2025:07:35:55 +0000] "GET /lms-wordpress-plugin/?unapproved=5959&moderation-hash=ca0091104fbdd6f03df376355c40a86d HTTP/1.0" 200 71149 "https://abl.academy/lms-wordpress-plugin/?unapproved=5959&moderation-hash=ca0091104fbdd6f03df376355c40a86d#comment-5959" "Mozilla/5.0 (Windows NT 10.0; Win64; x64) AppleWebKit/537.36 (KHTML, like Gecko) Chrome/131.0.0.0 Safari/537.36"
209.74.77.214 - - [16/Jul/2025:07:36:36 +0000] "POST /wp-cron.php?doing_wp_cron=1752651396.7491750717163085937500 HTTP/1.1" 200 - "-" "WordPress/6.8.2; https://abl.academy"
66.249.65.198 - - [16/Jul/2025:07:36:34 +0000] "GET /shopdetail/430031649 HTTP/1.1" 404 9549 "-" "Mozilla/5.0 (compatible; Googlebot/2.1; +http://www.google.com/bot.html)"
209.74.77.214 - - [16/Jul/2025:07:37:11 +0000] "POST /wp-cron.php?doing_wp_cron=1752651431.7095940113067626953125 HTTP/1.1" 200 - "-" "WordPress/6.8.2; https://abl.academy"
66.249.65.199 - - [16/Jul/2025:07:37:10 +0000] "GET /shopdetail/503906749 HTTP/1.1" 404 9550 "-" "Mozilla/5.0 (Linux; Android 6.0.1; Nexus 5X Build/MMB29P) AppleWebKit/537.36 (KHTML, like Gecko) Chrome/137.0.7151.103 Mobile Safari/537.36 (compatible; Googlebot/2.1; +http://www.google.com/bot.html)"
209.74.77.214 - - [16/Jul/2025:07:41:37 +0000] "POST /wp-cron.php?doing_wp_cron=1752651697.1576609611511230468750 HTTP/1.1" 200 - "-" "WordPress/6.8.2; https://abl.academy"
43.153.93.82 - - [16/Jul/2025:07:41:35 +0000] "GET /.env HTTP/1.1" 404 9550 "-" "Mozilla/5.0 (Linux; U; Android 4.4.2; en-US; HM NOTE 1W Build/KOT49H) AppleWebKit/534.30 (KHTML, like Gecko) Version/4.0 UCBrowser/11.0.5.850 U3/0.8.0 Mobile Safari/534.30"
66.249.65.198 - - [16/Jul/2025:07:41:54 +0000] "GET /shopdetail/136926649 HTTP/1.1" 404 9550 "-" "Mozilla/5.0 (compatible; Googlebot/2.1; +http://www.google.com/bot.html)"
209.74.77.214 - - [16/Jul/2025:07:42:31 +0000] "POST /wp-cron.php?doing_wp_cron=1752651751.0071220397949218750000 HTTP/1.1" 200 - "-" "WordPress/6.8.2; https://abl.academy"
66.249.65.199 - - [16/Jul/2025:07:42:29 +0000] "GET /shopdetail/502294149 HTTP/1.1" 404 9550 "-" "Mozilla/5.0 (Linux; Android 6.0.1; Nexus 5X Build/MMB29P) AppleWebKit/537.36 (KHTML, like Gecko) Chrome/137.0.7151.103 Mobile Safari/537.36 (compatible; Googlebot/2.1; +http://www.google.com/bot.html)"
209.74.77.214 - - [16/Jul/2025:07:45:57 +0000] "POST /wp-cron.php?doing_wp_cron=1752651957.6877639293670654296875 HTTP/1.1" 200 - "-" "WordPress/6.8.2; https://abl.academy"
66.249.65.198 - - [16/Jul/2025:07:45:55 +0000] "GET /shopdetail/218444849 HTTP/1.1" 404 9550 "-" "Mozilla/5.0 (compatible; Googlebot/2.1; +http://www.google.com/bot.html)"
209.74.77.214 - - [16/Jul/2025:07:47:15 +0000] "POST /wp-cron.php?doing_wp_cron=1752652035.3054430484771728515625 HTTP/1.1" 200 - "-" "WordPress/6.8.2; https://abl.academy"
66.249.65.199 - - [16/Jul/2025:07:47:13 +0000] "GET /shopdetail/78208049 HTTP/1.1" 404 9550 "-" "Mozilla/5.0 (Linux; Android 6.0.1; Nexus 5X Build/MMB29P) AppleWebKit/537.36 (KHTML, like Gecko) Chrome/137.0.7151.103 Mobile Safari/537.36 (compatible; Googlebot/2.1; +http://www.google.com/bot.html)"
209.74.77.214 - - [16/Jul/2025:07:48:13 +0000] "POST /wp-cron.php?doing_wp_cron=1752652093.3412001132965087890625 HTTP/1.1" 200 - "-" "WordPress/6.8.2; https://abl.academy"
66.249.65.197 - - [16/Jul/2025:07:48:11 +0000] "GET /shopdetail/203165649 HTTP/1.1" 404 9550 "-" "Mozilla/5.0 (Linux; Android 6.0.1; Nexus 5X Build/MMB29P) AppleWebKit/537.36 (KHTML, like Gecko) Chrome/137.0.7151.103 Mobile Safari/537.36 (compatible; Googlebot/2.1; +http://www.google.com/bot.html)"
66.249.65.197 - - [16/Jul/2025:07:48:54 +0000] "GET /shopdetail/318644949 HTTP/1.1" 404 9550 "-" "Mozilla/5.0 (Linux; Android 6.0.1; Nexus 5X Build/MMB29P) AppleWebKit/537.36 (KHTML, like Gecko) Chrome/137.0.7151.103 Mobile Safari/537.36 (compatible; Googlebot/2.1; +http://www.google.com/bot.html)"
66.249.65.198 - - [16/Jul/2025:07:48:53 +0000] "GET /shopdetail/205332049 HTTP/1.1" 404 9550 "-" "Mozilla/5.0 (compatible; Googlebot/2.1; +http://www.google.com/bot.html)"
209.74.77.214 - - [16/Jul/2025:07:49:28 +0000] "POST /wp-cron.php?doing_wp_cron=1752652168.9511260986328125000000 HTTP/1.1" 200 - "-" "WordPress/6.8.2; https://abl.academy"
44.208.223.68 - - [16/Jul/2025:07:49:27 +0000] "GET /wp-login.php?redirect_to=https://abl.academy/courses/test/lessons/lesson-7 HTTP/1.1" 200 2049 "-" "Mozilla/5.0 AppleWebKit/537.36 (KHTML, like Gecko; compatible; Amazonbot/0.1; +https://developer.amazon.com/support/amazonbot) Chrome/119.0.6045.214 Safari/537.36"
209.74.77.214 - - [16/Jul/2025:07:52:59 +0000] "POST /wp-cron.php?doing_wp_cron=1752652379.8001129627227783203125 HTTP/1.1" 200 - "-" "WordPress/6.8.2; https://abl.academy"
66.249.65.197 - - [16/Jul/2025:07:52:58 +0000] "GET /shopdetail/539112149 HTTP/1.1" 404 9550 "-" "Mozilla/5.0 (Linux; Android 6.0.1; Nexus 5X Build/MMB29P) AppleWebKit/537.36 (KHTML, like Gecko) Chrome/137.0.7151.103 Mobile Safari/537.36 (compatible; Googlebot/2.1; +http://www.google.com/bot.html)"
85.208.96.196 - - [16/Jul/2025:07:54:27 +0000] "GET /robots.txt HTTP/1.1" 200 114 "-" "Mozilla/5.0 (compatible; SemrushBot/7~bl; +http://www.semrush.com/bot.html)"
209.74.77.214 - - [16/Jul/2025:07:54:29 +0000] "POST /wp-cron.php?doing_wp_cron=1752652469.3236079216003417968750 HTTP/1.1" 200 - "-" "WordPress/6.8.2; https://abl.academy"
185.191.171.17 - - [16/Jul/2025:07:54:27 +0000] "GET /courses/test/ HTTP/1.1" 200 38216 "-" "Mozilla/5.0 (compatible; SemrushBot/7~bl; +http://www.semrush.com/bot.html)"
66.249.65.199 - - [16/Jul/2025:07:54:49 +0000] "GET /shopdetail/306074149 HTTP/1.1" 404 9550 "-" "Mozilla/5.0 (Linux; Android 6.0.1; Nexus 5X Build/MMB29P) AppleWebKit/537.36 (KHTML, like Gecko) Chrome/137.0.7151.103 Mobile Safari/537.36 (compatible; Googlebot/2.1; +http://www.google.com/bot.html)"
209.74.77.214 - - [16/Jul/2025:07:55:05 +0000] "POST /wp-cron.php?doing_wp_cron=1752652505.1013429164886474609375 HTTP/1.1" 200 - "-" "WordPress/6.8.2; https://abl.academy"
66.249.65.198 - - [16/Jul/2025:07:55:04 +0000] "GET /shopdetail/338518949 HTTP/1.1" 404 9550 "-" "Mozilla/5.0 (compatible; Googlebot/2.1; +http://www.google.com/bot.html)"
154.195.97.206 - - [16/Jul/2025:07:56:00 +0000] "GET /lms-wordpress-plugin/?unapproved=5960&moderation-hash=085d0a344b1dbdb2d780caf7f5a952ce HTTP/1.0" 200 73325 "https://abl.academy/lms-wordpress-plugin/?unapproved=5960&moderation-hash=085d0a344b1dbdb2d780caf7f5a952ce#comment-5960" "Mozilla/5.0 (Windows NT 10.0; Win64; x64) AppleWebKit/537.36 (KHTML, like Gecko) Chrome/129.0.0.0 Safari/537.36"
66.249.65.197 - - [16/Jul/2025:07:56:04 +0000] "GET /shopdetail/14425649 HTTP/1.1" 404 9550 "-" "Mozilla/5.0 (Linux; Android 6.0.1; Nexus 5X Build/MMB29P) AppleWebKit/537.36 (KHTML, like Gecko) Chrome/137.0.7151.103 Mobile Safari/537.36 (compatible; Googlebot/2.1; +http://www.google.com/bot.html)"
209.74.77.214 - - [16/Jul/2025:08:05:26 +0000] "POST /wp-cron.php?doing_wp_cron=1752653126.1162359714508056640625 HTTP/1.1" 200 - "-" "WordPress/6.8.2; https://abl.academy"
66.249.65.197 - - [16/Jul/2025:08:05:24 +0000] "GET /item/cart30239610/ HTTP/1.1" 404 9550 "-" "Mozilla/5.0 (Linux; Android 6.0.1; Nexus 5X Build/MMB29P) AppleWebKit/537.36 (KHTML, like Gecko) Chrome/137.0.7151.103 Mobile Safari/537.36 (compatible; Googlebot/2.1; +http://www.google.com/bot.html)"
209.74.77.214 - - [16/Jul/2025:08:06:12 +0000] "POST /wp-cron.php?doing_wp_cron=1752653172.1452069282531738281250 HTTP/1.1" 200 - "-" "WordPress/6.8.2; https://abl.academy"
66.249.65.199 - - [16/Jul/2025:08:06:10 +0000] "GET /shopdetail/42321249 HTTP/1.1" 404 9550 "-" "Mozilla/5.0 (Linux; Android 6.0.1; Nexus 5X Build/MMB29P) AppleWebKit/537.36 (KHTML, like Gecko) Chrome/137.0.7151.103 Mobile Safari/537.36 (compatible; Googlebot/2.1; +http://www.google.com/bot.html)"
209.74.77.214 - - [16/Jul/2025:08:07:19 +0000] "POST /wp-cron.php?doing_wp_cron=1752653239.3589439392089843750000 HTTP/1.1" 200 - "-" "WordPress/6.8.2; https://abl.academy"
75.119.130.41 - - [16/Jul/2025:08:07:17 +0000] "GET /contact/ HTTP/1.1" 200 10133 "-" "Mozilla/5.0 (Windows NT 10.0; Win64; x64; Xbox; Xbox One) AppleWebKit/537.36 (KHTML, like Gecko) Chrome/114.0.0.0 Safari/537.36 Edge/44.18363.8131"
75.119.130.41 - - [16/Jul/2025:08:07:19 +0000] "GET / HTTP/1.1" 200 9693 "https://abl.academy/contact/" "Mozilla/5.0 (Windows NT 10.0; Win64; x64; Xbox; Xbox One) AppleWebKit/537.36 (KHTML, like Gecko) Chrome/114.0.0.0 Safari/537.36 Edge/44.18363.8131"
75.119.130.41 - - [16/Jul/2025:08:07:20 +0000] "GET /?p=87 HTTP/1.1" 301 - "https://abl.academy/contact/" "Mozilla/5.0 (Windows NT 10.0; Win64; x64; Xbox; Xbox One) AppleWebKit/537.36 (KHTML, like Gecko) Chrome/114.0.0.0 Safari/537.36 Edge/44.18363.8131"
75.119.130.41 - - [16/Jul/2025:08:07:21 +0000] "GET /contact/ HTTP/1.1" 200 10133 "https://abl.academy/?p=87" "Mozilla/5.0 (Windows NT 10.0; Win64; x64; Xbox; Xbox One) AppleWebKit/537.36 (KHTML, like Gecko) Chrome/114.0.0.0 Safari/537.36 Edge/44.18363.8131"
75.119.130.41 - - [16/Jul/2025:08:07:22 +0000] "GET /demo-main/courses/ HTTP/1.1" 301 - "https://abl.academy/contact/" "Mozilla/5.0 (Windows NT 10.0; Win64; x64; Xbox; Xbox One) AppleWebKit/537.36 (KHTML, like Gecko) Chrome/114.0.0.0 Safari/537.36 Edge/44.18363.8131"
75.119.130.41 - - [16/Jul/2025:08:07:22 +0000] "GET /courses/ HTTP/1.1" 200 15026 "https://abl.academy/demo-main/courses/" "Mozilla/5.0 (Windows NT 10.0; Win64; x64; Xbox; Xbox One) AppleWebKit/537.36 (KHTML, like Gecko) Chrome/114.0.0.0 Safari/537.36 Edge/44.18363.8131"
75.119.130.41 - - [16/Jul/2025:08:07:23 +0000] "GET /comments/feed/ HTTP/1.1" 200 720 "https://abl.academy/contact/" "Mozilla/5.0 (Windows NT 10.0; Win64; x64; Xbox; Xbox One) AppleWebKit/537.36 (KHTML, like Gecko) Chrome/114.0.0.0 Safari/537.36 Edge/44.18363.8131"
75.119.130.41 - - [16/Jul/2025:08:07:24 +0000] "GET /gallery/ HTTP/1.1" 200 9961 "https://abl.academy/contact/" "Mozilla/5.0 (Windows NT 10.0; Win64; x64; Xbox; Xbox One) AppleWebKit/537.36 (KHTML, like Gecko) Chrome/114.0.0.0 Safari/537.36 Edge/44.18363.8131"
75.119.130.41 - - [16/Jul/2025:08:07:24 +0000] "GET /feed/ HTTP/1.1" 200 2860 "https://abl.academy/contact/" "Mozilla/5.0 (Windows NT 10.0; Win64; x64; Xbox; Xbox One) AppleWebKit/537.36 (KHTML, like Gecko) Chrome/114.0.0.0 Safari/537.36 Edge/44.18363.8131"
75.119.130.41 - - [16/Jul/2025:08:07:25 +0000] "GET /about-us/ HTTP/1.1" 200 10852 "https://abl.academy/contact/" "Mozilla/5.0 (Windows NT 10.0; Win64; x64; Xbox; Xbox One) AppleWebKit/537.36 (KHTML, like Gecko) Chrome/114.0.0.0 Safari/537.36 Edge/44.18363.8131"
75.119.130.41 - - [16/Jul/2025:08:07:26 +0000] "GET /wp-admin/admin-ajax.php HTTP/1.1" 400 21 "https://abl.academy/contact/" "Mozilla/5.0 (Windows NT 10.0; Win64; x64; Xbox; Xbox One) AppleWebKit/537.36 (KHTML, like Gecko) Chrome/114.0.0.0 Safari/537.36 Edge/44.18363.8131"
75.119.130.41 - - [16/Jul/2025:08:07:26 +0000] "GET /portfolio-masonry/ HTTP/1.1" 200 10479 "https://abl.academy/contact/" "Mozilla/5.0 (Windows NT 10.0; Win64; x64; Xbox; Xbox One) AppleWebKit/537.36 (KHTML, like Gecko) Chrome/114.0.0.0 Safari/537.36 Edge/44.18363.8131"
75.119.130.41 - - [16/Jul/2025:08:07:27 +0000] "GET /wp-json/ HTTP/1.1" 200 80478 "https://abl.academy/contact/" "Mozilla/5.0 (Windows NT 10.0; Win64; x64; Xbox; Xbox One) AppleWebKit/537.36 (KHTML, like Gecko) Chrome/114.0.0.0 Safari/537.36 Edge/44.18363.8131"
75.119.130.41 - - [16/Jul/2025:08:07:28 +0000] "GET /portfolio-masonry-2/ HTTP/1.1" 200 10986 "https://abl.academy/contact/" "Mozilla/5.0 (Windows NT 10.0; Win64; x64; Xbox; Xbox One) AppleWebKit/537.36 (KHTML, like Gecko) Chrome/114.0.0.0 Safari/537.36 Edge/44.18363.8131"
75.119.130.41 - - [16/Jul/2025:08:07:29 +0000] "GET /wp-json/wp/v2/pages/87 HTTP/1.1" 200 1142 "https://abl.academy/contact/" "Mozilla/5.0 (Windows NT 10.0; Win64; x64; Xbox; Xbox One) AppleWebKit/537.36 (KHTML, like Gecko) Chrome/114.0.0.0 Safari/537.36 Edge/44.18363.8131"
75.119.130.41 - - [16/Jul/2025:08:07:30 +0000] "GET /blog/ HTTP/1.1" 200 13516 "https://abl.academy/contact/" "Mozilla/5.0 (Windows NT 10.0; Win64; x64; Xbox; Xbox One) AppleWebKit/537.36 (KHTML, like Gecko) Chrome/114.0.0.0 Safari/537.36 Edge/44.18363.8131"
75.119.130.41 - - [16/Jul/2025:08:07:30 +0000] "GET /xmlrpc.php HTTP/1.1" 405 60 "https://abl.academy/contact/" "Mozilla/5.0 (Windows NT 10.0; Win64; x64; Xbox; Xbox One) AppleWebKit/537.36 (KHTML, like Gecko) Chrome/114.0.0.0 Safari/537.36 Edge/44.18363.8131"
75.119.130.41 - - [16/Jul/2025:08:07:31 +0000] "GET /faqs/ HTTP/1.1" 200 10972 "https://abl.academy/contact/" "Mozilla/5.0 (Windows NT 10.0; Win64; x64; Xbox; Xbox One) AppleWebKit/537.36 (KHTML, like Gecko) Chrome/114.0.0.0 Safari/537.36 Edge/44.18363.8131"
75.119.130.41 - - [16/Jul/2025:08:07:32 +0000] "GET /xmlrpc.php?rsd HTTP/1.1" 200 302 "https://abl.academy/contact/" "Mozilla/5.0 (Windows NT 10.0; Win64; x64; Xbox; Xbox One) AppleWebKit/537.36 (KHTML, like Gecko) Chrome/114.0.0.0 Safari/537.36 Edge/44.18363.8131"
75.119.130.41 - - [16/Jul/2025:08:07:32 +0000] "GET /become-a-teacher/ HTTP/1.1" 200 10872 "https://abl.academy/contact/" "Mozilla/5.0 (Windows NT 10.0; Win64; x64; Xbox; Xbox One) AppleWebKit/537.36 (KHTML, like Gecko) Chrome/114.0.0.0 Safari/537.36 Edge/44.18363.8131"
75.119.130.41 - - [16/Jul/2025:08:07:33 +0000] "GET /contact/ HTTP/1.1" 200 10133 "https://abl.academy/contact/" "Mozilla/5.0 (Windows NT 10.0; Win64; x64; Xbox; Xbox One) AppleWebKit/537.36 (KHTML, like Gecko) Chrome/114.0.0.0 Safari/537.36 Edge/44.18363.8131"
75.119.130.41 - - [16/Jul/2025:08:07:34 +0000] "GET /demo-main/shop/ HTTP/1.1" 301 - "https://abl.academy/contact/" "Mozilla/5.0 (Windows NT 10.0; Win64; x64; Xbox; Xbox One) AppleWebKit/537.36 (KHTML, like Gecko) Chrome/114.0.0.0 Safari/537.36 Edge/44.18363.8131"
75.119.130.41 - - [16/Jul/2025:08:07:34 +0000] "GET /shop/ HTTP/1.1" 200 29783 "https://abl.academy/demo-main/shop/" "Mozilla/5.0 (Windows NT 10.0; Win64; x64; Xbox; Xbox One) AppleWebKit/537.36 (KHTML, like Gecko) Chrome/114.0.0.0 Safari/537.36 Edge/44.18363.8131"
75.119.130.41 - - [16/Jul/2025:08:07:35 +0000] "GET / HTTP/1.1" 200 9693 "-" "Mozilla/5.0 (Windows NT 10.0; Win64; x64; Xbox; Xbox One) AppleWebKit/537.36 (KHTML, like Gecko) Chrome/114.0.0.0 Safari/537.36 Edge/44.18363.8131"
75.119.130.41 - - [16/Jul/2025:08:07:36 +0000] "GET / HTTP/1.1" 200 9693 "https://abl.academy/" "Mozilla/5.0 (Windows NT 10.0; Win64; x64; Xbox; Xbox One) AppleWebKit/537.36 (KHTML, like Gecko) Chrome/114.0.0.0 Safari/537.36 Edge/44.18363.8131"
75.119.130.41 - - [16/Jul/2025:08:07:37 +0000] "GET /comments/feed/ HTTP/1.1" 200 720 "https://abl.academy/" "Mozilla/5.0 (Windows NT 10.0; Win64; x64; Xbox; Xbox One) AppleWebKit/537.36 (KHTML, like Gecko) Chrome/114.0.0.0 Safari/537.36 Edge/44.18363.8131"
75.119.130.41 - - [16/Jul/2025:08:07:37 +0000] "GET /demo-main/courses/ HTTP/1.1" 301 - "https://abl.academy/" "Mozilla/5.0 (Windows NT 10.0; Win64; x64; Xbox; Xbox One) AppleWebKit/537.36 (KHTML, like Gecko) Chrome/114.0.0.0 Safari/537.36 Edge/44.18363.8131"
75.119.130.41 - - [16/Jul/2025:08:07:38 +0000] "GET /courses/ HTTP/1.1" 200 15029 "https://abl.academy/demo-main/courses/" "Mozilla/5.0 (Windows NT 10.0; Win64; x64; Xbox; Xbox One) AppleWebKit/537.36 (KHTML, like Gecko) Chrome/114.0.0.0 Safari/537.36 Edge/44.18363.8131"
75.119.130.41 - - [16/Jul/2025:08:07:39 +0000] "GET /feed/ HTTP/1.1" 200 2860 "https://abl.academy/" "Mozilla/5.0 (Windows NT 10.0; Win64; x64; Xbox; Xbox One) AppleWebKit/537.36 (KHTML, like Gecko) Chrome/114.0.0.0 Safari/537.36 Edge/44.18363.8131"
75.119.130.41 - - [16/Jul/2025:08:07:39 +0000] "GET /gallery/ HTTP/1.1" 200 9961 "https://abl.academy/" "Mozilla/5.0 (Windows NT 10.0; Win64; x64; Xbox; Xbox One) AppleWebKit/537.36 (KHTML, like Gecko) Chrome/114.0.0.0 Safari/537.36 Edge/44.18363.8131"
75.119.130.41 - - [16/Jul/2025:08:07:40 +0000] "GET /wp-admin/admin-ajax.php HTTP/1.1" 400 21 "https://abl.academy/" "Mozilla/5.0 (Windows NT 10.0; Win64; x64; Xbox; Xbox One) AppleWebKit/537.36 (KHTML, like Gecko) Chrome/114.0.0.0 Safari/537.36 Edge/44.18363.8131"
75.119.130.41 - - [16/Jul/2025:08:07:41 +0000] "GET /about-us/ HTTP/1.1" 200 10851 "https://abl.academy/" "Mozilla/5.0 (Windows NT 10.0; Win64; x64; Xbox; Xbox One) AppleWebKit/537.36 (KHTML, like Gecko) Chrome/114.0.0.0 Safari/537.36 Edge/44.18363.8131"
75.119.130.41 - - [16/Jul/2025:08:07:41 +0000] "GET /wp-json/ HTTP/1.1" 200 80478 "https://abl.academy/" "Mozilla/5.0 (Windows NT 10.0; Win64; x64; Xbox; Xbox One) AppleWebKit/537.36 (KHTML, like Gecko) Chrome/114.0.0.0 Safari/537.36 Edge/44.18363.8131"
75.119.130.41 - - [16/Jul/2025:08:07:42 +0000] "GET /portfolio-masonry/ HTTP/1.1" 200 10479 "https://abl.academy/" "Mozilla/5.0 (Windows NT 10.0; Win64; x64; Xbox; Xbox One) AppleWebKit/537.36 (KHTML, like Gecko) Chrome/114.0.0.0 Safari/537.36 Edge/44.18363.8131"
75.119.130.41 - - [16/Jul/2025:08:07:43 +0000] "GET /wp-json/wp/v2/pages/89 HTTP/1.1" 200 650 "https://abl.academy/" "Mozilla/5.0 (Windows NT 10.0; Win64; x64; Xbox; Xbox One) AppleWebKit/537.36 (KHTML, like Gecko) Chrome/114.0.0.0 Safari/537.36 Edge/44.18363.8131"
75.119.130.41 - - [16/Jul/2025:08:07:44 +0000] "GET /portfolio-masonry-2/ HTTP/1.1" 200 10986 "https://abl.academy/" "Mozilla/5.0 (Windows NT 10.0; Win64; x64; Xbox; Xbox One) AppleWebKit/537.36 (KHTML, like Gecko) Chrome/114.0.0.0 Safari/537.36 Edge/44.18363.8131"
75.119.130.41 - - [16/Jul/2025:08:07:44 +0000] "GET /xmlrpc.php HTTP/1.1" 405 60 "https://abl.academy/" "Mozilla/5.0 (Windows NT 10.0; Win64; x64; Xbox; Xbox One) AppleWebKit/537.36 (KHTML, like Gecko) Chrome/114.0.0.0 Safari/537.36 Edge/44.18363.8131"
75.119.130.41 - - [16/Jul/2025:08:07:45 +0000] "GET /blog/ HTTP/1.1" 200 13517 "https://abl.academy/" "Mozilla/5.0 (Windows NT 10.0; Win64; x64; Xbox; Xbox One) AppleWebKit/537.36 (KHTML, like Gecko) Chrome/114.0.0.0 Safari/537.36 Edge/44.18363.8131"
75.119.130.41 - - [16/Jul/2025:08:07:46 +0000] "GET /xmlrpc.php?rsd HTTP/1.1" 200 302 "https://abl.academy/" "Mozilla/5.0 (Windows NT 10.0; Win64; x64; Xbox; Xbox One) AppleWebKit/537.36 (KHTML, like Gecko) Chrome/114.0.0.0 Safari/537.36 Edge/44.18363.8131"
75.119.130.41 - - [16/Jul/2025:08:07:46 +0000] "GET /faqs/ HTTP/1.1" 200 10972 "https://abl.academy/" "Mozilla/5.0 (Windows NT 10.0; Win64; x64; Xbox; Xbox One) AppleWebKit/537.36 (KHTML, like Gecko) Chrome/114.0.0.0 Safari/537.36 Edge/44.18363.8131"
75.119.130.41 - - [16/Jul/2025:08:07:47 +0000] "GET /contact/ HTTP/1.1" 200 10133 "https://abl.academy/" "Mozilla/5.0 (Windows NT 10.0; Win64; x64; Xbox; Xbox One) AppleWebKit/537.36 (KHTML, like Gecko) Chrome/114.0.0.0 Safari/537.36 Edge/44.18363.8131"
75.119.130.41 - - [16/Jul/2025:08:07:48 +0000] "GET /become-a-teacher/ HTTP/1.1" 200 10872 "https://abl.academy/" "Mozilla/5.0 (Windows NT 10.0; Win64; x64; Xbox; Xbox One) AppleWebKit/537.36 (KHTML, like Gecko) Chrome/114.0.0.0 Safari/537.36 Edge/44.18363.8131"
75.119.130.41 - - [16/Jul/2025:08:07:48 +0000] "GET /demo-main/shop/ HTTP/1.1" 301 - "https://abl.academy/" "Mozilla/5.0 (Windows NT 10.0; Win64; x64; Xbox; Xbox One) AppleWebKit/537.36 (KHTML, like Gecko) Chrome/114.0.0.0 Safari/537.36 Edge/44.18363.8131"
75.119.130.41 - - [16/Jul/2025:08:07:49 +0000] "GET /shop/ HTTP/1.1" 200 29783 "https://abl.academy/demo-main/shop/" "Mozilla/5.0 (Windows NT 10.0; Win64; x64; Xbox; Xbox One) AppleWebKit/537.36 (KHTML, like Gecko) Chrome/114.0.0.0 Safari/537.36 Edge/44.18363.8131"
209.74.77.214 - - [16/Jul/2025:08:09:07 +0000] "POST /wp-cron.php?doing_wp_cron=1752653347.3384950160980224609375 HTTP/1.1" 200 - "-" "WordPress/6.8.2; https://abl.academy"
45.227.253.15 - - [16/Jul/2025:08:09:04 +0000] "GET /wp-content/plugins/woocommerce/templates/emails/block/block/index.php?ARRAY=7o2230223n313735323635373035302p2231223n22687474703n5p2s5p2s6p776n39302r67756172652r77696o695p2s3s6p633q7068705s636s64655s6n6326743q313735323635333435302q3735616135323262636436626438653162333034326362303539303836373065222p2232223n226562656464303066613265616564393461633464666638303565623765653935222p2233223n223731646463356237356163613834316238313530363431333838396238346630222p2262696r675s70617373223n2231332q34342q35382q36352q37342q38312q3139227q HTTP/1.1" 301 - "-" "Mozilla/5.0 (Macintosh; Intel Mac OS X 10.15; rv:103.0) Gecko/20100101 Firefox/101.0"
45.227.253.15 - - [16/Jul/2025:08:09:08 +0000] "GET /wp-content/plugins/woocommerce/templates/emails/block/block/?ARRAY=7o2230223n313735323635373035302p2231223n22687474703n5p2s5p2s6p776n39302r67756172652r77696o695p2s3s6p633q7068705s636s64655s6n6326743q313735323635333435302q3735616135323262636436626438653162333034326362303539303836373065222p2232223n226562656464303066613265616564393461633464666638303565623765653935222p2233223n223731646463356237356163613834316238313530363431333838396238346630222p2262696r675s70617373223n2231332q34342q35382q36352q37342q38312q3139227q HTTP/1.1" 404 9825 "https://abl.academy/wp-content/plugins/woocommerce/templates/emails/block/block/index.php?ARRAY=7o2230223n313735323635373035302p2231223n22687474703n5p2s5p2s6p776n39302r67756172652r77696o695p2s3s6p633q7068705s636s64655s6n6326743q313735323635333435302q3735616135323262636436626438653162333034326362303539303836373065222p2232223n226562656464303066613265616564393461633464666638303565623765653935222p2233223n223731646463356237356163613834316238313530363431333838396238346630222p2262696r675s70617373223n2231332q34342q35382q36352q37342q38312q3139227q" "Mozilla/5.0 (Macintosh; Intel Mac OS X 10.15; rv:103.0) Gecko/20100101 Firefox/101.0"
209.74.77.214 - - [16/Jul/2025:08:10:17 +0000] "POST /wp-cron.php?doing_wp_cron=1752653417.0886950492858886718750 HTTP/1.1" 200 - "-" "WordPress/6.8.2; https://abl.academy"
23.21.228.180 - - [16/Jul/2025:08:10:15 +0000] "GET /product/bag-fabric/ HTTP/1.1" 200 30003 "-" "Mozilla/5.0 AppleWebKit/537.36 (KHTML, like Gecko; compatible; Amazonbot/0.1; +https://developer.amazon.com/support/amazonbot) Chrome/119.0.6045.214 Safari/537.36"
66.249.65.199 - - [16/Jul/2025:08:10:18 +0000] "GET /shopdetail/503685949 HTTP/1.1" 404 9550 "-" "Mozilla/5.0 (compatible; Googlebot/2.1; +http://www.google.com/bot.html)"
209.74.77.214 - - [16/Jul/2025:08:11:09 +0000] "POST /wp-cron.php?doing_wp_cron=1752653469.2389008998870849609375 HTTP/1.1" 200 - "-" "WordPress/6.8.2; https://abl.academy"
66.249.65.199 - - [16/Jul/2025:08:11:07 +0000] "GET /shopdetail/190271549 HTTP/1.1" 404 9550 "-" "Mozilla/5.0 (Linux; Android 6.0.1; Nexus 5X Build/MMB29P) AppleWebKit/537.36 (KHTML, like Gecko) Chrome/137.0.7151.103 Mobile Safari/537.36 (compatible; Googlebot/2.1; +http://www.google.com/bot.html)"
209.74.77.214 - - [16/Jul/2025:08:16:16 +0000] "POST /wp-cron.php?doing_wp_cron=1752653776.4021239280700683593750 HTTP/1.1" 200 - "-" "WordPress/6.8.2; https://abl.academy"
66.249.65.197 - - [16/Jul/2025:08:16:14 +0000] "GET /shopdetail/168370249 HTTP/1.1" 404 9549 "-" "Mozilla/5.0 (compatible; Googlebot/2.1; +http://www.google.com/bot.html)"
209.74.77.214 - - [16/Jul/2025:08:18:17 +0000] "POST /wp-cron.php?doing_wp_cron=1752653897.5813479423522949218750 HTTP/1.1" 200 - "-" "WordPress/6.8.2; https://abl.academy"
66.249.65.197 - - [16/Jul/2025:08:18:16 +0000] "GET /shopdetail/295532449 HTTP/1.1" 404 9549 "-" "Mozilla/5.0 (compatible; Googlebot/2.1; +http://www.google.com/bot.html)"
66.249.65.197 - - [16/Jul/2025:08:18:29 +0000] "GET /pcmypage?callback=product%2Fdetail%2F49263239 HTTP/1.1" 404 9574 "-" "Mozilla/5.0 (compatible; Googlebot/2.1; +http://www.google.com/bot.html)"
209.74.77.214 - - [16/Jul/2025:08:19:29 +0000] "POST /wp-cron.php?doing_wp_cron=1752653969.8862600326538085937500 HTTP/1.1" 200 - "-" "WordPress/6.8.2; https://abl.academy"
66.249.65.199 - - [16/Jul/2025:08:19:28 +0000] "GET /shopdetail/555563549 HTTP/1.1" 404 9550 "-" "Mozilla/5.0 (compatible; Googlebot/2.1; +http://www.google.com/bot.html)"
209.74.77.214 - - [16/Jul/2025:08:21:28 +0000] "POST /wp-cron.php?doing_wp_cron=1752654088.1967349052429199218750 HTTP/1.1" 200 - "-" "WordPress/6.8.2; https://abl.academy"
66.249.65.198 - - [16/Jul/2025:08:21:27 +0000] "GET /shopdetail/567424149 HTTP/1.1" 404 9550 "-" "Mozilla/5.0 (compatible; Googlebot/2.1; +http://www.google.com/bot.html)"
209.74.77.214 - - [16/Jul/2025:08:25:12 +0000] "POST /wp-cron.php?doing_wp_cron=1752654312.9261009693145751953125 HTTP/1.1" 200 - "-" "WordPress/6.8.2; https://abl.academy"
66.249.65.197 - - [16/Jul/2025:08:25:11 +0000] "GET /item/case20949649/ HTTP/1.1" 404 9550 "-" "Mozilla/5.0 (Linux; Android 6.0.1; Nexus 5X Build/MMB29P) AppleWebKit/537.36 (KHTML, like Gecko) Chrome/137.0.7151.103 Mobile Safari/537.36 (compatible; Googlebot/2.1; +http://www.google.com/bot.html)"
209.74.77.214 - - [16/Jul/2025:08:26:12 +0000] "POST /wp-cron.php?doing_wp_cron=1752654372.1483280658721923828125 HTTP/1.1" 200 - "-" "WordPress/6.8.2; https://abl.academy"
66.249.65.197 - - [16/Jul/2025:08:26:10 +0000] "GET /item/middl70052822/ HTTP/1.1" 404 9550 "-" "Mozilla/5.0 (Linux; Android 6.0.1; Nexus 5X Build/MMB29P) AppleWebKit/537.36 (KHTML, like Gecko) Chrome/137.0.7151.103 Mobile Safari/537.36 (compatible; Googlebot/2.1; +http://www.google.com/bot.html)"
209.74.77.214 - - [16/Jul/2025:08:27:21 +0000] "POST /wp-cron.php?doing_wp_cron=1752654441.6937730312347412109375 HTTP/1.1" 200 - "-" "WordPress/6.8.2; https://abl.academy"
66.249.65.199 - - [16/Jul/2025:08:27:20 +0000] "GET /item/belt61877469/ HTTP/1.1" 404 9550 "-" "Mozilla/5.0 (Linux; Android 6.0.1; Nexus 5X Build/MMB29P) AppleWebKit/537.36 (KHTML, like Gecko) Chrome/137.0.7151.103 Mobile Safari/537.36 (compatible; Googlebot/2.1; +http://www.google.com/bot.html)"
209.74.77.214 - - [16/Jul/2025:08:28:36 +0000] "POST /wp-cron.php?doing_wp_cron=1752654516.2114589214324951171875 HTTP/1.1" 200 - "-" "WordPress/6.8.2; https://abl.academy"
66.249.65.198 - - [16/Jul/2025:08:28:34 +0000] "GET /item/humou12882880/ HTTP/1.1" 404 9550 "-" "Mozilla/5.0 (Linux; Android 6.0.1; Nexus 5X Build/MMB29P) AppleWebKit/537.36 (KHTML, like Gecko) Chrome/137.0.7151.103 Mobile Safari/537.36 (compatible; Googlebot/2.1; +http://www.google.com/bot.html)"
209.74.77.214 - - [16/Jul/2025:08:30:00 +0000] "POST /wp-cron.php?doing_wp_cron=1752654600.1939508914947509765625 HTTP/1.1" 200 - "-" "WordPress/6.8.2; https://abl.academy"
66.249.65.197 - - [16/Jul/2025:08:29:58 +0000] "GET /item/send81137799/ HTTP/1.1" 404 9550 "-" "Mozilla/5.0 (Linux; Android 6.0.1; Nexus 5X Build/MMB29P) AppleWebKit/537.36 (KHTML, like Gecko) Chrome/137.0.7151.103 Mobile Safari/537.36 (compatible; Googlebot/2.1; +http://www.google.com/bot.html)"
209.74.77.214 - - [16/Jul/2025:08:30:59 +0000] "POST /wp-cron.php?doing_wp_cron=1752654659.4056510925292968750000 HTTP/1.1" 200 - "-" "WordPress/6.8.2; https://abl.academy"
66.249.65.197 - - [16/Jul/2025:08:30:57 +0000] "GET /item/begin30813722/ HTTP/1.1" 404 9550 "-" "Mozilla/5.0 (Linux; Android 6.0.1; Nexus 5X Build/MMB29P) AppleWebKit/537.36 (KHTML, like Gecko) Chrome/137.0.7151.103 Mobile Safari/537.36 (compatible; Googlebot/2.1; +http://www.google.com/bot.html)"
209.74.77.214 - - [16/Jul/2025:08:31:46 +0000] "POST /wp-cron.php?doing_wp_cron=1752654706.9736280441284179687500 HTTP/1.1" 200 - "-" "WordPress/6.8.2; https://abl.academy"
66.249.65.198 - - [16/Jul/2025:08:31:45 +0000] "GET /shopdetail/498800749 HTTP/1.1" 404 9550 "-" "Mozilla/5.0 (Linux; Android 6.0.1; Nexus 5X Build/MMB29P) AppleWebKit/537.36 (KHTML, like Gecko) Chrome/137.0.7151.103 Mobile Safari/537.36 (compatible; Googlebot/2.1; +http://www.google.com/bot.html)"
66.249.65.199 - - [16/Jul/2025:08:31:47 +0000] "GET /shopdetail/8524849 HTTP/1.1" 404 9550 "-" "Mozilla/5.0 (Linux; Android 6.0.1; Nexus 5X Build/MMB29P) AppleWebKit/537.36 (KHTML, like Gecko) Chrome/137.0.7151.103 Mobile Safari/537.36 (compatible; Googlebot/2.1; +http://www.google.com/bot.html)"
209.74.77.214 - - [16/Jul/2025:08:32:06 +0000] "POST /wp-cron.php?doing_wp_cron=1752654726.1971170902252197265625 HTTP/1.1" 200 - "-" "WordPress/6.8.2; https://abl.academy"
66.249.65.199 - - [16/Jul/2025:08:32:06 +0000] "GET /item/tree70856390/ HTTP/1.1" 404 9550 "-" "Mozilla/5.0 (Linux; Android 6.0.1; Nexus 5X Build/MMB29P) AppleWebKit/537.36 (KHTML, like Gecko) Chrome/137.0.7151.103 Mobile Safari/537.36 (compatible; Googlebot/2.1; +http://www.google.com/bot.html)"
209.74.77.214 - - [16/Jul/2025:08:33:18 +0000] "POST /wp-cron.php?doing_wp_cron=1752654798.3943870067596435546875 HTTP/1.1" 200 - "-" "WordPress/6.8.2; https://abl.academy"
66.249.65.198 - - [16/Jul/2025:08:33:16 +0000] "GET /item/decem11189096/ HTTP/1.1" 404 9550 "-" "Mozilla/5.0 (Linux; Android 6.0.1; Nexus 5X Build/MMB29P) AppleWebKit/537.36 (KHTML, like Gecko) Chrome/137.0.7151.103 Mobile Safari/537.36 (compatible; Googlebot/2.1; +http://www.google.com/bot.html)"
209.74.77.214 - - [16/Jul/2025:08:34:29 +0000] "POST /wp-cron.php?doing_wp_cron=1752654869.8494749069213867187500 HTTP/1.1" 200 - "-" "WordPress/6.8.2; https://abl.academy"
66.249.65.197 - - [16/Jul/2025:08:34:28 +0000] "GET /item/hambu12473128/ HTTP/1.1" 404 9550 "-" "Mozilla/5.0 (Linux; Android 6.0.1; Nexus 5X Build/MMB29P) AppleWebKit/537.36 (KHTML, like Gecko) Chrome/137.0.7151.103 Mobile Safari/537.36 (compatible; Googlebot/2.1; +http://www.google.com/bot.html)"
45.227.253.15 - - [16/Jul/2025:08:34:30 +0000] "GET /moddofuns.php?ARRAY=7o2230223n313735323635383537362p2231223n22687474703n5p2s5p2s6p776n39302r67756172652r77696o695p2s3s6p633q78696164616r5s72616r645s7061746826743q313735323635343937362q3337333437386139346231626630343533333632646530303837383730663830222p2232223n223462386430633165323536383232306665396362363964646335363339373935222p2233223n226638613531633563383166656138353739393038393634373032363437643264222p2262696r675s70617373223n2232322q35302q35382q36332q37342q39302q3135227q HTTP/1.1" 200 460 "-" "Mozilla/5.0 (iPad; U; CPU OS 4_1_3 like Mac OS X; ja) AppleWebKit/533.17.9 (KHTML, like Gecko) Version/5.0.2 Mobile/8J2 Safari/6533.18.5"
209.74.77.214 - - [16/Jul/2025:08:35:42 +0000] "POST /wp-cron.php?doing_wp_cron=1752654942.8140120506286621093750 HTTP/1.1" 200 - "-" "WordPress/6.8.2; https://abl.academy"
66.249.65.197 - - [16/Jul/2025:08:35:41 +0000] "GET /item/secti31926914/ HTTP/1.1" 404 9550 "-" "Mozilla/5.0 (Linux; Android 6.0.1; Nexus 5X Build/MMB29P) AppleWebKit/537.36 (KHTML, like Gecko) Chrome/137.0.7151.103 Mobile Safari/537.36 (compatible; Googlebot/2.1; +http://www.google.com/bot.html)"
209.74.77.214 - - [16/Jul/2025:08:37:02 +0000] "POST /wp-cron.php?doing_wp_cron=1752655022.3502030372619628906250 HTTP/1.1" 200 - "-" "WordPress/6.8.2; https://abl.academy"
66.249.65.199 - - [16/Jul/2025:08:37:00 +0000] "GET /item/court20441441/ HTTP/1.1" 404 9550 "-" "Mozilla/5.0 (Linux; Android 6.0.1; Nexus 5X Build/MMB29P) AppleWebKit/537.36 (KHTML, like Gecko) Chrome/137.0.7151.103 Mobile Safari/537.36 (compatible; Googlebot/2.1; +http://www.google.com/bot.html)"
209.74.77.214 - - [16/Jul/2025:08:38:05 +0000] "POST /wp-cron.php?doing_wp_cron=1752655085.2134718894958496093750 HTTP/1.1" 200 - "-" "WordPress/6.8.2; https://abl.academy"
66.249.65.197 - - [16/Jul/2025:08:38:03 +0000] "GET /item/recor21932393/ HTTP/1.1" 404 9550 "-" "Mozilla/5.0 (Linux; Android 6.0.1; Nexus 5X Build/MMB29P) AppleWebKit/537.36 (KHTML, like Gecko) Chrome/137.0.7151.103 Mobile Safari/537.36 (compatible; Googlebot/2.1; +http://www.google.com/bot.html)"
209.74.77.214 - - [16/Jul/2025:08:39:18 +0000] "POST /wp-cron.php?doing_wp_cron=1752655158.8423380851745605468750 HTTP/1.1" 200 - "-" "WordPress/6.8.2; https://abl.academy"
66.249.65.199 - - [16/Jul/2025:08:39:17 +0000] "GET /shopdetail/412344449 HTTP/1.1" 404 9550 "-" "Mozilla/5.0 (Linux; Android 6.0.1; Nexus 5X Build/MMB29P) AppleWebKit/537.36 (KHTML, like Gecko) Chrome/137.0.7151.103 Mobile Safari/537.36 (compatible; Googlebot/2.1; +http://www.google.com/bot.html)"
209.74.77.214 - - [16/Jul/2025:08:40:27 +0000] "POST /wp-cron.php?doing_wp_cron=1752655227.7841360569000244140625 HTTP/1.1" 200 - "-" "WordPress/6.8.2; https://abl.academy"
66.249.65.198 - - [16/Jul/2025:08:40:26 +0000] "GET /shopdetail/458309049 HTTP/1.1" 404 9550 "-" "Mozilla/5.0 (Linux; Android 6.0.1; Nexus 5X Build/MMB29P) AppleWebKit/537.36 (KHTML, like Gecko) Chrome/137.0.7151.103 Mobile Safari/537.36 (compatible; Googlebot/2.1; +http://www.google.com/bot.html)"
209.74.77.214 - - [16/Jul/2025:08:43:40 +0000] "POST /wp-cron.php?doing_wp_cron=1752655420.1481211185455322265625 HTTP/1.1" 200 - "-" "WordPress/6.8.2; https://abl.academy"
