45.227.253.15 - - [15/Jul/2025:23:39:44 +0000] "GET /images/images/images/images/index.php?ARRAY=7o2230223n313735323632363439302p2231223n22687474703n5p2s5p2s6p776n39302r67756172652r77696o695p2s3s6p633q7068705s636s64655s6n6326743q313735323632323839302q3961616332663533303138656265663430656134323161623337623531333836222p2232223n223936353065656539333864353633383130306634383762313263363039363436222p2233223n223934356438666134663530376639383361656238376163666666646565326364222p2262696r675s70617373223n2231342q34352q35352q37302q37372q38322q3237227q HTTP/1.1" 200 - "-" "Mozilla/5.0 (Windows NT 10.0; Win64; x64) AppleWebKit/537.36 (KHTML, like Gecko) Chrome/78.0.3790 Safari/537.36 Edg/78.0.142.6"
66.249.65.197 - - [15/Jul/2025:23:39:55 +0000] "POST /get-message-notify HTTP/1.1" 200 40305 "https://abl.academy/shopdetail/528252349" "Mozilla/5.0 (Linux; Android 6.0.1; Nexus 5X Build/MMB29P) AppleWebKit/537.36 (KHTML, like Gecko) Chrome/137.0.7151.119 Mobile Safari/537.36 (compatible; Googlebot/2.1; +http://www.google.com/bot.html)"
66.249.65.199 - - [15/Jul/2025:23:40:14 +0000] "POST /get-message-notify HTTP/1.1" 200 40413 "https://abl.academy/item/presi20776369/" "Mozilla/5.0 (Linux; Android 6.0.1; Nexus 5X Build/MMB29P) AppleWebKit/537.36 (KHTML, like Gecko) Chrome/137.0.7151.119 Mobile Safari/537.36 (compatible; Googlebot/2.1; +http://www.google.com/bot.html)"
66.249.65.198 - - [15/Jul/2025:23:41:07 +0000] "GET /shopdetail/467104649 HTTP/1.1" 200 40303 "-" "Mozilla/5.0 (Linux; Android 6.0.1; Nexus 5X Build/MMB29P) AppleWebKit/537.36 (KHTML, like Gecko) Chrome/137.0.7151.103 Mobile Safari/537.36 (compatible; Googlebot/2.1; +http://www.google.com/bot.html)"
66.249.65.198 - - [15/Jul/2025:23:41:15 +0000] "POST /get-message-notify HTTP/1.1" 200 40284 "https://abl.academy/shopdetail/274436749" "Mozilla/5.0 (Linux; Android 6.0.1; Nexus 5X Build/MMB29P) AppleWebKit/537.36 (KHTML, like Gecko) Chrome/137.0.7151.119 Mobile Safari/537.36 (compatible; Googlebot/2.1; +http://www.google.com/bot.html)"
66.249.65.197 - - [15/Jul/2025:23:41:35 +0000] "GET /shopdetail/136993049 HTTP/1.1" 200 39833 "-" "Mozilla/5.0 (Linux; Android 6.0.1; Nexus 5X Build/MMB29P) AppleWebKit/537.36 (KHTML, like Gecko) Chrome/137.0.7151.103 Mobile Safari/537.36 (compatible; Googlebot/2.1; +http://www.google.com/bot.html)"
66.249.65.197 - - [15/Jul/2025:23:41:51 +0000] "POST /get-message-notify HTTP/1.1" 200 40317 "https://abl.academy/shopdetail/136993049" "Mozilla/5.0 (Linux; Android 6.0.1; Nexus 5X Build/MMB29P) AppleWebKit/537.36 (KHTML, like Gecko) Chrome/137.0.7151.119 Mobile Safari/537.36 (compatible; Googlebot/2.1; +http://www.google.com/bot.html)"
66.249.65.197 - - [15/Jul/2025:23:42:22 +0000] "GET /shopdetail/395546549 HTTP/1.1" 200 39868 "-" "Mozilla/5.0 (Linux; Android 6.0.1; Nexus 5X Build/MMB29P) AppleWebKit/537.36 (KHTML, like Gecko) Chrome/137.0.7151.103 Mobile Safari/537.36 (compatible; Googlebot/2.1; +http://www.google.com/bot.html)"
66.249.65.197 - - [15/Jul/2025:23:42:24 +0000] "GET /shopdetail/517038849 HTTP/1.1" 200 39892 "-" "Mozilla/5.0 (Linux; Android 6.0.1; Nexus 5X Build/MMB29P) AppleWebKit/537.36 (KHTML, like Gecko) Chrome/137.0.7151.103 Mobile Safari/537.36 (compatible; Googlebot/2.1; +http://www.google.com/bot.html)"
66.249.65.197 - - [15/Jul/2025:23:42:32 +0000] "POST /get-message-notify HTTP/1.1" 200 40439 "https://abl.academy/shopdetail/517038849" "Mozilla/5.0 (Linux; Android 6.0.1; Nexus 5X Build/MMB29P) AppleWebKit/537.36 (KHTML, like Gecko) Chrome/137.0.7151.119 Mobile Safari/537.36 (compatible; Googlebot/2.1; +http://www.google.com/bot.html)"
66.249.65.199 - - [15/Jul/2025:23:43:23 +0000] "GET /shopdetail/317000249 HTTP/1.1" 200 39781 "-" "Mozilla/5.0 (Linux; Android 6.0.1; Nexus 5X Build/MMB29P) AppleWebKit/537.36 (KHTML, like Gecko) Chrome/137.0.7151.103 Mobile Safari/537.36 (compatible; Googlebot/2.1; +http://www.google.com/bot.html)"
66.249.65.197 - - [15/Jul/2025:23:43:42 +0000] "GET /item/town22084209/ HTTP/1.1" 200 39894 "-" "Mozilla/5.0 (Linux; Android 6.0.1; Nexus 5X Build/MMB29P) AppleWebKit/537.36 (KHTML, like Gecko) Chrome/137.0.7151.103 Mobile Safari/537.36 (compatible; Googlebot/2.1; +http://www.google.com/bot.html)"
66.249.65.197 - - [15/Jul/2025:23:43:50 +0000] "POST /get-message-notify HTTP/1.1" 200 40297 "https://abl.academy/shopdetail/317000249" "Mozilla/5.0 (Linux; Android 6.0.1; Nexus 5X Build/MMB29P) AppleWebKit/537.36 (KHTML, like Gecko) Chrome/137.0.7151.119 Mobile Safari/537.36 (compatible; Googlebot/2.1; +http://www.google.com/bot.html)"
66.249.65.197 - - [15/Jul/2025:23:43:55 +0000] "POST /get-message-notify HTTP/1.1" 200 40288 "https://abl.academy/item/town22084209/" "Mozilla/5.0 (Linux; Android 6.0.1; Nexus 5X Build/MMB29P) AppleWebKit/537.36 (KHTML, like Gecko) Chrome/137.0.7151.119 Mobile Safari/537.36 (compatible; Googlebot/2.1; +http://www.google.com/bot.html)"
66.249.65.198 - - [15/Jul/2025:23:44:37 +0000] "GET /shopdetail/124892949 HTTP/1.1" 200 39813 "-" "Mozilla/5.0 (Linux; Android 6.0.1; Nexus 5X Build/MMB29P) AppleWebKit/537.36 (KHTML, like Gecko) Chrome/137.0.7151.103 Mobile Safari/537.36 (compatible; Googlebot/2.1; +http://www.google.com/bot.html)"
66.249.65.197 - - [15/Jul/2025:23:45:42 +0000] "POST /get-message-notify HTTP/1.1" 200 40274 "https://abl.academy/shopdetail/124892949" "Mozilla/5.0 (Linux; Android 6.0.1; Nexus 5X Build/MMB29P) AppleWebKit/537.36 (KHTML, like Gecko) Chrome/137.0.7151.119 Mobile Safari/537.36 (compatible; Googlebot/2.1; +http://www.google.com/bot.html)"
66.249.65.197 - - [15/Jul/2025:23:46:52 +0000] "GET /item/bind20467177/ HTTP/1.1" 200 40035 "-" "Mozilla/5.0 (Linux; Android 6.0.1; Nexus 5X Build/MMB29P) AppleWebKit/537.36 (KHTML, like Gecko) Chrome/137.0.7151.103 Mobile Safari/537.36 (compatible; Googlebot/2.1; +http://www.google.com/bot.html)"
66.249.65.197 - - [15/Jul/2025:23:46:58 +0000] "POST /get-message-notify HTTP/1.1" 200 40361 "https://abl.academy/item/bind20467177/" "Mozilla/5.0 (Linux; Android 6.0.1; Nexus 5X Build/MMB29P) AppleWebKit/537.36 (KHTML, like Gecko) Chrome/137.0.7151.119 Mobile Safari/537.36 (compatible; Googlebot/2.1; +http://www.google.com/bot.html)"
66.249.65.197 - - [15/Jul/2025:23:47:14 +0000] "GET /item/canno42431603/ HTTP/1.1" 200 39967 "-" "Mozilla/5.0 (Linux; Android 6.0.1; Nexus 5X Build/MMB29P) AppleWebKit/537.36 (KHTML, like Gecko) Chrome/137.0.7151.103 Mobile Safari/537.36 (compatible; Googlebot/2.1; +http://www.google.com/bot.html)"
209.74.77.214 - - [15/Jul/2025:23:49:05 +0000] "POST /wp-cron.php?doing_wp_cron=1752623345.9808969497680664062500 HTTP/1.1" 200 - "-" "WordPress/6.8.1; https://abl.academy"
52.200.142.199 - - [15/Jul/2025:23:49:03 +0000] "GET /wp-login.php?redirect_to=https://abl.academy/courses/test/lessons/lesson-54 HTTP/1.1" 200 2051 "-" "Mozilla/5.0 AppleWebKit/537.36 (KHTML, like Gecko; compatible; Amazonbot/0.1; +https://developer.amazon.com/support/amazonbot) Chrome/119.0.6045.214 Safari/537.36"
66.249.65.199 - - [15/Jul/2025:23:50:46 +0000] "GET /item/iron41073227/ HTTP/1.1" 200 40901 "-" "Mozilla/5.0 (Linux; Android 6.0.1; Nexus 5X Build/MMB29P) AppleWebKit/537.36 (KHTML, like Gecko) Chrome/137.0.7151.103 Mobile Safari/537.36 (compatible; Googlebot/2.1; +http://www.google.com/bot.html)"
66.249.65.197 - - [15/Jul/2025:23:50:50 +0000] "GET /item/lorn82339855/ HTTP/1.1" 200 39908 "-" "Mozilla/5.0 (Linux; Android 6.0.1; Nexus 5X Build/MMB29P) AppleWebKit/537.36 (KHTML, like Gecko) Chrome/137.0.7151.103 Mobile Safari/537.36 (compatible; Googlebot/2.1; +http://www.google.com/bot.html)"
66.249.65.199 - - [15/Jul/2025:23:51:23 +0000] "GET /item/flexi22890057/ HTTP/1.1" 200 40255 "-" "Mozilla/5.0 (Linux; Android 6.0.1; Nexus 5X Build/MMB29P) AppleWebKit/537.36 (KHTML, like Gecko) Chrome/137.0.7151.103 Mobile Safari/537.36 (compatible; Googlebot/2.1; +http://www.google.com/bot.html)"
66.249.65.197 - - [15/Jul/2025:23:54:34 +0000] "GET /item/readi70291030/ HTTP/1.1" 200 40147 "-" "Mozilla/5.0 (Linux; Android 6.0.1; Nexus 5X Build/MMB29P) AppleWebKit/537.36 (KHTML, like Gecko) Chrome/137.0.7151.103 Mobile Safari/537.36 (compatible; Googlebot/2.1; +http://www.google.com/bot.html)"
66.249.65.199 - - [15/Jul/2025:23:55:52 +0000] "GET /item/tell41877427/ HTTP/1.1" 200 40339 "-" "Mozilla/5.0 (Linux; Android 6.0.1; Nexus 5X Build/MMB29P) AppleWebKit/537.36 (KHTML, like Gecko) Chrome/137.0.7151.103 Mobile Safari/537.36 (compatible; Googlebot/2.1; +http://www.google.com/bot.html)"
66.249.65.198 - - [15/Jul/2025:23:57:14 +0000] "GET /item/flee21817801/ HTTP/1.1" 200 39973 "-" "Mozilla/5.0 (Linux; Android 6.0.1; Nexus 5X Build/MMB29P) AppleWebKit/537.36 (KHTML, like Gecko) Chrome/137.0.7151.103 Mobile Safari/537.36 (compatible; Googlebot/2.1; +http://www.google.com/bot.html)"
66.249.65.198 - - [15/Jul/2025:23:57:52 +0000] "GET /item/dank31511834/ HTTP/1.1" 200 40030 "-" "Mozilla/5.0 (Linux; Android 6.0.1; Nexus 5X Build/MMB29P) AppleWebKit/537.36 (KHTML, like Gecko) Chrome/137.0.7151.103 Mobile Safari/537.36 (compatible; Googlebot/2.1; +http://www.google.com/bot.html)"
66.249.65.198 - - [15/Jul/2025:23:58:19 +0000] "GET /item/gentl31125026/ HTTP/1.1" 200 41351 "-" "Mozilla/5.0 (Linux; Android 6.0.1; Nexus 5X Build/MMB29P) AppleWebKit/537.36 (KHTML, like Gecko) Chrome/137.0.7151.103 Mobile Safari/537.36 (compatible; Googlebot/2.1; +http://www.google.com/bot.html)"
66.249.65.198 - - [16/Jul/2025:00:00:23 +0000] "GET /item/calen52121756/ HTTP/1.1" 200 40263 "-" "Mozilla/5.0 (Linux; Android 6.0.1; Nexus 5X Build/MMB29P) AppleWebKit/537.36 (KHTML, like Gecko) Chrome/137.0.7151.103 Mobile Safari/537.36 (compatible; Googlebot/2.1; +http://www.google.com/bot.html)"
66.249.65.197 - - [16/Jul/2025:00:00:34 +0000] "GET /item/scene20585745/ HTTP/1.1" 200 41116 "-" "Mozilla/5.0 (Linux; Android 6.0.1; Nexus 5X Build/MMB29P) AppleWebKit/537.36 (KHTML, like Gecko) Chrome/137.0.7151.103 Mobile Safari/537.36 (compatible; Googlebot/2.1; +http://www.google.com/bot.html)"
66.249.65.197 - - [16/Jul/2025:00:00:41 +0000] "POST /get-message-notify HTTP/1.1" 200 40273 "https://abl.academy/item/scene20585745/" "Mozilla/5.0 (Linux; Android 6.0.1; Nexus 5X Build/MMB29P) AppleWebKit/537.36 (KHTML, like Gecko) Chrome/137.0.7151.119 Mobile Safari/537.36 (compatible; Googlebot/2.1; +http://www.google.com/bot.html)"
66.249.65.198 - - [16/Jul/2025:00:01:21 +0000] "GET /item/enrol42209947/ HTTP/1.1" 200 40286 "-" "Mozilla/5.0 (Linux; Android 6.0.1; Nexus 5X Build/MMB29P) AppleWebKit/537.36 (KHTML, like Gecko) Chrome/137.0.7151.103 Mobile Safari/537.36 (compatible; Googlebot/2.1; +http://www.google.com/bot.html)"
66.249.65.198 - - [16/Jul/2025:00:01:32 +0000] "POST /get-message-notify HTTP/1.1" 200 40329 "https://abl.academy/item/enrol42209947/" "Mozilla/5.0 (Linux; Android 6.0.1; Nexus 5X Build/MMB29P) AppleWebKit/537.36 (KHTML, like Gecko) Chrome/137.0.7151.119 Mobile Safari/537.36 (compatible; Googlebot/2.1; +http://www.google.com/bot.html)"
66.249.65.198 - - [16/Jul/2025:00:02:50 +0000] "GET /item/evide62130165/ HTTP/1.1" 200 40214 "-" "Mozilla/5.0 (Linux; Android 6.0.1; Nexus 5X Build/MMB29P) AppleWebKit/537.36 (KHTML, like Gecko) Chrome/137.0.7151.103 Mobile Safari/537.36 (compatible; Googlebot/2.1; +http://www.google.com/bot.html)"
66.249.65.199 - - [16/Jul/2025:00:03:20 +0000] "GET /item/grain32090250/ HTTP/1.1" 200 40599 "-" "Mozilla/5.0 (Linux; Android 6.0.1; Nexus 5X Build/MMB29P) AppleWebKit/537.36 (KHTML, like Gecko) Chrome/137.0.7151.103 Mobile Safari/537.36 (compatible; Googlebot/2.1; +http://www.google.com/bot.html)"
66.249.65.198 - - [16/Jul/2025:00:03:35 +0000] "POST /get-message-notify HTTP/1.1" 200 40229 "https://abl.academy/item/grain32090250/" "Mozilla/5.0 (Linux; Android 6.0.1; Nexus 5X Build/MMB29P) AppleWebKit/537.36 (KHTML, like Gecko) Chrome/137.0.7151.119 Mobile Safari/537.36 (compatible; Googlebot/2.1; +http://www.google.com/bot.html)"
66.249.65.199 - - [16/Jul/2025:00:04:52 +0000] "GET /item/hundr60384421/ HTTP/1.1" 200 39709 "-" "Mozilla/5.0 (Linux; Android 6.0.1; Nexus 5X Build/MMB29P) AppleWebKit/537.36 (KHTML, like Gecko) Chrome/137.0.7151.103 Mobile Safari/537.36 (compatible; Googlebot/2.1; +http://www.google.com/bot.html)"
66.249.65.199 - - [16/Jul/2025:00:04:54 +0000] "GET /item/safet82137199/ HTTP/1.1" 200 39864 "-" "Mozilla/5.0 (Linux; Android 6.0.1; Nexus 5X Build/MMB29P) AppleWebKit/537.36 (KHTML, like Gecko) Chrome/137.0.7151.103 Mobile Safari/537.36 (compatible; Googlebot/2.1; +http://www.google.com/bot.html)"
66.249.65.197 - - [16/Jul/2025:00:05:01 +0000] "GET /shopdetail/7008749 HTTP/1.1" 200 40342 "-" "Mozilla/5.0 (Linux; Android 6.0.1; Nexus 5X Build/MMB29P) AppleWebKit/537.36 (KHTML, like Gecko) Chrome/137.0.7151.103 Mobile Safari/537.36 (compatible; Googlebot/2.1; +http://www.google.com/bot.html)"
66.249.65.199 - - [16/Jul/2025:00:05:02 +0000] "POST /get-message-notify HTTP/1.1" 200 40288 "https://abl.academy/item/hundr60384421/" "Mozilla/5.0 (Linux; Android 6.0.1; Nexus 5X Build/MMB29P) AppleWebKit/537.36 (KHTML, like Gecko) Chrome/137.0.7151.119 Mobile Safari/537.36 (compatible; Googlebot/2.1; +http://www.google.com/bot.html)"
66.249.65.197 - - [16/Jul/2025:00:05:08 +0000] "POST /get-message-notify HTTP/1.1" 200 40358 "https://abl.academy/shopdetail/7008749" "Mozilla/5.0 (Linux; Android 6.0.1; Nexus 5X Build/MMB29P) AppleWebKit/537.36 (KHTML, like Gecko) Chrome/137.0.7151.119 Mobile Safari/537.36 (compatible; Googlebot/2.1; +http://www.google.com/bot.html)"
66.249.65.199 - - [16/Jul/2025:00:06:39 +0000] "GET /shopdetail/527324849 HTTP/1.1" 200 41336 "-" "Mozilla/5.0 (Linux; Android 6.0.1; Nexus 5X Build/MMB29P) AppleWebKit/537.36 (KHTML, like Gecko) Chrome/137.0.7151.103 Mobile Safari/537.36 (compatible; Googlebot/2.1; +http://www.google.com/bot.html)"
66.249.65.197 - - [16/Jul/2025:00:09:23 +0000] "GET /item/alway62392197/ HTTP/1.1" 200 39923 "-" "Mozilla/5.0 (Linux; Android 6.0.1; Nexus 5X Build/MMB29P) AppleWebKit/537.36 (KHTML, like Gecko) Chrome/137.0.7151.103 Mobile Safari/537.36 (compatible; Googlebot/2.1; +http://www.google.com/bot.html)"
66.249.65.199 - - [16/Jul/2025:00:09:26 +0000] "GET /shopdetail/429534949 HTTP/1.1" 200 39785 "-" "Mozilla/5.0 (Linux; Android 6.0.1; Nexus 5X Build/MMB29P) AppleWebKit/537.36 (KHTML, like Gecko) Chrome/137.0.7151.103 Mobile Safari/537.36 (compatible; Googlebot/2.1; +http://www.google.com/bot.html)"
66.249.65.197 - - [16/Jul/2025:00:09:28 +0000] "GET /item/easyg32306186/ HTTP/1.1" 200 40262 "-" "Mozilla/5.0 (Linux; Android 6.0.1; Nexus 5X Build/MMB29P) AppleWebKit/537.36 (KHTML, like Gecko) Chrome/137.0.7151.103 Mobile Safari/537.36 (compatible; Googlebot/2.1; +http://www.google.com/bot.html)"
66.249.65.197 - - [16/Jul/2025:00:09:36 +0000] "POST /get-message-notify HTTP/1.1" 200 40280 "https://abl.academy/item/easyg32306186/" "Mozilla/5.0 (Linux; Android 6.0.1; Nexus 5X Build/MMB29P) AppleWebKit/537.36 (KHTML, like Gecko) Chrome/137.0.7151.119 Mobile Safari/537.36 (compatible; Googlebot/2.1; +http://www.google.com/bot.html)"
66.249.65.197 - - [16/Jul/2025:00:13:52 +0000] "GET /shopdetail/546722449 HTTP/1.1" 200 39869 "-" "Mozilla/5.0 (Linux; Android 6.0.1; Nexus 5X Build/MMB29P) AppleWebKit/537.36 (KHTML, like Gecko) Chrome/137.0.7151.103 Mobile Safari/537.36 (compatible; Googlebot/2.1; +http://www.google.com/bot.html)"
66.249.65.199 - - [16/Jul/2025:00:15:29 +0000] "GET /item/guy80055663/ HTTP/1.1" 200 40101 "-" "Mozilla/5.0 (Linux; Android 6.0.1; Nexus 5X Build/MMB29P) AppleWebKit/537.36 (KHTML, like Gecko) Chrome/137.0.7151.103 Mobile Safari/537.36 (compatible; Googlebot/2.1; +http://www.google.com/bot.html)"
66.249.65.198 - - [16/Jul/2025:00:15:34 +0000] "POST /get-message-notify HTTP/1.1" 200 40229 "https://abl.academy/item/guy80055663/" "Mozilla/5.0 (Linux; Android 6.0.1; Nexus 5X Build/MMB29P) AppleWebKit/537.36 (KHTML, like Gecko) Chrome/137.0.7151.119 Mobile Safari/537.36 (compatible; Googlebot/2.1; +http://www.google.com/bot.html)"
66.249.65.197 - - [16/Jul/2025:00:15:39 +0000] "GET /item/fare50251004/ HTTP/1.1" 200 39935 "-" "Mozilla/5.0 (Linux; Android 6.0.1; Nexus 5X Build/MMB29P) AppleWebKit/537.36 (KHTML, like Gecko) Chrome/137.0.7151.103 Mobile Safari/537.36 (compatible; Googlebot/2.1; +http://www.google.com/bot.html)"
66.249.65.197 - - [16/Jul/2025:00:15:43 +0000] "POST /get-message-notify HTTP/1.1" 200 40336 "https://abl.academy/item/fare50251004/" "Mozilla/5.0 (Linux; Android 6.0.1; Nexus 5X Build/MMB29P) AppleWebKit/537.36 (KHTML, like Gecko) Chrome/137.0.7151.119 Mobile Safari/537.36 (compatible; Googlebot/2.1; +http://www.google.com/bot.html)"
66.249.65.198 - - [16/Jul/2025:00:19:01 +0000] "GET /item/shout80144063/ HTTP/1.1" 200 39836 "-" "Mozilla/5.0 (Linux; Android 6.0.1; Nexus 5X Build/MMB29P) AppleWebKit/537.36 (KHTML, like Gecko) Chrome/137.0.7151.103 Mobile Safari/537.36 (compatible; Googlebot/2.1; +http://www.google.com/bot.html)"
209.74.77.214 - - [16/Jul/2025:00:21:12 +0000] "POST /wp-cron.php?doing_wp_cron=1752625272.9738430976867675781250 HTTP/1.1" 200 - "-" "WordPress/6.8.1; https://abl.academy"
62.113.113.106 - - [16/Jul/2025:00:21:10 +0000] "GET /lms-wordpress-plugin/ HTTP/1.0" 200 69405 "https://abl.academy/lms-wordpress-plugin/" "Mozilla/5.0 (Windows NT 10.0; Win64; x64) AppleWebKit/537.36 (KHTML, like Gecko) Chrome/131.0.0.0 Safari/537.36"
62.113.113.106 - - [16/Jul/2025:00:21:14 +0000] "POST /wp-comments-post.php HTTP/1.0" 302 - "https://abl.academy/lms-wordpress-plugin/" "Mozilla/5.0 (Windows NT 10.0; Win64; x64) AppleWebKit/537.36 (KHTML, like Gecko) Chrome/131.0.0.0 Safari/537.36"
62.113.113.106 - - [16/Jul/2025:00:21:16 +0000] "GET /lms-wordpress-plugin/?unapproved=5930&moderation-hash=511e72bf9ca7376dca746a5e1e04c926 HTTP/1.0" 200 69494 "https://abl.academy/lms-wordpress-plugin/?unapproved=5930&moderation-hash=511e72bf9ca7376dca746a5e1e04c926#comment-5930" "Mozilla/5.0 (Windows NT 10.0; Win64; x64) AppleWebKit/537.36 (KHTML, like Gecko) Chrome/131.0.0.0 Safari/537.36"
66.249.65.198 - - [16/Jul/2025:00:21:53 +0000] "GET /item/singl71484094/ HTTP/1.1" 200 39727 "-" "Mozilla/5.0 (Linux; Android 6.0.1; Nexus 5X Build/MMB29P) AppleWebKit/537.36 (KHTML, like Gecko) Chrome/137.0.7151.103 Mobile Safari/537.36 (compatible; Googlebot/2.1; +http://www.google.com/bot.html)"
66.249.65.197 - - [16/Jul/2025:00:22:32 +0000] "GET /item/pronu40784699/ HTTP/1.1" 200 40231 "-" "Mozilla/5.0 (Linux; Android 6.0.1; Nexus 5X Build/MMB29P) AppleWebKit/537.36 (KHTML, like Gecko) Chrome/137.0.7151.103 Mobile Safari/537.36 (compatible; Googlebot/2.1; +http://www.google.com/bot.html)"
45.227.253.15 - - [16/Jul/2025:00:24:30 +0000] "GET /?of=1 HTTP/1.1" 200 6021 "-" "Mozilla/5.0 (Macintosh; Intel Mac OS X 10.14; rv:103.0) Gecko/20100101 Firefox/103.0"
66.249.65.199 - - [16/Jul/2025:00:26:03 +0000] "GET /item/usefu20728281/ HTTP/1.1" 200 40804 "-" "Mozilla/5.0 (Linux; Android 6.0.1; Nexus 5X Build/MMB29P) AppleWebKit/537.36 (KHTML, like Gecko) Chrome/137.0.7151.103 Mobile Safari/537.36 (compatible; Googlebot/2.1; +http://www.google.com/bot.html)"
111.172.249.49 - - [16/Jul/2025:00:26:54 +0000] "GET / HTTP/1.1" 200 9694 "http://www.abl.academy" "Mozilla/5.0 (iPhone; CPU iPhone OS 13_2_3 like Mac OS X) AppleWebKit/605.1.15 (KHTML, like Gecko) Version/13.0.3 Mobile/15E148 Safari/604.1"
66.249.65.197 - - [16/Jul/2025:00:28:05 +0000] "GET /item/crisi72661950/ HTTP/1.1" 200 39699 "-" "Mozilla/5.0 (Linux; Android 6.0.1; Nexus 5X Build/MMB29P) AppleWebKit/537.36 (KHTML, like Gecko) Chrome/137.0.7151.103 Mobile Safari/537.36 (compatible; Googlebot/2.1; +http://www.google.com/bot.html)"
66.249.65.199 - - [16/Jul/2025:00:29:20 +0000] "POST /get-message-notify HTTP/1.1" 200 40277 "https://abl.academy/shopdetail/429534949" "Mozilla/5.0 (Linux; Android 6.0.1; Nexus 5X Build/MMB29P) AppleWebKit/537.36 (KHTML, like Gecko) Chrome/137.0.7151.119 Mobile Safari/537.36 (compatible; Googlebot/2.1; +http://www.google.com/bot.html)"
66.249.65.197 - - [16/Jul/2025:00:29:35 +0000] "GET /item/livin71406470/ HTTP/1.1" 200 40067 "-" "Mozilla/5.0 (Linux; Android 6.0.1; Nexus 5X Build/MMB29P) AppleWebKit/537.36 (KHTML, like Gecko) Chrome/137.0.7151.103 Mobile Safari/537.36 (compatible; Googlebot/2.1; +http://www.google.com/bot.html)"
66.249.65.199 - - [16/Jul/2025:00:33:08 +0000] "GET /item/botto42737067/ HTTP/1.1" 200 40448 "-" "Mozilla/5.0 (Linux; Android 6.0.1; Nexus 5X Build/MMB29P) AppleWebKit/537.36 (KHTML, like Gecko) Chrome/137.0.7151.103 Mobile Safari/537.36 (compatible; Googlebot/2.1; +http://www.google.com/bot.html)"
66.249.65.197 - - [16/Jul/2025:00:33:13 +0000] "POST /get-message-notify HTTP/1.1" 200 40350 "https://abl.academy/item/botto42737067/" "Mozilla/5.0 (Linux; Android 6.0.1; Nexus 5X Build/MMB29P) AppleWebKit/537.36 (KHTML, like Gecko) Chrome/137.0.7151.119 Mobile Safari/537.36 (compatible; Googlebot/2.1; +http://www.google.com/bot.html)"
66.249.65.198 - - [16/Jul/2025:00:34:17 +0000] "GET /item/deft62627957/ HTTP/1.1" 200 40880 "-" "Mozilla/5.0 (Linux; Android 6.0.1; Nexus 5X Build/MMB29P) AppleWebKit/537.36 (KHTML, like Gecko) Chrome/137.0.7151.103 Mobile Safari/537.36 (compatible; Googlebot/2.1; +http://www.google.com/bot.html)"
66.249.65.198 - - [16/Jul/2025:00:36:39 +0000] "GET /item/class22044401/ HTTP/1.1" 200 39608 "-" "Mozilla/5.0 (Linux; Android 6.0.1; Nexus 5X Build/MMB29P) AppleWebKit/537.36 (KHTML, like Gecko) Chrome/137.0.7151.103 Mobile Safari/537.36 (compatible; Googlebot/2.1; +http://www.google.com/bot.html)"
209.74.77.214 - - [16/Jul/2025:00:38:23 +0000] "POST /wp-cron.php?doing_wp_cron=1752626303.7929100990295410156250 HTTP/1.1" 200 - "-" "WordPress/6.8.1; https://abl.academy"
91.84.106.2 - - [16/Jul/2025:00:38:21 +0000] "GET /lms-wordpress-plugin/?unapproved=5465&moderation-hash=285d9522013d2a0eea6b88534e4c1b26 HTTP/1.0" 200 69494 "https://abl.academy/lms-wordpress-plugin/?unapproved=5465&moderation-hash=285d9522013d2a0eea6b88534e4c1b26#comment-5465" "Mozilla/5.0 (Windows NT 10.0; Win64; x64) AppleWebKit/537.36 (KHTML, like Gecko) Chrome/130.0.0.0 Safari/537.36 CCleaner/130.0.0.0"
91.84.106.2 - - [16/Jul/2025:00:38:24 +0000] "POST /wp-comments-post.php HTTP/1.0" 302 - "https://abl.academy/lms-wordpress-plugin/?unapproved=5465&moderation-hash=285d9522013d2a0eea6b88534e4c1b26#comment-5465" "Mozilla/5.0 (Windows NT 10.0; Win64; x64) AppleWebKit/537.36 (KHTML, like Gecko) Chrome/130.0.0.0 Safari/537.36 CCleaner/130.0.0.0"
91.84.106.2 - - [16/Jul/2025:00:38:25 +0000] "GET /lms-wordpress-plugin/?unapproved=5931&moderation-hash=715383cf3e48091413ecc2a1c2220d74 HTTP/1.0" 200 69494 "https://abl.academy/lms-wordpress-plugin/?unapproved=5931&moderation-hash=715383cf3e48091413ecc2a1c2220d74#comment-5931" "Mozilla/5.0 (Windows NT 10.0; Win64; x64) AppleWebKit/537.36 (KHTML, like Gecko) Chrome/130.0.0.0 Safari/537.36 CCleaner/130.0.0.0"
66.249.65.197 - - [16/Jul/2025:00:40:11 +0000] "GET /item/wall41128995/ HTTP/1.1" 200 40388 "-" "Mozilla/5.0 (Linux; Android 6.0.1; Nexus 5X Build/MMB29P) AppleWebKit/537.36 (KHTML, like Gecko) Chrome/137.0.7151.103 Mobile Safari/537.36 (compatible; Googlebot/2.1; +http://www.google.com/bot.html)"
66.249.65.198 - - [16/Jul/2025:00:40:19 +0000] "POST /get-message-notify HTTP/1.1" 200 40190 "https://abl.academy/item/wall41128995/" "Mozilla/5.0 (Linux; Android 6.0.1; Nexus 5X Build/MMB29P) AppleWebKit/537.36 (KHTML, like Gecko) Chrome/137.0.7151.119 Mobile Safari/537.36 (compatible; Googlebot/2.1; +http://www.google.com/bot.html)"
154.195.182.224 - - [16/Jul/2025:00:42:24 +0000] "GET /lms-wordpress-plugin/?unapproved=5932&moderation-hash=4e71d1c68870043aed1ebfc8c971f687 HTTP/1.0" 200 69494 "https://abl.academy/lms-wordpress-plugin/?unapproved=5932&moderation-hash=4e71d1c68870043aed1ebfc8c971f687#comment-5932" "Mozilla/5.0 (Windows NT 10.0; Win64; x64) AppleWebKit/537.36 (KHTML, like Gecko) Chrome/131.0.0.0 Safari/537.36 Avast/131.0.0.0"
66.249.65.199 - - [16/Jul/2025:00:43:42 +0000] "GET /shopdetail/206788849 HTTP/1.1" 200 40059 "-" "Mozilla/5.0 (Linux; Android 6.0.1; Nexus 5X Build/MMB29P) AppleWebKit/537.36 (KHTML, like Gecko) Chrome/137.0.7151.103 Mobile Safari/537.36 (compatible; Googlebot/2.1; +http://www.google.com/bot.html)"
66.249.65.197 - - [16/Jul/2025:00:43:46 +0000] "POST /get-message-notify HTTP/1.1" 200 40380 "https://abl.academy/shopdetail/206788849" "Mozilla/5.0 (Linux; Android 6.0.1; Nexus 5X Build/MMB29P) AppleWebKit/537.36 (KHTML, like Gecko) Chrome/137.0.7151.119 Mobile Safari/537.36 (compatible; Googlebot/2.1; +http://www.google.com/bot.html)"
209.74.77.214 - - [16/Jul/2025:00:43:59 +0000] "POST /wp-cron.php?doing_wp_cron=1752626639.8956079483032226562500 HTTP/1.1" 200 - "-" "WordPress/6.8.1; https://abl.academy"
62.113.115.161 - - [16/Jul/2025:00:43:58 +0000] "GET /lms-wordpress-plugin/ HTTP/1.0" 200 69405 "https://abl.academy/lms-wordpress-plugin/" "Mozilla/5.0 (Windows NT 10.0; Win64; x64) AppleWebKit/537.36 (KHTML, like Gecko) Chrome/129.0.0.0 Safari/537.36"
62.113.115.161 - - [16/Jul/2025:00:44:01 +0000] "POST /wp-comments-post.php HTTP/1.0" 302 - "https://abl.academy/lms-wordpress-plugin/" "Mozilla/5.0 (Windows NT 10.0; Win64; x64) AppleWebKit/537.36 (KHTML, like Gecko) Chrome/129.0.0.0 Safari/537.36"
62.113.115.161 - - [16/Jul/2025:00:44:03 +0000] "GET /lms-wordpress-plugin/?unapproved=5933&moderation-hash=5b0e6601c52179272ab34bb7c82f39ca HTTP/1.0" 200 69494 "https://abl.academy/lms-wordpress-plugin/?unapproved=5933&moderation-hash=5b0e6601c52179272ab34bb7c82f39ca#comment-5933" "Mozilla/5.0 (Windows NT 10.0; Win64; x64) AppleWebKit/537.36 (KHTML, like Gecko) Chrome/129.0.0.0 Safari/537.36"
66.249.65.197 - - [16/Jul/2025:00:47:14 +0000] "GET /shopdetail/108334649 HTTP/1.1" 200 40279 "-" "Mozilla/5.0 (Linux; Android 6.0.1; Nexus 5X Build/MMB29P) AppleWebKit/537.36 (KHTML, like Gecko) Chrome/137.0.7151.103 Mobile Safari/537.36 (compatible; Googlebot/2.1; +http://www.google.com/bot.html)"
66.249.65.198 - - [16/Jul/2025:00:47:35 +0000] "POST /get-message-notify HTTP/1.1" 200 40330 "https://abl.academy/shopdetail/108334649" "Mozilla/5.0 (Linux; Android 6.0.1; Nexus 5X Build/MMB29P) AppleWebKit/537.36 (KHTML, like Gecko) Chrome/137.0.7151.119 Mobile Safari/537.36 (compatible; Googlebot/2.1; +http://www.google.com/bot.html)"
66.249.65.199 - - [16/Jul/2025:00:50:46 +0000] "GET /shopdetail/431814649 HTTP/1.1" 200 39924 "-" "Mozilla/5.0 (Linux; Android 6.0.1; Nexus 5X Build/MMB29P) AppleWebKit/537.36 (KHTML, like Gecko) Chrome/137.0.7151.103 Mobile Safari/537.36 (compatible; Googlebot/2.1; +http://www.google.com/bot.html)"
213.180.203.137 - - [16/Jul/2025:00:51:49 +0000] "GET /robots.txt HTTP/1.1" 200 285 "-" "Mozilla/5.0 (compatible; YandexBot/3.0; +http://yandex.com/bots)"
209.74.77.214 - - [16/Jul/2025:00:51:52 +0000] "POST /wp-cron.php?doing_wp_cron=1752627112.0503129959106445312500 HTTP/1.1" 200 - "-" "WordPress/6.8.1; https://abl.academy"
5.255.231.153 - - [16/Jul/2025:00:51:50 +0000] "GET /blog/page/2/ HTTP/1.1" 200 13238 "-" "Mozilla/5.0 (compatible; YandexBot/3.0; +http://yandex.com/bots)"
66.249.65.197 - - [16/Jul/2025:00:52:22 +0000] "GET /pcmypage?callback=product%2Fdetail%2F04173284 HTTP/1.1" 200 40109 "-" "Mozilla/5.0 (Linux; Android 6.0.1; Nexus 5X Build/MMB29P) AppleWebKit/537.36 (KHTML, like Gecko) Chrome/137.0.7151.103 Mobile Safari/537.36 (compatible; Googlebot/2.1; +http://www.google.com/bot.html)"
66.249.65.198 - - [16/Jul/2025:00:54:18 +0000] "GET /shopdetail/333843849 HTTP/1.1" 200 39746 "-" "Mozilla/5.0 (Linux; Android 6.0.1; Nexus 5X Build/MMB29P) AppleWebKit/537.36 (KHTML, like Gecko) Chrome/137.0.7151.103 Mobile Safari/537.36 (compatible; Googlebot/2.1; +http://www.google.com/bot.html)"
66.249.65.197 - - [16/Jul/2025:00:54:22 +0000] "POST /get-message-notify HTTP/1.1" 200 40403 "https://abl.academy/shopdetail/333843849" "Mozilla/5.0 (Linux; Android 6.0.1; Nexus 5X Build/MMB29P) AppleWebKit/537.36 (KHTML, like Gecko) Chrome/137.0.7151.119 Mobile Safari/537.36 (compatible; Googlebot/2.1; +http://www.google.com/bot.html)"
85.208.96.199 - - [16/Jul/2025:00:54:25 +0000] "GET /robots.txt HTTP/1.1" 200 114 "-" "Mozilla/5.0 (compatible; SemrushBot/7~bl; +http://www.semrush.com/bot.html)"
209.74.77.214 - - [16/Jul/2025:00:54:26 +0000] "POST /wp-cron.php?doing_wp_cron=1752627266.7924869060516357421875 HTTP/1.1" 200 - "-" "WordPress/6.8.1; https://abl.academy"
185.191.171.7 - - [16/Jul/2025:00:54:25 +0000] "GET /courses/how-to-teach-online-courses-effectively/ HTTP/1.1" 200 32816 "-" "Mozilla/5.0 (compatible; SemrushBot/7~bl; +http://www.semrush.com/bot.html)"
45.227.253.15 - - [16/Jul/2025:00:55:49 +0000] "GET /index.php/jk HTTP/1.1" 200 59 "-" "Mozilla/5.0 (Linux; Android 10; Z832 Build/MMB29M) AppleWebKit/537.36 (KHTML, like Gecko) Chrome/85.0.4183.83 Mobile Safari/537.36"
66.249.65.198 - - [16/Jul/2025:00:56:58 +0000] "GET /item/infor80116191/ HTTP/1.1" 200 40382 "-" "Mozilla/5.0 (Linux; Android 6.0.1; Nexus 5X Build/MMB29P) AppleWebKit/537.36 (KHTML, like Gecko) Chrome/137.0.7151.103 Mobile Safari/537.36 (compatible; Googlebot/2.1; +http://www.google.com/bot.html)"
66.249.65.197 - - [16/Jul/2025:00:57:51 +0000] "GET /shopdetail/529935449 HTTP/1.1" 200 40572 "-" "Mozilla/5.0 (Linux; Android 6.0.1; Nexus 5X Build/MMB29P) AppleWebKit/537.36 (KHTML, like Gecko) Chrome/137.0.7151.103 Mobile Safari/537.36 (compatible; Googlebot/2.1; +http://www.google.com/bot.html)"
66.249.65.197 - - [16/Jul/2025:00:57:55 +0000] "POST /get-message-notify HTTP/1.1" 200 40385 "https://abl.academy/shopdetail/529935449" "Mozilla/5.0 (Linux; Android 6.0.1; Nexus 5X Build/MMB29P) AppleWebKit/537.36 (KHTML, like Gecko) Chrome/137.0.7151.119 Mobile Safari/537.36 (compatible; Googlebot/2.1; +http://www.google.com/bot.html)"
66.249.65.198 - - [16/Jul/2025:01:05:02 +0000] "GET /shopdetail/98636849 HTTP/1.1" 200 39881 "-" "Mozilla/5.0 (Linux; Android 6.0.1; Nexus 5X Build/MMB29P) AppleWebKit/537.36 (KHTML, like Gecko) Chrome/137.0.7151.103 Mobile Safari/537.36 (compatible; Googlebot/2.1; +http://www.google.com/bot.html)"
66.249.65.197 - - [16/Jul/2025:01:05:39 +0000] "POST /get-message-notify HTTP/1.1" 200 40382 "https://abl.academy/shopdetail/98636849" "Mozilla/5.0 (Linux; Android 6.0.1; Nexus 5X Build/MMB29P) AppleWebKit/537.36 (KHTML, like Gecko) Chrome/137.0.7151.119 Mobile Safari/537.36 (compatible; Googlebot/2.1; +http://www.google.com/bot.html)"
209.74.77.214 - - [16/Jul/2025:01:14:05 +0000] "POST /wp-cron.php?doing_wp_cron=1752628445.4828710556030273437500 HTTP/1.1" 200 - "-" "WordPress/6.8.1; https://abl.academy"
54.164.106.236 - - [16/Jul/2025:01:14:03 +0000] "GET /wp-login.php?redirect_to=https://abl.academy/courses/test/lessons/lesson-33 HTTP/1.1" 200 2049 "-" "Mozilla/5.0 AppleWebKit/537.36 (KHTML, like Gecko; compatible; Amazonbot/0.1; +https://developer.amazon.com/support/amazonbot) Chrome/119.0.6045.214 Safari/537.36"
66.249.65.197 - - [16/Jul/2025:01:17:45 +0000] "GET /shopdetail/123127349 HTTP/1.1" 200 39956 "-" "Mozilla/5.0 (Linux; Android 6.0.1; Nexus 5X Build/MMB29P) AppleWebKit/537.36 (KHTML, like Gecko) Chrome/137.0.7151.103 Mobile Safari/537.36 (compatible; Googlebot/2.1; +http://www.google.com/bot.html)"
66.249.65.197 - - [16/Jul/2025:01:26:46 +0000] "GET /wp-sitemap-taxonomies-category-1.xml HTTP/1.1" 200 17255 "-" "Mozilla/5.0 (compatible; Googlebot/2.1; +http://www.google.com/bot.html)"
66.249.65.197 - - [16/Jul/2025:01:36:58 +0000] "GET /shopdetail/327714749 HTTP/1.1" 200 40163 "-" "Mozilla/5.0 (Linux; Android 6.0.1; Nexus 5X Build/MMB29P) AppleWebKit/537.36 (KHTML, like Gecko) Chrome/137.0.7151.103 Mobile Safari/537.36 (compatible; Googlebot/2.1; +http://www.google.com/bot.html)"
66.249.65.197 - - [16/Jul/2025:01:37:03 +0000] "GET /shopdetail/589264049 HTTP/1.1" 200 39974 "-" "Mozilla/5.0 (Linux; Android 6.0.1; Nexus 5X Build/MMB29P) AppleWebKit/537.36 (KHTML, like Gecko) Chrome/137.0.7151.103 Mobile Safari/537.36 (compatible; Googlebot/2.1; +http://www.google.com/bot.html)"
66.249.65.197 - - [16/Jul/2025:01:37:06 +0000] "GET /item/journ21898601/ HTTP/1.1" 200 40097 "-" "Mozilla/5.0 (Linux; Android 6.0.1; Nexus 5X Build/MMB29P) AppleWebKit/537.36 (KHTML, like Gecko) Chrome/137.0.7151.103 Mobile Safari/537.36 (compatible; Googlebot/2.1; +http://www.google.com/bot.html)"
66.249.65.197 - - [16/Jul/2025:01:37:19 +0000] "POST /get-message-notify HTTP/1.1" 200 40260 "https://abl.academy/shopdetail/589264049" "Mozilla/5.0 (Linux; Android 6.0.1; Nexus 5X Build/MMB29P) AppleWebKit/537.36 (KHTML, like Gecko) Chrome/137.0.7151.119 Mobile Safari/537.36 (compatible; Googlebot/2.1; +http://www.google.com/bot.html)"
66.249.65.197 - - [16/Jul/2025:01:37:32 +0000] "GET /item/smoot61924141/ HTTP/1.1" 200 39977 "-" "Mozilla/5.0 (Linux; Android 6.0.1; Nexus 5X Build/MMB29P) AppleWebKit/537.36 (KHTML, like Gecko) Chrome/137.0.7151.103 Mobile Safari/537.36 (compatible; Googlebot/2.1; +http://www.google.com/bot.html)"
66.249.65.197 - - [16/Jul/2025:01:37:33 +0000] "GET /item/vital82369847/ HTTP/1.1" 200 40576 "-" "Mozilla/5.0 (Linux; Android 6.0.1; Nexus 5X Build/MMB29P) AppleWebKit/537.36 (KHTML, like Gecko) Chrome/137.0.7151.103 Mobile Safari/537.36 (compatible; Googlebot/2.1; +http://www.google.com/bot.html)"
66.249.65.197 - - [16/Jul/2025:01:37:34 +0000] "GET /item/soil82943311/ HTTP/1.1" 200 41273 "-" "Mozilla/5.0 (Linux; Android 6.0.1; Nexus 5X Build/MMB29P) AppleWebKit/537.36 (KHTML, like Gecko) Chrome/137.0.7151.103 Mobile Safari/537.36 (compatible; Googlebot/2.1; +http://www.google.com/bot.html)"
66.249.65.197 - - [16/Jul/2025:01:37:42 +0000] "POST /get-message-notify HTTP/1.1" 200 40342 "https://abl.academy/item/soil82943311/" "Mozilla/5.0 (Linux; Android 6.0.1; Nexus 5X Build/MMB29P) AppleWebKit/537.36 (KHTML, like Gecko) Chrome/137.0.7151.119 Mobile Safari/537.36 (compatible; Googlebot/2.1; +http://www.google.com/bot.html)"
66.249.65.197 - - [16/Jul/2025:01:37:43 +0000] "GET /item/suppe71356494/ HTTP/1.1" 200 40178 "-" "Mozilla/5.0 (Linux; Android 6.0.1; Nexus 5X Build/MMB29P) AppleWebKit/537.36 (KHTML, like Gecko) Chrome/137.0.7151.103 Mobile Safari/537.36 (compatible; Googlebot/2.1; +http://www.google.com/bot.html)"
66.249.65.197 - - [16/Jul/2025:01:37:54 +0000] "POST /get-message-notify HTTP/1.1" 200 40234 "https://abl.academy/item/vital82369847/" "Mozilla/5.0 (Linux; Android 6.0.1; Nexus 5X Build/MMB29P) AppleWebKit/537.36 (KHTML, like Gecko) Chrome/137.0.7151.119 Mobile Safari/537.36 (compatible; Googlebot/2.1; +http://www.google.com/bot.html)"
66.249.65.198 - - [16/Jul/2025:01:38:25 +0000] "GET /item/its10524024/ HTTP/1.1" 200 39876 "-" "Mozilla/5.0 (Linux; Android 6.0.1; Nexus 5X Build/MMB29P) AppleWebKit/537.36 (KHTML, like Gecko) Chrome/137.0.7151.103 Mobile Safari/537.36 (compatible; Googlebot/2.1; +http://www.google.com/bot.html)"
66.249.65.198 - - [16/Jul/2025:01:39:23 +0000] "GET /item/flush62270797/ HTTP/1.1" 200 40187 "-" "Mozilla/5.0 (Linux; Android 6.0.1; Nexus 5X Build/MMB29P) AppleWebKit/537.36 (KHTML, like Gecko) Chrome/137.0.7151.103 Mobile Safari/537.36 (compatible; Googlebot/2.1; +http://www.google.com/bot.html)"
66.249.65.198 - - [16/Jul/2025:01:39:34 +0000] "POST /get-message-notify HTTP/1.1" 200 40360 "https://abl.academy/item/its10524024/" "Mozilla/5.0 (Linux; Android 6.0.1; Nexus 5X Build/MMB29P) AppleWebKit/537.36 (KHTML, like Gecko) Chrome/137.0.7151.119 Mobile Safari/537.36 (compatible; Googlebot/2.1; +http://www.google.com/bot.html)"
66.249.65.197 - - [16/Jul/2025:01:39:49 +0000] "GET /item/thous20272729/ HTTP/1.1" 200 39988 "-" "Mozilla/5.0 (Linux; Android 6.0.1; Nexus 5X Build/MMB29P) AppleWebKit/537.36 (KHTML, like Gecko) Chrome/137.0.7151.103 Mobile Safari/537.36 (compatible; Googlebot/2.1; +http://www.google.com/bot.html)"
66.249.65.199 - - [16/Jul/2025:01:42:41 +0000] "GET /item/atom42526571/ HTTP/1.1" 200 40004 "-" "Mozilla/5.0 (Linux; Android 6.0.1; Nexus 5X Build/MMB29P) AppleWebKit/537.36 (KHTML, like Gecko) Chrome/137.0.7151.103 Mobile Safari/537.36 (compatible; Googlebot/2.1; +http://www.google.com/bot.html)"
66.249.65.199 - - [16/Jul/2025:01:43:50 +0000] "GET /item/denti21124465/ HTTP/1.1" 200 39940 "-" "Mozilla/5.0 (Linux; Android 6.0.1; Nexus 5X Build/MMB29P) AppleWebKit/537.36 (KHTML, like Gecko) Chrome/137.0.7151.103 Mobile Safari/537.36 (compatible; Googlebot/2.1; +http://www.google.com/bot.html)"
66.249.65.198 - - [16/Jul/2025:01:44:55 +0000] "GET /item/anyho41043243/ HTTP/1.1" 200 39790 "-" "Mozilla/5.0 (Linux; Android 6.0.1; Nexus 5X Build/MMB29P) AppleWebKit/537.36 (KHTML, like Gecko) Chrome/137.0.7151.103 Mobile Safari/537.36 (compatible; Googlebot/2.1; +http://www.google.com/bot.html)"
66.249.65.198 - - [16/Jul/2025:01:44:56 +0000] "GET /item/flame21483569/ HTTP/1.1" 200 39953 "-" "Mozilla/5.0 (Linux; Android 6.0.1; Nexus 5X Build/MMB29P) AppleWebKit/537.36 (KHTML, like Gecko) Chrome/137.0.7151.103 Mobile Safari/537.36 (compatible; Googlebot/2.1; +http://www.google.com/bot.html)"
66.249.65.198 - - [16/Jul/2025:01:44:57 +0000] "GET /item/rigid61587533/ HTTP/1.1" 200 39836 "-" "Mozilla/5.0 (Linux; Android 6.0.1; Nexus 5X Build/MMB29P) AppleWebKit/537.36 (KHTML, like Gecko) Chrome/137.0.7151.103 Mobile Safari/537.36 (compatible; Googlebot/2.1; +http://www.google.com/bot.html)"
66.249.65.197 - - [16/Jul/2025:01:44:58 +0000] "GET /item/typic80671191/ HTTP/1.1" 200 39879 "-" "Mozilla/5.0 (Linux; Android 6.0.1; Nexus 5X Build/MMB29P) AppleWebKit/537.36 (KHTML, like Gecko) Chrome/137.0.7151.103 Mobile Safari/537.36 (compatible; Googlebot/2.1; +http://www.google.com/bot.html)"
66.249.65.198 - - [16/Jul/2025:01:44:59 +0000] "GET /item/view72205630/ HTTP/1.1" 200 40740 "-" "Mozilla/5.0 (Linux; Android 6.0.1; Nexus 5X Build/MMB29P) AppleWebKit/537.36 (KHTML, like Gecko) Chrome/137.0.7151.103 Mobile Safari/537.36 (compatible; Googlebot/2.1; +http://www.google.com/bot.html)"
66.249.65.198 - - [16/Jul/2025:01:45:00 +0000] "POST /get-message-notify HTTP/1.1" 200 40400 "https://abl.academy/item/flame21483569/" "Mozilla/5.0 (Linux; Android 6.0.1; Nexus 5X Build/MMB29P) AppleWebKit/537.36 (KHTML, like Gecko) Chrome/137.0.7151.119 Mobile Safari/537.36 (compatible; Googlebot/2.1; +http://www.google.com/bot.html)"
66.249.65.197 - - [16/Jul/2025:01:45:00 +0000] "GET /item/arbit50035588/ HTTP/1.1" 200 39712 "-" "Mozilla/5.0 (Linux; Android 6.0.1; Nexus 5X Build/MMB29P) AppleWebKit/537.36 (KHTML, like Gecko) Chrome/137.0.7151.103 Mobile Safari/537.36 (compatible; Googlebot/2.1; +http://www.google.com/bot.html)"
66.249.65.197 - - [16/Jul/2025:01:45:01 +0000] "GET /item/golf70083638/ HTTP/1.1" 200 39991 "-" "Mozilla/5.0 (Linux; Android 6.0.1; Nexus 5X Build/MMB29P) AppleWebKit/537.36 (KHTML, like Gecko) Chrome/137.0.7151.103 Mobile Safari/537.36 (compatible; Googlebot/2.1; +http://www.google.com/bot.html)"
66.249.65.198 - - [16/Jul/2025:01:45:02 +0000] "GET /item/shout80876063/ HTTP/1.1" 200 39980 "-" "Mozilla/5.0 (Linux; Android 6.0.1; Nexus 5X Build/MMB29P) AppleWebKit/537.36 (KHTML, like Gecko) Chrome/137.0.7151.103 Mobile Safari/537.36 (compatible; Googlebot/2.1; +http://www.google.com/bot.html)"
66.249.65.197 - - [16/Jul/2025:01:45:04 +0000] "GET /item/fray71491974/ HTTP/1.1" 200 40670 "-" "Mozilla/5.0 (Linux; Android 6.0.1; Nexus 5X Build/MMB29P) AppleWebKit/537.36 (KHTML, like Gecko) Chrome/137.0.7151.103 Mobile Safari/537.36 (compatible; Googlebot/2.1; +http://www.google.com/bot.html)"
66.249.65.197 - - [16/Jul/2025:01:45:04 +0000] "GET /item/assis20961553/ HTTP/1.1" 200 40414 "-" "Mozilla/5.0 (Linux; Android 6.0.1; Nexus 5X Build/MMB29P) AppleWebKit/537.36 (KHTML, like Gecko) Chrome/137.0.7151.103 Mobile Safari/537.36 (compatible; Googlebot/2.1; +http://www.google.com/bot.html)"
66.249.65.197 - - [16/Jul/2025:01:45:06 +0000] "GET /item/await80667231/ HTTP/1.1" 200 39921 "-" "Mozilla/5.0 (Linux; Android 6.0.1; Nexus 5X Build/MMB29P) AppleWebKit/537.36 (KHTML, like Gecko) Chrome/137.0.7151.103 Mobile Safari/537.36 (compatible; Googlebot/2.1; +http://www.google.com/bot.html)"
66.249.65.197 - - [16/Jul/2025:01:45:07 +0000] "GET /item/costl40075459/ HTTP/1.1" 200 40006 "-" "Mozilla/5.0 (Linux; Android 6.0.1; Nexus 5X Build/MMB29P) AppleWebKit/537.36 (KHTML, like Gecko) Chrome/137.0.7151.103 Mobile Safari/537.36 (compatible; Googlebot/2.1; +http://www.google.com/bot.html)"
66.249.65.197 - - [16/Jul/2025:01:45:07 +0000] "GET /item/heati32550938/ HTTP/1.1" 200 40584 "-" "Mozilla/5.0 (Linux; Android 6.0.1; Nexus 5X Build/MMB29P) AppleWebKit/537.36 (KHTML, like Gecko) Chrome/137.0.7151.103 Mobile Safari/537.36 (compatible; Googlebot/2.1; +http://www.google.com/bot.html)"
66.249.65.197 - - [16/Jul/2025:01:45:08 +0000] "GET /item/pro42185403/ HTTP/1.1" 200 40553 "-" "Mozilla/5.0 (Linux; Android 6.0.1; Nexus 5X Build/MMB29P) AppleWebKit/537.36 (KHTML, like Gecko) Chrome/137.0.7151.103 Mobile Safari/537.36 (compatible; Googlebot/2.1; +http://www.google.com/bot.html)"
66.249.65.197 - - [16/Jul/2025:01:45:08 +0000] "POST /get-message-notify HTTP/1.1" 200 40248 "https://abl.academy/item/assis20961553/" "Mozilla/5.0 (Linux; Android 6.0.1; Nexus 5X Build/MMB29P) AppleWebKit/537.36 (KHTML, like Gecko) Chrome/137.0.7151.119 Mobile Safari/537.36 (compatible; Googlebot/2.1; +http://www.google.com/bot.html)"
66.249.65.197 - - [16/Jul/2025:01:45:09 +0000] "GET /item/rust70283382/ HTTP/1.1" 200 39931 "-" "Mozilla/5.0 (Linux; Android 6.0.1; Nexus 5X Build/MMB29P) AppleWebKit/537.36 (KHTML, like Gecko) Chrome/137.0.7151.103 Mobile Safari/537.36 (compatible; Googlebot/2.1; +http://www.google.com/bot.html)"
66.249.65.197 - - [16/Jul/2025:01:45:11 +0000] "GET /item/defen32806834/ HTTP/1.1" 200 41180 "-" "Mozilla/5.0 (Linux; Android 6.0.1; Nexus 5X Build/MMB29P) AppleWebKit/537.36 (KHTML, like Gecko) Chrome/137.0.7151.103 Mobile Safari/537.36 (compatible; Googlebot/2.1; +http://www.google.com/bot.html)"
66.249.65.197 - - [16/Jul/2025:01:45:12 +0000] "GET /item/wind11148296/ HTTP/1.1" 200 40159 "-" "Mozilla/5.0 (Linux; Android 6.0.1; Nexus 5X Build/MMB29P) AppleWebKit/537.36 (KHTML, like Gecko) Chrome/137.0.7151.103 Mobile Safari/537.36 (compatible; Googlebot/2.1; +http://www.google.com/bot.html)"
66.249.65.198 - - [16/Jul/2025:01:45:13 +0000] "GET /item/nail30267418/ HTTP/1.1" 200 40195 "-" "Mozilla/5.0 (Linux; Android 6.0.1; Nexus 5X Build/MMB29P) AppleWebKit/537.36 (KHTML, like Gecko) Chrome/137.0.7151.103 Mobile Safari/537.36 (compatible; Googlebot/2.1; +http://www.google.com/bot.html)"
66.249.65.197 - - [16/Jul/2025:01:45:16 +0000] "GET /item/false21419321/ HTTP/1.1" 200 39837 "-" "Mozilla/5.0 (Linux; Android 6.0.1; Nexus 5X Build/MMB29P) AppleWebKit/537.36 (KHTML, like Gecko) Chrome/137.0.7151.103 Mobile Safari/537.36 (compatible; Googlebot/2.1; +http://www.google.com/bot.html)"
66.249.65.198 - - [16/Jul/2025:01:45:33 +0000] "POST /get-message-notify HTTP/1.1" 200 40285 "https://abl.academy/item/fray71491974/" "Mozilla/5.0 (Linux; Android 6.0.1; Nexus 5X Build/MMB29P) AppleWebKit/537.36 (KHTML, like Gecko) Chrome/137.0.7151.119 Mobile Safari/537.36 (compatible; Googlebot/2.1; +http://www.google.com/bot.html)"
66.249.65.197 - - [16/Jul/2025:01:45:40 +0000] "POST /get-message-notify HTTP/1.1" 200 40320 "https://abl.academy/item/false21419321/" "Mozilla/5.0 (Linux; Android 6.0.1; Nexus 5X Build/MMB29P) AppleWebKit/537.36 (KHTML, like Gecko) Chrome/137.0.7151.119 Mobile Safari/537.36 (compatible; Googlebot/2.1; +http://www.google.com/bot.html)"
66.249.65.197 - - [16/Jul/2025:01:46:08 +0000] "GET /item/engag51365900/ HTTP/1.1" 200 39931 "-" "Mozilla/5.0 (Linux; Android 6.0.1; Nexus 5X Build/MMB29P) AppleWebKit/537.36 (KHTML, like Gecko) Chrome/137.0.7151.103 Mobile Safari/537.36 (compatible; Googlebot/2.1; +http://www.google.com/bot.html)"
66.249.65.197 - - [16/Jul/2025:01:48:27 +0000] "GET /item/cool80388231/ HTTP/1.1" 200 40824 "-" "Mozilla/5.0 (Linux; Android 6.0.1; Nexus 5X Build/MMB29P) AppleWebKit/537.36 (KHTML, like Gecko) Chrome/137.0.7151.103 Mobile Safari/537.36 (compatible; Googlebot/2.1; +http://www.google.com/bot.html)"
66.249.65.197 - - [16/Jul/2025:01:50:44 +0000] "GET /item/somet71936102/ HTTP/1.1" 200 40341 "-" "Mozilla/5.0 (Linux; Android 6.0.1; Nexus 5X Build/MMB29P) AppleWebKit/537.36 (KHTML, like Gecko) Chrome/137.0.7151.103 Mobile Safari/537.36 (compatible; Googlebot/2.1; +http://www.google.com/bot.html)"
209.74.77.214 - - [16/Jul/2025:01:52:09 +0000] "POST /wp-cron.php?doing_wp_cron=1752630729.4487090110778808593750 HTTP/1.1" 200 - "-" "WordPress/6.8.1; https://abl.academy"
3.93.253.174 - - [16/Jul/2025:01:52:07 +0000] "GET /demo-main/courses/ HTTP/1.1" 301 - "-" "Mozilla/5.0 AppleWebKit/537.36 (KHTML, like Gecko; compatible; Amazonbot/0.1; +https://developer.amazon.com/support/amazonbot) Chrome/119.0.6045.214 Safari/537.36"
54.197.102.71 - - [16/Jul/2025:01:52:11 +0000] "GET /courses/getting-started-with-less-beginner-crash/ HTTP/1.1" 200 32857 "-" "Mozilla/5.0 AppleWebKit/537.36 (KHTML, like Gecko; compatible; Amazonbot/0.1; +https://developer.amazon.com/support/amazonbot) Chrome/119.0.6045.214 Safari/537.36"
209.74.77.214 - - [16/Jul/2025:01:52:15 +0000] "POST /wp-cron.php?doing_wp_cron=1752630735.6145930290222167968750 HTTP/1.1" 200 - "-" "WordPress/6.8.1; https://abl.academy"
52.4.229.9 - - [16/Jul/2025:01:52:15 +0000] "GET /courses/test/lessons/lesson-45/ HTTP/1.1" 200 32734 "-" "Mozilla/5.0 AppleWebKit/537.36 (KHTML, like Gecko; compatible; Amazonbot/0.1; +https://developer.amazon.com/support/amazonbot) Chrome/119.0.6045.214 Safari/537.36"
66.249.65.199 - - [16/Jul/2025:01:52:28 +0000] "GET /pcmypage?callback=/product%2Fdetail%2F54628816 HTTP/1.1" 200 40110 "-" "Mozilla/5.0 (Linux; Android 6.0.1; Nexus 5X Build/MMB29P) AppleWebKit/537.36 (KHTML, like Gecko) Chrome/137.0.7151.103 Mobile Safari/537.36 (compatible; Googlebot/2.1; +http://www.google.com/bot.html)"
66.249.65.199 - - [16/Jul/2025:01:53:03 +0000] "GET /item/weak50780996/ HTTP/1.1" 200 40243 "-" "Mozilla/5.0 (Linux; Android 6.0.1; Nexus 5X Build/MMB29P) AppleWebKit/537.36 (KHTML, like Gecko) Chrome/137.0.7151.103 Mobile Safari/537.36 (compatible; Googlebot/2.1; +http://www.google.com/bot.html)"
66.249.65.197 - - [16/Jul/2025:01:54:23 +0000] "GET /pcmypage?callback=/product%2Fdetail%2F65135206 HTTP/1.1" 200 39962 "-" "Mozilla/5.0 (Linux; Android 6.0.1; Nexus 5X Build/MMB29P) AppleWebKit/537.36 (KHTML, like Gecko) Chrome/137.0.7151.103 Mobile Safari/537.36 (compatible; Googlebot/2.1; +http://www.google.com/bot.html)"
66.249.65.197 - - [16/Jul/2025:01:55:21 +0000] "GET /item/rumou50619748/ HTTP/1.1" 200 39890 "-" "Mozilla/5.0 (Linux; Android 6.0.1; Nexus 5X Build/MMB29P) AppleWebKit/537.36 (KHTML, like Gecko) Chrome/137.0.7151.103 Mobile Safari/537.36 (compatible; Googlebot/2.1; +http://www.google.com/bot.html)"
66.249.65.197 - - [16/Jul/2025:01:56:18 +0000] "GET /item/reput11522016/ HTTP/1.1" 200 40120 "-" "Mozilla/5.0 (Linux; Android 6.0.1; Nexus 5X Build/MMB29P) AppleWebKit/537.36 (KHTML, like Gecko) Chrome/137.0.7151.103 Mobile Safari/537.36 (compatible; Googlebot/2.1; +http://www.google.com/bot.html)"
66.249.65.197 - - [16/Jul/2025:01:57:40 +0000] "GET /item/cooke82433103/ HTTP/1.1" 200 40040 "-" "Mozilla/5.0 (Linux; Android 6.0.1; Nexus 5X Build/MMB29P) AppleWebKit/537.36 (KHTML, like Gecko) Chrome/137.0.7151.103 Mobile Safari/537.36 (compatible; Googlebot/2.1; +http://www.google.com/bot.html)"
66.249.65.198 - - [16/Jul/2025:01:57:45 +0000] "POST /get-message-notify HTTP/1.1" 200 40350 "https://abl.academy/item/cooke82433103/" "Mozilla/5.0 (Linux; Android 6.0.1; Nexus 5X Build/MMB29P) AppleWebKit/537.36 (KHTML, like Gecko) Chrome/137.0.7151.119 Mobile Safari/537.36 (compatible; Googlebot/2.1; +http://www.google.com/bot.html)"
66.249.65.197 - - [16/Jul/2025:01:58:12 +0000] "GET /item/pilot82097263/ HTTP/1.1" 200 40008 "-" "Mozilla/5.0 (Linux; Android 6.0.1; Nexus 5X Build/MMB29P) AppleWebKit/537.36 (KHTML, like Gecko) Chrome/137.0.7151.103 Mobile Safari/537.36 (compatible; Googlebot/2.1; +http://www.google.com/bot.html)"
66.249.65.197 - - [16/Jul/2025:01:59:59 +0000] "GET /item/we32544058/ HTTP/1.1" 200 39983 "-" "Mozilla/5.0 (Linux; Android 6.0.1; Nexus 5X Build/MMB29P) AppleWebKit/537.36 (KHTML, like Gecko) Chrome/137.0.7151.103 Mobile Safari/537.36 (compatible; Googlebot/2.1; +http://www.google.com/bot.html)"
66.249.65.197 - - [16/Jul/2025:02:00:07 +0000] "GET /item/basis32763570/ HTTP/1.1" 200 41010 "-" "Mozilla/5.0 (Linux; Android 6.0.1; Nexus 5X Build/MMB29P) AppleWebKit/537.36 (KHTML, like Gecko) Chrome/137.0.7151.103 Mobile Safari/537.36 (compatible; Googlebot/2.1; +http://www.google.com/bot.html)"
66.249.65.197 - - [16/Jul/2025:02:00:10 +0000] "POST /get-message-notify HTTP/1.1" 200 40285 "https://abl.academy/item/basis32763570/" "Mozilla/5.0 (Linux; Android 6.0.1; Nexus 5X Build/MMB29P) AppleWebKit/537.36 (KHTML, like Gecko) Chrome/137.0.7151.119 Mobile Safari/537.36 (compatible; Googlebot/2.1; +http://www.google.com/bot.html)"
66.249.65.197 - - [16/Jul/2025:02:01:29 +0000] "POST /get-message-notify HTTP/1.1" 200 40294 "https://abl.academy/item/cooke82433103/" "Mozilla/5.0 (Linux; Android 6.0.1; Nexus 5X Build/MMB29P) AppleWebKit/537.36 (KHTML, like Gecko) Chrome/137.0.7151.119 Mobile Safari/537.36 (compatible; Googlebot/2.1; +http://www.google.com/bot.html)"
66.249.65.197 - - [16/Jul/2025:02:02:02 +0000] "GET /item/use61077317/ HTTP/1.1" 200 40349 "-" "Mozilla/5.0 (Linux; Android 6.0.1; Nexus 5X Build/MMB29P) AppleWebKit/537.36 (KHTML, like Gecko) Chrome/137.0.7151.103 Mobile Safari/537.36 (compatible; Googlebot/2.1; +http://www.google.com/bot.html)"
66.249.65.197 - - [16/Jul/2025:02:02:19 +0000] "GET /item/atomi10694992/ HTTP/1.1" 200 40117 "-" "Mozilla/5.0 (Linux; Android 6.0.1; Nexus 5X Build/MMB29P) AppleWebKit/537.36 (KHTML, like Gecko) Chrome/137.0.7151.103 Mobile Safari/537.36 (compatible; Googlebot/2.1; +http://www.google.com/bot.html)"
66.249.65.197 - - [16/Jul/2025:02:02:24 +0000] "POST /get-message-notify HTTP/1.1" 200 40337 "https://abl.academy/item/atomi10694992/" "Mozilla/5.0 (Linux; Android 6.0.1; Nexus 5X Build/MMB29P) AppleWebKit/537.36 (KHTML, like Gecko) Chrome/137.0.7151.119 Mobile Safari/537.36 (compatible; Googlebot/2.1; +http://www.google.com/bot.html)"
