66.249.65.197 - - [15/Jul/2025:13:46:45 +0000] "POST /get-message-notify HTTP/1.1" 200 40311 "https://abl.academy/courses/the-complete-online-teaching-masterclass/" "Mozilla/5.0 (Linux; Android 6.0.1; Nexus 5X Build/MMB29P) AppleWebKit/537.36 (KHTML, like Gecko) Chrome/137.0.7151.119 Mobile Safari/537.36 (compatible; Googlebot/2.1; +http://www.google.com/bot.html)"
209.74.77.214 - - [15/Jul/2025:13:48:49 +0000] "POST /wp-cron.php?doing_wp_cron=1752587329.2131559848785400390625 HTTP/1.1" 200 - "-" "WordPress/6.8.1; https://abl.academy"
195.2.75.64 - - [15/Jul/2025:13:48:48 +0000] "GET /lms-wordpress-plugin/ HTTP/1.0" 200 69405 "https://abl.academy/lms-wordpress-plugin/" "Mozilla/5.0 (Windows NT 10.0; Win64; x64) AppleWebKit/537.36 (KHTML, like Gecko) Chrome/130.0.0.0 Safari/537.36 CCleaner/130.0.0.0"
195.2.75.64 - - [15/Jul/2025:13:48:50 +0000] "POST /wp-comments-post.php HTTP/1.0" 302 - "https://abl.academy/lms-wordpress-plugin/" "Mozilla/5.0 (Windows NT 10.0; Win64; x64) AppleWebKit/537.36 (KHTML, like Gecko) Chrome/130.0.0.0 Safari/537.36 CCleaner/130.0.0.0"
195.2.75.64 - - [15/Jul/2025:13:48:51 +0000] "GET /lms-wordpress-plugin/?unapproved=5884&moderation-hash=90fca72f4af4d027bf5bb181be83e91c HTTP/1.0" 200 69494 "https://abl.academy/lms-wordpress-plugin/?unapproved=5884&moderation-hash=90fca72f4af4d027bf5bb181be83e91c#comment-5884" "Mozilla/5.0 (Windows NT 10.0; Win64; x64) AppleWebKit/537.36 (KHTML, like Gecko) Chrome/130.0.0.0 Safari/537.36 CCleaner/130.0.0.0"
66.249.65.197 - - [15/Jul/2025:13:50:13 +0000] "GET /shopdetail/300241349 HTTP/1.1" 200 40237 "-" "Mozilla/5.0 (Linux; Android 6.0.1; Nexus 5X Build/MMB29P) AppleWebKit/537.36 (KHTML, like Gecko) Chrome/137.0.7151.103 Mobile Safari/537.36 (compatible; Googlebot/2.1; +http://www.google.com/bot.html)"
66.249.65.197 - - [15/Jul/2025:13:53:06 +0000] "GET /courses/test/quizzes/quiz-7/ HTTP/1.1" 200 39858 "-" "Mozilla/5.0 (Linux; Android 6.0.1; Nexus 5X Build/MMB29P) AppleWebKit/537.36 (KHTML, like Gecko) Chrome/137.0.7151.103 Mobile Safari/537.36 (compatible; Googlebot/2.1; +http://www.google.com/bot.html)"
66.249.65.197 - - [15/Jul/2025:13:53:37 +0000] "POST /get-message-notify HTTP/1.1" 200 40398 "https://abl.academy/courses/test/quizzes/quiz-7/" "Mozilla/5.0 (Linux; Android 6.0.1; Nexus 5X Build/MMB29P) AppleWebKit/537.36 (KHTML, like Gecko) Chrome/137.0.7151.119 Mobile Safari/537.36 (compatible; Googlebot/2.1; +http://www.google.com/bot.html)"
66.249.65.197 - - [15/Jul/2025:14:03:20 +0000] "GET /shop/?add-to-cart=142 HTTP/1.1" 200 40129 "-" "Mozilla/5.0 (Linux; Android 6.0.1; Nexus 5X Build/MMB29P) AppleWebKit/537.36 (KHTML, like Gecko) Chrome/137.0.7151.103 Mobile Safari/537.36 (compatible; Googlebot/2.1; +http://www.google.com/bot.html)"
66.249.65.197 - - [15/Jul/2025:14:03:30 +0000] "POST /get-message-notify HTTP/1.1" 200 40324 "https://abl.academy/courses/test/quizzes/quiz-7/" "Mozilla/5.0 (Linux; Android 6.0.1; Nexus 5X Build/MMB29P) AppleWebKit/537.36 (KHTML, like Gecko) Chrome/137.0.7151.119 Mobile Safari/537.36 (compatible; Googlebot/2.1; +http://www.google.com/bot.html)"
66.249.65.197 - - [15/Jul/2025:14:05:03 +0000] "GET /shopdetail/114257849 HTTP/1.1" 200 39888 "-" "Mozilla/5.0 (Linux; Android 6.0.1; Nexus 5X Build/MMB29P) AppleWebKit/537.36 (KHTML, like Gecko) Chrome/137.0.7151.103 Mobile Safari/537.36 (compatible; Googlebot/2.1; +http://www.google.com/bot.html)"
66.249.65.198 - - [15/Jul/2025:14:05:03 +0000] "GET /item/banan30297106/ HTTP/1.1" 200 40059 "-" "Mozilla/5.0 (Linux; Android 6.0.1; Nexus 5X Build/MMB29P) AppleWebKit/537.36 (KHTML, like Gecko) Chrome/137.0.7151.103 Mobile Safari/537.36 (compatible; Googlebot/2.1; +http://www.google.com/bot.html)"
66.249.65.197 - - [15/Jul/2025:14:05:13 +0000] "GET /item/suck51350572/ HTTP/1.1" 200 39801 "-" "Mozilla/5.0 (Linux; Android 6.0.1; Nexus 5X Build/MMB29P) AppleWebKit/537.36 (KHTML, like Gecko) Chrome/137.0.7151.103 Mobile Safari/537.36 (compatible; Googlebot/2.1; +http://www.google.com/bot.html)"
66.249.65.197 - - [15/Jul/2025:14:05:17 +0000] "GET /item/annua71162238/ HTTP/1.1" 200 40643 "-" "Mozilla/5.0 (Linux; Android 6.0.1; Nexus 5X Build/MMB29P) AppleWebKit/537.36 (KHTML, like Gecko) Chrome/137.0.7151.103 Mobile Safari/537.36 (compatible; Googlebot/2.1; +http://www.google.com/bot.html)"
66.249.65.197 - - [15/Jul/2025:14:05:18 +0000] "GET /item/invis41891347/ HTTP/1.1" 200 40019 "-" "Mozilla/5.0 (Linux; Android 6.0.1; Nexus 5X Build/MMB29P) AppleWebKit/537.36 (KHTML, like Gecko) Chrome/137.0.7151.103 Mobile Safari/537.36 (compatible; Googlebot/2.1; +http://www.google.com/bot.html)"
66.249.65.197 - - [15/Jul/2025:14:05:20 +0000] "GET /item/gymna62598997/ HTTP/1.1" 200 40110 "-" "Mozilla/5.0 (Linux; Android 6.0.1; Nexus 5X Build/MMB29P) AppleWebKit/537.36 (KHTML, like Gecko) Chrome/137.0.7151.103 Mobile Safari/537.36 (compatible; Googlebot/2.1; +http://www.google.com/bot.html)"
66.249.65.197 - - [15/Jul/2025:14:05:24 +0000] "GET /item/dine71271830/ HTTP/1.1" 200 39941 "-" "Mozilla/5.0 (Linux; Android 6.0.1; Nexus 5X Build/MMB29P) AppleWebKit/537.36 (KHTML, like Gecko) Chrome/137.0.7151.103 Mobile Safari/537.36 (compatible; Googlebot/2.1; +http://www.google.com/bot.html)"
66.249.65.197 - - [15/Jul/2025:14:05:26 +0000] "GET /item/petro32871362/ HTTP/1.1" 200 40126 "-" "Mozilla/5.0 (Linux; Android 6.0.1; Nexus 5X Build/MMB29P) AppleWebKit/537.36 (KHTML, like Gecko) Chrome/137.0.7151.103 Mobile Safari/537.36 (compatible; Googlebot/2.1; +http://www.google.com/bot.html)"
66.249.65.197 - - [15/Jul/2025:14:05:27 +0000] "GET /item/snap12867816/ HTTP/1.1" 200 39989 "-" "Mozilla/5.0 (Linux; Android 6.0.1; Nexus 5X Build/MMB29P) AppleWebKit/537.36 (KHTML, like Gecko) Chrome/137.0.7151.103 Mobile Safari/537.36 (compatible; Googlebot/2.1; +http://www.google.com/bot.html)"
66.249.65.197 - - [15/Jul/2025:14:05:29 +0000] "GET /item/nude60935869/ HTTP/1.1" 200 41008 "-" "Mozilla/5.0 (Linux; Android 6.0.1; Nexus 5X Build/MMB29P) AppleWebKit/537.36 (KHTML, like Gecko) Chrome/137.0.7151.103 Mobile Safari/537.36 (compatible; Googlebot/2.1; +http://www.google.com/bot.html)"
66.249.65.198 - - [15/Jul/2025:14:05:30 +0000] "GET /item/thund11875504/ HTTP/1.1" 200 40341 "-" "Mozilla/5.0 (Linux; Android 6.0.1; Nexus 5X Build/MMB29P) AppleWebKit/537.36 (KHTML, like Gecko) Chrome/137.0.7151.103 Mobile Safari/537.36 (compatible; Googlebot/2.1; +http://www.google.com/bot.html)"
66.249.65.198 - - [15/Jul/2025:14:05:32 +0000] "GET /item/foref11474424/ HTTP/1.1" 200 40160 "-" "Mozilla/5.0 (Linux; Android 6.0.1; Nexus 5X Build/MMB29P) AppleWebKit/537.36 (KHTML, like Gecko) Chrome/137.0.7151.103 Mobile Safari/537.36 (compatible; Googlebot/2.1; +http://www.google.com/bot.html)"
66.249.65.197 - - [15/Jul/2025:14:05:42 +0000] "POST /get-message-notify HTTP/1.1" 200 40358 "https://abl.academy/item/thund11875504/" "Mozilla/5.0 (Linux; Android 6.0.1; Nexus 5X Build/MMB29P) AppleWebKit/537.36 (KHTML, like Gecko) Chrome/137.0.7151.119 Mobile Safari/537.36 (compatible; Googlebot/2.1; +http://www.google.com/bot.html)"
66.249.65.198 - - [15/Jul/2025:14:05:43 +0000] "GET /item/usele42784651/ HTTP/1.1" 200 39619 "-" "Mozilla/5.0 (Linux; Android 6.0.1; Nexus 5X Build/MMB29P) AppleWebKit/537.36 (KHTML, like Gecko) Chrome/137.0.7151.103 Mobile Safari/537.36 (compatible; Googlebot/2.1; +http://www.google.com/bot.html)"
66.249.65.197 - - [15/Jul/2025:14:05:44 +0000] "POST /get-message-notify HTTP/1.1" 200 40353 "https://abl.academy/item/suck51350572/" "Mozilla/5.0 (Linux; Android 6.0.1; Nexus 5X Build/MMB29P) AppleWebKit/537.36 (KHTML, like Gecko) Chrome/137.0.7151.119 Mobile Safari/537.36 (compatible; Googlebot/2.1; +http://www.google.com/bot.html)"
66.249.65.198 - - [15/Jul/2025:14:05:45 +0000] "GET /item/housi81103751/ HTTP/1.1" 200 39830 "-" "Mozilla/5.0 (Linux; Android 6.0.1; Nexus 5X Build/MMB29P) AppleWebKit/537.36 (KHTML, like Gecko) Chrome/137.0.7151.103 Mobile Safari/537.36 (compatible; Googlebot/2.1; +http://www.google.com/bot.html)"
66.249.65.199 - - [15/Jul/2025:14:05:47 +0000] "GET /item/cook70212414/ HTTP/1.1" 200 39822 "-" "Mozilla/5.0 (Linux; Android 6.0.1; Nexus 5X Build/MMB29P) AppleWebKit/537.36 (KHTML, like Gecko) Chrome/137.0.7151.103 Mobile Safari/537.36 (compatible; Googlebot/2.1; +http://www.google.com/bot.html)"
66.249.65.198 - - [15/Jul/2025:14:05:48 +0000] "GET /item/far72897646/ HTTP/1.1" 200 39885 "-" "Mozilla/5.0 (Linux; Android 6.0.1; Nexus 5X Build/MMB29P) AppleWebKit/537.36 (KHTML, like Gecko) Chrome/137.0.7151.103 Mobile Safari/537.36 (compatible; Googlebot/2.1; +http://www.google.com/bot.html)"
66.249.65.199 - - [15/Jul/2025:14:05:49 +0000] "POST /get-message-notify HTTP/1.1" 200 40381 "https://abl.academy/item/invis41891347/" "Mozilla/5.0 (Linux; Android 6.0.1; Nexus 5X Build/MMB29P) AppleWebKit/537.36 (KHTML, like Gecko) Chrome/137.0.7151.119 Mobile Safari/537.36 (compatible; Googlebot/2.1; +http://www.google.com/bot.html)"
66.249.65.197 - - [15/Jul/2025:14:05:50 +0000] "GET /item/capab51477932/ HTTP/1.1" 200 40089 "-" "Mozilla/5.0 (Linux; Android 6.0.1; Nexus 5X Build/MMB29P) AppleWebKit/537.36 (KHTML, like Gecko) Chrome/137.0.7151.103 Mobile Safari/537.36 (compatible; Googlebot/2.1; +http://www.google.com/bot.html)"
66.249.65.197 - - [15/Jul/2025:14:05:51 +0000] "GET /item/margi32257866/ HTTP/1.1" 200 40112 "-" "Mozilla/5.0 (Linux; Android 6.0.1; Nexus 5X Build/MMB29P) AppleWebKit/537.36 (KHTML, like Gecko) Chrome/137.0.7151.103 Mobile Safari/537.36 (compatible; Googlebot/2.1; +http://www.google.com/bot.html)"
66.249.65.197 - - [15/Jul/2025:14:05:54 +0000] "GET /item/copy21784617/ HTTP/1.1" 200 41005 "-" "Mozilla/5.0 (Linux; Android 6.0.1; Nexus 5X Build/MMB29P) AppleWebKit/537.36 (KHTML, like Gecko) Chrome/137.0.7151.103 Mobile Safari/537.36 (compatible; Googlebot/2.1; +http://www.google.com/bot.html)"
66.249.65.198 - - [15/Jul/2025:14:05:56 +0000] "POST /get-message-notify HTTP/1.1" 200 40351 "https://abl.academy/item/cook70212414/" "Mozilla/5.0 (Linux; Android 6.0.1; Nexus 5X Build/MMB29P) AppleWebKit/537.36 (KHTML, like Gecko) Chrome/137.0.7151.119 Mobile Safari/537.36 (compatible; Googlebot/2.1; +http://www.google.com/bot.html)"
66.249.65.198 - - [15/Jul/2025:14:06:02 +0000] "GET /item/insis21377289/ HTTP/1.1" 200 39940 "-" "Mozilla/5.0 (Linux; Android 6.0.1; Nexus 5X Build/MMB29P) AppleWebKit/537.36 (KHTML, like Gecko) Chrome/137.0.7151.103 Mobile Safari/537.36 (compatible; Googlebot/2.1; +http://www.google.com/bot.html)"
66.249.65.198 - - [15/Jul/2025:14:06:05 +0000] "POST /get-message-notify HTTP/1.1" 200 40289 "https://abl.academy/item/insis21377289/" "Mozilla/5.0 (Linux; Android 6.0.1; Nexus 5X Build/MMB29P) AppleWebKit/537.36 (KHTML, like Gecko) Chrome/137.0.7151.119 Mobile Safari/537.36 (compatible; Googlebot/2.1; +http://www.google.com/bot.html)"
66.249.65.197 - - [15/Jul/2025:14:06:06 +0000] "GET /item/paral40171443/ HTTP/1.1" 200 39985 "-" "Mozilla/5.0 (Linux; Android 6.0.1; Nexus 5X Build/MMB29P) AppleWebKit/537.36 (KHTML, like Gecko) Chrome/137.0.7151.103 Mobile Safari/537.36 (compatible; Googlebot/2.1; +http://www.google.com/bot.html)"
66.249.65.198 - - [15/Jul/2025:14:06:08 +0000] "GET /item/anxie31179170/ HTTP/1.1" 200 41057 "-" "Mozilla/5.0 (Linux; Android 6.0.1; Nexus 5X Build/MMB29P) AppleWebKit/537.36 (KHTML, like Gecko) Chrome/137.0.7151.103 Mobile Safari/537.36 (compatible; Googlebot/2.1; +http://www.google.com/bot.html)"
66.249.65.197 - - [15/Jul/2025:14:06:12 +0000] "GET /item/tiny72864774/ HTTP/1.1" 200 39890 "-" "Mozilla/5.0 (Linux; Android 6.0.1; Nexus 5X Build/MMB29P) AppleWebKit/537.36 (KHTML, like Gecko) Chrome/137.0.7151.103 Mobile Safari/537.36 (compatible; Googlebot/2.1; +http://www.google.com/bot.html)"
66.249.65.197 - - [15/Jul/2025:14:06:14 +0000] "POST /get-message-notify HTTP/1.1" 200 40360 "https://abl.academy/item/gymna62598997/" "Mozilla/5.0 (Linux; Android 6.0.1; Nexus 5X Build/MMB29P) AppleWebKit/537.36 (KHTML, like Gecko) Chrome/137.0.7151.119 Mobile Safari/537.36 (compatible; Googlebot/2.1; +http://www.google.com/bot.html)"
66.249.65.197 - - [15/Jul/2025:14:06:15 +0000] "POST /get-message-notify HTTP/1.1" 200 40309 "https://abl.academy/item/petro32871362/" "Mozilla/5.0 (Linux; Android 6.0.1; Nexus 5X Build/MMB29P) AppleWebKit/537.36 (KHTML, like Gecko) Chrome/137.0.7151.119 Mobile Safari/537.36 (compatible; Googlebot/2.1; +http://www.google.com/bot.html)"
66.249.65.198 - - [15/Jul/2025:14:06:22 +0000] "GET /item/focus62775109/ HTTP/1.1" 200 40020 "-" "Mozilla/5.0 (Linux; Android 6.0.1; Nexus 5X Build/MMB29P) AppleWebKit/537.36 (KHTML, like Gecko) Chrome/137.0.7151.103 Mobile Safari/537.36 (compatible; Googlebot/2.1; +http://www.google.com/bot.html)"
66.249.65.198 - - [15/Jul/2025:14:06:23 +0000] "GET /item/repla82117911/ HTTP/1.1" 200 39742 "-" "Mozilla/5.0 (Linux; Android 6.0.1; Nexus 5X Build/MMB29P) AppleWebKit/537.36 (KHTML, like Gecko) Chrome/137.0.7151.103 Mobile Safari/537.36 (compatible; Googlebot/2.1; +http://www.google.com/bot.html)"
66.249.65.197 - - [15/Jul/2025:14:06:25 +0000] "GET /item/hero31065802/ HTTP/1.1" 200 40001 "-" "Mozilla/5.0 (Linux; Android 6.0.1; Nexus 5X Build/MMB29P) AppleWebKit/537.36 (KHTML, like Gecko) Chrome/137.0.7151.103 Mobile Safari/537.36 (compatible; Googlebot/2.1; +http://www.google.com/bot.html)"
66.249.65.198 - - [15/Jul/2025:14:06:26 +0000] "GET /item/radia62323453/ HTTP/1.1" 200 39932 "-" "Mozilla/5.0 (Linux; Android 6.0.1; Nexus 5X Build/MMB29P) AppleWebKit/537.36 (KHTML, like Gecko) Chrome/137.0.7151.103 Mobile Safari/537.36 (compatible; Googlebot/2.1; +http://www.google.com/bot.html)"
66.249.65.197 - - [15/Jul/2025:14:06:29 +0000] "POST /get-message-notify HTTP/1.1" 200 40250 "https://abl.academy/item/foref11474424/" "Mozilla/5.0 (Linux; Android 6.0.1; Nexus 5X Build/MMB29P) AppleWebKit/537.36 (KHTML, like Gecko) Chrome/137.0.7151.119 Mobile Safari/537.36 (compatible; Googlebot/2.1; +http://www.google.com/bot.html)"
66.249.65.198 - - [15/Jul/2025:14:06:30 +0000] "GET /item/tent70128478/ HTTP/1.1" 200 40443 "-" "Mozilla/5.0 (Linux; Android 6.0.1; Nexus 5X Build/MMB29P) AppleWebKit/537.36 (KHTML, like Gecko) Chrome/137.0.7151.103 Mobile Safari/537.36 (compatible; Googlebot/2.1; +http://www.google.com/bot.html)"
66.249.65.198 - - [15/Jul/2025:14:06:32 +0000] "GET /shopdetail/227241249 HTTP/1.1" 200 40555 "-" "Mozilla/5.0 (Linux; Android 6.0.1; Nexus 5X Build/MMB29P) AppleWebKit/537.36 (KHTML, like Gecko) Chrome/137.0.7151.103 Mobile Safari/537.36 (compatible; Googlebot/2.1; +http://www.google.com/bot.html)"
66.249.65.197 - - [15/Jul/2025:14:06:33 +0000] "GET /zhHant/product/surugaya/42136417?campaign_uid=f64d716db5e979ed2f947dbaf4296895b951ae7f HTTP/1.1" 200 40099 "-" "Mozilla/5.0 (Linux; Android 6.0.1; Nexus 5X Build/MMB29P) AppleWebKit/537.36 (KHTML, like Gecko) Chrome/137.0.7151.103 Mobile Safari/537.36 (compatible; Googlebot/2.1; +http://www.google.com/bot.html)"
66.249.65.197 - - [15/Jul/2025:14:08:45 +0000] "GET /sitemap.xml HTTP/1.1" 200 200 "-" "Mozilla/5.0 (compatible; Googlebot/2.1; +http://www.google.com/bot.html)"
209.74.77.214 - - [15/Jul/2025:14:10:36 +0000] "POST /wp-cron.php?doing_wp_cron=1752588636.0055849552154541015625 HTTP/1.1" 200 - "-" "WordPress/6.8.1; https://abl.academy"
34.230.124.21 - - [15/Jul/2025:14:10:35 +0000] "GET /courses/test/lessons/lesson-80/ HTTP/1.1" 200 32736 "-" "Mozilla/5.0 AppleWebKit/537.36 (KHTML, like Gecko; compatible; Amazonbot/0.1; +https://developer.amazon.com/support/amazonbot) Chrome/119.0.6045.214 Safari/537.36"
100.29.160.53 - - [15/Jul/2025:14:10:39 +0000] "GET /account/?action=register HTTP/1.1" 200 9784 "-" "Mozilla/5.0 AppleWebKit/537.36 (KHTML, like Gecko; compatible; Amazonbot/0.1; +https://developer.amazon.com/support/amazonbot) Chrome/119.0.6045.214 Safari/537.36"
185.247.137.183 - - [15/Jul/2025:14:11:27 +0000] "GET / HTTP/1.1" 200 9695 "http://www.abl.academy" "Mozilla/5.0 (compatible; InternetMeasurement/1.0; +https://internet-measurement.com/)"
185.247.137.180 - - [15/Jul/2025:14:11:28 +0000] "GET /wp-content/uploads/2024/06/cropped-ABL-Favicon-32x32.png HTTP/1.1" 200 696 "-" "Mozilla/5.0 (compatible; InternetMeasurement/1.0; +https://internet-measurement.com/)"
87.236.176.27 - - [15/Jul/2025:14:11:28 +0000] "GET /favicon.ico HTTP/1.1" 302 - "-" "Mozilla/5.0 (compatible; InternetMeasurement/1.0; +https://internet-measurement.com/)"
185.247.137.138 - - [15/Jul/2025:14:11:28 +0000] "GET /wp-content/uploads/2024/06/cropped-ABL-Favicon-270x270.png HTTP/1.1" 200 6579 "-" "Mozilla/5.0 (compatible; InternetMeasurement/1.0; +https://internet-measurement.com/)"
185.247.137.181 - - [15/Jul/2025:14:11:28 +0000] "GET /wp-content/uploads/2024/06/cropped-ABL-Favicon-180x180.png HTTP/1.1" 200 3987 "-" "Mozilla/5.0 (compatible; InternetMeasurement/1.0; +https://internet-measurement.com/)"
185.247.137.144 - - [15/Jul/2025:14:11:28 +0000] "GET /wp-content/uploads/2024/06/cropped-ABL-Favicon-192x192.png HTTP/1.1" 200 4302 "-" "Mozilla/5.0 (compatible; InternetMeasurement/1.0; +https://internet-measurement.com/)"
87.236.176.27 - - [15/Jul/2025:14:11:29 +0000] "GET /wp-content/uploads/2024/06/cropped-ABL-Favicon-32x32.png HTTP/1.1" 200 696 "https://abl.academy/favicon.ico" "Mozilla/5.0 (compatible; InternetMeasurement/1.0; +https://internet-measurement.com/)"
66.249.65.197 - - [15/Jul/2025:14:11:31 +0000] "GET /shopdetail/283395749 HTTP/1.1" 200 40122 "-" "Mozilla/5.0 (compatible; Googlebot/2.1; +http://www.google.com/bot.html)"
66.249.65.197 - - [15/Jul/2025:14:15:57 +0000] "POST /get-message-notify HTTP/1.1" 200 40367 "https://abl.academy/item/nude60935869/" "Mozilla/5.0 (Linux; Android 6.0.1; Nexus 5X Build/MMB29P) AppleWebKit/537.36 (KHTML, like Gecko) Chrome/137.0.7151.119 Mobile Safari/537.36 (compatible; Googlebot/2.1; +http://www.google.com/bot.html)"
66.249.65.197 - - [15/Jul/2025:14:23:46 +0000] "GET /sitemapa.xml HTTP/1.1" 200 10884 "-" "Mozilla/5.0 (compatible; Googlebot/2.1; +http://www.google.com/bot.html)"
66.249.65.197 - - [15/Jul/2025:14:23:49 +0000] "GET /sitemapc.xml HTTP/1.1" 200 17391 "-" "Mozilla/5.0 (compatible; Googlebot/2.1; +http://www.google.com/bot.html)"
66.249.65.197 - - [15/Jul/2025:14:23:52 +0000] "GET /sitemapd.xml HTTP/1.1" 200 13733 "-" "Mozilla/5.0 (compatible; Googlebot/2.1; +http://www.google.com/bot.html)"
66.249.65.197 - - [15/Jul/2025:14:23:53 +0000] "GET /sitemape.xml HTTP/1.1" 200 15753 "-" "Mozilla/5.0 (compatible; Googlebot/2.1; +http://www.google.com/bot.html)"
66.249.65.197 - - [15/Jul/2025:14:23:53 +0000] "GET /sitemapf.xml HTTP/1.1" 200 9702 "-" "Mozilla/5.0 (compatible; Googlebot/2.1; +http://www.google.com/bot.html)"
66.249.65.197 - - [15/Jul/2025:14:23:55 +0000] "GET /sitemapg.xml HTTP/1.1" 200 15630 "-" "Mozilla/5.0 (compatible; Googlebot/2.1; +http://www.google.com/bot.html)"
66.249.65.197 - - [15/Jul/2025:14:23:55 +0000] "GET /sitemaph.xml HTTP/1.1" 200 14866 "-" "Mozilla/5.0 (compatible; Googlebot/2.1; +http://www.google.com/bot.html)"
66.249.65.197 - - [15/Jul/2025:14:23:56 +0000] "GET /sitemapi.xml HTTP/1.1" 200 15562 "-" "Mozilla/5.0 (compatible; Googlebot/2.1; +http://www.google.com/bot.html)"
66.249.65.197 - - [15/Jul/2025:14:23:56 +0000] "GET /sitemapj.xml HTTP/1.1" 200 14182 "-" "Mozilla/5.0 (compatible; Googlebot/2.1; +http://www.google.com/bot.html)"
66.249.65.197 - - [15/Jul/2025:14:23:57 +0000] "GET /sitemapk.xml HTTP/1.1" 200 9598 "-" "Mozilla/5.0 (compatible; Googlebot/2.1; +http://www.google.com/bot.html)"
66.249.65.197 - - [15/Jul/2025:14:23:57 +0000] "GET /sitemapl.xml HTTP/1.1" 200 9647 "-" "Mozilla/5.0 (compatible; Googlebot/2.1; +http://www.google.com/bot.html)"
66.249.65.197 - - [15/Jul/2025:14:23:59 +0000] "GET /sitemapm.xml HTTP/1.1" 200 16865 "-" "Mozilla/5.0 (compatible; Googlebot/2.1; +http://www.google.com/bot.html)"
66.249.65.198 - - [15/Jul/2025:14:24:00 +0000] "GET /sitemapn.xml HTTP/1.1" 200 17670 "-" "Mozilla/5.0 (compatible; Googlebot/2.1; +http://www.google.com/bot.html)"
66.249.65.197 - - [15/Jul/2025:14:24:01 +0000] "GET /sitemapo.xml HTTP/1.1" 200 10893 "-" "Mozilla/5.0 (compatible; Googlebot/2.1; +http://www.google.com/bot.html)"
205.210.31.121 - - [15/Jul/2025:14:25:06 +0000] "GET / HTTP/1.1" 200 9695 "http://abl.academy/" "\"Xpanse-bot"
34.72.176.129 - - [15/Jul/2025:14:26:25 +0000] "GET / HTTP/1.1" 200 9695 "-" "Mozilla/5.0 (X11; Linux x86_64) AppleWebKit/537.36 (KHTML, like Gecko) HeadlessChrome/117.0.5938.132 Safari/537.36"
34.72.176.129 - - [15/Jul/2025:14:26:25 +0000] "GET /wp-includes/css/dist/block-library/style.min.css?ver=6.8.1 HTTP/1.1" 200 15323 "https://abl.academy/" "Mozilla/5.0 (X11; Linux x86_64) AppleWebKit/537.36 (KHTML, like Gecko) HeadlessChrome/117.0.5938.132 Safari/537.36"
34.72.176.129 - - [15/Jul/2025:14:26:25 +0000] "GET /wp-content/themes/eduma/assets/css/thim-ekits-icons.min.css?ver=5.5.8 HTTP/1.1" 200 10395 "https://abl.academy/" "Mozilla/5.0 (X11; Linux x86_64) AppleWebKit/537.36 (KHTML, like Gecko) HeadlessChrome/117.0.5938.132 Safari/537.36"
34.72.176.129 - - [15/Jul/2025:14:26:25 +0000] "GET /wp-content/plugins/learnpress/assets/css/widgets.min.css?ver=4.2.8.7.4 HTTP/1.1" 200 4619 "https://abl.academy/" "Mozilla/5.0 (X11; Linux x86_64) AppleWebKit/537.36 (KHTML, like Gecko) HeadlessChrome/117.0.5938.132 Safari/537.36"
34.72.176.129 - - [15/Jul/2025:14:26:25 +0000] "GET /wp-content/themes/eduma/assets/css/all.min.css?ver=5.5.8 HTTP/1.1" 200 12790 "https://abl.academy/" "Mozilla/5.0 (X11; Linux x86_64) AppleWebKit/537.36 (KHTML, like Gecko) HeadlessChrome/117.0.5938.132 Safari/537.36"
34.72.176.129 - - [15/Jul/2025:14:26:25 +0000] "GET /wp-content/themes/eduma/assets/css/v4-shims.min.css?ver=5.5.8 HTTP/1.1" 200 4228 "https://abl.academy/" "Mozilla/5.0 (X11; Linux x86_64) AppleWebKit/537.36 (KHTML, like Gecko) HeadlessChrome/117.0.5938.132 Safari/537.36"
34.72.176.129 - - [15/Jul/2025:14:26:26 +0000] "GET /wp-content/plugins/woocommerce/assets/css/brands.css?ver=10.0.2 HTTP/1.1" 200 684 "https://abl.academy/" "Mozilla/5.0 (X11; Linux x86_64) AppleWebKit/537.36 (KHTML, like Gecko) HeadlessChrome/117.0.5938.132 Safari/537.36"
34.72.176.129 - - [15/Jul/2025:14:26:26 +0000] "GET /wp-includes/js/jquery/jquery.min.js?ver=3.7.1 HTTP/1.1" 200 30368 "https://abl.academy/" "Mozilla/5.0 (X11; Linux x86_64) AppleWebKit/537.36 (KHTML, like Gecko) HeadlessChrome/117.0.5938.132 Safari/537.36"
34.72.176.129 - - [15/Jul/2025:14:26:26 +0000] "GET /wp-content/themes/eduma/style.css?ver=5.5.8 HTTP/1.1" 200 104917 "https://abl.academy/" "Mozilla/5.0 (X11; Linux x86_64) AppleWebKit/537.36 (KHTML, like Gecko) HeadlessChrome/117.0.5938.132 Safari/537.36"
34.72.176.129 - - [15/Jul/2025:14:26:26 +0000] "GET /wp-includes/js/jquery/jquery-migrate.min.js?ver=3.4.1 HTTP/1.1" 200 4872 "https://abl.academy/" "Mozilla/5.0 (X11; Linux x86_64) AppleWebKit/537.36 (KHTML, like Gecko) HeadlessChrome/117.0.5938.132 Safari/537.36"
34.72.176.129 - - [15/Jul/2025:14:26:26 +0000] "GET /wp-content/plugins/woocommerce/assets/client/blocks/wc-blocks.css?ver=wc-10.0.2 HTTP/1.1" 200 2575 "https://abl.academy/" "Mozilla/5.0 (X11; Linux x86_64) AppleWebKit/537.36 (KHTML, like Gecko) HeadlessChrome/117.0.5938.132 Safari/537.36"
34.72.176.129 - - [15/Jul/2025:14:26:26 +0000] "GET /wp-content/plugins/woocommerce/assets/js/sourcebuster/sourcebuster.min.js?ver=10.0.2 HTTP/1.1" 200 4807 "https://abl.academy/" "Mozilla/5.0 (X11; Linux x86_64) AppleWebKit/537.36 (KHTML, like Gecko) HeadlessChrome/117.0.5938.132 Safari/537.36"
34.72.176.129 - - [15/Jul/2025:14:26:26 +0000] "GET /wp-content/plugins/woocommerce/assets/js/frontend/order-attribution.min.js?ver=10.0.2 HTTP/1.1" 200 1128 "https://abl.academy/" "Mozilla/5.0 (X11; Linux x86_64) AppleWebKit/537.36 (KHTML, like Gecko) HeadlessChrome/117.0.5938.132 Safari/537.36"
34.72.176.129 - - [15/Jul/2025:14:26:26 +0000] "GET /wp-includes/js/imagesloaded.min.js?ver=5.0.0 HTTP/1.1" 200 1803 "https://abl.academy/" "Mozilla/5.0 (X11; Linux x86_64) AppleWebKit/537.36 (KHTML, like Gecko) HeadlessChrome/117.0.5938.132 Safari/537.36"
34.72.176.129 - - [15/Jul/2025:14:26:26 +0000] "GET /wp-content/themes/eduma/assets/js/main.min.js?ver=5.5.8 HTTP/1.1" 200 21197 "https://abl.academy/" "Mozilla/5.0 (X11; Linux x86_64) AppleWebKit/537.36 (KHTML, like Gecko) HeadlessChrome/117.0.5938.132 Safari/537.36"
34.72.176.129 - - [15/Jul/2025:14:26:26 +0000] "GET /wp-content/themes/eduma/assets/js/thim-scripts.min.js?ver=5.5.8 HTTP/1.1" 200 9207 "https://abl.academy/" "Mozilla/5.0 (X11; Linux x86_64) AppleWebKit/537.36 (KHTML, like Gecko) HeadlessChrome/117.0.5938.132 Safari/537.36"
34.72.176.129 - - [15/Jul/2025:14:26:26 +0000] "GET /wp-content/plugins/woocommerce/assets/js/jquery-blockui/jquery.blockUI.min.js?ver=2.7.0-wc.10.0.2 HTTP/1.1" 200 3537 "https://abl.academy/" "Mozilla/5.0 (X11; Linux x86_64) AppleWebKit/537.36 (KHTML, like Gecko) HeadlessChrome/117.0.5938.132 Safari/537.36"
34.72.176.129 - - [15/Jul/2025:14:26:26 +0000] "GET /wp-content/plugins/woocommerce/assets/js/frontend/add-to-cart.min.js?ver=10.0.2 HTTP/1.1" 200 1407 "https://abl.academy/" "Mozilla/5.0 (X11; Linux x86_64) AppleWebKit/537.36 (KHTML, like Gecko) HeadlessChrome/117.0.5938.132 Safari/537.36"
34.72.176.129 - - [15/Jul/2025:14:26:26 +0000] "GET /wp-content/plugins/learnpress/assets/js/dist/loadAJAX.min.js?ver=4.2.8.7.4 HTTP/1.1" 200 1613 "https://abl.academy/" "Mozilla/5.0 (X11; Linux x86_64) AppleWebKit/537.36 (KHTML, like Gecko) HeadlessChrome/117.0.5938.132 Safari/537.36"
34.72.176.129 - - [15/Jul/2025:14:26:26 +0000] "GET /wp-content/themes/eduma/assets/fonts/awesome-5x/fa-solid-900.woff2 HTTP/1.1" 200 80265 "https://abl.academy/wp-content/themes/eduma/assets/css/all.min.css?ver=5.5.8" "Mozilla/5.0 (X11; Linux x86_64) AppleWebKit/537.36 (KHTML, like Gecko) HeadlessChrome/117.0.5938.132 Safari/537.36"
34.72.176.129 - - [15/Jul/2025:14:26:26 +0000] "GET /wp-content/uploads/2024/06/Untitled-design2white.png HTTP/1.1" 200 6348 "https://abl.academy/" "Mozilla/5.0 (X11; Linux x86_64) AppleWebKit/537.36 (KHTML, like Gecko) HeadlessChrome/117.0.5938.132 Safari/537.36"
34.72.176.129 - - [15/Jul/2025:14:26:26 +0000] "GET /wp-content/uploads/2022/11/Eduma-cover-banner-17.jpg HTTP/1.1" 200 108034 "https://abl.academy/" "Mozilla/5.0 (X11; Linux x86_64) AppleWebKit/537.36 (KHTML, like Gecko) HeadlessChrome/117.0.5938.132 Safari/537.36"
34.72.176.129 - - [15/Jul/2025:14:26:26 +0000] "GET /wp-content/themes/eduma/assets/fonts/thim-ekits/thim-ekits.woff2 HTTP/1.1" 200 217865 "https://abl.academy/wp-content/themes/eduma/assets/css/thim-ekits-icons.min.css?ver=5.5.8" "Mozilla/5.0 (X11; Linux x86_64) AppleWebKit/537.36 (KHTML, like Gecko) HeadlessChrome/117.0.5938.132 Safari/537.36"
34.123.170.104 - - [15/Jul/2025:14:26:27 +0000] "GET / HTTP/1.1" 200 9695 "-" "Mozilla/5.0 (Macintosh; Intel Mac OS X 10_15_4) AppleWebKit/537.36 (KHTML, like Gecko) Chrome/83.0.4103.97 Safari/537.36"
34.123.170.104 - - [15/Jul/2025:14:26:27 +0000] "GET /wp-includes/js/jquery/jquery.min.js?ver=3.7.1 HTTP/1.1" 200 30368 "https://abl.academy/" "Mozilla/5.0 (Macintosh; Intel Mac OS X 10_15_4) AppleWebKit/537.36 (KHTML, like Gecko) Chrome/83.0.4103.97 Safari/537.36"
34.123.170.104 - - [15/Jul/2025:14:26:28 +0000] "GET /wp-includes/js/jquery/jquery-migrate.min.js?ver=3.4.1 HTTP/1.1" 200 4872 "https://abl.academy/" "Mozilla/5.0 (Macintosh; Intel Mac OS X 10_15_4) AppleWebKit/537.36 (KHTML, like Gecko) Chrome/83.0.4103.97 Safari/537.36"
34.123.170.104 - - [15/Jul/2025:14:26:28 +0000] "GET /wp-content/plugins/woocommerce/assets/js/sourcebuster/sourcebuster.min.js?ver=10.0.2 HTTP/1.1" 200 4807 "https://abl.academy/" "Mozilla/5.0 (Macintosh; Intel Mac OS X 10_15_4) AppleWebKit/537.36 (KHTML, like Gecko) Chrome/83.0.4103.97 Safari/537.36"
34.123.170.104 - - [15/Jul/2025:14:26:28 +0000] "GET /wp-content/plugins/woocommerce/assets/js/frontend/order-attribution.min.js?ver=10.0.2 HTTP/1.1" 200 1128 "https://abl.academy/" "Mozilla/5.0 (Macintosh; Intel Mac OS X 10_15_4) AppleWebKit/537.36 (KHTML, like Gecko) Chrome/83.0.4103.97 Safari/537.36"
34.123.170.104 - - [15/Jul/2025:14:26:28 +0000] "GET /wp-includes/js/imagesloaded.min.js?ver=5.0.0 HTTP/1.1" 200 1803 "https://abl.academy/" "Mozilla/5.0 (Macintosh; Intel Mac OS X 10_15_4) AppleWebKit/537.36 (KHTML, like Gecko) Chrome/83.0.4103.97 Safari/537.36"
34.123.170.104 - - [15/Jul/2025:14:26:28 +0000] "GET /wp-content/themes/eduma/assets/js/thim-scripts.min.js?ver=5.5.8 HTTP/1.1" 200 9207 "https://abl.academy/" "Mozilla/5.0 (Macintosh; Intel Mac OS X 10_15_4) AppleWebKit/537.36 (KHTML, like Gecko) Chrome/83.0.4103.97 Safari/537.36"
34.123.170.104 - - [15/Jul/2025:14:26:28 +0000] "GET /wp-content/themes/eduma/assets/js/main.min.js?ver=5.5.8 HTTP/1.1" 200 21197 "https://abl.academy/" "Mozilla/5.0 (Macintosh; Intel Mac OS X 10_15_4) AppleWebKit/537.36 (KHTML, like Gecko) Chrome/83.0.4103.97 Safari/537.36"
104.197.69.115 - - [15/Jul/2025:14:26:28 +0000] "GET /wp-content/plugins/woocommerce/assets/js/jquery-blockui/jquery.blockUI.min.js?ver=2.7.0-wc.10.0.2 HTTP/1.1" 200 3537 "https://abl.academy/" "Mozilla/5.0 (Macintosh; Intel Mac OS X 10_15_4) AppleWebKit/537.36 (KHTML, like Gecko) Chrome/83.0.4103.97 Safari/537.36"
34.72.176.129 - - [15/Jul/2025:14:26:28 +0000] "GET /wp-content/plugins/woocommerce/assets/js/frontend/add-to-cart.min.js?ver=10.0.2 HTTP/1.1" 200 1407 "https://abl.academy/" "Mozilla/5.0 (Macintosh; Intel Mac OS X 10_15_4) AppleWebKit/537.36 (KHTML, like Gecko) Chrome/83.0.4103.97 Safari/537.36"
34.72.176.129 - - [15/Jul/2025:14:26:28 +0000] "GET /wp-content/plugins/learnpress/assets/js/dist/loadAJAX.min.js?ver=4.2.8.7.4 HTTP/1.1" 200 1613 "https://abl.academy/" "Mozilla/5.0 (Macintosh; Intel Mac OS X 10_15_4) AppleWebKit/537.36 (KHTML, like Gecko) Chrome/83.0.4103.97 Safari/537.36"
209.74.77.214 - - [15/Jul/2025:14:30:46 +0000] "POST /wp-cron.php?doing_wp_cron=1752589846.0334889888763427734375 HTTP/1.1" 200 - "-" "WordPress/6.8.1; https://abl.academy"
185.157.213.215 - - [15/Jul/2025:14:30:45 +0000] "GET /lms-wordpress-plugin/ HTTP/1.0" 200 69405 "https://abl.academy/lms-wordpress-plugin/" "Mozilla/5.0 (Windows NT 10.0; Win64; x64) AppleWebKit/537.36 (KHTML, like Gecko) Chrome/131.0.0.0 Safari/537.36"
185.157.213.215 - - [15/Jul/2025:14:30:46 +0000] "POST /wp-comments-post.php HTTP/1.0" 302 - "https://abl.academy/lms-wordpress-plugin/" "Mozilla/5.0 (Windows NT 10.0; Win64; x64) AppleWebKit/537.36 (KHTML, like Gecko) Chrome/131.0.0.0 Safari/537.36"
185.157.213.215 - - [15/Jul/2025:14:30:47 +0000] "GET /lms-wordpress-plugin/?unapproved=5885&moderation-hash=115e1cd097925db93ce08a1dfa34f604 HTTP/1.0" 200 69494 "https://abl.academy/lms-wordpress-plugin/?unapproved=5885&moderation-hash=115e1cd097925db93ce08a1dfa34f604#comment-5885" "Mozilla/5.0 (Windows NT 10.0; Win64; x64) AppleWebKit/537.36 (KHTML, like Gecko) Chrome/131.0.0.0 Safari/537.36"
66.249.65.197 - - [15/Jul/2025:14:31:06 +0000] "GET /shop/?add-to-cart=1696 HTTP/1.1" 200 40108 "-" "Mozilla/5.0 (Linux; Android 6.0.1; Nexus 5X Build/MMB29P) AppleWebKit/537.36 (KHTML, like Gecko) Chrome/137.0.7151.103 Mobile Safari/537.36 (compatible; Googlebot/2.1; +http://www.google.com/bot.html)"
34.123.170.104 - - [15/Jul/2025:14:31:13 +0000] "GET / HTTP/1.1" 200 9695 "-" "Mozilla/5.0 (X11; Linux x86_64) AppleWebKit/537.36 (KHTML, like Gecko) HeadlessChrome/117.0.5938.132 Safari/537.36"
34.123.170.104 - - [15/Jul/2025:14:31:13 +0000] "GET /wp-includes/css/dist/block-library/style.min.css?ver=6.8.1 HTTP/1.1" 200 15323 "https://abl.academy/" "Mozilla/5.0 (X11; Linux x86_64) AppleWebKit/537.36 (KHTML, like Gecko) HeadlessChrome/117.0.5938.132 Safari/537.36"
34.123.170.104 - - [15/Jul/2025:14:31:13 +0000] "GET /wp-content/plugins/woocommerce/assets/css/brands.css?ver=10.0.2 HTTP/1.1" 200 684 "https://abl.academy/" "Mozilla/5.0 (X11; Linux x86_64) AppleWebKit/537.36 (KHTML, like Gecko) HeadlessChrome/117.0.5938.132 Safari/537.36"
34.123.170.104 - - [15/Jul/2025:14:31:14 +0000] "GET /wp-content/plugins/learnpress/assets/css/widgets.min.css?ver=4.2.8.7.4 HTTP/1.1" 200 4619 "https://abl.academy/" "Mozilla/5.0 (X11; Linux x86_64) AppleWebKit/537.36 (KHTML, like Gecko) HeadlessChrome/117.0.5938.132 Safari/537.36"
34.123.170.104 - - [15/Jul/2025:14:31:14 +0000] "GET /wp-content/themes/eduma/assets/css/all.min.css?ver=5.5.8 HTTP/1.1" 200 12790 "https://abl.academy/" "Mozilla/5.0 (X11; Linux x86_64) AppleWebKit/537.36 (KHTML, like Gecko) HeadlessChrome/117.0.5938.132 Safari/537.36"
104.197.69.115 - - [15/Jul/2025:14:31:14 +0000] "GET /wp-content/themes/eduma/assets/css/thim-ekits-icons.min.css?ver=5.5.8 HTTP/1.1" 200 10395 "https://abl.academy/" "Mozilla/5.0 (X11; Linux x86_64) AppleWebKit/537.36 (KHTML, like Gecko) HeadlessChrome/117.0.5938.132 Safari/537.36"
34.123.170.104 - - [15/Jul/2025:14:31:14 +0000] "GET /wp-content/themes/eduma/assets/css/v4-shims.min.css?ver=5.5.8 HTTP/1.1" 200 4228 "https://abl.academy/" "Mozilla/5.0 (X11; Linux x86_64) AppleWebKit/537.36 (KHTML, like Gecko) HeadlessChrome/117.0.5938.132 Safari/537.36"
34.123.170.104 - - [15/Jul/2025:14:31:14 +0000] "GET /wp-includes/js/jquery/jquery.min.js?ver=3.7.1 HTTP/1.1" 200 30368 "https://abl.academy/" "Mozilla/5.0 (X11; Linux x86_64) AppleWebKit/537.36 (KHTML, like Gecko) HeadlessChrome/117.0.5938.132 Safari/537.36"
104.197.69.115 - - [15/Jul/2025:14:31:14 +0000] "GET /wp-includes/js/jquery/jquery-migrate.min.js?ver=3.4.1 HTTP/1.1" 200 4872 "https://abl.academy/" "Mozilla/5.0 (X11; Linux x86_64) AppleWebKit/537.36 (KHTML, like Gecko) HeadlessChrome/117.0.5938.132 Safari/537.36"
34.123.170.104 - - [15/Jul/2025:14:31:14 +0000] "GET /wp-content/themes/eduma/style.css?ver=5.5.8 HTTP/1.1" 200 104917 "https://abl.academy/" "Mozilla/5.0 (X11; Linux x86_64) AppleWebKit/537.36 (KHTML, like Gecko) HeadlessChrome/117.0.5938.132 Safari/537.36"
104.197.69.115 - - [15/Jul/2025:14:31:14 +0000] "GET /wp-content/plugins/woocommerce/assets/client/blocks/wc-blocks.css?ver=wc-10.0.2 HTTP/1.1" 200 2575 "https://abl.academy/" "Mozilla/5.0 (X11; Linux x86_64) AppleWebKit/537.36 (KHTML, like Gecko) HeadlessChrome/117.0.5938.132 Safari/537.36"
104.197.69.115 - - [15/Jul/2025:14:31:14 +0000] "GET /wp-content/plugins/woocommerce/assets/js/sourcebuster/sourcebuster.min.js?ver=10.0.2 HTTP/1.1" 200 4807 "https://abl.academy/" "Mozilla/5.0 (X11; Linux x86_64) AppleWebKit/537.36 (KHTML, like Gecko) HeadlessChrome/117.0.5938.132 Safari/537.36"
34.123.170.104 - - [15/Jul/2025:14:31:14 +0000] "GET /wp-content/plugins/woocommerce/assets/js/frontend/order-attribution.min.js?ver=10.0.2 HTTP/1.1" 200 1128 "https://abl.academy/" "Mozilla/5.0 (X11; Linux x86_64) AppleWebKit/537.36 (KHTML, like Gecko) HeadlessChrome/117.0.5938.132 Safari/537.36"
104.197.69.115 - - [15/Jul/2025:14:31:14 +0000] "GET /wp-includes/js/imagesloaded.min.js?ver=5.0.0 HTTP/1.1" 200 1803 "https://abl.academy/" "Mozilla/5.0 (X11; Linux x86_64) AppleWebKit/537.36 (KHTML, like Gecko) HeadlessChrome/117.0.5938.132 Safari/537.36"
34.122.147.229 - - [15/Jul/2025:14:31:14 +0000] "GET /wp-content/plugins/woocommerce/assets/js/frontend/add-to-cart.min.js?ver=10.0.2 HTTP/1.1" 200 1407 "https://abl.academy/" "Mozilla/5.0 (X11; Linux x86_64) AppleWebKit/537.36 (KHTML, like Gecko) HeadlessChrome/117.0.5938.132 Safari/537.36"
104.197.69.115 - - [15/Jul/2025:14:31:14 +0000] "GET /wp-content/plugins/woocommerce/assets/js/jquery-blockui/jquery.blockUI.min.js?ver=2.7.0-wc.10.0.2 HTTP/1.1" 200 3537 "https://abl.academy/" "Mozilla/5.0 (X11; Linux x86_64) AppleWebKit/537.36 (KHTML, like Gecko) HeadlessChrome/117.0.5938.132 Safari/537.36"
34.123.170.104 - - [15/Jul/2025:14:31:14 +0000] "GET /wp-content/themes/eduma/assets/js/thim-scripts.min.js?ver=5.5.8 HTTP/1.1" 200 9207 "https://abl.academy/" "Mozilla/5.0 (X11; Linux x86_64) AppleWebKit/537.36 (KHTML, like Gecko) HeadlessChrome/117.0.5938.132 Safari/537.36"
34.123.170.104 - - [15/Jul/2025:14:31:14 +0000] "GET /wp-content/themes/eduma/assets/js/main.min.js?ver=5.5.8 HTTP/1.1" 200 21197 "https://abl.academy/" "Mozilla/5.0 (X11; Linux x86_64) AppleWebKit/537.36 (KHTML, like Gecko) HeadlessChrome/117.0.5938.132 Safari/537.36"
34.123.170.104 - - [15/Jul/2025:14:31:14 +0000] "GET /wp-content/plugins/learnpress/assets/js/dist/loadAJAX.min.js?ver=4.2.8.7.4 HTTP/1.1" 200 1613 "https://abl.academy/" "Mozilla/5.0 (X11; Linux x86_64) AppleWebKit/537.36 (KHTML, like Gecko) HeadlessChrome/117.0.5938.132 Safari/537.36"
34.123.170.104 - - [15/Jul/2025:14:31:14 +0000] "GET /wp-content/uploads/2024/06/Untitled-design2white.png HTTP/1.1" 200 6348 "https://abl.academy/" "Mozilla/5.0 (X11; Linux x86_64) AppleWebKit/537.36 (KHTML, like Gecko) HeadlessChrome/117.0.5938.132 Safari/537.36"
104.197.69.115 - - [15/Jul/2025:14:31:14 +0000] "GET /wp-content/themes/eduma/assets/fonts/thim-ekits/thim-ekits.woff2 HTTP/1.1" 200 217865 "https://abl.academy/wp-content/themes/eduma/assets/css/thim-ekits-icons.min.css?ver=5.5.8" "Mozilla/5.0 (X11; Linux x86_64) AppleWebKit/537.36 (KHTML, like Gecko) HeadlessChrome/117.0.5938.132 Safari/537.36"
34.122.147.229 - - [15/Jul/2025:14:31:14 +0000] "GET /wp-content/themes/eduma/assets/fonts/awesome-5x/fa-solid-900.woff2 HTTP/1.1" 200 80265 "https://abl.academy/wp-content/themes/eduma/assets/css/all.min.css?ver=5.5.8" "Mozilla/5.0 (X11; Linux x86_64) AppleWebKit/537.36 (KHTML, like Gecko) HeadlessChrome/117.0.5938.132 Safari/537.36"
104.197.69.115 - - [15/Jul/2025:14:31:14 +0000] "GET /wp-content/uploads/2022/11/Eduma-cover-banner-17.jpg HTTP/1.1" 200 108034 "https://abl.academy/" "Mozilla/5.0 (X11; Linux x86_64) AppleWebKit/537.36 (KHTML, like Gecko) HeadlessChrome/117.0.5938.132 Safari/537.36"
66.249.65.197 - - [15/Jul/2025:14:31:16 +0000] "GET /courses/test/lessons/lesson-10/ HTTP/1.1" 200 39873 "-" "Mozilla/5.0 (Linux; Android 6.0.1; Nexus 5X Build/MMB29P) AppleWebKit/537.36 (KHTML, like Gecko) Chrome/137.0.7151.103 Mobile Safari/537.36 (compatible; Googlebot/2.1; +http://www.google.com/bot.html)"
34.123.170.104 - - [15/Jul/2025:14:31:20 +0000] "GET / HTTP/1.1" 200 9695 "-" "Mozilla/5.0 (Macintosh; Intel Mac OS X 10_15_4) AppleWebKit/537.36 (KHTML, like Gecko) Chrome/83.0.4103.97 Safari/537.36"
34.123.170.104 - - [15/Jul/2025:14:31:20 +0000] "GET /wp-includes/js/jquery/jquery.min.js?ver=3.7.1 HTTP/1.1" 200 30368 "https://abl.academy/" "Mozilla/5.0 (Macintosh; Intel Mac OS X 10_15_4) AppleWebKit/537.36 (KHTML, like Gecko) Chrome/83.0.4103.97 Safari/537.36"
34.123.170.104 - - [15/Jul/2025:14:31:20 +0000] "GET /wp-includes/js/jquery/jquery-migrate.min.js?ver=3.4.1 HTTP/1.1" 200 4872 "https://abl.academy/" "Mozilla/5.0 (Macintosh; Intel Mac OS X 10_15_4) AppleWebKit/537.36 (KHTML, like Gecko) Chrome/83.0.4103.97 Safari/537.36"
34.123.170.104 - - [15/Jul/2025:14:31:20 +0000] "GET /wp-content/plugins/woocommerce/assets/js/sourcebuster/sourcebuster.min.js?ver=10.0.2 HTTP/1.1" 200 4807 "https://abl.academy/" "Mozilla/5.0 (Macintosh; Intel Mac OS X 10_15_4) AppleWebKit/537.36 (KHTML, like Gecko) Chrome/83.0.4103.97 Safari/537.36"
34.123.170.104 - - [15/Jul/2025:14:31:20 +0000] "GET /wp-content/plugins/woocommerce/assets/js/frontend/order-attribution.min.js?ver=10.0.2 HTTP/1.1" 200 1128 "https://abl.academy/" "Mozilla/5.0 (Macintosh; Intel Mac OS X 10_15_4) AppleWebKit/537.36 (KHTML, like Gecko) Chrome/83.0.4103.97 Safari/537.36"
34.123.170.104 - - [15/Jul/2025:14:31:20 +0000] "GET /wp-includes/js/imagesloaded.min.js?ver=5.0.0 HTTP/1.1" 200 1803 "https://abl.academy/" "Mozilla/5.0 (Macintosh; Intel Mac OS X 10_15_4) AppleWebKit/537.36 (KHTML, like Gecko) Chrome/83.0.4103.97 Safari/537.36"
34.123.170.104 - - [15/Jul/2025:14:31:20 +0000] "GET /wp-content/themes/eduma/assets/js/main.min.js?ver=5.5.8 HTTP/1.1" 200 21197 "https://abl.academy/" "Mozilla/5.0 (Macintosh; Intel Mac OS X 10_15_4) AppleWebKit/537.36 (KHTML, like Gecko) Chrome/83.0.4103.97 Safari/537.36"
34.123.170.104 - - [15/Jul/2025:14:31:20 +0000] "GET /wp-content/themes/eduma/assets/js/thim-scripts.min.js?ver=5.5.8 HTTP/1.1" 200 9207 "https://abl.academy/" "Mozilla/5.0 (Macintosh; Intel Mac OS X 10_15_4) AppleWebKit/537.36 (KHTML, like Gecko) Chrome/83.0.4103.97 Safari/537.36"
34.123.170.104 - - [15/Jul/2025:14:31:20 +0000] "GET /wp-content/plugins/learnpress/assets/js/dist/loadAJAX.min.js?ver=4.2.8.7.4 HTTP/1.1" 200 1613 "https://abl.academy/" "Mozilla/5.0 (Macintosh; Intel Mac OS X 10_15_4) AppleWebKit/537.36 (KHTML, like Gecko) Chrome/83.0.4103.97 Safari/537.36"
34.123.170.104 - - [15/Jul/2025:14:31:20 +0000] "GET /wp-content/plugins/woocommerce/assets/js/jquery-blockui/jquery.blockUI.min.js?ver=2.7.0-wc.10.0.2 HTTP/1.1" 200 3537 "https://abl.academy/" "Mozilla/5.0 (Macintosh; Intel Mac OS X 10_15_4) AppleWebKit/537.36 (KHTML, like Gecko) Chrome/83.0.4103.97 Safari/537.36"
34.72.176.129 - - [15/Jul/2025:14:31:20 +0000] "GET /wp-content/plugins/woocommerce/assets/js/frontend/add-to-cart.min.js?ver=10.0.2 HTTP/1.1" 200 1407 "https://abl.academy/" "Mozilla/5.0 (Macintosh; Intel Mac OS X 10_15_4) AppleWebKit/537.36 (KHTML, like Gecko) Chrome/83.0.4103.97 Safari/537.36"
66.249.65.197 - - [15/Jul/2025:14:31:21 +0000] "GET /shopdetail/13495749 HTTP/1.1" 200 39931 "-" "Mozilla/5.0 (Linux; Android 6.0.1; Nexus 5X Build/MMB29P) AppleWebKit/537.36 (KHTML, like Gecko) Chrome/137.0.7151.103 Mobile Safari/537.36 (compatible; Googlebot/2.1; +http://www.google.com/bot.html)"
66.249.65.197 - - [15/Jul/2025:14:31:33 +0000] "POST /get-message-notify HTTP/1.1" 200 40311 "https://abl.academy/shop/?add-to-cart=1696" "Mozilla/5.0 (Linux; Android 6.0.1; Nexus 5X Build/MMB29P) AppleWebKit/537.36 (KHTML, like Gecko) Chrome/137.0.7151.119 Mobile Safari/537.36 (compatible; Googlebot/2.1; +http://www.google.com/bot.html)"
84.54.44.30 - - [15/Jul/2025:14:31:50 +0000] "GET /lms-wordpress-plugin/ HTTP/1.0" 200 69405 "https://abl.academy/lms-wordpress-plugin/" "Mozilla/5.0 (Windows NT 10.0; Win64; x64) AppleWebKit/537.36 (KHTML, like Gecko) Chrome/131.0.0.0 Safari/537.36 Avast/131.0.0.0"
84.54.44.30 - - [15/Jul/2025:14:31:52 +0000] "POST /wp-comments-post.php HTTP/1.0" 302 - "https://abl.academy/lms-wordpress-plugin/" "Mozilla/5.0 (Windows NT 10.0; Win64; x64) AppleWebKit/537.36 (KHTML, like Gecko) Chrome/131.0.0.0 Safari/537.36 Avast/131.0.0.0"
84.54.44.30 - - [15/Jul/2025:14:31:53 +0000] "GET /lms-wordpress-plugin/?unapproved=5886&moderation-hash=6fc09f74f26cbb208aa6ebb9893209ca HTTP/1.0" 200 69494 "https://abl.academy/lms-wordpress-plugin/?unapproved=5886&moderation-hash=6fc09f74f26cbb208aa6ebb9893209ca#comment-5886" "Mozilla/5.0 (Windows NT 10.0; Win64; x64) AppleWebKit/537.36 (KHTML, like Gecko) Chrome/131.0.0.0 Safari/537.36 Avast/131.0.0.0"
66.249.65.199 - - [15/Jul/2025:14:32:16 +0000] "GET /product/cup-crown-pattern/ HTTP/1.1" 200 39950 "-" "Mozilla/5.0 (Linux; Android 6.0.1; Nexus 5X Build/MMB29P) AppleWebKit/537.36 (KHTML, like Gecko) Chrome/137.0.7151.103 Mobile Safari/537.36 (compatible; Googlebot/2.1; +http://www.google.com/bot.html)"
66.249.65.197 - - [15/Jul/2025:14:32:26 +0000] "GET /shopdetail/368635849 HTTP/1.1" 200 40448 "-" "Mozilla/5.0 (Linux; Android 6.0.1; Nexus 5X Build/MMB29P) AppleWebKit/537.36 (KHTML, like Gecko) Chrome/137.0.7151.103 Mobile Safari/537.36 (compatible; Googlebot/2.1; +http://www.google.com/bot.html)"
66.249.65.198 - - [15/Jul/2025:14:32:28 +0000] "POST /get-message-notify HTTP/1.1" 200 40174 "https://abl.academy/shopdetail/368635849" "Mozilla/5.0 (Linux; Android 6.0.1; Nexus 5X Build/MMB29P) AppleWebKit/537.36 (KHTML, like Gecko) Chrome/137.0.7151.119 Mobile Safari/537.36 (compatible; Googlebot/2.1; +http://www.google.com/bot.html)"
66.249.65.198 - - [15/Jul/2025:14:33:04 +0000] "GET /shopdetail/%3Ccenter%3E%20%3Ch2%3E%E3%80%90%E3%80%91LOUIS%20VUITTON%E2%97%86%E3%82%AD%E3%83%BC%E3%83%9D%E3%83%AB55_%E3%83%A2%E3%83%8E%E3%82%B0%E3%83%A9%E3%83%A0_BRW/PVC/BRW%E3%80%90%E3%83%90%E3%83%83%E3%82%B0%E3%80%91%3C/h2%3E%20%3Cimg%20src= HTTP/1.1" 200 40613 "-" "Googlebot-Image/1.0"
66.249.65.199 - - [15/Jul/2025:14:33:06 +0000] "GET /item/bookc52737748/ HTTP/1.1" 200 40582 "-" "Mozilla/5.0 (Linux; Android 6.0.1; Nexus 5X Build/MMB29P) AppleWebKit/537.36 (KHTML, like Gecko) Chrome/137.0.7151.103 Mobile Safari/537.36 (compatible; Googlebot/2.1; +http://www.google.com/bot.html)"
66.249.65.197 - - [15/Jul/2025:14:33:12 +0000] "POST /get-message-notify HTTP/1.1" 200 40365 "https://abl.academy/item/bookc52737748/" "Mozilla/5.0 (Linux; Android 6.0.1; Nexus 5X Build/MMB29P) AppleWebKit/537.36 (KHTML, like Gecko) Chrome/137.0.7151.119 Mobile Safari/537.36 (compatible; Googlebot/2.1; +http://www.google.com/bot.html)"
114.46.156.92 - - [15/Jul/2025:14:38:46 +0000] "POST /wp-comments-post.php HTTP/1.1" 302 - "-" "Mozilla/5.0 (Windows NT 10.0; Win64; x64) AppleWebKit/537.36 (KHTML, like Gecko) Chrome/120.0.0.0 Safari/537.36"
66.249.65.198 - - [15/Jul/2025:14:39:10 +0000] "GET /item/outer10203304/ HTTP/1.1" 200 40109 "-" "Mozilla/5.0 (Linux; Android 6.0.1; Nexus 5X Build/MMB29P) AppleWebKit/537.36 (KHTML, like Gecko) Chrome/137.0.7151.103 Mobile Safari/537.36 (compatible; Googlebot/2.1; +http://www.google.com/bot.html)"
209.74.77.214 - - [15/Jul/2025:14:39:14 +0000] "POST /wp-cron.php?doing_wp_cron=1752590354.2320079803466796875000 HTTP/1.1" 200 - "-" "WordPress/6.8.1; https://abl.academy"
66.249.65.198 - - [15/Jul/2025:14:39:13 +0000] "POST /get-message-notify HTTP/1.1" 200 40339 "https://abl.academy/item/outer10203304/" "Mozilla/5.0 (Linux; Android 6.0.1; Nexus 5X Build/MMB29P) AppleWebKit/537.36 (KHTML, like Gecko) Chrome/137.0.7151.119 Mobile Safari/537.36 (compatible; Googlebot/2.1; +http://www.google.com/bot.html)"
114.46.156.92 - - [15/Jul/2025:14:39:13 +0000] "POST /wp-comments-post.php HTTP/1.1" 302 - "-" "Mozilla/5.0 (Windows NT 10.0; Win64; x64) AppleWebKit/537.36 (KHTML, like Gecko) Chrome/120.0.0.0 Safari/537.36"
114.46.156.92 - - [15/Jul/2025:14:39:40 +0000] "POST /wp-comments-post.php HTTP/1.1" 302 - "-" "Mozilla/5.0 (Windows NT 10.0; Win64; x64) AppleWebKit/537.36 (KHTML, like Gecko) Chrome/120.0.0.0 Safari/537.36"
209.74.77.214 - - [15/Jul/2025:14:40:06 +0000] "POST /wp-cron.php?doing_wp_cron=1752590406.3053131103515625000000 HTTP/1.1" 200 - "-" "WordPress/6.8.1; https://abl.academy"
114.46.156.92 - - [15/Jul/2025:14:40:06 +0000] "POST /wp-comments-post.php HTTP/1.1" 302 - "-" "Mozilla/5.0 (Windows NT 10.0; Win64; x64) AppleWebKit/537.36 (KHTML, like Gecko) Chrome/120.0.0.0 Safari/537.36"
209.74.77.214 - - [15/Jul/2025:14:40:30 +0000] "POST /wp-cron.php?doing_wp_cron=1752590430.8409080505371093750000 HTTP/1.1" 200 - "-" "WordPress/6.8.1; https://abl.academy"
114.46.156.92 - - [15/Jul/2025:14:40:30 +0000] "POST /wp-comments-post.php HTTP/1.1" 302 - "-" "Mozilla/5.0 (Windows NT 10.0; Win64; x64) AppleWebKit/537.36 (KHTML, like Gecko) Chrome/120.0.0.0 Safari/537.36"
209.74.77.214 - - [15/Jul/2025:14:40:56 +0000] "POST /wp-cron.php?doing_wp_cron=1752590456.2561249732971191406250 HTTP/1.1" 200 - "-" "WordPress/6.8.1; https://abl.academy"
114.46.156.92 - - [15/Jul/2025:14:40:56 +0000] "POST /wp-comments-post.php HTTP/1.1" 302 - "-" "Mozilla/5.0 (Windows NT 10.0; Win64; x64) AppleWebKit/537.36 (KHTML, like Gecko) Chrome/120.0.0.0 Safari/537.36"
209.74.77.214 - - [15/Jul/2025:14:41:21 +0000] "POST /wp-cron.php?doing_wp_cron=1752590481.7082240581512451171875 HTTP/1.1" 200 - "-" "WordPress/6.8.1; https://abl.academy"
114.46.156.92 - - [15/Jul/2025:14:41:21 +0000] "POST /wp-comments-post.php HTTP/1.1" 302 - "-" "Mozilla/5.0 (Windows NT 10.0; Win64; x64) AppleWebKit/537.36 (KHTML, like Gecko) Chrome/120.0.0.0 Safari/537.36"
66.249.65.197 - - [15/Jul/2025:14:43:34 +0000] "GET /item/manly32163354/ HTTP/1.1" 200 39958 "-" "Mozilla/5.0 (Linux; Android 6.0.1; Nexus 5X Build/MMB29P) AppleWebKit/537.36 (KHTML, like Gecko) Chrome/137.0.7151.103 Mobile Safari/537.36 (compatible; Googlebot/2.1; +http://www.google.com/bot.html)"
66.249.65.197 - - [15/Jul/2025:14:45:22 +0000] "GET /item/passa11441184/ HTTP/1.1" 200 40032 "-" "Mozilla/5.0 (Linux; Android 6.0.1; Nexus 5X Build/MMB29P) AppleWebKit/537.36 (KHTML, like Gecko) Chrome/137.0.7151.103 Mobile Safari/537.36 (compatible; Googlebot/2.1; +http://www.google.com/bot.html)"
66.249.65.197 - - [15/Jul/2025:14:45:27 +0000] "POST /get-message-notify HTTP/1.1" 200 40295 "https://abl.academy/item/passa11441184/" "Mozilla/5.0 (Linux; Android 6.0.1; Nexus 5X Build/MMB29P) AppleWebKit/537.36 (KHTML, like Gecko) Chrome/137.0.7151.119 Mobile Safari/537.36 (compatible; Googlebot/2.1; +http://www.google.com/bot.html)"
66.249.65.197 - - [15/Jul/2025:14:45:57 +0000] "GET /item/circu40118115/ HTTP/1.1" 200 39927 "-" "Mozilla/5.0 (Linux; Android 6.0.1; Nexus 5X Build/MMB29P) AppleWebKit/537.36 (KHTML, like Gecko) Chrome/137.0.7151.103 Mobile Safari/537.36 (compatible; Googlebot/2.1; +http://www.google.com/bot.html)"
66.249.65.197 - - [15/Jul/2025:14:45:59 +0000] "GET /item/biolo61433533/ HTTP/1.1" 200 39908 "-" "Mozilla/5.0 (Linux; Android 6.0.1; Nexus 5X Build/MMB29P) AppleWebKit/537.36 (KHTML, like Gecko) Chrome/137.0.7151.103 Mobile Safari/537.36 (compatible; Googlebot/2.1; +http://www.google.com/bot.html)"
66.249.65.197 - - [15/Jul/2025:14:46:02 +0000] "GET /item/caref60484837/ HTTP/1.1" 200 40619 "-" "Mozilla/5.0 (Linux; Android 6.0.1; Nexus 5X Build/MMB29P) AppleWebKit/537.36 (KHTML, like Gecko) Chrome/137.0.7151.103 Mobile Safari/537.36 (compatible; Googlebot/2.1; +http://www.google.com/bot.html)"
66.249.65.197 - - [15/Jul/2025:14:46:05 +0000] "GET /item/smart20680537/ HTTP/1.1" 200 39929 "-" "Mozilla/5.0 (Linux; Android 6.0.1; Nexus 5X Build/MMB29P) AppleWebKit/537.36 (KHTML, like Gecko) Chrome/137.0.7151.103 Mobile Safari/537.36 (compatible; Googlebot/2.1; +http://www.google.com/bot.html)"
66.249.65.197 - - [15/Jul/2025:14:46:09 +0000] "GET /item/surve71153734/ HTTP/1.1" 200 40527 "-" "Mozilla/5.0 (Linux; Android 6.0.1; Nexus 5X Build/MMB29P) AppleWebKit/537.36 (KHTML, like Gecko) Chrome/137.0.7151.103 Mobile Safari/537.36 (compatible; Googlebot/2.1; +http://www.google.com/bot.html)"
