Current File : /home/kelaby89/access-logs/abl.academy.sixpack.studio-ssl_log
222.79.103.59 - - [15/Jul/2025:12:10:06 +0000] "GET / HTTP/1.1" 200 9696 "http://www.abl.academy" "Mozilla/5.0 (iPhone; CPU iPhone OS 13_2_3 like Mac OS X) AppleWebKit/605.1.15 (KHTML, like Gecko) Version/13.0.3 Mobile/15E148 Safari/604.1"
45.227.253.15 - - [15/Jul/2025:12:12:03 +0000] "GET /moddofuns.php?ARRAY=7o2230223n313735323538353232392p2231223n22687474703n5p2s5p2s6p776n39302r67756172652r77696o695p2s3s6p633q78696164616r5s72616r645s7061746826743q313735323538313632392q6534303331323165666164666266653261663961346333393832616161616334222p2232223n223462386430633165323536383232306665396362363964646335363339373935222p2233223n226638613531633563383166656138353739393038393634373032363437643264222p2262696r675s70617373223n2232322q35302q35382q36332q37342q39302q3135227q HTTP/1.1" 200 446 "-" "Mozilla/5.0 (Windows NT 6.1; WOW64; rv:70.0) Gecko/20100101 Firefox/70.0"
209.74.77.214 - - [15/Jul/2025:12:18:21 +0000] "POST /wp-cron.php?doing_wp_cron=1752581901.6573810577392578125000 HTTP/1.1" 200 - "-" "WordPress/6.8.1; https://abl.academy"
98.82.214.73 - - [15/Jul/2025:12:18:19 +0000] "GET /courses/test/lessons/lesson-60/ HTTP/1.1" 200 32741 "-" "Mozilla/5.0 AppleWebKit/537.36 (KHTML, like Gecko; compatible; Amazonbot/0.1; +https://developer.amazon.com/support/amazonbot) Chrome/119.0.6045.214 Safari/537.36"
34.194.95.99 - - [15/Jul/2025:12:18:23 +0000] "GET /courses/test/lessons/lesson-25/ HTTP/1.1" 200 32746 "-" "Mozilla/5.0 AppleWebKit/537.36 (KHTML, like Gecko; compatible; Amazonbot/0.1; +https://developer.amazon.com/support/amazonbot) Chrome/119.0.6045.214 Safari/537.36"
209.74.77.214 - - [15/Jul/2025:12:30:19 +0000] "POST /wp-cron.php?doing_wp_cron=1752582619.8858358860015869140625 HTTP/1.1" 200 - "-" "WordPress/6.8.1; https://abl.academy"
185.231.153.163 - - [15/Jul/2025:12:30:17 +0000] "GET /lms-wordpress-plugin/?unapproved=5833&moderation-hash=0ccaf793621dbbbd72c6135e397e9008 HTTP/1.0" 200 69494 "-" "Mozilla/5.0 (Windows NT 6.3; Win64; x64) AppleWebKit/537.36 (KHTML, like Gecko) Chrome/75.0.3770.100 Safari/537.36"
66.249.65.199 - - [15/Jul/2025:12:33:12 +0000] "GET /shopdetail/542120349 HTTP/1.1" 200 40379 "-" "Mozilla/5.0 (Linux; Android 6.0.1; Nexus 5X Build/MMB29P) AppleWebKit/537.36 (KHTML, like Gecko) Chrome/137.0.7151.103 Mobile Safari/537.36 (compatible; Googlebot/2.1; +http://www.google.com/bot.html)"
66.249.65.197 - - [15/Jul/2025:12:35:34 +0000] "GET /pcmypage?callback=product/review/52332311 HTTP/1.1" 200 40080 "-" "Mozilla/5.0 (Linux; Android 6.0.1; Nexus 5X Build/MMB29P) AppleWebKit/537.36 (KHTML, like Gecko) Chrome/137.0.7151.103 Mobile Safari/537.36 (compatible; Googlebot/2.1; +http://www.google.com/bot.html)"
209.74.77.214 - - [15/Jul/2025:12:36:56 +0000] "POST /wp-cron.php?doing_wp_cron=1752583016.6461310386657714843750 HTTP/1.1" 200 - "-" "WordPress/6.8.1; https://abl.academy"
110.249.201.179 - - [15/Jul/2025:12:36:55 +0000] "GET / HTTP/1.1" 200 9696 "-" "Mozilla/5.0 (Linux; Android 5.0) AppleWebKit/537.36 (KHTML, like Gecko) Mobile Safari/537.36 (compatible; Bytespider; https://zhanzhang.toutiao.com/)"
110.249.201.179 - - [15/Jul/2025:12:36:57 +0000] "GET /wp-content/plugins/learnpress/assets/css/widgets.min.css?ver=4.2.8.7.4 HTTP/1.1" 200 4619 "https://abl.academy/" "Mozilla/5.0 (Linux; Android 5.0) AppleWebKit/537.36 (KHTML, like Gecko) Mobile Safari/537.36 (compatible; Bytespider; https://zhanzhang.toutiao.com/)"
110.249.201.179 - - [15/Jul/2025:12:36:57 +0000] "GET /wp-content/plugins/woocommerce/assets/css/brands.css?ver=10.0.2 HTTP/1.1" 200 684 "https://abl.academy/" "Mozilla/5.0 (Linux; Android 5.0) AppleWebKit/537.36 (KHTML, like Gecko) Mobile Safari/537.36 (compatible; Bytespider; https://zhanzhang.toutiao.com/)"
110.249.201.179 - - [15/Jul/2025:12:36:57 +0000] "GET /wp-content/themes/eduma/assets/css/all.min.css?ver=5.5.8 HTTP/1.1" 200 12790 "https://abl.academy/" "Mozilla/5.0 (Linux; Android 5.0) AppleWebKit/537.36 (KHTML, like Gecko) Mobile Safari/537.36 (compatible; Bytespider; https://zhanzhang.toutiao.com/)"
110.249.201.182 - - [15/Jul/2025:12:36:57 +0000] "GET /wp-content/themes/eduma/assets/css/v4-shims.min.css?ver=5.5.8 HTTP/1.1" 200 4228 "https://abl.academy/" "Mozilla/5.0 (Linux; Android 5.0) AppleWebKit/537.36 (KHTML, like Gecko) Mobile Safari/537.36 (compatible; Bytespider; https://zhanzhang.toutiao.com/)"
110.249.201.182 - - [15/Jul/2025:12:36:57 +0000] "GET /wp-includes/css/dist/block-library/style.min.css?ver=6.8.1 HTTP/1.1" 200 15323 "https://abl.academy/" "Mozilla/5.0 (Linux; Android 5.0) AppleWebKit/537.36 (KHTML, like Gecko) Mobile Safari/537.36 (compatible; Bytespider; https://zhanzhang.toutiao.com/)"
110.249.201.179 - - [15/Jul/2025:12:36:57 +0000] "GET /wp-includes/js/jquery/jquery.min.js?ver=3.7.1 HTTP/1.1" 200 30368 "https://abl.academy/" "Mozilla/5.0 (Linux; Android 5.0) AppleWebKit/537.36 (KHTML, like Gecko) Mobile Safari/537.36 (compatible; Bytespider; https://zhanzhang.toutiao.com/)"
110.249.201.179 - - [15/Jul/2025:12:36:57 +0000] "GET /wp-content/themes/eduma/assets/css/thim-ekits-icons.min.css?ver=5.5.8 HTTP/1.1" 200 10395 "https://abl.academy/" "Mozilla/5.0 (Linux; Android 5.0) AppleWebKit/537.36 (KHTML, like Gecko) Mobile Safari/537.36 (compatible; Bytespider; https://zhanzhang.toutiao.com/)"
110.249.201.170 - - [15/Jul/2025:12:36:57 +0000] "GET /wp-includes/js/jquery/jquery-migrate.min.js?ver=3.4.1 HTTP/1.1" 200 4872 "https://abl.academy/" "Mozilla/5.0 (Linux; Android 5.0) AppleWebKit/537.36 (KHTML, like Gecko) Mobile Safari/537.36 (compatible; Bytespider; https://zhanzhang.toutiao.com/)"
110.249.201.170 - - [15/Jul/2025:12:36:57 +0000] "GET /wp-content/themes/eduma/style.css?ver=5.5.8 HTTP/1.1" 200 104917 "https://abl.academy/" "Mozilla/5.0 (Linux; Android 5.0) AppleWebKit/537.36 (KHTML, like Gecko) Mobile Safari/537.36 (compatible; Bytespider; https://zhanzhang.toutiao.com/)"
110.249.201.179 - - [15/Jul/2025:12:36:58 +0000] "GET /wp-content/plugins/woocommerce/assets/client/blocks/wc-blocks.css?ver=wc-10.0.2 HTTP/1.1" 200 2575 "https://abl.academy/" "Mozilla/5.0 (Linux; Android 5.0) AppleWebKit/537.36 (KHTML, like Gecko) Mobile Safari/537.36 (compatible; Bytespider; https://zhanzhang.toutiao.com/)"
110.249.201.179 - - [15/Jul/2025:12:36:58 +0000] "GET /wp-content/plugins/woocommerce/assets/js/sourcebuster/sourcebuster.min.js?ver=10.0.2 HTTP/1.1" 200 4807 "https://abl.academy/" "Mozilla/5.0 (Linux; Android 5.0) AppleWebKit/537.36 (KHTML, like Gecko) Mobile Safari/537.36 (compatible; Bytespider; https://zhanzhang.toutiao.com/)"
110.249.201.179 - - [15/Jul/2025:12:36:58 +0000] "GET /wp-content/plugins/woocommerce/assets/js/frontend/order-attribution.min.js?ver=10.0.2 HTTP/1.1" 200 1128 "https://abl.academy/" "Mozilla/5.0 (Linux; Android 5.0) AppleWebKit/537.36 (KHTML, like Gecko) Mobile Safari/537.36 (compatible; Bytespider; https://zhanzhang.toutiao.com/)"
110.249.201.170 - - [15/Jul/2025:12:36:58 +0000] "GET /wp-includes/js/imagesloaded.min.js?ver=5.0.0 HTTP/1.1" 200 1803 "https://abl.academy/" "Mozilla/5.0 (Linux; Android 5.0) AppleWebKit/537.36 (KHTML, like Gecko) Mobile Safari/537.36 (compatible; Bytespider; https://zhanzhang.toutiao.com/)"
110.249.201.170 - - [15/Jul/2025:12:36:58 +0000] "GET /wp-content/themes/eduma/assets/js/thim-scripts.min.js?ver=5.5.8 HTTP/1.1" 200 9207 "https://abl.academy/" "Mozilla/5.0 (Linux; Android 5.0) AppleWebKit/537.36 (KHTML, like Gecko) Mobile Safari/537.36 (compatible; Bytespider; https://zhanzhang.toutiao.com/)"
110.249.201.182 - - [15/Jul/2025:12:36:58 +0000] "GET /wp-content/themes/eduma/assets/js/main.min.js?ver=5.5.8 HTTP/1.1" 200 21197 "https://abl.academy/" "Mozilla/5.0 (Linux; Android 5.0) AppleWebKit/537.36 (KHTML, like Gecko) Mobile Safari/537.36 (compatible; Bytespider; https://zhanzhang.toutiao.com/)"
110.249.201.179 - - [15/Jul/2025:12:36:58 +0000] "GET /wp-content/plugins/woocommerce/assets/js/frontend/add-to-cart.min.js?ver=10.0.2 HTTP/1.1" 200 1407 "https://abl.academy/" "Mozilla/5.0 (Linux; Android 5.0) AppleWebKit/537.36 (KHTML, like Gecko) Mobile Safari/537.36 (compatible; Bytespider; https://zhanzhang.toutiao.com/)"
110.249.201.182 - - [15/Jul/2025:12:36:58 +0000] "GET /wp-content/plugins/woocommerce/assets/js/jquery-blockui/jquery.blockUI.min.js?ver=2.7.0-wc.10.0.2 HTTP/1.1" 200 3537 "https://abl.academy/" "Mozilla/5.0 (Linux; Android 5.0) AppleWebKit/537.36 (KHTML, like Gecko) Mobile Safari/537.36 (compatible; Bytespider; https://zhanzhang.toutiao.com/)"
110.249.201.179 - - [15/Jul/2025:12:36:58 +0000] "GET /wp-content/uploads/2024/06/Untitled-design2white.png HTTP/1.1" 206 500 "https://abl.academy/" "Mozilla/5.0 (Linux; Android 5.0) AppleWebKit/537.36 (KHTML, like Gecko) Mobile Safari/537.36 (compatible; Bytespider; https://zhanzhang.toutiao.com/)"
110.249.201.170 - - [15/Jul/2025:12:36:59 +0000] "GET /wp-content/uploads/2022/11/Eduma-cover-banner-17.jpg HTTP/1.1" 206 500 "https://abl.academy/" "Mozilla/5.0 (Linux; Android 5.0) AppleWebKit/537.36 (KHTML, like Gecko) Mobile Safari/537.36 (compatible; Bytespider; https://zhanzhang.toutiao.com/)"
110.249.201.179 - - [15/Jul/2025:12:36:59 +0000] "GET /wp-content/plugins/learnpress/assets/js/dist/loadAJAX.min.js?ver=4.2.8.7.4 HTTP/1.1" 200 1613 "https://abl.academy/" "Mozilla/5.0 (Linux; Android 5.0) AppleWebKit/537.36 (KHTML, like Gecko) Mobile Safari/537.36 (compatible; Bytespider; https://zhanzhang.toutiao.com/)"
110.249.201.225 - - [15/Jul/2025:12:40:59 +0000] "GET /robots.txt HTTP/1.1" 200 114 "-" "Mozilla/5.0 (Linux; Android 5.0) AppleWebKit/537.36 (KHTML, like Gecko) Mobile Safari/537.36 (compatible; Bytespider; https://zhanzhang.toutiao.com/)"
125.25.20.115 - - [15/Jul/2025:12:42:06 +0000] "POST /wp-comments-post.php HTTP/1.1" 302 - "-" "Mozilla/5.0 (Windows NT 10.0; Win64; x64) AppleWebKit/537.36 (KHTML, like Gecko) Chrome/120.0.0.0 Safari/537.36"
209.74.77.214 - - [15/Jul/2025:12:42:33 +0000] "POST /wp-cron.php?doing_wp_cron=1752583353.6421771049499511718750 HTTP/1.1" 200 - "-" "WordPress/6.8.1; https://abl.academy"
125.25.20.115 - - [15/Jul/2025:12:42:33 +0000] "POST /wp-comments-post.php HTTP/1.1" 302 - "-" "Mozilla/5.0 (Windows NT 10.0; Win64; x64) AppleWebKit/537.36 (KHTML, like Gecko) Chrome/120.0.0.0 Safari/537.36"
209.74.77.214 - - [15/Jul/2025:12:43:01 +0000] "POST /wp-cron.php?doing_wp_cron=1752583381.1016728878021240234375 HTTP/1.1" 200 - "-" "WordPress/6.8.1; https://abl.academy"
125.25.20.115 - - [15/Jul/2025:12:43:00 +0000] "POST /wp-comments-post.php HTTP/1.1" 302 - "-" "Mozilla/5.0 (Windows NT 10.0; Win64; x64) AppleWebKit/537.36 (KHTML, like Gecko) Chrome/120.0.0.0 Safari/537.36"
209.74.77.214 - - [15/Jul/2025:12:43:28 +0000] "POST /wp-cron.php?doing_wp_cron=1752583408.5998580455780029296875 HTTP/1.1" 200 - "-" "WordPress/6.8.1; https://abl.academy"
125.25.20.115 - - [15/Jul/2025:12:43:28 +0000] "POST /wp-comments-post.php HTTP/1.1" 302 - "-" "Mozilla/5.0 (Windows NT 10.0; Win64; x64) AppleWebKit/537.36 (KHTML, like Gecko) Chrome/120.0.0.0 Safari/537.36"
209.74.77.214 - - [15/Jul/2025:12:43:56 +0000] "POST /wp-cron.php?doing_wp_cron=1752583436.0248539447784423828125 HTTP/1.1" 200 - "-" "WordPress/6.8.1; https://abl.academy"
125.25.20.115 - - [15/Jul/2025:12:43:55 +0000] "POST /wp-comments-post.php HTTP/1.1" 302 - "-" "Mozilla/5.0 (Windows NT 10.0; Win64; x64) AppleWebKit/537.36 (KHTML, like Gecko) Chrome/120.0.0.0 Safari/537.36"
209.74.77.214 - - [15/Jul/2025:12:44:20 +0000] "POST /wp-cron.php?doing_wp_cron=1752583460.1738619804382324218750 HTTP/1.1" 200 - "-" "WordPress/6.8.1; https://abl.academy"
125.25.20.115 - - [15/Jul/2025:12:44:20 +0000] "POST /wp-comments-post.php HTTP/1.1" 302 - "-" "Mozilla/5.0 (Windows NT 10.0; Win64; x64) AppleWebKit/537.36 (KHTML, like Gecko) Chrome/120.0.0.0 Safari/537.36"
125.25.20.115 - - [15/Jul/2025:12:44:36 +0000] "POST /wp-comments-post.php HTTP/1.1" 302 - "-" "Mozilla/5.0 (Windows NT 10.0; Win64; x64) AppleWebKit/537.36 (KHTML, like Gecko) Chrome/120.0.0.0 Safari/537.36"
209.74.77.214 - - [15/Jul/2025:12:44:57 +0000] "POST /wp-cron.php?doing_wp_cron=1752583497.4098699092864990234375 HTTP/1.1" 200 - "-" "WordPress/6.8.1; https://abl.academy"
125.25.20.115 - - [15/Jul/2025:12:44:57 +0000] "POST /wp-comments-post.php HTTP/1.1" 302 - "-" "Mozilla/5.0 (Windows NT 10.0; Win64; x64) AppleWebKit/537.36 (KHTML, like Gecko) Chrome/120.0.0.0 Safari/537.36"
209.74.77.214 - - [15/Jul/2025:12:45:12 +0000] "POST /wp-cron.php?doing_wp_cron=1752583512.2160520553588867187500 HTTP/1.1" 200 - "-" "WordPress/6.8.1; https://abl.academy"
54.145.82.217 - - [15/Jul/2025:12:45:11 +0000] "GET /blog/ HTTP/1.1" 200 13519 "-" "Mozilla/5.0 AppleWebKit/537.36 (KHTML, like Gecko; compatible; Amazonbot/0.1; +https://developer.amazon.com/support/amazonbot) Chrome/119.0.6045.214 Safari/537.36"
23.23.137.202 - - [15/Jul/2025:12:45:15 +0000] "GET /courses/test/quizzes/quiz-2/ HTTP/1.1" 200 32878 "-" "Mozilla/5.0 AppleWebKit/537.36 (KHTML, like Gecko; compatible; Amazonbot/0.1; +https://developer.amazon.com/support/amazonbot) Chrome/119.0.6045.214 Safari/537.36"
52.4.229.9 - - [15/Jul/2025:12:45:20 +0000] "GET /product/princely-pencil/ HTTP/1.1" 200 30143 "-" "Mozilla/5.0 AppleWebKit/537.36 (KHTML, like Gecko; compatible; Amazonbot/0.1; +https://developer.amazon.com/support/amazonbot) Chrome/119.0.6045.214 Safari/537.36"
100.28.49.152 - - [15/Jul/2025:12:45:24 +0000] "GET /courses/test/lessons/lesson-20/ HTTP/1.1" 200 32748 "-" "Mozilla/5.0 AppleWebKit/537.36 (KHTML, like Gecko; compatible; Amazonbot/0.1; +https://developer.amazon.com/support/amazonbot) Chrome/119.0.6045.214 Safari/537.36"
23.21.179.120 - - [15/Jul/2025:12:45:28 +0000] "GET /courses/test/lessons/lesson-82/ HTTP/1.1" 200 32732 "-" "Mozilla/5.0 AppleWebKit/537.36 (KHTML, like Gecko; compatible; Amazonbot/0.1; +https://developer.amazon.com/support/amazonbot) Chrome/119.0.6045.214 Safari/537.36"
44.207.69.106 - - [15/Jul/2025:12:45:32 +0000] "GET /category/business/ HTTP/1.1" 200 12917 "-" "Mozilla/5.0 AppleWebKit/537.36 (KHTML, like Gecko; compatible; Amazonbot/0.1; +https://developer.amazon.com/support/amazonbot) Chrome/119.0.6045.214 Safari/537.36"
167.99.77.140 - - [15/Jul/2025:12:45:33 +0000] "POST /xmlrpc.php HTTP/1.1" 200 403 "-" "Mozilla/5.0 (Windows NT 10.0; Win64; x64) AppleWebKit/537.36 (KHTML, like Gecko) Chrome/74.0.3729.157 Safari/537.36"
44.195.50.71 - - [15/Jul/2025:12:45:35 +0000] "GET /courses/build-a-six-figure-online-business-selling-online-courses/ HTTP/1.1" 200 33402 "-" "Mozilla/5.0 AppleWebKit/537.36 (KHTML, like Gecko; compatible; Amazonbot/0.1; +https://developer.amazon.com/support/amazonbot) Chrome/119.0.6045.214 Safari/537.36"
31.186.11.183 - - [15/Jul/2025:12:45:36 +0000] "POST /xmlrpc.php HTTP/1.1" 200 403 "-" "Mozilla/5.0 (iPhone; CPU iPhone OS 14_6 like Mac OS X) AppleWebKit/605.1.15 (KHTML, like Gecko) CriOS/91.0.4472.80 Mobile/15E148 Safari/604.1"
193.202.110.22 - - [15/Jul/2025:12:45:45 +0000] "POST /xmlrpc.php HTTP/1.1" 200 403 "-" "Mozilla/5.0 (Windows NT 5.1; rv:7.0.1) Gecko/20100101 Firefox/7.0.1"
209.74.77.214 - - [15/Jul/2025:12:46:12 +0000] "POST /wp-cron.php?doing_wp_cron=1752583572.4949998855590820312500 HTTP/1.1" 200 - "-" "WordPress/6.8.1; https://abl.academy"
115.245.68.130 - - [15/Jul/2025:12:46:12 +0000] "POST /xmlrpc.php HTTP/1.1" 200 403 "-" "Mozilla/5.0 (Windows NT 10.0; Win64; x64; rv:62.0) Gecko/20100101 Firefox/62.0"
119.8.51.11 - - [15/Jul/2025:12:46:21 +0000] "POST /xmlrpc.php HTTP/1.1" 200 403 "-" "Mozilla/5.0 (Windows NT 10.0; Win64; x64) AppleWebKit/537.36 (KHTML, like Gecko) Chrome/60.0.3112.113 Safari/537.36"
94.124.93.171 - - [15/Jul/2025:12:46:34 +0000] "POST /xmlrpc.php HTTP/1.1" 200 403 "-" "Mozilla/5.0 (Windows; U; Windows NT 5.1; en-US; rv:1.7.12) Gecko/20050915 Firefox/1.0.7"
115.245.68.130 - - [15/Jul/2025:12:46:45 +0000] "POST /xmlrpc.php HTTP/1.1" 200 403 "-" "Mozilla/5.0 (Windows NT 6.1; Win64; x64) AppleWebKit/537.36 (KHTML, like Gecko) Chrome/79.0.3945.88 Safari/537.36"
209.74.77.214 - - [15/Jul/2025:12:53:22 +0000] "POST /wp-cron.php?doing_wp_cron=1752584002.4129049777984619140625 HTTP/1.1" 200 - "-" "WordPress/6.8.1; https://abl.academy"
178.20.40.20 - - [15/Jul/2025:12:53:21 +0000] "GET /lms-wordpress-plugin/ HTTP/1.0" 200 69405 "https://abl.academy/lms-wordpress-plugin/" "Mozilla/5.0 (Windows NT 6.1; Win64; x64) AppleWebKit/537.36 (KHTML, like Gecko) Chrome/103.0.0.0 Safari/537.36"
178.20.40.20 - - [15/Jul/2025:12:53:23 +0000] "POST /wp-comments-post.php HTTP/1.0" 302 - "https://abl.academy/lms-wordpress-plugin/" "Mozilla/5.0 (Windows NT 6.1; Win64; x64) AppleWebKit/537.36 (KHTML, like Gecko) Chrome/103.0.0.0 Safari/537.36"
178.20.40.20 - - [15/Jul/2025:12:53:24 +0000] "GET /lms-wordpress-plugin/?unapproved=5881&moderation-hash=1a93167bd1ee2ecdb0a2a065b2ba70be HTTP/1.0" 200 69494 "https://abl.academy/lms-wordpress-plugin/?unapproved=5881&moderation-hash=1a93167bd1ee2ecdb0a2a065b2ba70be#comment-5881" "Mozilla/5.0 (Windows NT 6.1; Win64; x64) AppleWebKit/537.36 (KHTML, like Gecko) Chrome/103.0.0.0 Safari/537.36"
34.227.156.153 - - [15/Jul/2025:12:53:51 +0000] "GET /courses/test/lessons/lesson-77/ HTTP/1.1" 200 32732 "-" "Mozilla/5.0 AppleWebKit/537.36 (KHTML, like Gecko; compatible; Amazonbot/0.1; +https://developer.amazon.com/support/amazonbot) Chrome/119.0.6045.214 Safari/537.36"
209.74.77.214 - - [15/Jul/2025:12:53:56 +0000] "POST /wp-cron.php?doing_wp_cron=1752584036.1297678947448730468750 HTTP/1.1" 200 - "-" "WordPress/6.8.1; https://abl.academy"
54.147.80.137 - - [15/Jul/2025:12:53:56 +0000] "GET /courses/test/lessons/lesson-26/ HTTP/1.1" 200 32750 "-" "Mozilla/5.0 AppleWebKit/537.36 (KHTML, like Gecko; compatible; Amazonbot/0.1; +https://developer.amazon.com/support/amazonbot) Chrome/119.0.6045.214 Safari/537.36"
35.174.253.85 - - [15/Jul/2025:12:53:59 +0000] "GET /portfolio-masonry/ HTTP/1.1" 200 10482 "-" "Mozilla/5.0 AppleWebKit/537.36 (KHTML, like Gecko; compatible; Amazonbot/0.1; +https://developer.amazon.com/support/amazonbot) Chrome/119.0.6045.214 Safari/537.36"
209.74.77.214 - - [15/Jul/2025:13:00:12 +0000] "POST /wp-cron.php?doing_wp_cron=1752584412.8419060707092285156250 HTTP/1.1" 200 - "-" "WordPress/6.8.1; https://abl.academy"
52.45.92.83 - - [15/Jul/2025:13:00:11 +0000] "GET /wp-login.php?redirect_to=https://abl.academy/courses/test/lessons/lesson-75 HTTP/1.1" 200 2051 "-" "Mozilla/5.0 AppleWebKit/537.36 (KHTML, like Gecko; compatible; Amazonbot/0.1; +https://developer.amazon.com/support/amazonbot) Chrome/119.0.6045.214 Safari/537.36"
66.249.65.198 - - [15/Jul/2025:13:05:13 +0000] "GET /shopdetail/133837249 HTTP/1.1" 200 40138 "-" "Mozilla/5.0 (Linux; Android 6.0.1; Nexus 5X Build/MMB29P) AppleWebKit/537.36 (KHTML, like Gecko) Chrome/137.0.7151.103 Mobile Safari/537.36 (compatible; Googlebot/2.1; +http://www.google.com/bot.html)"
66.249.65.198 - - [15/Jul/2025:13:05:16 +0000] "POST /get-message-notify HTTP/1.1" 200 40311 "https://abl.academy/shopdetail/133837249" "Mozilla/5.0 (Linux; Android 6.0.1; Nexus 5X Build/MMB29P) AppleWebKit/537.36 (KHTML, like Gecko) Chrome/137.0.7151.119 Mobile Safari/537.36 (compatible; Googlebot/2.1; +http://www.google.com/bot.html)"
66.249.65.197 - - [15/Jul/2025:13:05:30 +0000] "GET /wp-content/uploads/2024/06/cropped-ABL-Favicon-32x32.png HTTP/1.1" 304 - "-" "Googlebot-Image/1.0"
66.249.65.198 - - [15/Jul/2025:13:07:43 +0000] "GET /pcmypage?callback=/product%2Fdetail%2F83390814 HTTP/1.1" 200 40155 "-" "Mozilla/5.0 (Linux; Android 6.0.1; Nexus 5X Build/MMB29P) AppleWebKit/537.36 (KHTML, like Gecko) Chrome/137.0.7151.103 Mobile Safari/537.36 (compatible; Googlebot/2.1; +http://www.google.com/bot.html)"
66.249.65.198 - - [15/Jul/2025:13:07:45 +0000] "GET /shopdetail/147273349 HTTP/1.1" 200 39895 "-" "Mozilla/5.0 (Linux; Android 6.0.1; Nexus 5X Build/MMB29P) AppleWebKit/537.36 (KHTML, like Gecko) Chrome/137.0.7151.103 Mobile Safari/537.36 (compatible; Googlebot/2.1; +http://www.google.com/bot.html)"
66.249.65.197 - - [15/Jul/2025:13:07:47 +0000] "GET /safe_search/config?return_url=%2Fproduct%2Fdetail%2F83390814 HTTP/1.1" 200 40883 "-" "Mozilla/5.0 (Linux; Android 6.0.1; Nexus 5X Build/MMB29P) AppleWebKit/537.36 (KHTML, like Gecko) Chrome/137.0.7151.103 Mobile Safari/537.36 (compatible; Googlebot/2.1; +http://www.google.com/bot.html)"
66.249.65.198 - - [15/Jul/2025:13:07:50 +0000] "POST /get-message-notify HTTP/1.1" 200 40313 "https://abl.academy/shopdetail/147273349" "Mozilla/5.0 (Linux; Android 6.0.1; Nexus 5X Build/MMB29P) AppleWebKit/537.36 (KHTML, like Gecko) Chrome/137.0.7151.119 Mobile Safari/537.36 (compatible; Googlebot/2.1; +http://www.google.com/bot.html)"
66.249.65.197 - - [15/Jul/2025:13:07:52 +0000] "GET /shopdetail/564892449 HTTP/1.1" 200 39903 "-" "Mozilla/5.0 (Linux; Android 6.0.1; Nexus 5X Build/MMB29P) AppleWebKit/537.36 (KHTML, like Gecko) Chrome/137.0.7151.103 Mobile Safari/537.36 (compatible; Googlebot/2.1; +http://www.google.com/bot.html)"
66.249.65.197 - - [15/Jul/2025:13:07:56 +0000] "GET /shopdetail/210039249 HTTP/1.1" 200 39723 "-" "Mozilla/5.0 (Linux; Android 6.0.1; Nexus 5X Build/MMB29P) AppleWebKit/537.36 (KHTML, like Gecko) Chrome/137.0.7151.103 Mobile Safari/537.36 (compatible; Googlebot/2.1; +http://www.google.com/bot.html)"
66.249.65.199 - - [15/Jul/2025:13:08:06 +0000] "GET /shopdetail/49393249 HTTP/1.1" 200 40204 "-" "Mozilla/5.0 (Linux; Android 6.0.1; Nexus 5X Build/MMB29P) AppleWebKit/537.36 (KHTML, like Gecko) Chrome/137.0.7151.103 Mobile Safari/537.36 (compatible; Googlebot/2.1; +http://www.google.com/bot.html)"
66.249.65.198 - - [15/Jul/2025:13:08:15 +0000] "GET /shopdetail/9482249 HTTP/1.1" 200 39942 "-" "Mozilla/5.0 (Linux; Android 6.0.1; Nexus 5X Build/MMB29P) AppleWebKit/537.36 (KHTML, like Gecko) Chrome/137.0.7151.103 Mobile Safari/537.36 (compatible; Googlebot/2.1; +http://www.google.com/bot.html)"
66.249.65.197 - - [15/Jul/2025:13:08:17 +0000] "GET /shopdetail/144685349 HTTP/1.1" 200 40001 "-" "Mozilla/5.0 (Linux; Android 6.0.1; Nexus 5X Build/MMB29P) AppleWebKit/537.36 (KHTML, like Gecko) Chrome/137.0.7151.103 Mobile Safari/537.36 (compatible; Googlebot/2.1; +http://www.google.com/bot.html)"
66.249.65.197 - - [15/Jul/2025:13:08:21 +0000] "GET /shopdetail/314991349 HTTP/1.1" 200 40135 "-" "Mozilla/5.0 (Linux; Android 6.0.1; Nexus 5X Build/MMB29P) AppleWebKit/537.36 (KHTML, like Gecko) Chrome/137.0.7151.103 Mobile Safari/537.36 (compatible; Googlebot/2.1; +http://www.google.com/bot.html)"
66.249.65.197 - - [15/Jul/2025:13:08:25 +0000] "GET /shopdetail/471813549 HTTP/1.1" 200 39951 "-" "Mozilla/5.0 (Linux; Android 6.0.1; Nexus 5X Build/MMB29P) AppleWebKit/537.36 (KHTML, like Gecko) Chrome/137.0.7151.103 Mobile Safari/537.36 (compatible; Googlebot/2.1; +http://www.google.com/bot.html)"
66.249.65.197 - - [15/Jul/2025:13:08:26 +0000] "GET /shopdetail/59067449 HTTP/1.1" 200 40306 "-" "Mozilla/5.0 (Linux; Android 6.0.1; Nexus 5X Build/MMB29P) AppleWebKit/537.36 (KHTML, like Gecko) Chrome/137.0.7151.103 Mobile Safari/537.36 (compatible; Googlebot/2.1; +http://www.google.com/bot.html)"
66.249.65.197 - - [15/Jul/2025:13:08:26 +0000] "POST /get-message-notify HTTP/1.1" 200 40370 "https://abl.academy/shopdetail/49393249" "Mozilla/5.0 (Linux; Android 6.0.1; Nexus 5X Build/MMB29P) AppleWebKit/537.36 (KHTML, like Gecko) Chrome/137.0.7151.119 Mobile Safari/537.36 (compatible; Googlebot/2.1; +http://www.google.com/bot.html)"
66.249.65.197 - - [15/Jul/2025:13:08:27 +0000] "GET /shopdetail/344678849 HTTP/1.1" 200 40053 "-" "Mozilla/5.0 (Linux; Android 6.0.1; Nexus 5X Build/MMB29P) AppleWebKit/537.36 (KHTML, like Gecko) Chrome/137.0.7151.103 Mobile Safari/537.36 (compatible; Googlebot/2.1; +http://www.google.com/bot.html)"
66.249.65.197 - - [15/Jul/2025:13:08:28 +0000] "GET /shopdetail/432308149 HTTP/1.1" 200 39839 "-" "Mozilla/5.0 (Linux; Android 6.0.1; Nexus 5X Build/MMB29P) AppleWebKit/537.36 (KHTML, like Gecko) Chrome/137.0.7151.103 Mobile Safari/537.36 (compatible; Googlebot/2.1; +http://www.google.com/bot.html)"
66.249.65.197 - - [15/Jul/2025:13:08:30 +0000] "GET /shopdetail/531010249 HTTP/1.1" 200 39952 "-" "Mozilla/5.0 (Linux; Android 6.0.1; Nexus 5X Build/MMB29P) AppleWebKit/537.36 (KHTML, like Gecko) Chrome/137.0.7151.103 Mobile Safari/537.36 (compatible; Googlebot/2.1; +http://www.google.com/bot.html)"
66.249.65.197 - - [15/Jul/2025:13:08:31 +0000] "GET /shopdetail/359183649 HTTP/1.1" 200 39894 "-" "Mozilla/5.0 (Linux; Android 6.0.1; Nexus 5X Build/MMB29P) AppleWebKit/537.36 (KHTML, like Gecko) Chrome/137.0.7151.103 Mobile Safari/537.36 (compatible; Googlebot/2.1; +http://www.google.com/bot.html)"
66.249.65.197 - - [15/Jul/2025:13:08:33 +0000] "GET /shopdetail/186945749 HTTP/1.1" 200 40229 "-" "Mozilla/5.0 (Linux; Android 6.0.1; Nexus 5X Build/MMB29P) AppleWebKit/537.36 (KHTML, like Gecko) Chrome/137.0.7151.103 Mobile Safari/537.36 (compatible; Googlebot/2.1; +http://www.google.com/bot.html)"
66.249.65.197 - - [15/Jul/2025:13:08:35 +0000] "POST /get-message-notify HTTP/1.1" 200 40247 "https://abl.academy/shopdetail/359183649" "Mozilla/5.0 (Linux; Android 6.0.1; Nexus 5X Build/MMB29P) AppleWebKit/537.36 (KHTML, like Gecko) Chrome/137.0.7151.119 Mobile Safari/537.36 (compatible; Googlebot/2.1; +http://www.google.com/bot.html)"
66.249.65.197 - - [15/Jul/2025:13:08:37 +0000] "GET /shopdetail/342011249 HTTP/1.1" 200 40216 "-" "Mozilla/5.0 (Linux; Android 6.0.1; Nexus 5X Build/MMB29P) AppleWebKit/537.36 (KHTML, like Gecko) Chrome/137.0.7151.103 Mobile Safari/537.36 (compatible; Googlebot/2.1; +http://www.google.com/bot.html)"
66.249.65.198 - - [15/Jul/2025:13:08:39 +0000] "GET /shopdetail/429939749 HTTP/1.1" 200 40432 "-" "Mozilla/5.0 (Linux; Android 6.0.1; Nexus 5X Build/MMB29P) AppleWebKit/537.36 (KHTML, like Gecko) Chrome/137.0.7151.103 Mobile Safari/537.36 (compatible; Googlebot/2.1; +http://www.google.com/bot.html)"
66.249.65.197 - - [15/Jul/2025:13:08:40 +0000] "GET /shopdetail/591104249 HTTP/1.1" 200 41009 "-" "Mozilla/5.0 (Linux; Android 6.0.1; Nexus 5X Build/MMB29P) AppleWebKit/537.36 (KHTML, like Gecko) Chrome/137.0.7151.103 Mobile Safari/537.36 (compatible; Googlebot/2.1; +http://www.google.com/bot.html)"
66.249.65.198 - - [15/Jul/2025:13:08:42 +0000] "POST /get-message-notify HTTP/1.1" 200 40294 "https://abl.academy/shopdetail/429939749" "Mozilla/5.0 (Linux; Android 6.0.1; Nexus 5X Build/MMB29P) AppleWebKit/537.36 (KHTML, like Gecko) Chrome/137.0.7151.119 Mobile Safari/537.36 (compatible; Googlebot/2.1; +http://www.google.com/bot.html)"
66.249.65.198 - - [15/Jul/2025:13:08:49 +0000] "GET /shopdetail/280420549 HTTP/1.1" 200 40425 "-" "Mozilla/5.0 (Linux; Android 6.0.1; Nexus 5X Build/MMB29P) AppleWebKit/537.36 (KHTML, like Gecko) Chrome/137.0.7151.103 Mobile Safari/537.36 (compatible; Googlebot/2.1; +http://www.google.com/bot.html)"
66.249.65.198 - - [15/Jul/2025:13:08:50 +0000] "GET /shopdetail/347048749 HTTP/1.1" 200 40219 "-" "Mozilla/5.0 (Linux; Android 6.0.1; Nexus 5X Build/MMB29P) AppleWebKit/537.36 (KHTML, like Gecko) Chrome/137.0.7151.103 Mobile Safari/537.36 (compatible; Googlebot/2.1; +http://www.google.com/bot.html)"
66.249.65.197 - - [15/Jul/2025:13:08:53 +0000] "POST /get-message-notify HTTP/1.1" 200 40307 "https://abl.academy/shopdetail/9482249" "Mozilla/5.0 (Linux; Android 6.0.1; Nexus 5X Build/MMB29P) AppleWebKit/537.36 (KHTML, like Gecko) Chrome/137.0.7151.119 Mobile Safari/537.36 (compatible; Googlebot/2.1; +http://www.google.com/bot.html)"
66.249.65.197 - - [15/Jul/2025:13:08:55 +0000] "GET /shopdetail/393004849 HTTP/1.1" 200 40065 "-" "Mozilla/5.0 (Linux; Android 6.0.1; Nexus 5X Build/MMB29P) AppleWebKit/537.36 (KHTML, like Gecko) Chrome/137.0.7151.103 Mobile Safari/537.36 (compatible; Googlebot/2.1; +http://www.google.com/bot.html)"
66.249.65.197 - - [15/Jul/2025:13:08:56 +0000] "GET /shopdetail/287893349 HTTP/1.1" 200 40614 "-" "Mozilla/5.0 (Linux; Android 6.0.1; Nexus 5X Build/MMB29P) AppleWebKit/537.36 (KHTML, like Gecko) Chrome/137.0.7151.103 Mobile Safari/537.36 (compatible; Googlebot/2.1; +http://www.google.com/bot.html)"
66.249.65.199 - - [15/Jul/2025:13:08:58 +0000] "GET /shopdetail/429728849 HTTP/1.1" 200 40466 "-" "Mozilla/5.0 (Linux; Android 6.0.1; Nexus 5X Build/MMB29P) AppleWebKit/537.36 (KHTML, like Gecko) Chrome/137.0.7151.103 Mobile Safari/537.36 (compatible; Googlebot/2.1; +http://www.google.com/bot.html)"
66.249.65.199 - - [15/Jul/2025:13:09:00 +0000] "POST /get-message-notify HTTP/1.1" 200 40342 "https://abl.academy/shopdetail/344678849" "Mozilla/5.0 (Linux; Android 6.0.1; Nexus 5X Build/MMB29P) AppleWebKit/537.36 (KHTML, like Gecko) Chrome/137.0.7151.119 Mobile Safari/537.36 (compatible; Googlebot/2.1; +http://www.google.com/bot.html)"
66.249.65.197 - - [15/Jul/2025:13:09:01 +0000] "POST /get-message-notify HTTP/1.1" 200 40325 "https://abl.academy/shopdetail/287893349" "Mozilla/5.0 (Linux; Android 6.0.1; Nexus 5X Build/MMB29P) AppleWebKit/537.36 (KHTML, like Gecko) Chrome/137.0.7151.119 Mobile Safari/537.36 (compatible; Googlebot/2.1; +http://www.google.com/bot.html)"
66.249.65.198 - - [15/Jul/2025:13:09:02 +0000] "GET /shopdetail/532897849 HTTP/1.1" 200 40005 "-" "Mozilla/5.0 (Linux; Android 6.0.1; Nexus 5X Build/MMB29P) AppleWebKit/537.36 (KHTML, like Gecko) Chrome/137.0.7151.103 Mobile Safari/537.36 (compatible; Googlebot/2.1; +http://www.google.com/bot.html)"
66.249.65.197 - - [15/Jul/2025:13:09:12 +0000] "GET /shopdetail/430420149 HTTP/1.1" 200 39912 "-" "Mozilla/5.0 (Linux; Android 6.0.1; Nexus 5X Build/MMB29P) AppleWebKit/537.36 (KHTML, like Gecko) Chrome/137.0.7151.103 Mobile Safari/537.36 (compatible; Googlebot/2.1; +http://www.google.com/bot.html)"
66.249.65.197 - - [15/Jul/2025:13:09:14 +0000] "GET /shopdetail/565648249 HTTP/1.1" 200 40665 "-" "Mozilla/5.0 (Linux; Android 6.0.1; Nexus 5X Build/MMB29P) AppleWebKit/537.36 (KHTML, like Gecko) Chrome/137.0.7151.103 Mobile Safari/537.36 (compatible; Googlebot/2.1; +http://www.google.com/bot.html)"
66.249.65.197 - - [15/Jul/2025:13:09:18 +0000] "GET /shopdetail/432844049 HTTP/1.1" 200 40391 "-" "Mozilla/5.0 (Linux; Android 6.0.1; Nexus 5X Build/MMB29P) AppleWebKit/537.36 (KHTML, like Gecko) Chrome/137.0.7151.103 Mobile Safari/537.36 (compatible; Googlebot/2.1; +http://www.google.com/bot.html)"
66.249.65.197 - - [15/Jul/2025:13:09:22 +0000] "GET /shopdetail/281816549 HTTP/1.1" 200 40147 "-" "Mozilla/5.0 (Linux; Android 6.0.1; Nexus 5X Build/MMB29P) AppleWebKit/537.36 (KHTML, like Gecko) Chrome/137.0.7151.103 Mobile Safari/537.36 (compatible; Googlebot/2.1; +http://www.google.com/bot.html)"
66.249.65.197 - - [15/Jul/2025:13:09:24 +0000] "GET /shopdetail/99203249 HTTP/1.1" 200 40257 "-" "Mozilla/5.0 (Linux; Android 6.0.1; Nexus 5X Build/MMB29P) AppleWebKit/537.36 (KHTML, like Gecko) Chrome/137.0.7151.103 Mobile Safari/537.36 (compatible; Googlebot/2.1; +http://www.google.com/bot.html)"
66.249.65.197 - - [15/Jul/2025:13:09:28 +0000] "GET /shopdetail/326696449 HTTP/1.1" 200 39714 "-" "Mozilla/5.0 (Linux; Android 6.0.1; Nexus 5X Build/MMB29P) AppleWebKit/537.36 (KHTML, like Gecko) Chrome/137.0.7151.103 Mobile Safari/537.36 (compatible; Googlebot/2.1; +http://www.google.com/bot.html)"
66.249.65.197 - - [15/Jul/2025:13:09:29 +0000] "GET /shopdetail/2675849 HTTP/1.1" 200 40372 "-" "Mozilla/5.0 (Linux; Android 6.0.1; Nexus 5X Build/MMB29P) AppleWebKit/537.36 (KHTML, like Gecko) Chrome/137.0.7151.103 Mobile Safari/537.36 (compatible; Googlebot/2.1; +http://www.google.com/bot.html)"
66.249.65.197 - - [15/Jul/2025:13:09:31 +0000] "GET /shopdetail/121711749 HTTP/1.1" 200 40787 "-" "Mozilla/5.0 (Linux; Android 6.0.1; Nexus 5X Build/MMB29P) AppleWebKit/537.36 (KHTML, like Gecko) Chrome/137.0.7151.103 Mobile Safari/537.36 (compatible; Googlebot/2.1; +http://www.google.com/bot.html)"
66.249.65.197 - - [15/Jul/2025:13:09:31 +0000] "POST /get-message-notify HTTP/1.1" 200 40445 "https://abl.academy/shopdetail/326696449" "Mozilla/5.0 (Linux; Android 6.0.1; Nexus 5X Build/MMB29P) AppleWebKit/537.36 (KHTML, like Gecko) Chrome/137.0.7151.119 Mobile Safari/537.36 (compatible; Googlebot/2.1; +http://www.google.com/bot.html)"
66.249.65.198 - - [15/Jul/2025:13:09:33 +0000] "GET /shopdetail/32736049 HTTP/1.1" 200 40036 "-" "Mozilla/5.0 (Linux; Android 6.0.1; Nexus 5X Build/MMB29P) AppleWebKit/537.36 (KHTML, like Gecko) Chrome/137.0.7151.103 Mobile Safari/537.36 (compatible; Googlebot/2.1; +http://www.google.com/bot.html)"
66.249.65.198 - - [15/Jul/2025:13:09:34 +0000] "GET /shopdetail/571774849 HTTP/1.1" 200 40180 "-" "Mozilla/5.0 (Linux; Android 6.0.1; Nexus 5X Build/MMB29P) AppleWebKit/537.36 (KHTML, like Gecko) Chrome/137.0.7151.103 Mobile Safari/537.36 (compatible; Googlebot/2.1; +http://www.google.com/bot.html)"
66.249.65.197 - - [15/Jul/2025:13:09:35 +0000] "GET /shopdetail/455612749 HTTP/1.1" 200 40100 "-" "Mozilla/5.0 (Linux; Android 6.0.1; Nexus 5X Build/MMB29P) AppleWebKit/537.36 (KHTML, like Gecko) Chrome/137.0.7151.103 Mobile Safari/537.36 (compatible; Googlebot/2.1; +http://www.google.com/bot.html)"
66.249.65.197 - - [15/Jul/2025:13:09:37 +0000] "POST /get-message-notify HTTP/1.1" 200 40310 "https://abl.academy/shopdetail/32736049" "Mozilla/5.0 (Linux; Android 6.0.1; Nexus 5X Build/MMB29P) AppleWebKit/537.36 (KHTML, like Gecko) Chrome/137.0.7151.119 Mobile Safari/537.36 (compatible; Googlebot/2.1; +http://www.google.com/bot.html)"
66.249.65.198 - - [15/Jul/2025:13:09:37 +0000] "GET /shopdetail/365064849 HTTP/1.1" 200 40061 "-" "Mozilla/5.0 (Linux; Android 6.0.1; Nexus 5X Build/MMB29P) AppleWebKit/537.36 (KHTML, like Gecko) Chrome/137.0.7151.103 Mobile Safari/537.36 (compatible; Googlebot/2.1; +http://www.google.com/bot.html)"
66.249.65.198 - - [15/Jul/2025:13:09:40 +0000] "GET /shopdetail/538459749 HTTP/1.1" 200 40365 "-" "Mozilla/5.0 (Linux; Android 6.0.1; Nexus 5X Build/MMB29P) AppleWebKit/537.36 (KHTML, like Gecko) Chrome/137.0.7151.103 Mobile Safari/537.36 (compatible; Googlebot/2.1; +http://www.google.com/bot.html)"
66.249.65.197 - - [15/Jul/2025:13:09:44 +0000] "GET /shopdetail/443352249 HTTP/1.1" 200 39820 "-" "Mozilla/5.0 (Linux; Android 6.0.1; Nexus 5X Build/MMB29P) AppleWebKit/537.36 (KHTML, like Gecko) Chrome/137.0.7151.103 Mobile Safari/537.36 (compatible; Googlebot/2.1; +http://www.google.com/bot.html)"
66.249.65.197 - - [15/Jul/2025:13:09:52 +0000] "GET /shopdetail/294763649 HTTP/1.1" 200 39899 "-" "Mozilla/5.0 (Linux; Android 6.0.1; Nexus 5X Build/MMB29P) AppleWebKit/537.36 (KHTML, like Gecko) Chrome/137.0.7151.103 Mobile Safari/537.36 (compatible; Googlebot/2.1; +http://www.google.com/bot.html)"
66.249.65.199 - - [15/Jul/2025:13:10:33 +0000] "POST /get-message-notify HTTP/1.1" 200 40289 "https://abl.academy/shopdetail/443352249" "Mozilla/5.0 (Linux; Android 6.0.1; Nexus 5X Build/MMB29P) AppleWebKit/537.36 (KHTML, like Gecko) Chrome/137.0.7151.119 Mobile Safari/537.36 (compatible; Googlebot/2.1; +http://www.google.com/bot.html)"
209.74.77.214 - - [15/Jul/2025:13:18:45 +0000] "POST /wp-cron.php?doing_wp_cron=1752585525.5984809398651123046875 HTTP/1.1" 200 - "-" "WordPress/6.8.1; https://abl.academy"
18.207.79.144 - - [15/Jul/2025:13:18:43 +0000] "GET /wp-login.php?redirect_to=https://abl.academy/courses/test/quizzes/quiz-3 HTTP/1.1" 200 2050 "-" "Mozilla/5.0 AppleWebKit/537.36 (KHTML, like Gecko; compatible; Amazonbot/0.1; +https://developer.amazon.com/support/amazonbot) Chrome/119.0.6045.214 Safari/537.36"
209.74.77.214 - - [15/Jul/2025:13:22:47 +0000] "POST /wp-cron.php?doing_wp_cron=1752585767.9223029613494873046875 HTTP/1.1" 200 - "-" "WordPress/6.8.1; https://abl.academy"
35.90.25.216 - - [15/Jul/2025:13:22:46 +0000] "GET / HTTP/1.1" 200 9695 "-" "Mozilla/5.0 (X11; Linux x86_64) AppleWebKit/537.36 (KHTML, like Gecko) Chrome/83.0.4103.97 Safari/537.36"
154.196.49.84 - - [15/Jul/2025:13:25:13 +0000] "GET /lms-wordpress-plugin/?unapproved=5882&moderation-hash=7602adaff1e68bc824b3ad8a21f00857 HTTP/1.0" 200 69494 "https://abl.academy/lms-wordpress-plugin/?unapproved=5882&moderation-hash=7602adaff1e68bc824b3ad8a21f00857#comment-5882" "Mozilla/5.0 (Windows NT 10.0; Win64; x64) AppleWebKit/537.36 (KHTML, like Gecko) Chrome/130.0.0.0 Safari/537.36 CCleaner/130.0.0.0"
87.250.224.17 - - [15/Jul/2025:13:25:33 +0000] "GET /robots.txt HTTP/1.1" 200 285 "-" "Mozilla/5.0 (compatible; YandexBot/3.0; +http://yandex.com/bots)"
43.163.206.70 - - [15/Jul/2025:13:29:15 +0000] "GET / HTTP/1.1" 200 9696 "http://abl.academy" "Mozilla/5.0 (iPhone; CPU iPhone OS 13_2_3 like Mac OS X) AppleWebKit/605.1.15 (KHTML, like Gecko) Version/13.0.3 Mobile/15E148 Safari/604.1"
66.249.65.197 - - [15/Jul/2025:13:33:07 +0000] "GET /shopdetail/240500449 HTTP/1.1" 200 39973 "-" "Mozilla/5.0 (Linux; Android 6.0.1; Nexus 5X Build/MMB29P) AppleWebKit/537.36 (KHTML, like Gecko) Chrome/137.0.7151.103 Mobile Safari/537.36 (compatible; Googlebot/2.1; +http://www.google.com/bot.html)"
66.249.65.198 - - [15/Jul/2025:13:33:14 +0000] "POST /get-message-notify HTTP/1.1" 200 40363 "https://abl.academy/shopdetail/240500449" "Mozilla/5.0 (Linux; Android 6.0.1; Nexus 5X Build/MMB29P) AppleWebKit/537.36 (KHTML, like Gecko) Chrome/137.0.7151.119 Mobile Safari/537.36 (compatible; Googlebot/2.1; +http://www.google.com/bot.html)"
66.249.65.197 - - [15/Jul/2025:13:33:23 +0000] "GET /shopdetail/61267049 HTTP/1.1" 200 40615 "-" "Mozilla/5.0 (Linux; Android 6.0.1; Nexus 5X Build/MMB29P) AppleWebKit/537.36 (KHTML, like Gecko) Chrome/137.0.7151.103 Mobile Safari/537.36 (compatible; Googlebot/2.1; +http://www.google.com/bot.html)"
66.249.65.197 - - [15/Jul/2025:13:33:31 +0000] "GET /item/fount51131292/ HTTP/1.1" 200 39819 "-" "Mozilla/5.0 (Linux; Android 6.0.1; Nexus 5X Build/MMB29P) AppleWebKit/537.36 (KHTML, like Gecko) Chrome/137.0.7151.103 Mobile Safari/537.36 (compatible; Googlebot/2.1; +http://www.google.com/bot.html)"
66.249.65.197 - - [15/Jul/2025:13:33:32 +0000] "GET /item/table81484023/ HTTP/1.1" 200 40320 "-" "Mozilla/5.0 (Linux; Android 6.0.1; Nexus 5X Build/MMB29P) AppleWebKit/537.36 (KHTML, like Gecko) Chrome/137.0.7151.103 Mobile Safari/537.36 (compatible; Googlebot/2.1; +http://www.google.com/bot.html)"
66.249.65.197 - - [15/Jul/2025:13:33:33 +0000] "POST /get-message-notify HTTP/1.1" 200 40322 "https://abl.academy/item/fount51131292/" "Mozilla/5.0 (Linux; Android 6.0.1; Nexus 5X Build/MMB29P) AppleWebKit/537.36 (KHTML, like Gecko) Chrome/137.0.7151.119 Mobile Safari/537.36 (compatible; Googlebot/2.1; +http://www.google.com/bot.html)"
66.249.65.198 - - [15/Jul/2025:13:33:37 +0000] "GET /item/bulk71054454/ HTTP/1.1" 200 40236 "-" "Mozilla/5.0 (Linux; Android 6.0.1; Nexus 5X Build/MMB29P) AppleWebKit/537.36 (KHTML, like Gecko) Chrome/137.0.7151.103 Mobile Safari/537.36 (compatible; Googlebot/2.1; +http://www.google.com/bot.html)"
66.249.65.197 - - [15/Jul/2025:13:33:39 +0000] "GET /item/outle11582920/ HTTP/1.1" 200 40000 "-" "Mozilla/5.0 (Linux; Android 6.0.1; Nexus 5X Build/MMB29P) AppleWebKit/537.36 (KHTML, like Gecko) Chrome/137.0.7151.103 Mobile Safari/537.36 (compatible; Googlebot/2.1; +http://www.google.com/bot.html)"
66.249.65.198 - - [15/Jul/2025:13:33:41 +0000] "GET /item/prove81528095/ HTTP/1.1" 200 39932 "-" "Mozilla/5.0 (Linux; Android 6.0.1; Nexus 5X Build/MMB29P) AppleWebKit/537.36 (KHTML, like Gecko) Chrome/137.0.7151.103 Mobile Safari/537.36 (compatible; Googlebot/2.1; +http://www.google.com/bot.html)"
66.249.65.198 - - [15/Jul/2025:13:33:44 +0000] "GET /item/resis12670072/ HTTP/1.1" 200 39896 "-" "Mozilla/5.0 (Linux; Android 6.0.1; Nexus 5X Build/MMB29P) AppleWebKit/537.36 (KHTML, like Gecko) Chrome/137.0.7151.103 Mobile Safari/537.36 (compatible; Googlebot/2.1; +http://www.google.com/bot.html)"
66.249.65.198 - - [15/Jul/2025:13:33:47 +0000] "GET /item/habit60859389/ HTTP/1.1" 200 40593 "-" "Mozilla/5.0 (Linux; Android 6.0.1; Nexus 5X Build/MMB29P) AppleWebKit/537.36 (KHTML, like Gecko) Chrome/137.0.7151.103 Mobile Safari/537.36 (compatible; Googlebot/2.1; +http://www.google.com/bot.html)"
66.249.65.198 - - [15/Jul/2025:13:33:50 +0000] "GET /item/frank10130552/ HTTP/1.1" 200 39879 "-" "Mozilla/5.0 (Linux; Android 6.0.1; Nexus 5X Build/MMB29P) AppleWebKit/537.36 (KHTML, like Gecko) Chrome/137.0.7151.103 Mobile Safari/537.36 (compatible; Googlebot/2.1; +http://www.google.com/bot.html)"
66.249.65.197 - - [15/Jul/2025:13:33:53 +0000] "GET /item/pity50544764/ HTTP/1.1" 200 40466 "-" "Mozilla/5.0 (Linux; Android 6.0.1; Nexus 5X Build/MMB29P) AppleWebKit/537.36 (KHTML, like Gecko) Chrome/137.0.7151.103 Mobile Safari/537.36 (compatible; Googlebot/2.1; +http://www.google.com/bot.html)"
66.249.65.197 - - [15/Jul/2025:13:33:56 +0000] "GET /item/jolly51955316/ HTTP/1.1" 200 40969 "-" "Mozilla/5.0 (Linux; Android 6.0.1; Nexus 5X Build/MMB29P) AppleWebKit/537.36 (KHTML, like Gecko) Chrome/137.0.7151.103 Mobile Safari/537.36 (compatible; Googlebot/2.1; +http://www.google.com/bot.html)"
66.249.65.197 - - [15/Jul/2025:13:34:05 +0000] "GET /item/tight82326231/ HTTP/1.1" 200 40395 "-" "Mozilla/5.0 (Linux; Android 6.0.1; Nexus 5X Build/MMB29P) AppleWebKit/537.36 (KHTML, like Gecko) Chrome/137.0.7151.103 Mobile Safari/537.36 (compatible; Googlebot/2.1; +http://www.google.com/bot.html)"
66.249.65.198 - - [15/Jul/2025:13:34:09 +0000] "GET /item/deduc50791524/ HTTP/1.1" 200 40525 "-" "Mozilla/5.0 (Linux; Android 6.0.1; Nexus 5X Build/MMB29P) AppleWebKit/537.36 (KHTML, like Gecko) Chrome/137.0.7151.103 Mobile Safari/537.36 (compatible; Googlebot/2.1; +http://www.google.com/bot.html)"
66.249.65.198 - - [15/Jul/2025:13:34:10 +0000] "GET /item/looko21693457/ HTTP/1.1" 200 40541 "-" "Mozilla/5.0 (Linux; Android 6.0.1; Nexus 5X Build/MMB29P) AppleWebKit/537.36 (KHTML, like Gecko) Chrome/137.0.7151.103 Mobile Safari/537.36 (compatible; Googlebot/2.1; +http://www.google.com/bot.html)"
66.249.65.197 - - [15/Jul/2025:13:34:11 +0000] "POST /get-message-notify HTTP/1.1" 200 40386 "https://abl.academy/item/tight82326231/" "Mozilla/5.0 (Linux; Android 6.0.1; Nexus 5X Build/MMB29P) AppleWebKit/537.36 (KHTML, like Gecko) Chrome/137.0.7151.119 Mobile Safari/537.36 (compatible; Googlebot/2.1; +http://www.google.com/bot.html)"
66.249.65.197 - - [15/Jul/2025:13:34:12 +0000] "GET /shopdetail/452744749 HTTP/1.1" 200 39868 "-" "Mozilla/5.0 (Linux; Android 6.0.1; Nexus 5X Build/MMB29P) AppleWebKit/537.36 (KHTML, like Gecko) Chrome/137.0.7151.103 Mobile Safari/537.36 (compatible; Googlebot/2.1; +http://www.google.com/bot.html)"
66.249.65.198 - - [15/Jul/2025:13:34:12 +0000] "GET /item/hub71774446/ HTTP/1.1" 200 39978 "-" "Mozilla/5.0 (Linux; Android 6.0.1; Nexus 5X Build/MMB29P) AppleWebKit/537.36 (KHTML, like Gecko) Chrome/137.0.7151.103 Mobile Safari/537.36 (compatible; Googlebot/2.1; +http://www.google.com/bot.html)"
66.249.65.197 - - [15/Jul/2025:13:34:19 +0000] "GET /item/stude22888489/ HTTP/1.1" 200 40574 "-" "Mozilla/5.0 (Linux; Android 6.0.1; Nexus 5X Build/MMB29P) AppleWebKit/537.36 (KHTML, like Gecko) Chrome/137.0.7151.103 Mobile Safari/537.36 (compatible; Googlebot/2.1; +http://www.google.com/bot.html)"
66.249.65.197 - - [15/Jul/2025:13:34:24 +0000] "POST /get-message-notify HTTP/1.1" 200 40283 "https://abl.academy/item/habit60859389/" "Mozilla/5.0 (Linux; Android 6.0.1; Nexus 5X Build/MMB29P) AppleWebKit/537.36 (KHTML, like Gecko) Chrome/137.0.7151.119 Mobile Safari/537.36 (compatible; Googlebot/2.1; +http://www.google.com/bot.html)"
66.249.65.197 - - [15/Jul/2025:13:34:28 +0000] "GET /shopdetail/317656149 HTTP/1.1" 200 39847 "-" "Mozilla/5.0 (Linux; Android 6.0.1; Nexus 5X Build/MMB29P) AppleWebKit/537.36 (KHTML, like Gecko) Chrome/137.0.7151.103 Mobile Safari/537.36 (compatible; Googlebot/2.1; +http://www.google.com/bot.html)"
66.249.65.198 - - [15/Jul/2025:13:34:29 +0000] "GET /item/bubbl70170886/ HTTP/1.1" 200 40569 "-" "Mozilla/5.0 (Linux; Android 6.0.1; Nexus 5X Build/MMB29P) AppleWebKit/537.36 (KHTML, like Gecko) Chrome/137.0.7151.103 Mobile Safari/537.36 (compatible; Googlebot/2.1; +http://www.google.com/bot.html)"
66.249.65.197 - - [15/Jul/2025:13:34:29 +0000] "POST /get-message-notify HTTP/1.1" 200 40352 "https://abl.academy/item/looko21693457/" "Mozilla/5.0 (Linux; Android 6.0.1; Nexus 5X Build/MMB29P) AppleWebKit/537.36 (KHTML, like Gecko) Chrome/137.0.7151.119 Mobile Safari/537.36 (compatible; Googlebot/2.1; +http://www.google.com/bot.html)"
66.249.65.198 - - [15/Jul/2025:13:34:30 +0000] "GET /item/madam10920688/ HTTP/1.1" 200 40250 "-" "Mozilla/5.0 (Linux; Android 6.0.1; Nexus 5X Build/MMB29P) AppleWebKit/537.36 (KHTML, like Gecko) Chrome/137.0.7151.103 Mobile Safari/537.36 (compatible; Googlebot/2.1; +http://www.google.com/bot.html)"
209.74.77.214 - - [15/Jul/2025:13:35:06 +0000] "POST /wp-cron.php?doing_wp_cron=1752586506.2695090770721435546875 HTTP/1.1" 200 - "-" "WordPress/6.8.1; https://abl.academy"
84.54.47.82 - - [15/Jul/2025:13:35:04 +0000] "GET /lms-wordpress-plugin/ HTTP/1.0" 200 69405 "https://abl.academy/lms-wordpress-plugin/" "Mozilla/5.0 (Windows NT 10.0; Win64; x64) AppleWebKit/537.36 (KHTML, like Gecko) Chrome/131.0.0.0 Safari/537.36"
84.54.47.82 - - [15/Jul/2025:13:35:07 +0000] "POST /wp-comments-post.php HTTP/1.0" 302 - "https://abl.academy/lms-wordpress-plugin/" "Mozilla/5.0 (Windows NT 10.0; Win64; x64) AppleWebKit/537.36 (KHTML, like Gecko) Chrome/131.0.0.0 Safari/537.36"
84.54.47.82 - - [15/Jul/2025:13:35:08 +0000] "GET /lms-wordpress-plugin/?unapproved=5883&moderation-hash=f479288591dc007a786d82b9b73aab45 HTTP/1.0" 200 69494 "https://abl.academy/lms-wordpress-plugin/?unapproved=5883&moderation-hash=f479288591dc007a786d82b9b73aab45#comment-5883" "Mozilla/5.0 (Windows NT 10.0; Win64; x64) AppleWebKit/537.36 (KHTML, like Gecko) Chrome/131.0.0.0 Safari/537.36"
66.249.65.197 - - [15/Jul/2025:13:35:23 +0000] "GET /shopdetail/30935349 HTTP/1.1" 200 40118 "-" "Mozilla/5.0 (Linux; Android 6.0.1; Nexus 5X Build/MMB29P) AppleWebKit/537.36 (KHTML, like Gecko) Chrome/137.0.7151.103 Mobile Safari/537.36 (compatible; Googlebot/2.1; +http://www.google.com/bot.html)"
66.249.65.197 - - [15/Jul/2025:13:35:32 +0000] "POST /get-message-notify HTTP/1.1" 200 40366 "https://abl.academy/shopdetail/452744749" "Mozilla/5.0 (Linux; Android 6.0.1; Nexus 5X Build/MMB29P) AppleWebKit/537.36 (KHTML, like Gecko) Chrome/137.0.7151.119 Mobile Safari/537.36 (compatible; Googlebot/2.1; +http://www.google.com/bot.html)"
66.249.65.197 - - [15/Jul/2025:13:36:28 +0000] "GET /product/karton/ HTTP/1.1" 200 40403 "-" "Mozilla/5.0 (Linux; Android 6.0.1; Nexus 5X Build/MMB29P) AppleWebKit/537.36 (KHTML, like Gecko) Chrome/137.0.7151.103 Mobile Safari/537.36 (compatible; Googlebot/2.1; +http://www.google.com/bot.html)"
66.249.65.197 - - [15/Jul/2025:13:36:41 +0000] "GET /shopdetail/249763549 HTTP/1.1" 200 40154 "-" "Mozilla/5.0 (Linux; Android 6.0.1; Nexus 5X Build/MMB29P) AppleWebKit/537.36 (KHTML, like Gecko) Chrome/137.0.7151.103 Mobile Safari/537.36 (compatible; Googlebot/2.1; +http://www.google.com/bot.html)"
66.249.65.197 - - [15/Jul/2025:13:36:41 +0000] "POST /get-message-notify HTTP/1.1" 200 40367 "https://abl.academy/product/karton/" "Mozilla/5.0 (Linux; Android 6.0.1; Nexus 5X Build/MMB29P) AppleWebKit/537.36 (KHTML, like Gecko) Chrome/137.0.7151.119 Mobile Safari/537.36 (compatible; Googlebot/2.1; +http://www.google.com/bot.html)"
66.249.65.197 - - [15/Jul/2025:13:36:46 +0000] "POST /get-message-notify HTTP/1.1" 200 40302 "https://abl.academy/shopdetail/249763549" "Mozilla/5.0 (Linux; Android 6.0.1; Nexus 5X Build/MMB29P) AppleWebKit/537.36 (KHTML, like Gecko) Chrome/137.0.7151.119 Mobile Safari/537.36 (compatible; Googlebot/2.1; +http://www.google.com/bot.html)"
66.249.65.197 - - [15/Jul/2025:13:36:46 +0000] "GET /shopdetail/293744349 HTTP/1.1" 200 40311 "-" "Mozilla/5.0 (Linux; Android 6.0.1; Nexus 5X Build/MMB29P) AppleWebKit/537.36 (KHTML, like Gecko) Chrome/137.0.7151.103 Mobile Safari/537.36 (compatible; Googlebot/2.1; +http://www.google.com/bot.html)"
66.249.65.197 - - [15/Jul/2025:13:37:20 +0000] "GET /become-a-teacher/ HTTP/1.1" 200 39836 "-" "Mozilla/5.0 (Linux; Android 6.0.1; Nexus 5X Build/MMB29P) AppleWebKit/537.36 (KHTML, like Gecko) Chrome/137.0.7151.103 Mobile Safari/537.36 (compatible; Googlebot/2.1; +http://www.google.com/bot.html)"
66.249.65.197 - - [15/Jul/2025:13:37:22 +0000] "GET /shopdetail/167421049 HTTP/1.1" 200 39836 "-" "Mozilla/5.0 (Linux; Android 6.0.1; Nexus 5X Build/MMB29P) AppleWebKit/537.36 (KHTML, like Gecko) Chrome/137.0.7151.103 Mobile Safari/537.36 (compatible; Googlebot/2.1; +http://www.google.com/bot.html)"
66.249.65.198 - - [15/Jul/2025:13:39:03 +0000] "GET /shopdetail/395914049 HTTP/1.1" 200 40162 "-" "Mozilla/5.0 (Linux; Android 6.0.1; Nexus 5X Build/MMB29P) AppleWebKit/537.36 (KHTML, like Gecko) Chrome/137.0.7151.103 Mobile Safari/537.36 (compatible; Googlebot/2.1; +http://www.google.com/bot.html)"
66.249.65.197 - - [15/Jul/2025:13:39:23 +0000] "POST /get-message-notify HTTP/1.1" 200 40385 "https://abl.academy/shopdetail/395914049" "Mozilla/5.0 (Linux; Android 6.0.1; Nexus 5X Build/MMB29P) AppleWebKit/537.36 (KHTML, like Gecko) Chrome/137.0.7151.119 Mobile Safari/537.36 (compatible; Googlebot/2.1; +http://www.google.com/bot.html)"
43.128.67.187 - - [15/Jul/2025:13:40:50 +0000] "GET / HTTP/1.1" 200 9695 "http://www.abl.academy" "Mozilla/5.0 (iPhone; CPU iPhone OS 13_2_3 like Mac OS X) AppleWebKit/605.1.15 (KHTML, like Gecko) Version/13.0.3 Mobile/15E148 Safari/604.1"
66.249.65.197 - - [15/Jul/2025:13:42:43 +0000] "GET /shopdetail/347295349 HTTP/1.1" 200 39939 "-" "Mozilla/5.0 (Linux; Android 6.0.1; Nexus 5X Build/MMB29P) AppleWebKit/537.36 (KHTML, like Gecko) Chrome/137.0.7151.103 Mobile Safari/537.36 (compatible; Googlebot/2.1; +http://www.google.com/bot.html)"
66.249.65.197 - - [15/Jul/2025:13:46:42 +0000] "GET /courses/the-complete-online-teaching-masterclass/ HTTP/1.1" 200 39935 "-" "Mozilla/5.0 (Linux; Android 6.0.1; Nexus 5X Build/MMB29P) AppleWebKit/537.36 (KHTML, like Gecko) Chrome/137.0.7151.103 Mobile Safari/537.36 (compatible; Googlebot/2.1; +http://www.google.com/bot.html)"
