66.249.65.165 - - [17/Jul/2025:13:49:38 +0000] "GET /?k=6994314031900&mod=962ebbfe&uri=news.php?shopbrand/452856.htm HTTP/1.1" 200 19290 "-" "Mozilla/5.0 (Linux; Android 6.0.1; Nexus 5X Build/MMB29P) AppleWebKit/537.36 (KHTML, like Gecko) Chrome/137.0.7151.103 Mobile Safari/537.36 (compatible; Googlebot/2.1; +http://www.google.com/bot.html)"
66.249.65.164 - - [17/Jul/2025:13:49:38 +0000] "GET /?k=7465244021900&mod=160c8865&uri=goods.php?shopbrand/8557535.htm HTTP/1.1" 200 21529 "-" "Mozilla/5.0 (Linux; Android 6.0.1; Nexus 5X Build/MMB29P) AppleWebKit/537.36 (KHTML, like Gecko) Chrome/137.0.7151.103 Mobile Safari/537.36 (compatible; Googlebot/2.1; +http://www.google.com/bot.html)"
66.249.65.165 - - [17/Jul/2025:13:49:39 +0000] "GET /?k=7465244021900&mod=160c8865&uri=goods.php?shopbrand/8563238.htm HTTP/1.1" 200 20095 "-" "Mozilla/5.0 (Linux; Android 6.0.1; Nexus 5X Build/MMB29P) AppleWebKit/537.36 (KHTML, like Gecko) Chrome/137.0.7151.103 Mobile Safari/537.36 (compatible; Googlebot/2.1; +http://www.google.com/bot.html)"
66.249.65.166 - - [17/Jul/2025:13:49:40 +0000] "POST /get-message-notify HTTP/1.1" 200 19555 "https://alalamy.com.au/?k=7465244021900&mod=160c8865&uri=goods.php?shopbrand/458698.htm" "Mozilla/5.0 (Linux; Android 6.0.1; Nexus 5X Build/MMB29P) AppleWebKit/537.36 (KHTML, like Gecko) Chrome/137.0.7151.119 Mobile Safari/537.36 (compatible; Googlebot/2.1; +http://www.google.com/bot.html)"
66.249.65.164 - - [17/Jul/2025:13:49:41 +0000] "GET /items/toys/sports/5399513/ HTTP/1.1" 200 18777 "-" "Mozilla/5.0 (Linux; Android 6.0.1; Nexus 5X Build/MMB29P) AppleWebKit/537.36 (KHTML, like Gecko) Chrome/137.0.7151.103 Mobile Safari/537.36 (compatible; GoogleOther)"
66.249.65.166 - - [17/Jul/2025:13:49:43 +0000] "GET /?k=101910115021900&mod=41814002&uri=category-info.php?shopbrand/9038749.htm HTTP/1.1" 200 20062 "-" "Mozilla/5.0 (Linux; Android 6.0.1; Nexus 5X Build/MMB29P) AppleWebKit/537.36 (KHTML, like Gecko) Chrome/137.0.7151.103 Mobile Safari/537.36 (compatible; Googlebot/2.1; +http://www.google.com/bot.html)"
66.249.65.166 - - [17/Jul/2025:13:49:46 +0000] "GET /?k=7465244021900&mod=160c8865&uri=goods.php?shopbrand/8854316.htm HTTP/1.1" 200 19250 "-" "Mozilla/5.0 (Linux; Android 6.0.1; Nexus 5X Build/MMB29P) AppleWebKit/537.36 (KHTML, like Gecko) Chrome/137.0.7151.103 Mobile Safari/537.36 (compatible; Googlebot/2.1; +http://www.google.com/bot.html)"
66.249.65.165 - - [17/Jul/2025:13:49:47 +0000] "GET /items/fashion/mens/3136371/ HTTP/1.1" 200 20133 "-" "Mozilla/5.0 (Linux; Android 6.0.1; Nexus 5X Build/MMB29P) AppleWebKit/537.36 (KHTML, like Gecko) Chrome/137.0.7151.103 Mobile Safari/537.36 (compatible; GoogleOther)"
66.249.65.166 - - [17/Jul/2025:13:49:49 +0000] "GET /?k=7465244021900&mod=160c8865&uri=goods.php?shopbrand/8564207.htm HTTP/1.1" 200 21342 "-" "Mozilla/5.0 (Linux; Android 6.0.1; Nexus 5X Build/MMB29P) AppleWebKit/537.36 (KHTML, like Gecko) Chrome/137.0.7151.103 Mobile Safari/537.36 (compatible; Googlebot/2.1; +http://www.google.com/bot.html)"
66.249.65.164 - - [17/Jul/2025:13:49:51 +0000] "GET /?k=7465244021900&mod=160c8865&uri=goods.php?shopbrand/457048.htm HTTP/1.1" 200 20508 "-" "Mozilla/5.0 (Linux; Android 6.0.1; Nexus 5X Build/MMB29P) AppleWebKit/537.36 (KHTML, like Gecko) Chrome/137.0.7151.103 Mobile Safari/537.36 (compatible; Googlebot/2.1; +http://www.google.com/bot.html)"
66.249.65.165 - - [17/Jul/2025:13:49:52 +0000] "POST /get-message-notify HTTP/1.1" 200 19555 "https://alalamy.com.au/items/travel-supplies/outdoor-shoes/1775179/" "Mozilla/5.0 (Linux; Android 6.0.1; Nexus 5X Build/MMB29P) AppleWebKit/537.36 (KHTML, like Gecko) Chrome/137.0.7151.119 Mobile Safari/537.36 (compatible; Googlebot/2.1; +http://www.google.com/bot.html)"
66.249.65.165 - - [17/Jul/2025:13:49:53 +0000] "GET /items/fashion/tops/2110095/ HTTP/1.1" 200 19532 "-" "Mozilla/5.0 (Linux; Android 6.0.1; Nexus 5X Build/MMB29P) AppleWebKit/537.36 (KHTML, like Gecko) Chrome/137.0.7151.103 Mobile Safari/537.36 (compatible; GoogleOther)"
66.249.65.165 - - [17/Jul/2025:13:49:53 +0000] "GET /?k=7465244021900&mod=160c8865&uri=goods.php?shopbrand/9265482.htm HTTP/1.1" 200 19309 "-" "Mozilla/5.0 (Linux; Android 6.0.1; Nexus 5X Build/MMB29P) AppleWebKit/537.36 (KHTML, like Gecko) Chrome/137.0.7151.103 Mobile Safari/537.36 (compatible; Googlebot/2.1; +http://www.google.com/bot.html)"
66.249.65.164 - - [17/Jul/2025:13:49:55 +0000] "GET /?k=7465244021900&mod=160c8865&uri=goods.php?shopbrand/7780231.htm HTTP/1.1" 200 20777 "-" "Mozilla/5.0 (Linux; Android 6.0.1; Nexus 5X Build/MMB29P) AppleWebKit/537.36 (KHTML, like Gecko) Chrome/137.0.7151.103 Mobile Safari/537.36 (compatible; Googlebot/2.1; +http://www.google.com/bot.html)"
66.249.65.165 - - [17/Jul/2025:13:49:56 +0000] "POST /get-message-notify HTTP/1.1" 200 19555 "https://alalamy.com.au/items/fashion/tops/2110095/" "Mozilla/5.0 (Linux; Android 6.0.1; Nexus 5X Build/MMB29P) AppleWebKit/537.36 (KHTML, like Gecko) Chrome/137.0.7151.119 Mobile Safari/537.36 (compatible; Googlebot/2.1; +http://www.google.com/bot.html)"
66.249.65.164 - - [17/Jul/2025:13:49:58 +0000] "POST /get-message-notify HTTP/1.1" 200 19555 "https://alalamy.com.au/?k=7465244021900&mod=160c8865&uri=goods.php?shopbrand/7780231.htm" "Mozilla/5.0 (Linux; Android 6.0.1; Nexus 5X Build/MMB29P) AppleWebKit/537.36 (KHTML, like Gecko) Chrome/137.0.7151.119 Mobile Safari/537.36 (compatible; Googlebot/2.1; +http://www.google.com/bot.html)"
66.249.65.164 - - [17/Jul/2025:13:49:58 +0000] "GET /items/handmade/furniture/4338703/ HTTP/1.1" 200 20573 "-" "Mozilla/5.0 (Linux; Android 6.0.1; Nexus 5X Build/MMB29P) AppleWebKit/537.36 (KHTML, like Gecko) Chrome/137.0.7151.103 Mobile Safari/537.36 (compatible; GoogleOther)"
66.249.65.164 - - [17/Jul/2025:13:50:00 +0000] "GET /?k=6994314031900&mod=962ebbfe&uri=news.php?shopbrand/454268.htm HTTP/1.1" 200 19722 "-" "Mozilla/5.0 (Linux; Android 6.0.1; Nexus 5X Build/MMB29P) AppleWebKit/537.36 (KHTML, like Gecko) Chrome/137.0.7151.103 Mobile Safari/537.36 (compatible; Googlebot/2.1; +http://www.google.com/bot.html)"
66.249.65.165 - - [17/Jul/2025:13:50:01 +0000] "POST /get-message-notify HTTP/1.1" 200 19555 "https://alalamy.com.au/items/handmade/furniture/4338703/" "Mozilla/5.0 (Linux; Android 6.0.1; Nexus 5X Build/MMB29P) AppleWebKit/537.36 (KHTML, like Gecko) Chrome/137.0.7151.119 Mobile Safari/537.36 (compatible; Googlebot/2.1; +http://www.google.com/bot.html)"
66.249.65.164 - - [17/Jul/2025:13:50:01 +0000] "GET /?k=7465244021900&mod=160c8865&uri=goods.php?shopbrand/8552930.htm HTTP/1.1" 200 21599 "-" "Mozilla/5.0 (Linux; Android 6.0.1; Nexus 5X Build/MMB29P) AppleWebKit/537.36 (KHTML, like Gecko) Chrome/137.0.7151.103 Mobile Safari/537.36 (compatible; Googlebot/2.1; +http://www.google.com/bot.html)"
66.249.65.165 - - [17/Jul/2025:13:50:02 +0000] "POST /get-message-notify HTTP/1.1" 200 19555 "https://alalamy.com.au/?k=7465244021900&mod=160c8865&uri=goods.php?shopbrand/8854316.htm" "Mozilla/5.0 (Linux; Android 6.0.1; Nexus 5X Build/MMB29P) AppleWebKit/537.36 (KHTML, like Gecko) Chrome/137.0.7151.119 Mobile Safari/537.36 (compatible; Googlebot/2.1; +http://www.google.com/bot.html)"
66.249.65.166 - - [17/Jul/2025:13:50:02 +0000] "POST /get-message-notify HTTP/1.1" 200 19555 "https://alalamy.com.au/?k=6994314031900&mod=962ebbfe&uri=news.php?shopbrand/454268.htm" "Mozilla/5.0 (Linux; Android 6.0.1; Nexus 5X Build/MMB29P) AppleWebKit/537.36 (KHTML, like Gecko) Chrome/137.0.7151.119 Mobile Safari/537.36 (compatible; Googlebot/2.1; +http://www.google.com/bot.html)"
66.249.65.164 - - [17/Jul/2025:13:50:03 +0000] "GET /?k=7465244021900&mod=160c8865&uri=goods.php?shopbrand/7781774.htm HTTP/1.1" 200 19568 "-" "Mozilla/5.0 (Linux; Android 6.0.1; Nexus 5X Build/MMB29P) AppleWebKit/537.36 (KHTML, like Gecko) Chrome/137.0.7151.103 Mobile Safari/537.36 (compatible; Googlebot/2.1; +http://www.google.com/bot.html)"
66.249.65.164 - - [17/Jul/2025:13:50:04 +0000] "GET /items/fashion/mens/3467108/ HTTP/1.1" 200 19223 "-" "Mozilla/5.0 (Linux; Android 6.0.1; Nexus 5X Build/MMB29P) AppleWebKit/537.36 (KHTML, like Gecko) Chrome/137.0.7151.103 Mobile Safari/537.36 (compatible; GoogleOther)"
66.249.65.164 - - [17/Jul/2025:13:50:06 +0000] "POST /get-message-notify HTTP/1.1" 200 19555 "https://alalamy.com.au/items/fashion/mens/3467108/" "Mozilla/5.0 (Linux; Android 6.0.1; Nexus 5X Build/MMB29P) AppleWebKit/537.36 (KHTML, like Gecko) Chrome/137.0.7151.119 Mobile Safari/537.36 (compatible; Googlebot/2.1; +http://www.google.com/bot.html)"
66.249.65.164 - - [17/Jul/2025:13:50:10 +0000] "GET /items/fishing/fishing/2163871/ HTTP/1.1" 200 19131 "-" "Mozilla/5.0 (Linux; Android 6.0.1; Nexus 5X Build/MMB29P) AppleWebKit/537.36 (KHTML, like Gecko) Chrome/137.0.7151.103 Mobile Safari/537.36 (compatible; GoogleOther)"
66.249.65.164 - - [17/Jul/2025:13:50:12 +0000] "GET /?k=7465244021900&mod=160c8865&uri=goods.php?shopbrand/9275474.htm HTTP/1.1" 200 19441 "-" "Mozilla/5.0 (Linux; Android 6.0.1; Nexus 5X Build/MMB29P) AppleWebKit/537.36 (KHTML, like Gecko) Chrome/137.0.7151.103 Mobile Safari/537.36 (compatible; Googlebot/2.1; +http://www.google.com/bot.html)"
66.249.65.164 - - [17/Jul/2025:13:50:12 +0000] "POST /get-message-notify HTTP/1.1" 200 19555 "https://alalamy.com.au/items/fishing/fishing/2163871/" "Mozilla/5.0 (Linux; Android 6.0.1; Nexus 5X Build/MMB29P) AppleWebKit/537.36 (KHTML, like Gecko) Chrome/137.0.7151.119 Mobile Safari/537.36 (compatible; Googlebot/2.1; +http://www.google.com/bot.html)"
66.249.65.164 - - [17/Jul/2025:13:50:16 +0000] "POST /get-message-notify HTTP/1.1" 200 19555 "https://alalamy.com.au/items/kitchen/tea-cups/1928820/" "Mozilla/5.0 (Linux; Android 6.0.1; Nexus 5X Build/MMB29P) AppleWebKit/537.36 (KHTML, like Gecko) Chrome/137.0.7151.119 Mobile Safari/537.36 (compatible; Googlebot/2.1; +http://www.google.com/bot.html)"
66.249.65.164 - - [17/Jul/2025:13:50:16 +0000] "GET /items/fashion/mens/2609798/ HTTP/1.1" 200 19576 "-" "Mozilla/5.0 (Linux; Android 6.0.1; Nexus 5X Build/MMB29P) AppleWebKit/537.36 (KHTML, like Gecko) Chrome/137.0.7151.103 Mobile Safari/537.36 (compatible; GoogleOther)"
66.249.65.164 - - [17/Jul/2025:13:50:16 +0000] "POST /get-message-notify HTTP/1.1" 200 19555 "https://alalamy.com.au/?k=101910115021900&mod=41814002&uri=category-info.php?shopbrand/9038749.htm" "Mozilla/5.0 (Linux; Android 6.0.1; Nexus 5X Build/MMB29P) AppleWebKit/537.36 (KHTML, like Gecko) Chrome/137.0.7151.119 Mobile Safari/537.36 (compatible; Googlebot/2.1; +http://www.google.com/bot.html)"
66.249.65.164 - - [17/Jul/2025:13:50:19 +0000] "GET /?k=7465244021900&mod=160c8865&uri=goods.php?shopbrand/9272694.htm HTTP/1.1" 200 19561 "-" "Mozilla/5.0 (Linux; Android 6.0.1; Nexus 5X Build/MMB29P) AppleWebKit/537.36 (KHTML, like Gecko) Chrome/137.0.7151.103 Mobile Safari/537.36 (compatible; Googlebot/2.1; +http://www.google.com/bot.html)"
66.249.65.164 - - [17/Jul/2025:13:50:19 +0000] "GET /?k=6758900021900&mod=b75fccec&uri=us.php?shopbrand/467868.htm HTTP/1.1" 200 20053 "-" "Mozilla/5.0 (Linux; Android 6.0.1; Nexus 5X Build/MMB29P) AppleWebKit/537.36 (KHTML, like Gecko) Chrome/137.0.7151.103 Mobile Safari/537.36 (compatible; Googlebot/2.1; +http://www.google.com/bot.html)"
66.249.65.164 - - [17/Jul/2025:13:50:21 +0000] "POST /get-message-notify HTTP/1.1" 200 19555 "https://alalamy.com.au/items/fashion/mens/2609798/" "Mozilla/5.0 (Linux; Android 6.0.1; Nexus 5X Build/MMB29P) AppleWebKit/537.36 (KHTML, like Gecko) Chrome/137.0.7151.119 Mobile Safari/537.36 (compatible; Googlebot/2.1; +http://www.google.com/bot.html)"
66.249.65.165 - - [17/Jul/2025:13:50:21 +0000] "GET /?k=7465244021900&mod=160c8865&uri=goods.php?shopbrand/9270611.htm HTTP/1.1" 200 19634 "-" "Mozilla/5.0 (Linux; Android 6.0.1; Nexus 5X Build/MMB29P) AppleWebKit/537.36 (KHTML, like Gecko) Chrome/137.0.7151.103 Mobile Safari/537.36 (compatible; Googlebot/2.1; +http://www.google.com/bot.html)"
66.249.65.164 - - [17/Jul/2025:13:50:22 +0000] "GET /items/fashion/mens/3336210/ HTTP/1.1" 200 19598 "-" "Mozilla/5.0 (Linux; Android 6.0.1; Nexus 5X Build/MMB29P) AppleWebKit/537.36 (KHTML, like Gecko) Chrome/137.0.7151.103 Mobile Safari/537.36 (compatible; GoogleOther)"
66.249.65.165 - - [17/Jul/2025:13:50:23 +0000] "GET /?k=7465244021900&mod=160c8865&uri=goods.php?product/edit/A878255542 HTTP/1.1" 200 20987 "-" "Mozilla/5.0 (Linux; Android 6.0.1; Nexus 5X Build/MMB29P) AppleWebKit/537.36 (KHTML, like Gecko) Chrome/137.0.7151.103 Mobile Safari/537.36 (compatible; Googlebot/2.1; +http://www.google.com/bot.html)"
66.249.65.164 - - [17/Jul/2025:13:50:25 +0000] "GET /?k=7465244021900&mod=160c8865&uri=goods.php?shopbrand/8558506.htm HTTP/1.1" 200 20243 "-" "Mozilla/5.0 (Linux; Android 6.0.1; Nexus 5X Build/MMB29P) AppleWebKit/537.36 (KHTML, like Gecko) Chrome/137.0.7151.103 Mobile Safari/537.36 (compatible; Googlebot/2.1; +http://www.google.com/bot.html)"
66.249.65.165 - - [17/Jul/2025:13:50:27 +0000] "GET /?k=6994314031900&mod=962ebbfe&uri=news.php?shopbrand/457314.htm HTTP/1.1" 200 19363 "-" "Mozilla/5.0 (Linux; Android 6.0.1; Nexus 5X Build/MMB29P) AppleWebKit/537.36 (KHTML, like Gecko) Chrome/137.0.7151.103 Mobile Safari/537.36 (compatible; Googlebot/2.1; +http://www.google.com/bot.html)"
66.249.65.165 - - [17/Jul/2025:13:50:28 +0000] "GET /items/fashion/womens/3971559/ HTTP/1.1" 200 19253 "-" "Mozilla/5.0 (Linux; Android 6.0.1; Nexus 5X Build/MMB29P) AppleWebKit/537.36 (KHTML, like Gecko) Chrome/137.0.7151.103 Mobile Safari/537.36 (compatible; GoogleOther)"
66.249.65.164 - - [17/Jul/2025:13:50:33 +0000] "GET /items/cameras/cameras/4301953/ HTTP/1.1" 200 18872 "-" "Mozilla/5.0 (Linux; Android 6.0.1; Nexus 5X Build/MMB29P) AppleWebKit/537.36 (KHTML, like Gecko) Chrome/137.0.7151.103 Mobile Safari/537.36 (compatible; GoogleOther)"
66.249.65.165 - - [17/Jul/2025:13:50:34 +0000] "GET /?k=7465244021900&mod=160c8865&uri=goods.php?shopbrand/9267962.htm HTTP/1.1" 200 19357 "-" "Mozilla/5.0 (Linux; Android 6.0.1; Nexus 5X Build/MMB29P) AppleWebKit/537.36 (KHTML, like Gecko) Chrome/137.0.7151.103 Mobile Safari/537.36 (compatible; Googlebot/2.1; +http://www.google.com/bot.html)"
66.249.65.164 - - [17/Jul/2025:13:50:37 +0000] "POST /get-message-notify HTTP/1.1" 200 19555 "https://alalamy.com.au/?k=7465244021900&mod=160c8865&uri=goods.php?shopbrand/9267962.htm" "Mozilla/5.0 (Linux; Android 6.0.1; Nexus 5X Build/MMB29P) AppleWebKit/537.36 (KHTML, like Gecko) Chrome/137.0.7151.119 Mobile Safari/537.36 (compatible; Googlebot/2.1; +http://www.google.com/bot.html)"
66.249.65.164 - - [17/Jul/2025:13:50:38 +0000] "GET /?k=23509241011900&mod=962ebbfe&uri=product.php?shopbrand/9303961.htm HTTP/1.1" 200 20090 "-" "Mozilla/5.0 (Linux; Android 6.0.1; Nexus 5X Build/MMB29P) AppleWebKit/537.36 (KHTML, like Gecko) Chrome/137.0.7151.103 Mobile Safari/537.36 (compatible; Googlebot/2.1; +http://www.google.com/bot.html)"
66.249.65.164 - - [17/Jul/2025:13:50:39 +0000] "GET /items/fashion/mens/2426237/ HTTP/1.1" 200 19886 "-" "Mozilla/5.0 (Linux; Android 6.0.1; Nexus 5X Build/MMB29P) AppleWebKit/537.36 (KHTML, like Gecko) Chrome/137.0.7151.103 Mobile Safari/537.36 (compatible; GoogleOther)"
66.249.65.164 - - [17/Jul/2025:13:50:40 +0000] "GET /?k=7465244021900&mod=160c8865&uri=goods.php?shopbrand/8857362.htm HTTP/1.1" 200 20123 "-" "Mozilla/5.0 (Linux; Android 6.0.1; Nexus 5X Build/MMB29P) AppleWebKit/537.36 (KHTML, like Gecko) Chrome/137.0.7151.103 Mobile Safari/537.36 (compatible; Googlebot/2.1; +http://www.google.com/bot.html)"
66.249.65.164 - - [17/Jul/2025:13:50:45 +0000] "GET /items/fashion/outerwear/4370758/ HTTP/1.1" 200 19143 "-" "Mozilla/5.0 (Linux; Android 6.0.1; Nexus 5X Build/MMB29P) AppleWebKit/537.36 (KHTML, like Gecko) Chrome/137.0.7151.103 Mobile Safari/537.36 (compatible; GoogleOther)"
66.249.65.164 - - [17/Jul/2025:13:50:47 +0000] "GET /?k=6574285041900&mod=f4d1f9e7&uri=pin.php?shopbrand/8118313.htm HTTP/1.1" 200 19794 "-" "Mozilla/5.0 (Linux; Android 6.0.1; Nexus 5X Build/MMB29P) AppleWebKit/537.36 (KHTML, like Gecko) Chrome/137.0.7151.103 Mobile Safari/537.36 (compatible; Googlebot/2.1; +http://www.google.com/bot.html)"
66.249.65.164 - - [17/Jul/2025:13:50:47 +0000] "GET /?k=7465244021900&mod=160c8865&uri=goods.php?shopbrand/9270345.htm HTTP/1.1" 200 20663 "-" "Mozilla/5.0 (Linux; Android 6.0.1; Nexus 5X Build/MMB29P) AppleWebKit/537.36 (KHTML, like Gecko) Chrome/137.0.7151.103 Mobile Safari/537.36 (compatible; Googlebot/2.1; +http://www.google.com/bot.html)"
66.249.65.165 - - [17/Jul/2025:13:50:51 +0000] "GET /items/furniture/vases/2448520/ HTTP/1.1" 200 20442 "-" "Mozilla/5.0 (Linux; Android 6.0.1; Nexus 5X Build/MMB29P) AppleWebKit/537.36 (KHTML, like Gecko) Chrome/137.0.7151.103 Mobile Safari/537.36 (compatible; GoogleOther)"
66.249.65.166 - - [17/Jul/2025:13:50:51 +0000] "POST /get-message-notify HTTP/1.1" 200 19555 "https://alalamy.com.au/?k=6574285041900&mod=f4d1f9e7&uri=pin.php?shopbrand/8118313.htm" "Mozilla/5.0 (Linux; Android 6.0.1; Nexus 5X Build/MMB29P) AppleWebKit/537.36 (KHTML, like Gecko) Chrome/137.0.7151.119 Mobile Safari/537.36 (compatible; Googlebot/2.1; +http://www.google.com/bot.html)"
66.249.65.165 - - [17/Jul/2025:13:50:51 +0000] "POST /get-message-notify HTTP/1.1" 200 19555 "https://alalamy.com.au/items/fashion/mens/3136371/" "Mozilla/5.0 (Linux; Android 6.0.1; Nexus 5X Build/MMB29P) AppleWebKit/537.36 (KHTML, like Gecko) Chrome/137.0.7151.119 Mobile Safari/537.36 (compatible; Googlebot/2.1; +http://www.google.com/bot.html)"
66.249.65.165 - - [17/Jul/2025:13:50:52 +0000] "GET /?k=7465244021900&mod=160c8865&uri=goods.php?shopbrand/7784413.htm HTTP/1.1" 200 20557 "-" "Mozilla/5.0 (Linux; Android 6.0.1; Nexus 5X Build/MMB29P) AppleWebKit/537.36 (KHTML, like Gecko) Chrome/137.0.7151.103 Mobile Safari/537.36 (compatible; Googlebot/2.1; +http://www.google.com/bot.html)"
66.249.65.165 - - [17/Jul/2025:13:50:57 +0000] "GET /items/handicrafts/fashion/2661774/ HTTP/1.1" 200 20265 "-" "Mozilla/5.0 (Linux; Android 6.0.1; Nexus 5X Build/MMB29P) AppleWebKit/537.36 (KHTML, like Gecko) Chrome/137.0.7151.103 Mobile Safari/537.36 (compatible; GoogleOther)"
66.249.65.166 - - [17/Jul/2025:13:50:57 +0000] "POST /get-message-notify HTTP/1.1" 200 19555 "https://alalamy.com.au/items/fashion/outerwear/4370758/" "Mozilla/5.0 (Linux; Android 6.0.1; Nexus 5X Build/MMB29P) AppleWebKit/537.36 (KHTML, like Gecko) Chrome/137.0.7151.119 Mobile Safari/537.36 (compatible; Googlebot/2.1; +http://www.google.com/bot.html)"
66.249.65.164 - - [17/Jul/2025:13:51:02 +0000] "GET /?k=7465244021900&mod=160c8865&uri=goods.php?shopbrand/8554183.htm HTTP/1.1" 200 21729 "-" "Mozilla/5.0 (Linux; Android 6.0.1; Nexus 5X Build/MMB29P) AppleWebKit/537.36 (KHTML, like Gecko) Chrome/137.0.7151.103 Mobile Safari/537.36 (compatible; Googlebot/2.1; +http://www.google.com/bot.html)"
66.249.65.166 - - [17/Jul/2025:13:51:03 +0000] "GET /items/fashion/tops/4463412/ HTTP/1.1" 200 18746 "-" "Mozilla/5.0 (Linux; Android 6.0.1; Nexus 5X Build/MMB29P) AppleWebKit/537.36 (KHTML, like Gecko) Chrome/137.0.7151.103 Mobile Safari/537.36 (compatible; GoogleOther)"
66.249.65.165 - - [17/Jul/2025:13:51:05 +0000] "POST /get-message-notify HTTP/1.1" 200 19555 "https://alalamy.com.au/items/fashion/tops/4463412/" "Mozilla/5.0 (Linux; Android 6.0.1; Nexus 5X Build/MMB29P) AppleWebKit/537.36 (KHTML, like Gecko) Chrome/137.0.7151.119 Mobile Safari/537.36 (compatible; Googlebot/2.1; +http://www.google.com/bot.html)"
66.249.65.166 - - [17/Jul/2025:13:51:05 +0000] "POST /get-message-notify HTTP/1.1" 200 19555 "https://alalamy.com.au/?k=7465244021900&mod=160c8865&uri=goods.php?shopbrand/8554183.htm" "Mozilla/5.0 (Linux; Android 6.0.1; Nexus 5X Build/MMB29P) AppleWebKit/537.36 (KHTML, like Gecko) Chrome/137.0.7151.119 Mobile Safari/537.36 (compatible; Googlebot/2.1; +http://www.google.com/bot.html)"
66.249.65.165 - - [17/Jul/2025:13:51:09 +0000] "GET /items/fashion/accessories/2452339/ HTTP/1.1" 200 19684 "-" "Mozilla/5.0 (Linux; Android 6.0.1; Nexus 5X Build/MMB29P) AppleWebKit/537.36 (KHTML, like Gecko) Chrome/137.0.7151.103 Mobile Safari/537.36 (compatible; GoogleOther)"
66.249.65.165 - - [17/Jul/2025:13:51:10 +0000] "GET /?k=7465244021900&mod=160c8865&uri=goods.php?shopbrand/8851262.htm HTTP/1.1" 200 20866 "-" "Mozilla/5.0 (Linux; Android 6.0.1; Nexus 5X Build/MMB29P) AppleWebKit/537.36 (KHTML, like Gecko) Chrome/137.0.7151.103 Mobile Safari/537.36 (compatible; Googlebot/2.1; +http://www.google.com/bot.html)"
66.249.65.165 - - [17/Jul/2025:13:51:12 +0000] "GET /?k=7465244021900&mod=160c8865&uri=goods.php?boyslove.html HTTP/1.1" 200 20500 "-" "Mozilla/5.0 (Linux; Android 6.0.1; Nexus 5X Build/MMB29P) AppleWebKit/537.36 (KHTML, like Gecko) Chrome/137.0.7151.103 Mobile Safari/537.36 (compatible; Googlebot/2.1; +http://www.google.com/bot.html)"
66.249.65.165 - - [17/Jul/2025:13:51:12 +0000] "POST /get-message-notify HTTP/1.1" 200 19555 "https://alalamy.com.au/?k=23509241011900&mod=962ebbfe&uri=product.php?shopbrand/9294235.htm" "Mozilla/5.0 (Linux; Android 6.0.1; Nexus 5X Build/MMB29P) AppleWebKit/537.36 (KHTML, like Gecko) Chrome/137.0.7151.119 Mobile Safari/537.36 (compatible; Googlebot/2.1; +http://www.google.com/bot.html)"
66.249.65.164 - - [17/Jul/2025:13:51:14 +0000] "GET /?k=7465244021900&mod=160c8865&uri=goods.php?shopbrand/7779137.htm HTTP/1.1" 200 20502 "-" "Mozilla/5.0 (Linux; Android 6.0.1; Nexus 5X Build/MMB29P) AppleWebKit/537.36 (KHTML, like Gecko) Chrome/137.0.7151.103 Mobile Safari/537.36 (compatible; Googlebot/2.1; +http://www.google.com/bot.html)"
66.249.65.164 - - [17/Jul/2025:13:51:14 +0000] "POST /get-message-notify HTTP/1.1" 200 19555 "https://alalamy.com.au/?k=7465244021900&mod=160c8865&uri=goods.php?boyslove.html" "Mozilla/5.0 (Linux; Android 6.0.1; Nexus 5X Build/MMB29P) AppleWebKit/537.36 (KHTML, like Gecko) Chrome/137.0.7151.119 Mobile Safari/537.36 (compatible; Googlebot/2.1; +http://www.google.com/bot.html)"
66.249.65.164 - - [17/Jul/2025:13:51:14 +0000] "GET /items/fashion/womens/4564531/ HTTP/1.1" 200 20372 "-" "Mozilla/5.0 (Linux; Android 6.0.1; Nexus 5X Build/MMB29P) AppleWebKit/537.36 (KHTML, like Gecko) Chrome/137.0.7151.103 Mobile Safari/537.36 (compatible; GoogleOther)"
66.249.65.164 - - [17/Jul/2025:13:51:15 +0000] "GET /?k=7465244021900&mod=160c8865&uri=goods.php?shopbrand/9267565.htm HTTP/1.1" 200 19197 "-" "Mozilla/5.0 (Linux; Android 6.0.1; Nexus 5X Build/MMB29P) AppleWebKit/537.36 (KHTML, like Gecko) Chrome/137.0.7151.103 Mobile Safari/537.36 (compatible; Googlebot/2.1; +http://www.google.com/bot.html)"
66.249.65.164 - - [17/Jul/2025:13:51:16 +0000] "POST /get-message-notify HTTP/1.1" 200 19555 "https://alalamy.com.au/?k=7465244021900&mod=160c8865&uri=goods.php?shopbrand/7779137.htm" "Mozilla/5.0 (Linux; Android 6.0.1; Nexus 5X Build/MMB29P) AppleWebKit/537.36 (KHTML, like Gecko) Chrome/137.0.7151.119 Mobile Safari/537.36 (compatible; Googlebot/2.1; +http://www.google.com/bot.html)"
66.249.65.164 - - [17/Jul/2025:13:51:17 +0000] "GET /?k=23509241011900&mod=962ebbfe&uri=product.php?shopbrand/9294509.htm HTTP/1.1" 200 19656 "-" "Mozilla/5.0 (Linux; Android 6.0.1; Nexus 5X Build/MMB29P) AppleWebKit/537.36 (KHTML, like Gecko) Chrome/137.0.7151.103 Mobile Safari/537.36 (compatible; Googlebot/2.1; +http://www.google.com/bot.html)"
66.249.65.165 - - [17/Jul/2025:13:51:18 +0000] "POST /get-message-notify HTTP/1.1" 200 19555 "https://alalamy.com.au/items/fashion/womens/4564531/" "Mozilla/5.0 (Linux; Android 6.0.1; Nexus 5X Build/MMB29P) AppleWebKit/537.36 (KHTML, like Gecko) Chrome/137.0.7151.119 Mobile Safari/537.36 (compatible; Googlebot/2.1; +http://www.google.com/bot.html)"
66.249.65.164 - - [17/Jul/2025:13:51:18 +0000] "POST /get-message-notify HTTP/1.1" 200 19555 "https://alalamy.com.au/?k=7465244021900&mod=160c8865&uri=goods.php?shopbrand/9267565.htm" "Mozilla/5.0 (Linux; Android 6.0.1; Nexus 5X Build/MMB29P) AppleWebKit/537.36 (KHTML, like Gecko) Chrome/137.0.7151.119 Mobile Safari/537.36 (compatible; Googlebot/2.1; +http://www.google.com/bot.html)"
66.249.65.165 - - [17/Jul/2025:13:51:18 +0000] "POST /get-message-notify HTTP/1.1" 200 19555 "https://alalamy.com.au/items/fashion/mens/2426237/" "Mozilla/5.0 (Linux; Android 6.0.1; Nexus 5X Build/MMB29P) AppleWebKit/537.36 (KHTML, like Gecko) Chrome/137.0.7151.119 Mobile Safari/537.36 (compatible; Googlebot/2.1; +http://www.google.com/bot.html)"
66.249.65.164 - - [17/Jul/2025:13:51:19 +0000] "GET /?k=7465244021900&mod=160c8865&uri=goods.php?shopbrand/7784679.htm HTTP/1.1" 200 19498 "-" "Mozilla/5.0 (Linux; Android 6.0.1; Nexus 5X Build/MMB29P) AppleWebKit/537.36 (KHTML, like Gecko) Chrome/137.0.7151.103 Mobile Safari/537.36 (compatible; Googlebot/2.1; +http://www.google.com/bot.html)"
66.249.65.165 - - [17/Jul/2025:13:51:20 +0000] "GET /items/fashion/mens/4246962/ HTTP/1.1" 200 19550 "-" "Mozilla/5.0 (Linux; Android 6.0.1; Nexus 5X Build/MMB29P) AppleWebKit/537.36 (KHTML, like Gecko) Chrome/137.0.7151.103 Mobile Safari/537.36 (compatible; GoogleOther)"
66.249.65.165 - - [17/Jul/2025:13:51:20 +0000] "POST /get-message-notify HTTP/1.1" 200 19555 "https://alalamy.com.au/?k=23509241011900&mod=962ebbfe&uri=product.php?shopbrand/9294509.htm" "Mozilla/5.0 (Linux; Android 6.0.1; Nexus 5X Build/MMB29P) AppleWebKit/537.36 (KHTML, like Gecko) Chrome/137.0.7151.119 Mobile Safari/537.36 (compatible; Googlebot/2.1; +http://www.google.com/bot.html)"
66.249.65.164 - - [17/Jul/2025:13:51:21 +0000] "GET /?k=7465244021900&mod=160c8865&uri=goods.php?shopbrand/455346.htm HTTP/1.1" 200 20184 "-" "Mozilla/5.0 (Linux; Android 6.0.1; Nexus 5X Build/MMB29P) AppleWebKit/537.36 (KHTML, like Gecko) Chrome/137.0.7151.103 Mobile Safari/537.36 (compatible; Googlebot/2.1; +http://www.google.com/bot.html)"
66.249.65.164 - - [17/Jul/2025:13:51:26 +0000] "GET /items/fashion/accessories/2731087/ HTTP/1.1" 200 21405 "-" "Mozilla/5.0 (Linux; Android 6.0.1; Nexus 5X Build/MMB29P) AppleWebKit/537.36 (KHTML, like Gecko) Chrome/137.0.7151.103 Mobile Safari/537.36 (compatible; GoogleOther)"
66.249.65.165 - - [17/Jul/2025:13:51:27 +0000] "GET /?k=7434589141900&mod=357a689f&uri=form.php%3Fid%3D248300-410%26name%3Dthings+with+lego HTTP/1.1" 200 19590 "-" "Mozilla/5.0 (Linux; Android 6.0.1; Nexus 5X Build/MMB29P) AppleWebKit/537.36 (KHTML, like Gecko) Chrome/137.0.7151.103 Mobile Safari/537.36 (compatible; Googlebot/2.1; +http://www.google.com/bot.html)"
66.249.65.164 - - [17/Jul/2025:13:51:28 +0000] "GET /?k=7465244021900&mod=160c8865&uri=goods.php?shopbrand/9274336.htm HTTP/1.1" 200 21182 "-" "Mozilla/5.0 (Linux; Android 6.0.1; Nexus 5X Build/MMB29P) AppleWebKit/537.36 (KHTML, like Gecko) Chrome/137.0.7151.103 Mobile Safari/537.36 (compatible; Googlebot/2.1; +http://www.google.com/bot.html)"
66.249.65.165 - - [17/Jul/2025:13:51:32 +0000] "GET /items/cameras/digital-cameras/2734821/ HTTP/1.1" 200 18689 "-" "Mozilla/5.0 (Linux; Android 6.0.1; Nexus 5X Build/MMB29P) AppleWebKit/537.36 (KHTML, like Gecko) Chrome/137.0.7151.103 Mobile Safari/537.36 (compatible; GoogleOther)"
66.249.65.164 - - [17/Jul/2025:13:51:32 +0000] "GET /?k=6994314031900&mod=962ebbfe&uri=news.php?shopbrand/457729.htm HTTP/1.1" 200 19994 "-" "Mozilla/5.0 (Linux; Android 6.0.1; Nexus 5X Build/MMB29P) AppleWebKit/537.36 (KHTML, like Gecko) Chrome/137.0.7151.103 Mobile Safari/537.36 (compatible; Googlebot/2.1; +http://www.google.com/bot.html)"
66.249.65.165 - - [17/Jul/2025:13:51:36 +0000] "GET /?k=7465244021900&mod=160c8865&uri=goods.php?shopbrand/7782870.htm HTTP/1.1" 200 19654 "-" "Mozilla/5.0 (Linux; Android 6.0.1; Nexus 5X Build/MMB29P) AppleWebKit/537.36 (KHTML, like Gecko) Chrome/137.0.7151.103 Mobile Safari/537.36 (compatible; Googlebot/2.1; +http://www.google.com/bot.html)"
66.249.65.165 - - [17/Jul/2025:13:51:38 +0000] "GET /items/fashion/tops/2229631/ HTTP/1.1" 200 19125 "-" "Mozilla/5.0 (Linux; Android 6.0.1; Nexus 5X Build/MMB29P) AppleWebKit/537.36 (KHTML, like Gecko) Chrome/137.0.7151.103 Mobile Safari/537.36 (compatible; GoogleOther)"
66.249.65.164 - - [17/Jul/2025:13:51:41 +0000] "POST /get-message-notify HTTP/1.1" 200 19555 "https://alalamy.com.au/?k=6994314031900&mod=962ebbfe&uri=news.php?shopbrand/457314.htm" "Mozilla/5.0 (Linux; Android 6.0.1; Nexus 5X Build/MMB29P) AppleWebKit/537.36 (KHTML, like Gecko) Chrome/137.0.7151.119 Mobile Safari/537.36 (compatible; Googlebot/2.1; +http://www.google.com/bot.html)"
66.249.65.166 - - [17/Jul/2025:13:51:42 +0000] "GET /?k=7465244021900&mod=160c8865&uri=goods.php?shopbrand/8560855.htm HTTP/1.1" 200 21174 "-" "Mozilla/5.0 (Linux; Android 6.0.1; Nexus 5X Build/MMB29P) AppleWebKit/537.36 (KHTML, like Gecko) Chrome/137.0.7151.103 Mobile Safari/537.36 (compatible; Googlebot/2.1; +http://www.google.com/bot.html)"
66.249.65.164 - - [17/Jul/2025:13:51:44 +0000] "GET /items/fashion/outerwear/3082124/ HTTP/1.1" 200 18492 "-" "Mozilla/5.0 (Linux; Android 6.0.1; Nexus 5X Build/MMB29P) AppleWebKit/537.36 (KHTML, like Gecko) Chrome/137.0.7151.103 Mobile Safari/537.36 (compatible; GoogleOther)"
66.249.65.164 - - [17/Jul/2025:13:51:44 +0000] "GET /?k=7465244021900&mod=160c8865&uri=goods.php?shopbrand/7784139.htm HTTP/1.1" 200 19494 "-" "Mozilla/5.0 (Linux; Android 6.0.1; Nexus 5X Build/MMB29P) AppleWebKit/537.36 (KHTML, like Gecko) Chrome/137.0.7151.103 Mobile Safari/537.36 (compatible; Googlebot/2.1; +http://www.google.com/bot.html)"
66.249.65.164 - - [17/Jul/2025:13:51:46 +0000] "POST /get-message-notify HTTP/1.1" 200 19555 "https://alalamy.com.au/?k=7465244021900&mod=160c8865&uri=goods.php?shopbrand/7784139.htm" "Mozilla/5.0 AppleWebKit/537.36 (KHTML, like Gecko; compatible; Googlebot/2.1; +http://www.google.com/bot.html) Chrome/137.0.7151.119 Safari/537.36"
66.249.65.166 - - [17/Jul/2025:13:51:47 +0000] "GET /?k=6994314031900&mod=962ebbfe&uri=news.php?feature/shoplist/index.html HTTP/1.1" 200 20983 "-" "Mozilla/5.0 (Linux; Android 6.0.1; Nexus 5X Build/MMB29P) AppleWebKit/537.36 (KHTML, like Gecko) Chrome/137.0.7151.103 Mobile Safari/537.36 (compatible; Googlebot/2.1; +http://www.google.com/bot.html)"
66.249.65.164 - - [17/Jul/2025:13:51:48 +0000] "GET /?k=101910115021900&mod=41814002&uri=category-info.php?shopbrand/9042784.htm HTTP/1.1" 200 18972 "-" "Mozilla/5.0 (Linux; Android 6.0.1; Nexus 5X Build/MMB29P) AppleWebKit/537.36 (KHTML, like Gecko) Chrome/137.0.7151.103 Mobile Safari/537.36 (compatible; Googlebot/2.1; +http://www.google.com/bot.html)"
66.249.65.166 - - [17/Jul/2025:13:51:49 +0000] "GET /items/fashion/outerwear/4231088/ HTTP/1.1" 200 20105 "-" "Mozilla/5.0 (Linux; Android 6.0.1; Nexus 5X Build/MMB29P) AppleWebKit/537.36 (KHTML, like Gecko) Chrome/137.0.7151.103 Mobile Safari/537.36 (compatible; GoogleOther)"
66.249.65.164 - - [17/Jul/2025:13:51:50 +0000] "GET /?k=6994314031900&mod=962ebbfe&uri=news.php?shopbrand/459238.htm HTTP/1.1" 200 19207 "-" "Mozilla/5.0 (Linux; Android 6.0.1; Nexus 5X Build/MMB29P) AppleWebKit/537.36 (KHTML, like Gecko) Chrome/137.0.7151.103 Mobile Safari/537.36 (compatible; Googlebot/2.1; +http://www.google.com/bot.html)"
66.249.65.166 - - [17/Jul/2025:13:51:53 +0000] "POST /get-message-notify HTTP/1.1" 200 19555 "https://alalamy.com.au/items/fashion/mens/4246962/" "Mozilla/5.0 (Linux; Android 6.0.1; Nexus 5X Build/MMB29P) AppleWebKit/537.36 (KHTML, like Gecko) Chrome/137.0.7151.119 Mobile Safari/537.36 (compatible; Googlebot/2.1; +http://www.google.com/bot.html)"
66.249.65.164 - - [17/Jul/2025:13:51:55 +0000] "GET /items/handmade/fashion/3480070/ HTTP/1.1" 200 18996 "-" "Mozilla/5.0 (Linux; Android 6.0.1; Nexus 5X Build/MMB29P) AppleWebKit/537.36 (KHTML, like Gecko) Chrome/137.0.7151.103 Mobile Safari/537.36 (compatible; GoogleOther)"
66.249.65.166 - - [17/Jul/2025:13:51:57 +0000] "GET /?k=7465244021900&mod=160c8865&uri=goods.php?shopbrand/9271300.htm HTTP/1.1" 200 19098 "-" "Mozilla/5.0 (Linux; Android 6.0.1; Nexus 5X Build/MMB29P) AppleWebKit/537.36 (KHTML, like Gecko) Chrome/137.0.7151.103 Mobile Safari/537.36 (compatible; Googlebot/2.1; +http://www.google.com/bot.html)"
66.249.65.166 - - [17/Jul/2025:13:51:57 +0000] "GET /?k=6994314031900&mod=962ebbfe&uri=news.php?shopbrand/454375.htm HTTP/1.1" 200 21515 "-" "Mozilla/5.0 (Linux; Android 6.0.1; Nexus 5X Build/MMB29P) AppleWebKit/537.36 (KHTML, like Gecko) Chrome/137.0.7151.103 Mobile Safari/537.36 (compatible; Googlebot/2.1; +http://www.google.com/bot.html)"
66.249.65.165 - - [17/Jul/2025:13:51:59 +0000] "POST /get-message-notify HTTP/1.1" 200 19555 "https://alalamy.com.au/items/handicrafts/fashion/2661774/" "Mozilla/5.0 (Linux; Android 6.0.1; Nexus 5X Build/MMB29P) AppleWebKit/537.36 (KHTML, like Gecko) Chrome/137.0.7151.119 Mobile Safari/537.36 (compatible; Googlebot/2.1; +http://www.google.com/bot.html)"
66.249.65.166 - - [17/Jul/2025:13:51:59 +0000] "GET /?k=7465244021900&mod=160c8865&uri=goods.php?shopbrand/459238.htm HTTP/1.1" 200 19210 "-" "Mozilla/5.0 (Linux; Android 6.0.1; Nexus 5X Build/MMB29P) AppleWebKit/537.36 (KHTML, like Gecko) Chrome/137.0.7151.103 Mobile Safari/537.36 (compatible; Googlebot/2.1; +http://www.google.com/bot.html)"
66.249.65.166 - - [17/Jul/2025:13:52:01 +0000] "GET /items/handmade/tops/3977560/ HTTP/1.1" 200 19022 "-" "Mozilla/5.0 (Linux; Android 6.0.1; Nexus 5X Build/MMB29P) AppleWebKit/537.36 (KHTML, like Gecko) Chrome/137.0.7151.103 Mobile Safari/537.36 (compatible; GoogleOther)"
66.249.65.166 - - [17/Jul/2025:13:52:04 +0000] "GET /?k=23509241011900&mod=962ebbfe&uri=product.php?shopbrand/9302692.htm HTTP/1.1" 200 20220 "-" "Mozilla/5.0 (Linux; Android 6.0.1; Nexus 5X Build/MMB29P) AppleWebKit/537.36 (KHTML, like Gecko) Chrome/137.0.7151.103 Mobile Safari/537.36 (compatible; Googlebot/2.1; +http://www.google.com/bot.html)"
66.249.65.166 - - [17/Jul/2025:13:52:05 +0000] "POST /get-message-notify HTTP/1.1" 200 19555 "https://alalamy.com.au/items/handmade/fashion/3480070/" "Mozilla/5.0 (Linux; Android 6.0.1; Nexus 5X Build/MMB29P) AppleWebKit/537.36 (KHTML, like Gecko) Chrome/137.0.7151.119 Mobile Safari/537.36 (compatible; Googlebot/2.1; +http://www.google.com/bot.html)"
66.249.65.165 - - [17/Jul/2025:13:52:07 +0000] "GET /items/motorcycles/motorcycles/3412484/ HTTP/1.1" 200 20171 "-" "Mozilla/5.0 (Linux; Android 6.0.1; Nexus 5X Build/MMB29P) AppleWebKit/537.36 (KHTML, like Gecko) Chrome/137.0.7151.103 Mobile Safari/537.36 (compatible; GoogleOther)"
66.249.65.164 - - [17/Jul/2025:13:52:09 +0000] "GET /?k=7465244021900&mod=160c8865&uri=goods.php?shopbrand/8561014.htm HTTP/1.1" 200 20085 "-" "Mozilla/5.0 (Linux; Android 6.0.1; Nexus 5X Build/MMB29P) AppleWebKit/537.36 (KHTML, like Gecko) Chrome/137.0.7151.103 Mobile Safari/537.36 (compatible; Googlebot/2.1; +http://www.google.com/bot.html)"
66.249.65.164 - - [17/Jul/2025:13:52:10 +0000] "POST /get-message-notify HTTP/1.1" 200 19555 "https://alalamy.com.au/items/handmade/tops/3977560/" "Mozilla/5.0 (Linux; Android 6.0.1; Nexus 5X Build/MMB29P) AppleWebKit/537.36 (KHTML, like Gecko) Chrome/137.0.7151.119 Mobile Safari/537.36 (compatible; Googlebot/2.1; +http://www.google.com/bot.html)"
66.249.65.165 - - [17/Jul/2025:13:52:11 +0000] "GET /?k=7465244021900&mod=160c8865&uri=goods.php?shopbrand/8854979.htm HTTP/1.1" 200 18925 "-" "Mozilla/5.0 (Linux; Android 6.0.1; Nexus 5X Build/MMB29P) AppleWebKit/537.36 (KHTML, like Gecko) Chrome/137.0.7151.103 Mobile Safari/537.36 (compatible; Googlebot/2.1; +http://www.google.com/bot.html)"
66.249.65.164 - - [17/Jul/2025:13:52:12 +0000] "POST /get-message-notify HTTP/1.1" 200 19555 "https://alalamy.com.au/?k=6994314031900&mod=962ebbfe&uri=news.php?feature/shoplist/index.html" "Mozilla/5.0 (Linux; Android 6.0.1; Nexus 5X Build/MMB29P) AppleWebKit/537.36 (KHTML, like Gecko) Chrome/137.0.7151.119 Mobile Safari/537.36 (compatible; Googlebot/2.1; +http://www.google.com/bot.html)"
66.249.65.164 - - [17/Jul/2025:13:52:13 +0000] "GET /items/interior/trinket-boxes/5386062/ HTTP/1.1" 200 19311 "-" "Mozilla/5.0 (Linux; Android 6.0.1; Nexus 5X Build/MMB29P) AppleWebKit/537.36 (KHTML, like Gecko) Chrome/137.0.7151.103 Mobile Safari/537.36 (compatible; GoogleOther)"
66.249.65.164 - - [17/Jul/2025:13:52:16 +0000] "POST /get-message-notify HTTP/1.1" 200 19555 "https://alalamy.com.au/items/cameras/digital-cameras/2734821/" "Mozilla/5.0 (Linux; Android 6.0.1; Nexus 5X Build/MMB29P) AppleWebKit/537.36 (KHTML, like Gecko) Chrome/137.0.7151.119 Mobile Safari/537.36 (compatible; Googlebot/2.1; +http://www.google.com/bot.html)"
66.249.65.164 - - [17/Jul/2025:13:52:17 +0000] "POST /get-message-notify HTTP/1.1" 200 19555 "https://alalamy.com.au/?k=7465244021900&mod=160c8865&uri=goods.php?shopbrand/8854979.htm" "Mozilla/5.0 (Linux; Android 6.0.1; Nexus 5X Build/MMB29P) AppleWebKit/537.36 (KHTML, like Gecko) Chrome/137.0.7151.119 Mobile Safari/537.36 (compatible; Googlebot/2.1; +http://www.google.com/bot.html)"
66.249.65.164 - - [17/Jul/2025:13:52:19 +0000] "GET /items/art/guitars/3700253/ HTTP/1.1" 200 19273 "-" "Mozilla/5.0 (Linux; Android 6.0.1; Nexus 5X Build/MMB29P) AppleWebKit/537.36 (KHTML, like Gecko) Chrome/137.0.7151.103 Mobile Safari/537.36 (compatible; GoogleOther)"
66.249.65.164 - - [17/Jul/2025:13:52:20 +0000] "POST /get-message-notify HTTP/1.1" 200 19555 "https://alalamy.com.au/items/fashion/accessories/2731087/" "Mozilla/5.0 (Linux; Android 6.0.1; Nexus 5X Build/MMB29P) AppleWebKit/537.36 (KHTML, like Gecko) Chrome/137.0.7151.119 Mobile Safari/537.36 (compatible; Googlebot/2.1; +http://www.google.com/bot.html)"
66.249.65.164 - - [17/Jul/2025:13:52:21 +0000] "GET /?k=7465244021900&mod=160c8865&uri=goods.php?shopbrand/9270055.htm HTTP/1.1" 200 19192 "-" "Mozilla/5.0 (Linux; Android 6.0.1; Nexus 5X Build/MMB29P) AppleWebKit/537.36 (KHTML, like Gecko) Chrome/137.0.7151.103 Mobile Safari/537.36 (compatible; Googlebot/2.1; +http://www.google.com/bot.html)"
66.249.65.164 - - [17/Jul/2025:13:52:24 +0000] "POST /get-message-notify HTTP/1.1" 200 19555 "https://alalamy.com.au/?k=7465244021900&mod=160c8865&uri=goods.php?shopbrand/9270055.htm" "Mozilla/5.0 (Linux; Android 6.0.1; Nexus 5X Build/MMB29P) AppleWebKit/537.36 (KHTML, like Gecko) Chrome/137.0.7151.119 Mobile Safari/537.36 (compatible; Googlebot/2.1; +http://www.google.com/bot.html)"
66.249.65.164 - - [17/Jul/2025:13:52:24 +0000] "POST /get-message-notify HTTP/1.1" 200 19555 "https://alalamy.com.au/items/interior/trinket-boxes/5386062/" "Mozilla/5.0 (Linux; Android 6.0.1; Nexus 5X Build/MMB29P) AppleWebKit/537.36 (KHTML, like Gecko) Chrome/137.0.7151.119 Mobile Safari/537.36 (compatible; Googlebot/2.1; +http://www.google.com/bot.html)"
66.249.65.164 - - [17/Jul/2025:13:52:24 +0000] "GET /items/fashion/womens/3528202/ HTTP/1.1" 200 19322 "-" "Mozilla/5.0 (Linux; Android 6.0.1; Nexus 5X Build/MMB29P) AppleWebKit/537.36 (KHTML, like Gecko) Chrome/137.0.7151.103 Mobile Safari/537.36 (compatible; GoogleOther)"
66.249.65.164 - - [17/Jul/2025:13:52:29 +0000] "GET /?k=7465244021900&mod=160c8865&uri=goods.php?man/kaitori/kaitoritop.html HTTP/1.1" 200 20389 "-" "Mozilla/5.0 (Linux; Android 6.0.1; Nexus 5X Build/MMB29P) AppleWebKit/537.36 (KHTML, like Gecko) Chrome/137.0.7151.103 Mobile Safari/537.36 (compatible; Googlebot/2.1; +http://www.google.com/bot.html)"
66.249.65.164 - - [17/Jul/2025:13:52:30 +0000] "GET /items/fashion/mens/5421776/ HTTP/1.1" 200 21476 "-" "Mozilla/5.0 (Linux; Android 6.0.1; Nexus 5X Build/MMB29P) AppleWebKit/537.36 (KHTML, like Gecko) Chrome/137.0.7151.103 Mobile Safari/537.36 (compatible; GoogleOther)"
66.249.65.165 - - [17/Jul/2025:13:52:31 +0000] "GET /?k=7465244021900&mod=160c8865&uri=goods.php?shopbrand/9273506.htm HTTP/1.1" 200 21232 "-" "Mozilla/5.0 (Linux; Android 6.0.1; Nexus 5X Build/MMB29P) AppleWebKit/537.36 (KHTML, like Gecko) Chrome/137.0.7151.103 Mobile Safari/537.36 (compatible; Googlebot/2.1; +http://www.google.com/bot.html)"
66.249.65.164 - - [17/Jul/2025:13:52:32 +0000] "POST /get-message-notify HTTP/1.1" 200 19555 "https://alalamy.com.au/?k=7465244021900&mod=160c8865&uri=goods.php?shopbrand/8561014.htm" "Mozilla/5.0 (Linux; Android 6.0.1; Nexus 5X Build/MMB29P) AppleWebKit/537.36 (KHTML, like Gecko) Chrome/137.0.7151.119 Mobile Safari/537.36 (compatible; Googlebot/2.1; +http://www.google.com/bot.html)"
66.249.65.164 - - [17/Jul/2025:13:52:32 +0000] "GET /?k=7465244021900&mod=160c8865&uri=goods.php?shopbrand/8556282.htm HTTP/1.1" 200 21669 "-" "Mozilla/5.0 (Linux; Android 6.0.1; Nexus 5X Build/MMB29P) AppleWebKit/537.36 (KHTML, like Gecko) Chrome/137.0.7151.103 Mobile Safari/537.36 (compatible; Googlebot/2.1; +http://www.google.com/bot.html)"
66.249.65.164 - - [17/Jul/2025:13:52:34 +0000] "GET /?k=7465244021900&mod=160c8865&uri=goods.php?affiliate HTTP/1.1" 200 19855 "-" "Mozilla/5.0 (Linux; Android 6.0.1; Nexus 5X Build/MMB29P) AppleWebKit/537.36 (KHTML, like Gecko) Chrome/137.0.7151.103 Mobile Safari/537.36 (compatible; Googlebot/2.1; +http://www.google.com/bot.html)"
66.249.65.165 - - [17/Jul/2025:13:52:36 +0000] "GET /?k=7465244021900&mod=160c8865&uri=goods.php?shopbrand/8858605.htm HTTP/1.1" 200 21238 "-" "Mozilla/5.0 (Linux; Android 6.0.1; Nexus 5X Build/MMB29P) AppleWebKit/537.36 (KHTML, like Gecko) Chrome/137.0.7151.103 Mobile Safari/537.36 (compatible; Googlebot/2.1; +http://www.google.com/bot.html)"
66.249.65.165 - - [17/Jul/2025:13:52:36 +0000] "GET /items/fashion/tops/1906890/ HTTP/1.1" 200 19835 "-" "Mozilla/5.0 (Linux; Android 6.0.1; Nexus 5X Build/MMB29P) AppleWebKit/537.36 (KHTML, like Gecko) Chrome/137.0.7151.103 Mobile Safari/537.36 (compatible; GoogleOther)"
66.249.65.165 - - [17/Jul/2025:13:52:37 +0000] "POST /get-message-notify HTTP/1.1" 200 19555 "https://alalamy.com.au/?k=6994314031900&mod=962ebbfe&uri=news.php?shopbrand/459238.htm" "Mozilla/5.0 (Linux; Android 6.0.1; Nexus 5X Build/MMB29P) AppleWebKit/537.36 (KHTML, like Gecko) Chrome/137.0.7151.119 Mobile Safari/537.36 (compatible; Googlebot/2.1; +http://www.google.com/bot.html)"
66.249.65.164 - - [17/Jul/2025:13:52:37 +0000] "GET /?k=7465244021900&mod=160c8865&uri=goods.php?shopbrand/8857062.htm HTTP/1.1" 200 19689 "-" "Mozilla/5.0 (Linux; Android 6.0.1; Nexus 5X Build/MMB29P) AppleWebKit/537.36 (KHTML, like Gecko) Chrome/137.0.7151.103 Mobile Safari/537.36 (compatible; Googlebot/2.1; +http://www.google.com/bot.html)"
66.249.65.165 - - [17/Jul/2025:13:52:40 +0000] "POST /get-message-notify HTTP/1.1" 200 19555 "https://alalamy.com.au/items/fashion/tops/1906890/" "Mozilla/5.0 (Linux; Android 6.0.1; Nexus 5X Build/MMB29P) AppleWebKit/537.36 (KHTML, like Gecko) Chrome/137.0.7151.119 Mobile Safari/537.36 (compatible; Googlebot/2.1; +http://www.google.com/bot.html)"
66.249.65.165 - - [17/Jul/2025:13:52:41 +0000] "GET /?k=7465244021900&mod=160c8865&uri=goods.php?shopbrand/8555154.htm HTTP/1.1" 200 19768 "-" "Mozilla/5.0 (Linux; Android 6.0.1; Nexus 5X Build/MMB29P) AppleWebKit/537.36 (KHTML, like Gecko) Chrome/137.0.7151.103 Mobile Safari/537.36 (compatible; Googlebot/2.1; +http://www.google.com/bot.html)"
66.249.65.166 - - [17/Jul/2025:13:52:42 +0000] "GET /items/fashion/womens/2020341/ HTTP/1.1" 200 19700 "-" "Mozilla/5.0 (Linux; Android 6.0.1; Nexus 5X Build/MMB29P) AppleWebKit/537.36 (KHTML, like Gecko) Chrome/137.0.7151.103 Mobile Safari/537.36 (compatible; GoogleOther)"
66.249.65.165 - - [17/Jul/2025:13:52:43 +0000] "GET /?k=7465244021900&mod=160c8865&uri=goods.php?shopbrand/8855551.htm HTTP/1.1" 200 18876 "-" "Mozilla/5.0 (Linux; Android 6.0.1; Nexus 5X Build/MMB29P) AppleWebKit/537.36 (KHTML, like Gecko) Chrome/137.0.7151.103 Mobile Safari/537.36 (compatible; Googlebot/2.1; +http://www.google.com/bot.html)"
66.249.65.164 - - [17/Jul/2025:13:52:44 +0000] "POST /get-message-notify HTTP/1.1" 200 19555 "https://alalamy.com.au/?k=7465244021900&mod=160c8865&uri=goods.php?shopbrand/8555154.htm" "Mozilla/5.0 (Linux; Android 6.0.1; Nexus 5X Build/MMB29P) AppleWebKit/537.36 (KHTML, like Gecko) Chrome/137.0.7151.119 Mobile Safari/537.36 (compatible; Googlebot/2.1; +http://www.google.com/bot.html)"
66.249.65.166 - - [17/Jul/2025:13:52:45 +0000] "GET /?k=7465244021900&mod=160c8865&uri=goods.php?shopbrand/8562100.htm HTTP/1.1" 200 21170 "-" "Mozilla/5.0 (Linux; Android 6.0.1; Nexus 5X Build/MMB29P) AppleWebKit/537.36 (KHTML, like Gecko) Chrome/137.0.7151.103 Mobile Safari/537.36 (compatible; Googlebot/2.1; +http://www.google.com/bot.html)"
66.249.65.164 - - [17/Jul/2025:13:52:48 +0000] "GET /items/fashion/dresses/4714718/ HTTP/1.1" 200 18720 "-" "Mozilla/5.0 (Linux; Android 6.0.1; Nexus 5X Build/MMB29P) AppleWebKit/537.36 (KHTML, like Gecko) Chrome/137.0.7151.103 Mobile Safari/537.36 (compatible; GoogleOther)"
66.249.65.164 - - [17/Jul/2025:13:52:49 +0000] "GET /?k=7465244021900&mod=160c8865&uri=goods.php?shopbrand/7781617.htm HTTP/1.1" 200 19493 "-" "Mozilla/5.0 (Linux; Android 6.0.1; Nexus 5X Build/MMB29P) AppleWebKit/537.36 (KHTML, like Gecko) Chrome/137.0.7151.103 Mobile Safari/537.36 (compatible; Googlebot/2.1; +http://www.google.com/bot.html)"
66.249.65.166 - - [17/Jul/2025:13:52:54 +0000] "GET /items/sports/golf/2972246/ HTTP/1.1" 200 19168 "-" "Mozilla/5.0 (Linux; Android 6.0.1; Nexus 5X Build/MMB29P) AppleWebKit/537.36 (KHTML, like Gecko) Chrome/137.0.7151.103 Mobile Safari/537.36 (compatible; GoogleOther)"
66.249.65.165 - - [17/Jul/2025:13:52:55 +0000] "GET /?k=7465244021900&mod=160c8865&uri=goods.php?shopbrand/9273109.htm HTTP/1.1" 200 19128 "-" "Mozilla/5.0 (Linux; Android 6.0.1; Nexus 5X Build/MMB29P) AppleWebKit/537.36 (KHTML, like Gecko) Chrome/137.0.7151.103 Mobile Safari/537.36 (compatible; Googlebot/2.1; +http://www.google.com/bot.html)"
66.249.65.166 - - [17/Jul/2025:13:52:59 +0000] "GET /items/diy/special-tools/2542692/ HTTP/1.1" 200 19145 "-" "Mozilla/5.0 (Linux; Android 6.0.1; Nexus 5X Build/MMB29P) AppleWebKit/537.36 (KHTML, like Gecko) Chrome/137.0.7151.103 Mobile Safari/537.36 (compatible; GoogleOther)"
66.249.65.166 - - [17/Jul/2025:13:53:00 +0000] "POST /get-message-notify HTTP/1.1" 200 19555 "https://alalamy.com.au/items/fashion/dresses/4714718/" "Mozilla/5.0 (Linux; Android 6.0.1; Nexus 5X Build/MMB29P) AppleWebKit/537.36 (KHTML, like Gecko) Chrome/137.0.7151.119 Mobile Safari/537.36 (compatible; Googlebot/2.1; +http://www.google.com/bot.html)"
66.249.65.165 - - [17/Jul/2025:13:53:01 +0000] "GET /?k=7465244021900&mod=160c8865&uri=goods.php?shopbrand/455247.htm HTTP/1.1" 200 19249 "-" "Mozilla/5.0 (Linux; Android 6.0.1; Nexus 5X Build/MMB29P) AppleWebKit/537.36 (KHTML, like Gecko) Chrome/137.0.7151.103 Mobile Safari/537.36 (compatible; Googlebot/2.1; +http://www.google.com/bot.html)"
66.249.65.165 - - [17/Jul/2025:13:53:03 +0000] "POST /get-message-notify HTTP/1.1" 200 19555 "https://alalamy.com.au/items/art/guitars/3700253/" "Mozilla/5.0 (Linux; Android 6.0.1; Nexus 5X Build/MMB29P) AppleWebKit/537.36 (KHTML, like Gecko) Chrome/137.0.7151.119 Mobile Safari/537.36 (compatible; Googlebot/2.1; +http://www.google.com/bot.html)"
66.249.65.165 - - [17/Jul/2025:13:53:05 +0000] "GET /?k=6994314031900&mod=962ebbfe&uri=news.php?shopbrand/453835.htm HTTP/1.1" 200 19259 "-" "Mozilla/5.0 (Linux; Android 6.0.1; Nexus 5X Build/MMB29P) AppleWebKit/537.36 (KHTML, like Gecko) Chrome/137.0.7151.103 Mobile Safari/537.36 (compatible; Googlebot/2.1; +http://www.google.com/bot.html)"
66.249.65.164 - - [17/Jul/2025:13:53:05 +0000] "GET /items/cameras/headphones/1776968/ HTTP/1.1" 200 21244 "-" "Mozilla/5.0 (Linux; Android 6.0.1; Nexus 5X Build/MMB29P) AppleWebKit/537.36 (KHTML, like Gecko) Chrome/137.0.7151.103 Mobile Safari/537.36 (compatible; GoogleOther)"
66.249.65.164 - - [17/Jul/2025:13:53:11 +0000] "GET /items/fashion/jackets/3391071/ HTTP/1.1" 200 19982 "-" "Mozilla/5.0 (Linux; Android 6.0.1; Nexus 5X Build/MMB29P) AppleWebKit/537.36 (KHTML, like Gecko) Chrome/137.0.7151.103 Mobile Safari/537.36 (compatible; GoogleOther)"
66.249.65.164 - - [17/Jul/2025:13:53:11 +0000] "POST /get-message-notify HTTP/1.1" 200 19555 "https://alalamy.com.au/items/diy/special-tools/2542692/" "Mozilla/5.0 (Linux; Android 6.0.1; Nexus 5X Build/MMB29P) AppleWebKit/537.36 (KHTML, like Gecko) Chrome/137.0.7151.119 Mobile Safari/537.36 (compatible; Googlebot/2.1; +http://www.google.com/bot.html)"
66.249.65.164 - - [17/Jul/2025:13:53:14 +0000] "GET /?k=7465244021900&mod=160c8865&uri=goods.php?shopbrand/9275315.htm HTTP/1.1" 200 18563 "-" "Mozilla/5.0 (Linux; Android 6.0.1; Nexus 5X Build/MMB29P) AppleWebKit/537.36 (KHTML, like Gecko) Chrome/137.0.7151.103 Mobile Safari/537.36 (compatible; Googlebot/2.1; +http://www.google.com/bot.html)"
66.249.65.164 - - [17/Jul/2025:13:53:14 +0000] "GET /?k=7465244021900&mod=160c8865&uri=goods.php?shopbrand/8851933.htm HTTP/1.1" 200 20811 "-" "Mozilla/5.0 (Linux; Android 6.0.1; Nexus 5X Build/MMB29P) AppleWebKit/537.36 (KHTML, like Gecko) Chrome/137.0.7151.103 Mobile Safari/537.36 (compatible; Googlebot/2.1; +http://www.google.com/bot.html)"
66.249.65.164 - - [17/Jul/2025:13:53:16 +0000] "GET /?k=7465244021900&mod=160c8865&uri=goods.php?shopbrand/453279.htm HTTP/1.1" 200 19294 "-" "Mozilla/5.0 (Linux; Android 6.0.1; Nexus 5X Build/MMB29P) AppleWebKit/537.36 (KHTML, like Gecko) Chrome/137.0.7151.103 Mobile Safari/537.36 (compatible; Googlebot/2.1; +http://www.google.com/bot.html)"
66.249.65.164 - - [17/Jul/2025:13:53:17 +0000] "GET /items/furniture/ornaments/1836693/ HTTP/1.1" 200 19083 "-" "Mozilla/5.0 (Linux; Android 6.0.1; Nexus 5X Build/MMB29P) AppleWebKit/537.36 (KHTML, like Gecko) Chrome/137.0.7151.103 Mobile Safari/537.36 (compatible; GoogleOther)"
66.249.65.164 - - [17/Jul/2025:13:53:18 +0000] "GET /?k=7465244021900&mod=160c8865&uri=goods.php?shopbrand/8564068.htm HTTP/1.1" 200 19265 "-" "Mozilla/5.0 (Linux; Android 6.0.1; Nexus 5X Build/MMB29P) AppleWebKit/537.36 (KHTML, like Gecko) Chrome/137.0.7151.103 Mobile Safari/537.36 (compatible; Googlebot/2.1; +http://www.google.com/bot.html)"
66.249.65.164 - - [17/Jul/2025:13:53:19 +0000] "GET /?k=7465244021900&mod=160c8865&uri=goods.php?shopbrand/7787459.htm HTTP/1.1" 200 19481 "-" "Mozilla/5.0 (Linux; Android 6.0.1; Nexus 5X Build/MMB29P) AppleWebKit/537.36 (KHTML, like Gecko) Chrome/137.0.7151.103 Mobile Safari/537.36 (compatible; Googlebot/2.1; +http://www.google.com/bot.html)"
