66.249.65.165 - - [17/Jul/2025:13:14:59 +0000] "POST /get-message-notify HTTP/1.1" 200 19555 "https://alalamy.com.au/items/fashion/outerwear/3452304/" "Mozilla/5.0 (Linux; Android 6.0.1; Nexus 5X Build/MMB29P) AppleWebKit/537.36 (KHTML, like Gecko) Chrome/137.0.7151.119 Mobile Safari/537.36 (compatible; Googlebot/2.1; +http://www.google.com/bot.html)"
66.249.65.164 - - [17/Jul/2025:13:15:02 +0000] "GET /items/fashion/kimono/3030833/ HTTP/1.1" 200 20152 "-" "Mozilla/5.0 (Linux; Android 6.0.1; Nexus 5X Build/MMB29P) AppleWebKit/537.36 (KHTML, like Gecko) Chrome/137.0.7151.103 Mobile Safari/537.36 (compatible; GoogleOther)"
66.249.65.166 - - [17/Jul/2025:13:15:05 +0000] "POST /get-message-notify HTTP/1.1" 200 19555 "https://alalamy.com.au/items/fashion/kimono/3030833/" "Mozilla/5.0 (Linux; Android 6.0.1; Nexus 5X Build/MMB29P) AppleWebKit/537.36 (KHTML, like Gecko) Chrome/137.0.7151.119 Mobile Safari/537.36 (compatible; Googlebot/2.1; +http://www.google.com/bot.html)"
66.249.65.165 - - [17/Jul/2025:13:15:08 +0000] "GET /items/outdoor/lures/3409738/ HTTP/1.1" 200 19092 "-" "Mozilla/5.0 (Linux; Android 6.0.1; Nexus 5X Build/MMB29P) AppleWebKit/537.36 (KHTML, like Gecko) Chrome/137.0.7151.103 Mobile Safari/537.36 (compatible; GoogleOther)"
66.249.65.164 - - [17/Jul/2025:13:15:10 +0000] "GET /?k=7192179061900&mod=df7c6cbf&uri=pin.php?shopbrand/249088.htm HTTP/1.1" 200 18979 "-" "Mozilla/5.0 (Linux; Android 6.0.1; Nexus 5X Build/MMB29P) AppleWebKit/537.36 (KHTML, like Gecko) Chrome/137.0.7151.103 Mobile Safari/537.36 (compatible; Googlebot/2.1; +http://www.google.com/bot.html)"
66.249.65.164 - - [17/Jul/2025:13:15:14 +0000] "GET /items/cameras/zoom-lens/2161748/ HTTP/1.1" 200 19785 "-" "Mozilla/5.0 (Linux; Android 6.0.1; Nexus 5X Build/MMB29P) AppleWebKit/537.36 (KHTML, like Gecko) Chrome/137.0.7151.103 Mobile Safari/537.36 (compatible; GoogleOther)"
66.249.65.164 - - [17/Jul/2025:13:15:20 +0000] "GET /items/food/wine/3276826/ HTTP/1.1" 200 20581 "-" "Mozilla/5.0 (Linux; Android 6.0.1; Nexus 5X Build/MMB29P) AppleWebKit/537.36 (KHTML, like Gecko) Chrome/137.0.7151.103 Mobile Safari/537.36 (compatible; GoogleOther)"
66.249.65.164 - - [17/Jul/2025:13:15:26 +0000] "GET /items/cameras/cameras/3133148/ HTTP/1.1" 200 19511 "-" "Mozilla/5.0 (Linux; Android 6.0.1; Nexus 5X Build/MMB29P) AppleWebKit/537.36 (KHTML, like Gecko) Chrome/137.0.7151.103 Mobile Safari/537.36 (compatible; GoogleOther)"
66.249.65.164 - - [17/Jul/2025:13:15:30 +0000] "POST /get-message-notify HTTP/1.1" 200 19555 "https://alalamy.com.au/items/cameras/cameras/3133148/" "Mozilla/5.0 (Linux; Android 6.0.1; Nexus 5X Build/MMB29P) AppleWebKit/537.36 (KHTML, like Gecko) Chrome/137.0.7151.119 Mobile Safari/537.36 (compatible; Googlebot/2.1; +http://www.google.com/bot.html)"
66.249.65.164 - - [17/Jul/2025:13:15:30 +0000] "POST /get-message-notify HTTP/1.1" 200 19555 "https://alalamy.com.au/items/fashion/womens/3224480/" "Mozilla/5.0 (Linux; Android 6.0.1; Nexus 5X Build/MMB29P) AppleWebKit/537.36 (KHTML, like Gecko) Chrome/137.0.7151.119 Mobile Safari/537.36 (compatible; Googlebot/2.1; +http://www.google.com/bot.html)"
66.249.65.164 - - [17/Jul/2025:13:15:31 +0000] "GET /items/cameras/film-cameras/1911153/ HTTP/1.1" 200 20933 "-" "Mozilla/5.0 (Linux; Android 6.0.1; Nexus 5X Build/MMB29P) AppleWebKit/537.36 (KHTML, like Gecko) Chrome/137.0.7151.103 Mobile Safari/537.36 (compatible; GoogleOther)"
66.249.65.164 - - [17/Jul/2025:13:15:36 +0000] "POST /get-message-notify HTTP/1.1" 200 19555 "https://alalamy.com.au/items/fashion/womens/3293579/" "Mozilla/5.0 (Linux; Android 6.0.1; Nexus 5X Build/MMB29P) AppleWebKit/537.36 (KHTML, like Gecko) Chrome/137.0.7151.119 Mobile Safari/537.36 (compatible; Googlebot/2.1; +http://www.google.com/bot.html)"
66.249.65.164 - - [17/Jul/2025:13:15:37 +0000] "GET /items/fashion/kimono/4882092/ HTTP/1.1" 200 21005 "-" "Mozilla/5.0 (Linux; Android 6.0.1; Nexus 5X Build/MMB29P) AppleWebKit/537.36 (KHTML, like Gecko) Chrome/137.0.7151.103 Mobile Safari/537.36 (compatible; GoogleOther)"
66.249.65.164 - - [17/Jul/2025:13:15:39 +0000] "POST /get-message-notify HTTP/1.1" 200 19555 "https://alalamy.com.au/items/food/wine/3276826/" "Mozilla/5.0 (Linux; Android 6.0.1; Nexus 5X Build/MMB29P) AppleWebKit/537.36 (KHTML, like Gecko) Chrome/137.0.7151.119 Mobile Safari/537.36 (compatible; Googlebot/2.1; +http://www.google.com/bot.html)"
66.249.65.164 - - [17/Jul/2025:13:15:43 +0000] "GET /items/fashion/womens/2881074/ HTTP/1.1" 200 21006 "-" "Mozilla/5.0 (Linux; Android 6.0.1; Nexus 5X Build/MMB29P) AppleWebKit/537.36 (KHTML, like Gecko) Chrome/137.0.7151.103 Mobile Safari/537.36 (compatible; GoogleOther)"
66.249.65.165 - - [17/Jul/2025:13:15:49 +0000] "GET /items/travel-supplies/mountain-climbing/2092892/ HTTP/1.1" 200 18927 "-" "Mozilla/5.0 (Linux; Android 6.0.1; Nexus 5X Build/MMB29P) AppleWebKit/537.36 (KHTML, like Gecko) Chrome/137.0.7151.103 Mobile Safari/537.36 (compatible; GoogleOther)"
66.249.65.165 - - [17/Jul/2025:13:15:54 +0000] "POST /get-message-notify HTTP/1.1" 200 19555 "https://alalamy.com.au/items/travel-supplies/mountain-climbing/2092892/" "Mozilla/5.0 (Linux; Android 6.0.1; Nexus 5X Build/MMB29P) AppleWebKit/537.36 (KHTML, like Gecko) Chrome/137.0.7151.119 Mobile Safari/537.36 (compatible; Googlebot/2.1; +http://www.google.com/bot.html)"
66.249.65.164 - - [17/Jul/2025:13:15:55 +0000] "POST /get-message-notify HTTP/1.1" 200 19555 "https://alalamy.com.au/items/outdoor/lures/3409738/" "Mozilla/5.0 (Linux; Android 6.0.1; Nexus 5X Build/MMB29P) AppleWebKit/537.36 (KHTML, like Gecko) Chrome/137.0.7151.119 Mobile Safari/537.36 (compatible; Googlebot/2.1; +http://www.google.com/bot.html)"
66.249.65.164 - - [17/Jul/2025:13:15:55 +0000] "GET /items/musical-instruments/collections/2930331/ HTTP/1.1" 200 19483 "-" "Mozilla/5.0 (Linux; Android 6.0.1; Nexus 5X Build/MMB29P) AppleWebKit/537.36 (KHTML, like Gecko) Chrome/137.0.7151.103 Mobile Safari/537.36 (compatible; GoogleOther)"
66.249.65.164 - - [17/Jul/2025:13:15:55 +0000] "POST /get-message-notify HTTP/1.1" 200 19555 "https://alalamy.com.au/items/fashion/kimono/4882092/" "Mozilla/5.0 (Linux; Android 6.0.1; Nexus 5X Build/MMB29P) AppleWebKit/537.36 (KHTML, like Gecko) Chrome/137.0.7151.119 Mobile Safari/537.36 (compatible; Googlebot/2.1; +http://www.google.com/bot.html)"
66.249.65.164 - - [17/Jul/2025:13:15:58 +0000] "POST /get-message-notify HTTP/1.1" 200 19555 "https://alalamy.com.au/items/cameras/zoom-lens/2161748/" "Mozilla/5.0 (Linux; Android 6.0.1; Nexus 5X Build/MMB29P) AppleWebKit/537.36 (KHTML, like Gecko) Chrome/137.0.7151.119 Mobile Safari/537.36 (compatible; Googlebot/2.1; +http://www.google.com/bot.html)"
66.249.65.166 - - [17/Jul/2025:13:16:01 +0000] "GET /items/fashion/womens/5393081/ HTTP/1.1" 200 19346 "-" "Mozilla/5.0 (Linux; Android 6.0.1; Nexus 5X Build/MMB29P) AppleWebKit/537.36 (KHTML, like Gecko) Chrome/137.0.7151.103 Mobile Safari/537.36 (compatible; GoogleOther)"
66.249.65.164 - - [17/Jul/2025:13:16:02 +0000] "POST /get-message-notify HTTP/1.1" 200 19555 "https://alalamy.com.au/items/fashion/womens/5393081/" "Mozilla/5.0 (Linux; Android 6.0.1; Nexus 5X Build/MMB29P) AppleWebKit/537.36 (KHTML, like Gecko) Chrome/137.0.7151.119 Mobile Safari/537.36 (compatible; Googlebot/2.1; +http://www.google.com/bot.html)"
66.249.65.164 - - [17/Jul/2025:13:16:06 +0000] "GET /items/fashion/outerwear/3772772/ HTTP/1.1" 200 18898 "-" "Mozilla/5.0 (Linux; Android 6.0.1; Nexus 5X Build/MMB29P) AppleWebKit/537.36 (KHTML, like Gecko) Chrome/137.0.7151.103 Mobile Safari/537.36 (compatible; GoogleOther)"
66.249.65.164 - - [17/Jul/2025:13:16:12 +0000] "GET /items/fashion/womens/2285771/ HTTP/1.1" 200 19027 "-" "Mozilla/5.0 (Linux; Android 6.0.1; Nexus 5X Build/MMB29P) AppleWebKit/537.36 (KHTML, like Gecko) Chrome/137.0.7151.103 Mobile Safari/537.36 (compatible; GoogleOther)"
66.249.65.164 - - [17/Jul/2025:13:16:15 +0000] "POST /get-message-notify HTTP/1.1" 200 19555 "https://alalamy.com.au/items/musical-instruments/collections/2930331/" "Mozilla/5.0 (Linux; Android 6.0.1; Nexus 5X Build/MMB29P) AppleWebKit/537.36 (KHTML, like Gecko) Chrome/137.0.7151.119 Mobile Safari/537.36 (compatible; Googlebot/2.1; +http://www.google.com/bot.html)"
66.249.65.164 - - [17/Jul/2025:13:16:18 +0000] "GET /items/cosmetics/women-perfume/2483443/ HTTP/1.1" 200 19021 "-" "Mozilla/5.0 (Linux; Android 6.0.1; Nexus 5X Build/MMB29P) AppleWebKit/537.36 (KHTML, like Gecko) Chrome/137.0.7151.103 Mobile Safari/537.36 (compatible; GoogleOther)"
66.249.65.164 - - [17/Jul/2025:13:16:20 +0000] "POST /get-message-notify HTTP/1.1" 200 19555 "https://alalamy.com.au/items/fashion/outerwear/3772772/" "Mozilla/5.0 (Linux; Android 6.0.1; Nexus 5X Build/MMB29P) AppleWebKit/537.36 (KHTML, like Gecko) Chrome/137.0.7151.119 Mobile Safari/537.36 (compatible; Googlebot/2.1; +http://www.google.com/bot.html)"
66.249.65.164 - - [17/Jul/2025:13:16:21 +0000] "POST /get-message-notify HTTP/1.1" 200 19555 "https://alalamy.com.au/items/cosmetics/women-perfume/2483443/" "Mozilla/5.0 (Linux; Android 6.0.1; Nexus 5X Build/MMB29P) AppleWebKit/537.36 (KHTML, like Gecko) Chrome/137.0.7151.119 Mobile Safari/537.36 (compatible; Googlebot/2.1; +http://www.google.com/bot.html)"
66.249.65.164 - - [17/Jul/2025:13:16:24 +0000] "GET /items/fashion/shoes/3886499/ HTTP/1.1" 200 18751 "-" "Mozilla/5.0 (Linux; Android 6.0.1; Nexus 5X Build/MMB29P) AppleWebKit/537.36 (KHTML, like Gecko) Chrome/137.0.7151.103 Mobile Safari/537.36 (compatible; GoogleOther)"
66.249.65.164 - - [17/Jul/2025:13:16:26 +0000] "POST /get-message-notify HTTP/1.1" 200 19555 "https://alalamy.com.au/items/cameras/film-cameras/1911153/" "Mozilla/5.0 (Linux; Android 6.0.1; Nexus 5X Build/MMB29P) AppleWebKit/537.36 (KHTML, like Gecko) Chrome/137.0.7151.119 Mobile Safari/537.36 (compatible; Googlebot/2.1; +http://www.google.com/bot.html)"
66.249.65.164 - - [17/Jul/2025:13:16:27 +0000] "POST /get-message-notify HTTP/1.1" 200 19555 "https://alalamy.com.au/items/fashion/shoes/3886499/" "Mozilla/5.0 (Linux; Android 6.0.1; Nexus 5X Build/MMB29P) AppleWebKit/537.36 (KHTML, like Gecko) Chrome/137.0.7151.119 Mobile Safari/537.36 (compatible; Googlebot/2.1; +http://www.google.com/bot.html)"
66.249.65.164 - - [17/Jul/2025:13:16:30 +0000] "GET /items/cameras/cameras/3681505/ HTTP/1.1" 200 18884 "-" "Mozilla/5.0 (Linux; Android 6.0.1; Nexus 5X Build/MMB29P) AppleWebKit/537.36 (KHTML, like Gecko) Chrome/137.0.7151.103 Mobile Safari/537.36 (compatible; GoogleOther)"
66.249.65.164 - - [17/Jul/2025:13:16:32 +0000] "POST /get-message-notify HTTP/1.1" 200 19555 "https://alalamy.com.au/items/cameras/cameras/3681505/" "Mozilla/5.0 (Linux; Android 6.0.1; Nexus 5X Build/MMB29P) AppleWebKit/537.36 (KHTML, like Gecko) Chrome/137.0.7151.119 Mobile Safari/537.36 (compatible; Googlebot/2.1; +http://www.google.com/bot.html)"
66.249.65.164 - - [17/Jul/2025:13:16:36 +0000] "GET /items/flowers/saplings/2801775/ HTTP/1.1" 200 19180 "-" "Mozilla/5.0 (Linux; Android 6.0.1; Nexus 5X Build/MMB29P) AppleWebKit/537.36 (KHTML, like Gecko) Chrome/137.0.7151.103 Mobile Safari/537.36 (compatible; GoogleOther)"
66.249.65.164 - - [17/Jul/2025:13:16:38 +0000] "POST /get-message-notify HTTP/1.1" 200 19555 "https://alalamy.com.au/items/fashion/womens/2881074/" "Mozilla/5.0 (Linux; Android 6.0.1; Nexus 5X Build/MMB29P) AppleWebKit/537.36 (KHTML, like Gecko) Chrome/137.0.7151.119 Mobile Safari/537.36 (compatible; Googlebot/2.1; +http://www.google.com/bot.html)"
66.249.65.165 - - [17/Jul/2025:13:16:42 +0000] "GET /items/fashion/shoes/4401370/ HTTP/1.1" 200 19948 "-" "Mozilla/5.0 (Linux; Android 6.0.1; Nexus 5X Build/MMB29P) AppleWebKit/537.36 (KHTML, like Gecko) Chrome/137.0.7151.103 Mobile Safari/537.36 (compatible; GoogleOther)"
66.249.65.164 - - [17/Jul/2025:13:16:44 +0000] "POST /get-message-notify HTTP/1.1" 200 19555 "https://alalamy.com.au/items/fashion/shoes/4401370/" "Mozilla/5.0 (Linux; Android 6.0.1; Nexus 5X Build/MMB29P) AppleWebKit/537.36 (KHTML, like Gecko) Chrome/137.0.7151.119 Mobile Safari/537.36 (compatible; Googlebot/2.1; +http://www.google.com/bot.html)"
66.249.65.165 - - [17/Jul/2025:13:16:45 +0000] "POST /get-message-notify HTTP/1.1" 200 19555 "https://alalamy.com.au/items/fashion/womens/2285771/" "Mozilla/5.0 (Linux; Android 6.0.1; Nexus 5X Build/MMB29P) AppleWebKit/537.36 (KHTML, like Gecko) Chrome/137.0.7151.119 Mobile Safari/537.36 (compatible; Googlebot/2.1; +http://www.google.com/bot.html)"
66.249.65.165 - - [17/Jul/2025:13:16:47 +0000] "GET /items/handicrafts/fashion/2733530/ HTTP/1.1" 200 19052 "-" "Mozilla/5.0 (Linux; Android 6.0.1; Nexus 5X Build/MMB29P) AppleWebKit/537.36 (KHTML, like Gecko) Chrome/137.0.7151.103 Mobile Safari/537.36 (compatible; GoogleOther)"
66.249.65.164 - - [17/Jul/2025:13:16:50 +0000] "POST /get-message-notify HTTP/1.1" 200 19555 "https://alalamy.com.au/items/handicrafts/fashion/2733530/" "Mozilla/5.0 (Linux; Android 6.0.1; Nexus 5X Build/MMB29P) AppleWebKit/537.36 (KHTML, like Gecko) Chrome/137.0.7151.119 Mobile Safari/537.36 (compatible; Googlebot/2.1; +http://www.google.com/bot.html)"
66.249.65.165 - - [17/Jul/2025:13:16:53 +0000] "GET /items/gardening/houseplants/4192883/ HTTP/1.1" 200 19333 "-" "Mozilla/5.0 (Linux; Android 6.0.1; Nexus 5X Build/MMB29P) AppleWebKit/537.36 (KHTML, like Gecko) Chrome/137.0.7151.103 Mobile Safari/537.36 (compatible; GoogleOther)"
66.249.65.164 - - [17/Jul/2025:13:16:56 +0000] "POST /get-message-notify HTTP/1.1" 200 19555 "https://alalamy.com.au/items/gardening/houseplants/4192883/" "Mozilla/5.0 (Linux; Android 6.0.1; Nexus 5X Build/MMB29P) AppleWebKit/537.36 (KHTML, like Gecko) Chrome/137.0.7151.119 Mobile Safari/537.36 (compatible; Googlebot/2.1; +http://www.google.com/bot.html)"
66.249.65.164 - - [17/Jul/2025:13:16:59 +0000] "GET /items/fashion/outerwear/4475780/ HTTP/1.1" 200 18961 "-" "Mozilla/5.0 (Linux; Android 6.0.1; Nexus 5X Build/MMB29P) AppleWebKit/537.36 (KHTML, like Gecko) Chrome/137.0.7151.103 Mobile Safari/537.36 (compatible; GoogleOther)"
66.249.65.164 - - [17/Jul/2025:13:17:05 +0000] "GET /items/musical-instruments/collections/3934430/ HTTP/1.1" 200 18784 "-" "Mozilla/5.0 (Linux; Android 6.0.1; Nexus 5X Build/MMB29P) AppleWebKit/537.36 (KHTML, like Gecko) Chrome/137.0.7151.103 Mobile Safari/537.36 (compatible; GoogleOther)"
66.249.65.166 - - [17/Jul/2025:13:17:08 +0000] "POST /get-message-notify HTTP/1.1" 200 19555 "https://alalamy.com.au/items/musical-instruments/collections/3934430/" "Mozilla/5.0 (Linux; Android 6.0.1; Nexus 5X Build/MMB29P) AppleWebKit/537.36 (KHTML, like Gecko) Chrome/137.0.7151.119 Mobile Safari/537.36 (compatible; Googlebot/2.1; +http://www.google.com/bot.html)"
66.249.65.164 - - [17/Jul/2025:13:17:11 +0000] "GET /items/toys/sports/2185248/ HTTP/1.1" 200 18981 "-" "Mozilla/5.0 (Linux; Android 6.0.1; Nexus 5X Build/MMB29P) AppleWebKit/537.36 (KHTML, like Gecko) Chrome/137.0.7151.103 Mobile Safari/537.36 (compatible; GoogleOther)"
66.249.65.164 - - [17/Jul/2025:13:17:14 +0000] "POST /get-message-notify HTTP/1.1" 200 19555 "https://alalamy.com.au/items/flowers/saplings/2801775/" "Mozilla/5.0 (Linux; Android 6.0.1; Nexus 5X Build/MMB29P) AppleWebKit/537.36 (KHTML, like Gecko) Chrome/137.0.7151.119 Mobile Safari/537.36 (compatible; Googlebot/2.1; +http://www.google.com/bot.html)"
66.249.65.164 - - [17/Jul/2025:13:17:17 +0000] "GET /items/fashion/womens/4618015/ HTTP/1.1" 200 19958 "-" "Mozilla/5.0 (Linux; Android 6.0.1; Nexus 5X Build/MMB29P) AppleWebKit/537.36 (KHTML, like Gecko) Chrome/137.0.7151.103 Mobile Safari/537.36 (compatible; GoogleOther)"
66.249.65.164 - - [17/Jul/2025:13:17:19 +0000] "POST /get-message-notify HTTP/1.1" 200 19555 "https://alalamy.com.au/items/fashion/womens/4618015/" "Mozilla/5.0 (Linux; Android 6.0.1; Nexus 5X Build/MMB29P) AppleWebKit/537.36 (KHTML, like Gecko) Chrome/137.0.7151.119 Mobile Safari/537.36 (compatible; Googlebot/2.1; +http://www.google.com/bot.html)"
66.249.65.164 - - [17/Jul/2025:13:17:22 +0000] "GET /?k=6574285041900&mod=f4d1f9e7&uri=pin.php?shopbrand/7904809.htm HTTP/1.1" 200 19396 "-" "Mozilla/5.0 (Linux; Android 6.0.1; Nexus 5X Build/MMB29P) AppleWebKit/537.36 (KHTML, like Gecko) Chrome/137.0.7151.103 Mobile Safari/537.36 (compatible; Googlebot/2.1; +http://www.google.com/bot.html)"
66.249.65.164 - - [17/Jul/2025:13:17:22 +0000] "GET /items/motorcycles/cars/2368898/ HTTP/1.1" 200 20059 "-" "Mozilla/5.0 (Linux; Android 6.0.1; Nexus 5X Build/MMB29P) AppleWebKit/537.36 (KHTML, like Gecko) Chrome/137.0.7151.103 Mobile Safari/537.36 (compatible; GoogleOther)"
66.249.65.164 - - [17/Jul/2025:13:17:25 +0000] "POST /get-message-notify HTTP/1.1" 200 19555 "https://alalamy.com.au/items/motorcycles/cars/2368898/" "Mozilla/5.0 (Linux; Android 6.0.1; Nexus 5X Build/MMB29P) AppleWebKit/537.36 (KHTML, like Gecko) Chrome/137.0.7151.119 Mobile Safari/537.36 (compatible; Googlebot/2.1; +http://www.google.com/bot.html)"
66.249.65.164 - - [17/Jul/2025:13:17:28 +0000] "GET /items/fashion/pants/2415566/ HTTP/1.1" 200 20013 "-" "Mozilla/5.0 (Linux; Android 6.0.1; Nexus 5X Build/MMB29P) AppleWebKit/537.36 (KHTML, like Gecko) Chrome/137.0.7151.103 Mobile Safari/537.36 (compatible; GoogleOther)"
66.249.65.164 - - [17/Jul/2025:13:17:34 +0000] "GET /items/fashion/womens/2002832/ HTTP/1.1" 200 18883 "-" "Mozilla/5.0 (Linux; Android 6.0.1; Nexus 5X Build/MMB29P) AppleWebKit/537.36 (KHTML, like Gecko) Chrome/137.0.7151.103 Mobile Safari/537.36 (compatible; GoogleOther)"
66.249.65.164 - - [17/Jul/2025:13:17:40 +0000] "GET /items/fashion/womens/2994941/ HTTP/1.1" 200 20018 "-" "Mozilla/5.0 (Linux; Android 6.0.1; Nexus 5X Build/MMB29P) AppleWebKit/537.36 (KHTML, like Gecko) Chrome/137.0.7151.103 Mobile Safari/537.36 (compatible; GoogleOther)"
66.249.65.164 - - [17/Jul/2025:13:17:44 +0000] "POST /get-message-notify HTTP/1.1" 200 19555 "https://alalamy.com.au/items/fashion/womens/2994941/" "Mozilla/5.0 (Linux; Android 6.0.1; Nexus 5X Build/MMB29P) AppleWebKit/537.36 (KHTML, like Gecko) Chrome/137.0.7151.119 Mobile Safari/537.36 (compatible; Googlebot/2.1; +http://www.google.com/bot.html)"
66.249.65.164 - - [17/Jul/2025:13:17:46 +0000] "GET /items/goods/anime/3492639/ HTTP/1.1" 200 19878 "-" "Mozilla/5.0 (Linux; Android 6.0.1; Nexus 5X Build/MMB29P) AppleWebKit/537.36 (KHTML, like Gecko) Chrome/137.0.7151.103 Mobile Safari/537.36 (compatible; GoogleOther)"
66.249.65.165 - - [17/Jul/2025:13:17:50 +0000] "POST /get-message-notify HTTP/1.1" 200 19555 "https://alalamy.com.au/items/goods/anime/3492639/" "Mozilla/5.0 (Linux; Android 6.0.1; Nexus 5X Build/MMB29P) AppleWebKit/537.36 (KHTML, like Gecko) Chrome/137.0.7151.119 Mobile Safari/537.36 (compatible; Googlebot/2.1; +http://www.google.com/bot.html)"
66.249.65.164 - - [17/Jul/2025:13:17:52 +0000] "GET /items/fashion/dresses/4371440/ HTTP/1.1" 200 18394 "-" "Mozilla/5.0 (Linux; Android 6.0.1; Nexus 5X Build/MMB29P) AppleWebKit/537.36 (KHTML, like Gecko) Chrome/137.0.7151.103 Mobile Safari/537.36 (compatible; GoogleOther)"
66.249.65.165 - - [17/Jul/2025:13:17:55 +0000] "POST /get-message-notify HTTP/1.1" 200 19555 "https://alalamy.com.au/items/fashion/dresses/4371440/" "Mozilla/5.0 (Linux; Android 6.0.1; Nexus 5X Build/MMB29P) AppleWebKit/537.36 (KHTML, like Gecko) Chrome/137.0.7151.119 Mobile Safari/537.36 (compatible; Googlebot/2.1; +http://www.google.com/bot.html)"
66.249.65.164 - - [17/Jul/2025:13:17:57 +0000] "GET /items/fashion/womens/2602556/ HTTP/1.1" 200 19958 "-" "Mozilla/5.0 (Linux; Android 6.0.1; Nexus 5X Build/MMB29P) AppleWebKit/537.36 (KHTML, like Gecko) Chrome/137.0.7151.103 Mobile Safari/537.36 (compatible; GoogleOther)"
66.249.65.164 - - [17/Jul/2025:13:18:03 +0000] "GET /items/fashion/jackets/3506303/ HTTP/1.1" 200 19381 "-" "Mozilla/5.0 (Linux; Android 6.0.1; Nexus 5X Build/MMB29P) AppleWebKit/537.36 (KHTML, like Gecko) Chrome/137.0.7151.103 Mobile Safari/537.36 (compatible; GoogleOther)"
66.249.65.164 - - [17/Jul/2025:13:18:09 +0000] "GET /items/fashion/womens/1955824/ HTTP/1.1" 200 19159 "-" "Mozilla/5.0 (Linux; Android 6.0.1; Nexus 5X Build/MMB29P) AppleWebKit/537.36 (KHTML, like Gecko) Chrome/137.0.7151.103 Mobile Safari/537.36 (compatible; GoogleOther)"
66.249.65.164 - - [17/Jul/2025:13:18:15 +0000] "GET /items/fashion/shoes/2537545/ HTTP/1.1" 200 20846 "-" "Mozilla/5.0 (Linux; Android 6.0.1; Nexus 5X Build/MMB29P) AppleWebKit/537.36 (KHTML, like Gecko) Chrome/137.0.7151.103 Mobile Safari/537.36 (compatible; GoogleOther)"
66.249.65.164 - - [17/Jul/2025:13:18:18 +0000] "POST /get-message-notify HTTP/1.1" 200 19555 "https://alalamy.com.au/items/fashion/womens/2602556/" "Mozilla/5.0 (Linux; Android 6.0.1; Nexus 5X Build/MMB29P) AppleWebKit/537.36 (KHTML, like Gecko) Chrome/137.0.7151.119 Mobile Safari/537.36 (compatible; Googlebot/2.1; +http://www.google.com/bot.html)"
66.249.65.164 - - [17/Jul/2025:13:18:21 +0000] "GET /items/fashion/womens/2163376/ HTTP/1.1" 200 18821 "-" "Mozilla/5.0 (Linux; Android 6.0.1; Nexus 5X Build/MMB29P) AppleWebKit/537.36 (KHTML, like Gecko) Chrome/137.0.7151.103 Mobile Safari/537.36 (compatible; GoogleOther)"
66.249.65.164 - - [17/Jul/2025:13:18:27 +0000] "GET /items/art/guitars/2096258/ HTTP/1.1" 200 19441 "-" "Mozilla/5.0 (Linux; Android 6.0.1; Nexus 5X Build/MMB29P) AppleWebKit/537.36 (KHTML, like Gecko) Chrome/137.0.7151.103 Mobile Safari/537.36 (compatible; GoogleOther)"
66.249.65.164 - - [17/Jul/2025:13:18:32 +0000] "GET /items/toys/sports/2463008/ HTTP/1.1" 200 20755 "-" "Mozilla/5.0 (Linux; Android 6.0.1; Nexus 5X Build/MMB29P) AppleWebKit/537.36 (KHTML, like Gecko) Chrome/137.0.7151.103 Mobile Safari/537.36 (compatible; GoogleOther)"
66.249.65.164 - - [17/Jul/2025:13:18:38 +0000] "GET /items/motorcycles/cars/3003810/ HTTP/1.1" 200 19039 "-" "Mozilla/5.0 (Linux; Android 6.0.1; Nexus 5X Build/MMB29P) AppleWebKit/537.36 (KHTML, like Gecko) Chrome/137.0.7151.103 Mobile Safari/537.36 (compatible; GoogleOther)"
66.249.65.164 - - [17/Jul/2025:13:18:44 +0000] "GET /items/fashion/shoes/4085917/ HTTP/1.1" 200 18738 "-" "Mozilla/5.0 (Linux; Android 6.0.1; Nexus 5X Build/MMB29P) AppleWebKit/537.36 (KHTML, like Gecko) Chrome/137.0.7151.103 Mobile Safari/537.36 (compatible; GoogleOther)"
66.249.65.164 - - [17/Jul/2025:13:18:47 +0000] "POST /get-message-notify HTTP/1.1" 200 19555 "https://alalamy.com.au/items/fashion/womens/2163376/" "Mozilla/5.0 (Linux; Android 6.0.1; Nexus 5X Build/MMB29P) AppleWebKit/537.36 (KHTML, like Gecko) Chrome/137.0.7151.119 Mobile Safari/537.36 (compatible; Googlebot/2.1; +http://www.google.com/bot.html)"
66.249.65.164 - - [17/Jul/2025:13:18:50 +0000] "GET /items/handmade/fashion/2071101/ HTTP/1.1" 200 19220 "-" "Mozilla/5.0 (Linux; Android 6.0.1; Nexus 5X Build/MMB29P) AppleWebKit/537.36 (KHTML, like Gecko) Chrome/137.0.7151.103 Mobile Safari/537.36 (compatible; GoogleOther)"
66.249.65.164 - - [17/Jul/2025:13:18:51 +0000] "POST /get-message-notify HTTP/1.1" 200 19555 "https://alalamy.com.au/items/fashion/pants/2415566/" "Mozilla/5.0 (Linux; Android 6.0.1; Nexus 5X Build/MMB29P) AppleWebKit/537.36 (KHTML, like Gecko) Chrome/137.0.7151.119 Mobile Safari/537.36 (compatible; Googlebot/2.1; +http://www.google.com/bot.html)"
66.249.65.164 - - [17/Jul/2025:13:18:56 +0000] "GET /items/gardening/houseplants/2412619/ HTTP/1.1" 200 19130 "-" "Mozilla/5.0 (Linux; Android 6.0.1; Nexus 5X Build/MMB29P) AppleWebKit/537.36 (KHTML, like Gecko) Chrome/137.0.7151.103 Mobile Safari/537.36 (compatible; GoogleOther)"
209.74.77.214 - - [17/Jul/2025:13:19:00 +0000] "POST /wp-admin/admin-ajax.php?action=async_litespeed&nonce=pl2vJbWbRZyFAdiaUuhZWTO3Ip03RXvi&litespeed_type=imgoptm HTTP/1.1" 200 21 "-" "WordPress/6.8.2; https://alalamy.com.au"
66.249.65.165 - - [17/Jul/2025:13:19:00 +0000] "POST /get-message-notify HTTP/1.1" 200 19555 "https://alalamy.com.au/items/motorcycles/cars/3003810/" "Mozilla/5.0 (Linux; Android 6.0.1; Nexus 5X Build/MMB29P) AppleWebKit/537.36 (KHTML, like Gecko) Chrome/137.0.7151.119 Mobile Safari/537.36 (compatible; Googlebot/2.1; +http://www.google.com/bot.html)"
209.74.77.214 - - [17/Jul/2025:13:19:01 +0000] "POST /wp-cron.php?doing_wp_cron=1752758341.4846351146697998046875 HTTP/1.1" 200 - "-" "WordPress/6.8.2; https://alalamy.com.au"
209.74.77.214 - - [17/Jul/2025:13:19:01 +0000] "POST /wp-admin/admin-ajax.php?action=async_litespeed&nonce=wUIX6xUz7YcjY9uXXAJMfqlLQemwofJD&litespeed_type=imgoptm HTTP/1.1" 200 21 "-" "WordPress/6.8.2; https://alalamy.com.au"
43.130.174.37 - - [17/Jul/2025:13:19:01 +0000] "GET / HTTP/1.1" 200 26631 "http://alalamy.com.au" "Mozilla/5.0 (iPhone; CPU iPhone OS 13_2_3 like Mac OS X) AppleWebKit/605.1.15 (KHTML, like Gecko) Version/13.0.3 Mobile/15E148 Safari/604.1"
66.249.65.164 - - [17/Jul/2025:13:19:02 +0000] "GET /items/fashion/jackets/4860249/ HTTP/1.1" 200 20976 "-" "Mozilla/5.0 (Linux; Android 6.0.1; Nexus 5X Build/MMB29P) AppleWebKit/537.36 (KHTML, like Gecko) Chrome/137.0.7151.103 Mobile Safari/537.36 (compatible; GoogleOther)"
66.249.65.166 - - [17/Jul/2025:13:19:04 +0000] "POST /get-message-notify HTTP/1.1" 200 19555 "https://alalamy.com.au/items/fashion/shoes/2537545/" "Mozilla/5.0 (Linux; Android 6.0.1; Nexus 5X Build/MMB29P) AppleWebKit/537.36 (KHTML, like Gecko) Chrome/137.0.7151.119 Mobile Safari/537.36 (compatible; Googlebot/2.1; +http://www.google.com/bot.html)"
66.249.65.165 - - [17/Jul/2025:13:19:06 +0000] "GET /?k=6539965031900&mod=c5136a36&uri=article.php%3Fid%3D218429-366%26name%3Dlevi%27s+skinny+jeans+for+guys HTTP/1.1" 200 19659 "-" "Mozilla/5.0 (compatible; Googlebot/2.1; +http://www.google.com/bot.html)"
66.249.65.164 - - [17/Jul/2025:13:19:07 +0000] "GET /items/fashion/outerwear/3518220/ HTTP/1.1" 200 18871 "-" "Mozilla/5.0 (Linux; Android 6.0.1; Nexus 5X Build/MMB29P) AppleWebKit/537.36 (KHTML, like Gecko) Chrome/137.0.7151.103 Mobile Safari/537.36 (compatible; GoogleOther)"
66.249.65.164 - - [17/Jul/2025:13:19:10 +0000] "GET /?k=6421436051900&mod=55e58848&uri=category-info.php%3Fid%3D214477-183%26name%3Dhero+pleasure+gearbox+price HTTP/1.1" 200 19668 "-" "Mozilla/5.0 (compatible; Googlebot/2.1; +http://www.google.com/bot.html)"
66.249.65.164 - - [17/Jul/2025:13:19:11 +0000] "POST /get-message-notify HTTP/1.1" 200 19555 "https://alalamy.com.au/items/fashion/outerwear/3518220/" "Mozilla/5.0 (Linux; Android 6.0.1; Nexus 5X Build/MMB29P) AppleWebKit/537.36 (KHTML, like Gecko) Chrome/137.0.7151.119 Mobile Safari/537.36 (compatible; Googlebot/2.1; +http://www.google.com/bot.html)"
66.249.65.164 - - [17/Jul/2025:13:19:13 +0000] "GET /items/handmade/fashion/4288673/ HTTP/1.1" 200 22655 "-" "Mozilla/5.0 (Linux; Android 6.0.1; Nexus 5X Build/MMB29P) AppleWebKit/537.36 (KHTML, like Gecko) Chrome/137.0.7151.103 Mobile Safari/537.36 (compatible; GoogleOther)"
66.249.65.164 - - [17/Jul/2025:13:19:19 +0000] "POST /get-message-notify HTTP/1.1" 200 19555 "https://alalamy.com.au/items/handmade/fashion/4288673/" "Mozilla/5.0 (Linux; Android 6.0.1; Nexus 5X Build/MMB29P) AppleWebKit/537.36 (KHTML, like Gecko) Chrome/137.0.7151.119 Mobile Safari/537.36 (compatible; Googlebot/2.1; +http://www.google.com/bot.html)"
66.249.65.164 - - [17/Jul/2025:13:19:19 +0000] "GET /items/fashion/jackets/3512036/ HTTP/1.1" 200 19144 "-" "Mozilla/5.0 (Linux; Android 6.0.1; Nexus 5X Build/MMB29P) AppleWebKit/537.36 (KHTML, like Gecko) Chrome/137.0.7151.103 Mobile Safari/537.36 (compatible; GoogleOther)"
66.249.65.164 - - [17/Jul/2025:13:19:22 +0000] "GET /?k=7023779071900&mod=156cc497&uri=form.php?shopbrand/248415.htm HTTP/1.1" 200 19001 "-" "Mozilla/5.0 (Linux; Android 6.0.1; Nexus 5X Build/MMB29P) AppleWebKit/537.36 (KHTML, like Gecko) Chrome/137.0.7151.103 Mobile Safari/537.36 (compatible; Googlebot/2.1; +http://www.google.com/bot.html)"
66.249.65.164 - - [17/Jul/2025:13:19:24 +0000] "POST /get-message-notify HTTP/1.1" 200 19555 "https://alalamy.com.au/items/fashion/jackets/3512036/" "Mozilla/5.0 (Linux; Android 6.0.1; Nexus 5X Build/MMB29P) AppleWebKit/537.36 (KHTML, like Gecko) Chrome/137.0.7151.119 Mobile Safari/537.36 (compatible; Googlebot/2.1; +http://www.google.com/bot.html)"
66.249.65.164 - - [17/Jul/2025:13:19:25 +0000] "GET /items/fashion/womens/3628934/ HTTP/1.1" 200 20085 "-" "Mozilla/5.0 (Linux; Android 6.0.1; Nexus 5X Build/MMB29P) AppleWebKit/537.36 (KHTML, like Gecko) Chrome/137.0.7151.103 Mobile Safari/537.36 (compatible; GoogleOther)"
66.249.65.164 - - [17/Jul/2025:13:19:26 +0000] "POST /get-message-notify HTTP/1.1" 200 19555 "https://alalamy.com.au/items/fashion/jackets/4860249/" "Mozilla/5.0 (Linux; Android 6.0.1; Nexus 5X Build/MMB29P) AppleWebKit/537.36 (KHTML, like Gecko) Chrome/137.0.7151.119 Mobile Safari/537.36 (compatible; Googlebot/2.1; +http://www.google.com/bot.html)"
66.249.65.164 - - [17/Jul/2025:13:19:28 +0000] "POST /get-message-notify HTTP/1.1" 200 19555 "https://alalamy.com.au/items/handmade/fashion/2071101/" "Mozilla/5.0 (Linux; Android 6.0.1; Nexus 5X Build/MMB29P) AppleWebKit/537.36 (KHTML, like Gecko) Chrome/137.0.7151.119 Mobile Safari/537.36 (compatible; Googlebot/2.1; +http://www.google.com/bot.html)"
66.249.65.164 - - [17/Jul/2025:13:19:28 +0000] "POST /get-message-notify HTTP/1.1" 200 19555 "https://alalamy.com.au/items/fashion/shoes/4085917/" "Mozilla/5.0 (Linux; Android 6.0.1; Nexus 5X Build/MMB29P) AppleWebKit/537.36 (KHTML, like Gecko) Chrome/137.0.7151.119 Mobile Safari/537.36 (compatible; Googlebot/2.1; +http://www.google.com/bot.html)"
66.249.65.165 - - [17/Jul/2025:13:19:31 +0000] "GET /items/motorcycles/cars/2270540/ HTTP/1.1" 200 24493 "-" "Mozilla/5.0 (Linux; Android 6.0.1; Nexus 5X Build/MMB29P) AppleWebKit/537.36 (KHTML, like Gecko) Chrome/137.0.7151.103 Mobile Safari/537.36 (compatible; GoogleOther)"
66.249.65.164 - - [17/Jul/2025:13:19:33 +0000] "POST /get-message-notify HTTP/1.1" 200 19555 "https://alalamy.com.au/items/motorcycles/cars/2270540/" "Mozilla/5.0 (Linux; Android 6.0.1; Nexus 5X Build/MMB29P) AppleWebKit/537.36 (KHTML, like Gecko) Chrome/137.0.7151.119 Mobile Safari/537.36 (compatible; Googlebot/2.1; +http://www.google.com/bot.html)"
66.249.65.164 - - [17/Jul/2025:13:19:36 +0000] "POST /get-message-notify HTTP/1.1" 200 19555 "https://alalamy.com.au/items/toys/sports/2463008/" "Mozilla/5.0 (Linux; Android 6.0.1; Nexus 5X Build/MMB29P) AppleWebKit/537.36 (KHTML, like Gecko) Chrome/137.0.7151.119 Mobile Safari/537.36 (compatible; Googlebot/2.1; +http://www.google.com/bot.html)"
66.249.65.164 - - [17/Jul/2025:13:19:37 +0000] "GET /items/cameras/video-cameras/4887705/ HTTP/1.1" 200 19016 "-" "Mozilla/5.0 (Linux; Android 6.0.1; Nexus 5X Build/MMB29P) AppleWebKit/537.36 (KHTML, like Gecko) Chrome/137.0.7151.103 Mobile Safari/537.36 (compatible; GoogleOther)"
66.249.65.164 - - [17/Jul/2025:13:19:40 +0000] "POST /get-message-notify HTTP/1.1" 200 19555 "https://alalamy.com.au/items/cameras/video-cameras/4887705/" "Mozilla/5.0 (Linux; Android 6.0.1; Nexus 5X Build/MMB29P) AppleWebKit/537.36 (KHTML, like Gecko) Chrome/137.0.7151.119 Mobile Safari/537.36 (compatible; Googlebot/2.1; +http://www.google.com/bot.html)"
66.249.65.165 - - [17/Jul/2025:13:19:43 +0000] "GET /items/fashion/womens/5130421/ HTTP/1.1" 200 19316 "-" "Mozilla/5.0 (Linux; Android 6.0.1; Nexus 5X Build/MMB29P) AppleWebKit/537.36 (KHTML, like Gecko) Chrome/137.0.7151.103 Mobile Safari/537.36 (compatible; GoogleOther)"
66.249.65.165 - - [17/Jul/2025:13:19:48 +0000] "POST /get-message-notify HTTP/1.1" 200 19555 "https://alalamy.com.au/items/fashion/womens/5130421/" "Mozilla/5.0 (Linux; Android 6.0.1; Nexus 5X Build/MMB29P) AppleWebKit/537.36 (KHTML, like Gecko) Chrome/137.0.7151.119 Mobile Safari/537.36 (compatible; Googlebot/2.1; +http://www.google.com/bot.html)"
66.249.65.165 - - [17/Jul/2025:13:19:54 +0000] "GET /items/cameras/cameras/3375442/ HTTP/1.1" 200 19141 "-" "Mozilla/5.0 (Linux; Android 6.0.1; Nexus 5X Build/MMB29P) AppleWebKit/537.36 (KHTML, like Gecko) Chrome/137.0.7151.103 Mobile Safari/537.36 (compatible; GoogleOther)"
66.249.65.164 - - [17/Jul/2025:13:19:57 +0000] "POST /get-message-notify HTTP/1.1" 200 19555 "https://alalamy.com.au/items/fashion/womens/3628934/" "Mozilla/5.0 (Linux; Android 6.0.1; Nexus 5X Build/MMB29P) AppleWebKit/537.36 (KHTML, like Gecko) Chrome/137.0.7151.119 Mobile Safari/537.36 (compatible; Googlebot/2.1; +http://www.google.com/bot.html)"
66.249.65.165 - - [17/Jul/2025:13:19:59 +0000] "POST /get-message-notify HTTP/1.1" 200 19555 "https://alalamy.com.au/items/cameras/cameras/3375442/" "Mozilla/5.0 (Linux; Android 6.0.1; Nexus 5X Build/MMB29P) AppleWebKit/537.36 (KHTML, like Gecko) Chrome/137.0.7151.119 Mobile Safari/537.36 (compatible; Googlebot/2.1; +http://www.google.com/bot.html)"
66.249.65.164 - - [17/Jul/2025:13:20:00 +0000] "GET /items/fashion/outerwear/2411138/ HTTP/1.1" 200 19928 "-" "Mozilla/5.0 (Linux; Android 6.0.1; Nexus 5X Build/MMB29P) AppleWebKit/537.36 (KHTML, like Gecko) Chrome/137.0.7151.103 Mobile Safari/537.36 (compatible; GoogleOther)"
66.249.65.164 - - [17/Jul/2025:13:20:06 +0000] "GET /items/motorcycles/cars/4468390/ HTTP/1.1" 200 19055 "-" "Mozilla/5.0 (Linux; Android 6.0.1; Nexus 5X Build/MMB29P) AppleWebKit/537.36 (KHTML, like Gecko) Chrome/137.0.7151.103 Mobile Safari/537.36 (compatible; GoogleOther)"
66.249.65.164 - - [17/Jul/2025:13:20:11 +0000] "POST /get-message-notify HTTP/1.1" 200 19555 "https://alalamy.com.au/items/gardening/houseplants/2412619/" "Mozilla/5.0 (Linux; Android 6.0.1; Nexus 5X Build/MMB29P) AppleWebKit/537.36 (KHTML, like Gecko) Chrome/137.0.7151.119 Mobile Safari/537.36 (compatible; Googlebot/2.1; +http://www.google.com/bot.html)"
66.249.65.164 - - [17/Jul/2025:13:20:12 +0000] "GET /items/fashion/mens/3549230/ HTTP/1.1" 200 20772 "-" "Mozilla/5.0 (Linux; Android 6.0.1; Nexus 5X Build/MMB29P) AppleWebKit/537.36 (KHTML, like Gecko) Chrome/137.0.7151.103 Mobile Safari/537.36 (compatible; GoogleOther)"
66.249.65.164 - - [17/Jul/2025:13:20:12 +0000] "POST /get-message-notify HTTP/1.1" 200 19555 "https://alalamy.com.au/items/motorcycles/cars/4468390/" "Mozilla/5.0 (Linux; Android 6.0.1; Nexus 5X Build/MMB29P) AppleWebKit/537.36 (KHTML, like Gecko) Chrome/137.0.7151.119 Mobile Safari/537.36 (compatible; Googlebot/2.1; +http://www.google.com/bot.html)"
66.249.65.164 - - [17/Jul/2025:13:20:13 +0000] "POST /get-message-notify HTTP/1.1" 200 19555 "https://alalamy.com.au/items/fashion/outerwear/2411138/" "Mozilla/5.0 (Linux; Android 6.0.1; Nexus 5X Build/MMB29P) AppleWebKit/537.36 (KHTML, like Gecko) Chrome/137.0.7151.119 Mobile Safari/537.36 (compatible; Googlebot/2.1; +http://www.google.com/bot.html)"
66.249.65.164 - - [17/Jul/2025:13:20:15 +0000] "POST /get-message-notify HTTP/1.1" 200 19555 "https://alalamy.com.au/items/fashion/mens/3549230/" "Mozilla/5.0 (Linux; Android 6.0.1; Nexus 5X Build/MMB29P) AppleWebKit/537.36 (KHTML, like Gecko) Chrome/137.0.7151.119 Mobile Safari/537.36 (compatible; Googlebot/2.1; +http://www.google.com/bot.html)"
66.249.65.164 - - [17/Jul/2025:13:20:18 +0000] "GET /items/fashion/womens/1641964/ HTTP/1.1" 200 19826 "-" "Mozilla/5.0 (Linux; Android 6.0.1; Nexus 5X Build/MMB29P) AppleWebKit/537.36 (KHTML, like Gecko) Chrome/137.0.7151.103 Mobile Safari/537.36 (compatible; GoogleOther)"
66.249.65.164 - - [17/Jul/2025:13:20:20 +0000] "POST /get-message-notify HTTP/1.1" 200 19555 "https://alalamy.com.au/items/fashion/womens/1641964/" "Mozilla/5.0 (Linux; Android 6.0.1; Nexus 5X Build/MMB29P) AppleWebKit/537.36 (KHTML, like Gecko) Chrome/137.0.7151.119 Mobile Safari/537.36 (compatible; Googlebot/2.1; +http://www.google.com/bot.html)"
66.249.65.164 - - [17/Jul/2025:13:20:23 +0000] "GET /items/fashion/womens/3055363/ HTTP/1.1" 200 19411 "-" "Mozilla/5.0 (Linux; Android 6.0.1; Nexus 5X Build/MMB29P) AppleWebKit/537.36 (KHTML, like Gecko) Chrome/137.0.7151.103 Mobile Safari/537.36 (compatible; GoogleOther)"
66.249.65.164 - - [17/Jul/2025:13:20:25 +0000] "GET /?k=6548455061900&mod=0bb3498d&uri=blog.php%3Fid%3D218712-367%26name%3Dsmall+groundsheet HTTP/1.1" 200 19590 "-" "Mozilla/5.0 (compatible; Googlebot/2.1; +http://www.google.com/bot.html)"
66.249.65.164 - - [17/Jul/2025:13:20:26 +0000] "POST /get-message-notify HTTP/1.1" 200 19555 "https://alalamy.com.au/items/fashion/womens/3055363/" "Mozilla/5.0 (Linux; Android 6.0.1; Nexus 5X Build/MMB29P) AppleWebKit/537.36 (KHTML, like Gecko) Chrome/137.0.7151.119 Mobile Safari/537.36 (compatible; Googlebot/2.1; +http://www.google.com/bot.html)"
66.249.65.164 - - [17/Jul/2025:13:20:29 +0000] "GET /items/handmade/fashion/4734425/ HTTP/1.1" 200 19483 "-" "Mozilla/5.0 (Linux; Android 6.0.1; Nexus 5X Build/MMB29P) AppleWebKit/537.36 (KHTML, like Gecko) Chrome/137.0.7151.103 Mobile Safari/537.36 (compatible; GoogleOther)"
66.249.65.164 - - [17/Jul/2025:13:20:32 +0000] "POST /get-message-notify HTTP/1.1" 200 19555 "https://alalamy.com.au/items/handmade/fashion/4734425/" "Mozilla/5.0 (Linux; Android 6.0.1; Nexus 5X Build/MMB29P) AppleWebKit/537.36 (KHTML, like Gecko) Chrome/137.0.7151.119 Mobile Safari/537.36 (compatible; Googlebot/2.1; +http://www.google.com/bot.html)"
66.249.65.164 - - [17/Jul/2025:13:20:35 +0000] "GET /items/cameras/digital-cameras/5121943/ HTTP/1.1" 200 19880 "-" "Mozilla/5.0 (Linux; Android 6.0.1; Nexus 5X Build/MMB29P) AppleWebKit/537.36 (KHTML, like Gecko) Chrome/137.0.7151.103 Mobile Safari/537.36 (compatible; GoogleOther)"
66.249.65.164 - - [17/Jul/2025:13:20:41 +0000] "GET /items/interior/interior/2960951/ HTTP/1.1" 200 19126 "-" "Mozilla/5.0 (Linux; Android 6.0.1; Nexus 5X Build/MMB29P) AppleWebKit/537.36 (KHTML, like Gecko) Chrome/137.0.7151.103 Mobile Safari/537.36 (compatible; GoogleOther)"
66.249.65.165 - - [17/Jul/2025:13:20:47 +0000] "GET /items/handicrafts/fashion/2575629/ HTTP/1.1" 200 19033 "-" "Mozilla/5.0 (Linux; Android 6.0.1; Nexus 5X Build/MMB29P) AppleWebKit/537.36 (KHTML, like Gecko) Chrome/137.0.7151.103 Mobile Safari/537.36 (compatible; GoogleOther)"
66.249.65.164 - - [17/Jul/2025:13:20:53 +0000] "GET /items/fashion/mens/2816545/ HTTP/1.1" 200 21403 "-" "Mozilla/5.0 (Linux; Android 6.0.1; Nexus 5X Build/MMB29P) AppleWebKit/537.36 (KHTML, like Gecko) Chrome/137.0.7151.103 Mobile Safari/537.36 (compatible; GoogleOther)"
66.249.65.164 - - [17/Jul/2025:13:20:58 +0000] "GET /items/fashion/womens/3144651/ HTTP/1.1" 200 20796 "-" "Mozilla/5.0 (Linux; Android 6.0.1; Nexus 5X Build/MMB29P) AppleWebKit/537.36 (KHTML, like Gecko) Chrome/137.0.7151.103 Mobile Safari/537.36 (compatible; GoogleOther)"
66.249.65.166 - - [17/Jul/2025:13:21:04 +0000] "GET /items/cameras/cameras/4899300/ HTTP/1.1" 200 19529 "-" "Mozilla/5.0 (Linux; Android 6.0.1; Nexus 5X Build/MMB29P) AppleWebKit/537.36 (KHTML, like Gecko) Chrome/137.0.7151.103 Mobile Safari/537.36 (compatible; GoogleOther)"
66.249.65.165 - - [17/Jul/2025:13:21:05 +0000] "POST /get-message-notify HTTP/1.1" 200 19555 "https://alalamy.com.au/items/interior/interior/2960951/" "Mozilla/5.0 (Linux; Android 6.0.1; Nexus 5X Build/MMB29P) AppleWebKit/537.36 (KHTML, like Gecko) Chrome/137.0.7151.119 Mobile Safari/537.36 (compatible; Googlebot/2.1; +http://www.google.com/bot.html)"
66.249.65.166 - - [17/Jul/2025:13:21:08 +0000] "POST /get-message-notify HTTP/1.1" 200 19555 "https://alalamy.com.au/items/cameras/cameras/4899300/" "Mozilla/5.0 (Linux; Android 6.0.1; Nexus 5X Build/MMB29P) AppleWebKit/537.36 (KHTML, like Gecko) Chrome/137.0.7151.119 Mobile Safari/537.36 (compatible; Googlebot/2.1; +http://www.google.com/bot.html)"
66.249.65.164 - - [17/Jul/2025:13:21:08 +0000] "POST /get-message-notify HTTP/1.1" 200 19555 "https://alalamy.com.au/items/cameras/digital-cameras/5121943/" "Mozilla/5.0 (Linux; Android 6.0.1; Nexus 5X Build/MMB29P) AppleWebKit/537.36 (KHTML, like Gecko) Chrome/137.0.7151.119 Mobile Safari/537.36 (compatible; Googlebot/2.1; +http://www.google.com/bot.html)"
66.249.65.164 - - [17/Jul/2025:13:21:10 +0000] "GET /items/fashion/womens/2082921/ HTTP/1.1" 200 19300 "-" "Mozilla/5.0 (Linux; Android 6.0.1; Nexus 5X Build/MMB29P) AppleWebKit/537.36 (KHTML, like Gecko) Chrome/137.0.7151.103 Mobile Safari/537.36 (compatible; GoogleOther)"
66.249.65.164 - - [17/Jul/2025:13:21:16 +0000] "GET /items/beauty/skincare/5436621/ HTTP/1.1" 200 19359 "-" "Mozilla/5.0 (Linux; Android 6.0.1; Nexus 5X Build/MMB29P) AppleWebKit/537.36 (KHTML, like Gecko) Chrome/137.0.7151.103 Mobile Safari/537.36 (compatible; GoogleOther)"
66.249.65.164 - - [17/Jul/2025:13:21:17 +0000] "POST /get-message-notify HTTP/1.1" 200 19555 "https://alalamy.com.au/items/handicrafts/fashion/2575629/" "Mozilla/5.0 (Linux; Android 6.0.1; Nexus 5X Build/MMB29P) AppleWebKit/537.36 (KHTML, like Gecko) Chrome/137.0.7151.119 Mobile Safari/537.36 (compatible; Googlebot/2.1; +http://www.google.com/bot.html)"
66.249.65.164 - - [17/Jul/2025:13:21:19 +0000] "POST /get-message-notify HTTP/1.1" 200 19555 "https://alalamy.com.au/items/beauty/skincare/5436621/" "Mozilla/5.0 (Linux; Android 6.0.1; Nexus 5X Build/MMB29P) AppleWebKit/537.36 (KHTML, like Gecko) Chrome/137.0.7151.119 Mobile Safari/537.36 (compatible; Googlebot/2.1; +http://www.google.com/bot.html)"
66.249.65.164 - - [17/Jul/2025:13:21:22 +0000] "GET /items/fishing/outdoor-shoes/5370838/ HTTP/1.1" 200 20148 "-" "Mozilla/5.0 (Linux; Android 6.0.1; Nexus 5X Build/MMB29P) AppleWebKit/537.36 (KHTML, like Gecko) Chrome/137.0.7151.103 Mobile Safari/537.36 (compatible; GoogleOther)"
66.249.65.164 - - [17/Jul/2025:13:21:28 +0000] "GET /items/cameras/cameras/1939784/ HTTP/1.1" 200 18936 "-" "Mozilla/5.0 (Linux; Android 6.0.1; Nexus 5X Build/MMB29P) AppleWebKit/537.36 (KHTML, like Gecko) Chrome/137.0.7151.103 Mobile Safari/537.36 (compatible; GoogleOther)"
66.249.65.164 - - [17/Jul/2025:13:21:33 +0000] "GET /items/travel-supplies/mountain-climbing/4396074/ HTTP/1.1" 200 19808 "-" "Mozilla/5.0 (Linux; Android 6.0.1; Nexus 5X Build/MMB29P) AppleWebKit/537.36 (KHTML, like Gecko) Chrome/137.0.7151.103 Mobile Safari/537.36 (compatible; GoogleOther)"
66.249.65.164 - - [17/Jul/2025:13:21:38 +0000] "GET /?k=42224187001900&mod=99ef8a64&uri=article.php%3Fid%3D1409197-112%26name%3Dnombres+de+marcas+de+mochilas HTTP/1.1" 200 19647 "-" "Mozilla/5.0 (Linux; Android 6.0.1; Nexus 5X Build/MMB29P) AppleWebKit/537.36 (KHTML, like Gecko) Chrome/137.0.7151.103 Mobile Safari/537.36 (compatible; Googlebot/2.1; +http://www.google.com/bot.html)"
66.249.65.164 - - [17/Jul/2025:13:21:39 +0000] "GET /items/fashion/womens/3251659/ HTTP/1.1" 200 20169 "-" "Mozilla/5.0 (Linux; Android 6.0.1; Nexus 5X Build/MMB29P) AppleWebKit/537.36 (KHTML, like Gecko) Chrome/137.0.7151.103 Mobile Safari/537.36 (compatible; GoogleOther)"
66.249.65.164 - - [17/Jul/2025:13:21:41 +0000] "POST /get-message-notify HTTP/1.1" 200 19555 "https://alalamy.com.au/items/travel-supplies/mountain-climbing/4396074/" "Mozilla/5.0 (Linux; Android 6.0.1; Nexus 5X Build/MMB29P) AppleWebKit/537.36 (KHTML, like Gecko) Chrome/137.0.7151.119 Mobile Safari/537.36 (compatible; Googlebot/2.1; +http://www.google.com/bot.html)"
66.249.65.165 - - [17/Jul/2025:13:21:42 +0000] "POST /get-message-notify HTTP/1.1" 200 19555 "https://alalamy.com.au/items/fashion/womens/3251659/" "Mozilla/5.0 (Linux; Android 6.0.1; Nexus 5X Build/MMB29P) AppleWebKit/537.36 (KHTML, like Gecko) Chrome/137.0.7151.119 Mobile Safari/537.36 (compatible; Googlebot/2.1; +http://www.google.com/bot.html)"
66.249.65.164 - - [17/Jul/2025:13:21:44 +0000] "POST /get-message-notify HTTP/1.1" 200 19555 "https://alalamy.com.au/items/fashion/womens/2082921/" "Mozilla/5.0 (Linux; Android 6.0.1; Nexus 5X Build/MMB29P) AppleWebKit/537.36 (KHTML, like Gecko) Chrome/137.0.7151.119 Mobile Safari/537.36 (compatible; Googlebot/2.1; +http://www.google.com/bot.html)"
66.249.65.164 - - [17/Jul/2025:13:21:45 +0000] "GET /items/sports/goalkeeper-gloves/1877232/ HTTP/1.1" 200 19684 "-" "Mozilla/5.0 (Linux; Android 6.0.1; Nexus 5X Build/MMB29P) AppleWebKit/537.36 (KHTML, like Gecko) Chrome/137.0.7151.103 Mobile Safari/537.36 (compatible; GoogleOther)"
66.249.65.165 - - [17/Jul/2025:13:21:50 +0000] "GET /?k=7086477021900&mod=539ef09c&uri=category-info.php%3Fid%3D236665-397%26name%3Dslip+on+rubi HTTP/1.1" 200 19633 "-" "Mozilla/5.0 (compatible; Googlebot/2.1; +http://www.google.com/bot.html)"
66.249.65.164 - - [17/Jul/2025:13:21:50 +0000] "POST /get-message-notify HTTP/1.1" 200 19555 "https://alalamy.com.au/items/fishing/outdoor-shoes/5370838/" "Mozilla/5.0 (Linux; Android 6.0.1; Nexus 5X Build/MMB29P) AppleWebKit/537.36 (KHTML, like Gecko) Chrome/137.0.7151.119 Mobile Safari/537.36 (compatible; Googlebot/2.1; +http://www.google.com/bot.html)"
66.249.65.164 - - [17/Jul/2025:13:21:51 +0000] "GET /items/flowers/flowers/3930894/alalamy.com.au/cargo/detail HTTP/1.1" 200 19068 "-" "Mozilla/5.0 (Linux; Android 6.0.1; Nexus 5X Build/MMB29P) AppleWebKit/537.36 (KHTML, like Gecko) Chrome/137.0.7151.103 Mobile Safari/537.36 (compatible; GoogleOther)"
66.249.65.165 - - [17/Jul/2025:13:21:51 +0000] "GET /?k=6406856011900&mod=55e58848&uri=blog.php%3Fid%3D213991-183%26name%3Dsuper+splendor+price+photo HTTP/1.1" 200 19603 "-" "Mozilla/5.0 (compatible; Googlebot/2.1; +http://www.google.com/bot.html)"
66.249.65.164 - - [17/Jul/2025:13:21:52 +0000] "POST /get-message-notify HTTP/1.1" 200 19555 "https://alalamy.com.au/items/sports/goalkeeper-gloves/1877232/" "Mozilla/5.0 (Linux; Android 6.0.1; Nexus 5X Build/MMB29P) AppleWebKit/537.36 (KHTML, like Gecko) Chrome/137.0.7151.119 Mobile Safari/537.36 (compatible; Googlebot/2.1; +http://www.google.com/bot.html)"
66.249.65.164 - - [17/Jul/2025:13:21:57 +0000] "GET /items/fashion/womens/4417594/ HTTP/1.1" 200 18860 "-" "Mozilla/5.0 (Linux; Android 6.0.1; Nexus 5X Build/MMB29P) AppleWebKit/537.36 (KHTML, like Gecko) Chrome/137.0.7151.103 Mobile Safari/537.36 (compatible; GoogleOther)"
66.249.65.165 - - [17/Jul/2025:13:21:58 +0000] "POST /get-message-notify HTTP/1.1" 200 19555 "https://alalamy.com.au/items/fashion/mens/2816545/" "Mozilla/5.0 (Linux; Android 6.0.1; Nexus 5X Build/MMB29P) AppleWebKit/537.36 (KHTML, like Gecko) Chrome/137.0.7151.119 Mobile Safari/537.36 (compatible; Googlebot/2.1; +http://www.google.com/bot.html)"
66.249.65.165 - - [17/Jul/2025:13:22:00 +0000] "POST /get-message-notify HTTP/1.1" 200 19555 "https://alalamy.com.au/items/fashion/womens/4417594/" "Mozilla/5.0 (Linux; Android 6.0.1; Nexus 5X Build/MMB29P) AppleWebKit/537.36 (KHTML, like Gecko) Chrome/137.0.7151.119 Mobile Safari/537.36 (compatible; Googlebot/2.1; +http://www.google.com/bot.html)"
66.249.65.164 - - [17/Jul/2025:13:22:02 +0000] "POST /get-message-notify HTTP/1.1" 200 19555 "https://alalamy.com.au/items/cameras/cameras/1939784/" "Mozilla/5.0 (Linux; Android 6.0.1; Nexus 5X Build/MMB29P) AppleWebKit/537.36 (KHTML, like Gecko) Chrome/137.0.7151.119 Mobile Safari/537.36 (compatible; Googlebot/2.1; +http://www.google.com/bot.html)"
66.249.65.164 - - [17/Jul/2025:13:22:03 +0000] "GET /items/fashion/womens/3175792/ HTTP/1.1" 200 19465 "-" "Mozilla/5.0 (Linux; Android 6.0.1; Nexus 5X Build/MMB29P) AppleWebKit/537.36 (KHTML, like Gecko) Chrome/137.0.7151.103 Mobile Safari/537.36 (compatible; GoogleOther)"
66.249.65.164 - - [17/Jul/2025:13:22:08 +0000] "GET /items/fashion/womens/1939628/ HTTP/1.1" 200 18896 "-" "Mozilla/5.0 (Linux; Android 6.0.1; Nexus 5X Build/MMB29P) AppleWebKit/537.36 (KHTML, like Gecko) Chrome/137.0.7151.103 Mobile Safari/537.36 (compatible; GoogleOther)"
66.249.65.164 - - [17/Jul/2025:13:22:09 +0000] "POST /get-message-notify HTTP/1.1" 200 19555 "https://alalamy.com.au/items/fashion/womens/3175792/" "Mozilla/5.0 (Linux; Android 6.0.1; Nexus 5X Build/MMB29P) AppleWebKit/537.36 (KHTML, like Gecko) Chrome/137.0.7151.119 Mobile Safari/537.36 (compatible; Googlebot/2.1; +http://www.google.com/bot.html)"
66.249.65.164 - - [17/Jul/2025:13:22:14 +0000] "GET /items/goods/minicars/2777886/ HTTP/1.1" 200 19608 "-" "Mozilla/5.0 (Linux; Android 6.0.1; Nexus 5X Build/MMB29P) AppleWebKit/537.36 (KHTML, like Gecko) Chrome/137.0.7151.103 Mobile Safari/537.36 (compatible; GoogleOther)"
66.249.65.164 - - [17/Jul/2025:13:22:17 +0000] "POST /get-message-notify HTTP/1.1" 200 19555 "https://alalamy.com.au/items/fashion/womens/1939628/" "Mozilla/5.0 (Linux; Android 6.0.1; Nexus 5X Build/MMB29P) AppleWebKit/537.36 (KHTML, like Gecko) Chrome/137.0.7151.119 Mobile Safari/537.36 (compatible; Googlebot/2.1; +http://www.google.com/bot.html)"
66.249.65.164 - - [17/Jul/2025:13:22:20 +0000] "POST /get-message-notify HTTP/1.1" 200 19555 "https://alalamy.com.au/items/goods/minicars/2777886/" "Mozilla/5.0 (Linux; Android 6.0.1; Nexus 5X Build/MMB29P) AppleWebKit/537.36 (KHTML, like Gecko) Chrome/137.0.7151.119 Mobile Safari/537.36 (compatible; Googlebot/2.1; +http://www.google.com/bot.html)"
66.249.65.164 - - [17/Jul/2025:13:22:20 +0000] "GET /items/fashion/pants/2288692/ HTTP/1.1" 200 19044 "-" "Mozilla/5.0 (Linux; Android 6.0.1; Nexus 5X Build/MMB29P) AppleWebKit/537.36 (KHTML, like Gecko) Chrome/137.0.7151.103 Mobile Safari/537.36 (compatible; GoogleOther)"
66.249.65.164 - - [17/Jul/2025:13:22:26 +0000] "GET /items/fashion/womens/4114800/ HTTP/1.1" 200 19284 "-" "Mozilla/5.0 (Linux; Android 6.0.1; Nexus 5X Build/MMB29P) AppleWebKit/537.36 (KHTML, like Gecko) Chrome/137.0.7151.103 Mobile Safari/537.36 (compatible; GoogleOther)"
66.249.65.164 - - [17/Jul/2025:13:22:32 +0000] "GET /items/fashion/jackets/4858518/ HTTP/1.1" 200 19262 "-" "Mozilla/5.0 (Linux; Android 6.0.1; Nexus 5X Build/MMB29P) AppleWebKit/537.36 (KHTML, like Gecko) Chrome/137.0.7151.103 Mobile Safari/537.36 (compatible; GoogleOther)"
66.249.65.164 - - [17/Jul/2025:13:22:33 +0000] "POST /get-message-notify HTTP/1.1" 200 19555 "https://alalamy.com.au/items/fashion/womens/3144651/" "Mozilla/5.0 (Linux; Android 6.0.1; Nexus 5X Build/MMB29P) AppleWebKit/537.36 (KHTML, like Gecko) Chrome/137.0.7151.119 Mobile Safari/537.36 (compatible; Googlebot/2.1; +http://www.google.com/bot.html)"
66.249.65.164 - - [17/Jul/2025:13:22:37 +0000] "POST /get-message-notify HTTP/1.1" 200 19555 "https://alalamy.com.au/items/fashion/jackets/4858518/" "Mozilla/5.0 (Linux; Android 6.0.1; Nexus 5X Build/MMB29P) AppleWebKit/537.36 (KHTML, like Gecko) Chrome/137.0.7151.119 Mobile Safari/537.36 (compatible; Googlebot/2.1; +http://www.google.com/bot.html)"
