66.249.65.165 - - [17/Jul/2025:13:07:44 +0000] "GET /items/fashion/womens/1782328/ HTTP/1.1" 200 21284 "-" "Mozilla/5.0 (Linux; Android 6.0.1; Nexus 5X Build/MMB29P) AppleWebKit/537.36 (KHTML, like Gecko) Chrome/137.0.7151.103 Mobile Safari/537.36 (compatible; GoogleOther)"
66.249.65.165 - - [17/Jul/2025:13:07:49 +0000] "POST /get-message-notify HTTP/1.1" 200 19555 "https://alalamy.com.au/items/fashion/womens/1782328/" "Mozilla/5.0 (Linux; Android 6.0.1; Nexus 5X Build/MMB29P) AppleWebKit/537.36 (KHTML, like Gecko) Chrome/137.0.7151.119 Mobile Safari/537.36 (compatible; Googlebot/2.1; +http://www.google.com/bot.html)"
66.249.65.164 - - [17/Jul/2025:13:07:50 +0000] "POST /get-message-notify HTTP/1.1" 200 19555 "https://alalamy.com.au/items/fashion/womens/4035685/" "Mozilla/5.0 (Linux; Android 6.0.1; Nexus 5X Build/MMB29P) AppleWebKit/537.36 (KHTML, like Gecko) Chrome/137.0.7151.119 Mobile Safari/537.36 (compatible; Googlebot/2.1; +http://www.google.com/bot.html)"
66.249.65.164 - - [17/Jul/2025:13:07:50 +0000] "GET /items/cameras/cameras/2832954/ HTTP/1.1" 200 19374 "-" "Mozilla/5.0 (Linux; Android 6.0.1; Nexus 5X Build/MMB29P) AppleWebKit/537.36 (KHTML, like Gecko) Chrome/137.0.7151.103 Mobile Safari/537.36 (compatible; GoogleOther)"
66.249.65.165 - - [17/Jul/2025:13:07:50 +0000] "POST /get-message-notify HTTP/1.1" 200 19555 "https://alalamy.com.au/items/fashion/jackets/2283598/" "Mozilla/5.0 (Linux; Android 6.0.1; Nexus 5X Build/MMB29P) AppleWebKit/537.36 (KHTML, like Gecko) Chrome/137.0.7151.119 Mobile Safari/537.36 (compatible; Googlebot/2.1; +http://www.google.com/bot.html)"
66.249.65.164 - - [17/Jul/2025:13:07:51 +0000] "POST /get-message-notify HTTP/1.1" 200 19555 "https://alalamy.com.au/items/fashion/pants/1889929/" "Mozilla/5.0 (Linux; Android 6.0.1; Nexus 5X Build/MMB29P) AppleWebKit/537.36 (KHTML, like Gecko) Chrome/137.0.7151.119 Mobile Safari/537.36 (compatible; Googlebot/2.1; +http://www.google.com/bot.html)"
66.249.65.165 - - [17/Jul/2025:13:07:53 +0000] "GET /?k=6750850011900&mod=b75fccec&uri=shared.php%3Fid%3D225461-233%26name%3Drebeca+leopardo HTTP/1.1" 200 19589 "-" "Mozilla/5.0 (compatible; Googlebot/2.1; +http://www.google.com/bot.html)"
66.249.65.164 - - [17/Jul/2025:13:07:56 +0000] "GET /items/fashion/jackets/5075205/ HTTP/1.1" 200 19048 "-" "Mozilla/5.0 (Linux; Android 6.0.1; Nexus 5X Build/MMB29P) AppleWebKit/537.36 (KHTML, like Gecko) Chrome/137.0.7151.103 Mobile Safari/537.36 (compatible; GoogleOther)"
66.249.65.164 - - [17/Jul/2025:13:08:02 +0000] "GET /items/sports/golf/4039387/ HTTP/1.1" 200 19933 "-" "Mozilla/5.0 (Linux; Android 6.0.1; Nexus 5X Build/MMB29P) AppleWebKit/537.36 (KHTML, like Gecko) Chrome/137.0.7151.103 Mobile Safari/537.36 (compatible; GoogleOther)"
66.249.65.166 - - [17/Jul/2025:13:08:02 +0000] "POST /get-message-notify HTTP/1.1" 200 19555 "https://alalamy.com.au/items/cameras/cameras/4479092/" "Mozilla/5.0 (Linux; Android 6.0.1; Nexus 5X Build/MMB29P) AppleWebKit/537.36 (KHTML, like Gecko) Chrome/137.0.7151.119 Mobile Safari/537.36 (compatible; Googlebot/2.1; +http://www.google.com/bot.html)"
66.249.65.164 - - [17/Jul/2025:13:08:08 +0000] "GET /items/motorcycles/cars/2455732/ HTTP/1.1" 200 19254 "-" "Mozilla/5.0 (Linux; Android 6.0.1; Nexus 5X Build/MMB29P) AppleWebKit/537.36 (KHTML, like Gecko) Chrome/137.0.7151.103 Mobile Safari/537.36 (compatible; GoogleOther)"
66.249.65.165 - - [17/Jul/2025:13:08:09 +0000] "POST /get-message-notify HTTP/1.1" 200 19555 "https://alalamy.com.au/items/cars/cars/4799619/" "Mozilla/5.0 (Linux; Android 6.0.1; Nexus 5X Build/MMB29P) AppleWebKit/537.36 (KHTML, like Gecko) Chrome/137.0.7151.119 Mobile Safari/537.36 (compatible; Googlebot/2.1; +http://www.google.com/bot.html)"
66.249.65.164 - - [17/Jul/2025:13:08:13 +0000] "GET /items/furniture/ornaments/5431745/ HTTP/1.1" 200 19734 "-" "Mozilla/5.0 (Linux; Android 6.0.1; Nexus 5X Build/MMB29P) AppleWebKit/537.36 (KHTML, like Gecko) Chrome/137.0.7151.103 Mobile Safari/537.36 (compatible; GoogleOther)"
66.249.65.164 - - [17/Jul/2025:13:08:18 +0000] "POST /get-message-notify HTTP/1.1" 200 19555 "https://alalamy.com.au/items/motorcycles/cars/2455732/" "Mozilla/5.0 (Linux; Android 6.0.1; Nexus 5X Build/MMB29P) AppleWebKit/537.36 (KHTML, like Gecko) Chrome/137.0.7151.119 Mobile Safari/537.36 (compatible; Googlebot/2.1; +http://www.google.com/bot.html)"
66.249.65.164 - - [17/Jul/2025:13:08:19 +0000] "GET /items/fashion/mens/2703612/ HTTP/1.1" 200 19537 "-" "Mozilla/5.0 (Linux; Android 6.0.1; Nexus 5X Build/MMB29P) AppleWebKit/537.36 (KHTML, like Gecko) Chrome/137.0.7151.103 Mobile Safari/537.36 (compatible; GoogleOther)"
66.249.65.164 - - [17/Jul/2025:13:08:21 +0000] "POST /get-message-notify HTTP/1.1" 200 19555 "https://alalamy.com.au/items/cameras/cameras/2832954/" "Mozilla/5.0 (Linux; Android 6.0.1; Nexus 5X Build/MMB29P) AppleWebKit/537.36 (KHTML, like Gecko) Chrome/137.0.7151.119 Mobile Safari/537.36 (compatible; Googlebot/2.1; +http://www.google.com/bot.html)"
66.249.65.164 - - [17/Jul/2025:13:08:22 +0000] "POST /get-message-notify HTTP/1.1" 200 19555 "https://alalamy.com.au/items/fashion/mens/2703612/" "Mozilla/5.0 (Linux; Android 6.0.1; Nexus 5X Build/MMB29P) AppleWebKit/537.36 (KHTML, like Gecko) Chrome/137.0.7151.119 Mobile Safari/537.36 (compatible; Googlebot/2.1; +http://www.google.com/bot.html)"
66.249.65.164 - - [17/Jul/2025:13:08:25 +0000] "GET /items/motorcycles/cars/2314474/ HTTP/1.1" 200 19031 "-" "Mozilla/5.0 (Linux; Android 6.0.1; Nexus 5X Build/MMB29P) AppleWebKit/537.36 (KHTML, like Gecko) Chrome/137.0.7151.103 Mobile Safari/537.36 (compatible; GoogleOther)"
66.249.65.164 - - [17/Jul/2025:13:08:30 +0000] "POST /get-message-notify HTTP/1.1" 200 19555 "https://alalamy.com.au/items/sports/golf/4039387/" "Mozilla/5.0 (Linux; Android 6.0.1; Nexus 5X Build/MMB29P) AppleWebKit/537.36 (KHTML, like Gecko) Chrome/137.0.7151.119 Mobile Safari/537.36 (compatible; Googlebot/2.1; +http://www.google.com/bot.html)"
66.249.65.164 - - [17/Jul/2025:13:08:31 +0000] "GET /items/sports/soccer/4328889/ HTTP/1.1" 200 19269 "-" "Mozilla/5.0 (Linux; Android 6.0.1; Nexus 5X Build/MMB29P) AppleWebKit/537.36 (KHTML, like Gecko) Chrome/137.0.7151.103 Mobile Safari/537.36 (compatible; GoogleOther)"
66.249.65.164 - - [17/Jul/2025:13:08:32 +0000] "POST /get-message-notify HTTP/1.1" 200 19555 "https://alalamy.com.au/items/sports/soccer/4328889/" "Mozilla/5.0 (Linux; Android 6.0.1; Nexus 5X Build/MMB29P) AppleWebKit/537.36 (KHTML, like Gecko) Chrome/137.0.7151.119 Mobile Safari/537.36 (compatible; Googlebot/2.1; +http://www.google.com/bot.html)"
66.249.65.164 - - [17/Jul/2025:13:08:35 +0000] "POST /get-message-notify HTTP/1.1" 200 19555 "https://alalamy.com.au/items/handmade/fashion/4745265/" "Mozilla/5.0 (Linux; Android 6.0.1; Nexus 5X Build/MMB29P) AppleWebKit/537.36 (KHTML, like Gecko) Chrome/137.0.7151.119 Mobile Safari/537.36 (compatible; Googlebot/2.1; +http://www.google.com/bot.html)"
66.249.65.164 - - [17/Jul/2025:13:08:37 +0000] "GET /items/fashion/jackets/3203170/ HTTP/1.1" 200 18883 "-" "Mozilla/5.0 (Linux; Android 6.0.1; Nexus 5X Build/MMB29P) AppleWebKit/537.36 (KHTML, like Gecko) Chrome/137.0.7151.103 Mobile Safari/537.36 (compatible; GoogleOther)"
66.249.65.164 - - [17/Jul/2025:13:08:40 +0000] "POST /get-message-notify HTTP/1.1" 200 19555 "https://alalamy.com.au/items/fashion/jackets/3203170/" "Mozilla/5.0 (Linux; Android 6.0.1; Nexus 5X Build/MMB29P) AppleWebKit/537.36 (KHTML, like Gecko) Chrome/137.0.7151.119 Mobile Safari/537.36 (compatible; Googlebot/2.1; +http://www.google.com/bot.html)"
66.249.65.165 - - [17/Jul/2025:13:08:43 +0000] "GET /items/gardening/gardening/4222736/ HTTP/1.1" 200 19311 "-" "Mozilla/5.0 (Linux; Android 6.0.1; Nexus 5X Build/MMB29P) AppleWebKit/537.36 (KHTML, like Gecko) Chrome/137.0.7151.103 Mobile Safari/537.36 (compatible; GoogleOther)"
66.249.65.164 - - [17/Jul/2025:13:08:44 +0000] "GET /?k=7580089041900&mod=ec5df877&uri=dp.php?text/terms HTTP/1.1" 200 19889 "-" "Mozilla/5.0 (Linux; Android 6.0.1; Nexus 5X Build/MMB29P) AppleWebKit/537.36 (KHTML, like Gecko) Chrome/137.0.7151.103 Mobile Safari/537.36 (compatible; Googlebot/2.1; +http://www.google.com/bot.html)"
66.249.65.164 - - [17/Jul/2025:13:08:46 +0000] "POST /get-message-notify HTTP/1.1" 200 19555 "https://alalamy.com.au/items/motorcycles/cars/2314474/" "Mozilla/5.0 (Linux; Android 6.0.1; Nexus 5X Build/MMB29P) AppleWebKit/537.36 (KHTML, like Gecko) Chrome/137.0.7151.119 Mobile Safari/537.36 (compatible; Googlebot/2.1; +http://www.google.com/bot.html)"
66.249.65.165 - - [17/Jul/2025:13:08:49 +0000] "GET /items/manga/sports/4403533/ HTTP/1.1" 200 19187 "-" "Mozilla/5.0 (Linux; Android 6.0.1; Nexus 5X Build/MMB29P) AppleWebKit/537.36 (KHTML, like Gecko) Chrome/137.0.7151.103 Mobile Safari/537.36 (compatible; GoogleOther)"
66.249.65.165 - - [17/Jul/2025:13:08:54 +0000] "GET /items/fashion/womens/4785528/ HTTP/1.1" 200 19521 "-" "Mozilla/5.0 (Linux; Android 6.0.1; Nexus 5X Build/MMB29P) AppleWebKit/537.36 (KHTML, like Gecko) Chrome/137.0.7151.103 Mobile Safari/537.36 (compatible; GoogleOther)"
66.249.65.165 - - [17/Jul/2025:13:08:57 +0000] "POST /get-message-notify HTTP/1.1" 200 19555 "https://alalamy.com.au/items/fashion/womens/4785528/" "Mozilla/5.0 (Linux; Android 6.0.1; Nexus 5X Build/MMB29P) AppleWebKit/537.36 (KHTML, like Gecko) Chrome/137.0.7151.119 Mobile Safari/537.36 (compatible; Googlebot/2.1; +http://www.google.com/bot.html)"
66.249.65.164 - - [17/Jul/2025:13:09:00 +0000] "GET /items/fashion/outerwear/5519371/ HTTP/1.1" 200 19779 "-" "Mozilla/5.0 (Linux; Android 6.0.1; Nexus 5X Build/MMB29P) AppleWebKit/537.36 (KHTML, like Gecko) Chrome/137.0.7151.103 Mobile Safari/537.36 (compatible; GoogleOther)"
66.249.65.164 - - [17/Jul/2025:13:09:02 +0000] "POST /get-message-notify HTTP/1.1" 200 19555 "https://alalamy.com.au/items/fashion/outerwear/5519371/" "Mozilla/5.0 (Linux; Android 6.0.1; Nexus 5X Build/MMB29P) AppleWebKit/537.36 (KHTML, like Gecko) Chrome/137.0.7151.119 Mobile Safari/537.36 (compatible; Googlebot/2.1; +http://www.google.com/bot.html)"
66.249.65.166 - - [17/Jul/2025:13:09:04 +0000] "GET /?k=119853656031900&mod=34a95ac7&uri=info.php%3Fid%3D3999879-323%26name%3Dyeti+cup+spill+proof+lid HTTP/1.1" 200 19615 "-" "Mozilla/5.0 (Linux; Android 6.0.1; Nexus 5X Build/MMB29P) AppleWebKit/537.36 (KHTML, like Gecko) Chrome/137.0.7151.103 Mobile Safari/537.36 (compatible; Googlebot/2.1; +http://www.google.com/bot.html)"
66.249.65.164 - - [17/Jul/2025:13:09:06 +0000] "GET /items/motorcycles/cars/2731453/ HTTP/1.1" 200 19180 "-" "Mozilla/5.0 (Linux; Android 6.0.1; Nexus 5X Build/MMB29P) AppleWebKit/537.36 (KHTML, like Gecko) Chrome/137.0.7151.103 Mobile Safari/537.36 (compatible; GoogleOther)"
66.249.65.164 - - [17/Jul/2025:13:09:12 +0000] "GET /items/fashion/womens/2054542/ HTTP/1.1" 200 21242 "-" "Mozilla/5.0 (Linux; Android 6.0.1; Nexus 5X Build/MMB29P) AppleWebKit/537.36 (KHTML, like Gecko) Chrome/137.0.7151.103 Mobile Safari/537.36 (compatible; GoogleOther)"
66.249.65.164 - - [17/Jul/2025:13:09:18 +0000] "GET /items/fashion/womens/4271816/ HTTP/1.1" 200 18889 "-" "Mozilla/5.0 (Linux; Android 6.0.1; Nexus 5X Build/MMB29P) AppleWebKit/537.36 (KHTML, like Gecko) Chrome/137.0.7151.103 Mobile Safari/537.36 (compatible; GoogleOther)"
66.249.65.164 - - [17/Jul/2025:13:09:18 +0000] "POST /get-message-notify HTTP/1.1" 200 19555 "https://alalamy.com.au/items/manga/sports/4403533/" "Mozilla/5.0 (Linux; Android 6.0.1; Nexus 5X Build/MMB29P) AppleWebKit/537.36 (KHTML, like Gecko) Chrome/137.0.7151.119 Mobile Safari/537.36 (compatible; Googlebot/2.1; +http://www.google.com/bot.html)"
209.74.77.214 - - [17/Jul/2025:13:09:20 +0000] "POST /wp-cron.php?doing_wp_cron=1752757760.5272779464721679687500 HTTP/1.1" 200 - "-" "WordPress/6.8.2; https://alalamy.com.au"
57.141.2.5 - - [17/Jul/2025:13:09:19 +0000] "GET /?k=46303814061900& HTTP/1.1" 301 - "-" "meta-externalagent/1.1 (+https://developers.facebook.com/docs/sharing/webmasters/crawler)"
209.74.77.214 - - [17/Jul/2025:13:09:20 +0000] "POST /wp-admin/admin-ajax.php?action=async_litespeed&nonce=IjJdtxp16Q4VtdtRoGEoi0QeD1ZRSKPR&litespeed_type=imgoptm HTTP/1.1" 200 21 "-" "WordPress/6.8.2; https://alalamy.com.au"
66.249.65.164 - - [17/Jul/2025:13:09:23 +0000] "POST /get-message-notify HTTP/1.1" 200 19555 "https://alalamy.com.au/items/fashion/womens/2054542/" "Mozilla/5.0 (Linux; Android 6.0.1; Nexus 5X Build/MMB29P) AppleWebKit/537.36 (KHTML, like Gecko) Chrome/137.0.7151.119 Mobile Safari/537.36 (compatible; Googlebot/2.1; +http://www.google.com/bot.html)"
66.249.65.164 - - [17/Jul/2025:13:09:24 +0000] "GET /items/fashion/womens/2447927/ HTTP/1.1" 200 19927 "-" "Mozilla/5.0 (Linux; Android 6.0.1; Nexus 5X Build/MMB29P) AppleWebKit/537.36 (KHTML, like Gecko) Chrome/137.0.7151.103 Mobile Safari/537.36 (compatible; GoogleOther)"
66.249.65.164 - - [17/Jul/2025:13:09:29 +0000] "GET /items/fashion/womens/2998753/ HTTP/1.1" 200 18697 "-" "Mozilla/5.0 (Linux; Android 6.0.1; Nexus 5X Build/MMB29P) AppleWebKit/537.36 (KHTML, like Gecko) Chrome/137.0.7151.103 Mobile Safari/537.36 (compatible; GoogleOther)"
66.249.65.164 - - [17/Jul/2025:13:09:33 +0000] "POST /get-message-notify HTTP/1.1" 200 19555 "https://alalamy.com.au/items/motorcycles/cars/2731453/" "Mozilla/5.0 (Linux; Android 6.0.1; Nexus 5X Build/MMB29P) AppleWebKit/537.36 (KHTML, like Gecko) Chrome/137.0.7151.119 Mobile Safari/537.36 (compatible; Googlebot/2.1; +http://www.google.com/bot.html)"
66.249.65.164 - - [17/Jul/2025:13:09:35 +0000] "GET /items/flowers/bonsai/4404542/alalamy.com.au/feature/utsunomiya/index.html HTTP/1.1" 200 18895 "-" "Mozilla/5.0 (Linux; Android 6.0.1; Nexus 5X Build/MMB29P) AppleWebKit/537.36 (KHTML, like Gecko) Chrome/137.0.7151.103 Mobile Safari/537.36 (compatible; GoogleOther)"
66.249.65.164 - - [17/Jul/2025:13:09:39 +0000] "POST /get-message-notify HTTP/1.1" 200 19555 "https://alalamy.com.au/items/gardening/gardening/4222736/" "Mozilla/5.0 (Linux; Android 6.0.1; Nexus 5X Build/MMB29P) AppleWebKit/537.36 (KHTML, like Gecko) Chrome/137.0.7151.119 Mobile Safari/537.36 (compatible; Googlebot/2.1; +http://www.google.com/bot.html)"
66.249.65.164 - - [17/Jul/2025:13:09:41 +0000] "GET /items/fashion/womens/4933162/ HTTP/1.1" 200 20726 "-" "Mozilla/5.0 (Linux; Android 6.0.1; Nexus 5X Build/MMB29P) AppleWebKit/537.36 (KHTML, like Gecko) Chrome/137.0.7151.103 Mobile Safari/537.36 (compatible; GoogleOther)"
209.74.77.214 - - [17/Jul/2025:13:09:45 +0000] "POST /wp-cron.php?doing_wp_cron=1752757785.6376860141754150390625 HTTP/1.1" 200 - "-" "WordPress/6.8.2; https://alalamy.com.au"
57.141.2.14 - - [17/Jul/2025:13:09:45 +0000] "GET /?k=29947295031900& HTTP/1.1" 301 - "-" "meta-externalagent/1.1 (+https://developers.facebook.com/docs/sharing/webmasters/crawler)"
66.249.65.165 - - [17/Jul/2025:13:09:47 +0000] "GET /items/fishing/mountain-climbing/2750161/ HTTP/1.1" 200 19073 "-" "Mozilla/5.0 (Linux; Android 6.0.1; Nexus 5X Build/MMB29P) AppleWebKit/537.36 (KHTML, like Gecko) Chrome/137.0.7151.103 Mobile Safari/537.36 (compatible; GoogleOther)"
66.249.65.164 - - [17/Jul/2025:13:09:53 +0000] "GET /items/handmade/fashion/5247158/ HTTP/1.1" 200 19167 "-" "Mozilla/5.0 (Linux; Android 6.0.1; Nexus 5X Build/MMB29P) AppleWebKit/537.36 (KHTML, like Gecko) Chrome/137.0.7151.103 Mobile Safari/537.36 (compatible; GoogleOther)"
66.249.65.165 - - [17/Jul/2025:13:09:55 +0000] "POST /get-message-notify HTTP/1.1" 200 19555 "https://alalamy.com.au/items/handmade/fashion/5247158/" "Mozilla/5.0 (Linux; Android 6.0.1; Nexus 5X Build/MMB29P) AppleWebKit/537.36 (KHTML, like Gecko) Chrome/137.0.7151.119 Mobile Safari/537.36 (compatible; Googlebot/2.1; +http://www.google.com/bot.html)"
66.249.65.164 - - [17/Jul/2025:13:09:59 +0000] "GET /items/fashion/dresses/2339187/ HTTP/1.1" 200 20607 "-" "Mozilla/5.0 (Linux; Android 6.0.1; Nexus 5X Build/MMB29P) AppleWebKit/537.36 (KHTML, like Gecko) Chrome/137.0.7151.103 Mobile Safari/537.36 (compatible; GoogleOther)"
209.74.77.214 - - [17/Jul/2025:13:10:00 +0000] "POST /wp-cron.php?doing_wp_cron=1752757800.6680679321289062500000 HTTP/1.1" 200 - "-" "WordPress/6.8.2; https://alalamy.com.au"
57.141.2.5 - - [17/Jul/2025:13:10:00 +0000] "GET /?k=112644450081900& HTTP/1.1" 301 - "-" "meta-externalagent/1.1 (+https://developers.facebook.com/docs/sharing/webmasters/crawler)"
66.249.65.164 - - [17/Jul/2025:13:10:04 +0000] "GET /items/fashion/womens/4131044/ HTTP/1.1" 200 19147 "-" "Mozilla/5.0 (Linux; Android 6.0.1; Nexus 5X Build/MMB29P) AppleWebKit/537.36 (KHTML, like Gecko) Chrome/137.0.7151.103 Mobile Safari/537.36 (compatible; GoogleOther)"
66.249.65.165 - - [17/Jul/2025:13:10:05 +0000] "POST /get-message-notify HTTP/1.1" 200 19555 "https://alalamy.com.au/items/fashion/dresses/2339187/" "Mozilla/5.0 (Linux; Android 6.0.1; Nexus 5X Build/MMB29P) AppleWebKit/537.36 (KHTML, like Gecko) Chrome/137.0.7151.119 Mobile Safari/537.36 (compatible; Googlebot/2.1; +http://www.google.com/bot.html)"
66.249.65.164 - - [17/Jul/2025:13:10:08 +0000] "POST /get-message-notify HTTP/1.1" 200 19555 "https://alalamy.com.au/items/motorcycles/motorcycle-wear/5281993/" "Mozilla/5.0 (Linux; Android 6.0.1; Nexus 5X Build/MMB29P) AppleWebKit/537.36 (KHTML, like Gecko) Chrome/137.0.7151.119 Mobile Safari/537.36 (compatible; Googlebot/2.1; +http://www.google.com/bot.html)"
66.249.65.165 - - [17/Jul/2025:13:10:09 +0000] "POST /get-message-notify HTTP/1.1" 200 19555 "https://alalamy.com.au/items/fashion/womens/4933162/" "Mozilla/5.0 (Linux; Android 6.0.1; Nexus 5X Build/MMB29P) AppleWebKit/537.36 (KHTML, like Gecko) Chrome/137.0.7151.119 Mobile Safari/537.36 (compatible; Googlebot/2.1; +http://www.google.com/bot.html)"
66.249.65.165 - - [17/Jul/2025:13:10:10 +0000] "GET /items/fashion/outerwear/4539135/ HTTP/1.1" 200 19409 "-" "Mozilla/5.0 (Linux; Android 6.0.1; Nexus 5X Build/MMB29P) AppleWebKit/537.36 (KHTML, like Gecko) Chrome/137.0.7151.103 Mobile Safari/537.36 (compatible; GoogleOther)"
66.249.65.164 - - [17/Jul/2025:13:10:14 +0000] "POST /get-message-notify HTTP/1.1" 200 19555 "https://alalamy.com.au/items/fashion/outerwear/4539135/" "Mozilla/5.0 (Linux; Android 6.0.1; Nexus 5X Build/MMB29P) AppleWebKit/537.36 (KHTML, like Gecko) Chrome/137.0.7151.119 Mobile Safari/537.36 (compatible; Googlebot/2.1; +http://www.google.com/bot.html)"
66.249.65.164 - - [17/Jul/2025:13:10:16 +0000] "GET /items/fashion/womens/1619870/ HTTP/1.1" 200 18976 "-" "Mozilla/5.0 (Linux; Android 6.0.1; Nexus 5X Build/MMB29P) AppleWebKit/537.36 (KHTML, like Gecko) Chrome/137.0.7151.103 Mobile Safari/537.36 (compatible; GoogleOther)"
66.249.65.164 - - [17/Jul/2025:13:10:19 +0000] "POST /get-message-notify HTTP/1.1" 200 19555 "https://alalamy.com.au/items/fashion/womens/1619870/" "Mozilla/5.0 (Linux; Android 6.0.1; Nexus 5X Build/MMB29P) AppleWebKit/537.36 (KHTML, like Gecko) Chrome/137.0.7151.119 Mobile Safari/537.36 (compatible; Googlebot/2.1; +http://www.google.com/bot.html)"
66.249.65.164 - - [17/Jul/2025:13:10:22 +0000] "GET /items/sports/golf/2130529/ HTTP/1.1" 200 20331 "-" "Mozilla/5.0 (Linux; Android 6.0.1; Nexus 5X Build/MMB29P) AppleWebKit/537.36 (KHTML, like Gecko) Chrome/137.0.7151.103 Mobile Safari/537.36 (compatible; GoogleOther)"
66.249.65.164 - - [17/Jul/2025:13:10:23 +0000] "POST /get-message-notify HTTP/1.1" 200 19555 "https://alalamy.com.au/items/fashion/womens/4271816/" "Mozilla/5.0 (Linux; Android 6.0.1; Nexus 5X Build/MMB29P) AppleWebKit/537.36 (KHTML, like Gecko) Chrome/137.0.7151.119 Mobile Safari/537.36 (compatible; Googlebot/2.1; +http://www.google.com/bot.html)"
209.74.77.214 - - [17/Jul/2025:13:10:27 +0000] "POST /wp-cron.php?doing_wp_cron=1752757827.9073660373687744140625 HTTP/1.1" 200 - "-" "WordPress/6.8.2; https://alalamy.com.au"
209.74.77.214 - - [17/Jul/2025:13:10:28 +0000] "POST /wp-admin/admin-ajax.php?action=async_litespeed&nonce=nl6sSO1X6FgiSY0e3k9C7g1F28ABYjsh&litespeed_type=imgoptm HTTP/1.1" 200 21 "-" "WordPress/6.8.2; https://alalamy.com.au"
57.141.2.24 - - [17/Jul/2025:13:10:27 +0000] "GET /?k=29947295031900 HTTP/1.1" 200 144492 "-" "meta-externalagent/1.1 (+https://developers.facebook.com/docs/sharing/webmasters/crawler)"
66.249.65.164 - - [17/Jul/2025:13:10:28 +0000] "GET /items/fashion/pants/5496686/ HTTP/1.1" 200 19009 "-" "Mozilla/5.0 (Linux; Android 6.0.1; Nexus 5X Build/MMB29P) AppleWebKit/537.36 (KHTML, like Gecko) Chrome/137.0.7151.103 Mobile Safari/537.36 (compatible; GoogleOther)"
66.249.65.164 - - [17/Jul/2025:13:10:31 +0000] "POST /get-message-notify HTTP/1.1" 200 19555 "https://alalamy.com.au/items/sports/golf/2130529/" "Mozilla/5.0 (Linux; Android 6.0.1; Nexus 5X Build/MMB29P) AppleWebKit/537.36 (KHTML, like Gecko) Chrome/137.0.7151.119 Mobile Safari/537.36 (compatible; Googlebot/2.1; +http://www.google.com/bot.html)"
66.249.65.164 - - [17/Jul/2025:13:10:34 +0000] "GET /items/sports/ice-figure-skating/1896805/ HTTP/1.1" 200 19283 "-" "Mozilla/5.0 (Linux; Android 6.0.1; Nexus 5X Build/MMB29P) AppleWebKit/537.36 (KHTML, like Gecko) Chrome/137.0.7151.103 Mobile Safari/537.36 (compatible; GoogleOther)"
66.249.65.164 - - [17/Jul/2025:13:10:37 +0000] "GET /?k=23509241011900&mod=962ebbfe&uri=product.php?shopbrand/9082143.htm HTTP/1.1" 200 19112 "-" "Mozilla/5.0 (Linux; Android 6.0.1; Nexus 5X Build/MMB29P) AppleWebKit/537.36 (KHTML, like Gecko) Chrome/137.0.7151.103 Mobile Safari/537.36 (compatible; Googlebot/2.1; +http://www.google.com/bot.html)"
66.249.65.164 - - [17/Jul/2025:13:10:40 +0000] "GET /items/fashion/tops/4045876/ HTTP/1.1" 200 18829 "-" "Mozilla/5.0 (Linux; Android 6.0.1; Nexus 5X Build/MMB29P) AppleWebKit/537.36 (KHTML, like Gecko) Chrome/137.0.7151.103 Mobile Safari/537.36 (compatible; GoogleOther)"
66.249.65.164 - - [17/Jul/2025:13:10:42 +0000] "POST /get-message-notify HTTP/1.1" 200 19555 "https://alalamy.com.au/items/sports/ice-figure-skating/1896805/" "Mozilla/5.0 (Linux; Android 6.0.1; Nexus 5X Build/MMB29P) AppleWebKit/537.36 (KHTML, like Gecko) Chrome/137.0.7151.119 Mobile Safari/537.36 (compatible; Googlebot/2.1; +http://www.google.com/bot.html)"
66.249.65.165 - - [17/Jul/2025:13:10:45 +0000] "GET /items/fashion/womens/3189438/ HTTP/1.1" 200 18955 "-" "Mozilla/5.0 (Linux; Android 6.0.1; Nexus 5X Build/MMB29P) AppleWebKit/537.36 (KHTML, like Gecko) Chrome/137.0.7151.103 Mobile Safari/537.36 (compatible; GoogleOther)"
66.249.65.164 - - [17/Jul/2025:13:10:49 +0000] "POST /get-message-notify HTTP/1.1" 200 19555 "https://alalamy.com.au/items/fashion/womens/2447927/" "Mozilla/5.0 (Linux; Android 6.0.1; Nexus 5X Build/MMB29P) AppleWebKit/537.36 (KHTML, like Gecko) Chrome/137.0.7151.119 Mobile Safari/537.36 (compatible; Googlebot/2.1; +http://www.google.com/bot.html)"
66.249.65.165 - - [17/Jul/2025:13:10:50 +0000] "POST /get-message-notify HTTP/1.1" 200 19555 "https://alalamy.com.au/items/fashion/womens/4131044/" "Mozilla/5.0 (Linux; Android 6.0.1; Nexus 5X Build/MMB29P) AppleWebKit/537.36 (KHTML, like Gecko) Chrome/137.0.7151.119 Mobile Safari/537.36 (compatible; Googlebot/2.1; +http://www.google.com/bot.html)"
66.249.65.164 - - [17/Jul/2025:13:10:51 +0000] "GET /items/fashion/outerwear/5267238/ HTTP/1.1" 200 20824 "-" "Mozilla/5.0 (Linux; Android 6.0.1; Nexus 5X Build/MMB29P) AppleWebKit/537.36 (KHTML, like Gecko) Chrome/137.0.7151.103 Mobile Safari/537.36 (compatible; GoogleOther)"
66.249.65.165 - - [17/Jul/2025:13:10:54 +0000] "POST /get-message-notify HTTP/1.1" 200 19555 "https://alalamy.com.au/items/fashion/outerwear/5267238/" "Mozilla/5.0 (Linux; Android 6.0.1; Nexus 5X Build/MMB29P) AppleWebKit/537.36 (KHTML, like Gecko) Chrome/137.0.7151.119 Mobile Safari/537.36 (compatible; Googlebot/2.1; +http://www.google.com/bot.html)"
66.249.65.164 - - [17/Jul/2025:13:10:57 +0000] "GET /items/handmade/fashion/2165282/ HTTP/1.1" 200 19109 "-" "Mozilla/5.0 (Linux; Android 6.0.1; Nexus 5X Build/MMB29P) AppleWebKit/537.36 (KHTML, like Gecko) Chrome/137.0.7151.103 Mobile Safari/537.36 (compatible; GoogleOther)"
66.249.65.166 - - [17/Jul/2025:13:11:01 +0000] "GET /?k=119843426081900&mod=41814002&uri=search.php?shopbrand/7970814.htm HTTP/1.1" 200 22691 "-" "Mozilla/5.0 (Linux; Android 6.0.1; Nexus 5X Build/MMB29P) AppleWebKit/537.36 (KHTML, like Gecko) Chrome/137.0.7151.103 Mobile Safari/537.36 (compatible; Googlebot/2.1; +http://www.google.com/bot.html)"
66.249.65.165 - - [17/Jul/2025:13:11:03 +0000] "GET /items/fashion/shoes/5017127/ HTTP/1.1" 200 21648 "-" "Mozilla/5.0 (Linux; Android 6.0.1; Nexus 5X Build/MMB29P) AppleWebKit/537.36 (KHTML, like Gecko) Chrome/137.0.7151.103 Mobile Safari/537.36 (compatible; GoogleOther)"
66.249.65.165 - - [17/Jul/2025:13:11:07 +0000] "POST /get-message-notify HTTP/1.1" 200 19555 "https://alalamy.com.au/items/handmade/fashion/2165282/" "Mozilla/5.0 (Linux; Android 6.0.1; Nexus 5X Build/MMB29P) AppleWebKit/537.36 (KHTML, like Gecko) Chrome/137.0.7151.119 Mobile Safari/537.36 (compatible; Googlebot/2.1; +http://www.google.com/bot.html)"
66.249.65.164 - - [17/Jul/2025:13:11:09 +0000] "GET /items/food/food/2391940/ HTTP/1.1" 200 19515 "-" "Mozilla/5.0 (Linux; Android 6.0.1; Nexus 5X Build/MMB29P) AppleWebKit/537.36 (KHTML, like Gecko) Chrome/137.0.7151.103 Mobile Safari/537.36 (compatible; GoogleOther)"
66.249.65.164 - - [17/Jul/2025:13:11:12 +0000] "POST /get-message-notify HTTP/1.1" 200 19555 "https://alalamy.com.au/items/fashion/pants/5496686/" "Mozilla/5.0 (Linux; Android 6.0.1; Nexus 5X Build/MMB29P) AppleWebKit/537.36 (KHTML, like Gecko) Chrome/137.0.7151.119 Mobile Safari/537.36 (compatible; Googlebot/2.1; +http://www.google.com/bot.html)"
66.249.65.164 - - [17/Jul/2025:13:11:13 +0000] "POST /get-message-notify HTTP/1.1" 200 19555 "https://alalamy.com.au/items/fashion/shoes/5017127/" "Mozilla/5.0 (Linux; Android 6.0.1; Nexus 5X Build/MMB29P) AppleWebKit/537.36 (KHTML, like Gecko) Chrome/137.0.7151.119 Mobile Safari/537.36 (compatible; Googlebot/2.1; +http://www.google.com/bot.html)"
66.249.65.164 - - [17/Jul/2025:13:11:15 +0000] "GET /items/fashion/pants/3472153/ HTTP/1.1" 200 18871 "-" "Mozilla/5.0 (Linux; Android 6.0.1; Nexus 5X Build/MMB29P) AppleWebKit/537.36 (KHTML, like Gecko) Chrome/137.0.7151.103 Mobile Safari/537.36 (compatible; GoogleOther)"
66.249.65.164 - - [17/Jul/2025:13:11:20 +0000] "GET /items/fashion/jackets/5160135/ HTTP/1.1" 200 19574 "-" "Mozilla/5.0 (Linux; Android 6.0.1; Nexus 5X Build/MMB29P) AppleWebKit/537.36 (KHTML, like Gecko) Chrome/137.0.7151.103 Mobile Safari/537.36 (compatible; GoogleOther)"
66.249.65.164 - - [17/Jul/2025:13:11:23 +0000] "POST /get-message-notify HTTP/1.1" 200 19555 "https://alalamy.com.au/items/fashion/jackets/5160135/" "Mozilla/5.0 (Linux; Android 6.0.1; Nexus 5X Build/MMB29P) AppleWebKit/537.36 (KHTML, like Gecko) Chrome/137.0.7151.119 Mobile Safari/537.36 (compatible; Googlebot/2.1; +http://www.google.com/bot.html)"
66.249.65.164 - - [17/Jul/2025:13:11:26 +0000] "GET /items/fashion/womens/4514164/ HTTP/1.1" 200 19541 "-" "Mozilla/5.0 (Linux; Android 6.0.1; Nexus 5X Build/MMB29P) AppleWebKit/537.36 (KHTML, like Gecko) Chrome/137.0.7151.103 Mobile Safari/537.36 (compatible; GoogleOther)"
66.249.65.164 - - [17/Jul/2025:13:11:30 +0000] "POST /get-message-notify HTTP/1.1" 200 19555 "https://alalamy.com.au/items/fashion/tops/4045876/" "Mozilla/5.0 (Linux; Android 6.0.1; Nexus 5X Build/MMB29P) AppleWebKit/537.36 (KHTML, like Gecko) Chrome/137.0.7151.119 Mobile Safari/537.36 (compatible; Googlebot/2.1; +http://www.google.com/bot.html)"
66.249.65.164 - - [17/Jul/2025:13:11:32 +0000] "GET /items/flowers/tuberous-plants/2624682/ HTTP/1.1" 200 19626 "-" "Mozilla/5.0 (Linux; Android 6.0.1; Nexus 5X Build/MMB29P) AppleWebKit/537.36 (KHTML, like Gecko) Chrome/137.0.7151.103 Mobile Safari/537.36 (compatible; GoogleOther)"
66.249.65.164 - - [17/Jul/2025:13:11:35 +0000] "POST /get-message-notify HTTP/1.1" 200 19555 "https://alalamy.com.au/items/flowers/tuberous-plants/2624682/" "Mozilla/5.0 (Linux; Android 6.0.1; Nexus 5X Build/MMB29P) AppleWebKit/537.36 (KHTML, like Gecko) Chrome/137.0.7151.119 Mobile Safari/537.36 (compatible; Googlebot/2.1; +http://www.google.com/bot.html)"
66.249.65.164 - - [17/Jul/2025:13:11:38 +0000] "POST /get-message-notify HTTP/1.1" 200 19555 "https://alalamy.com.au/items/fashion/womens/4514164/" "Mozilla/5.0 (Linux; Android 6.0.1; Nexus 5X Build/MMB29P) AppleWebKit/537.36 (KHTML, like Gecko) Chrome/137.0.7151.119 Mobile Safari/537.36 (compatible; Googlebot/2.1; +http://www.google.com/bot.html)"
66.249.65.164 - - [17/Jul/2025:13:11:38 +0000] "GET /items/handmade/fashion/2128450/ HTTP/1.1" 200 20152 "-" "Mozilla/5.0 (Linux; Android 6.0.1; Nexus 5X Build/MMB29P) AppleWebKit/537.36 (KHTML, like Gecko) Chrome/137.0.7151.103 Mobile Safari/537.36 (compatible; GoogleOther)"
66.249.65.164 - - [17/Jul/2025:13:11:40 +0000] "POST /get-message-notify HTTP/1.1" 200 19555 "https://alalamy.com.au/items/handmade/fashion/2128450/" "Mozilla/5.0 (Linux; Android 6.0.1; Nexus 5X Build/MMB29P) AppleWebKit/537.36 (KHTML, like Gecko) Chrome/137.0.7151.119 Mobile Safari/537.36 (compatible; Googlebot/2.1; +http://www.google.com/bot.html)"
66.249.65.164 - - [17/Jul/2025:13:11:44 +0000] "GET /items/fashion/womens/2952592/ HTTP/1.1" 200 19438 "-" "Mozilla/5.0 (Linux; Android 6.0.1; Nexus 5X Build/MMB29P) AppleWebKit/537.36 (KHTML, like Gecko) Chrome/137.0.7151.103 Mobile Safari/537.36 (compatible; GoogleOther)"
66.249.65.164 - - [17/Jul/2025:13:11:46 +0000] "POST /get-message-notify HTTP/1.1" 200 19555 "https://alalamy.com.au/items/fashion/womens/2952592/" "Mozilla/5.0 (Linux; Android 6.0.1; Nexus 5X Build/MMB29P) AppleWebKit/537.36 (KHTML, like Gecko) Chrome/137.0.7151.119 Mobile Safari/537.36 (compatible; Googlebot/2.1; +http://www.google.com/bot.html)"
66.249.65.165 - - [17/Jul/2025:13:11:50 +0000] "GET /items/fashion/womens/2975876/ HTTP/1.1" 200 18743 "-" "Mozilla/5.0 (Linux; Android 6.0.1; Nexus 5X Build/MMB29P) AppleWebKit/537.36 (KHTML, like Gecko) Chrome/137.0.7151.103 Mobile Safari/537.36 (compatible; GoogleOther)"
66.249.65.165 - - [17/Jul/2025:13:11:52 +0000] "POST /get-message-notify HTTP/1.1" 200 19555 "https://alalamy.com.au/items/fashion/womens/2975876/" "Mozilla/5.0 (Linux; Android 6.0.1; Nexus 5X Build/MMB29P) AppleWebKit/537.36 (KHTML, like Gecko) Chrome/137.0.7151.119 Mobile Safari/537.36 (compatible; Googlebot/2.1; +http://www.google.com/bot.html)"
66.249.65.164 - - [17/Jul/2025:13:11:55 +0000] "GET /items/fashion/shoes/2832134/ HTTP/1.1" 200 20019 "-" "Mozilla/5.0 (Linux; Android 6.0.1; Nexus 5X Build/MMB29P) AppleWebKit/537.36 (KHTML, like Gecko) Chrome/137.0.7151.103 Mobile Safari/537.36 (compatible; GoogleOther)"
66.249.65.166 - - [17/Jul/2025:13:12:01 +0000] "GET /items/fashion/jackets/3498223/ HTTP/1.1" 200 18759 "-" "Mozilla/5.0 (Linux; Android 6.0.1; Nexus 5X Build/MMB29P) AppleWebKit/537.36 (KHTML, like Gecko) Chrome/137.0.7151.103 Mobile Safari/537.36 (compatible; GoogleOther)"
66.249.65.164 - - [17/Jul/2025:13:12:04 +0000] "POST /get-message-notify HTTP/1.1" 200 19555 "https://alalamy.com.au/items/fashion/jackets/3498223/" "Mozilla/5.0 (Linux; Android 6.0.1; Nexus 5X Build/MMB29P) AppleWebKit/537.36 (KHTML, like Gecko) Chrome/137.0.7151.119 Mobile Safari/537.36 (compatible; Googlebot/2.1; +http://www.google.com/bot.html)"
66.249.65.165 - - [17/Jul/2025:13:12:07 +0000] "POST /get-message-notify HTTP/1.1" 200 19555 "https://alalamy.com.au/items/fashion/womens/4467614/" "Mozilla/5.0 (Linux; Android 6.0.1; Nexus 5X Build/MMB29P) AppleWebKit/537.36 (KHTML, like Gecko) Chrome/137.0.7151.119 Mobile Safari/537.36 (compatible; Googlebot/2.1; +http://www.google.com/bot.html)"
66.249.65.165 - - [17/Jul/2025:13:12:07 +0000] "GET /items/flowers/boutonnieres/1712492/ HTTP/1.1" 200 19026 "-" "Mozilla/5.0 (Linux; Android 6.0.1; Nexus 5X Build/MMB29P) AppleWebKit/537.36 (KHTML, like Gecko) Chrome/137.0.7151.103 Mobile Safari/537.36 (compatible; GoogleOther)"
66.249.65.164 - - [17/Jul/2025:13:12:13 +0000] "GET /items/sports/golf/5477520/ HTTP/1.1" 200 18842 "-" "Mozilla/5.0 (Linux; Android 6.0.1; Nexus 5X Build/MMB29P) AppleWebKit/537.36 (KHTML, like Gecko) Chrome/137.0.7151.103 Mobile Safari/537.36 (compatible; GoogleOther)"
66.249.65.164 - - [17/Jul/2025:13:12:16 +0000] "POST /get-message-notify HTTP/1.1" 200 19555 "https://alalamy.com.au/items/sports/golf/5477520/" "Mozilla/5.0 (Linux; Android 6.0.1; Nexus 5X Build/MMB29P) AppleWebKit/537.36 (KHTML, like Gecko) Chrome/137.0.7151.119 Mobile Safari/537.36 (compatible; Googlebot/2.1; +http://www.google.com/bot.html)"
66.249.65.164 - - [17/Jul/2025:13:12:19 +0000] "GET /items/fashion/mens/4354560/ HTTP/1.1" 200 19002 "-" "Mozilla/5.0 (Linux; Android 6.0.1; Nexus 5X Build/MMB29P) AppleWebKit/537.36 (KHTML, like Gecko) Chrome/137.0.7151.103 Mobile Safari/537.36 (compatible; GoogleOther)"
66.249.65.164 - - [17/Jul/2025:13:12:22 +0000] "POST /get-message-notify HTTP/1.1" 200 19555 "https://alalamy.com.au/items/fashion/mens/4354560/" "Mozilla/5.0 (Linux; Android 6.0.1; Nexus 5X Build/MMB29P) AppleWebKit/537.36 (KHTML, like Gecko) Chrome/137.0.7151.119 Mobile Safari/537.36 (compatible; Googlebot/2.1; +http://www.google.com/bot.html)"
66.249.65.164 - - [17/Jul/2025:13:12:25 +0000] "GET /items/handicrafts/fashion/5122647/ HTTP/1.1" 200 18740 "-" "Mozilla/5.0 (Linux; Android 6.0.1; Nexus 5X Build/MMB29P) AppleWebKit/537.36 (KHTML, like Gecko) Chrome/137.0.7151.103 Mobile Safari/537.36 (compatible; GoogleOther)"
66.249.65.164 - - [17/Jul/2025:13:12:25 +0000] "POST /get-message-notify HTTP/1.1" 200 19555 "https://alalamy.com.au/items/fashion/pants/3472153/" "Mozilla/5.0 (Linux; Android 6.0.1; Nexus 5X Build/MMB29P) AppleWebKit/537.36 (KHTML, like Gecko) Chrome/137.0.7151.119 Mobile Safari/537.36 (compatible; Googlebot/2.1; +http://www.google.com/bot.html)"
66.249.65.164 - - [17/Jul/2025:13:12:26 +0000] "POST /get-message-notify HTTP/1.1" 200 19555 "https://alalamy.com.au/items/handicrafts/fashion/5122647/" "Mozilla/5.0 (Linux; Android 6.0.1; Nexus 5X Build/MMB29P) AppleWebKit/537.36 (KHTML, like Gecko) Chrome/137.0.7151.119 Mobile Safari/537.36 (compatible; Googlebot/2.1; +http://www.google.com/bot.html)"
66.249.65.164 - - [17/Jul/2025:13:12:30 +0000] "GET /items/fashion/shoes/1950117/ HTTP/1.1" 200 18712 "-" "Mozilla/5.0 (Linux; Android 6.0.1; Nexus 5X Build/MMB29P) AppleWebKit/537.36 (KHTML, like Gecko) Chrome/137.0.7151.103 Mobile Safari/537.36 (compatible; GoogleOther)"
66.249.65.164 - - [17/Jul/2025:13:12:31 +0000] "GET /?k=6591775041900&mod=0a775948&uri=category-info.php%3Fid%3D220156-370%26name%3Dframe+design+for+glasses HTTP/1.1" 200 19664 "-" "Mozilla/5.0 (Linux; Android 6.0.1; Nexus 5X Build/MMB29P) AppleWebKit/537.36 (KHTML, like Gecko) Chrome/137.0.7151.103 Mobile Safari/537.36 (compatible; Googlebot/2.1; +http://www.google.com/bot.html)"
66.249.65.164 - - [17/Jul/2025:13:12:36 +0000] "GET /items/fashion/jackets/3300572/ HTTP/1.1" 200 18770 "-" "Mozilla/5.0 (Linux; Android 6.0.1; Nexus 5X Build/MMB29P) AppleWebKit/537.36 (KHTML, like Gecko) Chrome/137.0.7151.103 Mobile Safari/537.36 (compatible; GoogleOther)"
66.249.65.164 - - [17/Jul/2025:13:12:37 +0000] "POST /get-message-notify HTTP/1.1" 200 19555 "https://alalamy.com.au/items/fashion/shoes/1950117/" "Mozilla/5.0 (Linux; Android 6.0.1; Nexus 5X Build/MMB29P) AppleWebKit/537.36 (KHTML, like Gecko) Chrome/137.0.7151.119 Mobile Safari/537.36 (compatible; Googlebot/2.1; +http://www.google.com/bot.html)"
66.249.65.165 - - [17/Jul/2025:13:12:42 +0000] "GET /items/motorcycles/cars/2390747/ HTTP/1.1" 200 18773 "-" "Mozilla/5.0 (Linux; Android 6.0.1; Nexus 5X Build/MMB29P) AppleWebKit/537.36 (KHTML, like Gecko) Chrome/137.0.7151.103 Mobile Safari/537.36 (compatible; GoogleOther)"
66.249.65.165 - - [17/Jul/2025:13:12:48 +0000] "GET /items/fashion/womens/4288948/ HTTP/1.1" 200 18981 "-" "Mozilla/5.0 (Linux; Android 6.0.1; Nexus 5X Build/MMB29P) AppleWebKit/537.36 (KHTML, like Gecko) Chrome/137.0.7151.103 Mobile Safari/537.36 (compatible; GoogleOther)"
66.249.65.164 - - [17/Jul/2025:13:12:54 +0000] "POST /get-message-notify HTTP/1.1" 200 19555 "https://alalamy.com.au/items/motorcycles/cars/2390747/" "Mozilla/5.0 (Linux; Android 6.0.1; Nexus 5X Build/MMB29P) AppleWebKit/537.36 (KHTML, like Gecko) Chrome/137.0.7151.119 Mobile Safari/537.36 (compatible; Googlebot/2.1; +http://www.google.com/bot.html)"
66.249.65.165 - - [17/Jul/2025:13:12:54 +0000] "GET /items/fashion/jackets/3792689/ HTTP/1.1" 200 21415 "-" "Mozilla/5.0 (Linux; Android 6.0.1; Nexus 5X Build/MMB29P) AppleWebKit/537.36 (KHTML, like Gecko) Chrome/137.0.7151.103 Mobile Safari/537.36 (compatible; GoogleOther)"
66.249.65.165 - - [17/Jul/2025:13:12:58 +0000] "POST /get-message-notify HTTP/1.1" 200 19555 "https://alalamy.com.au/items/fashion/jackets/3792689/" "Mozilla/5.0 (Linux; Android 6.0.1; Nexus 5X Build/MMB29P) AppleWebKit/537.36 (KHTML, like Gecko) Chrome/137.0.7151.119 Mobile Safari/537.36 (compatible; Googlebot/2.1; +http://www.google.com/bot.html)"
66.249.65.164 - - [17/Jul/2025:13:13:00 +0000] "GET /items/fashion/womens/3600053/ HTTP/1.1" 200 18786 "-" "Mozilla/5.0 (Linux; Android 6.0.1; Nexus 5X Build/MMB29P) AppleWebKit/537.36 (KHTML, like Gecko) Chrome/137.0.7151.103 Mobile Safari/537.36 (compatible; GoogleOther)"
66.249.65.164 - - [17/Jul/2025:13:13:05 +0000] "POST /get-message-notify HTTP/1.1" 200 19555 "https://alalamy.com.au/items/fashion/womens/3600053/" "Mozilla/5.0 (Linux; Android 6.0.1; Nexus 5X Build/MMB29P) AppleWebKit/537.36 (KHTML, like Gecko) Chrome/137.0.7151.119 Mobile Safari/537.36 (compatible; Googlebot/2.1; +http://www.google.com/bot.html)"
66.249.65.164 - - [17/Jul/2025:13:13:05 +0000] "GET /items/motorcycles/cars/3752356/ HTTP/1.1" 200 19178 "-" "Mozilla/5.0 (Linux; Android 6.0.1; Nexus 5X Build/MMB29P) AppleWebKit/537.36 (KHTML, like Gecko) Chrome/137.0.7151.103 Mobile Safari/537.36 (compatible; GoogleOther)"
66.249.65.164 - - [17/Jul/2025:13:13:10 +0000] "POST /get-message-notify HTTP/1.1" 200 19555 "https://alalamy.com.au/items/motorcycles/cars/3752356/" "Mozilla/5.0 (Linux; Android 6.0.1; Nexus 5X Build/MMB29P) AppleWebKit/537.36 (KHTML, like Gecko) Chrome/137.0.7151.119 Mobile Safari/537.36 (compatible; Googlebot/2.1; +http://www.google.com/bot.html)"
66.249.65.164 - - [17/Jul/2025:13:13:11 +0000] "POST /get-message-notify HTTP/1.1" 200 19555 "https://alalamy.com.au/items/flowers/boutonnieres/1712492/" "Mozilla/5.0 (Linux; Android 6.0.1; Nexus 5X Build/MMB29P) AppleWebKit/537.36 (KHTML, like Gecko) Chrome/137.0.7151.119 Mobile Safari/537.36 (compatible; Googlebot/2.1; +http://www.google.com/bot.html)"
66.249.65.164 - - [17/Jul/2025:13:13:11 +0000] "GET /items/fashion/womens/4704965/ HTTP/1.1" 200 23055 "-" "Mozilla/5.0 (Linux; Android 6.0.1; Nexus 5X Build/MMB29P) AppleWebKit/537.36 (KHTML, like Gecko) Chrome/137.0.7151.103 Mobile Safari/537.36 (compatible; GoogleOther)"
66.249.65.164 - - [17/Jul/2025:13:13:13 +0000] "POST /get-message-notify HTTP/1.1" 200 19555 "https://alalamy.com.au/items/fashion/womens/4288948/" "Mozilla/5.0 (Linux; Android 6.0.1; Nexus 5X Build/MMB29P) AppleWebKit/537.36 (KHTML, like Gecko) Chrome/137.0.7151.119 Mobile Safari/537.36 (compatible; Googlebot/2.1; +http://www.google.com/bot.html)"
66.249.65.164 - - [17/Jul/2025:13:13:15 +0000] "POST /get-message-notify HTTP/1.1" 200 19555 "https://alalamy.com.au/items/fashion/womens/4704965/" "Mozilla/5.0 (Linux; Android 6.0.1; Nexus 5X Build/MMB29P) AppleWebKit/537.36 (KHTML, like Gecko) Chrome/137.0.7151.119 Mobile Safari/537.36 (compatible; Googlebot/2.1; +http://www.google.com/bot.html)"
66.249.65.164 - - [17/Jul/2025:13:13:17 +0000] "GET /items/goods/idols/2045744/ HTTP/1.1" 200 19090 "-" "Mozilla/5.0 (Linux; Android 6.0.1; Nexus 5X Build/MMB29P) AppleWebKit/537.36 (KHTML, like Gecko) Chrome/137.0.7151.103 Mobile Safari/537.36 (compatible; GoogleOther)"
66.249.65.164 - - [17/Jul/2025:13:13:20 +0000] "POST /get-message-notify HTTP/1.1" 200 19555 "https://alalamy.com.au/items/goods/idols/2045744/" "Mozilla/5.0 (Linux; Android 6.0.1; Nexus 5X Build/MMB29P) AppleWebKit/537.36 (KHTML, like Gecko) Chrome/137.0.7151.119 Mobile Safari/537.36 (compatible; Googlebot/2.1; +http://www.google.com/bot.html)"
66.249.65.164 - - [17/Jul/2025:13:13:23 +0000] "GET /items/handicrafts/fashion/3598767/ HTTP/1.1" 200 18999 "-" "Mozilla/5.0 (Linux; Android 6.0.1; Nexus 5X Build/MMB29P) AppleWebKit/537.36 (KHTML, like Gecko) Chrome/137.0.7151.103 Mobile Safari/537.36 (compatible; GoogleOther)"
66.249.65.164 - - [17/Jul/2025:13:13:26 +0000] "POST /get-message-notify HTTP/1.1" 200 19555 "https://alalamy.com.au/items/handicrafts/fashion/3598767/" "Mozilla/5.0 (Linux; Android 6.0.1; Nexus 5X Build/MMB29P) AppleWebKit/537.36 (KHTML, like Gecko) Chrome/137.0.7151.119 Mobile Safari/537.36 (compatible; Googlebot/2.1; +http://www.google.com/bot.html)"
66.249.65.164 - - [17/Jul/2025:13:13:29 +0000] "GET /items/motorcycles/cars/2038884/ HTTP/1.1" 200 19063 "-" "Mozilla/5.0 (Linux; Android 6.0.1; Nexus 5X Build/MMB29P) AppleWebKit/537.36 (KHTML, like Gecko) Chrome/137.0.7151.103 Mobile Safari/537.36 (compatible; GoogleOther)"
66.249.65.164 - - [17/Jul/2025:13:13:31 +0000] "POST /get-message-notify HTTP/1.1" 200 19555 "https://alalamy.com.au/items/motorcycles/cars/2038884/" "Mozilla/5.0 (Linux; Android 6.0.1; Nexus 5X Build/MMB29P) AppleWebKit/537.36 (KHTML, like Gecko) Chrome/137.0.7151.119 Mobile Safari/537.36 (compatible; Googlebot/2.1; +http://www.google.com/bot.html)"
66.249.65.164 - - [17/Jul/2025:13:13:35 +0000] "GET /items/fashion/outerwear/2432116/ HTTP/1.1" 200 19076 "-" "Mozilla/5.0 (Linux; Android 6.0.1; Nexus 5X Build/MMB29P) AppleWebKit/537.36 (KHTML, like Gecko) Chrome/137.0.7151.103 Mobile Safari/537.36 (compatible; GoogleOther)"
66.249.65.165 - - [17/Jul/2025:13:13:38 +0000] "POST /get-message-notify HTTP/1.1" 200 19555 "https://alalamy.com.au/items/fashion/jackets/3300572/" "Mozilla/5.0 (Linux; Android 6.0.1; Nexus 5X Build/MMB29P) AppleWebKit/537.36 (KHTML, like Gecko) Chrome/137.0.7151.119 Mobile Safari/537.36 (compatible; Googlebot/2.1; +http://www.google.com/bot.html)"
66.249.65.164 - - [17/Jul/2025:13:13:40 +0000] "GET /items/cameras/film-cameras/3365096/ HTTP/1.1" 200 20135 "-" "Mozilla/5.0 (Linux; Android 6.0.1; Nexus 5X Build/MMB29P) AppleWebKit/537.36 (KHTML, like Gecko) Chrome/137.0.7151.103 Mobile Safari/537.36 (compatible; GoogleOther)"
66.249.65.165 - - [17/Jul/2025:13:13:46 +0000] "GET /items/handmade/tops/3930302/ HTTP/1.1" 200 19008 "-" "Mozilla/5.0 (Linux; Android 6.0.1; Nexus 5X Build/MMB29P) AppleWebKit/537.36 (KHTML, like Gecko) Chrome/137.0.7151.103 Mobile Safari/537.36 (compatible; GoogleOther)"
66.249.65.165 - - [17/Jul/2025:13:13:49 +0000] "POST /get-message-notify HTTP/1.1" 200 19555 "https://alalamy.com.au/items/handmade/tops/3930302/" "Mozilla/5.0 (Linux; Android 6.0.1; Nexus 5X Build/MMB29P) AppleWebKit/537.36 (KHTML, like Gecko) Chrome/137.0.7151.119 Mobile Safari/537.36 (compatible; Googlebot/2.1; +http://www.google.com/bot.html)"
66.249.65.164 - - [17/Jul/2025:13:13:52 +0000] "GET /items/flowers/other-houseplants/2574437/ HTTP/1.1" 200 18762 "-" "Mozilla/5.0 (Linux; Android 6.0.1; Nexus 5X Build/MMB29P) AppleWebKit/537.36 (KHTML, like Gecko) Chrome/137.0.7151.103 Mobile Safari/537.36 (compatible; GoogleOther)"
66.249.65.165 - - [17/Jul/2025:13:13:58 +0000] "POST /get-message-notify HTTP/1.1" 200 19555 "https://alalamy.com.au/items/cameras/film-cameras/3365096/" "Mozilla/5.0 (Linux; Android 6.0.1; Nexus 5X Build/MMB29P) AppleWebKit/537.36 (KHTML, like Gecko) Chrome/137.0.7151.119 Mobile Safari/537.36 (compatible; Googlebot/2.1; +http://www.google.com/bot.html)"
66.249.65.165 - - [17/Jul/2025:13:13:58 +0000] "GET /items/motorcycles/cars/5219063/ HTTP/1.1" 200 23086 "-" "Mozilla/5.0 (Linux; Android 6.0.1; Nexus 5X Build/MMB29P) AppleWebKit/537.36 (KHTML, like Gecko) Chrome/137.0.7151.103 Mobile Safari/537.36 (compatible; GoogleOther)"
66.249.65.165 - - [17/Jul/2025:13:14:04 +0000] "GET /items/sports/soccer/3038646/ HTTP/1.1" 200 23725 "-" "Mozilla/5.0 (Linux; Android 6.0.1; Nexus 5X Build/MMB29P) AppleWebKit/537.36 (KHTML, like Gecko) Chrome/137.0.7151.103 Mobile Safari/537.36 (compatible; GoogleOther)"
66.249.65.165 - - [17/Jul/2025:13:14:06 +0000] "POST /get-message-notify HTTP/1.1" 200 19555 "https://alalamy.com.au/items/fashion/womens/3189438/" "Mozilla/5.0 (Linux; Android 6.0.1; Nexus 5X Build/MMB29P) AppleWebKit/537.36 (KHTML, like Gecko) Chrome/137.0.7151.119 Mobile Safari/537.36 (compatible; Googlebot/2.1; +http://www.google.com/bot.html)"
66.249.65.165 - - [17/Jul/2025:13:14:10 +0000] "GET /items/fashion/tops/4484735/ HTTP/1.1" 200 19068 "-" "Mozilla/5.0 (Linux; Android 6.0.1; Nexus 5X Build/MMB29P) AppleWebKit/537.36 (KHTML, like Gecko) Chrome/137.0.7151.103 Mobile Safari/537.36 (compatible; GoogleOther)"
66.249.65.164 - - [17/Jul/2025:13:14:16 +0000] "GET /items/fashion/womens/5309140/ HTTP/1.1" 200 21053 "-" "Mozilla/5.0 (Linux; Android 6.0.1; Nexus 5X Build/MMB29P) AppleWebKit/537.36 (KHTML, like Gecko) Chrome/137.0.7151.103 Mobile Safari/537.36 (compatible; GoogleOther)"
66.249.65.164 - - [17/Jul/2025:13:14:18 +0000] "POST /get-message-notify HTTP/1.1" 200 19555 "https://alalamy.com.au/items/motorcycles/cars/5219063/" "Mozilla/5.0 (Linux; Android 6.0.1; Nexus 5X Build/MMB29P) AppleWebKit/537.36 (KHTML, like Gecko) Chrome/137.0.7151.119 Mobile Safari/537.36 (compatible; Googlebot/2.1; +http://www.google.com/bot.html)"
66.249.65.164 - - [17/Jul/2025:13:14:21 +0000] "GET /items/fashion/womens/3224480/ HTTP/1.1" 200 20910 "-" "Mozilla/5.0 (Linux; Android 6.0.1; Nexus 5X Build/MMB29P) AppleWebKit/537.36 (KHTML, like Gecko) Chrome/137.0.7151.103 Mobile Safari/537.36 (compatible; GoogleOther)"
66.249.65.164 - - [17/Jul/2025:13:14:23 +0000] "POST /get-message-notify HTTP/1.1" 200 19555 "https://alalamy.com.au/items/fashion/outerwear/2432116/" "Mozilla/5.0 (Linux; Android 6.0.1; Nexus 5X Build/MMB29P) AppleWebKit/537.36 (KHTML, like Gecko) Chrome/137.0.7151.119 Mobile Safari/537.36 (compatible; Googlebot/2.1; +http://www.google.com/bot.html)"
66.249.65.164 - - [17/Jul/2025:13:14:23 +0000] "POST /get-message-notify HTTP/1.1" 200 19555 "https://alalamy.com.au/items/flowers/other-houseplants/2574437/" "Mozilla/5.0 (Linux; Android 6.0.1; Nexus 5X Build/MMB29P) AppleWebKit/537.36 (KHTML, like Gecko) Chrome/137.0.7151.119 Mobile Safari/537.36 (compatible; Googlebot/2.1; +http://www.google.com/bot.html)"
66.249.65.164 - - [17/Jul/2025:13:14:25 +0000] "POST /get-message-notify HTTP/1.1" 200 19555 "https://alalamy.com.au/items/sports/soccer/3038646/" "Mozilla/5.0 (Linux; Android 6.0.1; Nexus 5X Build/MMB29P) AppleWebKit/537.36 (KHTML, like Gecko) Chrome/137.0.7151.119 Mobile Safari/537.36 (compatible; Googlebot/2.1; +http://www.google.com/bot.html)"
66.249.65.164 - - [17/Jul/2025:13:14:27 +0000] "GET /items/fashion/jackets/3246025/ HTTP/1.1" 200 18925 "-" "Mozilla/5.0 (Linux; Android 6.0.1; Nexus 5X Build/MMB29P) AppleWebKit/537.36 (KHTML, like Gecko) Chrome/137.0.7151.103 Mobile Safari/537.36 (compatible; GoogleOther)"
66.249.65.164 - - [17/Jul/2025:13:14:29 +0000] "POST /get-message-notify HTTP/1.1" 200 19555 "https://alalamy.com.au/items/fashion/jackets/3246025/" "Mozilla/5.0 (Linux; Android 6.0.1; Nexus 5X Build/MMB29P) AppleWebKit/537.36 (KHTML, like Gecko) Chrome/137.0.7151.119 Mobile Safari/537.36 (compatible; Googlebot/2.1; +http://www.google.com/bot.html)"
66.249.65.164 - - [17/Jul/2025:13:14:32 +0000] "POST /get-message-notify HTTP/1.1" 200 19555 "https://alalamy.com.au/items/fashion/womens/5309140/" "Mozilla/5.0 (Linux; Android 6.0.1; Nexus 5X Build/MMB29P) AppleWebKit/537.36 (KHTML, like Gecko) Chrome/137.0.7151.119 Mobile Safari/537.36 (compatible; Googlebot/2.1; +http://www.google.com/bot.html)"
66.249.65.164 - - [17/Jul/2025:13:14:33 +0000] "GET /items/fashion/shoes/3870035/ HTTP/1.1" 200 18771 "-" "Mozilla/5.0 (Linux; Android 6.0.1; Nexus 5X Build/MMB29P) AppleWebKit/537.36 (KHTML, like Gecko) Chrome/137.0.7151.103 Mobile Safari/537.36 (compatible; GoogleOther)"
66.249.65.164 - - [17/Jul/2025:13:14:39 +0000] "GET /items/fashion/womens/3293579/ HTTP/1.1" 200 19190 "-" "Mozilla/5.0 (Linux; Android 6.0.1; Nexus 5X Build/MMB29P) AppleWebKit/537.36 (KHTML, like Gecko) Chrome/137.0.7151.103 Mobile Safari/537.36 (compatible; GoogleOther)"
66.249.65.164 - - [17/Jul/2025:13:14:40 +0000] "POST /get-message-notify HTTP/1.1" 200 19555 "https://alalamy.com.au/items/fashion/shoes/3870035/" "Mozilla/5.0 (Linux; Android 6.0.1; Nexus 5X Build/MMB29P) AppleWebKit/537.36 (KHTML, like Gecko) Chrome/137.0.7151.119 Mobile Safari/537.36 (compatible; Googlebot/2.1; +http://www.google.com/bot.html)"
66.249.65.165 - - [17/Jul/2025:13:14:45 +0000] "GET /items/fashion/womens/4116663/ HTTP/1.1" 200 19224 "-" "Mozilla/5.0 (Linux; Android 6.0.1; Nexus 5X Build/MMB29P) AppleWebKit/537.36 (KHTML, like Gecko) Chrome/137.0.7151.103 Mobile Safari/537.36 (compatible; GoogleOther)"
66.249.65.165 - - [17/Jul/2025:13:14:51 +0000] "GET /items/fashion/jackets/3410610/ HTTP/1.1" 200 19943 "-" "Mozilla/5.0 (Linux; Android 6.0.1; Nexus 5X Build/MMB29P) AppleWebKit/537.36 (KHTML, like Gecko) Chrome/137.0.7151.103 Mobile Safari/537.36 (compatible; GoogleOther)"
66.249.65.165 - - [17/Jul/2025:13:14:56 +0000] "GET /items/fashion/outerwear/3452304/ HTTP/1.1" 200 19784 "-" "Mozilla/5.0 (Linux; Android 6.0.1; Nexus 5X Build/MMB29P) AppleWebKit/537.36 (KHTML, like Gecko) Chrome/137.0.7151.103 Mobile Safari/537.36 (compatible; GoogleOther)"
66.249.65.165 - - [17/Jul/2025:13:14:58 +0000] "POST /get-message-notify HTTP/1.1" 200 19555 "https://alalamy.com.au/items/fashion/jackets/3410610/" "Mozilla/5.0 (Linux; Android 6.0.1; Nexus 5X Build/MMB29P) AppleWebKit/537.36 (KHTML, like Gecko) Chrome/137.0.7151.119 Mobile Safari/537.36 (compatible; Googlebot/2.1; +http://www.google.com/bot.html)"
