Current File : /home/kelaby89/access-logs/alalamy.com.au.sixpack.studio-ssl_log
66.249.65.164 - - [17/Jul/2025:12:12:16 +0000] "GET /items/diet/diet-drinks/2581972/ HTTP/1.1" 200 21629 "-" "Mozilla/5.0 (Linux; Android 6.0.1; Nexus 5X Build/MMB29P) AppleWebKit/537.36 (KHTML, like Gecko) Chrome/137.0.7151.103 Mobile Safari/537.36 (compatible; GoogleOther)"
66.249.65.164 - - [17/Jul/2025:12:12:22 +0000] "GET /items/fashion/womens/5120824/ HTTP/1.1" 200 21654 "-" "Mozilla/5.0 (Linux; Android 6.0.1; Nexus 5X Build/MMB29P) AppleWebKit/537.36 (KHTML, like Gecko) Chrome/137.0.7151.103 Mobile Safari/537.36 (compatible; GoogleOther)"
66.249.65.164 - - [17/Jul/2025:12:12:28 +0000] "GET /items/interior/ornaments/4013645/ HTTP/1.1" 200 21566 "-" "Mozilla/5.0 (Linux; Android 6.0.1; Nexus 5X Build/MMB29P) AppleWebKit/537.36 (KHTML, like Gecko) Chrome/137.0.7151.103 Mobile Safari/537.36 (compatible; GoogleOther)"
66.249.65.164 - - [17/Jul/2025:12:12:33 +0000] "GET /items/fashion/womens/2785256/ HTTP/1.1" 200 18752 "-" "Mozilla/5.0 (Linux; Android 6.0.1; Nexus 5X Build/MMB29P) AppleWebKit/537.36 (KHTML, like Gecko) Chrome/137.0.7151.103 Mobile Safari/537.36 (compatible; GoogleOther)"
66.249.65.164 - - [17/Jul/2025:12:12:39 +0000] "GET /items/handmade/fashion/2212527/ HTTP/1.1" 200 19957 "-" "Mozilla/5.0 (Linux; Android 6.0.1; Nexus 5X Build/MMB29P) AppleWebKit/537.36 (KHTML, like Gecko) Chrome/137.0.7151.103 Mobile Safari/537.36 (compatible; GoogleOther)"
66.249.65.164 - - [17/Jul/2025:12:12:45 +0000] "GET /items/motorcycles/motorcycles/1687187/ HTTP/1.1" 200 18995 "-" "Mozilla/5.0 (Linux; Android 6.0.1; Nexus 5X Build/MMB29P) AppleWebKit/537.36 (KHTML, like Gecko) Chrome/137.0.7151.103 Mobile Safari/537.36 (compatible; GoogleOther)"
66.249.65.164 - - [17/Jul/2025:12:12:51 +0000] "GET /items/fashion/womens/2246535/ HTTP/1.1" 200 21849 "-" "Mozilla/5.0 (Linux; Android 6.0.1; Nexus 5X Build/MMB29P) AppleWebKit/537.36 (KHTML, like Gecko) Chrome/137.0.7151.103 Mobile Safari/537.36 (compatible; GoogleOther)"
66.249.65.164 - - [17/Jul/2025:12:12:53 +0000] "POST /get-message-notify HTTP/1.1" 200 19555 "https://alalamy.com.au/items/motorcycles/motorcycles/1687187/" "Mozilla/5.0 (Linux; Android 6.0.1; Nexus 5X Build/MMB29P) AppleWebKit/537.36 (KHTML, like Gecko) Chrome/137.0.7151.119 Mobile Safari/537.36 (compatible; Googlebot/2.1; +http://www.google.com/bot.html)"
66.249.65.164 - - [17/Jul/2025:12:12:56 +0000] "POST /get-message-notify HTTP/1.1" 200 19555 "https://alalamy.com.au/items/cars/motorcycles/1664365/" "Mozilla/5.0 (Linux; Android 6.0.1; Nexus 5X Build/MMB29P) AppleWebKit/537.36 (KHTML, like Gecko) Chrome/137.0.7151.119 Mobile Safari/537.36 (compatible; Googlebot/2.1; +http://www.google.com/bot.html)"
66.249.65.164 - - [17/Jul/2025:12:12:57 +0000] "GET /items/fashion/shoes/4935151/ HTTP/1.1" 200 19875 "-" "Mozilla/5.0 (Linux; Android 6.0.1; Nexus 5X Build/MMB29P) AppleWebKit/537.36 (KHTML, like Gecko) Chrome/137.0.7151.103 Mobile Safari/537.36 (compatible; GoogleOther)"
66.249.65.164 - - [17/Jul/2025:12:13:00 +0000] "POST /get-message-notify HTTP/1.1" 200 19555 "https://alalamy.com.au/items/fashion/shoes/4935151/" "Mozilla/5.0 (Linux; Android 6.0.1; Nexus 5X Build/MMB29P) AppleWebKit/537.36 (KHTML, like Gecko) Chrome/137.0.7151.119 Mobile Safari/537.36 (compatible; Googlebot/2.1; +http://www.google.com/bot.html)"
66.249.65.164 - - [17/Jul/2025:12:13:03 +0000] "GET /items/motorcycles/cars/3694415/ HTTP/1.1" 200 19397 "-" "Mozilla/5.0 (Linux; Android 6.0.1; Nexus 5X Build/MMB29P) AppleWebKit/537.36 (KHTML, like Gecko) Chrome/137.0.7151.103 Mobile Safari/537.36 (compatible; GoogleOther)"
66.249.65.164 - - [17/Jul/2025:12:13:09 +0000] "GET /items/gardening/agave/2592391/ HTTP/1.1" 200 19984 "-" "Mozilla/5.0 (Linux; Android 6.0.1; Nexus 5X Build/MMB29P) AppleWebKit/537.36 (KHTML, like Gecko) Chrome/137.0.7151.103 Mobile Safari/537.36 (compatible; GoogleOther)"
66.249.65.164 - - [17/Jul/2025:12:13:14 +0000] "GET /items/fashion/outerwear/4169179/ HTTP/1.1" 200 18896 "-" "Mozilla/5.0 (Linux; Android 6.0.1; Nexus 5X Build/MMB29P) AppleWebKit/537.36 (KHTML, like Gecko) Chrome/137.0.7151.103 Mobile Safari/537.36 (compatible; GoogleOther)"
66.249.65.164 - - [17/Jul/2025:12:13:18 +0000] "POST /get-message-notify HTTP/1.1" 200 19555 "https://alalamy.com.au/items/fashion/outerwear/4169179/" "Mozilla/5.0 (Linux; Android 6.0.1; Nexus 5X Build/MMB29P) AppleWebKit/537.36 (KHTML, like Gecko) Chrome/137.0.7151.119 Mobile Safari/537.36 (compatible; Googlebot/2.1; +http://www.google.com/bot.html)"
66.249.65.164 - - [17/Jul/2025:12:13:20 +0000] "GET /items/sports/rugby/4195586/ HTTP/1.1" 200 19110 "-" "Mozilla/5.0 (Linux; Android 6.0.1; Nexus 5X Build/MMB29P) AppleWebKit/537.36 (KHTML, like Gecko) Chrome/137.0.7151.103 Mobile Safari/537.36 (compatible; GoogleOther)"
66.249.65.164 - - [17/Jul/2025:12:13:26 +0000] "GET /items/diy/washrooms/1996305/ HTTP/1.1" 200 19960 "-" "Mozilla/5.0 (Linux; Android 6.0.1; Nexus 5X Build/MMB29P) AppleWebKit/537.36 (KHTML, like Gecko) Chrome/137.0.7151.103 Mobile Safari/537.36 (compatible; GoogleOther)"
66.249.65.164 - - [17/Jul/2025:12:13:32 +0000] "GET /items/flowers/bonsai/4404542/alalamy.com.au/hobby/nuigurumi/nuigurumi.html HTTP/1.1" 200 18902 "-" "Mozilla/5.0 (Linux; Android 6.0.1; Nexus 5X Build/MMB29P) AppleWebKit/537.36 (KHTML, like Gecko) Chrome/137.0.7151.103 Mobile Safari/537.36 (compatible; GoogleOther)"
66.249.65.164 - - [17/Jul/2025:12:13:38 +0000] "GET /items/cars/cars/5442162/ HTTP/1.1" 200 18809 "-" "Mozilla/5.0 (Linux; Android 6.0.1; Nexus 5X Build/MMB29P) AppleWebKit/537.36 (KHTML, like Gecko) Chrome/137.0.7151.103 Mobile Safari/537.36 (compatible; GoogleOther)"
66.249.65.164 - - [17/Jul/2025:12:13:44 +0000] "GET /items/decor/interior/4101360/ HTTP/1.1" 200 19046 "-" "Mozilla/5.0 (Linux; Android 6.0.1; Nexus 5X Build/MMB29P) AppleWebKit/537.36 (KHTML, like Gecko) Chrome/137.0.7151.103 Mobile Safari/537.36 (compatible; GoogleOther)"
66.249.65.164 - - [17/Jul/2025:12:13:45 +0000] "POST /get-message-notify HTTP/1.1" 200 19555 "https://alalamy.com.au/items/diy/washrooms/1996305/" "Mozilla/5.0 (Linux; Android 6.0.1; Nexus 5X Build/MMB29P) AppleWebKit/537.36 (KHTML, like Gecko) Chrome/137.0.7151.119 Mobile Safari/537.36 (compatible; Googlebot/2.1; +http://www.google.com/bot.html)"
66.249.65.164 - - [17/Jul/2025:12:13:49 +0000] "GET /items/decor/outdoor-storage/5207398/ HTTP/1.1" 200 20446 "-" "Mozilla/5.0 (Linux; Android 6.0.1; Nexus 5X Build/MMB29P) AppleWebKit/537.36 (KHTML, like Gecko) Chrome/137.0.7151.103 Mobile Safari/537.36 (compatible; GoogleOther)"
66.249.65.164 - - [17/Jul/2025:12:13:55 +0000] "GET /items/interior/vases/5480048/ HTTP/1.1" 200 18959 "-" "Mozilla/5.0 (Linux; Android 6.0.1; Nexus 5X Build/MMB29P) AppleWebKit/537.36 (KHTML, like Gecko) Chrome/137.0.7151.103 Mobile Safari/537.36 (compatible; GoogleOther)"
66.249.65.165 - - [17/Jul/2025:12:14:01 +0000] "GET /items/cars/motorcycles/3057073/ HTTP/1.1" 200 20035 "-" "Mozilla/5.0 (Linux; Android 6.0.1; Nexus 5X Build/MMB29P) AppleWebKit/537.36 (KHTML, like Gecko) Chrome/137.0.7151.103 Mobile Safari/537.36 (compatible; GoogleOther)"
66.249.65.164 - - [17/Jul/2025:12:14:07 +0000] "GET /items/sports/winter-sports/1675952/ HTTP/1.1" 200 18697 "-" "Mozilla/5.0 (Linux; Android 6.0.1; Nexus 5X Build/MMB29P) AppleWebKit/537.36 (KHTML, like Gecko) Chrome/137.0.7151.103 Mobile Safari/537.36 (compatible; GoogleOther)"
66.249.65.164 - - [17/Jul/2025:12:14:13 +0000] "GET /items/cars/cars/2534332/ HTTP/1.1" 200 19419 "-" "Mozilla/5.0 (Linux; Android 6.0.1; Nexus 5X Build/MMB29P) AppleWebKit/537.36 (KHTML, like Gecko) Chrome/137.0.7151.103 Mobile Safari/537.36 (compatible; GoogleOther)"
66.249.65.164 - - [17/Jul/2025:12:14:18 +0000] "POST /get-message-notify HTTP/1.1" 200 19555 "https://alalamy.com.au/items/decor/interior/4101360/" "Mozilla/5.0 (Linux; Android 6.0.1; Nexus 5X Build/MMB29P) AppleWebKit/537.36 (KHTML, like Gecko) Chrome/137.0.7151.119 Mobile Safari/537.36 (compatible; Googlebot/2.1; +http://www.google.com/bot.html)"
66.249.65.164 - - [17/Jul/2025:12:14:19 +0000] "GET /items/outdoor/outdoor-wear/1628763/ HTTP/1.1" 200 18768 "-" "Mozilla/5.0 (Linux; Android 6.0.1; Nexus 5X Build/MMB29P) AppleWebKit/537.36 (KHTML, like Gecko) Chrome/137.0.7151.103 Mobile Safari/537.36 (compatible; GoogleOther)"
66.249.65.164 - - [17/Jul/2025:12:14:21 +0000] "POST /get-message-notify HTTP/1.1" 200 19555 "https://alalamy.com.au/items/outdoor/outdoor-wear/1628763/" "Mozilla/5.0 (Linux; Android 6.0.1; Nexus 5X Build/MMB29P) AppleWebKit/537.36 (KHTML, like Gecko) Chrome/137.0.7151.119 Mobile Safari/537.36 (compatible; Googlebot/2.1; +http://www.google.com/bot.html)"
66.249.65.164 - - [17/Jul/2025:12:14:23 +0000] "POST /get-message-notify HTTP/1.1" 200 19555 "https://alalamy.com.au/items/cars/cars/4038576/" "Mozilla/5.0 (Linux; Android 6.0.1; Nexus 5X Build/MMB29P) AppleWebKit/537.36 (KHTML, like Gecko) Chrome/137.0.7151.119 Mobile Safari/537.36 (compatible; Googlebot/2.1; +http://www.google.com/bot.html)"
66.249.65.164 - - [17/Jul/2025:12:14:28 +0000] "POST /get-message-notify HTTP/1.1" 200 19555 "https://alalamy.com.au/items/sports/winter-sports/1675952/" "Mozilla/5.0 (Linux; Android 6.0.1; Nexus 5X Build/MMB29P) AppleWebKit/537.36 (KHTML, like Gecko) Chrome/137.0.7151.119 Mobile Safari/537.36 (compatible; Googlebot/2.1; +http://www.google.com/bot.html)"
66.249.65.165 - - [17/Jul/2025:12:15:21 +0000] "GET /?k=5864230041900&mod=0aa00939&uri=brands.php?shopbrand/250639.htm HTTP/1.1" 200 20918 "-" "Mozilla/5.0 (Linux; Android 6.0.1; Nexus 5X Build/MMB29P) AppleWebKit/537.36 (KHTML, like Gecko) Chrome/137.0.7151.103 Mobile Safari/537.36 (compatible; Googlebot/2.1; +http://www.google.com/bot.html)"
66.249.65.164 - - [17/Jul/2025:12:16:15 +0000] "GET /items/cars/motorcycles/5001717/ HTTP/1.1" 200 19688 "-" "Mozilla/5.0 (Linux; Android 6.0.1; Nexus 5X Build/MMB29P) AppleWebKit/537.36 (KHTML, like Gecko) Chrome/137.0.7151.103 Mobile Safari/537.36 (compatible; GoogleOther)"
66.249.65.164 - - [17/Jul/2025:12:16:21 +0000] "GET /items/cars/cars/5085732/ HTTP/1.1" 200 20234 "-" "Mozilla/5.0 (Linux; Android 6.0.1; Nexus 5X Build/MMB29P) AppleWebKit/537.36 (KHTML, like Gecko) Chrome/137.0.7151.103 Mobile Safari/537.36 (compatible; GoogleOther)"
66.249.65.164 - - [17/Jul/2025:12:16:27 +0000] "GET /items/fashion/womens/3391715/ HTTP/1.1" 200 18784 "-" "Mozilla/5.0 (Linux; Android 6.0.1; Nexus 5X Build/MMB29P) AppleWebKit/537.36 (KHTML, like Gecko) Chrome/137.0.7151.103 Mobile Safari/537.36 (compatible; GoogleOther)"
66.249.65.164 - - [17/Jul/2025:12:16:33 +0000] "GET /items/fashion/jackets/2196478/ HTTP/1.1" 200 19503 "-" "Mozilla/5.0 (Linux; Android 6.0.1; Nexus 5X Build/MMB29P) AppleWebKit/537.36 (KHTML, like Gecko) Chrome/137.0.7151.103 Mobile Safari/537.36 (compatible; GoogleOther)"
66.249.65.164 - - [17/Jul/2025:12:16:39 +0000] "POST /get-message-notify HTTP/1.1" 200 19555 "https://alalamy.com.au/items/fashion/jackets/2196478/" "Mozilla/5.0 (Linux; Android 6.0.1; Nexus 5X Build/MMB29P) AppleWebKit/537.36 (KHTML, like Gecko) Chrome/137.0.7151.119 Mobile Safari/537.36 (compatible; Googlebot/2.1; +http://www.google.com/bot.html)"
66.249.65.164 - - [17/Jul/2025:12:16:39 +0000] "GET /items/fashion/mens/4600524/ HTTP/1.1" 200 18995 "-" "Mozilla/5.0 (Linux; Android 6.0.1; Nexus 5X Build/MMB29P) AppleWebKit/537.36 (KHTML, like Gecko) Chrome/137.0.7151.103 Mobile Safari/537.36 (compatible; GoogleOther)"
66.249.65.164 - - [17/Jul/2025:12:16:44 +0000] "POST /get-message-notify HTTP/1.1" 200 19555 "https://alalamy.com.au/items/fashion/womens/3391715/" "Mozilla/5.0 (Linux; Android 6.0.1; Nexus 5X Build/MMB29P) AppleWebKit/537.36 (KHTML, like Gecko) Chrome/137.0.7151.119 Mobile Safari/537.36 (compatible; Googlebot/2.1; +http://www.google.com/bot.html)"
66.249.65.164 - - [17/Jul/2025:12:16:45 +0000] "GET /items/cars/cars/4113207/ HTTP/1.1" 200 19507 "-" "Mozilla/5.0 (Linux; Android 6.0.1; Nexus 5X Build/MMB29P) AppleWebKit/537.36 (KHTML, like Gecko) Chrome/137.0.7151.103 Mobile Safari/537.36 (compatible; GoogleOther)"
66.249.65.164 - - [17/Jul/2025:12:16:50 +0000] "GET /items/fashion/womens/4801801/ HTTP/1.1" 200 20059 "-" "Mozilla/5.0 (Linux; Android 6.0.1; Nexus 5X Build/MMB29P) AppleWebKit/537.36 (KHTML, like Gecko) Chrome/137.0.7151.103 Mobile Safari/537.36 (compatible; GoogleOther)"
66.249.65.164 - - [17/Jul/2025:12:16:55 +0000] "POST /get-message-notify HTTP/1.1" 200 19555 "https://alalamy.com.au/items/cars/cars/5085732/" "Mozilla/5.0 (Linux; Android 6.0.1; Nexus 5X Build/MMB29P) AppleWebKit/537.36 (KHTML, like Gecko) Chrome/137.0.7151.119 Mobile Safari/537.36 (compatible; Googlebot/2.1; +http://www.google.com/bot.html)"
66.249.65.164 - - [17/Jul/2025:12:16:56 +0000] "GET /items/fashion/mens/2159694/ HTTP/1.1" 200 19473 "-" "Mozilla/5.0 (Linux; Android 6.0.1; Nexus 5X Build/MMB29P) AppleWebKit/537.36 (KHTML, like Gecko) Chrome/137.0.7151.103 Mobile Safari/537.36 (compatible; GoogleOther)"
66.249.65.166 - - [17/Jul/2025:12:17:02 +0000] "GET /items/fashion/outerwear/2466563/ HTTP/1.1" 200 20848 "-" "Mozilla/5.0 (Linux; Android 6.0.1; Nexus 5X Build/MMB29P) AppleWebKit/537.36 (KHTML, like Gecko) Chrome/137.0.7151.103 Mobile Safari/537.36 (compatible; GoogleOther)"
66.249.65.164 - - [17/Jul/2025:12:17:07 +0000] "POST /get-message-notify HTTP/1.1" 200 19555 "https://alalamy.com.au/items/fashion/outerwear/2466563/" "Mozilla/5.0 (Linux; Android 6.0.1; Nexus 5X Build/MMB29P) AppleWebKit/537.36 (KHTML, like Gecko) Chrome/137.0.7151.119 Mobile Safari/537.36 (compatible; Googlebot/2.1; +http://www.google.com/bot.html)"
66.249.65.164 - - [17/Jul/2025:12:17:08 +0000] "GET /items/decor/chairs/2734823/ HTTP/1.1" 200 18687 "-" "Mozilla/5.0 (Linux; Android 6.0.1; Nexus 5X Build/MMB29P) AppleWebKit/537.36 (KHTML, like Gecko) Chrome/137.0.7151.103 Mobile Safari/537.36 (compatible; GoogleOther)"
66.249.65.165 - - [17/Jul/2025:12:17:10 +0000] "POST /get-message-notify HTTP/1.1" 200 19555 "https://alalamy.com.au/items/decor/chairs/2734823/" "Mozilla/5.0 (Linux; Android 6.0.1; Nexus 5X Build/MMB29P) AppleWebKit/537.36 (KHTML, like Gecko) Chrome/137.0.7151.119 Mobile Safari/537.36 (compatible; Googlebot/2.1; +http://www.google.com/bot.html)"
66.249.65.164 - - [17/Jul/2025:12:17:14 +0000] "GET /items/motorcycles/motorcycles/3289425/ HTTP/1.1" 200 21370 "-" "Mozilla/5.0 (Linux; Android 6.0.1; Nexus 5X Build/MMB29P) AppleWebKit/537.36 (KHTML, like Gecko) Chrome/137.0.7151.103 Mobile Safari/537.36 (compatible; GoogleOther)"
66.249.65.164 - - [17/Jul/2025:12:17:17 +0000] "GET /?k=6555475051900&mod=0bb3498d&uri=shared.php%3Fid%3D218946-367%26name%3Dcraigslist+roof+top+tent HTTP/1.1" 200 19607 "-" "Mozilla/5.0 (compatible; Googlebot/2.1; +http://www.google.com/bot.html)"
66.249.65.164 - - [17/Jul/2025:12:17:20 +0000] "GET /items/cars/cars/3156901/ HTTP/1.1" 200 25800 "-" "Mozilla/5.0 (Linux; Android 6.0.1; Nexus 5X Build/MMB29P) AppleWebKit/537.36 (KHTML, like Gecko) Chrome/137.0.7151.103 Mobile Safari/537.36 (compatible; GoogleOther)"
66.249.65.164 - - [17/Jul/2025:12:17:23 +0000] "POST /get-message-notify HTTP/1.1" 200 19555 "https://alalamy.com.au/items/cars/cars/4113207/" "Mozilla/5.0 (Linux; Android 6.0.1; Nexus 5X Build/MMB29P) AppleWebKit/537.36 (KHTML, like Gecko) Chrome/137.0.7151.119 Mobile Safari/537.36 (compatible; Googlebot/2.1; +http://www.google.com/bot.html)"
66.249.65.164 - - [17/Jul/2025:12:17:25 +0000] "GET /items/beauty/styling/2824766/ HTTP/1.1" 200 19356 "-" "Mozilla/5.0 (Linux; Android 6.0.1; Nexus 5X Build/MMB29P) AppleWebKit/537.36 (KHTML, like Gecko) Chrome/137.0.7151.103 Mobile Safari/537.36 (compatible; GoogleOther)"
66.249.65.164 - - [17/Jul/2025:12:17:29 +0000] "POST /get-message-notify HTTP/1.1" 200 19555 "https://alalamy.com.au/items/fashion/womens/4801801/" "Mozilla/5.0 (Linux; Android 6.0.1; Nexus 5X Build/MMB29P) AppleWebKit/537.36 (KHTML, like Gecko) Chrome/137.0.7151.119 Mobile Safari/537.36 (compatible; Googlebot/2.1; +http://www.google.com/bot.html)"
66.249.65.164 - - [17/Jul/2025:12:17:31 +0000] "GET /items/cars/cars/4808787/ HTTP/1.1" 200 18758 "-" "Mozilla/5.0 (Linux; Android 6.0.1; Nexus 5X Build/MMB29P) AppleWebKit/537.36 (KHTML, like Gecko) Chrome/137.0.7151.103 Mobile Safari/537.36 (compatible; GoogleOther)"
66.249.65.164 - - [17/Jul/2025:12:17:37 +0000] "GET /items/outdoor/outdoor-shoes/4965274/ HTTP/1.1" 200 19051 "-" "Mozilla/5.0 (Linux; Android 6.0.1; Nexus 5X Build/MMB29P) AppleWebKit/537.36 (KHTML, like Gecko) Chrome/137.0.7151.103 Mobile Safari/537.36 (compatible; GoogleOther)"
66.249.65.164 - - [17/Jul/2025:12:17:37 +0000] "POST /get-message-notify HTTP/1.1" 200 19555 "https://alalamy.com.au/items/beauty/styling/2824766/" "Mozilla/5.0 (Linux; Android 6.0.1; Nexus 5X Build/MMB29P) AppleWebKit/537.36 (KHTML, like Gecko) Chrome/137.0.7151.119 Mobile Safari/537.36 (compatible; Googlebot/2.1; +http://www.google.com/bot.html)"
66.249.65.164 - - [17/Jul/2025:12:17:43 +0000] "GET /items/motorcycles/motorcycles/5171746/ HTTP/1.1" 200 22277 "-" "Mozilla/5.0 (Linux; Android 6.0.1; Nexus 5X Build/MMB29P) AppleWebKit/537.36 (KHTML, like Gecko) Chrome/137.0.7151.103 Mobile Safari/537.36 (compatible; GoogleOther)"
66.249.65.164 - - [17/Jul/2025:12:17:49 +0000] "GET /items/manga/sports/5038493/ HTTP/1.1" 200 21482 "-" "Mozilla/5.0 (Linux; Android 6.0.1; Nexus 5X Build/MMB29P) AppleWebKit/537.36 (KHTML, like Gecko) Chrome/137.0.7151.103 Mobile Safari/537.36 (compatible; GoogleOther)"
66.249.65.164 - - [17/Jul/2025:12:17:50 +0000] "POST /get-message-notify HTTP/1.1" 200 19555 "https://alalamy.com.au/items/cars/cars/3156901/" "Mozilla/5.0 (Linux; Android 6.0.1; Nexus 5X Build/MMB29P) AppleWebKit/537.36 (KHTML, like Gecko) Chrome/137.0.7151.119 Mobile Safari/537.36 (compatible; Googlebot/2.1; +http://www.google.com/bot.html)"
66.249.65.164 - - [17/Jul/2025:12:17:51 +0000] "POST /get-message-notify HTTP/1.1" 200 19555 "https://alalamy.com.au/items/manga/sports/5038493/" "Mozilla/5.0 (Linux; Android 6.0.1; Nexus 5X Build/MMB29P) AppleWebKit/537.36 (KHTML, like Gecko) Chrome/137.0.7151.119 Mobile Safari/537.36 (compatible; Googlebot/2.1; +http://www.google.com/bot.html)"
66.249.65.164 - - [17/Jul/2025:12:17:55 +0000] "GET /items/fashion/hats/4356476/ HTTP/1.1" 200 21560 "-" "Mozilla/5.0 (Linux; Android 6.0.1; Nexus 5X Build/MMB29P) AppleWebKit/537.36 (KHTML, like Gecko) Chrome/137.0.7151.103 Mobile Safari/537.36 (compatible; GoogleOther)"
66.249.65.165 - - [17/Jul/2025:12:17:56 +0000] "POST /get-message-notify HTTP/1.1" 200 19555 "https://alalamy.com.au/items/motorcycles/motorcycles/5171746/" "Mozilla/5.0 (Linux; Android 6.0.1; Nexus 5X Build/MMB29P) AppleWebKit/537.36 (KHTML, like Gecko) Chrome/137.0.7151.119 Mobile Safari/537.36 (compatible; Googlebot/2.1; +http://www.google.com/bot.html)"
66.249.65.166 - - [17/Jul/2025:12:18:00 +0000] "GET /items/goods/character/2712144/ HTTP/1.1" 200 19275 "-" "Mozilla/5.0 (Linux; Android 6.0.1; Nexus 5X Build/MMB29P) AppleWebKit/537.36 (KHTML, like Gecko) Chrome/137.0.7151.103 Mobile Safari/537.36 (compatible; GoogleOther)"
66.249.65.164 - - [17/Jul/2025:12:18:06 +0000] "GET /items/fashion/womens/1691227/ HTTP/1.1" 200 19032 "-" "Mozilla/5.0 (Linux; Android 6.0.1; Nexus 5X Build/MMB29P) AppleWebKit/537.36 (KHTML, like Gecko) Chrome/137.0.7151.103 Mobile Safari/537.36 (compatible; GoogleOther)"
66.249.65.164 - - [17/Jul/2025:12:18:12 +0000] "GET /items/handicrafts/fashion/5082206/ HTTP/1.1" 200 18996 "-" "Mozilla/5.0 (Linux; Android 6.0.1; Nexus 5X Build/MMB29P) AppleWebKit/537.36 (KHTML, like Gecko) Chrome/137.0.7151.103 Mobile Safari/537.36 (compatible; GoogleOther)"
66.249.65.164 - - [17/Jul/2025:12:18:12 +0000] "POST /get-message-notify HTTP/1.1" 200 19555 "https://alalamy.com.au/items/fashion/hats/4356476/" "Mozilla/5.0 (Linux; Android 6.0.1; Nexus 5X Build/MMB29P) AppleWebKit/537.36 (KHTML, like Gecko) Chrome/137.0.7151.119 Mobile Safari/537.36 (compatible; Googlebot/2.1; +http://www.google.com/bot.html)"
66.249.65.164 - - [17/Jul/2025:12:18:18 +0000] "GET /items/flowers/houseplants/1845818/ HTTP/1.1" 200 19574 "-" "Mozilla/5.0 (Linux; Android 6.0.1; Nexus 5X Build/MMB29P) AppleWebKit/537.36 (KHTML, like Gecko) Chrome/137.0.7151.103 Mobile Safari/537.36 (compatible; GoogleOther)"
66.249.65.164 - - [17/Jul/2025:12:18:24 +0000] "GET /items/gardening/houseplants/2623456/ HTTP/1.1" 200 19235 "-" "Mozilla/5.0 (Linux; Android 6.0.1; Nexus 5X Build/MMB29P) AppleWebKit/537.36 (KHTML, like Gecko) Chrome/137.0.7151.103 Mobile Safari/537.36 (compatible; GoogleOther)"
66.249.65.164 - - [17/Jul/2025:12:18:27 +0000] "POST /get-message-notify HTTP/1.1" 200 19555 "https://alalamy.com.au/items/gardening/houseplants/2623456/" "Mozilla/5.0 (Linux; Android 6.0.1; Nexus 5X Build/MMB29P) AppleWebKit/537.36 (KHTML, like Gecko) Chrome/137.0.7151.119 Mobile Safari/537.36 (compatible; Googlebot/2.1; +http://www.google.com/bot.html)"
66.249.65.164 - - [17/Jul/2025:12:18:30 +0000] "GET /items/fashion/watches/3877875/ HTTP/1.1" 200 19027 "-" "Mozilla/5.0 (Linux; Android 6.0.1; Nexus 5X Build/MMB29P) AppleWebKit/537.36 (KHTML, like Gecko) Chrome/137.0.7151.103 Mobile Safari/537.36 (compatible; GoogleOther)"
209.74.77.214 - - [17/Jul/2025:12:18:33 +0000] "POST /wp-admin/admin-ajax.php?action=async_litespeed&nonce=m56C1BfmxG0qJDdZPtYtw0OnVxSJgD0r&litespeed_type=imgoptm HTTP/1.1" 200 21 "-" "WordPress/6.8.2; https://alalamy.com.au"
185.207.107.216 - - [17/Jul/2025:12:18:34 +0000] "GET / HTTP/1.1" 200 144510 "alalamy.com.au" "Mozilla/5.0 (Linux; U; Android 6.0; en-US; Lenovo PB2-670M Build/MRA58K) AppleWebKit/537.36 (KHTML, like Gecko) Version/4.0 Chrome/57.0.2987.108 UCBrowser/12.12.9.1226 Mobile Safari/537.36"
66.249.65.164 - - [17/Jul/2025:12:18:36 +0000] "GET /items/handicrafts/fashion/2439101/ HTTP/1.1" 200 19364 "-" "Mozilla/5.0 (Linux; Android 6.0.1; Nexus 5X Build/MMB29P) AppleWebKit/537.36 (KHTML, like Gecko) Chrome/137.0.7151.103 Mobile Safari/537.36 (compatible; GoogleOther)"
66.249.65.164 - - [17/Jul/2025:12:18:37 +0000] "POST /get-message-notify HTTP/1.1" 200 19555 "https://alalamy.com.au/items/outdoor/outdoor-shoes/4965274/" "Mozilla/5.0 (Linux; Android 6.0.1; Nexus 5X Build/MMB29P) AppleWebKit/537.36 (KHTML, like Gecko) Chrome/137.0.7151.119 Mobile Safari/537.36 (compatible; Googlebot/2.1; +http://www.google.com/bot.html)"
107.189.1.111 - - [17/Jul/2025:12:18:40 +0000] "GET / HTTP/1.1" 200 144510 "https://alalamy.com.au" "Mozilla/5.0 (Linux; U; Android 6.0; en-US; Lenovo PB2-670M Build/MRA58K) AppleWebKit/537.36 (KHTML, like Gecko) Version/4.0 Chrome/57.0.2987.108 UCBrowser/12.12.9.1226 Mobile Safari/537.36"
66.249.65.164 - - [17/Jul/2025:12:18:41 +0000] "GET /items/fashion/mens/2776590/ HTTP/1.1" 200 20420 "-" "Mozilla/5.0 (Linux; Android 6.0.1; Nexus 5X Build/MMB29P) AppleWebKit/537.36 (KHTML, like Gecko) Chrome/137.0.7151.103 Mobile Safari/537.36 (compatible; GoogleOther)"
107.189.1.111 - - [17/Jul/2025:12:18:42 +0000] "GET /about HTTP/1.1" 301 - "https://alalamy.com.au/about" "Mozilla/5.0 (Linux; U; Android 6.0; en-US; Lenovo PB2-670M Build/MRA58K) AppleWebKit/537.36 (KHTML, like Gecko) Version/4.0 Chrome/57.0.2987.108 UCBrowser/12.12.9.1226 Mobile Safari/537.36"
66.249.65.164 - - [17/Jul/2025:12:18:43 +0000] "POST /get-message-notify HTTP/1.1" 200 19555 "https://alalamy.com.au/items/handicrafts/fashion/2439101/" "Mozilla/5.0 (Linux; Android 6.0.1; Nexus 5X Build/MMB29P) AppleWebKit/537.36 (KHTML, like Gecko) Chrome/137.0.7151.119 Mobile Safari/537.36 (compatible; Googlebot/2.1; +http://www.google.com/bot.html)"
107.189.1.111 - - [17/Jul/2025:12:18:43 +0000] "GET /about/ HTTP/1.1" 200 155349 "https://alalamy.com.au/about" "Mozilla/5.0 (Linux; U; Android 6.0; en-US; Lenovo PB2-670M Build/MRA58K) AppleWebKit/537.36 (KHTML, like Gecko) Version/4.0 Chrome/57.0.2987.108 UCBrowser/12.12.9.1226 Mobile Safari/537.36"
185.150.28.13 - - [17/Jul/2025:12:18:46 +0000] "GET /cart-2 HTTP/1.1" 301 - "https://alalamy.com.au/cart-2" "Mozilla/5.0 (Linux; U; Android 6.0; en-US; Lenovo PB2-670M Build/MRA58K) AppleWebKit/537.36 (KHTML, like Gecko) Version/4.0 Chrome/57.0.2987.108 UCBrowser/12.12.9.1226 Mobile Safari/537.36"
185.150.28.13 - - [17/Jul/2025:12:18:46 +0000] "GET /cart-2/ HTTP/1.1" 200 164124 "https://alalamy.com.au/cart-2" "Mozilla/5.0 (Linux; U; Android 6.0; en-US; Lenovo PB2-670M Build/MRA58K) AppleWebKit/537.36 (KHTML, like Gecko) Version/4.0 Chrome/57.0.2987.108 UCBrowser/12.12.9.1226 Mobile Safari/537.36"
185.150.28.13 - - [17/Jul/2025:12:18:50 +0000] "GET /checkout-2 HTTP/1.1" 301 - "https://alalamy.com.au/checkout-2" "Mozilla/5.0 (Linux; U; Android 6.0; en-US; Lenovo PB2-670M Build/MRA58K) AppleWebKit/537.36 (KHTML, like Gecko) Version/4.0 Chrome/57.0.2987.108 UCBrowser/12.12.9.1226 Mobile Safari/537.36"
66.249.65.164 - - [17/Jul/2025:12:18:50 +0000] "POST /get-message-notify HTTP/1.1" 200 19555 "https://alalamy.com.au/items/goods/character/2712144/" "Mozilla/5.0 (Linux; Android 6.0.1; Nexus 5X Build/MMB29P) AppleWebKit/537.36 (KHTML, like Gecko) Chrome/137.0.7151.119 Mobile Safari/537.36 (compatible; Googlebot/2.1; +http://www.google.com/bot.html)"
209.74.77.214 - - [17/Jul/2025:12:18:51 +0000] "POST /wp-cron.php?doing_wp_cron=1752754731.4374310970306396484375 HTTP/1.1" 200 - "-" "WordPress/6.8.2; https://alalamy.com.au"
185.150.28.13 - - [17/Jul/2025:12:18:51 +0000] "GET /checkout-2/ HTTP/1.1" 200 164262 "https://alalamy.com.au/checkout-2" "Mozilla/5.0 (Linux; U; Android 6.0; en-US; Lenovo PB2-670M Build/MRA58K) AppleWebKit/537.36 (KHTML, like Gecko) Version/4.0 Chrome/57.0.2987.108 UCBrowser/12.12.9.1226 Mobile Safari/537.36"
66.249.65.164 - - [17/Jul/2025:12:18:53 +0000] "GET /items/diy/air-tools/3758375/ HTTP/1.1" 200 19363 "-" "Mozilla/5.0 (Linux; Android 6.0.1; Nexus 5X Build/MMB29P) AppleWebKit/537.36 (KHTML, like Gecko) Chrome/137.0.7151.103 Mobile Safari/537.36 (compatible; GoogleOther)"
185.150.28.13 - - [17/Jul/2025:12:18:53 +0000] "GET /comments/feed HTTP/1.1" 301 - "https://alalamy.com.au/comments/feed" "Mozilla/5.0 (Linux; U; Android 6.0; en-US; Lenovo PB2-670M Build/MRA58K) AppleWebKit/537.36 (KHTML, like Gecko) Version/4.0 Chrome/57.0.2987.108 UCBrowser/12.12.9.1226 Mobile Safari/537.36"
185.150.28.13 - - [17/Jul/2025:12:18:54 +0000] "GET /comments/feed/ HTTP/1.1" 200 760 "https://alalamy.com.au/comments/feed" "Mozilla/5.0 (Linux; U; Android 6.0; en-US; Lenovo PB2-670M Build/MRA58K) AppleWebKit/537.36 (KHTML, like Gecko) Version/4.0 Chrome/57.0.2987.108 UCBrowser/12.12.9.1226 Mobile Safari/537.36"
185.150.28.13 - - [17/Jul/2025:12:18:55 +0000] "GET /contacts HTTP/1.1" 301 - "https://alalamy.com.au/contacts" "Mozilla/5.0 (Linux; U; Android 6.0; en-US; Lenovo PB2-670M Build/MRA58K) AppleWebKit/537.36 (KHTML, like Gecko) Version/4.0 Chrome/57.0.2987.108 UCBrowser/12.12.9.1226 Mobile Safari/537.36"
185.150.28.13 - - [17/Jul/2025:12:18:55 +0000] "GET /contacts/ HTTP/1.1" 200 120368 "https://alalamy.com.au/contacts" "Mozilla/5.0 (Linux; U; Android 6.0; en-US; Lenovo PB2-670M Build/MRA58K) AppleWebKit/537.36 (KHTML, like Gecko) Version/4.0 Chrome/57.0.2987.108 UCBrowser/12.12.9.1226 Mobile Safari/537.36"
107.189.13.253 - - [17/Jul/2025:12:18:57 +0000] "POST /contacts/ HTTP/1.1" 200 120643 "https://alalamy.com.au/contacts/#wpcf7-f810-p801-o1" "Mozilla/5.0 (Linux; U; Android 6.0; en-US; Lenovo PB2-670M Build/MRA58K) AppleWebKit/537.36 (KHTML, like Gecko) Version/4.0 Chrome/57.0.2987.108 UCBrowser/12.12.9.1226 Mobile Safari/537.36"
66.249.65.164 - - [17/Jul/2025:12:18:59 +0000] "GET /items/fashion/womens/2718355/ HTTP/1.1" 200 20581 "-" "Mozilla/5.0 (Linux; Android 6.0.1; Nexus 5X Build/MMB29P) AppleWebKit/537.36 (KHTML, like Gecko) Chrome/137.0.7151.103 Mobile Safari/537.36 (compatible; GoogleOther)"
107.189.13.253 - - [17/Jul/2025:12:19:00 +0000] "GET /faq HTTP/1.1" 301 - "https://alalamy.com.au/faq" "Mozilla/5.0 (Linux; U; Android 6.0; en-US; Lenovo PB2-670M Build/MRA58K) AppleWebKit/537.36 (KHTML, like Gecko) Version/4.0 Chrome/57.0.2987.108 UCBrowser/12.12.9.1226 Mobile Safari/537.36"
209.74.77.214 - - [17/Jul/2025:12:19:01 +0000] "POST /wp-cron.php?doing_wp_cron=1752754741.1676890850067138671875 HTTP/1.1" 200 - "-" "WordPress/6.8.2; https://alalamy.com.au"
209.74.77.214 - - [17/Jul/2025:12:19:01 +0000] "POST /wp-admin/admin-ajax.php?action=async_litespeed&nonce=BJYTxIJ11DgNFk6RO1cIIVi0f8SgZxG1&litespeed_type=imgoptm HTTP/1.1" 200 21 "-" "WordPress/6.8.2; https://alalamy.com.au"
107.189.13.253 - - [17/Jul/2025:12:19:00 +0000] "GET /faq/ HTTP/1.1" 200 115805 "https://alalamy.com.au/faq" "Mozilla/5.0 (Linux; U; Android 6.0; en-US; Lenovo PB2-670M Build/MRA58K) AppleWebKit/537.36 (KHTML, like Gecko) Version/4.0 Chrome/57.0.2987.108 UCBrowser/12.12.9.1226 Mobile Safari/537.36"
66.249.65.164 - - [17/Jul/2025:12:19:03 +0000] "POST /get-message-notify HTTP/1.1" 200 19555 "https://alalamy.com.au/items/fashion/womens/2718355/" "Mozilla/5.0 (Linux; Android 6.0.1; Nexus 5X Build/MMB29P) AppleWebKit/537.36 (KHTML, like Gecko) Chrome/137.0.7151.119 Mobile Safari/537.36 (compatible; Googlebot/2.1; +http://www.google.com/bot.html)"
66.249.65.164 - - [17/Jul/2025:12:19:05 +0000] "GET /items/cars/cars/4389539/ HTTP/1.1" 200 18965 "-" "Mozilla/5.0 (Linux; Android 6.0.1; Nexus 5X Build/MMB29P) AppleWebKit/537.36 (KHTML, like Gecko) Chrome/137.0.7151.103 Mobile Safari/537.36 (compatible; GoogleOther)"
66.249.65.164 - - [17/Jul/2025:12:19:07 +0000] "POST /get-message-notify HTTP/1.1" 200 19555 "https://alalamy.com.au/items/cars/cars/4389539/" "Mozilla/5.0 (Linux; Android 6.0.1; Nexus 5X Build/MMB29P) AppleWebKit/537.36 (KHTML, like Gecko) Chrome/137.0.7151.119 Mobile Safari/537.36 (compatible; Googlebot/2.1; +http://www.google.com/bot.html)"
66.249.65.164 - - [17/Jul/2025:12:19:11 +0000] "GET /items/fashion/outerwear/3372703/ HTTP/1.1" 200 18820 "-" "Mozilla/5.0 (Linux; Android 6.0.1; Nexus 5X Build/MMB29P) AppleWebKit/537.36 (KHTML, like Gecko) Chrome/137.0.7151.103 Mobile Safari/537.36 (compatible; GoogleOther)"
45.141.215.21 - - [17/Jul/2025:12:19:13 +0000] "GET /feed HTTP/1.1" 301 - "https://alalamy.com.au/feed" "Mozilla/5.0 (Linux; U; Android 6.0; en-US; Lenovo PB2-670M Build/MRA58K) AppleWebKit/537.36 (KHTML, like Gecko) Version/4.0 Chrome/57.0.2987.108 UCBrowser/12.12.9.1226 Mobile Safari/537.36"
45.141.215.21 - - [17/Jul/2025:12:19:14 +0000] "GET /feed/ HTTP/1.1" 200 1079 "https://alalamy.com.au/feed" "Mozilla/5.0 (Linux; U; Android 6.0; en-US; Lenovo PB2-670M Build/MRA58K) AppleWebKit/537.36 (KHTML, like Gecko) Version/4.0 Chrome/57.0.2987.108 UCBrowser/12.12.9.1226 Mobile Safari/537.36"
45.141.215.21 - - [17/Jul/2025:12:19:15 +0000] "GET /gallery HTTP/1.1" 301 - "https://alalamy.com.au/gallery" "Mozilla/5.0 (Linux; U; Android 6.0; en-US; Lenovo PB2-670M Build/MRA58K) AppleWebKit/537.36 (KHTML, like Gecko) Version/4.0 Chrome/57.0.2987.108 UCBrowser/12.12.9.1226 Mobile Safari/537.36"
45.141.215.21 - - [17/Jul/2025:12:19:16 +0000] "GET /gallery/ HTTP/1.1" 200 116844 "https://alalamy.com.au/gallery" "Mozilla/5.0 (Linux; U; Android 6.0; en-US; Lenovo PB2-670M Build/MRA58K) AppleWebKit/537.36 (KHTML, like Gecko) Version/4.0 Chrome/57.0.2987.108 UCBrowser/12.12.9.1226 Mobile Safari/537.36"
66.249.65.164 - - [17/Jul/2025:12:19:16 +0000] "GET /items/cars/cars/2690060/ HTTP/1.1" 200 18955 "-" "Mozilla/5.0 (Linux; Android 6.0.1; Nexus 5X Build/MMB29P) AppleWebKit/537.36 (KHTML, like Gecko) Chrome/137.0.7151.103 Mobile Safari/537.36 (compatible; GoogleOther)"
45.141.215.21 - - [17/Jul/2025:12:19:19 +0000] "GET /kaffen HTTP/1.1" 404 98911 "https://alalamy.com.au/kaffen" "Mozilla/5.0 (Linux; U; Android 6.0; en-US; Lenovo PB2-670M Build/MRA58K) AppleWebKit/537.36 (KHTML, like Gecko) Version/4.0 Chrome/57.0.2987.108 UCBrowser/12.12.9.1226 Mobile Safari/537.36"
66.249.65.164 - - [17/Jul/2025:12:19:20 +0000] "GET /?k=6540085031900&mod=0bb3498d&uri=info.php?shopbrand/8398122.htm HTTP/1.1" 200 19370 "-" "Mozilla/5.0 (Linux; Android 6.0.1; Nexus 5X Build/MMB29P) AppleWebKit/537.36 (KHTML, like Gecko) Chrome/137.0.7151.103 Mobile Safari/537.36 (compatible; Googlebot/2.1; +http://www.google.com/bot.html)"
45.141.215.21 - - [17/Jul/2025:12:19:21 +0000] "GET /kaffen/reservation HTTP/1.1" 301 - "https://alalamy.com.au/kaffen/reservation" "Mozilla/5.0 (Linux; U; Android 6.0; en-US; Lenovo PB2-670M Build/MRA58K) AppleWebKit/537.36 (KHTML, like Gecko) Version/4.0 Chrome/57.0.2987.108 UCBrowser/12.12.9.1226 Mobile Safari/537.36"
45.141.215.21 - - [17/Jul/2025:12:19:21 +0000] "GET /reservation/ HTTP/1.1" 200 115325 "https://alalamy.com.au/kaffen/reservation" "Mozilla/5.0 (Linux; U; Android 6.0; en-US; Lenovo PB2-670M Build/MRA58K) AppleWebKit/537.36 (KHTML, like Gecko) Version/4.0 Chrome/57.0.2987.108 UCBrowser/12.12.9.1226 Mobile Safari/537.36"
66.249.65.164 - - [17/Jul/2025:12:19:22 +0000] "GET /items/flowers/pots/1743243/ HTTP/1.1" 200 19349 "-" "Mozilla/5.0 (Linux; Android 6.0.1; Nexus 5X Build/MMB29P) AppleWebKit/537.36 (KHTML, like Gecko) Chrome/137.0.7151.103 Mobile Safari/537.36 (compatible; GoogleOther)"
204.8.96.69 - - [17/Jul/2025:12:19:23 +0000] "POST /reservation/ HTTP/1.1" 200 115623 "https://alalamy.com.au/reservation/#wpcf7-f636-p721-o1" "Mozilla/5.0 (Linux; U; Android 6.0; en-US; Lenovo PB2-670M Build/MRA58K) AppleWebKit/537.36 (KHTML, like Gecko) Version/4.0 Chrome/57.0.2987.108 UCBrowser/12.12.9.1226 Mobile Safari/537.36"
204.8.96.69 - - [17/Jul/2025:12:19:25 +0000] "GET /menu-cafe HTTP/1.1" 301 - "https://alalamy.com.au/menu-cafe" "Mozilla/5.0 (Linux; U; Android 6.0; en-US; Lenovo PB2-670M Build/MRA58K) AppleWebKit/537.36 (KHTML, like Gecko) Version/4.0 Chrome/57.0.2987.108 UCBrowser/12.12.9.1226 Mobile Safari/537.36"
204.8.96.69 - - [17/Jul/2025:12:19:25 +0000] "GET /menu-cafe/ HTTP/1.1" 200 115598 "https://alalamy.com.au/menu-cafe" "Mozilla/5.0 (Linux; U; Android 6.0; en-US; Lenovo PB2-670M Build/MRA58K) AppleWebKit/537.36 (KHTML, like Gecko) Version/4.0 Chrome/57.0.2987.108 UCBrowser/12.12.9.1226 Mobile Safari/537.36"
204.8.96.69 - - [17/Jul/2025:12:19:27 +0000] "POST /menu-cafe/ HTTP/1.1" 200 115877 "https://alalamy.com.au/menu-cafe/#wpcf7-f636-p561-o1" "Mozilla/5.0 (Linux; U; Android 6.0; en-US; Lenovo PB2-670M Build/MRA58K) AppleWebKit/537.36 (KHTML, like Gecko) Version/4.0 Chrome/57.0.2987.108 UCBrowser/12.12.9.1226 Mobile Safari/537.36"
66.249.65.164 - - [17/Jul/2025:12:19:28 +0000] "GET /items/interior/living-room-storage/3596700/ HTTP/1.1" 200 19858 "-" "Mozilla/5.0 (Linux; Android 6.0.1; Nexus 5X Build/MMB29P) AppleWebKit/537.36 (KHTML, like Gecko) Chrome/137.0.7151.103 Mobile Safari/537.36 (compatible; GoogleOther)"
204.8.96.69 - - [17/Jul/2025:12:19:28 +0000] "GET /menu-restaurant HTTP/1.1" 301 - "https://alalamy.com.au/menu-restaurant" "Mozilla/5.0 (Linux; U; Android 6.0; en-US; Lenovo PB2-670M Build/MRA58K) AppleWebKit/537.36 (KHTML, like Gecko) Version/4.0 Chrome/57.0.2987.108 UCBrowser/12.12.9.1226 Mobile Safari/537.36"
204.8.96.69 - - [17/Jul/2025:12:19:29 +0000] "GET /menu-restaurant/ HTTP/1.1" 200 127653 "https://alalamy.com.au/menu-restaurant" "Mozilla/5.0 (Linux; U; Android 6.0; en-US; Lenovo PB2-670M Build/MRA58K) AppleWebKit/537.36 (KHTML, like Gecko) Version/4.0 Chrome/57.0.2987.108 UCBrowser/12.12.9.1226 Mobile Safari/537.36"
204.8.96.69 - - [17/Jul/2025:12:19:30 +0000] "GET /my-account-2 HTTP/1.1" 301 - "https://alalamy.com.au/my-account-2" "Mozilla/5.0 (Linux; U; Android 6.0; en-US; Lenovo PB2-670M Build/MRA58K) AppleWebKit/537.36 (KHTML, like Gecko) Version/4.0 Chrome/57.0.2987.108 UCBrowser/12.12.9.1226 Mobile Safari/537.36"
204.8.96.69 - - [17/Jul/2025:12:19:30 +0000] "GET /my-account-2/ HTTP/1.1" 200 103175 "https://alalamy.com.au/my-account-2" "Mozilla/5.0 (Linux; U; Android 6.0; en-US; Lenovo PB2-670M Build/MRA58K) AppleWebKit/537.36 (KHTML, like Gecko) Version/4.0 Chrome/57.0.2987.108 UCBrowser/12.12.9.1226 Mobile Safari/537.36"
204.8.96.69 - - [17/Jul/2025:12:19:32 +0000] "GET /reservation HTTP/1.1" 301 - "https://alalamy.com.au/reservation" "Mozilla/5.0 (Linux; U; Android 6.0; en-US; Lenovo PB2-670M Build/MRA58K) AppleWebKit/537.36 (KHTML, like Gecko) Version/4.0 Chrome/57.0.2987.108 UCBrowser/12.12.9.1226 Mobile Safari/537.36"
209.74.77.214 - - [17/Jul/2025:12:19:33 +0000] "POST /wp-cron.php?doing_wp_cron=1752754773.1170110702514648437500 HTTP/1.1" 200 - "-" "WordPress/6.8.2; https://alalamy.com.au"
204.8.96.69 - - [17/Jul/2025:12:19:32 +0000] "GET /reservation/ HTTP/1.1" 200 115325 "https://alalamy.com.au/reservation" "Mozilla/5.0 (Linux; U; Android 6.0; en-US; Lenovo PB2-670M Build/MRA58K) AppleWebKit/537.36 (KHTML, like Gecko) Version/4.0 Chrome/57.0.2987.108 UCBrowser/12.12.9.1226 Mobile Safari/537.36"
66.249.65.164 - - [17/Jul/2025:12:19:34 +0000] "GET /items/goods/character-toys/5501990/ HTTP/1.1" 200 21495 "-" "Mozilla/5.0 (Linux; Android 6.0.1; Nexus 5X Build/MMB29P) AppleWebKit/537.36 (KHTML, like Gecko) Chrome/137.0.7151.103 Mobile Safari/537.36 (compatible; GoogleOther)"
204.8.96.69 - - [17/Jul/2025:12:19:34 +0000] "POST /reservation/ HTTP/1.1" 200 115604 "https://alalamy.com.au/reservation/#wpcf7-f636-p721-o1" "Mozilla/5.0 (Linux; U; Android 6.0; en-US; Lenovo PB2-670M Build/MRA58K) AppleWebKit/537.36 (KHTML, like Gecko) Version/4.0 Chrome/57.0.2987.108 UCBrowser/12.12.9.1226 Mobile Safari/537.36"
45.90.185.106 - - [17/Jul/2025:12:19:36 +0000] "GET /services HTTP/1.1" 301 - "https://alalamy.com.au/services" "Mozilla/5.0 (Linux; U; Android 6.0; en-US; Lenovo PB2-670M Build/MRA58K) AppleWebKit/537.36 (KHTML, like Gecko) Version/4.0 Chrome/57.0.2987.108 UCBrowser/12.12.9.1226 Mobile Safari/537.36"
45.90.185.106 - - [17/Jul/2025:12:19:36 +0000] "GET /services/ HTTP/1.1" 200 129565 "https://alalamy.com.au/services" "Mozilla/5.0 (Linux; U; Android 6.0; en-US; Lenovo PB2-670M Build/MRA58K) AppleWebKit/537.36 (KHTML, like Gecko) Version/4.0 Chrome/57.0.2987.108 UCBrowser/12.12.9.1226 Mobile Safari/537.36"
45.90.185.106 - - [17/Jul/2025:12:19:38 +0000] "GET /shop-2 HTTP/1.1" 301 - "https://alalamy.com.au/shop-2" "Mozilla/5.0 (Linux; U; Android 6.0; en-US; Lenovo PB2-670M Build/MRA58K) AppleWebKit/537.36 (KHTML, like Gecko) Version/4.0 Chrome/57.0.2987.108 UCBrowser/12.12.9.1226 Mobile Safari/537.36"
45.90.185.106 - - [17/Jul/2025:12:19:39 +0000] "GET /shop-2/ HTTP/1.1" 200 100540 "https://alalamy.com.au/shop-2" "Mozilla/5.0 (Linux; U; Android 6.0; en-US; Lenovo PB2-670M Build/MRA58K) AppleWebKit/537.36 (KHTML, like Gecko) Version/4.0 Chrome/57.0.2987.108 UCBrowser/12.12.9.1226 Mobile Safari/537.36"
66.249.65.164 - - [17/Jul/2025:12:19:40 +0000] "GET /items/cameras/cameras/1901360/ HTTP/1.1" 200 19228 "-" "Mozilla/5.0 (Linux; Android 6.0.1; Nexus 5X Build/MMB29P) AppleWebKit/537.36 (KHTML, like Gecko) Chrome/137.0.7151.103 Mobile Safari/537.36 (compatible; GoogleOther)"
45.90.185.106 - - [17/Jul/2025:12:19:41 +0000] "GET /wp-json HTTP/1.1" 200 1527565 "https://alalamy.com.au/wp-json" "Mozilla/5.0 (Linux; U; Android 6.0; en-US; Lenovo PB2-670M Build/MRA58K) AppleWebKit/537.36 (KHTML, like Gecko) Version/4.0 Chrome/57.0.2987.108 UCBrowser/12.12.9.1226 Mobile Safari/537.36"
66.249.65.164 - - [17/Jul/2025:12:19:46 +0000] "GET /items/fashion/jackets/2511199/ HTTP/1.1" 200 19743 "-" "Mozilla/5.0 (Linux; Android 6.0.1; Nexus 5X Build/MMB29P) AppleWebKit/537.36 (KHTML, like Gecko) Chrome/137.0.7151.103 Mobile Safari/537.36 (compatible; GoogleOther)"
45.66.35.22 - - [17/Jul/2025:12:19:50 +0000] "GET /wp-json/oembed/1.0/embed?url=https%3A%2F%2Falalamy.com.au%2F HTTP/1.1" 200 2079 "https://alalamy.com.au/wp-json/oembed/1.0/embed?url=https%3A%2F%2Falalamy.com.au%2F" "Mozilla/5.0 (Linux; U; Android 6.0; en-US; Lenovo PB2-670M Build/MRA58K) AppleWebKit/537.36 (KHTML, like Gecko) Version/4.0 Chrome/57.0.2987.108 UCBrowser/12.12.9.1226 Mobile Safari/537.36"
66.249.65.164 - - [17/Jul/2025:12:19:52 +0000] "GET /items/fashion/outerwear/2034237/ HTTP/1.1" 200 21045 "-" "Mozilla/5.0 (Linux; Android 6.0.1; Nexus 5X Build/MMB29P) AppleWebKit/537.36 (KHTML, like Gecko) Chrome/137.0.7151.103 Mobile Safari/537.36 (compatible; GoogleOther)"
209.74.77.214 - - [17/Jul/2025:12:19:52 +0000] "POST /wp-cron.php?doing_wp_cron=1752754792.3358860015869140625000 HTTP/1.1" 200 - "-" "WordPress/6.8.2; https://alalamy.com.au"
45.66.35.22 - - [17/Jul/2025:12:19:52 +0000] "GET /wp-json/oembed/1.0/embed?url=https%3A%2F%2Falalamy.com.au%2F&format=xml HTTP/1.1" 200 2238 "https://alalamy.com.au/wp-json/oembed/1.0/embed?url=https%3A%2F%2Falalamy.com.au%2F&format=xml" "Mozilla/5.0 (Linux; U; Android 6.0; en-US; Lenovo PB2-670M Build/MRA58K) AppleWebKit/537.36 (KHTML, like Gecko) Version/4.0 Chrome/57.0.2987.108 UCBrowser/12.12.9.1226 Mobile Safari/537.36"
45.66.35.22 - - [17/Jul/2025:12:19:53 +0000] "GET /wp-json/wp/v2/pages/1481 HTTP/1.1" 200 55656 "https://alalamy.com.au/wp-json/wp/v2/pages/1481" "Mozilla/5.0 (Linux; U; Android 6.0; en-US; Lenovo PB2-670M Build/MRA58K) AppleWebKit/537.36 (KHTML, like Gecko) Version/4.0 Chrome/57.0.2987.108 UCBrowser/12.12.9.1226 Mobile Safari/537.36"
45.66.35.22 - - [17/Jul/2025:12:19:54 +0000] "GET /xmlrpc.php?rsd HTTP/1.1" 200 798 "https://alalamy.com.au/xmlrpc.php?rsd" "Mozilla/5.0 (Linux; U; Android 6.0; en-US; Lenovo PB2-670M Build/MRA58K) AppleWebKit/537.36 (KHTML, like Gecko) Version/4.0 Chrome/57.0.2987.108 UCBrowser/12.12.9.1226 Mobile Safari/537.36"
66.249.65.164 - - [17/Jul/2025:12:19:57 +0000] "GET /items/fashion/pants/4963261/ HTTP/1.1" 200 20120 "-" "Mozilla/5.0 (Linux; Android 6.0.1; Nexus 5X Build/MMB29P) AppleWebKit/537.36 (KHTML, like Gecko) Chrome/137.0.7151.103 Mobile Safari/537.36 (compatible; GoogleOther)"
66.249.65.165 - - [17/Jul/2025:12:20:04 +0000] "GET /items/diy/spanners/3826408/ HTTP/1.1" 200 19369 "-" "Mozilla/5.0 (Linux; Android 6.0.1; Nexus 5X Build/MMB29P) AppleWebKit/537.36 (KHTML, like Gecko) Chrome/137.0.7151.103 Mobile Safari/537.36 (compatible; GoogleOther)"
66.249.65.165 - - [17/Jul/2025:12:20:09 +0000] "POST /get-message-notify HTTP/1.1" 200 19555 "https://alalamy.com.au/items/diy/spanners/3826408/" "Mozilla/5.0 (Linux; Android 6.0.1; Nexus 5X Build/MMB29P) AppleWebKit/537.36 (KHTML, like Gecko) Chrome/137.0.7151.119 Mobile Safari/537.36 (compatible; Googlebot/2.1; +http://www.google.com/bot.html)"
66.249.65.165 - - [17/Jul/2025:12:20:09 +0000] "GET /items/fishing/outdoor-shoes/3953459/ HTTP/1.1" 200 19039 "-" "Mozilla/5.0 (Linux; Android 6.0.1; Nexus 5X Build/MMB29P) AppleWebKit/537.36 (KHTML, like Gecko) Chrome/137.0.7151.103 Mobile Safari/537.36 (compatible; GoogleOther)"
66.249.65.164 - - [17/Jul/2025:12:20:14 +0000] "POST /get-message-notify HTTP/1.1" 200 19555 "https://alalamy.com.au/items/flowers/pots/1743243/" "Mozilla/5.0 (Linux; Android 6.0.1; Nexus 5X Build/MMB29P) AppleWebKit/537.36 (KHTML, like Gecko) Chrome/137.0.7151.119 Mobile Safari/537.36 (compatible; Googlebot/2.1; +http://www.google.com/bot.html)"
66.249.65.164 - - [17/Jul/2025:12:20:15 +0000] "GET /items/motorcycles/motorcycles/4614923/ HTTP/1.1" 200 21564 "-" "Mozilla/5.0 (Linux; Android 6.0.1; Nexus 5X Build/MMB29P) AppleWebKit/537.36 (KHTML, like Gecko) Chrome/137.0.7151.103 Mobile Safari/537.36 (compatible; GoogleOther)"
66.249.65.164 - - [17/Jul/2025:12:20:19 +0000] "POST /get-message-notify HTTP/1.1" 200 19555 "https://alalamy.com.au/items/fashion/outerwear/2034237/" "Mozilla/5.0 (Linux; Android 6.0.1; Nexus 5X Build/MMB29P) AppleWebKit/537.36 (KHTML, like Gecko) Chrome/137.0.7151.119 Mobile Safari/537.36 (compatible; Googlebot/2.1; +http://www.google.com/bot.html)"
66.249.65.164 - - [17/Jul/2025:12:20:21 +0000] "GET /items/fashion/yukata/5507693/ HTTP/1.1" 200 19336 "-" "Mozilla/5.0 (Linux; Android 6.0.1; Nexus 5X Build/MMB29P) AppleWebKit/537.36 (KHTML, like Gecko) Chrome/137.0.7151.103 Mobile Safari/537.36 (compatible; GoogleOther)"
66.249.65.164 - - [17/Jul/2025:12:20:23 +0000] "POST /get-message-notify HTTP/1.1" 200 19555 "https://alalamy.com.au/items/fashion/yukata/5507693/" "Mozilla/5.0 (Linux; Android 6.0.1; Nexus 5X Build/MMB29P) AppleWebKit/537.36 (KHTML, like Gecko) Chrome/137.0.7151.119 Mobile Safari/537.36 (compatible; Googlebot/2.1; +http://www.google.com/bot.html)"
66.249.65.164 - - [17/Jul/2025:12:20:23 +0000] "POST /get-message-notify HTTP/1.1" 200 19555 "https://alalamy.com.au/items/fishing/outdoor-shoes/3953459/" "Mozilla/5.0 (Linux; Android 6.0.1; Nexus 5X Build/MMB29P) AppleWebKit/537.36 (KHTML, like Gecko) Chrome/137.0.7151.119 Mobile Safari/537.36 (compatible; Googlebot/2.1; +http://www.google.com/bot.html)"
66.249.65.164 - - [17/Jul/2025:12:20:26 +0000] "GET /items/flowers/other-succulents/3781329/ HTTP/1.1" 200 19670 "-" "Mozilla/5.0 (Linux; Android 6.0.1; Nexus 5X Build/MMB29P) AppleWebKit/537.36 (KHTML, like Gecko) Chrome/137.0.7151.103 Mobile Safari/537.36 (compatible; GoogleOther)"
66.249.65.164 - - [17/Jul/2025:12:20:30 +0000] "POST /get-message-notify HTTP/1.1" 200 19555 "https://alalamy.com.au/items/flowers/other-succulents/3781329/" "Mozilla/5.0 (Linux; Android 6.0.1; Nexus 5X Build/MMB29P) AppleWebKit/537.36 (KHTML, like Gecko) Chrome/137.0.7151.119 Mobile Safari/537.36 (compatible; Googlebot/2.1; +http://www.google.com/bot.html)"
66.249.65.164 - - [17/Jul/2025:12:20:32 +0000] "GET /items/fashion/dresses/1804256/ HTTP/1.1" 200 21374 "-" "Mozilla/5.0 (Linux; Android 6.0.1; Nexus 5X Build/MMB29P) AppleWebKit/537.36 (KHTML, like Gecko) Chrome/137.0.7151.103 Mobile Safari/537.36 (compatible; GoogleOther)"
66.249.65.164 - - [17/Jul/2025:12:20:38 +0000] "GET /items/sports/marine-sports/4395535/ HTTP/1.1" 200 18553 "-" "Mozilla/5.0 (Linux; Android 6.0.1; Nexus 5X Build/MMB29P) AppleWebKit/537.36 (KHTML, like Gecko) Chrome/137.0.7151.103 Mobile Safari/537.36 (compatible; GoogleOther)"
66.249.65.164 - - [17/Jul/2025:12:20:40 +0000] "POST /get-message-notify HTTP/1.1" 200 19555 "https://alalamy.com.au/items/fashion/dresses/1804256/" "Mozilla/5.0 (Linux; Android 6.0.1; Nexus 5X Build/MMB29P) AppleWebKit/537.36 (KHTML, like Gecko) Chrome/137.0.7151.119 Mobile Safari/537.36 (compatible; Googlebot/2.1; +http://www.google.com/bot.html)"
66.249.65.164 - - [17/Jul/2025:12:20:44 +0000] "GET /items/fashion/womens/3219922/ HTTP/1.1" 200 19607 "-" "Mozilla/5.0 (Linux; Android 6.0.1; Nexus 5X Build/MMB29P) AppleWebKit/537.36 (KHTML, like Gecko) Chrome/137.0.7151.103 Mobile Safari/537.36 (compatible; GoogleOther)"
66.249.65.165 - - [17/Jul/2025:12:20:50 +0000] "GET /items/fashion/womens/5378335/ HTTP/1.1" 200 19921 "-" "Mozilla/5.0 (Linux; Android 6.0.1; Nexus 5X Build/MMB29P) AppleWebKit/537.36 (KHTML, like Gecko) Chrome/137.0.7151.103 Mobile Safari/537.36 (compatible; GoogleOther)"
66.249.65.164 - - [17/Jul/2025:12:20:56 +0000] "GET /items/fashion/outerwear/3693233/ HTTP/1.1" 200 20753 "-" "Mozilla/5.0 (Linux; Android 6.0.1; Nexus 5X Build/MMB29P) AppleWebKit/537.36 (KHTML, like Gecko) Chrome/137.0.7151.103 Mobile Safari/537.36 (compatible; GoogleOther)"
66.249.65.166 - - [17/Jul/2025:12:21:02 +0000] "GET /items/decor/chairs/5035684/ HTTP/1.1" 200 19141 "-" "Mozilla/5.0 (Linux; Android 6.0.1; Nexus 5X Build/MMB29P) AppleWebKit/537.36 (KHTML, like Gecko) Chrome/137.0.7151.103 Mobile Safari/537.36 (compatible; GoogleOther)"
66.249.65.165 - - [17/Jul/2025:12:21:07 +0000] "GET /items/sports/futsal/4356365/ HTTP/1.1" 200 21453 "-" "Mozilla/5.0 (Linux; Android 6.0.1; Nexus 5X Build/MMB29P) AppleWebKit/537.36 (KHTML, like Gecko) Chrome/137.0.7151.103 Mobile Safari/537.36 (compatible; GoogleOther)"
209.74.77.214 - - [17/Jul/2025:12:21:13 +0000] "POST /wp-cron.php?doing_wp_cron=1752754873.0954658985137939453125 HTTP/1.1" 200 - "-" "WordPress/6.8.2; https://alalamy.com.au"
57.141.2.14 - - [17/Jul/2025:12:21:12 +0000] "GET /?k=21413794081900& HTTP/1.1" 301 - "-" "meta-externalagent/1.1 (+https://developers.facebook.com/docs/sharing/webmasters/crawler)"
209.74.77.214 - - [17/Jul/2025:12:21:13 +0000] "POST /wp-admin/admin-ajax.php?action=async_litespeed&nonce=6Pbwn1wiyPQDtUESKtLbWg1ak6Ohq1Wo&litespeed_type=imgoptm HTTP/1.1" 200 21 "-" "WordPress/6.8.2; https://alalamy.com.au"
66.249.65.164 - - [17/Jul/2025:12:21:13 +0000] "GET /items/interior/interior-clocks/2447377/ HTTP/1.1" 200 21364 "-" "Mozilla/5.0 (Linux; Android 6.0.1; Nexus 5X Build/MMB29P) AppleWebKit/537.36 (KHTML, like Gecko) Chrome/137.0.7151.103 Mobile Safari/537.36 (compatible; GoogleOther)"
66.249.65.164 - - [17/Jul/2025:12:21:19 +0000] "POST /get-message-notify HTTP/1.1" 200 19555 "https://alalamy.com.au/items/sports/marine-sports/4395535/" "Mozilla/5.0 (Linux; Android 6.0.1; Nexus 5X Build/MMB29P) AppleWebKit/537.36 (KHTML, like Gecko) Chrome/137.0.7151.119 Mobile Safari/537.36 (compatible; Googlebot/2.1; +http://www.google.com/bot.html)"
66.249.65.164 - - [17/Jul/2025:12:21:19 +0000] "GET /items/cars/cars/4425696/ HTTP/1.1" 200 19395 "-" "Mozilla/5.0 (Linux; Android 6.0.1; Nexus 5X Build/MMB29P) AppleWebKit/537.36 (KHTML, like Gecko) Chrome/137.0.7151.103 Mobile Safari/537.36 (compatible; GoogleOther)"
66.249.65.164 - - [17/Jul/2025:12:21:22 +0000] "POST /get-message-notify HTTP/1.1" 200 19555 "https://alalamy.com.au/items/decor/chairs/5035684/" "Mozilla/5.0 (Linux; Android 6.0.1; Nexus 5X Build/MMB29P) AppleWebKit/537.36 (KHTML, like Gecko) Chrome/137.0.7151.119 Mobile Safari/537.36 (compatible; Googlebot/2.1; +http://www.google.com/bot.html)"
66.249.65.164 - - [17/Jul/2025:12:21:25 +0000] "GET /items/sports/tennis/4229717/ HTTP/1.1" 200 19761 "-" "Mozilla/5.0 (Linux; Android 6.0.1; Nexus 5X Build/MMB29P) AppleWebKit/537.36 (KHTML, like Gecko) Chrome/137.0.7151.103 Mobile Safari/537.36 (compatible; GoogleOther)"
66.249.65.164 - - [17/Jul/2025:12:21:27 +0000] "POST /get-message-notify HTTP/1.1" 200 19555 "https://alalamy.com.au/items/fashion/outerwear/3693233/" "Mozilla/5.0 (Linux; Android 6.0.1; Nexus 5X Build/MMB29P) AppleWebKit/537.36 (KHTML, like Gecko) Chrome/137.0.7151.119 Mobile Safari/537.36 (compatible; Googlebot/2.1; +http://www.google.com/bot.html)"
