209.85.238.68 - - [17/Jul/2025:16:10:04 +0000] "GET /wp-includes/js/dist/i18n.min.js?ver=5e580eb46a90c2b997e6 HTTP/1.1" 200 3667 "https://alalamy.com.au/?k=64836034021900&mod=55e58848&uri=product.php%3Fid%3D2163622-183%26name%3Dall%20scooty%20price%20and%20image" "Mozilla/5.0 (X11; Linux x86_64) AppleWebKit/537.36 (KHTML, like Gecko) Chrome/137.0.7151.119 Safari/537.36"
209.85.238.68 - - [17/Jul/2025:16:10:04 +0000] "GET /wp-content/plugins/contact-form-7/includes/js/index.js?ver=6.0.6 HTTP/1.1" 200 4265 "https://alalamy.com.au/?k=64836034021900&mod=55e58848&uri=product.php%3Fid%3D2163622-183%26name%3Dall%20scooty%20price%20and%20image" "Mozilla/5.0 (X11; Linux x86_64) AppleWebKit/537.36 (KHTML, like Gecko) Chrome/137.0.7151.119 Safari/537.36"
209.85.238.68 - - [17/Jul/2025:16:10:04 +0000] "GET /wp-content/plugins/elementor/assets/lib/swiper/v8/swiper.min.js?ver=8.4.5 HTTP/1.1" 200 39695 "https://alalamy.com.au/?k=64836034021900&mod=55e58848&uri=product.php%3Fid%3D2163622-183%26name%3Dall%20scooty%20price%20and%20image" "Mozilla/5.0 (X11; Linux x86_64) AppleWebKit/537.36 (KHTML, like Gecko) Chrome/137.0.7151.119 Safari/537.36"
209.85.238.68 - - [17/Jul/2025:16:10:04 +0000] "GET /wp-content/uploads/2022/03/grid_gal1.jpg HTTP/1.1" 200 88913 "https://alalamy.com.au/?k=64836034021900&mod=55e58848&uri=product.php%3Fid%3D2163622-183%26name%3Dall%20scooty%20price%20and%20image" "Mozilla/5.0 (X11; Linux x86_64) AppleWebKit/537.36 (KHTML, like Gecko) Chrome/137.0.7151.119 Safari/537.36"
209.85.238.68 - - [17/Jul/2025:16:10:04 +0000] "GET /wp-content/themes/kaffen/assets/js/parallax.js?ver=1.0.0 HTTP/1.1" 200 4003 "https://alalamy.com.au/?k=64836034021900&mod=55e58848&uri=product.php%3Fid%3D2163622-183%26name%3Dall%20scooty%20price%20and%20image" "Mozilla/5.0 (X11; Linux x86_64) AppleWebKit/537.36 (KHTML, like Gecko) Chrome/137.0.7151.119 Safari/537.36"
209.85.238.68 - - [17/Jul/2025:16:10:04 +0000] "GET /wp-content/uploads/2022/03/rev1.jpg HTTP/1.1" 200 28198 "https://alalamy.com.au/?k=64836034021900&mod=55e58848&uri=product.php%3Fid%3D2163622-183%26name%3Dall%20scooty%20price%20and%20image" "Mozilla/5.0 (X11; Linux x86_64) AppleWebKit/537.36 (KHTML, like Gecko) Chrome/137.0.7151.119 Safari/537.36"
209.85.238.68 - - [17/Jul/2025:16:10:05 +0000] "GET /wp-content/plugins/woocommerce/assets/js/frontend/order-attribution.min.js?ver=9.8.5 HTTP/1.1" 200 1137 "https://alalamy.com.au/?k=64836034021900&mod=55e58848&uri=product.php%3Fid%3D2163622-183%26name%3Dall%20scooty%20price%20and%20image" "Mozilla/5.0 (X11; Linux x86_64) AppleWebKit/537.36 (KHTML, like Gecko) Chrome/137.0.7151.119 Safari/537.36"
209.85.238.68 - - [17/Jul/2025:16:10:05 +0000] "GET /wp-content/plugins/elementor/assets/js/frontend-modules.min.js?ver=3.29.1 HTTP/1.1" 200 14815 "https://alalamy.com.au/?k=64836034021900&mod=55e58848&uri=product.php%3Fid%3D2163622-183%26name%3Dall%20scooty%20price%20and%20image" "Mozilla/5.0 (X11; Linux x86_64) AppleWebKit/537.36 (KHTML, like Gecko) Chrome/137.0.7151.119 Safari/537.36"
66.249.65.164 - - [17/Jul/2025:16:10:04 +0000] "GET /?k=7580089041900&mod=ec5df877&uri=dp.php?shopbrand/8597013.htm HTTP/1.1" 200 19823 "-" "Mozilla/5.0 (Linux; Android 6.0.1; Nexus 5X Build/MMB29P) AppleWebKit/537.36 (KHTML, like Gecko) Chrome/137.0.7151.103 Mobile Safari/537.36 (compatible; Googlebot/2.1; +http://www.google.com/bot.html)"
209.85.238.68 - - [17/Jul/2025:16:10:05 +0000] "GET /wp-content/uploads/2022/03/service3.jpg HTTP/1.1" 200 206389 "https://alalamy.com.au/?k=64836034021900&mod=55e58848&uri=product.php%3Fid%3D2163622-183%26name%3Dall%20scooty%20price%20and%20image" "Mozilla/5.0 (X11; Linux x86_64) AppleWebKit/537.36 (KHTML, like Gecko) Chrome/137.0.7151.119 Safari/537.36"
209.85.238.68 - - [17/Jul/2025:16:10:05 +0000] "GET /wp-content/uploads/2024/09/Kassari-Cheese-and-Mortadella-pastry.jpg HTTP/1.1" 200 114027 "https://alalamy.com.au/?k=64836034021900&mod=55e58848&uri=product.php%3Fid%3D2163622-183%26name%3Dall%20scooty%20price%20and%20image" "Mozilla/5.0 (X11; Linux x86_64) AppleWebKit/537.36 (KHTML, like Gecko) Chrome/137.0.7151.119 Safari/537.36"
209.85.238.68 - - [17/Jul/2025:16:10:05 +0000] "GET /wp-content/uploads/2024/09/Chicken-Pizza-with-a-Garlic.jpg HTTP/1.1" 200 206384 "https://alalamy.com.au/?k=64836034021900&mod=55e58848&uri=product.php%3Fid%3D2163622-183%26name%3Dall%20scooty%20price%20and%20image" "Mozilla/5.0 (X11; Linux x86_64) AppleWebKit/537.36 (KHTML, like Gecko) Chrome/137.0.7151.119 Safari/537.36"
209.85.238.68 - - [17/Jul/2025:16:10:05 +0000] "GET /wp-content/themes/kaffen/assets/js/magnific-popup.js?ver=1.0.0 HTTP/1.1" 200 7346 "https://alalamy.com.au/?k=64836034021900&mod=55e58848&uri=product.php%3Fid%3D2163622-183%26name%3Dall%20scooty%20price%20and%20image" "Mozilla/5.0 (X11; Linux x86_64) AppleWebKit/537.36 (KHTML, like Gecko) Chrome/137.0.7151.119 Safari/537.36"
209.85.238.68 - - [17/Jul/2025:16:10:05 +0000] "GET /wp-content/plugins/happy-elementor-addons/assets/js/extension-reading-progress-bar.min.js?ver=3.17.0 HTTP/1.1" 200 582 "https://alalamy.com.au/?k=64836034021900&mod=55e58848&uri=product.php%3Fid%3D2163622-183%26name%3Dall%20scooty%20price%20and%20image" "Mozilla/5.0 (X11; Linux x86_64) AppleWebKit/537.36 (KHTML, like Gecko) Chrome/137.0.7151.119 Safari/537.36"
209.85.238.68 - - [17/Jul/2025:16:10:05 +0000] "GET /wp-content/plugins/happy-elementor-addons/assets/js/extension-equal-height.min.js?ver=3.17.0 HTTP/1.1" 200 805 "https://alalamy.com.au/?k=64836034021900&mod=55e58848&uri=product.php%3Fid%3D2163622-183%26name%3Dall%20scooty%20price%20and%20image" "Mozilla/5.0 (X11; Linux x86_64) AppleWebKit/537.36 (KHTML, like Gecko) Chrome/137.0.7151.119 Safari/537.36"
209.85.238.68 - - [17/Jul/2025:16:10:05 +0000] "GET /wp-content/plugins/happy-elementor-addons/assets/vendor/jquery-match-height/jquery.matchHeight-min.js?ver=3.17.0 HTTP/1.1" 200 1389 "https://alalamy.com.au/?k=64836034021900&mod=55e58848&uri=product.php%3Fid%3D2163622-183%26name%3Dall%20scooty%20price%20and%20image" "Mozilla/5.0 (X11; Linux x86_64) AppleWebKit/537.36 (KHTML, like Gecko) Chrome/137.0.7151.119 Safari/537.36"
209.85.238.68 - - [17/Jul/2025:16:10:06 +0000] "GET /wp-content/uploads/2024/09/Lebanese-coffee.jpg HTTP/1.1" 200 122422 "https://alalamy.com.au/?k=64836034021900&mod=55e58848&uri=product.php%3Fid%3D2163622-183%26name%3Dall%20scooty%20price%20and%20image" "Mozilla/5.0 (X11; Linux x86_64) AppleWebKit/537.36 (KHTML, like Gecko) Chrome/137.0.7151.119 Safari/537.36"
209.85.238.68 - - [17/Jul/2025:16:10:06 +0000] "GET /wp-content/plugins/woocommerce/assets/js/frontend/add-to-cart.min.js?ver=9.8.5 HTTP/1.1" 200 1368 "https://alalamy.com.au/?k=64836034021900&mod=55e58848&uri=product.php%3Fid%3D2163622-183%26name%3Dall%20scooty%20price%20and%20image" "Mozilla/5.0 (X11; Linux x86_64) AppleWebKit/537.36 (KHTML, like Gecko) Chrome/137.0.7151.119 Safari/537.36"
209.85.238.68 - - [17/Jul/2025:16:10:06 +0000] "GET /wp-content/plugins/woocommerce/assets/css/woocommerce-smallscreen.css?ver=9.8.5 HTTP/1.1" 200 1279 "https://alalamy.com.au/?k=64836034021900&mod=55e58848&uri=product.php%3Fid%3D2163622-183%26name%3Dall%20scooty%20price%20and%20image" "Mozilla/5.0 (X11; Linux x86_64) AppleWebKit/537.36 (KHTML, like Gecko) Chrome/137.0.7151.119 Safari/537.36"
209.85.238.68 - - [17/Jul/2025:16:10:06 +0000] "GET /wp-content/themes/kaffen/assets/js/rrssb.js?ver=1.0.0 HTTP/1.1" 200 1642 "https://alalamy.com.au/?k=64836034021900&mod=55e58848&uri=product.php%3Fid%3D2163622-183%26name%3Dall%20scooty%20price%20and%20image" "Mozilla/5.0 (X11; Linux x86_64) AppleWebKit/537.36 (KHTML, like Gecko) Chrome/137.0.7151.119 Safari/537.36"
209.85.238.68 - - [17/Jul/2025:16:10:06 +0000] "GET /wp-content/themes/kaffen/assets/js/jquery.scrolla.js?ver=1.0.0 HTTP/1.1" 200 733 "https://alalamy.com.au/?k=64836034021900&mod=55e58848&uri=product.php%3Fid%3D2163622-183%26name%3Dall%20scooty%20price%20and%20image" "Mozilla/5.0 (X11; Linux x86_64) AppleWebKit/537.36 (KHTML, like Gecko) Chrome/137.0.7151.119 Safari/537.36"
209.85.238.68 - - [17/Jul/2025:16:10:06 +0000] "GET /wp-content/uploads/2022/03/grid_gal2-900x601.jpg HTTP/1.1" 200 41206 "https://alalamy.com.au/?k=64836034021900&mod=55e58848&uri=product.php%3Fid%3D2163622-183%26name%3Dall%20scooty%20price%20and%20image" "Mozilla/5.0 (X11; Linux x86_64) AppleWebKit/537.36 (KHTML, like Gecko) Chrome/137.0.7151.119 Safari/537.36"
209.85.238.68 - - [17/Jul/2025:16:10:06 +0000] "GET /wp-includes/js/jquery/ui/core.min.js?ver=1.13.3 HTTP/1.1" 200 7106 "https://alalamy.com.au/?k=64836034021900&mod=55e58848&uri=product.php%3Fid%3D2163622-183%26name%3Dall%20scooty%20price%20and%20image" "Mozilla/5.0 (X11; Linux x86_64) AppleWebKit/537.36 (KHTML, like Gecko) Chrome/137.0.7151.119 Safari/537.36"
209.85.238.68 - - [17/Jul/2025:16:10:06 +0000] "GET /wp-content/themes/kaffen/assets/js/imagesloaded.pkgd.js?ver=1.0.0 HTTP/1.1" 200 1810 "https://alalamy.com.au/?k=64836034021900&mod=55e58848&uri=product.php%3Fid%3D2163622-183%26name%3Dall%20scooty%20price%20and%20image" "Mozilla/5.0 (X11; Linux x86_64) AppleWebKit/537.36 (KHTML, like Gecko) Chrome/137.0.7151.119 Safari/537.36"
209.85.238.68 - - [17/Jul/2025:16:10:06 +0000] "GET /wp-content/themes/kaffen/assets/js/skip-link-focus-fix.js?ver=20151215 HTTP/1.1" 200 438 "https://alalamy.com.au/?k=64836034021900&mod=55e58848&uri=product.php%3Fid%3D2163622-183%26name%3Dall%20scooty%20price%20and%20image" "Mozilla/5.0 (X11; Linux x86_64) AppleWebKit/537.36 (KHTML, like Gecko) Chrome/137.0.7151.119 Safari/537.36"
209.85.238.68 - - [17/Jul/2025:16:10:07 +0000] "GET /wp-content/uploads/2024/09/2ca013755a78033f7f17219a1ae0c002.jpg HTTP/1.1" 200 170683 "https://alalamy.com.au/?k=64836034021900&mod=55e58848&uri=product.php%3Fid%3D2163622-183%26name%3Dall%20scooty%20price%20and%20image" "Mozilla/5.0 (X11; Linux x86_64) AppleWebKit/537.36 (KHTML, like Gecko) Chrome/137.0.7151.119 Safari/537.36"
209.85.238.68 - - [17/Jul/2025:16:10:07 +0000] "GET /wp-content/uploads/2022/03/menu1.jpg HTTP/1.1" 200 145586 "https://alalamy.com.au/?k=64836034021900&mod=55e58848&uri=product.php%3Fid%3D2163622-183%26name%3Dall%20scooty%20price%20and%20image" "Mozilla/5.0 (X11; Linux x86_64) AppleWebKit/537.36 (KHTML, like Gecko) Chrome/137.0.7151.119 Safari/537.36"
209.85.238.68 - - [17/Jul/2025:16:10:07 +0000] "GET /wp-content/uploads/2022/03/grid_gal5.jpg HTTP/1.1" 200 109149 "https://alalamy.com.au/?k=64836034021900&mod=55e58848&uri=product.php%3Fid%3D2163622-183%26name%3Dall%20scooty%20price%20and%20image" "Mozilla/5.0 (X11; Linux x86_64) AppleWebKit/537.36 (KHTML, like Gecko) Chrome/137.0.7151.119 Safari/537.36"
209.85.238.68 - - [17/Jul/2025:16:10:07 +0000] "GET /wp-content/uploads/elementor/css/post-912.css?ver=1748846880 HTTP/1.1" 200 497 "https://alalamy.com.au/?k=64836034021900&mod=55e58848&uri=product.php%3Fid%3D2163622-183%26name%3Dall%20scooty%20price%20and%20image" "Mozilla/5.0 (X11; Linux x86_64) AppleWebKit/537.36 (KHTML, like Gecko) Chrome/137.0.7151.119 Safari/537.36"
209.85.238.68 - - [17/Jul/2025:16:10:07 +0000] "GET /wp-content/themes/kaffen/assets/js/jquery.paroller.min.js?ver=1.0.0 HTTP/1.1" 200 1198 "https://alalamy.com.au/?k=64836034021900&mod=55e58848&uri=product.php%3Fid%3D2163622-183%26name%3Dall%20scooty%20price%20and%20image" "Mozilla/5.0 (X11; Linux x86_64) AppleWebKit/537.36 (KHTML, like Gecko) Chrome/137.0.7151.119 Safari/537.36"
209.85.238.68 - - [17/Jul/2025:16:10:07 +0000] "GET /wp-content/plugins/woocommerce/assets/js/sourcebuster/sourcebuster.min.js?ver=9.8.5 HTTP/1.1" 200 4807 "https://alalamy.com.au/?k=64836034021900&mod=55e58848&uri=product.php%3Fid%3D2163622-183%26name%3Dall%20scooty%20price%20and%20image" "Mozilla/5.0 (X11; Linux x86_64) AppleWebKit/537.36 (KHTML, like Gecko) Chrome/137.0.7151.119 Safari/537.36"
209.85.238.68 - - [17/Jul/2025:16:10:07 +0000] "GET /wp-content/plugins/elementor/assets/js/webpack.runtime.min.js?ver=3.29.1 HTTP/1.1" 200 2516 "https://alalamy.com.au/?k=64836034021900&mod=55e58848&uri=product.php%3Fid%3D2163622-183%26name%3Dall%20scooty%20price%20and%20image" "Mozilla/5.0 (X11; Linux x86_64) AppleWebKit/537.36 (KHTML, like Gecko) Chrome/137.0.7151.119 Safari/537.36"
209.85.238.68 - - [17/Jul/2025:16:10:07 +0000] "GET /wp-content/uploads/2024/09/Alamy-breakfast.jpg HTTP/1.1" 200 253794 "https://alalamy.com.au/?k=64836034021900&mod=55e58848&uri=product.php%3Fid%3D2163622-183%26name%3Dall%20scooty%20price%20and%20image" "Mozilla/5.0 (X11; Linux x86_64) AppleWebKit/537.36 (KHTML, like Gecko) Chrome/137.0.7151.119 Safari/537.36"
209.85.238.68 - - [17/Jul/2025:16:10:07 +0000] "GET /wp-content/plugins/woocommerce/assets/js/jquery-blockui/jquery.blockUI.min.js?ver=2.7.0-wc.9.8.5 HTTP/1.1" 200 3537 "https://alalamy.com.au/?k=64836034021900&mod=55e58848&uri=product.php%3Fid%3D2163622-183%26name%3Dall%20scooty%20price%20and%20image" "Mozilla/5.0 (X11; Linux x86_64) AppleWebKit/537.36 (KHTML, like Gecko) Chrome/137.0.7151.119 Safari/537.36"
209.85.238.68 - - [17/Jul/2025:16:10:07 +0000] "GET /wp-content/uploads/2024/09/275622839_10224019954099472_8526428074003913221_n-1.jpg HTTP/1.1" 200 42760 "https://alalamy.com.au/?k=64836034021900&mod=55e58848&uri=product.php%3Fid%3D2163622-183%26name%3Dall%20scooty%20price%20and%20image" "Mozilla/5.0 (X11; Linux x86_64) AppleWebKit/537.36 (KHTML, like Gecko) Chrome/137.0.7151.119 Safari/537.36"
209.85.238.68 - - [17/Jul/2025:16:10:08 +0000] "GET /wp-content/uploads/2022/03/menu4.jpg HTTP/1.1" 200 234462 "https://alalamy.com.au/?k=64836034021900&mod=55e58848&uri=product.php%3Fid%3D2163622-183%26name%3Dall%20scooty%20price%20and%20image" "Mozilla/5.0 (X11; Linux x86_64) AppleWebKit/537.36 (KHTML, like Gecko) Chrome/137.0.7151.119 Safari/537.36"
209.85.238.68 - - [17/Jul/2025:16:10:08 +0000] "GET /wp-content/plugins/elementor-pro/assets/js/webpack-pro.runtime.min.js?ver=3.29.1 HTTP/1.1" 200 2855 "https://alalamy.com.au/?k=64836034021900&mod=55e58848&uri=product.php%3Fid%3D2163622-183%26name%3Dall%20scooty%20price%20and%20image" "Mozilla/5.0 (X11; Linux x86_64) AppleWebKit/537.36 (KHTML, like Gecko) Chrome/137.0.7151.119 Safari/537.36"
209.85.238.68 - - [17/Jul/2025:16:10:08 +0000] "GET /wp-content/plugins/woocommerce/assets/js/frontend/woocommerce.min.js?ver=9.8.5 HTTP/1.1" 200 1437 "https://alalamy.com.au/?k=64836034021900&mod=55e58848&uri=product.php%3Fid%3D2163622-183%26name%3Dall%20scooty%20price%20and%20image" "Mozilla/5.0 (X11; Linux x86_64) AppleWebKit/537.36 (KHTML, like Gecko) Chrome/137.0.7151.119 Safari/537.36"
209.85.238.68 - - [17/Jul/2025:16:10:08 +0000] "GET /wp-content/plugins/elementor-pro/assets/js/frontend.min.js?ver=3.29.1 HTTP/1.1" 200 6511 "https://alalamy.com.au/?k=64836034021900&mod=55e58848&uri=product.php%3Fid%3D2163622-183%26name%3Dall%20scooty%20price%20and%20image" "Mozilla/5.0 (X11; Linux x86_64) AppleWebKit/537.36 (KHTML, like Gecko) Chrome/137.0.7151.119 Safari/537.36"
209.85.238.68 - - [17/Jul/2025:16:10:08 +0000] "GET /wp-content/plugins/happy-elementor-addons/assets/js/happy-addons.min.js?ver=3.17.0 HTTP/1.1" 200 8561 "https://alalamy.com.au/?k=64836034021900&mod=55e58848&uri=product.php%3Fid%3D2163622-183%26name%3Dall%20scooty%20price%20and%20image" "Mozilla/5.0 (X11; Linux x86_64) AppleWebKit/537.36 (KHTML, like Gecko) Chrome/137.0.7151.119 Safari/537.36"
209.85.238.68 - - [17/Jul/2025:16:10:08 +0000] "GET /wp-content/plugins/elementor/assets/js/frontend.min.js?ver=3.29.1 HTTP/1.1" 200 10595 "https://alalamy.com.au/?k=64836034021900&mod=55e58848&uri=product.php%3Fid%3D2163622-183%26name%3Dall%20scooty%20price%20and%20image" "Mozilla/5.0 (X11; Linux x86_64) AppleWebKit/537.36 (KHTML, like Gecko) Chrome/137.0.7151.119 Safari/537.36"
209.85.238.68 - - [17/Jul/2025:16:10:08 +0000] "GET /wp-content/uploads/2022/03/menu2.jpg HTTP/1.1" 200 193493 "https://alalamy.com.au/?k=64836034021900&mod=55e58848&uri=product.php%3Fid%3D2163622-183%26name%3Dall%20scooty%20price%20and%20image" "Mozilla/5.0 (X11; Linux x86_64) AppleWebKit/537.36 (KHTML, like Gecko) Chrome/137.0.7151.119 Safari/537.36"
209.85.238.68 - - [17/Jul/2025:16:10:08 +0000] "GET /wp-content/uploads/2024/09/Variety-Platter.jpg HTTP/1.1" 200 234193 "https://alalamy.com.au/?k=64836034021900&mod=55e58848&uri=product.php%3Fid%3D2163622-183%26name%3Dall%20scooty%20price%20and%20image" "Mozilla/5.0 (X11; Linux x86_64) AppleWebKit/537.36 (KHTML, like Gecko) Chrome/137.0.7151.119 Safari/537.36"
209.85.238.68 - - [17/Jul/2025:16:10:08 +0000] "GET /wp-content/plugins/elementor-pro/assets/js/elements-handlers.min.js?ver=3.29.1 HTTP/1.1" 200 10701 "https://alalamy.com.au/?k=64836034021900&mod=55e58848&uri=product.php%3Fid%3D2163622-183%26name%3Dall%20scooty%20price%20and%20image" "Mozilla/5.0 (X11; Linux x86_64) AppleWebKit/537.36 (KHTML, like Gecko) Chrome/137.0.7151.119 Safari/537.36"
209.85.238.68 - - [17/Jul/2025:16:10:09 +0000] "GET /wp-content/uploads/2022/03/rev3.jpg HTTP/1.1" 200 58410 "https://alalamy.com.au/?k=64836034021900&mod=55e58848&uri=product.php%3Fid%3D2163622-183%26name%3Dall%20scooty%20price%20and%20image" "Mozilla/5.0 (X11; Linux x86_64) AppleWebKit/537.36 (KHTML, like Gecko) Chrome/137.0.7151.119 Safari/537.36"
209.85.238.69 - - [17/Jul/2025:16:10:09 +0000] "GET /wp-content/uploads/2024/09/unnamed.png HTTP/1.1" 200 18766 "https://alalamy.com.au/?k=64836034021900&mod=55e58848&uri=product.php%3Fid%3D2163622-183%26name%3Dall%20scooty%20price%20and%20image" "Mozilla/5.0 (X11; Linux x86_64) AppleWebKit/537.36 (KHTML, like Gecko) Chrome/137.0.7151.119 Safari/537.36"
209.85.238.68 - - [17/Jul/2025:16:10:09 +0000] "GET /wp-content/uploads/2022/03/rev2.jpg HTTP/1.1" 200 27002 "https://alalamy.com.au/?k=64836034021900&mod=55e58848&uri=product.php%3Fid%3D2163622-183%26name%3Dall%20scooty%20price%20and%20image" "Mozilla/5.0 (X11; Linux x86_64) AppleWebKit/537.36 (KHTML, like Gecko) Chrome/137.0.7151.119 Safari/537.36"
209.85.238.69 - - [17/Jul/2025:16:10:09 +0000] "GET /wp-content/themes/kaffen/assets/js/bootstrap.js?ver=1.0.0 HTTP/1.1" 200 22411 "https://alalamy.com.au/?k=64836034021900&mod=55e58848&uri=product.php%3Fid%3D2163622-183%26name%3Dall%20scooty%20price%20and%20image" "Mozilla/5.0 (X11; Linux x86_64) AppleWebKit/537.36 (KHTML, like Gecko) Chrome/137.0.7151.119 Safari/537.36"
209.85.238.69 - - [17/Jul/2025:16:10:09 +0000] "GET /wp-content/themes/kaffen/assets/js/common.js?ver=1.0.0 HTTP/1.1" 200 3661 "https://alalamy.com.au/?k=64836034021900&mod=55e58848&uri=product.php%3Fid%3D2163622-183%26name%3Dall%20scooty%20price%20and%20image" "Mozilla/5.0 (X11; Linux x86_64) AppleWebKit/537.36 (KHTML, like Gecko) Chrome/137.0.7151.119 Safari/537.36"
209.85.238.68 - - [17/Jul/2025:16:10:09 +0000] "GET /wp-content/themes/kaffen/assets/js/splitting.js?ver=1.0.0 HTTP/1.1" 200 1735 "https://alalamy.com.au/?k=64836034021900&mod=55e58848&uri=product.php%3Fid%3D2163622-183%26name%3Dall%20scooty%20price%20and%20image" "Mozilla/5.0 (X11; Linux x86_64) AppleWebKit/537.36 (KHTML, like Gecko) Chrome/137.0.7151.119 Safari/537.36"
209.85.238.68 - - [17/Jul/2025:16:10:09 +0000] "GET /wp-content/uploads/2024/09/Savor-the-rich-flavors-of-our-exquisite-Kebbeh-Plate.-KebbehDelight-TraditionalEats-SavorTheFlavor-MediterraneanCuisine-HomemadeGoodness-FoodieFaves-CulinaryTradition-FoodGems-SavorTheMoment-kebbehlove.jpg HTTP/1.1" 200 257260 "https://alalamy.com.au/?k=64836034021900&mod=55e58848&uri=product.php%3Fid%3D2163622-183%26name%3Dall%20scooty%20price%20and%20image" "Mozilla/5.0 (X11; Linux x86_64) AppleWebKit/537.36 (KHTML, like Gecko) Chrome/137.0.7151.119 Safari/537.36"
209.85.238.68 - - [17/Jul/2025:16:10:09 +0000] "GET /wp-content/plugins/elementor/assets/css/widget-image.min.css?ver=3.29.1 HTTP/1.1" 200 164 "https://alalamy.com.au/?k=64836034021900&mod=55e58848&uri=product.php%3Fid%3D2163622-183%26name%3Dall%20scooty%20price%20and%20image" "Mozilla/5.0 (X11; Linux x86_64) AppleWebKit/537.36 (KHTML, like Gecko) Chrome/137.0.7151.119 Safari/537.36"
209.85.238.69 - - [17/Jul/2025:16:10:09 +0000] "GET /wp-content/themes/kaffen/assets/js/skrollr.js?ver=1.0.0 HTTP/1.1" 200 13874 "https://alalamy.com.au/?k=64836034021900&mod=55e58848&uri=product.php%3Fid%3D2163622-183%26name%3Dall%20scooty%20price%20and%20image" "Mozilla/5.0 (X11; Linux x86_64) AppleWebKit/537.36 (KHTML, like Gecko) Chrome/137.0.7151.119 Safari/537.36"
209.85.238.69 - - [17/Jul/2025:16:10:09 +0000] "GET /wp-content/uploads/2022/03/grid_gal3.jpg HTTP/1.1" 200 114466 "https://alalamy.com.au/?k=64836034021900&mod=55e58848&uri=product.php%3Fid%3D2163622-183%26name%3Dall%20scooty%20price%20and%20image" "Mozilla/5.0 (X11; Linux x86_64) AppleWebKit/537.36 (KHTML, like Gecko) Chrome/137.0.7151.119 Safari/537.36"
209.85.238.68 - - [17/Jul/2025:16:10:10 +0000] "GET /wp-content/plugins/contact-form-7/includes/swv/js/index.js?ver=6.0.6 HTTP/1.1" 200 3503 "https://alalamy.com.au/?k=64836034021900&mod=55e58848&uri=product.php%3Fid%3D2163622-183%26name%3Dall%20scooty%20price%20and%20image" "Mozilla/5.0 (X11; Linux x86_64) AppleWebKit/537.36 (KHTML, like Gecko) Chrome/137.0.7151.119 Safari/537.36"
209.85.238.68 - - [17/Jul/2025:16:10:10 +0000] "GET /wp-content/uploads/2022/03/grid_gal4-900x506.jpg HTTP/1.1" 200 60982 "https://alalamy.com.au/?k=64836034021900&mod=55e58848&uri=product.php%3Fid%3D2163622-183%26name%3Dall%20scooty%20price%20and%20image" "Mozilla/5.0 (X11; Linux x86_64) AppleWebKit/537.36 (KHTML, like Gecko) Chrome/137.0.7151.119 Safari/537.36"
209.85.238.69 - - [17/Jul/2025:16:10:10 +0000] "GET /wp-content/themes/kaffen/assets/js/isotope.pkgd.js?ver=1.0.0 HTTP/1.1" 200 21617 "https://alalamy.com.au/?k=64836034021900&mod=55e58848&uri=product.php%3Fid%3D2163622-183%26name%3Dall%20scooty%20price%20and%20image" "Mozilla/5.0 (X11; Linux x86_64) AppleWebKit/537.36 (KHTML, like Gecko) Chrome/137.0.7151.119 Safari/537.36"
209.85.238.68 - - [17/Jul/2025:16:10:10 +0000] "GET /wp-content/plugins/kaffen-plugin/elementor/assets/js/front-end-widgets.js?ver=6.8.2 HTTP/1.1" 200 293 "https://alalamy.com.au/?k=64836034021900&mod=55e58848&uri=product.php%3Fid%3D2163622-183%26name%3Dall%20scooty%20price%20and%20image" "Mozilla/5.0 (X11; Linux x86_64) AppleWebKit/537.36 (KHTML, like Gecko) Chrome/137.0.7151.119 Safari/537.36"
209.85.238.68 - - [17/Jul/2025:16:10:10 +0000] "GET /wp-content/themes/kaffen/assets/js/jquery.easy_number_animate.js?ver=1.0.0 HTTP/1.1" 200 854 "https://alalamy.com.au/?k=64836034021900&mod=55e58848&uri=product.php%3Fid%3D2163622-183%26name%3Dall%20scooty%20price%20and%20image" "Mozilla/5.0 (X11; Linux x86_64) AppleWebKit/537.36 (KHTML, like Gecko) Chrome/137.0.7151.119 Safari/537.36"
209.85.238.68 - - [17/Jul/2025:16:10:10 +0000] "GET /wp-content/plugins/woocommerce/assets/js/js-cookie/js.cookie.min.js?ver=2.1.4-wc.9.8.5 HTTP/1.1" 200 833 "https://alalamy.com.au/?k=64836034021900&mod=55e58848&uri=product.php%3Fid%3D2163622-183%26name%3Dall%20scooty%20price%20and%20image" "Mozilla/5.0 (X11; Linux x86_64) AppleWebKit/537.36 (KHTML, like Gecko) Chrome/137.0.7151.119 Safari/537.36"
209.85.238.68 - - [17/Jul/2025:16:10:10 +0000] "GET /wp-content/uploads/2024/09/147472321_4055799534464192_9209196638484611931_n.jpg HTTP/1.1" 200 479057 "https://alalamy.com.au/?k=64836034021900&mod=55e58848&uri=product.php%3Fid%3D2163622-183%26name%3Dall%20scooty%20price%20and%20image" "Mozilla/5.0 (X11; Linux x86_64) AppleWebKit/537.36 (KHTML, like Gecko) Chrome/137.0.7151.119 Safari/537.36"
209.85.238.68 - - [17/Jul/2025:16:10:10 +0000] "GET /wp-content/uploads/2024/09/166064144_4191888957521915_280825211889539789_n.jpg HTTP/1.1" 200 118653 "https://alalamy.com.au/?k=64836034021900&mod=55e58848&uri=product.php%3Fid%3D2163622-183%26name%3Dall%20scooty%20price%20and%20image" "Mozilla/5.0 (X11; Linux x86_64) AppleWebKit/537.36 (KHTML, like Gecko) Chrome/137.0.7151.119 Safari/537.36"
209.85.238.68 - - [17/Jul/2025:16:10:10 +0000] "GET /wp-content/themes/kaffen/assets/images/nav2.png HTTP/1.1" 200 3186 "https://alalamy.com.au/wp-content/themes/kaffen/style.css?ver=6.8.2" "Mozilla/5.0 (X11; Linux x86_64) AppleWebKit/537.36 (KHTML, like Gecko) Chrome/137.0.7151.119 Safari/537.36"
209.85.238.68 - - [17/Jul/2025:16:10:11 +0000] "GET /wp-content/uploads/2022/04/category_bg.jpg HTTP/1.1" 200 133344 "https://alalamy.com.au/wp-content/uploads/elementor/css/post-1481.css?ver=1748846880" "Mozilla/5.0 (X11; Linux x86_64) AppleWebKit/537.36 (KHTML, like Gecko) Chrome/137.0.7151.119 Safari/537.36"
209.85.238.68 - - [17/Jul/2025:16:10:11 +0000] "GET /wp-content/themes/kaffen/assets/images/nav.png HTTP/1.1" 200 3216 "https://alalamy.com.au/wp-content/themes/kaffen/style.css?ver=6.8.2" "Mozilla/5.0 (X11; Linux x86_64) AppleWebKit/537.36 (KHTML, like Gecko) Chrome/137.0.7151.119 Safari/537.36"
209.85.238.68 - - [17/Jul/2025:16:10:11 +0000] "GET /wp-content/uploads/2022/04/testimonials_bg2.jpg HTTP/1.1" 200 60079 "https://alalamy.com.au/wp-content/uploads/elementor/css/post-1481.css?ver=1748846880" "Mozilla/5.0 (X11; Linux x86_64) AppleWebKit/537.36 (KHTML, like Gecko) Chrome/137.0.7151.119 Safari/537.36"
209.85.238.68 - - [17/Jul/2025:16:10:11 +0000] "GET /wp-content/plugins/elementor/assets/lib/font-awesome/webfonts/fa-brands-400.woff2 HTTP/1.1" 200 81604 "https://alalamy.com.au/wp-content/plugins/elementor/assets/lib/font-awesome/css/all.min.css?ver=3.29.1" "Mozilla/5.0 (X11; Linux x86_64) AppleWebKit/537.36 (KHTML, like Gecko) Chrome/137.0.7151.119 Safari/537.36"
209.85.238.68 - - [17/Jul/2025:16:10:11 +0000] "GET /wp-content/themes/kaffen/assets/fonts/font-awesome/fonts/la-solid-900.woff2 HTTP/1.1" 200 96652 "https://alalamy.com.au/wp-content/themes/kaffen/assets/fonts/font-awesome/css/line-awesome.css?ver=6.8.2" "Mozilla/5.0 (X11; Linux x86_64) AppleWebKit/537.36 (KHTML, like Gecko) Chrome/137.0.7151.119 Safari/537.36"
209.85.238.69 - - [17/Jul/2025:16:10:11 +0000] "GET /wp-content/uploads/elementor/google-fonts/fonts/roboto-kfo5cnqeu92fr1mu53zec9_vu3r1gihoszmkbnka.woff2 HTTP/1.1" 200 44220 "https://alalamy.com.au/wp-content/uploads/elementor/google-fonts/css/roboto.css?ver=1748702533" "Mozilla/5.0 (X11; Linux x86_64) AppleWebKit/537.36 (KHTML, like Gecko) Chrome/137.0.7151.119 Safari/537.36"
209.85.238.68 - - [17/Jul/2025:16:10:11 +0000] "GET /wp-content/uploads/elementor/google-fonts/fonts/roboto-kfo7cnqeu92fr1me7ksn66agldtyluama3yuba.woff2 HTTP/1.1" 200 40156 "https://alalamy.com.au/wp-content/uploads/elementor/google-fonts/css/roboto.css?ver=1748702533" "Mozilla/5.0 (X11; Linux x86_64) AppleWebKit/537.36 (KHTML, like Gecko) Chrome/137.0.7151.119 Safari/537.36"
209.85.238.69 - - [17/Jul/2025:16:10:11 +0000] "GET /wp-content/uploads/2024/09/366625665_774723794657202_549346495632988092_n.jpg HTTP/1.1" 200 109382 "https://alalamy.com.au/?k=64836034021900&mod=55e58848&uri=product.php%3Fid%3D2163622-183%26name%3Dall%20scooty%20price%20and%20image" "Mozilla/5.0 (X11; Linux x86_64) AppleWebKit/537.36 (KHTML, like Gecko) Chrome/137.0.7151.119 Safari/537.36"
209.85.238.69 - - [17/Jul/2025:16:10:11 +0000] "GET /wp-content/plugins/elementor/assets/lib/font-awesome/webfonts/fa-solid-900.woff2 HTTP/1.1" 200 78099 "https://alalamy.com.au/wp-content/plugins/elementor/assets/lib/font-awesome/css/all.min.css?ver=3.29.1" "Mozilla/5.0 (X11; Linux x86_64) AppleWebKit/537.36 (KHTML, like Gecko) Chrome/137.0.7151.119 Safari/537.36"
209.85.238.69 - - [17/Jul/2025:16:10:11 +0000] "GET /wp-includes/js/wp-emoji-release.min.js?ver=6.8.2 HTTP/1.1" 200 5163 "https://alalamy.com.au/?k=64836034021900&mod=55e58848&uri=product.php%3Fid%3D2163622-183%26name%3Dall%20scooty%20price%20and%20image" "Mozilla/5.0 (X11; Linux x86_64) AppleWebKit/537.36 (KHTML, like Gecko) Chrome/137.0.7151.119 Safari/537.36"
66.249.65.164 - - [17/Jul/2025:16:10:12 +0000] "GET /?k=7580089041900&mod=ec5df877&uri=dp.php?shopbrand/73309712.htm HTTP/1.1" 200 19324 "-" "Mozilla/5.0 (Linux; Android 6.0.1; Nexus 5X Build/MMB29P) AppleWebKit/537.36 (KHTML, like Gecko) Chrome/137.0.7151.103 Mobile Safari/537.36 (compatible; Googlebot/2.1; +http://www.google.com/bot.html)"
209.85.238.69 - - [17/Jul/2025:16:10:13 +0000] "GET /wp-content/plugins/elementor/assets/js/lightbox.64a93c50cbfc18fcc89b.bundle.min.js HTTP/1.1" 200 9547 "https://alalamy.com.au/?k=64836034021900&mod=55e58848&uri=product.php%3Fid%3D2163622-183%26name%3Dall%20scooty%20price%20and%20image" "Mozilla/5.0 (X11; Linux x86_64) AppleWebKit/537.36 (KHTML, like Gecko) Chrome/137.0.7151.119 Safari/537.36"
209.85.238.69 - - [17/Jul/2025:16:10:13 +0000] "GET /wp-content/plugins/elementor/assets/lib/dialog/dialog.min.js?ver=4.9.3 HTTP/1.1" 200 3782 "https://alalamy.com.au/?k=64836034021900&mod=55e58848&uri=product.php%3Fid%3D2163622-183%26name%3Dall%20scooty%20price%20and%20image" "Mozilla/5.0 (X11; Linux x86_64) AppleWebKit/537.36 (KHTML, like Gecko) Chrome/137.0.7151.119 Safari/537.36"
209.85.238.69 - - [17/Jul/2025:16:10:14 +0000] "GET /wp-content/plugins/elementor/assets/lib/share-link/share-link.min.js?ver=3.29.1 HTTP/1.1" 200 1169 "https://alalamy.com.au/?k=64836034021900&mod=55e58848&uri=product.php%3Fid%3D2163622-183%26name%3Dall%20scooty%20price%20and%20image" "Mozilla/5.0 (X11; Linux x86_64) AppleWebKit/537.36 (KHTML, like Gecko) Chrome/137.0.7151.119 Safari/537.36"
209.85.238.69 - - [17/Jul/2025:16:10:14 +0000] "GET /wp-content/plugins/elementor/assets/css/conditionals/lightbox.min.css?ver=3.29.1 HTTP/1.1" 200 1960 "https://alalamy.com.au/?k=64836034021900&mod=55e58848&uri=product.php%3Fid%3D2163622-183%26name%3Dall%20scooty%20price%20and%20image" "Mozilla/5.0 (X11; Linux x86_64) AppleWebKit/537.36 (KHTML, like Gecko) Chrome/137.0.7151.119 Safari/537.36"
209.85.238.70 - - [17/Jul/2025:16:10:14 +0000] "GET /wp-content/plugins/elementor/assets/css/conditionals/dialog.min.css?ver=3.29.1 HTTP/1.1" 200 1579 "https://alalamy.com.au/?k=64836034021900&mod=55e58848&uri=product.php%3Fid%3D2163622-183%26name%3Dall%20scooty%20price%20and%20image" "Mozilla/5.0 (X11; Linux x86_64) AppleWebKit/537.36 (KHTML, like Gecko) Chrome/137.0.7151.119 Safari/537.36"
209.85.238.70 - - [17/Jul/2025:16:10:14 +0000] "GET /wp-content/plugins/elementor/assets/lib/swiper/v8/css/swiper.min.css?ver=8.4.5 HTTP/1.1" 200 4583 "https://alalamy.com.au/?k=64836034021900&mod=55e58848&uri=product.php%3Fid%3D2163622-183%26name%3Dall%20scooty%20price%20and%20image" "Mozilla/5.0 (X11; Linux x86_64) AppleWebKit/537.36 (KHTML, like Gecko) Chrome/137.0.7151.119 Safari/537.36"
209.85.238.70 - - [17/Jul/2025:16:10:14 +0000] "GET /wp-content/plugins/elementor/assets/js/shared-frontend-handlers.30dc2f9c080845a413a6.bundle.min.js HTTP/1.1" 200 2682 "https://alalamy.com.au/?k=64836034021900&mod=55e58848&uri=product.php%3Fid%3D2163622-183%26name%3Dall%20scooty%20price%20and%20image" "Mozilla/5.0 (X11; Linux x86_64) AppleWebKit/537.36 (KHTML, like Gecko) Chrome/137.0.7151.119 Safari/537.36"
209.85.238.68 - - [17/Jul/2025:16:10:14 +0000] "GET /wp-content/plugins/elementor/assets/js/section-frontend-handlers.d85ab872da118940910d.bundle.min.js HTTP/1.1" 200 298 "https://alalamy.com.au/?k=64836034021900&mod=55e58848&uri=product.php%3Fid%3D2163622-183%26name%3Dall%20scooty%20price%20and%20image" "Mozilla/5.0 (X11; Linux x86_64) AppleWebKit/537.36 (KHTML, like Gecko) Chrome/137.0.7151.119 Safari/537.36"
209.85.238.68 - - [17/Jul/2025:16:10:14 +0000] "GET /wp-content/plugins/elementor/assets/js/text-editor.c084ef86600b6f11690d.bundle.min.js HTTP/1.1" 200 685 "https://alalamy.com.au/?k=64836034021900&mod=55e58848&uri=product.php%3Fid%3D2163622-183%26name%3Dall%20scooty%20price%20and%20image" "Mozilla/5.0 (X11; Linux x86_64) AppleWebKit/537.36 (KHTML, like Gecko) Chrome/137.0.7151.119 Safari/537.36"
66.249.65.166 - - [17/Jul/2025:16:10:14 +0000] "GET /?k=101910115021900&mod=41814002&uri=category-info.php?shopbrand/9041388.htm HTTP/1.1" 200 19174 "-" "Mozilla/5.0 (Linux; Android 6.0.1; Nexus 5X Build/MMB29P) AppleWebKit/537.36 (KHTML, like Gecko) Chrome/137.0.7151.103 Mobile Safari/537.36 (compatible; Googlebot/2.1; +http://www.google.com/bot.html)"
66.249.65.166 - - [17/Jul/2025:16:10:18 +0000] "GET /?k=7580089041900&mod=ec5df877&uri=dp.php?shopbrand/8599652.htm HTTP/1.1" 200 18825 "-" "Mozilla/5.0 (Linux; Android 6.0.1; Nexus 5X Build/MMB29P) AppleWebKit/537.36 (KHTML, like Gecko) Chrome/137.0.7151.103 Mobile Safari/537.36 (compatible; Googlebot/2.1; +http://www.google.com/bot.html)"
66.249.65.165 - - [17/Jul/2025:16:10:23 +0000] "GET /?k=7580089041900&mod=ec5df877&uri=dp.php?shopbrand/7910768.htm HTTP/1.1" 200 19242 "-" "Mozilla/5.0 (Linux; Android 6.0.1; Nexus 5X Build/MMB29P) AppleWebKit/537.36 (KHTML, like Gecko) Chrome/137.0.7151.103 Mobile Safari/537.36 (compatible; Googlebot/2.1; +http://www.google.com/bot.html)"
66.249.65.165 - - [17/Jul/2025:16:10:23 +0000] "POST /get-message-notify HTTP/1.1" 200 19553 "https://alalamy.com.au/?k=7580089041900&mod=ec5df877&uri=dp.php?shopbrand/8597013.htm" "Mozilla/5.0 (Linux; Android 6.0.1; Nexus 5X Build/MMB29P) AppleWebKit/537.36 (KHTML, like Gecko) Chrome/137.0.7151.119 Mobile Safari/537.36 (compatible; Googlebot/2.1; +http://www.google.com/bot.html)"
66.249.65.166 - - [17/Jul/2025:16:10:28 +0000] "GET /?k=7580089041900&mod=ec5df877&uri=dp.php?shopbrand/7580627.htm HTTP/1.1" 200 19240 "-" "Mozilla/5.0 (Linux; Android 6.0.1; Nexus 5X Build/MMB29P) AppleWebKit/537.36 (KHTML, like Gecko) Chrome/137.0.7151.103 Mobile Safari/537.36 (compatible; Googlebot/2.1; +http://www.google.com/bot.html)"
66.249.65.164 - - [17/Jul/2025:16:10:30 +0000] "POST /get-message-notify HTTP/1.1" 200 19553 "https://alalamy.com.au/?k=7580089041900&mod=ec5df877&uri=dp.php?shopbrand/7580627.htm" "Mozilla/5.0 (Linux; Android 6.0.1; Nexus 5X Build/MMB29P) AppleWebKit/537.36 (KHTML, like Gecko) Chrome/137.0.7151.119 Mobile Safari/537.36 (compatible; Googlebot/2.1; +http://www.google.com/bot.html)"
66.249.65.165 - - [17/Jul/2025:16:10:32 +0000] "POST /get-message-notify HTTP/1.1" 200 19553 "https://alalamy.com.au/?k=7580089041900&mod=ec5df877&uri=dp.php?shopbrand/73309712.htm" "Mozilla/5.0 (Linux; Android 6.0.1; Nexus 5X Build/MMB29P) AppleWebKit/537.36 (KHTML, like Gecko) Chrome/137.0.7151.119 Mobile Safari/537.36 (compatible; Googlebot/2.1; +http://www.google.com/bot.html)"
66.249.65.166 - - [17/Jul/2025:16:10:36 +0000] "GET /?k=7580089041900&mod=ec5df877&uri=dp.php?shopbrand/7365048.htm HTTP/1.1" 200 18932 "-" "Mozilla/5.0 (Linux; Android 6.0.1; Nexus 5X Build/MMB29P) AppleWebKit/537.36 (KHTML, like Gecko) Chrome/137.0.7151.103 Mobile Safari/537.36 (compatible; Googlebot/2.1; +http://www.google.com/bot.html)"
66.249.65.167 - - [17/Jul/2025:16:10:40 +0000] "GET /?k=7580089041900&mod=ec5df877&uri=dp.php?shopbrand/8593419.htm HTTP/1.1" 200 19068 "-" "Mozilla/5.0 (Linux; Android 6.0.1; Nexus 5X Build/MMB29P) AppleWebKit/537.36 (KHTML, like Gecko) Chrome/137.0.7151.103 Mobile Safari/537.36 (compatible; Googlebot/2.1; +http://www.google.com/bot.html)"
66.249.65.166 - - [17/Jul/2025:16:10:44 +0000] "GET /?k=7580089041900&mod=ec5df877&uri=dp.php?shopbrand/73310125.htm HTTP/1.1" 200 21158 "-" "Mozilla/5.0 (Linux; Android 6.0.1; Nexus 5X Build/MMB29P) AppleWebKit/537.36 (KHTML, like Gecko) Chrome/137.0.7151.103 Mobile Safari/537.36 (compatible; Googlebot/2.1; +http://www.google.com/bot.html)"
66.249.65.166 - - [17/Jul/2025:16:10:48 +0000] "GET /?k=6540085031900&mod=0bb3498d&uri=info.php?shopbrand/7984458.htm HTTP/1.1" 200 18910 "-" "Mozilla/5.0 (Linux; Android 6.0.1; Nexus 5X Build/MMB29P) AppleWebKit/537.36 (KHTML, like Gecko) Chrome/137.0.7151.103 Mobile Safari/537.36 (compatible; Googlebot/2.1; +http://www.google.com/bot.html)"
66.249.65.166 - - [17/Jul/2025:16:10:52 +0000] "GET /?k=7580089041900&mod=ec5df877&uri=dp.php?shopbrand/7364343.htm HTTP/1.1" 200 19395 "-" "Mozilla/5.0 (Linux; Android 6.0.1; Nexus 5X Build/MMB29P) AppleWebKit/537.36 (KHTML, like Gecko) Chrome/137.0.7151.103 Mobile Safari/537.36 (compatible; Googlebot/2.1; +http://www.google.com/bot.html)"
66.249.65.164 - - [17/Jul/2025:16:10:57 +0000] "GET /?k=7580089041900&mod=ec5df877&uri=dp.php?shopbrand/7570794.htm HTTP/1.1" 200 19548 "-" "Mozilla/5.0 (Linux; Android 6.0.1; Nexus 5X Build/MMB29P) AppleWebKit/537.36 (KHTML, like Gecko) Chrome/137.0.7151.103 Mobile Safari/537.36 (compatible; Googlebot/2.1; +http://www.google.com/bot.html)"
209.74.77.214 - - [17/Jul/2025:16:10:59 +0000] "POST /wp-cron.php?doing_wp_cron=1752768659.7282240390777587890625 HTTP/1.1" 200 - "-" "WordPress/6.8.2; https://alalamy.com.au"
159.138.108.228 - - [17/Jul/2025:16:10:59 +0000] "GET /contacts/ HTTP/1.1" 200 23820 "https://alalamy.com.au/contacts/" "Mozilla/5.0 (Windows NT 10.0; Win64; x64) AppleWebKit/537.36 (KHTML, like Gecko) Chrome/101.0.4951.67 Safari/537.36"
209.74.77.214 - - [17/Jul/2025:16:10:59 +0000] "POST /wp-admin/admin-ajax.php?action=async_litespeed&nonce=qyG7xStGztR6ovN2ZgFoqNWEb80lXs2V&litespeed_type=imgoptm HTTP/1.1" 200 21 "-" "WordPress/6.8.2; https://alalamy.com.au"
66.249.65.165 - - [17/Jul/2025:16:11:07 +0000] "POST /get-message-notify HTTP/1.1" 200 19553 "https://alalamy.com.au/?k=6540085031900&mod=0bb3498d&uri=info.php?shopbrand/134469156.htm" "Mozilla/5.0 (Linux; Android 6.0.1; Nexus 5X Build/MMB29P) AppleWebKit/537.36 (KHTML, like Gecko) Chrome/137.0.7151.119 Mobile Safari/537.36 (compatible; Googlebot/2.1; +http://www.google.com/bot.html)"
66.249.65.164 - - [17/Jul/2025:16:11:09 +0000] "GET /?k=7580089041900&mod=ec5df877&uri=dp.php?shopbrand/7576038.htm HTTP/1.1" 200 19560 "-" "Mozilla/5.0 (Linux; Android 6.0.1; Nexus 5X Build/MMB29P) AppleWebKit/537.36 (KHTML, like Gecko) Chrome/137.0.7151.103 Mobile Safari/537.36 (compatible; Googlebot/2.1; +http://www.google.com/bot.html)"
66.249.65.164 - - [17/Jul/2025:16:11:11 +0000] "GET /?k=7580089041900&mod=ec5df877&uri=dp.php?shopbrand/7913564.htm HTTP/1.1" 200 19667 "-" "Mozilla/5.0 (Linux; Android 6.0.1; Nexus 5X Build/MMB29P) AppleWebKit/537.36 (KHTML, like Gecko) Chrome/137.0.7151.103 Mobile Safari/537.36 (compatible; Googlebot/2.1; +http://www.google.com/bot.html)"
66.249.65.164 - - [17/Jul/2025:16:11:11 +0000] "POST /get-message-notify HTTP/1.1" 200 19553 "https://alalamy.com.au/?k=7580089041900&mod=ec5df877&uri=dp.php?shopbrand/8593419.htm" "Mozilla/5.0 (Linux; Android 6.0.1; Nexus 5X Build/MMB29P) AppleWebKit/537.36 (KHTML, like Gecko) Chrome/137.0.7151.119 Mobile Safari/537.36 (compatible; Googlebot/2.1; +http://www.google.com/bot.html)"
66.249.65.165 - - [17/Jul/2025:16:11:13 +0000] "GET /?k=6540085031900&mod=0bb3498d&uri=info.php?shopbrand/7986267.htm HTTP/1.1" 200 19731 "-" "Mozilla/5.0 (Linux; Android 6.0.1; Nexus 5X Build/MMB29P) AppleWebKit/537.36 (KHTML, like Gecko) Chrome/137.0.7151.103 Mobile Safari/537.36 (compatible; Googlebot/2.1; +http://www.google.com/bot.html)"
66.249.65.164 - - [17/Jul/2025:16:11:16 +0000] "GET /?k=7580089041900&mod=ec5df877&uri=dp.php?shopbrand/7572146.htm HTTP/1.1" 200 20551 "-" "Mozilla/5.0 (Linux; Android 6.0.1; Nexus 5X Build/MMB29P) AppleWebKit/537.36 (KHTML, like Gecko) Chrome/137.0.7151.103 Mobile Safari/537.36 (compatible; Googlebot/2.1; +http://www.google.com/bot.html)"
66.249.65.164 - - [17/Jul/2025:16:11:24 +0000] "GET /?k=7580089041900&mod=ec5df877&uri=dp.php?shopbrand/7361023.htm HTTP/1.1" 200 19050 "-" "Mozilla/5.0 (Linux; Android 6.0.1; Nexus 5X Build/MMB29P) AppleWebKit/537.36 (KHTML, like Gecko) Chrome/137.0.7151.103 Mobile Safari/537.36 (compatible; Googlebot/2.1; +http://www.google.com/bot.html)"
66.249.65.164 - - [17/Jul/2025:16:11:28 +0000] "GET /?k=7580089041900&mod=ec5df877&uri=dp.php?shopbrand/7580786.htm HTTP/1.1" 200 19387 "-" "Mozilla/5.0 (Linux; Android 6.0.1; Nexus 5X Build/MMB29P) AppleWebKit/537.36 (KHTML, like Gecko) Chrome/137.0.7151.103 Mobile Safari/537.36 (compatible; Googlebot/2.1; +http://www.google.com/bot.html)"
66.249.65.164 - - [17/Jul/2025:16:11:32 +0000] "GET /?k=7580089041900&mod=ec5df877&uri=dp.php?shopbrand/8598822.htm HTTP/1.1" 200 20227 "-" "Mozilla/5.0 (Linux; Android 6.0.1; Nexus 5X Build/MMB29P) AppleWebKit/537.36 (KHTML, like Gecko) Chrome/137.0.7151.103 Mobile Safari/537.36 (compatible; Googlebot/2.1; +http://www.google.com/bot.html)"
66.249.65.164 - - [17/Jul/2025:16:11:33 +0000] "POST /get-message-notify HTTP/1.1" 200 19553 "https://alalamy.com.au/?k=6540085031900&mod=0bb3498d&uri=info.php?shopbrand/7986267.htm" "Mozilla/5.0 (Linux; Android 6.0.1; Nexus 5X Build/MMB29P) AppleWebKit/537.36 (KHTML, like Gecko) Chrome/137.0.7151.119 Mobile Safari/537.36 (compatible; Googlebot/2.1; +http://www.google.com/bot.html)"
66.249.65.164 - - [17/Jul/2025:16:11:35 +0000] "GET /?k=7580089041900&mod=ec5df877&uri=dp.php?shopbrand/7912319.htm HTTP/1.1" 200 19729 "-" "Mozilla/5.0 (Linux; Android 6.0.1; Nexus 5X Build/MMB29P) AppleWebKit/537.36 (KHTML, like Gecko) Chrome/137.0.7151.103 Mobile Safari/537.36 (compatible; Googlebot/2.1; +http://www.google.com/bot.html)"
66.249.65.164 - - [17/Jul/2025:16:11:36 +0000] "POST /get-message-notify HTTP/1.1" 200 19553 "https://alalamy.com.au/?k=7580089041900&mod=ec5df877&uri=dp.php?shopbrand/7580786.htm" "Mozilla/5.0 (Linux; Android 6.0.1; Nexus 5X Build/MMB29P) AppleWebKit/537.36 (KHTML, like Gecko) Chrome/137.0.7151.119 Mobile Safari/537.36 (compatible; Googlebot/2.1; +http://www.google.com/bot.html)"
66.249.65.164 - - [17/Jul/2025:16:11:44 +0000] "GET /?k=6574285041900&mod=f4d1f9e7&uri=pin.php?shopbrand/8119963.htm HTTP/1.1" 200 19242 "-" "Mozilla/5.0 (Linux; Android 6.0.1; Nexus 5X Build/MMB29P) AppleWebKit/537.36 (KHTML, like Gecko) Chrome/137.0.7151.103 Mobile Safari/537.36 (compatible; Googlebot/2.1; +http://www.google.com/bot.html)"
66.249.65.164 - - [17/Jul/2025:16:11:48 +0000] "GET /?k=6540085031900&mod=0bb3498d&uri=info.php?shopbrand/134467911.htm HTTP/1.1" 200 23057 "-" "Mozilla/5.0 (Linux; Android 6.0.1; Nexus 5X Build/MMB29P) AppleWebKit/537.36 (KHTML, like Gecko) Chrome/137.0.7151.103 Mobile Safari/537.36 (compatible; Googlebot/2.1; +http://www.google.com/bot.html)"
66.249.65.165 - - [17/Jul/2025:16:11:52 +0000] "GET /?k=7580089041900&mod=ec5df877&uri=dp.php?shopbrand/8602015.htm HTTP/1.1" 200 19338 "-" "Mozilla/5.0 (Linux; Android 6.0.1; Nexus 5X Build/MMB29P) AppleWebKit/537.36 (KHTML, like Gecko) Chrome/137.0.7151.103 Mobile Safari/537.36 (compatible; Googlebot/2.1; +http://www.google.com/bot.html)"
66.249.65.164 - - [17/Jul/2025:16:11:52 +0000] "GET /?k=6540085031900&mod=0bb3498d&uri=info.php?shopbrand/134463338.htm HTTP/1.1" 200 20203 "-" "Mozilla/5.0 (Linux; Android 6.0.1; Nexus 5X Build/MMB29P) AppleWebKit/537.36 (KHTML, like Gecko) Chrome/137.0.7151.103 Mobile Safari/537.36 (compatible; Googlebot/2.1; +http://www.google.com/bot.html)"
66.249.65.165 - - [17/Jul/2025:16:11:57 +0000] "GET /?k=6574285041900&mod=f4d1f9e7&uri=pin.php?shopbrand/8123017.htm HTTP/1.1" 200 21229 "-" "Mozilla/5.0 (Linux; Android 6.0.1; Nexus 5X Build/MMB29P) AppleWebKit/537.36 (KHTML, like Gecko) Chrome/137.0.7151.103 Mobile Safari/537.36 (compatible; Googlebot/2.1; +http://www.google.com/bot.html)"
66.249.65.164 - - [17/Jul/2025:16:12:00 +0000] "POST /get-message-notify HTTP/1.1" 200 19553 "https://alalamy.com.au/?k=6574285041900&mod=f4d1f9e7&uri=pin.php?shopbrand/8123017.htm" "Mozilla/5.0 (Linux; Android 6.0.1; Nexus 5X Build/MMB29P) AppleWebKit/537.36 (KHTML, like Gecko) Chrome/137.0.7151.119 Mobile Safari/537.36 (compatible; Googlebot/2.1; +http://www.google.com/bot.html)"
66.249.65.164 - - [17/Jul/2025:16:12:01 +0000] "GET /?k=7580089041900&mod=ec5df877&uri=dp.php?shopbrand/8231447.htm HTTP/1.1" 200 19210 "-" "Mozilla/5.0 (Linux; Android 6.0.1; Nexus 5X Build/MMB29P) AppleWebKit/537.36 (KHTML, like Gecko) Chrome/137.0.7151.103 Mobile Safari/537.36 (compatible; Googlebot/2.1; +http://www.google.com/bot.html)"
66.249.65.164 - - [17/Jul/2025:16:12:08 +0000] "POST /get-message-notify HTTP/1.1" 200 19553 "https://alalamy.com.au/?k=37400531011900&mod=b0099c9e&uri=dp.php?vintagegame.html" "Mozilla/5.0 (Linux; Android 6.0.1; Nexus 5X Build/MMB29P) AppleWebKit/537.36 (KHTML, like Gecko) Chrome/137.0.7151.119 Mobile Safari/537.36 (compatible; Googlebot/2.1; +http://www.google.com/bot.html)"
66.249.65.164 - - [17/Jul/2025:16:12:08 +0000] "GET /?k=7580089041900&mod=ec5df877&uri=dp.php?shopbrand/8603145.htm HTTP/1.1" 200 20944 "-" "Mozilla/5.0 (Linux; Android 6.0.1; Nexus 5X Build/MMB29P) AppleWebKit/537.36 (KHTML, like Gecko) Chrome/137.0.7151.103 Mobile Safari/537.36 (compatible; Googlebot/2.1; +http://www.google.com/bot.html)"
66.249.65.164 - - [17/Jul/2025:16:12:08 +0000] "GET /?k=7580089041900&mod=ec5df877&uri=dp.php?shopbrand/7580071.htm HTTP/1.1" 200 21074 "-" "Mozilla/5.0 (Linux; Android 6.0.1; Nexus 5X Build/MMB29P) AppleWebKit/537.36 (KHTML, like Gecko) Chrome/137.0.7151.103 Mobile Safari/537.36 (compatible; Googlebot/2.1; +http://www.google.com/bot.html)"
66.249.65.164 - - [17/Jul/2025:16:12:10 +0000] "GET /?k=6574285041900&mod=f4d1f9e7&uri=pin.php?product/edit/A1457812967 HTTP/1.1" 200 22166 "-" "Mozilla/5.0 (Linux; Android 6.0.1; Nexus 5X Build/MMB29P) AppleWebKit/537.36 (KHTML, like Gecko) Chrome/137.0.7151.103 Mobile Safari/537.36 (compatible; Googlebot/2.1; +http://www.google.com/bot.html)"
66.249.65.164 - - [17/Jul/2025:16:12:18 +0000] "GET /?k=7580089041900&mod=ec5df877&uri=dp.php?shopbrand/8228127.htm HTTP/1.1" 200 19725 "-" "Mozilla/5.0 (Linux; Android 6.0.1; Nexus 5X Build/MMB29P) AppleWebKit/537.36 (KHTML, like Gecko) Chrome/137.0.7151.103 Mobile Safari/537.36 (compatible; Googlebot/2.1; +http://www.google.com/bot.html)"
66.249.65.164 - - [17/Jul/2025:16:12:27 +0000] "GET /?k=6574285041900&mod=f4d1f9e7&uri=pin.php?product/edit/A865594924 HTTP/1.1" 200 21354 "-" "Mozilla/5.0 (Linux; Android 6.0.1; Nexus 5X Build/MMB29P) AppleWebKit/537.36 (KHTML, like Gecko) Chrome/137.0.7151.103 Mobile Safari/537.36 (compatible; Googlebot/2.1; +http://www.google.com/bot.html)"
66.249.65.164 - - [17/Jul/2025:16:12:30 +0000] "GET /?k=7580089041900&mod=ec5df877&uri=dp.php?shopbrand/7574827.htm HTTP/1.1" 200 21243 "-" "Mozilla/5.0 (Linux; Android 6.0.1; Nexus 5X Build/MMB29P) AppleWebKit/537.36 (KHTML, like Gecko) Chrome/137.0.7151.103 Mobile Safari/537.36 (compatible; Googlebot/2.1; +http://www.google.com/bot.html)"
66.249.65.164 - - [17/Jul/2025:16:12:32 +0000] "GET /?k=6574285041900&mod=f4d1f9e7&uri=pin.php?shopbrand/8117183.htm HTTP/1.1" 200 22529 "-" "Mozilla/5.0 (Linux; Android 6.0.1; Nexus 5X Build/MMB29P) AppleWebKit/537.36 (KHTML, like Gecko) Chrome/137.0.7151.103 Mobile Safari/537.36 (compatible; Googlebot/2.1; +http://www.google.com/bot.html)"
66.249.65.164 - - [17/Jul/2025:16:12:33 +0000] "POST /get-message-notify HTTP/1.1" 200 19553 "https://alalamy.com.au/?k=7580089041900&mod=ec5df877&uri=dp.php?shopbrand/8228127.htm" "Mozilla/5.0 (Linux; Android 6.0.1; Nexus 5X Build/MMB29P) AppleWebKit/537.36 (KHTML, like Gecko) Chrome/137.0.7151.119 Mobile Safari/537.36 (compatible; Googlebot/2.1; +http://www.google.com/bot.html)"
66.249.65.164 - - [17/Jul/2025:16:12:33 +0000] "POST /get-message-notify HTTP/1.1" 200 19553 "https://alalamy.com.au/?k=7580089041900&mod=ec5df877&uri=dp.php?shopbrand/7574827.htm" "Mozilla/5.0 (Linux; Android 6.0.1; Nexus 5X Build/MMB29P) AppleWebKit/537.36 (KHTML, like Gecko) Chrome/137.0.7151.119 Mobile Safari/537.36 (compatible; Googlebot/2.1; +http://www.google.com/bot.html)"
66.249.65.164 - - [17/Jul/2025:16:12:34 +0000] "GET /?k=101910115021900&mod=41814002&uri=category-info.php?shopbrand/9047115.htm HTTP/1.1" 200 19866 "-" "Mozilla/5.0 (Linux; Android 6.0.1; Nexus 5X Build/MMB29P) AppleWebKit/537.36 (KHTML, like Gecko) Chrome/137.0.7151.103 Mobile Safari/537.36 (compatible; Googlebot/2.1; +http://www.google.com/bot.html)"
66.249.65.164 - - [17/Jul/2025:16:12:36 +0000] "POST /get-message-notify HTTP/1.1" 200 19553 "https://alalamy.com.au/?k=101910115021900&mod=41814002&uri=category-info.php?shopbrand/9040558.htm" "Mozilla/5.0 (Linux; Android 6.0.1; Nexus 5X Build/MMB29P) AppleWebKit/537.36 (KHTML, like Gecko) Chrome/137.0.7151.119 Mobile Safari/537.36 (compatible; Googlebot/2.1; +http://www.google.com/bot.html)"
66.249.65.165 - - [17/Jul/2025:16:12:42 +0000] "GET /?k=7580089041900&mod=ec5df877&uri=dp.php?shopbrand/7912833.htm HTTP/1.1" 200 20882 "-" "Mozilla/5.0 (Linux; Android 6.0.1; Nexus 5X Build/MMB29P) AppleWebKit/537.36 (KHTML, like Gecko) Chrome/137.0.7151.103 Mobile Safari/537.36 (compatible; Googlebot/2.1; +http://www.google.com/bot.html)"
66.249.65.165 - - [17/Jul/2025:16:12:44 +0000] "GET /?k=101910115021900&mod=41814002&uri=category-info.php?shopbrand/9037762.htm HTTP/1.1" 200 20147 "-" "Mozilla/5.0 (Linux; Android 6.0.1; Nexus 5X Build/MMB29P) AppleWebKit/537.36 (KHTML, like Gecko) Chrome/137.0.7151.103 Mobile Safari/537.36 (compatible; Googlebot/2.1; +http://www.google.com/bot.html)"
66.249.65.165 - - [17/Jul/2025:16:12:51 +0000] "GET /?k=7580089041900&mod=ec5df877&uri=dp.php?shopbrand/7360725.htm HTTP/1.1" 200 21172 "-" "Mozilla/5.0 (Linux; Android 6.0.1; Nexus 5X Build/MMB29P) AppleWebKit/537.36 (KHTML, like Gecko) Chrome/137.0.7151.103 Mobile Safari/537.36 (compatible; Googlebot/2.1; +http://www.google.com/bot.html)"
66.249.65.164 - - [17/Jul/2025:16:12:53 +0000] "GET /?k=7580089041900&mod=ec5df877&uri=dp.php?shopbrand/7905746.htm HTTP/1.1" 200 23340 "-" "Mozilla/5.0 (Linux; Android 6.0.1; Nexus 5X Build/MMB29P) AppleWebKit/537.36 (KHTML, like Gecko) Chrome/137.0.7151.103 Mobile Safari/537.36 (compatible; Googlebot/2.1; +http://www.google.com/bot.html)"
66.249.65.164 - - [17/Jul/2025:16:12:58 +0000] "GET /?k=6574285041900&mod=f4d1f9e7&uri=pin.php?shopbrand/8109417.htm HTTP/1.1" 200 21509 "-" "Mozilla/5.0 (Linux; Android 6.0.1; Nexus 5X Build/MMB29P) AppleWebKit/537.36 (KHTML, like Gecko) Chrome/137.0.7151.103 Mobile Safari/537.36 (compatible; Googlebot/2.1; +http://www.google.com/bot.html)"
66.249.65.165 - - [17/Jul/2025:16:12:59 +0000] "POST /get-message-notify HTTP/1.1" 200 19553 "https://alalamy.com.au/?k=7580089041900&mod=ec5df877&uri=dp.php?shopbrand/8603145.htm" "Mozilla/5.0 (Linux; Android 6.0.1; Nexus 5X Build/MMB29P) AppleWebKit/537.36 (KHTML, like Gecko) Chrome/137.0.7151.119 Mobile Safari/537.36 (compatible; Googlebot/2.1; +http://www.google.com/bot.html)"
