66.249.65.165 - - [17/Jul/2025:15:07:00 +0000] "GET /?k=6540085031900&mod=0bb3498d&uri=info.php?shopbrand/134471521.htm HTTP/1.1" 200 19775 "-" "Mozilla/5.0 (Linux; Android 6.0.1; Nexus 5X Build/MMB29P) AppleWebKit/537.36 (KHTML, like Gecko) Chrome/137.0.7151.103 Mobile Safari/537.36 (compatible; Googlebot/2.1; +http://www.google.com/bot.html)"
66.249.65.165 - - [17/Jul/2025:15:07:03 +0000] "POST /get-message-notify HTTP/1.1" 200 19555 "https://alalamy.com.au/?k=7580089041900&mod=ec5df877&uri=dp.php?shopbrand/7575101.htm" "Mozilla/5.0 (Linux; Android 6.0.1; Nexus 5X Build/MMB29P) AppleWebKit/537.36 (KHTML, like Gecko) Chrome/137.0.7151.119 Mobile Safari/537.36 (compatible; Googlebot/2.1; +http://www.google.com/bot.html)"
66.249.65.164 - - [17/Jul/2025:15:07:04 +0000] "GET /?k=6540085031900&mod=0bb3498d&uri=info.php?shopbrand/134470806.htm HTTP/1.1" 200 18724 "-" "Mozilla/5.0 (Linux; Android 6.0.1; Nexus 5X Build/MMB29P) AppleWebKit/537.36 (KHTML, like Gecko) Chrome/137.0.7151.103 Mobile Safari/537.36 (compatible; Googlebot/2.1; +http://www.google.com/bot.html)"
209.74.77.214 - - [17/Jul/2025:15:07:07 +0000] "POST /wp-cron.php?doing_wp_cron=1752764827.5562570095062255859375 HTTP/1.1" 200 - "-" "WordPress/6.8.2; https://alalamy.com.au"
57.141.2.19 - - [17/Jul/2025:15:07:06 +0000] "GET /?k=75654820021900& HTTP/1.1" 301 - "-" "meta-externalagent/1.1 (+https://developers.facebook.com/docs/sharing/webmasters/crawler)"
66.249.65.165 - - [17/Jul/2025:15:07:07 +0000] "POST /get-message-notify HTTP/1.1" 200 19555 "https://alalamy.com.au/?k=7327939021900&mod=9078b6ab&uri=shared.php?shopbrand/252706.htm" "Mozilla/5.0 (Linux; Android 6.0.1; Nexus 5X Build/MMB29P) AppleWebKit/537.36 (KHTML, like Gecko) Chrome/137.0.7151.119 Mobile Safari/537.36 (compatible; Googlebot/2.1; +http://www.google.com/bot.html)"
209.74.77.214 - - [17/Jul/2025:15:07:07 +0000] "POST /wp-admin/admin-ajax.php?action=async_litespeed&nonce=0u2Ai4W2mSl3rjjYEDayUwwEHDndSEoV&litespeed_type=imgoptm HTTP/1.1" 200 21 "-" "WordPress/6.8.2; https://alalamy.com.au"
66.249.65.164 - - [17/Jul/2025:15:07:08 +0000] "POST /get-message-notify HTTP/1.1" 200 19555 "https://alalamy.com.au/?k=7580089041900&mod=ec5df877&uri=dp.php?shopbrand/7574527.htm" "Mozilla/5.0 (Linux; Android 6.0.1; Nexus 5X Build/MMB29P) AppleWebKit/537.36 (KHTML, like Gecko) Chrome/137.0.7151.119 Mobile Safari/537.36 (compatible; Googlebot/2.1; +http://www.google.com/bot.html)"
66.249.65.164 - - [17/Jul/2025:15:07:12 +0000] "GET /?k=7580089041900&mod=ec5df877&uri=dp.php?shopbrand/7906020.htm HTTP/1.1" 200 19240 "-" "Mozilla/5.0 (Linux; Android 6.0.1; Nexus 5X Build/MMB29P) AppleWebKit/537.36 (KHTML, like Gecko) Chrome/137.0.7151.103 Mobile Safari/537.36 (compatible; Googlebot/2.1; +http://www.google.com/bot.html)"
66.249.65.164 - - [17/Jul/2025:15:07:12 +0000] "GET /?k=23509241011900&mod=962ebbfe&uri=product.php?shopbrand/9286179.htm HTTP/1.1" 200 19887 "-" "Mozilla/5.0 (Linux; Android 6.0.1; Nexus 5X Build/MMB29P) AppleWebKit/537.36 (KHTML, like Gecko) Chrome/137.0.7151.103 Mobile Safari/537.36 (compatible; Googlebot/2.1; +http://www.google.com/bot.html)"
57.141.2.21 - - [17/Jul/2025:15:07:11 +0000] "GET /?k=75654820021900 HTTP/1.1" 200 144492 "-" "meta-externalagent/1.1 (+https://developers.facebook.com/docs/sharing/webmasters/crawler)"
66.249.65.164 - - [17/Jul/2025:15:07:16 +0000] "GET /?k=6540085031900&mod=0bb3498d&uri=info.php?shopbrand/134464424.htm HTTP/1.1" 200 20428 "-" "Mozilla/5.0 (Linux; Android 6.0.1; Nexus 5X Build/MMB29P) AppleWebKit/537.36 (KHTML, like Gecko) Chrome/137.0.7151.103 Mobile Safari/537.36 (compatible; Googlebot/2.1; +http://www.google.com/bot.html)"
66.249.65.164 - - [17/Jul/2025:15:07:21 +0000] "GET /?k=7465244021900&mod=160c8865&uri=goods.php?shopbrand/458400.htm HTTP/1.1" 200 19065 "-" "Mozilla/5.0 (Linux; Android 6.0.1; Nexus 5X Build/MMB29P) AppleWebKit/537.36 (KHTML, like Gecko) Chrome/137.0.7151.103 Mobile Safari/537.36 (compatible; Googlebot/2.1; +http://www.google.com/bot.html)"
66.249.65.164 - - [17/Jul/2025:15:07:21 +0000] "POST /get-message-notify HTTP/1.1" 200 19555 "https://alalamy.com.au/?k=6702155041900&mod=1366e101&uri=products.php?shopbrand/8896413.htm" "Mozilla/5.0 (Linux; Android 6.0.1; Nexus 5X Build/MMB29P) AppleWebKit/537.36 (KHTML, like Gecko) Chrome/137.0.7151.119 Mobile Safari/537.36 (compatible; Googlebot/2.1; +http://www.google.com/bot.html)"
66.249.65.164 - - [17/Jul/2025:15:07:21 +0000] "POST /get-message-notify HTTP/1.1" 200 19555 "https://alalamy.com.au/?k=5866277011900&mod=e07472e7&uri=news.php?hobby/boardgame/index.html" "Mozilla/5.0 (Linux; Android 6.0.1; Nexus 5X Build/MMB29P) AppleWebKit/537.36 (KHTML, like Gecko) Chrome/137.0.7151.119 Mobile Safari/537.36 (compatible; Googlebot/2.1; +http://www.google.com/bot.html)"
66.249.65.164 - - [17/Jul/2025:15:07:23 +0000] "POST /get-message-notify HTTP/1.1" 200 19555 "https://alalamy.com.au/?k=7580089041900&mod=ec5df877&uri=dp.php?shopbrand/7578262.htm" "Mozilla/5.0 (Linux; Android 6.0.1; Nexus 5X Build/MMB29P) AppleWebKit/537.36 (KHTML, like Gecko) Chrome/137.0.7151.119 Mobile Safari/537.36 (compatible; Googlebot/2.1; +http://www.google.com/bot.html)"
66.249.65.164 - - [17/Jul/2025:15:07:24 +0000] "POST /get-message-notify HTTP/1.1" 200 19555 "https://alalamy.com.au/?k=7580089041900&mod=ec5df877&uri=dp.php?shopbrand/73310550.htm" "Mozilla/5.0 (Linux; Android 6.0.1; Nexus 5X Build/MMB29P) AppleWebKit/537.36 (KHTML, like Gecko) Chrome/137.0.7151.119 Mobile Safari/537.36 (compatible; Googlebot/2.1; +http://www.google.com/bot.html)"
66.249.65.164 - - [17/Jul/2025:15:07:24 +0000] "GET /?k=101910115021900&mod=41814002&uri=category-info.php?shopbrand/9038336.htm HTTP/1.1" 200 19816 "-" "Mozilla/5.0 (Linux; Android 6.0.1; Nexus 5X Build/MMB29P) AppleWebKit/537.36 (KHTML, like Gecko) Chrome/137.0.7151.103 Mobile Safari/537.36 (compatible; Googlebot/2.1; +http://www.google.com/bot.html)"
66.249.65.164 - - [17/Jul/2025:15:07:28 +0000] "GET /?k=7580089041900&mod=ec5df877&uri=dp.php?shopbrand/8598141.htm HTTP/1.1" 200 20777 "-" "Mozilla/5.0 (Linux; Android 6.0.1; Nexus 5X Build/MMB29P) AppleWebKit/537.36 (KHTML, like Gecko) Chrome/137.0.7151.103 Mobile Safari/537.36 (compatible; Googlebot/2.1; +http://www.google.com/bot.html)"
66.249.65.165 - - [17/Jul/2025:15:07:30 +0000] "POST /get-message-notify HTTP/1.1" 200 19555 "https://alalamy.com.au/?k=7580089041900&mod=ec5df877&uri=dp.php?shopbrand/7916054.htm" "Mozilla/5.0 (Linux; Android 6.0.1; Nexus 5X Build/MMB29P) AppleWebKit/537.36 (KHTML, like Gecko) Chrome/137.0.7151.119 Mobile Safari/537.36 (compatible; Googlebot/2.1; +http://www.google.com/bot.html)"
66.249.65.164 - - [17/Jul/2025:15:07:32 +0000] "GET /?k=6540085031900&mod=0bb3498d&uri=info.php?shopbrand/134471362.htm HTTP/1.1" 200 19894 "-" "Mozilla/5.0 (Linux; Android 6.0.1; Nexus 5X Build/MMB29P) AppleWebKit/537.36 (KHTML, like Gecko) Chrome/137.0.7151.103 Mobile Safari/537.36 (compatible; Googlebot/2.1; +http://www.google.com/bot.html)"
66.249.65.165 - - [17/Jul/2025:15:07:40 +0000] "GET /?k=6540085031900&mod=0bb3498d&uri=info.php?shopbrand/7979412.htm HTTP/1.1" 200 19097 "-" "Mozilla/5.0 (Linux; Android 6.0.1; Nexus 5X Build/MMB29P) AppleWebKit/537.36 (KHTML, like Gecko) Chrome/137.0.7151.103 Mobile Safari/537.36 (compatible; Googlebot/2.1; +http://www.google.com/bot.html)"
66.249.65.164 - - [17/Jul/2025:15:07:41 +0000] "POST /get-message-notify HTTP/1.1" 200 19555 "https://alalamy.com.au/?k=7580089041900&mod=ec5df877&uri=dp.php?shopbrand/7573689.htm" "Mozilla/5.0 (Linux; Android 6.0.1; Nexus 5X Build/MMB29P) AppleWebKit/537.36 (KHTML, like Gecko) Chrome/137.0.7151.119 Mobile Safari/537.36 (compatible; Googlebot/2.1; +http://www.google.com/bot.html)"
66.249.65.164 - - [17/Jul/2025:15:07:44 +0000] "GET /?k=6540085031900&mod=0bb3498d&uri=info.php?shopbrand/7982915.htm HTTP/1.1" 200 19236 "-" "Mozilla/5.0 (Linux; Android 6.0.1; Nexus 5X Build/MMB29P) AppleWebKit/537.36 (KHTML, like Gecko) Chrome/137.0.7151.103 Mobile Safari/537.36 (compatible; Googlebot/2.1; +http://www.google.com/bot.html)"
66.249.65.165 - - [17/Jul/2025:15:07:44 +0000] "GET /?k=6702155041900&mod=1366e101&uri=products.php?shopbrand/8808019.htm HTTP/1.1" 200 19353 "-" "Mozilla/5.0 (Linux; Android 6.0.1; Nexus 5X Build/MMB29P) AppleWebKit/537.36 (KHTML, like Gecko) Chrome/137.0.7151.103 Mobile Safari/537.36 (compatible; Googlebot/2.1; +http://www.google.com/bot.html)"
66.249.65.165 - - [17/Jul/2025:15:07:49 +0000] "GET /?k=7580089041900&mod=ec5df877&uri=dp.php?shopbrand/7568985.htm HTTP/1.1" 200 20120 "-" "Mozilla/5.0 (Linux; Android 6.0.1; Nexus 5X Build/MMB29P) AppleWebKit/537.36 (KHTML, like Gecko) Chrome/137.0.7151.103 Mobile Safari/537.36 (compatible; Googlebot/2.1; +http://www.google.com/bot.html)"
66.249.65.164 - - [17/Jul/2025:15:07:54 +0000] "POST /get-message-notify HTTP/1.1" 200 19555 "https://alalamy.com.au/?k=7580089041900&mod=ec5df877&uri=dp.php?shopbrand/73305687.htm" "Mozilla/5.0 (Linux; Android 6.0.1; Nexus 5X Build/MMB29P) AppleWebKit/537.36 (KHTML, like Gecko) Chrome/137.0.7151.119 Mobile Safari/537.36 (compatible; Googlebot/2.1; +http://www.google.com/bot.html)"
66.249.65.165 - - [17/Jul/2025:15:07:54 +0000] "GET /?k=6540085031900&mod=0bb3498d&uri=info.php?shopbrand/134471263.htm HTTP/1.1" 200 19895 "-" "Mozilla/5.0 (Linux; Android 6.0.1; Nexus 5X Build/MMB29P) AppleWebKit/537.36 (KHTML, like Gecko) Chrome/137.0.7151.103 Mobile Safari/537.36 (compatible; Googlebot/2.1; +http://www.google.com/bot.html)"
66.249.65.164 - - [17/Jul/2025:15:07:56 +0000] "POST /get-message-notify HTTP/1.1" 200 19555 "https://alalamy.com.au/?k=82082087051900&mod=9bcdf808&uri=brands.php?shopbrand/8877950.htm" "Mozilla/5.0 (Linux; Android 6.0.1; Nexus 5X Build/MMB29P) AppleWebKit/537.36 (KHTML, like Gecko) Chrome/137.0.7151.119 Mobile Safari/537.36 (compatible; Googlebot/2.1; +http://www.google.com/bot.html)"
66.249.65.165 - - [17/Jul/2025:15:07:58 +0000] "GET /?k=7580089041900&mod=ec5df877&uri=dp.php?shopbrand/8230865.htm HTTP/1.1" 200 19334 "-" "Mozilla/5.0 (Linux; Android 6.0.1; Nexus 5X Build/MMB29P) AppleWebKit/537.36 (KHTML, like Gecko) Chrome/137.0.7151.103 Mobile Safari/537.36 (compatible; Googlebot/2.1; +http://www.google.com/bot.html)"
66.249.65.164 - - [17/Jul/2025:15:08:02 +0000] "GET /robots.txt HTTP/1.1" 200 92 "-" "Mozilla/5.0 (compatible; Googlebot/2.1; +http://www.google.com/bot.html)"
66.249.65.165 - - [17/Jul/2025:15:08:02 +0000] "POST /get-message-notify HTTP/1.1" 200 19555 "https://alalamy.com.au/?k=6540085031900&mod=0bb3498d&uri=info.php?shopbrand/7978997.htm" "Mozilla/5.0 (Linux; Android 6.0.1; Nexus 5X Build/MMB29P) AppleWebKit/537.36 (KHTML, like Gecko) Chrome/137.0.7151.119 Mobile Safari/537.36 (compatible; Googlebot/2.1; +http://www.google.com/bot.html)"
66.249.65.164 - - [17/Jul/2025:15:08:02 +0000] "POST /get-message-notify HTTP/1.1" 200 19555 "https://alalamy.com.au/?k=7580089041900&mod=ec5df877&uri=dp.php?shopbrand/8602273.htm" "Mozilla/5.0 (Linux; Android 6.0.1; Nexus 5X Build/MMB29P) AppleWebKit/537.36 (KHTML, like Gecko) Chrome/137.0.7151.119 Mobile Safari/537.36 (compatible; Googlebot/2.1; +http://www.google.com/bot.html)"
66.249.65.165 - - [17/Jul/2025:15:08:02 +0000] "GET /?k=23509241011900&mod=962ebbfe&uri=product.php?shopbrand/9293423.htm HTTP/1.1" 200 19189 "-" "Mozilla/5.0 (Linux; Android 6.0.1; Nexus 5X Build/MMB29P) AppleWebKit/537.36 (KHTML, like Gecko) Chrome/137.0.7151.103 Mobile Safari/537.36 (compatible; Googlebot/2.1; +http://www.google.com/bot.html)"
66.249.65.164 - - [17/Jul/2025:15:08:03 +0000] "GET /?k=7580089041900&mod=ec5df877&uri=dp.php?shopbrand/7908427.htm HTTP/1.1" 200 21340 "-" "Mozilla/5.0 (Linux; Android 6.0.1; Nexus 5X Build/MMB29P) AppleWebKit/537.36 (KHTML, like Gecko) Chrome/137.0.7151.103 Mobile Safari/537.36 (compatible; Googlebot/2.1; +http://www.google.com/bot.html)"
66.249.65.164 - - [17/Jul/2025:15:08:04 +0000] "POST /get-message-notify HTTP/1.1" 200 19555 "https://alalamy.com.au/?k=101910115021900&mod=41814002&uri=category-info.php?shopbrand/9045580.htm" "Mozilla/5.0 (Linux; Android 6.0.1; Nexus 5X Build/MMB29P) AppleWebKit/537.36 (KHTML, like Gecko) Chrome/137.0.7151.119 Mobile Safari/537.36 (compatible; Googlebot/2.1; +http://www.google.com/bot.html)"
66.249.65.164 - - [17/Jul/2025:15:08:05 +0000] "GET /?k=6540085031900&mod=0bb3498d&uri=info.php?shopbrand/134464591.htm HTTP/1.1" 200 21024 "-" "Mozilla/5.0 (Linux; Android 6.0.1; Nexus 5X Build/MMB29P) AppleWebKit/537.36 (KHTML, like Gecko) Chrome/137.0.7151.103 Mobile Safari/537.36 (compatible; Googlebot/2.1; +http://www.google.com/bot.html)"
66.249.65.164 - - [17/Jul/2025:15:08:08 +0000] "GET /?k=101910115021900&mod=41814002&uri=category-info.php?shopbrand/9037206.htm HTTP/1.1" 200 19472 "-" "Mozilla/5.0 (Linux; Android 6.0.1; Nexus 5X Build/MMB29P) AppleWebKit/537.36 (KHTML, like Gecko) Chrome/137.0.7151.103 Mobile Safari/537.36 (compatible; Googlebot/2.1; +http://www.google.com/bot.html)"
66.249.65.164 - - [17/Jul/2025:15:08:12 +0000] "GET /?k=7580089041900&mod=ec5df877&uri=dp.php?shopbrand/7367697.htm HTTP/1.1" 200 20205 "-" "Mozilla/5.0 (Linux; Android 6.0.1; Nexus 5X Build/MMB29P) AppleWebKit/537.36 (KHTML, like Gecko) Chrome/137.0.7151.103 Mobile Safari/537.36 (compatible; Googlebot/2.1; +http://www.google.com/bot.html)"
66.249.65.164 - - [17/Jul/2025:15:08:19 +0000] "GET /?k=7580089041900&mod=ec5df877&uri=dp.php?shopbrand/7371164.htm HTTP/1.1" 200 20623 "-" "Mozilla/5.0 (Linux; Android 6.0.1; Nexus 5X Build/MMB29P) AppleWebKit/537.36 (KHTML, like Gecko) Chrome/137.0.7151.103 Mobile Safari/537.36 (compatible; Googlebot/2.1; +http://www.google.com/bot.html)"
66.249.65.164 - - [17/Jul/2025:15:08:22 +0000] "POST /get-message-notify HTTP/1.1" 200 19555 "https://alalamy.com.au/?k=6540085031900&mod=0bb3498d&uri=info.php?shopbrand/134466932.htm" "Mozilla/5.0 (Linux; Android 6.0.1; Nexus 5X Build/MMB29P) AppleWebKit/537.36 (KHTML, like Gecko) Chrome/137.0.7151.119 Mobile Safari/537.36 (compatible; Googlebot/2.1; +http://www.google.com/bot.html)"
66.249.65.164 - - [17/Jul/2025:15:08:23 +0000] "GET /?k=7580089041900&mod=ec5df877&uri=dp.php?shopbrand/7361597.htm HTTP/1.1" 200 19435 "-" "Mozilla/5.0 (Linux; Android 6.0.1; Nexus 5X Build/MMB29P) AppleWebKit/537.36 (KHTML, like Gecko) Chrome/137.0.7151.103 Mobile Safari/537.36 (compatible; Googlebot/2.1; +http://www.google.com/bot.html)"
66.249.65.164 - - [17/Jul/2025:15:08:26 +0000] "POST /get-message-notify HTTP/1.1" 200 19555 "https://alalamy.com.au/?k=7580089041900&mod=ec5df877&uri=dp.php?shopbrand/7371164.htm" "Mozilla/5.0 (Linux; Android 6.0.1; Nexus 5X Build/MMB29P) AppleWebKit/537.36 (KHTML, like Gecko) Chrome/137.0.7151.119 Mobile Safari/537.36 (compatible; Googlebot/2.1; +http://www.google.com/bot.html)"
66.249.65.164 - - [17/Jul/2025:15:08:27 +0000] "GET /?k=7580089041900&mod=ec5df877&uri=dp.php?shopbrand/73307911.htm HTTP/1.1" 200 19317 "-" "Mozilla/5.0 (Linux; Android 6.0.1; Nexus 5X Build/MMB29P) AppleWebKit/537.36 (KHTML, like Gecko) Chrome/137.0.7151.103 Mobile Safari/537.36 (compatible; Googlebot/2.1; +http://www.google.com/bot.html)"
209.74.77.214 - - [17/Jul/2025:15:08:28 +0000] "POST /wp-cron.php?doing_wp_cron=1752764908.0104680061340332031250 HTTP/1.1" 200 - "-" "WordPress/6.8.2; https://alalamy.com.au"
57.141.2.19 - - [17/Jul/2025:15:08:27 +0000] "GET /?k=114465542031900& HTTP/1.1" 301 - "-" "meta-externalagent/1.1 (+https://developers.facebook.com/docs/sharing/webmasters/crawler)"
209.74.77.214 - - [17/Jul/2025:15:08:28 +0000] "POST /wp-admin/admin-ajax.php?action=async_litespeed&nonce=EhMAMw9DaNdpj0QelCfxo9cDwDaQ64xF&litespeed_type=imgoptm HTTP/1.1" 200 21 "-" "WordPress/6.8.2; https://alalamy.com.au"
66.249.65.164 - - [17/Jul/2025:15:08:28 +0000] "GET /?k=6702155041900&mod=1366e101&uri=products.php?shopbrand/8811486.htm HTTP/1.1" 200 20363 "-" "Mozilla/5.0 (Linux; Android 6.0.1; Nexus 5X Build/MMB29P) AppleWebKit/537.36 (KHTML, like Gecko) Chrome/137.0.7151.103 Mobile Safari/537.36 (compatible; Googlebot/2.1; +http://www.google.com/bot.html)"
66.249.65.164 - - [17/Jul/2025:15:08:28 +0000] "GET /?k=37400531011900&mod=b0099c9e&uri=dp.php?game.html HTTP/1.1" 200 19815 "-" "Mozilla/5.0 (Linux; Android 6.0.1; Nexus 5X Build/MMB29P) AppleWebKit/537.36 (KHTML, like Gecko) Chrome/137.0.7151.103 Mobile Safari/537.36 (compatible; Googlebot/2.1; +http://www.google.com/bot.html)"
66.249.65.165 - - [17/Jul/2025:15:08:31 +0000] "POST /get-message-notify HTTP/1.1" 200 19555 "https://alalamy.com.au/?k=7580089041900&mod=ec5df877&uri=dp.php?shopbrand/73310550.htm" "Mozilla/5.0 (Linux; Android 6.0.1; Nexus 5X Build/MMB29P) AppleWebKit/537.36 (KHTML, like Gecko) Chrome/137.0.7151.119 Mobile Safari/537.36 (compatible; Googlebot/2.1; +http://www.google.com/bot.html)"
66.249.65.165 - - [17/Jul/2025:15:08:33 +0000] "POST /get-message-notify HTTP/1.1" 200 19555 "https://alalamy.com.au/?k=101910115021900&mod=41814002&uri=category-info.php?shopbrand/9046817.htm" "Mozilla/5.0 (Linux; Android 6.0.1; Nexus 5X Build/MMB29P) AppleWebKit/537.36 (KHTML, like Gecko) Chrome/137.0.7151.119 Mobile Safari/537.36 (compatible; Googlebot/2.1; +http://www.google.com/bot.html)"
66.249.65.164 - - [17/Jul/2025:15:08:33 +0000] "GET /?k=6540085031900&mod=0bb3498d&uri=info.php?shopbrand/7984732.htm HTTP/1.1" 200 22109 "-" "Mozilla/5.0 (Linux; Android 6.0.1; Nexus 5X Build/MMB29P) AppleWebKit/537.36 (KHTML, like Gecko) Chrome/137.0.7151.103 Mobile Safari/537.36 (compatible; Googlebot/2.1; +http://www.google.com/bot.html)"
66.249.65.164 - - [17/Jul/2025:15:08:34 +0000] "GET /?k=97559885011900&mod=cbd35b79&uri=dp.php?shopbrand/243651.htm HTTP/1.1" 200 19113 "-" "Mozilla/5.0 (Linux; Android 6.0.1; Nexus 5X Build/MMB29P) AppleWebKit/537.36 (KHTML, like Gecko) Chrome/137.0.7151.103 Mobile Safari/537.36 (compatible; Googlebot/2.1; +http://www.google.com/bot.html)"
66.249.65.165 - - [17/Jul/2025:15:08:36 +0000] "GET /?k=7580089041900&mod=ec5df877&uri=dp.php?shopbrand/7580901.htm HTTP/1.1" 200 21196 "-" "Mozilla/5.0 (Linux; Android 6.0.1; Nexus 5X Build/MMB29P) AppleWebKit/537.36 (KHTML, like Gecko) Chrome/137.0.7151.103 Mobile Safari/537.36 (compatible; Googlebot/2.1; +http://www.google.com/bot.html)"
66.249.65.165 - - [17/Jul/2025:15:08:36 +0000] "POST /get-message-notify HTTP/1.1" 200 19555 "https://alalamy.com.au/?k=97559885011900&mod=cbd35b79&uri=dp.php?shopbrand/243651.htm" "Mozilla/5.0 (Linux; Android 6.0.1; Nexus 5X Build/MMB29P) AppleWebKit/537.36 (KHTML, like Gecko) Chrome/137.0.7151.119 Mobile Safari/537.36 (compatible; Googlebot/2.1; +http://www.google.com/bot.html)"
66.249.65.165 - - [17/Jul/2025:15:08:41 +0000] "GET /?k=7580089041900&mod=ec5df877&uri=dp.php?shopbrand/7573955.htm HTTP/1.1" 200 20197 "-" "Mozilla/5.0 (Linux; Android 6.0.1; Nexus 5X Build/MMB29P) AppleWebKit/537.36 (KHTML, like Gecko) Chrome/137.0.7151.103 Mobile Safari/537.36 (compatible; Googlebot/2.1; +http://www.google.com/bot.html)"
66.249.65.165 - - [17/Jul/2025:15:08:52 +0000] "POST /get-message-notify HTTP/1.1" 200 19555 "https://alalamy.com.au/?k=7580089041900&mod=ec5df877&uri=dp.php?shopbrand/8797844.htm" "Mozilla/5.0 (Linux; Android 6.0.1; Nexus 5X Build/MMB29P) AppleWebKit/537.36 (KHTML, like Gecko) Chrome/137.0.7151.119 Mobile Safari/537.36 (compatible; Googlebot/2.1; +http://www.google.com/bot.html)"
66.249.65.164 - - [17/Jul/2025:15:08:53 +0000] "GET /?k=101910115021900&mod=41814002&uri=category-info.php?shopbrand/9043612.htm HTTP/1.1" 200 25065 "-" "Mozilla/5.0 (Linux; Android 6.0.1; Nexus 5X Build/MMB29P) AppleWebKit/537.36 (KHTML, like Gecko) Chrome/137.0.7151.103 Mobile Safari/537.36 (compatible; Googlebot/2.1; +http://www.google.com/bot.html)"
66.249.65.165 - - [17/Jul/2025:15:08:55 +0000] "GET /?k=7580089041900&mod=ec5df877&uri=dp.php?shopbrand/7364492.htm HTTP/1.1" 200 20062 "-" "Mozilla/5.0 (Linux; Android 6.0.1; Nexus 5X Build/MMB29P) AppleWebKit/537.36 (KHTML, like Gecko) Chrome/137.0.7151.103 Mobile Safari/537.36 (compatible; Googlebot/2.1; +http://www.google.com/bot.html)"
66.249.65.164 - - [17/Jul/2025:15:08:57 +0000] "GET /?k=119852666001900&mod=34a95ac7&uri=products.php%3Fid%3D3999846-323%26name%3Dpainting+hydro+flask HTTP/1.1" 200 19638 "-" "Mozilla/5.0 (Linux; Android 6.0.1; Nexus 5X Build/MMB29P) AppleWebKit/537.36 (KHTML, like Gecko) Chrome/137.0.7151.103 Mobile Safari/537.36 (compatible; Googlebot/2.1; +http://www.google.com/bot.html)"
66.249.65.164 - - [17/Jul/2025:15:08:58 +0000] "POST /get-message-notify HTTP/1.1" 200 19555 "https://alalamy.com.au/?k=7580089041900&mod=ec5df877&uri=dp.php?shopbrand/73313445.htm" "Mozilla/5.0 (Linux; Android 6.0.1; Nexus 5X Build/MMB29P) AppleWebKit/537.36 (KHTML, like Gecko) Chrome/137.0.7151.119 Mobile Safari/537.36 (compatible; Googlebot/2.1; +http://www.google.com/bot.html)"
66.249.65.164 - - [17/Jul/2025:15:09:00 +0000] "POST /get-message-notify HTTP/1.1" 200 19555 "https://alalamy.com.au/?k=7580089041900&mod=ec5df877&uri=dp.php?shopbrand/8594789.htm" "Mozilla/5.0 (Linux; Android 6.0.1; Nexus 5X Build/MMB29P) AppleWebKit/537.36 (KHTML, like Gecko) Chrome/137.0.7151.119 Mobile Safari/537.36 (compatible; Googlebot/2.1; +http://www.google.com/bot.html)"
66.249.65.165 - - [17/Jul/2025:15:09:01 +0000] "GET /?k=7580089041900&mod=ec5df877&uri=dp.php?shopbrand/73303878.htm HTTP/1.1" 200 22318 "-" "Mozilla/5.0 (Linux; Android 6.0.1; Nexus 5X Build/MMB29P) AppleWebKit/537.36 (KHTML, like Gecko) Chrome/137.0.7151.103 Mobile Safari/537.36 (compatible; Googlebot/2.1; +http://www.google.com/bot.html)"
66.249.65.164 - - [17/Jul/2025:15:09:02 +0000] "POST /get-message-notify HTTP/1.1" 200 19555 "https://alalamy.com.au/?k=7580089041900&mod=ec5df877&uri=dp.php?shopbrand/8596173.htm" "Mozilla/5.0 (Linux; Android 6.0.1; Nexus 5X Build/MMB29P) AppleWebKit/537.36 (KHTML, like Gecko) Chrome/137.0.7151.119 Mobile Safari/537.36 (compatible; Googlebot/2.1; +http://www.google.com/bot.html)"
66.249.65.164 - - [17/Jul/2025:15:09:03 +0000] "GET /robots.txt HTTP/1.1" 200 92 "-" "Mozilla/5.0 (compatible; Googlebot/2.1; +http://www.google.com/bot.html)"
66.249.65.164 - - [17/Jul/2025:15:09:03 +0000] "GET /?k=101910115021900&mod=41814002&uri=category-info.php?shopbrand/9049039.htm HTTP/1.1" 200 19785 "-" "Mozilla/5.0 (Linux; Android 6.0.1; Nexus 5X Build/MMB29P) AppleWebKit/537.36 (KHTML, like Gecko) Chrome/137.0.7151.103 Mobile Safari/537.36 (compatible; Googlebot/2.1; +http://www.google.com/bot.html)"
66.249.65.164 - - [17/Jul/2025:15:09:06 +0000] "GET /?k=7580089041900&mod=ec5df877&uri=dp.php?shopbrand/73304964.htm HTTP/1.1" 200 18987 "-" "Mozilla/5.0 (Linux; Android 6.0.1; Nexus 5X Build/MMB29P) AppleWebKit/537.36 (KHTML, like Gecko) Chrome/137.0.7151.103 Mobile Safari/537.36 (compatible; Googlebot/2.1; +http://www.google.com/bot.html)"
66.249.65.164 - - [17/Jul/2025:15:09:13 +0000] "POST /get-message-notify HTTP/1.1" 200 19555 "https://alalamy.com.au/?k=7580089041900&mod=ec5df877&uri=dp.php?shopbrand/7908427.htm" "Mozilla/5.0 (Linux; Android 6.0.1; Nexus 5X Build/MMB29P) AppleWebKit/537.36 (KHTML, like Gecko) Chrome/137.0.7151.119 Mobile Safari/537.36 (compatible; Googlebot/2.1; +http://www.google.com/bot.html)"
66.249.65.164 - - [17/Jul/2025:15:09:13 +0000] "GET /?k=7580089041900&mod=ec5df877&uri=dp.php?shopbrand/73312490.htm HTTP/1.1" 200 19801 "-" "Mozilla/5.0 (Linux; Android 6.0.1; Nexus 5X Build/MMB29P) AppleWebKit/537.36 (KHTML, like Gecko) Chrome/137.0.7151.103 Mobile Safari/537.36 (compatible; Googlebot/2.1; +http://www.google.com/bot.html)"
66.249.65.164 - - [17/Jul/2025:15:09:13 +0000] "POST /get-message-notify HTTP/1.1" 200 19555 "https://alalamy.com.au/?k=7580089041900&mod=ec5df877&uri=dp.php?shopbrand/7904809.htm" "Mozilla/5.0 (Linux; Android 6.0.1; Nexus 5X Build/MMB29P) AppleWebKit/537.36 (KHTML, like Gecko) Chrome/137.0.7151.119 Mobile Safari/537.36 (compatible; Googlebot/2.1; +http://www.google.com/bot.html)"
66.249.65.164 - - [17/Jul/2025:15:09:14 +0000] "POST /get-message-notify HTTP/1.1" 200 19555 "https://alalamy.com.au/?k=6540085031900&mod=0bb3498d&uri=info.php?shopbrand/134466658.htm" "Mozilla/5.0 (Linux; Android 6.0.1; Nexus 5X Build/MMB29P) AppleWebKit/537.36 (KHTML, like Gecko) Chrome/137.0.7151.119 Mobile Safari/537.36 (compatible; Googlebot/2.1; +http://www.google.com/bot.html)"
66.249.65.164 - - [17/Jul/2025:15:09:16 +0000] "GET /?k=7580089041900&mod=ec5df877&uri=dp.php?shopbrand/73313330.htm HTTP/1.1" 200 19241 "-" "Mozilla/5.0 (Linux; Android 6.0.1; Nexus 5X Build/MMB29P) AppleWebKit/537.36 (KHTML, like Gecko) Chrome/137.0.7151.103 Mobile Safari/537.36 (compatible; Googlebot/2.1; +http://www.google.com/bot.html)"
66.249.65.164 - - [17/Jul/2025:15:09:23 +0000] "GET /?k=7580089041900&mod=ec5df877&uri=dp.php?shopbrand/73308741.htm HTTP/1.1" 200 19291 "-" "Mozilla/5.0 (Linux; Android 6.0.1; Nexus 5X Build/MMB29P) AppleWebKit/537.36 (KHTML, like Gecko) Chrome/137.0.7151.103 Mobile Safari/537.36 (compatible; Googlebot/2.1; +http://www.google.com/bot.html)"
66.249.65.164 - - [17/Jul/2025:15:09:29 +0000] "GET /?k=7580089041900&mod=ec5df877&uri=dp.php?shopbrand/7909938.htm HTTP/1.1" 200 19373 "-" "Mozilla/5.0 (Linux; Android 6.0.1; Nexus 5X Build/MMB29P) AppleWebKit/537.36 (KHTML, like Gecko) Chrome/137.0.7151.103 Mobile Safari/537.36 (compatible; Googlebot/2.1; +http://www.google.com/bot.html)"
66.249.65.164 - - [17/Jul/2025:15:09:29 +0000] "POST /get-message-notify HTTP/1.1" 200 19555 "https://alalamy.com.au/?k=7580089041900&mod=ec5df877&uri=dp.php?shopbrand/7913290.htm" "Mozilla/5.0 (Linux; Android 6.0.1; Nexus 5X Build/MMB29P) AppleWebKit/537.36 (KHTML, like Gecko) Chrome/137.0.7151.119 Mobile Safari/537.36 (compatible; Googlebot/2.1; +http://www.google.com/bot.html)"
66.249.65.164 - - [17/Jul/2025:15:09:31 +0000] "GET /?k=7580089041900&mod=ec5df877&uri=dp.php?shopbrand/73305262.htm HTTP/1.1" 200 19546 "-" "Mozilla/5.0 (Linux; Android 6.0.1; Nexus 5X Build/MMB29P) AppleWebKit/537.36 (KHTML, like Gecko) Chrome/137.0.7151.103 Mobile Safari/537.36 (compatible; Googlebot/2.1; +http://www.google.com/bot.html)"
66.249.65.165 - - [17/Jul/2025:15:09:34 +0000] "GET /?k=7580089041900&mod=ec5df877&uri=dp.php?shopbrand/8598953.htm HTTP/1.1" 200 19355 "-" "Mozilla/5.0 (Linux; Android 6.0.1; Nexus 5X Build/MMB29P) AppleWebKit/537.36 (KHTML, like Gecko) Chrome/137.0.7151.103 Mobile Safari/537.36 (compatible; Googlebot/2.1; +http://www.google.com/bot.html)"
66.249.65.165 - - [17/Jul/2025:15:09:39 +0000] "GET /?k=7580089041900&mod=ec5df877&uri=dp.php?shopbrand/7364917.htm HTTP/1.1" 200 19210 "-" "Mozilla/5.0 (Linux; Android 6.0.1; Nexus 5X Build/MMB29P) AppleWebKit/537.36 (KHTML, like Gecko) Chrome/137.0.7151.103 Mobile Safari/537.36 (compatible; Googlebot/2.1; +http://www.google.com/bot.html)"
66.249.65.164 - - [17/Jul/2025:15:09:40 +0000] "POST /get-message-notify HTTP/1.1" 200 19555 "https://alalamy.com.au/?k=7580089041900&mod=ec5df877&uri=dp.php?shopbrand/73313171.htm" "Mozilla/5.0 (Linux; Android 6.0.1; Nexus 5X Build/MMB29P) AppleWebKit/537.36 (KHTML, like Gecko) Chrome/137.0.7151.119 Mobile Safari/537.36 (compatible; Googlebot/2.1; +http://www.google.com/bot.html)"
66.249.65.165 - - [17/Jul/2025:15:09:41 +0000] "GET /?k=7580089041900&mod=ec5df877&uri=dp.php?shopbrand/7566205.htm HTTP/1.1" 200 19385 "-" "Mozilla/5.0 (Linux; Android 6.0.1; Nexus 5X Build/MMB29P) AppleWebKit/537.36 (KHTML, like Gecko) Chrome/137.0.7151.103 Mobile Safari/537.36 (compatible; Googlebot/2.1; +http://www.google.com/bot.html)"
66.249.65.165 - - [17/Jul/2025:15:09:44 +0000] "GET /?k=6540085031900&mod=0bb3498d&uri=info.php?shopbrand/134467744.htm HTTP/1.1" 200 20365 "-" "Mozilla/5.0 (Linux; Android 6.0.1; Nexus 5X Build/MMB29P) AppleWebKit/537.36 (KHTML, like Gecko) Chrome/137.0.7151.103 Mobile Safari/537.36 (compatible; Googlebot/2.1; +http://www.google.com/bot.html)"
66.249.65.164 - - [17/Jul/2025:15:09:50 +0000] "POST /get-message-notify HTTP/1.1" 200 19555 "https://alalamy.com.au/?k=6540085031900&mod=0bb3498d&uri=info.php?shopbrand/134468882.htm" "Mozilla/5.0 (Linux; Android 6.0.1; Nexus 5X Build/MMB29P) AppleWebKit/537.36 (KHTML, like Gecko) Chrome/137.0.7151.119 Mobile Safari/537.36 (compatible; Googlebot/2.1; +http://www.google.com/bot.html)"
66.249.65.164 - - [17/Jul/2025:15:09:51 +0000] "GET /?k=7580089041900&mod=ec5df877&uri=dp.php?shopbrand/8596739.htm HTTP/1.1" 200 20018 "-" "Mozilla/5.0 (Linux; Android 6.0.1; Nexus 5X Build/MMB29P) AppleWebKit/537.36 (KHTML, like Gecko) Chrome/137.0.7151.103 Mobile Safari/537.36 (compatible; Googlebot/2.1; +http://www.google.com/bot.html)"
66.249.65.164 - - [17/Jul/2025:15:09:51 +0000] "GET /?k=7465244021900&mod=160c8865&uri=goods.php?shopbrand/9269473.htm HTTP/1.1" 200 19181 "-" "Mozilla/5.0 (Linux; Android 6.0.1; Nexus 5X Build/MMB29P) AppleWebKit/537.36 (KHTML, like Gecko) Chrome/137.0.7151.103 Mobile Safari/537.36 (compatible; Googlebot/2.1; +http://www.google.com/bot.html)"
66.249.65.164 - - [17/Jul/2025:15:09:57 +0000] "POST /get-message-notify HTTP/1.1" 200 19555 "https://alalamy.com.au/?k=7580089041900&mod=ec5df877&uri=dp.php?shopbrand/7371887.htm" "Mozilla/5.0 (Linux; Android 6.0.1; Nexus 5X Build/MMB29P) AppleWebKit/537.36 (KHTML, like Gecko) Chrome/137.0.7151.119 Mobile Safari/537.36 (compatible; Googlebot/2.1; +http://www.google.com/bot.html)"
66.249.65.165 - - [17/Jul/2025:15:09:57 +0000] "POST /get-message-notify HTTP/1.1" 200 19555 "https://alalamy.com.au/?k=7580089041900&mod=ec5df877&uri=dp.php?shopbrand/8599219.htm" "Mozilla/5.0 (Linux; Android 6.0.1; Nexus 5X Build/MMB29P) AppleWebKit/537.36 (KHTML, like Gecko) Chrome/137.0.7151.119 Mobile Safari/537.36 (compatible; Googlebot/2.1; +http://www.google.com/bot.html)"
66.249.65.164 - - [17/Jul/2025:15:09:57 +0000] "POST /get-message-notify HTTP/1.1" 200 19555 "https://alalamy.com.au/?k=101910115021900&mod=41814002&uri=category-info.php?shopbrand/9038336.htm" "Mozilla/5.0 (Linux; Android 6.0.1; Nexus 5X Build/MMB29P) AppleWebKit/537.36 (KHTML, like Gecko) Chrome/137.0.7151.119 Mobile Safari/537.36 (compatible; Googlebot/2.1; +http://www.google.com/bot.html)"
66.249.65.164 - - [17/Jul/2025:15:09:57 +0000] "POST /get-message-notify HTTP/1.1" 200 19555 "https://alalamy.com.au/?k=7580089041900&mod=ec5df877&uri=dp.php?shopbrand/7566205.htm" "Mozilla/5.0 (Linux; Android 6.0.1; Nexus 5X Build/MMB29P) AppleWebKit/537.36 (KHTML, like Gecko) Chrome/137.0.7151.119 Mobile Safari/537.36 (compatible; Googlebot/2.1; +http://www.google.com/bot.html)"
66.249.65.165 - - [17/Jul/2025:15:09:58 +0000] "GET /?k=7580089041900&mod=ec5df877&uri=dp.php?shopbrand/73312093.htm HTTP/1.1" 200 19562 "-" "Mozilla/5.0 (Linux; Android 6.0.1; Nexus 5X Build/MMB29P) AppleWebKit/537.36 (KHTML, like Gecko) Chrome/137.0.7151.103 Mobile Safari/537.36 (compatible; Googlebot/2.1; +http://www.google.com/bot.html)"
66.249.65.166 - - [17/Jul/2025:15:10:02 +0000] "GET /?k=6540085031900&mod=0bb3498d&uri=info.php?shopbrand/134461644.htm HTTP/1.1" 200 19083 "-" "Mozilla/5.0 (Linux; Android 6.0.1; Nexus 5X Build/MMB29P) AppleWebKit/537.36 (KHTML, like Gecko) Chrome/137.0.7151.103 Mobile Safari/537.36 (compatible; Googlebot/2.1; +http://www.google.com/bot.html)"
66.249.65.165 - - [17/Jul/2025:15:10:06 +0000] "GET /robots.txt HTTP/1.1" 200 92 "-" "Mozilla/5.0 (compatible; Googlebot/2.1; +http://www.google.com/bot.html)"
66.249.65.165 - - [17/Jul/2025:15:10:06 +0000] "GET /?k=7580089041900&mod=ec5df877&uri=dp.php?shopbrand/7909098.htm HTTP/1.1" 200 19692 "-" "Mozilla/5.0 (Linux; Android 6.0.1; Nexus 5X Build/MMB29P) AppleWebKit/537.36 (KHTML, like Gecko) Chrome/137.0.7151.103 Mobile Safari/537.36 (compatible; Googlebot/2.1; +http://www.google.com/bot.html)"
66.249.65.164 - - [17/Jul/2025:15:10:07 +0000] "POST /get-message-notify HTTP/1.1" 200 19555 "https://alalamy.com.au/?k=6702155041900&mod=1366e101&uri=products.php?shopbrand/8808690.htm" "Mozilla/5.0 (Linux; Android 6.0.1; Nexus 5X Build/MMB29P) AppleWebKit/537.36 (KHTML, like Gecko) Chrome/137.0.7151.119 Mobile Safari/537.36 (compatible; Googlebot/2.1; +http://www.google.com/bot.html)"
66.249.65.164 - - [17/Jul/2025:15:10:07 +0000] "POST /get-message-notify HTTP/1.1" 200 19555 "https://alalamy.com.au/?k=7580089041900&mod=ec5df877&uri=dp.php?shopbrand/73304434.htm" "Mozilla/5.0 (Linux; Android 6.0.1; Nexus 5X Build/MMB29P) AppleWebKit/537.36 (KHTML, like Gecko) Chrome/137.0.7151.119 Mobile Safari/537.36 (compatible; Googlebot/2.1; +http://www.google.com/bot.html)"
66.249.65.164 - - [17/Jul/2025:15:10:10 +0000] "GET /?k=6540085031900&mod=0bb3498d&uri=info.php?shopbrand/134465147.htm HTTP/1.1" 200 19397 "-" "Mozilla/5.0 (Linux; Android 6.0.1; Nexus 5X Build/MMB29P) AppleWebKit/537.36 (KHTML, like Gecko) Chrome/137.0.7151.103 Mobile Safari/537.36 (compatible; Googlebot/2.1; +http://www.google.com/bot.html)"
66.249.65.164 - - [17/Jul/2025:15:10:10 +0000] "GET /?k=7580089041900&mod=ec5df877&uri=dp.php?shopbrand/8601187.htm HTTP/1.1" 200 19602 "-" "Mozilla/5.0 (Linux; Android 6.0.1; Nexus 5X Build/MMB29P) AppleWebKit/537.36 (KHTML, like Gecko) Chrome/137.0.7151.103 Mobile Safari/537.36 (compatible; Googlebot/2.1; +http://www.google.com/bot.html)"
209.74.77.214 - - [17/Jul/2025:15:10:12 +0000] "POST /wp-cron.php?doing_wp_cron=1752765012.3839008808135986328125 HTTP/1.1" 200 - "-" "WordPress/6.8.2; https://alalamy.com.au"
57.141.2.26 - - [17/Jul/2025:15:10:12 +0000] "GET /?k=108083320021900& HTTP/1.1" 301 - "-" "meta-externalagent/1.1 (+https://developers.facebook.com/docs/sharing/webmasters/crawler)"
209.74.77.214 - - [17/Jul/2025:15:10:12 +0000] "POST /wp-admin/admin-ajax.php?action=async_litespeed&nonce=fPbvXMCQ2xpjsAMwJ9sg8cScWAyJA3VP&litespeed_type=imgoptm HTTP/1.1" 200 21 "-" "WordPress/6.8.2; https://alalamy.com.au"
216.250.255.116 - - [17/Jul/2025:15:10:12 +0000] "GET / HTTP/1.1" 200 26631 "-" "Mozilla/5.0 (Macintosh; Intel Mac OS X 10_15_7) AppleWebKit/537.36 (KHTML, like Gecko) Chrome/103.0.0.0 Safari/537.36"
66.249.65.164 - - [17/Jul/2025:15:10:14 +0000] "POST /get-message-notify HTTP/1.1" 200 19555 "https://alalamy.com.au/?k=6540085031900&mod=0bb3498d&uri=info.php?shopbrand/7978326.htm" "Mozilla/5.0 (Linux; Android 6.0.1; Nexus 5X Build/MMB29P) AppleWebKit/537.36 (KHTML, like Gecko) Chrome/137.0.7151.119 Mobile Safari/537.36 (compatible; Googlebot/2.1; +http://www.google.com/bot.html)"
66.249.65.164 - - [17/Jul/2025:15:10:14 +0000] "GET /?k=7580089041900&mod=ec5df877&uri=dp.php?shopbrand/8600091.htm HTTP/1.1" 200 19851 "-" "Mozilla/5.0 (Linux; Android 6.0.1; Nexus 5X Build/MMB29P) AppleWebKit/537.36 (KHTML, like Gecko) Chrome/137.0.7151.103 Mobile Safari/537.36 (compatible; Googlebot/2.1; +http://www.google.com/bot.html)"
66.249.65.164 - - [17/Jul/2025:15:10:14 +0000] "GET /?k=119843426081900&mod=41814002&uri=search.php?shopbrand/252440.htm HTTP/1.1" 200 19294 "-" "Mozilla/5.0 (Linux; Android 6.0.1; Nexus 5X Build/MMB29P) AppleWebKit/537.36 (KHTML, like Gecko) Chrome/137.0.7151.103 Mobile Safari/537.36 (compatible; Googlebot/2.1; +http://www.google.com/bot.html)"
66.249.65.164 - - [17/Jul/2025:15:10:18 +0000] "GET /?k=7580089041900&mod=ec5df877&uri=dp.php?shopbrand/7907555.htm HTTP/1.1" 200 19206 "-" "Mozilla/5.0 (Linux; Android 6.0.1; Nexus 5X Build/MMB29P) AppleWebKit/537.36 (KHTML, like Gecko) Chrome/137.0.7151.103 Mobile Safari/537.36 (compatible; Googlebot/2.1; +http://www.google.com/bot.html)"
66.249.65.164 - - [17/Jul/2025:15:10:22 +0000] "GET /?k=37400531011900&mod=b0099c9e&uri=dp.php?shopbrand/243651.htm HTTP/1.1" 200 19108 "-" "Mozilla/5.0 (Linux; Android 6.0.1; Nexus 5X Build/MMB29P) AppleWebKit/537.36 (KHTML, like Gecko) Chrome/137.0.7151.103 Mobile Safari/537.36 (compatible; Googlebot/2.1; +http://www.google.com/bot.html)"
66.249.65.164 - - [17/Jul/2025:15:10:22 +0000] "GET /?k=101910115021900&mod=41814002&uri=category-info.php?shopbrand/9042625.htm HTTP/1.1" 200 20074 "-" "Mozilla/5.0 (Linux; Android 6.0.1; Nexus 5X Build/MMB29P) AppleWebKit/537.36 (KHTML, like Gecko) Chrome/137.0.7151.103 Mobile Safari/537.36 (compatible; Googlebot/2.1; +http://www.google.com/bot.html)"
66.249.65.164 - - [17/Jul/2025:15:10:25 +0000] "POST /get-message-notify HTTP/1.1" 200 19555 "https://alalamy.com.au/?k=7580089041900&mod=ec5df877&uri=dp.php?shopbrand/73313330.htm" "Mozilla/5.0 (Linux; Android 6.0.1; Nexus 5X Build/MMB29P) AppleWebKit/537.36 (KHTML, like Gecko) Chrome/137.0.7151.119 Mobile Safari/537.36 (compatible; Googlebot/2.1; +http://www.google.com/bot.html)"
66.249.65.164 - - [17/Jul/2025:15:10:25 +0000] "POST /get-message-notify HTTP/1.1" 200 19555 "https://alalamy.com.au/?k=37400531011900&mod=b0099c9e&uri=dp.php?shopbrand/244223.htm" "Mozilla/5.0 (Linux; Android 6.0.1; Nexus 5X Build/MMB29P) AppleWebKit/537.36 (KHTML, like Gecko) Chrome/137.0.7151.119 Mobile Safari/537.36 (compatible; Googlebot/2.1; +http://www.google.com/bot.html)"
66.249.65.165 - - [17/Jul/2025:15:10:27 +0000] "GET /?k=6540085031900&mod=0bb3498d&uri=info.php?shopbrand/134461795.htm HTTP/1.1" 200 18891 "-" "Mozilla/5.0 (Linux; Android 6.0.1; Nexus 5X Build/MMB29P) AppleWebKit/537.36 (KHTML, like Gecko) Chrome/137.0.7151.103 Mobile Safari/537.36 (compatible; Googlebot/2.1; +http://www.google.com/bot.html)"
66.249.65.165 - - [17/Jul/2025:15:10:32 +0000] "GET /?k=6540085031900&mod=0bb3498d&uri=info.php?shopbrand/134463453.htm HTTP/1.1" 200 18975 "-" "Mozilla/5.0 (Linux; Android 6.0.1; Nexus 5X Build/MMB29P) AppleWebKit/537.36 (KHTML, like Gecko) Chrome/137.0.7151.103 Mobile Safari/537.36 (compatible; Googlebot/2.1; +http://www.google.com/bot.html)"
66.249.65.165 - - [17/Jul/2025:15:10:34 +0000] "GET /?k=97559885011900&mod=cbd35b79&uri=dp.php?toreka/goods_menu.html HTTP/1.1" 200 20205 "-" "Mozilla/5.0 (Linux; Android 6.0.1; Nexus 5X Build/MMB29P) AppleWebKit/537.36 (KHTML, like Gecko) Chrome/137.0.7151.103 Mobile Safari/537.36 (compatible; Googlebot/2.1; +http://www.google.com/bot.html)"
66.249.65.165 - - [17/Jul/2025:15:10:37 +0000] "GET /?k=7580089041900&mod=ec5df877&uri=dp.php?shopbrand/7362534.htm HTTP/1.1" 200 19318 "-" "Mozilla/5.0 (Linux; Android 6.0.1; Nexus 5X Build/MMB29P) AppleWebKit/537.36 (KHTML, like Gecko) Chrome/137.0.7151.103 Mobile Safari/537.36 (compatible; Googlebot/2.1; +http://www.google.com/bot.html)"
66.249.65.164 - - [17/Jul/2025:15:10:38 +0000] "POST /get-message-notify HTTP/1.1" 200 19555 "https://alalamy.com.au/?k=7580089041900&mod=ec5df877&uri=dp.php?shopbrand/8594364.htm" "Mozilla/5.0 (Linux; Android 6.0.1; Nexus 5X Build/MMB29P) AppleWebKit/537.36 (KHTML, like Gecko) Chrome/137.0.7151.119 Mobile Safari/537.36 (compatible; Googlebot/2.1; +http://www.google.com/bot.html)"
66.249.65.164 - - [17/Jul/2025:15:10:39 +0000] "GET /?k=6422726041900&mod=55e58848&uri=products.php%3Fid%3D214520-183%26name%3Dhero+honda+pleasure+2007+model+price HTTP/1.1" 200 19654 "-" "Mozilla/5.0 (compatible; Googlebot/2.1; +http://www.google.com/bot.html)"
66.249.65.165 - - [17/Jul/2025:15:10:42 +0000] "GET /?k=101910115021900&mod=41814002&uri=category-info.php?shopbrand/9037365.htm HTTP/1.1" 200 20197 "-" "Mozilla/5.0 (Linux; Android 6.0.1; Nexus 5X Build/MMB29P) AppleWebKit/537.36 (KHTML, like Gecko) Chrome/137.0.7151.103 Mobile Safari/537.36 (compatible; Googlebot/2.1; +http://www.google.com/bot.html)"
66.249.65.165 - - [17/Jul/2025:15:10:46 +0000] "GET /?k=7580089041900&mod=ec5df877&uri=dp.php?shopbrand/8599112.htm HTTP/1.1" 200 19313 "-" "Mozilla/5.0 (Linux; Android 6.0.1; Nexus 5X Build/MMB29P) AppleWebKit/537.36 (KHTML, like Gecko) Chrome/137.0.7151.103 Mobile Safari/537.36 (compatible; Googlebot/2.1; +http://www.google.com/bot.html)"
66.249.65.164 - - [17/Jul/2025:15:10:54 +0000] "GET /?k=6540085031900&mod=0bb3498d&uri=info.php?shopbrand/7979968.htm HTTP/1.1" 200 22275 "-" "Mozilla/5.0 (Linux; Android 6.0.1; Nexus 5X Build/MMB29P) AppleWebKit/537.36 (KHTML, like Gecko) Chrome/137.0.7151.103 Mobile Safari/537.36 (compatible; Googlebot/2.1; +http://www.google.com/bot.html)"
66.249.65.165 - - [17/Jul/2025:15:10:55 +0000] "GET /?k=23509241011900&mod=962ebbfe&uri=product.php?shopbrand/9292966.htm HTTP/1.1" 200 18857 "-" "Mozilla/5.0 (Linux; Android 6.0.1; Nexus 5X Build/MMB29P) AppleWebKit/537.36 (KHTML, like Gecko) Chrome/137.0.7151.103 Mobile Safari/537.36 (compatible; Googlebot/2.1; +http://www.google.com/bot.html)"
66.249.65.164 - - [17/Jul/2025:15:10:57 +0000] "GET /?k=6540085031900&mod=0bb3498d&uri=info.php?shopbrand/7982093.htm HTTP/1.1" 200 19403 "-" "Mozilla/5.0 (Linux; Android 6.0.1; Nexus 5X Build/MMB29P) AppleWebKit/537.36 (KHTML, like Gecko) Chrome/137.0.7151.103 Mobile Safari/537.36 (compatible; Googlebot/2.1; +http://www.google.com/bot.html)"
66.249.65.164 - - [17/Jul/2025:15:10:57 +0000] "POST /get-message-notify HTTP/1.1" 200 19555 "https://alalamy.com.au/?k=7580089041900&mod=ec5df877&uri=dp.php?shopbrand/7579805.htm" "Mozilla/5.0 (Linux; Android 6.0.1; Nexus 5X Build/MMB29P) AppleWebKit/537.36 (KHTML, like Gecko) Chrome/137.0.7151.119 Mobile Safari/537.36 (compatible; Googlebot/2.1; +http://www.google.com/bot.html)"
66.249.65.166 - - [17/Jul/2025:15:11:01 +0000] "GET /?k=101910115021900&mod=41814002&uri=category-info.php?shopbrand/9048467.htm HTTP/1.1" 200 19334 "-" "Mozilla/5.0 (Linux; Android 6.0.1; Nexus 5X Build/MMB29P) AppleWebKit/537.36 (KHTML, like Gecko) Chrome/137.0.7151.103 Mobile Safari/537.36 (compatible; Googlebot/2.1; +http://www.google.com/bot.html)"
66.249.65.165 - - [17/Jul/2025:15:11:06 +0000] "GET /?k=7580089041900&mod=ec5df877&uri=dp.php?shopbrand/7580230.htm HTTP/1.1" 200 19924 "-" "Mozilla/5.0 (Linux; Android 6.0.1; Nexus 5X Build/MMB29P) AppleWebKit/537.36 (KHTML, like Gecko) Chrome/137.0.7151.103 Mobile Safari/537.36 (compatible; Googlebot/2.1; +http://www.google.com/bot.html)"
66.249.65.165 - - [17/Jul/2025:15:11:07 +0000] "GET /robots.txt HTTP/1.1" 200 92 "-" "Mozilla/5.0 (compatible; Googlebot/2.1; +http://www.google.com/bot.html)"
66.249.65.165 - - [17/Jul/2025:15:11:07 +0000] "POST /get-message-notify HTTP/1.1" 200 19555 "https://alalamy.com.au/?k=101910115021900&mod=41814002&uri=category-info.php?shopbrand/9041795.htm" "Mozilla/5.0 (Linux; Android 6.0.1; Nexus 5X Build/MMB29P) AppleWebKit/537.36 (KHTML, like Gecko) Chrome/137.0.7151.119 Mobile Safari/537.36 (compatible; Googlebot/2.1; +http://www.google.com/bot.html)"
66.249.65.164 - - [17/Jul/2025:15:11:11 +0000] "GET /?k=7580089041900&mod=ec5df877&uri=dp.php?shopbrand/8597982.htm HTTP/1.1" 200 20803 "-" "Mozilla/5.0 (Linux; Android 6.0.1; Nexus 5X Build/MMB29P) AppleWebKit/537.36 (KHTML, like Gecko) Chrome/137.0.7151.103 Mobile Safari/537.36 (compatible; Googlebot/2.1; +http://www.google.com/bot.html)"
66.249.65.164 - - [17/Jul/2025:15:11:16 +0000] "GET /?k=6540085031900&mod=0bb3498d&uri=info.php?shopbrand/7984573.htm HTTP/1.1" 200 20219 "-" "Mozilla/5.0 (Linux; Android 6.0.1; Nexus 5X Build/MMB29P) AppleWebKit/537.36 (KHTML, like Gecko) Chrome/137.0.7151.103 Mobile Safari/537.36 (compatible; Googlebot/2.1; +http://www.google.com/bot.html)"
66.249.65.164 - - [17/Jul/2025:15:11:19 +0000] "POST /get-message-notify HTTP/1.1" 200 19555 "https://alalamy.com.au/?k=7580089041900&mod=ec5df877&uri=dp.php?shopbrand/8231737.htm" "Mozilla/5.0 (Linux; Android 6.0.1; Nexus 5X Build/MMB29P) AppleWebKit/537.36 (KHTML, like Gecko) Chrome/137.0.7151.119 Mobile Safari/537.36 (compatible; Googlebot/2.1; +http://www.google.com/bot.html)"
66.249.65.164 - - [17/Jul/2025:15:11:45 +0000] "POST /get-message-notify HTTP/1.1" 200 19555 "https://alalamy.com.au/?k=7580089041900&mod=ec5df877&uri=dp.php?shopbrand/7368535.htm" "Mozilla/5.0 (Linux; Android 6.0.1; Nexus 5X Build/MMB29P) AppleWebKit/537.36 (KHTML, like Gecko) Chrome/137.0.7151.119 Mobile Safari/537.36 (compatible; Googlebot/2.1; +http://www.google.com/bot.html)"
66.249.65.164 - - [17/Jul/2025:15:11:48 +0000] "GET /?k=6702155041900&mod=1366e101&uri=products.php?shopbrand/8315419.htm HTTP/1.1" 200 21996 "-" "Mozilla/5.0 (Linux; Android 6.0.1; Nexus 5X Build/MMB29P) AppleWebKit/537.36 (KHTML, like Gecko) Chrome/137.0.7151.103 Mobile Safari/537.36 (compatible; Googlebot/2.1; +http://www.google.com/bot.html)"
66.249.65.164 - - [17/Jul/2025:15:11:55 +0000] "POST /get-message-notify HTTP/1.1" 200 19555 "https://alalamy.com.au/?k=7580089041900&mod=ec5df877&uri=dp.php?shopbrand/7573399.htm" "Mozilla/5.0 (Linux; Android 6.0.1; Nexus 5X Build/MMB29P) AppleWebKit/537.36 (KHTML, like Gecko) Chrome/137.0.7151.119 Mobile Safari/537.36 (compatible; Googlebot/2.1; +http://www.google.com/bot.html)"
66.249.65.164 - - [17/Jul/2025:15:11:55 +0000] "POST /get-message-notify HTTP/1.1" 200 19555 "https://alalamy.com.au/?k=6702155041900&mod=1366e101&uri=products.php?product/edit/A3107017302" "Mozilla/5.0 (Linux; Android 6.0.1; Nexus 5X Build/MMB29P) AppleWebKit/537.36 (KHTML, like Gecko) Chrome/137.0.7151.119 Mobile Safari/537.36 (compatible; Googlebot/2.1; +http://www.google.com/bot.html)"
66.249.65.164 - - [17/Jul/2025:15:12:04 +0000] "POST /get-message-notify HTTP/1.1" 200 19555 "https://alalamy.com.au/?k=7580089041900&mod=ec5df877&uri=dp.php?shopbrand/8228500.htm" "Mozilla/5.0 (Linux; Android 6.0.1; Nexus 5X Build/MMB29P) AppleWebKit/537.36 (KHTML, like Gecko) Chrome/137.0.7151.119 Mobile Safari/537.36 (compatible; Googlebot/2.1; +http://www.google.com/bot.html)"
66.249.65.166 - - [17/Jul/2025:15:12:07 +0000] "POST /get-message-notify HTTP/1.1" 200 19555 "https://alalamy.com.au/?k=6574285041900&mod=f4d1f9e7&uri=pin.php?shopbrand/8108287.htm" "Mozilla/5.0 (Linux; Android 6.0.1; Nexus 5X Build/MMB29P) AppleWebKit/537.36 (KHTML, like Gecko) Chrome/137.0.7151.119 Mobile Safari/537.36 (compatible; Googlebot/2.1; +http://www.google.com/bot.html)"
66.249.65.164 - - [17/Jul/2025:15:12:09 +0000] "POST /get-message-notify HTTP/1.1" 200 19555 "https://alalamy.com.au/?k=7580089041900&mod=ec5df877&uri=dp.php?shopbrand/8597144.htm" "Mozilla/5.0 (Linux; Android 6.0.1; Nexus 5X Build/MMB29P) AppleWebKit/537.36 (KHTML, like Gecko) Chrome/137.0.7151.119 Mobile Safari/537.36 (compatible; Googlebot/2.1; +http://www.google.com/bot.html)"
66.249.65.165 - - [17/Jul/2025:15:12:09 +0000] "GET /?k=6540085031900&mod=0bb3498d&uri=info.php?shopbrand/134467073.htm HTTP/1.1" 200 21720 "-" "Mozilla/5.0 (Linux; Android 6.0.1; Nexus 5X Build/MMB29P) AppleWebKit/537.36 (KHTML, like Gecko) Chrome/137.0.7151.103 Mobile Safari/537.36 (compatible; Googlebot/2.1; +http://www.google.com/bot.html)"
66.249.65.164 - - [17/Jul/2025:15:12:17 +0000] "GET /?k=7465244021900&mod=160c8865&uri=goods.php?shopbrand/8560017.htm HTTP/1.1" 200 21381 "-" "Mozilla/5.0 (Linux; Android 6.0.1; Nexus 5X Build/MMB29P) AppleWebKit/537.36 (KHTML, like Gecko) Chrome/137.0.7151.103 Mobile Safari/537.36 (compatible; Googlebot/2.1; +http://www.google.com/bot.html)"
66.249.65.164 - - [17/Jul/2025:15:12:19 +0000] "POST /get-message-notify HTTP/1.1" 200 19555 "https://alalamy.com.au/?k=101910115021900&mod=41814002&uri=category-info.php?shopbrand/9041795.htm" "Mozilla/5.0 (Linux; Android 6.0.1; Nexus 5X Build/MMB29P) AppleWebKit/537.36 (KHTML, like Gecko) Chrome/137.0.7151.119 Mobile Safari/537.36 (compatible; Googlebot/2.1; +http://www.google.com/bot.html)"
66.249.65.164 - - [17/Jul/2025:15:12:22 +0000] "POST /get-message-notify HTTP/1.1" 200 19555 "https://alalamy.com.au/?k=6702155041900&mod=1366e101&uri=products.php?shopbrand/8802292.htm" "Mozilla/5.0 (Linux; Android 6.0.1; Nexus 5X Build/MMB29P) AppleWebKit/537.36 (KHTML, like Gecko) Chrome/137.0.7151.119 Mobile Safari/537.36 (compatible; Googlebot/2.1; +http://www.google.com/bot.html)"
66.249.65.164 - - [17/Jul/2025:15:12:23 +0000] "POST /get-message-notify HTTP/1.1" 200 19555 "https://alalamy.com.au/?k=7580089041900&mod=ec5df877&uri=dp.php?shopbrand/7361994.htm" "Mozilla/5.0 (Linux; Android 6.0.1; Nexus 5X Build/MMB29P) AppleWebKit/537.36 (KHTML, like Gecko) Chrome/137.0.7151.119 Mobile Safari/537.36 (compatible; Googlebot/2.1; +http://www.google.com/bot.html)"
66.249.65.164 - - [17/Jul/2025:15:12:35 +0000] "POST /get-message-notify HTTP/1.1" 200 19555 "https://alalamy.com.au/?k=6994314031900&mod=962ebbfe&uri=news.php?shopbrand/673614.htm" "Mozilla/5.0 (Linux; Android 6.0.1; Nexus 5X Build/MMB29P) AppleWebKit/537.36 (KHTML, like Gecko) Chrome/137.0.7151.119 Mobile Safari/537.36 (compatible; Googlebot/2.1; +http://www.google.com/bot.html)"
66.249.65.164 - - [17/Jul/2025:15:12:42 +0000] "GET /?k=97559885011900&mod=cbd35b79&uri=dp.php?shopbrand/245619.htm HTTP/1.1" 200 20451 "-" "Mozilla/5.0 (Linux; Android 6.0.1; Nexus 5X Build/MMB29P) AppleWebKit/537.36 (KHTML, like Gecko) Chrome/137.0.7151.103 Mobile Safari/537.36 (compatible; Googlebot/2.1; +http://www.google.com/bot.html)"
66.249.65.164 - - [17/Jul/2025:15:12:46 +0000] "POST /get-message-notify HTTP/1.1" 200 19555 "https://alalamy.com.au/?k=7580089041900&mod=ec5df877&uri=dp.php?shopbrand/8225736.htm" "Mozilla/5.0 (Linux; Android 6.0.1; Nexus 5X Build/MMB29P) AppleWebKit/537.36 (KHTML, like Gecko) Chrome/137.0.7151.119 Mobile Safari/537.36 (compatible; Googlebot/2.1; +http://www.google.com/bot.html)"
66.249.65.164 - - [17/Jul/2025:15:12:50 +0000] "POST /get-message-notify HTTP/1.1" 200 19555 "https://alalamy.com.au/?k=101910115021900&mod=41814002&uri=category-info.php?shopbrand/9042625.htm" "Mozilla/5.0 (Linux; Android 6.0.1; Nexus 5X Build/MMB29P) AppleWebKit/537.36 (KHTML, like Gecko) Chrome/137.0.7151.119 Mobile Safari/537.36 (compatible; Googlebot/2.1; +http://www.google.com/bot.html)"
66.249.65.165 - - [17/Jul/2025:15:13:44 +0000] "GET /?k=23509241011900&mod=962ebbfe&uri=product.php?shopbrand/9290202.htm HTTP/1.1" 200 22486 "-" "Mozilla/5.0 (Linux; Android 6.0.1; Nexus 5X Build/MMB29P) AppleWebKit/537.36 (KHTML, like Gecko) Chrome/137.0.7151.103 Mobile Safari/537.36 (compatible; Googlebot/2.1; +http://www.google.com/bot.html)"
66.249.65.165 - - [17/Jul/2025:15:13:44 +0000] "GET /?k=6574285041900&mod=f4d1f9e7&uri=pin.php?shopbrand/8531105.htm HTTP/1.1" 200 19151 "-" "Mozilla/5.0 (Linux; Android 6.0.1; Nexus 5X Build/MMB29P) AppleWebKit/537.36 (KHTML, like Gecko) Chrome/137.0.7151.103 Mobile Safari/537.36 (compatible; Googlebot/2.1; +http://www.google.com/bot.html)"
