66.249.65.164 - - [17/Jul/2025:15:13:44 +0000] "GET /?k=6574285041900&mod=f4d1f9e7&uri=pin.php?shopbrand/8111641.htm HTTP/1.1" 200 19115 "-" "Mozilla/5.0 (Linux; Android 6.0.1; Nexus 5X Build/MMB29P) AppleWebKit/537.36 (KHTML, like Gecko) Chrome/137.0.7151.103 Mobile Safari/537.36 (compatible; Googlebot/2.1; +http://www.google.com/bot.html)"
66.249.65.165 - - [17/Jul/2025:15:13:46 +0000] "POST /get-message-notify HTTP/1.1" 200 19555 "https://alalamy.com.au/?k=7580089041900&mod=ec5df877&uri=dp.php?shopbrand/73307911.htm" "Mozilla/5.0 (Linux; Android 6.0.1; Nexus 5X Build/MMB29P) AppleWebKit/537.36 (KHTML, like Gecko) Chrome/137.0.7151.119 Mobile Safari/537.36 (compatible; Googlebot/2.1; +http://www.google.com/bot.html)"
66.249.65.164 - - [17/Jul/2025:15:13:51 +0000] "POST /get-message-notify HTTP/1.1" 200 19555 "https://alalamy.com.au/?k=6540085031900&mod=0bb3498d&uri=info.php?shopbrand/7979595.htm" "Mozilla/5.0 (Linux; Android 6.0.1; Nexus 5X Build/MMB29P) AppleWebKit/537.36 (KHTML, like Gecko) Chrome/137.0.7151.119 Mobile Safari/537.36 (compatible; Googlebot/2.1; +http://www.google.com/bot.html)"
66.249.65.165 - - [17/Jul/2025:15:13:54 +0000] "POST /get-message-notify HTTP/1.1" 200 19555 "https://alalamy.com.au/?k=7465244021900&mod=160c8865&uri=goods.php?shopbrand/9269473.htm" "Mozilla/5.0 (Linux; Android 6.0.1; Nexus 5X Build/MMB29P) AppleWebKit/537.36 (KHTML, like Gecko) Chrome/137.0.7151.119 Mobile Safari/537.36 (compatible; Googlebot/2.1; +http://www.google.com/bot.html)"
66.249.65.164 - - [17/Jul/2025:15:13:58 +0000] "GET /?k=6540085031900&mod=0bb3498d&uri=info.php?shopbrand/134461370.htm HTTP/1.1" 200 19041 "-" "Mozilla/5.0 (Linux; Android 6.0.1; Nexus 5X Build/MMB29P) AppleWebKit/537.36 (KHTML, like Gecko) Chrome/137.0.7151.103 Mobile Safari/537.36 (compatible; Googlebot/2.1; +http://www.google.com/bot.html)"
66.249.65.164 - - [17/Jul/2025:15:13:59 +0000] "POST /get-message-notify HTTP/1.1" 200 19555 "https://alalamy.com.au/?k=6574285041900&mod=f4d1f9e7&uri=pin.php?product/edit/A18734993" "Mozilla/5.0 (Linux; Android 6.0.1; Nexus 5X Build/MMB29P) AppleWebKit/537.36 (KHTML, like Gecko) Chrome/137.0.7151.119 Mobile Safari/537.36 (compatible; Googlebot/2.1; +http://www.google.com/bot.html)"
66.249.65.164 - - [17/Jul/2025:15:14:01 +0000] "POST /get-message-notify HTTP/1.1" 200 19555 "https://alalamy.com.au/?k=7580089041900&mod=ec5df877&uri=dp.php?shopbrand/7580361.htm" "Mozilla/5.0 (Linux; Android 6.0.1; Nexus 5X Build/MMB29P) AppleWebKit/537.36 (KHTML, like Gecko) Chrome/137.0.7151.119 Mobile Safari/537.36 (compatible; Googlebot/2.1; +http://www.google.com/bot.html)"
66.249.65.164 - - [17/Jul/2025:15:14:06 +0000] "GET /?k=6540085031900&mod=0bb3498d&uri=info.php?shopbrand/134460699.htm HTTP/1.1" 200 19699 "-" "Mozilla/5.0 (Linux; Android 6.0.1; Nexus 5X Build/MMB29P) AppleWebKit/537.36 (KHTML, like Gecko) Chrome/137.0.7151.103 Mobile Safari/537.36 (compatible; Googlebot/2.1; +http://www.google.com/bot.html)"
66.249.65.164 - - [17/Jul/2025:15:14:18 +0000] "GET /?k=7023779071900&mod=156cc497&uri=form.php?shopbrand/246606.htm HTTP/1.1" 200 20440 "-" "Mozilla/5.0 (Linux; Android 6.0.1; Nexus 5X Build/MMB29P) AppleWebKit/537.36 (KHTML, like Gecko) Chrome/137.0.7151.103 Mobile Safari/537.36 (compatible; Googlebot/2.1; +http://www.google.com/bot.html)"
66.249.65.164 - - [17/Jul/2025:15:14:41 +0000] "POST /get-message-notify HTTP/1.1" 200 19555 "https://alalamy.com.au/?k=6540085031900&mod=0bb3498d&uri=info.php?shopbrand/134463453.htm" "Mozilla/5.0 (Linux; Android 6.0.1; Nexus 5X Build/MMB29P) AppleWebKit/537.36 (KHTML, like Gecko) Chrome/137.0.7151.119 Mobile Safari/537.36 (compatible; Googlebot/2.1; +http://www.google.com/bot.html)"
66.249.65.164 - - [17/Jul/2025:15:14:46 +0000] "GET /?k=6702155041900&mod=1366e101&uri=products.php?shopbrand/8316930.htm HTTP/1.1" 200 19765 "-" "Mozilla/5.0 (Linux; Android 6.0.1; Nexus 5X Build/MMB29P) AppleWebKit/537.36 (KHTML, like Gecko) Chrome/137.0.7151.103 Mobile Safari/537.36 (compatible; Googlebot/2.1; +http://www.google.com/bot.html)"
66.249.65.164 - - [17/Jul/2025:15:14:46 +0000] "GET /?k=7465244021900&mod=160c8865&uri=goods.php?shopbrand/9266993.htm HTTP/1.1" 200 19846 "-" "Mozilla/5.0 (Linux; Android 6.0.1; Nexus 5X Build/MMB29P) AppleWebKit/537.36 (KHTML, like Gecko) Chrome/137.0.7151.103 Mobile Safari/537.36 (compatible; Googlebot/2.1; +http://www.google.com/bot.html)"
66.249.65.164 - - [17/Jul/2025:15:14:53 +0000] "GET /?k=7580089041900&mod=ec5df877&uri=dp.php?shopbrand/73310947.htm HTTP/1.1" 200 20630 "-" "Mozilla/5.0 (Linux; Android 6.0.1; Nexus 5X Build/MMB29P) AppleWebKit/537.36 (KHTML, like Gecko) Chrome/137.0.7151.103 Mobile Safari/537.36 (compatible; Googlebot/2.1; +http://www.google.com/bot.html)"
66.249.65.166 - - [17/Jul/2025:15:15:17 +0000] "GET /?k=6890676041900&mod=0afe1037&uri=info.php%3Fid%3D230128-345%26name%3Dsudaderas+para+parejas+baratas HTTP/1.1" 200 19604 "-" "Mozilla/5.0 (Linux; Android 6.0.1; Nexus 5X Build/MMB29P) AppleWebKit/537.36 (KHTML, like Gecko) Chrome/137.0.7151.103 Mobile Safari/537.36 (compatible; Googlebot/2.1; +http://www.google.com/bot.html)"
66.249.65.165 - - [17/Jul/2025:15:15:33 +0000] "POST /get-message-notify HTTP/1.1" 200 19555 "https://alalamy.com.au/?k=7580089041900&mod=ec5df877&uri=dp.php?shopbrand/7914801.htm" "Mozilla/5.0 (Linux; Android 6.0.1; Nexus 5X Build/MMB29P) AppleWebKit/537.36 (KHTML, like Gecko) Chrome/137.0.7151.119 Mobile Safari/537.36 (compatible; Googlebot/2.1; +http://www.google.com/bot.html)"
209.74.77.214 - - [17/Jul/2025:15:15:54 +0000] "POST /wp-cron.php?doing_wp_cron=1752765354.2019100189208984375000 HTTP/1.1" 200 - "-" "WordPress/6.8.2; https://alalamy.com.au"
52.190.190.25 - - [17/Jul/2025:15:15:51 +0000] "GET /?k=5858170051900&mod=e07472e7&uri=dp.php?id%3D195628-341%26name%3Dnarciso+rodriguez+colonia+hombre HTTP/1.1" 301 - "-" "Mozilla/5.0 AppleWebKit/537.36 (KHTML, like Gecko); compatible; ChatGPT-User/1.0; +https://openai.com/bot"
52.190.190.16 - - [17/Jul/2025:15:15:54 +0000] "GET /?k=5858170051900&mod=e07472e7&uri=dp.php?id%3D195628-341%26name%3Dnarciso%20rodriguez%20colonia%20hombre HTTP/1.1" 301 - "-" "Mozilla/5.0 AppleWebKit/537.36 (KHTML, like Gecko); compatible; ChatGPT-User/1.0; +https://openai.com/bot"
209.74.77.214 - - [17/Jul/2025:15:15:54 +0000] "POST /wp-admin/admin-ajax.php?action=async_litespeed&nonce=AyGWmfYPs2BOGEPzzxd15iYEsdRVPNDt&litespeed_type=imgoptm HTTP/1.1" 200 21 "-" "WordPress/6.8.2; https://alalamy.com.au"
66.249.65.165 - - [17/Jul/2025:15:16:07 +0000] "POST /get-message-notify HTTP/1.1" 200 19555 "https://alalamy.com.au/?k=6540085031900&mod=0bb3498d&uri=info.php?shopbrand/134471263.htm" "Mozilla/5.0 (Linux; Android 6.0.1; Nexus 5X Build/MMB29P) AppleWebKit/537.36 (KHTML, like Gecko) Chrome/137.0.7151.119 Mobile Safari/537.36 (compatible; Googlebot/2.1; +http://www.google.com/bot.html)"
66.249.65.164 - - [17/Jul/2025:15:16:12 +0000] "POST /get-message-notify HTTP/1.1" 200 19555 "https://alalamy.com.au/?k=6574285041900&mod=f4d1f9e7&uri=pin.php?product/edit/A18734993" "Mozilla/5.0 (Linux; Android 6.0.1; Nexus 5X Build/MMB29P) AppleWebKit/537.36 (KHTML, like Gecko) Chrome/137.0.7151.119 Mobile Safari/537.36 (compatible; Googlebot/2.1; +http://www.google.com/bot.html)"
66.249.65.164 - - [17/Jul/2025:15:16:24 +0000] "GET /?k=23509241011900&mod=962ebbfe&uri=product.php?shopbrand/9515507.htm HTTP/1.1" 200 18849 "-" "Mozilla/5.0 (Linux; Android 6.0.1; Nexus 5X Build/MMB29P) AppleWebKit/537.36 (KHTML, like Gecko) Chrome/137.0.7151.103 Mobile Safari/537.36 (compatible; Googlebot/2.1; +http://www.google.com/bot.html)"
66.249.65.164 - - [17/Jul/2025:15:16:25 +0000] "GET /?k=119458472021900&mod=b9b993f4&uri=category-info.php?shopbrand/245063.htm HTTP/1.1" 200 19864 "-" "Mozilla/5.0 (Linux; Android 6.0.1; Nexus 5X Build/MMB29P) AppleWebKit/537.36 (KHTML, like Gecko) Chrome/137.0.7151.103 Mobile Safari/537.36 (compatible; Googlebot/2.1; +http://www.google.com/bot.html)"
66.249.65.164 - - [17/Jul/2025:15:16:38 +0000] "GET /?k=7400981071900&mod=1b728593&uri=shop.php%3Fid%3D247177-409%26name%3Dsapato+dakota+vermelho HTTP/1.1" 200 19598 "-" "Mozilla/5.0 (Linux; Android 6.0.1; Nexus 5X Build/MMB29P) AppleWebKit/537.36 (KHTML, like Gecko) Chrome/137.0.7151.103 Mobile Safari/537.36 (compatible; Googlebot/2.1; +http://www.google.com/bot.html)"
66.249.65.164 - - [17/Jul/2025:15:16:45 +0000] "GET /?k=5754087031900&mod=960b0b80&uri=shared.php%3Fid%3D192156-335%26name%3Dfortnite+game+chip+for+nintendo+switch HTTP/1.1" 200 19659 "-" "Mozilla/5.0 (Linux; Android 6.0.1; Nexus 5X Build/MMB29P) AppleWebKit/537.36 (KHTML, like Gecko) Chrome/137.0.7151.103 Mobile Safari/537.36 (compatible; Googlebot/2.1; +http://www.google.com/bot.html)"
66.249.65.166 - - [17/Jul/2025:15:17:04 +0000] "POST /get-message-notify HTTP/1.1" 200 19555 "https://alalamy.com.au/?k=6540085031900&mod=0bb3498d&uri=info.php?shopbrand/7982093.htm" "Mozilla/5.0 (Linux; Android 6.0.1; Nexus 5X Build/MMB29P) AppleWebKit/537.36 (KHTML, like Gecko) Chrome/137.0.7151.119 Mobile Safari/537.36 (compatible; Googlebot/2.1; +http://www.google.com/bot.html)"
66.249.65.164 - - [17/Jul/2025:15:17:15 +0000] "POST /get-message-notify HTTP/1.1" 200 19555 "https://alalamy.com.au/?k=6574285041900&mod=f4d1f9e7&uri=pin.php?product/edit/A18734993" "Mozilla/5.0 (Linux; Android 6.0.1; Nexus 5X Build/MMB29P) AppleWebKit/537.36 (KHTML, like Gecko) Chrome/137.0.7151.119 Mobile Safari/537.36 (compatible; Googlebot/2.1; +http://www.google.com/bot.html)"
66.249.65.164 - - [17/Jul/2025:15:17:23 +0000] "POST /get-message-notify HTTP/1.1" 200 19555 "https://alalamy.com.au/?k=23509241011900&mod=962ebbfe&uri=product.php?shopbrand/9292966.htm" "Mozilla/5.0 (Linux; Android 6.0.1; Nexus 5X Build/MMB29P) AppleWebKit/537.36 (KHTML, like Gecko) Chrome/137.0.7151.119 Mobile Safari/537.36 (compatible; Googlebot/2.1; +http://www.google.com/bot.html)"
66.249.65.164 - - [17/Jul/2025:15:17:27 +0000] "GET /?k=23509241011900&mod=962ebbfe&uri=product.php?shopbrand/9516494.htm HTTP/1.1" 200 19228 "-" "Mozilla/5.0 (Linux; Android 6.0.1; Nexus 5X Build/MMB29P) AppleWebKit/537.36 (KHTML, like Gecko) Chrome/137.0.7151.103 Mobile Safari/537.36 (compatible; Googlebot/2.1; +http://www.google.com/bot.html)"
66.249.65.164 - - [17/Jul/2025:15:17:32 +0000] "GET /?k=6702155041900&mod=1366e101&uri=products.php?shopbrand/7721867.htm HTTP/1.1" 200 23083 "-" "Mozilla/5.0 (Linux; Android 6.0.1; Nexus 5X Build/MMB29P) AppleWebKit/537.36 (KHTML, like Gecko) Chrome/137.0.7151.103 Mobile Safari/537.36 (compatible; Googlebot/2.1; +http://www.google.com/bot.html)"
4.227.36.83 - - [17/Jul/2025:15:17:35 +0000] "GET /robots.txt HTTP/1.1" 200 92 "-" "Mozilla/5.0 AppleWebKit/537.36 (KHTML, like Gecko; compatible; GPTBot/1.2; +https://openai.com/gptbot)"
209.74.77.214 - - [17/Jul/2025:15:17:36 +0000] "POST /wp-cron.php?doing_wp_cron=1752765456.1112999916076660156250 HTTP/1.1" 200 - "-" "WordPress/6.8.2; https://alalamy.com.au"
20.14.99.103 - - [17/Jul/2025:15:17:35 +0000] "GET /?k=5858170051900&mod=e07472e7&uri=dp.php%3Fid%3D195628-341%26name%3Dnarciso+rodriguez+colonia+hombre HTTP/1.1" 301 - "-" "Mozilla/5.0 (Macintosh; Intel Mac OS X 10_15_7) AppleWebKit/537.36 (KHTML, like Gecko) Chrome/131.0.0.0 Safari/537.36; compatible; OAI-SearchBot/1.0; +https://openai.com/searchbot"
209.74.77.214 - - [17/Jul/2025:15:17:36 +0000] "POST /wp-admin/admin-ajax.php?action=async_litespeed&nonce=eILwR7lQJR25UxRLmazsp9QrqFmWZp6r&litespeed_type=imgoptm HTTP/1.1" 200 21 "-" "WordPress/6.8.2; https://alalamy.com.au"
20.14.99.103 - - [17/Jul/2025:15:17:36 +0000] "GET /?k=5858170051900&mod=e07472e7&uri=dp.php%3Fid%3D195628-341%26name%3Dnarciso%20rodriguez%20colonia%20hombre HTTP/1.1" 200 26624 "-" "Mozilla/5.0 (Macintosh; Intel Mac OS X 10_15_7) AppleWebKit/537.36 (KHTML, like Gecko) Chrome/131.0.0.0 Safari/537.36; compatible; OAI-SearchBot/1.0; +https://openai.com/searchbot"
66.249.65.164 - - [17/Jul/2025:15:17:42 +0000] "POST /get-message-notify HTTP/1.1" 200 19555 "https://alalamy.com.au/?k=23509241011900&mod=962ebbfe&uri=product.php?shopbrand/9516494.htm" "Mozilla/5.0 (Linux; Android 6.0.1; Nexus 5X Build/MMB29P) AppleWebKit/537.36 (KHTML, like Gecko) Chrome/137.0.7151.119 Mobile Safari/537.36 (compatible; Googlebot/2.1; +http://www.google.com/bot.html)"
66.249.65.164 - - [17/Jul/2025:15:17:55 +0000] "GET /?k=101910115021900&mod=41814002&uri=category-info.php?shopbrand/9039305.htm HTTP/1.1" 200 19113 "-" "Mozilla/5.0 (Linux; Android 6.0.1; Nexus 5X Build/MMB29P) AppleWebKit/537.36 (KHTML, like Gecko) Chrome/137.0.7151.103 Mobile Safari/537.36 (compatible; Googlebot/2.1; +http://www.google.com/bot.html)"
209.74.77.214 - - [17/Jul/2025:15:18:04 +0000] "POST /wp-cron.php?doing_wp_cron=1752765484.3121640682220458984375 HTTP/1.1" 200 - "-" "WordPress/6.8.2; https://alalamy.com.au"
57.141.2.16 - - [17/Jul/2025:15:18:04 +0000] "GET /?k=858684021900& HTTP/1.1" 301 - "-" "meta-externalagent/1.1 (+https://developers.facebook.com/docs/sharing/webmasters/crawler)"
209.74.77.214 - - [17/Jul/2025:15:18:04 +0000] "POST /wp-admin/admin-ajax.php?action=async_litespeed&nonce=JpMPTHRpOdETAHNIUZ2JqKo3ddF9P2Yy&litespeed_type=imgoptm HTTP/1.1" 200 21 "-" "WordPress/6.8.2; https://alalamy.com.au"
66.249.65.164 - - [17/Jul/2025:15:18:10 +0000] "GET /?k=6702155041900&mod=1366e101&uri=products.php?shopbrand/8803430.htm HTTP/1.1" 200 19535 "-" "Mozilla/5.0 (Linux; Android 6.0.1; Nexus 5X Build/MMB29P) AppleWebKit/537.36 (KHTML, like Gecko) Chrome/137.0.7151.103 Mobile Safari/537.36 (compatible; Googlebot/2.1; +http://www.google.com/bot.html)"
66.249.65.165 - - [17/Jul/2025:15:18:20 +0000] "GET /?k=7525819011900&mod=995693c1&uri=shop.php?shopbrand/252140.htm HTTP/1.1" 200 20331 "-" "Mozilla/5.0 (Linux; Android 6.0.1; Nexus 5X Build/MMB29P) AppleWebKit/537.36 (KHTML, like Gecko) Chrome/137.0.7151.103 Mobile Safari/537.36 (compatible; Googlebot/2.1; +http://www.google.com/bot.html)"
66.249.65.165 - - [17/Jul/2025:15:18:21 +0000] "GET /?k=7580089041900&mod=ec5df877&uri=dp.php?shopbrand/8603111.htm HTTP/1.1" 200 19584 "-" "Mozilla/5.0 (Linux; Android 6.0.1; Nexus 5X Build/MMB29P) AppleWebKit/537.36 (KHTML, like Gecko) Chrome/137.0.7151.103 Mobile Safari/537.36 (compatible; Googlebot/2.1; +http://www.google.com/bot.html)"
66.249.65.164 - - [17/Jul/2025:15:18:33 +0000] "GET /?k=119848466061900&mod=34a95ac7&uri=info.php?shopbrand/251469.htm HTTP/1.1" 200 21905 "-" "Mozilla/5.0 (Linux; Android 6.0.1; Nexus 5X Build/MMB29P) AppleWebKit/537.36 (KHTML, like Gecko) Chrome/137.0.7151.103 Mobile Safari/537.36 (compatible; Googlebot/2.1; +http://www.google.com/bot.html)"
45.227.253.15 - - [17/Jul/2025:15:18:39 +0000] "GET /wp-content/plugins/elementor-pro/modules/forms/submissions/admin-menu-items/admin-menu-items/index.php?ARRAY=7o2230223n313735323736393232352p2231223n22687474703n5p2s5p2s7n7334383176313373752r62757964792r70726s5p2s3s6p633q78696164616r5s72616r645s7061746826743q313735323736353632352q6166313131646163393466336166613636396465613430616234393232313738222p2232223n226263343365373438386239353338643435333163303234356461343465633732222p2233223n226638613531633563383166656138353739393038393634373032363437643264222p2262696r675s70617373223n2231352q34352q35392q36362q37322q38382q3135227q HTTP/1.1" 200 496 "-" "Mozilla/5.0 (Macintosh; Intel Mac OS X 10.13; rv:103.0) Gecko/20100101 Firefox/101.0"
66.249.65.164 - - [17/Jul/2025:15:18:42 +0000] "POST /get-message-notify HTTP/1.1" 200 19555 "https://alalamy.com.au/?k=6574285041900&mod=f4d1f9e7&uri=pin.php?product/edit/A18734993" "Mozilla/5.0 (Linux; Android 6.0.1; Nexus 5X Build/MMB29P) AppleWebKit/537.36 (KHTML, like Gecko) Chrome/137.0.7151.119 Mobile Safari/537.36 (compatible; Googlebot/2.1; +http://www.google.com/bot.html)"
66.249.65.164 - - [17/Jul/2025:15:18:48 +0000] "GET /?k=23509241011900&mod=962ebbfe&uri=product.php?shopbrand/9287124.htm HTTP/1.1" 200 19409 "-" "Mozilla/5.0 (Linux; Android 6.0.1; Nexus 5X Build/MMB29P) AppleWebKit/537.36 (KHTML, like Gecko) Chrome/137.0.7151.103 Mobile Safari/537.36 (compatible; Googlebot/2.1; +http://www.google.com/bot.html)"
66.249.65.165 - - [17/Jul/2025:15:19:28 +0000] "POST /get-message-notify HTTP/1.1" 200 19555 "https://alalamy.com.au/?k=7580089041900&mod=ec5df877&uri=dp.php?shopbrand/7910907.htm" "Mozilla/5.0 (Linux; Android 6.0.1; Nexus 5X Build/MMB29P) AppleWebKit/537.36 (KHTML, like Gecko) Chrome/137.0.7151.119 Mobile Safari/537.36 (compatible; Googlebot/2.1; +http://www.google.com/bot.html)"
66.249.65.164 - - [17/Jul/2025:15:19:40 +0000] "POST /get-message-notify HTTP/1.1" 200 19555 "https://alalamy.com.au/?k=6574285041900&mod=f4d1f9e7&uri=pin.php?product/edit/A18734993" "Mozilla/5.0 (Linux; Android 6.0.1; Nexus 5X Build/MMB29P) AppleWebKit/537.36 (KHTML, like Gecko) Chrome/137.0.7151.119 Mobile Safari/537.36 (compatible; Googlebot/2.1; +http://www.google.com/bot.html)"
66.249.65.164 - - [17/Jul/2025:15:19:55 +0000] "GET /?k=7465244021900&mod=160c8865&uri=goods.php?shopbrand/8561155.htm HTTP/1.1" 200 19565 "-" "Mozilla/5.0 (Linux; Android 6.0.1; Nexus 5X Build/MMB29P) AppleWebKit/537.36 (KHTML, like Gecko) Chrome/137.0.7151.103 Mobile Safari/537.36 (compatible; Googlebot/2.1; +http://www.google.com/bot.html)"
66.249.65.166 - - [17/Jul/2025:15:20:02 +0000] "POST /get-message-notify HTTP/1.1" 200 19555 "https://alalamy.com.au/?k=7580089041900&mod=ec5df877&uri=dp.php?shopbrand/73305262.htm" "Mozilla/5.0 (Linux; Android 6.0.1; Nexus 5X Build/MMB29P) AppleWebKit/537.36 (KHTML, like Gecko) Chrome/137.0.7151.119 Mobile Safari/537.36 (compatible; Googlebot/2.1; +http://www.google.com/bot.html)"
66.249.65.165 - - [17/Jul/2025:15:20:28 +0000] "GET /?k=7317199001900&mod=1177967c&uri=pin.php?shopbrand/7577847.htm HTTP/1.1" 200 19538 "-" "Mozilla/5.0 (Linux; Android 6.0.1; Nexus 5X Build/MMB29P) AppleWebKit/537.36 (KHTML, like Gecko) Chrome/137.0.7151.103 Mobile Safari/537.36 (compatible; Googlebot/2.1; +http://www.google.com/bot.html)"
66.249.65.164 - - [17/Jul/2025:15:21:22 +0000] "GET /?k=6702155041900&mod=1366e101&uri=products.php?shopbrand/8316920.htm HTTP/1.1" 200 21270 "-" "Mozilla/5.0 (Linux; Android 6.0.1; Nexus 5X Build/MMB29P) AppleWebKit/537.36 (KHTML, like Gecko) Chrome/137.0.7151.103 Mobile Safari/537.36 (compatible; Googlebot/2.1; +http://www.google.com/bot.html)"
66.249.65.164 - - [17/Jul/2025:15:21:24 +0000] "POST /get-message-notify HTTP/1.1" 200 19555 "https://alalamy.com.au/?k=6702155041900&mod=1366e101&uri=products.php?shopbrand/8597684.htm" "Mozilla/5.0 (Linux; Android 6.0.1; Nexus 5X Build/MMB29P) AppleWebKit/537.36 (KHTML, like Gecko) Chrome/137.0.7151.119 Mobile Safari/537.36 (compatible; Googlebot/2.1; +http://www.google.com/bot.html)"
66.249.65.164 - - [17/Jul/2025:15:21:31 +0000] "GET /?k=7465244021900&mod=160c8865&uri=goods.php?shopbrand/8151383.htm HTTP/1.1" 200 19935 "-" "Mozilla/5.0 (Linux; Android 6.0.1; Nexus 5X Build/MMB29P) AppleWebKit/537.36 (KHTML, like Gecko) Chrome/137.0.7151.103 Mobile Safari/537.36 (compatible; Googlebot/2.1; +http://www.google.com/bot.html)"
66.249.65.164 - - [17/Jul/2025:15:21:44 +0000] "GET /?k=7580089041900&mod=ec5df877&uri=dp.php?shopbrand/8602571.htm HTTP/1.1" 200 23170 "-" "Mozilla/5.0 (Linux; Android 6.0.1; Nexus 5X Build/MMB29P) AppleWebKit/537.36 (KHTML, like Gecko) Chrome/137.0.7151.103 Mobile Safari/537.36 (compatible; Googlebot/2.1; +http://www.google.com/bot.html)"
66.249.65.164 - - [17/Jul/2025:15:21:49 +0000] "POST /get-message-notify HTTP/1.1" 200 19555 "https://alalamy.com.au/?k=7465244021900&mod=160c8865&uri=goods.php?shopbrand/8151383.htm" "Mozilla/5.0 (Linux; Android 6.0.1; Nexus 5X Build/MMB29P) AppleWebKit/537.36 (KHTML, like Gecko) Chrome/137.0.7151.119 Mobile Safari/537.36 (compatible; Googlebot/2.1; +http://www.google.com/bot.html)"
66.249.65.164 - - [17/Jul/2025:15:21:53 +0000] "GET /?k=101910115021900&mod=41814002&uri=category-info.php?shopbrand/9042069.htm HTTP/1.1" 200 19825 "-" "Mozilla/5.0 (Linux; Android 6.0.1; Nexus 5X Build/MMB29P) AppleWebKit/537.36 (KHTML, like Gecko) Chrome/137.0.7151.103 Mobile Safari/537.36 (compatible; Googlebot/2.1; +http://www.google.com/bot.html)"
66.249.65.166 - - [17/Jul/2025:15:22:35 +0000] "GET /?k=6702155041900&mod=1366e101&uri=products.php?shopbrand/8894870.htm HTTP/1.1" 200 19927 "-" "Mozilla/5.0 (Linux; Android 6.0.1; Nexus 5X Build/MMB29P) AppleWebKit/537.36 (KHTML, like Gecko) Chrome/137.0.7151.103 Mobile Safari/537.36 (compatible; Googlebot/2.1; +http://www.google.com/bot.html)"
66.249.65.165 - - [17/Jul/2025:15:22:41 +0000] "GET /?k=52647117001900&mod=cb45a111&uri=pin.php%3Fid%3D1756887-381%26name%3Dsandali+trekking+cisalfa HTTP/1.1" 200 19611 "-" "Mozilla/5.0 (Linux; Android 6.0.1; Nexus 5X Build/MMB29P) AppleWebKit/537.36 (KHTML, like Gecko) Chrome/137.0.7151.103 Mobile Safari/537.36 (compatible; Googlebot/2.1; +http://www.google.com/bot.html)"
66.249.65.164 - - [17/Jul/2025:15:22:48 +0000] "GET /?k=7173361021900&mod=4d383d5c&uri=goods.php%3Fid%3D239564-234%26name%3Djack+and+jones+jeans+f%C3%83%C2%BCr+100 HTTP/1.1" 200 19668 "-" "Mozilla/5.0 (compatible; Googlebot/2.1; +http://www.google.com/bot.html)"
66.249.65.164 - - [17/Jul/2025:15:22:48 +0000] "GET /?k=7465244021900&mod=160c8865&uri=goods.php?shopbrand/9270885.htm HTTP/1.1" 200 19335 "-" "Mozilla/5.0 (Linux; Android 6.0.1; Nexus 5X Build/MMB29P) AppleWebKit/537.36 (KHTML, like Gecko) Chrome/137.0.7151.103 Mobile Safari/537.36 (compatible; Googlebot/2.1; +http://www.google.com/bot.html)"
66.249.65.164 - - [17/Jul/2025:15:22:49 +0000] "GET /?k=6702155041900&mod=1366e101&uri=products.php?shopbrand/8314281.htm HTTP/1.1" 200 19402 "-" "Mozilla/5.0 (Linux; Android 6.0.1; Nexus 5X Build/MMB29P) AppleWebKit/537.36 (KHTML, like Gecko) Chrome/137.0.7151.103 Mobile Safari/537.36 (compatible; Googlebot/2.1; +http://www.google.com/bot.html)"
66.249.65.166 - - [17/Jul/2025:15:23:15 +0000] "GET /?k=6960184091900&mod=20ea88ff&uri=itm.php%3Fid%3D232447-390%26name%3Dclaquette+banane+nike+acheter HTTP/1.1" 200 19613 "-" "Mozilla/5.0 (Linux; Android 6.0.1; Nexus 5X Build/MMB29P) AppleWebKit/537.36 (KHTML, like Gecko) Chrome/137.0.7151.103 Mobile Safari/537.36 (compatible; Googlebot/2.1; +http://www.google.com/bot.html)"
66.249.65.164 - - [17/Jul/2025:15:23:16 +0000] "POST /get-message-notify HTTP/1.1" 200 19555 "https://alalamy.com.au/?k=7580089041900&mod=ec5df877&uri=dp.php?shopbrand/73308872.htm" "Mozilla/5.0 (Linux; Android 6.0.1; Nexus 5X Build/MMB29P) AppleWebKit/537.36 (KHTML, like Gecko) Chrome/137.0.7151.119 Mobile Safari/537.36 (compatible; Googlebot/2.1; +http://www.google.com/bot.html)"
66.249.65.164 - - [17/Jul/2025:15:23:28 +0000] "GET /?k=7580089041900&mod=ec5df877&uri=dp.php?shopbrand/7915373.htm HTTP/1.1" 200 18895 "-" "Mozilla/5.0 (Linux; Android 6.0.1; Nexus 5X Build/MMB29P) AppleWebKit/537.36 (KHTML, like Gecko) Chrome/137.0.7151.103 Mobile Safari/537.36 (compatible; Googlebot/2.1; +http://www.google.com/bot.html)"
216.73.216.244 - - [17/Jul/2025:15:23:33 +0000] "GET /robots.txt HTTP/1.1" 200 92 "-" "Mozilla/5.0 AppleWebKit/537.36 (KHTML, like Gecko; compatible; ClaudeBot/1.0; [email protected])"
216.73.216.244 - - [17/Jul/2025:15:23:33 +0000] "GET /sitemap.xml HTTP/1.1" 200 4130 "-" "Mozilla/5.0 AppleWebKit/537.36 (KHTML, like Gecko; compatible; ClaudeBot/1.0; [email protected])"
216.73.216.244 - - [17/Jul/2025:15:23:36 +0000] "GET /sitemap.xml HTTP/1.1" 200 4147 "-" "Mozilla/5.0 AppleWebKit/537.36 (KHTML, like Gecko; compatible; ClaudeBot/1.0; [email protected])"
66.249.65.164 - - [17/Jul/2025:15:23:57 +0000] "POST /get-message-notify HTTP/1.1" 200 19555 "https://alalamy.com.au/?k=7580089041900&mod=ec5df877&uri=dp.php?shopbrand/7915373.htm" "Mozilla/5.0 (Linux; Android 6.0.1; Nexus 5X Build/MMB29P) AppleWebKit/537.36 (KHTML, like Gecko) Chrome/137.0.7151.119 Mobile Safari/537.36 (compatible; Googlebot/2.1; +http://www.google.com/bot.html)"
66.249.65.164 - - [17/Jul/2025:15:23:58 +0000] "POST /get-message-notify HTTP/1.1" 200 19555 "https://alalamy.com.au/?k=6702155041900&mod=1366e101&uri=products.php?shopbrand/8899318.htm" "Mozilla/5.0 (Linux; Android 6.0.1; Nexus 5X Build/MMB29P) AppleWebKit/537.36 (KHTML, like Gecko) Chrome/137.0.7151.119 Mobile Safari/537.36 (compatible; Googlebot/2.1; +http://www.google.com/bot.html)"
66.249.65.164 - - [17/Jul/2025:15:25:08 +0000] "GET /?k=101910115021900&mod=41814002&uri=category-info.php?shopbrand/9044168.htm HTTP/1.1" 200 19697 "-" "Mozilla/5.0 (Linux; Android 6.0.1; Nexus 5X Build/MMB29P) AppleWebKit/537.36 (KHTML, like Gecko) Chrome/137.0.7151.103 Mobile Safari/537.36 (compatible; Googlebot/2.1; +http://www.google.com/bot.html)"
66.249.65.164 - - [17/Jul/2025:15:25:13 +0000] "GET /?k=7580089041900&mod=ec5df877&uri=dp.php?shopbrand/8603004.htm HTTP/1.1" 200 19197 "-" "Mozilla/5.0 (Linux; Android 6.0.1; Nexus 5X Build/MMB29P) AppleWebKit/537.36 (KHTML, like Gecko) Chrome/137.0.7151.103 Mobile Safari/537.36 (compatible; Googlebot/2.1; +http://www.google.com/bot.html)"
66.249.65.164 - - [17/Jul/2025:15:25:47 +0000] "GET /?k=6702155041900&mod=1366e101&uri=products.php?shopbrand/8312738.htm HTTP/1.1" 200 21959 "-" "Mozilla/5.0 (Linux; Android 6.0.1; Nexus 5X Build/MMB29P) AppleWebKit/537.36 (KHTML, like Gecko) Chrome/137.0.7151.103 Mobile Safari/537.36 (compatible; Googlebot/2.1; +http://www.google.com/bot.html)"
66.249.65.164 - - [17/Jul/2025:15:25:47 +0000] "POST /get-message-notify HTTP/1.1" 200 19555 "https://alalamy.com.au/?k=6574285041900&mod=f4d1f9e7&uri=pin.php?product/edit/A18734993" "Mozilla/5.0 (Linux; Android 6.0.1; Nexus 5X Build/MMB29P) AppleWebKit/537.36 (KHTML, like Gecko) Chrome/137.0.7151.119 Mobile Safari/537.36 (compatible; Googlebot/2.1; +http://www.google.com/bot.html)"
66.249.65.164 - - [17/Jul/2025:15:25:50 +0000] "POST /get-message-notify HTTP/1.1" 200 19555 "https://alalamy.com.au/?k=6702155041900&mod=1366e101&uri=products.php?shopbrand/8312738.htm" "Mozilla/5.0 (Linux; Android 6.0.1; Nexus 5X Build/MMB29P) AppleWebKit/537.36 (KHTML, like Gecko) Chrome/137.0.7151.119 Mobile Safari/537.36 (compatible; Googlebot/2.1; +http://www.google.com/bot.html)"
66.249.65.164 - - [17/Jul/2025:15:25:53 +0000] "GET /?k=97559885011900&mod=cbd35b79&uri=dp.php?text/terms HTTP/1.1" 200 19893 "-" "Mozilla/5.0 (Linux; Android 6.0.1; Nexus 5X Build/MMB29P) AppleWebKit/537.36 (KHTML, like Gecko) Chrome/137.0.7151.103 Mobile Safari/537.36 (compatible; Googlebot/2.1; +http://www.google.com/bot.html)"
66.249.65.165 - - [17/Jul/2025:15:26:30 +0000] "GET /?k=7580089041900&mod=ec5df877&uri=dp.php?shopbrand/8428245.htm HTTP/1.1" 200 21686 "-" "Mozilla/5.0 (Linux; Android 6.0.1; Nexus 5X Build/MMB29P) AppleWebKit/537.36 (KHTML, like Gecko) Chrome/137.0.7151.103 Mobile Safari/537.36 (compatible; Googlebot/2.1; +http://www.google.com/bot.html)"
66.249.65.164 - - [17/Jul/2025:15:26:49 +0000] "POST /get-message-notify HTTP/1.1" 200 19555 "https://alalamy.com.au/?k=23509241011900&mod=962ebbfe&uri=product.php?shopbrand/9514844.htm" "Mozilla/5.0 (Linux; Android 6.0.1; Nexus 5X Build/MMB29P) AppleWebKit/537.36 (KHTML, like Gecko) Chrome/137.0.7151.119 Mobile Safari/537.36 (compatible; Googlebot/2.1; +http://www.google.com/bot.html)"
209.74.77.214 - - [17/Jul/2025:15:26:52 +0000] "POST /wp-cron.php?doing_wp_cron=1752766012.5335500240325927734375 HTTP/1.1" 200 - "-" "WordPress/6.8.2; https://alalamy.com.au"
57.141.2.6 - - [17/Jul/2025:15:26:50 +0000] "GET /?k=2715894021900& HTTP/1.1" 301 - "-" "meta-externalagent/1.1 (+https://developers.facebook.com/docs/sharing/webmasters/crawler)"
209.74.77.214 - - [17/Jul/2025:15:26:52 +0000] "POST /wp-admin/admin-ajax.php?action=async_litespeed&nonce=w7cxo5nXziN6o07Oh14eyPCelQ7JQzFw&litespeed_type=imgoptm HTTP/1.1" 200 21 "-" "WordPress/6.8.2; https://alalamy.com.au"
66.249.65.164 - - [17/Jul/2025:15:26:53 +0000] "GET /?k=6956194081900&mod=20ea88ff&uri=product.php?shopbrand/447163.htm HTTP/1.1" 200 19295 "-" "Mozilla/5.0 (Linux; Android 6.0.1; Nexus 5X Build/MMB29P) AppleWebKit/537.36 (KHTML, like Gecko) Chrome/137.0.7151.103 Mobile Safari/537.36 (compatible; Googlebot/2.1; +http://www.google.com/bot.html)"
66.249.65.164 - - [17/Jul/2025:15:26:53 +0000] "GET /?k=7511348031900&mod=e73fecc0&uri=itm.php%3Fid%3D250864-37%26name%3Dtaschen+von+nordlicht HTTP/1.1" 200 19598 "-" "Mozilla/5.0 (Linux; Android 6.0.1; Nexus 5X Build/MMB29P) AppleWebKit/537.36 (KHTML, like Gecko) Chrome/137.0.7151.103 Mobile Safari/537.36 (compatible; Googlebot/2.1; +http://www.google.com/bot.html)"
57.141.2.16 - - [17/Jul/2025:15:26:56 +0000] "GET /?k=2715894021900 HTTP/1.1" 200 144492 "-" "meta-externalagent/1.1 (+https://developers.facebook.com/docs/sharing/webmasters/crawler)"
66.249.65.164 - - [17/Jul/2025:15:26:57 +0000] "GET /?k=6956194081900&mod=20ea88ff&uri=product.php?shopbrand/447703.htm HTTP/1.1" 200 20635 "-" "Mozilla/5.0 (Linux; Android 6.0.1; Nexus 5X Build/MMB29P) AppleWebKit/537.36 (KHTML, like Gecko) Chrome/137.0.7151.103 Mobile Safari/537.36 (compatible; Googlebot/2.1; +http://www.google.com/bot.html)"
66.249.65.166 - - [17/Jul/2025:15:27:01 +0000] "GET /?k=6956194081900&mod=20ea88ff&uri=product.php?shopbrand/448408.htm HTTP/1.1" 200 19210 "-" "Mozilla/5.0 (Linux; Android 6.0.1; Nexus 5X Build/MMB29P) AppleWebKit/537.36 (KHTML, like Gecko) Chrome/137.0.7151.103 Mobile Safari/537.36 (compatible; Googlebot/2.1; +http://www.google.com/bot.html)"
66.249.65.164 - - [17/Jul/2025:15:27:05 +0000] "GET /?k=6956194081900&mod=20ea88ff&uri=product.php?shopbrand/446053.htm HTTP/1.1" 200 19975 "-" "Mozilla/5.0 (Linux; Android 6.0.1; Nexus 5X Build/MMB29P) AppleWebKit/537.36 (KHTML, like Gecko) Chrome/137.0.7151.103 Mobile Safari/537.36 (compatible; Googlebot/2.1; +http://www.google.com/bot.html)"
66.249.65.164 - - [17/Jul/2025:15:27:09 +0000] "GET /?k=6956194081900&mod=20ea88ff&uri=product.php?shopbrand/449131.htm HTTP/1.1" 200 20252 "-" "Mozilla/5.0 (Linux; Android 6.0.1; Nexus 5X Build/MMB29P) AppleWebKit/537.36 (KHTML, like Gecko) Chrome/137.0.7151.103 Mobile Safari/537.36 (compatible; Googlebot/2.1; +http://www.google.com/bot.html)"
66.249.65.164 - - [17/Jul/2025:15:27:17 +0000] "GET /?k=6956194081900&mod=20ea88ff&uri=product.php?shopbrand/450916.htm HTTP/1.1" 200 20312 "-" "Mozilla/5.0 (Linux; Android 6.0.1; Nexus 5X Build/MMB29P) AppleWebKit/537.36 (KHTML, like Gecko) Chrome/137.0.7151.103 Mobile Safari/537.36 (compatible; Googlebot/2.1; +http://www.google.com/bot.html)"
66.249.65.164 - - [17/Jul/2025:15:27:22 +0000] "GET /?k=7580089041900&mod=ec5df877&uri=dp.php?shopbrand/7565931.htm HTTP/1.1" 200 18896 "-" "Mozilla/5.0 (Linux; Android 6.0.1; Nexus 5X Build/MMB29P) AppleWebKit/537.36 (KHTML, like Gecko) Chrome/137.0.7151.103 Mobile Safari/537.36 (compatible; Googlebot/2.1; +http://www.google.com/bot.html)"
66.249.65.164 - - [17/Jul/2025:15:27:26 +0000] "GET /?k=7580089041900&mod=ec5df877&uri=dp.php?shopbrand/7564503.htm HTTP/1.1" 200 19421 "-" "Mozilla/5.0 (Linux; Android 6.0.1; Nexus 5X Build/MMB29P) AppleWebKit/537.36 (KHTML, like Gecko) Chrome/137.0.7151.103 Mobile Safari/537.36 (compatible; Googlebot/2.1; +http://www.google.com/bot.html)"
66.249.65.164 - - [17/Jul/2025:15:27:28 +0000] "GET /?k=7580089041900&mod=ec5df877&uri=dp.php?shopbrand/7566886.htm HTTP/1.1" 200 20708 "-" "Mozilla/5.0 (Linux; Android 6.0.1; Nexus 5X Build/MMB29P) AppleWebKit/537.36 (KHTML, like Gecko) Chrome/137.0.7151.103 Mobile Safari/537.36 (compatible; Googlebot/2.1; +http://www.google.com/bot.html)"
66.249.65.164 - - [17/Jul/2025:15:27:37 +0000] "GET /?k=7580089041900&mod=ec5df877&uri=dp.php?shopbrand/7565633.htm HTTP/1.1" 200 20055 "-" "Mozilla/5.0 (Linux; Android 6.0.1; Nexus 5X Build/MMB29P) AppleWebKit/537.36 (KHTML, like Gecko) Chrome/137.0.7151.103 Mobile Safari/537.36 (compatible; Googlebot/2.1; +http://www.google.com/bot.html)"
66.249.65.164 - - [17/Jul/2025:15:27:37 +0000] "GET /?k=7580089041900&mod=ec5df877&uri=dp.php?shopbrand/8595204.htm HTTP/1.1" 200 20481 "-" "Mozilla/5.0 (Linux; Android 6.0.1; Nexus 5X Build/MMB29P) AppleWebKit/537.36 (KHTML, like Gecko) Chrome/137.0.7151.103 Mobile Safari/537.36 (compatible; Googlebot/2.1; +http://www.google.com/bot.html)"
66.249.65.164 - - [17/Jul/2025:15:27:39 +0000] "POST /get-message-notify HTTP/1.1" 200 19555 "https://alalamy.com.au/?k=7580089041900&mod=ec5df877&uri=dp.php?shopbrand/7565633.htm" "Mozilla/5.0 (Linux; Android 6.0.1; Nexus 5X Build/MMB29P) AppleWebKit/537.36 (KHTML, like Gecko) Chrome/137.0.7151.119 Mobile Safari/537.36 (compatible; Googlebot/2.1; +http://www.google.com/bot.html)"
66.249.65.164 - - [17/Jul/2025:15:27:42 +0000] "GET /?k=7580089041900&mod=ec5df877&uri=dp.php?shopbrand/7564396.htm HTTP/1.1" 200 19991 "-" "Mozilla/5.0 (Linux; Android 6.0.1; Nexus 5X Build/MMB29P) AppleWebKit/537.36 (KHTML, like Gecko) Chrome/137.0.7151.103 Mobile Safari/537.36 (compatible; Googlebot/2.1; +http://www.google.com/bot.html)"
66.249.65.164 - - [17/Jul/2025:15:27:45 +0000] "POST /get-message-notify HTTP/1.1" 200 19555 "https://alalamy.com.au/?k=7580089041900&mod=ec5df877&uri=dp.php?shopbrand/7564396.htm" "Mozilla/5.0 (Linux; Android 6.0.1; Nexus 5X Build/MMB29P) AppleWebKit/537.36 (KHTML, like Gecko) Chrome/137.0.7151.119 Mobile Safari/537.36 (compatible; Googlebot/2.1; +http://www.google.com/bot.html)"
66.249.65.164 - - [17/Jul/2025:15:27:46 +0000] "GET /?k=7580089041900&mod=ec5df877&uri=dp.php?product/edit/A3600046286 HTTP/1.1" 200 19488 "-" "Mozilla/5.0 (Linux; Android 6.0.1; Nexus 5X Build/MMB29P) AppleWebKit/537.36 (KHTML, like Gecko) Chrome/137.0.7151.103 Mobile Safari/537.36 (compatible; Googlebot/2.1; +http://www.google.com/bot.html)"
66.249.65.164 - - [17/Jul/2025:15:27:50 +0000] "GET /?k=7580089041900&mod=ec5df877&uri=dp.php?shopbrand/8799538.htm HTTP/1.1" 200 23437 "-" "Mozilla/5.0 (Linux; Android 6.0.1; Nexus 5X Build/MMB29P) AppleWebKit/537.36 (KHTML, like Gecko) Chrome/137.0.7151.103 Mobile Safari/537.36 (compatible; Googlebot/2.1; +http://www.google.com/bot.html)"
66.249.65.164 - - [17/Jul/2025:15:27:54 +0000] "POST /get-message-notify HTTP/1.1" 200 19555 "https://alalamy.com.au/?k=7580089041900&mod=ec5df877&uri=dp.php?product/edit/A3600046286" "Mozilla/5.0 (Linux; Android 6.0.1; Nexus 5X Build/MMB29P) AppleWebKit/537.36 (KHTML, like Gecko) Chrome/137.0.7151.119 Mobile Safari/537.36 (compatible; Googlebot/2.1; +http://www.google.com/bot.html)"
66.249.65.164 - - [17/Jul/2025:15:27:54 +0000] "GET /?k=7465244021900&mod=160c8865&uri=goods.php?shopbrand/8581842.htm HTTP/1.1" 200 19139 "-" "Mozilla/5.0 (Linux; Android 6.0.1; Nexus 5X Build/MMB29P) AppleWebKit/537.36 (KHTML, like Gecko) Chrome/137.0.7151.103 Mobile Safari/537.36 (compatible; Googlebot/2.1; +http://www.google.com/bot.html)"
66.249.65.164 - - [17/Jul/2025:15:27:54 +0000] "GET /cart-2/ HTTP/1.1" 200 19285 "-" "Mozilla/5.0 (Linux; Android 6.0.1; Nexus 5X Build/MMB29P) AppleWebKit/537.36 (KHTML, like Gecko) Chrome/137.0.7151.103 Mobile Safari/537.36 (compatible; Googlebot/2.1; +http://www.google.com/bot.html)"
66.249.70.133 - - [17/Jul/2025:15:27:57 +0000] "GET /?k=7580089041900&mod=ec5df877&uri=dp.php?shopbrand/8799951.htm HTTP/1.1" 200 20019 "-" "Mozilla/5.0 (Linux; Android 6.0.1; Nexus 5X Build/MMB29P) AppleWebKit/537.36 (KHTML, like Gecko) Chrome/137.0.7151.103 Mobile Safari/537.36 (compatible; Googlebot/2.1; +http://www.google.com/bot.html)"
66.249.65.165 - - [17/Jul/2025:15:27:58 +0000] "POST /get-message-notify HTTP/1.1" 200 19555 "https://alalamy.com.au/cart-2/" "Mozilla/5.0 (Linux; Android 6.0.1; Nexus 5X Build/MMB29P) AppleWebKit/537.36 (KHTML, like Gecko) Chrome/137.0.7151.119 Mobile Safari/537.36 (compatible; Googlebot/2.1; +http://www.google.com/bot.html)"
66.249.65.166 - - [17/Jul/2025:15:28:02 +0000] "GET /?k=7580089041900&mod=ec5df877&uri=dp.php?shopbrand/8803976.htm HTTP/1.1" 200 20847 "-" "Mozilla/5.0 (Linux; Android 6.0.1; Nexus 5X Build/MMB29P) AppleWebKit/537.36 (KHTML, like Gecko) Chrome/137.0.7151.103 Mobile Safari/537.36 (compatible; Googlebot/2.1; +http://www.google.com/bot.html)"
66.249.65.165 - - [17/Jul/2025:15:28:07 +0000] "GET /?k=7580089041900&mod=ec5df877&uri=dp.php?shopbrand/8798972.htm HTTP/1.1" 200 21497 "-" "Mozilla/5.0 (Linux; Android 6.0.1; Nexus 5X Build/MMB29P) AppleWebKit/537.36 (KHTML, like Gecko) Chrome/137.0.7151.103 Mobile Safari/537.36 (compatible; Googlebot/2.1; +http://www.google.com/bot.html)"
66.249.65.164 - - [17/Jul/2025:15:28:13 +0000] "GET /?k=7465244021900&mod=160c8865&uri=goods.php?shopbrand/8581286.htm HTTP/1.1" 200 20969 "-" "Mozilla/5.0 (Linux; Android 6.0.1; Nexus 5X Build/MMB29P) AppleWebKit/537.36 (KHTML, like Gecko) Chrome/137.0.7151.103 Mobile Safari/537.36 (compatible; Googlebot/2.1; +http://www.google.com/bot.html)"
66.249.65.164 - - [17/Jul/2025:15:28:16 +0000] "GET /?k=111265131131900&mod=4fec5818&uri=us.php?feature/sale2411-5/index.html HTTP/1.1" 200 19320 "-" "Mozilla/5.0 (Linux; Android 6.0.1; Nexus 5X Build/MMB29P) AppleWebKit/537.36 (KHTML, like Gecko) Chrome/137.0.7151.103 Mobile Safari/537.36 (compatible; Googlebot/2.1; +http://www.google.com/bot.html)"
66.249.65.164 - - [17/Jul/2025:15:28:26 +0000] "POST /get-message-notify HTTP/1.1" 200 19555 "https://alalamy.com.au/?k=7580089041900&mod=ec5df877&uri=dp.php?shopbrand/7361696.htm" "Mozilla/5.0 (Linux; Android 6.0.1; Nexus 5X Build/MMB29P) AppleWebKit/537.36 (KHTML, like Gecko) Chrome/137.0.7151.119 Mobile Safari/537.36 (compatible; Googlebot/2.1; +http://www.google.com/bot.html)"
66.249.65.164 - - [17/Jul/2025:15:28:27 +0000] "GET /?k=7465244021900&mod=160c8865&uri=goods.php?shopbrand/8581445.htm HTTP/1.1" 200 21139 "-" "Mozilla/5.0 (Linux; Android 6.0.1; Nexus 5X Build/MMB29P) AppleWebKit/537.36 (KHTML, like Gecko) Chrome/137.0.7151.103 Mobile Safari/537.36 (compatible; Googlebot/2.1; +http://www.google.com/bot.html)"
66.249.65.164 - - [17/Jul/2025:15:28:29 +0000] "GET /?k=7580089041900&mod=ec5df877&uri=dp.php?shopbrand/7916344.htm HTTP/1.1" 200 22316 "-" "Mozilla/5.0 (Linux; Android 6.0.1; Nexus 5X Build/MMB29P) AppleWebKit/537.36 (KHTML, like Gecko) Chrome/137.0.7151.103 Mobile Safari/537.36 (compatible; Googlebot/2.1; +http://www.google.com/bot.html)"
66.249.65.164 - - [17/Jul/2025:15:28:30 +0000] "GET /?k=7580089041900&mod=ec5df877&uri=dp.php?shopbrand/8798400.htm HTTP/1.1" 200 19643 "-" "Mozilla/5.0 (Linux; Android 6.0.1; Nexus 5X Build/MMB29P) AppleWebKit/537.36 (KHTML, like Gecko) Chrome/137.0.7151.103 Mobile Safari/537.36 (compatible; Googlebot/2.1; +http://www.google.com/bot.html)"
66.249.65.164 - - [17/Jul/2025:15:28:30 +0000] "POST /get-message-notify HTTP/1.1" 200 19555 "https://alalamy.com.au/?k=7580089041900&mod=ec5df877&uri=dp.php?shopbrand/8798972.htm" "Mozilla/5.0 (Linux; Android 6.0.1; Nexus 5X Build/MMB29P) AppleWebKit/537.36 (KHTML, like Gecko) Chrome/137.0.7151.119 Mobile Safari/537.36 (compatible; Googlebot/2.1; +http://www.google.com/bot.html)"
66.249.65.164 - - [17/Jul/2025:15:28:39 +0000] "GET /?k=6956194081900&mod=20ea88ff&uri=product.php?shopbrand/663050.htm HTTP/1.1" 200 20450 "-" "Mozilla/5.0 (Linux; Android 6.0.1; Nexus 5X Build/MMB29P) AppleWebKit/537.36 (KHTML, like Gecko) Chrome/137.0.7151.103 Mobile Safari/537.36 (compatible; Googlebot/2.1; +http://www.google.com/bot.html)"
66.249.65.164 - - [17/Jul/2025:15:28:45 +0000] "POST /get-message-notify HTTP/1.1" 200 19555 "https://alalamy.com.au/?k=6956194081900&mod=20ea88ff&uri=product.php?shopbrand/663050.htm" "Mozilla/5.0 (Linux; Android 6.0.1; Nexus 5X Build/MMB29P) AppleWebKit/537.36 (KHTML, like Gecko) Chrome/137.0.7151.119 Mobile Safari/537.36 (compatible; Googlebot/2.1; +http://www.google.com/bot.html)"
66.249.65.164 - - [17/Jul/2025:15:28:47 +0000] "GET /?k=6956194081900&mod=20ea88ff&uri=product.php?shopbrand/447437.htm HTTP/1.1" 200 19650 "-" "Mozilla/5.0 (Linux; Android 6.0.1; Nexus 5X Build/MMB29P) AppleWebKit/537.36 (KHTML, like Gecko) Chrome/137.0.7151.103 Mobile Safari/537.36 (compatible; Googlebot/2.1; +http://www.google.com/bot.html)"
66.249.65.164 - - [17/Jul/2025:15:28:50 +0000] "GET /?k=6956194081900&mod=20ea88ff&uri=product.php?shopbrand/448003.htm HTTP/1.1" 200 19038 "-" "Mozilla/5.0 (Linux; Android 6.0.1; Nexus 5X Build/MMB29P) AppleWebKit/537.36 (KHTML, like Gecko) Chrome/137.0.7151.103 Mobile Safari/537.36 (compatible; Googlebot/2.1; +http://www.google.com/bot.html)"
66.249.65.164 - - [17/Jul/2025:15:28:52 +0000] "GET /?k=6956194081900&mod=20ea88ff&uri=product.php?shopbrand/447024.htm HTTP/1.1" 200 21730 "-" "Mozilla/5.0 (Linux; Android 6.0.1; Nexus 5X Build/MMB29P) AppleWebKit/537.36 (KHTML, like Gecko) Chrome/137.0.7151.103 Mobile Safari/537.36 (compatible; Googlebot/2.1; +http://www.google.com/bot.html)"
66.249.65.164 - - [17/Jul/2025:15:28:53 +0000] "POST /get-message-notify HTTP/1.1" 200 19555 "https://alalamy.com.au/?k=6956194081900&mod=20ea88ff&uri=product.php?shopbrand/448003.htm" "Mozilla/5.0 (Linux; Android 6.0.1; Nexus 5X Build/MMB29P) AppleWebKit/537.36 (KHTML, like Gecko) Chrome/137.0.7151.119 Mobile Safari/537.36 (compatible; Googlebot/2.1; +http://www.google.com/bot.html)"
66.249.65.165 - - [17/Jul/2025:15:28:55 +0000] "GET /?k=6956194081900&mod=20ea88ff&uri=product.php?feature/eposcard/index.html HTTP/1.1" 200 20372 "-" "Mozilla/5.0 (Linux; Android 6.0.1; Nexus 5X Build/MMB29P) AppleWebKit/537.36 (KHTML, like Gecko) Chrome/137.0.7151.103 Mobile Safari/537.36 (compatible; Googlebot/2.1; +http://www.google.com/bot.html)"
66.249.65.165 - - [17/Jul/2025:15:28:58 +0000] "POST /get-message-notify HTTP/1.1" 200 19555 "https://alalamy.com.au/?k=101910115021900&mod=41814002&uri=category-info.php?shopbrand/9043612.htm" "Mozilla/5.0 (Linux; Android 6.0.1; Nexus 5X Build/MMB29P) AppleWebKit/537.36 (KHTML, like Gecko) Chrome/137.0.7151.119 Mobile Safari/537.36 (compatible; Googlebot/2.1; +http://www.google.com/bot.html)"
66.249.65.166 - - [17/Jul/2025:15:29:00 +0000] "GET /?k=7580089041900&mod=ec5df877&uri=dp.php?shopbrand/7565375.htm HTTP/1.1" 200 18923 "-" "Mozilla/5.0 (Linux; Android 6.0.1; Nexus 5X Build/MMB29P) AppleWebKit/537.36 (KHTML, like Gecko) Chrome/137.0.7151.103 Mobile Safari/537.36 (compatible; Googlebot/2.1; +http://www.google.com/bot.html)"
66.249.65.164 - - [17/Jul/2025:15:29:02 +0000] "POST /get-message-notify HTTP/1.1" 200 19555 "https://alalamy.com.au/?k=111265131131900&mod=4fec5818&uri=us.php?feature/sale2411-5/index.html" "Mozilla/5.0 (Linux; Android 6.0.1; Nexus 5X Build/MMB29P) AppleWebKit/537.36 (KHTML, like Gecko) Chrome/137.0.7151.119 Mobile Safari/537.36 (compatible; Googlebot/2.1; +http://www.google.com/bot.html)"
66.249.65.164 - - [17/Jul/2025:15:29:02 +0000] "GET /?k=6407066131900&mod=55e58848&uri=itm.php%3Fid%3D213998-183%26name%3Dcow+print+cycling+shorts HTTP/1.1" 200 19604 "-" "Mozilla/5.0 (Linux; Android 6.0.1; Nexus 5X Build/MMB29P) AppleWebKit/537.36 (KHTML, like Gecko) Chrome/137.0.7151.103 Mobile Safari/537.36 (compatible; Googlebot/2.1; +http://www.google.com/bot.html)"
66.249.65.165 - - [17/Jul/2025:15:29:06 +0000] "GET /?k=7580089041900&mod=ec5df877&uri=dp.php?shopbrand/7564662.htm HTTP/1.1" 200 18498 "-" "Mozilla/5.0 (Linux; Android 6.0.1; Nexus 5X Build/MMB29P) AppleWebKit/537.36 (KHTML, like Gecko) Chrome/137.0.7151.103 Mobile Safari/537.36 (compatible; Googlebot/2.1; +http://www.google.com/bot.html)"
66.249.65.164 - - [17/Jul/2025:15:29:10 +0000] "GET /?k=7580089041900&mod=ec5df877&uri=dp.php?shopbrand/7566620.htm HTTP/1.1" 200 19123 "-" "Mozilla/5.0 (Linux; Android 6.0.1; Nexus 5X Build/MMB29P) AppleWebKit/537.36 (KHTML, like Gecko) Chrome/137.0.7151.103 Mobile Safari/537.36 (compatible; Googlebot/2.1; +http://www.google.com/bot.html)"
66.249.65.164 - - [17/Jul/2025:15:29:18 +0000] "GET /?k=7580089041900&mod=ec5df877&uri=dp.php?shopbrand/7567176.htm HTTP/1.1" 200 19382 "-" "Mozilla/5.0 (Linux; Android 6.0.1; Nexus 5X Build/MMB29P) AppleWebKit/537.36 (KHTML, like Gecko) Chrome/137.0.7151.103 Mobile Safari/537.36 (compatible; Googlebot/2.1; +http://www.google.com/bot.html)"
66.249.65.164 - - [17/Jul/2025:15:29:21 +0000] "GET /?k=7580089041900&mod=ec5df877&uri=dp.php?shopbrand/7566046.htm HTTP/1.1" 200 19093 "-" "Mozilla/5.0 (Linux; Android 6.0.1; Nexus 5X Build/MMB29P) AppleWebKit/537.36 (KHTML, like Gecko) Chrome/137.0.7151.103 Mobile Safari/537.36 (compatible; Googlebot/2.1; +http://www.google.com/bot.html)"
66.249.65.164 - - [17/Jul/2025:15:29:25 +0000] "GET /?k=7580089041900&mod=ec5df877&uri=dp.php?shopbrand/8799379.htm HTTP/1.1" 200 20986 "-" "Mozilla/5.0 (Linux; Android 6.0.1; Nexus 5X Build/MMB29P) AppleWebKit/537.36 (KHTML, like Gecko) Chrome/137.0.7151.103 Mobile Safari/537.36 (compatible; Googlebot/2.1; +http://www.google.com/bot.html)"
66.249.65.164 - - [17/Jul/2025:15:29:33 +0000] "GET /?k=7580089041900&mod=ec5df877&uri=dp.php?shopbrand/7581499.htm HTTP/1.1" 200 20664 "-" "Mozilla/5.0 (Linux; Android 6.0.1; Nexus 5X Build/MMB29P) AppleWebKit/537.36 (KHTML, like Gecko) Chrome/137.0.7151.103 Mobile Safari/537.36 (compatible; Googlebot/2.1; +http://www.google.com/bot.html)"
66.249.65.164 - - [17/Jul/2025:15:29:35 +0000] "GET /?k=7580089041900&mod=ec5df877&uri=dp.php?shopbrand/8798982.htm HTTP/1.1" 200 19731 "-" "Mozilla/5.0 (Linux; Android 6.0.1; Nexus 5X Build/MMB29P) AppleWebKit/537.36 (KHTML, like Gecko) Chrome/137.0.7151.103 Mobile Safari/537.36 (compatible; Googlebot/2.1; +http://www.google.com/bot.html)"
66.249.65.164 - - [17/Jul/2025:15:29:38 +0000] "POST /get-message-notify HTTP/1.1" 200 19555 "https://alalamy.com.au/?k=7580089041900&mod=ec5df877&uri=dp.php?shopbrand/8798982.htm" "Mozilla/5.0 (Linux; Android 6.0.1; Nexus 5X Build/MMB29P) AppleWebKit/537.36 (KHTML, like Gecko) Chrome/137.0.7151.119 Mobile Safari/537.36 (compatible; Googlebot/2.1; +http://www.google.com/bot.html)"
66.249.65.164 - - [17/Jul/2025:15:29:39 +0000] "GET /?k=7465244021900&mod=160c8865&uri=goods.php?shopbrand/8581576.htm HTTP/1.1" 200 19665 "-" "Mozilla/5.0 (Linux; Android 6.0.1; Nexus 5X Build/MMB29P) AppleWebKit/537.36 (KHTML, like Gecko) Chrome/137.0.7151.103 Mobile Safari/537.36 (compatible; Googlebot/2.1; +http://www.google.com/bot.html)"
66.249.65.164 - - [17/Jul/2025:15:29:42 +0000] "POST /get-message-notify HTTP/1.1" 200 19555 "https://alalamy.com.au/?k=7580089041900&mod=ec5df877&uri=dp.php?shopbrand/8428245.htm" "Mozilla/5.0 (Linux; Android 6.0.1; Nexus 5X Build/MMB29P) AppleWebKit/537.36 (KHTML, like Gecko) Chrome/137.0.7151.119 Mobile Safari/537.36 (compatible; Googlebot/2.1; +http://www.google.com/bot.html)"
66.249.65.164 - - [17/Jul/2025:15:29:51 +0000] "GET /?k=7580089041900&mod=ec5df877&uri=dp.php?shopbrand/8798301.htm HTTP/1.1" 200 20909 "-" "Mozilla/5.0 (Linux; Android 6.0.1; Nexus 5X Build/MMB29P) AppleWebKit/537.36 (KHTML, like Gecko) Chrome/137.0.7151.103 Mobile Safari/537.36 (compatible; Googlebot/2.1; +http://www.google.com/bot.html)"
66.249.65.164 - - [17/Jul/2025:15:29:51 +0000] "GET /?k=6956194081900&mod=20ea88ff&uri=product.php?shopbrand/449820.htm HTTP/1.1" 200 24865 "-" "Mozilla/5.0 (Linux; Android 6.0.1; Nexus 5X Build/MMB29P) AppleWebKit/537.36 (KHTML, like Gecko) Chrome/137.0.7151.103 Mobile Safari/537.36 (compatible; Googlebot/2.1; +http://www.google.com/bot.html)"
66.249.65.164 - - [17/Jul/2025:15:29:55 +0000] "GET /?k=7580089041900&mod=ec5df877&uri=dp.php?shopbrand/8803845.htm HTTP/1.1" 200 20763 "-" "Mozilla/5.0 (Linux; Android 6.0.1; Nexus 5X Build/MMB29P) AppleWebKit/537.36 (KHTML, like Gecko) Chrome/137.0.7151.103 Mobile Safari/537.36 (compatible; Googlebot/2.1; +http://www.google.com/bot.html)"
66.249.65.164 - - [17/Jul/2025:15:29:55 +0000] "GET /?k=6956194081900&mod=20ea88ff&uri=product.php?shopbrand/662909.htm HTTP/1.1" 200 19332 "-" "Mozilla/5.0 (Linux; Android 6.0.1; Nexus 5X Build/MMB29P) AppleWebKit/537.36 (KHTML, like Gecko) Chrome/137.0.7151.103 Mobile Safari/537.36 (compatible; Googlebot/2.1; +http://www.google.com/bot.html)"
66.249.65.165 - - [17/Jul/2025:15:30:00 +0000] "GET /?k=7465244021900&mod=160c8865&uri=goods.php?shopbrand/8581743.htm HTTP/1.1" 200 19272 "-" "Mozilla/5.0 (Linux; Android 6.0.1; Nexus 5X Build/MMB29P) AppleWebKit/537.36 (KHTML, like Gecko) Chrome/137.0.7151.103 Mobile Safari/537.36 (compatible; Googlebot/2.1; +http://www.google.com/bot.html)"
66.249.65.164 - - [17/Jul/2025:15:30:02 +0000] "POST /get-message-notify HTTP/1.1" 200 19555 "https://alalamy.com.au/?k=7580089041900&mod=ec5df877&uri=dp.php?shopbrand/8803845.htm" "Mozilla/5.0 (Linux; Android 6.0.1; Nexus 5X Build/MMB29P) AppleWebKit/537.36 (KHTML, like Gecko) Chrome/137.0.7151.119 Mobile Safari/537.36 (compatible; Googlebot/2.1; +http://www.google.com/bot.html)"
66.249.65.164 - - [17/Jul/2025:15:30:04 +0000] "GET /?k=7580089041900&mod=ec5df877&uri=dp.php?shopbrand/8800209.htm HTTP/1.1" 200 20203 "-" "Mozilla/5.0 (Linux; Android 6.0.1; Nexus 5X Build/MMB29P) AppleWebKit/537.36 (KHTML, like Gecko) Chrome/137.0.7151.103 Mobile Safari/537.36 (compatible; Googlebot/2.1; +http://www.google.com/bot.html)"
66.249.65.165 - - [17/Jul/2025:15:30:05 +0000] "POST /get-message-notify HTTP/1.1" 200 19555 "https://alalamy.com.au/?k=6956194081900&mod=20ea88ff&uri=product.php?shopbrand/449820.htm" "Mozilla/5.0 (Linux; Android 6.0.1; Nexus 5X Build/MMB29P) AppleWebKit/537.36 (KHTML, like Gecko) Chrome/137.0.7151.119 Mobile Safari/537.36 (compatible; Googlebot/2.1; +http://www.google.com/bot.html)"
66.249.65.165 - - [17/Jul/2025:15:30:08 +0000] "GET /?k=7580089041900&mod=ec5df877&uri=dp.php?shopbrand/8802592.htm HTTP/1.1" 200 19122 "-" "Mozilla/5.0 (Linux; Android 6.0.1; Nexus 5X Build/MMB29P) AppleWebKit/537.36 (KHTML, like Gecko) Chrome/137.0.7151.103 Mobile Safari/537.36 (compatible; Googlebot/2.1; +http://www.google.com/bot.html)"
66.249.65.164 - - [17/Jul/2025:15:30:08 +0000] "POST /get-message-notify HTTP/1.1" 200 19555 "https://alalamy.com.au/?k=7465244021900&mod=160c8865&uri=goods.php?shopbrand/8581743.htm" "Mozilla/5.0 (Linux; Android 6.0.1; Nexus 5X Build/MMB29P) AppleWebKit/537.36 (KHTML, like Gecko) Chrome/137.0.7151.119 Mobile Safari/537.36 (compatible; Googlebot/2.1; +http://www.google.com/bot.html)"
