Current File : /home/kelaby89/access-logs/babyl0n.restaurant.sixpack.studio-ssl_log |
209.74.77.214 - - [12/Jul/2025:12:19:30 +0000] "POST /wp-cron.php?doing_wp_cron=1752322770.7484889030456542968750 HTTP/1.1" 200 - "-" "WordPress/6.8.1; https://babyl0n.restaurant"
205.185.120.235 - - [12/Jul/2025:12:19:28 +0000] "GET /wp-login.php HTTP/1.1" 200 5374 "-" "Mozilla/5.0 (Macintosh; Intel Mac OS X 10_9_3) AppleWebKit/537.75.14 (KHTML, like Gecko) Version/7.0.3 Safari/537.75.14"
205.185.120.235 - - [12/Jul/2025:12:19:30 +0000] "POST /wp-login.php HTTP/1.1" 200 5809 "-" "Mozilla/5.0 (Macintosh; Intel Mac OS X 10_9_3) AppleWebKit/537.75.14 (KHTML, like Gecko) Version/7.0.3 Safari/537.75.14"
209.74.77.214 - - [12/Jul/2025:13:01:52 +0000] "POST /wp-cron.php?doing_wp_cron=1752325312.5217618942260742187500 HTTP/1.1" 200 - "-" "WordPress/6.8.1; https://babyl0n.restaurant"
20.97.89.222 - - [12/Jul/2025:13:01:50 +0000] "POST /xmlrpc.php HTTP/1.1" 200 403 "-" "Mozilla/5.0 (Windows NT 10.0; Win64; x64) AppleWebKit/537.36 (KHTML, like Gecko) Chrome/57.0.2987.133 Safari/537.36"
209.74.77.214 - - [12/Jul/2025:13:02:18 +0000] "POST /wp-cron.php?doing_wp_cron=1752325338.7552249431610107421875 HTTP/1.1" 200 - "-" "WordPress/6.8.1; https://babyl0n.restaurant"
47.111.72.214 - - [12/Jul/2025:13:02:18 +0000] "POST /xmlrpc.php HTTP/1.1" 200 403 "-" "Mozilla/5.0 (Windows NT 6.1; Win64; x64) AppleWebKit/537.36 (KHTML, like Gecko) Chrome/74.0.3729.169 Safari/537.36"
170.39.218.50 - - [12/Jul/2025:13:35:35 +0000] "GET /wp-includes/js/imagesloaded.min.js?ver=5.0.0 HTTP/1.1" 200 1803 "-" "Mozilla/5.0 (Windows NT 10.0; Win64; x64) AppleWebKit/537.36 Chrome/121.0.0.0"
170.39.218.50 - - [12/Jul/2025:14:04:10 +0000] "GET /wp-content/plugins/woocommerce/assets/js/frontend/add-to-cart.min.js?ver=9.9.5 HTTP/1.1" 200 1368 "-" "Mozilla/5.0 (Windows NT 10.0; Win64; x64) AppleWebKit/537.36 Chrome/121.0.0.0"
209.74.77.214 - - [12/Jul/2025:14:34:58 +0000] "POST /wp-cron.php?doing_wp_cron=1752330898.5259640216827392578125 HTTP/1.1" 200 - "-" "WordPress/6.8.1; https://babyl0n.restaurant"
209.87.239.76 - - [12/Jul/2025:14:34:56 +0000] "POST /xmlrpc.php HTTP/1.1" 200 403 "-" "Mozilla/5.0 (Windows NT 6.3; Win64; x64; rv:73.0) Gecko/20100101 Firefox/73.0"
209.74.77.214 - - [12/Jul/2025:14:35:20 +0000] "POST /wp-cron.php?doing_wp_cron=1752330920.8868589401245117187500 HTTP/1.1" 200 - "-" "WordPress/6.8.1; https://babyl0n.restaurant"
155.133.132.66 - - [12/Jul/2025:14:35:20 +0000] "POST /xmlrpc.php HTTP/1.1" 200 403 "-" "Mozilla/5.0 (Windows NT 6.1; WOW64) AppleWebKit/537.1 (KHTML, like Gecko) Chrome/21.0.1180.83 Safari/537.1"
170.39.218.50 - - [12/Jul/2025:14:35:41 +0000] "GET /wp-content/plugins/elementor/assets/js/webpack.runtime.min.js?ver=3.30.1 HTTP/1.1" 200 2516 "-" "Mozilla/5.0 (Windows NT 10.0; Win64; x64) AppleWebKit/537.36 Chrome/121.0.0.0"
209.74.77.214 - - [12/Jul/2025:15:33:49 +0000] "POST /wp-cron.php?doing_wp_cron=1752334429.1710479259490966796875 HTTP/1.1" 200 - "-" "WordPress/6.8.1; https://babyl0n.restaurant"
205.185.116.195 - - [12/Jul/2025:15:33:47 +0000] "GET /wp-login.php HTTP/1.1" 200 5374 "-" "Mozilla/5.0 (Windows NT 6.1; WOW64; rv:29.0) Gecko/20100101 Firefox/29.0"
209.74.77.214 - - [12/Jul/2025:15:36:56 +0000] "POST /wp-cron.php?doing_wp_cron=1752334616.5248579978942871093750 HTTP/1.1" 200 - "-" "WordPress/6.8.1; https://babyl0n.restaurant"
205.185.116.195 - - [12/Jul/2025:15:36:54 +0000] "POST /wp-login.php HTTP/1.1" 200 5809 "-" "Mozilla/5.0 (Windows NT 6.1; WOW64; rv:29.0) Gecko/20100101 Firefox/29.0"
43.135.142.37 - - [12/Jul/2025:15:49:06 +0000] "GET / HTTP/1.1" 200 11230 "http://babyl0n.restaurant" "Mozilla/5.0 (iPhone; CPU iPhone OS 13_2_3 like Mac OS X) AppleWebKit/605.1.15 (KHTML, like Gecko) Version/13.0.3 Mobile/15E148 Safari/604.1"
170.39.218.50 - - [12/Jul/2025:15:50:24 +0000] "GET /wp-includes/js/jquery/jquery-migrate.min.js?ver=3.4.1 HTTP/1.1" 200 4872 "-" "Mozilla/5.0 (Windows NT 10.0; Win64; x64) AppleWebKit/537.36 Chrome/121.0.0.0"
45.138.16.105 - - [12/Jul/2025:16:11:43 +0000] "GET / HTTP/1.1" 500 2508 "-" "-"
122.51.104.231 - - [12/Jul/2025:16:50:27 +0000] "GET / HTTP/1.1" 200 11230 "http://www.babyl0n.restaurant" "Mozilla/5.0 (iPhone; CPU iPhone OS 13_2_3 like Mac OS X) AppleWebKit/605.1.15 (KHTML, like Gecko) Version/13.0.3 Mobile/15E148 Safari/604.1"
170.39.218.50 - - [12/Jul/2025:17:26:25 +0000] "GET /wp-includes/js/wp-emoji-release.min.js?ver=6.8.1 HTTP/1.1" 200 5166 "-" "Mozilla/5.0 (Windows NT 10.0; Win64; x64) AppleWebKit/537.36 Chrome/121.0.0.0"
94.103.235.157 - - [12/Jul/2025:17:44:12 +0000] "POST /wp-comments-post.php HTTP/1.1" 302 - "-" "Mozilla/5.0 (Windows NT 10.0; Win64; x64) AppleWebKit/537.36 (KHTML, like Gecko) Chrome/120.0.0.0 Safari/537.36"
209.74.77.214 - - [12/Jul/2025:17:45:29 +0000] "POST /wp-cron.php?doing_wp_cron=1752342329.7020850181579589843750 HTTP/1.1" 200 - "-" "WordPress/6.8.1; https://babyl0n.restaurant"
94.103.235.157 - - [12/Jul/2025:17:45:28 +0000] "POST /wp-comments-post.php HTTP/1.1" 302 - "-" "Mozilla/5.0 (Windows NT 10.0; Win64; x64) AppleWebKit/537.36 (KHTML, like Gecko) Chrome/120.0.0.0 Safari/537.36"
170.39.218.50 - - [12/Jul/2025:17:54:05 +0000] "GET /wp-content/plugins/woocommerce/assets/js/sourcebuster/sourcebuster.min.js?ver=9.9.5 HTTP/1.1" 200 4807 "-" "Mozilla/5.0 (Windows NT 10.0; Win64; x64) AppleWebKit/537.36 Chrome/121.0.0.0"
209.74.77.214 - - [12/Jul/2025:18:12:37 +0000] "POST /wp-cron.php?doing_wp_cron=1752343957.1390080451965332031250 HTTP/1.1" 200 - "-" "WordPress/6.8.1; https://babyl0n.restaurant"
88.167.93.82 - - [12/Jul/2025:18:12:35 +0000] "POST /xmlrpc.php HTTP/1.1" 200 403 "-" "Mozilla/5.0 (Windows NT 10.0; Win64; x64) AppleWebKit/537.36 (KHTML, like Gecko) Chrome/91.0.4472.124 Safari/537.36"
43.135.172.89 - - [12/Jul/2025:18:21:45 +0000] "GET / HTTP/1.1" 200 11230 "http://www.babyl0n.restaurant" "Mozilla/5.0 (iPhone; CPU iPhone OS 13_2_3 like Mac OS X) AppleWebKit/605.1.15 (KHTML, like Gecko) Version/13.0.3 Mobile/15E148 Safari/604.1"
209.74.77.214 - - [12/Jul/2025:18:38:10 +0000] "POST /wp-cron.php?doing_wp_cron=1752345490.8848841190338134765625 HTTP/1.1" 200 - "-" "WordPress/6.8.1; https://babyl0n.restaurant"
49.51.252.146 - - [12/Jul/2025:18:38:09 +0000] "GET /wp-json/oembed/1.0/embed?url=https%3A%2F%2Fbabyl0n.restaurant%2F&format=xml HTTP/1.1" 200 1067 "-" "Mozilla/5.0 (iPhone; CPU iPhone OS 13_2_3 like Mac OS X) AppleWebKit/605.1.15 (KHTML, like Gecko) Version/13.0.3 Mobile/15E148 Safari/604.1"
209.74.77.214 - - [12/Jul/2025:18:53:52 +0000] "POST /wp-cron.php?doing_wp_cron=1752346432.9493339061737060546875 HTTP/1.1" 200 - "-" "WordPress/6.8.1; https://babyl0n.restaurant"
170.106.65.93 - - [12/Jul/2025:18:53:51 +0000] "GET /embed/ HTTP/1.1" 301 - "-" "Mozilla/5.0 (iPhone; CPU iPhone OS 13_2_3 like Mac OS X) AppleWebKit/605.1.15 (KHTML, like Gecko) Version/13.0.3 Mobile/15E148 Safari/604.1"
170.106.65.93 - - [12/Jul/2025:18:54:00 +0000] "GET / HTTP/1.1" 200 11230 "https://babyl0n.restaurant/embed/" "Mozilla/5.0 (iPhone; CPU iPhone OS 13_2_3 like Mac OS X) AppleWebKit/605.1.15 (KHTML, like Gecko) Version/13.0.3 Mobile/15E148 Safari/604.1"
159.89.46.220 - - [12/Jul/2025:19:28:40 +0000] "GET / HTTP/1.1" 200 11230 "-" "Mozilla/5.0 (X11; Linux x86_64; rv:137.0) Gecko/20100101 Firefox/137.0"
159.89.46.220 - - [12/Jul/2025:19:28:42 +0000] "GET /favicon.ico HTTP/1.1" 302 - "https://babyl0n.restaurant/" "Mozilla/5.0 (X11; Linux x86_64; rv:137.0) Gecko/20100101 Firefox/137.0"
170.39.218.50 - - [12/Jul/2025:19:52:03 +0000] "GET /wp-includes/js/jquery/ui/slider.min.js?ver=1.13.3 HTTP/1.1" 200 3138 "-" "Mozilla/5.0 (Macintosh; Intel Mac OS X 10_15_7) AppleWebKit/537.36 Chrome/120.0.0.0"
209.74.77.214 - - [12/Jul/2025:20:37:53 +0000] "POST /wp-cron.php?doing_wp_cron=1752352673.0242381095886230468750 HTTP/1.1" 200 - "-" "WordPress/6.8.1; https://babyl0n.restaurant"
198.98.54.226 - - [12/Jul/2025:20:37:50 +0000] "GET /wp-login.php HTTP/1.1" 200 5374 "-" "Mozilla/5.0 (Windows NT 6.1; WOW64; rv:24.0) Gecko/20100101 Firefox/24.0"
209.74.77.214 - - [12/Jul/2025:20:39:25 +0000] "POST /wp-cron.php?doing_wp_cron=1752352765.6072120666503906250000 HTTP/1.1" 200 - "-" "WordPress/6.8.1; https://babyl0n.restaurant"
198.98.54.226 - - [12/Jul/2025:20:39:24 +0000] "POST /wp-login.php HTTP/1.1" 200 5809 "-" "Mozilla/5.0 (Windows NT 6.1; WOW64; rv:24.0) Gecko/20100101 Firefox/24.0"
209.74.77.214 - - [12/Jul/2025:21:14:55 +0000] "POST /wp-cron.php?doing_wp_cron=1752354895.4999349117279052734375 HTTP/1.1" 200 - "-" "WordPress/6.8.1; https://babyl0n.restaurant"
132.148.123.33 - - [12/Jul/2025:21:14:53 +0000] "POST /xmlrpc.php HTTP/1.1" 200 403 "-" "Mozilla/5.0 (Windows NT 10.0; Win64; x64) AppleWebKit/537.36 (KHTML, like Gecko) Chrome/72.0.3626.121 Safari/537.36"
209.74.77.214 - - [12/Jul/2025:21:27:19 +0000] "POST /wp-cron.php?doing_wp_cron=1752355639.7607300281524658203125 HTTP/1.1" 200 - "-" "WordPress/6.8.1; https://babyl0n.restaurant"
163.47.203.76 - - [12/Jul/2025:21:27:18 +0000] "POST /xmlrpc.php HTTP/1.1" 200 403 "-" "Mozilla/5.0 (Windows NT 6.1; Win64; x64; rv:61.0) Gecko/20100101 Firefox/61.0"
209.74.77.214 - - [12/Jul/2025:21:39:57 +0000] "POST /wp-cron.php?doing_wp_cron=1752356397.2672278881072998046875 HTTP/1.1" 200 - "-" "WordPress/6.8.1; https://babyl0n.restaurant"
4.227.36.31 - - [12/Jul/2025:21:39:55 +0000] "GET /robots.txt HTTP/1.1" 200 159 "-" "Mozilla/5.0 AppleWebKit/537.36 (KHTML, like Gecko; compatible; GPTBot/1.2; +https://openai.com/gptbot)"
20.171.207.220 - - [12/Jul/2025:21:39:57 +0000] "GET /wp-sitemap.xml HTTP/1.1" 200 278 "-" "Mozilla/5.0 AppleWebKit/537.36 (KHTML, like Gecko; compatible; GPTBot/1.2; +https://openai.com/gptbot)"
209.74.77.214 - - [12/Jul/2025:21:46:58 +0000] "POST /wp-cron.php?doing_wp_cron=1752356818.6867001056671142578125 HTTP/1.1" 200 - "-" "WordPress/6.8.1; https://babyl0n.restaurant"
88.167.93.82 - - [12/Jul/2025:21:46:57 +0000] "GET /wp-json/wp/v2/users HTTP/1.1" 200 1537 "-" "Mozilla/4.0 (compatible; Win32; WinHttp.WinHttpRequest.5)"
209.74.77.214 - - [12/Jul/2025:21:48:05 +0000] "POST /wp-cron.php?doing_wp_cron=1752356885.4093379974365234375000 HTTP/1.1" 200 - "-" "WordPress/6.8.1; https://babyl0n.restaurant"
88.167.93.82 - - [12/Jul/2025:21:48:03 +0000] "POST /xmlrpc.php HTTP/1.1" 200 403 "-" "Mozilla/5.0 (Windows NT 10.0; Win64; x64) AppleWebKit/537.36 (KHTML, like Gecko) Chrome/91.0.4472.124 Safari/537.36"
209.74.77.214 - - [12/Jul/2025:21:48:54 +0000] "POST /wp-cron.php?doing_wp_cron=1752356934.3470358848571777343750 HTTP/1.1" 200 - "-" "WordPress/6.8.1; https://babyl0n.restaurant"
88.167.93.82 - - [12/Jul/2025:21:48:52 +0000] "POST /xmlrpc.php HTTP/1.1" 200 403 "-" "Mozilla/5.0 (Windows NT 10.0; Win64; x64) AppleWebKit/537.36 (KHTML, like Gecko) Chrome/91.0.4472.124 Safari/537.36"
209.74.77.214 - - [12/Jul/2025:21:49:59 +0000] "POST /wp-cron.php?doing_wp_cron=1752356998.9941229820251464843750 HTTP/1.1" 200 - "-" "WordPress/6.8.1; https://babyl0n.restaurant"
88.167.93.82 - - [12/Jul/2025:21:49:57 +0000] "POST /xmlrpc.php HTTP/1.1" 200 403 "-" "Mozilla/5.0 (Windows NT 10.0; Win64; x64) AppleWebKit/537.36 (KHTML, like Gecko) Chrome/91.0.4472.124 Safari/537.36"
209.74.77.214 - - [12/Jul/2025:21:50:55 +0000] "POST /wp-cron.php?doing_wp_cron=1752357055.4711248874664306640625 HTTP/1.1" 200 - "-" "WordPress/6.8.1; https://babyl0n.restaurant"
88.167.93.82 - - [12/Jul/2025:21:50:53 +0000] "POST /xmlrpc.php HTTP/1.1" 200 403 "-" "Mozilla/5.0 (Windows NT 10.0; Win64; x64) AppleWebKit/537.36 (KHTML, like Gecko) Chrome/91.0.4472.124 Safari/537.36"
209.74.77.214 - - [12/Jul/2025:21:51:58 +0000] "POST /wp-cron.php?doing_wp_cron=1752357118.8843390941619873046875 HTTP/1.1" 200 - "-" "WordPress/6.8.1; https://babyl0n.restaurant"
88.167.93.82 - - [12/Jul/2025:21:51:57 +0000] "POST /xmlrpc.php HTTP/1.1" 200 403 "-" "Mozilla/5.0 (Windows NT 10.0; Win64; x64) AppleWebKit/537.36 (KHTML, like Gecko) Chrome/91.0.4472.124 Safari/537.36"
209.74.77.214 - - [12/Jul/2025:21:53:08 +0000] "POST /wp-cron.php?doing_wp_cron=1752357188.0826549530029296875000 HTTP/1.1" 200 - "-" "WordPress/6.8.1; https://babyl0n.restaurant"
88.167.93.82 - - [12/Jul/2025:21:53:06 +0000] "POST /xmlrpc.php HTTP/1.1" 200 403 "-" "Mozilla/5.0 (Windows NT 10.0; Win64; x64) AppleWebKit/537.36 (KHTML, like Gecko) Chrome/91.0.4472.124 Safari/537.36"
209.74.77.214 - - [12/Jul/2025:21:54:16 +0000] "POST /wp-cron.php?doing_wp_cron=1752357256.5123128890991210937500 HTTP/1.1" 200 - "-" "WordPress/6.8.1; https://babyl0n.restaurant"
88.167.93.82 - - [12/Jul/2025:21:54:14 +0000] "POST /xmlrpc.php HTTP/1.1" 200 403 "-" "Mozilla/5.0 (Windows NT 10.0; Win64; x64) AppleWebKit/537.36 (KHTML, like Gecko) Chrome/91.0.4472.124 Safari/537.36"
209.74.77.214 - - [12/Jul/2025:21:55:29 +0000] "POST /wp-cron.php?doing_wp_cron=1752357329.4755680561065673828125 HTTP/1.1" 200 - "-" "WordPress/6.8.1; https://babyl0n.restaurant"
88.167.93.82 - - [12/Jul/2025:21:55:27 +0000] "POST /xmlrpc.php HTTP/1.1" 200 403 "-" "Mozilla/5.0 (Windows NT 10.0; Win64; x64) AppleWebKit/537.36 (KHTML, like Gecko) Chrome/91.0.4472.124 Safari/537.36"
209.74.77.214 - - [12/Jul/2025:21:56:36 +0000] "POST /wp-cron.php?doing_wp_cron=1752357396.0979719161987304687500 HTTP/1.1" 200 - "-" "WordPress/6.8.1; https://babyl0n.restaurant"
88.167.93.82 - - [12/Jul/2025:21:56:34 +0000] "POST /xmlrpc.php HTTP/1.1" 200 403 "-" "Mozilla/5.0 (Windows NT 10.0; Win64; x64) AppleWebKit/537.36 (KHTML, like Gecko) Chrome/91.0.4472.124 Safari/537.36"
209.74.77.214 - - [12/Jul/2025:21:57:48 +0000] "POST /wp-cron.php?doing_wp_cron=1752357468.3269689083099365234375 HTTP/1.1" 200 - "-" "WordPress/6.8.1; https://babyl0n.restaurant"
88.167.93.82 - - [12/Jul/2025:21:57:46 +0000] "POST /xmlrpc.php HTTP/1.1" 200 403 "-" "Mozilla/5.0 (Windows NT 10.0; Win64; x64) AppleWebKit/537.36 (KHTML, like Gecko) Chrome/91.0.4472.124 Safari/537.36"
209.74.77.214 - - [12/Jul/2025:21:59:00 +0000] "POST /wp-cron.php?doing_wp_cron=1752357540.4918780326843261718750 HTTP/1.1" 200 - "-" "WordPress/6.8.1; https://babyl0n.restaurant"
88.167.93.82 - - [12/Jul/2025:21:58:58 +0000] "POST /xmlrpc.php HTTP/1.1" 200 403 "-" "Mozilla/5.0 (Windows NT 10.0; Win64; x64) AppleWebKit/537.36 (KHTML, like Gecko) Chrome/91.0.4472.124 Safari/537.36"
209.74.77.214 - - [12/Jul/2025:22:00:16 +0000] "POST /wp-cron.php?doing_wp_cron=1752357616.7886610031127929687500 HTTP/1.1" 200 - "-" "WordPress/6.8.1; https://babyl0n.restaurant"
88.167.93.82 - - [12/Jul/2025:22:00:15 +0000] "POST /xmlrpc.php HTTP/1.1" 200 403 "-" "Mozilla/5.0 (Windows NT 10.0; Win64; x64) AppleWebKit/537.36 (KHTML, like Gecko) Chrome/91.0.4472.124 Safari/537.36"
185.241.208.99 - - [12/Jul/2025:22:01:28 +0000] "GET / HTTP/1.1" 200 44551 "-" "-"
185.241.208.99 - - [12/Jul/2025:22:01:30 +0000] "GET /wp-admin/install.php HTTP/1.1" 404 45255 "-" "-"
185.241.208.99 - - [12/Jul/2025:22:01:31 +0000] "GET /wp-admin/setup-config.php HTTP/1.1" 409 2665 "-" "-"
88.167.93.82 - - [12/Jul/2025:22:01:39 +0000] "POST /xmlrpc.php HTTP/1.1" 200 403 "-" "Mozilla/5.0 (Windows NT 10.0; Win64; x64) AppleWebKit/537.36 (KHTML, like Gecko) Chrome/91.0.4472.124 Safari/537.36"
209.74.77.214 - - [12/Jul/2025:22:03:04 +0000] "POST /wp-cron.php?doing_wp_cron=1752357784.7933819293975830078125 HTTP/1.1" 200 - "-" "WordPress/6.8.1; https://babyl0n.restaurant"
88.167.93.82 - - [12/Jul/2025:22:03:03 +0000] "POST /xmlrpc.php HTTP/1.1" 200 403 "-" "Mozilla/5.0 (Windows NT 10.0; Win64; x64) AppleWebKit/537.36 (KHTML, like Gecko) Chrome/91.0.4472.124 Safari/537.36"
209.74.77.214 - - [12/Jul/2025:22:04:28 +0000] "POST /wp-cron.php?doing_wp_cron=1752357868.5415899753570556640625 HTTP/1.1" 200 - "-" "WordPress/6.8.1; https://babyl0n.restaurant"
88.167.93.82 - - [12/Jul/2025:22:04:26 +0000] "POST /xmlrpc.php HTTP/1.1" 200 403 "-" "Mozilla/5.0 (Windows NT 10.0; Win64; x64) AppleWebKit/537.36 (KHTML, like Gecko) Chrome/91.0.4472.124 Safari/537.36"
209.74.77.214 - - [12/Jul/2025:22:05:44 +0000] "POST /wp-cron.php?doing_wp_cron=1752357944.8050799369812011718750 HTTP/1.1" 200 - "-" "WordPress/6.8.1; https://babyl0n.restaurant"
88.167.93.82 - - [12/Jul/2025:22:05:43 +0000] "POST /xmlrpc.php HTTP/1.1" 200 403 "-" "Mozilla/5.0 (Windows NT 10.0; Win64; x64) AppleWebKit/537.36 (KHTML, like Gecko) Chrome/91.0.4472.124 Safari/537.36"
209.74.77.214 - - [12/Jul/2025:22:06:43 +0000] "POST /wp-cron.php?doing_wp_cron=1752358003.0582640171051025390625 HTTP/1.1" 200 - "-" "WordPress/6.8.1; https://babyl0n.restaurant"
88.167.93.82 - - [12/Jul/2025:22:06:41 +0000] "POST /xmlrpc.php HTTP/1.1" 200 403 "-" "Mozilla/5.0 (Windows NT 10.0; Win64; x64) AppleWebKit/537.36 (KHTML, like Gecko) Chrome/91.0.4472.124 Safari/537.36"
209.74.77.214 - - [12/Jul/2025:22:07:31 +0000] "POST /wp-cron.php?doing_wp_cron=1752358051.0883491039276123046875 HTTP/1.1" 200 - "-" "WordPress/6.8.1; https://babyl0n.restaurant"
88.167.93.82 - - [12/Jul/2025:22:07:29 +0000] "POST /xmlrpc.php HTTP/1.1" 200 403 "-" "Mozilla/5.0 (Windows NT 10.0; Win64; x64) AppleWebKit/537.36 (KHTML, like Gecko) Chrome/91.0.4472.124 Safari/537.36"
209.74.77.214 - - [12/Jul/2025:22:08:31 +0000] "POST /wp-cron.php?doing_wp_cron=1752358111.7332110404968261718750 HTTP/1.1" 200 - "-" "WordPress/6.8.1; https://babyl0n.restaurant"
88.167.93.82 - - [12/Jul/2025:22:08:30 +0000] "POST /xmlrpc.php HTTP/1.1" 200 403 "-" "Mozilla/5.0 (Windows NT 10.0; Win64; x64) AppleWebKit/537.36 (KHTML, like Gecko) Chrome/91.0.4472.124 Safari/537.36"
209.74.77.214 - - [12/Jul/2025:22:09:35 +0000] "POST /wp-cron.php?doing_wp_cron=1752358175.1523659229278564453125 HTTP/1.1" 200 - "-" "WordPress/6.8.1; https://babyl0n.restaurant"
88.167.93.82 - - [12/Jul/2025:22:09:33 +0000] "POST /xmlrpc.php HTTP/1.1" 200 403 "-" "Mozilla/5.0 (Windows NT 10.0; Win64; x64) AppleWebKit/537.36 (KHTML, like Gecko) Chrome/91.0.4472.124 Safari/537.36"
209.74.77.214 - - [12/Jul/2025:22:10:33 +0000] "POST /wp-cron.php?doing_wp_cron=1752358233.6074769496917724609375 HTTP/1.1" 200 - "-" "WordPress/6.8.1; https://babyl0n.restaurant"
88.167.93.82 - - [12/Jul/2025:22:10:31 +0000] "POST /xmlrpc.php HTTP/1.1" 200 403 "-" "Mozilla/5.0 (Windows NT 10.0; Win64; x64) AppleWebKit/537.36 (KHTML, like Gecko) Chrome/91.0.4472.124 Safari/537.36"
209.74.77.214 - - [12/Jul/2025:22:11:33 +0000] "POST /wp-cron.php?doing_wp_cron=1752358293.0208120346069335937500 HTTP/1.1" 200 - "-" "WordPress/6.8.1; https://babyl0n.restaurant"
88.167.93.82 - - [12/Jul/2025:22:11:31 +0000] "POST /xmlrpc.php HTTP/1.1" 200 403 "-" "Mozilla/5.0 (Windows NT 10.0; Win64; x64) AppleWebKit/537.36 (KHTML, like Gecko) Chrome/91.0.4472.124 Safari/537.36"
209.74.77.214 - - [12/Jul/2025:22:12:39 +0000] "POST /wp-cron.php?doing_wp_cron=1752358359.5934929847717285156250 HTTP/1.1" 200 - "-" "WordPress/6.8.1; https://babyl0n.restaurant"
88.167.93.82 - - [12/Jul/2025:22:12:38 +0000] "POST /xmlrpc.php HTTP/1.1" 200 403 "-" "Mozilla/5.0 (Windows NT 10.0; Win64; x64) AppleWebKit/537.36 (KHTML, like Gecko) Chrome/91.0.4472.124 Safari/537.36"
209.74.77.214 - - [12/Jul/2025:22:13:27 +0000] "POST /wp-cron.php?doing_wp_cron=1752358407.4311180114746093750000 HTTP/1.1" 200 - "-" "WordPress/6.8.1; https://babyl0n.restaurant"
88.167.93.82 - - [12/Jul/2025:22:13:25 +0000] "POST /xmlrpc.php HTTP/1.1" 200 403 "-" "Mozilla/5.0 (Windows NT 10.0; Win64; x64) AppleWebKit/537.36 (KHTML, like Gecko) Chrome/91.0.4472.124 Safari/537.36"
209.74.77.214 - - [12/Jul/2025:22:14:42 +0000] "POST /wp-cron.php?doing_wp_cron=1752358482.6620109081268310546875 HTTP/1.1" 200 - "-" "WordPress/6.8.1; https://babyl0n.restaurant"
88.167.93.82 - - [12/Jul/2025:22:14:41 +0000] "POST /xmlrpc.php HTTP/1.1" 200 403 "-" "Mozilla/5.0 (Windows NT 10.0; Win64; x64) AppleWebKit/537.36 (KHTML, like Gecko) Chrome/91.0.4472.124 Safari/537.36"
209.74.77.214 - - [12/Jul/2025:22:15:39 +0000] "POST /wp-cron.php?doing_wp_cron=1752358539.3640389442443847656250 HTTP/1.1" 200 - "-" "WordPress/6.8.1; https://babyl0n.restaurant"
88.167.93.82 - - [12/Jul/2025:22:15:37 +0000] "POST /xmlrpc.php HTTP/1.1" 200 403 "-" "Mozilla/5.0 (Windows NT 10.0; Win64; x64) AppleWebKit/537.36 (KHTML, like Gecko) Chrome/91.0.4472.124 Safari/537.36"
209.74.77.214 - - [12/Jul/2025:22:16:37 +0000] "POST /wp-cron.php?doing_wp_cron=1752358597.1882100105285644531250 HTTP/1.1" 200 - "-" "WordPress/6.8.1; https://babyl0n.restaurant"
88.167.93.82 - - [12/Jul/2025:22:16:35 +0000] "POST /xmlrpc.php HTTP/1.1" 200 403 "-" "Mozilla/5.0 (Windows NT 10.0; Win64; x64) AppleWebKit/537.36 (KHTML, like Gecko) Chrome/91.0.4472.124 Safari/537.36"
209.74.77.214 - - [12/Jul/2025:22:17:40 +0000] "POST /wp-cron.php?doing_wp_cron=1752358660.4456589221954345703125 HTTP/1.1" 200 - "-" "WordPress/6.8.1; https://babyl0n.restaurant"
88.167.93.82 - - [12/Jul/2025:22:17:38 +0000] "POST /xmlrpc.php HTTP/1.1" 200 403 "-" "Mozilla/5.0 (Windows NT 10.0; Win64; x64) AppleWebKit/537.36 (KHTML, like Gecko) Chrome/91.0.4472.124 Safari/537.36"
209.74.77.214 - - [12/Jul/2025:22:18:34 +0000] "POST /wp-cron.php?doing_wp_cron=1752358714.0688350200653076171875 HTTP/1.1" 200 - "-" "WordPress/6.8.1; https://babyl0n.restaurant"
88.167.93.82 - - [12/Jul/2025:22:18:32 +0000] "POST /xmlrpc.php HTTP/1.1" 200 403 "-" "Mozilla/5.0 (Windows NT 10.0; Win64; x64) AppleWebKit/537.36 (KHTML, like Gecko) Chrome/91.0.4472.124 Safari/537.36"
209.74.77.214 - - [12/Jul/2025:22:19:39 +0000] "POST /wp-cron.php?doing_wp_cron=1752358779.3040769100189208984375 HTTP/1.1" 200 - "-" "WordPress/6.8.1; https://babyl0n.restaurant"
88.167.93.82 - - [12/Jul/2025:22:19:37 +0000] "POST /xmlrpc.php HTTP/1.1" 200 403 "-" "Mozilla/5.0 (Windows NT 10.0; Win64; x64) AppleWebKit/537.36 (KHTML, like Gecko) Chrome/91.0.4472.124 Safari/537.36"
209.74.77.214 - - [12/Jul/2025:22:20:39 +0000] "POST /wp-cron.php?doing_wp_cron=1752358839.5248188972473144531250 HTTP/1.1" 200 - "-" "WordPress/6.8.1; https://babyl0n.restaurant"
88.167.93.82 - - [12/Jul/2025:22:20:37 +0000] "POST /xmlrpc.php HTTP/1.1" 200 403 "-" "Mozilla/5.0 (Windows NT 10.0; Win64; x64) AppleWebKit/537.36 (KHTML, like Gecko) Chrome/91.0.4472.124 Safari/537.36"
209.74.77.214 - - [12/Jul/2025:22:21:36 +0000] "POST /wp-cron.php?doing_wp_cron=1752358896.7738049030303955078125 HTTP/1.1" 200 - "-" "WordPress/6.8.1; https://babyl0n.restaurant"
88.167.93.82 - - [12/Jul/2025:22:21:35 +0000] "POST /xmlrpc.php HTTP/1.1" 200 403 "-" "Mozilla/5.0 (Windows NT 10.0; Win64; x64) AppleWebKit/537.36 (KHTML, like Gecko) Chrome/91.0.4472.124 Safari/537.36"
209.74.77.214 - - [12/Jul/2025:22:22:35 +0000] "POST /wp-cron.php?doing_wp_cron=1752358955.1393079757690429687500 HTTP/1.1" 200 - "-" "WordPress/6.8.1; https://babyl0n.restaurant"
88.167.93.82 - - [12/Jul/2025:22:22:33 +0000] "POST /xmlrpc.php HTTP/1.1" 200 403 "-" "Mozilla/5.0 (Windows NT 10.0; Win64; x64) AppleWebKit/537.36 (KHTML, like Gecko) Chrome/91.0.4472.124 Safari/537.36"
209.74.77.214 - - [12/Jul/2025:22:23:30 +0000] "POST /wp-cron.php?doing_wp_cron=1752359010.6863059997558593750000 HTTP/1.1" 200 - "-" "WordPress/6.8.1; https://babyl0n.restaurant"
88.167.93.82 - - [12/Jul/2025:22:23:29 +0000] "POST /xmlrpc.php HTTP/1.1" 200 403 "-" "Mozilla/5.0 (Windows NT 10.0; Win64; x64) AppleWebKit/537.36 (KHTML, like Gecko) Chrome/91.0.4472.124 Safari/537.36"
209.74.77.214 - - [12/Jul/2025:22:24:40 +0000] "POST /wp-cron.php?doing_wp_cron=1752359080.6052789688110351562500 HTTP/1.1" 200 - "-" "WordPress/6.8.1; https://babyl0n.restaurant"
88.167.93.82 - - [12/Jul/2025:22:24:39 +0000] "POST /xmlrpc.php HTTP/1.1" 200 403 "-" "Mozilla/5.0 (Windows NT 10.0; Win64; x64) AppleWebKit/537.36 (KHTML, like Gecko) Chrome/91.0.4472.124 Safari/537.36"
209.74.77.214 - - [12/Jul/2025:22:25:36 +0000] "POST /wp-cron.php?doing_wp_cron=1752359136.8986639976501464843750 HTTP/1.1" 200 - "-" "WordPress/6.8.1; https://babyl0n.restaurant"
88.167.93.82 - - [12/Jul/2025:22:25:35 +0000] "POST /xmlrpc.php HTTP/1.1" 200 403 "-" "Mozilla/5.0 (Windows NT 10.0; Win64; x64) AppleWebKit/537.36 (KHTML, like Gecko) Chrome/91.0.4472.124 Safari/537.36"
209.74.77.214 - - [12/Jul/2025:22:26:29 +0000] "POST /wp-cron.php?doing_wp_cron=1752359189.8064401149749755859375 HTTP/1.1" 200 - "-" "WordPress/6.8.1; https://babyl0n.restaurant"
88.167.93.82 - - [12/Jul/2025:22:26:28 +0000] "POST /xmlrpc.php HTTP/1.1" 200 403 "-" "Mozilla/5.0 (Windows NT 10.0; Win64; x64) AppleWebKit/537.36 (KHTML, like Gecko) Chrome/91.0.4472.124 Safari/537.36"
209.74.77.214 - - [12/Jul/2025:22:27:28 +0000] "POST /wp-cron.php?doing_wp_cron=1752359248.5139970779418945312500 HTTP/1.1" 200 - "-" "WordPress/6.8.1; https://babyl0n.restaurant"
88.167.93.82 - - [12/Jul/2025:22:27:26 +0000] "POST /xmlrpc.php HTTP/1.1" 200 403 "-" "Mozilla/5.0 (Windows NT 10.0; Win64; x64) AppleWebKit/537.36 (KHTML, like Gecko) Chrome/91.0.4472.124 Safari/537.36"
209.74.77.214 - - [12/Jul/2025:22:28:27 +0000] "POST /wp-cron.php?doing_wp_cron=1752359307.4105730056762695312500 HTTP/1.1" 200 - "-" "WordPress/6.8.1; https://babyl0n.restaurant"