66.249.73.235 - - [13/Jul/2025:20:32:04 +0000] "GET /?e=39556127011000&mod=45cef8e5&uri=search.php%3Fid%3D1320180-365%26name%3Dhypebeast+new+balance+580 HTTP/1.1" 301 - "-" "Mozilla/5.0 (Linux; Android 6.0.1; Nexus 5X Build/MMB29P) AppleWebKit/537.36 (KHTML, like Gecko) Chrome/137.0.7151.103 Mobile Safari/537.36 (compatible; GoogleOther)"
66.249.73.236 - - [13/Jul/2025:20:32:08 +0000] "GET /wp-content/plugins/elementor/assets/css/widget-image.min.css?ver=3.29.2 HTTP/1.1" 200 165 "https://cyber-secure.com.au/?e=19660081021000&mod=f4f1f13c&uri=news.php%3Fid%3D656280-750%26name%3Dneceser%20nicole%20lee" "Mozilla/5.0 (Linux; Android 6.0.1; Nexus 5X Build/MMB29P) AppleWebKit/537.36 (KHTML, like Gecko) Chrome/137.0.7151.119 Mobile Safari/537.36 (compatible; Googlebot/2.1; +http://www.google.com/bot.html)"
66.249.73.236 - - [13/Jul/2025:20:32:11 +0000] "GET /wp-content/plugins/elementor/assets/css/widget-image.min.css?ver=3.29.2 HTTP/1.1" 200 165 "https://cyber-secure.com.au/?e=19658281011000&mod=b7c13b0a&uri=article.php%3Fid%3D656220-751%26name%3Dmochila%20shimano%20unzen" "Mozilla/5.0 (Linux; Android 6.0.1; Nexus 5X Build/MMB29P) AppleWebKit/537.36 (KHTML, like Gecko) Chrome/137.0.7151.119 Mobile Safari/537.36 (compatible; Googlebot/2.1; +http://www.google.com/bot.html)"
209.74.77.214 - - [13/Jul/2025:20:32:20 +0000] "POST /wp-cron.php?doing_wp_cron=1752438740.4379699230194091796875 HTTP/1.1" 200 - "-" "WordPress/6.8.1; https://cyber-secure.com.au"
66.249.73.235 - - [13/Jul/2025:20:32:20 +0000] "GET /?e=58264215051000&mod=b6edc1cd&uri=product.php%3Fid%3D1944307-81%26name%3Dsedia+trasparente+con+cuscino HTTP/1.1" 301 - "-" "Mozilla/5.0 (Linux; Android 6.0.1; Nexus 5X Build/MMB29P) AppleWebKit/537.36 (KHTML, like Gecko) Chrome/137.0.7151.103 Mobile Safari/537.36 (compatible; GoogleOther)"
209.74.77.214 - - [13/Jul/2025:20:32:20 +0000] "POST /wp-admin/admin-ajax.php?action=async_litespeed&nonce=7qctTyIHHSQKDyDP0O1HFWYYSgrbRk84&litespeed_type=imgoptm HTTP/1.1" 200 21 "-" "WordPress/6.8.1; https://cyber-secure.com.au"
66.249.73.235 - - [13/Jul/2025:20:32:34 +0000] "GET /?e=34484647001000&mod=c922de9e&uri=dp.php%3Fid%3D1150970-313%26name%3Dschultertasche+tchibo HTTP/1.1" 301 - "-" "Mozilla/5.0 (Linux; Android 6.0.1; Nexus 5X Build/MMB29P) AppleWebKit/537.36 (KHTML, like Gecko) Chrome/137.0.7151.103 Mobile Safari/537.36 (compatible; GoogleOther)"
66.249.73.235 - - [13/Jul/2025:20:32:47 +0000] "GET /?e=39556127011000&mod=45cef8e5&uri=search.php%3Fid%3D1320180-365%26name%3Dhypebeast%20new%20balance%20580 HTTP/1.1" 200 26110 "-" "Mozilla/5.0 (Linux; Android 6.0.1; Nexus 5X Build/MMB29P) AppleWebKit/537.36 (KHTML, like Gecko) Chrome/137.0.7151.103 Mobile Safari/537.36 (compatible; GoogleOther)"
66.249.73.235 - - [13/Jul/2025:20:32:59 +0000] "GET /?e=58264215051000&mod=b6edc1cd&uri=product.php%3Fid%3D1944307-81%26name%3Dsedia%20trasparente%20con%20cuscino HTTP/1.1" 200 26111 "-" "Mozilla/5.0 (Linux; Android 6.0.1; Nexus 5X Build/MMB29P) AppleWebKit/537.36 (KHTML, like Gecko) Chrome/137.0.7151.103 Mobile Safari/537.36 (compatible; GoogleOther)"
66.249.73.237 - - [13/Jul/2025:20:33:10 +0000] "GET /wp-content/plugins/elementor/assets/css/widget-image.min.css?ver=3.29.2 HTTP/1.1" 200 165 "https://cyber-secure.com.au/?e=39556127011000&mod=45cef8e5&uri=search.php%3Fid%3D1320180-365%26name%3Dhypebeast%20new%20balance%20580" "Mozilla/5.0 (Linux; Android 6.0.1; Nexus 5X Build/MMB29P) AppleWebKit/537.36 (KHTML, like Gecko) Chrome/137.0.7151.119 Mobile Safari/537.36 (compatible; Googlebot/2.1; +http://www.google.com/bot.html)"
209.74.77.214 - - [13/Jul/2025:20:33:12 +0000] "POST /wp-cron.php?doing_wp_cron=1752438792.4872388839721679687500 HTTP/1.1" 200 - "-" "WordPress/6.8.1; https://cyber-secure.com.au"
66.249.73.235 - - [13/Jul/2025:20:33:12 +0000] "GET /?e=34484647001000&mod=c922de9e&uri=dp.php%3Fid%3D1150970-313%26name%3Dschultertasche%20tchibo HTTP/1.1" 200 26104 "-" "Mozilla/5.0 (Linux; Android 6.0.1; Nexus 5X Build/MMB29P) AppleWebKit/537.36 (KHTML, like Gecko) Chrome/137.0.7151.103 Mobile Safari/537.36 (compatible; GoogleOther)"
209.74.77.214 - - [13/Jul/2025:20:33:23 +0000] "POST /wp-cron.php?doing_wp_cron=1752438803.1472980976104736328125 HTTP/1.1" 200 - "-" "WordPress/6.8.1; https://cyber-secure.com.au"
66.249.73.235 - - [13/Jul/2025:20:33:23 +0000] "GET /?e=880002111000&mod=a86c450b&uri=article.php%3Fid%3D29386-57%26name%3Dearphones+for+samsung+a20 HTTP/1.1" 301 - "-" "Mozilla/5.0 (Linux; Android 6.0.1; Nexus 5X Build/MMB29P) AppleWebKit/537.36 (KHTML, like Gecko) Chrome/137.0.7151.103 Mobile Safari/537.36 (compatible; GoogleOther)"
209.74.77.214 - - [13/Jul/2025:20:33:23 +0000] "POST /wp-admin/admin-ajax.php?action=async_litespeed&nonce=LVwgjPqT6S0PBrDbOmXaMYKlqNq7bkpW&litespeed_type=imgoptm HTTP/1.1" 200 21 "-" "WordPress/6.8.1; https://cyber-secure.com.au"
66.249.73.235 - - [13/Jul/2025:20:33:32 +0000] "GET /?e=107542292031000&mod=0fcee95c&uri=article.php%3Fid%3D3589041-609%26name%3Ddunk+low+orange+pearl+raffle HTTP/1.1" 301 - "-" "Mozilla/5.0 (Linux; Android 6.0.1; Nexus 5X Build/MMB29P) AppleWebKit/537.36 (KHTML, like Gecko) Chrome/137.0.7151.103 Mobile Safari/537.36 (compatible; GoogleOther)"
66.249.73.235 - - [13/Jul/2025:20:33:41 +0000] "GET /?e=971394131000&mod=00ac8ed3&uri=search.php%3Fid%3D32435-61%26name%3Dadidas+yeezy+boost+football+cleats HTTP/1.1" 301 - "-" "Mozilla/5.0 (Linux; Android 6.0.1; Nexus 5X Build/MMB29P) AppleWebKit/537.36 (KHTML, like Gecko) Chrome/137.0.7151.103 Mobile Safari/537.36 (compatible; GoogleOther)"
66.249.73.235 - - [13/Jul/2025:20:33:42 +0000] "GET /wp-content/plugins/elementor/assets/css/widget-image.min.css?ver=3.29.2 HTTP/1.1" 200 165 "https://cyber-secure.com.au/?e=34484647001000&mod=c922de9e&uri=dp.php%3Fid%3D1150970-313%26name%3Dschultertasche%20tchibo" "Mozilla/5.0 (Linux; Android 6.0.1; Nexus 5X Build/MMB29P) AppleWebKit/537.36 (KHTML, like Gecko) Chrome/137.0.7151.119 Mobile Safari/537.36 (compatible; Googlebot/2.1; +http://www.google.com/bot.html)"
66.249.73.235 - - [13/Jul/2025:20:33:45 +0000] "GET /?e=58139848021000&mod=b4d22bb5&uri=news.php%3Fid%3D1940154-803%26name%3Dbasso+bike+diamante HTTP/1.1" 200 22207 "-" "Mozilla/5.0 (compatible; Googlebot/2.1; +http://www.google.com/bot.html)"
66.249.73.235 - - [13/Jul/2025:20:33:49 +0000] "GET /?e=880002111000&mod=a86c450b&uri=article.php%3Fid%3D29386-57%26name%3Dearphones%20for%20samsung%20a20 HTTP/1.1" 200 26108 "-" "Mozilla/5.0 (Linux; Android 6.0.1; Nexus 5X Build/MMB29P) AppleWebKit/537.36 (KHTML, like Gecko) Chrome/137.0.7151.103 Mobile Safari/537.36 (compatible; GoogleOther)"
66.249.73.235 - - [13/Jul/2025:20:33:57 +0000] "GET /?e=107542292031000&mod=0fcee95c&uri=article.php%3Fid%3D3589041-609%26name%3Ddunk%20low%20orange%20pearl%20raffle HTTP/1.1" 200 26105 "-" "Mozilla/5.0 (Linux; Android 6.0.1; Nexus 5X Build/MMB29P) AppleWebKit/537.36 (KHTML, like Gecko) Chrome/137.0.7151.103 Mobile Safari/537.36 (compatible; GoogleOther)"
66.249.73.237 - - [13/Jul/2025:20:34:05 +0000] "GET /?e=971394131000&mod=00ac8ed3&uri=search.php%3Fid%3D32435-61%26name%3Dadidas%20yeezy%20boost%20football%20cleats HTTP/1.1" 200 26111 "-" "Mozilla/5.0 (Linux; Android 6.0.1; Nexus 5X Build/MMB29P) AppleWebKit/537.36 (KHTML, like Gecko) Chrome/137.0.7151.103 Mobile Safari/537.36 (compatible; GoogleOther)"
209.74.77.214 - - [13/Jul/2025:20:34:13 +0000] "POST /wp-cron.php?doing_wp_cron=1752438853.1138029098510742187500 HTTP/1.1" 200 - "-" "WordPress/6.8.1; https://cyber-secure.com.au"
66.249.73.235 - - [13/Jul/2025:20:34:12 +0000] "GET /?e=4919730061000&mod=f6b5f8c3&uri=us.php%3Fid%3D164242-299%26name%3Dtobi+slip+dress HTTP/1.1" 301 - "-" "Mozilla/5.0 (Linux; Android 6.0.1; Nexus 5X Build/MMB29P) AppleWebKit/537.36 (KHTML, like Gecko) Chrome/137.0.7151.103 Mobile Safari/537.36 (compatible; GoogleOther)"
209.74.77.214 - - [13/Jul/2025:20:34:21 +0000] "POST /wp-cron.php?doing_wp_cron=1752438861.6083810329437255859375 HTTP/1.1" 200 - "-" "WordPress/6.8.1; https://cyber-secure.com.au"
66.249.73.235 - - [13/Jul/2025:20:34:20 +0000] "GET /?e=5646719021000&mod=77ee3bc5&uri=news.php%3Fid%3D188542-315%26name%3Dgoldene+damenuhr+g%C3%83%C2%BCnstig HTTP/1.1" 301 - "-" "Mozilla/5.0 (Linux; Android 6.0.1; Nexus 5X Build/MMB29P) AppleWebKit/537.36 (KHTML, like Gecko) Chrome/137.0.7151.103 Mobile Safari/537.36 (compatible; GoogleOther)"
209.74.77.214 - - [13/Jul/2025:20:34:21 +0000] "POST /wp-admin/admin-ajax.php?action=async_litespeed&nonce=r8RYbVRYFl923VcOJkAVRYBtPfMrOM64&litespeed_type=imgoptm HTTP/1.1" 200 21 "-" "WordPress/6.8.1; https://cyber-secure.com.au"
66.249.73.235 - - [13/Jul/2025:20:34:22 +0000] "GET /wp-content/plugins/elementor/assets/css/widget-image.min.css?ver=3.29.2 HTTP/1.1" 200 165 "https://cyber-secure.com.au/?e=880002111000&mod=a86c450b&uri=article.php%3Fid%3D29386-57%26name%3Dearphones%20for%20samsung%20a20" "Mozilla/5.0 (Linux; Android 6.0.1; Nexus 5X Build/MMB29P) AppleWebKit/537.36 (KHTML, like Gecko) Chrome/137.0.7151.119 Mobile Safari/537.36 (compatible; Googlebot/2.1; +http://www.google.com/bot.html)"
66.249.73.235 - - [13/Jul/2025:20:34:29 +0000] "GET /?e=4919730061000&mod=f6b5f8c3&uri=us.php%3Fid%3D164242-299%26name%3Dtobi%20slip%20dress HTTP/1.1" 200 26109 "-" "Mozilla/5.0 (Linux; Android 6.0.1; Nexus 5X Build/MMB29P) AppleWebKit/537.36 (KHTML, like Gecko) Chrome/137.0.7151.103 Mobile Safari/537.36 (compatible; GoogleOther)"
66.249.73.235 - - [13/Jul/2025:20:34:38 +0000] "GET /?e=5646719021000&mod=77ee3bc5&uri=news.php%3Fid%3D188542-315%26name%3Dgoldene%20damenuhr%20g%C3%83%C2%BCnstig HTTP/1.1" 200 26108 "-" "Mozilla/5.0 (Linux; Android 6.0.1; Nexus 5X Build/MMB29P) AppleWebKit/537.36 (KHTML, like Gecko) Chrome/137.0.7151.103 Mobile Safari/537.36 (compatible; GoogleOther)"
66.249.73.235 - - [13/Jul/2025:20:34:47 +0000] "GET /?e=58283603021000&mod=3c69ccff&uri=article.php%3Fid%3D1944955-635%26name%3Dtute+jordan HTTP/1.1" 301 - "-" "Mozilla/5.0 (Linux; Android 6.0.1; Nexus 5X Build/MMB29P) AppleWebKit/537.36 (KHTML, like Gecko) Chrome/137.0.7151.103 Mobile Safari/537.36 (compatible; GoogleOther)"
66.249.73.235 - - [13/Jul/2025:20:34:55 +0000] "GET /?e=58280183031000&mod=b6edc1cd&uri=pin.php%3Fid%3D1944841-81%26name%3Dpoltrone+vitra+prezzi HTTP/1.1" 301 - "-" "Mozilla/5.0 (Linux; Android 6.0.1; Nexus 5X Build/MMB29P) AppleWebKit/537.36 (KHTML, like Gecko) Chrome/137.0.7151.103 Mobile Safari/537.36 (compatible; GoogleOther)"
66.249.73.235 - - [13/Jul/2025:20:35:03 +0000] "GET /?e=58283603021000&mod=3c69ccff&uri=article.php%3Fid%3D1944955-635%26name%3Dtute%20jordan HTTP/1.1" 200 26109 "-" "Mozilla/5.0 (Linux; Android 6.0.1; Nexus 5X Build/MMB29P) AppleWebKit/537.36 (KHTML, like Gecko) Chrome/137.0.7151.103 Mobile Safari/537.36 (compatible; GoogleOther)"
209.74.77.214 - - [13/Jul/2025:20:35:10 +0000] "POST /wp-cron.php?doing_wp_cron=1752438910.9074800014495849609375 HTTP/1.1" 200 - "-" "WordPress/6.8.1; https://cyber-secure.com.au"
66.249.73.236 - - [13/Jul/2025:20:35:10 +0000] "GET /?e=58280183031000&mod=b6edc1cd&uri=pin.php%3Fid%3D1944841-81%26name%3Dpoltrone%20vitra%20prezzi HTTP/1.1" 200 26105 "-" "Mozilla/5.0 (Linux; Android 6.0.1; Nexus 5X Build/MMB29P) AppleWebKit/537.36 (KHTML, like Gecko) Chrome/137.0.7151.103 Mobile Safari/537.36 (compatible; GoogleOther)"
66.249.73.235 - - [13/Jul/2025:20:35:25 +0000] "GET /wp-content/plugins/elementor/assets/css/widget-image.min.css?ver=3.29.2 HTTP/1.1" 200 165 "https://cyber-secure.com.au/?e=5646719021000&mod=77ee3bc5&uri=news.php%3Fid%3D188542-315%26name%3Dgoldene%20damenuhr%20g%C3%83%C2%BCnstig" "Mozilla/5.0 (Linux; Android 6.0.1; Nexus 5X Build/MMB29P) AppleWebKit/537.36 (KHTML, like Gecko) Chrome/137.0.7151.119 Mobile Safari/537.36 (compatible; Googlebot/2.1; +http://www.google.com/bot.html)"
66.249.73.235 - - [13/Jul/2025:20:35:45 +0000] "GET /wp-content/plugins/elementor/assets/css/widget-image.min.css?ver=3.29.2 HTTP/1.1" 200 165 "https://cyber-secure.com.au/?e=58280183031000&mod=b6edc1cd&uri=pin.php%3Fid%3D1944841-81%26name%3Dpoltrone%20vitra%20prezzi" "Mozilla/5.0 (Linux; Android 6.0.1; Nexus 5X Build/MMB29P) AppleWebKit/537.36 (KHTML, like Gecko) Chrome/137.0.7151.119 Mobile Safari/537.36 (compatible; Googlebot/2.1; +http://www.google.com/bot.html)"
209.74.77.214 - - [13/Jul/2025:20:37:08 +0000] "POST /wp-cron.php?doing_wp_cron=1752439028.7992699146270751953125 HTTP/1.1" 200 - "-" "WordPress/6.8.1; https://cyber-secure.com.au"
66.249.73.237 - - [13/Jul/2025:20:37:07 +0000] "GET /?e=58288193001000&mod=5f0ad4db&uri=dp.php%3Fid%3D1945108-949%26name%3Dbomber+jacket+with+back+print HTTP/1.1" 301 - "-" "Mozilla/5.0 (Linux; Android 6.0.1; Nexus 5X Build/MMB29P) AppleWebKit/537.36 (KHTML, like Gecko) Chrome/137.0.7151.103 Mobile Safari/537.36 (compatible; GoogleOther)"
209.74.77.214 - - [13/Jul/2025:20:37:08 +0000] "POST /wp-admin/admin-ajax.php?action=async_litespeed&nonce=vUzLMi07PEPt09EjGNTyB8hCpyroR35h&litespeed_type=imgoptm HTTP/1.1" 200 21 "-" "WordPress/6.8.1; https://cyber-secure.com.au"
209.74.77.214 - - [13/Jul/2025:20:37:27 +0000] "POST /wp-cron.php?doing_wp_cron=1752439047.3517830371856689453125 HTTP/1.1" 200 - "-" "WordPress/6.8.1; https://cyber-secure.com.au"
209.74.77.214 - - [13/Jul/2025:20:37:27 +0000] "POST /wp-admin/admin-ajax.php?action=async_litespeed&nonce=dJxywyooKmhNkVV6pu0mSifTf46AFbVL&litespeed_type=imgoptm HTTP/1.1" 200 21 "-" "WordPress/6.8.1; https://cyber-secure.com.au"
66.249.73.235 - - [13/Jul/2025:20:37:27 +0000] "GET /?e=58288193001000&mod=5f0ad4db&uri=dp.php%3Fid%3D1945108-949%26name%3Dbomber%20jacket%20with%20back%20print HTTP/1.1" 200 26109 "-" "Mozilla/5.0 (Linux; Android 6.0.1; Nexus 5X Build/MMB29P) AppleWebKit/537.36 (KHTML, like Gecko) Chrome/137.0.7151.103 Mobile Safari/537.36 (compatible; GoogleOther)"
66.249.73.235 - - [13/Jul/2025:20:37:35 +0000] "GET /wp-content/plugins/elementor/assets/css/widget-image.min.css?ver=3.29.2 HTTP/1.1" 200 165 "https://cyber-secure.com.au/?e=58288193001000&mod=5f0ad4db&uri=dp.php%3Fid%3D1945108-949%26name%3Dbomber%20jacket%20with%20back%20print" "Mozilla/5.0 (Linux; Android 6.0.1; Nexus 5X Build/MMB29P) AppleWebKit/537.36 (KHTML, like Gecko) Chrome/137.0.7151.119 Mobile Safari/537.36 (compatible; Googlebot/2.1; +http://www.google.com/bot.html)"
209.74.77.214 - - [13/Jul/2025:20:39:00 +0000] "POST /wp-cron.php?doing_wp_cron=1752439140.8853859901428222656250 HTTP/1.1" 200 - "-" "WordPress/6.8.1; https://cyber-secure.com.au"
51.222.253.15 - - [13/Jul/2025:20:38:59 +0000] "GET /?e=67395412061000&mod=eed43ed9&uri=us.php%3Fid%3D2249037-1154%26name%3Dbasketball+shoes+for+pronation HTTP/1.1" 301 - "-" "Mozilla/5.0 (compatible; AhrefsBot/7.0; +http://ahrefs.com/robot/)"
209.74.77.214 - - [13/Jul/2025:20:39:00 +0000] "POST /wp-admin/admin-ajax.php?action=async_litespeed&nonce=kavd9JB9D7rG1jNDVFso78jwSWXlxtU5&litespeed_type=imgoptm HTTP/1.1" 200 21 "-" "WordPress/6.8.1; https://cyber-secure.com.au"
209.74.77.214 - - [13/Jul/2025:20:39:14 +0000] "POST /wp-cron.php?doing_wp_cron=1752439154.5000140666961669921875 HTTP/1.1" 200 - "-" "WordPress/6.8.1; https://cyber-secure.com.au"
66.249.73.234 - - [13/Jul/2025:20:39:14 +0000] "GET /?e=58240222071000&mod=619205da&uri=article.php%3Fid%3D1943505-233%26name%3Dcat%C3%83%C2%A1logos+moda+internacional+2021 HTTP/1.1" 301 - "-" "Mozilla/5.0 (Linux; Android 6.0.1; Nexus 5X Build/MMB29P) AppleWebKit/537.36 (KHTML, like Gecko) Chrome/137.0.7151.103 Mobile Safari/537.36 (compatible; GoogleOther)"
209.74.77.214 - - [13/Jul/2025:20:39:14 +0000] "POST /wp-admin/admin-ajax.php?action=async_litespeed&nonce=rO6xtha6Yb4orkBSypfWFeT9oe7FSUkR&litespeed_type=imgoptm HTTP/1.1" 200 21 "-" "WordPress/6.8.1; https://cyber-secure.com.au"
66.249.73.234 - - [13/Jul/2025:20:39:20 +0000] "GET /?e=58240222071000&mod=619205da&uri=article.php%3Fid%3D1943505-233%26name%3Dcat%C3%83%C2%A1logos%20moda%20internacional%202021 HTTP/1.1" 200 26104 "-" "Mozilla/5.0 (Linux; Android 6.0.1; Nexus 5X Build/MMB29P) AppleWebKit/537.36 (KHTML, like Gecko) Chrome/137.0.7151.103 Mobile Safari/537.36 (compatible; GoogleOther)"
66.249.73.233 - - [13/Jul/2025:20:39:31 +0000] "GET /?e=58174495051000&mod=f2bff080&uri=itm.php%3Fid%3D1941313-338%26name%3Dadidas+women%27s+alphabounce+instinct+running+shoes+review HTTP/1.1" 301 - "-" "Mozilla/5.0 (Linux; Android 6.0.1; Nexus 5X Build/MMB29P) AppleWebKit/537.36 (KHTML, like Gecko) Chrome/137.0.7151.103 Mobile Safari/537.36 (compatible; GoogleOther)"
66.249.73.233 - - [13/Jul/2025:20:39:36 +0000] "GET /?e=58174495051000&mod=f2bff080&uri=itm.php%3Fid%3D1941313-338%26name%3Dadidas%20women%27s%20alphabounce%20instinct%20running%20shoes%20review HTTP/1.1" 200 26105 "-" "Mozilla/5.0 (Linux; Android 6.0.1; Nexus 5X Build/MMB29P) AppleWebKit/537.36 (KHTML, like Gecko) Chrome/137.0.7151.103 Mobile Safari/537.36 (compatible; GoogleOther)"
66.249.73.233 - - [13/Jul/2025:20:39:47 +0000] "GET /?e=58140328021000&mod=b4d22bb5&uri=shared.php%3Fid%3D1940170-803%26name%3Dsamebike+500w+prezzo HTTP/1.1" 200 22117 "-" "Mozilla/5.0 (compatible; Googlebot/2.1; +http://www.google.com/bot.html)"
66.249.73.233 - - [13/Jul/2025:20:45:47 +0000] "GET /?e=58139188081000&mod=b4d22bb5&uri=category-info.php%3Fid%3D1940132-803%26name%3Dbatavus+mens+bike HTTP/1.1" 200 21820 "-" "Mozilla/5.0 (compatible; Googlebot/2.1; +http://www.google.com/bot.html)"
209.74.77.214 - - [13/Jul/2025:20:47:36 +0000] "POST /wp-cron.php?doing_wp_cron=1752439656.9673099517822265625000 HTTP/1.1" 200 - "-" "WordPress/6.8.1; https://cyber-secure.com.au"
51.222.253.5 - - [13/Jul/2025:20:47:35 +0000] "GET /?e=72095371021000&mod=400c3241&uri=form.php%3Fid%3D2405889-790%26name%3Dtenis+para+correr+ua+charged+assert+para+hombre HTTP/1.1" 301 - "-" "Mozilla/5.0 (compatible; AhrefsBot/7.0; +http://ahrefs.com/robot/)"
209.74.77.214 - - [13/Jul/2025:20:47:37 +0000] "POST /wp-admin/admin-ajax.php?action=async_litespeed&nonce=Ri7LSEJvzkf0VxTdAnGphS34rnrGgJ0Z&litespeed_type=imgoptm HTTP/1.1" 200 21 "-" "WordPress/6.8.1; https://cyber-secure.com.au"
57.141.2.10 - - [13/Jul/2025:20:48:19 +0000] "GET /wp-sitemap.xml HTTP/1.1" 200 430748 "-" "meta-externalagent/1.1 (+https://developers.facebook.com/docs/sharing/webmasters/crawler)"
66.249.73.235 - - [13/Jul/2025:20:51:04 +0000] "GET /?e=58141828061000&mod=b4d22bb5&uri=brands.php%3Fid%3D1940220-803%26name%3Dr1250+gs+adventure+2021 HTTP/1.1" 200 21569 "-" "Mozilla/5.0 (compatible; Googlebot/2.1; +http://www.google.com/bot.html)"
209.74.77.214 - - [13/Jul/2025:20:53:51 +0000] "POST /wp-cron.php?doing_wp_cron=1752440031.5777759552001953125000 HTTP/1.1" 200 - "-" "WordPress/6.8.1; https://cyber-secure.com.au"
66.249.73.233 - - [13/Jul/2025:20:53:50 +0000] "GET /?e=58283873011000&mod=b6edc1cd&uri=search.php%3Fid%3D1944964-81%26name%3Ddivano+largo+kartell HTTP/1.1" 301 - "-" "Mozilla/5.0 (Linux; Android 6.0.1; Nexus 5X Build/MMB29P) AppleWebKit/537.36 (KHTML, like Gecko) Chrome/137.0.7151.103 Mobile Safari/537.36 (compatible; GoogleOther)"
209.74.77.214 - - [13/Jul/2025:20:53:51 +0000] "POST /wp-admin/admin-ajax.php?action=async_litespeed&nonce=GT5IfszGhj1fc5GZLrKLpguyaYtqjif8&litespeed_type=imgoptm HTTP/1.1" 200 21 "-" "WordPress/6.8.1; https://cyber-secure.com.au"
209.74.77.214 - - [13/Jul/2025:20:56:07 +0000] "POST /wp-cron.php?doing_wp_cron=1752440167.9612460136413574218750 HTTP/1.1" 200 - "-" "WordPress/6.8.1; https://cyber-secure.com.au"
51.222.253.3 - - [13/Jul/2025:20:56:06 +0000] "GET /?e=74012858021000&mod=2458ab18&uri=product.php%3Fid%3D2469865-494%26name%3Dlong+black+skirt+with+slits+on+both+sides HTTP/1.1" 301 - "-" "Mozilla/5.0 (compatible; AhrefsBot/7.0; +http://ahrefs.com/robot/)"
209.74.77.214 - - [13/Jul/2025:20:56:08 +0000] "POST /wp-admin/admin-ajax.php?action=async_litespeed&nonce=KX1wlGzcjTJafvHRf8yX7lFfyLamPHnZ&litespeed_type=imgoptm HTTP/1.1" 200 21 "-" "WordPress/6.8.1; https://cyber-secure.com.au"
209.74.77.214 - - [13/Jul/2025:20:56:26 +0000] "POST /wp-cron.php?doing_wp_cron=1752440186.3529911041259765625000 HTTP/1.1" 200 - "-" "WordPress/6.8.1; https://cyber-secure.com.au"
209.74.77.214 - - [13/Jul/2025:20:56:26 +0000] "POST /wp-admin/admin-ajax.php?action=async_litespeed&nonce=A8rSQstjCUs2NLddTtd1n2vz1IAznUVC&litespeed_type=imgoptm HTTP/1.1" 200 21 "-" "WordPress/6.8.1; https://cyber-secure.com.au"
66.249.73.234 - - [13/Jul/2025:20:56:26 +0000] "GET /?e=58283873011000&mod=b6edc1cd&uri=search.php%3Fid%3D1944964-81%26name%3Ddivano%20largo%20kartell HTTP/1.1" 200 26105 "-" "Mozilla/5.0 (Linux; Android 6.0.1; Nexus 5X Build/MMB29P) AppleWebKit/537.36 (KHTML, like Gecko) Chrome/137.0.7151.103 Mobile Safari/537.36 (compatible; GoogleOther)"
66.249.73.233 - - [13/Jul/2025:20:57:05 +0000] "GET /?e=58140148041000&mod=b4d22bb5&uri=shop.php%3Fid%3D1940164-803%26name%3Dmerida+one+sixty HTTP/1.1" 200 22099 "-" "Mozilla/5.0 (compatible; Googlebot/2.1; +http://www.google.com/bot.html)"
66.249.73.235 - - [13/Jul/2025:20:58:00 +0000] "POST /get-message-notify HTTP/1.1" 200 21379 "https://cyber-secure.com.au/?e=58140148041000&mod=b4d22bb5&uri=shop.php%3Fid%3D1940164-803%26name%3Dmerida+one+sixty" "Mozilla/5.0 AppleWebKit/537.36 (KHTML, like Gecko; compatible; Googlebot/2.1; +http://www.google.com/bot.html) Chrome/137.0.7151.119 Safari/537.36"
209.74.77.214 - - [13/Jul/2025:21:02:45 +0000] "POST /wp-cron.php?doing_wp_cron=1752440565.8602309226989746093750 HTTP/1.1" 200 - "-" "WordPress/6.8.1; https://cyber-secure.com.au"
66.249.73.234 - - [13/Jul/2025:21:02:44 +0000] "GET /?e=58190564031000&mod=da11e8cd&uri=pin.php%3Fid%3D1941849-128%26name%3Dbolthouse+farms+orange+juice HTTP/1.1" 301 - "-" "Mozilla/5.0 (Linux; Android 6.0.1; Nexus 5X Build/MMB29P) AppleWebKit/537.36 (KHTML, like Gecko) Chrome/137.0.7151.103 Mobile Safari/537.36 (compatible; GoogleOther)"
209.74.77.214 - - [13/Jul/2025:21:02:45 +0000] "POST /wp-admin/admin-ajax.php?action=async_litespeed&nonce=tcqAgN1G5HlSD1wCkP2TANkYjIpQbMHu&litespeed_type=imgoptm HTTP/1.1" 200 21 "-" "WordPress/6.8.1; https://cyber-secure.com.au"
66.249.73.233 - - [13/Jul/2025:21:02:53 +0000] "GET /?e=58140688041000&mod=b4d22bb5&uri=pin.php%3Fid%3D1940182-803%26name%3Dbike+trekking+lago+di+garda HTTP/1.1" 200 22130 "-" "Mozilla/5.0 (compatible; Googlebot/2.1; +http://www.google.com/bot.html)"
66.249.73.234 - - [13/Jul/2025:21:03:01 +0000] "GET /?e=58269049051000&mod=b6edc1cd&uri=news.php%3Fid%3D1944469-81%26name%3Dpoltronesof%C3%83%C2%A0+sede+legale HTTP/1.1" 301 - "-" "Mozilla/5.0 (Linux; Android 6.0.1; Nexus 5X Build/MMB29P) AppleWebKit/537.36 (KHTML, like Gecko) Chrome/137.0.7151.103 Mobile Safari/537.36 (compatible; GoogleOther)"
209.74.77.214 - - [13/Jul/2025:21:03:17 +0000] "POST /wp-cron.php?doing_wp_cron=1752440597.0005109310150146484375 HTTP/1.1" 200 - "-" "WordPress/6.8.1; https://cyber-secure.com.au"
209.74.77.214 - - [13/Jul/2025:21:03:17 +0000] "POST /wp-admin/admin-ajax.php?action=async_litespeed&nonce=vzADKDD5XEnyh6svdMwrWVdj76SZFnxg&litespeed_type=imgoptm HTTP/1.1" 200 21 "-" "WordPress/6.8.1; https://cyber-secure.com.au"
66.249.73.234 - - [13/Jul/2025:21:03:16 +0000] "GET /?e=58190564031000&mod=da11e8cd&uri=pin.php%3Fid%3D1941849-128%26name%3Dbolthouse%20farms%20orange%20juice HTTP/1.1" 200 26109 "-" "Mozilla/5.0 (Linux; Android 6.0.1; Nexus 5X Build/MMB29P) AppleWebKit/537.36 (KHTML, like Gecko) Chrome/137.0.7151.103 Mobile Safari/537.36 (compatible; GoogleOther)"
66.249.73.233 - - [13/Jul/2025:21:03:33 +0000] "GET /?e=58269049051000&mod=b6edc1cd&uri=news.php%3Fid%3D1944469-81%26name%3Dpoltronesof%C3%83%C2%A0%20sede%20legale HTTP/1.1" 200 26103 "-" "Mozilla/5.0 (Linux; Android 6.0.1; Nexus 5X Build/MMB29P) AppleWebKit/537.36 (KHTML, like Gecko) Chrome/137.0.7151.103 Mobile Safari/537.36 (compatible; GoogleOther)"
209.74.77.214 - - [13/Jul/2025:21:04:52 +0000] "POST /wp-cron.php?doing_wp_cron=1752440692.1965920925140380859375 HTTP/1.1" 200 - "-" "WordPress/6.8.1; https://cyber-secure.com.au"
51.222.253.9 - - [13/Jul/2025:21:04:49 +0000] "GET /?e=7414633051000&mod=b6edc1cd&uri=form.php%3Fid%3D247634-81%26name%3Dcatalogo+prezzi+divano+letto+matrimoniale+mondo+convenienza HTTP/1.1" 301 - "-" "Mozilla/5.0 (compatible; AhrefsBot/7.0; +http://ahrefs.com/robot/)"
209.74.77.214 - - [13/Jul/2025:21:04:52 +0000] "POST /wp-admin/admin-ajax.php?action=async_litespeed&nonce=8hKM4wUxMScD17MnTE5o9Dg61ULsqXm7&litespeed_type=imgoptm HTTP/1.1" 200 21 "-" "WordPress/6.8.1; https://cyber-secure.com.au"
209.74.77.214 - - [13/Jul/2025:21:05:10 +0000] "POST /wp-cron.php?doing_wp_cron=1752440710.7562119960784912109375 HTTP/1.1" 200 - "-" "WordPress/6.8.1; https://cyber-secure.com.au"
66.249.73.234 - - [13/Jul/2025:21:05:10 +0000] "GET /?e=58264995011000&mod=b6edc1cd&uri=pin.php%3Fid%3D1944333-81%26name%3Dikea+divano+letto+lidhult HTTP/1.1" 301 - "-" "Mozilla/5.0 (Linux; Android 6.0.1; Nexus 5X Build/MMB29P) AppleWebKit/537.36 (KHTML, like Gecko) Chrome/137.0.7151.103 Mobile Safari/537.36 (compatible; GoogleOther)"
209.74.77.214 - - [13/Jul/2025:21:05:19 +0000] "POST /wp-cron.php?doing_wp_cron=1752440719.2317340373992919921875 HTTP/1.1" 200 - "-" "WordPress/6.8.1; https://cyber-secure.com.au"
209.74.77.214 - - [13/Jul/2025:21:05:19 +0000] "POST /wp-admin/admin-ajax.php?action=async_litespeed&nonce=VRGto4sriVMrYDm6UbS8DKdVkg1nySMB&litespeed_type=imgoptm HTTP/1.1" 200 21 "-" "WordPress/6.8.1; https://cyber-secure.com.au"
66.249.73.233 - - [13/Jul/2025:21:05:19 +0000] "GET /?e=58264995011000&mod=b6edc1cd&uri=pin.php%3Fid%3D1944333-81%26name%3Dikea%20divano%20letto%20lidhult HTTP/1.1" 200 26106 "-" "Mozilla/5.0 (Linux; Android 6.0.1; Nexus 5X Build/MMB29P) AppleWebKit/537.36 (KHTML, like Gecko) Chrome/137.0.7151.103 Mobile Safari/537.36 (compatible; GoogleOther)"
209.74.77.214 - - [13/Jul/2025:21:07:31 +0000] "POST /wp-cron.php?doing_wp_cron=1752440851.4856181144714355468750 HTTP/1.1" 200 - "-" "WordPress/6.8.1; https://cyber-secure.com.au"
66.249.73.235 - - [13/Jul/2025:21:07:30 +0000] "GET /?e=58126228001000&mod=b4d22bb5&uri=form.php%3Fid%3D1939700-803%26name%3Dadventure+spec+tenere+700 HTTP/1.1" 301 - "-" "Mozilla/5.0 (Linux; Android 6.0.1; Nexus 5X Build/MMB29P) AppleWebKit/537.36 (KHTML, like Gecko) Chrome/137.0.7151.103 Mobile Safari/537.36 (compatible; GoogleOther)"
209.74.77.214 - - [13/Jul/2025:21:07:31 +0000] "POST /wp-admin/admin-ajax.php?action=async_litespeed&nonce=N6oGtef6ZtZfXQwKFDPbpbc0gwdP9oTe&litespeed_type=imgoptm HTTP/1.1" 200 21 "-" "WordPress/6.8.1; https://cyber-secure.com.au"
66.249.73.233 - - [13/Jul/2025:21:07:47 +0000] "GET /?e=58126228001000&mod=b4d22bb5&uri=form.php%3Fid%3D1939700-803%26name%3Dadventure%20spec%20tenere%20700 HTTP/1.1" 200 26106 "-" "Mozilla/5.0 (Linux; Android 6.0.1; Nexus 5X Build/MMB29P) AppleWebKit/537.36 (KHTML, like Gecko) Chrome/137.0.7151.103 Mobile Safari/537.36 (compatible; GoogleOther)"
66.249.73.233 - - [13/Jul/2025:21:07:56 +0000] "GET /?e=58141948041000&mod=b4d22bb5&uri=blog.php%3Fid%3D1940224-803%26name%3Dvivo+bike+vf21+sport HTTP/1.1" 200 22298 "-" "Mozilla/5.0 (compatible; Googlebot/2.1; +http://www.google.com/bot.html)"
66.249.73.235 - - [13/Jul/2025:21:08:02 +0000] "GET /?e=58269768111000&mod=b6edc1cd&uri=pin.php%3Fid%3D1944493-81%26name%3Dsedia+snille+ikea HTTP/1.1" 301 - "-" "Mozilla/5.0 (Linux; Android 6.0.1; Nexus 5X Build/MMB29P) AppleWebKit/537.36 (KHTML, like Gecko) Chrome/137.0.7151.103 Mobile Safari/537.36 (compatible; GoogleOther)"
209.74.77.214 - - [13/Jul/2025:21:08:17 +0000] "POST /wp-cron.php?doing_wp_cron=1752440897.1388430595397949218750 HTTP/1.1" 200 - "-" "WordPress/6.8.1; https://cyber-secure.com.au"
209.74.77.214 - - [13/Jul/2025:21:08:17 +0000] "POST /wp-admin/admin-ajax.php?action=async_litespeed&nonce=iswFeSDW3RUDfRCKUy3fpLzFjILkrGbf&litespeed_type=imgoptm HTTP/1.1" 200 21 "-" "WordPress/6.8.1; https://cyber-secure.com.au"
66.249.73.234 - - [13/Jul/2025:21:08:16 +0000] "GET /?e=58269768111000&mod=b6edc1cd&uri=pin.php%3Fid%3D1944493-81%26name%3Dsedia%20snille%20ikea HTTP/1.1" 200 26104 "-" "Mozilla/5.0 (Linux; Android 6.0.1; Nexus 5X Build/MMB29P) AppleWebKit/537.36 (KHTML, like Gecko) Chrome/137.0.7151.103 Mobile Safari/537.36 (compatible; GoogleOther)"
66.249.73.235 - - [13/Jul/2025:21:09:34 +0000] "POST /wp-json/metform/v1/forms/views/2288 HTTP/1.1" 200 22313 "https://cyber-secure.com.au/?e=58264995011000&mod=b6edc1cd&uri=pin.php%3Fid%3D1944333-81%26name%3Dikea%20divano%20letto%20lidhult" "Mozilla/5.0 (Linux; Android 6.0.1; Nexus 5X Build/MMB29P) AppleWebKit/537.36 (KHTML, like Gecko) Chrome/137.0.7151.119 Mobile Safari/537.36 (compatible; Googlebot/2.1; +http://www.google.com/bot.html)"
209.74.77.214 - - [13/Jul/2025:21:10:03 +0000] "POST /wp-cron.php?doing_wp_cron=1752441003.3128581047058105468750 HTTP/1.1" 200 - "-" "WordPress/6.8.1; https://cyber-secure.com.au"
66.249.73.233 - - [13/Jul/2025:21:10:02 +0000] "GET /?e=58172132091000&mod=f2bff080&uri=shared.php%3Fid%3D1941234-338%26name%3Dburberry+her+fragrance+review HTTP/1.1" 301 - "-" "Mozilla/5.0 (Linux; Android 6.0.1; Nexus 5X Build/MMB29P) AppleWebKit/537.36 (KHTML, like Gecko) Chrome/137.0.7151.103 Mobile Safari/537.36 (compatible; GoogleOther)"
209.74.77.214 - - [13/Jul/2025:21:10:03 +0000] "POST /wp-admin/admin-ajax.php?action=async_litespeed&nonce=rvomAdQyzJMV8zx31ZVCNfXUcPERMqlu&litespeed_type=imgoptm HTTP/1.1" 200 21 "-" "WordPress/6.8.1; https://cyber-secure.com.au"
209.74.77.214 - - [13/Jul/2025:21:10:21 +0000] "POST /wp-cron.php?doing_wp_cron=1752441021.4156479835510253906250 HTTP/1.1" 200 - "-" "WordPress/6.8.1; https://cyber-secure.com.au"
209.74.77.214 - - [13/Jul/2025:21:10:21 +0000] "POST /wp-admin/admin-ajax.php?action=async_litespeed&nonce=qf38RAUNEJtEoXFpPjvIZzUxCdgMihKW&litespeed_type=imgoptm HTTP/1.1" 200 21 "-" "WordPress/6.8.1; https://cyber-secure.com.au"
66.249.73.233 - - [13/Jul/2025:21:10:14 +0000] "GET /?e=58172132091000&mod=f2bff080&uri=shared.php%3Fid%3D1941234-338%26name%3Dburberry%20her%20fragrance%20review HTTP/1.1" 200 26108 "-" "Mozilla/5.0 (Linux; Android 6.0.1; Nexus 5X Build/MMB29P) AppleWebKit/537.36 (KHTML, like Gecko) Chrome/137.0.7151.103 Mobile Safari/537.36 (compatible; GoogleOther)"
209.74.77.214 - - [13/Jul/2025:21:11:50 +0000] "POST /wp-cron.php?doing_wp_cron=1752441110.3502850532531738281250 HTTP/1.1" 200 - "-" "WordPress/6.8.1; https://cyber-secure.com.au"
51.222.253.7 - - [13/Jul/2025:21:11:49 +0000] "GET /?e=77307599051000&mod=db0d4963&uri=search.php%3Fid%3D2579825-1485%26name%3Dcalvin+klein+summer+2019+perfume HTTP/1.1" 301 - "-" "Mozilla/5.0 (compatible; AhrefsBot/7.0; +http://ahrefs.com/robot/)"
209.74.77.214 - - [13/Jul/2025:21:11:50 +0000] "POST /wp-admin/admin-ajax.php?action=async_litespeed&nonce=a1ibDQO1YeWn5R3Dlb4c3jjAOOsZOWfc&litespeed_type=imgoptm HTTP/1.1" 200 21 "-" "WordPress/6.8.1; https://cyber-secure.com.au"
209.74.77.214 - - [13/Jul/2025:21:12:29 +0000] "POST /wp-cron.php?doing_wp_cron=1752441149.6274309158325195312500 HTTP/1.1" 200 - "-" "WordPress/6.8.1; https://cyber-secure.com.au"
66.249.73.234 - - [13/Jul/2025:21:12:28 +0000] "GET /?e=58249110021000&mod=43e4e6a6&uri=goods.php%3Fid%3D1943802-234%26name%3Dprobiker+motorrad+jacke HTTP/1.1" 301 - "-" "Mozilla/5.0 (Linux; Android 6.0.1; Nexus 5X Build/MMB29P) AppleWebKit/537.36 (KHTML, like Gecko) Chrome/137.0.7151.103 Mobile Safari/537.36 (compatible; GoogleOther)"
209.74.77.214 - - [13/Jul/2025:21:12:29 +0000] "POST /wp-admin/admin-ajax.php?action=async_litespeed&nonce=FLwNGfgYLg2LxJEzZC2498B1OMuNX2z1&litespeed_type=imgoptm HTTP/1.1" 200 21 "-" "WordPress/6.8.1; https://cyber-secure.com.au"
66.249.73.234 - - [13/Jul/2025:21:12:45 +0000] "GET /?e=58249110021000&mod=43e4e6a6&uri=goods.php%3Fid%3D1943802-234%26name%3Dprobiker%20motorrad%20jacke HTTP/1.1" 200 26105 "-" "Mozilla/5.0 (Linux; Android 6.0.1; Nexus 5X Build/MMB29P) AppleWebKit/537.36 (KHTML, like Gecko) Chrome/137.0.7151.103 Mobile Safari/537.36 (compatible; GoogleOther)"
209.74.77.214 - - [13/Jul/2025:21:13:48 +0000] "POST /wp-cron.php?doing_wp_cron=1752441228.1626501083374023437500 HTTP/1.1" 200 - "-" "WordPress/6.8.1; https://cyber-secure.com.au"
66.249.73.235 - - [13/Jul/2025:21:13:46 +0000] "GET /?e=104200515071000&mod=7183145a&uri=news.php%3Fid%3D3477493-1127%26name%3Dandrew+marc+lightweight+premium+down+jacket HTTP/1.1" 301 - "-" "Mozilla/5.0 (Linux; Android 6.0.1; Nexus 5X Build/MMB29P) AppleWebKit/537.36 (KHTML, like Gecko) Chrome/137.0.7151.103 Mobile Safari/537.36 (compatible; GoogleOther)"
209.74.77.214 - - [13/Jul/2025:21:13:48 +0000] "POST /wp-admin/admin-ajax.php?action=async_litespeed&nonce=Rbx6lX9cRPHuuW4DcXeiExA0Gq6quTE9&litespeed_type=imgoptm HTTP/1.1" 200 21 "-" "WordPress/6.8.1; https://cyber-secure.com.au"
66.249.73.233 - - [13/Jul/2025:21:13:57 +0000] "GET /?e=58106698031000&mod=d77314b5&uri=category-info.php%3Fid%3D1939049-1343%26name%3Dzapotec+lumbar+pillow HTTP/1.1" 200 21278 "-" "Mozilla/5.0 (compatible; Googlebot/2.1; +http://www.google.com/bot.html)"
66.249.73.235 - - [13/Jul/2025:21:14:04 +0000] "GET /?e=104200515071000&mod=7183145a&uri=news.php%3Fid%3D3477493-1127%26name%3Dandrew%20marc%20lightweight%20premium%20down%20jacket HTTP/1.1" 200 26114 "-" "Mozilla/5.0 (Linux; Android 6.0.1; Nexus 5X Build/MMB29P) AppleWebKit/537.36 (KHTML, like Gecko) Chrome/137.0.7151.103 Mobile Safari/537.36 (compatible; GoogleOther)"
209.74.77.214 - - [13/Jul/2025:21:14:22 +0000] "POST /wp-cron.php?doing_wp_cron=1752441262.3771469593048095703125 HTTP/1.1" 200 - "-" "WordPress/6.8.1; https://cyber-secure.com.au"
66.249.73.233 - - [13/Jul/2025:21:14:22 +0000] "GET /?e=13543298021000&mod=43e4e6a6&uri=products.php%3Fid%3D452170-234%26name%3Dpullover+bedrucken+king+queen HTTP/1.1" 301 - "-" "Mozilla/5.0 (Linux; Android 6.0.1; Nexus 5X Build/MMB29P) AppleWebKit/537.36 (KHTML, like Gecko) Chrome/137.0.7151.103 Mobile Safari/537.36 (compatible; GoogleOther)"
209.74.77.214 - - [13/Jul/2025:21:14:22 +0000] "POST /wp-admin/admin-ajax.php?action=async_litespeed&nonce=VxLxT0Bkl23DkzPjia7q9EyN3zsCR8Aa&litespeed_type=imgoptm HTTP/1.1" 200 21 "-" "WordPress/6.8.1; https://cyber-secure.com.au"
66.249.73.233 - - [13/Jul/2025:21:14:36 +0000] "GET /?e=13543298021000&mod=43e4e6a6&uri=products.php%3Fid%3D452170-234%26name%3Dpullover%20bedrucken%20king%20queen HTTP/1.1" 200 26107 "-" "Mozilla/5.0 (Linux; Android 6.0.1; Nexus 5X Build/MMB29P) AppleWebKit/537.36 (KHTML, like Gecko) Chrome/137.0.7151.103 Mobile Safari/537.36 (compatible; GoogleOther)"
66.249.73.233 - - [13/Jul/2025:21:14:54 +0000] "GET /?e=58276428091000&mod=b6edc1cd&uri=shop.php%3Fid%3D1944715-81%26name%3Ddivano+a+terra+componibile HTTP/1.1" 301 - "-" "Mozilla/5.0 (Linux; Android 6.0.1; Nexus 5X Build/MMB29P) AppleWebKit/537.36 (KHTML, like Gecko) Chrome/137.0.7151.103 Mobile Safari/537.36 (compatible; GoogleOther)"
66.249.73.235 - - [13/Jul/2025:21:15:06 +0000] "GET /?e=58276428091000&mod=b6edc1cd&uri=shop.php%3Fid%3D1944715-81%26name%3Ddivano%20a%20terra%20componibile HTTP/1.1" 200 26107 "-" "Mozilla/5.0 (Linux; Android 6.0.1; Nexus 5X Build/MMB29P) AppleWebKit/537.36 (KHTML, like Gecko) Chrome/137.0.7151.103 Mobile Safari/537.36 (compatible; GoogleOther)"
209.74.77.214 - - [13/Jul/2025:21:16:37 +0000] "POST /wp-cron.php?doing_wp_cron=1752441397.3705940246582031250000 HTTP/1.1" 200 - "-" "WordPress/6.8.1; https://cyber-secure.com.au"
66.249.73.233 - - [13/Jul/2025:21:16:36 +0000] "GET /?e=77541592011000&mod=c850371f&uri=search.php%3Fid%3D2587632-127%26name%3Dsyncwire+waterproof+phone+case HTTP/1.1" 301 - "-" "Mozilla/5.0 (Linux; Android 6.0.1; Nexus 5X Build/MMB29P) AppleWebKit/537.36 (KHTML, like Gecko) Chrome/137.0.7151.103 Mobile Safari/537.36 (compatible; GoogleOther)"
209.74.77.214 - - [13/Jul/2025:21:16:37 +0000] "POST /wp-admin/admin-ajax.php?action=async_litespeed&nonce=NPUYqEiTrCWCkoy9fMDDeCCBDoD0kBBU&litespeed_type=imgoptm HTTP/1.1" 200 21 "-" "WordPress/6.8.1; https://cyber-secure.com.au"
66.249.73.233 - - [13/Jul/2025:21:16:53 +0000] "GET /?e=77541592011000&mod=c850371f&uri=search.php%3Fid%3D2587632-127%26name%3Dsyncwire%20waterproof%20phone%20case HTTP/1.1" 200 26105 "-" "Mozilla/5.0 (Linux; Android 6.0.1; Nexus 5X Build/MMB29P) AppleWebKit/537.36 (KHTML, like Gecko) Chrome/137.0.7151.103 Mobile Safari/537.36 (compatible; GoogleOther)"
66.249.73.233 - - [13/Jul/2025:21:17:09 +0000] "GET /wp-content/plugins/elementor/assets/js/frontend-modules.min.js?ver=3.29.2 HTTP/1.1" 200 14815 "https://cyber-secure.com.au/?e=77541592011000&mod=c850371f&uri=search.php%3Fid%3D2587632-127%26name%3Dsyncwire%20waterproof%20phone%20case" "Mozilla/5.0 (Linux; Android 6.0.1; Nexus 5X Build/MMB29P) AppleWebKit/537.36 (KHTML, like Gecko) Chrome/137.0.7151.119 Mobile Safari/537.36 (compatible; Googlebot/2.1; +http://www.google.com/bot.html)"
66.249.73.233 - - [13/Jul/2025:21:17:11 +0000] "GET /wp-content/plugins/elementor/assets/css/widget-image.min.css?ver=3.29.2 HTTP/1.1" 200 165 "https://cyber-secure.com.au/?e=77541592011000&mod=c850371f&uri=search.php%3Fid%3D2587632-127%26name%3Dsyncwire%20waterproof%20phone%20case" "Mozilla/5.0 (Linux; Android 6.0.1; Nexus 5X Build/MMB29P) AppleWebKit/537.36 (KHTML, like Gecko) Chrome/137.0.7151.119 Mobile Safari/537.36 (compatible; Googlebot/2.1; +http://www.google.com/bot.html)"
209.74.77.214 - - [13/Jul/2025:21:17:20 +0000] "POST /wp-cron.php?doing_wp_cron=1752441440.4529840946197509765625 HTTP/1.1" 200 - "-" "WordPress/6.8.1; https://cyber-secure.com.au"
66.249.73.234 - - [13/Jul/2025:21:17:20 +0000] "GET /?e=58265955031000&mod=b6edc1cd&uri=pin.php%3Fid%3D1944365-81%26name%3Dpoltrona+braccioli+removibili HTTP/1.1" 301 - "-" "Mozilla/5.0 (Linux; Android 6.0.1; Nexus 5X Build/MMB29P) AppleWebKit/537.36 (KHTML, like Gecko) Chrome/137.0.7151.103 Mobile Safari/537.36 (compatible; GoogleOther)"
209.74.77.214 - - [13/Jul/2025:21:17:20 +0000] "POST /wp-admin/admin-ajax.php?action=async_litespeed&nonce=uyrguDTUXnTrU2AdCtnRKdpMmcoOs9C2&litespeed_type=imgoptm HTTP/1.1" 200 21 "-" "WordPress/6.8.1; https://cyber-secure.com.au"
66.249.73.233 - - [13/Jul/2025:21:17:34 +0000] "GET /?e=58265955031000&mod=b6edc1cd&uri=pin.php%3Fid%3D1944365-81%26name%3Dpoltrona%20braccioli%20removibili HTTP/1.1" 200 26105 "-" "Mozilla/5.0 (Linux; Android 6.0.1; Nexus 5X Build/MMB29P) AppleWebKit/537.36 (KHTML, like Gecko) Chrome/137.0.7151.103 Mobile Safari/537.36 (compatible; GoogleOther)"
66.249.73.233 - - [13/Jul/2025:21:17:47 +0000] "GET /?e=58282103021000&mod=b6edc1cd&uri=product.php%3Fid%3D1944905-81%26name%3Ddivano+ektorp HTTP/1.1" 301 - "-" "Mozilla/5.0 (Linux; Android 6.0.1; Nexus 5X Build/MMB29P) AppleWebKit/537.36 (KHTML, like Gecko) Chrome/137.0.7151.103 Mobile Safari/537.36 (compatible; GoogleOther)"
66.249.73.235 - - [13/Jul/2025:21:18:02 +0000] "GET /?e=104320544031000&mod=2109366d&uri=dp.php%3Fid%3D3481497-1493%26name%3Dindoor+soccer+shoes+tiempo HTTP/1.1" 301 - "-" "Mozilla/5.0 (Linux; Android 6.0.1; Nexus 5X Build/MMB29P) AppleWebKit/537.36 (KHTML, like Gecko) Chrome/137.0.7151.103 Mobile Safari/537.36 (compatible; GoogleOther)"
209.74.77.214 - - [13/Jul/2025:21:18:13 +0000] "POST /wp-cron.php?doing_wp_cron=1752441493.7762711048126220703125 HTTP/1.1" 200 - "-" "WordPress/6.8.1; https://cyber-secure.com.au"
66.249.73.234 - - [13/Jul/2025:21:18:13 +0000] "GET /?e=58282103021000&mod=b6edc1cd&uri=product.php%3Fid%3D1944905-81%26name%3Ddivano%20ektorp HTTP/1.1" 200 26104 "-" "Mozilla/5.0 (Linux; Android 6.0.1; Nexus 5X Build/MMB29P) AppleWebKit/537.36 (KHTML, like Gecko) Chrome/137.0.7151.103 Mobile Safari/537.36 (compatible; GoogleOther)"
209.74.77.214 - - [13/Jul/2025:21:18:24 +0000] "POST /wp-cron.php?doing_wp_cron=1752441504.0241711139678955078125 HTTP/1.1" 200 - "-" "WordPress/6.8.1; https://cyber-secure.com.au"
209.74.77.214 - - [13/Jul/2025:21:18:24 +0000] "POST /wp-admin/admin-ajax.php?action=async_litespeed&nonce=O6xJ3CE0gN6vS8G5i6gEcknBGzhbWAul&litespeed_type=imgoptm HTTP/1.1" 200 21 "-" "WordPress/6.8.1; https://cyber-secure.com.au"
66.249.73.233 - - [13/Jul/2025:21:18:23 +0000] "GET /?e=104320544031000&mod=2109366d&uri=dp.php%3Fid%3D3481497-1493%26name%3Dindoor%20soccer%20shoes%20tiempo HTTP/1.1" 200 26109 "-" "Mozilla/5.0 (Linux; Android 6.0.1; Nexus 5X Build/MMB29P) AppleWebKit/537.36 (KHTML, like Gecko) Chrome/137.0.7151.103 Mobile Safari/537.36 (compatible; GoogleOther)"
66.249.73.233 - - [13/Jul/2025:21:18:33 +0000] "GET /?e=99603637051000&mod=b4e62d56&uri=product.php%3Fid%3D3324027-1050%26name%3Dpuppy+training+pads+bulk HTTP/1.1" 301 - "-" "Mozilla/5.0 (Linux; Android 6.0.1; Nexus 5X Build/MMB29P) AppleWebKit/537.36 (KHTML, like Gecko) Chrome/137.0.7151.103 Mobile Safari/537.36 (compatible; GoogleOther)"
66.249.73.233 - - [13/Jul/2025:21:18:38 +0000] "GET /wp-content/plugins/elementor/assets/css/widget-image.min.css?ver=3.29.2 HTTP/1.1" 200 165 "https://cyber-secure.com.au/?e=13543298021000&mod=43e4e6a6&uri=products.php%3Fid%3D452170-234%26name%3Dpullover%20bedrucken%20king%20queen" "Mozilla/5.0 (Linux; Android 6.0.1; Nexus 5X Build/MMB29P) AppleWebKit/537.36 (KHTML, like Gecko) Chrome/137.0.7151.119 Mobile Safari/537.36 (compatible; Googlebot/2.1; +http://www.google.com/bot.html)"
66.249.73.233 - - [13/Jul/2025:21:18:42 +0000] "GET /?e=99603637051000&mod=b4e62d56&uri=product.php%3Fid%3D3324027-1050%26name%3Dpuppy%20training%20pads%20bulk HTTP/1.1" 200 26109 "-" "Mozilla/5.0 (Linux; Android 6.0.1; Nexus 5X Build/MMB29P) AppleWebKit/537.36 (KHTML, like Gecko) Chrome/137.0.7151.103 Mobile Safari/537.36 (compatible; GoogleOther)"
66.249.73.233 - - [13/Jul/2025:21:18:55 +0000] "GET /?e=79935103041000&mod=6b8eba43&uri=article.php%3Fid%3D2667538-155%26name%3Dtheater+system HTTP/1.1" 301 - "-" "Mozilla/5.0 (Linux; Android 6.0.1; Nexus 5X Build/MMB29P) AppleWebKit/537.36 (KHTML, like Gecko) Chrome/137.0.7151.103 Mobile Safari/537.36 (compatible; GoogleOther)"
66.249.73.233 - - [13/Jul/2025:21:19:03 +0000] "GET /?e=79935103041000&mod=6b8eba43&uri=article.php%3Fid%3D2667538-155%26name%3Dtheater%20system HTTP/1.1" 200 26112 "-" "Mozilla/5.0 (Linux; Android 6.0.1; Nexus 5X Build/MMB29P) AppleWebKit/537.36 (KHTML, like Gecko) Chrome/137.0.7151.103 Mobile Safari/537.36 (compatible; GoogleOther)"
51.222.253.12 - - [13/Jul/2025:21:19:03 +0000] "GET /?e=78248361021000&mod=10c91cbe&uri=article.php%3Fid%3D2611236-1489%26name%3Dconverse+basse+limited+edition HTTP/1.1" 301 - "-" "Mozilla/5.0 (compatible; AhrefsBot/7.0; +http://ahrefs.com/robot/)"
66.249.73.233 - - [13/Jul/2025:21:19:05 +0000] "GET /wp-content/plugins/elementor/assets/css/widget-image.min.css?ver=3.29.2 HTTP/1.1" 200 165 "https://cyber-secure.com.au/?e=58265955031000&mod=b6edc1cd&uri=pin.php%3Fid%3D1944365-81%26name%3Dpoltrona%20braccioli%20removibili" "Mozilla/5.0 (Linux; Android 6.0.1; Nexus 5X Build/MMB29P) AppleWebKit/537.36 (KHTML, like Gecko) Chrome/137.0.7151.119 Mobile Safari/537.36 (compatible; Googlebot/2.1; +http://www.google.com/bot.html)"
209.74.77.214 - - [13/Jul/2025:21:19:11 +0000] "POST /wp-cron.php?doing_wp_cron=1752441551.3182818889617919921875 HTTP/1.1" 200 - "-" "WordPress/6.8.1; https://cyber-secure.com.au"
66.249.73.233 - - [13/Jul/2025:21:19:11 +0000] "GET /?e=67211804001000&mod=e9fb2eda&uri=us.php%3Fid%3D2242906-311%26name%3Dbarbie+dream+adventure HTTP/1.1" 301 - "-" "Mozilla/5.0 (Linux; Android 6.0.1; Nexus 5X Build/MMB29P) AppleWebKit/537.36 (KHTML, like Gecko) Chrome/137.0.7151.103 Mobile Safari/537.36 (compatible; GoogleOther)"
209.74.77.214 - - [13/Jul/2025:21:19:19 +0000] "POST /wp-cron.php?doing_wp_cron=1752441559.0068418979644775390625 HTTP/1.1" 200 - "-" "WordPress/6.8.1; https://cyber-secure.com.au"
209.74.77.214 - - [13/Jul/2025:21:19:19 +0000] "POST /wp-admin/admin-ajax.php?action=async_litespeed&nonce=hKAZaG8dLtLReepoEYaI52CksURk9ciT&litespeed_type=imgoptm HTTP/1.1" 200 21 "-" "WordPress/6.8.1; https://cyber-secure.com.au"
66.249.73.233 - - [13/Jul/2025:21:19:18 +0000] "GET /?e=67211804001000&mod=e9fb2eda&uri=us.php%3Fid%3D2242906-311%26name%3Dbarbie%20dream%20adventure HTTP/1.1" 200 26108 "-" "Mozilla/5.0 (Linux; Android 6.0.1; Nexus 5X Build/MMB29P) AppleWebKit/537.36 (KHTML, like Gecko) Chrome/137.0.7151.103 Mobile Safari/537.36 (compatible; GoogleOther)"
66.249.73.233 - - [13/Jul/2025:21:19:41 +0000] "GET /wp-content/plugins/elementor/assets/css/widget-image.min.css?ver=3.29.2 HTTP/1.1" 200 165 "https://cyber-secure.com.au/?e=99603637051000&mod=b4e62d56&uri=product.php%3Fid%3D3324027-1050%26name%3Dpuppy%20training%20pads%20bulk" "Mozilla/5.0 (Linux; Android 6.0.1; Nexus 5X Build/MMB29P) AppleWebKit/537.36 (KHTML, like Gecko) Chrome/137.0.7151.119 Mobile Safari/537.36 (compatible; Googlebot/2.1; +http://www.google.com/bot.html)"
66.249.73.233 - - [13/Jul/2025:21:19:57 +0000] "GET /?e=58142188001000&mod=b4d22bb5&uri=product.php%3Fid%3D1940232-803%26name%3Dyamaha+t7+tenere+700 HTTP/1.1" 200 22118 "-" "Mozilla/5.0 (compatible; Googlebot/2.1; +http://www.google.com/bot.html)"
209.74.77.214 - - [13/Jul/2025:21:20:29 +0000] "POST /wp-cron.php?doing_wp_cron=1752441629.0764191150665283203125 HTTP/1.1" 200 - "-" "WordPress/6.8.1; https://cyber-secure.com.au"
66.249.73.234 - - [13/Jul/2025:21:20:28 +0000] "GET /?e=98786900071000&mod=5f2c22cb&uri=form.php%3Fid%3D3296769-72%26name%3Djtv+stackable+rings HTTP/1.1" 301 - "-" "Mozilla/5.0 (Linux; Android 6.0.1; Nexus 5X Build/MMB29P) AppleWebKit/537.36 (KHTML, like Gecko) Chrome/137.0.7151.103 Mobile Safari/537.36 (compatible; GoogleOther)"
209.74.77.214 - - [13/Jul/2025:21:20:29 +0000] "POST /wp-admin/admin-ajax.php?action=async_litespeed&nonce=Jvn99hyWAMxxPxKhEEXlHVTCiiLCdwhX&litespeed_type=imgoptm HTTP/1.1" 200 21 "-" "WordPress/6.8.1; https://cyber-secure.com.au"
66.249.73.233 - - [13/Jul/2025:21:20:39 +0000] "GET /?e=98786900071000&mod=5f2c22cb&uri=form.php%3Fid%3D3296769-72%26name%3Djtv%20stackable%20rings HTTP/1.1" 200 26113 "-" "Mozilla/5.0 (Linux; Android 6.0.1; Nexus 5X Build/MMB29P) AppleWebKit/537.36 (KHTML, like Gecko) Chrome/137.0.7151.103 Mobile Safari/537.36 (compatible; GoogleOther)"
66.249.73.233 - - [13/Jul/2025:21:20:46 +0000] "GET /wp-content/plugins/elementor/assets/css/widget-image.min.css?ver=3.29.2 HTTP/1.1" 200 165 "https://cyber-secure.com.au/?e=104320544031000&mod=2109366d&uri=dp.php%3Fid%3D3481497-1493%26name%3Dindoor%20soccer%20shoes%20tiempo" "Mozilla/5.0 (Linux; Android 6.0.1; Nexus 5X Build/MMB29P) AppleWebKit/537.36 (KHTML, like Gecko) Chrome/137.0.7151.119 Mobile Safari/537.36 (compatible; Googlebot/2.1; +http://www.google.com/bot.html)"
66.249.73.233 - - [13/Jul/2025:21:20:59 +0000] "GET /?e=77461173011000&mod=28b9f8aa&uri=form.php%3Fid%3D2584951-523%26name%3Dtuta+felpata+adidas HTTP/1.1" 301 - "-" "Mozilla/5.0 (Linux; Android 6.0.1; Nexus 5X Build/MMB29P) AppleWebKit/537.36 (KHTML, like Gecko) Chrome/137.0.7151.103 Mobile Safari/537.36 (compatible; GoogleOther)"
209.74.77.214 - - [13/Jul/2025:21:21:09 +0000] "POST /wp-cron.php?doing_wp_cron=1752441669.9184520244598388671875 HTTP/1.1" 200 - "-" "WordPress/6.8.1; https://cyber-secure.com.au"
66.249.73.234 - - [13/Jul/2025:21:21:09 +0000] "GET /?e=77461173011000&mod=28b9f8aa&uri=form.php%3Fid%3D2584951-523%26name%3Dtuta%20felpata%20adidas HTTP/1.1" 200 26107 "-" "Mozilla/5.0 (Linux; Android 6.0.1; Nexus 5X Build/MMB29P) AppleWebKit/537.36 (KHTML, like Gecko) Chrome/137.0.7151.103 Mobile Safari/537.36 (compatible; GoogleOther)"
209.74.77.214 - - [13/Jul/2025:21:22:13 +0000] "POST /wp-cron.php?doing_wp_cron=1752441733.4115450382232666015625 HTTP/1.1" 200 - "-" "WordPress/6.8.1; https://cyber-secure.com.au"
66.249.73.233 - - [13/Jul/2025:21:22:12 +0000] "GET /?e=58119718051000&mod=b4d22bb5&uri=shop.php%3Fid%3D1939483-803%26name%3Dbike+in+tour HTTP/1.1" 301 - "-" "Mozilla/5.0 (Linux; Android 6.0.1; Nexus 5X Build/MMB29P) AppleWebKit/537.36 (KHTML, like Gecko) Chrome/137.0.7151.103 Mobile Safari/537.36 (compatible; GoogleOther)"
209.74.77.214 - - [13/Jul/2025:21:22:13 +0000] "POST /wp-admin/admin-ajax.php?action=async_litespeed&nonce=UV4NZCYVxXIGos8LBbsd8s4oiqqoK03Y&litespeed_type=imgoptm HTTP/1.1" 200 21 "-" "WordPress/6.8.1; https://cyber-secure.com.au"
66.249.73.234 - - [13/Jul/2025:21:22:28 +0000] "GET /wp-content/plugins/elementor/assets/css/widget-image.min.css?ver=3.29.2 HTTP/1.1" 200 165 "https://cyber-secure.com.au/?e=58249110021000&mod=43e4e6a6&uri=goods.php%3Fid%3D1943802-234%26name%3Dprobiker%20motorrad%20jacke" "Mozilla/5.0 (Linux; Android 6.0.1; Nexus 5X Build/MMB29P) AppleWebKit/537.36 (KHTML, like Gecko) Chrome/137.0.7151.119 Mobile Safari/537.36 (compatible; Googlebot/2.1; +http://www.google.com/bot.html)"
209.74.77.214 - - [13/Jul/2025:21:22:34 +0000] "POST /wp-cron.php?doing_wp_cron=1752441754.1430900096893310546875 HTTP/1.1" 200 - "-" "WordPress/6.8.1; https://cyber-secure.com.au"
209.74.77.214 - - [13/Jul/2025:21:22:34 +0000] "POST /wp-admin/admin-ajax.php?action=async_litespeed&nonce=jQIJsPtqYGWJMLsmSIZAKxCWjFecL1ra&litespeed_type=imgoptm HTTP/1.1" 200 21 "-" "WordPress/6.8.1; https://cyber-secure.com.au"
66.249.73.233 - - [13/Jul/2025:21:22:33 +0000] "GET /?e=58119718051000&mod=b4d22bb5&uri=shop.php%3Fid%3D1939483-803%26name%3Dbike%20in%20tour HTTP/1.1" 200 26110 "-" "Mozilla/5.0 (Linux; Android 6.0.1; Nexus 5X Build/MMB29P) AppleWebKit/537.36 (KHTML, like Gecko) Chrome/137.0.7151.103 Mobile Safari/537.36 (compatible; GoogleOther)"
209.74.77.214 - - [13/Jul/2025:21:23:43 +0000] "POST /wp-cron.php?doing_wp_cron=1752441823.9147388935089111328125 HTTP/1.1" 200 - "-" "WordPress/6.8.1; https://cyber-secure.com.au"
66.249.73.233 - - [13/Jul/2025:21:23:42 +0000] "GET /?e=34496218031000&mod=a8abb4bb&uri=form.php%3Fid%3D1151356-44%26name%3Dadidas+hard+court+herren HTTP/1.1" 301 - "-" "Mozilla/5.0 (Linux; Android 6.0.1; Nexus 5X Build/MMB29P) AppleWebKit/537.36 (KHTML, like Gecko) Chrome/137.0.7151.103 Mobile Safari/537.36 (compatible; GoogleOther)"
209.74.77.214 - - [13/Jul/2025:21:23:44 +0000] "POST /wp-admin/admin-ajax.php?action=async_litespeed&nonce=1eTy3vz4ZfeDjxbsdGcDgea045aj7oyi&litespeed_type=imgoptm HTTP/1.1" 200 21 "-" "WordPress/6.8.1; https://cyber-secure.com.au"
