209.74.77.214 - - [13/Jul/2025:14:33:13 +0000] "POST /wp-cron.php?doing_wp_cron=1752417193.1222250461578369140625 HTTP/1.1" 200 - "-" "WordPress/6.8.1; https://cyber-secure.com.au"
66.249.64.132 - - [13/Jul/2025:14:33:12 +0000] "GET /?e=119760062001000&mod=512c5cad&uri=product.php%3Fid%3D3996756-141%26name%3Dvestidos+en+la+epoca+victoriana HTTP/1.1" 301 - "-" "Mozilla/5.0 (Linux; Android 6.0.1; Nexus 5X Build/MMB29P) AppleWebKit/537.36 (KHTML, like Gecko) Chrome/137.0.7151.103 Mobile Safari/537.36 (compatible; GoogleOther)"
209.74.77.214 - - [13/Jul/2025:14:33:24 +0000] "POST /wp-cron.php?doing_wp_cron=1752417204.3034429550170898437500 HTTP/1.1" 200 - "-" "WordPress/6.8.1; https://cyber-secure.com.au"
209.74.77.214 - - [13/Jul/2025:14:33:24 +0000] "POST /wp-admin/admin-ajax.php?action=async_litespeed&nonce=1ELvArtjpzUbmuEvt6TnV1WuxGjjj1on&litespeed_type=imgoptm HTTP/1.1" 200 21 "-" "WordPress/6.8.1; https://cyber-secure.com.au"
66.249.64.128 - - [13/Jul/2025:14:33:24 +0000] "GET /?e=119760062001000&mod=512c5cad&uri=product.php%3Fid%3D3996756-141%26name%3Dvestidos%20en%20la%20epoca%20victoriana HTTP/1.1" 200 26109 "-" "Mozilla/5.0 (Linux; Android 6.0.1; Nexus 5X Build/MMB29P) AppleWebKit/537.36 (KHTML, like Gecko) Chrome/137.0.7151.103 Mobile Safari/537.36 (compatible; GoogleOther)"
66.249.64.132 - - [13/Jul/2025:14:33:34 +0000] "GET /?e=102524471061000&mod=a14ac55a&uri=pin.php%3Fid%3D3421526-161%26name%3Dtommy+hilfiger+amber+parka HTTP/1.1" 301 - "-" "Mozilla/5.0 (Linux; Android 6.0.1; Nexus 5X Build/MMB29P) AppleWebKit/537.36 (KHTML, like Gecko) Chrome/137.0.7151.103 Mobile Safari/537.36 (compatible; GoogleOther)"
66.249.64.132 - - [13/Jul/2025:14:33:44 +0000] "GET /?e=102524471061000&mod=a14ac55a&uri=pin.php%3Fid%3D3421526-161%26name%3Dtommy%20hilfiger%20amber%20parka HTTP/1.1" 200 26106 "-" "Mozilla/5.0 (Linux; Android 6.0.1; Nexus 5X Build/MMB29P) AppleWebKit/537.36 (KHTML, like Gecko) Chrome/137.0.7151.103 Mobile Safari/537.36 (compatible; GoogleOther)"
209.74.77.214 - - [13/Jul/2025:14:34:27 +0000] "POST /wp-cron.php?doing_wp_cron=1752417267.3630399703979492187500 HTTP/1.1" 200 - "-" "WordPress/6.8.1; https://cyber-secure.com.au"
66.249.64.128 - - [13/Jul/2025:14:34:26 +0000] "GET /?e=72301917091000&mod=cf3c6554&uri=category-info.php%3Fid%3D2412799-1442%26name%3Dapple+watch+nero+con+cinturino+rosa HTTP/1.1" 301 - "-" "Mozilla/5.0 (Linux; Android 6.0.1; Nexus 5X Build/MMB29P) AppleWebKit/537.36 (KHTML, like Gecko) Chrome/137.0.7151.103 Mobile Safari/537.36 (compatible; GoogleOther)"
209.74.77.214 - - [13/Jul/2025:14:34:27 +0000] "POST /wp-admin/admin-ajax.php?action=async_litespeed&nonce=gJ3c5EG2TPahxYmxEemi11Z5dsfGOlWj&litespeed_type=imgoptm HTTP/1.1" 200 21 "-" "WordPress/6.8.1; https://cyber-secure.com.au"
66.249.64.132 - - [13/Jul/2025:14:34:36 +0000] "GET /?e=72301917091000&mod=cf3c6554&uri=category-info.php%3Fid%3D2412799-1442%26name%3Dapple%20watch%20nero%20con%20cinturino%20rosa HTTP/1.1" 200 26106 "-" "Mozilla/5.0 (Linux; Android 6.0.1; Nexus 5X Build/MMB29P) AppleWebKit/537.36 (KHTML, like Gecko) Chrome/137.0.7151.103 Mobile Safari/537.36 (compatible; GoogleOther)"
66.249.64.132 - - [13/Jul/2025:14:34:47 +0000] "GET /?e=33190113001000&mod=35a12c43&uri=pin.php%3Fid%3D1107764-702%26name%3Drobe+paillette+dor%C3%83%C2%A9 HTTP/1.1" 301 - "-" "Mozilla/5.0 (Linux; Android 6.0.1; Nexus 5X Build/MMB29P) AppleWebKit/537.36 (KHTML, like Gecko) Chrome/137.0.7151.103 Mobile Safari/537.36 (compatible; GoogleOther)"
66.249.64.132 - - [13/Jul/2025:14:34:56 +0000] "GET /?e=33190113001000&mod=35a12c43&uri=pin.php%3Fid%3D1107764-702%26name%3Drobe%20paillette%20dor%C3%83%C2%A9 HTTP/1.1" 200 26105 "-" "Mozilla/5.0 (Linux; Android 6.0.1; Nexus 5X Build/MMB29P) AppleWebKit/537.36 (KHTML, like Gecko) Chrome/137.0.7151.103 Mobile Safari/537.36 (compatible; GoogleOther)"
209.74.77.214 - - [13/Jul/2025:14:35:42 +0000] "POST /wp-cron.php?doing_wp_cron=1752417342.0431470870971679687500 HTTP/1.1" 200 - "-" "WordPress/6.8.1; https://cyber-secure.com.au"
66.249.64.128 - - [13/Jul/2025:14:35:39 +0000] "GET /?e=17130492071000&mod=c0f52c66&uri=itm.php%3Fid%3D571859-682%26name%3Dstansport+hiking+backpack HTTP/1.1" 301 - "-" "Mozilla/5.0 (Linux; Android 6.0.1; Nexus 5X Build/MMB29P) AppleWebKit/537.36 (KHTML, like Gecko) Chrome/137.0.7151.103 Mobile Safari/537.36 (compatible; GoogleOther)"
209.74.77.214 - - [13/Jul/2025:14:35:42 +0000] "POST /wp-admin/admin-ajax.php?action=async_litespeed&nonce=KbHnvpiD2NW7JasKIJvXjz8XlMflcawp&litespeed_type=imgoptm HTTP/1.1" 200 21 "-" "WordPress/6.8.1; https://cyber-secure.com.au"
66.249.64.132 - - [13/Jul/2025:14:35:52 +0000] "GET /?e=17130492071000&mod=c0f52c66&uri=itm.php%3Fid%3D571859-682%26name%3Dstansport%20hiking%20backpack HTTP/1.1" 200 26113 "-" "Mozilla/5.0 (Linux; Android 6.0.1; Nexus 5X Build/MMB29P) AppleWebKit/537.36 (KHTML, like Gecko) Chrome/137.0.7151.103 Mobile Safari/537.36 (compatible; GoogleOther)"
209.74.77.214 - - [13/Jul/2025:14:36:08 +0000] "POST /wp-cron.php?doing_wp_cron=1752417368.3055870532989501953125 HTTP/1.1" 200 - "-" "WordPress/6.8.1; https://cyber-secure.com.au"
66.249.64.132 - - [13/Jul/2025:14:36:08 +0000] "GET /?e=33071249031000&mod=233f1dd0&uri=news.php%3Fid%3D1103787-596%26name%3Dsketch+inc+nesting+dolls HTTP/1.1" 301 - "-" "Mozilla/5.0 (Linux; Android 6.0.1; Nexus 5X Build/MMB29P) AppleWebKit/537.36 (KHTML, like Gecko) Chrome/137.0.7151.103 Mobile Safari/537.36 (compatible; GoogleOther)"
209.74.77.214 - - [13/Jul/2025:14:36:22 +0000] "POST /wp-cron.php?doing_wp_cron=1752417382.1875190734863281250000 HTTP/1.1" 200 - "-" "WordPress/6.8.1; https://cyber-secure.com.au"
209.74.77.214 - - [13/Jul/2025:14:36:22 +0000] "POST /wp-admin/admin-ajax.php?action=async_litespeed&nonce=Ll7UOs1p0ZlD76yTz83E3qLMFXqRehvq&litespeed_type=imgoptm HTTP/1.1" 200 21 "-" "WordPress/6.8.1; https://cyber-secure.com.au"
66.249.64.128 - - [13/Jul/2025:14:36:22 +0000] "GET /?e=33071249031000&mod=233f1dd0&uri=news.php%3Fid%3D1103787-596%26name%3Dsketch%20inc%20nesting%20dolls HTTP/1.1" 200 26107 "-" "Mozilla/5.0 (Linux; Android 6.0.1; Nexus 5X Build/MMB29P) AppleWebKit/537.36 (KHTML, like Gecko) Chrome/137.0.7151.103 Mobile Safari/537.36 (compatible; GoogleOther)"
66.249.64.132 - - [13/Jul/2025:14:36:39 +0000] "GET /?e=869814061000&mod=6c9882bb&uri=brands.php%3Fid%3D29046-25%26name%3Delite+xbox HTTP/1.1" 200 21957 "-" "Mozilla/5.0 (compatible; Googlebot/2.1; +http://www.google.com/bot.html)"
66.249.64.132 - - [13/Jul/2025:14:36:42 +0000] "GET /?e=13529062061000&mod=43e4e6a6&uri=pin.php%3Fid%3D451694-234%26name%3Dzara+strick+cardigan HTTP/1.1" 301 - "-" "Mozilla/5.0 (Linux; Android 6.0.1; Nexus 5X Build/MMB29P) AppleWebKit/537.36 (KHTML, like Gecko) Chrome/137.0.7151.103 Mobile Safari/537.36 (compatible; GoogleOther)"
66.249.64.132 - - [13/Jul/2025:14:36:53 +0000] "GET /?e=13529062061000&mod=43e4e6a6&uri=pin.php%3Fid%3D451694-234%26name%3Dzara%20strick%20cardigan HTTP/1.1" 200 26106 "-" "Mozilla/5.0 (Linux; Android 6.0.1; Nexus 5X Build/MMB29P) AppleWebKit/537.36 (KHTML, like Gecko) Chrome/137.0.7151.103 Mobile Safari/537.36 (compatible; GoogleOther)"
209.74.77.214 - - [13/Jul/2025:14:37:43 +0000] "POST /wp-cron.php?doing_wp_cron=1752417463.4490199089050292968750 HTTP/1.1" 200 - "-" "WordPress/6.8.1; https://cyber-secure.com.au"
66.249.64.129 - - [13/Jul/2025:14:37:42 +0000] "GET /?e=19724970101000&mod=2b38c2df&uri=pin.php%3Fid%3D658444-115%26name%3Drobe+h+et+m HTTP/1.1" 301 - "-" "Mozilla/5.0 (Linux; Android 6.0.1; Nexus 5X Build/MMB29P) AppleWebKit/537.36 (KHTML, like Gecko) Chrome/137.0.7151.103 Mobile Safari/537.36 (compatible; GoogleOther)"
209.74.77.214 - - [13/Jul/2025:14:37:43 +0000] "POST /wp-admin/admin-ajax.php?action=async_litespeed&nonce=QfbkXShTKIXvghBj2vyuoQFTFZnVvGCd&litespeed_type=imgoptm HTTP/1.1" 200 21 "-" "WordPress/6.8.1; https://cyber-secure.com.au"
66.249.64.128 - - [13/Jul/2025:14:37:54 +0000] "GET /?e=19724970101000&mod=2b38c2df&uri=pin.php%3Fid%3D658444-115%26name%3Drobe%20h%20et%20m HTTP/1.1" 200 26104 "-" "Mozilla/5.0 (Linux; Android 6.0.1; Nexus 5X Build/MMB29P) AppleWebKit/537.36 (KHTML, like Gecko) Chrome/137.0.7151.103 Mobile Safari/537.36 (compatible; GoogleOther)"
66.249.64.129 - - [13/Jul/2025:14:38:00 +0000] "GET /wp-content/plugins/elementor/assets/css/widget-image.min.css?ver=3.29.2 HTTP/1.1" 200 165 "https://cyber-secure.com.au/?e=19724970101000&mod=2b38c2df&uri=pin.php%3Fid%3D658444-115%26name%3Drobe%20h%20et%20m" "Mozilla/5.0 (Linux; Android 6.0.1; Nexus 5X Build/MMB29P) AppleWebKit/537.36 (KHTML, like Gecko) Chrome/137.0.7151.119 Mobile Safari/537.36 (compatible; Googlebot/2.1; +http://www.google.com/bot.html)"
209.74.77.214 - - [13/Jul/2025:14:38:14 +0000] "POST /wp-cron.php?doing_wp_cron=1752417494.0477800369262695312500 HTTP/1.1" 200 - "-" "WordPress/6.8.1; https://cyber-secure.com.au"
66.249.64.128 - - [13/Jul/2025:14:38:13 +0000] "GET /?e=16991781041000&mod=a6ce9144&uri=brands.php%3Fid%3D567234-678%26name%3Diphone12+car+charger HTTP/1.1" 301 - "-" "Mozilla/5.0 (Linux; Android 6.0.1; Nexus 5X Build/MMB29P) AppleWebKit/537.36 (KHTML, like Gecko) Chrome/137.0.7151.103 Mobile Safari/537.36 (compatible; GoogleOther)"
209.74.77.214 - - [13/Jul/2025:14:38:14 +0000] "POST /wp-admin/admin-ajax.php?action=async_litespeed&nonce=78WgyBHzheiCieOoVKEP4Jbn8lYJUuUt&litespeed_type=imgoptm HTTP/1.1" 200 21 "-" "WordPress/6.8.1; https://cyber-secure.com.au"
66.249.64.132 - - [13/Jul/2025:14:38:18 +0000] "GET /?e=104214975051000&mod=c6829ca2&uri=blog.php%3Fid%3D3477975-1624%26name%3Dhtc+magliette HTTP/1.1" 200 21241 "-" "Mozilla/5.0 (Linux; Android 6.0.1; Nexus 5X Build/MMB29P) AppleWebKit/537.36 (KHTML, like Gecko) Chrome/137.0.7151.103 Mobile Safari/537.36 (compatible; Googlebot/2.1; +http://www.google.com/bot.html)"
66.249.64.132 - - [13/Jul/2025:14:38:27 +0000] "GET /wp-content/plugins/elementor/assets/css/widget-image.min.css?ver=3.29.2 HTTP/1.1" 200 165 "https://cyber-secure.com.au/?e=13529062061000&mod=43e4e6a6&uri=pin.php%3Fid%3D451694-234%26name%3Dzara%20strick%20cardigan" "Mozilla/5.0 (Linux; Android 6.0.1; Nexus 5X Build/MMB29P) AppleWebKit/537.36 (KHTML, like Gecko) Chrome/137.0.7151.119 Mobile Safari/537.36 (compatible; Googlebot/2.1; +http://www.google.com/bot.html)"
66.249.64.132 - - [13/Jul/2025:14:38:30 +0000] "GET /?e=16991781041000&mod=a6ce9144&uri=brands.php%3Fid%3D567234-678%26name%3Diphone12%20car%20charger HTTP/1.1" 200 26109 "-" "Mozilla/5.0 (Linux; Android 6.0.1; Nexus 5X Build/MMB29P) AppleWebKit/537.36 (KHTML, like Gecko) Chrome/137.0.7151.103 Mobile Safari/537.36 (compatible; GoogleOther)"
66.249.64.132 - - [13/Jul/2025:14:38:40 +0000] "GET /?e=42241770061000&mod=c6036a69&uri=news.php%3Fid%3D1409784-112%26name%3Dcosmetiquera+tous HTTP/1.1" 301 - "-" "Mozilla/5.0 (Linux; Android 6.0.1; Nexus 5X Build/MMB29P) AppleWebKit/537.36 (KHTML, like Gecko) Chrome/137.0.7151.103 Mobile Safari/537.36 (compatible; GoogleOther)"
66.249.64.132 - - [13/Jul/2025:14:38:50 +0000] "GET /?e=42241770061000&mod=c6036a69&uri=news.php%3Fid%3D1409784-112%26name%3Dcosmetiquera%20tous HTTP/1.1" 200 26107 "-" "Mozilla/5.0 (Linux; Android 6.0.1; Nexus 5X Build/MMB29P) AppleWebKit/537.36 (KHTML, like Gecko) Chrome/137.0.7151.103 Mobile Safari/537.36 (compatible; GoogleOther)"
209.74.77.214 - - [13/Jul/2025:14:39:43 +0000] "POST /wp-cron.php?doing_wp_cron=1752417583.7636260986328125000000 HTTP/1.1" 200 - "-" "WordPress/6.8.1; https://cyber-secure.com.au"
66.249.64.129 - - [13/Jul/2025:14:39:42 +0000] "GET /?e=1204551011000&mod=2dace78f&uri=pin.php%3Fid%3D40214-79%26name%3Dgentlemen+prefer+blondes+stream HTTP/1.1" 301 - "-" "Mozilla/5.0 (Linux; Android 6.0.1; Nexus 5X Build/MMB29P) AppleWebKit/537.36 (KHTML, like Gecko) Chrome/137.0.7151.103 Mobile Safari/537.36 (compatible; GoogleOther)"
209.74.77.214 - - [13/Jul/2025:14:39:43 +0000] "POST /wp-admin/admin-ajax.php?action=async_litespeed&nonce=qAgL2h17Cr3yIk8q408USbgXNNAiR1tc&litespeed_type=imgoptm HTTP/1.1" 200 21 "-" "WordPress/6.8.1; https://cyber-secure.com.au"
66.249.64.132 - - [13/Jul/2025:14:39:52 +0000] "GET /?e=1204551011000&mod=2dace78f&uri=pin.php%3Fid%3D40214-79%26name%3Dgentlemen%20prefer%20blondes%20stream HTTP/1.1" 200 26107 "-" "Mozilla/5.0 (Linux; Android 6.0.1; Nexus 5X Build/MMB29P) AppleWebKit/537.36 (KHTML, like Gecko) Chrome/137.0.7151.103 Mobile Safari/537.36 (compatible; GoogleOther)"
66.249.64.129 - - [13/Jul/2025:14:40:06 +0000] "GET /wp-content/plugins/elementor/assets/css/widget-image.min.css?ver=3.29.2 HTTP/1.1" 200 165 "https://cyber-secure.com.au/?e=1204551011000&mod=2dace78f&uri=pin.php%3Fid%3D40214-79%26name%3Dgentlemen%20prefer%20blondes%20stream" "Mozilla/5.0 (Linux; Android 6.0.1; Nexus 5X Build/MMB29P) AppleWebKit/537.36 (KHTML, like Gecko) Chrome/137.0.7151.119 Mobile Safari/537.36 (compatible; Googlebot/2.1; +http://www.google.com/bot.html)"
66.249.64.132 - - [13/Jul/2025:14:40:11 +0000] "GET /wp-content/plugins/elementor/assets/css/widget-image.min.css?ver=3.29.2 HTTP/1.1" 200 165 "https://cyber-secure.com.au/?e=42241770061000&mod=c6036a69&uri=news.php%3Fid%3D1409784-112%26name%3Dcosmetiquera%20tous" "Mozilla/5.0 (Linux; Android 6.0.1; Nexus 5X Build/MMB29P) AppleWebKit/537.36 (KHTML, like Gecko) Chrome/137.0.7151.119 Mobile Safari/537.36 (compatible; Googlebot/2.1; +http://www.google.com/bot.html)"
66.249.64.132 - - [13/Jul/2025:14:40:24 +0000] "GET /?e=99550041021000&mod=9ee70b79&uri=category-info.php%3Fid%3D3322238-437%26name%3Dcrocs+outlet+chch HTTP/1.1" 200 22638 "-" "Mozilla/5.0 (Linux; Android 6.0.1; Nexus 5X Build/MMB29P) AppleWebKit/537.36 (KHTML, like Gecko) Chrome/137.0.7151.103 Mobile Safari/537.36 (compatible; Googlebot/2.1; +http://www.google.com/bot.html)"
209.74.77.214 - - [13/Jul/2025:14:41:06 +0000] "POST /wp-cron.php?doing_wp_cron=1752417666.4833400249481201171875 HTTP/1.1" 200 - "-" "WordPress/6.8.1; https://cyber-secure.com.au"
66.249.64.128 - - [13/Jul/2025:14:41:04 +0000] "GET /?e=66460056021000&mod=7651301c&uri=product.php%3Fid%3D2217823-1327%26name%3Dadidas+tubular+violet+femme HTTP/1.1" 301 - "-" "Mozilla/5.0 (Linux; Android 6.0.1; Nexus 5X Build/MMB29P) AppleWebKit/537.36 (KHTML, like Gecko) Chrome/137.0.7151.103 Mobile Safari/537.36 (compatible; GoogleOther)"
209.74.77.214 - - [13/Jul/2025:14:41:06 +0000] "POST /wp-admin/admin-ajax.php?action=async_litespeed&nonce=ETew4Rj2vZGYXE0QFkka6UaBwsED9lvH&litespeed_type=imgoptm HTTP/1.1" 200 21 "-" "WordPress/6.8.1; https://cyber-secure.com.au"
209.74.77.214 - - [13/Jul/2025:14:41:22 +0000] "POST /wp-cron.php?doing_wp_cron=1752417682.3249239921569824218750 HTTP/1.1" 200 - "-" "WordPress/6.8.1; https://cyber-secure.com.au"
66.249.64.132 - - [13/Jul/2025:14:41:22 +0000] "GET /?e=47269442051000&mod=cc3d69ed&uri=article.php%3Fid%3D1577497-310%26name%3Dmsi+tomahawk+550 HTTP/1.1" 301 - "-" "Mozilla/5.0 (Linux; Android 6.0.1; Nexus 5X Build/MMB29P) AppleWebKit/537.36 (KHTML, like Gecko) Chrome/137.0.7151.103 Mobile Safari/537.36 (compatible; GoogleOther)"
209.74.77.214 - - [13/Jul/2025:14:41:22 +0000] "POST /wp-admin/admin-ajax.php?action=async_litespeed&nonce=m2RmJDOECOAJWuTbhnXZ0imDAQyeVAim&litespeed_type=imgoptm HTTP/1.1" 200 21 "-" "WordPress/6.8.1; https://cyber-secure.com.au"
51.222.253.17 - - [13/Jul/2025:14:41:25 +0000] "GET /feed/ HTTP/1.1" 200 726 "-" "Mozilla/5.0 (compatible; AhrefsBot/7.0; +http://ahrefs.com/robot/)"
66.249.64.132 - - [13/Jul/2025:14:41:37 +0000] "GET /?e=66460056021000&mod=7651301c&uri=product.php%3Fid%3D2217823-1327%26name%3Dadidas%20tubular%20violet%20femme HTTP/1.1" 200 26110 "-" "Mozilla/5.0 (Linux; Android 6.0.1; Nexus 5X Build/MMB29P) AppleWebKit/537.36 (KHTML, like Gecko) Chrome/137.0.7151.103 Mobile Safari/537.36 (compatible; GoogleOther)"
66.249.64.132 - - [13/Jul/2025:14:41:52 +0000] "GET /?e=47269442051000&mod=cc3d69ed&uri=article.php%3Fid%3D1577497-310%26name%3Dmsi%20tomahawk%20550 HTTP/1.1" 200 26107 "-" "Mozilla/5.0 (Linux; Android 6.0.1; Nexus 5X Build/MMB29P) AppleWebKit/537.36 (KHTML, like Gecko) Chrome/137.0.7151.103 Mobile Safari/537.36 (compatible; GoogleOther)"
66.249.64.128 - - [13/Jul/2025:14:42:05 +0000] "GET /?e=76681448041000&mod=335f5352&uri=pin.php%3Fid%3D2558931-24%26name%3Dturbo+levo+sl+expert+carbon+2020 HTTP/1.1" 301 - "-" "Mozilla/5.0 (Linux; Android 6.0.1; Nexus 5X Build/MMB29P) AppleWebKit/537.36 (KHTML, like Gecko) Chrome/137.0.7151.103 Mobile Safari/537.36 (compatible; GoogleOther)"
66.249.64.129 - - [13/Jul/2025:14:42:07 +0000] "GET /wp-content/plugins/elementor/assets/css/widget-image.min.css?ver=3.29.2 HTTP/1.1" 200 165 "https://cyber-secure.com.au/?e=66460056021000&mod=7651301c&uri=product.php%3Fid%3D2217823-1327%26name%3Dadidas%20tubular%20violet%20femme" "Mozilla/5.0 (Linux; Android 6.0.1; Nexus 5X Build/MMB29P) AppleWebKit/537.36 (KHTML, like Gecko) Chrome/137.0.7151.119 Mobile Safari/537.36 (compatible; Googlebot/2.1; +http://www.google.com/bot.html)"
209.74.77.214 - - [13/Jul/2025:14:42:17 +0000] "POST /wp-cron.php?doing_wp_cron=1752417737.8001658916473388671875 HTTP/1.1" 200 - "-" "WordPress/6.8.1; https://cyber-secure.com.au"
209.74.77.214 - - [13/Jul/2025:14:42:17 +0000] "POST /wp-admin/admin-ajax.php?action=async_litespeed&nonce=KlMptPSJtlFqHl3QcTFHsHUsHlaz3wT9&litespeed_type=imgoptm HTTP/1.1" 200 21 "-" "WordPress/6.8.1; https://cyber-secure.com.au"
66.249.64.128 - - [13/Jul/2025:14:42:17 +0000] "GET /?e=76681448041000&mod=335f5352&uri=pin.php%3Fid%3D2558931-24%26name%3Dturbo%20levo%20sl%20expert%20carbon%202020 HTTP/1.1" 200 26104 "-" "Mozilla/5.0 (Linux; Android 6.0.1; Nexus 5X Build/MMB29P) AppleWebKit/537.36 (KHTML, like Gecko) Chrome/137.0.7151.103 Mobile Safari/537.36 (compatible; GoogleOther)"
66.249.64.132 - - [13/Jul/2025:14:42:21 +0000] "GET /wp-content/plugins/elementor/assets/css/widget-image.min.css?ver=3.29.2 HTTP/1.1" 200 165 "https://cyber-secure.com.au/?e=76681448041000&mod=335f5352&uri=pin.php%3Fid%3D2558931-24%26name%3Dturbo%20levo%20sl%20expert%20carbon%202020" "Mozilla/5.0 (Linux; Android 6.0.1; Nexus 5X Build/MMB29P) AppleWebKit/537.36 (KHTML, like Gecko) Chrome/137.0.7151.119 Mobile Safari/537.36 (compatible; Googlebot/2.1; +http://www.google.com/bot.html)"
66.249.64.132 - - [13/Jul/2025:14:42:40 +0000] "GET /?e=841944051000&mod=01f78be6&uri=article.php%3Fid%3D28117-55%26name%3Dbicicleta+crolan+aro+26 HTTP/1.1" 200 21319 "-" "Mozilla/5.0 (compatible; Googlebot/2.1; +http://www.google.com/bot.html)"
66.249.64.132 - - [13/Jul/2025:14:42:53 +0000] "GET /wp-content/plugins/elementor/assets/css/widget-image.min.css?ver=3.29.2 HTTP/1.1" 200 165 "https://cyber-secure.com.au/?e=47269442051000&mod=cc3d69ed&uri=article.php%3Fid%3D1577497-310%26name%3Dmsi%20tomahawk%20550" "Mozilla/5.0 (Linux; Android 6.0.1; Nexus 5X Build/MMB29P) AppleWebKit/537.36 (KHTML, like Gecko) Chrome/137.0.7151.119 Mobile Safari/537.36 (compatible; Googlebot/2.1; +http://www.google.com/bot.html)"
209.74.77.214 - - [13/Jul/2025:14:43:40 +0000] "POST /wp-cron.php?doing_wp_cron=1752417820.5350489616394042968750 HTTP/1.1" 200 - "-" "WordPress/6.8.1; https://cyber-secure.com.au"
66.249.64.132 - - [13/Jul/2025:14:43:39 +0000] "GET /?e=91119114031000&mod=6e7d5d25&uri=itm.php%3Fid%3D3040790-529%26name%3Dzapatos+merrell+oferta HTTP/1.1" 301 - "-" "Mozilla/5.0 (Linux; Android 6.0.1; Nexus 5X Build/MMB29P) AppleWebKit/537.36 (KHTML, like Gecko) Chrome/137.0.7151.103 Mobile Safari/537.36 (compatible; GoogleOther)"
209.74.77.214 - - [13/Jul/2025:14:43:40 +0000] "POST /wp-admin/admin-ajax.php?action=async_litespeed&nonce=Yf3cIdTna0ml9FRTtLnoB8fqrpUqyT8U&litespeed_type=imgoptm HTTP/1.1" 200 21 "-" "WordPress/6.8.1; https://cyber-secure.com.au"
66.249.64.132 - - [13/Jul/2025:14:43:42 +0000] "GET /?e=119632049001000&mod=a9b7ba70&uri=article.php%3Fid%3D3992488-100%26name%3D3039sl09 HTTP/1.1" 200 21106 "-" "Mozilla/5.0 (Linux; Android 6.0.1; Nexus 5X Build/MMB29P) AppleWebKit/537.36 (KHTML, like Gecko) Chrome/137.0.7151.103 Mobile Safari/537.36 (compatible; Googlebot/2.1; +http://www.google.com/bot.html)"
66.249.64.132 - - [13/Jul/2025:14:43:49 +0000] "POST /get-message-notify HTTP/1.1" 200 21393 "https://cyber-secure.com.au/?e=119632049001000&mod=a9b7ba70&uri=article.php%3Fid%3D3992488-100%26name%3D3039sl09" "Mozilla/5.0 (Linux; Android 6.0.1; Nexus 5X Build/MMB29P) AppleWebKit/537.36 (KHTML, like Gecko) Chrome/137.0.7151.119 Mobile Safari/537.36 (compatible; Googlebot/2.1; +http://www.google.com/bot.html)"
66.249.64.132 - - [13/Jul/2025:14:43:53 +0000] "GET /?e=91119114031000&mod=6e7d5d25&uri=itm.php%3Fid%3D3040790-529%26name%3Dzapatos%20merrell%20oferta HTTP/1.1" 200 26110 "-" "Mozilla/5.0 (Linux; Android 6.0.1; Nexus 5X Build/MMB29P) AppleWebKit/537.36 (KHTML, like Gecko) Chrome/137.0.7151.103 Mobile Safari/537.36 (compatible; GoogleOther)"
209.74.77.214 - - [13/Jul/2025:14:44:09 +0000] "POST /wp-cron.php?doing_wp_cron=1752417849.2720849514007568359375 HTTP/1.1" 200 - "-" "WordPress/6.8.1; https://cyber-secure.com.au"
66.249.64.128 - - [13/Jul/2025:14:44:07 +0000] "GET /?e=42239797001000&mod=c6036a69&uri=pin.php%3Fid%3D1409718-112%26name%3Dmochila+cachorros HTTP/1.1" 301 - "-" "Mozilla/5.0 (Linux; Android 6.0.1; Nexus 5X Build/MMB29P) AppleWebKit/537.36 (KHTML, like Gecko) Chrome/137.0.7151.103 Mobile Safari/537.36 (compatible; GoogleOther)"
209.74.77.214 - - [13/Jul/2025:14:44:22 +0000] "POST /wp-cron.php?doing_wp_cron=1752417862.8392090797424316406250 HTTP/1.1" 200 - "-" "WordPress/6.8.1; https://cyber-secure.com.au"
209.74.77.214 - - [13/Jul/2025:14:44:22 +0000] "POST /wp-admin/admin-ajax.php?action=async_litespeed&nonce=Gd5jzB0wS07nJEie6DVNBDypr8qUeOI6&litespeed_type=imgoptm HTTP/1.1" 200 21 "-" "WordPress/6.8.1; https://cyber-secure.com.au"
66.249.64.128 - - [13/Jul/2025:14:44:22 +0000] "GET /?e=42239797001000&mod=c6036a69&uri=pin.php%3Fid%3D1409718-112%26name%3Dmochila%20cachorros HTTP/1.1" 200 26108 "-" "Mozilla/5.0 (Linux; Android 6.0.1; Nexus 5X Build/MMB29P) AppleWebKit/537.36 (KHTML, like Gecko) Chrome/137.0.7151.103 Mobile Safari/537.36 (compatible; GoogleOther)"
66.249.64.132 - - [13/Jul/2025:14:44:30 +0000] "GET /wp-content/plugins/elementor/assets/css/widget-image.min.css?ver=3.29.2 HTTP/1.1" 200 165 "https://cyber-secure.com.au/?e=42239797001000&mod=c6036a69&uri=pin.php%3Fid%3D1409718-112%26name%3Dmochila%20cachorros" "Mozilla/5.0 (Linux; Android 6.0.1; Nexus 5X Build/MMB29P) AppleWebKit/537.36 (KHTML, like Gecko) Chrome/137.0.7151.119 Mobile Safari/537.36 (compatible; Googlebot/2.1; +http://www.google.com/bot.html)"
66.249.64.132 - - [13/Jul/2025:14:44:36 +0000] "GET /?e=34485547041000&mod=c922de9e&uri=dp.php%3Fid%3D1151000-313%26name%3Dsommer+handtasche HTTP/1.1" 301 - "-" "Mozilla/5.0 (Linux; Android 6.0.1; Nexus 5X Build/MMB29P) AppleWebKit/537.36 (KHTML, like Gecko) Chrome/137.0.7151.103 Mobile Safari/537.36 (compatible; GoogleOther)"
66.249.64.132 - - [13/Jul/2025:14:44:48 +0000] "GET /?e=34485547041000&mod=c922de9e&uri=dp.php%3Fid%3D1151000-313%26name%3Dsommer%20handtasche HTTP/1.1" 200 26110 "-" "Mozilla/5.0 (Linux; Android 6.0.1; Nexus 5X Build/MMB29P) AppleWebKit/537.36 (KHTML, like Gecko) Chrome/137.0.7151.103 Mobile Safari/537.36 (compatible; GoogleOther)"
66.249.64.129 - - [13/Jul/2025:14:45:30 +0000] "GET /?e=4255257051000&mod=55a988df&uri=news.php%3Fid%3D142027-253%26name%3Dlego+orc+army HTTP/1.1" 200 21730 "-" "Mozilla/5.0 (Linux; Android 6.0.1; Nexus 5X Build/MMB29P) AppleWebKit/537.36 (KHTML, like Gecko) Chrome/137.0.7151.103 Mobile Safari/537.36 (compatible; Googlebot/2.1; +http://www.google.com/bot.html)"
66.249.64.128 - - [13/Jul/2025:14:45:51 +0000] "GET /wp-content/plugins/elementor/assets/css/widget-image.min.css?ver=3.29.2 HTTP/1.1" 200 165 "https://cyber-secure.com.au/?e=34485547041000&mod=c922de9e&uri=dp.php%3Fid%3D1151000-313%26name%3Dsommer%20handtasche" "Mozilla/5.0 (Linux; Android 6.0.1; Nexus 5X Build/MMB29P) AppleWebKit/537.36 (KHTML, like Gecko) Chrome/137.0.7151.119 Mobile Safari/537.36 (compatible; Googlebot/2.1; +http://www.google.com/bot.html)"
209.74.77.214 - - [13/Jul/2025:14:45:56 +0000] "POST /wp-cron.php?doing_wp_cron=1752417956.2494618892669677734375 HTTP/1.1" 200 - "-" "WordPress/6.8.1; https://cyber-secure.com.au"
66.249.64.132 - - [13/Jul/2025:14:45:55 +0000] "GET /?e=102483281021000&mod=99ef8a64&uri=pin.php%3Fid%3D3420153-1129%26name%3Despadrille+coach+shoes HTTP/1.1" 301 - "-" "Mozilla/5.0 (Linux; Android 6.0.1; Nexus 5X Build/MMB29P) AppleWebKit/537.36 (KHTML, like Gecko) Chrome/137.0.7151.103 Mobile Safari/537.36 (compatible; GoogleOther)"
209.74.77.214 - - [13/Jul/2025:14:45:56 +0000] "POST /wp-admin/admin-ajax.php?action=async_litespeed&nonce=gRanTsem7dOGZPLyLn8sxuVLpthGXuFP&litespeed_type=imgoptm HTTP/1.1" 200 21 "-" "WordPress/6.8.1; https://cyber-secure.com.au"
66.249.64.129 - - [13/Jul/2025:14:46:05 +0000] "GET /?e=102483281021000&mod=99ef8a64&uri=pin.php%3Fid%3D3420153-1129%26name%3Despadrille%20coach%20shoes HTTP/1.1" 200 26110 "-" "Mozilla/5.0 (Linux; Android 6.0.1; Nexus 5X Build/MMB29P) AppleWebKit/537.36 (KHTML, like Gecko) Chrome/137.0.7151.103 Mobile Safari/537.36 (compatible; GoogleOther)"
66.249.64.128 - - [13/Jul/2025:14:46:14 +0000] "GET /wp-content/plugins/elementor/assets/css/widget-image.min.css?ver=3.29.2 HTTP/1.1" 200 165 "https://cyber-secure.com.au/?e=102483281021000&mod=99ef8a64&uri=pin.php%3Fid%3D3420153-1129%26name%3Despadrille%20coach%20shoes" "Mozilla/5.0 (Linux; Android 6.0.1; Nexus 5X Build/MMB29P) AppleWebKit/537.36 (KHTML, like Gecko) Chrome/137.0.7151.119 Mobile Safari/537.36 (compatible; Googlebot/2.1; +http://www.google.com/bot.html)"
209.74.77.214 - - [13/Jul/2025:14:46:16 +0000] "POST /wp-cron.php?doing_wp_cron=1752417976.8110120296478271484375 HTTP/1.1" 200 - "-" "WordPress/6.8.1; https://cyber-secure.com.au"
66.249.64.132 - - [13/Jul/2025:14:46:16 +0000] "GET /?e=102512111041000&mod=a9986cb0&uri=article.php%3Fid%3D3421114-308%26name%3Dpanda+pyjamas+womens HTTP/1.1" 301 - "-" "Mozilla/5.0 (Linux; Android 6.0.1; Nexus 5X Build/MMB29P) AppleWebKit/537.36 (KHTML, like Gecko) Chrome/137.0.7151.103 Mobile Safari/537.36 (compatible; GoogleOther)"
209.74.77.214 - - [13/Jul/2025:14:46:16 +0000] "POST /wp-admin/admin-ajax.php?action=async_litespeed&nonce=HzSOIqPAQ7umA2bVj6BLT83KbFSUOVxq&litespeed_type=imgoptm HTTP/1.1" 200 21 "-" "WordPress/6.8.1; https://cyber-secure.com.au"
66.249.64.132 - - [13/Jul/2025:14:46:25 +0000] "GET /?e=102512111041000&mod=a9986cb0&uri=article.php%3Fid%3D3421114-308%26name%3Dpanda%20pyjamas%20womens HTTP/1.1" 200 26109 "-" "Mozilla/5.0 (Linux; Android 6.0.1; Nexus 5X Build/MMB29P) AppleWebKit/537.36 (KHTML, like Gecko) Chrome/137.0.7151.103 Mobile Safari/537.36 (compatible; GoogleOther)"
209.74.77.214 - - [13/Jul/2025:14:47:47 +0000] "POST /wp-cron.php?doing_wp_cron=1752418067.3676989078521728515625 HTTP/1.1" 200 - "-" "WordPress/6.8.1; https://cyber-secure.com.au"
66.249.64.129 - - [13/Jul/2025:14:47:46 +0000] "GET /?e=5400405061000&mod=f1b07759&uri=us.php%3Fid%3D180290-270%26name%3Dmarker+non+permanent HTTP/1.1" 301 - "-" "Mozilla/5.0 (Linux; Android 6.0.1; Nexus 5X Build/MMB29P) AppleWebKit/537.36 (KHTML, like Gecko) Chrome/137.0.7151.103 Mobile Safari/537.36 (compatible; GoogleOther)"
209.74.77.214 - - [13/Jul/2025:14:47:47 +0000] "POST /wp-admin/admin-ajax.php?action=async_litespeed&nonce=rKtZobdvDM2S7PNr3Py5UpYHv6Y92Bdo&litespeed_type=imgoptm HTTP/1.1" 200 21 "-" "WordPress/6.8.1; https://cyber-secure.com.au"
66.249.64.132 - - [13/Jul/2025:14:48:00 +0000] "GET /?e=5400405061000&mod=f1b07759&uri=us.php%3Fid%3D180290-270%26name%3Dmarker%20non%20permanent HTTP/1.1" 200 26106 "-" "Mozilla/5.0 (Linux; Android 6.0.1; Nexus 5X Build/MMB29P) AppleWebKit/537.36 (KHTML, like Gecko) Chrome/137.0.7151.103 Mobile Safari/537.36 (compatible; GoogleOther)"
209.74.77.214 - - [13/Jul/2025:14:48:14 +0000] "POST /wp-cron.php?doing_wp_cron=1752418094.3283710479736328125000 HTTP/1.1" 200 - "-" "WordPress/6.8.1; https://cyber-secure.com.au"
66.249.64.132 - - [13/Jul/2025:14:48:14 +0000] "GET /?e=50411713011000&mod=f15d337c&uri=pin.php%3Fid%3D1682329-213%26name%3Droupas+da+disney+infantil HTTP/1.1" 301 - "-" "Mozilla/5.0 (Linux; Android 6.0.1; Nexus 5X Build/MMB29P) AppleWebKit/537.36 (KHTML, like Gecko) Chrome/137.0.7151.103 Mobile Safari/537.36 (compatible; GoogleOther)"
209.74.77.214 - - [13/Jul/2025:14:48:14 +0000] "POST /wp-admin/admin-ajax.php?action=async_litespeed&nonce=8nGg7zGWFbF0H0dPYbFfI719BTsyJBdZ&litespeed_type=imgoptm HTTP/1.1" 200 21 "-" "WordPress/6.8.1; https://cyber-secure.com.au"
66.249.64.132 - - [13/Jul/2025:14:48:26 +0000] "GET /?e=50411713011000&mod=f15d337c&uri=pin.php%3Fid%3D1682329-213%26name%3Droupas%20da%20disney%20infantil HTTP/1.1" 200 26103 "-" "Mozilla/5.0 (Linux; Android 6.0.1; Nexus 5X Build/MMB29P) AppleWebKit/537.36 (KHTML, like Gecko) Chrome/137.0.7151.103 Mobile Safari/537.36 (compatible; GoogleOther)"
66.249.64.132 - - [13/Jul/2025:14:48:40 +0000] "GET /?e=868734021000&mod=335f5352&uri=pin.php%3Fid%3D29010-24%26name%3Dtriban+fb HTTP/1.1" 200 21858 "-" "Mozilla/5.0 (compatible; Googlebot/2.1; +http://www.google.com/bot.html)"
66.249.64.132 - - [13/Jul/2025:14:49:10 +0000] "GET /wp-content/plugins/elementor/assets/css/widget-image.min.css?ver=3.29.2 HTTP/1.1" 200 165 "https://cyber-secure.com.au/?e=102512111041000&mod=a9986cb0&uri=article.php%3Fid%3D3421114-308%26name%3Dpanda%20pyjamas%20womens" "Mozilla/5.0 (Linux; Android 6.0.1; Nexus 5X Build/MMB29P) AppleWebKit/537.36 (KHTML, like Gecko) Chrome/137.0.7151.119 Mobile Safari/537.36 (compatible; Googlebot/2.1; +http://www.google.com/bot.html)"
66.249.64.129 - - [13/Jul/2025:14:50:17 +0000] "GET /wp-content/plugins/elementor/assets/css/widget-image.min.css?ver=3.29.2 HTTP/1.1" 200 165 "https://cyber-secure.com.au/?e=5400405061000&mod=f1b07759&uri=us.php%3Fid%3D180290-270%26name%3Dmarker%20non%20permanent" "Mozilla/5.0 (Linux; Android 6.0.1; Nexus 5X Build/MMB29P) AppleWebKit/537.36 (KHTML, like Gecko) Chrome/137.0.7151.119 Mobile Safari/537.36 (compatible; Googlebot/2.1; +http://www.google.com/bot.html)"
66.249.64.128 - - [13/Jul/2025:14:50:43 +0000] "GET /?e=79935103041000&mod=6b8eba43&uri=article.php%3Fid%3D2667538-155%26name%3Dtheater+system HTTP/1.1" 200 21956 "-" "Mozilla/5.0 (Linux; Android 6.0.1; Nexus 5X Build/MMB29P) AppleWebKit/537.36 (KHTML, like Gecko) Chrome/137.0.7151.103 Mobile Safari/537.36 (compatible; Googlebot/2.1; +http://www.google.com/bot.html)"
209.74.77.214 - - [13/Jul/2025:14:51:08 +0000] "POST /wp-cron.php?doing_wp_cron=1752418268.3345410823822021484375 HTTP/1.1" 200 - "-" "WordPress/6.8.1; https://cyber-secure.com.au"
94.247.172.129 - - [13/Jul/2025:14:51:01 +0000] "GET / HTTP/1.1" 301 - "-" "Mozilla/5.0 (Macintosh; Intel Mac OS X 10_9_2)"
66.249.64.132 - - [13/Jul/2025:14:51:06 +0000] "GET /?e=16975821011000&mod=a6ce9144&uri=info.php%3Fid%3D566702-678%26name%3Dbest+wifi+extender+for+optimum HTTP/1.1" 301 - "-" "Mozilla/5.0 (Linux; Android 6.0.1; Nexus 5X Build/MMB29P) AppleWebKit/537.36 (KHTML, like Gecko) Chrome/137.0.7151.103 Mobile Safari/537.36 (compatible; GoogleOther)"
209.74.77.214 - - [13/Jul/2025:14:51:08 +0000] "POST /wp-admin/admin-ajax.php?action=async_litespeed&nonce=26M3BwtngZvG17vHA2zM69a8HZERsYKq&litespeed_type=imgoptm HTTP/1.1" 200 21 "-" "WordPress/6.8.1; https://cyber-secure.com.au"
94.247.172.129 - - [13/Jul/2025:14:51:09 +0000] "GET / HTTP/1.1" 200 26110 "-" "Mozilla/5.0 (Macintosh; Intel Mac OS X 10_9_2)"
209.74.77.214 - - [13/Jul/2025:14:51:32 +0000] "POST /wp-cron.php?doing_wp_cron=1752418292.6342051029205322265625 HTTP/1.1" 200 - "-" "WordPress/6.8.1; https://cyber-secure.com.au"
209.74.77.214 - - [13/Jul/2025:14:51:32 +0000] "POST /wp-admin/admin-ajax.php?action=async_litespeed&nonce=0hUO7SIrfSA0A0rCTpkL9FjLjpqmXLz2&litespeed_type=imgoptm HTTP/1.1" 200 21 "-" "WordPress/6.8.1; https://cyber-secure.com.au"
66.249.64.128 - - [13/Jul/2025:14:51:32 +0000] "GET /?e=16975821011000&mod=a6ce9144&uri=info.php%3Fid%3D566702-678%26name%3Dbest%20wifi%20extender%20for%20optimum HTTP/1.1" 200 26107 "-" "Mozilla/5.0 (Linux; Android 6.0.1; Nexus 5X Build/MMB29P) AppleWebKit/537.36 (KHTML, like Gecko) Chrome/137.0.7151.103 Mobile Safari/537.36 (compatible; GoogleOther)"
66.249.64.132 - - [13/Jul/2025:14:51:44 +0000] "GET /?e=107525369041000&mod=32508f53&uri=blog.php%3Fid%3D3588476-586%26name%3Dbomber+femme+wax HTTP/1.1" 200 21381 "-" "Mozilla/5.0 (Linux; Android 6.0.1; Nexus 5X Build/MMB29P) AppleWebKit/537.36 (KHTML, like Gecko) Chrome/137.0.7151.103 Mobile Safari/537.36 (compatible; Googlebot/2.1; +http://www.google.com/bot.html)"
51.222.253.1 - - [13/Jul/2025:14:51:51 +0000] "GET /hello-world/ HTTP/1.1" 200 19892 "-" "Mozilla/5.0 (compatible; AhrefsBot/7.0; +http://ahrefs.com/robot/)"
66.249.64.132 - - [13/Jul/2025:14:51:50 +0000] "GET /?e=107674834051000&mod=a01a0380&uri=search.php%3Fid%3D3593467-39%26name%3Dbass+pro+boat+seats HTTP/1.1" 200 21809 "-" "Mozilla/5.0 (Linux; Android 6.0.1; Nexus 5X Build/MMB29P) AppleWebKit/537.36 (KHTML, like Gecko) Chrome/137.0.7151.103 Mobile Safari/537.36 (compatible; Googlebot/2.1; +http://www.google.com/bot.html)"
66.249.64.132 - - [13/Jul/2025:14:51:59 +0000] "GET /?e=119842856071000&mod=c12706a7&uri=article.php%3Fid%3D3999519-323%26name%3Dyeti+personalized+koozie HTTP/1.1" 301 - "-" "Mozilla/5.0 (Linux; Android 6.0.1; Nexus 5X Build/MMB29P) AppleWebKit/537.36 (KHTML, like Gecko) Chrome/137.0.7151.103 Mobile Safari/537.36 (compatible; GoogleOther)"
66.249.64.128 - - [13/Jul/2025:14:52:03 +0000] "GET /?e=77461173011000&mod=28b9f8aa&uri=form.php%3Fid%3D2584951-523%26name%3Dtuta+felpata+adidas HTTP/1.1" 200 21860 "-" "Mozilla/5.0 (Linux; Android 6.0.1; Nexus 5X Build/MMB29P) AppleWebKit/537.36 (KHTML, like Gecko) Chrome/137.0.7151.103 Mobile Safari/537.36 (compatible; Googlebot/2.1; +http://www.google.com/bot.html)"
66.249.64.129 - - [13/Jul/2025:14:52:07 +0000] "GET /?e=104227425011000&mod=e0bdb346&uri=article.php%3Fid%3D3478390-1625%26name%3Dasics+gel+cumulus+bambino HTTP/1.1" 200 20376 "-" "Mozilla/5.0 (Linux; Android 6.0.1; Nexus 5X Build/MMB29P) AppleWebKit/537.36 (KHTML, like Gecko) Chrome/137.0.7151.103 Mobile Safari/537.36 (compatible; Googlebot/2.1; +http://www.google.com/bot.html)"
66.249.64.132 - - [13/Jul/2025:14:52:16 +0000] "POST /get-message-notify HTTP/1.1" 200 21375 "https://cyber-secure.com.au/?e=107525369041000&mod=32508f53&uri=blog.php%3Fid%3D3588476-586%26name%3Dbomber+femme+wax" "Mozilla/5.0 (Linux; Android 6.0.1; Nexus 5X Build/MMB29P) AppleWebKit/537.36 (KHTML, like Gecko) Chrome/137.0.7151.119 Mobile Safari/537.36 (compatible; Googlebot/2.1; +http://www.google.com/bot.html)"
209.74.77.214 - - [13/Jul/2025:14:52:23 +0000] "POST /wp-cron.php?doing_wp_cron=1752418343.0986158847808837890625 HTTP/1.1" 200 - "-" "WordPress/6.8.1; https://cyber-secure.com.au"
209.74.77.214 - - [13/Jul/2025:14:52:23 +0000] "POST /wp-admin/admin-ajax.php?action=async_litespeed&nonce=BCqL0ofgaaSaUtix1myejqZi3wgYorhT&litespeed_type=imgoptm HTTP/1.1" 200 21 "-" "WordPress/6.8.1; https://cyber-secure.com.au"
66.249.64.132 - - [13/Jul/2025:14:52:22 +0000] "GET /?e=119842856071000&mod=c12706a7&uri=article.php%3Fid%3D3999519-323%26name%3Dyeti%20personalized%20koozie HTTP/1.1" 200 26106 "-" "Mozilla/5.0 (Linux; Android 6.0.1; Nexus 5X Build/MMB29P) AppleWebKit/537.36 (KHTML, like Gecko) Chrome/137.0.7151.103 Mobile Safari/537.36 (compatible; GoogleOther)"
66.249.64.132 - - [13/Jul/2025:14:53:41 +0000] "GET /?e=869454021000&mod=6c9882bb&uri=form.php%3Fid%3D29034-25%26name%3Dmw3+xbox HTTP/1.1" 200 21822 "-" "Mozilla/5.0 (compatible; Googlebot/2.1; +http://www.google.com/bot.html)"
66.249.64.129 - - [13/Jul/2025:14:54:16 +0000] "GET /?e=99581528041000&mod=9a4b930f&uri=category-info.php%3Fid%3D3323290-1438%26name%3Dkevin+durant+yellow HTTP/1.1" 200 20831 "-" "Mozilla/5.0 (Linux; Android 6.0.1; Nexus 5X Build/MMB29P) AppleWebKit/537.36 (KHTML, like Gecko) Chrome/137.0.7151.103 Mobile Safari/537.36 (compatible; Googlebot/2.1; +http://www.google.com/bot.html)"
66.249.64.128 - - [13/Jul/2025:14:54:21 +0000] "GET /wp-content/plugins/elementor/assets/css/widget-image.min.css?ver=3.29.2 HTTP/1.1" 200 165 "https://cyber-secure.com.au/?e=119842856071000&mod=c12706a7&uri=article.php%3Fid%3D3999519-323%26name%3Dyeti%20personalized%20koozie" "Mozilla/5.0 (Linux; Android 6.0.1; Nexus 5X Build/MMB29P) AppleWebKit/537.36 (KHTML, like Gecko) Chrome/137.0.7151.119 Mobile Safari/537.36 (compatible; Googlebot/2.1; +http://www.google.com/bot.html)"
66.249.64.132 - - [13/Jul/2025:14:54:25 +0000] "GET /?e=4245296051000&mod=55a988df&uri=article.php%3Fid%3D141694-253%26name%3Ddc+lego+super+villains+ps4 HTTP/1.1" 200 21369 "-" "Mozilla/5.0 (Linux; Android 6.0.1; Nexus 5X Build/MMB29P) AppleWebKit/537.36 (KHTML, like Gecko) Chrome/137.0.7151.103 Mobile Safari/537.36 (compatible; Googlebot/2.1; +http://www.google.com/bot.html)"
209.74.77.214 - - [13/Jul/2025:14:55:03 +0000] "POST /wp-cron.php?doing_wp_cron=1752418503.6072759628295898437500 HTTP/1.1" 200 - "-" "WordPress/6.8.1; https://cyber-secure.com.au"
209.74.77.214 - - [13/Jul/2025:14:55:03 +0000] "POST /wp-admin/admin-ajax.php?action=async_litespeed&nonce=kI6keGCc4E8YCulvYEsiqSz8dMx3fqKY&litespeed_type=imgoptm HTTP/1.1" 200 21 "-" "WordPress/6.8.1; https://cyber-secure.com.au"
5.133.192.168 - - [13/Jul/2025:14:55:01 +0000] "GET / HTTP/1.1" 200 26109 "-" "Mozilla/5.0 (Windows NT 10.0; Win64; x64) AppleWebKit/537.36 (KHTML, like Gecko) Chrome/105.0.0.0 Safari/537.36"
5.133.192.168 - - [13/Jul/2025:14:55:05 +0000] "GET /favicon.ico HTTP/1.1" 302 - "-" "Mozilla/5.0 (Windows NT 10.0; Win64; x64) AppleWebKit/537.36 (KHTML, like Gecko) Chrome/105.0.0.0 Safari/537.36"
5.133.192.168 - - [13/Jul/2025:14:55:06 +0000] "GET /wp-includes/images/w-logo-blue-white-bg.png HTTP/1.1" 200 4119 "-" "Mozilla/5.0 (Windows NT 10.0; Win64; x64) AppleWebKit/537.36 (KHTML, like Gecko) Chrome/105.0.0.0 Safari/537.36"
66.249.64.129 - - [13/Jul/2025:14:55:44 +0000] "GET /?e=22826671091000&mod=d19544ae&uri=product.php%3Fid%3D761919-465%26name%3Dnike+air+lifestyle HTTP/1.1" 200 22088 "-" "Mozilla/5.0 (Linux; Android 6.0.1; Nexus 5X Build/MMB29P) AppleWebKit/537.36 (KHTML, like Gecko) Chrome/137.0.7151.103 Mobile Safari/537.36 (compatible; Googlebot/2.1; +http://www.google.com/bot.html)"
209.74.77.214 - - [13/Jul/2025:14:56:22 +0000] "POST /wp-cron.php?doing_wp_cron=1752418582.9556519985198974609375 HTTP/1.1" 200 - "-" "WordPress/6.8.1; https://cyber-secure.com.au"
66.249.64.129 - - [13/Jul/2025:14:56:21 +0000] "GET /?e=102511991011000&mod=a9986cb0&uri=news.php%3Fid%3D3421110-308%26name%3Dsatin+pyjamas+pretty+little+thing HTTP/1.1" 301 - "-" "Mozilla/5.0 (Linux; Android 6.0.1; Nexus 5X Build/MMB29P) AppleWebKit/537.36 (KHTML, like Gecko) Chrome/137.0.7151.103 Mobile Safari/537.36 (compatible; GoogleOther)"
209.74.77.214 - - [13/Jul/2025:14:56:23 +0000] "POST /wp-admin/admin-ajax.php?action=async_litespeed&nonce=icMrOCq5m6AUg13iDkGpEdDqveo0qmtc&litespeed_type=imgoptm HTTP/1.1" 200 21 "-" "WordPress/6.8.1; https://cyber-secure.com.au"
66.249.64.128 - - [13/Jul/2025:14:56:39 +0000] "GET /?e=102511991011000&mod=a9986cb0&uri=news.php%3Fid%3D3421110-308%26name%3Dsatin%20pyjamas%20pretty%20little%20thing HTTP/1.1" 200 26106 "-" "Mozilla/5.0 (Linux; Android 6.0.1; Nexus 5X Build/MMB29P) AppleWebKit/537.36 (KHTML, like Gecko) Chrome/137.0.7151.103 Mobile Safari/537.36 (compatible; GoogleOther)"
66.249.64.129 - - [13/Jul/2025:14:57:31 +0000] "GET /?e=52929868041000&mod=3fa14621&uri=itm.php%3Fid%3D1766316-394%26name%3Dsmeg+red+espresso+machine HTTP/1.1" 200 22715 "-" "Mozilla/5.0 (Linux; Android 6.0.1; Nexus 5X Build/MMB29P) AppleWebKit/537.36 (KHTML, like Gecko) Chrome/137.0.7151.103 Mobile Safari/537.36 (compatible; Googlebot/2.1; +http://www.google.com/bot.html)"
66.249.64.132 - - [13/Jul/2025:14:57:37 +0000] "POST /get-message-notify HTTP/1.1" 200 21388 "https://cyber-secure.com.au/?e=52929868041000&mod=3fa14621&uri=itm.php%3Fid%3D1766316-394%26name%3Dsmeg+red+espresso+machine" "Mozilla/5.0 (Linux; Android 6.0.1; Nexus 5X Build/MMB29P) AppleWebKit/537.36 (KHTML, like Gecko) Chrome/137.0.7151.119 Mobile Safari/537.36 (compatible; Googlebot/2.1; +http://www.google.com/bot.html)"
66.249.64.128 - - [13/Jul/2025:14:57:40 +0000] "GET /?e=119334893071000&mod=f62f37c4&uri=product.php%3Fid%3D3982571-968%26name%3Dhow+do+you+clean+a+keurig+coffee+machine HTTP/1.1" 200 20585 "-" "Mozilla/5.0 (Linux; Android 6.0.1; Nexus 5X Build/MMB29P) AppleWebKit/537.36 (KHTML, like Gecko) Chrome/137.0.7151.103 Mobile Safari/537.36 (compatible; Googlebot/2.1; +http://www.google.com/bot.html)"
209.74.77.214 - - [13/Jul/2025:14:57:48 +0000] "POST /wp-cron.php?doing_wp_cron=1752418668.4241869449615478515625 HTTP/1.1" 200 - "-" "WordPress/6.8.1; https://cyber-secure.com.au"
66.249.64.132 - - [13/Jul/2025:14:57:47 +0000] "GET /?e=19606234001000&mod=fcdf698a&uri=blog.php%3Fid%3D654484-749%26name%3Dclaudius+vertesi+hoodie HTTP/1.1" 301 - "-" "Mozilla/5.0 (Linux; Android 6.0.1; Nexus 5X Build/MMB29P) AppleWebKit/537.36 (KHTML, like Gecko) Chrome/137.0.7151.103 Mobile Safari/537.36 (compatible; GoogleOther)"
209.74.77.214 - - [13/Jul/2025:14:57:48 +0000] "POST /wp-admin/admin-ajax.php?action=async_litespeed&nonce=Uc0mpC7XlMYtKu1H12mOaRyGcZTmUDTu&litespeed_type=imgoptm HTTP/1.1" 200 21 "-" "WordPress/6.8.1; https://cyber-secure.com.au"
66.249.64.132 - - [13/Jul/2025:14:57:56 +0000] "GET /?e=19606234001000&mod=fcdf698a&uri=blog.php%3Fid%3D654484-749%26name%3Dclaudius%20vertesi%20hoodie HTTP/1.1" 200 26103 "-" "Mozilla/5.0 (Linux; Android 6.0.1; Nexus 5X Build/MMB29P) AppleWebKit/537.36 (KHTML, like Gecko) Chrome/137.0.7151.103 Mobile Safari/537.36 (compatible; GoogleOther)"
66.249.64.128 - - [13/Jul/2025:14:59:41 +0000] "GET /?e=890527001000&mod=a86c450b&uri=article.php%3Fid%3D29737-57%26name%3Dakg+y50bt+wireless+headphones HTTP/1.1" 200 22030 "-" "Mozilla/5.0 (compatible; Googlebot/2.1; +http://www.google.com/bot.html)"
66.249.64.132 - - [13/Jul/2025:15:00:53 +0000] "GET /?e=38510510031000&mod=9ee70b79&uri=shared.php%3Fid%3D1285295-437%26name%3Dorthofeet+arch+support+slippers HTTP/1.1" 200 22539 "-" "Mozilla/5.0 (Linux; Android 6.0.1; Nexus 5X Build/MMB29P) AppleWebKit/537.36 (KHTML, like Gecko) Chrome/137.0.7151.103 Mobile Safari/537.36 (compatible; Googlebot/2.1; +http://www.google.com/bot.html)"
209.74.77.214 - - [13/Jul/2025:15:01:31 +0000] "POST /wp-cron.php?doing_wp_cron=1752418891.5634539127349853515625 HTTP/1.1" 200 - "-" "WordPress/6.8.1; https://cyber-secure.com.au"
66.249.64.132 - - [13/Jul/2025:15:01:30 +0000] "GET /?e=57732803041000&mod=3c69ccff&uri=article.php%3Fid%3D1926576-635%26name%3Dmaglia+body HTTP/1.1" 301 - "-" "Mozilla/5.0 (Linux; Android 6.0.1; Nexus 5X Build/MMB29P) AppleWebKit/537.36 (KHTML, like Gecko) Chrome/137.0.7151.103 Mobile Safari/537.36 (compatible; GoogleOther)"
209.74.77.214 - - [13/Jul/2025:15:01:31 +0000] "POST /wp-admin/admin-ajax.php?action=async_litespeed&nonce=vU5iN3AeCerFvmgjXSB33NI7oJro3881&litespeed_type=imgoptm HTTP/1.1" 200 21 "-" "WordPress/6.8.1; https://cyber-secure.com.au"
66.249.64.128 - - [13/Jul/2025:15:01:47 +0000] "GET /?e=57732803041000&mod=3c69ccff&uri=article.php%3Fid%3D1926576-635%26name%3Dmaglia%20body HTTP/1.1" 200 26106 "-" "Mozilla/5.0 (Linux; Android 6.0.1; Nexus 5X Build/MMB29P) AppleWebKit/537.36 (KHTML, like Gecko) Chrome/137.0.7151.103 Mobile Safari/537.36 (compatible; GoogleOther)"
209.74.77.214 - - [13/Jul/2025:15:02:33 +0000] "POST /wp-cron.php?doing_wp_cron=1752418953.0348329544067382812500 HTTP/1.1" 200 - "-" "WordPress/6.8.1; https://cyber-secure.com.au"
209.74.77.214 - - [13/Jul/2025:15:02:33 +0000] "POST /wp-admin/admin-ajax.php?action=async_litespeed&nonce=a4lexg3BRBztWXmnkI30M4e0O5a6kd6r&litespeed_type=imgoptm HTTP/1.1" 200 21 "-" "WordPress/6.8.1; https://cyber-secure.com.au"
51.222.253.17 - - [13/Jul/2025:15:02:31 +0000] "GET /pricing-2/ HTTP/1.1" 200 21599 "-" "Mozilla/5.0 (compatible; AhrefsBot/7.0; +http://ahrefs.com/robot/)"
66.249.64.132 - - [13/Jul/2025:15:02:41 +0000] "GET /?e=116615510031000&mod=7993e112&uri=pin.php%3Fid%3D3891868-242%26name%3Dandouille+chili HTTP/1.1" 301 - "-" "Mozilla/5.0 (Linux; Android 6.0.1; Nexus 5X Build/MMB29P) AppleWebKit/537.36 (KHTML, like Gecko) Chrome/137.0.7151.103 Mobile Safari/537.36 (compatible; GoogleOther)"
66.249.64.128 - - [13/Jul/2025:15:02:56 +0000] "GET /?e=116615510031000&mod=7993e112&uri=pin.php%3Fid%3D3891868-242%26name%3Dandouille%20chili HTTP/1.1" 200 26112 "-" "Mozilla/5.0 (Linux; Android 6.0.1; Nexus 5X Build/MMB29P) AppleWebKit/537.36 (KHTML, like Gecko) Chrome/137.0.7151.103 Mobile Safari/537.36 (compatible; GoogleOther)"
51.222.253.4 - - [13/Jul/2025:15:03:14 +0000] "GET /wp-content/uploads/elementor/css/custom-widget-image-box.min.css?ver=1749267014 HTTP/1.1" 200 336 "-" "Mozilla/5.0 (compatible; AhrefsBot/7.0; +http://ahrefs.com/robot/)"
51.222.253.4 - - [13/Jul/2025:15:03:15 +0000] "GET /wp-content/uploads/elementor/css/post-176.css?ver=1750324689 HTTP/1.1" 200 5029 "-" "Mozilla/5.0 (compatible; AhrefsBot/7.0; +http://ahrefs.com/robot/)"
209.74.77.214 - - [13/Jul/2025:15:03:43 +0000] "POST /wp-cron.php?doing_wp_cron=1752419023.1234660148620605468750 HTTP/1.1" 200 - "-" "WordPress/6.8.1; https://cyber-secure.com.au"
66.249.64.129 - - [13/Jul/2025:15:03:41 +0000] "GET /?e=1198971001000&mod=f74909ac&uri=pin.php%3Fid%3D40028-43%26name%3Dprada+re+nylon+boots HTTP/1.1" 301 - "-" "Mozilla/5.0 (Linux; Android 6.0.1; Nexus 5X Build/MMB29P) AppleWebKit/537.36 (KHTML, like Gecko) Chrome/137.0.7151.103 Mobile Safari/537.36 (compatible; GoogleOther)"
209.74.77.214 - - [13/Jul/2025:15:03:43 +0000] "POST /wp-admin/admin-ajax.php?action=async_litespeed&nonce=ZmB31KXQCO7Qhsp5TNeHV8v0jNfshBOo&litespeed_type=imgoptm HTTP/1.1" 200 21 "-" "WordPress/6.8.1; https://cyber-secure.com.au"
66.249.64.132 - - [13/Jul/2025:15:03:56 +0000] "GET /?e=1198971001000&mod=f74909ac&uri=pin.php%3Fid%3D40028-43%26name%3Dprada%20re%20nylon%20boots HTTP/1.1" 200 26108 "-" "Mozilla/5.0 (Linux; Android 6.0.1; Nexus 5X Build/MMB29P) AppleWebKit/537.36 (KHTML, like Gecko) Chrome/137.0.7151.103 Mobile Safari/537.36 (compatible; GoogleOther)"
209.74.77.214 - - [13/Jul/2025:15:04:26 +0000] "POST /wp-cron.php?doing_wp_cron=1752419066.3536438941955566406250 HTTP/1.1" 200 - "-" "WordPress/6.8.1; https://cyber-secure.com.au"
66.249.64.128 - - [13/Jul/2025:15:04:26 +0000] "GET /?e=19647811031000&mod=f4f1f13c&uri=news.php%3Fid%3D655871-750%26name%3Dliverpool+bolsas+coach HTTP/1.1" 301 - "-" "Mozilla/5.0 (Linux; Android 6.0.1; Nexus 5X Build/MMB29P) AppleWebKit/537.36 (KHTML, like Gecko) Chrome/137.0.7151.103 Mobile Safari/537.36 (compatible; GoogleOther)"
209.74.77.214 - - [13/Jul/2025:15:04:26 +0000] "POST /wp-admin/admin-ajax.php?action=async_litespeed&nonce=51s9jTSIFPMAoZH1D4E8WbiP8J9MPIyd&litespeed_type=imgoptm HTTP/1.1" 200 21 "-" "WordPress/6.8.1; https://cyber-secure.com.au"
66.249.64.128 - - [13/Jul/2025:15:04:38 +0000] "GET /?e=19647811031000&mod=f4f1f13c&uri=news.php%3Fid%3D655871-750%26name%3Dliverpool%20bolsas%20coach HTTP/1.1" 200 26107 "-" "Mozilla/5.0 (Linux; Android 6.0.1; Nexus 5X Build/MMB29P) AppleWebKit/537.36 (KHTML, like Gecko) Chrome/137.0.7151.103 Mobile Safari/537.36 (compatible; GoogleOther)"
66.249.64.132 - - [13/Jul/2025:15:04:54 +0000] "GET /?e=72395042091000&mod=525b8410&uri=pin.php%3Fid%3D2415905-716%26name%3Dsciarpa+con+maniche+tutorial HTTP/1.1" 301 - "-" "Mozilla/5.0 (Linux; Android 6.0.1; Nexus 5X Build/MMB29P) AppleWebKit/537.36 (KHTML, like Gecko) Chrome/137.0.7151.103 Mobile Safari/537.36 (compatible; GoogleOther)"
209.74.77.214 - - [13/Jul/2025:15:05:08 +0000] "POST /wp-cron.php?doing_wp_cron=1752419108.7614641189575195312500 HTTP/1.1" 200 - "-" "WordPress/6.8.1; https://cyber-secure.com.au"
66.249.64.129 - - [13/Jul/2025:15:05:08 +0000] "GET /?e=72395042091000&mod=525b8410&uri=pin.php%3Fid%3D2415905-716%26name%3Dsciarpa%20con%20maniche%20tutorial HTTP/1.1" 200 26104 "-" "Mozilla/5.0 (Linux; Android 6.0.1; Nexus 5X Build/MMB29P) AppleWebKit/537.36 (KHTML, like Gecko) Chrome/137.0.7151.103 Mobile Safari/537.36 (compatible; GoogleOther)"
66.249.64.132 - - [13/Jul/2025:15:05:41 +0000] "GET /?e=867894001000&mod=335f5352&uri=news.php%3Fid%3D28982-24%26name%3Dtriban+rc+520+ltd+1x11 HTTP/1.1" 200 22145 "-" "Mozilla/5.0 (compatible; Googlebot/2.1; +http://www.google.com/bot.html)"
209.74.77.214 - - [13/Jul/2025:15:05:48 +0000] "POST /wp-cron.php?doing_wp_cron=1752419148.6459119319915771484375 HTTP/1.1" 200 - "-" "WordPress/6.8.1; https://cyber-secure.com.au"
66.249.64.132 - - [13/Jul/2025:15:05:47 +0000] "GET /?e=19668361111000&mod=b7c13b0a&uri=pin.php%3Fid%3D656556-751%26name%3Dcarteras+desigual+paris HTTP/1.1" 301 - "-" "Mozilla/5.0 (Linux; Android 6.0.1; Nexus 5X Build/MMB29P) AppleWebKit/537.36 (KHTML, like Gecko) Chrome/137.0.7151.103 Mobile Safari/537.36 (compatible; GoogleOther)"
209.74.77.214 - - [13/Jul/2025:15:05:48 +0000] "POST /wp-admin/admin-ajax.php?action=async_litespeed&nonce=CEcMgQlIfOvkyq85KJdYSBm9dFy2bfK1&litespeed_type=imgoptm HTTP/1.1" 200 21 "-" "WordPress/6.8.1; https://cyber-secure.com.au"
66.249.64.132 - - [13/Jul/2025:15:06:01 +0000] "GET /?e=19668361111000&mod=b7c13b0a&uri=pin.php%3Fid%3D656556-751%26name%3Dcarteras%20desigual%20paris HTTP/1.1" 200 26112 "-" "Mozilla/5.0 (Linux; Android 6.0.1; Nexus 5X Build/MMB29P) AppleWebKit/537.36 (KHTML, like Gecko) Chrome/137.0.7151.103 Mobile Safari/537.36 (compatible; GoogleOther)"
209.74.77.214 - - [13/Jul/2025:15:06:39 +0000] "POST /wp-cron.php?doing_wp_cron=1752419199.7842900753021240234375 HTTP/1.1" 200 - "-" "WordPress/6.8.1; https://cyber-secure.com.au"
66.249.64.132 - - [13/Jul/2025:15:06:38 +0000] "GET /?e=58138468041000&mod=b4d22bb5&uri=article.php%3Fid%3D1940108-803%26name%3Dhope+tech+v4+usati HTTP/1.1" 301 - "-" "Mozilla/5.0 (Linux; Android 6.0.1; Nexus 5X Build/MMB29P) AppleWebKit/537.36 (KHTML, like Gecko) Chrome/137.0.7151.103 Mobile Safari/537.36 (compatible; GoogleOther)"
