209.74.77.214 - - [13/Jul/2025:18:57:39 +0000] "POST /wp-cron.php?doing_wp_cron=1752433059.9333560466766357421875 HTTP/1.1" 200 - "-" "WordPress/6.8.1; https://cyber-secure.com.au"
66.249.73.233 - - [13/Jul/2025:18:57:38 +0000] "GET /?e=34578979041000&mod=d01eeca8&uri=article.php%3Fid%3D1154130-407%26name%3Dhoodies+for+girls+flipkart HTTP/1.1" 301 - "-" "Mozilla/5.0 (Linux; Android 6.0.1; Nexus 5X Build/MMB29P) AppleWebKit/537.36 (KHTML, like Gecko) Chrome/137.0.7151.103 Mobile Safari/537.36 (compatible; GoogleOther)"
209.74.77.214 - - [13/Jul/2025:18:57:40 +0000] "POST /wp-admin/admin-ajax.php?action=async_litespeed&nonce=8ShuDFeWbiHLCV5PfttYbYgLa0wX0s0j&litespeed_type=imgoptm HTTP/1.1" 200 21 "-" "WordPress/6.8.1; https://cyber-secure.com.au"
51.222.253.20 - - [13/Jul/2025:18:57:53 +0000] "GET /?e=58094428001000&mod=4c322963&uri=us.php%3Fid%3D1938640-1336%26name%3Dgreen+air+force+jacket HTTP/1.1" 301 - "-" "Mozilla/5.0 (compatible; AhrefsBot/7.0; +http://ahrefs.com/robot/)"
66.249.73.233 - - [13/Jul/2025:18:57:59 +0000] "GET /?e=34578979041000&mod=d01eeca8&uri=article.php%3Fid%3D1154130-407%26name%3Dhoodies%20for%20girls%20flipkart HTTP/1.1" 200 26106 "-" "Mozilla/5.0 (Linux; Android 6.0.1; Nexus 5X Build/MMB29P) AppleWebKit/537.36 (KHTML, like Gecko) Chrome/137.0.7151.103 Mobile Safari/537.36 (compatible; GoogleOther)"
209.74.77.214 - - [13/Jul/2025:19:01:34 +0000] "POST /wp-cron.php?doing_wp_cron=1752433294.3315360546112060546875 HTTP/1.1" 200 - "-" "WordPress/6.8.1; https://cyber-secure.com.au"
66.249.73.233 - - [13/Jul/2025:19:01:32 +0000] "GET /?e=4259487021000&mod=55a988df&uri=brands.php%3Fid%3D142168-253%26name%3Dlego+reverse+flash+minifigure HTTP/1.1" 301 - "-" "Mozilla/5.0 (Linux; Android 6.0.1; Nexus 5X Build/MMB29P) AppleWebKit/537.36 (KHTML, like Gecko) Chrome/137.0.7151.103 Mobile Safari/537.36 (compatible; GoogleOther)"
209.74.77.214 - - [13/Jul/2025:19:01:34 +0000] "POST /wp-admin/admin-ajax.php?action=async_litespeed&nonce=M2pK4Bwhvc54pxLTKKmXxojPX4ambot8&litespeed_type=imgoptm HTTP/1.1" 200 21 "-" "WordPress/6.8.1; https://cyber-secure.com.au"
66.249.73.233 - - [13/Jul/2025:19:01:51 +0000] "GET /pcmypage?callback=/product%2Fdetail%2F58142608022000 HTTP/1.1" 200 22328 "-" "Mozilla/5.0 (compatible; Googlebot/2.1; +http://www.google.com/bot.html)"
66.249.73.233 - - [13/Jul/2025:19:01:58 +0000] "GET /?e=4259487021000&mod=55a988df&uri=brands.php%3Fid%3D142168-253%26name%3Dlego%20reverse%20flash%20minifigure HTTP/1.1" 200 26108 "-" "Mozilla/5.0 (Linux; Android 6.0.1; Nexus 5X Build/MMB29P) AppleWebKit/537.36 (KHTML, like Gecko) Chrome/137.0.7151.103 Mobile Safari/537.36 (compatible; GoogleOther)"
209.74.77.214 - - [13/Jul/2025:19:02:50 +0000] "POST /wp-cron.php?doing_wp_cron=1752433370.0873000621795654296875 HTTP/1.1" 200 - "-" "WordPress/6.8.1; https://cyber-secure.com.au"
66.249.73.235 - - [13/Jul/2025:19:02:48 +0000] "GET /?e=58188554021000&mod=da11e8cd&uri=pin.php%3Fid%3D1941782-128%26name%3Dcapri+sun+dragon+fruit+punch HTTP/1.1" 301 - "-" "Mozilla/5.0 (Linux; Android 6.0.1; Nexus 5X Build/MMB29P) AppleWebKit/537.36 (KHTML, like Gecko) Chrome/137.0.7151.103 Mobile Safari/537.36 (compatible; GoogleOther)"
209.74.77.214 - - [13/Jul/2025:19:02:50 +0000] "POST /wp-admin/admin-ajax.php?action=async_litespeed&nonce=WrwTTgcjZeASUdHbY4IElCKgDfGJPe9N&litespeed_type=imgoptm HTTP/1.1" 200 21 "-" "WordPress/6.8.1; https://cyber-secure.com.au"
209.74.77.214 - - [13/Jul/2025:19:03:07 +0000] "POST /wp-cron.php?doing_wp_cron=1752433387.5830180644989013671875 HTTP/1.1" 200 - "-" "WordPress/6.8.1; https://cyber-secure.com.au"
66.249.73.235 - - [13/Jul/2025:19:03:07 +0000] "GET /?e=58202132041000&mod=55a988df&uri=products.php%3Fid%3D1942235-253%26name%3Dlego+42095 HTTP/1.1" 301 - "-" "Mozilla/5.0 (Linux; Android 6.0.1; Nexus 5X Build/MMB29P) AppleWebKit/537.36 (KHTML, like Gecko) Chrome/137.0.7151.103 Mobile Safari/537.36 (compatible; GoogleOther)"
209.74.77.214 - - [13/Jul/2025:19:03:22 +0000] "POST /wp-cron.php?doing_wp_cron=1752433402.5871689319610595703125 HTTP/1.1" 200 - "-" "WordPress/6.8.1; https://cyber-secure.com.au"
209.74.77.214 - - [13/Jul/2025:19:03:22 +0000] "POST /wp-admin/admin-ajax.php?action=async_litespeed&nonce=iSCqmdrlA5CgKY0Bl7xA1m4JYUcLGEyM&litespeed_type=imgoptm HTTP/1.1" 200 21 "-" "WordPress/6.8.1; https://cyber-secure.com.au"
66.249.73.233 - - [13/Jul/2025:19:03:22 +0000] "GET /?e=58188554021000&mod=da11e8cd&uri=pin.php%3Fid%3D1941782-128%26name%3Dcapri%20sun%20dragon%20fruit%20punch HTTP/1.1" 200 26105 "-" "Mozilla/5.0 (Linux; Android 6.0.1; Nexus 5X Build/MMB29P) AppleWebKit/537.36 (KHTML, like Gecko) Chrome/137.0.7151.103 Mobile Safari/537.36 (compatible; GoogleOther)"
66.249.73.233 - - [13/Jul/2025:19:03:39 +0000] "GET /?e=58202132041000&mod=55a988df&uri=products.php%3Fid%3D1942235-253%26name%3Dlego%2042095 HTTP/1.1" 200 26107 "-" "Mozilla/5.0 (Linux; Android 6.0.1; Nexus 5X Build/MMB29P) AppleWebKit/537.36 (KHTML, like Gecko) Chrome/137.0.7151.103 Mobile Safari/537.36 (compatible; GoogleOther)"
66.249.73.233 - - [13/Jul/2025:19:03:52 +0000] "GET /?e=58174615041000&mod=d6a2be6d&uri=products.php%3Fid%3D1941317-467%26name%3Dconverse+sneaker+low+grau HTTP/1.1" 301 - "-" "Mozilla/5.0 (Linux; Android 6.0.1; Nexus 5X Build/MMB29P) AppleWebKit/537.36 (KHTML, like Gecko) Chrome/137.0.7151.103 Mobile Safari/537.36 (compatible; GoogleOther)"
66.249.73.233 - - [13/Jul/2025:19:04:04 +0000] "GET /?e=58174615041000&mod=d6a2be6d&uri=products.php%3Fid%3D1941317-467%26name%3Dconverse%20sneaker%20low%20grau HTTP/1.1" 200 26104 "-" "Mozilla/5.0 (Linux; Android 6.0.1; Nexus 5X Build/MMB29P) AppleWebKit/537.36 (KHTML, like Gecko) Chrome/137.0.7151.103 Mobile Safari/537.36 (compatible; GoogleOther)"
209.74.77.214 - - [13/Jul/2025:19:05:55 +0000] "POST /wp-cron.php?doing_wp_cron=1752433555.7607250213623046875000 HTTP/1.1" 200 - "-" "WordPress/6.8.1; https://cyber-secure.com.au"
51.222.253.10 - - [13/Jul/2025:19:05:54 +0000] "GET /?e=58111738081000&mod=8d0eadf7&uri=blog.php%3Fid%3D1939217-905%26name%3Dralph+lauren+polo+bianca HTTP/1.1" 301 - "-" "Mozilla/5.0 (compatible; AhrefsBot/7.0; +http://ahrefs.com/robot/)"
209.74.77.214 - - [13/Jul/2025:19:05:55 +0000] "POST /wp-admin/admin-ajax.php?action=async_litespeed&nonce=W6Gd3Idl6XQv6rqJWZ1UTSA79hYNDa8a&litespeed_type=imgoptm HTTP/1.1" 200 21 "-" "WordPress/6.8.1; https://cyber-secure.com.au"
209.74.77.214 - - [13/Jul/2025:19:06:39 +0000] "POST /wp-cron.php?doing_wp_cron=1752433599.6635529994964599609375 HTTP/1.1" 200 - "-" "WordPress/6.8.1; https://cyber-secure.com.au"
66.249.73.235 - - [13/Jul/2025:19:06:38 +0000] "GET /?e=58271148031000&mod=b6edc1cd&uri=news.php%3Fid%3D1944539-81%26name%3Dmigliore+letto+matrimoniale HTTP/1.1" 301 - "-" "Mozilla/5.0 (Linux; Android 6.0.1; Nexus 5X Build/MMB29P) AppleWebKit/537.36 (KHTML, like Gecko) Chrome/137.0.7151.103 Mobile Safari/537.36 (compatible; GoogleOther)"
209.74.77.214 - - [13/Jul/2025:19:06:39 +0000] "POST /wp-admin/admin-ajax.php?action=async_litespeed&nonce=6HRfIqKXnYAsbcf0vaMa6xHUBbXJpi4y&litespeed_type=imgoptm HTTP/1.1" 200 21 "-" "WordPress/6.8.1; https://cyber-secure.com.au"
66.249.73.236 - - [13/Jul/2025:19:07:04 +0000] "GET /?e=58271148031000&mod=b6edc1cd&uri=news.php%3Fid%3D1944539-81%26name%3Dmigliore%20letto%20matrimoniale HTTP/1.1" 200 26109 "-" "Mozilla/5.0 (Linux; Android 6.0.1; Nexus 5X Build/MMB29P) AppleWebKit/537.36 (KHTML, like Gecko) Chrome/137.0.7151.103 Mobile Safari/537.36 (compatible; GoogleOther)"
66.249.73.235 - - [13/Jul/2025:19:07:51 +0000] "GET /?e=58138228061000&mod=b4d22bb5&uri=category-info.php%3Fid%3D1940100-803%26name%3Dfactor+vam HTTP/1.1" 200 21949 "-" "Mozilla/5.0 (compatible; Googlebot/2.1; +http://www.google.com/bot.html)"
66.249.73.236 - - [13/Jul/2025:19:12:54 +0000] "GET /?e=58138828111000&mod=b4d22bb5&uri=products.php%3Fid%3D1940120-803%26name%3Dfreno+hope+tech+v4 HTTP/1.1" 200 21685 "-" "Mozilla/5.0 (compatible; Googlebot/2.1; +http://www.google.com/bot.html)"
209.74.77.214 - - [13/Jul/2025:19:13:14 +0000] "POST /wp-cron.php?doing_wp_cron=1752433994.5872929096221923828125 HTTP/1.1" 200 - "-" "WordPress/6.8.1; https://cyber-secure.com.au"
51.222.253.7 - - [13/Jul/2025:19:13:13 +0000] "GET /?e=62091528031000&mod=34173cb3&uri=article.php%3Fid%3D2072063-3%26name%3Dflip+board+trixie HTTP/1.1" 301 - "-" "Mozilla/5.0 (compatible; AhrefsBot/7.0; +http://ahrefs.com/robot/)"
209.74.77.214 - - [13/Jul/2025:19:13:14 +0000] "POST /wp-admin/admin-ajax.php?action=async_litespeed&nonce=BLCyI4pAO2QFjKSrw8YBfXf2mEYlApKj&litespeed_type=imgoptm HTTP/1.1" 200 21 "-" "WordPress/6.8.1; https://cyber-secure.com.au"
66.249.73.236 - - [13/Jul/2025:19:18:57 +0000] "GET /?e=58140568021000&mod=b4d22bb5&uri=article.php%3Fid%3D1940178-803%26name%3Dfantic+e+bike+fat+sport HTTP/1.1" 200 21977 "-" "Mozilla/5.0 (compatible; Googlebot/2.1; +http://www.google.com/bot.html)"
209.74.77.214 - - [13/Jul/2025:19:19:40 +0000] "POST /wp-cron.php?doing_wp_cron=1752434380.0671439170837402343750 HTTP/1.1" 200 - "-" "WordPress/6.8.1; https://cyber-secure.com.au"
51.222.253.10 - - [13/Jul/2025:19:19:37 +0000] "GET /?e=65628858061000&mod=a73d2d60&uri=pin.php%3Fid%3D2190080-826%26name%3Dmacy%27s+black+turtleneck+sweater HTTP/1.1" 301 - "-" "Mozilla/5.0 (compatible; AhrefsBot/7.0; +http://ahrefs.com/robot/)"
209.74.77.214 - - [13/Jul/2025:19:19:40 +0000] "POST /wp-admin/admin-ajax.php?action=async_litespeed&nonce=IptCkcBVUtsoPk8pMSNLPbkIBCG84EtZ&litespeed_type=imgoptm HTTP/1.1" 200 21 "-" "WordPress/6.8.1; https://cyber-secure.com.au"
66.249.73.237 - - [13/Jul/2025:19:25:10 +0000] "GET /?e=58139728061000&mod=b4d22bb5&uri=news.php%3Fid%3D1940150-803%26name%3Denduro+world+series+e+bike HTTP/1.1" 200 21993 "-" "Mozilla/5.0 (compatible; Googlebot/2.1; +http://www.google.com/bot.html)"
209.74.77.214 - - [13/Jul/2025:19:26:55 +0000] "POST /wp-cron.php?doing_wp_cron=1752434815.8366758823394775390625 HTTP/1.1" 200 - "-" "WordPress/6.8.1; https://cyber-secure.com.au"
51.222.253.4 - - [13/Jul/2025:19:26:54 +0000] "GET /?e=69338647001000&mod=b7a78274&uri=blog.php%3Fid%3D2313922-1000%26name%3Dwomen%27s+white+gold+band+rings HTTP/1.1" 301 - "-" "Mozilla/5.0 (compatible; AhrefsBot/7.0; +http://ahrefs.com/robot/)"
209.74.77.214 - - [13/Jul/2025:19:26:55 +0000] "POST /wp-admin/admin-ajax.php?action=async_litespeed&nonce=8XSC5DxW84yZzWP4G332jx3JkSJ5Mm8A&litespeed_type=imgoptm HTTP/1.1" 200 21 "-" "WordPress/6.8.1; https://cyber-secure.com.au"
66.249.73.235 - - [13/Jul/2025:19:30:04 +0000] "GET /?e=58148807091000&mod=0ebffb73&uri=news.php%3Fid%3D1940453-1347%26name%3Dnew+balance+liverpool+goalkeeper HTTP/1.1" 200 21810 "-" "Mozilla/5.0 (compatible; Googlebot/2.1; +http://www.google.com/bot.html)"
209.74.77.214 - - [13/Jul/2025:19:32:43 +0000] "POST /wp-cron.php?doing_wp_cron=1752435163.8230240345001220703125 HTTP/1.1" 200 - "-" "WordPress/6.8.1; https://cyber-secure.com.au"
66.249.73.237 - - [13/Jul/2025:19:32:42 +0000] "GET /?e=58263855051000&mod=b6edc1cd&uri=pin.php%3Fid%3D1944295-81%26name%3Dtavoli+da+giardino+in+ferro+emu HTTP/1.1" 301 - "-" "Mozilla/5.0 (Linux; Android 6.0.1; Nexus 5X Build/MMB29P) AppleWebKit/537.36 (KHTML, like Gecko) Chrome/137.0.7151.103 Mobile Safari/537.36 (compatible; GoogleOther)"
209.74.77.214 - - [13/Jul/2025:19:32:43 +0000] "POST /wp-admin/admin-ajax.php?action=async_litespeed&nonce=D1WLMhKc74vwsVkhXGnIXqNZvNa8NSZs&litespeed_type=imgoptm HTTP/1.1" 200 21 "-" "WordPress/6.8.1; https://cyber-secure.com.au"
209.74.77.214 - - [13/Jul/2025:19:33:45 +0000] "POST /wp-cron.php?doing_wp_cron=1752435225.6454629898071289062500 HTTP/1.1" 200 - "-" "WordPress/6.8.1; https://cyber-secure.com.au"
51.222.253.15 - - [13/Jul/2025:19:33:44 +0000] "GET /?e=73355362101000&mod=0738069b&uri=shared.php%3Fid%3D2447935-283%26name%3Dkiomi+lace+up+boots HTTP/1.1" 301 - "-" "Mozilla/5.0 (compatible; AhrefsBot/7.0; +http://ahrefs.com/robot/)"
209.74.77.214 - - [13/Jul/2025:19:33:45 +0000] "POST /wp-admin/admin-ajax.php?action=async_litespeed&nonce=PeRdMdVQtnxhSCIcb5E56WKt1EnPxrrA&litespeed_type=imgoptm HTTP/1.1" 200 21 "-" "WordPress/6.8.1; https://cyber-secure.com.au"
66.249.73.236 - - [13/Jul/2025:19:33:56 +0000] "GET /?e=61146755011000&mod=b4d22bb5&uri=info.php%3Fid%3D2040517-803%26name%3Dmoto+multistrada+usate HTTP/1.1" 301 - "-" "Mozilla/5.0 (Linux; Android 6.0.1; Nexus 5X Build/MMB29P) AppleWebKit/537.36 (KHTML, like Gecko) Chrome/137.0.7151.103 Mobile Safari/537.36 (compatible; GoogleOther)"
209.74.77.214 - - [13/Jul/2025:19:34:27 +0000] "POST /wp-cron.php?doing_wp_cron=1752435267.2299680709838867187500 HTTP/1.1" 200 - "-" "WordPress/6.8.1; https://cyber-secure.com.au"
209.74.77.214 - - [13/Jul/2025:19:34:27 +0000] "POST /wp-admin/admin-ajax.php?action=async_litespeed&nonce=rTVHu66KYmLiwIgi4xXnmxHT5HwHfQvi&litespeed_type=imgoptm HTTP/1.1" 200 21 "-" "WordPress/6.8.1; https://cyber-secure.com.au"
66.249.73.235 - - [13/Jul/2025:19:34:27 +0000] "GET /?e=58263855051000&mod=b6edc1cd&uri=pin.php%3Fid%3D1944295-81%26name%3Dtavoli%20da%20giardino%20in%20ferro%20emu HTTP/1.1" 200 26109 "-" "Mozilla/5.0 (Linux; Android 6.0.1; Nexus 5X Build/MMB29P) AppleWebKit/537.36 (KHTML, like Gecko) Chrome/137.0.7151.103 Mobile Safari/537.36 (compatible; GoogleOther)"
209.74.77.214 - - [13/Jul/2025:19:35:24 +0000] "POST /wp-cron.php?doing_wp_cron=1752435324.6842420101165771484375 HTTP/1.1" 200 - "-" "WordPress/6.8.1; https://cyber-secure.com.au"
209.74.77.214 - - [13/Jul/2025:19:35:24 +0000] "POST /wp-admin/admin-ajax.php?action=async_litespeed&nonce=4BOMC8o0mJRvUnBCTWj8dTw134WV0AIv&litespeed_type=imgoptm HTTP/1.1" 200 21 "-" "WordPress/6.8.1; https://cyber-secure.com.au"
66.249.73.235 - - [13/Jul/2025:19:35:23 +0000] "GET /?e=61146755011000&mod=b4d22bb5&uri=info.php%3Fid%3D2040517-803%26name%3Dmoto%20multistrada%20usate HTTP/1.1" 200 26109 "-" "Mozilla/5.0 (Linux; Android 6.0.1; Nexus 5X Build/MMB29P) AppleWebKit/537.36 (KHTML, like Gecko) Chrome/137.0.7151.103 Mobile Safari/537.36 (compatible; GoogleOther)"
66.249.73.236 - - [13/Jul/2025:19:36:06 +0000] "GET /?e=58141768041000&mod=b4d22bb5&uri=search.php%3Fid%3D1940218-803%26name%3Dpit+bike+verde HTTP/1.1" 200 22659 "-" "Mozilla/5.0 (compatible; Googlebot/2.1; +http://www.google.com/bot.html)"
209.74.77.214 - - [13/Jul/2025:19:36:33 +0000] "POST /wp-cron.php?doing_wp_cron=1752435393.5545101165771484375000 HTTP/1.1" 200 - "-" "WordPress/6.8.1; https://cyber-secure.com.au"
66.249.73.236 - - [13/Jul/2025:19:36:32 +0000] "GET /?e=58254231011000&mod=b6edc1cd&uri=goods.php%3Fid%3D1943973-81%26name%3Ddivani+angolari+ecopelle HTTP/1.1" 301 - "-" "Mozilla/5.0 (Linux; Android 6.0.1; Nexus 5X Build/MMB29P) AppleWebKit/537.36 (KHTML, like Gecko) Chrome/137.0.7151.103 Mobile Safari/537.36 (compatible; GoogleOther)"
209.74.77.214 - - [13/Jul/2025:19:36:33 +0000] "POST /wp-admin/admin-ajax.php?action=async_litespeed&nonce=4xcVCbl4f6yTw6CIay2w1RSGfNsxcnzJ&litespeed_type=imgoptm HTTP/1.1" 200 21 "-" "WordPress/6.8.1; https://cyber-secure.com.au"
66.249.73.235 - - [13/Jul/2025:19:36:56 +0000] "GET /?e=58254231011000&mod=b6edc1cd&uri=goods.php%3Fid%3D1943973-81%26name%3Ddivani%20angolari%20ecopelle HTTP/1.1" 200 26113 "-" "Mozilla/5.0 (Linux; Android 6.0.1; Nexus 5X Build/MMB29P) AppleWebKit/537.36 (KHTML, like Gecko) Chrome/137.0.7151.103 Mobile Safari/537.36 (compatible; GoogleOther)"
209.74.77.214 - - [13/Jul/2025:19:37:35 +0000] "POST /wp-cron.php?doing_wp_cron=1752435455.1023581027984619140625 HTTP/1.1" 200 - "-" "WordPress/6.8.1; https://cyber-secure.com.au"
66.249.73.237 - - [13/Jul/2025:19:37:33 +0000] "GET /?e=66670498081000&mod=b4d22bb5&uri=search.php%3Fid%3D2224845-803%26name%3Dyamaha+xsr+300+usata HTTP/1.1" 301 - "-" "Mozilla/5.0 (Linux; Android 6.0.1; Nexus 5X Build/MMB29P) AppleWebKit/537.36 (KHTML, like Gecko) Chrome/137.0.7151.103 Mobile Safari/537.36 (compatible; GoogleOther)"
209.74.77.214 - - [13/Jul/2025:19:37:35 +0000] "POST /wp-admin/admin-ajax.php?action=async_litespeed&nonce=AuTEf5moqJtkgFLdtCipCQZq0j8NJc7n&litespeed_type=imgoptm HTTP/1.1" 200 21 "-" "WordPress/6.8.1; https://cyber-secure.com.au"
66.249.73.236 - - [13/Jul/2025:19:37:54 +0000] "GET /?e=58251501001000&mod=43e4e6a6&uri=form.php%3Fid%3D1943882-234%26name%3Dzara+jacke+flieder+kariert HTTP/1.1" 301 - "-" "Mozilla/5.0 (Linux; Android 6.0.1; Nexus 5X Build/MMB29P) AppleWebKit/537.36 (KHTML, like Gecko) Chrome/137.0.7151.103 Mobile Safari/537.36 (compatible; GoogleOther)"
209.74.77.214 - - [13/Jul/2025:19:38:09 +0000] "POST /wp-cron.php?doing_wp_cron=1752435489.6187200546264648437500 HTTP/1.1" 200 - "-" "WordPress/6.8.1; https://cyber-secure.com.au"
66.249.73.236 - - [13/Jul/2025:19:38:09 +0000] "GET /?e=66670498081000&mod=b4d22bb5&uri=search.php%3Fid%3D2224845-803%26name%3Dyamaha%20xsr%20300%20usata HTTP/1.1" 200 26109 "-" "Mozilla/5.0 (Linux; Android 6.0.1; Nexus 5X Build/MMB29P) AppleWebKit/537.36 (KHTML, like Gecko) Chrome/137.0.7151.103 Mobile Safari/537.36 (compatible; GoogleOther)"
209.74.77.214 - - [13/Jul/2025:19:38:23 +0000] "POST /wp-cron.php?doing_wp_cron=1752435503.5819780826568603515625 HTTP/1.1" 200 - "-" "WordPress/6.8.1; https://cyber-secure.com.au"
209.74.77.214 - - [13/Jul/2025:19:38:23 +0000] "POST /wp-admin/admin-ajax.php?action=async_litespeed&nonce=zskrpVW6sx1fsLSdO6FlY9qEIc6XhwU4&litespeed_type=imgoptm HTTP/1.1" 200 21 "-" "WordPress/6.8.1; https://cyber-secure.com.au"
66.249.73.235 - - [13/Jul/2025:19:38:23 +0000] "GET /?e=58251501001000&mod=43e4e6a6&uri=form.php%3Fid%3D1943882-234%26name%3Dzara%20jacke%20flieder%20kariert HTTP/1.1" 200 26105 "-" "Mozilla/5.0 (Linux; Android 6.0.1; Nexus 5X Build/MMB29P) AppleWebKit/537.36 (KHTML, like Gecko) Chrome/137.0.7151.103 Mobile Safari/537.36 (compatible; GoogleOther)"
66.249.73.235 - - [13/Jul/2025:19:38:57 +0000] "GET /?e=58230592041000&mod=619205da&uri=itm.php%3Fid%3D1943184-233%26name%3Dlook+arreglado+pero+informal+verano HTTP/1.1" 301 - "-" "Mozilla/5.0 (Linux; Android 6.0.1; Nexus 5X Build/MMB29P) AppleWebKit/537.36 (KHTML, like Gecko) Chrome/137.0.7151.103 Mobile Safari/537.36 (compatible; GoogleOther)"
209.74.77.214 - - [13/Jul/2025:19:39:14 +0000] "POST /wp-cron.php?doing_wp_cron=1752435554.8362870216369628906250 HTTP/1.1" 200 - "-" "WordPress/6.8.1; https://cyber-secure.com.au"
209.74.77.214 - - [13/Jul/2025:19:39:14 +0000] "POST /wp-admin/admin-ajax.php?action=async_litespeed&nonce=XAmcizGkAVGRMETwWrYf8jzeB6cS0WT3&litespeed_type=imgoptm HTTP/1.1" 200 21 "-" "WordPress/6.8.1; https://cyber-secure.com.au"
66.249.73.235 - - [13/Jul/2025:19:39:11 +0000] "GET /?e=58230592041000&mod=619205da&uri=itm.php%3Fid%3D1943184-233%26name%3Dlook%20arreglado%20pero%20informal%20verano HTTP/1.1" 200 26110 "-" "Mozilla/5.0 (Linux; Android 6.0.1; Nexus 5X Build/MMB29P) AppleWebKit/537.36 (KHTML, like Gecko) Chrome/137.0.7151.103 Mobile Safari/537.36 (compatible; GoogleOther)"
209.74.77.214 - - [13/Jul/2025:19:41:44 +0000] "POST /wp-cron.php?doing_wp_cron=1752435704.5412929058074951171875 HTTP/1.1" 200 - "-" "WordPress/6.8.1; https://cyber-secure.com.au"
66.249.73.236 - - [13/Jul/2025:19:41:42 +0000] "GET /?e=45636120081000&mod=b4d22bb5&uri=goods.php%3Fid%3D1523012-803%26name%3Dhonda+four+usata HTTP/1.1" 301 - "-" "Mozilla/5.0 (Linux; Android 6.0.1; Nexus 5X Build/MMB29P) AppleWebKit/537.36 (KHTML, like Gecko) Chrome/137.0.7151.103 Mobile Safari/537.36 (compatible; GoogleOther)"
209.74.77.214 - - [13/Jul/2025:19:41:44 +0000] "POST /wp-admin/admin-ajax.php?action=async_litespeed&nonce=DzkK8AYAVaN1UJ39Z6y5ybq6alcCxIID&litespeed_type=imgoptm HTTP/1.1" 200 21 "-" "WordPress/6.8.1; https://cyber-secure.com.au"
66.249.73.237 - - [13/Jul/2025:19:42:05 +0000] "GET /?e=58140268041000&mod=b4d22bb5&uri=shared.php%3Fid%3D1940168-803%26name%3Drotwild+r+e375+prezzo HTTP/1.1" 200 21698 "-" "Mozilla/5.0 (compatible; Googlebot/2.1; +http://www.google.com/bot.html)"
209.74.77.214 - - [13/Jul/2025:19:42:09 +0000] "POST /wp-cron.php?doing_wp_cron=1752435729.4025070667266845703125 HTTP/1.1" 200 - "-" "WordPress/6.8.1; https://cyber-secure.com.au"
51.222.253.9 - - [13/Jul/2025:19:42:09 +0000] "GET /?e=5296244001000&uri=brands.php%3Fid%3D176816-317%26name%3Dair%20force%20one%20shoes%20black%20and%20white HTTP/1.1" 200 26106 "-" "Mozilla/5.0 (compatible; AhrefsBot/7.0; +http://ahrefs.com/robot/)"
66.249.73.236 - - [13/Jul/2025:19:42:12 +0000] "GET /?e=45636120081000&mod=b4d22bb5&uri=goods.php%3Fid%3D1523012-803%26name%3Dhonda%20four%20usata HTTP/1.1" 200 26110 "-" "Mozilla/5.0 (Linux; Android 6.0.1; Nexus 5X Build/MMB29P) AppleWebKit/537.36 (KHTML, like Gecko) Chrome/137.0.7151.103 Mobile Safari/537.36 (compatible; GoogleOther)"
209.74.77.214 - - [13/Jul/2025:19:43:48 +0000] "POST /wp-cron.php?doing_wp_cron=1752435828.1445798873901367187500 HTTP/1.1" 200 - "-" "WordPress/6.8.1; https://cyber-secure.com.au"
66.249.73.235 - - [13/Jul/2025:19:43:46 +0000] "GET /?e=106148464011000&mod=26cd8eca&uri=article.php%3Fid%3D3542531-885%26name%3Dhow+do+i+watch+the+cowboys+game+tonight HTTP/1.1" 301 - "-" "Mozilla/5.0 (Linux; Android 6.0.1; Nexus 5X Build/MMB29P) AppleWebKit/537.36 (KHTML, like Gecko) Chrome/137.0.7151.103 Mobile Safari/537.36 (compatible; GoogleOther)"
209.74.77.214 - - [13/Jul/2025:19:43:48 +0000] "POST /wp-admin/admin-ajax.php?action=async_litespeed&nonce=tsmkHKYLp0QUdP6kEnvGoiQZcg13Ha2K&litespeed_type=imgoptm HTTP/1.1" 200 21 "-" "WordPress/6.8.1; https://cyber-secure.com.au"
66.249.73.237 - - [13/Jul/2025:19:44:03 +0000] "GET /?e=106148464011000&mod=26cd8eca&uri=article.php%3Fid%3D3542531-885%26name%3Dhow%20do%20i%20watch%20the%20cowboys%20game%20tonight HTTP/1.1" 200 26112 "-" "Mozilla/5.0 (Linux; Android 6.0.1; Nexus 5X Build/MMB29P) AppleWebKit/537.36 (KHTML, like Gecko) Chrome/137.0.7151.103 Mobile Safari/537.36 (compatible; GoogleOther)"
209.74.77.214 - - [13/Jul/2025:19:44:22 +0000] "POST /wp-cron.php?doing_wp_cron=1752435862.4129590988159179687500 HTTP/1.1" 200 - "-" "WordPress/6.8.1; https://cyber-secure.com.au"
66.249.73.236 - - [13/Jul/2025:19:44:22 +0000] "GET /?e=4255257051000&mod=55a988df&uri=news.php%3Fid%3D142027-253%26name%3Dlego+orc+army HTTP/1.1" 301 - "-" "Mozilla/5.0 (Linux; Android 6.0.1; Nexus 5X Build/MMB29P) AppleWebKit/537.36 (KHTML, like Gecko) Chrome/137.0.7151.103 Mobile Safari/537.36 (compatible; GoogleOther)"
209.74.77.214 - - [13/Jul/2025:19:44:22 +0000] "POST /wp-admin/admin-ajax.php?action=async_litespeed&nonce=TaLgtUm2SDBNVB3Re7B8vRcvWI4ay3K9&litespeed_type=imgoptm HTTP/1.1" 200 21 "-" "WordPress/6.8.1; https://cyber-secure.com.au"
66.249.73.235 - - [13/Jul/2025:19:44:36 +0000] "GET /?e=4255257051000&mod=55a988df&uri=news.php%3Fid%3D142027-253%26name%3Dlego%20orc%20army HTTP/1.1" 200 26104 "-" "Mozilla/5.0 (Linux; Android 6.0.1; Nexus 5X Build/MMB29P) AppleWebKit/537.36 (KHTML, like Gecko) Chrome/137.0.7151.103 Mobile Safari/537.36 (compatible; GoogleOther)"
209.74.77.214 - - [13/Jul/2025:19:45:38 +0000] "POST /wp-cron.php?doing_wp_cron=1752435938.1609129905700683593750 HTTP/1.1" 200 - "-" "WordPress/6.8.1; https://cyber-secure.com.au"
66.249.73.235 - - [13/Jul/2025:19:45:36 +0000] "GET /?e=3280790041000&mod=acab0116&uri=blog.php%3Fid%3D109511-172%26name%3Djordan+autographed+basketball HTTP/1.1" 301 - "-" "Mozilla/5.0 (Linux; Android 6.0.1; Nexus 5X Build/MMB29P) AppleWebKit/537.36 (KHTML, like Gecko) Chrome/137.0.7151.103 Mobile Safari/537.36 (compatible; GoogleOther)"
209.74.77.214 - - [13/Jul/2025:19:45:38 +0000] "POST /wp-admin/admin-ajax.php?action=async_litespeed&nonce=FWKV5HparPx3CqugiQQIHO94Zj3irEJ8&litespeed_type=imgoptm HTTP/1.1" 200 21 "-" "WordPress/6.8.1; https://cyber-secure.com.au"
66.249.73.235 - - [13/Jul/2025:19:45:50 +0000] "GET /?e=107668534001000&mod=a01a0380&uri=blog.php%3Fid%3D3593257-39%26name%3Dwicker+cafe+table+and+chairs HTTP/1.1" 301 - "-" "Mozilla/5.0 (Linux; Android 6.0.1; Nexus 5X Build/MMB29P) AppleWebKit/537.36 (KHTML, like Gecko) Chrome/137.0.7151.103 Mobile Safari/537.36 (compatible; GoogleOther)"
66.249.73.235 - - [13/Jul/2025:19:46:03 +0000] "GET /?e=116488255091000&mod=c255c052&uri=article.php%3Fid%3D3887623-387%26name%3Dproform+carbon+tl+treadmill+academy HTTP/1.1" 301 - "-" "Mozilla/5.0 (Linux; Android 6.0.1; Nexus 5X Build/MMB29P) AppleWebKit/537.36 (KHTML, like Gecko) Chrome/137.0.7151.103 Mobile Safari/537.36 (compatible; GoogleOther)"
209.74.77.214 - - [13/Jul/2025:19:46:16 +0000] "POST /wp-cron.php?doing_wp_cron=1752435976.4658379554748535156250 HTTP/1.1" 200 - "-" "WordPress/6.8.1; https://cyber-secure.com.au"
209.74.77.214 - - [13/Jul/2025:19:46:16 +0000] "POST /wp-admin/admin-ajax.php?action=async_litespeed&nonce=4rFB3q32AKs2kcdBSkdB7Z3Lp9LleKYA&litespeed_type=imgoptm HTTP/1.1" 200 21 "-" "WordPress/6.8.1; https://cyber-secure.com.au"
66.249.73.236 - - [13/Jul/2025:19:46:16 +0000] "GET /?e=58138858031000&mod=b4d22bb5&uri=brands.php%3Fid%3D1940121-803%26name%3Dcyberbike HTTP/1.1" 200 26108 "-" "Mozilla/5.0 (Linux; Android 6.0.1; Nexus 5X Build/MMB29P) AppleWebKit/537.36 (KHTML, like Gecko) Chrome/137.0.7151.103 Mobile Safari/537.36 (compatible; GoogleOther)"
66.249.73.235 - - [13/Jul/2025:19:46:27 +0000] "GET /?e=3280790041000&mod=acab0116&uri=blog.php%3Fid%3D109511-172%26name%3Djordan%20autographed%20basketball HTTP/1.1" 200 26110 "-" "Mozilla/5.0 (Linux; Android 6.0.1; Nexus 5X Build/MMB29P) AppleWebKit/537.36 (KHTML, like Gecko) Chrome/137.0.7151.103 Mobile Safari/537.36 (compatible; GoogleOther)"
66.249.73.235 - - [13/Jul/2025:19:46:37 +0000] "GET /?e=107668534001000&mod=a01a0380&uri=blog.php%3Fid%3D3593257-39%26name%3Dwicker%20cafe%20table%20and%20chairs HTTP/1.1" 200 26108 "-" "Mozilla/5.0 (Linux; Android 6.0.1; Nexus 5X Build/MMB29P) AppleWebKit/537.36 (KHTML, like Gecko) Chrome/137.0.7151.103 Mobile Safari/537.36 (compatible; GoogleOther)"
66.249.73.235 - - [13/Jul/2025:19:46:49 +0000] "GET /?e=116488255091000&mod=c255c052&uri=article.php%3Fid%3D3887623-387%26name%3Dproform%20carbon%20tl%20treadmill%20academy HTTP/1.1" 200 26107 "-" "Mozilla/5.0 (Linux; Android 6.0.1; Nexus 5X Build/MMB29P) AppleWebKit/537.36 (KHTML, like Gecko) Chrome/137.0.7151.103 Mobile Safari/537.36 (compatible; GoogleOther)"
66.249.73.236 - - [13/Jul/2025:19:47:03 +0000] "GET /?e=50527755021000&mod=e0be0edc&uri=info.php%3Fid%3D1686202-934%26name%3Dbottes+noires+en+cuir+femme HTTP/1.1" 301 - "-" "Mozilla/5.0 (Linux; Android 6.0.1; Nexus 5X Build/MMB29P) AppleWebKit/537.36 (KHTML, like Gecko) Chrome/137.0.7151.103 Mobile Safari/537.36 (compatible; GoogleOther)"
209.74.77.214 - - [13/Jul/2025:19:47:14 +0000] "POST /wp-cron.php?doing_wp_cron=1752436034.3585638999938964843750 HTTP/1.1" 200 - "-" "WordPress/6.8.1; https://cyber-secure.com.au"
66.249.73.236 - - [13/Jul/2025:19:47:14 +0000] "GET /?e=42237939031000&mod=c6036a69&uri=dp.php%3Fid%3D1409656-112%26name%3Dmochila+cruzada+xiaomi HTTP/1.1" 301 - "-" "Mozilla/5.0 (Linux; Android 6.0.1; Nexus 5X Build/MMB29P) AppleWebKit/537.36 (KHTML, like Gecko) Chrome/137.0.7151.103 Mobile Safari/537.36 (compatible; GoogleOther)"
209.74.77.214 - - [13/Jul/2025:19:47:14 +0000] "POST /wp-admin/admin-ajax.php?action=async_litespeed&nonce=mJ63nQORnEEYeXwY48vuQpFsnca2cbzG&litespeed_type=imgoptm HTTP/1.1" 200 21 "-" "WordPress/6.8.1; https://cyber-secure.com.au"
66.249.73.235 - - [13/Jul/2025:19:47:23 +0000] "GET /?e=34588729071000&mod=3b9be7e1&uri=shop.php%3Fid%3D1154455-408%26name%3Dgalaxy+print+sweater HTTP/1.1" 301 - "-" "Mozilla/5.0 (Linux; Android 6.0.1; Nexus 5X Build/MMB29P) AppleWebKit/537.36 (KHTML, like Gecko) Chrome/137.0.7151.103 Mobile Safari/537.36 (compatible; GoogleOther)"
66.249.73.235 - - [13/Jul/2025:19:47:32 +0000] "GET /?e=13561628021000&mod=335f5352&uri=product.php%3Fid%3D452781-24%26name%3Dcycle+lab+online+sale HTTP/1.1" 301 - "-" "Mozilla/5.0 (Linux; Android 6.0.1; Nexus 5X Build/MMB29P) AppleWebKit/537.36 (KHTML, like Gecko) Chrome/137.0.7151.103 Mobile Safari/537.36 (compatible; GoogleOther)"
66.249.73.235 - - [13/Jul/2025:19:47:40 +0000] "GET /?e=50527755021000&mod=e0be0edc&uri=info.php%3Fid%3D1686202-934%26name%3Dbottes%20noires%20en%20cuir%20femme HTTP/1.1" 200 26108 "-" "Mozilla/5.0 (Linux; Android 6.0.1; Nexus 5X Build/MMB29P) AppleWebKit/537.36 (KHTML, like Gecko) Chrome/137.0.7151.103 Mobile Safari/537.36 (compatible; GoogleOther)"
66.249.73.235 - - [13/Jul/2025:19:47:48 +0000] "GET /?e=42237939031000&mod=c6036a69&uri=dp.php%3Fid%3D1409656-112%26name%3Dmochila%20cruzada%20xiaomi HTTP/1.1" 200 26107 "-" "Mozilla/5.0 (Linux; Android 6.0.1; Nexus 5X Build/MMB29P) AppleWebKit/537.36 (KHTML, like Gecko) Chrome/137.0.7151.103 Mobile Safari/537.36 (compatible; GoogleOther)"
66.249.73.235 - - [13/Jul/2025:19:47:56 +0000] "GET /?e=34588729071000&mod=3b9be7e1&uri=shop.php%3Fid%3D1154455-408%26name%3Dgalaxy%20print%20sweater HTTP/1.1" 200 26107 "-" "Mozilla/5.0 (Linux; Android 6.0.1; Nexus 5X Build/MMB29P) AppleWebKit/537.36 (KHTML, like Gecko) Chrome/137.0.7151.103 Mobile Safari/537.36 (compatible; GoogleOther)"
66.249.73.236 - - [13/Jul/2025:19:48:04 +0000] "GET /?e=13561628021000&mod=335f5352&uri=product.php%3Fid%3D452781-24%26name%3Dcycle%20lab%20online%20sale HTTP/1.1" 200 26106 "-" "Mozilla/5.0 (Linux; Android 6.0.1; Nexus 5X Build/MMB29P) AppleWebKit/537.36 (KHTML, like Gecko) Chrome/137.0.7151.103 Mobile Safari/537.36 (compatible; GoogleOther)"
66.249.73.236 - - [13/Jul/2025:19:48:07 +0000] "GET /?e=58138708021000&mod=b4d22bb5&uri=pin.php%3Fid%3D1940116-803%26name%3Dducati+multistrada+v4+adventure HTTP/1.1" 200 21878 "-" "Mozilla/5.0 (compatible; Googlebot/2.1; +http://www.google.com/bot.html)"
209.74.77.214 - - [13/Jul/2025:19:48:12 +0000] "POST /wp-cron.php?doing_wp_cron=1752436092.8482251167297363281250 HTTP/1.1" 200 - "-" "WordPress/6.8.1; https://cyber-secure.com.au"
66.249.73.236 - - [13/Jul/2025:19:48:12 +0000] "GET /?e=56547115051000&mod=e148bbf8&uri=news.php%3Fid%3D1887009-595%26name%3Dboston+red+sox+clothing+uk HTTP/1.1" 301 - "-" "Mozilla/5.0 (Linux; Android 6.0.1; Nexus 5X Build/MMB29P) AppleWebKit/537.36 (KHTML, like Gecko) Chrome/137.0.7151.103 Mobile Safari/537.36 (compatible; GoogleOther)"
209.74.77.214 - - [13/Jul/2025:19:48:20 +0000] "POST /wp-cron.php?doing_wp_cron=1752436100.1322250366210937500000 HTTP/1.1" 200 - "-" "WordPress/6.8.1; https://cyber-secure.com.au"
66.249.73.235 - - [13/Jul/2025:19:48:19 +0000] "GET /?e=16318496071000&mod=b4944963&uri=article.php%3Fid%3D544779-289%26name%3Dcheap+backpack+bags HTTP/1.1" 301 - "-" "Mozilla/5.0 (Linux; Android 6.0.1; Nexus 5X Build/MMB29P) AppleWebKit/537.36 (KHTML, like Gecko) Chrome/137.0.7151.103 Mobile Safari/537.36 (compatible; GoogleOther)"
209.74.77.214 - - [13/Jul/2025:19:48:20 +0000] "POST /wp-admin/admin-ajax.php?action=async_litespeed&nonce=5jG7wrvoAGVycJAZrwZuS5mIKeZm8V5s&litespeed_type=imgoptm HTTP/1.1" 200 21 "-" "WordPress/6.8.1; https://cyber-secure.com.au"
66.249.73.235 - - [13/Jul/2025:19:48:26 +0000] "GET /?e=56547115051000&mod=e148bbf8&uri=news.php%3Fid%3D1887009-595%26name%3Dboston%20red%20sox%20clothing%20uk HTTP/1.1" 200 26108 "-" "Mozilla/5.0 (Linux; Android 6.0.1; Nexus 5X Build/MMB29P) AppleWebKit/537.36 (KHTML, like Gecko) Chrome/137.0.7151.103 Mobile Safari/537.36 (compatible; GoogleOther)"
66.249.73.235 - - [13/Jul/2025:19:48:36 +0000] "GET /?e=16318496071000&mod=b4944963&uri=article.php%3Fid%3D544779-289%26name%3Dcheap%20backpack%20bags HTTP/1.1" 200 26113 "-" "Mozilla/5.0 (Linux; Android 6.0.1; Nexus 5X Build/MMB29P) AppleWebKit/537.36 (KHTML, like Gecko) Chrome/137.0.7151.103 Mobile Safari/537.36 (compatible; GoogleOther)"
209.74.77.214 - - [13/Jul/2025:19:50:17 +0000] "POST /wp-cron.php?doing_wp_cron=1752436217.2501549720764160156250 HTTP/1.1" 200 - "-" "WordPress/6.8.1; https://cyber-secure.com.au"
209.74.77.214 - - [13/Jul/2025:19:50:17 +0000] "POST /wp-admin/admin-ajax.php?action=async_litespeed&nonce=5L4SaRheNxfk5p9YldmwCYO6hL0pCM39&litespeed_type=imgoptm HTTP/1.1" 200 21 "-" "WordPress/6.8.1; https://cyber-secure.com.au"
51.222.253.16 - - [13/Jul/2025:19:50:15 +0000] "GET /?e=34105791001000&mod=80748568&uri=goods.php%3Fid%3D1138327-507%26name%3Djordan%20phoenix HTTP/1.1" 200 26107 "-" "Mozilla/5.0 (compatible; AhrefsBot/7.0; +http://ahrefs.com/robot/)"
45.61.184.161 - - [13/Jul/2025:19:50:25 +0000] "GET /wp-login.php HTTP/1.1" 200 5406 "-" "Mozilla/5.0 (Windows NT 6.1; rv:30.0) Gecko/20100101 Firefox/30.0"
209.74.77.214 - - [13/Jul/2025:19:51:51 +0000] "POST /wp-cron.php?doing_wp_cron=1752436311.2019209861755371093750 HTTP/1.1" 200 - "-" "WordPress/6.8.1; https://cyber-secure.com.au"
45.61.184.161 - - [13/Jul/2025:19:51:50 +0000] "POST /wp-login.php HTTP/1.1" 200 5662 "-" "Mozilla/5.0 (Windows NT 6.1; rv:30.0) Gecko/20100101 Firefox/30.0"
209.74.77.214 - - [13/Jul/2025:19:51:51 +0000] "POST /wp-admin/admin-ajax.php?action=async_litespeed&nonce=59LkIJ45Pj4fX9g1bP52UTDdeTmJGU3Z&litespeed_type=imgoptm HTTP/1.1" 200 21 "-" "WordPress/6.8.1; https://cyber-secure.com.au"
66.249.73.237 - - [13/Jul/2025:19:53:12 +0000] "GET /?e=58138588001000&mod=b4d22bb5&uri=article.php%3Fid%3D1940112-803%26name%3Dktm+2008+250 HTTP/1.1" 200 22569 "-" "Mozilla/5.0 (compatible; Googlebot/2.1; +http://www.google.com/bot.html)"
209.74.77.214 - - [13/Jul/2025:19:54:20 +0000] "POST /wp-cron.php?doing_wp_cron=1752436460.4867858886718750000000 HTTP/1.1" 200 - "-" "WordPress/6.8.1; https://cyber-secure.com.au"
66.249.73.235 - - [13/Jul/2025:19:54:19 +0000] "GET /?e=1023479011000&mod=884d247c&uri=products.php%3Fid%3D34175-65%26name%3Dconverse+metallic+enfant HTTP/1.1" 301 - "-" "Mozilla/5.0 (Linux; Android 6.0.1; Nexus 5X Build/MMB29P) AppleWebKit/537.36 (KHTML, like Gecko) Chrome/137.0.7151.103 Mobile Safari/537.36 (compatible; GoogleOther)"
209.74.77.214 - - [13/Jul/2025:19:54:20 +0000] "POST /wp-admin/admin-ajax.php?action=async_litespeed&nonce=eqQXInYgEvtX00YYSLps6UWK1g7rTwfw&litespeed_type=imgoptm HTTP/1.1" 200 21 "-" "WordPress/6.8.1; https://cyber-secure.com.au"
66.249.73.236 - - [13/Jul/2025:19:54:39 +0000] "GET /?e=1023479011000&mod=884d247c&uri=products.php%3Fid%3D34175-65%26name%3Dconverse%20metallic%20enfant HTTP/1.1" 200 26107 "-" "Mozilla/5.0 (Linux; Android 6.0.1; Nexus 5X Build/MMB29P) AppleWebKit/537.36 (KHTML, like Gecko) Chrome/137.0.7151.103 Mobile Safari/537.36 (compatible; GoogleOther)"
209.74.77.214 - - [13/Jul/2025:19:57:17 +0000] "POST /wp-cron.php?doing_wp_cron=1752436637.2669310569763183593750 HTTP/1.1" 200 - "-" "WordPress/6.8.1; https://cyber-secure.com.au"
51.222.253.12 - - [13/Jul/2025:19:57:16 +0000] "GET /?e=112220914041000&mod=63ab39b1&uri=shop.php%3Fid%3D3745207-1615%26name%3Dwhite+girls+runners HTTP/1.1" 301 - "-" "Mozilla/5.0 (compatible; AhrefsBot/7.0; +http://ahrefs.com/robot/)"
209.74.77.214 - - [13/Jul/2025:19:57:17 +0000] "POST /wp-admin/admin-ajax.php?action=async_litespeed&nonce=SFlyfWwkLjBqTYzgCPqHBwIw6x2ZNJUo&litespeed_type=imgoptm HTTP/1.1" 200 21 "-" "WordPress/6.8.1; https://cyber-secure.com.au"
66.249.73.236 - - [13/Jul/2025:19:59:11 +0000] "GET /?e=58106758011000&mod=d77314b5&uri=category-info.php%3Fid%3D1939051-1343%26name%3Dworld%27s+best+pillow+for+side+sleepers HTTP/1.1" 200 21414 "-" "Mozilla/5.0 (compatible; Googlebot/2.1; +http://www.google.com/bot.html)"
209.74.77.214 - - [13/Jul/2025:20:02:43 +0000] "POST /wp-cron.php?doing_wp_cron=1752436963.0339300632476806640625 HTTP/1.1" 200 - "-" "WordPress/6.8.1; https://cyber-secure.com.au"
66.249.73.235 - - [13/Jul/2025:20:02:41 +0000] "GET /?e=58141768021000&mod=b4d22bb5&uri=pin.php%3Fid%3D1940218-803%26name%3Dpit+bike+verde HTTP/1.1" 301 - "-" "Mozilla/5.0 (Linux; Android 6.0.1; Nexus 5X Build/MMB29P) AppleWebKit/537.36 (KHTML, like Gecko) Chrome/137.0.7151.103 Mobile Safari/537.36 (compatible; GoogleOther)"
209.74.77.214 - - [13/Jul/2025:20:02:43 +0000] "POST /wp-admin/admin-ajax.php?action=async_litespeed&nonce=aA0Ll6h2wrcXhNdFWNFGPLoNgf0iw3I7&litespeed_type=imgoptm HTTP/1.1" 200 21 "-" "WordPress/6.8.1; https://cyber-secure.com.au"
209.74.77.214 - - [13/Jul/2025:20:03:13 +0000] "POST /wp-cron.php?doing_wp_cron=1752436993.3443980216979980468750 HTTP/1.1" 200 - "-" "WordPress/6.8.1; https://cyber-secure.com.au"
66.249.73.235 - - [13/Jul/2025:20:03:13 +0000] "GET /?e=58245660011000&mod=619205da&uri=pin.php%3Fid%3D1943687-233%26name%3Dcamperon+de+los+pumas+adidas HTTP/1.1" 301 - "-" "Mozilla/5.0 (Linux; Android 6.0.1; Nexus 5X Build/MMB29P) AppleWebKit/537.36 (KHTML, like Gecko) Chrome/137.0.7151.103 Mobile Safari/537.36 (compatible; GoogleOther)"
209.74.77.214 - - [13/Jul/2025:20:03:34 +0000] "POST /wp-cron.php?doing_wp_cron=1752437014.5666089057922363281250 HTTP/1.1" 200 - "-" "WordPress/6.8.1; https://cyber-secure.com.au"
209.74.77.214 - - [13/Jul/2025:20:03:34 +0000] "POST /wp-admin/admin-ajax.php?action=async_litespeed&nonce=8RK5ey5miP5yGLZByNv6LHr6Dhoqha5p&litespeed_type=imgoptm HTTP/1.1" 200 21 "-" "WordPress/6.8.1; https://cyber-secure.com.au"
66.249.73.236 - - [13/Jul/2025:20:03:33 +0000] "GET /?e=58141768021000&mod=b4d22bb5&uri=pin.php%3Fid%3D1940218-803%26name%3Dpit%20bike%20verde HTTP/1.1" 200 26112 "-" "Mozilla/5.0 (Linux; Android 6.0.1; Nexus 5X Build/MMB29P) AppleWebKit/537.36 (KHTML, like Gecko) Chrome/137.0.7151.103 Mobile Safari/537.36 (compatible; GoogleOther)"
51.222.253.17 - - [13/Jul/2025:20:03:52 +0000] "GET /?e=39704570081000&mod=f95ec3de&uri=article.php%3Fid%3D1325129-361%26name%3Dbolso+playa+tela HTTP/1.1" 301 - "-" "Mozilla/5.0 (compatible; AhrefsBot/7.0; +http://ahrefs.com/robot/)"
209.74.77.214 - - [13/Jul/2025:20:04:16 +0000] "POST /wp-cron.php?doing_wp_cron=1752437056.5379331111907958984375 HTTP/1.1" 200 - "-" "WordPress/6.8.1; https://cyber-secure.com.au"
209.74.77.214 - - [13/Jul/2025:20:04:16 +0000] "POST /wp-admin/admin-ajax.php?action=async_litespeed&nonce=jITWZMokqrXwHIcgKr9tiAeMy1Du1YHw&litespeed_type=imgoptm HTTP/1.1" 200 21 "-" "WordPress/6.8.1; https://cyber-secure.com.au"
66.249.73.236 - - [13/Jul/2025:20:04:16 +0000] "GET /?e=58245660011000&mod=619205da&uri=pin.php%3Fid%3D1943687-233%26name%3Dcamperon%20de%20los%20pumas%20adidas HTTP/1.1" 200 26103 "-" "Mozilla/5.0 (Linux; Android 6.0.1; Nexus 5X Build/MMB29P) AppleWebKit/537.36 (KHTML, like Gecko) Chrome/137.0.7151.103 Mobile Safari/537.36 (compatible; GoogleOther)"
66.249.73.237 - - [13/Jul/2025:20:05:11 +0000] "GET /?e=58139788081000&mod=b4d22bb5&uri=blog.php%3Fid%3D1940152-803%26name%3Dfat+bike+pro HTTP/1.1" 200 21935 "-" "Mozilla/5.0 (compatible; Googlebot/2.1; +http://www.google.com/bot.html)"
209.74.77.214 - - [13/Jul/2025:20:07:26 +0000] "POST /wp-cron.php?doing_wp_cron=1752437246.9218420982360839843750 HTTP/1.1" 200 - "-" "WordPress/6.8.1; https://cyber-secure.com.au"
66.249.73.236 - - [13/Jul/2025:20:07:25 +0000] "GET /?e=58141828041000&mod=b4d22bb5&uri=news.php%3Fid%3D1940220-803%26name%3Dr1250+gs+adventure+2021 HTTP/1.1" 301 - "-" "Mozilla/5.0 (Linux; Android 6.0.1; Nexus 5X Build/MMB29P) AppleWebKit/537.36 (KHTML, like Gecko) Chrome/137.0.7151.103 Mobile Safari/537.36 (compatible; GoogleOther)"
209.74.77.214 - - [13/Jul/2025:20:07:27 +0000] "POST /wp-admin/admin-ajax.php?action=async_litespeed&nonce=pk12vL6R5SmrrtF4d00GBstURlPjChKw&litespeed_type=imgoptm HTTP/1.1" 200 21 "-" "WordPress/6.8.1; https://cyber-secure.com.au"
66.249.73.236 - - [13/Jul/2025:20:07:45 +0000] "GET /?e=58141828041000&mod=b4d22bb5&uri=news.php%3Fid%3D1940220-803%26name%3Dr1250%20gs%20adventure%202021 HTTP/1.1" 200 26110 "-" "Mozilla/5.0 (Linux; Android 6.0.1; Nexus 5X Build/MMB29P) AppleWebKit/537.36 (KHTML, like Gecko) Chrome/137.0.7151.103 Mobile Safari/537.36 (compatible; GoogleOther)"
209.74.77.214 - - [13/Jul/2025:20:08:43 +0000] "POST /wp-cron.php?doing_wp_cron=1752437323.5475909709930419921875 HTTP/1.1" 200 - "-" "WordPress/6.8.1; https://cyber-secure.com.au"
66.249.73.237 - - [13/Jul/2025:20:08:42 +0000] "GET /?e=58236322091000&mod=619205da&uri=search.php%3Fid%3D1943375-233%26name%3Dprimark+moda+mujer+2021 HTTP/1.1" 301 - "-" "Mozilla/5.0 (Linux; Android 6.0.1; Nexus 5X Build/MMB29P) AppleWebKit/537.36 (KHTML, like Gecko) Chrome/137.0.7151.103 Mobile Safari/537.36 (compatible; GoogleOther)"
209.74.77.214 - - [13/Jul/2025:20:08:43 +0000] "POST /wp-admin/admin-ajax.php?action=async_litespeed&nonce=QGBBEvMpH8zlp73BrvsdRVD1vCMR9cM6&litespeed_type=imgoptm HTTP/1.1" 200 21 "-" "WordPress/6.8.1; https://cyber-secure.com.au"
66.249.73.236 - - [13/Jul/2025:20:08:59 +0000] "GET /?e=58236322091000&mod=619205da&uri=search.php%3Fid%3D1943375-233%26name%3Dprimark%20moda%20mujer%202021 HTTP/1.1" 200 26107 "-" "Mozilla/5.0 (Linux; Android 6.0.1; Nexus 5X Build/MMB29P) AppleWebKit/537.36 (KHTML, like Gecko) Chrome/137.0.7151.103 Mobile Safari/537.36 (compatible; GoogleOther)"
209.74.77.214 - - [13/Jul/2025:20:09:37 +0000] "POST /wp-cron.php?doing_wp_cron=1752437377.9334928989410400390625 HTTP/1.1" 200 - "-" "WordPress/6.8.1; https://cyber-secure.com.au"
51.222.253.15 - - [13/Jul/2025:20:09:36 +0000] "GET /?e=45570961041000&mod=4e4f5237&uri=products.php%3Fid%3D1520839-951%26name%3Dwarmest+down+jacket HTTP/1.1" 301 - "-" "Mozilla/5.0 (compatible; AhrefsBot/7.0; +http://ahrefs.com/robot/)"
209.74.77.214 - - [13/Jul/2025:20:09:38 +0000] "POST /wp-admin/admin-ajax.php?action=async_litespeed&nonce=oSSED3OduKMD8XflNSGCBFwJZL7JLogM&litespeed_type=imgoptm HTTP/1.1" 200 21 "-" "WordPress/6.8.1; https://cyber-secure.com.au"
66.249.73.237 - - [13/Jul/2025:20:11:11 +0000] "GET /?e=58142368041000&mod=b4d22bb5&uri=category-info.php%3Fid%3D1940238-803%26name%3Dvendita+bici+cruiser HTTP/1.1" 200 21894 "-" "Mozilla/5.0 (compatible; Googlebot/2.1; +http://www.google.com/bot.html)"
66.249.73.235 - - [13/Jul/2025:20:11:18 +0000] "POST /get-message-notify HTTP/1.1" 200 21375 "https://cyber-secure.com.au/?e=58142368041000&mod=b4d22bb5&uri=category-info.php%3Fid%3D1940238-803%26name%3Dvendita+bici+cruiser" "Mozilla/5.0 AppleWebKit/537.36 (KHTML, like Gecko; compatible; Googlebot/2.1; +http://www.google.com/bot.html) Chrome/137.0.7151.119 Safari/537.36"
66.249.73.237 - - [13/Jul/2025:20:13:04 +0000] "GET /wp-content/plugins/elementor/assets/css/widget-image.min.css?ver=3.29.2 HTTP/1.1" 200 165 "https://cyber-secure.com.au/?e=56547115051000&mod=e148bbf8&uri=news.php%3Fid%3D1887009-595%26name%3Dboston%20red%20sox%20clothing%20uk" "Mozilla/5.0 (Linux; Android 6.0.1; Nexus 5X Build/MMB29P) AppleWebKit/537.36 (KHTML, like Gecko) Chrome/137.0.7151.119 Mobile Safari/537.36 (compatible; Googlebot/2.1; +http://www.google.com/bot.html)"
209.74.77.214 - - [13/Jul/2025:20:15:29 +0000] "POST /wp-cron.php?doing_wp_cron=1752437729.1434431076049804687500 HTTP/1.1" 200 - "-" "WordPress/6.8.1; https://cyber-secure.com.au"
51.222.253.5 - - [13/Jul/2025:20:15:27 +0000] "GET /?e=46516494061000&mod=ab9a3f4c&uri=brands.php%3Fid%3D1552382-1238%26name%3Dconverse+con+zeppa+outlet HTTP/1.1" 301 - "-" "Mozilla/5.0 (compatible; AhrefsBot/7.0; +http://ahrefs.com/robot/)"
209.74.77.214 - - [13/Jul/2025:20:15:29 +0000] "POST /wp-admin/admin-ajax.php?action=async_litespeed&nonce=Gw5THlobStUirrbrjp9ljr3tjbocDodw&litespeed_type=imgoptm HTTP/1.1" 200 21 "-" "WordPress/6.8.1; https://cyber-secure.com.au"
66.249.73.237 - - [13/Jul/2025:20:16:13 +0000] "GET /?e=58140028001000&mod=b4d22bb5&uri=blog.php%3Fid%3D1940160-803%26name%3Dfantic+xf1+integra+carbon+peso HTTP/1.1" 200 22404 "-" "Mozilla/5.0 (compatible; Googlebot/2.1; +http://www.google.com/bot.html)"
209.74.77.214 - - [13/Jul/2025:20:19:22 +0000] "POST /wp-cron.php?doing_wp_cron=1752437962.5415539741516113281250 HTTP/1.1" 200 - "-" "WordPress/6.8.1; https://cyber-secure.com.au"
66.249.73.237 - - [13/Jul/2025:20:19:21 +0000] "GET /?e=58256231031000&mod=b6edc1cd&uri=info.php%3Fid%3D1944040-81%26name%3Dpoltrone+letto+usate HTTP/1.1" 301 - "-" "Mozilla/5.0 (Linux; Android 6.0.1; Nexus 5X Build/MMB29P) AppleWebKit/537.36 (KHTML, like Gecko) Chrome/137.0.7151.103 Mobile Safari/537.36 (compatible; GoogleOther)"
209.74.77.214 - - [13/Jul/2025:20:19:22 +0000] "POST /wp-admin/admin-ajax.php?action=async_litespeed&nonce=49omNkIh2u3dWdFrgXQ9Jv6l2z90JEmk&litespeed_type=imgoptm HTTP/1.1" 200 21 "-" "WordPress/6.8.1; https://cyber-secure.com.au"
66.249.73.236 - - [13/Jul/2025:20:19:41 +0000] "GET /?e=58256231031000&mod=b6edc1cd&uri=info.php%3Fid%3D1944040-81%26name%3Dpoltrone%20letto%20usate HTTP/1.1" 200 26104 "-" "Mozilla/5.0 (Linux; Android 6.0.1; Nexus 5X Build/MMB29P) AppleWebKit/537.36 (KHTML, like Gecko) Chrome/137.0.7151.103 Mobile Safari/537.36 (compatible; GoogleOther)"
209.74.77.214 - - [13/Jul/2025:20:22:31 +0000] "POST /wp-cron.php?doing_wp_cron=1752438151.0088369846343994140625 HTTP/1.1" 200 - "-" "WordPress/6.8.1; https://cyber-secure.com.au"
66.249.73.236 - - [13/Jul/2025:20:22:28 +0000] "GET /?e=32919518001000&mod=4f3d7d38&uri=info.php%3Fid%3D1098718-537%26name%3Dfull+white+dress+design HTTP/1.1" 301 - "-" "Mozilla/5.0 (Linux; Android 6.0.1; Nexus 5X Build/MMB29P) AppleWebKit/537.36 (KHTML, like Gecko) Chrome/137.0.7151.103 Mobile Safari/537.36 (compatible; GoogleOther)"
209.74.77.214 - - [13/Jul/2025:20:22:31 +0000] "POST /wp-admin/admin-ajax.php?action=async_litespeed&nonce=wFV4QfjHcUdoBxvUdhYCPN6vsDF9rHXk&litespeed_type=imgoptm HTTP/1.1" 200 21 "-" "WordPress/6.8.1; https://cyber-secure.com.au"
66.249.73.235 - - [13/Jul/2025:20:22:42 +0000] "GET /?e=58138468041000&mod=b4d22bb5&uri=article.php%3Fid%3D1940108-803%26name%3Dhope+tech+v4+usati HTTP/1.1" 200 22044 "-" "Mozilla/5.0 (compatible; Googlebot/2.1; +http://www.google.com/bot.html)"
66.249.73.235 - - [13/Jul/2025:20:22:57 +0000] "GET /?e=32919518001000&mod=4f3d7d38&uri=info.php%3Fid%3D1098718-537%26name%3Dfull%20white%20dress%20design HTTP/1.1" 200 26106 "-" "Mozilla/5.0 (Linux; Android 6.0.1; Nexus 5X Build/MMB29P) AppleWebKit/537.36 (KHTML, like Gecko) Chrome/137.0.7151.103 Mobile Safari/537.36 (compatible; GoogleOther)"
209.74.77.214 - - [13/Jul/2025:20:23:22 +0000] "POST /wp-cron.php?doing_wp_cron=1752438202.9427850246429443359375 HTTP/1.1" 200 - "-" "WordPress/6.8.1; https://cyber-secure.com.au"
66.249.73.236 - - [13/Jul/2025:20:23:22 +0000] "GET /?e=980719091000&mod=9cc138f8&uri=category-info.php%3Fid%3D32748-63%26name%3Dnike+airs+all+white HTTP/1.1" 301 - "-" "Mozilla/5.0 (Linux; Android 6.0.1; Nexus 5X Build/MMB29P) AppleWebKit/537.36 (KHTML, like Gecko) Chrome/137.0.7151.103 Mobile Safari/537.36 (compatible; GoogleOther)"
209.74.77.214 - - [13/Jul/2025:20:23:23 +0000] "POST /wp-admin/admin-ajax.php?action=async_litespeed&nonce=ebYHpaWNMDBWjZkDvXPAC9uxUasS8IoQ&litespeed_type=imgoptm HTTP/1.1" 200 21 "-" "WordPress/6.8.1; https://cyber-secure.com.au"
66.249.73.236 - - [13/Jul/2025:20:23:45 +0000] "GET /?e=980719091000&mod=9cc138f8&uri=category-info.php%3Fid%3D32748-63%26name%3Dnike%20airs%20all%20white HTTP/1.1" 200 26107 "-" "Mozilla/5.0 (Linux; Android 6.0.1; Nexus 5X Build/MMB29P) AppleWebKit/537.36 (KHTML, like Gecko) Chrome/137.0.7151.103 Mobile Safari/537.36 (compatible; GoogleOther)"
209.74.77.214 - - [13/Jul/2025:20:25:51 +0000] "POST /wp-cron.php?doing_wp_cron=1752438351.7435879707336425781250 HTTP/1.1" 200 - "-" "WordPress/6.8.1; https://cyber-secure.com.au"
51.222.253.14 - - [13/Jul/2025:20:25:50 +0000] "GET /?e=57329665011000&mod=d28a3097&uri=pin.php%3Fid%3D1913121-952%26name%3Ddakimakura+nico+robin HTTP/1.1" 301 - "-" "Mozilla/5.0 (compatible; AhrefsBot/7.0; +http://ahrefs.com/robot/)"
209.74.77.214 - - [13/Jul/2025:20:25:51 +0000] "POST /wp-admin/admin-ajax.php?action=async_litespeed&nonce=WXxUEqbZKGytLirIjq469HqwOC3WgvU6&litespeed_type=imgoptm HTTP/1.1" 200 21 "-" "WordPress/6.8.1; https://cyber-secure.com.au"
66.249.73.235 - - [13/Jul/2025:20:27:42 +0000] "GET /?e=58141528061000&mod=b4d22bb5&uri=products.php%3Fid%3D1940210-803%26name%3Datala+cruiser+classic HTTP/1.1" 200 22235 "-" "Mozilla/5.0 (compatible; Googlebot/2.1; +http://www.google.com/bot.html)"
209.74.77.214 - - [13/Jul/2025:20:30:40 +0000] "POST /wp-cron.php?doing_wp_cron=1752438640.5064299106597900390625 HTTP/1.1" 200 - "-" "WordPress/6.8.1; https://cyber-secure.com.au"
66.249.73.236 - - [13/Jul/2025:20:30:39 +0000] "GET /?e=19658281011000&mod=b7c13b0a&uri=article.php%3Fid%3D656220-751%26name%3Dmochila+shimano+unzen HTTP/1.1" 301 - "-" "Mozilla/5.0 (Linux; Android 6.0.1; Nexus 5X Build/MMB29P) AppleWebKit/537.36 (KHTML, like Gecko) Chrome/137.0.7151.103 Mobile Safari/537.36 (compatible; GoogleOther)"
209.74.77.214 - - [13/Jul/2025:20:30:40 +0000] "POST /wp-admin/admin-ajax.php?action=async_litespeed&nonce=livoJwRhNu91dbxf1eKfUhuLcD1hCyJr&litespeed_type=imgoptm HTTP/1.1" 200 21 "-" "WordPress/6.8.1; https://cyber-secure.com.au"
66.249.73.235 - - [13/Jul/2025:20:30:59 +0000] "GET /?e=19660081021000&mod=f4f1f13c&uri=news.php%3Fid%3D656280-750%26name%3Dneceser+nicole+lee HTTP/1.1" 301 - "-" "Mozilla/5.0 (Linux; Android 6.0.1; Nexus 5X Build/MMB29P) AppleWebKit/537.36 (KHTML, like Gecko) Chrome/137.0.7151.103 Mobile Safari/537.36 (compatible; GoogleOther)"
209.74.77.214 - - [13/Jul/2025:20:31:21 +0000] "POST /wp-cron.php?doing_wp_cron=1752438681.7388069629669189453125 HTTP/1.1" 200 - "-" "WordPress/6.8.1; https://cyber-secure.com.au"
51.222.253.15 - - [13/Jul/2025:20:31:21 +0000] "GET /?e=58795275061000&mod=2410f01c&uri=shop.php%3Fid%3D1962024-1352%26name%3Dflipkart+mens+casual+shirts HTTP/1.1" 301 - "-" "Mozilla/5.0 (compatible; AhrefsBot/7.0; +http://ahrefs.com/robot/)"
209.74.77.214 - - [13/Jul/2025:20:31:21 +0000] "POST /wp-admin/admin-ajax.php?action=async_litespeed&nonce=N0CTOkuIhMQlaGW48dlOGijhkxbNnW1c&litespeed_type=imgoptm HTTP/1.1" 200 21 "-" "WordPress/6.8.1; https://cyber-secure.com.au"
66.249.73.235 - - [13/Jul/2025:20:31:25 +0000] "GET /?e=19658281011000&mod=b7c13b0a&uri=article.php%3Fid%3D656220-751%26name%3Dmochila%20shimano%20unzen HTTP/1.1" 200 26109 "-" "Mozilla/5.0 (Linux; Android 6.0.1; Nexus 5X Build/MMB29P) AppleWebKit/537.36 (KHTML, like Gecko) Chrome/137.0.7151.103 Mobile Safari/537.36 (compatible; GoogleOther)"
66.249.73.235 - - [13/Jul/2025:20:31:45 +0000] "GET /?e=19660081021000&mod=f4f1f13c&uri=news.php%3Fid%3D656280-750%26name%3Dneceser%20nicole%20lee HTTP/1.1" 200 26106 "-" "Mozilla/5.0 (Linux; Android 6.0.1; Nexus 5X Build/MMB29P) AppleWebKit/537.36 (KHTML, like Gecko) Chrome/137.0.7151.103 Mobile Safari/537.36 (compatible; GoogleOther)"
