66.249.64.132 - - [13/Jul/2025:16:31:42 +0000] "GET /?e=33187731001000&mod=35a12c43&uri=category-info.php%3Fid%3D1107684-702%26name%3Drobe%20asym%C3%83%C2%A9trique%20courte HTTP/1.1" 200 26108 "-" "Mozilla/5.0 (Linux; Android 6.0.1; Nexus 5X Build/MMB29P) AppleWebKit/537.36 (KHTML, like Gecko) Chrome/137.0.7151.103 Mobile Safari/537.36 (compatible; GoogleOther)"
66.249.64.132 - - [13/Jul/2025:16:31:55 +0000] "GET /?e=869334041000&mod=6c9882bb&uri=category-info.php%3Fid%3D29030-25%26name%3Dvideo+bf4+xbox HTTP/1.1" 200 21706 "-" "Mozilla/5.0 (compatible; Googlebot/2.1; +http://www.google.com/bot.html)"
209.74.77.214 - - [13/Jul/2025:16:32:46 +0000] "POST /wp-cron.php?doing_wp_cron=1752424366.1765689849853515625000 HTTP/1.1" 200 - "-" "WordPress/6.8.1; https://cyber-secure.com.au"
66.249.64.129 - - [13/Jul/2025:16:32:44 +0000] "GET /?e=1021919061000&mod=884d247c&uri=pin.php%3Fid%3D34123-65%26name%3Dgalerie+lafayette+converse+comme+des+garcons HTTP/1.1" 301 - "-" "Mozilla/5.0 (Linux; Android 6.0.1; Nexus 5X Build/MMB29P) AppleWebKit/537.36 (KHTML, like Gecko) Chrome/137.0.7151.103 Mobile Safari/537.36 (compatible; GoogleOther)"
209.74.77.214 - - [13/Jul/2025:16:32:46 +0000] "POST /wp-admin/admin-ajax.php?action=async_litespeed&nonce=FLea9KuvPEIMK0WYS4u90JPWUEAysCZN&litespeed_type=imgoptm HTTP/1.1" 200 21 "-" "WordPress/6.8.1; https://cyber-secure.com.au"
66.249.64.132 - - [13/Jul/2025:16:33:01 +0000] "GET /?e=1021919061000&mod=884d247c&uri=pin.php%3Fid%3D34123-65%26name%3Dgalerie%20lafayette%20converse%20comme%20des%20garcons HTTP/1.1" 200 26100 "-" "Mozilla/5.0 (Linux; Android 6.0.1; Nexus 5X Build/MMB29P) AppleWebKit/537.36 (KHTML, like Gecko) Chrome/137.0.7151.103 Mobile Safari/537.36 (compatible; GoogleOther)"
209.74.77.214 - - [13/Jul/2025:16:34:34 +0000] "POST /wp-cron.php?doing_wp_cron=1752424474.6858439445495605468750 HTTP/1.1" 200 - "-" "WordPress/6.8.1; https://cyber-secure.com.au"
66.249.64.132 - - [13/Jul/2025:16:34:33 +0000] "GET /?e=19648471071000&mod=b7c13b0a&uri=products.php%3Fid%3D655893-751%26name%3Dmochila+guagua HTTP/1.1" 301 - "-" "Mozilla/5.0 (Linux; Android 6.0.1; Nexus 5X Build/MMB29P) AppleWebKit/537.36 (KHTML, like Gecko) Chrome/137.0.7151.103 Mobile Safari/537.36 (compatible; GoogleOther)"
209.74.77.214 - - [13/Jul/2025:16:34:34 +0000] "POST /wp-admin/admin-ajax.php?action=async_litespeed&nonce=XTjV1mO8dvLWgAqvL2IUePNhtcbufvGp&litespeed_type=imgoptm HTTP/1.1" 200 21 "-" "WordPress/6.8.1; https://cyber-secure.com.au"
66.249.64.132 - - [13/Jul/2025:16:34:52 +0000] "GET /?e=19648471071000&mod=b7c13b0a&uri=products.php%3Fid%3D655893-751%26name%3Dmochila%20guagua HTTP/1.1" 200 26105 "-" "Mozilla/5.0 (Linux; Android 6.0.1; Nexus 5X Build/MMB29P) AppleWebKit/537.36 (KHTML, like Gecko) Chrome/137.0.7151.103 Mobile Safari/537.36 (compatible; GoogleOther)"
209.74.77.214 - - [13/Jul/2025:16:35:53 +0000] "POST /wp-cron.php?doing_wp_cron=1752424553.4032950401306152343750 HTTP/1.1" 200 - "-" "WordPress/6.8.1; https://cyber-secure.com.au"
66.249.64.132 - - [13/Jul/2025:16:35:51 +0000] "GET /?e=116589412071000&mod=fe51510c&uri=pin.php%3Fid%3D3890997-133%26name%3Damazon+watch+sale HTTP/1.1" 301 - "-" "Mozilla/5.0 (Linux; Android 6.0.1; Nexus 5X Build/MMB29P) AppleWebKit/537.36 (KHTML, like Gecko) Chrome/137.0.7151.103 Mobile Safari/537.36 (compatible; GoogleOther)"
209.74.77.214 - - [13/Jul/2025:16:35:53 +0000] "POST /wp-admin/admin-ajax.php?action=async_litespeed&nonce=YsKscRqU1FYNRanQrouPVzvdPiocnOD0&litespeed_type=imgoptm HTTP/1.1" 200 21 "-" "WordPress/6.8.1; https://cyber-secure.com.au"
51.222.253.9 - - [13/Jul/2025:16:36:06 +0000] "GET /?e=112195594011000&uri=search.php%3Fid%3D3744363-1559%26name%3Dbrooks%20fiona%20sports%20bra HTTP/1.1" 200 26106 "-" "Mozilla/5.0 (compatible; AhrefsBot/7.0; +http://ahrefs.com/robot/)"
209.74.77.214 - - [13/Jul/2025:16:36:14 +0000] "POST /wp-cron.php?doing_wp_cron=1752424574.0886769294738769531250 HTTP/1.1" 200 - "-" "WordPress/6.8.1; https://cyber-secure.com.au"
209.74.77.214 - - [13/Jul/2025:16:36:14 +0000] "POST /wp-admin/admin-ajax.php?action=async_litespeed&nonce=4XsDjmJ3OvdRUcRCQZUk7Wxiz878ARdp&litespeed_type=imgoptm HTTP/1.1" 200 21 "-" "WordPress/6.8.1; https://cyber-secure.com.au"
66.249.64.129 - - [13/Jul/2025:16:36:13 +0000] "GET /?e=116589412071000&mod=fe51510c&uri=pin.php%3Fid%3D3890997-133%26name%3Damazon%20watch%20sale HTTP/1.1" 200 26101 "-" "Mozilla/5.0 (Linux; Android 6.0.1; Nexus 5X Build/MMB29P) AppleWebKit/537.36 (KHTML, like Gecko) Chrome/137.0.7151.103 Mobile Safari/537.36 (compatible; GoogleOther)"
66.249.64.128 - - [13/Jul/2025:16:36:34 +0000] "GET /?e=77451633031000&mod=28b9f8aa&uri=goods.php%3Fid%3D2584633-523%26name%3Dtuta+adidas+verde+donna HTTP/1.1" 301 - "-" "Mozilla/5.0 (Linux; Android 6.0.1; Nexus 5X Build/MMB29P) AppleWebKit/537.36 (KHTML, like Gecko) Chrome/137.0.7151.103 Mobile Safari/537.36 (compatible; GoogleOther)"
66.249.64.132 - - [13/Jul/2025:16:36:52 +0000] "GET /?e=77451633031000&mod=28b9f8aa&uri=goods.php%3Fid%3D2584633-523%26name%3Dtuta%20adidas%20verde%20donna HTTP/1.1" 200 26106 "-" "Mozilla/5.0 (Linux; Android 6.0.1; Nexus 5X Build/MMB29P) AppleWebKit/537.36 (KHTML, like Gecko) Chrome/137.0.7151.103 Mobile Safari/537.36 (compatible; GoogleOther)"
209.74.77.214 - - [13/Jul/2025:16:37:09 +0000] "POST /wp-cron.php?doing_wp_cron=1752424629.9125289916992187500000 HTTP/1.1" 200 - "-" "WordPress/6.8.1; https://cyber-secure.com.au"
66.249.64.132 - - [13/Jul/2025:16:37:09 +0000] "GET /?e=34487647001000&mod=c922de9e&uri=form.php%3Fid%3D1151070-313%26name%3Dbeuteltasche+grau HTTP/1.1" 301 - "-" "Mozilla/5.0 (Linux; Android 6.0.1; Nexus 5X Build/MMB29P) AppleWebKit/537.36 (KHTML, like Gecko) Chrome/137.0.7151.103 Mobile Safari/537.36 (compatible; GoogleOther)"
209.74.77.214 - - [13/Jul/2025:16:37:31 +0000] "POST /wp-cron.php?doing_wp_cron=1752424651.3387379646301269531250 HTTP/1.1" 200 - "-" "WordPress/6.8.1; https://cyber-secure.com.au"
209.74.77.214 - - [13/Jul/2025:16:37:31 +0000] "POST /wp-admin/admin-ajax.php?action=async_litespeed&nonce=kuE1w7YXJ2uGG3qi3Zvkv99XHkAs9VoT&litespeed_type=imgoptm HTTP/1.1" 200 21 "-" "WordPress/6.8.1; https://cyber-secure.com.au"
66.249.64.128 - - [13/Jul/2025:16:37:25 +0000] "GET /?e=34487647001000&mod=c922de9e&uri=form.php%3Fid%3D1151070-313%26name%3Dbeuteltasche%20grau HTTP/1.1" 200 26105 "-" "Mozilla/5.0 (Linux; Android 6.0.1; Nexus 5X Build/MMB29P) AppleWebKit/537.36 (KHTML, like Gecko) Chrome/137.0.7151.103 Mobile Safari/537.36 (compatible; GoogleOther)"
66.249.64.132 - - [13/Jul/2025:16:37:58 +0000] "GET /?e=58138768091000&mod=b4d22bb5&uri=dp.php%3Fid%3D1940118-803%26name%3Dpit+bike+economiche HTTP/1.1" 200 21380 "-" "Mozilla/5.0 (compatible; Googlebot/2.1; +http://www.google.com/bot.html)"
209.74.77.214 - - [13/Jul/2025:16:40:03 +0000] "POST /wp-cron.php?doing_wp_cron=1752424803.4555380344390869140625 HTTP/1.1" 200 - "-" "WordPress/6.8.1; https://cyber-secure.com.au"
66.249.64.128 - - [13/Jul/2025:16:40:01 +0000] "GET /?e=116450411041000&mod=dc9fa5f2&uri=us.php%3Fid%3D3886360-784%26name%3Dadidas+ultra+boost+20+rebel HTTP/1.1" 301 - "-" "Mozilla/5.0 (Linux; Android 6.0.1; Nexus 5X Build/MMB29P) AppleWebKit/537.36 (KHTML, like Gecko) Chrome/137.0.7151.103 Mobile Safari/537.36 (compatible; GoogleOther)"
209.74.77.214 - - [13/Jul/2025:16:40:03 +0000] "POST /wp-admin/admin-ajax.php?action=async_litespeed&nonce=pAoTL3ZzNqOaQ5fmpNmhOOqgVOY1jWJQ&litespeed_type=imgoptm HTTP/1.1" 200 21 "-" "WordPress/6.8.1; https://cyber-secure.com.au"
209.74.77.214 - - [13/Jul/2025:16:40:35 +0000] "POST /wp-cron.php?doing_wp_cron=1752424835.2451200485229492187500 HTTP/1.1" 200 - "-" "WordPress/6.8.1; https://cyber-secure.com.au"
209.74.77.214 - - [13/Jul/2025:16:40:35 +0000] "POST /wp-admin/admin-ajax.php?action=async_litespeed&nonce=oH3UD2mchhbIcu6c2FaK7s25ifslU17q&litespeed_type=imgoptm HTTP/1.1" 200 21 "-" "WordPress/6.8.1; https://cyber-secure.com.au"
66.249.64.128 - - [13/Jul/2025:16:40:34 +0000] "GET /?e=116450411041000&mod=dc9fa5f2&uri=us.php%3Fid%3D3886360-784%26name%3Dadidas%20ultra%20boost%2020%20rebel HTTP/1.1" 200 26105 "-" "Mozilla/5.0 (Linux; Android 6.0.1; Nexus 5X Build/MMB29P) AppleWebKit/537.36 (KHTML, like Gecko) Chrome/137.0.7151.103 Mobile Safari/537.36 (compatible; GoogleOther)"
209.74.77.214 - - [13/Jul/2025:16:41:49 +0000] "POST /wp-cron.php?doing_wp_cron=1752424909.2668740749359130859375 HTTP/1.1" 200 - "-" "WordPress/6.8.1; https://cyber-secure.com.au"
66.249.64.128 - - [13/Jul/2025:16:41:47 +0000] "GET /?e=4262127041000&mod=55a988df&uri=article.php%3Fid%3D142256-253%26name%3Dlight+kit+lego+old+trafford HTTP/1.1" 301 - "-" "Mozilla/5.0 (Linux; Android 6.0.1; Nexus 5X Build/MMB29P) AppleWebKit/537.36 (KHTML, like Gecko) Chrome/137.0.7151.103 Mobile Safari/537.36 (compatible; GoogleOther)"
209.74.77.214 - - [13/Jul/2025:16:41:49 +0000] "POST /wp-admin/admin-ajax.php?action=async_litespeed&nonce=vymnObYu2NoOiLPIMAyW8kgoXW87TtP8&litespeed_type=imgoptm HTTP/1.1" 200 21 "-" "WordPress/6.8.1; https://cyber-secure.com.au"
209.74.77.214 - - [13/Jul/2025:16:42:18 +0000] "POST /wp-cron.php?doing_wp_cron=1752424938.8087430000305175781250 HTTP/1.1" 200 - "-" "WordPress/6.8.1; https://cyber-secure.com.au"
209.74.77.214 - - [13/Jul/2025:16:42:18 +0000] "POST /wp-admin/admin-ajax.php?action=async_litespeed&nonce=ZfBvtJDPeZm2qLm2oL5Opk6RnVK2S56M&litespeed_type=imgoptm HTTP/1.1" 200 21 "-" "WordPress/6.8.1; https://cyber-secure.com.au"
66.249.64.128 - - [13/Jul/2025:16:42:18 +0000] "GET /?e=4262127041000&mod=55a988df&uri=article.php%3Fid%3D142256-253%26name%3Dlight%20kit%20lego%20old%20trafford HTTP/1.1" 200 26106 "-" "Mozilla/5.0 (Linux; Android 6.0.1; Nexus 5X Build/MMB29P) AppleWebKit/537.36 (KHTML, like Gecko) Chrome/137.0.7151.103 Mobile Safari/537.36 (compatible; GoogleOther)"
66.249.64.132 - - [13/Jul/2025:16:42:59 +0000] "GET /?e=873534001000&mod=6c9882bb&uri=category-info.php%3Fid%3D29170-25%26name%3Dxbox+game+pass+black+friday HTTP/1.1" 200 21706 "-" "Mozilla/5.0 (compatible; Googlebot/2.1; +http://www.google.com/bot.html)"
209.74.77.214 - - [13/Jul/2025:16:43:11 +0000] "POST /wp-cron.php?doing_wp_cron=1752424991.2525780200958251953125 HTTP/1.1" 200 - "-" "WordPress/6.8.1; https://cyber-secure.com.au"
66.249.64.132 - - [13/Jul/2025:16:43:10 +0000] "GET /?e=42240157021000&mod=c6036a69&uri=goods.php%3Fid%3D1409730-112%26name%3Djaslen+mochilas HTTP/1.1" 301 - "-" "Mozilla/5.0 (Linux; Android 6.0.1; Nexus 5X Build/MMB29P) AppleWebKit/537.36 (KHTML, like Gecko) Chrome/137.0.7151.103 Mobile Safari/537.36 (compatible; GoogleOther)"
209.74.77.214 - - [13/Jul/2025:16:43:39 +0000] "POST /wp-cron.php?doing_wp_cron=1752425019.7411448955535888671875 HTTP/1.1" 200 - "-" "WordPress/6.8.1; https://cyber-secure.com.au"
209.74.77.214 - - [13/Jul/2025:16:43:39 +0000] "POST /wp-admin/admin-ajax.php?action=async_litespeed&nonce=MPuL7klbmUUnSLDsFSkwg9J7KU3rsilQ&litespeed_type=imgoptm HTTP/1.1" 200 21 "-" "WordPress/6.8.1; https://cyber-secure.com.au"
66.249.64.132 - - [13/Jul/2025:16:43:39 +0000] "GET /?e=42240157021000&mod=c6036a69&uri=goods.php%3Fid%3D1409730-112%26name%3Djaslen%20mochilas HTTP/1.1" 200 26109 "-" "Mozilla/5.0 (Linux; Android 6.0.1; Nexus 5X Build/MMB29P) AppleWebKit/537.36 (KHTML, like Gecko) Chrome/137.0.7151.103 Mobile Safari/537.36 (compatible; GoogleOther)"
66.249.64.132 - - [13/Jul/2025:16:44:03 +0000] "GET /?e=107303054031000&mod=a01a0380&uri=article.php%3Fid%3D3581051-39%26name%3Dbrookline+tufted+dining+chair HTTP/1.1" 301 - "-" "Mozilla/5.0 (Linux; Android 6.0.1; Nexus 5X Build/MMB29P) AppleWebKit/537.36 (KHTML, like Gecko) Chrome/137.0.7151.103 Mobile Safari/537.36 (compatible; GoogleOther)"
209.74.77.214 - - [13/Jul/2025:16:44:26 +0000] "POST /wp-cron.php?doing_wp_cron=1752425066.6145889759063720703125 HTTP/1.1" 200 - "-" "WordPress/6.8.1; https://cyber-secure.com.au"
66.249.64.132 - - [13/Jul/2025:16:44:24 +0000] "GET /?e=114039149051000&mod=fd272fe0&uri=news.php%3Fid%3D3805901-424%26name%3Dsenior+diet+cat+food HTTP/1.1" 301 - "-" "Mozilla/5.0 (Linux; Android 6.0.1; Nexus 5X Build/MMB29P) AppleWebKit/537.36 (KHTML, like Gecko) Chrome/137.0.7151.103 Mobile Safari/537.36 (compatible; GoogleOther)"
209.74.77.214 - - [13/Jul/2025:16:44:26 +0000] "POST /wp-admin/admin-ajax.php?action=async_litespeed&nonce=0UzrqS6G4ANS7HHgTxcMYGvp80zn9TvO&litespeed_type=imgoptm HTTP/1.1" 200 21 "-" "WordPress/6.8.1; https://cyber-secure.com.au"
66.249.64.132 - - [13/Jul/2025:16:44:47 +0000] "GET /?e=107303054031000&mod=a01a0380&uri=article.php%3Fid%3D3581051-39%26name%3Dbrookline%20tufted%20dining%20chair HTTP/1.1" 200 26107 "-" "Mozilla/5.0 (Linux; Android 6.0.1; Nexus 5X Build/MMB29P) AppleWebKit/537.36 (KHTML, like Gecko) Chrome/137.0.7151.103 Mobile Safari/537.36 (compatible; GoogleOther)"
209.74.77.214 - - [13/Jul/2025:16:45:08 +0000] "POST /wp-cron.php?doing_wp_cron=1752425108.9413549900054931640625 HTTP/1.1" 200 - "-" "WordPress/6.8.1; https://cyber-secure.com.au"
66.249.64.132 - - [13/Jul/2025:16:45:08 +0000] "GET /?e=114039149051000&mod=fd272fe0&uri=news.php%3Fid%3D3805901-424%26name%3Dsenior%20diet%20cat%20food HTTP/1.1" 200 26107 "-" "Mozilla/5.0 (Linux; Android 6.0.1; Nexus 5X Build/MMB29P) AppleWebKit/537.36 (KHTML, like Gecko) Chrome/137.0.7151.103 Mobile Safari/537.36 (compatible; GoogleOther)"
209.74.77.214 - - [13/Jul/2025:16:45:28 +0000] "POST /wp-cron.php?doing_wp_cron=1752425128.7937889099121093750000 HTTP/1.1" 200 - "-" "WordPress/6.8.1; https://cyber-secure.com.au"
66.249.64.128 - - [13/Jul/2025:16:45:28 +0000] "GET /?e=72317397031000&mod=cf3c6554&uri=category-info.php%3Fid%3D2413315-1442%26name%3Dcitizen+promaster+diver+200+mt+automatico HTTP/1.1" 301 - "-" "Mozilla/5.0 (Linux; Android 6.0.1; Nexus 5X Build/MMB29P) AppleWebKit/537.36 (KHTML, like Gecko) Chrome/137.0.7151.103 Mobile Safari/537.36 (compatible; GoogleOther)"
209.74.77.214 - - [13/Jul/2025:16:45:28 +0000] "POST /wp-admin/admin-ajax.php?action=async_litespeed&nonce=tXoNm4rlim3Y4GLclqxqQXxJX4rZSxyh&litespeed_type=imgoptm HTTP/1.1" 200 21 "-" "WordPress/6.8.1; https://cyber-secure.com.au"
66.249.64.132 - - [13/Jul/2025:16:45:46 +0000] "GET /?e=99475989001000&mod=5c645cc1&uri=shop.php%3Fid%3D3319769-469%26name%3Dhugo+boss+velox+trainers HTTP/1.1" 301 - "-" "Mozilla/5.0 (Linux; Android 6.0.1; Nexus 5X Build/MMB29P) AppleWebKit/537.36 (KHTML, like Gecko) Chrome/137.0.7151.103 Mobile Safari/537.36 (compatible; GoogleOther)"
66.249.64.132 - - [13/Jul/2025:16:46:02 +0000] "GET /?e=72317397031000&mod=cf3c6554&uri=category-info.php%3Fid%3D2413315-1442%26name%3Dcitizen%20promaster%20diver%20200%20mt%20automatico HTTP/1.1" 200 26112 "-" "Mozilla/5.0 (Linux; Android 6.0.1; Nexus 5X Build/MMB29P) AppleWebKit/537.36 (KHTML, like Gecko) Chrome/137.0.7151.103 Mobile Safari/537.36 (compatible; GoogleOther)"
209.74.77.214 - - [13/Jul/2025:16:46:22 +0000] "POST /wp-cron.php?doing_wp_cron=1752425182.2484281063079833984375 HTTP/1.1" 200 - "-" "WordPress/6.8.1; https://cyber-secure.com.au"
209.74.77.214 - - [13/Jul/2025:16:46:22 +0000] "POST /wp-admin/admin-ajax.php?action=async_litespeed&nonce=9a1y9n8o2p12NfOhPHJkCJzFDRE0CHqa&litespeed_type=imgoptm HTTP/1.1" 200 21 "-" "WordPress/6.8.1; https://cyber-secure.com.au"
66.249.64.132 - - [13/Jul/2025:16:46:22 +0000] "GET /?e=99475989001000&mod=5c645cc1&uri=shop.php%3Fid%3D3319769-469%26name%3Dhugo%20boss%20velox%20trainers HTTP/1.1" 200 26113 "-" "Mozilla/5.0 (Linux; Android 6.0.1; Nexus 5X Build/MMB29P) AppleWebKit/537.36 (KHTML, like Gecko) Chrome/137.0.7151.103 Mobile Safari/537.36 (compatible; GoogleOther)"
66.249.64.132 - - [13/Jul/2025:16:46:36 +0000] "GET /?e=8924053001000&mod=6c9882bb&uri=article.php%3Fid%3D297980-25%26name%3Dscuf+grips+xbox HTTP/1.1" 301 - "-" "Mozilla/5.0 (Linux; Android 6.0.1; Nexus 5X Build/MMB29P) AppleWebKit/537.36 (KHTML, like Gecko) Chrome/137.0.7151.103 Mobile Safari/537.36 (compatible; GoogleOther)"
66.249.64.132 - - [13/Jul/2025:16:46:57 +0000] "GET /?e=8924053001000&mod=6c9882bb&uri=article.php%3Fid%3D297980-25%26name%3Dscuf%20grips%20xbox HTTP/1.1" 200 26108 "-" "Mozilla/5.0 (Linux; Android 6.0.1; Nexus 5X Build/MMB29P) AppleWebKit/537.36 (KHTML, like Gecko) Chrome/137.0.7151.103 Mobile Safari/537.36 (compatible; GoogleOther)"
209.74.77.214 - - [13/Jul/2025:16:47:11 +0000] "POST /wp-cron.php?doing_wp_cron=1752425231.5432579517364501953125 HTTP/1.1" 200 - "-" "WordPress/6.8.1; https://cyber-secure.com.au"
66.249.64.129 - - [13/Jul/2025:16:47:11 +0000] "GET /?e=119519021061000&mod=1b486d7a&uri=search.php%3Fid%3D3988716-827%26name%3Dgriferia+helvex HTTP/1.1" 301 - "-" "Mozilla/5.0 (Linux; Android 6.0.1; Nexus 5X Build/MMB29P) AppleWebKit/537.36 (KHTML, like Gecko) Chrome/137.0.7151.103 Mobile Safari/537.36 (compatible; GoogleOther)"
209.74.77.214 - - [13/Jul/2025:16:47:23 +0000] "POST /wp-cron.php?doing_wp_cron=1752425243.6424169540405273437500 HTTP/1.1" 200 - "-" "WordPress/6.8.1; https://cyber-secure.com.au"
209.74.77.214 - - [13/Jul/2025:16:47:23 +0000] "POST /wp-admin/admin-ajax.php?action=async_litespeed&nonce=qznHNw2avKRG78aMCIEPNXnzgbDbFCWd&litespeed_type=imgoptm HTTP/1.1" 200 21 "-" "WordPress/6.8.1; https://cyber-secure.com.au"
66.249.64.132 - - [13/Jul/2025:16:47:23 +0000] "GET /?e=119519021061000&mod=1b486d7a&uri=search.php%3Fid%3D3988716-827%26name%3Dgriferia%20helvex HTTP/1.1" 200 26103 "-" "Mozilla/5.0 (Linux; Android 6.0.1; Nexus 5X Build/MMB29P) AppleWebKit/537.36 (KHTML, like Gecko) Chrome/137.0.7151.103 Mobile Safari/537.36 (compatible; GoogleOther)"
51.222.253.10 - - [13/Jul/2025:16:47:38 +0000] "GET /?e=104082277021000&uri=us.php%3Fid%3D3473500-963%26name%3Dbulgari%20finissimo%20prezzo HTTP/1.1" 200 26109 "-" "Mozilla/5.0 (compatible; AhrefsBot/7.0; +http://ahrefs.com/robot/)"
66.249.64.132 - - [13/Jul/2025:16:47:39 +0000] "GET /?e=33082957131000&mod=6d0f8463&uri=pin.php%3Fid%3D1104181-92%26name%3D0123movies+new+site+name HTTP/1.1" 301 - "-" "Mozilla/5.0 (Linux; Android 6.0.1; Nexus 5X Build/MMB29P) AppleWebKit/537.36 (KHTML, like Gecko) Chrome/137.0.7151.103 Mobile Safari/537.36 (compatible; GoogleOther)"
66.249.64.132 - - [13/Jul/2025:16:47:50 +0000] "GET /?e=13442175061000&mod=851300ee&uri=dp.php%3Fid%3D448796-173%26name%3Dbest+wooden+puzzles+for+adults HTTP/1.1" 301 - "-" "Mozilla/5.0 (Linux; Android 6.0.1; Nexus 5X Build/MMB29P) AppleWebKit/537.36 (KHTML, like Gecko) Chrome/137.0.7151.103 Mobile Safari/537.36 (compatible; GoogleOther)"
66.249.64.129 - - [13/Jul/2025:16:48:00 +0000] "GET /?e=33082957131000&mod=6d0f8463&uri=pin.php%3Fid%3D1104181-92%26name%3D0123movies%20new%20site%20name HTTP/1.1" 200 26101 "-" "Mozilla/5.0 (Linux; Android 6.0.1; Nexus 5X Build/MMB29P) AppleWebKit/537.36 (KHTML, like Gecko) Chrome/137.0.7151.103 Mobile Safari/537.36 (compatible; GoogleOther)"
209.74.77.214 - - [13/Jul/2025:16:48:10 +0000] "POST /wp-cron.php?doing_wp_cron=1752425290.9405229091644287109375 HTTP/1.1" 200 - "-" "WordPress/6.8.1; https://cyber-secure.com.au"
66.249.64.132 - - [13/Jul/2025:16:48:10 +0000] "GET /?e=13442175061000&mod=851300ee&uri=dp.php%3Fid%3D448796-173%26name%3Dbest%20wooden%20puzzles%20for%20adults HTTP/1.1" 200 26106 "-" "Mozilla/5.0 (Linux; Android 6.0.1; Nexus 5X Build/MMB29P) AppleWebKit/537.36 (KHTML, like Gecko) Chrome/137.0.7151.103 Mobile Safari/537.36 (compatible; GoogleOther)"
66.249.64.128 - - [13/Jul/2025:16:48:14 +0000] "GET /?e=4191949001000&mod=070dbb60&uri=article.php%3Fid%3D139914-252%26name%3Dcolor+blue+jean HTTP/1.1" 200 21710 "-" "Mozilla/5.0 (Linux; Android 6.0.1; Nexus 5X Build/MMB29P) AppleWebKit/537.36 (KHTML, like Gecko) Chrome/137.0.7151.103 Mobile Safari/537.36 (compatible; Googlebot/2.1; +http://www.google.com/bot.html)"
209.74.77.214 - - [13/Jul/2025:16:48:29 +0000] "POST /wp-cron.php?doing_wp_cron=1752425309.7294309139251708984375 HTTP/1.1" 200 - "-" "WordPress/6.8.1; https://cyber-secure.com.au"
66.249.64.132 - - [13/Jul/2025:16:48:29 +0000] "GET /?e=33201021001000&mod=35a12c43&uri=form.php%3Fid%3D1108128-702%26name%3Drobe+bustier+rose+pale HTTP/1.1" 301 - "-" "Mozilla/5.0 (Linux; Android 6.0.1; Nexus 5X Build/MMB29P) AppleWebKit/537.36 (KHTML, like Gecko) Chrome/137.0.7151.103 Mobile Safari/537.36 (compatible; GoogleOther)"
209.74.77.214 - - [13/Jul/2025:16:48:29 +0000] "POST /wp-admin/admin-ajax.php?action=async_litespeed&nonce=9KZRNcELGiqVhLqShqgrqebFAfKgECqD&litespeed_type=imgoptm HTTP/1.1" 200 21 "-" "WordPress/6.8.1; https://cyber-secure.com.au"
66.249.64.132 - - [13/Jul/2025:16:48:40 +0000] "GET /?e=33201021001000&mod=35a12c43&uri=form.php%3Fid%3D1108128-702%26name%3Drobe%20bustier%20rose%20pale HTTP/1.1" 200 26109 "-" "Mozilla/5.0 (Linux; Android 6.0.1; Nexus 5X Build/MMB29P) AppleWebKit/537.36 (KHTML, like Gecko) Chrome/137.0.7151.103 Mobile Safari/537.36 (compatible; GoogleOther)"
66.249.64.132 - - [13/Jul/2025:16:48:45 +0000] "POST /get-message-notify HTTP/1.1" 200 21391 "https://cyber-secure.com.au/?e=4191949001000&mod=070dbb60&uri=article.php%3Fid%3D139914-252%26name%3Dcolor+blue+jean" "Mozilla/5.0 (Linux; Android 6.0.1; Nexus 5X Build/MMB29P) AppleWebKit/537.36 (KHTML, like Gecko) Chrome/137.0.7151.119 Mobile Safari/537.36 (compatible; Googlebot/2.1; +http://www.google.com/bot.html)"
66.249.64.132 - - [13/Jul/2025:16:48:51 +0000] "GET /?e=19644181001000&mod=c54d2118&uri=shop.php%3Fid%3D655750-729%26name%3Dpromo+sepatu+skechers HTTP/1.1" 301 - "-" "Mozilla/5.0 (Linux; Android 6.0.1; Nexus 5X Build/MMB29P) AppleWebKit/537.36 (KHTML, like Gecko) Chrome/137.0.7151.103 Mobile Safari/537.36 (compatible; GoogleOther)"
66.249.64.132 - - [13/Jul/2025:16:48:56 +0000] "GET /?e=875094061000&mod=335f5352&uri=product.php%3Fid%3D29222-24%26name%3Du+moto+bike HTTP/1.1" 200 22437 "-" "Mozilla/5.0 (compatible; Googlebot/2.1; +http://www.google.com/bot.html)"
66.249.64.129 - - [13/Jul/2025:16:49:01 +0000] "GET /?e=16991781121000&mod=a6ce9144&uri=goods.php%3Fid%3D567234-678%26name%3Diphone12+car+charger HTTP/1.1" 301 - "-" "Mozilla/5.0 (Linux; Android 6.0.1; Nexus 5X Build/MMB29P) AppleWebKit/537.36 (KHTML, like Gecko) Chrome/137.0.7151.103 Mobile Safari/537.36 (compatible; GoogleOther)"
209.74.77.214 - - [13/Jul/2025:16:49:09 +0000] "POST /wp-cron.php?doing_wp_cron=1752425349.7344269752502441406250 HTTP/1.1" 200 - "-" "WordPress/6.8.1; https://cyber-secure.com.au"
66.249.64.128 - - [13/Jul/2025:16:49:09 +0000] "GET /?e=19644181001000&mod=c54d2118&uri=shop.php%3Fid%3D655750-729%26name%3Dpromo%20sepatu%20skechers HTTP/1.1" 200 26103 "-" "Mozilla/5.0 (Linux; Android 6.0.1; Nexus 5X Build/MMB29P) AppleWebKit/537.36 (KHTML, like Gecko) Chrome/137.0.7151.103 Mobile Safari/537.36 (compatible; GoogleOther)"
66.249.64.132 - - [13/Jul/2025:16:49:17 +0000] "POST /get-message-notify HTTP/1.1" 200 21401 "https://cyber-secure.com.au/?e=875094061000&mod=335f5352&uri=product.php%3Fid%3D29222-24%26name%3Du+moto+bike" "Mozilla/5.0 AppleWebKit/537.36 (KHTML, like Gecko; compatible; Googlebot/2.1; +http://www.google.com/bot.html) Chrome/137.0.7151.119 Safari/537.36"
209.74.77.214 - - [13/Jul/2025:16:49:20 +0000] "POST /wp-cron.php?doing_wp_cron=1752425360.5661299228668212890625 HTTP/1.1" 200 - "-" "WordPress/6.8.1; https://cyber-secure.com.au"
209.74.77.214 - - [13/Jul/2025:16:49:20 +0000] "POST /wp-admin/admin-ajax.php?action=async_litespeed&nonce=KwTpJVcA3PTh2h9il59DToNfJy7oqDrE&litespeed_type=imgoptm HTTP/1.1" 200 21 "-" "WordPress/6.8.1; https://cyber-secure.com.au"
66.249.64.132 - - [13/Jul/2025:16:49:20 +0000] "GET /?e=16991781121000&mod=a6ce9144&uri=goods.php%3Fid%3D567234-678%26name%3Diphone12%20car%20charger HTTP/1.1" 200 26106 "-" "Mozilla/5.0 (Linux; Android 6.0.1; Nexus 5X Build/MMB29P) AppleWebKit/537.36 (KHTML, like Gecko) Chrome/137.0.7151.103 Mobile Safari/537.36 (compatible; GoogleOther)"
66.249.64.132 - - [13/Jul/2025:16:49:29 +0000] "GET /?e=33217208041000&mod=851300ee&uri=form.php%3Fid%3D1108668-173%26name%3Dmatt+kenseth+diecast+cars HTTP/1.1" 301 - "-" "Mozilla/5.0 (Linux; Android 6.0.1; Nexus 5X Build/MMB29P) AppleWebKit/537.36 (KHTML, like Gecko) Chrome/137.0.7151.103 Mobile Safari/537.36 (compatible; GoogleOther)"
66.249.64.132 - - [13/Jul/2025:16:49:38 +0000] "GET /?e=33220328061000&mod=851300ee&uri=article.php%3Fid%3D1108772-173%26name%3Dmercedes+benz+s+class+diecast+model HTTP/1.1" 301 - "-" "Mozilla/5.0 (Linux; Android 6.0.1; Nexus 5X Build/MMB29P) AppleWebKit/537.36 (KHTML, like Gecko) Chrome/137.0.7151.103 Mobile Safari/537.36 (compatible; GoogleOther)"
66.249.64.132 - - [13/Jul/2025:16:49:46 +0000] "GET /?e=33217208041000&mod=851300ee&uri=form.php%3Fid%3D1108668-173%26name%3Dmatt%20kenseth%20diecast%20cars HTTP/1.1" 200 26109 "-" "Mozilla/5.0 (Linux; Android 6.0.1; Nexus 5X Build/MMB29P) AppleWebKit/537.36 (KHTML, like Gecko) Chrome/137.0.7151.103 Mobile Safari/537.36 (compatible; GoogleOther)"
66.249.64.132 - - [13/Jul/2025:16:49:57 +0000] "GET /?e=33220328061000&mod=851300ee&uri=article.php%3Fid%3D1108772-173%26name%3Dmercedes%20benz%20s%20class%20diecast%20model HTTP/1.1" 200 26103 "-" "Mozilla/5.0 (Linux; Android 6.0.1; Nexus 5X Build/MMB29P) AppleWebKit/537.36 (KHTML, like Gecko) Chrome/137.0.7151.103 Mobile Safari/537.36 (compatible; GoogleOther)"
209.74.77.214 - - [13/Jul/2025:16:50:28 +0000] "POST /wp-cron.php?doing_wp_cron=1752425428.5849781036376953125000 HTTP/1.1" 200 - "-" "WordPress/6.8.1; https://cyber-secure.com.au"
66.249.64.128 - - [13/Jul/2025:16:50:28 +0000] "GET /?e=98998652091000&mod=af12e5e5&uri=us.php%3Fid%3D3303833-1604%26name%3Ddiy+dog+turf+potty HTTP/1.1" 301 - "-" "Mozilla/5.0 (Linux; Android 6.0.1; Nexus 5X Build/MMB29P) AppleWebKit/537.36 (KHTML, like Gecko) Chrome/137.0.7151.103 Mobile Safari/537.36 (compatible; GoogleOther)"
209.74.77.214 - - [13/Jul/2025:16:50:28 +0000] "POST /wp-admin/admin-ajax.php?action=async_litespeed&nonce=HU5195fjdNm3iMIBHKMt8r0kHoopNHad&litespeed_type=imgoptm HTTP/1.1" 200 21 "-" "WordPress/6.8.1; https://cyber-secure.com.au"
66.249.64.132 - - [13/Jul/2025:16:50:36 +0000] "GET /?e=98998652091000&mod=af12e5e5&uri=us.php%3Fid%3D3303833-1604%26name%3Ddiy%20dog%20turf%20potty HTTP/1.1" 200 26103 "-" "Mozilla/5.0 (Linux; Android 6.0.1; Nexus 5X Build/MMB29P) AppleWebKit/537.36 (KHTML, like Gecko) Chrome/137.0.7151.103 Mobile Safari/537.36 (compatible; GoogleOther)"
66.249.64.129 - - [13/Jul/2025:16:51:01 +0000] "GET /?e=16996207001000&mod=a01a0380&uri=goods.php%3Fid%3D567382-39%26name%3Dgray+rocker+glider HTTP/1.1" 301 - "-" "Mozilla/5.0 (Linux; Android 6.0.1; Nexus 5X Build/MMB29P) AppleWebKit/537.36 (KHTML, like Gecko) Chrome/137.0.7151.103 Mobile Safari/537.36 (compatible; GoogleOther)"
209.74.77.214 - - [13/Jul/2025:16:51:09 +0000] "POST /wp-cron.php?doing_wp_cron=1752425469.9217000007629394531250 HTTP/1.1" 200 - "-" "WordPress/6.8.1; https://cyber-secure.com.au"
66.249.64.132 - - [13/Jul/2025:16:51:09 +0000] "GET /?e=16996207001000&mod=a01a0380&uri=goods.php%3Fid%3D567382-39%26name%3Dgray%20rocker%20glider HTTP/1.1" 200 26110 "-" "Mozilla/5.0 (Linux; Android 6.0.1; Nexus 5X Build/MMB29P) AppleWebKit/537.36 (KHTML, like Gecko) Chrome/137.0.7151.103 Mobile Safari/537.36 (compatible; GoogleOther)"
209.74.77.214 - - [13/Jul/2025:16:52:40 +0000] "POST /wp-cron.php?doing_wp_cron=1752425560.9687910079956054687500 HTTP/1.1" 200 - "-" "WordPress/6.8.1; https://cyber-secure.com.au"
66.249.64.132 - - [13/Jul/2025:16:52:39 +0000] "GET /?e=33198501021000&mod=35a12c43&uri=itm.php%3Fid%3D1108044-702%26name%3Drobe+tulle+paillette HTTP/1.1" 301 - "-" "Mozilla/5.0 (Linux; Android 6.0.1; Nexus 5X Build/MMB29P) AppleWebKit/537.36 (KHTML, like Gecko) Chrome/137.0.7151.103 Mobile Safari/537.36 (compatible; GoogleOther)"
209.74.77.214 - - [13/Jul/2025:16:52:41 +0000] "POST /wp-admin/admin-ajax.php?action=async_litespeed&nonce=h9Ra1P12UszVBJoWMZyPs1yEcr8RwhLg&litespeed_type=imgoptm HTTP/1.1" 200 21 "-" "WordPress/6.8.1; https://cyber-secure.com.au"
66.249.64.132 - - [13/Jul/2025:16:52:58 +0000] "GET /?e=33198501021000&mod=35a12c43&uri=itm.php%3Fid%3D1108044-702%26name%3Drobe%20tulle%20paillette HTTP/1.1" 200 26109 "-" "Mozilla/5.0 (Linux; Android 6.0.1; Nexus 5X Build/MMB29P) AppleWebKit/537.36 (KHTML, like Gecko) Chrome/137.0.7151.103 Mobile Safari/537.36 (compatible; GoogleOther)"
209.74.77.214 - - [13/Jul/2025:16:53:44 +0000] "POST /wp-cron.php?doing_wp_cron=1752425624.0772430896759033203125 HTTP/1.1" 200 - "-" "WordPress/6.8.1; https://cyber-secure.com.au"
66.249.64.132 - - [13/Jul/2025:16:53:42 +0000] "GET /?e=4191949001000&mod=070dbb60&uri=article.php%3Fid%3D139914-252%26name%3Dcolor+blue+jean HTTP/1.1" 301 - "-" "Mozilla/5.0 (Linux; Android 6.0.1; Nexus 5X Build/MMB29P) AppleWebKit/537.36 (KHTML, like Gecko) Chrome/137.0.7151.103 Mobile Safari/537.36 (compatible; GoogleOther)"
209.74.77.214 - - [13/Jul/2025:16:53:44 +0000] "POST /wp-admin/admin-ajax.php?action=async_litespeed&nonce=WBYu7MgmcvOXPr84KeYQzDROM9MCJmsY&litespeed_type=imgoptm HTTP/1.1" 200 21 "-" "WordPress/6.8.1; https://cyber-secure.com.au"
209.74.77.214 - - [13/Jul/2025:16:54:07 +0000] "POST /wp-cron.php?doing_wp_cron=1752425647.8127129077911376953125 HTTP/1.1" 200 - "-" "WordPress/6.8.1; https://cyber-secure.com.au"
66.249.64.128 - - [13/Jul/2025:16:54:07 +0000] "GET /?e=4191949001000&mod=070dbb60&uri=article.php%3Fid%3D139914-252%26name%3Dcolor%20blue%20jean HTTP/1.1" 200 26101 "-" "Mozilla/5.0 (Linux; Android 6.0.1; Nexus 5X Build/MMB29P) AppleWebKit/537.36 (KHTML, like Gecko) Chrome/137.0.7151.103 Mobile Safari/537.36 (compatible; GoogleOther)"
209.74.77.214 - - [13/Jul/2025:16:54:29 +0000] "POST /wp-cron.php?doing_wp_cron=1752425669.5314610004425048828125 HTTP/1.1" 200 - "-" "WordPress/6.8.1; https://cyber-secure.com.au"
66.249.64.128 - - [13/Jul/2025:16:54:29 +0000] "GET /?e=33185571001000&mod=35a12c43&uri=us.php%3Fid%3D1107612-702%26name%3Drobe+salopette+en+velours HTTP/1.1" 301 - "-" "Mozilla/5.0 (Linux; Android 6.0.1; Nexus 5X Build/MMB29P) AppleWebKit/537.36 (KHTML, like Gecko) Chrome/137.0.7151.103 Mobile Safari/537.36 (compatible; GoogleOther)"
209.74.77.214 - - [13/Jul/2025:16:54:29 +0000] "POST /wp-admin/admin-ajax.php?action=async_litespeed&nonce=9XXNYnkrx7rDVnXUjyr31e9t1WDmR3vx&litespeed_type=imgoptm HTTP/1.1" 200 21 "-" "WordPress/6.8.1; https://cyber-secure.com.au"
66.249.64.132 - - [13/Jul/2025:16:54:51 +0000] "GET /?e=33185571001000&mod=35a12c43&uri=us.php%3Fid%3D1107612-702%26name%3Drobe%20salopette%20en%20velours HTTP/1.1" 200 26109 "-" "Mozilla/5.0 (Linux; Android 6.0.1; Nexus 5X Build/MMB29P) AppleWebKit/537.36 (KHTML, like Gecko) Chrome/137.0.7151.103 Mobile Safari/537.36 (compatible; GoogleOther)"
66.249.64.132 - - [13/Jul/2025:16:54:58 +0000] "GET /?e=867054121000&mod=335f5352&uri=category-info.php%3Fid%3D28954-24%26name%3Dtriban+rc+520+disc+road+bike+weight HTTP/1.1" 200 21735 "-" "Mozilla/5.0 (compatible; Googlebot/2.1; +http://www.google.com/bot.html)"
209.74.77.214 - - [13/Jul/2025:16:55:09 +0000] "POST /wp-cron.php?doing_wp_cron=1752425709.6319339275360107421875 HTTP/1.1" 200 - "-" "WordPress/6.8.1; https://cyber-secure.com.au"
66.249.64.132 - - [13/Jul/2025:16:55:09 +0000] "GET /?e=107636065001000&mod=39059724&uri=article.php%3Fid%3D3592172-27%26name%3Dkeratina+brasile%C3%83%C2%B1a+en+rep%C3%83%C2%BAblica+dominicana HTTP/1.1" 301 - "-" "Mozilla/5.0 (Linux; Android 6.0.1; Nexus 5X Build/MMB29P) AppleWebKit/537.36 (KHTML, like Gecko) Chrome/137.0.7151.103 Mobile Safari/537.36 (compatible; GoogleOther)"
209.74.77.214 - - [13/Jul/2025:16:55:24 +0000] "POST /wp-cron.php?doing_wp_cron=1752425724.2703430652618408203125 HTTP/1.1" 200 - "-" "WordPress/6.8.1; https://cyber-secure.com.au"
209.74.77.214 - - [13/Jul/2025:16:55:24 +0000] "POST /wp-admin/admin-ajax.php?action=async_litespeed&nonce=PVdCtlxpCiITucCkkNTcJVfGLt8lloZx&litespeed_type=imgoptm HTTP/1.1" 200 21 "-" "WordPress/6.8.1; https://cyber-secure.com.au"
66.249.64.132 - - [13/Jul/2025:16:55:24 +0000] "GET /?e=107636065001000&mod=39059724&uri=article.php%3Fid%3D3592172-27%26name%3Dkeratina%20brasile%C3%83%C2%B1a%20en%20rep%C3%83%C2%BAblica%20dominicana HTTP/1.1" 200 26109 "-" "Mozilla/5.0 (Linux; Android 6.0.1; Nexus 5X Build/MMB29P) AppleWebKit/537.36 (KHTML, like Gecko) Chrome/137.0.7151.103 Mobile Safari/537.36 (compatible; GoogleOther)"
209.74.77.214 - - [13/Jul/2025:16:56:18 +0000] "POST /wp-cron.php?doing_wp_cron=1752425778.2080039978027343750000 HTTP/1.1" 200 - "-" "WordPress/6.8.1; https://cyber-secure.com.au"
66.249.64.128 - - [13/Jul/2025:16:56:16 +0000] "GET /?e=33130611111000&mod=b06b5541&uri=shop.php%3Fid%3D1105780-248%26name%3Dgucci+perfume+lana+del+rey HTTP/1.1" 301 - "-" "Mozilla/5.0 (Linux; Android 6.0.1; Nexus 5X Build/MMB29P) AppleWebKit/537.36 (KHTML, like Gecko) Chrome/137.0.7151.103 Mobile Safari/537.36 (compatible; GoogleOther)"
209.74.77.214 - - [13/Jul/2025:16:56:18 +0000] "POST /wp-admin/admin-ajax.php?action=async_litespeed&nonce=WTn7Vk29P9VUGNvmNKZNMrjqVyvElm9x&litespeed_type=imgoptm HTTP/1.1" 200 21 "-" "WordPress/6.8.1; https://cyber-secure.com.au"
185.13.99.111 - - [13/Jul/2025:16:56:32 +0000] "GET / HTTP/1.1" 200 26107 "http://cyber-secure.com.au/" "Mozilla/5.0 (iPhone; CPU iPhone OS 17_3_1 like Mac OS X) AppleWebKit/605.1.15 (KHTML, like Gecko) Version/17.3.1 Mobile/15E148 Safari/604"
66.249.64.132 - - [13/Jul/2025:16:56:39 +0000] "GET /?e=33130611111000&mod=b06b5541&uri=shop.php%3Fid%3D1105780-248%26name%3Dgucci%20perfume%20lana%20del%20rey HTTP/1.1" 200 26108 "-" "Mozilla/5.0 (Linux; Android 6.0.1; Nexus 5X Build/MMB29P) AppleWebKit/537.36 (KHTML, like Gecko) Chrome/137.0.7151.103 Mobile Safari/537.36 (compatible; GoogleOther)"
209.74.77.214 - - [13/Jul/2025:16:58:07 +0000] "POST /wp-cron.php?doing_wp_cron=1752425887.1664290428161621093750 HTTP/1.1" 200 - "-" "WordPress/6.8.1; https://cyber-secure.com.au"
66.249.64.129 - - [13/Jul/2025:16:58:05 +0000] "GET /?e=100162671041000&mod=a01a0380&uri=news.php%3Fid%3D3342686-39%26name%3Dmini+hanging+egg+chair HTTP/1.1" 301 - "-" "Mozilla/5.0 (Linux; Android 6.0.1; Nexus 5X Build/MMB29P) AppleWebKit/537.36 (KHTML, like Gecko) Chrome/137.0.7151.103 Mobile Safari/537.36 (compatible; GoogleOther)"
209.74.77.214 - - [13/Jul/2025:16:58:07 +0000] "POST /wp-admin/admin-ajax.php?action=async_litespeed&nonce=SUb3kY0XWP4ScSL7uSW5oVq86AfHWWjC&litespeed_type=imgoptm HTTP/1.1" 200 21 "-" "WordPress/6.8.1; https://cyber-secure.com.au"
209.74.77.214 - - [13/Jul/2025:16:58:34 +0000] "POST /wp-cron.php?doing_wp_cron=1752425914.0043179988861083984375 HTTP/1.1" 200 - "-" "WordPress/6.8.1; https://cyber-secure.com.au"
209.74.77.214 - - [13/Jul/2025:16:58:34 +0000] "POST /wp-admin/admin-ajax.php?action=async_litespeed&nonce=siIittf0VZaFh3nHogyRiWGHoHCFakuy&litespeed_type=imgoptm HTTP/1.1" 200 21 "-" "WordPress/6.8.1; https://cyber-secure.com.au"
66.249.64.132 - - [13/Jul/2025:16:58:33 +0000] "GET /?e=100162671041000&mod=a01a0380&uri=news.php%3Fid%3D3342686-39%26name%3Dmini%20hanging%20egg%20chair HTTP/1.1" 200 26109 "-" "Mozilla/5.0 (Linux; Android 6.0.1; Nexus 5X Build/MMB29P) AppleWebKit/537.36 (KHTML, like Gecko) Chrome/137.0.7151.103 Mobile Safari/537.36 (compatible; GoogleOther)"
51.222.253.5 - - [13/Jul/2025:16:58:58 +0000] "GET /?e=102990939011000&mod=6f46dd17&uri=goods.php%3Fid%3D3437100-1128%26name%3Dtimberland+boots+cyber+monday HTTP/1.1" 301 - "-" "Mozilla/5.0 (compatible; AhrefsBot/7.0; +http://ahrefs.com/robot/)"
209.74.77.214 - - [13/Jul/2025:16:59:55 +0000] "POST /wp-cron.php?doing_wp_cron=1752425995.3870639801025390625000 HTTP/1.1" 200 - "-" "WordPress/6.8.1; https://cyber-secure.com.au"
66.249.64.128 - - [13/Jul/2025:16:59:54 +0000] "GET /?e=17151125041000&mod=5e9fb672&uri=shop.php%3Fid%3D572548-683%26name%3Dque+blusas+te+hacen+ver+m%C3%83%C2%A1s+delgada HTTP/1.1" 301 - "-" "Mozilla/5.0 (Linux; Android 6.0.1; Nexus 5X Build/MMB29P) AppleWebKit/537.36 (KHTML, like Gecko) Chrome/137.0.7151.103 Mobile Safari/537.36 (compatible; GoogleOther)"
209.74.77.214 - - [13/Jul/2025:16:59:55 +0000] "POST /wp-admin/admin-ajax.php?action=async_litespeed&nonce=4mamqQfEPG0GMl2LpZyIlxRCsbGZuEZK&litespeed_type=imgoptm HTTP/1.1" 200 21 "-" "WordPress/6.8.1; https://cyber-secure.com.au"
209.74.77.214 - - [13/Jul/2025:17:00:12 +0000] "POST /wp-cron.php?doing_wp_cron=1752426012.3648650646209716796875 HTTP/1.1" 200 - "-" "WordPress/6.8.1; https://cyber-secure.com.au"
66.249.64.129 - - [13/Jul/2025:17:00:12 +0000] "GET /?e=17151125041000&mod=5e9fb672&uri=shop.php%3Fid%3D572548-683%26name%3Dque%20blusas%20te%20hacen%20ver%20m%C3%83%C2%A1s%20delgada HTTP/1.1" 200 26106 "-" "Mozilla/5.0 (Linux; Android 6.0.1; Nexus 5X Build/MMB29P) AppleWebKit/537.36 (KHTML, like Gecko) Chrome/137.0.7151.103 Mobile Safari/537.36 (compatible; GoogleOther)"
209.74.77.214 - - [13/Jul/2025:17:00:38 +0000] "POST /wp-cron.php?doing_wp_cron=1752426038.6972959041595458984375 HTTP/1.1" 200 - "-" "WordPress/6.8.1; https://cyber-secure.com.au"
66.249.64.132 - - [13/Jul/2025:17:00:38 +0000] "GET /?e=54368898011000&mod=c255c052&uri=dp.php%3Fid%3D1814343-387%26name%3Dstraight+leg+raise+with+external+rotation HTTP/1.1" 301 - "-" "Mozilla/5.0 (Linux; Android 6.0.1; Nexus 5X Build/MMB29P) AppleWebKit/537.36 (KHTML, like Gecko) Chrome/137.0.7151.103 Mobile Safari/537.36 (compatible; GoogleOther)"
209.74.77.214 - - [13/Jul/2025:17:00:38 +0000] "POST /wp-admin/admin-ajax.php?action=async_litespeed&nonce=ZkWddSXPznbo02ZlX9NK1x9O4aqLJC5w&litespeed_type=imgoptm HTTP/1.1" 200 21 "-" "WordPress/6.8.1; https://cyber-secure.com.au"
66.249.64.132 - - [13/Jul/2025:17:00:54 +0000] "GET /?e=54368898011000&mod=c255c052&uri=dp.php%3Fid%3D1814343-387%26name%3Dstraight%20leg%20raise%20with%20external%20rotation HTTP/1.1" 200 26109 "-" "Mozilla/5.0 (Linux; Android 6.0.1; Nexus 5X Build/MMB29P) AppleWebKit/537.36 (KHTML, like Gecko) Chrome/137.0.7151.103 Mobile Safari/537.36 (compatible; GoogleOther)"
66.249.64.128 - - [13/Jul/2025:17:01:01 +0000] "GET /safe_search/config?return_url=%2Fproduct%2Fdetail%2F874974060000 HTTP/1.1" 200 21595 "-" "Mozilla/5.0 (compatible; Googlebot/2.1; +http://www.google.com/bot.html)"
209.74.77.214 - - [13/Jul/2025:17:01:42 +0000] "POST /wp-cron.php?doing_wp_cron=1752426102.3649740219116210937500 HTTP/1.1" 200 - "-" "WordPress/6.8.1; https://cyber-secure.com.au"
66.249.64.132 - - [13/Jul/2025:17:01:41 +0000] "GET /?e=97018765011000&mod=a860a788&uri=search.php%3Fid%3D3237746-644%26name%3Dbest+sula+wine HTTP/1.1" 301 - "-" "Mozilla/5.0 (Linux; Android 6.0.1; Nexus 5X Build/MMB29P) AppleWebKit/537.36 (KHTML, like Gecko) Chrome/137.0.7151.103 Mobile Safari/537.36 (compatible; GoogleOther)"
209.74.77.214 - - [13/Jul/2025:17:01:42 +0000] "POST /wp-admin/admin-ajax.php?action=async_litespeed&nonce=QvUN4prrhgKTwbfU8Wjfv2gWUsQ4HMLZ&litespeed_type=imgoptm HTTP/1.1" 200 21 "-" "WordPress/6.8.1; https://cyber-secure.com.au"
66.249.64.132 - - [13/Jul/2025:17:01:56 +0000] "GET /?e=97018765011000&mod=a860a788&uri=search.php%3Fid%3D3237746-644%26name%3Dbest%20sula%20wine HTTP/1.1" 200 26106 "-" "Mozilla/5.0 (Linux; Android 6.0.1; Nexus 5X Build/MMB29P) AppleWebKit/537.36 (KHTML, like Gecko) Chrome/137.0.7151.103 Mobile Safari/537.36 (compatible; GoogleOther)"
209.74.77.214 - - [13/Jul/2025:17:02:12 +0000] "POST /wp-cron.php?doing_wp_cron=1752426132.4232640266418457031250 HTTP/1.1" 200 - "-" "WordPress/6.8.1; https://cyber-secure.com.au"
66.249.64.132 - - [13/Jul/2025:17:02:12 +0000] "GET /?e=13502353001000&mod=0f65caf0&uri=shared.php%3Fid%3D450802-454%26name%3Dburger+van+toy HTTP/1.1" 301 - "-" "Mozilla/5.0 (Linux; Android 6.0.1; Nexus 5X Build/MMB29P) AppleWebKit/537.36 (KHTML, like Gecko) Chrome/137.0.7151.103 Mobile Safari/537.36 (compatible; GoogleOther)"
209.74.77.214 - - [13/Jul/2025:17:02:26 +0000] "POST /wp-cron.php?doing_wp_cron=1752426146.2146110534667968750000 HTTP/1.1" 200 - "-" "WordPress/6.8.1; https://cyber-secure.com.au"
209.74.77.214 - - [13/Jul/2025:17:02:26 +0000] "POST /wp-admin/admin-ajax.php?action=async_litespeed&nonce=qzJKz0x1MS9fS4voX8eU1FpTigxQ1qtQ&litespeed_type=imgoptm HTTP/1.1" 200 21 "-" "WordPress/6.8.1; https://cyber-secure.com.au"
66.249.64.132 - - [13/Jul/2025:17:02:26 +0000] "GET /?e=13502353001000&mod=0f65caf0&uri=shared.php%3Fid%3D450802-454%26name%3Dburger%20van%20toy HTTP/1.1" 200 26107 "-" "Mozilla/5.0 (Linux; Android 6.0.1; Nexus 5X Build/MMB29P) AppleWebKit/537.36 (KHTML, like Gecko) Chrome/137.0.7151.103 Mobile Safari/537.36 (compatible; GoogleOther)"
209.74.77.214 - - [13/Jul/2025:17:04:25 +0000] "POST /wp-admin/admin-ajax.php?action=async_litespeed&nonce=7Z9up2JUN9pBzpvEqBxQgpHwdfBdts0h&litespeed_type=imgoptm HTTP/1.1" 200 21 "-" "WordPress/6.8.1; https://cyber-secure.com.au"
34.61.122.214 - - [13/Jul/2025:17:04:25 +0000] "GET / HTTP/1.1" 200 26112 "-" "Mozilla/5.0 (X11; Ubuntu; Linux x86_64; rv:21.0) Gecko/20130331 Firefox/21.0"
209.74.77.214 - - [13/Jul/2025:17:05:21 +0000] "POST /wp-cron.php?doing_wp_cron=1752426321.3163440227508544921875 HTTP/1.1" 200 - "-" "WordPress/6.8.1; https://cyber-secure.com.au"
66.249.64.132 - - [13/Jul/2025:17:05:20 +0000] "GET /?e=53006888011000&mod=8466a2b4&uri=product.php%3Fid%3D1768888-540%26name%3Dsolitaire+pierre HTTP/1.1" 301 - "-" "Mozilla/5.0 (Linux; Android 6.0.1; Nexus 5X Build/MMB29P) AppleWebKit/537.36 (KHTML, like Gecko) Chrome/137.0.7151.103 Mobile Safari/537.36 (compatible; GoogleOther)"
209.74.77.214 - - [13/Jul/2025:17:05:21 +0000] "POST /wp-admin/admin-ajax.php?action=async_litespeed&nonce=WYloEs9EFLKKKUt6pwMDvt0g9j7Cz7Zn&litespeed_type=imgoptm HTTP/1.1" 200 21 "-" "WordPress/6.8.1; https://cyber-secure.com.au"
66.249.64.132 - - [13/Jul/2025:17:05:46 +0000] "GET /?e=53006888011000&mod=8466a2b4&uri=product.php%3Fid%3D1768888-540%26name%3Dsolitaire%20pierre HTTP/1.1" 200 26112 "-" "Mozilla/5.0 (Linux; Android 6.0.1; Nexus 5X Build/MMB29P) AppleWebKit/537.36 (KHTML, like Gecko) Chrome/137.0.7151.103 Mobile Safari/537.36 (compatible; GoogleOther)"
66.249.64.132 - - [13/Jul/2025:17:05:57 +0000] "GET /?e=58141048021000&mod=b4d22bb5&uri=itm.php%3Fid%3D1940194-803%26name%3Dbianchi+oltre+xr4+2022 HTTP/1.1" 200 22236 "-" "Mozilla/5.0 (compatible; Googlebot/2.1; +http://www.google.com/bot.html)"
209.74.77.214 - - [13/Jul/2025:17:06:39 +0000] "POST /wp-cron.php?doing_wp_cron=1752426399.7535378932952880859375 HTTP/1.1" 200 - "-" "WordPress/6.8.1; https://cyber-secure.com.au"
66.249.64.132 - - [13/Jul/2025:17:06:38 +0000] "GET /?e=13569368031000&mod=b0490b85&uri=shop.php%3Fid%3D453039-559%26name%3Ddaisy+cardigan+crochet HTTP/1.1" 301 - "-" "Mozilla/5.0 (Linux; Android 6.0.1; Nexus 5X Build/MMB29P) AppleWebKit/537.36 (KHTML, like Gecko) Chrome/137.0.7151.103 Mobile Safari/537.36 (compatible; GoogleOther)"
209.74.77.214 - - [13/Jul/2025:17:06:39 +0000] "POST /wp-admin/admin-ajax.php?action=async_litespeed&nonce=RONhRgEpqL8K2qGDNSbFAyyXDyYcoy1U&litespeed_type=imgoptm HTTP/1.1" 200 21 "-" "WordPress/6.8.1; https://cyber-secure.com.au"
66.249.64.132 - - [13/Jul/2025:17:06:56 +0000] "GET /?e=13569368031000&mod=b0490b85&uri=shop.php%3Fid%3D453039-559%26name%3Ddaisy%20cardigan%20crochet HTTP/1.1" 200 26114 "-" "Mozilla/5.0 (Linux; Android 6.0.1; Nexus 5X Build/MMB29P) AppleWebKit/537.36 (KHTML, like Gecko) Chrome/137.0.7151.103 Mobile Safari/537.36 (compatible; GoogleOther)"
209.74.77.214 - - [13/Jul/2025:17:07:14 +0000] "POST /wp-cron.php?doing_wp_cron=1752426434.0381069183349609375000 HTTP/1.1" 200 - "-" "WordPress/6.8.1; https://cyber-secure.com.au"
66.249.64.129 - - [13/Jul/2025:17:07:13 +0000] "GET /?e=34603789051000&mod=d299a920&uri=brands.php%3Fid%3D1154957-1080%26name%3Dwomens+dainty+leather+converse HTTP/1.1" 301 - "-" "Mozilla/5.0 (Linux; Android 6.0.1; Nexus 5X Build/MMB29P) AppleWebKit/537.36 (KHTML, like Gecko) Chrome/137.0.7151.103 Mobile Safari/537.36 (compatible; GoogleOther)"
209.74.77.214 - - [13/Jul/2025:17:07:14 +0000] "POST /wp-admin/admin-ajax.php?action=async_litespeed&nonce=cxuExhHWsbG082arporiwDg44BXixNX3&litespeed_type=imgoptm HTTP/1.1" 200 21 "-" "WordPress/6.8.1; https://cyber-secure.com.au"
66.249.64.128 - - [13/Jul/2025:17:07:29 +0000] "GET /?e=34603789051000&mod=d299a920&uri=brands.php%3Fid%3D1154957-1080%26name%3Dwomens%20dainty%20leather%20converse HTTP/1.1" 200 26106 "-" "Mozilla/5.0 (Linux; Android 6.0.1; Nexus 5X Build/MMB29P) AppleWebKit/537.36 (KHTML, like Gecko) Chrome/137.0.7151.103 Mobile Safari/537.36 (compatible; GoogleOther)"
66.249.64.128 - - [13/Jul/2025:17:08:01 +0000] "GET /?e=17120897051000&mod=c0f52c66&uri=article.php%3Fid%3D571539-682%26name%3Dklein+5178 HTTP/1.1" 301 - "-" "Mozilla/5.0 (Linux; Android 6.0.1; Nexus 5X Build/MMB29P) AppleWebKit/537.36 (KHTML, like Gecko) Chrome/137.0.7151.103 Mobile Safari/537.36 (compatible; GoogleOther)"
209.74.77.214 - - [13/Jul/2025:17:08:16 +0000] "POST /wp-cron.php?doing_wp_cron=1752426496.8297829627990722656250 HTTP/1.1" 200 - "-" "WordPress/6.8.1; https://cyber-secure.com.au"
209.74.77.214 - - [13/Jul/2025:17:08:16 +0000] "POST /wp-admin/admin-ajax.php?action=async_litespeed&nonce=oo3PvWoHuNlGmFJ9u8VcKE2ZS2CVEjBj&litespeed_type=imgoptm HTTP/1.1" 200 21 "-" "WordPress/6.8.1; https://cyber-secure.com.au"
66.249.64.132 - - [13/Jul/2025:17:08:16 +0000] "GET /?e=17120897051000&mod=c0f52c66&uri=article.php%3Fid%3D571539-682%26name%3Dklein%205178 HTTP/1.1" 200 26107 "-" "Mozilla/5.0 (Linux; Android 6.0.1; Nexus 5X Build/MMB29P) AppleWebKit/537.36 (KHTML, like Gecko) Chrome/137.0.7151.103 Mobile Safari/537.36 (compatible; GoogleOther)"
66.249.64.132 - - [13/Jul/2025:17:08:57 +0000] "GET /?e=19647811031000&mod=f4f1f13c&uri=news.php%3Fid%3D655871-750%26name%3Dliverpool%20bolsas%20coach HTTP/1.1" 200 26110 "-" "Mozilla/5.0 (Linux; Android 6.0.1; Nexus 5X Build/MMB29P) AppleWebKit/537.36 (KHTML, like Gecko) Chrome/137.0.7151.103 Mobile Safari/537.36 (compatible; GoogleOther)"
209.74.77.214 - - [13/Jul/2025:17:10:14 +0000] "POST /wp-cron.php?doing_wp_cron=1752426614.1880249977111816406250 HTTP/1.1" 200 - "-" "WordPress/6.8.1; https://cyber-secure.com.au"
51.222.253.11 - - [13/Jul/2025:17:10:12 +0000] "GET /?e=107938643071000&mod=6f3e9169&uri=info.php%3Fid%3D3602267-1659%26name%3Dmens+arizona+birkenstock+canada HTTP/1.1" 301 - "-" "Mozilla/5.0 (compatible; AhrefsBot/7.0; +http://ahrefs.com/robot/)"
209.74.77.214 - - [13/Jul/2025:17:10:14 +0000] "POST /wp-admin/admin-ajax.php?action=async_litespeed&nonce=j1zR66YDLxiaBztQcffAsT04YDMzWBXn&litespeed_type=imgoptm HTTP/1.1" 200 21 "-" "WordPress/6.8.1; https://cyber-secure.com.au"
66.249.64.128 - - [13/Jul/2025:17:10:45 +0000] "GET /?e=116649050041000&mod=d2541440&uri=goods.php%3Fid%3D3892986-179%26name%3Dvelo+20+po HTTP/1.1" 301 - "-" "Mozilla/5.0 (Linux; Android 6.0.1; Nexus 5X Build/MMB29P) AppleWebKit/537.36 (KHTML, like Gecko) Chrome/137.0.7151.103 Mobile Safari/537.36 (compatible; GoogleOther)"
66.249.64.129 - - [13/Jul/2025:17:11:03 +0000] "GET /?e=116649050041000&mod=d2541440&uri=goods.php%3Fid%3D3892986-179%26name%3Dvelo%2020%20po HTTP/1.1" 200 26108 "-" "Mozilla/5.0 (Linux; Android 6.0.1; Nexus 5X Build/MMB29P) AppleWebKit/537.36 (KHTML, like Gecko) Chrome/137.0.7151.103 Mobile Safari/537.36 (compatible; GoogleOther)"
66.249.64.132 - - [13/Jul/2025:17:11:58 +0000] "GET /?e=865974061000&mod=335f5352&uri=goods.php%3Fid%3D28918-24%26name%3Dtruck+brake+adjusting+tool HTTP/1.1" 200 22156 "-" "Mozilla/5.0 (compatible; Googlebot/2.1; +http://www.google.com/bot.html)"
209.74.77.214 - - [13/Jul/2025:17:12:35 +0000] "POST /wp-cron.php?doing_wp_cron=1752426755.7591700553894042968750 HTTP/1.1" 200 - "-" "WordPress/6.8.1; https://cyber-secure.com.au"
66.249.64.132 - - [13/Jul/2025:17:12:34 +0000] "GET /?e=33208808021000&mod=281715ca&uri=goods.php%3Fid%3D1108388-701%26name%3Dair+force+low+gore+tex HTTP/1.1" 301 - "-" "Mozilla/5.0 (Linux; Android 6.0.1; Nexus 5X Build/MMB29P) AppleWebKit/537.36 (KHTML, like Gecko) Chrome/137.0.7151.103 Mobile Safari/537.36 (compatible; GoogleOther)"
209.74.77.214 - - [13/Jul/2025:17:12:35 +0000] "POST /wp-admin/admin-ajax.php?action=async_litespeed&nonce=3dyUgj3XlTXNNUj5ipMuPlvjjM2oWBo1&litespeed_type=imgoptm HTTP/1.1" 200 21 "-" "WordPress/6.8.1; https://cyber-secure.com.au"
66.249.64.132 - - [13/Jul/2025:17:12:54 +0000] "GET /?e=17158407071000&mod=5e9fb672&uri=form.php%3Fid%3D572791-683%26name%3Dplayera+dinosaurio+google HTTP/1.1" 200 20959 "-" "Mozilla/5.0 (Linux; Android 6.0.1; Nexus 5X Build/MMB29P) AppleWebKit/537.36 (KHTML, like Gecko) Chrome/137.0.7151.103 Mobile Safari/537.36 (compatible; Googlebot/2.1; +http://www.google.com/bot.html)"
66.249.64.129 - - [13/Jul/2025:17:13:00 +0000] "GET /?e=19692167101000&mod=b06b5541&uri=article.php%3Fid%3D657350-248%26name%3Dmitti+attar+fragrance HTTP/1.1" 200 22090 "-" "Mozilla/5.0 (Linux; Android 6.0.1; Nexus 5X Build/MMB29P) AppleWebKit/537.36 (KHTML, like Gecko) Chrome/137.0.7151.103 Mobile Safari/537.36 (compatible; Googlebot/2.1; +http://www.google.com/bot.html)"
209.74.77.214 - - [13/Jul/2025:17:13:10 +0000] "POST /wp-cron.php?doing_wp_cron=1752426790.7790460586547851562500 HTTP/1.1" 200 - "-" "WordPress/6.8.1; https://cyber-secure.com.au"
66.249.64.128 - - [13/Jul/2025:17:13:10 +0000] "GET /?e=33208808021000&mod=281715ca&uri=goods.php%3Fid%3D1108388-701%26name%3Dair%20force%20low%20gore%20tex HTTP/1.1" 200 26113 "-" "Mozilla/5.0 (Linux; Android 6.0.1; Nexus 5X Build/MMB29P) AppleWebKit/537.36 (KHTML, like Gecko) Chrome/137.0.7151.103 Mobile Safari/537.36 (compatible; GoogleOther)"
209.74.77.214 - - [13/Jul/2025:17:13:33 +0000] "POST /wp-cron.php?doing_wp_cron=1752426813.5196468830108642578125 HTTP/1.1" 200 - "-" "WordPress/6.8.1; https://cyber-secure.com.au"
66.249.64.132 - - [13/Jul/2025:17:13:33 +0000] "GET /?e=79341455011000&mod=d45b6d92&uri=goods.php%3Fid%3D2647722-1476%26name%3Dlentes+gucci+de+aumento HTTP/1.1" 301 - "-" "Mozilla/5.0 (Linux; Android 6.0.1; Nexus 5X Build/MMB29P) AppleWebKit/537.36 (KHTML, like Gecko) Chrome/137.0.7151.103 Mobile Safari/537.36 (compatible; GoogleOther)"
209.74.77.214 - - [13/Jul/2025:17:13:33 +0000] "POST /wp-admin/admin-ajax.php?action=async_litespeed&nonce=YtldOw56sDvRPtYnrbWkBsrF41h6yD6c&litespeed_type=imgoptm HTTP/1.1" 200 21 "-" "WordPress/6.8.1; https://cyber-secure.com.au"
