66.249.73.234 - - [13/Jul/2025:21:23:59 +0000] "GET /?e=34496218031000&mod=a8abb4bb&uri=form.php%3Fid%3D1151356-44%26name%3Dadidas%20hard%20court%20herren HTTP/1.1" 200 26104 "-" "Mozilla/5.0 (Linux; Android 6.0.1; Nexus 5X Build/MMB29P) AppleWebKit/537.36 (KHTML, like Gecko) Chrome/137.0.7151.103 Mobile Safari/537.36 (compatible; GoogleOther)"
209.74.77.214 - - [13/Jul/2025:21:24:15 +0000] "POST /wp-cron.php?doing_wp_cron=1752441855.9633278846740722656250 HTTP/1.1" 200 - "-" "WordPress/6.8.1; https://cyber-secure.com.au"
66.249.73.233 - - [13/Jul/2025:21:24:15 +0000] "GET /?e=17005443081000&mod=a01a0380&uri=form.php%3Fid%3D567690-39%26name%3Dhumanscale+freedom+low+back+draughtsman+chair HTTP/1.1" 301 - "-" "Mozilla/5.0 (Linux; Android 6.0.1; Nexus 5X Build/MMB29P) AppleWebKit/537.36 (KHTML, like Gecko) Chrome/137.0.7151.103 Mobile Safari/537.36 (compatible; GoogleOther)"
209.74.77.214 - - [13/Jul/2025:21:24:16 +0000] "POST /wp-admin/admin-ajax.php?action=async_litespeed&nonce=XbPKY1oXM38djx51WmXXtmhDoeQaUUGb&litespeed_type=imgoptm HTTP/1.1" 200 21 "-" "WordPress/6.8.1; https://cyber-secure.com.au"
66.249.73.233 - - [13/Jul/2025:21:24:29 +0000] "GET /?e=17005443081000&mod=a01a0380&uri=form.php%3Fid%3D567690-39%26name%3Dhumanscale%20freedom%20low%20back%20draughtsman%20chair HTTP/1.1" 200 26110 "-" "Mozilla/5.0 (Linux; Android 6.0.1; Nexus 5X Build/MMB29P) AppleWebKit/537.36 (KHTML, like Gecko) Chrome/137.0.7151.103 Mobile Safari/537.36 (compatible; GoogleOther)"
66.249.73.235 - - [13/Jul/2025:21:25:08 +0000] "GET /?e=58139608021000&mod=b4d22bb5&uri=products.php%3Fid%3D1940146-803%26name%3Dcyberbike+nintendo+wii HTTP/1.1" 200 22207 "-" "Mozilla/5.0 (compatible; Googlebot/2.1; +http://www.google.com/bot.html)"
209.74.77.214 - - [13/Jul/2025:21:27:26 +0000] "POST /wp-cron.php?doing_wp_cron=1752442046.1629159450531005859375 HTTP/1.1" 200 - "-" "WordPress/6.8.1; https://cyber-secure.com.au"
51.222.253.15 - - [13/Jul/2025:21:27:24 +0000] "GET /?e=79759534081000&mod=36597855&uri=shared.php%3Fid%3D2661678-1211%26name%3Dpeignoirs+de+bain+hommes HTTP/1.1" 301 - "-" "Mozilla/5.0 (compatible; AhrefsBot/7.0; +http://ahrefs.com/robot/)"
209.74.77.214 - - [13/Jul/2025:21:27:26 +0000] "POST /wp-admin/admin-ajax.php?action=async_litespeed&nonce=Jf07oBFEIyrOByXgMBNBDMGVJUoI071c&litespeed_type=imgoptm HTTP/1.1" 200 21 "-" "WordPress/6.8.1; https://cyber-secure.com.au"
66.249.73.233 - - [13/Jul/2025:21:31:14 +0000] "GET /?e=58232902051000&mod=619205da&uri=shared.php%3Fid%3D1943261-233%26name%3Dpantalon+dc+shoes HTTP/1.1" 200 22691 "-" "Mozilla/5.0 (compatible; Googlebot/2.1; +http://www.google.com/bot.html)"
66.249.73.234 - - [13/Jul/2025:21:31:21 +0000] "POST /get-message-notify HTTP/1.1" 200 21393 "https://cyber-secure.com.au/?e=58232902051000&mod=619205da&uri=shared.php%3Fid%3D1943261-233%26name%3Dpantalon+dc+shoes" "Mozilla/5.0 AppleWebKit/537.36 (KHTML, like Gecko; compatible; Googlebot/2.1; +http://www.google.com/bot.html) Chrome/137.0.7151.119 Safari/537.36"
209.74.77.214 - - [13/Jul/2025:21:32:56 +0000] "POST /wp-cron.php?doing_wp_cron=1752442376.2306470870971679687500 HTTP/1.1" 200 - "-" "WordPress/6.8.1; https://cyber-secure.com.au"
66.249.73.234 - - [13/Jul/2025:21:32:55 +0000] "GET /?e=58306103061000&mod=5f0ad4db&uri=pin.php%3Fid%3D1945705-949%26name%3Dleather+look+midi+dress HTTP/1.1" 301 - "-" "Mozilla/5.0 (Linux; Android 6.0.1; Nexus 5X Build/MMB29P) AppleWebKit/537.36 (KHTML, like Gecko) Chrome/137.0.7151.103 Mobile Safari/537.36 (compatible; GoogleOther)"
209.74.77.214 - - [13/Jul/2025:21:32:56 +0000] "POST /wp-admin/admin-ajax.php?action=async_litespeed&nonce=DDHzAuCJy2dwWmxTciW1ljw6URrpvC8b&litespeed_type=imgoptm HTTP/1.1" 200 21 "-" "WordPress/6.8.1; https://cyber-secure.com.au"
209.74.77.214 - - [13/Jul/2025:21:33:30 +0000] "POST /wp-cron.php?doing_wp_cron=1752442410.5561039447784423828125 HTTP/1.1" 200 - "-" "WordPress/6.8.1; https://cyber-secure.com.au"
209.74.77.214 - - [13/Jul/2025:21:33:30 +0000] "POST /wp-admin/admin-ajax.php?action=async_litespeed&nonce=V3LCtyc03HlHXRQwiQtAw44tsLmxqjWt&litespeed_type=imgoptm HTTP/1.1" 200 21 "-" "WordPress/6.8.1; https://cyber-secure.com.au"
66.249.73.233 - - [13/Jul/2025:21:33:29 +0000] "GET /?e=58306103061000&mod=5f0ad4db&uri=pin.php%3Fid%3D1945705-949%26name%3Dleather%20look%20midi%20dress HTTP/1.1" 200 26106 "-" "Mozilla/5.0 (Linux; Android 6.0.1; Nexus 5X Build/MMB29P) AppleWebKit/537.36 (KHTML, like Gecko) Chrome/137.0.7151.103 Mobile Safari/537.36 (compatible; GoogleOther)"
205.185.120.235 - - [13/Jul/2025:21:33:42 +0000] "GET /wp-login.php HTTP/1.1" 200 5406 "-" "Mozilla/5.0 (Windows NT 6.0) AppleWebKit/537.36 (KHTML, like Gecko) Chrome/36.0.1985.125 Safari/537.36"
205.185.120.235 - - [13/Jul/2025:21:33:42 +0000] "POST /wp-login.php HTTP/1.1" 200 5662 "-" "Mozilla/5.0 (Windows NT 6.0) AppleWebKit/537.36 (KHTML, like Gecko) Chrome/36.0.1985.125 Safari/537.36"
209.74.77.214 - - [13/Jul/2025:21:34:11 +0000] "POST /wp-cron.php?doing_wp_cron=1752442451.6383628845214843750000 HTTP/1.1" 200 - "-" "WordPress/6.8.1; https://cyber-secure.com.au"
51.222.253.9 - - [13/Jul/2025:21:34:11 +0000] "GET /?e=82554677001000&mod=12d16adf&uri=pin.php%3Fid%3D2754996-1175%26name%3Dair+jordan+se HTTP/1.1" 301 - "-" "Mozilla/5.0 (compatible; AhrefsBot/7.0; +http://ahrefs.com/robot/)"
209.74.77.214 - - [13/Jul/2025:21:35:19 +0000] "POST /wp-cron.php?doing_wp_cron=1752442519.5152161121368408203125 HTTP/1.1" 200 - "-" "WordPress/6.8.1; https://cyber-secure.com.au"
66.249.73.233 - - [13/Jul/2025:21:35:18 +0000] "GET /?e=58306703031000&mod=5f0ad4db&uri=pin.php%3Fid%3D1945725-949%26name%3Dpu+midi+pencil+skirt HTTP/1.1" 301 - "-" "Mozilla/5.0 (Linux; Android 6.0.1; Nexus 5X Build/MMB29P) AppleWebKit/537.36 (KHTML, like Gecko) Chrome/137.0.7151.103 Mobile Safari/537.36 (compatible; GoogleOther)"
209.74.77.214 - - [13/Jul/2025:21:35:19 +0000] "POST /wp-admin/admin-ajax.php?action=async_litespeed&nonce=tNEnjl8MfZifeSR5tOkS6er97iE7gkFV&litespeed_type=imgoptm HTTP/1.1" 200 21 "-" "WordPress/6.8.1; https://cyber-secure.com.au"
66.249.73.234 - - [13/Jul/2025:21:35:35 +0000] "GET /?e=58306703031000&mod=5f0ad4db&uri=pin.php%3Fid%3D1945725-949%26name%3Dpu%20midi%20pencil%20skirt HTTP/1.1" 200 26113 "-" "Mozilla/5.0 (Linux; Android 6.0.1; Nexus 5X Build/MMB29P) AppleWebKit/537.36 (KHTML, like Gecko) Chrome/137.0.7151.103 Mobile Safari/537.36 (compatible; GoogleOther)"
209.74.77.214 - - [13/Jul/2025:21:36:38 +0000] "POST /wp-cron.php?doing_wp_cron=1752442598.6673750877380371093750 HTTP/1.1" 200 - "-" "WordPress/6.8.1; https://cyber-secure.com.au"
199.195.253.169 - - [13/Jul/2025:21:36:37 +0000] "GET /wp-login.php HTTP/1.1" 200 5406 "-" "Mozilla/5.0 (Macintosh; Intel Mac OS X 10_10) AppleWebKit/600.1.3 (KHTML, like Gecko) Version/8.0 Safari/600.1.3"
209.74.77.214 - - [13/Jul/2025:21:36:38 +0000] "POST /wp-admin/admin-ajax.php?action=async_litespeed&nonce=dHejuxzovxPcECLnN3eKjMRe5QcNQGJL&litespeed_type=imgoptm HTTP/1.1" 200 21 "-" "WordPress/6.8.1; https://cyber-secure.com.au"
66.249.73.233 - - [13/Jul/2025:21:37:14 +0000] "GET /?e=58139128001000&mod=b4d22bb5&uri=product.php%3Fid%3D1940130-803%26name%3D950s+supersport HTTP/1.1" 200 22354 "-" "Mozilla/5.0 (compatible; Googlebot/2.1; +http://www.google.com/bot.html)"
66.249.73.233 - - [13/Jul/2025:21:37:19 +0000] "POST /get-message-notify HTTP/1.1" 200 21386 "https://cyber-secure.com.au/?e=58139128001000&mod=b4d22bb5&uri=product.php%3Fid%3D1940130-803%26name%3D950s+supersport" "Mozilla/5.0 AppleWebKit/537.36 (KHTML, like Gecko; compatible; Googlebot/2.1; +http://www.google.com/bot.html) Chrome/137.0.7151.119 Safari/537.36"
209.74.77.214 - - [13/Jul/2025:21:37:35 +0000] "POST /wp-cron.php?doing_wp_cron=1752442655.7854731082916259765625 HTTP/1.1" 200 - "-" "WordPress/6.8.1; https://cyber-secure.com.au"
199.195.253.169 - - [13/Jul/2025:21:37:35 +0000] "POST /wp-login.php HTTP/1.1" 200 5662 "-" "Mozilla/5.0 (Macintosh; Intel Mac OS X 10_10) AppleWebKit/600.1.3 (KHTML, like Gecko) Version/8.0 Safari/600.1.3"
209.74.77.214 - - [13/Jul/2025:21:37:35 +0000] "POST /wp-admin/admin-ajax.php?action=async_litespeed&nonce=zXzO6psAFMxTkYDoFkcKGAr3SOWqsoi4&litespeed_type=imgoptm HTTP/1.1" 200 21 "-" "WordPress/6.8.1; https://cyber-secure.com.au"
66.249.73.233 - - [13/Jul/2025:21:37:47 +0000] "GET /?e=58298603011000&mod=5f0ad4db&uri=pin.php%3Fid%3D1945455-949%26name%3Dwinter+mom+jeans HTTP/1.1" 301 - "-" "Mozilla/5.0 (Linux; Android 6.0.1; Nexus 5X Build/MMB29P) AppleWebKit/537.36 (KHTML, like Gecko) Chrome/137.0.7151.103 Mobile Safari/537.36 (compatible; GoogleOther)"
66.249.73.233 - - [13/Jul/2025:21:37:54 +0000] "GET /?e=58298603011000&mod=5f0ad4db&uri=pin.php%3Fid%3D1945455-949%26name%3Dwinter%20mom%20jeans HTTP/1.1" 200 26110 "-" "Mozilla/5.0 (Linux; Android 6.0.1; Nexus 5X Build/MMB29P) AppleWebKit/537.36 (KHTML, like Gecko) Chrome/137.0.7151.103 Mobile Safari/537.36 (compatible; GoogleOther)"
209.74.77.214 - - [13/Jul/2025:21:41:28 +0000] "POST /wp-cron.php?doing_wp_cron=1752442888.9352350234985351562500 HTTP/1.1" 200 - "-" "WordPress/6.8.1; https://cyber-secure.com.au"
51.222.253.15 - - [13/Jul/2025:21:41:27 +0000] "GET /?e=88285086041000&mod=a3014fc3&uri=itm.php%3Fid%3D2946218-1540%26name%3Dstivali+estivi+traforati+morbidi HTTP/1.1" 301 - "-" "Mozilla/5.0 (compatible; AhrefsBot/7.0; +http://ahrefs.com/robot/)"
209.74.77.214 - - [13/Jul/2025:21:41:29 +0000] "POST /wp-admin/admin-ajax.php?action=async_litespeed&nonce=1KIVDjUGLDgCxd3OdFZ7nq8Qyk4c4H7Q&litespeed_type=imgoptm HTTP/1.1" 200 21 "-" "WordPress/6.8.1; https://cyber-secure.com.au"
66.249.73.233 - - [13/Jul/2025:21:41:39 +0000] "GET /?e=58315943011000&mod=c850371f&uri=pin.php%3Fid%3D1946033-127%26name%3Doneplus+pro+with+wireless+charging HTTP/1.1" 301 - "-" "Mozilla/5.0 (Linux; Android 6.0.1; Nexus 5X Build/MMB29P) AppleWebKit/537.36 (KHTML, like Gecko) Chrome/137.0.7151.103 Mobile Safari/537.36 (compatible; GoogleOther)"
66.249.73.233 - - [13/Jul/2025:21:41:46 +0000] "GET /?e=58315943011000&mod=c850371f&uri=pin.php%3Fid%3D1946033-127%26name%3Doneplus%20pro%20with%20wireless%20charging HTTP/1.1" 200 26098 "-" "Mozilla/5.0 (Linux; Android 6.0.1; Nexus 5X Build/MMB29P) AppleWebKit/537.36 (KHTML, like Gecko) Chrome/137.0.7151.103 Mobile Safari/537.36 (compatible; GoogleOther)"
66.249.73.235 - - [13/Jul/2025:21:43:15 +0000] "GET /?e=58140988031000&mod=b4d22bb5&uri=dp.php%3Fid%3D1940192-803%26name%3Doggi+cattura+pro+t20+gx+2021 HTTP/1.1" 200 22342 "-" "Mozilla/5.0 (compatible; Googlebot/2.1; +http://www.google.com/bot.html)"
209.74.77.214 - - [13/Jul/2025:21:46:32 +0000] "POST /wp-cron.php?doing_wp_cron=1752443192.8981480598449707031250 HTTP/1.1" 200 - "-" "WordPress/6.8.1; https://cyber-secure.com.au"
66.249.73.234 - - [13/Jul/2025:21:46:31 +0000] "GET /?e=58303043061000&mod=5f0ad4db&uri=pin.php%3Fid%3D1945603-949%26name%3Dfaux+leather+belted+skirt HTTP/1.1" 301 - "-" "Mozilla/5.0 (Linux; Android 6.0.1; Nexus 5X Build/MMB29P) AppleWebKit/537.36 (KHTML, like Gecko) Chrome/137.0.7151.103 Mobile Safari/537.36 (compatible; GoogleOther)"
209.74.77.214 - - [13/Jul/2025:21:46:32 +0000] "POST /wp-admin/admin-ajax.php?action=async_litespeed&nonce=Fr0zoqF0NQl3yvZZcvwnyENAzVrqeSr5&litespeed_type=imgoptm HTTP/1.1" 200 21 "-" "WordPress/6.8.1; https://cyber-secure.com.au"
66.249.73.233 - - [13/Jul/2025:21:46:48 +0000] "GET /?e=58303043061000&mod=5f0ad4db&uri=pin.php%3Fid%3D1945603-949%26name%3Dfaux%20leather%20belted%20skirt HTTP/1.1" 200 26110 "-" "Mozilla/5.0 (Linux; Android 6.0.1; Nexus 5X Build/MMB29P) AppleWebKit/537.36 (KHTML, like Gecko) Chrome/137.0.7151.103 Mobile Safari/537.36 (compatible; GoogleOther)"
66.249.73.233 - - [13/Jul/2025:21:48:15 +0000] "GET /?e=58141348021000&mod=b4d22bb5&uri=shared.php%3Fid%3D1940204-803%26name%3Dforcellino+cannondale+fsi HTTP/1.1" 200 22429 "-" "Mozilla/5.0 (compatible; Googlebot/2.1; +http://www.google.com/bot.html)"
209.74.77.214 - - [13/Jul/2025:21:49:37 +0000] "POST /wp-cron.php?doing_wp_cron=1752443377.8394401073455810546875 HTTP/1.1" 200 - "-" "WordPress/6.8.1; https://cyber-secure.com.au"
51.222.253.17 - - [13/Jul/2025:21:49:36 +0000] "GET /?e=90922701071000&mod=3557a86d&uri=form.php%3Fid%3D3034238-552%26name%3Dbiddeford+comfort+knit+electric+heated+blanket HTTP/1.1" 301 - "-" "Mozilla/5.0 (compatible; AhrefsBot/7.0; +http://ahrefs.com/robot/)"
209.74.77.214 - - [13/Jul/2025:21:49:37 +0000] "POST /wp-admin/admin-ajax.php?action=async_litespeed&nonce=QtmOdJb14U1dqiV1auUcJdmf0LialkKA&litespeed_type=imgoptm HTTP/1.1" 200 21 "-" "WordPress/6.8.1; https://cyber-secure.com.au"
209.74.77.214 - - [13/Jul/2025:21:51:24 +0000] "POST /wp-cron.php?doing_wp_cron=1752443484.8007280826568603515625 HTTP/1.1" 200 - "-" "WordPress/6.8.1; https://cyber-secure.com.au"
66.249.73.233 - - [13/Jul/2025:21:51:23 +0000] "GET /?e=58280243011000&mod=b6edc1cd&uri=pin.php%3Fid%3D1944843-81%26name%3Dstock+divani+letto HTTP/1.1" 301 - "-" "Mozilla/5.0 (Linux; Android 6.0.1; Nexus 5X Build/MMB29P) AppleWebKit/537.36 (KHTML, like Gecko) Chrome/137.0.7151.103 Mobile Safari/537.36 (compatible; GoogleOther)"
209.74.77.214 - - [13/Jul/2025:21:51:24 +0000] "POST /wp-admin/admin-ajax.php?action=async_litespeed&nonce=pVfzIEq2gvrNWPVBpeqrYqiEc1ZBq6b3&litespeed_type=imgoptm HTTP/1.1" 200 21 "-" "WordPress/6.8.1; https://cyber-secure.com.au"
66.249.73.234 - - [13/Jul/2025:21:51:40 +0000] "GET /?e=58280243011000&mod=b6edc1cd&uri=pin.php%3Fid%3D1944843-81%26name%3Dstock%20divani%20letto HTTP/1.1" 200 26105 "-" "Mozilla/5.0 (Linux; Android 6.0.1; Nexus 5X Build/MMB29P) AppleWebKit/537.36 (KHTML, like Gecko) Chrome/137.0.7151.103 Mobile Safari/537.36 (compatible; GoogleOther)"
66.249.73.234 - - [13/Jul/2025:21:54:18 +0000] "GET /?e=58106668041000&mod=d77314b5&uri=category-info.php%3Fid%3D1939048-1343%26name%3Dbest+thin+pillow+for+side+sleepers HTTP/1.1" 200 21583 "-" "Mozilla/5.0 (compatible; Googlebot/2.1; +http://www.google.com/bot.html)"
209.74.77.214 - - [13/Jul/2025:21:56:18 +0000] "POST /wp-cron.php?doing_wp_cron=1752443778.3451120853424072265625 HTTP/1.1" 200 - "-" "WordPress/6.8.1; https://cyber-secure.com.au"
209.74.77.214 - - [13/Jul/2025:21:56:18 +0000] "POST /wp-cron.php?doing_wp_cron=1752443778.3451271057128906250000 HTTP/1.1" 200 - "-" "WordPress/6.8.1; https://cyber-secure.com.au"
66.249.73.235 - - [13/Jul/2025:21:56:17 +0000] "GET /?e=58299803051000&mod=5f0ad4db&uri=itm.php%3Fid%3D1945495-949%26name%3Dsoft+shell+jacket+patagonia HTTP/1.1" 301 - "-" "Mozilla/5.0 (Linux; Android 6.0.1; Nexus 5X Build/MMB29P) AppleWebKit/537.36 (KHTML, like Gecko) Chrome/137.0.7151.103 Mobile Safari/537.36 (compatible; GoogleOther)"
51.222.253.20 - - [13/Jul/2025:21:56:17 +0000] "GET /?e=96335915001000&mod=a70dc404&uri=shop.php%3Fid%3D3214947-232%26name%3Dgeforce+rtx+3090+ventus+3x+oc HTTP/1.1" 301 - "-" "Mozilla/5.0 (compatible; AhrefsBot/7.0; +http://ahrefs.com/robot/)"
209.74.77.214 - - [13/Jul/2025:21:56:18 +0000] "POST /wp-admin/admin-ajax.php?action=async_litespeed&nonce=0wbmuNSisclcLfQxV2QkcvITiQo0eNT2&litespeed_type=imgoptm HTTP/1.1" 200 21 "-" "WordPress/6.8.1; https://cyber-secure.com.au"
66.249.73.233 - - [13/Jul/2025:21:56:34 +0000] "GET /?e=58299803051000&mod=5f0ad4db&uri=itm.php%3Fid%3D1945495-949%26name%3Dsoft%20shell%20jacket%20patagonia HTTP/1.1" 200 26106 "-" "Mozilla/5.0 (Linux; Android 6.0.1; Nexus 5X Build/MMB29P) AppleWebKit/537.36 (KHTML, like Gecko) Chrome/137.0.7151.103 Mobile Safari/537.36 (compatible; GoogleOther)"
66.249.73.235 - - [13/Jul/2025:22:00:19 +0000] "GET /?e=58106698051000&mod=d77314b5&uri=form.php%3Fid%3D1939049-1343%26name%3Dzapotec+lumbar+pillow HTTP/1.1" 200 21251 "-" "Mozilla/5.0 (compatible; Googlebot/2.1; +http://www.google.com/bot.html)"
66.249.73.234 - - [13/Jul/2025:22:00:25 +0000] "POST /get-message-notify HTTP/1.1" 200 21388 "https://cyber-secure.com.au/?e=58106698051000&mod=d77314b5&uri=form.php%3Fid%3D1939049-1343%26name%3Dzapotec+lumbar+pillow" "Mozilla/5.0 AppleWebKit/537.36 (KHTML, like Gecko; compatible; Googlebot/2.1; +http://www.google.com/bot.html) Chrome/137.0.7151.119 Safari/537.36"
209.74.77.214 - - [13/Jul/2025:22:01:08 +0000] "POST /wp-cron.php?doing_wp_cron=1752444068.6679749488830566406250 HTTP/1.1" 200 - "-" "WordPress/6.8.1; https://cyber-secure.com.au"
66.249.73.233 - - [13/Jul/2025:22:01:07 +0000] "GET /?e=58286363011000&mod=5f0ad4db&uri=pin.php%3Fid%3D1945047-949%26name%3Dstone+island+garment+dyed+overshirt HTTP/1.1" 301 - "-" "Mozilla/5.0 (Linux; Android 6.0.1; Nexus 5X Build/MMB29P) AppleWebKit/537.36 (KHTML, like Gecko) Chrome/137.0.7151.103 Mobile Safari/537.36 (compatible; GoogleOther)"
209.74.77.214 - - [13/Jul/2025:22:01:08 +0000] "POST /wp-admin/admin-ajax.php?action=async_litespeed&nonce=ffbsBbcLsHDwNqpKlG9TDYV3rfgN0V7G&litespeed_type=imgoptm HTTP/1.1" 200 21 "-" "WordPress/6.8.1; https://cyber-secure.com.au"
209.74.77.214 - - [13/Jul/2025:22:01:25 +0000] "POST /wp-cron.php?doing_wp_cron=1752444085.7505350112915039062500 HTTP/1.1" 200 - "-" "WordPress/6.8.1; https://cyber-secure.com.au"
209.74.77.214 - - [13/Jul/2025:22:01:25 +0000] "POST /wp-admin/admin-ajax.php?action=async_litespeed&nonce=hBJYEaONGDSHllnrpsf9Ws7hhBaHE597&litespeed_type=imgoptm HTTP/1.1" 200 21 "-" "WordPress/6.8.1; https://cyber-secure.com.au"
66.249.73.234 - - [13/Jul/2025:22:01:25 +0000] "GET /?e=58286363011000&mod=5f0ad4db&uri=pin.php%3Fid%3D1945047-949%26name%3Dstone%20island%20garment%20dyed%20overshirt HTTP/1.1" 200 26105 "-" "Mozilla/5.0 (Linux; Android 6.0.1; Nexus 5X Build/MMB29P) AppleWebKit/537.36 (KHTML, like Gecko) Chrome/137.0.7151.103 Mobile Safari/537.36 (compatible; GoogleOther)"
66.249.73.233 - - [13/Jul/2025:22:03:00 +0000] "GET /?e=16994917011000&mod=a01a0380&uri=brands.php%3Fid%3D567339-39%26name%3Dsalerno+executive+office+chair HTTP/1.1" 200 22253 "-" "Mozilla/5.0 (Linux; Android 6.0.1; Nexus 5X Build/MMB29P) AppleWebKit/537.36 (KHTML, like Gecko) Chrome/137.0.7151.103 Mobile Safari/537.36 (compatible; Googlebot/2.1; +http://www.google.com/bot.html)"
209.74.77.214 - - [13/Jul/2025:22:03:09 +0000] "POST /wp-cron.php?doing_wp_cron=1752444189.4648549556732177734375 HTTP/1.1" 200 - "-" "WordPress/6.8.1; https://cyber-secure.com.au"
51.222.253.16 - - [13/Jul/2025:22:03:08 +0000] "GET /?e=98241982051000&mod=b3674596&uri=category-info.php%3Fid%3D3278596-1596%26name%3Dbmw+damen+schuhe HTTP/1.1" 301 - "-" "Mozilla/5.0 (compatible; AhrefsBot/7.0; +http://ahrefs.com/robot/)"
209.74.77.214 - - [13/Jul/2025:22:03:09 +0000] "POST /wp-admin/admin-ajax.php?action=async_litespeed&nonce=CpzmgXfBWK6SlYaXovhdZok3fpa5EvtV&litespeed_type=imgoptm HTTP/1.1" 200 21 "-" "WordPress/6.8.1; https://cyber-secure.com.au"
66.249.73.233 - - [13/Jul/2025:22:03:13 +0000] "GET /?e=27936972051000&mod=233f1dd0&uri=form.php%3Fid%3D932411-596%26name%3Dbaby+annabell+vs+baby+born HTTP/1.1" 200 22678 "-" "Mozilla/5.0 (Linux; Android 6.0.1; Nexus 5X Build/MMB29P) AppleWebKit/537.36 (KHTML, like Gecko) Chrome/137.0.7151.103 Mobile Safari/537.36 (compatible; Googlebot/2.1; +http://www.google.com/bot.html)"
66.249.73.234 - - [13/Jul/2025:22:03:16 +0000] "GET /?e=32919518001000&mod=4f3d7d38&uri=info.php%3Fid%3D1098718-537%26name%3Dfull+white+dress+design HTTP/1.1" 200 21713 "-" "Mozilla/5.0 (Linux; Android 6.0.1; Nexus 5X Build/MMB29P) AppleWebKit/537.36 (KHTML, like Gecko) Chrome/137.0.7151.103 Mobile Safari/537.36 (compatible; Googlebot/2.1; +http://www.google.com/bot.html)"
66.249.73.233 - - [13/Jul/2025:22:03:30 +0000] "GET /?e=16981521021000&mod=a6ce9144&uri=search.php%3Fid%3D566892-678%26name%3Damazon+samsung+tab+a+case HTTP/1.1" 200 22774 "-" "Mozilla/5.0 (Linux; Android 6.0.1; Nexus 5X Build/MMB29P) AppleWebKit/537.36 (KHTML, like Gecko) Chrome/137.0.7151.103 Mobile Safari/537.36 (compatible; Googlebot/2.1; +http://www.google.com/bot.html)"
66.249.73.233 - - [13/Jul/2025:22:03:46 +0000] "GET /?e=77513401001000&mod=e205ee2a&uri=products.php%3Fid%3D2586692-91%26name%3Dridley+helium+slx+disc HTTP/1.1" 200 21588 "-" "Mozilla/5.0 (Linux; Android 6.0.1; Nexus 5X Build/MMB29P) AppleWebKit/537.36 (KHTML, like Gecko) Chrome/137.0.7151.103 Mobile Safari/537.36 (compatible; Googlebot/2.1; +http://www.google.com/bot.html)"
66.249.73.233 - - [13/Jul/2025:22:03:49 +0000] "GET /?e=50592653141000&mod=45b865d1&uri=info.php%3Fid%3D1688366-1275%26name%3Dstroller+sleeping+bag+uppababy HTTP/1.1" 200 21072 "-" "Mozilla/5.0 (Linux; Android 6.0.1; Nexus 5X Build/MMB29P) AppleWebKit/537.36 (KHTML, like Gecko) Chrome/137.0.7151.103 Mobile Safari/537.36 (compatible; Googlebot/2.1; +http://www.google.com/bot.html)"
66.249.73.233 - - [13/Jul/2025:22:03:54 +0000] "GET /?e=99603637051000&mod=b4e62d56&uri=product.php%3Fid%3D3324027-1050%26name%3Dpuppy+training+pads+bulk HTTP/1.1" 200 22161 "-" "Mozilla/5.0 (Linux; Android 6.0.1; Nexus 5X Build/MMB29P) AppleWebKit/537.36 (KHTML, like Gecko) Chrome/137.0.7151.103 Mobile Safari/537.36 (compatible; Googlebot/2.1; +http://www.google.com/bot.html)"
66.249.73.235 - - [13/Jul/2025:22:04:10 +0000] "GET /?e=56547115051000&mod=e148bbf8&uri=news.php%3Fid%3D1887009-595%26name%3Dboston+red+sox+clothing+uk HTTP/1.1" 200 21125 "-" "Mozilla/5.0 (Linux; Android 6.0.1; Nexus 5X Build/MMB29P) AppleWebKit/537.36 (KHTML, like Gecko) Chrome/137.0.7151.103 Mobile Safari/537.36 (compatible; Googlebot/2.1; +http://www.google.com/bot.html)"
66.249.73.234 - - [13/Jul/2025:22:04:12 +0000] "GET /?e=50615243051000&mod=973a5f0c&uri=article.php%3Fid%3D1689119-165%26name%3Dprana+hellebore+jacket HTTP/1.1" 200 21921 "-" "Mozilla/5.0 (Linux; Android 6.0.1; Nexus 5X Build/MMB29P) AppleWebKit/537.36 (KHTML, like Gecko) Chrome/137.0.7151.103 Mobile Safari/537.36 (compatible; Googlebot/2.1; +http://www.google.com/bot.html)"
209.74.77.214 - - [13/Jul/2025:22:06:00 +0000] "POST /wp-cron.php?doing_wp_cron=1752444360.4661300182342529296875 HTTP/1.1" 200 - "-" "WordPress/6.8.1; https://cyber-secure.com.au"
66.249.73.234 - - [13/Jul/2025:22:05:59 +0000] "GET /?e=58155843071000&mod=0ebffb73&uri=pin.php%3Fid%3D1940689-1347%26name%3Dburberry+trench+for+petites HTTP/1.1" 301 - "-" "Mozilla/5.0 (Linux; Android 6.0.1; Nexus 5X Build/MMB29P) AppleWebKit/537.36 (KHTML, like Gecko) Chrome/137.0.7151.103 Mobile Safari/537.36 (compatible; GoogleOther)"
209.74.77.214 - - [13/Jul/2025:22:06:00 +0000] "POST /wp-admin/admin-ajax.php?action=async_litespeed&nonce=UJBxppen0zEElDxyRCI1ZPXblKnZvUE2&litespeed_type=imgoptm HTTP/1.1" 200 21 "-" "WordPress/6.8.1; https://cyber-secure.com.au"
209.74.77.214 - - [13/Jul/2025:22:06:16 +0000] "POST /wp-cron.php?doing_wp_cron=1752444376.5930509567260742187500 HTTP/1.1" 200 - "-" "WordPress/6.8.1; https://cyber-secure.com.au"
209.74.77.214 - - [13/Jul/2025:22:06:16 +0000] "POST /wp-admin/admin-ajax.php?action=async_litespeed&nonce=OGxq86wIkgsTWd4h3xyREd9sNnpBr3iP&litespeed_type=imgoptm HTTP/1.1" 200 21 "-" "WordPress/6.8.1; https://cyber-secure.com.au"
66.249.73.234 - - [13/Jul/2025:22:06:16 +0000] "GET /?e=58155843071000&mod=0ebffb73&uri=pin.php%3Fid%3D1940689-1347%26name%3Dburberry%20trench%20for%20petites HTTP/1.1" 200 26109 "-" "Mozilla/5.0 (Linux; Android 6.0.1; Nexus 5X Build/MMB29P) AppleWebKit/537.36 (KHTML, like Gecko) Chrome/137.0.7151.103 Mobile Safari/537.36 (compatible; GoogleOther)"
66.249.73.233 - - [13/Jul/2025:22:06:21 +0000] "GET /?e=58141168141000&mod=b4d22bb5&uri=dp.php%3Fid%3D1940198-803%26name%3Donline+bike+shop+de HTTP/1.1" 200 22129 "-" "Mozilla/5.0 (compatible; Googlebot/2.1; +http://www.google.com/bot.html)"
66.249.73.233 - - [13/Jul/2025:22:06:41 +0000] "POST /get-message-notify HTTP/1.1" 200 21382 "https://cyber-secure.com.au/?e=58141168141000&mod=b4d22bb5&uri=dp.php%3Fid%3D1940198-803%26name%3Donline+bike+shop+de" "Mozilla/5.0 AppleWebKit/537.36 (KHTML, like Gecko; compatible; Googlebot/2.1; +http://www.google.com/bot.html) Chrome/137.0.7151.119 Safari/537.36"
66.249.73.234 - - [13/Jul/2025:22:07:58 +0000] "POST /get-message-notify HTTP/1.1" 200 21379 "https://cyber-secure.com.au/?e=27936972051000&mod=233f1dd0&uri=form.php%3Fid%3D932411-596%26name%3Dbaby+annabell+vs+baby+born" "Mozilla/5.0 (Linux; Android 6.0.1; Nexus 5X Build/MMB29P) AppleWebKit/537.36 (KHTML, like Gecko) Chrome/137.0.7151.119 Mobile Safari/537.36 (compatible; Googlebot/2.1; +http://www.google.com/bot.html)"
209.74.77.214 - - [13/Jul/2025:22:09:39 +0000] "POST /wp-cron.php?doing_wp_cron=1752444579.1044950485229492187500 HTTP/1.1" 200 - "-" "WordPress/6.8.1; https://cyber-secure.com.au"
51.222.253.17 - - [13/Jul/2025:22:09:37 +0000] "GET /?e=98290402021000&mod=f5bf2f80&uri=us.php%3Fid%3D3280210-917%26name%3Dpram+buggy+stroller HTTP/1.1" 301 - "-" "Mozilla/5.0 (compatible; AhrefsBot/7.0; +http://ahrefs.com/robot/)"
209.74.77.214 - - [13/Jul/2025:22:09:39 +0000] "POST /wp-admin/admin-ajax.php?action=async_litespeed&nonce=7CkVHaBwdUgO1yGRQAms0vtQaQAhclcq&litespeed_type=imgoptm HTTP/1.1" 200 21 "-" "WordPress/6.8.1; https://cyber-secure.com.au"
209.74.77.214 - - [13/Jul/2025:22:10:18 +0000] "POST /wp-cron.php?doing_wp_cron=1752444618.3594379425048828125000 HTTP/1.1" 200 - "-" "WordPress/6.8.1; https://cyber-secure.com.au"
66.249.73.233 - - [13/Jul/2025:22:10:17 +0000] "GET /?e=58152715071000&mod=f2bff080&uri=goods.php%3Fid%3D1940584-338%26name%3Dadidas+us+release+dates+pdf HTTP/1.1" 301 - "-" "Mozilla/5.0 (Linux; Android 6.0.1; Nexus 5X Build/MMB29P) AppleWebKit/537.36 (KHTML, like Gecko) Chrome/137.0.7151.103 Mobile Safari/537.36 (compatible; GoogleOther)"
209.74.77.214 - - [13/Jul/2025:22:10:18 +0000] "POST /wp-admin/admin-ajax.php?action=async_litespeed&nonce=YMZMYbpzN6YHaBRFwE6UaOHpSNGMajZh&litespeed_type=imgoptm HTTP/1.1" 200 21 "-" "WordPress/6.8.1; https://cyber-secure.com.au"
66.249.73.234 - - [13/Jul/2025:22:10:34 +0000] "GET /?e=58152715071000&mod=f2bff080&uri=goods.php%3Fid%3D1940584-338%26name%3Dadidas%20us%20release%20dates%20pdf HTTP/1.1" 200 26114 "-" "Mozilla/5.0 (Linux; Android 6.0.1; Nexus 5X Build/MMB29P) AppleWebKit/537.36 (KHTML, like Gecko) Chrome/137.0.7151.103 Mobile Safari/537.36 (compatible; GoogleOther)"
66.249.73.233 - - [13/Jul/2025:22:11:21 +0000] "GET /?e=58139428041000&mod=b4d22bb5&uri=dp.php%3Fid%3D1940140-803%26name%3Dcontainer+bike+shop HTTP/1.1" 200 22019 "-" "Mozilla/5.0 (compatible; Googlebot/2.1; +http://www.google.com/bot.html)"
66.249.73.233 - - [13/Jul/2025:22:15:59 +0000] "GET /?e=4246546031000&mod=55a988df&uri=pin.php%3Fid%3D141736-253%26name%3Dlego+com+technic+dragster HTTP/1.1" 200 21942 "-" "Mozilla/5.0 (Linux; Android 6.0.1; Nexus 5X Build/MMB29P) AppleWebKit/537.36 (KHTML, like Gecko) Chrome/137.0.7151.103 Mobile Safari/537.36 (compatible; Googlebot/2.1; +http://www.google.com/bot.html)"
66.249.73.235 - - [13/Jul/2025:22:16:01 +0000] "GET /?e=22744856051000&mod=89d9c467&uri=pin.php%3Fid%3D759191-816%26name%3Dgrenson+emily+shoes HTTP/1.1" 200 21700 "-" "Mozilla/5.0 (Linux; Android 6.0.1; Nexus 5X Build/MMB29P) AppleWebKit/537.36 (KHTML, like Gecko) Chrome/137.0.7151.103 Mobile Safari/537.36 (compatible; Googlebot/2.1; +http://www.google.com/bot.html)"
66.249.73.233 - - [13/Jul/2025:22:16:05 +0000] "GET /?e=99566413031000&mod=8a1df180&uri=dp.php%3Fid%3D3322785-1439%26name%3Dcomment+fabriquer+un+cheval+a+bascule+en+bois HTTP/1.1" 200 20915 "-" "Mozilla/5.0 (Linux; Android 6.0.1; Nexus 5X Build/MMB29P) AppleWebKit/537.36 (KHTML, like Gecko) Chrome/137.0.7151.103 Mobile Safari/537.36 (compatible; Googlebot/2.1; +http://www.google.com/bot.html)"
209.74.77.214 - - [13/Jul/2025:22:16:07 +0000] "POST /wp-cron.php?doing_wp_cron=1752444967.6954939365386962890625 HTTP/1.1" 200 - "-" "WordPress/6.8.1; https://cyber-secure.com.au"
51.222.253.1 - - [13/Jul/2025:22:16:06 +0000] "GET /?e=99833481071000&mod=c7a9f13a&uri=search.php%3Fid%3D3331699-973%26name%3Dbuy+black+skater+skirt HTTP/1.1" 301 - "-" "Mozilla/5.0 (compatible; AhrefsBot/7.0; +http://ahrefs.com/robot/)"
209.74.77.214 - - [13/Jul/2025:22:16:07 +0000] "POST /wp-admin/admin-ajax.php?action=async_litespeed&nonce=Ib94dV7FJTyXd055phmzF20DRPkxDkFa&litespeed_type=imgoptm HTTP/1.1" 200 21 "-" "WordPress/6.8.1; https://cyber-secure.com.au"
66.249.73.233 - - [13/Jul/2025:22:16:07 +0000] "GET /?e=99489189031000&mod=5c645cc1&uri=pin.php%3Fid%3D3320209-469%26name%3Dpolo+ralph+lauren+wedges HTTP/1.1" 200 22505 "-" "Mozilla/5.0 (Linux; Android 6.0.1; Nexus 5X Build/MMB29P) AppleWebKit/537.36 (KHTML, like Gecko) Chrome/137.0.7151.103 Mobile Safari/537.36 (compatible; Googlebot/2.1; +http://www.google.com/bot.html)"
66.249.73.233 - - [13/Jul/2025:22:16:12 +0000] "GET /?e=13521251051000&mod=a35fe7f7&uri=itm.php%3Fid%3D451433-500%26name%3Dwooden+letter+ideas+for+baby+room HTTP/1.1" 200 22126 "-" "Mozilla/5.0 (Linux; Android 6.0.1; Nexus 5X Build/MMB29P) AppleWebKit/537.36 (KHTML, like Gecko) Chrome/137.0.7151.103 Mobile Safari/537.36 (compatible; Googlebot/2.1; +http://www.google.com/bot.html)"
66.249.73.233 - - [13/Jul/2025:22:16:14 +0000] "POST /get-message-notify HTTP/1.1" 200 21375 "https://cyber-secure.com.au/?e=22744856051000&mod=89d9c467&uri=pin.php%3Fid%3D759191-816%26name%3Dgrenson+emily+shoes" "Mozilla/5.0 (Linux; Android 6.0.1; Nexus 5X Build/MMB29P) AppleWebKit/537.36 (KHTML, like Gecko) Chrome/137.0.7151.119 Mobile Safari/537.36 (compatible; Googlebot/2.1; +http://www.google.com/bot.html)"
66.249.73.233 - - [13/Jul/2025:22:16:18 +0000] "GET /?e=13588037001000&mod=512c5cad&uri=form.php%3Fid%3D453662-141%26name%3Dmono+yoga+adidas HTTP/1.1" 200 22323 "-" "Mozilla/5.0 (Linux; Android 6.0.1; Nexus 5X Build/MMB29P) AppleWebKit/537.36 (KHTML, like Gecko) Chrome/137.0.7151.103 Mobile Safari/537.36 (compatible; Googlebot/2.1; +http://www.google.com/bot.html)"
66.249.73.233 - - [13/Jul/2025:22:16:20 +0000] "GET /?e=1195911031000&mod=4ea06fbc&uri=shared.php%3Fid%3D39926-77%26name%3Ddance+shoes+big+w HTTP/1.1" 200 22192 "-" "Mozilla/5.0 (Linux; Android 6.0.1; Nexus 5X Build/MMB29P) AppleWebKit/537.36 (KHTML, like Gecko) Chrome/137.0.7151.103 Mobile Safari/537.36 (compatible; Googlebot/2.1; +http://www.google.com/bot.html)"
66.249.73.233 - - [13/Jul/2025:22:16:22 +0000] "GET /?e=1254863041000&mod=b6edc1cd&uri=pin.php%3Fid%3D41894-81%26name%3Dcassettone+letto+singolo HTTP/1.1" 200 21769 "-" "Mozilla/5.0 (Linux; Android 6.0.1; Nexus 5X Build/MMB29P) AppleWebKit/537.36 (KHTML, like Gecko) Chrome/137.0.7151.103 Mobile Safari/537.36 (compatible; Googlebot/2.1; +http://www.google.com/bot.html)"
66.249.73.233 - - [13/Jul/2025:22:16:24 +0000] "GET /?e=17057987001000&mod=3214a6d8&uri=pin.php%3Fid%3D569442-188%26name%3Disland+gypsy+bear+coat HTTP/1.1" 200 22158 "-" "Mozilla/5.0 (Linux; Android 6.0.1; Nexus 5X Build/MMB29P) AppleWebKit/537.36 (KHTML, like Gecko) Chrome/137.0.7151.103 Mobile Safari/537.36 (compatible; Googlebot/2.1; +http://www.google.com/bot.html)"
66.249.73.233 - - [13/Jul/2025:22:16:26 +0000] "GET /?e=52913218051000&mod=6624b6d8&uri=pin.php%3Fid%3D1765761-293%26name%3Dnike+luggage+backpack HTTP/1.1" 200 21162 "-" "Mozilla/5.0 (Linux; Android 6.0.1; Nexus 5X Build/MMB29P) AppleWebKit/537.36 (KHTML, like Gecko) Chrome/137.0.7151.103 Mobile Safari/537.36 (compatible; Googlebot/2.1; +http://www.google.com/bot.html)"
66.249.73.233 - - [13/Jul/2025:22:16:29 +0000] "GET /?e=34572019041000&mod=d01eeca8&uri=pin.php%3Fid%3D1153898-407%26name%3Dsweatshirt+sweater HTTP/1.1" 200 21706 "-" "Mozilla/5.0 (Linux; Android 6.0.1; Nexus 5X Build/MMB29P) AppleWebKit/537.36 (KHTML, like Gecko) Chrome/137.0.7151.103 Mobile Safari/537.36 (compatible; Googlebot/2.1; +http://www.google.com/bot.html)"
66.249.73.233 - - [13/Jul/2025:22:16:39 +0000] "POST /get-message-notify HTTP/1.1" 200 21376 "https://cyber-secure.com.au/?e=1254863041000&mod=b6edc1cd&uri=pin.php%3Fid%3D41894-81%26name%3Dcassettone+letto+singolo" "Mozilla/5.0 (Linux; Android 6.0.1; Nexus 5X Build/MMB29P) AppleWebKit/537.36 (KHTML, like Gecko) Chrome/137.0.7151.119 Mobile Safari/537.36 (compatible; Googlebot/2.1; +http://www.google.com/bot.html)"
66.249.73.233 - - [13/Jul/2025:22:16:45 +0000] "POST /get-message-notify HTTP/1.1" 200 21400 "https://cyber-secure.com.au/?e=34572019041000&mod=d01eeca8&uri=pin.php%3Fid%3D1153898-407%26name%3Dsweatshirt+sweater" "Mozilla/5.0 (Linux; Android 6.0.1; Nexus 5X Build/MMB29P) AppleWebKit/537.36 (KHTML, like Gecko) Chrome/137.0.7151.119 Mobile Safari/537.36 (compatible; Googlebot/2.1; +http://www.google.com/bot.html)"
66.249.73.235 - - [13/Jul/2025:22:17:24 +0000] "GET /?e=58139548001000&mod=b4d22bb5&uri=dp.php%3Fid%3D1940144-803%26name%3Dktm+250+ktm+adventure+250 HTTP/1.1" 200 22669 "-" "Mozilla/5.0 (compatible; Googlebot/2.1; +http://www.google.com/bot.html)"
66.249.73.235 - - [13/Jul/2025:22:18:45 +0000] "GET /?e=6179387061000&mod=d1c373ab&uri=product.php%3Fid%3D206362-296%26name%3Dpuri+gana+bhojpuri+gana HTTP/1.1" 200 21334 "-" "Mozilla/5.0 (Linux; Android 6.0.1; Nexus 5X Build/MMB29P) AppleWebKit/537.36 (KHTML, like Gecko) Chrome/137.0.7151.103 Mobile Safari/537.36 (compatible; Googlebot/2.1; +http://www.google.com/bot.html)"
66.249.73.234 - - [13/Jul/2025:22:19:55 +0000] "GET /?e=19645711071000&mod=f4f1f13c&uri=brands.php%3Fid%3D655801-750%26name%3Dbolsas+coach+en+liverpool HTTP/1.1" 200 20634 "-" "Mozilla/5.0 (Linux; Android 6.0.1; Nexus 5X Build/MMB29P) AppleWebKit/537.36 (KHTML, like Gecko) Chrome/137.0.7151.103 Mobile Safari/537.36 (compatible; Googlebot/2.1; +http://www.google.com/bot.html)"
66.249.73.234 - - [13/Jul/2025:22:20:09 +0000] "GET /?e=13494673021000&mod=a35fe7f7&uri=news.php%3Fid%3D450546-500%26name%3Dhealthy+milk+powder+for+babies HTTP/1.1" 200 22150 "-" "Mozilla/5.0 (Linux; Android 6.0.1; Nexus 5X Build/MMB29P) AppleWebKit/537.36 (KHTML, like Gecko) Chrome/137.0.7151.103 Mobile Safari/537.36 (compatible; Googlebot/2.1; +http://www.google.com/bot.html)"
66.249.73.235 - - [13/Jul/2025:22:23:25 +0000] "GET /?e=58142248051000&mod=b4d22bb5&uri=search.php%3Fid%3D1940234-803%26name%3Drc+team+scott HTTP/1.1" 200 21976 "-" "Mozilla/5.0 (compatible; Googlebot/2.1; +http://www.google.com/bot.html)"
209.74.77.214 - - [13/Jul/2025:22:23:40 +0000] "POST /wp-cron.php?doing_wp_cron=1752445420.9565720558166503906250 HTTP/1.1" 200 - "-" "WordPress/6.8.1; https://cyber-secure.com.au"
51.222.253.9 - - [13/Jul/2025:22:23:40 +0000] "GET /?e=99896769071000&mod=806beafe&uri=dp.php%3Fid%3D3333814-162%26name%3Dthis+day+of+month+year HTTP/1.1" 301 - "-" "Mozilla/5.0 (compatible; AhrefsBot/7.0; +http://ahrefs.com/robot/)"
209.74.77.214 - - [13/Jul/2025:22:23:41 +0000] "POST /wp-admin/admin-ajax.php?action=async_litespeed&nonce=iBnymsQ1gurM6Z6GW0VQ2XUDIsVksoE4&litespeed_type=imgoptm HTTP/1.1" 200 21 "-" "WordPress/6.8.1; https://cyber-secure.com.au"
209.74.77.214 - - [13/Jul/2025:22:26:00 +0000] "POST /wp-cron.php?doing_wp_cron=1752445560.4919691085815429687500 HTTP/1.1" 200 - "-" "WordPress/6.8.1; https://cyber-secure.com.au"
66.249.73.233 - - [13/Jul/2025:22:25:59 +0000] "GET /?e=58263645121000&mod=b6edc1cd&uri=pin.php%3Fid%3D1944288-81%26name%3Ddivano+letto+vintage+usato HTTP/1.1" 301 - "-" "Mozilla/5.0 (Linux; Android 6.0.1; Nexus 5X Build/MMB29P) AppleWebKit/537.36 (KHTML, like Gecko) Chrome/137.0.7151.103 Mobile Safari/537.36 (compatible; GoogleOther)"
209.74.77.214 - - [13/Jul/2025:22:26:00 +0000] "POST /wp-admin/admin-ajax.php?action=async_litespeed&nonce=yQhIcOtyQZGZPVi2rmeZW2mzwPoVc8hb&litespeed_type=imgoptm HTTP/1.1" 200 21 "-" "WordPress/6.8.1; https://cyber-secure.com.au"
209.74.77.214 - - [13/Jul/2025:22:26:16 +0000] "POST /wp-cron.php?doing_wp_cron=1752445576.8263208866119384765625 HTTP/1.1" 200 - "-" "WordPress/6.8.1; https://cyber-secure.com.au"
209.74.77.214 - - [13/Jul/2025:22:26:16 +0000] "POST /wp-admin/admin-ajax.php?action=async_litespeed&nonce=Ba7G4zQrBMSbECsxvJK57Xu6WmahyxBL&litespeed_type=imgoptm HTTP/1.1" 200 21 "-" "WordPress/6.8.1; https://cyber-secure.com.au"
66.249.73.233 - - [13/Jul/2025:22:26:16 +0000] "GET /?e=58263645121000&mod=b6edc1cd&uri=pin.php%3Fid%3D1944288-81%26name%3Ddivano%20letto%20vintage%20usato HTTP/1.1" 200 26107 "-" "Mozilla/5.0 (Linux; Android 6.0.1; Nexus 5X Build/MMB29P) AppleWebKit/537.36 (KHTML, like Gecko) Chrome/137.0.7151.103 Mobile Safari/537.36 (compatible; GoogleOther)"
66.249.73.235 - - [13/Jul/2025:22:29:27 +0000] "GET /?e=58142008001000&mod=b4d22bb5&uri=brands.php%3Fid%3D1940226-803%26name%3Dktm+excf+250+2021 HTTP/1.1" 200 22613 "-" "Mozilla/5.0 (compatible; Googlebot/2.1; +http://www.google.com/bot.html)"
209.74.77.214 - - [13/Jul/2025:22:33:40 +0000] "POST /wp-cron.php?doing_wp_cron=1752446020.2818689346313476562500 HTTP/1.1" 200 - "-" "WordPress/6.8.1; https://cyber-secure.com.au"
51.222.253.1 - - [13/Jul/2025:22:33:39 +0000] "GET /?e=101364178041000&mod=dd111a74&uri=form.php%3Fid%3D3382809-989%26name%3Dpochette+s6+edge+plus HTTP/1.1" 301 - "-" "Mozilla/5.0 (compatible; AhrefsBot/7.0; +http://ahrefs.com/robot/)"
209.74.77.214 - - [13/Jul/2025:22:33:40 +0000] "POST /wp-admin/admin-ajax.php?action=async_litespeed&nonce=owsHoyegHiDOUDCINikEgHeaB1vKPjO3&litespeed_type=imgoptm HTTP/1.1" 200 21 "-" "WordPress/6.8.1; https://cyber-secure.com.au"
66.249.73.234 - - [13/Jul/2025:22:34:39 +0000] "GET /?e=58139968041000&mod=b4d22bb5&uri=itm.php%3Fid%3D1940158-803%26name%3Dfocus+bold+recensione HTTP/1.1" 200 22681 "-" "Mozilla/5.0 (compatible; Googlebot/2.1; +http://www.google.com/bot.html)"
66.249.73.233 - - [13/Jul/2025:22:35:33 +0000] "GET /?e=19658281011000&mod=b7c13b0a&uri=article.php%3Fid%3D656220-751%26name%3Dmochila+shimano+unzen HTTP/1.1" 200 21543 "-" "Mozilla/5.0 (Linux; Android 6.0.1; Nexus 5X Build/MMB29P) AppleWebKit/537.36 (KHTML, like Gecko) Chrome/137.0.7151.103 Mobile Safari/537.36 (compatible; Googlebot/2.1; +http://www.google.com/bot.html)"
66.249.73.233 - - [13/Jul/2025:22:38:22 +0000] "GET /?e=104259792051000&mod=e205ee2a&uri=brands.php%3Fid%3D3479469-91%26name%3Dtrek+xo1+alpha+sl HTTP/1.1" 200 22493 "-" "Mozilla/5.0 (Linux; Android 6.0.1; Nexus 5X Build/MMB29P) AppleWebKit/537.36 (KHTML, like Gecko) Chrome/137.0.7151.103 Mobile Safari/537.36 (compatible; Googlebot/2.1; +http://www.google.com/bot.html)"
66.249.73.235 - - [13/Jul/2025:22:39:10 +0000] "GET /?e=119460452031000&mod=c255c052&uri=shop.php%3Fid%3D3986761-387%26name%3Dexercise+dumbbells+at+home HTTP/1.1" 200 21658 "-" "Mozilla/5.0 (Linux; Android 6.0.1; Nexus 5X Build/MMB29P) AppleWebKit/537.36 (KHTML, like Gecko) Chrome/137.0.7151.103 Mobile Safari/537.36 (compatible; Googlebot/2.1; +http://www.google.com/bot.html)"
66.249.73.235 - - [13/Jul/2025:22:40:43 +0000] "GET /?e=58134778111000&mod=b4d22bb5&uri=goods.php%3Fid%3D1939985-803%26name%3Dmerida+one+sixty+700+2022 HTTP/1.1" 200 22248 "-" "Mozilla/5.0 (compatible; Googlebot/2.1; +http://www.google.com/bot.html)"
209.74.77.214 - - [13/Jul/2025:22:43:47 +0000] "POST /wp-cron.php?doing_wp_cron=1752446627.1367979049682617187500 HTTP/1.1" 200 - "-" "WordPress/6.8.1; https://cyber-secure.com.au"
51.222.253.1 - - [13/Jul/2025:22:43:45 +0000] "GET /?e=112228434011000&mod=e165a267&uri=dp.php%3Fid%3D3745458-1614%26name%3Dbrown+leather+sports+shoes HTTP/1.1" 301 - "-" "Mozilla/5.0 (compatible; AhrefsBot/7.0; +http://ahrefs.com/robot/)"
209.74.77.214 - - [13/Jul/2025:22:43:47 +0000] "POST /wp-admin/admin-ajax.php?action=async_litespeed&nonce=gVwoPxB9Pzh6nqeaT7JWhGoivpyj4RjD&litespeed_type=imgoptm HTTP/1.1" 200 21 "-" "WordPress/6.8.1; https://cyber-secure.com.au"
209.74.77.214 - - [13/Jul/2025:22:46:07 +0000] "POST /wp-cron.php?doing_wp_cron=1752446767.7534480094909667968750 HTTP/1.1" 200 - "-" "WordPress/6.8.1; https://cyber-secure.com.au"
66.249.73.233 - - [13/Jul/2025:22:46:06 +0000] "GET /?e=24408521031000&mod=b4d22bb5&uri=pin.php%3Fid%3D814681-803%26name%3Dbiciclette+a+quattro+ruote HTTP/1.1" 301 - "-" "Mozilla/5.0 (Linux; Android 6.0.1; Nexus 5X Build/MMB29P) AppleWebKit/537.36 (KHTML, like Gecko) Chrome/137.0.7151.103 Mobile Safari/537.36 (compatible; GoogleOther)"
209.74.77.214 - - [13/Jul/2025:22:46:07 +0000] "POST /wp-admin/admin-ajax.php?action=async_litespeed&nonce=fDbyfUiUhfp87mSjX8XvahRoc24BWhAE&litespeed_type=imgoptm HTTP/1.1" 200 21 "-" "WordPress/6.8.1; https://cyber-secure.com.au"
66.249.73.233 - - [13/Jul/2025:22:46:44 +0000] "GET /?e=58139908041000&mod=b4d22bb5&uri=blog.php%3Fid%3D1940156-803%26name%3Dmoto+guzzi+indian HTTP/1.1" 200 22536 "-" "Mozilla/5.0 (compatible; Googlebot/2.1; +http://www.google.com/bot.html)"
209.74.77.214 - - [13/Jul/2025:22:49:17 +0000] "POST /wp-cron.php?doing_wp_cron=1752446957.8786020278930664062500 HTTP/1.1" 200 - "-" "WordPress/6.8.1; https://cyber-secure.com.au"
209.74.77.214 - - [13/Jul/2025:22:49:17 +0000] "POST /wp-admin/admin-ajax.php?action=async_litespeed&nonce=3Ct90ZDrZdyVqFAfRGqAtWQwKnYc5dnA&litespeed_type=imgoptm HTTP/1.1" 200 21 "-" "WordPress/6.8.1; https://cyber-secure.com.au"
66.249.73.235 - - [13/Jul/2025:22:49:16 +0000] "GET /?e=24408521031000&mod=b4d22bb5&uri=pin.php%3Fid%3D814681-803%26name%3Dbiciclette%20a%20quattro%20ruote HTTP/1.1" 200 26111 "-" "Mozilla/5.0 (Linux; Android 6.0.1; Nexus 5X Build/MMB29P) AppleWebKit/537.36 (KHTML, like Gecko) Chrome/137.0.7151.103 Mobile Safari/537.36 (compatible; GoogleOther)"
66.249.73.234 - - [13/Jul/2025:22:49:39 +0000] "GET /?e=52827591031000&mod=080c993f&uri=info.php%3Fid%3D1762905-464%26name%3Dddram HTTP/1.1" 200 22267 "-" "Mozilla/5.0 (Linux; Android 6.0.1; Nexus 5X Build/MMB29P) AppleWebKit/537.36 (KHTML, like Gecko) Chrome/137.0.7151.103 Mobile Safari/537.36 (compatible; Googlebot/2.1; +http://www.google.com/bot.html)"
66.249.73.235 - - [13/Jul/2025:22:51:37 +0000] "GET /?e=58138168041000&mod=b4d22bb5&uri=us.php%3Fid%3D1940098-803%26name%3Dfreni+fixed HTTP/1.1" 200 22541 "-" "Mozilla/5.0 (compatible; Googlebot/2.1; +http://www.google.com/bot.html)"
209.74.77.214 - - [13/Jul/2025:22:52:41 +0000] "POST /wp-cron.php?doing_wp_cron=1752447161.8627998828887939453125 HTTP/1.1" 200 - "-" "WordPress/6.8.1; https://cyber-secure.com.au"
51.222.253.14 - - [13/Jul/2025:22:52:40 +0000] "GET /?e=12586017001000&mod=810462d0&uri=article.php%3Fid%3D420244-571%26name%3Dnike+yellow+huarache HTTP/1.1" 301 - "-" "Mozilla/5.0 (compatible; AhrefsBot/7.0; +http://ahrefs.com/robot/)"
209.74.77.214 - - [13/Jul/2025:22:52:41 +0000] "POST /wp-admin/admin-ajax.php?action=async_litespeed&nonce=F2C6aR9GA5rqmp13JKgd0TgMxImhCR0r&litespeed_type=imgoptm HTTP/1.1" 200 21 "-" "WordPress/6.8.1; https://cyber-secure.com.au"
66.249.73.233 - - [13/Jul/2025:22:52:47 +0000] "GET /?e=1170531041000&mod=4ea06fbc&uri=blog.php%3Fid%3D39080-77%26name%3Ddecathlon+499+shoes HTTP/1.1" 200 22069 "-" "Mozilla/5.0 (Linux; Android 6.0.1; Nexus 5X Build/MMB29P) AppleWebKit/537.36 (KHTML, like Gecko) Chrome/137.0.7151.103 Mobile Safari/537.36 (compatible; Googlebot/2.1; +http://www.google.com/bot.html)"
66.249.73.235 - - [13/Jul/2025:22:53:55 +0000] "GET /?e=77541592011000&mod=c850371f&uri=search.php%3Fid%3D2587632-127%26name%3Dsyncwire+waterproof+phone+case HTTP/1.1" 200 21675 "-" "Mozilla/5.0 (Linux; Android 6.0.1; Nexus 5X Build/MMB29P) AppleWebKit/537.36 (KHTML, like Gecko) Chrome/137.0.7151.103 Mobile Safari/537.36 (compatible; Googlebot/2.1; +http://www.google.com/bot.html)"
66.249.73.235 - - [13/Jul/2025:22:56:25 +0000] "GET /?e=50529435081000&mod=e0be0edc&uri=dp.php%3Fid%3D1686258-934%26name%3Dcollection+de+chaussures HTTP/1.1" 200 22400 "-" "Mozilla/5.0 (Linux; Android 6.0.1; Nexus 5X Build/MMB29P) AppleWebKit/537.36 (KHTML, like Gecko) Chrome/137.0.7151.103 Mobile Safari/537.36 (compatible; Googlebot/2.1; +http://www.google.com/bot.html)"
66.249.73.235 - - [13/Jul/2025:22:57:40 +0000] "GET /?e=58142068141000&mod=b4d22bb5&uri=category-info.php%3Fid%3D1940228-803%26name%3Dp+bike+shop HTTP/1.1" 200 21831 "-" "Mozilla/5.0 (compatible; Googlebot/2.1; +http://www.google.com/bot.html)"
66.249.73.235 - - [13/Jul/2025:22:58:54 +0000] "GET /?e=119586735001000&mod=77ee3bc5&uri=product.php%3Fid%3D3990976-315%26name%3Dhamilton+ventura+uhr HTTP/1.1" 200 22161 "-" "Mozilla/5.0 (Linux; Android 6.0.1; Nexus 5X Build/MMB29P) AppleWebKit/537.36 (KHTML, like Gecko) Chrome/137.0.7151.103 Mobile Safari/537.36 (compatible; Googlebot/2.1; +http://www.google.com/bot.html)"
66.249.73.233 - - [13/Jul/2025:22:59:10 +0000] "GET /?e=99597517011000&mod=b4e62d56&uri=blog.php%3Fid%3D3323823-1050%26name%3Dgolden+retriever+car+sun+shade HTTP/1.1" 200 20438 "-" "Mozilla/5.0 (Linux; Android 6.0.1; Nexus 5X Build/MMB29P) AppleWebKit/537.36 (KHTML, like Gecko) Chrome/137.0.7151.103 Mobile Safari/537.36 (compatible; Googlebot/2.1; +http://www.google.com/bot.html)"
66.249.73.234 - - [13/Jul/2025:22:59:57 +0000] "GET /?e=99510459041000&mod=ee3bf295&uri=products.php%3Fid%3D3320918-1514%26name%3Damazon+triple+stroller HTTP/1.1" 200 21687 "-" "Mozilla/5.0 (Linux; Android 6.0.1; Nexus 5X Build/MMB29P) AppleWebKit/537.36 (KHTML, like Gecko) Chrome/137.0.7151.103 Mobile Safari/537.36 (compatible; Googlebot/2.1; +http://www.google.com/bot.html)"
66.249.73.233 - - [13/Jul/2025:23:00:13 +0000] "POST /get-message-notify HTTP/1.1" 200 21384 "https://cyber-secure.com.au/?e=99510459041000&mod=ee3bf295&uri=products.php%3Fid%3D3320918-1514%26name%3Damazon+triple+stroller" "Mozilla/5.0 (Linux; Android 6.0.1; Nexus 5X Build/MMB29P) AppleWebKit/537.36 (KHTML, like Gecko) Chrome/137.0.7151.119 Mobile Safari/537.36 (compatible; Googlebot/2.1; +http://www.google.com/bot.html)"
209.74.77.214 - - [13/Jul/2025:23:00:52 +0000] "POST /wp-cron.php?doing_wp_cron=1752447652.9337389469146728515625 HTTP/1.1" 200 - "-" "WordPress/6.8.1; https://cyber-secure.com.au"
51.222.253.9 - - [13/Jul/2025:23:00:51 +0000] "GET /?e=16267286011000&mod=4996dcc4&uri=info.php%3Fid%3D543072-657%26name%3Dred+armani+exchange+watch HTTP/1.1" 301 - "-" "Mozilla/5.0 (compatible; AhrefsBot/7.0; +http://ahrefs.com/robot/)"
209.74.77.214 - - [13/Jul/2025:23:00:53 +0000] "POST /wp-admin/admin-ajax.php?action=async_litespeed&nonce=ZZpUpovdG33CZ9O9tfvBaF80QHzrRQYv&litespeed_type=imgoptm HTTP/1.1" 200 21 "-" "WordPress/6.8.1; https://cyber-secure.com.au"
209.74.77.214 - - [13/Jul/2025:23:01:19 +0000] "POST /wp-cron.php?doing_wp_cron=1752447679.6754209995269775390625 HTTP/1.1" 200 - "-" "WordPress/6.8.1; https://cyber-secure.com.au"
66.249.73.234 - - [13/Jul/2025:23:01:19 +0000] "GET /?e=58154733081000&mod=0ebffb73&uri=info.php%3Fid%3D1940652-1347%26name%3Dadidas+ultra+boost+negras+xiaomi HTTP/1.1" 301 - "-" "Mozilla/5.0 (Linux; Android 6.0.1; Nexus 5X Build/MMB29P) AppleWebKit/537.36 (KHTML, like Gecko) Chrome/137.0.7151.103 Mobile Safari/537.36 (compatible; GoogleOther)"
209.74.77.214 - - [13/Jul/2025:23:01:19 +0000] "POST /wp-admin/admin-ajax.php?action=async_litespeed&nonce=sIc7NRJ4XqbYENIKkhjZIyUt1QWpjna8&litespeed_type=imgoptm HTTP/1.1" 200 21 "-" "WordPress/6.8.1; https://cyber-secure.com.au"
66.249.73.233 - - [13/Jul/2025:23:01:40 +0000] "GET /?e=58154733081000&mod=0ebffb73&uri=info.php%3Fid%3D1940652-1347%26name%3Dadidas%20ultra%20boost%20negras%20xiaomi HTTP/1.1" 200 26110 "-" "Mozilla/5.0 (Linux; Android 6.0.1; Nexus 5X Build/MMB29P) AppleWebKit/537.36 (KHTML, like Gecko) Chrome/137.0.7151.103 Mobile Safari/537.36 (compatible; GoogleOther)"
66.249.73.233 - - [13/Jul/2025:23:02:42 +0000] "GET /?e=52861578011000&mod=e9fb2eda&uri=form.php%3Fid%3D1764038-311%26name%3Dbarbie+sticky+legs HTTP/1.1" 200 20898 "-" "Mozilla/5.0 (Linux; Android 6.0.1; Nexus 5X Build/MMB29P) AppleWebKit/537.36 (KHTML, like Gecko) Chrome/137.0.7151.103 Mobile Safari/537.36 (compatible; Googlebot/2.1; +http://www.google.com/bot.html)"
66.249.73.233 - - [13/Jul/2025:23:02:49 +0000] "GET /?e=53031355011000&mod=080c993f&uri=products.php%3Fid%3D1769705-464%26name%3Dpatriot+viper+2666mhz HTTP/1.1" 200 22219 "-" "Mozilla/5.0 (Linux; Android 6.0.1; Nexus 5X Build/MMB29P) AppleWebKit/537.36 (KHTML, like Gecko) Chrome/137.0.7151.103 Mobile Safari/537.36 (compatible; Googlebot/2.1; +http://www.google.com/bot.html)"
66.249.73.233 - - [13/Jul/2025:23:03:41 +0000] "GET /?e=58190804031000&mod=6f3e29a3&uri=blog.php%3Fid%3D1941857-130%26name%3Dmoto+z3+play+case+that+works+with+battery+mod HTTP/1.1" 200 21954 "-" "Mozilla/5.0 (compatible; Googlebot/2.1; +http://www.google.com/bot.html)"
66.249.73.234 - - [13/Jul/2025:23:03:50 +0000] "POST /get-message-notify HTTP/1.1" 200 21379 "https://cyber-secure.com.au/?e=58190804031000&mod=6f3e29a3&uri=blog.php%3Fid%3D1941857-130%26name%3Dmoto+z3+play+case+that+works+with+battery+mod" "Mozilla/5.0 AppleWebKit/537.36 (KHTML, like Gecko; compatible; Googlebot/2.1; +http://www.google.com/bot.html) Chrome/137.0.7151.119 Safari/537.36"
66.249.73.235 - - [13/Jul/2025:23:05:34 +0000] "GET /?e=104320544031000&mod=2109366d&uri=dp.php%3Fid%3D3481497-1493%26name%3Dindoor+soccer+shoes+tiempo HTTP/1.1" 200 21112 "-" "Mozilla/5.0 (Linux; Android 6.0.1; Nexus 5X Build/MMB29P) AppleWebKit/537.36 (KHTML, like Gecko) Chrome/137.0.7151.103 Mobile Safari/537.36 (compatible; Googlebot/2.1; +http://www.google.com/bot.html)"
66.249.73.233 - - [13/Jul/2025:23:05:52 +0000] "GET /?e=34585699041000&mod=3b9be7e1&uri=goods.php%3Fid%3D1154354-408%26name%3Dharvard+champion+crewneck HTTP/1.1" 200 20945 "-" "Mozilla/5.0 (Linux; Android 6.0.1; Nexus 5X Build/MMB29P) AppleWebKit/537.36 (KHTML, like Gecko) Chrome/137.0.7151.103 Mobile Safari/537.36 (compatible; Googlebot/2.1; +http://www.google.com/bot.html)"
66.249.73.233 - - [13/Jul/2025:23:05:58 +0000] "POST /get-message-notify HTTP/1.1" 200 21395 "https://cyber-secure.com.au/?e=34585699041000&mod=3b9be7e1&uri=goods.php%3Fid%3D1154354-408%26name%3Dharvard+champion+crewneck" "Mozilla/5.0 (Linux; Android 6.0.1; Nexus 5X Build/MMB29P) AppleWebKit/537.36 (KHTML, like Gecko) Chrome/137.0.7151.119 Mobile Safari/537.36 (compatible; Googlebot/2.1; +http://www.google.com/bot.html)"
209.74.77.214 - - [13/Jul/2025:23:06:07 +0000] "POST /wp-cron.php?doing_wp_cron=1752447967.2504620552062988281250 HTTP/1.1" 200 - "-" "WordPress/6.8.1; https://cyber-secure.com.au"
66.249.73.234 - - [13/Jul/2025:23:06:04 +0000] "GET /?e=58295483031000&mod=5f0ad4db&uri=pin.php%3Fid%3D1945351-949%26name%3Dfloral+coat+ladies HTTP/1.1" 301 - "-" "Mozilla/5.0 (Linux; Android 6.0.1; Nexus 5X Build/MMB29P) AppleWebKit/537.36 (KHTML, like Gecko) Chrome/137.0.7151.103 Mobile Safari/537.36 (compatible; GoogleOther)"
