66.249.73.234 - - [14/Jul/2025:03:04:31 +0000] "GET /?e=58260443041000&mod=619205da&uri=news.php%3Fid%3D1944181-233%26name%3Dkaury+bodys HTTP/1.1" 200 39921 "-" "Mozilla/5.0 (Linux; Android 6.0.1; Nexus 5X Build/MMB29P) AppleWebKit/537.36 (KHTML, like Gecko) Chrome/137.0.7151.103 Mobile Safari/537.36 (compatible; GoogleOther)"
66.249.73.234 - - [14/Jul/2025:03:05:53 +0000] "GET /?e=41760986021000&mod=0738069b&uri=shop.php%3Fid%3D1393752-283%26name%3Dmia+maeva+combat+boot HTTP/1.1" 200 39927 "-" "Mozilla/5.0 (compatible; Googlebot/2.1; +http://www.google.com/bot.html)"
66.249.73.233 - - [14/Jul/2025:03:06:35 +0000] "GET /item/proof40707619/ HTTP/1.1" 200 40013 "-" "Mozilla/5.0 (Linux; Android 6.0.1; Nexus 5X Build/MMB29P) AppleWebKit/537.36 (KHTML, like Gecko) Chrome/137.0.7151.103 Mobile Safari/537.36 (compatible; GoogleOther)"
66.249.73.234 - - [14/Jul/2025:03:08:40 +0000] "GET /item/welfa31978202/ HTTP/1.1" 200 39979 "-" "Mozilla/5.0 (Linux; Android 6.0.1; Nexus 5X Build/MMB29P) AppleWebKit/537.36 (KHTML, like Gecko) Chrome/137.0.7151.103 Mobile Safari/537.36 (compatible; GoogleOther)"
209.74.77.214 - - [14/Jul/2025:03:08:59 +0000] "POST /wp-cron.php?doing_wp_cron=1752462539.4880371093750000000000 HTTP/1.1" 200 - "-" "WordPress/6.8.1; https://cyber-secure.com.au"
51.222.253.11 - - [14/Jul/2025:03:08:58 +0000] "GET /?e=58090618021000&mod=560a6a01&uri=product.php%3Fid%3D1938513-1335%26name%3Dtimberland+aerocore+prezzo HTTP/1.1" 301 - "-" "Mozilla/5.0 (compatible; AhrefsBot/7.0; +http://ahrefs.com/robot/)"
209.74.77.214 - - [14/Jul/2025:03:08:59 +0000] "POST /wp-admin/admin-ajax.php?action=async_litespeed&nonce=FEkMRtl8y3LgGzxpJpWr1itSRexHTeC4&litespeed_type=imgoptm HTTP/1.1" 200 21 "-" "WordPress/6.8.1; https://cyber-secure.com.au"
66.249.73.234 - - [14/Jul/2025:03:10:37 +0000] "GET /item/brigh61864637/ HTTP/1.1" 200 40183 "-" "Mozilla/5.0 (Linux; Android 6.0.1; Nexus 5X Build/MMB29P) AppleWebKit/537.36 (KHTML, like Gecko) Chrome/137.0.7151.103 Mobile Safari/537.36 (compatible; GoogleOther)"
66.249.73.234 - - [14/Jul/2025:03:10:55 +0000] "GET /?e=41756906041000&mod=0738069b&uri=us.php%3Fid%3D1393616-283%26name%3Dariat+deals HTTP/1.1" 200 39952 "-" "Mozilla/5.0 (compatible; Googlebot/2.1; +http://www.google.com/bot.html)"
66.249.73.235 - - [14/Jul/2025:03:12:34 +0000] "GET /item/ice50204668/ HTTP/1.1" 200 40148 "-" "Mozilla/5.0 (Linux; Android 6.0.1; Nexus 5X Build/MMB29P) AppleWebKit/537.36 (KHTML, like Gecko) Chrome/137.0.7151.103 Mobile Safari/537.36 (compatible; GoogleOther)"
66.249.73.236 - - [14/Jul/2025:03:14:32 +0000] "GET /item/butto42691011/ HTTP/1.1" 200 40605 "-" "Mozilla/5.0 (Linux; Android 6.0.1; Nexus 5X Build/MMB29P) AppleWebKit/537.36 (KHTML, like Gecko) Chrome/137.0.7151.103 Mobile Safari/537.36 (compatible; GoogleOther)"
66.249.73.234 - - [14/Jul/2025:03:16:28 +0000] "GET /item/zinc81423927/ HTTP/1.1" 200 40692 "-" "Mozilla/5.0 (Linux; Android 6.0.1; Nexus 5X Build/MMB29P) AppleWebKit/537.36 (KHTML, like Gecko) Chrome/137.0.7151.103 Mobile Safari/537.36 (compatible; GoogleOther)"
66.249.73.235 - - [14/Jul/2025:03:16:57 +0000] "GET /?e=41761826041000&mod=0738069b&uri=product.php%3Fid%3D1393780-283%26name%3Dblack+reef+flip+flops+mens HTTP/1.1" 200 39889 "-" "Mozilla/5.0 (compatible; Googlebot/2.1; +http://www.google.com/bot.html)"
209.74.77.214 - - [14/Jul/2025:03:16:59 +0000] "POST /wp-cron.php?doing_wp_cron=1752463019.5613400936126708984375 HTTP/1.1" 200 - "-" "WordPress/6.8.1; https://cyber-secure.com.au"
51.222.253.11 - - [14/Jul/2025:03:16:58 +0000] "GET /?e=60972167001000&mod=b9cfe8b6&uri=search.php%3Fid%3D2034691-490%26name%3Dchaussure+puma+annee+80 HTTP/1.1" 301 - "-" "Mozilla/5.0 (compatible; AhrefsBot/7.0; +http://ahrefs.com/robot/)"
209.74.77.214 - - [14/Jul/2025:03:16:59 +0000] "POST /wp-admin/admin-ajax.php?action=async_litespeed&nonce=k9Q1wWgjrhhzpXOHRtNpdPSPkQl7xrv8&litespeed_type=imgoptm HTTP/1.1" 200 21 "-" "WordPress/6.8.1; https://cyber-secure.com.au"
66.249.73.234 - - [14/Jul/2025:03:18:18 +0000] "GET /item/compo60492285/ HTTP/1.1" 200 40396 "-" "Mozilla/5.0 (Linux; Android 6.0.1; Nexus 5X Build/MMB29P) AppleWebKit/537.36 (KHTML, like Gecko) Chrome/137.0.7151.103 Mobile Safari/537.36 (compatible; GoogleOther)"
66.249.73.236 - - [14/Jul/2025:03:20:46 +0000] "GET /?e=17003283051000&mod=a01a0380&uri=pin.php%3Fid%3D567618-39%26name%3Dbest+dining+tables+for+small+spaces HTTP/1.1" 200 40020 "-" "Mozilla/5.0 (Linux; Android 6.0.1; Nexus 5X Build/MMB29P) AppleWebKit/537.36 (KHTML, like Gecko) Chrome/137.0.7151.103 Mobile Safari/537.36 (compatible; Googlebot/2.1; +http://www.google.com/bot.html)"
66.249.73.234 - - [14/Jul/2025:03:22:19 +0000] "GET /?e=99075094101000&mod=1e50a717&uri=shared.php%3Fid%3D3306384-478%26name%3Dgoldwing+2022 HTTP/1.1" 200 39995 "-" "Mozilla/5.0 (Linux; Android 6.0.1; Nexus 5X Build/MMB29P) AppleWebKit/537.36 (KHTML, like Gecko) Chrome/137.0.7151.103 Mobile Safari/537.36 (compatible; GoogleOther)"
66.249.73.236 - - [14/Jul/2025:03:23:00 +0000] "GET /?e=41762666031000&mod=0738069b&uri=category-info.php%3Fid%3D1393808-283%26name%3Dankle+length+combat+boots HTTP/1.1" 200 39985 "-" "Mozilla/5.0 (compatible; Googlebot/2.1; +http://www.google.com/bot.html)"
209.74.77.214 - - [14/Jul/2025:03:23:48 +0000] "POST /wp-admin/admin-ajax.php?action=async_litespeed&nonce=Gry25BmD7SsM7QWppvnzjAh4SiS8Wm82&litespeed_type=imgoptm HTTP/1.1" 200 21 "-" "WordPress/6.8.1; https://cyber-secure.com.au"
169.150.222.76 - - [14/Jul/2025:03:23:53 +0000] "GET /wp-content/uploads/elementor/google-fonts/css/poppins.css?ver=1742321224 HTTP/1.1" 200 741 "http://cyber-secure.com.au/" "Mozilla/5.0 (Windows NT 10.0; Win64; x64) AppleWebKit/537.36 (KHTML, like Gecko) Chrome/136.0.0.0 Safari/537.36"
169.150.222.76 - - [14/Jul/2025:03:23:53 +0000] "GET /wp-content/uploads/elementor/google-fonts/css/inter.css?ver=1742321247 HTTP/1.1" 200 1350 "http://cyber-secure.com.au/" "Mozilla/5.0 (Windows NT 10.0; Win64; x64) AppleWebKit/537.36 (KHTML, like Gecko) Chrome/136.0.0.0 Safari/537.36"
169.150.222.76 - - [14/Jul/2025:03:23:54 +0000] "GET /wp-content/uploads/elementor/google-fonts/css/intertight.css?ver=1742321261 HTTP/1.1" 200 1331 "http://cyber-secure.com.au/" "Mozilla/5.0 (Windows NT 10.0; Win64; x64) AppleWebKit/537.36 (KHTML, like Gecko) Chrome/136.0.0.0 Safari/537.36"
169.150.222.76 - - [14/Jul/2025:03:23:56 +0000] "GET /wp-content/uploads/elementor/google-fonts/css/abhayalibre.css?ver=1742321262 HTTP/1.1" 200 582 "http://cyber-secure.com.au/" "Mozilla/5.0 (Windows NT 10.0; Win64; x64) AppleWebKit/537.36 (KHTML, like Gecko) Chrome/136.0.0.0 Safari/537.36"
169.150.222.76 - - [14/Jul/2025:03:23:57 +0000] "GET /wp-content/uploads/2025/01/Untitled-design.png HTTP/1.1" 200 28912 "http://cyber-secure.com.au/" "Mozilla/5.0 (Windows NT 10.0; Win64; x64) AppleWebKit/537.36 (KHTML, like Gecko) Chrome/136.0.0.0 Safari/537.36"
169.150.222.76 - - [14/Jul/2025:03:23:58 +0000] "GET /wp-content/uploads/2025/01/Logo-01.png HTTP/1.1" 200 13387 "http://cyber-secure.com.au/" "Mozilla/5.0 (Windows NT 10.0; Win64; x64) AppleWebKit/537.36 (KHTML, like Gecko) Chrome/136.0.0.0 Safari/537.36"
169.150.222.76 - - [14/Jul/2025:03:23:58 +0000] "GET /wp-content/uploads/2025/01/award-03.png HTTP/1.1" 200 24104 "http://cyber-secure.com.au/" "Mozilla/5.0 (Windows NT 10.0; Win64; x64) AppleWebKit/537.36 (KHTML, like Gecko) Chrome/136.0.0.0 Safari/537.36"
66.249.73.236 - - [14/Jul/2025:03:24:11 +0000] "GET /?e=4262127041000&mod=55a988df&uri=article.php%3Fid%3D142256-253%26name%3Dlight+kit+lego+old+trafford HTTP/1.1" 200 39949 "-" "Mozilla/5.0 (Linux; Android 6.0.1; Nexus 5X Build/MMB29P) AppleWebKit/537.36 (KHTML, like Gecko) Chrome/137.0.7151.103 Mobile Safari/537.36 (compatible; GoogleOther)"
169.150.222.76 - - [14/Jul/2025:03:24:13 +0000] "GET /wp-content/uploads/2025/01/asset-021.png HTTP/1.1" 200 95511 "http://cyber-secure.com.au/" "Mozilla/5.0 (Windows NT 10.0; Win64; x64) AppleWebKit/537.36 (KHTML, like Gecko) Chrome/136.0.0.0 Safari/537.36"
169.150.222.76 - - [14/Jul/2025:03:24:13 +0000] "GET /wp-content/uploads/2025/01/asset-06.png HTTP/1.1" 200 44543 "http://cyber-secure.com.au/" "Mozilla/5.0 (Windows NT 10.0; Win64; x64) AppleWebKit/537.36 (KHTML, like Gecko) Chrome/136.0.0.0 Safari/537.36"
209.74.77.214 - - [14/Jul/2025:03:24:13 +0000] "POST /wp-cron.php?doing_wp_cron=1752463453.5297288894653320312500 HTTP/1.1" 200 - "-" "WordPress/6.8.1; https://cyber-secure.com.au"
169.150.222.76 - - [14/Jul/2025:03:24:13 +0000] "OPTIONS /wp-json/metform/v1/forms/views/2288 HTTP/1.1" 200 111 "http://cyber-secure.com.au/" "Mozilla/5.0 (Windows NT 10.0; Win64; x64) AppleWebKit/537.36 (KHTML, like Gecko) Chrome/136.0.0.0 Safari/537.36"
169.150.222.76 - - [14/Jul/2025:03:24:13 +0000] "POST /wp-json/metform/v1/forms/views/2288 HTTP/1.1" 200 - "http://cyber-secure.com.au/" "Mozilla/5.0 (Windows NT 10.0; Win64; x64) AppleWebKit/537.36 (KHTML, like Gecko) Chrome/136.0.0.0 Safari/537.36"
169.150.222.76 - - [14/Jul/2025:03:24:14 +0000] "GET /wp-content/uploads/2025/01/asset-026.png HTTP/1.1" 200 32215 "http://cyber-secure.com.au/" "Mozilla/5.0 (Windows NT 10.0; Win64; x64) AppleWebKit/537.36 (KHTML, like Gecko) Chrome/136.0.0.0 Safari/537.36"
169.150.222.76 - - [14/Jul/2025:03:24:14 +0000] "GET /wp-content/uploads/2025/01/cyberjpg-011.jpg HTTP/1.1" 200 31722 "http://cyber-secure.com.au/" "Mozilla/5.0 (Windows NT 10.0; Win64; x64) AppleWebKit/537.36 (KHTML, like Gecko) Chrome/136.0.0.0 Safari/537.36"
209.74.77.214 - - [14/Jul/2025:03:24:15 +0000] "POST /wp-admin/admin-ajax.php?action=async_litespeed&nonce=1uWZfJUn29QV7Vl3DihaqVVvWC6xfdYe&litespeed_type=imgoptm HTTP/1.1" 200 21 "-" "WordPress/6.8.1; https://cyber-secure.com.au"
51.222.253.20 - - [14/Jul/2025:03:24:37 +0000] "GET /?e=60978587071000&mod=8520cc3b&uri=search.php%3Fid%3D2034905-1366%26name%3Ddoudoune+femme+jean HTTP/1.1" 301 - "-" "Mozilla/5.0 (compatible; AhrefsBot/7.0; +http://ahrefs.com/robot/)"
66.249.73.235 - - [14/Jul/2025:03:24:56 +0000] "GET /?e=58264935061000&mod=b6edc1cd&uri=shared.php%3Fid%3D1944331-81%26name%3Dpoltrona+egg+sospesa HTTP/1.1" 200 40036 "-" "Mozilla/5.0 (Linux; Android 6.0.1; Nexus 5X Build/MMB29P) AppleWebKit/537.36 (KHTML, like Gecko) Chrome/137.0.7151.103 Mobile Safari/537.36 (compatible; Googlebot/2.1; +http://www.google.com/bot.html)"
66.249.73.234 - - [14/Jul/2025:03:25:36 +0000] "GET /item/recor20644393/ HTTP/1.1" 200 40061 "-" "Mozilla/5.0 (Linux; Android 6.0.1; Nexus 5X Build/MMB29P) AppleWebKit/537.36 (KHTML, like Gecko) Chrome/137.0.7151.103 Mobile Safari/537.36 (compatible; GoogleOther)"
66.249.73.235 - - [14/Jul/2025:03:27:25 +0000] "GET /?e=58140508011000&mod=b4d22bb5&uri=blog.php%3Fid%3D1940176-803%26name%3Dsanta+cruz+bullit+2021+usata HTTP/1.1" 200 39931 "-" "Mozilla/5.0 (Linux; Android 6.0.1; Nexus 5X Build/MMB29P) AppleWebKit/537.36 (KHTML, like Gecko) Chrome/137.0.7151.103 Mobile Safari/537.36 (compatible; GoogleOther)"
66.249.73.236 - - [14/Jul/2025:03:28:56 +0000] "GET /?e=41759906061000&mod=0738069b&uri=us.php%3Fid%3D1393716-283%26name%3Dcombat+boots+after HTTP/1.1" 200 39768 "-" "Mozilla/5.0 (compatible; Googlebot/2.1; +http://www.google.com/bot.html)"
209.74.77.214 - - [14/Jul/2025:03:31:34 +0000] "POST /wp-cron.php?doing_wp_cron=1752463894.3213798999786376953125 HTTP/1.1" 200 - "-" "WordPress/6.8.1; https://cyber-secure.com.au"
51.222.253.14 - - [14/Jul/2025:03:31:32 +0000] "GET /?e=61147685011000&mod=b4d22bb5&uri=product.php%3Fid%3D2040548-803%26name%3Ds2r+800+usata HTTP/1.1" 301 - "-" "Mozilla/5.0 (compatible; AhrefsBot/7.0; +http://ahrefs.com/robot/)"
209.74.77.214 - - [14/Jul/2025:03:31:34 +0000] "POST /wp-admin/admin-ajax.php?action=async_litespeed&nonce=1tF7zHyzSwQlRILcLFe0S93Y3msbKaf1&litespeed_type=imgoptm HTTP/1.1" 200 21 "-" "WordPress/6.8.1; https://cyber-secure.com.au"
66.249.73.234 - - [14/Jul/2025:03:32:34 +0000] "GET /?e=58173122071000&mod=d6a2be6d&uri=pin.php%3Fid%3D1941267-467%26name%3Djoop+sneaker+damen+wei%C3%83%C2%9F HTTP/1.1" 200 39909 "-" "Mozilla/5.0 (Linux; Android 6.0.1; Nexus 5X Build/MMB29P) AppleWebKit/537.36 (KHTML, like Gecko) Chrome/137.0.7151.103 Mobile Safari/537.36 (compatible; Googlebot/2.1; +http://www.google.com/bot.html)"
66.249.73.236 - - [14/Jul/2025:03:33:30 +0000] "GET /?e=45635070071000&mod=b4d22bb5&uri=product.php%3Fid%3D1522977-803%26name%3Dspedire+moto+sda HTTP/1.1" 200 39919 "-" "Mozilla/5.0 (Linux; Android 6.0.1; Nexus 5X Build/MMB29P) AppleWebKit/537.36 (KHTML, like Gecko) Chrome/137.0.7151.103 Mobile Safari/537.36 (compatible; GoogleOther)"
66.249.73.234 - - [14/Jul/2025:03:34:01 +0000] "GET /?e=41760626001000&mod=0738069b&uri=search.php%3Fid%3D1393740-283%26name%3Dbelleville+one+xero+ultra+light+assault+boots HTTP/1.1" 200 40008 "-" "Mozilla/5.0 (compatible; Googlebot/2.1; +http://www.google.com/bot.html)"
66.249.73.234 - - [14/Jul/2025:03:34:29 +0000] "GET /?e=41693111051000 HTTP/1.1" 200 39951 "-" "Mozilla/5.0 (Linux; Android 6.0.1; Nexus 5X Build/MMB29P) AppleWebKit/537.36 (KHTML, like Gecko) Chrome/137.0.7151.103 Mobile Safari/537.36 (compatible; Googlebot/2.1; +http://www.google.com/bot.html)"
66.249.73.234 - - [14/Jul/2025:03:34:35 +0000] "GET /?e=41756186021000 HTTP/1.1" 200 39946 "-" "Mozilla/5.0 (Linux; Android 6.0.1; Nexus 5X Build/MMB29P) AppleWebKit/537.36 (KHTML, like Gecko) Chrome/137.0.7151.103 Mobile Safari/537.36 (compatible; Googlebot/2.1; +http://www.google.com/bot.html)"
66.249.73.234 - - [14/Jul/2025:03:34:40 +0000] "GET /?e=23936603061000&mod=b4d22bb5&uri=search.php%3Fid%3D798938-803%26name%3Dmoto+soviero HTTP/1.1" 200 39898 "-" "Mozilla/5.0 (Linux; Android 6.0.1; Nexus 5X Build/MMB29P) AppleWebKit/537.36 (KHTML, like Gecko) Chrome/137.0.7151.103 Mobile Safari/537.36 (compatible; Googlebot/2.1; +http://www.google.com/bot.html)"
66.249.73.236 - - [14/Jul/2025:03:35:15 +0000] "GET /?e=116616950061000&mod=b3dd760e&uri=pin.php%3Fid%3D3891916-538%26name%3Dblusas+mujer+moda+2019 HTTP/1.1" 200 40023 "-" "Mozilla/5.0 (Linux; Android 6.0.1; Nexus 5X Build/MMB29P) AppleWebKit/537.36 (KHTML, like Gecko) Chrome/137.0.7151.103 Mobile Safari/537.36 (compatible; Googlebot/2.1; +http://www.google.com/bot.html)"
66.249.73.234 - - [14/Jul/2025:03:35:27 +0000] "GET /?e=4253926041000&mod=55a988df&uri=dp.php%3Fid%3D141982-253%26name%3Dlego+friends+base HTTP/1.1" 200 39956 "-" "Mozilla/5.0 (Linux; Android 6.0.1; Nexus 5X Build/MMB29P) AppleWebKit/537.36 (KHTML, like Gecko) Chrome/137.0.7151.103 Mobile Safari/537.36 (compatible; Googlebot/2.1; +http://www.google.com/bot.html)"
66.249.73.236 - - [14/Jul/2025:03:36:36 +0000] "GET /item/mute42119083/ HTTP/1.1" 200 40153 "-" "Mozilla/5.0 (Linux; Android 6.0.1; Nexus 5X Build/MMB29P) AppleWebKit/537.36 (KHTML, like Gecko) Chrome/137.0.7151.103 Mobile Safari/537.36 (compatible; GoogleOther)"
66.249.73.234 - - [14/Jul/2025:03:37:10 +0000] "GET /?e=50605703011000&mod=45b865d1&uri=product.php%3Fid%3D1688801-1275%26name%3Dr+for+rabbit+carry+cot HTTP/1.1" 200 39898 "-" "Mozilla/5.0 (Linux; Android 6.0.1; Nexus 5X Build/MMB29P) AppleWebKit/537.36 (KHTML, like Gecko) Chrome/137.0.7151.103 Mobile Safari/537.36 (compatible; Googlebot/2.1; +http://www.google.com/bot.html)"
66.249.73.235 - - [14/Jul/2025:03:38:27 +0000] "GET /item/centr70664118/ HTTP/1.1" 200 40825 "-" "Mozilla/5.0 (Linux; Android 6.0.1; Nexus 5X Build/MMB29P) AppleWebKit/537.36 (KHTML, like Gecko) Chrome/137.0.7151.103 Mobile Safari/537.36 (compatible; GoogleOther)"
66.249.73.235 - - [14/Jul/2025:03:39:59 +0000] "GET /?e=41700971031000&mod=ce840aa9&uri=category-info.php%3Fid%3D1391751-860%26name%3Dpurple+gucci+glasses HTTP/1.1" 200 39989 "-" "Mozilla/5.0 (compatible; Googlebot/2.1; +http://www.google.com/bot.html)"
209.74.77.214 - - [14/Jul/2025:03:40:11 +0000] "POST /wp-cron.php?doing_wp_cron=1752464411.5822670459747314453125 HTTP/1.1" 200 - "-" "WordPress/6.8.1; https://cyber-secure.com.au"
66.249.73.235 - - [14/Jul/2025:03:40:11 +0000] "GET /?e=58303703011000&mod=5f0ad4db&uri=pin.php%3Fid%3D1945625-949%26name%3Dbest+ski+equipment HTTP/1.1" 200 39952 "-" "Mozilla/5.0 (Linux; Android 6.0.1; Nexus 5X Build/MMB29P) AppleWebKit/537.36 (KHTML, like Gecko) Chrome/137.0.7151.103 Mobile Safari/537.36 (compatible; Googlebot/2.1; +http://www.google.com/bot.html)"
209.74.77.214 - - [14/Jul/2025:03:40:11 +0000] "POST /wp-admin/admin-ajax.php?action=async_litespeed&nonce=uuqz0yPr1R0CltBjpRiGrBiAe7Q002aU&litespeed_type=imgoptm HTTP/1.1" 200 21 "-" "WordPress/6.8.1; https://cyber-secure.com.au"
51.222.253.4 - - [14/Jul/2025:03:40:10 +0000] "GET /?e=43250660011000&uri=us.php%3Fid%3D1443429-996%26name%3Dk%20design%20ring HTTP/1.1" 200 26105 "-" "Mozilla/5.0 (compatible; AhrefsBot/7.0; +http://ahrefs.com/robot/)"
66.249.73.234 - - [14/Jul/2025:03:40:28 +0000] "GET /item/bitte32213210/ HTTP/1.1" 200 40167 "-" "Mozilla/5.0 (Linux; Android 6.0.1; Nexus 5X Build/MMB29P) AppleWebKit/537.36 (KHTML, like Gecko) Chrome/137.0.7151.103 Mobile Safari/537.36 (compatible; GoogleOther)"
66.249.73.236 - - [14/Jul/2025:03:41:41 +0000] "GET /item/altog31839162/ HTTP/1.1" 200 40241 "-" "Mozilla/5.0 (Linux; Android 6.0.1; Nexus 5X Build/MMB29P) AppleWebKit/537.36 (KHTML, like Gecko) Chrome/137.0.7151.103 Mobile Safari/537.36 (compatible; GoogleOther)"
66.249.73.234 - - [14/Jul/2025:03:43:20 +0000] "GET /?e=58122658051000&mod=b4d22bb5&uri=product.php%3Fid%3D1939581-803%26name%3Driverside+100+recensione HTTP/1.1" 200 39898 "-" "Mozilla/5.0 (Linux; Android 6.0.1; Nexus 5X Build/MMB29P) AppleWebKit/537.36 (KHTML, like Gecko) Chrome/137.0.7151.103 Mobile Safari/537.36 (compatible; GoogleOther)"
66.249.73.234 - - [14/Jul/2025:03:44:33 +0000] "GET /?e=41756666001000 HTTP/1.1" 200 39949 "-" "Mozilla/5.0 (Linux; Android 6.0.1; Nexus 5X Build/MMB29P) AppleWebKit/537.36 (KHTML, like Gecko) Chrome/137.0.7151.103 Mobile Safari/537.36 (compatible; Googlebot/2.1; +http://www.google.com/bot.html)"
66.249.73.234 - - [14/Jul/2025:03:44:51 +0000] "GET /?e=52859778071000&mod=e9fb2eda&uri=news.php%3Fid%3D1763978-311%26name%3Dbarbie+pur+makeup HTTP/1.1" 200 39919 "-" "Mozilla/5.0 (Linux; Android 6.0.1; Nexus 5X Build/MMB29P) AppleWebKit/537.36 (KHTML, like Gecko) Chrome/137.0.7151.103 Mobile Safari/537.36 (compatible; Googlebot/2.1; +http://www.google.com/bot.html)"
66.249.73.235 - - [14/Jul/2025:03:45:02 +0000] "POST /get-message-notify HTTP/1.1" 200 40050 "https://cyber-secure.com.au/?e=41756666001000" "Mozilla/5.0 (Linux; Android 6.0.1; Nexus 5X Build/MMB29P) AppleWebKit/537.36 (KHTML, like Gecko) Chrome/137.0.7151.119 Mobile Safari/537.36 (compatible; Googlebot/2.1; +http://www.google.com/bot.html)"
66.249.73.234 - - [14/Jul/2025:03:45:08 +0000] "GET /?e=58258135021000&mod=23d6c296&uri=itm.php%3Fid%3D1944104-1324%26name%3Dleather+card+holder+prada HTTP/1.1" 200 39865 "-" "Mozilla/5.0 (Linux; Android 6.0.1; Nexus 5X Build/MMB29P) AppleWebKit/537.36 (KHTML, like Gecko) Chrome/137.0.7151.103 Mobile Safari/537.36 (compatible; GoogleOther)"
66.249.73.234 - - [14/Jul/2025:03:46:04 +0000] "GET /?e=41758466031000&mod=0738069b&uri=us.php%3Fid%3D1393668-283%26name%3Dtkees+foundations HTTP/1.1" 200 40014 "-" "Mozilla/5.0 (compatible; Googlebot/2.1; +http://www.google.com/bot.html)"
66.249.73.234 - - [14/Jul/2025:03:46:28 +0000] "GET /?e=41693111051000 HTTP/1.1" 200 39867 "-" "Mozilla/5.0 (Linux; Android 6.0.1; Nexus 5X Build/MMB29P) AppleWebKit/537.36 (KHTML, like Gecko) Chrome/137.0.7151.103 Mobile Safari/537.36 (compatible; GoogleOther)"
66.249.73.236 - - [14/Jul/2025:03:47:41 +0000] "GET /?e=58110418051000&mod=d77314b5&uri=product.php%3Fid%3D1939173-1343%26name%3Dtravel+heads+travel+pillow HTTP/1.1" 200 39911 "-" "Mozilla/5.0 (Linux; Android 6.0.1; Nexus 5X Build/MMB29P) AppleWebKit/537.36 (KHTML, like Gecko) Chrome/137.0.7151.103 Mobile Safari/537.36 (compatible; GoogleOther)"
66.249.73.234 - - [14/Jul/2025:03:47:53 +0000] "GET /?e=58121698031000&mod=b4d22bb5&uri=product.php%3Fid%3D1939549-803%26name%3Dbici+modello+cruiser HTTP/1.1" 200 39939 "-" "Mozilla/5.0 (Linux; Android 6.0.1; Nexus 5X Build/MMB29P) AppleWebKit/537.36 (KHTML, like Gecko) Chrome/137.0.7151.103 Mobile Safari/537.36 (compatible; Googlebot/2.1; +http://www.google.com/bot.html)"
209.74.77.214 - - [14/Jul/2025:03:48:17 +0000] "POST /wp-cron.php?doing_wp_cron=1752464897.8129839897155761718750 HTTP/1.1" 200 - "-" "WordPress/6.8.1; https://cyber-secure.com.au"
209.74.77.214 - - [14/Jul/2025:03:48:17 +0000] "POST /wp-admin/admin-ajax.php?action=async_litespeed&nonce=Ejs1WENY2zsj6Vf2WGH3afAF3EpKImPk&litespeed_type=imgoptm HTTP/1.1" 200 21 "-" "WordPress/6.8.1; https://cyber-secure.com.au"
51.222.253.2 - - [14/Jul/2025:03:48:16 +0000] "GET /?e=42493871091000&uri=pin.php%3Fid%3D1418192-438%26name%3Dbristol%20western%20laarzen HTTP/1.1" 200 26112 "-" "Mozilla/5.0 (compatible; AhrefsBot/7.0; +http://ahrefs.com/robot/)"
66.249.73.235 - - [14/Jul/2025:03:49:24 +0000] "GET /search?category=65000&search_word= HTTP/1.1" 200 39976 "-" "Mozilla/5.0 (Linux; Android 6.0.1; Nexus 5X Build/MMB29P) AppleWebKit/537.36 (KHTML, like Gecko) Chrome/137.0.7151.103 Mobile Safari/537.36 (compatible; GoogleOther)"
66.249.73.235 - - [14/Jul/2025:03:51:05 +0000] "GET /?e=119460452031000&mod=c255c052&uri=shop.php%3Fid%3D3986761-387%26name%3Dexercise+dumbbells+at+home HTTP/1.1" 200 39947 "-" "Mozilla/5.0 (Linux; Android 6.0.1; Nexus 5X Build/MMB29P) AppleWebKit/537.36 (KHTML, like Gecko) Chrome/137.0.7151.103 Mobile Safari/537.36 (compatible; GoogleOther)"
66.249.73.234 - - [14/Jul/2025:03:51:38 +0000] "GET /?e=47270071000&mod=072b030b&uri=product.php%3Fid%3D1579-6%26name%3Dmontre+aiguille+tomb%C3%83%C2%A9e HTTP/1.1" 200 39943 "-" "Mozilla/5.0 (Linux; Android 6.0.1; Nexus 5X Build/MMB29P) AppleWebKit/537.36 (KHTML, like Gecko) Chrome/137.0.7151.103 Mobile Safari/537.36 (compatible; Googlebot/2.1; +http://www.google.com/bot.html)"
66.249.73.234 - - [14/Jul/2025:03:51:50 +0000] "GET /?e=58140508011000&mod=b4d22bb5&uri=blog.php%3Fid%3D1940176-803%26name%3Dsanta+cruz+bullit+2021+usata HTTP/1.1" 200 39875 "-" "Mozilla/5.0 (Linux; Android 6.0.1; Nexus 5X Build/MMB29P) AppleWebKit/537.36 (KHTML, like Gecko) Chrome/137.0.7151.103 Mobile Safari/537.36 (compatible; Googlebot/2.1; +http://www.google.com/bot.html)"
66.249.73.236 - - [14/Jul/2025:03:52:07 +0000] "GET /?e=41756306001000&mod=0738069b&uri=article.php%3Fid%3D1393596-283%26name%3Dvibram+sole+flip+flops HTTP/1.1" 200 39876 "-" "Mozilla/5.0 (compatible; Googlebot/2.1; +http://www.google.com/bot.html)"
66.249.73.234 - - [14/Jul/2025:03:52:29 +0000] "GET /?e=58245660091000&mod=619205da&uri=blog.php%3Fid%3D1943687-233%26name%3Dcamperon+de+los+pumas+adidas HTTP/1.1" 200 39984 "-" "Mozilla/5.0 (Linux; Android 6.0.1; Nexus 5X Build/MMB29P) AppleWebKit/537.36 (KHTML, like Gecko) Chrome/137.0.7151.103 Mobile Safari/537.36 (compatible; GoogleOther)"
66.249.73.235 - - [14/Jul/2025:03:54:29 +0000] "GET /item/two31117218/ HTTP/1.1" 200 40107 "-" "Mozilla/5.0 (Linux; Android 6.0.1; Nexus 5X Build/MMB29P) AppleWebKit/537.36 (KHTML, like Gecko) Chrome/137.0.7151.103 Mobile Safari/537.36 (compatible; GoogleOther)"
209.74.77.214 - - [14/Jul/2025:03:55:11 +0000] "POST /wp-cron.php?doing_wp_cron=1752465311.2972829341888427734375 HTTP/1.1" 200 - "-" "WordPress/6.8.1; https://cyber-secure.com.au"
209.74.77.214 - - [14/Jul/2025:03:55:11 +0000] "POST /wp-admin/admin-ajax.php?action=async_litespeed&nonce=EKOEKFM5RzsSsOmmEGA6DU0dmmRlzPRp&litespeed_type=imgoptm HTTP/1.1" 200 21 "-" "WordPress/6.8.1; https://cyber-secure.com.au"
51.222.253.11 - - [14/Jul/2025:03:55:09 +0000] "GET /?e=24658249121000&uri=blog.php%3Fid%3D823010-779%26name%3Dlacoste%20collection%20ete%202020 HTTP/1.1" 200 26115 "-" "Mozilla/5.0 (compatible; AhrefsBot/7.0; +http://ahrefs.com/robot/)"
66.249.73.236 - - [14/Jul/2025:03:56:06 +0000] "GET /search?category=415&search_word= HTTP/1.1" 200 39901 "-" "Mozilla/5.0 (Linux; Android 6.0.1; Nexus 5X Build/MMB29P) AppleWebKit/537.36 (KHTML, like Gecko) Chrome/137.0.7151.103 Mobile Safari/537.36 (compatible; GoogleOther)"
66.249.73.235 - - [14/Jul/2025:03:57:03 +0000] "GET /?e=41756066041000&mod=0738069b&uri=form.php%3Fid%3D1393588-283%26name%3Dsoft+top+wellies HTTP/1.1" 200 39921 "-" "Mozilla/5.0 (compatible; Googlebot/2.1; +http://www.google.com/bot.html)"
66.249.73.234 - - [14/Jul/2025:03:57:26 +0000] "GET /?e=4266597061000&mod=55a988df&uri=dp.php%3Fid%3D142405-253%26name%3Dlight+up+darth+vader HTTP/1.1" 200 40014 "-" "Mozilla/5.0 (Linux; Android 6.0.1; Nexus 5X Build/MMB29P) AppleWebKit/537.36 (KHTML, like Gecko) Chrome/137.0.7151.103 Mobile Safari/537.36 (compatible; GoogleOther)"
66.249.73.236 - - [14/Jul/2025:04:03:49 +0000] "GET /?e=41757506011000&mod=0738069b&uri=us.php%3Fid%3D1393636-283%26name%3Dtkees+riley+flip+flops HTTP/1.1" 200 39933 "-" "Mozilla/5.0 (compatible; Googlebot/2.1; +http://www.google.com/bot.html)"
66.249.73.235 - - [14/Jul/2025:03:58:44 +0000] "GET /?e=6740852051000&mod=619205da&uri=blog.php%3Fid%3D225127-233%26name%3Drebecas+de+verano HTTP/1.1" 200 39922 "-" "Mozilla/5.0 (Linux; Android 6.0.1; Nexus 5X Build/MMB29P) AppleWebKit/537.36 (KHTML, like Gecko) Chrome/137.0.7151.103 Mobile Safari/537.36 (compatible; GoogleOther)"
66.249.73.234 - - [14/Jul/2025:04:10:26 +0000] "GET /?e=41760746041000&mod=0738069b&uri=itm.php%3Fid%3D1393744-283%26name%3Dcombat+uggs HTTP/1.1" 200 39878 "-" "Mozilla/5.0 (compatible; Googlebot/2.1; +http://www.google.com/bot.html)"
66.249.73.236 - - [14/Jul/2025:04:16:49 +0000] "GET /?e=41757386021000&mod=0738069b&uri=info.php%3Fid%3D1393632-283%26name%3Dfrye+billy+firebird HTTP/1.1" 200 39970 "-" "Mozilla/5.0 (compatible; Googlebot/2.1; +http://www.google.com/bot.html)"
66.249.73.234 - - [14/Jul/2025:04:20:56 +0000] "GET /?e=41761346001000&mod=0738069b&uri=dp.php%3Fid%3D1393764-283%26name%3Dstrap+combat+boots HTTP/1.1" 200 39934 "-" "Mozilla/5.0 (compatible; Googlebot/2.1; +http://www.google.com/bot.html)"
209.74.77.214 - - [14/Jul/2025:04:22:33 +0000] "POST /wp-cron.php?doing_wp_cron=1752466953.0467469692230224609375 HTTP/1.1" 200 - "-" "WordPress/6.8.1; https://cyber-secure.com.au"
209.74.77.214 - - [14/Jul/2025:04:22:33 +0000] "POST /wp-admin/admin-ajax.php?action=async_litespeed&nonce=P2ssMnks7CE02fkpGIkHnjv41HFonhN3&litespeed_type=imgoptm HTTP/1.1" 200 21 "-" "WordPress/6.8.1; https://cyber-secure.com.au"
51.222.253.19 - - [14/Jul/2025:04:22:31 +0000] "GET /?e=101002425021000&uri=shared.php%3Fid%3D3370720-1611%26name%3Dboys%20ck HTTP/1.1" 200 26103 "-" "Mozilla/5.0 (compatible; AhrefsBot/7.0; +http://ahrefs.com/robot/)"
66.249.73.236 - - [14/Jul/2025:04:26:29 +0000] "GET /?e=41759306041000&mod=0738069b&uri=products.php%3Fid%3D1393696-283%26name%3Dariat+ats HTTP/1.1" 200 39909 "-" "Mozilla/5.0 (compatible; Googlebot/2.1; +http://www.google.com/bot.html)"
66.249.73.234 - - [14/Jul/2025:04:32:22 +0000] "GET /?e=41757746001000&mod=0738069b&uri=blog.php%3Fid%3D1393644-283%26name%3Dgessy+combat+boot HTTP/1.1" 200 39998 "-" "Mozilla/5.0 (compatible; Googlebot/2.1; +http://www.google.com/bot.html)"
66.249.73.235 - - [14/Jul/2025:04:34:43 +0000] "GET /?e=58238422051000&mod=43e4e6a6&uri=pin.php%3Fid%3D1943445-234%26name%3Dthe+north+face+steppweste HTTP/1.1" 200 39877 "-" "Mozilla/5.0 (Linux; Android 6.0.1; Nexus 5X Build/MMB29P) AppleWebKit/537.36 (KHTML, like Gecko) Chrome/137.0.7151.103 Mobile Safari/537.36 (compatible; Googlebot/2.1; +http://www.google.com/bot.html)"
66.249.73.234 - - [14/Jul/2025:04:35:00 +0000] "GET /?e=58264305001000&mod=b6edc1cd&uri=itm.php%3Fid%3D1944310-81%26name%3Dmaterasso+x+divano+letto+160x190 HTTP/1.1" 200 39976 "-" "Mozilla/5.0 (Linux; Android 6.0.1; Nexus 5X Build/MMB29P) AppleWebKit/537.36 (KHTML, like Gecko) Chrome/137.0.7151.103 Mobile Safari/537.36 (compatible; Googlebot/2.1; +http://www.google.com/bot.html)"
66.249.73.235 - - [14/Jul/2025:04:35:17 +0000] "GET /?e=58262627041000&mod=b6edc1cd&uri=dp.php%3Fid%3D1944254-81%26name%3Ddivano+letto+angolare+panoramico HTTP/1.1" 200 39958 "-" "Mozilla/5.0 (Linux; Android 6.0.1; Nexus 5X Build/MMB29P) AppleWebKit/537.36 (KHTML, like Gecko) Chrome/137.0.7151.103 Mobile Safari/537.36 (compatible; Googlebot/2.1; +http://www.google.com/bot.html)"
66.249.73.234 - - [14/Jul/2025:04:35:34 +0000] "GET /?e=45635070071000&mod=b4d22bb5&uri=product.php%3Fid%3D1522977-803%26name%3Dspedire+moto+sda HTTP/1.1" 200 39908 "-" "Mozilla/5.0 (Linux; Android 6.0.1; Nexus 5X Build/MMB29P) AppleWebKit/537.36 (KHTML, like Gecko) Chrome/137.0.7151.103 Mobile Safari/537.36 (compatible; Googlebot/2.1; +http://www.google.com/bot.html)"
66.249.73.234 - - [14/Jul/2025:04:35:51 +0000] "POST /get-message-notify HTTP/1.1" 200 40111 "https://cyber-secure.com.au/?e=45635070071000&mod=b4d22bb5&uri=product.php%3Fid%3D1522977-803%26name%3Dspedire+moto+sda" "Mozilla/5.0 (Linux; Android 6.0.1; Nexus 5X Build/MMB29P) AppleWebKit/537.36 (KHTML, like Gecko) Chrome/137.0.7151.119 Mobile Safari/537.36 (compatible; Googlebot/2.1; +http://www.google.com/bot.html)"
66.249.73.236 - - [14/Jul/2025:04:36:07 +0000] "GET /?e=58260743011000&mod=b6edc1cd&uri=article.php%3Fid%3D1944191-81%26name%3Ddivano+comfy HTTP/1.1" 200 39913 "-" "Mozilla/5.0 (Linux; Android 6.0.1; Nexus 5X Build/MMB29P) AppleWebKit/537.36 (KHTML, like Gecko) Chrome/137.0.7151.103 Mobile Safari/537.36 (compatible; Googlebot/2.1; +http://www.google.com/bot.html)"
66.249.73.234 - - [14/Jul/2025:04:36:24 +0000] "GET /?e=58236322071000&mod=619205da&uri=pin.php%3Fid%3D1943375-233%26name%3Dprimark+moda+mujer+2021 HTTP/1.1" 200 39881 "-" "Mozilla/5.0 (Linux; Android 6.0.1; Nexus 5X Build/MMB29P) AppleWebKit/537.36 (KHTML, like Gecko) Chrome/137.0.7151.103 Mobile Safari/537.36 (compatible; Googlebot/2.1; +http://www.google.com/bot.html)"
66.249.73.234 - - [14/Jul/2025:04:36:40 +0000] "GET /?e=58243320011000&mod=619205da&uri=form.php%3Fid%3D1943609-233%26name%3Dmoda+internacional+catalogo+2021 HTTP/1.1" 200 39996 "-" "Mozilla/5.0 (Linux; Android 6.0.1; Nexus 5X Build/MMB29P) AppleWebKit/537.36 (KHTML, like Gecko) Chrome/137.0.7151.103 Mobile Safari/537.36 (compatible; Googlebot/2.1; +http://www.google.com/bot.html)"
66.249.73.234 - - [14/Jul/2025:04:36:56 +0000] "GET /?e=58245660091000&mod=619205da&uri=blog.php%3Fid%3D1943687-233%26name%3Dcamperon+de+los+pumas+adidas HTTP/1.1" 200 40020 "-" "Mozilla/5.0 (Linux; Android 6.0.1; Nexus 5X Build/MMB29P) AppleWebKit/537.36 (KHTML, like Gecko) Chrome/137.0.7151.103 Mobile Safari/537.36 (compatible; Googlebot/2.1; +http://www.google.com/bot.html)"
66.249.73.236 - - [14/Jul/2025:04:37:12 +0000] "GET /?e=41758346041000&mod=0738069b&uri=info.php%3Fid%3D1393664-283%26name%3Dwesco+thigh+high+boots HTTP/1.1" 200 39745 "-" "Mozilla/5.0 (compatible; Googlebot/2.1; +http://www.google.com/bot.html)"
66.249.73.234 - - [14/Jul/2025:04:37:28 +0000] "POST /get-message-notify HTTP/1.1" 200 40103 "https://cyber-secure.com.au/?e=41758346041000&mod=0738069b&uri=info.php%3Fid%3D1393664-283%26name%3Dwesco+thigh+high+boots" "Mozilla/5.0 AppleWebKit/537.36 (KHTML, like Gecko; compatible; Googlebot/2.1; +http://www.google.com/bot.html) Chrome/137.0.7151.119 Safari/537.36"
66.249.73.234 - - [14/Jul/2025:04:37:44 +0000] "GET /?e=58244580031000&mod=43e4e6a6&uri=pin.php%3Fid%3D1943651-234%26name%3Dwinterjacke+damen+daunen+nike HTTP/1.1" 200 39993 "-" "Mozilla/5.0 (Linux; Android 6.0.1; Nexus 5X Build/MMB29P) AppleWebKit/537.36 (KHTML, like Gecko) Chrome/137.0.7151.103 Mobile Safari/537.36 (compatible; Googlebot/2.1; +http://www.google.com/bot.html)"
66.249.73.235 - - [14/Jul/2025:04:38:00 +0000] "GET /?e=58242442011000&mod=619205da&uri=article.php%3Fid%3D1943579-233%26name%3Dhm+disfraz+halloween+bebe HTTP/1.1" 200 39893 "-" "Mozilla/5.0 (Linux; Android 6.0.1; Nexus 5X Build/MMB29P) AppleWebKit/537.36 (KHTML, like Gecko) Chrome/137.0.7151.103 Mobile Safari/537.36 (compatible; Googlebot/2.1; +http://www.google.com/bot.html)"
66.249.73.234 - - [14/Jul/2025:04:38:16 +0000] "GET /?e=45625022011000&mod=b4d22bb5&uri=article.php%3Fid%3D1522642-803%26name%3Dmt+07+35+kw+usata HTTP/1.1" 200 39894 "-" "Mozilla/5.0 (Linux; Android 6.0.1; Nexus 5X Build/MMB29P) AppleWebKit/537.36 (KHTML, like Gecko) Chrome/137.0.7151.103 Mobile Safari/537.36 (compatible; Googlebot/2.1; +http://www.google.com/bot.html)"
66.249.73.234 - - [14/Jul/2025:04:38:31 +0000] "GET /?e=58302653021000&mod=5f0ad4db&uri=pin.php%3Fid%3D1945590-949%26name%3Damazon+faux+leather+skirt HTTP/1.1" 200 39902 "-" "Mozilla/5.0 (Linux; Android 6.0.1; Nexus 5X Build/MMB29P) AppleWebKit/537.36 (KHTML, like Gecko) Chrome/137.0.7151.103 Mobile Safari/537.36 (compatible; Googlebot/2.1; +http://www.google.com/bot.html)"
66.249.73.234 - - [14/Jul/2025:04:38:47 +0000] "GET /?e=58289153001000&mod=5f0ad4db&uri=form.php%3Fid%3D1945140-949%26name%3Dsiksilk+jacket HTTP/1.1" 200 39889 "-" "Mozilla/5.0 (Linux; Android 6.0.1; Nexus 5X Build/MMB29P) AppleWebKit/537.36 (KHTML, like Gecko) Chrome/137.0.7151.103 Mobile Safari/537.36 (compatible; Googlebot/2.1; +http://www.google.com/bot.html)"
66.249.73.234 - - [14/Jul/2025:04:39:02 +0000] "GET /?e=58294013011000&mod=5f0ad4db&uri=pin.php%3Fid%3D1945302-949%26name%3Dwomen%27s+insulated+winter+pants HTTP/1.1" 200 39869 "-" "Mozilla/5.0 (Linux; Android 6.0.1; Nexus 5X Build/MMB29P) AppleWebKit/537.36 (KHTML, like Gecko) Chrome/137.0.7151.103 Mobile Safari/537.36 (compatible; Googlebot/2.1; +http://www.google.com/bot.html)"
66.249.73.234 - - [14/Jul/2025:04:39:17 +0000] "GET /?e=58297523031000&mod=5f0ad4db&uri=pin.php%3Fid%3D1945419-949%26name%3Dtommy+hilfiger+track+top HTTP/1.1" 200 39874 "-" "Mozilla/5.0 (Linux; Android 6.0.1; Nexus 5X Build/MMB29P) AppleWebKit/537.36 (KHTML, like Gecko) Chrome/137.0.7151.103 Mobile Safari/537.36 (compatible; Googlebot/2.1; +http://www.google.com/bot.html)"
66.249.73.234 - - [14/Jul/2025:04:39:32 +0000] "GET /?e=22892666021000&mod=b4d22bb5&uri=products.php%3Fid%3D764120-803%26name%3Dtelaio+mtb+rockrider HTTP/1.1" 200 39983 "-" "Mozilla/5.0 (Linux; Android 6.0.1; Nexus 5X Build/MMB29P) AppleWebKit/537.36 (KHTML, like Gecko) Chrome/137.0.7151.103 Mobile Safari/537.36 (compatible; Googlebot/2.1; +http://www.google.com/bot.html)"
66.249.73.234 - - [14/Jul/2025:04:39:47 +0000] "GET /?e=58171622031000&mod=0ebffb73&uri=goods.php%3Fid%3D1941217-1347%26name%3Dadidas+t+mac+shoes+history HTTP/1.1" 200 40033 "-" "Mozilla/5.0 (Linux; Android 6.0.1; Nexus 5X Build/MMB29P) AppleWebKit/537.36 (KHTML, like Gecko) Chrome/137.0.7151.103 Mobile Safari/537.36 (compatible; Googlebot/2.1; +http://www.google.com/bot.html)"
66.249.73.234 - - [14/Jul/2025:04:40:02 +0000] "GET /?e=58317683051000&mod=c850371f&uri=article.php%3Fid%3D1946091-127%26name%3Dmobile+holder+for+study HTTP/1.1" 200 40000 "-" "Mozilla/5.0 (Linux; Android 6.0.1; Nexus 5X Build/MMB29P) AppleWebKit/537.36 (KHTML, like Gecko) Chrome/137.0.7151.103 Mobile Safari/537.36 (compatible; Googlebot/2.1; +http://www.google.com/bot.html)"
66.249.73.235 - - [14/Jul/2025:04:40:17 +0000] "GET /?e=23926674031000&mod=b4d22bb5&uri=form.php%3Fid%3D798606-803%26name%3Dcambio+bici+corsa+campagnolo HTTP/1.1" 200 39960 "-" "Mozilla/5.0 (Linux; Android 6.0.1; Nexus 5X Build/MMB29P) AppleWebKit/537.36 (KHTML, like Gecko) Chrome/137.0.7151.103 Mobile Safari/537.36 (compatible; Googlebot/2.1; +http://www.google.com/bot.html)"
66.249.73.233 - - [14/Jul/2025:04:40:46 +0000] "GET /?e=58223992041000&mod=3685227c&uri=article.php%3Fid%3D1942964-1349%26name%3Dfamous+supreme+court+decisions HTTP/1.1" 200 40086 "-" "Mozilla/5.0 (Linux; Android 6.0.1; Nexus 5X Build/MMB29P) AppleWebKit/537.36 (KHTML, like Gecko) Chrome/137.0.7151.103 Mobile Safari/537.36 (compatible; Googlebot/2.1; +http://www.google.com/bot.html)"
66.249.73.234 - - [14/Jul/2025:04:41:01 +0000] "GET /?e=58285103091000&mod=b6edc1cd&uri=pin.php%3Fid%3D1945005-81%26name%3Dpallet+legno+letto HTTP/1.1" 200 39938 "-" "Mozilla/5.0 (Linux; Android 6.0.1; Nexus 5X Build/MMB29P) AppleWebKit/537.36 (KHTML, like Gecko) Chrome/137.0.7151.103 Mobile Safari/537.36 (compatible; Googlebot/2.1; +http://www.google.com/bot.html)"
66.249.73.234 - - [14/Jul/2025:04:41:15 +0000] "GET /?e=23934563041000&mod=b4d22bb5&uri=pin.php%3Fid%3D798870-803%26name%3Dbatteria+ebike+giant HTTP/1.1" 200 39918 "-" "Mozilla/5.0 (Linux; Android 6.0.1; Nexus 5X Build/MMB29P) AppleWebKit/537.36 (KHTML, like Gecko) Chrome/137.0.7151.103 Mobile Safari/537.36 (compatible; Googlebot/2.1; +http://www.google.com/bot.html)"
66.249.73.233 - - [14/Jul/2025:04:41:29 +0000] "GET /?e=58285373001000&mod=5f0ad4db&uri=pin.php%3Fid%3D1945014-949%26name%3Dpalm+angels+jogging+suit HTTP/1.1" 200 39945 "-" "Mozilla/5.0 (Linux; Android 6.0.1; Nexus 5X Build/MMB29P) AppleWebKit/537.36 (KHTML, like Gecko) Chrome/137.0.7151.103 Mobile Safari/537.36 (compatible; Googlebot/2.1; +http://www.google.com/bot.html)"
66.249.73.233 - - [14/Jul/2025:04:41:44 +0000] "GET /?e=58174675061000&mod=255ea887&uri=pin.php%3Fid%3D1941319-792%26name%3Dnike+epic+react+flyknit+green+abyss HTTP/1.1" 200 39935 "-" "Mozilla/5.0 (Linux; Android 6.0.1; Nexus 5X Build/MMB29P) AppleWebKit/537.36 (KHTML, like Gecko) Chrome/137.0.7151.103 Mobile Safari/537.36 (compatible; Googlebot/2.1; +http://www.google.com/bot.html)"
66.249.73.233 - - [14/Jul/2025:04:41:58 +0000] "GET /?e=58171035091000&mod=f2bff080&uri=pin.php%3Fid%3D1941197-338%26name%3Dzapatos+puma+ofertas+abril+2019 HTTP/1.1" 200 39997 "-" "Mozilla/5.0 (Linux; Android 6.0.1; Nexus 5X Build/MMB29P) AppleWebKit/537.36 (KHTML, like Gecko) Chrome/137.0.7151.103 Mobile Safari/537.36 (compatible; Googlebot/2.1; +http://www.google.com/bot.html)"
66.249.73.234 - - [14/Jul/2025:04:42:12 +0000] "POST /get-message-notify HTTP/1.1" 200 39988 "https://cyber-secure.com.au/?e=58171035091000&mod=f2bff080&uri=pin.php%3Fid%3D1941197-338%26name%3Dzapatos+puma+ofertas+abril+2019" "Mozilla/5.0 (Linux; Android 6.0.1; Nexus 5X Build/MMB29P) AppleWebKit/537.36 (KHTML, like Gecko) Chrome/137.0.7151.119 Mobile Safari/537.36 (compatible; Googlebot/2.1; +http://www.google.com/bot.html)"
66.249.73.233 - - [14/Jul/2025:04:42:26 +0000] "GET /?e=58221142031000&mod=3685227c&uri=pin.php%3Fid%3D1942869-1349%26name%3Dage+of+current+supreme+court+justices HTTP/1.1" 200 39983 "-" "Mozilla/5.0 (Linux; Android 6.0.1; Nexus 5X Build/MMB29P) AppleWebKit/537.36 (KHTML, like Gecko) Chrome/137.0.7151.103 Mobile Safari/537.36 (compatible; Googlebot/2.1; +http://www.google.com/bot.html)"
66.249.73.233 - - [14/Jul/2025:04:42:39 +0000] "GET /?e=58260953121000&mod=b6edc1cd&uri=product.php%3Fid%3D1944198-81%26name%3Dgronlid+divano+angolare HTTP/1.1" 200 39892 "-" "Mozilla/5.0 (Linux; Android 6.0.1; Nexus 5X Build/MMB29P) AppleWebKit/537.36 (KHTML, like Gecko) Chrome/137.0.7151.103 Mobile Safari/537.36 (compatible; Googlebot/2.1; +http://www.google.com/bot.html)"
66.249.73.233 - - [14/Jul/2025:04:42:53 +0000] "GET /?e=58265265061000&mod=b6edc1cd&uri=goods.php%3Fid%3D1944342-81%26name%3Dpoltrona+conchiglia+amazon HTTP/1.1" 200 40001 "-" "Mozilla/5.0 (Linux; Android 6.0.1; Nexus 5X Build/MMB29P) AppleWebKit/537.36 (KHTML, like Gecko) Chrome/137.0.7151.103 Mobile Safari/537.36 (compatible; Googlebot/2.1; +http://www.google.com/bot.html)"
66.249.73.234 - - [14/Jul/2025:04:43:07 +0000] "GET /?e=58256651081000&mod=b6edc1cd&uri=pin.php%3Fid%3D1944054-81%26name%3Dsedie+in+policarbonato+trasparente+opinioni HTTP/1.1" 200 39964 "-" "Mozilla/5.0 (Linux; Android 6.0.1; Nexus 5X Build/MMB29P) AppleWebKit/537.36 (KHTML, like Gecko) Chrome/137.0.7151.103 Mobile Safari/537.36 (compatible; Googlebot/2.1; +http://www.google.com/bot.html)"
66.249.73.234 - - [14/Jul/2025:04:43:20 +0000] "GET /?e=41764586021000&mod=0738069b&uri=pin.php%3Fid%3D1393872-283%26name%3Dhawx+xtd HTTP/1.1" 200 39997 "-" "Mozilla/5.0 (compatible; Googlebot/2.1; +http://www.google.com/bot.html)"
66.249.73.233 - - [14/Jul/2025:04:43:34 +0000] "GET /?e=58250182021000&mod=43e4e6a6&uri=shop.php%3Fid%3D1943838-234%26name%3Dreview+karierte+jacke HTTP/1.1" 200 39965 "-" "Mozilla/5.0 (Linux; Android 6.0.1; Nexus 5X Build/MMB29P) AppleWebKit/537.36 (KHTML, like Gecko) Chrome/137.0.7151.103 Mobile Safari/537.36 (compatible; Googlebot/2.1; +http://www.google.com/bot.html)"
66.249.73.233 - - [14/Jul/2025:04:43:47 +0000] "GET /?e=58262835001000&mod=b6edc1cd&uri=product.php%3Fid%3D1944261-81%26name%3Drivenditori+divani+saba HTTP/1.1" 200 39913 "-" "Mozilla/5.0 (Linux; Android 6.0.1; Nexus 5X Build/MMB29P) AppleWebKit/537.36 (KHTML, like Gecko) Chrome/137.0.7151.103 Mobile Safari/537.36 (compatible; Googlebot/2.1; +http://www.google.com/bot.html)"
66.249.73.233 - - [14/Jul/2025:04:44:00 +0000] "GET /?e=58123348041000&mod=b4d22bb5&uri=pin.php%3Fid%3D1939604-803%26name%3Dpit+bike+professionali HTTP/1.1" 200 39931 "-" "Mozilla/5.0 (Linux; Android 6.0.1; Nexus 5X Build/MMB29P) AppleWebKit/537.36 (KHTML, like Gecko) Chrome/137.0.7151.103 Mobile Safari/537.36 (compatible; Googlebot/2.1; +http://www.google.com/bot.html)"
66.249.73.234 - - [14/Jul/2025:04:44:13 +0000] "GET /?e=58122958001000&mod=b4d22bb5&uri=pin.php%3Fid%3D1939591-803%26name%3Dcicli+cingolani+shop HTTP/1.1" 200 40107 "-" "Mozilla/5.0 (Linux; Android 6.0.1; Nexus 5X Build/MMB29P) AppleWebKit/537.36 (KHTML, like Gecko) Chrome/137.0.7151.103 Mobile Safari/537.36 (compatible; Googlebot/2.1; +http://www.google.com/bot.html)"
66.249.73.233 - - [14/Jul/2025:04:44:26 +0000] "POST /get-message-notify HTTP/1.1" 200 39958 "https://cyber-secure.com.au/?e=58122958001000&mod=b4d22bb5&uri=pin.php%3Fid%3D1939591-803%26name%3Dcicli+cingolani+shop" "Mozilla/5.0 (Linux; Android 6.0.1; Nexus 5X Build/MMB29P) AppleWebKit/537.36 (KHTML, like Gecko) Chrome/137.0.7151.119 Mobile Safari/537.36 (compatible; Googlebot/2.1; +http://www.google.com/bot.html)"
66.249.73.233 - - [14/Jul/2025:04:44:39 +0000] "GET /?e=58123618121000&mod=b4d22bb5&uri=pin.php%3Fid%3D1939613-803%26name%3Dbici+becruiser HTTP/1.1" 200 39970 "-" "Mozilla/5.0 (Linux; Android 6.0.1; Nexus 5X Build/MMB29P) AppleWebKit/537.36 (KHTML, like Gecko) Chrome/137.0.7151.103 Mobile Safari/537.36 (compatible; Googlebot/2.1; +http://www.google.com/bot.html)"
66.249.73.233 - - [14/Jul/2025:04:44:52 +0000] "GET /?e=58122358031000&mod=b4d22bb5&uri=pin.php%3Fid%3D1939571-803%26name%3Dscott+206473 HTTP/1.1" 200 39972 "-" "Mozilla/5.0 (Linux; Android 6.0.1; Nexus 5X Build/MMB29P) AppleWebKit/537.36 (KHTML, like Gecko) Chrome/137.0.7151.103 Mobile Safari/537.36 (compatible; Googlebot/2.1; +http://www.google.com/bot.html)"
66.249.73.234 - - [14/Jul/2025:04:45:05 +0000] "GET /?e=58122658051000&mod=b4d22bb5&uri=product.php%3Fid%3D1939581-803%26name%3Driverside+100+recensione HTTP/1.1" 200 39961 "-" "Mozilla/5.0 (Linux; Android 6.0.1; Nexus 5X Build/MMB29P) AppleWebKit/537.36 (KHTML, like Gecko) Chrome/137.0.7151.103 Mobile Safari/537.36 (compatible; Googlebot/2.1; +http://www.google.com/bot.html)"
66.249.73.234 - - [14/Jul/2025:04:45:18 +0000] "GET /?e=58110418051000&mod=d77314b5&uri=product.php%3Fid%3D1939173-1343%26name%3Dtravel+heads+travel+pillow HTTP/1.1" 200 39938 "-" "Mozilla/5.0 (Linux; Android 6.0.1; Nexus 5X Build/MMB29P) AppleWebKit/537.36 (KHTML, like Gecko) Chrome/137.0.7151.103 Mobile Safari/537.36 (compatible; Googlebot/2.1; +http://www.google.com/bot.html)"
66.249.73.233 - - [14/Jul/2025:04:45:30 +0000] "GET /?e=58251651051000&mod=619205da&uri=pin.php%3Fid%3D1943887-233%26name%3Dnubes+ropa+infantil HTTP/1.1" 200 39844 "-" "Mozilla/5.0 (Linux; Android 6.0.1; Nexus 5X Build/MMB29P) AppleWebKit/537.36 (KHTML, like Gecko) Chrome/137.0.7151.103 Mobile Safari/537.36 (compatible; Googlebot/2.1; +http://www.google.com/bot.html)"
66.249.73.233 - - [14/Jul/2025:04:45:43 +0000] "GET /?e=58258135021000&mod=23d6c296&uri=itm.php%3Fid%3D1944104-1324%26name%3Dleather+card+holder+prada HTTP/1.1" 200 39867 "-" "Mozilla/5.0 (Linux; Android 6.0.1; Nexus 5X Build/MMB29P) AppleWebKit/537.36 (KHTML, like Gecko) Chrome/137.0.7151.103 Mobile Safari/537.36 (compatible; Googlebot/2.1; +http://www.google.com/bot.html)"
66.249.73.233 - - [14/Jul/2025:04:45:56 +0000] "GET /?e=58255841001000&mod=b6edc1cd&uri=shop.php%3Fid%3D1944027-81%26name%3Ddivano+posti+da+esterno HTTP/1.1" 200 39992 "-" "Mozilla/5.0 (Linux; Android 6.0.1; Nexus 5X Build/MMB29P) AppleWebKit/537.36 (KHTML, like Gecko) Chrome/137.0.7151.103 Mobile Safari/537.36 (compatible; Googlebot/2.1; +http://www.google.com/bot.html)"
66.249.73.234 - - [14/Jul/2025:04:46:08 +0000] "GET /?e=58259183021000&mod=b6edc1cd&uri=article.php%3Fid%3D1944139-81%26name%3Ddivano+letto+ikea+struttura+legno HTTP/1.1" 200 39985 "-" "Mozilla/5.0 (Linux; Android 6.0.1; Nexus 5X Build/MMB29P) AppleWebKit/537.36 (KHTML, like Gecko) Chrome/137.0.7151.103 Mobile Safari/537.36 (compatible; Googlebot/2.1; +http://www.google.com/bot.html)"
66.249.73.233 - - [14/Jul/2025:04:46:20 +0000] "GET /?e=58148177001000&mod=0ebffb73&uri=blog.php%3Fid%3D1940432-1347%26name%3Dadidas+shoes+90s+quality HTTP/1.1" 200 39961 "-" "Mozilla/5.0 (Linux; Android 6.0.1; Nexus 5X Build/MMB29P) AppleWebKit/537.36 (KHTML, like Gecko) Chrome/137.0.7151.103 Mobile Safari/537.36 (compatible; Googlebot/2.1; +http://www.google.com/bot.html)"
66.249.73.233 - - [14/Jul/2025:04:46:32 +0000] "GET /?e=58263375071000&mod=b6edc1cd&uri=shared.php%3Fid%3D1944279-81%26name%3Dsofarm+poltrone+relax+prezzi HTTP/1.1" 200 39918 "-" "Mozilla/5.0 (Linux; Android 6.0.1; Nexus 5X Build/MMB29P) AppleWebKit/537.36 (KHTML, like Gecko) Chrome/137.0.7151.103 Mobile Safari/537.36 (compatible; Googlebot/2.1; +http://www.google.com/bot.html)"
66.249.73.233 - - [14/Jul/2025:04:46:45 +0000] "POST /get-message-notify HTTP/1.1" 200 39932 "https://cyber-secure.com.au/?e=58263375071000&mod=b6edc1cd&uri=shared.php%3Fid%3D1944279-81%26name%3Dsofarm+poltrone+relax+prezzi" "Mozilla/5.0 (Linux; Android 6.0.1; Nexus 5X Build/MMB29P) AppleWebKit/537.36 (KHTML, like Gecko) Chrome/137.0.7151.119 Mobile Safari/537.36 (compatible; Googlebot/2.1; +http://www.google.com/bot.html)"
66.249.73.233 - - [14/Jul/2025:04:46:57 +0000] "GET /?e=58262955031000&mod=b6edc1cd&uri=search.php%3Fid%3D1944265-81%26name%3Dsedia+a+goccia+sospesa HTTP/1.1" 200 40073 "-" "Mozilla/5.0 (Linux; Android 6.0.1; Nexus 5X Build/MMB29P) AppleWebKit/537.36 (KHTML, like Gecko) Chrome/137.0.7151.103 Mobile Safari/537.36 (compatible; Googlebot/2.1; +http://www.google.com/bot.html)"
66.249.73.235 - - [14/Jul/2025:04:47:09 +0000] "GET /?e=58260443041000&mod=619205da&uri=news.php%3Fid%3D1944181-233%26name%3Dkaury+bodys HTTP/1.1" 200 39786 "-" "Mozilla/5.0 (Linux; Android 6.0.1; Nexus 5X Build/MMB29P) AppleWebKit/537.36 (KHTML, like Gecko) Chrome/137.0.7151.103 Mobile Safari/537.36 (compatible; Googlebot/2.1; +http://www.google.com/bot.html)"
66.249.73.234 - - [14/Jul/2025:04:47:21 +0000] "GET /?e=58260863031000&mod=b6edc1cd&uri=pin.php%3Fid%3D1944195-81%26name%3Dcolori+divani+samoa HTTP/1.1" 200 39930 "-" "Mozilla/5.0 (Linux; Android 6.0.1; Nexus 5X Build/MMB29P) AppleWebKit/537.36 (KHTML, like Gecko) Chrome/137.0.7151.103 Mobile Safari/537.36 (compatible; Googlebot/2.1; +http://www.google.com/bot.html)"
66.249.73.233 - - [14/Jul/2025:04:47:33 +0000] "GET /?e=58155423011000&mod=0ebffb73&uri=goods.php%3Fid%3D1940675-1347%26name%3Dtenis+adidas+originals+los+angeles HTTP/1.1" 200 39925 "-" "Mozilla/5.0 (Linux; Android 6.0.1; Nexus 5X Build/MMB29P) AppleWebKit/537.36 (KHTML, like Gecko) Chrome/137.0.7151.103 Mobile Safari/537.36 (compatible; Googlebot/2.1; +http://www.google.com/bot.html)"
66.249.73.233 - - [14/Jul/2025:04:47:44 +0000] "GET /?e=58154763091000&mod=0ebffb73&uri=pin.php%3Fid%3D1940653-1347%26name%3Dcomme+des+garcons+years+girl HTTP/1.1" 200 39905 "-" "Mozilla/5.0 (Linux; Android 6.0.1; Nexus 5X Build/MMB29P) AppleWebKit/537.36 (KHTML, like Gecko) Chrome/137.0.7151.103 Mobile Safari/537.36 (compatible; Googlebot/2.1; +http://www.google.com/bot.html)"
66.249.73.233 - - [14/Jul/2025:04:47:56 +0000] "POST /get-message-notify HTTP/1.1" 200 40160 "https://cyber-secure.com.au/?e=58258135021000&mod=23d6c296&uri=itm.php%3Fid%3D1944104-1324%26name%3Dleather+card+holder+prada" "Mozilla/5.0 (Linux; Android 6.0.1; Nexus 5X Build/MMB29P) AppleWebKit/537.36 (KHTML, like Gecko) Chrome/137.0.7151.119 Mobile Safari/537.36 (compatible; Googlebot/2.1; +http://www.google.com/bot.html)"
66.249.73.233 - - [14/Jul/2025:04:48:08 +0000] "GET /?e=58155843071000&mod=0ebffb73&uri=pin.php%3Fid%3D1940689-1347%26name%3Dburberry+trench+for+petites HTTP/1.1" 200 39883 "-" "Mozilla/5.0 (Linux; Android 6.0.1; Nexus 5X Build/MMB29P) AppleWebKit/537.36 (KHTML, like Gecko) Chrome/137.0.7151.103 Mobile Safari/537.36 (compatible; Googlebot/2.1; +http://www.google.com/bot.html)"
66.249.73.234 - - [14/Jul/2025:04:48:19 +0000] "GET /?e=58157013061000&mod=f2bff080&uri=news.php%3Fid%3D1940728-338%26name%3Dzapatos+puma+ferrari+mercado+libre HTTP/1.1" 200 39949 "-" "Mozilla/5.0 (Linux; Android 6.0.1; Nexus 5X Build/MMB29P) AppleWebKit/537.36 (KHTML, like Gecko) Chrome/137.0.7151.103 Mobile Safari/537.36 (compatible; Googlebot/2.1; +http://www.google.com/bot.html)"
66.249.73.233 - - [14/Jul/2025:04:48:31 +0000] "GET /?e=58154733081000&mod=0ebffb73&uri=info.php%3Fid%3D1940652-1347%26name%3Dadidas+ultra+boost+negras+xiaomi HTTP/1.1" 200 39886 "-" "Mozilla/5.0 (Linux; Android 6.0.1; Nexus 5X Build/MMB29P) AppleWebKit/537.36 (KHTML, like Gecko) Chrome/137.0.7151.103 Mobile Safari/537.36 (compatible; Googlebot/2.1; +http://www.google.com/bot.html)"
66.249.73.233 - - [14/Jul/2025:04:48:42 +0000] "GET /?e=23929313011000&mod=b4d22bb5&uri=dp.php%3Fid%3D798695-803%26name%3Dbici+a+contropedale HTTP/1.1" 200 39919 "-" "Mozilla/5.0 (Linux; Android 6.0.1; Nexus 5X Build/MMB29P) AppleWebKit/537.36 (KHTML, like Gecko) Chrome/137.0.7151.103 Mobile Safari/537.36 (compatible; Googlebot/2.1; +http://www.google.com/bot.html)"
66.249.73.233 - - [14/Jul/2025:04:48:53 +0000] "GET /?e=58156803051000&mod=0ebffb73&uri=products.php%3Fid%3D1940721-1347%26name%3Dchinatown+point+adidas+911 HTTP/1.1" 200 39996 "-" "Mozilla/5.0 (Linux; Android 6.0.1; Nexus 5X Build/MMB29P) AppleWebKit/537.36 (KHTML, like Gecko) Chrome/137.0.7151.103 Mobile Safari/537.36 (compatible; Googlebot/2.1; +http://www.google.com/bot.html)"
