209.74.77.214 - - [13/Jul/2025:15:06:39 +0000] "POST /wp-admin/admin-ajax.php?action=async_litespeed&nonce=Kb3NOxGLEMWl0MW9oHt57IT8EJMuADWF&litespeed_type=imgoptm HTTP/1.1" 200 21 "-" "WordPress/6.8.1; https://cyber-secure.com.au"
66.249.64.132 - - [13/Jul/2025:15:06:46 +0000] "GET /?e=29845612011000&mod=c3f4db3a&uri=form.php%3Fid%3D996165-824%26name%3Dtoaster+oven+cookie+recipes HTTP/1.1" 200 22253 "-" "Mozilla/5.0 (Linux; Android 6.0.1; Nexus 5X Build/MMB29P) AppleWebKit/537.36 (KHTML, like Gecko) Chrome/137.0.7151.103 Mobile Safari/537.36 (compatible; Googlebot/2.1; +http://www.google.com/bot.html)"
66.249.64.132 - - [13/Jul/2025:15:06:52 +0000] "GET /?e=58138468041000&mod=b4d22bb5&uri=article.php%3Fid%3D1940108-803%26name%3Dhope%20tech%20v4%20usati HTTP/1.1" 200 26101 "-" "Mozilla/5.0 (Linux; Android 6.0.1; Nexus 5X Build/MMB29P) AppleWebKit/537.36 (KHTML, like Gecko) Chrome/137.0.7151.103 Mobile Safari/537.36 (compatible; GoogleOther)"
66.249.64.132 - - [13/Jul/2025:15:06:55 +0000] "POST /get-message-notify HTTP/1.1" 200 21389 "https://cyber-secure.com.au/?e=29845612011000&mod=c3f4db3a&uri=form.php%3Fid%3D996165-824%26name%3Dtoaster+oven+cookie+recipes" "Mozilla/5.0 (Linux; Android 6.0.1; Nexus 5X Build/MMB29P) AppleWebKit/537.36 (KHTML, like Gecko) Chrome/137.0.7151.119 Mobile Safari/537.36 (compatible; Googlebot/2.1; +http://www.google.com/bot.html)"
66.249.64.132 - - [13/Jul/2025:15:07:05 +0000] "GET /?e=113475713061000&mod=cf67355a&uri=pin.php%3Fid%3D3787094-52%26name%3Dwomens+disco+dress HTTP/1.1" 301 - "-" "Mozilla/5.0 (Linux; Android 6.0.1; Nexus 5X Build/MMB29P) AppleWebKit/537.36 (KHTML, like Gecko) Chrome/137.0.7151.103 Mobile Safari/537.36 (compatible; GoogleOther)"
209.74.77.214 - - [13/Jul/2025:15:07:17 +0000] "POST /wp-cron.php?doing_wp_cron=1752419237.0514309406280517578125 HTTP/1.1" 200 - "-" "WordPress/6.8.1; https://cyber-secure.com.au"
209.74.77.214 - - [13/Jul/2025:15:07:17 +0000] "POST /wp-admin/admin-ajax.php?action=async_litespeed&nonce=qeHQGhhZ58jyjOvqpkNhQq3wj6Gh43KC&litespeed_type=imgoptm HTTP/1.1" 200 21 "-" "WordPress/6.8.1; https://cyber-secure.com.au"
66.249.64.128 - - [13/Jul/2025:15:07:16 +0000] "GET /?e=113475713061000&mod=cf67355a&uri=pin.php%3Fid%3D3787094-52%26name%3Dwomens%20disco%20dress HTTP/1.1" 200 26107 "-" "Mozilla/5.0 (Linux; Android 6.0.1; Nexus 5X Build/MMB29P) AppleWebKit/537.36 (KHTML, like Gecko) Chrome/137.0.7151.103 Mobile Safari/537.36 (compatible; GoogleOther)"
66.249.64.132 - - [13/Jul/2025:15:07:45 +0000] "GET /?e=33129801051000&mod=b06b5541&uri=pin.php%3Fid%3D1105753-248%26name%3Dgucci+guilty+pour+femme+sephora HTTP/1.1" 301 - "-" "Mozilla/5.0 (Linux; Android 6.0.1; Nexus 5X Build/MMB29P) AppleWebKit/537.36 (KHTML, like Gecko) Chrome/137.0.7151.103 Mobile Safari/537.36 (compatible; GoogleOther)"
66.249.64.132 - - [13/Jul/2025:15:07:55 +0000] "GET /?e=33129801051000&mod=b06b5541&uri=pin.php%3Fid%3D1105753-248%26name%3Dgucci%20guilty%20pour%20femme%20sephora HTTP/1.1" 200 26105 "-" "Mozilla/5.0 (Linux; Android 6.0.1; Nexus 5X Build/MMB29P) AppleWebKit/537.36 (KHTML, like Gecko) Chrome/137.0.7151.103 Mobile Safari/537.36 (compatible; GoogleOther)"
209.74.77.214 - - [13/Jul/2025:15:08:48 +0000] "POST /wp-cron.php?doing_wp_cron=1752419328.1092319488525390625000 HTTP/1.1" 200 - "-" "WordPress/6.8.1; https://cyber-secure.com.au"
66.249.64.132 - - [13/Jul/2025:15:08:46 +0000] "GET /?e=58141588081000&mod=b4d22bb5&uri=pin.php%3Fid%3D1940212-803%26name%3Dktm+150+exc+tpi+2022 HTTP/1.1" 301 - "-" "Mozilla/5.0 (Linux; Android 6.0.1; Nexus 5X Build/MMB29P) AppleWebKit/537.36 (KHTML, like Gecko) Chrome/137.0.7151.103 Mobile Safari/537.36 (compatible; GoogleOther)"
209.74.77.214 - - [13/Jul/2025:15:08:48 +0000] "POST /wp-admin/admin-ajax.php?action=async_litespeed&nonce=Qh4FTYVUJR1Bycf10UEZlwdSWBhKSsR8&litespeed_type=imgoptm HTTP/1.1" 200 21 "-" "WordPress/6.8.1; https://cyber-secure.com.au"
66.249.64.128 - - [13/Jul/2025:15:09:01 +0000] "GET /?e=58141588081000&mod=b4d22bb5&uri=pin.php%3Fid%3D1940212-803%26name%3Dktm%20150%20exc%20tpi%202022 HTTP/1.1" 200 26116 "-" "Mozilla/5.0 (Linux; Android 6.0.1; Nexus 5X Build/MMB29P) AppleWebKit/537.36 (KHTML, like Gecko) Chrome/137.0.7151.103 Mobile Safari/537.36 (compatible; GoogleOther)"
209.74.77.214 - - [13/Jul/2025:15:10:51 +0000] "POST /wp-cron.php?doing_wp_cron=1752419451.3792679309844970703125 HTTP/1.1" 200 - "-" "WordPress/6.8.1; https://cyber-secure.com.au"
66.249.64.128 - - [13/Jul/2025:15:10:49 +0000] "GET /?e=3376149071000&mod=1819932f&uri=pin.php%3Fid%3D112696-216%26name%3Dzara+black+bralette HTTP/1.1" 301 - "-" "Mozilla/5.0 (Linux; Android 6.0.1; Nexus 5X Build/MMB29P) AppleWebKit/537.36 (KHTML, like Gecko) Chrome/137.0.7151.103 Mobile Safari/537.36 (compatible; GoogleOther)"
209.74.77.214 - - [13/Jul/2025:15:10:51 +0000] "POST /wp-admin/admin-ajax.php?action=async_litespeed&nonce=ku2UktC5PRifG5OH0xzEyuZbOeG3CTxr&litespeed_type=imgoptm HTTP/1.1" 200 21 "-" "WordPress/6.8.1; https://cyber-secure.com.au"
66.249.64.128 - - [13/Jul/2025:15:11:06 +0000] "GET /?e=3376149071000&mod=1819932f&uri=pin.php%3Fid%3D112696-216%26name%3Dzara%20black%20bralette HTTP/1.1" 200 26108 "-" "Mozilla/5.0 (Linux; Android 6.0.1; Nexus 5X Build/MMB29P) AppleWebKit/537.36 (KHTML, like Gecko) Chrome/137.0.7151.103 Mobile Safari/537.36 (compatible; GoogleOther)"
209.74.77.214 - - [13/Jul/2025:15:11:22 +0000] "POST /wp-cron.php?doing_wp_cron=1752419482.5830550193786621093750 HTTP/1.1" 200 - "-" "WordPress/6.8.1; https://cyber-secure.com.au"
66.249.64.128 - - [13/Jul/2025:15:11:22 +0000] "GET /?e=72255457041000&mod=ec8ce6ab&uri=article.php%3Fid%3D2411246-22%26name%3Drolex+submariner+gelb+gold HTTP/1.1" 301 - "-" "Mozilla/5.0 (Linux; Android 6.0.1; Nexus 5X Build/MMB29P) AppleWebKit/537.36 (KHTML, like Gecko) Chrome/137.0.7151.103 Mobile Safari/537.36 (compatible; GoogleOther)"
209.74.77.214 - - [13/Jul/2025:15:11:22 +0000] "POST /wp-admin/admin-ajax.php?action=async_litespeed&nonce=DYt37CHqB3HQUimG6kD3AtlGcJ73NvY2&litespeed_type=imgoptm HTTP/1.1" 200 21 "-" "WordPress/6.8.1; https://cyber-secure.com.au"
66.249.64.132 - - [13/Jul/2025:15:11:36 +0000] "GET /?e=72255457041000&mod=ec8ce6ab&uri=article.php%3Fid%3D2411246-22%26name%3Drolex%20submariner%20gelb%20gold HTTP/1.1" 200 26110 "-" "Mozilla/5.0 (Linux; Android 6.0.1; Nexus 5X Build/MMB29P) AppleWebKit/537.36 (KHTML, like Gecko) Chrome/137.0.7151.103 Mobile Safari/537.36 (compatible; GoogleOther)"
66.249.64.132 - - [13/Jul/2025:15:11:42 +0000] "GET /?e=869694001000&mod=6c9882bb&uri=products.php%3Fid%3D29042-25%26name%3Dpre+order+xbox+series+x+games HTTP/1.1" 200 21629 "-" "Mozilla/5.0 (compatible; Googlebot/2.1; +http://www.google.com/bot.html)"
66.249.64.132 - - [13/Jul/2025:15:11:49 +0000] "GET /?e=33071999021000&mod=233f1dd0&uri=article.php%3Fid%3D1103812-596%26name%3Ddoll+free+crochet+pattern HTTP/1.1" 301 - "-" "Mozilla/5.0 (Linux; Android 6.0.1; Nexus 5X Build/MMB29P) AppleWebKit/537.36 (KHTML, like Gecko) Chrome/137.0.7151.103 Mobile Safari/537.36 (compatible; GoogleOther)"
66.249.64.132 - - [13/Jul/2025:15:11:51 +0000] "GET /?e=13543298021000&mod=43e4e6a6&uri=products.php%3Fid%3D452170-234%26name%3Dpullover+bedrucken+king+queen HTTP/1.1" 200 22077 "-" "Mozilla/5.0 (Linux; Android 6.0.1; Nexus 5X Build/MMB29P) AppleWebKit/537.36 (KHTML, like Gecko) Chrome/137.0.7151.103 Mobile Safari/537.36 (compatible; Googlebot/2.1; +http://www.google.com/bot.html)"
66.249.64.128 - - [13/Jul/2025:15:12:01 +0000] "GET /?e=33071999021000&mod=233f1dd0&uri=article.php%3Fid%3D1103812-596%26name%3Ddoll%20free%20crochet%20pattern HTTP/1.1" 200 26106 "-" "Mozilla/5.0 (Linux; Android 6.0.1; Nexus 5X Build/MMB29P) AppleWebKit/537.36 (KHTML, like Gecko) Chrome/137.0.7151.103 Mobile Safari/537.36 (compatible; GoogleOther)"
209.74.77.214 - - [13/Jul/2025:15:12:53 +0000] "POST /wp-cron.php?doing_wp_cron=1752419573.9021699428558349609375 HTTP/1.1" 200 - "-" "WordPress/6.8.1; https://cyber-secure.com.au"
66.249.64.132 - - [13/Jul/2025:15:12:52 +0000] "GET /?e=107590971001000&mod=32b991e5&uri=pin.php%3Fid%3D3590665-260%26name%3Dadidas+yeezy+700+v2+vanta+ycombinator HTTP/1.1" 301 - "-" "Mozilla/5.0 (Linux; Android 6.0.1; Nexus 5X Build/MMB29P) AppleWebKit/537.36 (KHTML, like Gecko) Chrome/137.0.7151.103 Mobile Safari/537.36 (compatible; GoogleOther)"
209.74.77.214 - - [13/Jul/2025:15:12:53 +0000] "POST /wp-admin/admin-ajax.php?action=async_litespeed&nonce=GXVag0IdaatIqRSFDzJkIb30sSnpT2VV&litespeed_type=imgoptm HTTP/1.1" 200 21 "-" "WordPress/6.8.1; https://cyber-secure.com.au"
209.74.77.214 - - [13/Jul/2025:15:13:07 +0000] "POST /wp-cron.php?doing_wp_cron=1752419587.4260680675506591796875 HTTP/1.1" 200 - "-" "WordPress/6.8.1; https://cyber-secure.com.au"
66.249.64.128 - - [13/Jul/2025:15:13:07 +0000] "GET /?e=107590971001000&mod=32b991e5&uri=pin.php%3Fid%3D3590665-260%26name%3Dadidas%20yeezy%20700%20v2%20vanta%20ycombinator HTTP/1.1" 200 26105 "-" "Mozilla/5.0 (Linux; Android 6.0.1; Nexus 5X Build/MMB29P) AppleWebKit/537.36 (KHTML, like Gecko) Chrome/137.0.7151.103 Mobile Safari/537.36 (compatible; GoogleOther)"
209.74.77.214 - - [13/Jul/2025:15:13:18 +0000] "POST /wp-cron.php?doing_wp_cron=1752419598.0216770172119140625000 HTTP/1.1" 200 - "-" "WordPress/6.8.1; https://cyber-secure.com.au"
209.74.77.214 - - [13/Jul/2025:15:13:18 +0000] "POST /wp-admin/admin-ajax.php?action=async_litespeed&nonce=rKBBbHBPUCsSeogsogCB96fzmPH3UGhn&litespeed_type=imgoptm HTTP/1.1" 200 21 "-" "WordPress/6.8.1; https://cyber-secure.com.au"
51.222.253.2 - - [13/Jul/2025:15:13:17 +0000] "GET /review/ HTTP/1.1" 200 22259 "-" "Mozilla/5.0 (compatible; AhrefsBot/7.0; +http://ahrefs.com/robot/)"
51.222.253.2 - - [13/Jul/2025:15:13:39 +0000] "GET /wp-content/uploads/elementor/css/post-182.css?ver=1749537128 HTTP/1.1" 200 3880 "-" "Mozilla/5.0 (compatible; AhrefsBot/7.0; +http://ahrefs.com/robot/)"
51.222.253.1 - - [13/Jul/2025:15:13:40 +0000] "GET /wp-content/uploads/elementor/css/custom-widget-star-rating.min.css?ver=1749267014 HTTP/1.1" 200 563 "-" "Mozilla/5.0 (compatible; AhrefsBot/7.0; +http://ahrefs.com/robot/)"
66.249.64.128 - - [13/Jul/2025:15:14:03 +0000] "POST /get-message-notify HTTP/1.1" 200 21380 "https://cyber-secure.com.au/?e=13543298021000&mod=43e4e6a6&uri=products.php%3Fid%3D452170-234%26name%3Dpullover+bedrucken+king+queen" "Mozilla/5.0 (Linux; Android 6.0.1; Nexus 5X Build/MMB29P) AppleWebKit/537.36 (KHTML, like Gecko) Chrome/137.0.7151.119 Mobile Safari/537.36 (compatible; Googlebot/2.1; +http://www.google.com/bot.html)"
209.74.77.214 - - [13/Jul/2025:15:14:57 +0000] "POST /wp-cron.php?doing_wp_cron=1752419697.1023509502410888671875 HTTP/1.1" 200 - "-" "WordPress/6.8.1; https://cyber-secure.com.au"
66.249.64.132 - - [13/Jul/2025:15:14:55 +0000] "GET /?e=72247673001000&mod=ec8ce6ab&uri=pin.php%3Fid%3D2410984-22%26name%3Drolex+submariner+stahl+gold+2019 HTTP/1.1" 301 - "-" "Mozilla/5.0 (Linux; Android 6.0.1; Nexus 5X Build/MMB29P) AppleWebKit/537.36 (KHTML, like Gecko) Chrome/137.0.7151.103 Mobile Safari/537.36 (compatible; GoogleOther)"
209.74.77.214 - - [13/Jul/2025:15:14:57 +0000] "POST /wp-admin/admin-ajax.php?action=async_litespeed&nonce=HnZykzndW2L5tDVI01zRw7EMI4HkAQyd&litespeed_type=imgoptm HTTP/1.1" 200 21 "-" "WordPress/6.8.1; https://cyber-secure.com.au"
66.249.64.128 - - [13/Jul/2025:15:15:02 +0000] "GET /?e=17111777031000&mod=c0f52c66&uri=article.php%3Fid%3D571235-682%26name%3Dcheap+rolling+tool+bag HTTP/1.1" 200 22330 "-" "Mozilla/5.0 (Linux; Android 6.0.1; Nexus 5X Build/MMB29P) AppleWebKit/537.36 (KHTML, like Gecko) Chrome/137.0.7151.103 Mobile Safari/537.36 (compatible; Googlebot/2.1; +http://www.google.com/bot.html)"
66.249.64.132 - - [13/Jul/2025:15:15:05 +0000] "POST /get-message-notify HTTP/1.1" 200 21386 "https://cyber-secure.com.au/?e=17111777031000&mod=c0f52c66&uri=article.php%3Fid%3D571235-682%26name%3Dcheap+rolling+tool+bag" "Mozilla/5.0 (Linux; Android 6.0.1; Nexus 5X Build/MMB29P) AppleWebKit/537.36 (KHTML, like Gecko) Chrome/137.0.7151.119 Mobile Safari/537.36 (compatible; Googlebot/2.1; +http://www.google.com/bot.html)"
209.74.77.214 - - [13/Jul/2025:15:15:18 +0000] "POST /wp-cron.php?doing_wp_cron=1752419718.3790988922119140625000 HTTP/1.1" 200 - "-" "WordPress/6.8.1; https://cyber-secure.com.au"
209.74.77.214 - - [13/Jul/2025:15:15:18 +0000] "POST /wp-admin/admin-ajax.php?action=async_litespeed&nonce=gN1oKshP5u89yMYV1nY4ECVJ489j7pUu&litespeed_type=imgoptm HTTP/1.1" 200 21 "-" "WordPress/6.8.1; https://cyber-secure.com.au"
66.249.64.128 - - [13/Jul/2025:15:15:18 +0000] "GET /?e=72247673001000&mod=ec8ce6ab&uri=pin.php%3Fid%3D2410984-22%26name%3Drolex%20submariner%20stahl%20gold%202019 HTTP/1.1" 200 26100 "-" "Mozilla/5.0 (Linux; Android 6.0.1; Nexus 5X Build/MMB29P) AppleWebKit/537.36 (KHTML, like Gecko) Chrome/137.0.7151.103 Mobile Safari/537.36 (compatible; GoogleOther)"
66.249.64.129 - - [13/Jul/2025:15:16:16 +0000] "GET /?e=4198399001000&mod=070dbb60&uri=category-info.php%3Fid%3D140129-252%26name%3Damazon+chic+jeans HTTP/1.1" 200 22229 "-" "Mozilla/5.0 (Linux; Android 6.0.1; Nexus 5X Build/MMB29P) AppleWebKit/537.36 (KHTML, like Gecko) Chrome/137.0.7151.103 Mobile Safari/537.36 (compatible; Googlebot/2.1; +http://www.google.com/bot.html)"
209.74.77.214 - - [13/Jul/2025:15:16:41 +0000] "POST /wp-cron.php?doing_wp_cron=1752419801.9474339485168457031250 HTTP/1.1" 200 - "-" "WordPress/6.8.1; https://cyber-secure.com.au"
66.249.64.128 - - [13/Jul/2025:15:16:34 +0000] "GET /?e=103797232021000&mod=a6ce9144&uri=shop.php%3Fid%3D3463995-678%26name%3Dmicromax+x920+battery HTTP/1.1" 301 - "-" "Mozilla/5.0 (Linux; Android 6.0.1; Nexus 5X Build/MMB29P) AppleWebKit/537.36 (KHTML, like Gecko) Chrome/137.0.7151.103 Mobile Safari/537.36 (compatible; GoogleOther)"
209.74.77.214 - - [13/Jul/2025:15:16:42 +0000] "POST /wp-admin/admin-ajax.php?action=async_litespeed&nonce=LBHmbxpKtLx4GAI5wNSDJ624iZjwKyTi&litespeed_type=imgoptm HTTP/1.1" 200 21 "-" "WordPress/6.8.1; https://cyber-secure.com.au"
66.249.64.132 - - [13/Jul/2025:15:16:43 +0000] "GET /?e=870774061000&mod=6c9882bb&uri=news.php%3Fid%3D29078-25%26name%3Dminecraft+xbox+to+pc HTTP/1.1" 200 21416 "-" "Mozilla/5.0 (compatible; Googlebot/2.1; +http://www.google.com/bot.html)"
209.74.77.214 - - [13/Jul/2025:15:17:55 +0000] "POST /wp-cron.php?doing_wp_cron=1752419875.2919180393218994140625 HTTP/1.1" 200 - "-" "WordPress/6.8.1; https://cyber-secure.com.au"
209.74.77.214 - - [13/Jul/2025:15:17:55 +0000] "POST /wp-admin/admin-ajax.php?action=async_litespeed&nonce=UKwQTMYFYtZOlsTRICKNYME6mhnRJawx&litespeed_type=imgoptm HTTP/1.1" 200 21 "-" "WordPress/6.8.1; https://cyber-secure.com.au"
66.249.64.132 - - [13/Jul/2025:15:17:53 +0000] "GET /?e=103797232021000&mod=a6ce9144&uri=shop.php%3Fid%3D3463995-678%26name%3Dmicromax%20x920%20battery HTTP/1.1" 200 26104 "-" "Mozilla/5.0 (Linux; Android 6.0.1; Nexus 5X Build/MMB29P) AppleWebKit/537.36 (KHTML, like Gecko) Chrome/137.0.7151.103 Mobile Safari/537.36 (compatible; GoogleOther)"
66.249.64.128 - - [13/Jul/2025:15:18:20 +0000] "GET /?e=4253926041000&mod=55a988df&uri=dp.php%3Fid%3D141982-253%26name%3Dlego+friends+base HTTP/1.1" 200 21804 "-" "Mozilla/5.0 (Linux; Android 6.0.1; Nexus 5X Build/MMB29P) AppleWebKit/537.36 (KHTML, like Gecko) Chrome/137.0.7151.103 Mobile Safari/537.36 (compatible; Googlebot/2.1; +http://www.google.com/bot.html)"
209.74.77.214 - - [13/Jul/2025:15:19:07 +0000] "POST /wp-cron.php?doing_wp_cron=1752419947.5642600059509277343750 HTTP/1.1" 200 - "-" "WordPress/6.8.1; https://cyber-secure.com.au"
66.249.64.129 - - [13/Jul/2025:15:19:06 +0000] "GET /?e=17110757031000&mod=d19544ae&uri=article.php%3Fid%3D571201-465%26name%3Ddhgate+jeff+yeezy HTTP/1.1" 301 - "-" "Mozilla/5.0 (Linux; Android 6.0.1; Nexus 5X Build/MMB29P) AppleWebKit/537.36 (KHTML, like Gecko) Chrome/137.0.7151.103 Mobile Safari/537.36 (compatible; GoogleOther)"
209.74.77.214 - - [13/Jul/2025:15:19:07 +0000] "POST /wp-admin/admin-ajax.php?action=async_litespeed&nonce=3I9YHPYTmQzPYQKBFbgJ3AR5slO8JeKm&litespeed_type=imgoptm HTTP/1.1" 200 21 "-" "WordPress/6.8.1; https://cyber-secure.com.au"
209.74.77.214 - - [13/Jul/2025:15:19:56 +0000] "POST /wp-cron.php?doing_wp_cron=1752419996.6780738830566406250000 HTTP/1.1" 200 - "-" "WordPress/6.8.1; https://cyber-secure.com.au"
198.98.57.237 - - [13/Jul/2025:15:19:55 +0000] "GET /wp-login.php HTTP/1.1" 200 5406 "-" "Mozilla/5.0 (iPhone; CPU iPhone OS 7_1 like Mac OS X) AppleWebKit/537.51.2 (KHTML, like Gecko) Version/7.0 Mobile/11D167 Safari/9537.53"
209.74.77.214 - - [13/Jul/2025:15:19:56 +0000] "POST /wp-admin/admin-ajax.php?action=async_litespeed&nonce=1GjXT2utjAwcXbBvLQ6EoqGZ7rTigVwH&litespeed_type=imgoptm HTTP/1.1" 200 21 "-" "WordPress/6.8.1; https://cyber-secure.com.au"
209.74.77.214 - - [13/Jul/2025:15:20:10 +0000] "POST /wp-cron.php?doing_wp_cron=1752420010.9331328868865966796875 HTTP/1.1" 200 - "-" "WordPress/6.8.1; https://cyber-secure.com.au"
66.249.64.132 - - [13/Jul/2025:15:20:10 +0000] "GET /?e=52939212021000&mod=7f96b48e&uri=goods.php%3Fid%3D1766628-1039%26name%3Dropa+adidas+barata+china+rosa HTTP/1.1" 301 - "-" "Mozilla/5.0 (Linux; Android 6.0.1; Nexus 5X Build/MMB29P) AppleWebKit/537.36 (KHTML, like Gecko) Chrome/137.0.7151.103 Mobile Safari/537.36 (compatible; GoogleOther)"
209.74.77.214 - - [13/Jul/2025:15:21:07 +0000] "POST /wp-cron.php?doing_wp_cron=1752420067.8267240524291992187500 HTTP/1.1" 200 - "-" "WordPress/6.8.1; https://cyber-secure.com.au"
209.74.77.214 - - [13/Jul/2025:15:21:07 +0000] "POST /wp-admin/admin-ajax.php?action=async_litespeed&nonce=g1h0li5W4VhBp53JF4ozt0QfLNfVajxS&litespeed_type=imgoptm HTTP/1.1" 200 21 "-" "WordPress/6.8.1; https://cyber-secure.com.au"
66.249.64.128 - - [13/Jul/2025:15:21:06 +0000] "GET /?e=17110757031000&mod=d19544ae&uri=article.php%3Fid%3D571201-465%26name%3Ddhgate%20jeff%20yeezy HTTP/1.1" 200 26106 "-" "Mozilla/5.0 (Linux; Android 6.0.1; Nexus 5X Build/MMB29P) AppleWebKit/537.36 (KHTML, like Gecko) Chrome/137.0.7151.103 Mobile Safari/537.36 (compatible; GoogleOther)"
209.74.77.214 - - [13/Jul/2025:15:21:58 +0000] "POST /wp-cron.php?doing_wp_cron=1752420118.8565480709075927734375 HTTP/1.1" 200 - "-" "WordPress/6.8.1; https://cyber-secure.com.au"
209.74.77.214 - - [13/Jul/2025:15:21:58 +0000] "POST /wp-admin/admin-ajax.php?action=async_litespeed&nonce=SYI1osUQ0WxVwzB4iPh5J6EWAWvdfGEc&litespeed_type=imgoptm HTTP/1.1" 200 21 "-" "WordPress/6.8.1; https://cyber-secure.com.au"
66.249.64.132 - - [13/Jul/2025:15:21:57 +0000] "GET /?e=52939212021000&mod=7f96b48e&uri=goods.php%3Fid%3D1766628-1039%26name%3Dropa%20adidas%20barata%20china%20rosa HTTP/1.1" 200 26111 "-" "Mozilla/5.0 (Linux; Android 6.0.1; Nexus 5X Build/MMB29P) AppleWebKit/537.36 (KHTML, like Gecko) Chrome/137.0.7151.103 Mobile Safari/537.36 (compatible; GoogleOther)"
209.74.77.214 - - [13/Jul/2025:15:22:46 +0000] "POST /wp-cron.php?doing_wp_cron=1752420166.6402630805969238281250 HTTP/1.1" 200 - "-" "WordPress/6.8.1; https://cyber-secure.com.au"
198.98.57.237 - - [13/Jul/2025:15:22:45 +0000] "POST /wp-login.php HTTP/1.1" 200 5662 "-" "Mozilla/5.0 (iPhone; CPU iPhone OS 7_1 like Mac OS X) AppleWebKit/537.51.2 (KHTML, like Gecko) Version/7.0 Mobile/11D167 Safari/9537.53"
209.74.77.214 - - [13/Jul/2025:15:22:46 +0000] "POST /wp-admin/admin-ajax.php?action=async_litespeed&nonce=CJjFwDdGIr1UhUoFeV9pNa5jqiIK490r&litespeed_type=imgoptm HTTP/1.1" 200 21 "-" "WordPress/6.8.1; https://cyber-secure.com.au"
66.249.64.132 - - [13/Jul/2025:15:22:43 +0000] "GET /?e=868014021000&mod=6c9882bb&uri=itm.php%3Fid%3D28986-25%26name%3Dxbox+game+pass+ultimate+xbox+360 HTTP/1.1" 200 22040 "-" "Mozilla/5.0 (compatible; Googlebot/2.1; +http://www.google.com/bot.html)"
66.249.64.132 - - [13/Jul/2025:15:22:55 +0000] "GET /?e=19692647001000&mod=b06b5541&uri=pin.php%3Fid%3D657366-248%26name%3Dal+nuaim+midnight+oud HTTP/1.1" 301 - "-" "Mozilla/5.0 (Linux; Android 6.0.1; Nexus 5X Build/MMB29P) AppleWebKit/537.36 (KHTML, like Gecko) Chrome/137.0.7151.103 Mobile Safari/537.36 (compatible; GoogleOther)"
209.74.77.214 - - [13/Jul/2025:15:23:37 +0000] "POST /wp-cron.php?doing_wp_cron=1752420217.6779940128326416015625 HTTP/1.1" 200 - "-" "WordPress/6.8.1; https://cyber-secure.com.au"
66.249.64.132 - - [13/Jul/2025:15:23:36 +0000] "GET /?e=14024246061000&mod=b06b5541&uri=article.php%3Fid%3D468212-248%26name%3Darmani+de+cedre HTTP/1.1" 301 - "-" "Mozilla/5.0 (Linux; Android 6.0.1; Nexus 5X Build/MMB29P) AppleWebKit/537.36 (KHTML, like Gecko) Chrome/137.0.7151.103 Mobile Safari/537.36 (compatible; GoogleOther)"
209.74.77.214 - - [13/Jul/2025:15:23:37 +0000] "POST /wp-admin/admin-ajax.php?action=async_litespeed&nonce=HA26ZgWBU2RQmHfSTOYeAtdaODjaELFp&litespeed_type=imgoptm HTTP/1.1" 200 21 "-" "WordPress/6.8.1; https://cyber-secure.com.au"
66.249.64.128 - - [13/Jul/2025:15:23:59 +0000] "GET /?e=22810471041000&mod=d19544ae&uri=article.php%3Fid%3D761379-465%26name%3Dmargaritaville+shoes+size+14 HTTP/1.1" 200 22235 "-" "Mozilla/5.0 (Linux; Android 6.0.1; Nexus 5X Build/MMB29P) AppleWebKit/537.36 (KHTML, like Gecko) Chrome/137.0.7151.103 Mobile Safari/537.36 (compatible; Googlebot/2.1; +http://www.google.com/bot.html)"
209.74.77.214 - - [13/Jul/2025:15:24:20 +0000] "POST /wp-cron.php?doing_wp_cron=1752420260.7038719654083251953125 HTTP/1.1" 200 - "-" "WordPress/6.8.1; https://cyber-secure.com.au"
209.74.77.214 - - [13/Jul/2025:15:24:20 +0000] "POST /wp-admin/admin-ajax.php?action=async_litespeed&nonce=jb8vuKpLOX2phBjTnZwj0DsGQcqLEAO2&litespeed_type=imgoptm HTTP/1.1" 200 21 "-" "WordPress/6.8.1; https://cyber-secure.com.au"
66.249.64.132 - - [13/Jul/2025:15:24:20 +0000] "GET /?e=19692647001000&mod=b06b5541&uri=pin.php%3Fid%3D657366-248%26name%3Dal%20nuaim%20midnight%20oud HTTP/1.1" 200 26098 "-" "Mozilla/5.0 (Linux; Android 6.0.1; Nexus 5X Build/MMB29P) AppleWebKit/537.36 (KHTML, like Gecko) Chrome/137.0.7151.103 Mobile Safari/537.36 (compatible; GoogleOther)"
66.249.64.132 - - [13/Jul/2025:15:24:31 +0000] "POST /get-message-notify HTTP/1.1" 200 21380 "https://cyber-secure.com.au/?e=22810471041000&mod=d19544ae&uri=article.php%3Fid%3D761379-465%26name%3Dmargaritaville+shoes+size+14" "Mozilla/5.0 (Linux; Android 6.0.1; Nexus 5X Build/MMB29P) AppleWebKit/537.36 (KHTML, like Gecko) Chrome/137.0.7151.119 Mobile Safari/537.36 (compatible; Googlebot/2.1; +http://www.google.com/bot.html)"
66.249.64.132 - - [13/Jul/2025:15:24:53 +0000] "GET /?e=14024246061000&mod=b06b5541&uri=article.php%3Fid%3D468212-248%26name%3Darmani%20de%20cedre HTTP/1.1" 200 26106 "-" "Mozilla/5.0 (Linux; Android 6.0.1; Nexus 5X Build/MMB29P) AppleWebKit/537.36 (KHTML, like Gecko) Chrome/137.0.7151.103 Mobile Safari/537.36 (compatible; GoogleOther)"
209.74.77.214 - - [13/Jul/2025:15:25:25 +0000] "POST /wp-cron.php?doing_wp_cron=1752420325.9053359031677246093750 HTTP/1.1" 200 - "-" "WordPress/6.8.1; https://cyber-secure.com.au"
66.249.64.129 - - [13/Jul/2025:15:25:24 +0000] "GET /?e=107674834051000&mod=a01a0380&uri=search.php%3Fid%3D3593467-39%26name%3Dbass+pro+boat+seats HTTP/1.1" 301 - "-" "Mozilla/5.0 (Linux; Android 6.0.1; Nexus 5X Build/MMB29P) AppleWebKit/537.36 (KHTML, like Gecko) Chrome/137.0.7151.103 Mobile Safari/537.36 (compatible; GoogleOther)"
209.74.77.214 - - [13/Jul/2025:15:25:25 +0000] "POST /wp-admin/admin-ajax.php?action=async_litespeed&nonce=KvH65CS5UeXSKpfNGG9EvIbvxvt5DKxF&litespeed_type=imgoptm HTTP/1.1" 200 21 "-" "WordPress/6.8.1; https://cyber-secure.com.au"
51.222.253.1 - - [13/Jul/2025:15:25:34 +0000] "GET /services-detail/ HTTP/1.1" 200 23523 "-" "Mozilla/5.0 (compatible; AhrefsBot/7.0; +http://ahrefs.com/robot/)"
66.249.64.128 - - [13/Jul/2025:15:25:52 +0000] "GET /?e=107674834051000&mod=a01a0380&uri=search.php%3Fid%3D3593467-39%26name%3Dbass%20pro%20boat%20seats HTTP/1.1" 200 26108 "-" "Mozilla/5.0 (Linux; Android 6.0.1; Nexus 5X Build/MMB29P) AppleWebKit/537.36 (KHTML, like Gecko) Chrome/137.0.7151.103 Mobile Safari/537.36 (compatible; GoogleOther)"
209.74.77.214 - - [13/Jul/2025:15:26:16 +0000] "POST /wp-cron.php?doing_wp_cron=1752420376.8940770626068115234375 HTTP/1.1" 200 - "-" "WordPress/6.8.1; https://cyber-secure.com.au"
66.249.64.132 - - [13/Jul/2025:15:26:16 +0000] "GET /?e=34483297031000&mod=c922de9e&uri=us.php%3Fid%3D1150925-313%26name%3Daktentasche+hartschale HTTP/1.1" 301 - "-" "Mozilla/5.0 (Linux; Android 6.0.1; Nexus 5X Build/MMB29P) AppleWebKit/537.36 (KHTML, like Gecko) Chrome/137.0.7151.103 Mobile Safari/537.36 (compatible; GoogleOther)"
209.74.77.214 - - [13/Jul/2025:15:26:16 +0000] "POST /wp-admin/admin-ajax.php?action=async_litespeed&nonce=gk3McR3uAqf7RB7xdEh9N1wpIoj4NzMA&litespeed_type=imgoptm HTTP/1.1" 200 21 "-" "WordPress/6.8.1; https://cyber-secure.com.au"
66.249.64.128 - - [13/Jul/2025:15:26:39 +0000] "GET /?e=34483297031000&mod=c922de9e&uri=us.php%3Fid%3D1150925-313%26name%3Daktentasche%20hartschale HTTP/1.1" 200 26107 "-" "Mozilla/5.0 (Linux; Android 6.0.1; Nexus 5X Build/MMB29P) AppleWebKit/537.36 (KHTML, like Gecko) Chrome/137.0.7151.103 Mobile Safari/537.36 (compatible; GoogleOther)"
209.74.77.214 - - [13/Jul/2025:15:26:58 +0000] "POST /wp-cron.php?doing_wp_cron=1752420418.9319090843200683593750 HTTP/1.1" 200 - "-" "WordPress/6.8.1; https://cyber-secure.com.au"
66.249.64.132 - - [13/Jul/2025:15:26:58 +0000] "GET /?e=107668534001000&mod=a01a0380&uri=blog.php%3Fid%3D3593257-39%26name%3Dwicker+cafe+table+and+chairs HTTP/1.1" 301 - "-" "Mozilla/5.0 (Linux; Android 6.0.1; Nexus 5X Build/MMB29P) AppleWebKit/537.36 (KHTML, like Gecko) Chrome/137.0.7151.103 Mobile Safari/537.36 (compatible; GoogleOther)"
209.74.77.214 - - [13/Jul/2025:15:27:16 +0000] "POST /wp-cron.php?doing_wp_cron=1752420436.5263209342956542968750 HTTP/1.1" 200 - "-" "WordPress/6.8.1; https://cyber-secure.com.au"
209.74.77.214 - - [13/Jul/2025:15:27:16 +0000] "POST /wp-admin/admin-ajax.php?action=async_litespeed&nonce=9EbFmZ65LDsJrK6ZuJIJvCmMgaMHbRDJ&litespeed_type=imgoptm HTTP/1.1" 200 21 "-" "WordPress/6.8.1; https://cyber-secure.com.au"
66.249.64.132 - - [13/Jul/2025:15:27:16 +0000] "GET /?e=107668534001000&mod=a01a0380&uri=blog.php%3Fid%3D3593257-39%26name%3Dwicker%20cafe%20table%20and%20chairs HTTP/1.1" 200 26107 "-" "Mozilla/5.0 (Linux; Android 6.0.1; Nexus 5X Build/MMB29P) AppleWebKit/537.36 (KHTML, like Gecko) Chrome/137.0.7151.103 Mobile Safari/537.36 (compatible; GoogleOther)"
66.249.64.128 - - [13/Jul/2025:15:27:32 +0000] "GET /?e=19675104111000&mod=b06b5541&uri=news.php%3Fid%3D656781-248%26name%3D96+majmua HTTP/1.1" 301 - "-" "Mozilla/5.0 (Linux; Android 6.0.1; Nexus 5X Build/MMB29P) AppleWebKit/537.36 (KHTML, like Gecko) Chrome/137.0.7151.103 Mobile Safari/537.36 (compatible; GoogleOther)"
66.249.64.132 - - [13/Jul/2025:15:27:52 +0000] "GET /?e=19675104111000&mod=b06b5541&uri=news.php%3Fid%3D656781-248%26name%3D96%20majmua HTTP/1.1" 200 26106 "-" "Mozilla/5.0 (Linux; Android 6.0.1; Nexus 5X Build/MMB29P) AppleWebKit/537.36 (KHTML, like Gecko) Chrome/137.0.7151.103 Mobile Safari/537.36 (compatible; GoogleOther)"
66.249.64.128 - - [13/Jul/2025:15:28:06 +0000] "GET /?e=107510882061000&mod=32508f53&uri=pin.php%3Fid%3D3587990-586%26name%3Dpyjama+bebe+piece HTTP/1.1" 301 - "-" "Mozilla/5.0 (Linux; Android 6.0.1; Nexus 5X Build/MMB29P) AppleWebKit/537.36 (KHTML, like Gecko) Chrome/137.0.7151.103 Mobile Safari/537.36 (compatible; GoogleOther)"
209.74.77.214 - - [13/Jul/2025:15:28:18 +0000] "POST /wp-cron.php?doing_wp_cron=1752420498.7813389301300048828125 HTTP/1.1" 200 - "-" "WordPress/6.8.1; https://cyber-secure.com.au"
209.74.77.214 - - [13/Jul/2025:15:28:18 +0000] "POST /wp-admin/admin-ajax.php?action=async_litespeed&nonce=6IqfDx08BzCv8rFAgweqpigcj21oKTj7&litespeed_type=imgoptm HTTP/1.1" 200 21 "-" "WordPress/6.8.1; https://cyber-secure.com.au"
66.249.64.128 - - [13/Jul/2025:15:28:18 +0000] "GET /?e=107510882061000&mod=32508f53&uri=pin.php%3Fid%3D3587990-586%26name%3Dpyjama%20bebe%20piece HTTP/1.1" 200 26107 "-" "Mozilla/5.0 (Linux; Android 6.0.1; Nexus 5X Build/MMB29P) AppleWebKit/537.36 (KHTML, like Gecko) Chrome/137.0.7151.103 Mobile Safari/537.36 (compatible; GoogleOther)"
66.249.64.132 - - [13/Jul/2025:15:28:43 +0000] "GET /?e=822504071000&mod=01f78be6&uri=article.php%3Fid%3D27469-55%26name%3Dgarmin+gps+bici+amazon HTTP/1.1" 200 20972 "-" "Mozilla/5.0 (compatible; Googlebot/2.1; +http://www.google.com/bot.html)"
66.249.64.132 - - [13/Jul/2025:15:28:55 +0000] "GET /?e=107542292031000&mod=0fcee95c&uri=article.php%3Fid%3D3589041-609%26name%3Ddunk+low+orange+pearl+raffle HTTP/1.1" 301 - "-" "Mozilla/5.0 (Linux; Android 6.0.1; Nexus 5X Build/MMB29P) AppleWebKit/537.36 (KHTML, like Gecko) Chrome/137.0.7151.103 Mobile Safari/537.36 (compatible; GoogleOther)"
66.249.64.132 - - [13/Jul/2025:15:28:59 +0000] "GET /?e=107542292031000&mod=0fcee95c&uri=article.php%3Fid%3D3589041-609%26name%3Ddunk%20low%20orange%20pearl%20raffle HTTP/1.1" 200 26108 "-" "Mozilla/5.0 (Linux; Android 6.0.1; Nexus 5X Build/MMB29P) AppleWebKit/537.36 (KHTML, like Gecko) Chrome/137.0.7151.103 Mobile Safari/537.36 (compatible; GoogleOther)"
209.74.77.214 - - [13/Jul/2025:15:29:58 +0000] "POST /wp-cron.php?doing_wp_cron=1752420598.1544239521026611328125 HTTP/1.1" 200 - "-" "WordPress/6.8.1; https://cyber-secure.com.au"
66.249.64.132 - - [13/Jul/2025:15:29:56 +0000] "GET /?e=102539831041000&mod=a14ac55a&uri=pin.php%3Fid%3D3422038-161%26name%3Dcognac+biker+jacket HTTP/1.1" 301 - "-" "Mozilla/5.0 (Linux; Android 6.0.1; Nexus 5X Build/MMB29P) AppleWebKit/537.36 (KHTML, like Gecko) Chrome/137.0.7151.103 Mobile Safari/537.36 (compatible; GoogleOther)"
209.74.77.214 - - [13/Jul/2025:15:29:58 +0000] "POST /wp-admin/admin-ajax.php?action=async_litespeed&nonce=D5ERN1TTHsSoZQN973YWQXCnq7dafZvV&litespeed_type=imgoptm HTTP/1.1" 200 21 "-" "WordPress/6.8.1; https://cyber-secure.com.au"
209.74.77.214 - - [13/Jul/2025:15:30:11 +0000] "POST /wp-cron.php?doing_wp_cron=1752420611.5752251148223876953125 HTTP/1.1" 200 - "-" "WordPress/6.8.1; https://cyber-secure.com.au"
66.249.64.129 - - [13/Jul/2025:15:30:11 +0000] "GET /?e=102539831041000&mod=a14ac55a&uri=pin.php%3Fid%3D3422038-161%26name%3Dcognac%20biker%20jacket HTTP/1.1" 200 26108 "-" "Mozilla/5.0 (Linux; Android 6.0.1; Nexus 5X Build/MMB29P) AppleWebKit/537.36 (KHTML, like Gecko) Chrome/137.0.7151.103 Mobile Safari/537.36 (compatible; GoogleOther)"
209.74.77.214 - - [13/Jul/2025:15:30:59 +0000] "POST /wp-cron.php?doing_wp_cron=1752420659.4013619422912597656250 HTTP/1.1" 200 - "-" "WordPress/6.8.1; https://cyber-secure.com.au"
66.249.64.132 - - [13/Jul/2025:15:30:58 +0000] "GET /?e=16318496071000&mod=b4944963&uri=article.php%3Fid%3D544779-289%26name%3Dcheap+backpack+bags HTTP/1.1" 301 - "-" "Mozilla/5.0 (Linux; Android 6.0.1; Nexus 5X Build/MMB29P) AppleWebKit/537.36 (KHTML, like Gecko) Chrome/137.0.7151.103 Mobile Safari/537.36 (compatible; GoogleOther)"
209.74.77.214 - - [13/Jul/2025:15:30:59 +0000] "POST /wp-admin/admin-ajax.php?action=async_litespeed&nonce=AcA7lyQFNcQ1fU7oQr3sviH6tMfvJqNM&litespeed_type=imgoptm HTTP/1.1" 200 21 "-" "WordPress/6.8.1; https://cyber-secure.com.au"
209.74.77.214 - - [13/Jul/2025:15:31:13 +0000] "POST /wp-cron.php?doing_wp_cron=1752420673.5570640563964843750000 HTTP/1.1" 200 - "-" "WordPress/6.8.1; https://cyber-secure.com.au"
66.249.64.129 - - [13/Jul/2025:15:31:13 +0000] "GET /?e=16318496071000&mod=b4944963&uri=article.php%3Fid%3D544779-289%26name%3Dcheap%20backpack%20bags HTTP/1.1" 200 26106 "-" "Mozilla/5.0 (Linux; Android 6.0.1; Nexus 5X Build/MMB29P) AppleWebKit/537.36 (KHTML, like Gecko) Chrome/137.0.7151.103 Mobile Safari/537.36 (compatible; GoogleOther)"
209.74.77.214 - - [13/Jul/2025:15:31:28 +0000] "POST /wp-cron.php?doing_wp_cron=1752420688.1587719917297363281250 HTTP/1.1" 200 - "-" "WordPress/6.8.1; https://cyber-secure.com.au"
66.249.64.128 - - [13/Jul/2025:15:31:27 +0000] "GET /?e=119584995061000&mod=77ee3bc5&uri=article.php%3Fid%3D3990918-315%26name%3Dcathay+uhren+hersteller HTTP/1.1" 301 - "-" "Mozilla/5.0 (Linux; Android 6.0.1; Nexus 5X Build/MMB29P) AppleWebKit/537.36 (KHTML, like Gecko) Chrome/137.0.7151.103 Mobile Safari/537.36 (compatible; GoogleOther)"
209.74.77.214 - - [13/Jul/2025:15:31:28 +0000] "POST /wp-admin/admin-ajax.php?action=async_litespeed&nonce=bW847zVWpL2uWUui0Bkns1EFAJ0bSg98&litespeed_type=imgoptm HTTP/1.1" 200 21 "-" "WordPress/6.8.1; https://cyber-secure.com.au"
66.249.64.132 - - [13/Jul/2025:15:31:40 +0000] "GET /?e=119584995061000&mod=77ee3bc5&uri=article.php%3Fid%3D3990918-315%26name%3Dcathay%20uhren%20hersteller HTTP/1.1" 200 26111 "-" "Mozilla/5.0 (Linux; Android 6.0.1; Nexus 5X Build/MMB29P) AppleWebKit/537.36 (KHTML, like Gecko) Chrome/137.0.7151.103 Mobile Safari/537.36 (compatible; GoogleOther)"
66.249.64.128 - - [13/Jul/2025:15:32:01 +0000] "GET /?e=34484647001000&mod=c922de9e&uri=dp.php%3Fid%3D1150970-313%26name%3Dschultertasche+tchibo HTTP/1.1" 301 - "-" "Mozilla/5.0 (Linux; Android 6.0.1; Nexus 5X Build/MMB29P) AppleWebKit/537.36 (KHTML, like Gecko) Chrome/137.0.7151.103 Mobile Safari/537.36 (compatible; GoogleOther)"
209.74.77.214 - - [13/Jul/2025:15:32:12 +0000] "POST /wp-cron.php?doing_wp_cron=1752420732.6566181182861328125000 HTTP/1.1" 200 - "-" "WordPress/6.8.1; https://cyber-secure.com.au"
66.249.64.128 - - [13/Jul/2025:15:32:12 +0000] "GET /?e=34484647001000&mod=c922de9e&uri=dp.php%3Fid%3D1150970-313%26name%3Dschultertasche%20tchibo HTTP/1.1" 200 26110 "-" "Mozilla/5.0 (Linux; Android 6.0.1; Nexus 5X Build/MMB29P) AppleWebKit/537.36 (KHTML, like Gecko) Chrome/137.0.7151.103 Mobile Safari/537.36 (compatible; GoogleOther)"
209.74.77.214 - - [13/Jul/2025:15:32:23 +0000] "POST /wp-cron.php?doing_wp_cron=1752420743.4205598831176757812500 HTTP/1.1" 200 - "-" "WordPress/6.8.1; https://cyber-secure.com.au"
66.249.64.132 - - [13/Jul/2025:15:32:23 +0000] "GET /?e=107637699091000&mod=39059724&uri=form.php%3Fid%3D3592227-27%26name%3Dkeratina+hair+liss+opiniones HTTP/1.1" 301 - "-" "Mozilla/5.0 (Linux; Android 6.0.1; Nexus 5X Build/MMB29P) AppleWebKit/537.36 (KHTML, like Gecko) Chrome/137.0.7151.103 Mobile Safari/537.36 (compatible; GoogleOther)"
209.74.77.214 - - [13/Jul/2025:15:32:23 +0000] "POST /wp-admin/admin-ajax.php?action=async_litespeed&nonce=mwCddJZ1HCr7SGk5eYizk91Mya7eFgYk&litespeed_type=imgoptm HTTP/1.1" 200 21 "-" "WordPress/6.8.1; https://cyber-secure.com.au"
66.249.64.132 - - [13/Jul/2025:15:32:33 +0000] "GET /?e=107637699091000&mod=39059724&uri=form.php%3Fid%3D3592227-27%26name%3Dkeratina%20hair%20liss%20opiniones HTTP/1.1" 200 26108 "-" "Mozilla/5.0 (Linux; Android 6.0.1; Nexus 5X Build/MMB29P) AppleWebKit/537.36 (KHTML, like Gecko) Chrome/137.0.7151.103 Mobile Safari/537.36 (compatible; GoogleOther)"
66.249.64.128 - - [13/Jul/2025:15:34:43 +0000] "GET /?e=872094001000&mod=6c9882bb&uri=blog.php%3Fid%3D29122-25%26name%3Dadvanced+warfare+xbox HTTP/1.1" 200 21479 "-" "Mozilla/5.0 (compatible; Googlebot/2.1; +http://www.google.com/bot.html)"
209.74.77.214 - - [13/Jul/2025:15:35:26 +0000] "POST /wp-cron.php?doing_wp_cron=1752420926.9606740474700927734375 HTTP/1.1" 200 - "-" "WordPress/6.8.1; https://cyber-secure.com.au"
66.249.64.129 - - [13/Jul/2025:15:35:25 +0000] "GET /?e=3390218141000&mod=1819932f&uri=pin.php%3Fid%3D113165-216%26name%3Dyellow+floral+bardot+top HTTP/1.1" 301 - "-" "Mozilla/5.0 (Linux; Android 6.0.1; Nexus 5X Build/MMB29P) AppleWebKit/537.36 (KHTML, like Gecko) Chrome/137.0.7151.103 Mobile Safari/537.36 (compatible; GoogleOther)"
209.74.77.214 - - [13/Jul/2025:15:35:27 +0000] "POST /wp-admin/admin-ajax.php?action=async_litespeed&nonce=lTOU7EKIA8xPJtca354DJpNwVqMx0hqP&litespeed_type=imgoptm HTTP/1.1" 200 21 "-" "WordPress/6.8.1; https://cyber-secure.com.au"
66.249.64.132 - - [13/Jul/2025:15:35:40 +0000] "GET /?e=13582157041000&mod=512c5cad&uri=search.php%3Fid%3D453466-141%26name%3Dregalos+san+valentin+corte+ingles HTTP/1.1" 200 22234 "-" "Mozilla/5.0 (Linux; Android 6.0.1; Nexus 5X Build/MMB29P) AppleWebKit/537.36 (KHTML, like Gecko) Chrome/137.0.7151.103 Mobile Safari/537.36 (compatible; Googlebot/2.1; +http://www.google.com/bot.html)"
66.249.64.132 - - [13/Jul/2025:15:35:50 +0000] "GET /?e=3390218141000&mod=1819932f&uri=pin.php%3Fid%3D113165-216%26name%3Dyellow%20floral%20bardot%20top HTTP/1.1" 200 26112 "-" "Mozilla/5.0 (Linux; Android 6.0.1; Nexus 5X Build/MMB29P) AppleWebKit/537.36 (KHTML, like Gecko) Chrome/137.0.7151.103 Mobile Safari/537.36 (compatible; GoogleOther)"
209.74.77.214 - - [13/Jul/2025:15:37:31 +0000] "POST /wp-cron.php?doing_wp_cron=1752421051.5840499401092529296875 HTTP/1.1" 200 - "-" "WordPress/6.8.1; https://cyber-secure.com.au"
209.74.77.214 - - [13/Jul/2025:15:37:31 +0000] "POST /wp-cron.php?doing_wp_cron=1752421051.5840439796447753906250 HTTP/1.1" 200 - "-" "WordPress/6.8.1; https://cyber-secure.com.au"
66.249.64.129 - - [13/Jul/2025:15:37:30 +0000] "GET /?e=1191771021000&mod=4ea06fbc&uri=pin.php%3Fid%3D39788-77%26name%3Deaster+98+air+max HTTP/1.1" 301 - "-" "Mozilla/5.0 (Linux; Android 6.0.1; Nexus 5X Build/MMB29P) AppleWebKit/537.36 (KHTML, like Gecko) Chrome/137.0.7151.103 Mobile Safari/537.36 (compatible; GoogleOther)"
209.74.77.214 - - [13/Jul/2025:15:37:31 +0000] "POST /wp-admin/admin-ajax.php?action=async_litespeed&nonce=C9RcGx3gqAuKWpJDtp7UpWR7EKTbJ1Ei&litespeed_type=imgoptm HTTP/1.1" 200 21 "-" "WordPress/6.8.1; https://cyber-secure.com.au"
51.222.253.3 - - [13/Jul/2025:15:37:30 +0000] "GET /services/ HTTP/1.1" 200 24916 "-" "Mozilla/5.0 (compatible; AhrefsBot/7.0; +http://ahrefs.com/robot/)"
66.249.64.132 - - [13/Jul/2025:15:37:49 +0000] "GET /?e=1032713051000&mod=fccb3cdc&uri=search.php%3Fid%3D34483-68%26name%3Doff+white+z HTTP/1.1" 301 - "-" "Mozilla/5.0 (Linux; Android 6.0.1; Nexus 5X Build/MMB29P) AppleWebKit/537.36 (KHTML, like Gecko) Chrome/137.0.7151.103 Mobile Safari/537.36 (compatible; GoogleOther)"
66.249.64.132 - - [13/Jul/2025:15:37:54 +0000] "GET /?e=1074277051000&mod=e5841df2&uri=article.php%3Fid%3D35869-70%26name%3Dgaggia+classic+pro+basket+size+grams HTTP/1.1" 200 22270 "-" "Mozilla/5.0 (Linux; Android 6.0.1; Nexus 5X Build/MMB29P) AppleWebKit/537.36 (KHTML, like Gecko) Chrome/137.0.7151.103 Mobile Safari/537.36 (compatible; Googlebot/2.1; +http://www.google.com/bot.html)"
66.249.64.132 - - [13/Jul/2025:15:38:03 +0000] "GET /?e=22653981011000&mod=069654d5&uri=form.php%3Fid%3D756159-183%26name%3Dused+xpulse HTTP/1.1" 200 22012 "-" "Mozilla/5.0 (Linux; Android 6.0.1; Nexus 5X Build/MMB29P) AppleWebKit/537.36 (KHTML, like Gecko) Chrome/137.0.7151.103 Mobile Safari/537.36 (compatible; Googlebot/2.1; +http://www.google.com/bot.html)"
209.74.77.214 - - [13/Jul/2025:15:38:10 +0000] "POST /wp-cron.php?doing_wp_cron=1752421090.8379240036010742187500 HTTP/1.1" 200 - "-" "WordPress/6.8.1; https://cyber-secure.com.au"
66.249.64.132 - - [13/Jul/2025:15:38:10 +0000] "GET /?e=1191771021000&mod=4ea06fbc&uri=pin.php%3Fid%3D39788-77%26name%3Deaster%2098%20air%20max HTTP/1.1" 200 26106 "-" "Mozilla/5.0 (Linux; Android 6.0.1; Nexus 5X Build/MMB29P) AppleWebKit/537.36 (KHTML, like Gecko) Chrome/137.0.7151.103 Mobile Safari/537.36 (compatible; GoogleOther)"
209.74.77.214 - - [13/Jul/2025:15:38:27 +0000] "POST /wp-cron.php?doing_wp_cron=1752421107.2279279232025146484375 HTTP/1.1" 200 - "-" "WordPress/6.8.1; https://cyber-secure.com.au"
209.74.77.214 - - [13/Jul/2025:15:38:27 +0000] "POST /wp-admin/admin-ajax.php?action=async_litespeed&nonce=amTiELOHyt2AtZfV0PybF3AikxFT8ATp&litespeed_type=imgoptm HTTP/1.1" 200 21 "-" "WordPress/6.8.1; https://cyber-secure.com.au"
66.249.64.132 - - [13/Jul/2025:15:38:27 +0000] "GET /?e=1032713051000&mod=fccb3cdc&uri=search.php%3Fid%3D34483-68%26name%3Doff%20white%20z HTTP/1.1" 200 26102 "-" "Mozilla/5.0 (Linux; Android 6.0.1; Nexus 5X Build/MMB29P) AppleWebKit/537.36 (KHTML, like Gecko) Chrome/137.0.7151.103 Mobile Safari/537.36 (compatible; GoogleOther)"
66.249.64.132 - - [13/Jul/2025:15:38:42 +0000] "GET /?e=34483028001000&mod=c922de9e&uri=brands.php%3Fid%3D1150916-313%26name%3Dliebeskind+handtasche+schwarz HTTP/1.1" 301 - "-" "Mozilla/5.0 (Linux; Android 6.0.1; Nexus 5X Build/MMB29P) AppleWebKit/537.36 (KHTML, like Gecko) Chrome/137.0.7151.103 Mobile Safari/537.36 (compatible; GoogleOther)"
66.249.64.132 - - [13/Jul/2025:15:38:56 +0000] "GET /?e=34483028001000&mod=c922de9e&uri=brands.php%3Fid%3D1150916-313%26name%3Dliebeskind%20handtasche%20schwarz HTTP/1.1" 200 26111 "-" "Mozilla/5.0 (Linux; Android 6.0.1; Nexus 5X Build/MMB29P) AppleWebKit/537.36 (KHTML, like Gecko) Chrome/137.0.7151.103 Mobile Safari/537.36 (compatible; GoogleOther)"
209.74.77.214 - - [13/Jul/2025:15:39:33 +0000] "POST /wp-cron.php?doing_wp_cron=1752421173.2138199806213378906250 HTTP/1.1" 200 - "-" "WordPress/6.8.1; https://cyber-secure.com.au"
66.249.64.132 - - [13/Jul/2025:15:39:31 +0000] "GET /?e=3369129061000&mod=1819932f&uri=shared.php%3Fid%3D112462-216%26name%3Dadidas+backpack+sale+uk HTTP/1.1" 301 - "-" "Mozilla/5.0 (Linux; Android 6.0.1; Nexus 5X Build/MMB29P) AppleWebKit/537.36 (KHTML, like Gecko) Chrome/137.0.7151.103 Mobile Safari/537.36 (compatible; GoogleOther)"
209.74.77.214 - - [13/Jul/2025:15:39:33 +0000] "POST /wp-admin/admin-ajax.php?action=async_litespeed&nonce=w0WPhMdK6S6CYF2CgW6DYWWNwHkmVuoA&litespeed_type=imgoptm HTTP/1.1" 200 21 "-" "WordPress/6.8.1; https://cyber-secure.com.au"
66.249.64.132 - - [13/Jul/2025:15:39:46 +0000] "GET /?e=873774021000&mod=6c9882bb&uri=info.php%3Fid%3D29178-25%26name%3Dxbox+one+kinect+games+2020 HTTP/1.1" 200 21417 "-" "Mozilla/5.0 (compatible; Googlebot/2.1; +http://www.google.com/bot.html)"
66.249.64.132 - - [13/Jul/2025:15:39:49 +0000] "GET /?e=3369129061000&mod=1819932f&uri=shared.php%3Fid%3D112462-216%26name%3Dadidas%20backpack%20sale%20uk HTTP/1.1" 200 26108 "-" "Mozilla/5.0 (Linux; Android 6.0.1; Nexus 5X Build/MMB29P) AppleWebKit/537.36 (KHTML, like Gecko) Chrome/137.0.7151.103 Mobile Safari/537.36 (compatible; GoogleOther)"
209.74.77.214 - - [13/Jul/2025:15:41:36 +0000] "POST /wp-cron.php?doing_wp_cron=1752421296.3375620841979980468750 HTTP/1.1" 200 - "-" "WordPress/6.8.1; https://cyber-secure.com.au"
66.249.64.132 - - [13/Jul/2025:15:41:34 +0000] "GET /?e=116620040051000&mod=b3dd760e&uri=pin.php%3Fid%3D3892019-538%26name%3Dblusas+elegantes+del+2019 HTTP/1.1" 301 - "-" "Mozilla/5.0 (Linux; Android 6.0.1; Nexus 5X Build/MMB29P) AppleWebKit/537.36 (KHTML, like Gecko) Chrome/137.0.7151.103 Mobile Safari/537.36 (compatible; GoogleOther)"
209.74.77.214 - - [13/Jul/2025:15:41:36 +0000] "POST /wp-admin/admin-ajax.php?action=async_litespeed&nonce=R58BPACxrHcvLCZp8CFLQwK7jisNVNFt&litespeed_type=imgoptm HTTP/1.1" 200 21 "-" "WordPress/6.8.1; https://cyber-secure.com.au"
66.249.64.128 - - [13/Jul/2025:15:41:57 +0000] "GET /?e=116620040051000&mod=b3dd760e&uri=pin.php%3Fid%3D3892019-538%26name%3Dblusas%20elegantes%20del%202019 HTTP/1.1" 200 26109 "-" "Mozilla/5.0 (Linux; Android 6.0.1; Nexus 5X Build/MMB29P) AppleWebKit/537.36 (KHTML, like Gecko) Chrome/137.0.7151.103 Mobile Safari/537.36 (compatible; GoogleOther)"
209.74.77.214 - - [13/Jul/2025:15:42:39 +0000] "POST /wp-cron.php?doing_wp_cron=1752421359.9124400615692138671875 HTTP/1.1" 200 - "-" "WordPress/6.8.1; https://cyber-secure.com.au"
66.249.64.129 - - [13/Jul/2025:15:42:38 +0000] "GET /?e=42166540121000&mod=6ea2ef73&uri=shop.php%3Fid%3D1407274-48%26name%3Dair+jordan+11+retro+low+white+legend+blue HTTP/1.1" 301 - "-" "Mozilla/5.0 (Linux; Android 6.0.1; Nexus 5X Build/MMB29P) AppleWebKit/537.36 (KHTML, like Gecko) Chrome/137.0.7151.103 Mobile Safari/537.36 (compatible; GoogleOther)"
209.74.77.214 - - [13/Jul/2025:15:42:40 +0000] "POST /wp-admin/admin-ajax.php?action=async_litespeed&nonce=bg1RCgtju0w0NTG9zZqmytqakf0T14vP&litespeed_type=imgoptm HTTP/1.1" 200 21 "-" "WordPress/6.8.1; https://cyber-secure.com.au"
66.249.64.132 - - [13/Jul/2025:15:42:59 +0000] "GET /?e=42166540121000&mod=6ea2ef73&uri=shop.php%3Fid%3D1407274-48%26name%3Dair%20jordan%2011%20retro%20low%20white%20legend%20blue HTTP/1.1" 200 26108 "-" "Mozilla/5.0 (Linux; Android 6.0.1; Nexus 5X Build/MMB29P) AppleWebKit/537.36 (KHTML, like Gecko) Chrome/137.0.7151.103 Mobile Safari/537.36 (compatible; GoogleOther)"
209.74.77.214 - - [13/Jul/2025:15:43:39 +0000] "POST /wp-cron.php?doing_wp_cron=1752421419.1062450408935546875000 HTTP/1.1" 200 - "-" "WordPress/6.8.1; https://cyber-secure.com.au"
66.249.64.132 - - [13/Jul/2025:15:43:37 +0000] "GET /?e=113478413011000&mod=cf67355a&uri=pin.php%3Fid%3D3787184-52%26name%3Dmilly+silk+dress HTTP/1.1" 301 - "-" "Mozilla/5.0 (Linux; Android 6.0.1; Nexus 5X Build/MMB29P) AppleWebKit/537.36 (KHTML, like Gecko) Chrome/137.0.7151.103 Mobile Safari/537.36 (compatible; GoogleOther)"
209.74.77.214 - - [13/Jul/2025:15:43:39 +0000] "POST /wp-admin/admin-ajax.php?action=async_litespeed&nonce=qgMUjxc9yNFnARJvez2qQaTrQ9vmSLSR&litespeed_type=imgoptm HTTP/1.1" 200 21 "-" "WordPress/6.8.1; https://cyber-secure.com.au"
66.249.64.129 - - [13/Jul/2025:15:44:04 +0000] "GET /?e=113478413011000&mod=cf67355a&uri=pin.php%3Fid%3D3787184-52%26name%3Dmilly%20silk%20dress HTTP/1.1" 200 26110 "-" "Mozilla/5.0 (Linux; Android 6.0.1; Nexus 5X Build/MMB29P) AppleWebKit/537.36 (KHTML, like Gecko) Chrome/137.0.7151.103 Mobile Safari/537.36 (compatible; GoogleOther)"
66.249.64.128 - - [13/Jul/2025:15:44:12 +0000] "GET /?e=1092217021000&mod=d5cfead9&uri=article.php%3Fid%3D36467-73%26name%3Djesus+face+gold HTTP/1.1" 200 20613 "-" "Mozilla/5.0 (Linux; Android 6.0.1; Nexus 5X Build/MMB29P) AppleWebKit/537.36 (KHTML, like Gecko) Chrome/137.0.7151.103 Mobile Safari/537.36 (compatible; Googlebot/2.1; +http://www.google.com/bot.html)"
66.249.64.132 - - [13/Jul/2025:15:44:41 +0000] "POST /get-message-notify HTTP/1.1" 200 21387 "https://cyber-secure.com.au/?e=1092217021000&mod=d5cfead9&uri=article.php%3Fid%3D36467-73%26name%3Djesus+face+gold" "Mozilla/5.0 (Linux; Android 6.0.1; Nexus 5X Build/MMB29P) AppleWebKit/537.36 (KHTML, like Gecko) Chrome/137.0.7151.119 Mobile Safari/537.36 (compatible; Googlebot/2.1; +http://www.google.com/bot.html)"
209.74.77.214 - - [13/Jul/2025:15:45:03 +0000] "POST /wp-cron.php?doing_wp_cron=1752421503.0033550262451171875000 HTTP/1.1" 200 - "-" "WordPress/6.8.1; https://cyber-secure.com.au"
66.249.64.132 - - [13/Jul/2025:15:45:02 +0000] "GET /?e=16998963041000&mod=a01a0380&uri=blog.php%3Fid%3D567474-39%26name%3Doffice+seat+price HTTP/1.1" 301 - "-" "Mozilla/5.0 (Linux; Android 6.0.1; Nexus 5X Build/MMB29P) AppleWebKit/537.36 (KHTML, like Gecko) Chrome/137.0.7151.103 Mobile Safari/537.36 (compatible; GoogleOther)"
209.74.77.214 - - [13/Jul/2025:15:45:03 +0000] "POST /wp-admin/admin-ajax.php?action=async_litespeed&nonce=RUINJjW3RjwFWOV2ANjX9Du2HWZ7NXUz&litespeed_type=imgoptm HTTP/1.1" 200 21 "-" "WordPress/6.8.1; https://cyber-secure.com.au"
209.74.77.214 - - [13/Jul/2025:15:45:20 +0000] "POST /wp-cron.php?doing_wp_cron=1752421520.1777369976043701171875 HTTP/1.1" 200 - "-" "WordPress/6.8.1; https://cyber-secure.com.au"
209.74.77.214 - - [13/Jul/2025:15:45:20 +0000] "POST /wp-admin/admin-ajax.php?action=async_litespeed&nonce=m6Ow2tn8ZDwmwDvYDRizyJ9Qx2Od2tjQ&litespeed_type=imgoptm HTTP/1.1" 200 21 "-" "WordPress/6.8.1; https://cyber-secure.com.au"
66.249.64.132 - - [13/Jul/2025:15:45:19 +0000] "GET /?e=16998963041000&mod=a01a0380&uri=blog.php%3Fid%3D567474-39%26name%3Doffice%20seat%20price HTTP/1.1" 200 26106 "-" "Mozilla/5.0 (Linux; Android 6.0.1; Nexus 5X Build/MMB29P) AppleWebKit/537.36 (KHTML, like Gecko) Chrome/137.0.7151.103 Mobile Safari/537.36 (compatible; GoogleOther)"
66.249.64.132 - - [13/Jul/2025:15:45:43 +0000] "GET /?e=17075657071000&mod=3214a6d8&uri=us.php%3Fid%3D570031-188%26name%3Doutdoor+research+down+parka HTTP/1.1" 301 - "-" "Mozilla/5.0 (Linux; Android 6.0.1; Nexus 5X Build/MMB29P) AppleWebKit/537.36 (KHTML, like Gecko) Chrome/137.0.7151.103 Mobile Safari/537.36 (compatible; GoogleOther)"
66.249.64.132 - - [13/Jul/2025:15:45:47 +0000] "GET /?e=872574011000&mod=6c9882bb&uri=blog.php%3Fid%3D29138-25%26name%3Dxbox+series+x+launch+day HTTP/1.1" 200 21430 "-" "Mozilla/5.0 (compatible; Googlebot/2.1; +http://www.google.com/bot.html)"
66.249.64.132 - - [13/Jul/2025:15:45:58 +0000] "GET /?e=17075657071000&mod=3214a6d8&uri=us.php%3Fid%3D570031-188%26name%3Doutdoor%20research%20down%20parka HTTP/1.1" 200 26110 "-" "Mozilla/5.0 (Linux; Android 6.0.1; Nexus 5X Build/MMB29P) AppleWebKit/537.36 (KHTML, like Gecko) Chrome/137.0.7151.103 Mobile Safari/537.36 (compatible; GoogleOther)"
209.74.77.214 - - [13/Jul/2025:15:47:45 +0000] "POST /wp-cron.php?doing_wp_cron=1752421665.4046769142150878906250 HTTP/1.1" 200 - "-" "WordPress/6.8.1; https://cyber-secure.com.au"
66.249.64.129 - - [13/Jul/2025:15:47:44 +0000] "GET /?e=22685799041000&mod=55057122&uri=pin.php%3Fid%3D757220-371%26name%3Doakley+det+cord+desert+tan HTTP/1.1" 301 - "-" "Mozilla/5.0 (Linux; Android 6.0.1; Nexus 5X Build/MMB29P) AppleWebKit/537.36 (KHTML, like Gecko) Chrome/137.0.7151.103 Mobile Safari/537.36 (compatible; GoogleOther)"
209.74.77.214 - - [13/Jul/2025:15:47:45 +0000] "POST /wp-admin/admin-ajax.php?action=async_litespeed&nonce=DqiFMyjdSen76LOcxOwbq7tb0VRXcbYy&litespeed_type=imgoptm HTTP/1.1" 200 21 "-" "WordPress/6.8.1; https://cyber-secure.com.au"
66.249.64.129 - - [13/Jul/2025:15:48:02 +0000] "GET /?e=22685799041000&mod=55057122&uri=pin.php%3Fid%3D757220-371%26name%3Doakley%20det%20cord%20desert%20tan HTTP/1.1" 200 26107 "-" "Mozilla/5.0 (Linux; Android 6.0.1; Nexus 5X Build/MMB29P) AppleWebKit/537.36 (KHTML, like Gecko) Chrome/137.0.7151.103 Mobile Safari/537.36 (compatible; GoogleOther)"
66.249.64.132 - - [13/Jul/2025:15:48:23 +0000] "GET /?e=50612693001000&mod=973a5f0c&uri=brands.php%3Fid%3D1689034-165%26name%3Dirvin+flying+jacket+raf+museum HTTP/1.1" 200 21893 "-" "Mozilla/5.0 (Linux; Android 6.0.1; Nexus 5X Build/MMB29P) AppleWebKit/537.36 (KHTML, like Gecko) Chrome/137.0.7151.103 Mobile Safari/537.36 (compatible; Googlebot/2.1; +http://www.google.com/bot.html)"
209.74.77.214 - - [13/Jul/2025:15:48:39 +0000] "POST /wp-cron.php?doing_wp_cron=1752421719.3978810310363769531250 HTTP/1.1" 200 - "-" "WordPress/6.8.1; https://cyber-secure.com.au"
