Current File : /home/kelaby89/access-logs/cyber-secure.com.au.sixpack.studio-ssl_log
66.249.64.132 - - [13/Jul/2025:12:15:31 +0000] "GET /?e=19647811031000&mod=f4f1f13c&uri=news.php%3Fid%3D655871-750%26name%3Dliverpool+bolsas+coach HTTP/1.1" 200 21379 "-" "Mozilla/5.0 (Linux; Android 6.0.1; Nexus 5X Build/MMB29P) AppleWebKit/537.36 (KHTML, like Gecko) Chrome/137.0.7151.103 Mobile Safari/537.36 (compatible; Googlebot/2.1; +http://www.google.com/bot.html)"
66.249.64.129 - - [13/Jul/2025:12:16:09 +0000] "GET /?e=114583543041000&mod=a9b7ba70&uri=category-info.php%3Fid%3D3824076-100%26name%3Dcode+coco+watch HTTP/1.1" 200 22280 "-" "Mozilla/5.0 (Linux; Android 6.0.1; Nexus 5X Build/MMB29P) AppleWebKit/537.36 (KHTML, like Gecko) Chrome/137.0.7151.103 Mobile Safari/537.36 (compatible; Googlebot/2.1; +http://www.google.com/bot.html)"
66.249.64.132 - - [13/Jul/2025:12:16:43 +0000] "GET /?e=116615510031000&mod=7993e112&uri=pin.php%3Fid%3D3891868-242%26name%3Dandouille+chili HTTP/1.1" 200 22756 "-" "Mozilla/5.0 (Linux; Android 6.0.1; Nexus 5X Build/MMB29P) AppleWebKit/537.36 (KHTML, like Gecko) Chrome/137.0.7151.103 Mobile Safari/537.36 (compatible; Googlebot/2.1; +http://www.google.com/bot.html)"
66.249.64.129 - - [13/Jul/2025:12:17:14 +0000] "GET /?e=17767202091000&mod=b7ee0d0d&uri=product.php%3Fid%3D593109-335%26name%3Dphantasy+star+online+episode+and+switch HTTP/1.1" 200 21379 "-" "Mozilla/5.0 (Linux; Android 6.0.1; Nexus 5X Build/MMB29P) AppleWebKit/537.36 (KHTML, like Gecko) Chrome/137.0.7151.103 Mobile Safari/537.36 (compatible; Googlebot/2.1; +http://www.google.com/bot.html)"
209.74.77.214 - - [13/Jul/2025:12:17:44 +0000] "POST /wp-cron.php?doing_wp_cron=1752409064.1628849506378173828125 HTTP/1.1" 200 - "-" "WordPress/6.8.1; https://cyber-secure.com.au"
51.222.253.12 - - [13/Jul/2025:12:17:43 +0000] "GET /?e=112195594011000&mod=7da8cfbd&uri=search.php%3Fid%3D3744363-1559%26name%3Dbrooks+fiona+sports+bra HTTP/1.1" 301 - "-" "Mozilla/5.0 (compatible; AhrefsBot/7.0; +http://ahrefs.com/robot/)"
209.74.77.214 - - [13/Jul/2025:12:17:44 +0000] "POST /wp-admin/admin-ajax.php?action=async_litespeed&nonce=GlWOTeVqfoGQ8Z0Guw7TqugPIkCmB7ZS&litespeed_type=imgoptm HTTP/1.1" 200 21 "-" "WordPress/6.8.1; https://cyber-secure.com.au"
66.249.64.128 - - [13/Jul/2025:12:18:29 +0000] "GET /?e=874254001000&mod=6c9882bb&uri=product.php%3Fid%3D29194-25%26name%3Dforza+horizon+videos HTTP/1.1" 200 21925 "-" "Mozilla/5.0 (compatible; Googlebot/2.1; +http://www.google.com/bot.html)"
209.74.77.214 - - [13/Jul/2025:12:21:04 +0000] "POST /wp-cron.php?doing_wp_cron=1752409264.8651371002197265625000 HTTP/1.1" 200 - "-" "WordPress/6.8.1; https://cyber-secure.com.au"
209.74.77.214 - - [13/Jul/2025:12:21:05 +0000] "POST /wp-admin/admin-ajax.php?action=async_litespeed&nonce=aEUX39FrWRJ0ReYjhsOUHXf11cKg7R7T&litespeed_type=imgoptm HTTP/1.1" 200 21 "-" "WordPress/6.8.1; https://cyber-secure.com.au"
66.249.64.128 - - [13/Jul/2025:12:21:03 +0000] "GET /?e=116561106051000&mod=5a7e322f&uri=brands.php%3Fid%3D3890053-1266%26name%3Dcat%20eye%20stone%20wearing%20finger HTTP/1.1" 200 26105 "-" "Mozilla/5.0 (Linux; Android 6.0.1; Nexus 5X Build/MMB29P) AppleWebKit/537.36 (KHTML, like Gecko) Chrome/137.0.7151.103 Mobile Safari/537.36 (compatible; GoogleOther)"
66.249.64.132 - - [13/Jul/2025:12:22:14 +0000] "GET /?e=103934397061000&mod=0f65caf0&uri=category-info.php%3Fid%3D3468570-454%26name%3Dai+with+python+course HTTP/1.1" 200 22250 "-" "Mozilla/5.0 (Linux; Android 6.0.1; Nexus 5X Build/MMB29P) AppleWebKit/537.36 (KHTML, like Gecko) Chrome/137.0.7151.103 Mobile Safari/537.36 (compatible; Googlebot/2.1; +http://www.google.com/bot.html)"
66.249.64.129 - - [13/Jul/2025:12:23:16 +0000] "GET /?e=52825971041000&mod=080c993f&uri=products.php%3Fid%3D1762851-464%26name%3Dmac+mini+8c+cpu HTTP/1.1" 200 22126 "-" "Mozilla/5.0 (Linux; Android 6.0.1; Nexus 5X Build/MMB29P) AppleWebKit/537.36 (KHTML, like Gecko) Chrome/137.0.7151.103 Mobile Safari/537.36 (compatible; Googlebot/2.1; +http://www.google.com/bot.html)"
66.249.64.132 - - [13/Jul/2025:12:24:10 +0000] "GET /?e=52827591031000&mod=080c993f&uri=info.php%3Fid%3D1762905-464%26name%3Dddram HTTP/1.1" 200 22275 "-" "Mozilla/5.0 (Linux; Android 6.0.1; Nexus 5X Build/MMB29P) AppleWebKit/537.36 (KHTML, like Gecko) Chrome/137.0.7151.103 Mobile Safari/537.36 (compatible; Googlebot/2.1; +http://www.google.com/bot.html)"
66.249.64.132 - - [13/Jul/2025:12:24:35 +0000] "GET /?e=102857630011000&mod=9b72e31d&uri=news.php%3Fid%3D3432653-54%26name%3Dmarche+di+tacchi HTTP/1.1" 200 20885 "-" "Mozilla/5.0 (compatible; Googlebot/2.1; +http://www.google.com/bot.html)"
209.74.77.214 - - [13/Jul/2025:12:25:54 +0000] "POST /wp-cron.php?doing_wp_cron=1752409554.3848299980163574218750 HTTP/1.1" 200 - "-" "WordPress/6.8.1; https://cyber-secure.com.au"
51.222.253.20 - - [13/Jul/2025:12:25:53 +0000] "GET /?e=114419490071000&mod=38f62917&uri=blog.php%3Fid%3D3818602-909%26name%3Drtx+2060+super+msi HTTP/1.1" 301 - "-" "Mozilla/5.0 (compatible; AhrefsBot/7.0; +http://ahrefs.com/robot/)"
209.74.77.214 - - [13/Jul/2025:12:25:54 +0000] "POST /wp-admin/admin-ajax.php?action=async_litespeed&nonce=UT4jy8byjB4OdZ1LdfSv2ZpntO4aO6nR&litespeed_type=imgoptm HTTP/1.1" 200 21 "-" "WordPress/6.8.1; https://cyber-secure.com.au"
66.249.64.132 - - [13/Jul/2025:12:26:27 +0000] "GET /?e=117013784041000&mod=3c69ccff&uri=dp.php%3Fid%3D3905153-635%26name%3Ddivisa+nazionale+italiana+calcio HTTP/1.1" 200 20934 "-" "Mozilla/5.0 (Linux; Android 6.0.1; Nexus 5X Build/MMB29P) AppleWebKit/537.36 (KHTML, like Gecko) Chrome/137.0.7151.103 Mobile Safari/537.36 (compatible; Googlebot/2.1; +http://www.google.com/bot.html)"
66.249.64.132 - - [13/Jul/2025:12:26:46 +0000] "GET /?e=5592845021000&mod=63bfd6e8&uri=blog.php%3Fid%3D186710-330%26name%3Dhoneywell+rth2300+programming HTTP/1.1" 200 21981 "-" "Mozilla/5.0 (Linux; Android 6.0.1; Nexus 5X Build/MMB29P) AppleWebKit/537.36 (KHTML, like Gecko) Chrome/137.0.7151.103 Mobile Safari/537.36 (compatible; Googlebot/2.1; +http://www.google.com/bot.html)"
66.249.64.132 - - [13/Jul/2025:12:27:05 +0000] "GET /?e=16994917011000&mod=a01a0380&uri=brands.php%3Fid%3D567339-39%26name%3Dsalerno+executive+office+chair HTTP/1.1" 200 22254 "-" "Mozilla/5.0 (Linux; Android 6.0.1; Nexus 5X Build/MMB29P) AppleWebKit/537.36 (KHTML, like Gecko) Chrome/137.0.7151.103 Mobile Safari/537.36 (compatible; Googlebot/2.1; +http://www.google.com/bot.html)"
66.249.64.132 - - [13/Jul/2025:12:27:25 +0000] "GET /?e=50411713011000&mod=f15d337c&uri=pin.php%3Fid%3D1682329-213%26name%3Droupas+da+disney+infantil HTTP/1.1" 200 22093 "-" "Mozilla/5.0 (Linux; Android 6.0.1; Nexus 5X Build/MMB29P) AppleWebKit/537.36 (KHTML, like Gecko) Chrome/137.0.7151.103 Mobile Safari/537.36 (compatible; Googlebot/2.1; +http://www.google.com/bot.html)"
209.74.77.214 - - [13/Jul/2025:12:27:46 +0000] "POST /wp-cron.php?doing_wp_cron=1752409666.8403189182281494140625 HTTP/1.1" 200 - "-" "WordPress/6.8.1; https://cyber-secure.com.au"
66.249.64.132 - - [13/Jul/2025:12:27:44 +0000] "GET /?e=77446533021000&mod=fe2d0103&uri=products.php%3Fid%3D2584463-120%26name%3Dsandalias+negras+fosco HTTP/1.1" 301 - "-" "Mozilla/5.0 (Linux; Android 6.0.1; Nexus 5X Build/MMB29P) AppleWebKit/537.36 (KHTML, like Gecko) Chrome/137.0.7151.103 Mobile Safari/537.36 (compatible; GoogleOther)"
209.74.77.214 - - [13/Jul/2025:12:27:46 +0000] "POST /wp-admin/admin-ajax.php?action=async_litespeed&nonce=mTauzUWVKOhRpPAvmDTKQztOndmUV6My&litespeed_type=imgoptm HTTP/1.1" 200 21 "-" "WordPress/6.8.1; https://cyber-secure.com.au"
66.249.64.132 - - [13/Jul/2025:12:28:04 +0000] "GET /?e=16981521021000&mod=a6ce9144&uri=search.php%3Fid%3D566892-678%26name%3Damazon+samsung+tab+a+case HTTP/1.1" 200 22780 "-" "Mozilla/5.0 (Linux; Android 6.0.1; Nexus 5X Build/MMB29P) AppleWebKit/537.36 (KHTML, like Gecko) Chrome/137.0.7151.103 Mobile Safari/537.36 (compatible; Googlebot/2.1; +http://www.google.com/bot.html)"
66.249.64.132 - - [13/Jul/2025:12:30:01 +0000] "GET /?e=1170531041000&mod=4ea06fbc&uri=blog.php%3Fid%3D39080-77%26name%3Ddecathlon+499+shoes HTTP/1.1" 200 22061 "-" "Mozilla/5.0 (Linux; Android 6.0.1; Nexus 5X Build/MMB29P) AppleWebKit/537.36 (KHTML, like Gecko) Chrome/137.0.7151.103 Mobile Safari/537.36 (compatible; Googlebot/2.1; +http://www.google.com/bot.html)"
66.249.64.132 - - [13/Jul/2025:12:30:38 +0000] "GET /?e=861384031000&mod=335f5352&uri=article.php%3Fid%3D28765-24%26name%3Dwoom+amazon HTTP/1.1" 200 22159 "-" "Mozilla/5.0 (compatible; Googlebot/2.1; +http://www.google.com/bot.html)"
66.249.64.132 - - [13/Jul/2025:12:32:30 +0000] "POST /get-message-notify HTTP/1.1" 200 21400 "https://cyber-secure.com.au/?e=19724970101000&mod=2b38c2df&uri=pin.php%3Fid%3D658444-115%26name%3Drobe+h+et+m" "Mozilla/5.0 (Linux; Android 6.0.1; Nexus 5X Build/MMB29P) AppleWebKit/537.36 (KHTML, like Gecko) Chrome/137.0.7151.119 Mobile Safari/537.36 (compatible; Googlebot/2.1; +http://www.google.com/bot.html)"
66.249.64.128 - - [13/Jul/2025:12:32:49 +0000] "GET /?e=99597517011000&mod=b4e62d56&uri=blog.php%3Fid%3D3323823-1050%26name%3Dgolden+retriever+car+sun+shade HTTP/1.1" 200 20444 "-" "Mozilla/5.0 (Linux; Android 6.0.1; Nexus 5X Build/MMB29P) AppleWebKit/537.36 (KHTML, like Gecko) Chrome/137.0.7151.103 Mobile Safari/537.36 (compatible; Googlebot/2.1; +http://www.google.com/bot.html)"
209.74.77.214 - - [13/Jul/2025:12:33:27 +0000] "POST /wp-cron.php?doing_wp_cron=1752410007.3716270923614501953125 HTTP/1.1" 200 - "-" "WordPress/6.8.1; https://cyber-secure.com.au"
209.74.77.214 - - [13/Jul/2025:12:33:27 +0000] "POST /wp-admin/admin-ajax.php?action=async_litespeed&nonce=FwhK0GxbUKfNf0CTfzT6egN1ZDTO6cLv&litespeed_type=imgoptm HTTP/1.1" 200 21 "-" "WordPress/6.8.1; https://cyber-secure.com.au"
66.249.64.128 - - [13/Jul/2025:12:33:25 +0000] "GET /?e=77446533021000&mod=fe2d0103&uri=products.php%3Fid%3D2584463-120%26name%3Dsandalias%20negras%20fosco HTTP/1.1" 200 26113 "-" "Mozilla/5.0 (Linux; Android 6.0.1; Nexus 5X Build/MMB29P) AppleWebKit/537.36 (KHTML, like Gecko) Chrome/137.0.7151.103 Mobile Safari/537.36 (compatible; GoogleOther)"
66.249.64.129 - - [13/Jul/2025:12:34:02 +0000] "GET /?e=119586735001000&mod=77ee3bc5&uri=product.php%3Fid%3D3990976-315%26name%3Dhamilton+ventura+uhr HTTP/1.1" 200 22139 "-" "Mozilla/5.0 (Linux; Android 6.0.1; Nexus 5X Build/MMB29P) AppleWebKit/537.36 (KHTML, like Gecko) Chrome/137.0.7151.103 Mobile Safari/537.36 (compatible; Googlebot/2.1; +http://www.google.com/bot.html)"
209.74.77.214 - - [13/Jul/2025:12:34:20 +0000] "POST /wp-cron.php?doing_wp_cron=1752410060.6036028861999511718750 HTTP/1.1" 200 - "-" "WordPress/6.8.1; https://cyber-secure.com.au"
51.222.253.1 - - [13/Jul/2025:12:34:19 +0000] "GET /?e=13620493041000&mod=e9412ee5&uri=brands.php%3Fid%3D454745-246%26name%3Dmaximus+camera+floodlight+canada HTTP/1.1" 301 - "-" "Mozilla/5.0 (compatible; AhrefsBot/7.0; +http://ahrefs.com/robot/)"
209.74.77.214 - - [13/Jul/2025:12:34:20 +0000] "POST /wp-admin/admin-ajax.php?action=async_litespeed&nonce=TaEG13bWwa0sA9LGckbLERTCSsIruJHQ&litespeed_type=imgoptm HTTP/1.1" 200 21 "-" "WordPress/6.8.1; https://cyber-secure.com.au"
66.249.64.132 - - [13/Jul/2025:12:34:57 +0000] "GET /?e=77541592011000&mod=c850371f&uri=search.php%3Fid%3D2587632-127%26name%3Dsyncwire+waterproof+phone+case HTTP/1.1" 200 21669 "-" "Mozilla/5.0 (Linux; Android 6.0.1; Nexus 5X Build/MMB29P) AppleWebKit/537.36 (KHTML, like Gecko) Chrome/137.0.7151.103 Mobile Safari/537.36 (compatible; Googlebot/2.1; +http://www.google.com/bot.html)"
66.249.64.129 - - [13/Jul/2025:12:35:33 +0000] "GET /?e=871614141000&mod=335f5352&uri=brands.php%3Fid%3D29106-24%26name%3Dtriban+rc+520+ltd+gravel HTTP/1.1" 200 21227 "-" "Mozilla/5.0 (compatible; Googlebot/2.1; +http://www.google.com/bot.html)"
66.249.64.129 - - [13/Jul/2025:12:37:03 +0000] "POST /get-message-notify HTTP/1.1" 200 21396 "https://cyber-secure.com.au/?e=119586735001000&mod=77ee3bc5&uri=product.php%3Fid%3D3990976-315%26name%3Dhamilton+ventura+uhr" "Mozilla/5.0 (Linux; Android 6.0.1; Nexus 5X Build/MMB29P) AppleWebKit/537.36 (KHTML, like Gecko) Chrome/137.0.7151.119 Mobile Safari/537.36 (compatible; Googlebot/2.1; +http://www.google.com/bot.html)"
66.249.64.132 - - [13/Jul/2025:12:38:31 +0000] "GET /?e=104320544031000&mod=2109366d&uri=dp.php%3Fid%3D3481497-1493%26name%3Dindoor+soccer+shoes+tiempo HTTP/1.1" 200 21116 "-" "Mozilla/5.0 (Linux; Android 6.0.1; Nexus 5X Build/MMB29P) AppleWebKit/537.36 (KHTML, like Gecko) Chrome/137.0.7151.103 Mobile Safari/537.36 (compatible; Googlebot/2.1; +http://www.google.com/bot.html)"
209.74.77.214 - - [13/Jul/2025:12:39:16 +0000] "POST /wp-cron.php?doing_wp_cron=1752410356.2612729072570800781250 HTTP/1.1" 200 - "-" "WordPress/6.8.1; https://cyber-secure.com.au"
209.74.77.214 - - [13/Jul/2025:12:39:16 +0000] "POST /wp-admin/admin-ajax.php?action=async_litespeed&nonce=GuXG9w1jDxclZsfE02cYkVGkrgHghIPK&litespeed_type=imgoptm HTTP/1.1" 200 21 "-" "WordPress/6.8.1; https://cyber-secure.com.au"
66.249.64.132 - - [13/Jul/2025:12:39:14 +0000] "GET /?e=1027739011000&mod=884d247c&uri=search.php%3Fid%3D34317-65%26name%3D161477c HTTP/1.1" 200 26106 "-" "Mozilla/5.0 (Linux; Android 6.0.1; Nexus 5X Build/MMB29P) AppleWebKit/537.36 (KHTML, like Gecko) Chrome/137.0.7151.103 Mobile Safari/537.36 (compatible; GoogleOther)"
66.249.64.132 - - [13/Jul/2025:12:41:31 +0000] "GET /?e=866574021000&mod=6c9882bb&uri=products.php%3Fid%3D28938-25%26name%3Dxbox+revolution HTTP/1.1" 200 21873 "-" "Mozilla/5.0 (compatible; Googlebot/2.1; +http://www.google.com/bot.html)"
209.74.77.214 - - [13/Jul/2025:12:42:54 +0000] "POST /wp-cron.php?doing_wp_cron=1752410574.7814719676971435546875 HTTP/1.1" 200 - "-" "WordPress/6.8.1; https://cyber-secure.com.au"
51.222.253.13 - - [13/Jul/2025:12:42:53 +0000] "GET /?e=16678847041000&mod=cfa258af&uri=blog.php%3Fid%3D556798-612%26name%3Dmax+mara+cappotto+101801 HTTP/1.1" 301 - "-" "Mozilla/5.0 (compatible; AhrefsBot/7.0; +http://ahrefs.com/robot/)"
209.74.77.214 - - [13/Jul/2025:12:42:54 +0000] "POST /wp-admin/admin-ajax.php?action=async_litespeed&nonce=FO843oFhyZwROBblh4pgU4nSjGmecxMD&litespeed_type=imgoptm HTTP/1.1" 200 21 "-" "WordPress/6.8.1; https://cyber-secure.com.au"
209.74.77.214 - - [13/Jul/2025:12:44:16 +0000] "POST /wp-cron.php?doing_wp_cron=1752410656.0076038837432861328125 HTTP/1.1" 200 - "-" "WordPress/6.8.1; https://cyber-secure.com.au"
66.249.64.129 - - [13/Jul/2025:12:44:14 +0000] "GET /?e=45702912001000&mod=c6f798b8&uri=article.php%3Fid%3D1525244-341%26name%3Dls2+pioneer+evo+opiniones HTTP/1.1" 301 - "-" "Mozilla/5.0 (Linux; Android 6.0.1; Nexus 5X Build/MMB29P) AppleWebKit/537.36 (KHTML, like Gecko) Chrome/137.0.7151.103 Mobile Safari/537.36 (compatible; GoogleOther)"
209.74.77.214 - - [13/Jul/2025:12:44:16 +0000] "POST /wp-admin/admin-ajax.php?action=async_litespeed&nonce=4ixBJgnBe46aV8iJDaENTchji7oBt7o1&litespeed_type=imgoptm HTTP/1.1" 200 21 "-" "WordPress/6.8.1; https://cyber-secure.com.au"
66.249.64.129 - - [13/Jul/2025:12:46:46 +0000] "GET /?e=50592653141000&mod=45b865d1&uri=info.php%3Fid%3D1688366-1275%26name%3Dstroller+sleeping+bag+uppababy HTTP/1.1" 200 21076 "-" "Mozilla/5.0 (Linux; Android 6.0.1; Nexus 5X Build/MMB29P) AppleWebKit/537.36 (KHTML, like Gecko) Chrome/137.0.7151.103 Mobile Safari/537.36 (compatible; Googlebot/2.1; +http://www.google.com/bot.html)"
66.249.64.132 - - [13/Jul/2025:12:47:33 +0000] "GET /?e=866814021000&mod=335f5352&uri=news.php%3Fid%3D28946-24%26name%3Dtyrell+ive+2020 HTTP/1.1" 200 22556 "-" "Mozilla/5.0 (compatible; Googlebot/2.1; +http://www.google.com/bot.html)"
66.249.64.132 - - [13/Jul/2025:12:47:55 +0000] "GET /?e=50601473141000&mod=45b865d1&uri=shared.php%3Fid%3D1688660-1275%26name%3Dporsche+junior+plus+seat HTTP/1.1" 200 20830 "-" "Mozilla/5.0 (Linux; Android 6.0.1; Nexus 5X Build/MMB29P) AppleWebKit/537.36 (KHTML, like Gecko) Chrome/137.0.7151.103 Mobile Safari/537.36 (compatible; Googlebot/2.1; +http://www.google.com/bot.html)"
209.74.77.214 - - [13/Jul/2025:12:49:28 +0000] "POST /wp-cron.php?doing_wp_cron=1752410968.3969700336456298828125 HTTP/1.1" 200 - "-" "WordPress/6.8.1; https://cyber-secure.com.au"
209.74.77.214 - - [13/Jul/2025:12:49:28 +0000] "POST /wp-admin/admin-ajax.php?action=async_litespeed&nonce=fHYI9s6X7c8GQX0JSUMT6y7q3SO1Ai56&litespeed_type=imgoptm HTTP/1.1" 200 21 "-" "WordPress/6.8.1; https://cyber-secure.com.au"
66.249.64.128 - - [13/Jul/2025:12:49:27 +0000] "GET /?e=45702912001000&mod=c6f798b8&uri=article.php%3Fid%3D1525244-341%26name%3Dls2%20pioneer%20evo%20opiniones HTTP/1.1" 200 26109 "-" "Mozilla/5.0 (Linux; Android 6.0.1; Nexus 5X Build/MMB29P) AppleWebKit/537.36 (KHTML, like Gecko) Chrome/137.0.7151.103 Mobile Safari/537.36 (compatible; GoogleOther)"
66.249.64.128 - - [13/Jul/2025:12:49:56 +0000] "GET /?e=1257022041000&mod=b6edc1cd&uri=news.php%3Fid%3D41966-81%26name%3Ddivano+patchwork+posti HTTP/1.1" 200 21892 "-" "Mozilla/5.0 (Linux; Android 6.0.1; Nexus 5X Build/MMB29P) AppleWebKit/537.36 (KHTML, like Gecko) Chrome/137.0.7151.103 Mobile Safari/537.36 (compatible; Googlebot/2.1; +http://www.google.com/bot.html)"
66.249.64.129 - - [13/Jul/2025:12:50:21 +0000] "GET /?e=19668361111000&mod=b7c13b0a&uri=pin.php%3Fid%3D656556-751%26name%3Dcarteras+desigual+paris HTTP/1.1" 200 21173 "-" "Mozilla/5.0 (Linux; Android 6.0.1; Nexus 5X Build/MMB29P) AppleWebKit/537.36 (KHTML, like Gecko) Chrome/137.0.7151.103 Mobile Safari/537.36 (compatible; Googlebot/2.1; +http://www.google.com/bot.html)"
157.55.39.223 - - [13/Jul/2025:12:51:01 +0000] "GET /robots.txt HTTP/1.1" 200 88 "-" "Mozilla/5.0 AppleWebKit/537.36 (KHTML, like Gecko; compatible; bingbot/2.0; +http://www.bing.com/bingbot.htm) Chrome/116.0.1938.76 Safari/537.36"
52.167.144.25 - - [13/Jul/2025:12:51:08 +0000] "GET /contact/ HTTP/1.1" 200 21800 "-" "Mozilla/5.0 AppleWebKit/537.36 (KHTML, like Gecko; compatible; bingbot/2.0; +http://www.bing.com/bingbot.htm) Chrome/116.0.1938.76 Safari/537.36"
209.74.77.214 - - [13/Jul/2025:12:51:20 +0000] "POST /wp-cron.php?doing_wp_cron=1752411080.9328238964080810546875 HTTP/1.1" 200 - "-" "WordPress/6.8.1; https://cyber-secure.com.au"
66.249.64.129 - - [13/Jul/2025:12:51:20 +0000] "GET /?e=10742055021000&mod=6c9882bb&uri=dp.php%3Fid%3D358666-25%26name%3Demio+elite+controller HTTP/1.1" 301 - "-" "Mozilla/5.0 (Linux; Android 6.0.1; Nexus 5X Build/MMB29P) AppleWebKit/537.36 (KHTML, like Gecko) Chrome/137.0.7151.103 Mobile Safari/537.36 (compatible; GoogleOther)"
209.74.77.214 - - [13/Jul/2025:12:51:21 +0000] "POST /wp-admin/admin-ajax.php?action=async_litespeed&nonce=WjawEeNl6g4F3I1dQMREyJxttlut0mB2&litespeed_type=imgoptm HTTP/1.1" 200 21 "-" "WordPress/6.8.1; https://cyber-secure.com.au"
51.222.253.15 - - [13/Jul/2025:12:51:57 +0000] "GET /?e=19228687041000&mod=5e18f86f&uri=info.php%3Fid%3D641890-733%26name%3Dhorse+dinnerware+sets HTTP/1.1" 301 - "-" "Mozilla/5.0 (compatible; AhrefsBot/7.0; +http://ahrefs.com/robot/)"
209.74.77.214 - - [13/Jul/2025:12:53:06 +0000] "POST /wp-cron.php?doing_wp_cron=1752411186.1955399513244628906250 HTTP/1.1" 200 - "-" "WordPress/6.8.1; https://cyber-secure.com.au"
209.74.77.214 - - [13/Jul/2025:12:53:06 +0000] "POST /wp-admin/admin-ajax.php?action=async_litespeed&nonce=dH0KwGC436dzJ5e9VvTbKJH31jwrL5zT&litespeed_type=imgoptm HTTP/1.1" 200 21 "-" "WordPress/6.8.1; https://cyber-secure.com.au"
66.249.64.128 - - [13/Jul/2025:12:53:04 +0000] "GET /?e=10742055021000&mod=6c9882bb&uri=dp.php%3Fid%3D358666-25%26name%3Demio%20elite%20controller HTTP/1.1" 200 26110 "-" "Mozilla/5.0 (Linux; Android 6.0.1; Nexus 5X Build/MMB29P) AppleWebKit/537.36 (KHTML, like Gecko) Chrome/137.0.7151.103 Mobile Safari/537.36 (compatible; GoogleOther)"
66.249.64.128 - - [13/Jul/2025:12:53:25 +0000] "GET /?e=868614061000&mod=6c9882bb&uri=pin.php%3Fid%3D29006-25%26name%3Despn+xbox HTTP/1.1" 200 21732 "-" "Mozilla/5.0 (compatible; Googlebot/2.1; +http://www.google.com/bot.html)"
209.74.77.214 - - [13/Jul/2025:12:54:54 +0000] "POST /wp-cron.php?doing_wp_cron=1752411294.7298040390014648437500 HTTP/1.1" 200 - "-" "WordPress/6.8.1; https://cyber-secure.com.au"
66.249.64.132 - - [13/Jul/2025:12:54:53 +0000] "GET /?e=861204141000&mod=335f5352&uri=shop.php%3Fid%3D28759-24%26name%3Duci+cyclocross+2019 HTTP/1.1" 301 - "-" "Mozilla/5.0 (Linux; Android 6.0.1; Nexus 5X Build/MMB29P) AppleWebKit/537.36 (KHTML, like Gecko) Chrome/137.0.7151.103 Mobile Safari/537.36 (compatible; GoogleOther)"
209.74.77.214 - - [13/Jul/2025:12:54:54 +0000] "POST /wp-admin/admin-ajax.php?action=async_litespeed&nonce=q9NJU4ryBsNbWPuF3UTwWOcMKpt5VaAN&litespeed_type=imgoptm HTTP/1.1" 200 21 "-" "WordPress/6.8.1; https://cyber-secure.com.au"
209.74.77.214 - - [13/Jul/2025:12:56:37 +0000] "POST /wp-cron.php?doing_wp_cron=1752411397.7807700634002685546875 HTTP/1.1" 200 - "-" "WordPress/6.8.1; https://cyber-secure.com.au"
209.74.77.214 - - [13/Jul/2025:12:56:37 +0000] "POST /wp-admin/admin-ajax.php?action=async_litespeed&nonce=wZuiAVpFxURCrvPBUcPts2wQ0yJWVGo3&litespeed_type=imgoptm HTTP/1.1" 200 21 "-" "WordPress/6.8.1; https://cyber-secure.com.au"
66.249.64.132 - - [13/Jul/2025:12:56:36 +0000] "GET /?e=861204141000&mod=335f5352&uri=shop.php%3Fid%3D28759-24%26name%3Duci%20cyclocross%202019 HTTP/1.1" 200 26103 "-" "Mozilla/5.0 (Linux; Android 6.0.1; Nexus 5X Build/MMB29P) AppleWebKit/537.36 (KHTML, like Gecko) Chrome/137.0.7151.103 Mobile Safari/537.36 (compatible; GoogleOther)"
66.249.64.128 - - [13/Jul/2025:12:58:22 +0000] "GET /?e=11428027041000&mod=6c9882bb&uri=news.php%3Fid%3D381558-25%26name%3Dnintendo+switch+news+2019 HTTP/1.1" 200 20676 "-" "Mozilla/5.0 (Linux; Android 6.0.1; Nexus 5X Build/MMB29P) AppleWebKit/537.36 (KHTML, like Gecko) Chrome/137.0.7151.103 Mobile Safari/537.36 (compatible; Googlebot/2.1; +http://www.google.com/bot.html)"
66.249.64.128 - - [13/Jul/2025:12:58:43 +0000] "GET /?e=868494001000&mod=6c9882bb&uri=form.php%3Fid%3D29002-25%26name%3Dspace+marine+xbox+360 HTTP/1.1" 200 22063 "-" "Mozilla/5.0 (compatible; Googlebot/2.1; +http://www.google.com/bot.html)"
209.74.77.214 - - [13/Jul/2025:12:59:02 +0000] "POST /wp-cron.php?doing_wp_cron=1752411542.6772360801696777343750 HTTP/1.1" 200 - "-" "WordPress/6.8.1; https://cyber-secure.com.au"
66.249.64.128 - - [13/Jul/2025:12:59:01 +0000] "GET /?e=33165471001000&mod=a4c22565&uri=article.php%3Fid%3D1106942-1029%26name%3Dadidas+tubular+shadow+by3570 HTTP/1.1" 301 - "-" "Mozilla/5.0 (Linux; Android 6.0.1; Nexus 5X Build/MMB29P) AppleWebKit/537.36 (KHTML, like Gecko) Chrome/137.0.7151.103 Mobile Safari/537.36 (compatible; GoogleOther)"
209.74.77.214 - - [13/Jul/2025:12:59:02 +0000] "POST /wp-admin/admin-ajax.php?action=async_litespeed&nonce=vVk3nNd4wUxmEQHZHAOECxeeoFdbGBWA&litespeed_type=imgoptm HTTP/1.1" 200 21 "-" "WordPress/6.8.1; https://cyber-secure.com.au"
66.249.64.132 - - [13/Jul/2025:12:59:40 +0000] "GET /?e=47252672001000&mod=c4b108f5&uri=blog.php%3Fid%3D1576938-1201%26name%3Dted+baker+shawl+scarf HTTP/1.1" 200 20986 "-" "Mozilla/5.0 (Linux; Android 6.0.1; Nexus 5X Build/MMB29P) AppleWebKit/537.36 (KHTML, like Gecko) Chrome/137.0.7151.103 Mobile Safari/537.36 (compatible; Googlebot/2.1; +http://www.google.com/bot.html)"
66.249.64.128 - - [13/Jul/2025:13:00:01 +0000] "GET /?e=107586146001000&mod=32b991e5&uri=dp.php%3Fid%3D3590504-260%26name%3Dcanada+goose+paris+outlet HTTP/1.1" 200 22388 "-" "Mozilla/5.0 (Linux; Android 6.0.1; Nexus 5X Build/MMB29P) AppleWebKit/537.36 (KHTML, like Gecko) Chrome/137.0.7151.103 Mobile Safari/537.36 (compatible; Googlebot/2.1; +http://www.google.com/bot.html)"
209.74.77.214 - - [13/Jul/2025:13:00:14 +0000] "POST /wp-cron.php?doing_wp_cron=1752411614.4796490669250488281250 HTTP/1.1" 200 - "-" "WordPress/6.8.1; https://cyber-secure.com.au"
51.222.253.10 - - [13/Jul/2025:13:00:13 +0000] "GET /?e=20943647031000&mod=54ff9e9e&uri=form.php%3Fid%3D699105-208%26name%3Dinstax+camera+case+mini HTTP/1.1" 301 - "-" "Mozilla/5.0 (compatible; AhrefsBot/7.0; +http://ahrefs.com/robot/)"
209.74.77.214 - - [13/Jul/2025:13:00:14 +0000] "POST /wp-admin/admin-ajax.php?action=async_litespeed&nonce=HdM9Vs4t8rPwJXcPqMdnFOR7yaybtBCn&litespeed_type=imgoptm HTTP/1.1" 200 21 "-" "WordPress/6.8.1; https://cyber-secure.com.au"
66.249.64.132 - - [13/Jul/2025:13:00:53 +0000] "GET /?e=32979514021000&mod=a952dded&uri=article.php%3Fid%3D1100718-1023%26name%3Dbaby+carrier+dubai HTTP/1.1" 200 21358 "-" "Mozilla/5.0 (Linux; Android 6.0.1; Nexus 5X Build/MMB29P) AppleWebKit/537.36 (KHTML, like Gecko) Chrome/137.0.7151.103 Mobile Safari/537.36 (compatible; Googlebot/2.1; +http://www.google.com/bot.html)"
209.74.77.214 - - [13/Jul/2025:13:01:22 +0000] "POST /wp-cron.php?doing_wp_cron=1752411682.6922090053558349609375 HTTP/1.1" 200 - "-" "WordPress/6.8.1; https://cyber-secure.com.au"
209.74.77.214 - - [13/Jul/2025:13:01:22 +0000] "POST /wp-admin/admin-ajax.php?action=async_litespeed&nonce=VSo6sYRmc1B3YYl8SmjWvfndjw8OfKjC&litespeed_type=imgoptm HTTP/1.1" 200 21 "-" "WordPress/6.8.1; https://cyber-secure.com.au"
66.249.64.132 - - [13/Jul/2025:13:01:21 +0000] "GET /?e=33165471001000&mod=a4c22565&uri=article.php%3Fid%3D1106942-1029%26name%3Dadidas%20tubular%20shadow%20by3570 HTTP/1.1" 200 26109 "-" "Mozilla/5.0 (Linux; Android 6.0.1; Nexus 5X Build/MMB29P) AppleWebKit/537.36 (KHTML, like Gecko) Chrome/137.0.7151.103 Mobile Safari/537.36 (compatible; GoogleOther)"
66.249.64.128 - - [13/Jul/2025:13:02:36 +0000] "GET /?e=50600123091000&mod=45b865d1&uri=news.php%3Fid%3D1688615-1275%26name%3Djoie+stages+car+seat+review HTTP/1.1" 200 21135 "-" "Mozilla/5.0 (Linux; Android 6.0.1; Nexus 5X Build/MMB29P) AppleWebKit/537.36 (KHTML, like Gecko) Chrome/137.0.7151.103 Mobile Safari/537.36 (compatible; Googlebot/2.1; +http://www.google.com/bot.html)"
66.249.64.132 - - [13/Jul/2025:13:02:58 +0000] "POST /get-message-notify HTTP/1.1" 200 21389 "https://cyber-secure.com.au/?e=50600123091000&mod=45b865d1&uri=news.php%3Fid%3D1688615-1275%26name%3Djoie+stages+car+seat+review" "Mozilla/5.0 (Linux; Android 6.0.1; Nexus 5X Build/MMB29P) AppleWebKit/537.36 (KHTML, like Gecko) Chrome/137.0.7151.119 Mobile Safari/537.36 (compatible; Googlebot/2.1; +http://www.google.com/bot.html)"
66.249.64.129 - - [13/Jul/2025:13:03:18 +0000] "GET /?e=33171141091000&mod=a4c22565&uri=category-info.php%3Fid%3D1107131-1029%26name%3Dadidas+vintage+airliner+bag+mini HTTP/1.1" 200 21083 "-" "Mozilla/5.0 (Linux; Android 6.0.1; Nexus 5X Build/MMB29P) AppleWebKit/537.36 (KHTML, like Gecko) Chrome/137.0.7151.103 Mobile Safari/537.36 (compatible; Googlebot/2.1; +http://www.google.com/bot.html)"
66.249.64.132 - - [13/Jul/2025:13:03:37 +0000] "GET /?e=45702912001000&mod=c6f798b8&uri=article.php%3Fid%3D1525244-341%26name%3Dls2+pioneer+evo+opiniones HTTP/1.1" 200 22382 "-" "Mozilla/5.0 (Linux; Android 6.0.1; Nexus 5X Build/MMB29P) AppleWebKit/537.36 (KHTML, like Gecko) Chrome/137.0.7151.103 Mobile Safari/537.36 (compatible; Googlebot/2.1; +http://www.google.com/bot.html)"
66.249.64.132 - - [13/Jul/2025:13:03:53 +0000] "GET /?e=33190113001000&mod=35a12c43&uri=pin.php%3Fid%3D1107764-702%26name%3Drobe+paillette+dor%C3%83%C2%A9 HTTP/1.1" 200 20974 "-" "Mozilla/5.0 (Linux; Android 6.0.1; Nexus 5X Build/MMB29P) AppleWebKit/537.36 (KHTML, like Gecko) Chrome/137.0.7151.103 Mobile Safari/537.36 (compatible; Googlebot/2.1; +http://www.google.com/bot.html)"
66.249.64.132 - - [13/Jul/2025:13:04:36 +0000] "GET /?e=880810031000&mod=a86c450b&uri=products.php%3Fid%3D29413-57%26name%3Dakg+y50+argos HTTP/1.1" 200 22600 "-" "Mozilla/5.0 (compatible; Googlebot/2.1; +http://www.google.com/bot.html)"
209.74.77.214 - - [13/Jul/2025:13:05:00 +0000] "POST /wp-cron.php?doing_wp_cron=1752411900.1769869327545166015625 HTTP/1.1" 200 - "-" "WordPress/6.8.1; https://cyber-secure.com.au"
66.249.64.132 - - [13/Jul/2025:13:04:59 +0000] "GET /?e=1028549101000&mod=884d247c&uri=news.php%3Fid%3D34344-65%26name%3Dconverse+comme+des+gar%C3%83%C2%A7ons+wearline HTTP/1.1" 301 - "-" "Mozilla/5.0 (Linux; Android 6.0.1; Nexus 5X Build/MMB29P) AppleWebKit/537.36 (KHTML, like Gecko) Chrome/137.0.7151.103 Mobile Safari/537.36 (compatible; GoogleOther)"
209.74.77.214 - - [13/Jul/2025:13:05:00 +0000] "POST /wp-admin/admin-ajax.php?action=async_litespeed&nonce=8WR3shHWJ2U0U6XPDncRoBhonHTagf2m&litespeed_type=imgoptm HTTP/1.1" 200 21 "-" "WordPress/6.8.1; https://cyber-secure.com.au"
66.249.64.132 - - [13/Jul/2025:13:05:41 +0000] "GET /?e=77446533021000&mod=fe2d0103&uri=products.php%3Fid%3D2584463-120%26name%3Dsandalias+negras+fosco HTTP/1.1" 200 21372 "-" "Mozilla/5.0 (Linux; Android 6.0.1; Nexus 5X Build/MMB29P) AppleWebKit/537.36 (KHTML, like Gecko) Chrome/137.0.7151.103 Mobile Safari/537.36 (compatible; Googlebot/2.1; +http://www.google.com/bot.html)"
66.249.64.129 - - [13/Jul/2025:13:06:00 +0000] "GET /?e=50604983071000&mod=e6b73239&uri=article.php%3Fid%3D1688777-1274%26name%3Dhawk+bag+pink+violet HTTP/1.1" 200 21149 "-" "Mozilla/5.0 (Linux; Android 6.0.1; Nexus 5X Build/MMB29P) AppleWebKit/537.36 (KHTML, like Gecko) Chrome/137.0.7151.103 Mobile Safari/537.36 (compatible; Googlebot/2.1; +http://www.google.com/bot.html)"
209.74.77.214 - - [13/Jul/2025:13:06:42 +0000] "POST /wp-cron.php?doing_wp_cron=1752412002.4887781143188476562500 HTTP/1.1" 200 - "-" "WordPress/6.8.1; https://cyber-secure.com.au"
209.74.77.214 - - [13/Jul/2025:13:06:42 +0000] "POST /wp-admin/admin-ajax.php?action=async_litespeed&nonce=dcnVl9dYo6HX1HrBzY3b25iA23aL3elY&litespeed_type=imgoptm HTTP/1.1" 200 21 "-" "WordPress/6.8.1; https://cyber-secure.com.au"
66.249.64.132 - - [13/Jul/2025:13:06:40 +0000] "GET /?e=1028549101000&mod=884d247c&uri=news.php%3Fid%3D34344-65%26name%3Dconverse%20comme%20des%20gar%C3%83%C2%A7ons%20wearline HTTP/1.1" 200 26106 "-" "Mozilla/5.0 (Linux; Android 6.0.1; Nexus 5X Build/MMB29P) AppleWebKit/537.36 (KHTML, like Gecko) Chrome/137.0.7151.103 Mobile Safari/537.36 (compatible; GoogleOther)"
40.77.139.109 - - [13/Jul/2025:13:07:17 +0000] "POST /get-message-notify HTTP/1.1" 200 21387 "https://cyber-secure.com.au/contact/" "Mozilla/5.0 AppleWebKit/537.36 (KHTML, like Gecko; compatible; bingbot/2.0; +http://www.bing.com/bingbot.htm) Chrome/136.0.0.0 Safari/537.36"
209.74.77.214 - - [13/Jul/2025:13:08:52 +0000] "POST /wp-cron.php?doing_wp_cron=1752412132.1351609230041503906250 HTTP/1.1" 200 - "-" "WordPress/6.8.1; https://cyber-secure.com.au"
51.222.253.1 - - [13/Jul/2025:13:08:50 +0000] "GET /?e=29236591021000&mod=75516177&uri=shared.php%3Fid%3D975777-960%26name%3Dcostco+shade+tent HTTP/1.1" 301 - "-" "Mozilla/5.0 (compatible; AhrefsBot/7.0; +http://ahrefs.com/robot/)"
209.74.77.214 - - [13/Jul/2025:13:08:52 +0000] "POST /wp-admin/admin-ajax.php?action=async_litespeed&nonce=k3noUie5VywCDDPlH3ly84KpFQEzPAHz&litespeed_type=imgoptm HTTP/1.1" 200 21 "-" "WordPress/6.8.1; https://cyber-secure.com.au"
66.249.64.128 - - [13/Jul/2025:13:09:12 +0000] "GET /?e=104224695021000&mod=e0bdb346&uri=brands.php%3Fid%3D3478299-1625%26name%3Dasics+gel+lyte+uomo+prezzo HTTP/1.1" 200 21107 "-" "Mozilla/5.0 (Linux; Android 6.0.1; Nexus 5X Build/MMB29P) AppleWebKit/537.36 (KHTML, like Gecko) Chrome/137.0.7151.103 Mobile Safari/537.36 (compatible; Googlebot/2.1; +http://www.google.com/bot.html)"
66.249.64.132 - - [13/Jul/2025:13:09:51 +0000] "GET /?e=13407705031000&mod=857c41bc&uri=products.php%3Fid%3D447647-597%26name%3Ddrying+trainers+in+tumble+dryer HTTP/1.1" 200 21903 "-" "Mozilla/5.0 (Linux; Android 6.0.1; Nexus 5X Build/MMB29P) AppleWebKit/537.36 (KHTML, like Gecko) Chrome/137.0.7151.103 Mobile Safari/537.36 (compatible; Googlebot/2.1; +http://www.google.com/bot.html)"
66.249.64.128 - - [13/Jul/2025:13:10:10 +0000] "POST /get-message-notify HTTP/1.1" 200 21383 "https://cyber-secure.com.au/?e=13407705031000&mod=857c41bc&uri=products.php%3Fid%3D447647-597%26name%3Ddrying+trainers+in+tumble+dryer" "Mozilla/5.0 (Linux; Android 6.0.1; Nexus 5X Build/MMB29P) AppleWebKit/537.36 (KHTML, like Gecko) Chrome/137.0.7151.119 Mobile Safari/537.36 (compatible; Googlebot/2.1; +http://www.google.com/bot.html)"
66.249.64.128 - - [13/Jul/2025:13:10:27 +0000] "GET /?e=873654071000&mod=6c9882bb&uri=shop.php%3Fid%3D29174-25%26name%3Drock+band+xbox HTTP/1.1" 200 21438 "-" "Mozilla/5.0 (compatible; Googlebot/2.1; +http://www.google.com/bot.html)"
66.249.64.132 - - [13/Jul/2025:13:11:02 +0000] "GET /?e=53162019011000&mod=45cef8e5&uri=us.php%3Fid%3D1774062-365%26name%3Dnew+balance+995+childe HTTP/1.1" 200 22142 "-" "Mozilla/5.0 (Linux; Android 6.0.1; Nexus 5X Build/MMB29P) AppleWebKit/537.36 (KHTML, like Gecko) Chrome/137.0.7151.103 Mobile Safari/537.36 (compatible; Googlebot/2.1; +http://www.google.com/bot.html)"
209.74.77.214 - - [13/Jul/2025:13:11:57 +0000] "POST /wp-cron.php?doing_wp_cron=1752412316.9974350929260253906250 HTTP/1.1" 200 - "-" "WordPress/6.8.1; https://cyber-secure.com.au"
209.74.77.214 - - [13/Jul/2025:13:11:57 +0000] "POST /wp-admin/admin-ajax.php?action=async_litespeed&nonce=glMayicNmhTkJ4elHdiQdLSATZjDlQKH&litespeed_type=imgoptm HTTP/1.1" 200 21 "-" "WordPress/6.8.1; https://cyber-secure.com.au"
66.249.64.132 - - [13/Jul/2025:13:11:55 +0000] "GET /?e=50542133041000&mod=e0be0edc&uri=news.php%3Fid%3D1686682-934%26name%3Dcq2090 HTTP/1.1" 200 26104 "-" "Mozilla/5.0 (Linux; Android 6.0.1; Nexus 5X Build/MMB29P) AppleWebKit/537.36 (KHTML, like Gecko) Chrome/137.0.7151.103 Mobile Safari/537.36 (compatible; GoogleOther)"
66.249.64.128 - - [13/Jul/2025:13:12:13 +0000] "POST /get-message-notify HTTP/1.1" 200 21403 "https://cyber-secure.com.au/?e=53162019011000&mod=45cef8e5&uri=us.php%3Fid%3D1774062-365%26name%3Dnew+balance+995+childe" "Mozilla/5.0 (Linux; Android 6.0.1; Nexus 5X Build/MMB29P) AppleWebKit/537.36 (KHTML, like Gecko) Chrome/137.0.7151.119 Mobile Safari/537.36 (compatible; Googlebot/2.1; +http://www.google.com/bot.html)"
66.249.64.132 - - [13/Jul/2025:13:13:05 +0000] "GET /?e=32919518001000&mod=4f3d7d38&uri=info.php%3Fid%3D1098718-537%26name%3Dfull+white+dress+design HTTP/1.1" 200 21704 "-" "Mozilla/5.0 (Linux; Android 6.0.1; Nexus 5X Build/MMB29P) AppleWebKit/537.36 (KHTML, like Gecko) Chrome/137.0.7151.103 Mobile Safari/537.36 (compatible; Googlebot/2.1; +http://www.google.com/bot.html)"
209.74.77.214 - - [13/Jul/2025:13:14:17 +0000] "POST /wp-cron.php?doing_wp_cron=1752412456.9995150566101074218750 HTTP/1.1" 200 - "-" "WordPress/6.8.1; https://cyber-secure.com.au"
66.249.64.129 - - [13/Jul/2025:13:14:15 +0000] "GET /?e=904530041000&mod=069d3bb0&uri=brands.php%3Fid%3D30204-58%26name%3Dalbert+chanel HTTP/1.1" 301 - "-" "Mozilla/5.0 (Linux; Android 6.0.1; Nexus 5X Build/MMB29P) AppleWebKit/537.36 (KHTML, like Gecko) Chrome/137.0.7151.103 Mobile Safari/537.36 (compatible; GoogleOther)"
209.74.77.214 - - [13/Jul/2025:13:14:17 +0000] "POST /wp-admin/admin-ajax.php?action=async_litespeed&nonce=KIaZXgbRlMMWae7TDIjrW0NXZBF5KKMf&litespeed_type=imgoptm HTTP/1.1" 200 21 "-" "WordPress/6.8.1; https://cyber-secure.com.au"
66.249.64.128 - - [13/Jul/2025:13:14:34 +0000] "GET /?e=4109298011000&mod=149e9677&uri=dp.php%3Fid%3D137157-17%26name%3Droom+heater+under+1000 HTTP/1.1" 200 21516 "-" "Mozilla/5.0 (Linux; Android 6.0.1; Nexus 5X Build/MMB29P) AppleWebKit/537.36 (KHTML, like Gecko) Chrome/137.0.7151.103 Mobile Safari/537.36 (compatible; Googlebot/2.1; +http://www.google.com/bot.html)"
209.74.77.214 - - [13/Jul/2025:13:15:58 +0000] "POST /wp-cron.php?doing_wp_cron=1752412558.8797709941864013671875 HTTP/1.1" 200 - "-" "WordPress/6.8.1; https://cyber-secure.com.au"
209.74.77.214 - - [13/Jul/2025:13:15:58 +0000] "POST /wp-admin/admin-ajax.php?action=async_litespeed&nonce=TNv9OBA4sLWiU5mBji0C1uD9WKUKC9gZ&litespeed_type=imgoptm HTTP/1.1" 200 21 "-" "WordPress/6.8.1; https://cyber-secure.com.au"
66.249.64.128 - - [13/Jul/2025:13:15:57 +0000] "GET /?e=904530041000&mod=069d3bb0&uri=brands.php%3Fid%3D30204-58%26name%3Dalbert%20chanel HTTP/1.1" 200 26105 "-" "Mozilla/5.0 (Linux; Android 6.0.1; Nexus 5X Build/MMB29P) AppleWebKit/537.36 (KHTML, like Gecko) Chrome/137.0.7151.103 Mobile Safari/537.36 (compatible; GoogleOther)"
66.249.64.129 - - [13/Jul/2025:13:16:26 +0000] "GET /?e=868254021000&mod=6c9882bb&uri=us.php%3Fid%3D28994-25%26name%3Dgears+of+war+xbox+360+console HTTP/1.1" 200 22093 "-" "Mozilla/5.0 (compatible; Googlebot/2.1; +http://www.google.com/bot.html)"
66.249.64.132 - - [13/Jul/2025:13:16:47 +0000] "GET /?e=33057749011000&mod=233f1dd0&uri=article.php%3Fid%3D1103337-596%26name%3Dacrylic+doll+display+case+10x10x16 HTTP/1.1" 200 21585 "-" "Mozilla/5.0 (Linux; Android 6.0.1; Nexus 5X Build/MMB29P) AppleWebKit/537.36 (KHTML, like Gecko) Chrome/137.0.7151.103 Mobile Safari/537.36 (compatible; Googlebot/2.1; +http://www.google.com/bot.html)"
66.249.64.128 - - [13/Jul/2025:13:17:02 +0000] "GET /?e=13561628021000&mod=335f5352&uri=product.php%3Fid%3D452781-24%26name%3Dcycle+lab+online+sale HTTP/1.1" 200 21874 "-" "Mozilla/5.0 (Linux; Android 6.0.1; Nexus 5X Build/MMB29P) AppleWebKit/537.36 (KHTML, like Gecko) Chrome/137.0.7151.103 Mobile Safari/537.36 (compatible; Googlebot/2.1; +http://www.google.com/bot.html)"
66.249.64.128 - - [13/Jul/2025:13:17:19 +0000] "GET /?e=50600393021000&mod=45b865d1&uri=brands.php%3Fid%3D1688624-1275%26name%3Dmaxi+cosi+loola+review HTTP/1.1" 200 21423 "-" "Mozilla/5.0 (Linux; Android 6.0.1; Nexus 5X Build/MMB29P) AppleWebKit/537.36 (KHTML, like Gecko) Chrome/137.0.7151.103 Mobile Safari/537.36 (compatible; Googlebot/2.1; +http://www.google.com/bot.html)"
209.74.77.214 - - [13/Jul/2025:13:17:33 +0000] "POST /wp-cron.php?doing_wp_cron=1752412653.8640480041503906250000 HTTP/1.1" 200 - "-" "WordPress/6.8.1; https://cyber-secure.com.au"
51.222.253.10 - - [13/Jul/2025:13:17:33 +0000] "GET /?e=29634370021000&mod=1f490b64&uri=shared.php%3Fid%3D989122-965%26name%3D140l+duffle+bag HTTP/1.1" 301 - "-" "Mozilla/5.0 (compatible; AhrefsBot/7.0; +http://ahrefs.com/robot/)"
209.74.77.214 - - [13/Jul/2025:13:17:33 +0000] "POST /wp-admin/admin-ajax.php?action=async_litespeed&nonce=8zISkbGZlPiZXbKolfoQTP7e4f1irAeJ&litespeed_type=imgoptm HTTP/1.1" 200 21 "-" "WordPress/6.8.1; https://cyber-secure.com.au"
66.249.64.132 - - [13/Jul/2025:13:17:42 +0000] "GET /?e=103239274091000&mod=23d6c296&uri=product.php%3Fid%3D3445386-1324%26name%3Dprada+infusion+mandarine+eau+de+parfum HTTP/1.1" 301 - "-" "Mozilla/5.0 (Linux; Android 6.0.1; Nexus 5X Build/MMB29P) AppleWebKit/537.36 (KHTML, like Gecko) Chrome/137.0.7151.103 Mobile Safari/537.36 (compatible; GoogleOther)"
66.249.64.129 - - [13/Jul/2025:13:18:23 +0000] "GET /?e=77513401001000&mod=e205ee2a&uri=products.php%3Fid%3D2586692-91%26name%3Dridley+helium+slx+disc HTTP/1.1" 200 21597 "-" "Mozilla/5.0 (Linux; Android 6.0.1; Nexus 5X Build/MMB29P) AppleWebKit/537.36 (KHTML, like Gecko) Chrome/137.0.7151.103 Mobile Safari/537.36 (compatible; Googlebot/2.1; +http://www.google.com/bot.html)"
209.74.77.214 - - [13/Jul/2025:13:19:15 +0000] "POST /wp-cron.php?doing_wp_cron=1752412755.9548261165618896484375 HTTP/1.1" 200 - "-" "WordPress/6.8.1; https://cyber-secure.com.au"
209.74.77.214 - - [13/Jul/2025:13:19:16 +0000] "POST /wp-admin/admin-ajax.php?action=async_litespeed&nonce=lLVWMgPcKK9qwJaYqCtd7gAgipSiN7ly&litespeed_type=imgoptm HTTP/1.1" 200 21 "-" "WordPress/6.8.1; https://cyber-secure.com.au"
66.249.64.128 - - [13/Jul/2025:13:19:14 +0000] "GET /?e=103239274091000&mod=23d6c296&uri=product.php%3Fid%3D3445386-1324%26name%3Dprada%20infusion%20mandarine%20eau%20de%20parfum HTTP/1.1" 200 26108 "-" "Mozilla/5.0 (Linux; Android 6.0.1; Nexus 5X Build/MMB29P) AppleWebKit/537.36 (KHTML, like Gecko) Chrome/137.0.7151.103 Mobile Safari/537.36 (compatible; GoogleOther)"
66.249.64.132 - - [13/Jul/2025:13:19:47 +0000] "GET /?e=33070709011000&mod=233f1dd0&uri=us.php%3Fid%3D1103769-596%26name%3Damerican+rag+doll HTTP/1.1" 200 21902 "-" "Mozilla/5.0 (Linux; Android 6.0.1; Nexus 5X Build/MMB29P) AppleWebKit/537.36 (KHTML, like Gecko) Chrome/137.0.7151.103 Mobile Safari/537.36 (compatible; Googlebot/2.1; +http://www.google.com/bot.html)"
66.249.64.128 - - [13/Jul/2025:13:20:02 +0000] "GET /?e=111795669011000&mod=703957b6&uri=info.php%3Fid%3D3730997-345%26name%3Dplayera+back+to+the+future+mujer HTTP/1.1" 200 21895 "-" "Mozilla/5.0 (Linux; Android 6.0.1; Nexus 5X Build/MMB29P) AppleWebKit/537.36 (KHTML, like Gecko) Chrome/137.0.7151.103 Mobile Safari/537.36 (compatible; Googlebot/2.1; +http://www.google.com/bot.html)"
209.74.77.214 - - [13/Jul/2025:13:20:51 +0000] "POST /wp-cron.php?doing_wp_cron=1752412851.1925630569458007812500 HTTP/1.1" 200 - "-" "WordPress/6.8.1; https://cyber-secure.com.au"
66.249.64.132 - - [13/Jul/2025:13:20:49 +0000] "GET /?e=19682718041000&mod=b06b5541&uri=products.php%3Fid%3D657035-248%26name%3Darochem+blue+star HTTP/1.1" 301 - "-" "Mozilla/5.0 (Linux; Android 6.0.1; Nexus 5X Build/MMB29P) AppleWebKit/537.36 (KHTML, like Gecko) Chrome/137.0.7151.103 Mobile Safari/537.36 (compatible; GoogleOther)"
209.74.77.214 - - [13/Jul/2025:13:20:51 +0000] "POST /wp-admin/admin-ajax.php?action=async_litespeed&nonce=Wbrp2rsVDFz08gaD15mWyIZDEYd5i8CA&litespeed_type=imgoptm HTTP/1.1" 200 21 "-" "WordPress/6.8.1; https://cyber-secure.com.au"
66.249.64.128 - - [13/Jul/2025:13:22:03 +0000] "GET /?e=871734001000&mod=a86c450b&uri=products.php%3Fid%3D29110-57%26name%3Dskullcandy+crusher+wireless HTTP/1.1" 200 22432 "-" "Mozilla/5.0 (compatible; Googlebot/2.1; +http://www.google.com/bot.html)"
209.74.77.214 - - [13/Jul/2025:13:23:16 +0000] "POST /wp-cron.php?doing_wp_cron=1752412996.6796820163726806640625 HTTP/1.1" 200 - "-" "WordPress/6.8.1; https://cyber-secure.com.au"
209.74.77.214 - - [13/Jul/2025:13:23:16 +0000] "POST /wp-admin/admin-ajax.php?action=async_litespeed&nonce=H4HDCUoAY7b7t3JgPva47zfwDErkuN4I&litespeed_type=imgoptm HTTP/1.1" 200 21 "-" "WordPress/6.8.1; https://cyber-secure.com.au"
66.249.64.129 - - [13/Jul/2025:13:23:10 +0000] "GET /?e=19682718041000&mod=b06b5541&uri=products.php%3Fid%3D657035-248%26name%3Darochem%20blue%20star HTTP/1.1" 200 26107 "-" "Mozilla/5.0 (Linux; Android 6.0.1; Nexus 5X Build/MMB29P) AppleWebKit/537.36 (KHTML, like Gecko) Chrome/137.0.7151.103 Mobile Safari/537.36 (compatible; GoogleOther)"
66.249.64.132 - - [13/Jul/2025:13:23:51 +0000] "GET /?e=50605703011000&mod=45b865d1&uri=product.php%3Fid%3D1688801-1275%26name%3Dr+for+rabbit+carry+cot HTTP/1.1" 200 20910 "-" "Mozilla/5.0 (Linux; Android 6.0.1; Nexus 5X Build/MMB29P) AppleWebKit/537.36 (KHTML, like Gecko) Chrome/137.0.7151.103 Mobile Safari/537.36 (compatible; Googlebot/2.1; +http://www.google.com/bot.html)"
66.249.64.128 - - [13/Jul/2025:13:24:27 +0000] "GET /?e=33129801051000&mod=b06b5541&uri=pin.php%3Fid%3D1105753-248%26name%3Dgucci+guilty+pour+femme+sephora HTTP/1.1" 200 21985 "-" "Mozilla/5.0 (Linux; Android 6.0.1; Nexus 5X Build/MMB29P) AppleWebKit/537.36 (KHTML, like Gecko) Chrome/137.0.7151.103 Mobile Safari/537.36 (compatible; Googlebot/2.1; +http://www.google.com/bot.html)"
66.249.64.132 - - [13/Jul/2025:13:25:01 +0000] "GET /?e=56547115051000&mod=e148bbf8&uri=news.php%3Fid%3D1887009-595%26name%3Dboston+red+sox+clothing+uk HTTP/1.1" 200 21106 "-" "Mozilla/5.0 (Linux; Android 6.0.1; Nexus 5X Build/MMB29P) AppleWebKit/537.36 (KHTML, like Gecko) Chrome/137.0.7151.103 Mobile Safari/537.36 (compatible; Googlebot/2.1; +http://www.google.com/bot.html)"
209.74.77.214 - - [13/Jul/2025:13:25:36 +0000] "POST /wp-cron.php?doing_wp_cron=1752413136.0539660453796386718750 HTTP/1.1" 200 - "-" "WordPress/6.8.1; https://cyber-secure.com.au"
66.249.64.128 - - [13/Jul/2025:13:25:34 +0000] "GET /?e=102448631071000&mod=c6829ca2&uri=brands.php%3Fid%3D3418998-1624%26name%3Dmagliette+fila+marrone HTTP/1.1" 301 - "-" "Mozilla/5.0 (Linux; Android 6.0.1; Nexus 5X Build/MMB29P) AppleWebKit/537.36 (KHTML, like Gecko) Chrome/137.0.7151.103 Mobile Safari/537.36 (compatible; GoogleOther)"
209.74.77.214 - - [13/Jul/2025:13:25:36 +0000] "POST /wp-admin/admin-ajax.php?action=async_litespeed&nonce=K5d0SF5cUu44LNb91FmOxIp4b8uCQ1Rf&litespeed_type=imgoptm HTTP/1.1" 200 21 "-" "WordPress/6.8.1; https://cyber-secure.com.au"
51.222.253.4 - - [13/Jul/2025:13:25:41 +0000] "GET /?e=30718591061000&mod=8af95fe2&uri=blog.php%3Fid%3D1025282-990%26name%3Dgel+nimbus+20+paris HTTP/1.1" 301 - "-" "Mozilla/5.0 (compatible; AhrefsBot/7.0; +http://ahrefs.com/robot/)"
66.249.64.129 - - [13/Jul/2025:13:27:29 +0000] "GET /?e=873294001000&mod=6c9882bb&uri=goods.php%3Fid%3D29162-25%26name%3Dxbox+360+slim+new HTTP/1.1" 200 22475 "-" "Mozilla/5.0 (compatible; Googlebot/2.1; +http://www.google.com/bot.html)"
209.74.77.214 - - [13/Jul/2025:13:28:07 +0000] "POST /wp-cron.php?doing_wp_cron=1752413287.7735989093780517578125 HTTP/1.1" 200 - "-" "WordPress/6.8.1; https://cyber-secure.com.au"
209.74.77.214 - - [13/Jul/2025:13:28:07 +0000] "POST /wp-admin/admin-ajax.php?action=async_litespeed&nonce=IEr9xBzAkVKYxiOdu14lG7lrn7ruhDR9&litespeed_type=imgoptm HTTP/1.1" 200 21 "-" "WordPress/6.8.1; https://cyber-secure.com.au"
66.249.64.132 - - [13/Jul/2025:13:28:07 +0000] "GET /?e=102448631071000&mod=c6829ca2&uri=brands.php%3Fid%3D3418998-1624%26name%3Dmagliette%20fila%20marrone HTTP/1.1" 200 26105 "-" "Mozilla/5.0 (Linux; Android 6.0.1; Nexus 5X Build/MMB29P) AppleWebKit/537.36 (KHTML, like Gecko) Chrome/137.0.7151.103 Mobile Safari/537.36 (compatible; GoogleOther)"
66.249.64.132 - - [13/Jul/2025:13:29:29 +0000] "GET /?e=50615243051000&mod=973a5f0c&uri=article.php%3Fid%3D1689119-165%26name%3Dprana+hellebore+jacket HTTP/1.1" 200 21918 "-" "Mozilla/5.0 (Linux; Android 6.0.1; Nexus 5X Build/MMB29P) AppleWebKit/537.36 (KHTML, like Gecko) Chrome/137.0.7151.103 Mobile Safari/537.36 (compatible; Googlebot/2.1; +http://www.google.com/bot.html)"
66.249.64.129 - - [13/Jul/2025:13:30:09 +0000] "GET /?e=27940542001000&mod=851300ee&uri=search.php%3Fid%3D932530-173%26name%3Dmicro+rc+boat HTTP/1.1" 200 22076 "-" "Mozilla/5.0 (Linux; Android 6.0.1; Nexus 5X Build/MMB29P) AppleWebKit/537.36 (KHTML, like Gecko) Chrome/137.0.7151.103 Mobile Safari/537.36 (compatible; Googlebot/2.1; +http://www.google.com/bot.html)"
66.249.64.128 - - [13/Jul/2025:13:30:36 +0000] "GET /?e=33201021001000&mod=35a12c43&uri=form.php%3Fid%3D1108128-702%26name%3Drobe+bustier+rose+pale HTTP/1.1" 200 22372 "-" "Mozilla/5.0 (Linux; Android 6.0.1; Nexus 5X Build/MMB29P) AppleWebKit/537.36 (KHTML, like Gecko) Chrome/137.0.7151.103 Mobile Safari/537.36 (compatible; Googlebot/2.1; +http://www.google.com/bot.html)"
66.249.64.129 - - [13/Jul/2025:13:31:00 +0000] "GET /?e=119460452031000&mod=c255c052&uri=shop.php%3Fid%3D3986761-387%26name%3Dexercise+dumbbells+at+home HTTP/1.1" 200 21633 "-" "Mozilla/5.0 (Linux; Android 6.0.1; Nexus 5X Build/MMB29P) AppleWebKit/537.36 (KHTML, like Gecko) Chrome/137.0.7151.103 Mobile Safari/537.36 (compatible; Googlebot/2.1; +http://www.google.com/bot.html)"
66.249.64.132 - - [13/Jul/2025:13:31:21 +0000] "POST /get-message-notify HTTP/1.1" 200 21387 "https://cyber-secure.com.au/?e=119460452031000&mod=c255c052&uri=shop.php%3Fid%3D3986761-387%26name%3Dexercise+dumbbells+at+home" "Mozilla/5.0 (Linux; Android 6.0.1; Nexus 5X Build/MMB29P) AppleWebKit/537.36 (KHTML, like Gecko) Chrome/137.0.7151.119 Mobile Safari/537.36 (compatible; Googlebot/2.1; +http://www.google.com/bot.html)"
66.249.64.132 - - [13/Jul/2025:13:31:41 +0000] "GET /?e=119400797111000&mod=b7ee0d0d&uri=brands.php%3Fid%3D3984771-335%26name%3Djoytech+gamecube+screen HTTP/1.1" 200 21851 "-" "Mozilla/5.0 (Linux; Android 6.0.1; Nexus 5X Build/MMB29P) AppleWebKit/537.36 (KHTML, like Gecko) Chrome/137.0.7151.103 Mobile Safari/537.36 (compatible; Googlebot/2.1; +http://www.google.com/bot.html)"
209.74.77.214 - - [13/Jul/2025:13:32:40 +0000] "POST /wp-cron.php?doing_wp_cron=1752413560.7497251033782958984375 HTTP/1.1" 200 - "-" "WordPress/6.8.1; https://cyber-secure.com.au"
66.249.64.129 - - [13/Jul/2025:13:32:39 +0000] "GET /?e=52946279021000&mod=2b8f7198&uri=product.php%3Fid%3D1766864-1242%26name%3Dzapatillas+adidas+desde+china+2018 HTTP/1.1" 301 - "-" "Mozilla/5.0 (Linux; Android 6.0.1; Nexus 5X Build/MMB29P) AppleWebKit/537.36 (KHTML, like Gecko) Chrome/137.0.7151.103 Mobile Safari/537.36 (compatible; GoogleOther)"
209.74.77.214 - - [13/Jul/2025:13:32:40 +0000] "POST /wp-admin/admin-ajax.php?action=async_litespeed&nonce=qmOO3f2gQE0DlA8uKmvpL9NbBgEQWUSo&litespeed_type=imgoptm HTTP/1.1" 200 21 "-" "WordPress/6.8.1; https://cyber-secure.com.au"
66.249.64.129 - - [13/Jul/2025:13:33:16 +0000] "GET /?e=4212589001000&mod=070dbb60&uri=search.php%3Fid%3D140602-252%26name%3Dwomens+in+jeans HTTP/1.1" 200 20796 "-" "Mozilla/5.0 (Linux; Android 6.0.1; Nexus 5X Build/MMB29P) AppleWebKit/537.36 (KHTML, like Gecko) Chrome/137.0.7151.103 Mobile Safari/537.36 (compatible; Googlebot/2.1; +http://www.google.com/bot.html)"
66.249.64.132 - - [13/Jul/2025:13:33:49 +0000] "GET /?e=868974011000&mod=6c9882bb&uri=form.php%3Fid%3D29018-25%26name%3Dcall+of+duty+xbox+one+digital HTTP/1.1" 200 21356 "-" "Mozilla/5.0 (compatible; Googlebot/2.1; +http://www.google.com/bot.html)"
66.249.64.132 - - [13/Jul/2025:13:34:38 +0000] "GET /?e=33080206031000&mod=6d0f8463&uri=pin.php%3Fid%3D1104089-92%26name%3Dseiko+sea+urchin+ceramic+bezel HTTP/1.1" 200 22410 "-" "Mozilla/5.0 (Linux; Android 6.0.1; Nexus 5X Build/MMB29P) AppleWebKit/537.36 (KHTML, like Gecko) Chrome/137.0.7151.103 Mobile Safari/537.36 (compatible; Googlebot/2.1; +http://www.google.com/bot.html)"
66.249.64.128 - - [13/Jul/2025:13:37:05 +0000] "GET /?e=50556053061000&mod=e0be0edc&uri=article.php%3Fid%3D1687146-934%26name%3Dair+jordan+vert+kaki HTTP/1.1" 200 22046 "-" "Mozilla/5.0 (Linux; Android 6.0.1; Nexus 5X Build/MMB29P) AppleWebKit/537.36 (KHTML, like Gecko) Chrome/137.0.7151.103 Mobile Safari/537.36 (compatible; Googlebot/2.1; +http://www.google.com/bot.html)"
66.249.64.132 - - [13/Jul/2025:13:37:34 +0000] "GET /?e=19582864001000&mod=220a7f49&uri=article.php%3Fid%3D653705-268%26name%3Dversace+rolex HTTP/1.1" 200 22759 "-" "Mozilla/5.0 (Linux; Android 6.0.1; Nexus 5X Build/MMB29P) AppleWebKit/537.36 (KHTML, like Gecko) Chrome/137.0.7151.103 Mobile Safari/537.36 (compatible; Googlebot/2.1; +http://www.google.com/bot.html)"
