66.249.73.233 - - [13/Jul/2025:18:08:56 +0000] "GET /?e=13588037001000&mod=512c5cad&uri=form.php%3Fid%3D453662-141%26name%3Dmono%20yoga%20adidas HTTP/1.1" 200 26105 "-" "Mozilla/5.0 (Linux; Android 6.0.1; Nexus 5X Build/MMB29P) AppleWebKit/537.36 (KHTML, like Gecko) Chrome/137.0.7151.103 Mobile Safari/537.36 (compatible; GoogleOther)"
209.74.77.214 - - [13/Jul/2025:18:09:10 +0000] "POST /wp-cron.php?doing_wp_cron=1752430150.2642080783843994140625 HTTP/1.1" 200 - "-" "WordPress/6.8.1; https://cyber-secure.com.au"
51.222.253.13 - - [13/Jul/2025:18:09:09 +0000] "GET /?e=34105791001000&mod=80748568&uri=goods.php%3Fid%3D1138327-507%26name%3Djordan+phoenix HTTP/1.1" 301 - "-" "Mozilla/5.0 (compatible; AhrefsBot/7.0; +http://ahrefs.com/robot/)"
66.249.73.234 - - [13/Jul/2025:18:09:24 +0000] "GET /?e=58142728021000&mod=b4d22bb5&uri=info.php%3Fid%3D1940250-803%26name%3Dktm+revelator+prestige HTTP/1.1" 200 22004 "-" "Mozilla/5.0 (compatible; Googlebot/2.1; +http://www.google.com/bot.html)"
209.74.77.214 - - [13/Jul/2025:18:10:10 +0000] "POST /wp-cron.php?doing_wp_cron=1752430210.9237620830535888671875 HTTP/1.1" 200 - "-" "WordPress/6.8.1; https://cyber-secure.com.au"
66.249.73.234 - - [13/Jul/2025:18:10:09 +0000] "GET /?e=107509023001000&mod=32508f53&uri=pin.php%3Fid%3D3587928-586%26name%3Dcoach+jacket+homme HTTP/1.1" 301 - "-" "Mozilla/5.0 (Linux; Android 6.0.1; Nexus 5X Build/MMB29P) AppleWebKit/537.36 (KHTML, like Gecko) Chrome/137.0.7151.103 Mobile Safari/537.36 (compatible; GoogleOther)"
209.74.77.214 - - [13/Jul/2025:18:10:11 +0000] "POST /wp-admin/admin-ajax.php?action=async_litespeed&nonce=QfwMjGv0X7I5dC7IziWxGt1qpHQb9YhU&litespeed_type=imgoptm HTTP/1.1" 200 21 "-" "WordPress/6.8.1; https://cyber-secure.com.au"
209.74.77.214 - - [13/Jul/2025:18:10:52 +0000] "POST /wp-cron.php?doing_wp_cron=1752430252.7854421138763427734375 HTTP/1.1" 200 - "-" "WordPress/6.8.1; https://cyber-secure.com.au"
209.74.77.214 - - [13/Jul/2025:18:10:52 +0000] "POST /wp-admin/admin-ajax.php?action=async_litespeed&nonce=upvmUsftO84aaaGW0mm4APCIwKWOZvYh&litespeed_type=imgoptm HTTP/1.1" 200 21 "-" "WordPress/6.8.1; https://cyber-secure.com.au"
66.249.73.234 - - [13/Jul/2025:18:10:51 +0000] "GET /?e=107509023001000&mod=32508f53&uri=pin.php%3Fid%3D3587928-586%26name%3Dcoach%20jacket%20homme HTTP/1.1" 200 26106 "-" "Mozilla/5.0 (Linux; Android 6.0.1; Nexus 5X Build/MMB29P) AppleWebKit/537.36 (KHTML, like Gecko) Chrome/137.0.7151.103 Mobile Safari/537.36 (compatible; GoogleOther)"
209.74.77.214 - - [13/Jul/2025:18:12:06 +0000] "POST /wp-cron.php?doing_wp_cron=1752430326.5585041046142578125000 HTTP/1.1" 200 - "-" "WordPress/6.8.1; https://cyber-secure.com.au"
66.249.73.233 - - [13/Jul/2025:18:12:05 +0000] "GET /?e=1195911031000&mod=4ea06fbc&uri=shared.php%3Fid%3D39926-77%26name%3Ddance+shoes+big+w HTTP/1.1" 301 - "-" "Mozilla/5.0 (Linux; Android 6.0.1; Nexus 5X Build/MMB29P) AppleWebKit/537.36 (KHTML, like Gecko) Chrome/137.0.7151.103 Mobile Safari/537.36 (compatible; GoogleOther)"
209.74.77.214 - - [13/Jul/2025:18:12:06 +0000] "POST /wp-admin/admin-ajax.php?action=async_litespeed&nonce=XsFnEMJnW6QgHk8yLQcsy8aXWjTeKocA&litespeed_type=imgoptm HTTP/1.1" 200 21 "-" "WordPress/6.8.1; https://cyber-secure.com.au"
209.74.77.214 - - [13/Jul/2025:18:12:31 +0000] "POST /wp-cron.php?doing_wp_cron=1752430351.1974470615386962890625 HTTP/1.1" 200 - "-" "WordPress/6.8.1; https://cyber-secure.com.au"
209.74.77.214 - - [13/Jul/2025:18:12:31 +0000] "POST /wp-admin/admin-ajax.php?action=async_litespeed&nonce=5hle6TWuKonPnC0NN8R47etN0yCj1hOH&litespeed_type=imgoptm HTTP/1.1" 200 21 "-" "WordPress/6.8.1; https://cyber-secure.com.au"
66.249.73.234 - - [13/Jul/2025:18:12:31 +0000] "GET /?e=1195911031000&mod=4ea06fbc&uri=shared.php%3Fid%3D39926-77%26name%3Ddance%20shoes%20big%20w HTTP/1.1" 200 26108 "-" "Mozilla/5.0 (Linux; Android 6.0.1; Nexus 5X Build/MMB29P) AppleWebKit/537.36 (KHTML, like Gecko) Chrome/137.0.7151.103 Mobile Safari/537.36 (compatible; GoogleOther)"
66.249.73.233 - - [13/Jul/2025:18:12:47 +0000] "GET /?e=119795908011000&mod=7993e112&uri=shared.php%3Fid%3D3997953-242%26name%3Dsage+barista+pro+americano HTTP/1.1" 301 - "-" "Mozilla/5.0 (Linux; Android 6.0.1; Nexus 5X Build/MMB29P) AppleWebKit/537.36 (KHTML, like Gecko) Chrome/137.0.7151.103 Mobile Safari/537.36 (compatible; GoogleOther)"
209.74.77.214 - - [13/Jul/2025:18:13:12 +0000] "POST /wp-cron.php?doing_wp_cron=1752430392.0341598987579345703125 HTTP/1.1" 200 - "-" "WordPress/6.8.1; https://cyber-secure.com.au"
66.249.73.234 - - [13/Jul/2025:18:13:11 +0000] "GET /?e=119795908011000&mod=7993e112&uri=shared.php%3Fid%3D3997953-242%26name%3Dsage%20barista%20pro%20americano HTTP/1.1" 200 26105 "-" "Mozilla/5.0 (Linux; Android 6.0.1; Nexus 5X Build/MMB29P) AppleWebKit/537.36 (KHTML, like Gecko) Chrome/137.0.7151.103 Mobile Safari/537.36 (compatible; GoogleOther)"
209.74.77.214 - - [13/Jul/2025:18:14:07 +0000] "POST /wp-cron.php?doing_wp_cron=1752430447.9140930175781250000000 HTTP/1.1" 200 - "-" "WordPress/6.8.1; https://cyber-secure.com.au"
66.249.73.233 - - [13/Jul/2025:18:14:06 +0000] "GET /?e=3326016001000&mod=24917db1&uri=pin.php%3Fid%3D111020-215%26name%3Dliverpool+football+club+liga+dos+campe%C3%83%C2%B5es+da+uefa HTTP/1.1" 301 - "-" "Mozilla/5.0 (Linux; Android 6.0.1; Nexus 5X Build/MMB29P) AppleWebKit/537.36 (KHTML, like Gecko) Chrome/137.0.7151.103 Mobile Safari/537.36 (compatible; GoogleOther)"
209.74.77.214 - - [13/Jul/2025:18:14:07 +0000] "POST /wp-admin/admin-ajax.php?action=async_litespeed&nonce=ndeIu9V4ZpMHbIGW6s3CHt2cPcWbQmSH&litespeed_type=imgoptm HTTP/1.1" 200 21 "-" "WordPress/6.8.1; https://cyber-secure.com.au"
209.74.77.214 - - [13/Jul/2025:18:14:24 +0000] "POST /wp-cron.php?doing_wp_cron=1752430464.8242819309234619140625 HTTP/1.1" 200 - "-" "WordPress/6.8.1; https://cyber-secure.com.au"
209.74.77.214 - - [13/Jul/2025:18:14:24 +0000] "POST /wp-admin/admin-ajax.php?action=async_litespeed&nonce=ymPfP16Gtb0ah7bIJZ1hZbSZxL0eoECK&litespeed_type=imgoptm HTTP/1.1" 200 21 "-" "WordPress/6.8.1; https://cyber-secure.com.au"
66.249.73.234 - - [13/Jul/2025:18:14:24 +0000] "GET /?e=3326016001000&mod=24917db1&uri=pin.php%3Fid%3D111020-215%26name%3Dliverpool%20football%20club%20liga%20dos%20campe%C3%83%C2%B5es%20da%20uefa HTTP/1.1" 200 26110 "-" "Mozilla/5.0 (Linux; Android 6.0.1; Nexus 5X Build/MMB29P) AppleWebKit/537.36 (KHTML, like Gecko) Chrome/137.0.7151.103 Mobile Safari/537.36 (compatible; GoogleOther)"
66.249.73.233 - - [13/Jul/2025:18:15:16 +0000] "GET /?e=58142548001000&mod=b4d22bb5&uri=form.php%3Fid%3D1940244-803%26name%3Dbundle+garmin+530 HTTP/1.1" 200 21615 "-" "Mozilla/5.0 (compatible; Googlebot/2.1; +http://www.google.com/bot.html)"
66.249.73.233 - - [13/Jul/2025:18:15:43 +0000] "GET /?e=13593123021000&mod=512c5cad&uri=dp.php%3Fid%3D453832-141%26name%3Dmono+rojo+chica HTTP/1.1" 200 21865 "-" "Mozilla/5.0 (Linux; Android 6.0.1; Nexus 5X Build/MMB29P) AppleWebKit/537.36 (KHTML, like Gecko) Chrome/137.0.7151.103 Mobile Safari/537.36 (compatible; Googlebot/2.1; +http://www.google.com/bot.html)"
209.74.77.214 - - [13/Jul/2025:18:16:09 +0000] "POST /wp-cron.php?doing_wp_cron=1752430569.0011808872222900390625 HTTP/1.1" 200 - "-" "WordPress/6.8.1; https://cyber-secure.com.au"
66.249.73.234 - - [13/Jul/2025:18:16:08 +0000] "GET /?e=34572019041000&mod=d01eeca8&uri=pin.php%3Fid%3D1153898-407%26name%3Dsweatshirt+sweater HTTP/1.1" 301 - "-" "Mozilla/5.0 (Linux; Android 6.0.1; Nexus 5X Build/MMB29P) AppleWebKit/537.36 (KHTML, like Gecko) Chrome/137.0.7151.103 Mobile Safari/537.36 (compatible; GoogleOther)"
209.74.77.214 - - [13/Jul/2025:18:16:09 +0000] "POST /wp-admin/admin-ajax.php?action=async_litespeed&nonce=wRAsNjdlAYqOIsXeFdc5PnkACCZ0ZNw6&litespeed_type=imgoptm HTTP/1.1" 200 21 "-" "WordPress/6.8.1; https://cyber-secure.com.au"
209.74.77.214 - - [13/Jul/2025:18:16:35 +0000] "POST /wp-cron.php?doing_wp_cron=1752430595.6901459693908691406250 HTTP/1.1" 200 - "-" "WordPress/6.8.1; https://cyber-secure.com.au"
51.222.253.13 - - [13/Jul/2025:18:16:35 +0000] "GET /?e=38888278061000&mod=1cc3633c&uri=us.php%3Fid%3D1297904-93%26name%3Dtori+hill+necklace HTTP/1.1" 301 - "-" "Mozilla/5.0 (compatible; AhrefsBot/7.0; +http://ahrefs.com/robot/)"
209.74.77.214 - - [13/Jul/2025:18:16:35 +0000] "POST /wp-admin/admin-ajax.php?action=async_litespeed&nonce=7hA8nGZBZWhr8zcBeZiqGay1LqGwOcAT&litespeed_type=imgoptm HTTP/1.1" 200 21 "-" "WordPress/6.8.1; https://cyber-secure.com.au"
104.210.140.132 - - [13/Jul/2025:18:16:50 +0000] "GET /robots.txt HTTP/1.1" 200 88 "-" "Mozilla/5.0 (Macintosh; Intel Mac OS X 10_15_7) AppleWebKit/537.36 (KHTML, like Gecko) Chrome/131.0.0.0 Safari/537.36; compatible; OAI-SearchBot/1.0; +https://openai.com/searchbot"
66.249.73.234 - - [13/Jul/2025:18:16:56 +0000] "GET /?e=34572019041000&mod=d01eeca8&uri=pin.php%3Fid%3D1153898-407%26name%3Dsweatshirt%20sweater HTTP/1.1" 200 26105 "-" "Mozilla/5.0 (Linux; Android 6.0.1; Nexus 5X Build/MMB29P) AppleWebKit/537.36 (KHTML, like Gecko) Chrome/137.0.7151.103 Mobile Safari/537.36 (compatible; GoogleOther)"
209.74.77.214 - - [13/Jul/2025:18:17:10 +0000] "POST /wp-cron.php?doing_wp_cron=1752430630.5755128860473632812500 HTTP/1.1" 200 - "-" "WordPress/6.8.1; https://cyber-secure.com.au"
66.249.73.235 - - [13/Jul/2025:18:17:10 +0000] "GET /?e=119400797111000&mod=b7ee0d0d&uri=brands.php%3Fid%3D3984771-335%26name%3Djoytech+gamecube+screen HTTP/1.1" 301 - "-" "Mozilla/5.0 (Linux; Android 6.0.1; Nexus 5X Build/MMB29P) AppleWebKit/537.36 (KHTML, like Gecko) Chrome/137.0.7151.103 Mobile Safari/537.36 (compatible; GoogleOther)"
209.74.77.214 - - [13/Jul/2025:18:17:22 +0000] "POST /wp-cron.php?doing_wp_cron=1752430642.7468481063842773437500 HTTP/1.1" 200 - "-" "WordPress/6.8.1; https://cyber-secure.com.au"
66.249.73.233 - - [13/Jul/2025:18:17:22 +0000] "GET /?e=116622650031000&mod=b3dd760e&uri=pin.php%3Fid%3D3892106-538%26name%3Dpolo+marathon+universitario HTTP/1.1" 301 - "-" "Mozilla/5.0 (Linux; Android 6.0.1; Nexus 5X Build/MMB29P) AppleWebKit/537.36 (KHTML, like Gecko) Chrome/137.0.7151.103 Mobile Safari/537.36 (compatible; GoogleOther)"
209.74.77.214 - - [13/Jul/2025:18:17:22 +0000] "POST /wp-admin/admin-ajax.php?action=async_litespeed&nonce=ZUO90ESDE15DrjgRziYhgQaNr8PKnKa2&litespeed_type=imgoptm HTTP/1.1" 200 21 "-" "WordPress/6.8.1; https://cyber-secure.com.au"
66.249.73.233 - - [13/Jul/2025:18:17:33 +0000] "GET /?e=119400797111000&mod=b7ee0d0d&uri=brands.php%3Fid%3D3984771-335%26name%3Djoytech%20gamecube%20screen HTTP/1.1" 200 26104 "-" "Mozilla/5.0 (Linux; Android 6.0.1; Nexus 5X Build/MMB29P) AppleWebKit/537.36 (KHTML, like Gecko) Chrome/137.0.7151.103 Mobile Safari/537.36 (compatible; GoogleOther)"
66.249.73.233 - - [13/Jul/2025:18:17:44 +0000] "GET /?e=116622650031000&mod=b3dd760e&uri=pin.php%3Fid%3D3892106-538%26name%3Dpolo%20marathon%20universitario HTTP/1.1" 200 26105 "-" "Mozilla/5.0 (Linux; Android 6.0.1; Nexus 5X Build/MMB29P) AppleWebKit/537.36 (KHTML, like Gecko) Chrome/137.0.7151.103 Mobile Safari/537.36 (compatible; GoogleOther)"
209.74.77.214 - - [13/Jul/2025:18:18:09 +0000] "POST /wp-cron.php?doing_wp_cron=1752430689.5155580043792724609375 HTTP/1.1" 200 - "-" "WordPress/6.8.1; https://cyber-secure.com.au"
66.249.73.233 - - [13/Jul/2025:18:18:09 +0000] "GET /?e=107508903041000&mod=32508f53&uri=pin.php%3Fid%3D3587924-586%26name%3Dveste+homme+biker HTTP/1.1" 301 - "-" "Mozilla/5.0 (Linux; Android 6.0.1; Nexus 5X Build/MMB29P) AppleWebKit/537.36 (KHTML, like Gecko) Chrome/137.0.7151.103 Mobile Safari/537.36 (compatible; GoogleOther)"
209.141.36.186 - - [13/Jul/2025:18:18:12 +0000] "GET /wp-login.php HTTP/1.1" 200 5406 "-" "Mozilla/5.0 (Macintosh; Intel Mac OS X 10_9_3) AppleWebKit/537.36 (KHTML, like Gecko) Chrome/36.0.1985.125 Safari/537.36"
209.141.36.186 - - [13/Jul/2025:18:18:12 +0000] "POST /wp-login.php HTTP/1.1" 200 5662 "-" "Mozilla/5.0 (Macintosh; Intel Mac OS X 10_9_3) AppleWebKit/537.36 (KHTML, like Gecko) Chrome/36.0.1985.125 Safari/537.36"
209.74.77.214 - - [13/Jul/2025:18:18:18 +0000] "POST /wp-cron.php?doing_wp_cron=1752430698.5953390598297119140625 HTTP/1.1" 200 - "-" "WordPress/6.8.1; https://cyber-secure.com.au"
209.74.77.214 - - [13/Jul/2025:18:18:18 +0000] "POST /wp-admin/admin-ajax.php?action=async_litespeed&nonce=D0jRPovWvAjKJtfiwoQD9V7UPRd9E82y&litespeed_type=imgoptm HTTP/1.1" 200 21 "-" "WordPress/6.8.1; https://cyber-secure.com.au"
66.249.73.234 - - [13/Jul/2025:18:18:18 +0000] "GET /?e=107508903041000&mod=32508f53&uri=pin.php%3Fid%3D3587924-586%26name%3Dveste%20homme%20biker HTTP/1.1" 200 26105 "-" "Mozilla/5.0 (Linux; Android 6.0.1; Nexus 5X Build/MMB29P) AppleWebKit/537.36 (KHTML, like Gecko) Chrome/137.0.7151.103 Mobile Safari/537.36 (compatible; GoogleOther)"
66.249.73.234 - - [13/Jul/2025:18:19:38 +0000] "GET /?e=42240157021000&mod=c6036a69&uri=goods.php%3Fid%3D1409730-112%26name%3Djaslen+mochilas HTTP/1.1" 200 21691 "-" "Mozilla/5.0 (Linux; Android 6.0.1; Nexus 5X Build/MMB29P) AppleWebKit/537.36 (KHTML, like Gecko) Chrome/137.0.7151.103 Mobile Safari/537.36 (compatible; Googlebot/2.1; +http://www.google.com/bot.html)"
66.249.73.234 - - [13/Jul/2025:18:19:42 +0000] "GET /?e=33130611111000&mod=b06b5541&uri=shop.php%3Fid%3D1105780-248%26name%3Dgucci+perfume+lana+del+rey HTTP/1.1" 200 21908 "-" "Mozilla/5.0 (Linux; Android 6.0.1; Nexus 5X Build/MMB29P) AppleWebKit/537.36 (KHTML, like Gecko) Chrome/137.0.7151.103 Mobile Safari/537.36 (compatible; Googlebot/2.1; +http://www.google.com/bot.html)"
209.74.77.214 - - [13/Jul/2025:18:20:11 +0000] "POST /wp-cron.php?doing_wp_cron=1752430811.6477189064025878906250 HTTP/1.1" 200 - "-" "WordPress/6.8.1; https://cyber-secure.com.au"
66.249.73.235 - - [13/Jul/2025:18:20:10 +0000] "GET /?e=99489189031000&mod=5c645cc1&uri=pin.php%3Fid%3D3320209-469%26name%3Dpolo+ralph+lauren+wedges HTTP/1.1" 301 - "-" "Mozilla/5.0 (Linux; Android 6.0.1; Nexus 5X Build/MMB29P) AppleWebKit/537.36 (KHTML, like Gecko) Chrome/137.0.7151.103 Mobile Safari/537.36 (compatible; GoogleOther)"
209.74.77.214 - - [13/Jul/2025:18:20:11 +0000] "POST /wp-admin/admin-ajax.php?action=async_litespeed&nonce=su787dGMW114IYhTeaStgn3Qyy7LXjlC&litespeed_type=imgoptm HTTP/1.1" 200 21 "-" "WordPress/6.8.1; https://cyber-secure.com.au"
66.249.73.234 - - [13/Jul/2025:18:20:21 +0000] "GET /?e=72267592031000&mod=ec8ce6ab&uri=dp.php%3Fid%3D2411653-22%26name%3Diwc+big+pilots+watch+43 HTTP/1.1" 200 20953 "-" "Mozilla/5.0 (Linux; Android 6.0.1; Nexus 5X Build/MMB29P) AppleWebKit/537.36 (KHTML, like Gecko) Chrome/137.0.7151.103 Mobile Safari/537.36 (compatible; Googlebot/2.1; +http://www.google.com/bot.html)"
209.74.77.214 - - [13/Jul/2025:18:20:41 +0000] "POST /wp-cron.php?doing_wp_cron=1752430841.0607769489288330078125 HTTP/1.1" 200 - "-" "WordPress/6.8.1; https://cyber-secure.com.au"
209.74.77.214 - - [13/Jul/2025:18:20:41 +0000] "POST /wp-admin/admin-ajax.php?action=async_litespeed&nonce=aknFW1FKpG9vChBsvR4vWh2ctCiS8w2g&litespeed_type=imgoptm HTTP/1.1" 200 21 "-" "WordPress/6.8.1; https://cyber-secure.com.au"
66.249.73.233 - - [13/Jul/2025:18:20:40 +0000] "GET /?e=99489189031000&mod=5c645cc1&uri=pin.php%3Fid%3D3320209-469%26name%3Dpolo%20ralph%20lauren%20wedges HTTP/1.1" 200 26108 "-" "Mozilla/5.0 (Linux; Android 6.0.1; Nexus 5X Build/MMB29P) AppleWebKit/537.36 (KHTML, like Gecko) Chrome/137.0.7151.103 Mobile Safari/537.36 (compatible; GoogleOther)"
66.249.73.234 - - [13/Jul/2025:18:21:11 +0000] "GET /?e=45674554001000&mod=c255c052&uri=products.php%3Fid%3D1524294-387%26name%3Dsoccer+weight+training HTTP/1.1" 200 22560 "-" "Mozilla/5.0 (Linux; Android 6.0.1; Nexus 5X Build/MMB29P) AppleWebKit/537.36 (KHTML, like Gecko) Chrome/137.0.7151.103 Mobile Safari/537.36 (compatible; Googlebot/2.1; +http://www.google.com/bot.html)"
66.249.73.233 - - [13/Jul/2025:18:21:19 +0000] "GET /?e=58139488031000&mod=b4d22bb5&uri=itm.php%3Fid%3D1940142-803%26name%3Dgiant+explore+e%2B+2022 HTTP/1.1" 200 21918 "-" "Mozilla/5.0 (compatible; Googlebot/2.1; +http://www.google.com/bot.html)"
209.74.77.214 - - [13/Jul/2025:18:21:38 +0000] "POST /wp-cron.php?doing_wp_cron=1752430898.5762400627136230468750 HTTP/1.1" 200 - "-" "WordPress/6.8.1; https://cyber-secure.com.au"
66.249.73.233 - - [13/Jul/2025:18:21:38 +0000] "GET /?e=102508871021000&mod=a9986cb0&uri=shared.php%3Fid%3D3421006-308%26name%3Dboxer+pyjama+shorts HTTP/1.1" 301 - "-" "Mozilla/5.0 (Linux; Android 6.0.1; Nexus 5X Build/MMB29P) AppleWebKit/537.36 (KHTML, like Gecko) Chrome/137.0.7151.103 Mobile Safari/537.36 (compatible; GoogleOther)"
209.74.77.214 - - [13/Jul/2025:18:21:38 +0000] "POST /wp-admin/admin-ajax.php?action=async_litespeed&nonce=580diLDQliCHKgaJ6pekD0dxluYPQDJq&litespeed_type=imgoptm HTTP/1.1" 200 21 "-" "WordPress/6.8.1; https://cyber-secure.com.au"
66.249.73.233 - - [13/Jul/2025:18:21:44 +0000] "GET /?e=72324537021000&mod=cf3c6554&uri=news.php%3Fid%3D2413553-1442%26name%3Dmovimento+eta+quarzo HTTP/1.1" 200 21562 "-" "Mozilla/5.0 (Linux; Android 6.0.1; Nexus 5X Build/MMB29P) AppleWebKit/537.36 (KHTML, like Gecko) Chrome/137.0.7151.103 Mobile Safari/537.36 (compatible; Googlebot/2.1; +http://www.google.com/bot.html)"
66.249.73.233 - - [13/Jul/2025:18:21:50 +0000] "GET /?e=102508871021000&mod=a9986cb0&uri=shared.php%3Fid%3D3421006-308%26name%3Dboxer%20pyjama%20shorts HTTP/1.1" 200 26110 "-" "Mozilla/5.0 (Linux; Android 6.0.1; Nexus 5X Build/MMB29P) AppleWebKit/537.36 (KHTML, like Gecko) Chrome/137.0.7151.103 Mobile Safari/537.36 (compatible; GoogleOther)"
209.74.77.214 - - [13/Jul/2025:18:22:12 +0000] "POST /wp-cron.php?doing_wp_cron=1752430932.2066500186920166015625 HTTP/1.1" 200 - "-" "WordPress/6.8.1; https://cyber-secure.com.au"
66.249.73.235 - - [13/Jul/2025:18:22:12 +0000] "GET /?e=98986152001000&mod=67a20639&uri=pin.php%3Fid%3D3303416-1601%26name%3Doff+white+limited+edition+shoes HTTP/1.1" 301 - "-" "Mozilla/5.0 (Linux; Android 6.0.1; Nexus 5X Build/MMB29P) AppleWebKit/537.36 (KHTML, like Gecko) Chrome/137.0.7151.103 Mobile Safari/537.36 (compatible; GoogleOther)"
209.74.77.214 - - [13/Jul/2025:18:22:21 +0000] "POST /wp-cron.php?doing_wp_cron=1752430941.3363869190216064453125 HTTP/1.1" 200 - "-" "WordPress/6.8.1; https://cyber-secure.com.au"
209.74.77.214 - - [13/Jul/2025:18:22:21 +0000] "POST /wp-admin/admin-ajax.php?action=async_litespeed&nonce=VLFovzYQiGFMiApxKHGUvY03m6UXuAEv&litespeed_type=imgoptm HTTP/1.1" 200 21 "-" "WordPress/6.8.1; https://cyber-secure.com.au"
66.249.73.234 - - [13/Jul/2025:18:22:21 +0000] "GET /?e=98986152001000&mod=67a20639&uri=pin.php%3Fid%3D3303416-1601%26name%3Doff%20white%20limited%20edition%20shoes HTTP/1.1" 200 26114 "-" "Mozilla/5.0 (Linux; Android 6.0.1; Nexus 5X Build/MMB29P) AppleWebKit/537.36 (KHTML, like Gecko) Chrome/137.0.7151.103 Mobile Safari/537.36 (compatible; GoogleOther)"
66.249.73.233 - - [13/Jul/2025:18:22:48 +0000] "GET /?e=1204551011000&mod=2dace78f&uri=pin.php%3Fid%3D40214-79%26name%3Dgentlemen+prefer+blondes+stream HTTP/1.1" 200 21203 "-" "Mozilla/5.0 (Linux; Android 6.0.1; Nexus 5X Build/MMB29P) AppleWebKit/537.36 (KHTML, like Gecko) Chrome/137.0.7151.103 Mobile Safari/537.36 (compatible; Googlebot/2.1; +http://www.google.com/bot.html)"
66.249.73.233 - - [13/Jul/2025:18:23:20 +0000] "GET /?e=119502627071000&mod=a3ec6dd8&uri=pin.php%3Fid%3D3988169-410%26name%3Dlego+man+iron+man HTTP/1.1" 200 21361 "-" "Mozilla/5.0 (Linux; Android 6.0.1; Nexus 5X Build/MMB29P) AppleWebKit/537.36 (KHTML, like Gecko) Chrome/137.0.7151.103 Mobile Safari/537.36 (compatible; Googlebot/2.1; +http://www.google.com/bot.html)"
209.74.77.214 - - [13/Jul/2025:18:23:59 +0000] "POST /wp-cron.php?doing_wp_cron=1752431039.3692429065704345703125 HTTP/1.1" 200 - "-" "WordPress/6.8.1; https://cyber-secure.com.au"
51.222.253.5 - - [13/Jul/2025:18:23:58 +0000] "GET /?e=38931808041000&mod=f8c0c968&uri=category-info.php%3Fid%3D1299355-206%26name%3Dconverse+oxford+slip+on HTTP/1.1" 301 - "-" "Mozilla/5.0 (compatible; AhrefsBot/7.0; +http://ahrefs.com/robot/)"
209.74.77.214 - - [13/Jul/2025:18:23:59 +0000] "POST /wp-admin/admin-ajax.php?action=async_litespeed&nonce=enYycbqRCIJTXo7qFRD5Sj7GsQxwJssP&litespeed_type=imgoptm HTTP/1.1" 200 21 "-" "WordPress/6.8.1; https://cyber-secure.com.au"
66.249.73.234 - - [13/Jul/2025:18:23:58 +0000] "GET /?e=45730742121000&mod=c1e247e2&uri=pin.php%3Fid%3D1526173-1221%26name%3Dxiaomi+fimi+a3+aliexpress HTTP/1.1" 200 20595 "-" "Mozilla/5.0 (Linux; Android 6.0.1; Nexus 5X Build/MMB29P) AppleWebKit/537.36 (KHTML, like Gecko) Chrome/137.0.7151.103 Mobile Safari/537.36 (compatible; Googlebot/2.1; +http://www.google.com/bot.html)"
209.74.77.214 - - [13/Jul/2025:18:24:22 +0000] "POST /wp-cron.php?doing_wp_cron=1752431062.5195419788360595703125 HTTP/1.1" 200 - "-" "WordPress/6.8.1; https://cyber-secure.com.au"
66.249.73.233 - - [13/Jul/2025:18:24:22 +0000] "GET /?e=72255636041000&mod=ec8ce6ab&uri=pin.php%3Fid%3D2411252-22%26name%3Drolex+gold+g%C3%83%C2%BCnstig HTTP/1.1" 301 - "-" "Mozilla/5.0 (Linux; Android 6.0.1; Nexus 5X Build/MMB29P) AppleWebKit/537.36 (KHTML, like Gecko) Chrome/137.0.7151.103 Mobile Safari/537.36 (compatible; GoogleOther)"
209.74.77.214 - - [13/Jul/2025:18:24:22 +0000] "POST /wp-admin/admin-ajax.php?action=async_litespeed&nonce=97AJt2JARoS1h6M7lGleoWLOfWvn3Uhq&litespeed_type=imgoptm HTTP/1.1" 200 21 "-" "WordPress/6.8.1; https://cyber-secure.com.au"
66.249.73.233 - - [13/Jul/2025:18:24:30 +0000] "GET /?e=100641477011000&mod=a01a0380&uri=us.php%3Fid%3D3358683-39%26name%3Dinfant+chair+walmart HTTP/1.1" 301 - "-" "Mozilla/5.0 (Linux; Android 6.0.1; Nexus 5X Build/MMB29P) AppleWebKit/537.36 (KHTML, like Gecko) Chrome/137.0.7151.103 Mobile Safari/537.36 (compatible; GoogleOther)"
66.249.73.233 - - [13/Jul/2025:18:24:37 +0000] "GET /?e=72255636041000&mod=ec8ce6ab&uri=pin.php%3Fid%3D2411252-22%26name%3Drolex%20gold%20g%C3%83%C2%BCnstig HTTP/1.1" 200 26110 "-" "Mozilla/5.0 (Linux; Android 6.0.1; Nexus 5X Build/MMB29P) AppleWebKit/537.36 (KHTML, like Gecko) Chrome/137.0.7151.103 Mobile Safari/537.36 (compatible; GoogleOther)"
66.249.73.233 - - [13/Jul/2025:18:24:44 +0000] "GET /?e=100641477011000&mod=a01a0380&uri=us.php%3Fid%3D3358683-39%26name%3Dinfant%20chair%20walmart HTTP/1.1" 200 26108 "-" "Mozilla/5.0 (Linux; Android 6.0.1; Nexus 5X Build/MMB29P) AppleWebKit/537.36 (KHTML, like Gecko) Chrome/137.0.7151.103 Mobile Safari/537.36 (compatible; GoogleOther)"
66.249.73.233 - - [13/Jul/2025:18:24:55 +0000] "GET /?e=116589412071000&mod=fe51510c&uri=pin.php%3Fid%3D3890997-133%26name%3Damazon+watch+sale HTTP/1.1" 200 20803 "-" "Mozilla/5.0 (Linux; Android 6.0.1; Nexus 5X Build/MMB29P) AppleWebKit/537.36 (KHTML, like Gecko) Chrome/137.0.7151.103 Mobile Safari/537.36 (compatible; Googlebot/2.1; +http://www.google.com/bot.html)"
66.249.73.235 - - [13/Jul/2025:18:25:31 +0000] "GET /?e=119450972091000&mod=c255c052&uri=product.php%3Fid%3D3986445-387%26name%3D35+lb+dumbbell+exercises HTTP/1.1" 200 21782 "-" "Mozilla/5.0 (Linux; Android 6.0.1; Nexus 5X Build/MMB29P) AppleWebKit/537.36 (KHTML, like Gecko) Chrome/137.0.7151.103 Mobile Safari/537.36 (compatible; Googlebot/2.1; +http://www.google.com/bot.html)"
66.249.73.234 - - [13/Jul/2025:18:25:45 +0000] "POST /get-message-notify HTTP/1.1" 200 21386 "https://cyber-secure.com.au/?e=119450972091000&mod=c255c052&uri=product.php%3Fid%3D3986445-387%26name%3D35+lb+dumbbell+exercises" "Mozilla/5.0 (Linux; Android 6.0.1; Nexus 5X Build/MMB29P) AppleWebKit/537.36 (KHTML, like Gecko) Chrome/137.0.7151.119 Mobile Safari/537.36 (compatible; Googlebot/2.1; +http://www.google.com/bot.html)"
66.249.73.233 - - [13/Jul/2025:18:25:59 +0000] "GET /?e=72299757021000&mod=d4a973e3&uri=article.php%3Fid%3D2412727-808%26name%3Dvestido+madre+e+hija+iguales HTTP/1.1" 200 21977 "-" "Mozilla/5.0 (Linux; Android 6.0.1; Nexus 5X Build/MMB29P) AppleWebKit/537.36 (KHTML, like Gecko) Chrome/137.0.7151.103 Mobile Safari/537.36 (compatible; Googlebot/2.1; +http://www.google.com/bot.html)"
209.74.77.214 - - [13/Jul/2025:18:26:09 +0000] "POST /wp-cron.php?doing_wp_cron=1752431169.3560299873352050781250 HTTP/1.1" 200 - "-" "WordPress/6.8.1; https://cyber-secure.com.au"
66.249.73.233 - - [13/Jul/2025:18:26:08 +0000] "GET /?e=51420759011000&mod=18d80423&uri=article.php%3Fid%3D1715983-40%26name%3Dtoro+ss4225+bagger HTTP/1.1" 301 - "-" "Mozilla/5.0 (Linux; Android 6.0.1; Nexus 5X Build/MMB29P) AppleWebKit/537.36 (KHTML, like Gecko) Chrome/137.0.7151.103 Mobile Safari/537.36 (compatible; GoogleOther)"
209.74.77.214 - - [13/Jul/2025:18:26:09 +0000] "POST /wp-admin/admin-ajax.php?action=async_litespeed&nonce=96DnSZgZkodGckENq8qsMcNM6IFjkwYF&litespeed_type=imgoptm HTTP/1.1" 200 21 "-" "WordPress/6.8.1; https://cyber-secure.com.au"
209.74.77.214 - - [13/Jul/2025:18:26:21 +0000] "POST /wp-cron.php?doing_wp_cron=1752431181.9402909278869628906250 HTTP/1.1" 200 - "-" "WordPress/6.8.1; https://cyber-secure.com.au"
209.74.77.214 - - [13/Jul/2025:18:26:22 +0000] "POST /wp-admin/admin-ajax.php?action=async_litespeed&nonce=omRHPBG7BNDSWw7wBQpqwWrmzaLIpJKy&litespeed_type=imgoptm HTTP/1.1" 200 21 "-" "WordPress/6.8.1; https://cyber-secure.com.au"
66.249.73.233 - - [13/Jul/2025:18:26:21 +0000] "GET /?e=51420759011000&mod=18d80423&uri=article.php%3Fid%3D1715983-40%26name%3Dtoro%20ss4225%20bagger HTTP/1.1" 200 26113 "-" "Mozilla/5.0 (Linux; Android 6.0.1; Nexus 5X Build/MMB29P) AppleWebKit/537.36 (KHTML, like Gecko) Chrome/137.0.7151.103 Mobile Safari/537.36 (compatible; GoogleOther)"
66.249.73.233 - - [13/Jul/2025:18:26:34 +0000] "GET /?e=4246546031000&mod=55a988df&uri=pin.php%3Fid%3D141736-253%26name%3Dlego+com+technic+dragster HTTP/1.1" 301 - "-" "Mozilla/5.0 (Linux; Android 6.0.1; Nexus 5X Build/MMB29P) AppleWebKit/537.36 (KHTML, like Gecko) Chrome/137.0.7151.103 Mobile Safari/537.36 (compatible; GoogleOther)"
66.249.73.233 - - [13/Jul/2025:18:26:43 +0000] "GET /?e=119795908011000&mod=7993e112&uri=shared.php%3Fid%3D3997953-242%26name%3Dsage+barista+pro+americano HTTP/1.1" 200 21859 "-" "Mozilla/5.0 (Linux; Android 6.0.1; Nexus 5X Build/MMB29P) AppleWebKit/537.36 (KHTML, like Gecko) Chrome/137.0.7151.103 Mobile Safari/537.36 (compatible; Googlebot/2.1; +http://www.google.com/bot.html)"
209.74.77.214 - - [13/Jul/2025:18:26:49 +0000] "POST /wp-cron.php?doing_wp_cron=1752431209.0120229721069335937500 HTTP/1.1" 200 - "-" "WordPress/6.8.1; https://cyber-secure.com.au"
66.249.73.233 - - [13/Jul/2025:18:26:48 +0000] "GET /?e=4246546031000&mod=55a988df&uri=pin.php%3Fid%3D141736-253%26name%3Dlego%20com%20technic%20dragster HTTP/1.1" 200 26108 "-" "Mozilla/5.0 (Linux; Android 6.0.1; Nexus 5X Build/MMB29P) AppleWebKit/537.36 (KHTML, like Gecko) Chrome/137.0.7151.103 Mobile Safari/537.36 (compatible; GoogleOther)"
66.249.73.235 - - [13/Jul/2025:18:27:18 +0000] "GET /?e=58138888131000&mod=b4d22bb5&uri=pin.php%3Fid%3D1940122-803%26name%3Dspecialized+turbo+como+2022 HTTP/1.1" 200 21981 "-" "Mozilla/5.0 (compatible; Googlebot/2.1; +http://www.google.com/bot.html)"
66.249.73.233 - - [13/Jul/2025:18:27:26 +0000] "GET /?e=4248946081000&mod=55a988df&uri=pin.php%3Fid%3D141816-253%26name%3Dlego+magic+forest+bracelet HTTP/1.1" 200 21810 "-" "Mozilla/5.0 (Linux; Android 6.0.1; Nexus 5X Build/MMB29P) AppleWebKit/537.36 (KHTML, like Gecko) Chrome/137.0.7151.103 Mobile Safari/537.36 (compatible; Googlebot/2.1; +http://www.google.com/bot.html)"
66.249.73.233 - - [13/Jul/2025:18:28:09 +0000] "GET /?e=22685799041000&mod=55057122&uri=pin.php%3Fid%3D757220-371%26name%3Doakley+det+cord+desert+tan HTTP/1.1" 200 22331 "-" "Mozilla/5.0 (Linux; Android 6.0.1; Nexus 5X Build/MMB29P) AppleWebKit/537.36 (KHTML, like Gecko) Chrome/137.0.7151.103 Mobile Safari/537.36 (compatible; Googlebot/2.1; +http://www.google.com/bot.html)"
209.74.77.214 - - [13/Jul/2025:18:28:17 +0000] "POST /wp-cron.php?doing_wp_cron=1752431297.3383610248565673828125 HTTP/1.1" 200 - "-" "WordPress/6.8.1; https://cyber-secure.com.au"
66.249.73.234 - - [13/Jul/2025:18:28:16 +0000] "GET /?e=116635430021000&mod=b3dd760e&uri=pin.php%3Fid%3D3892532-538%26name%3Dblusas+tendencia+primavera+2019 HTTP/1.1" 301 - "-" "Mozilla/5.0 (Linux; Android 6.0.1; Nexus 5X Build/MMB29P) AppleWebKit/537.36 (KHTML, like Gecko) Chrome/137.0.7151.103 Mobile Safari/537.36 (compatible; GoogleOther)"
209.74.77.214 - - [13/Jul/2025:18:28:17 +0000] "POST /wp-admin/admin-ajax.php?action=async_litespeed&nonce=y0fKlhGT6oSgzsRMml7JjVbRxPEQblm4&litespeed_type=imgoptm HTTP/1.1" 200 21 "-" "WordPress/6.8.1; https://cyber-secure.com.au"
66.249.73.233 - - [13/Jul/2025:18:28:27 +0000] "GET /?e=116635430021000&mod=b3dd760e&uri=pin.php%3Fid%3D3892532-538%26name%3Dblusas%20tendencia%20primavera%202019 HTTP/1.1" 200 26108 "-" "Mozilla/5.0 (Linux; Android 6.0.1; Nexus 5X Build/MMB29P) AppleWebKit/537.36 (KHTML, like Gecko) Chrome/137.0.7151.103 Mobile Safari/537.36 (compatible; GoogleOther)"
66.249.73.233 - - [13/Jul/2025:18:28:53 +0000] "GET /?e=72255636041000&mod=ec8ce6ab&uri=pin.php%3Fid%3D2411252-22%26name%3Drolex+gold+g%C3%83%C2%BCnstig HTTP/1.1" 200 21116 "-" "Mozilla/5.0 (Linux; Android 6.0.1; Nexus 5X Build/MMB29P) AppleWebKit/537.36 (KHTML, like Gecko) Chrome/137.0.7151.103 Mobile Safari/537.36 (compatible; Googlebot/2.1; +http://www.google.com/bot.html)"
66.249.73.233 - - [13/Jul/2025:18:28:57 +0000] "POST /get-message-notify HTTP/1.1" 200 21377 "https://cyber-secure.com.au/?e=72255636041000&mod=ec8ce6ab&uri=pin.php%3Fid%3D2411252-22%26name%3Drolex+gold+g%C3%83%C2%BCnstig" "Mozilla/5.0 (Linux; Android 6.0.1; Nexus 5X Build/MMB29P) AppleWebKit/537.36 (KHTML, like Gecko) Chrome/137.0.7151.119 Mobile Safari/537.36 (compatible; Googlebot/2.1; +http://www.google.com/bot.html)"
66.249.73.235 - - [13/Jul/2025:18:29:52 +0000] "GET /?e=99498309051000&mod=5c645cc1&uri=pin.php%3Fid%3D3320513-469%26name%3Doff+white+duck+boots HTTP/1.1" 200 21687 "-" "Mozilla/5.0 (Linux; Android 6.0.1; Nexus 5X Build/MMB29P) AppleWebKit/537.36 (KHTML, like Gecko) Chrome/137.0.7151.103 Mobile Safari/537.36 (compatible; Googlebot/2.1; +http://www.google.com/bot.html)"
209.74.77.214 - - [13/Jul/2025:18:30:18 +0000] "POST /wp-cron.php?doing_wp_cron=1752431418.4388830661773681640625 HTTP/1.1" 200 - "-" "WordPress/6.8.1; https://cyber-secure.com.au"
66.249.73.235 - - [13/Jul/2025:18:30:17 +0000] "GET /?e=13512493141000&mod=a35fe7f7&uri=info.php%3Fid%3D451140-500%26name%3Dnursery+wall+decor+ideas+girl HTTP/1.1" 301 - "-" "Mozilla/5.0 (Linux; Android 6.0.1; Nexus 5X Build/MMB29P) AppleWebKit/537.36 (KHTML, like Gecko) Chrome/137.0.7151.103 Mobile Safari/537.36 (compatible; GoogleOther)"
209.74.77.214 - - [13/Jul/2025:18:30:18 +0000] "POST /wp-admin/admin-ajax.php?action=async_litespeed&nonce=r5HrcHL6RuhC6dHoj3hZJbTXg9HPirG0&litespeed_type=imgoptm HTTP/1.1" 200 21 "-" "WordPress/6.8.1; https://cyber-secure.com.au"
66.249.73.234 - - [13/Jul/2025:18:30:24 +0000] "GET /?e=72250412131000&mod=ec8ce6ab&uri=shared.php%3Fid%3D2411076-22%26name%3Djunghans+solar+funkuhr+ceramic HTTP/1.1" 200 22374 "-" "Mozilla/5.0 (Linux; Android 6.0.1; Nexus 5X Build/MMB29P) AppleWebKit/537.36 (KHTML, like Gecko) Chrome/137.0.7151.103 Mobile Safari/537.36 (compatible; Googlebot/2.1; +http://www.google.com/bot.html)"
66.249.73.233 - - [13/Jul/2025:18:30:31 +0000] "GET /?e=13512493141000&mod=a35fe7f7&uri=info.php%3Fid%3D451140-500%26name%3Dnursery%20wall%20decor%20ideas%20girl HTTP/1.1" 200 26109 "-" "Mozilla/5.0 (Linux; Android 6.0.1; Nexus 5X Build/MMB29P) AppleWebKit/537.36 (KHTML, like Gecko) Chrome/137.0.7151.103 Mobile Safari/537.36 (compatible; GoogleOther)"
66.249.73.233 - - [13/Jul/2025:18:30:45 +0000] "GET /?e=72299757021000&mod=d4a973e3&uri=article.php%3Fid%3D2412727-808%26name%3Dvestido+madre+e+hija+iguales HTTP/1.1" 301 - "-" "Mozilla/5.0 (Linux; Android 6.0.1; Nexus 5X Build/MMB29P) AppleWebKit/537.36 (KHTML, like Gecko) Chrome/137.0.7151.103 Mobile Safari/537.36 (compatible; GoogleOther)"
66.249.73.233 - - [13/Jul/2025:18:30:59 +0000] "GET /?e=72299757021000&mod=d4a973e3&uri=article.php%3Fid%3D2412727-808%26name%3Dvestido%20madre%20e%20hija%20iguales HTTP/1.1" 200 26112 "-" "Mozilla/5.0 (Linux; Android 6.0.1; Nexus 5X Build/MMB29P) AppleWebKit/537.36 (KHTML, like Gecko) Chrome/137.0.7151.103 Mobile Safari/537.36 (compatible; GoogleOther)"
66.249.73.235 - - [13/Jul/2025:18:31:24 +0000] "GET /?e=109645116021000&mod=cfecdb27&uri=form.php%3Fid%3D3659197-19%26name%3Dwedding+dress+ideas+for+second+wedding HTTP/1.1" 200 22848 "-" "Mozilla/5.0 (Linux; Android 6.0.1; Nexus 5X Build/MMB29P) AppleWebKit/537.36 (KHTML, like Gecko) Chrome/137.0.7151.103 Mobile Safari/537.36 (compatible; Googlebot/2.1; +http://www.google.com/bot.html)"
209.74.77.214 - - [13/Jul/2025:18:31:45 +0000] "POST /wp-cron.php?doing_wp_cron=1752431505.3964149951934814453125 HTTP/1.1" 200 - "-" "WordPress/6.8.1; https://cyber-secure.com.au"
51.222.253.6 - - [13/Jul/2025:18:31:45 +0000] "GET /?e=42847246011000&mod=1e0f65eb&uri=products.php%3Fid%3D1429977-650%26name%3Dvestidos+de+ceremonia+para+embarazadas HTTP/1.1" 301 - "-" "Mozilla/5.0 (compatible; AhrefsBot/7.0; +http://ahrefs.com/robot/)"
209.74.77.214 - - [13/Jul/2025:18:31:45 +0000] "POST /wp-admin/admin-ajax.php?action=async_litespeed&nonce=iJMVRMSAW5oojTwlQK9I4DqBYSsxQltL&litespeed_type=imgoptm HTTP/1.1" 200 21 "-" "WordPress/6.8.1; https://cyber-secure.com.au"
66.249.73.233 - - [13/Jul/2025:18:31:55 +0000] "GET /?e=13422705001000&mod=3cba81c5&uri=pin.php%3Fid%3D448147-599%26name%3Dthe+latest+air+jordan+shoes HTTP/1.1" 200 21347 "-" "Mozilla/5.0 (Linux; Android 6.0.1; Nexus 5X Build/MMB29P) AppleWebKit/537.36 (KHTML, like Gecko) Chrome/137.0.7151.103 Mobile Safari/537.36 (compatible; Googlebot/2.1; +http://www.google.com/bot.html)"
209.74.77.214 - - [13/Jul/2025:18:32:18 +0000] "POST /wp-cron.php?doing_wp_cron=1752431538.9269449710845947265625 HTTP/1.1" 200 - "-" "WordPress/6.8.1; https://cyber-secure.com.au"
66.249.73.234 - - [13/Jul/2025:18:32:18 +0000] "GET /?e=1254863041000&mod=b6edc1cd&uri=pin.php%3Fid%3D41894-81%26name%3Dcassettone+letto+singolo HTTP/1.1" 301 - "-" "Mozilla/5.0 (Linux; Android 6.0.1; Nexus 5X Build/MMB29P) AppleWebKit/537.36 (KHTML, like Gecko) Chrome/137.0.7151.103 Mobile Safari/537.36 (compatible; GoogleOther)"
209.74.77.214 - - [13/Jul/2025:18:32:19 +0000] "POST /wp-admin/admin-ajax.php?action=async_litespeed&nonce=jh4GpvTP9Zt8x3zwkTI7OA2ujq9zltKC&litespeed_type=imgoptm HTTP/1.1" 200 21 "-" "WordPress/6.8.1; https://cyber-secure.com.au"
66.249.73.234 - - [13/Jul/2025:18:32:29 +0000] "GET /?e=1254863041000&mod=b6edc1cd&uri=pin.php%3Fid%3D41894-81%26name%3Dcassettone%20letto%20singolo HTTP/1.1" 200 26108 "-" "Mozilla/5.0 (Linux; Android 6.0.1; Nexus 5X Build/MMB29P) AppleWebKit/537.36 (KHTML, like Gecko) Chrome/137.0.7151.103 Mobile Safari/537.36 (compatible; GoogleOther)"
66.249.73.233 - - [13/Jul/2025:18:32:39 +0000] "GET /?e=4145015041000&mod=b06b5541&uri=products.php%3Fid%3D138348-248%26name%3Dlove%27s+fresh+lemon+cologne HTTP/1.1" 200 21960 "-" "Mozilla/5.0 (Linux; Android 6.0.1; Nexus 5X Build/MMB29P) AppleWebKit/537.36 (KHTML, like Gecko) Chrome/137.0.7151.103 Mobile Safari/537.36 (compatible; Googlebot/2.1; +http://www.google.com/bot.html)"
66.249.73.234 - - [13/Jul/2025:18:33:19 +0000] "GET /?e=58141108121000&mod=b4d22bb5&uri=category-info.php%3Fid%3D1940196-803%26name%3Dado+a20+vs+a20f HTTP/1.1" 200 22004 "-" "Mozilla/5.0 (compatible; Googlebot/2.1; +http://www.google.com/bot.html)"
66.249.73.233 - - [13/Jul/2025:18:34:50 +0000] "POST /get-message-notify HTTP/1.1" 200 21390 "https://cyber-secure.com.au/?e=58141108121000&mod=b4d22bb5&uri=category-info.php%3Fid%3D1940196-803%26name%3Dado+a20+vs+a20f" "Mozilla/5.0 AppleWebKit/537.36 (KHTML, like Gecko; compatible; Googlebot/2.1; +http://www.google.com/bot.html) Chrome/137.0.7151.119 Safari/537.36"
209.74.77.214 - - [13/Jul/2025:18:35:11 +0000] "POST /wp-cron.php?doing_wp_cron=1752431711.9787039756774902343750 HTTP/1.1" 200 - "-" "WordPress/6.8.1; https://cyber-secure.com.au"
66.249.73.233 - - [13/Jul/2025:18:35:10 +0000] "GET /?e=72250412131000&mod=ec8ce6ab&uri=shared.php%3Fid%3D2411076-22%26name%3Djunghans+solar+funkuhr+ceramic HTTP/1.1" 301 - "-" "Mozilla/5.0 (Linux; Android 6.0.1; Nexus 5X Build/MMB29P) AppleWebKit/537.36 (KHTML, like Gecko) Chrome/137.0.7151.103 Mobile Safari/537.36 (compatible; GoogleOther)"
209.74.77.214 - - [13/Jul/2025:18:35:12 +0000] "POST /wp-admin/admin-ajax.php?action=async_litespeed&nonce=eo0PY4KFlllAVAl2gdndKDhMOwcbOXis&litespeed_type=imgoptm HTTP/1.1" 200 21 "-" "WordPress/6.8.1; https://cyber-secure.com.au"
209.74.77.214 - - [13/Jul/2025:18:35:32 +0000] "POST /wp-cron.php?doing_wp_cron=1752431732.4474170207977294921875 HTTP/1.1" 200 - "-" "WordPress/6.8.1; https://cyber-secure.com.au"
209.74.77.214 - - [13/Jul/2025:18:35:32 +0000] "POST /wp-admin/admin-ajax.php?action=async_litespeed&nonce=40TjMWGrqckWz4dWPZPe1816rthvOiBN&litespeed_type=imgoptm HTTP/1.1" 200 21 "-" "WordPress/6.8.1; https://cyber-secure.com.au"
66.249.73.234 - - [13/Jul/2025:18:35:32 +0000] "GET /?e=72250412131000&mod=ec8ce6ab&uri=shared.php%3Fid%3D2411076-22%26name%3Djunghans%20solar%20funkuhr%20ceramic HTTP/1.1" 200 26106 "-" "Mozilla/5.0 (Linux; Android 6.0.1; Nexus 5X Build/MMB29P) AppleWebKit/537.36 (KHTML, like Gecko) Chrome/137.0.7151.103 Mobile Safari/537.36 (compatible; GoogleOther)"
209.74.77.214 - - [13/Jul/2025:18:36:16 +0000] "POST /wp-cron.php?doing_wp_cron=1752431776.3449780941009521484375 HTTP/1.1" 200 - "-" "WordPress/6.8.1; https://cyber-secure.com.au"
198.98.54.226 - - [13/Jul/2025:18:36:15 +0000] "GET /wp-login.php HTTP/1.1" 200 5406 "-" "Mozilla/5.0 (iPhone; CPU iPhone OS 7_0_4 like Mac OS X) AppleWebKit/537.51.1 (KHTML, like Gecko) Version/7.0 Mobile/11B554a Safari/9537.53"
209.74.77.214 - - [13/Jul/2025:18:36:16 +0000] "POST /wp-admin/admin-ajax.php?action=async_litespeed&nonce=mCubRVFdc4QK7Gb4yzo2HA7ysbF2pcfe&litespeed_type=imgoptm HTTP/1.1" 200 21 "-" "WordPress/6.8.1; https://cyber-secure.com.au"
209.74.77.214 - - [13/Jul/2025:18:38:06 +0000] "POST /wp-cron.php?doing_wp_cron=1752431886.3119099140167236328125 HTTP/1.1" 200 - "-" "WordPress/6.8.1; https://cyber-secure.com.au"
198.98.54.226 - - [13/Jul/2025:18:38:04 +0000] "POST /wp-login.php HTTP/1.1" 200 5662 "-" "Mozilla/5.0 (iPhone; CPU iPhone OS 7_0_4 like Mac OS X) AppleWebKit/537.51.1 (KHTML, like Gecko) Version/7.0 Mobile/11B554a Safari/9537.53"
209.74.77.214 - - [13/Jul/2025:18:38:06 +0000] "POST /wp-admin/admin-ajax.php?action=async_litespeed&nonce=SLLYAxGRcgcyCjWKsr3xUjLz001L98CO&litespeed_type=imgoptm HTTP/1.1" 200 21 "-" "WordPress/6.8.1; https://cyber-secure.com.au"
209.74.77.214 - - [13/Jul/2025:18:38:23 +0000] "POST /wp-cron.php?doing_wp_cron=1752431903.9509510993957519531250 HTTP/1.1" 200 - "-" "WordPress/6.8.1; https://cyber-secure.com.au"
66.249.73.234 - - [13/Jul/2025:18:38:23 +0000] "GET /?e=34585699041000&mod=3b9be7e1&uri=goods.php%3Fid%3D1154354-408%26name%3Dharvard+champion+crewneck HTTP/1.1" 301 - "-" "Mozilla/5.0 (Linux; Android 6.0.1; Nexus 5X Build/MMB29P) AppleWebKit/537.36 (KHTML, like Gecko) Chrome/137.0.7151.103 Mobile Safari/537.36 (compatible; GoogleOther)"
209.74.77.214 - - [13/Jul/2025:18:38:24 +0000] "POST /wp-admin/admin-ajax.php?action=async_litespeed&nonce=uTM1qSVXfAyybcpJKRHMZsbXAb2dclxa&litespeed_type=imgoptm HTTP/1.1" 200 21 "-" "WordPress/6.8.1; https://cyber-secure.com.au"
66.249.73.233 - - [13/Jul/2025:18:38:29 +0000] "GET /?e=34585699041000&mod=3b9be7e1&uri=goods.php%3Fid%3D1154354-408%26name%3Dharvard%20champion%20crewneck HTTP/1.1" 200 26108 "-" "Mozilla/5.0 (Linux; Android 6.0.1; Nexus 5X Build/MMB29P) AppleWebKit/537.36 (KHTML, like Gecko) Chrome/137.0.7151.103 Mobile Safari/537.36 (compatible; GoogleOther)"
66.249.73.233 - - [13/Jul/2025:18:38:43 +0000] "GET /?e=58139668091000&mod=b4d22bb5&uri=category-info.php%3Fid%3D1940148-803%26name%3Dcity+classic+26+moma HTTP/1.1" 200 21608 "-" "Mozilla/5.0 (compatible; Googlebot/2.1; +http://www.google.com/bot.html)"
209.74.77.214 - - [13/Jul/2025:18:39:55 +0000] "POST /wp-cron.php?doing_wp_cron=1752431995.1087930202484130859375 HTTP/1.1" 200 - "-" "WordPress/6.8.1; https://cyber-secure.com.au"
66.249.73.233 - - [13/Jul/2025:18:39:53 +0000] "GET /?e=119450972091000&mod=c255c052&uri=product.php%3Fid%3D3986445-387%26name%3D35+lb+dumbbell+exercises HTTP/1.1" 301 - "-" "Mozilla/5.0 (Linux; Android 6.0.1; Nexus 5X Build/MMB29P) AppleWebKit/537.36 (KHTML, like Gecko) Chrome/137.0.7151.103 Mobile Safari/537.36 (compatible; GoogleOther)"
209.74.77.214 - - [13/Jul/2025:18:39:55 +0000] "POST /wp-admin/admin-ajax.php?action=async_litespeed&nonce=lgQR0YpagA44WW2BuqS9dGvk2ieAo9Bs&litespeed_type=imgoptm HTTP/1.1" 200 21 "-" "WordPress/6.8.1; https://cyber-secure.com.au"
51.222.253.10 - - [13/Jul/2025:18:39:55 +0000] "GET /?e=47094047111000&mod=848ef33f&uri=products.php%3Fid%3D1571645-1041%26name%3Dconverse+chuck+taylor+platinum HTTP/1.1" 301 - "-" "Mozilla/5.0 (compatible; AhrefsBot/7.0; +http://ahrefs.com/robot/)"
66.249.73.234 - - [13/Jul/2025:18:40:03 +0000] "GET /?e=119450972091000&mod=c255c052&uri=product.php%3Fid%3D3986445-387%26name%3D35%20lb%20dumbbell%20exercises HTTP/1.1" 200 26111 "-" "Mozilla/5.0 (Linux; Android 6.0.1; Nexus 5X Build/MMB29P) AppleWebKit/537.36 (KHTML, like Gecko) Chrome/137.0.7151.103 Mobile Safari/537.36 (compatible; GoogleOther)"
209.74.77.214 - - [13/Jul/2025:18:42:26 +0000] "POST /wp-cron.php?doing_wp_cron=1752432146.9817280769348144531250 HTTP/1.1" 200 - "-" "WordPress/6.8.1; https://cyber-secure.com.au"
66.249.73.235 - - [13/Jul/2025:18:42:25 +0000] "GET /?e=13452165011000&mod=851300ee&uri=goods.php%3Fid%3D449129-173%26name%3Dwooden+toy+crib HTTP/1.1" 301 - "-" "Mozilla/5.0 (Linux; Android 6.0.1; Nexus 5X Build/MMB29P) AppleWebKit/537.36 (KHTML, like Gecko) Chrome/137.0.7151.103 Mobile Safari/537.36 (compatible; GoogleOther)"
209.74.77.214 - - [13/Jul/2025:18:42:27 +0000] "POST /wp-admin/admin-ajax.php?action=async_litespeed&nonce=6tUcN1feOr1zElxIxmzhLa4NBpVPIyTn&litespeed_type=imgoptm HTTP/1.1" 200 21 "-" "WordPress/6.8.1; https://cyber-secure.com.au"
66.249.73.233 - - [13/Jul/2025:18:42:45 +0000] "GET /?e=13452165011000&mod=851300ee&uri=goods.php%3Fid%3D449129-173%26name%3Dwooden%20toy%20crib HTTP/1.1" 200 26104 "-" "Mozilla/5.0 (Linux; Android 6.0.1; Nexus 5X Build/MMB29P) AppleWebKit/537.36 (KHTML, like Gecko) Chrome/137.0.7151.103 Mobile Safari/537.36 (compatible; GoogleOther)"
209.74.77.214 - - [13/Jul/2025:18:44:09 +0000] "POST /wp-cron.php?doing_wp_cron=1752432249.7110469341278076171875 HTTP/1.1" 200 - "-" "WordPress/6.8.1; https://cyber-secure.com.au"
66.249.73.233 - - [13/Jul/2025:18:44:08 +0000] "GET /?e=4145015041000&mod=b06b5541&uri=products.php%3Fid%3D138348-248%26name%3Dlove%27s+fresh+lemon+cologne HTTP/1.1" 301 - "-" "Mozilla/5.0 (Linux; Android 6.0.1; Nexus 5X Build/MMB29P) AppleWebKit/537.36 (KHTML, like Gecko) Chrome/137.0.7151.103 Mobile Safari/537.36 (compatible; GoogleOther)"
209.74.77.214 - - [13/Jul/2025:18:44:09 +0000] "POST /wp-admin/admin-ajax.php?action=async_litespeed&nonce=90rqtBtY6ZVh07m9BnFyOfzFLuSSBXQn&litespeed_type=imgoptm HTTP/1.1" 200 21 "-" "WordPress/6.8.1; https://cyber-secure.com.au"
209.74.77.214 - - [13/Jul/2025:18:44:26 +0000] "POST /wp-cron.php?doing_wp_cron=1752432266.1438059806823730468750 HTTP/1.1" 200 - "-" "WordPress/6.8.1; https://cyber-secure.com.au"
209.74.77.214 - - [13/Jul/2025:18:44:26 +0000] "POST /wp-admin/admin-ajax.php?action=async_litespeed&nonce=hRGiMGe27mneu338RNd90tN2SBMfbwOc&litespeed_type=imgoptm HTTP/1.1" 200 21 "-" "WordPress/6.8.1; https://cyber-secure.com.au"
66.249.73.233 - - [13/Jul/2025:18:44:25 +0000] "GET /?e=4145015041000&mod=b06b5541&uri=products.php%3Fid%3D138348-248%26name%3Dlove%27s%20fresh%20lemon%20cologne HTTP/1.1" 200 26107 "-" "Mozilla/5.0 (Linux; Android 6.0.1; Nexus 5X Build/MMB29P) AppleWebKit/537.36 (KHTML, like Gecko) Chrome/137.0.7151.103 Mobile Safari/537.36 (compatible; GoogleOther)"
66.249.73.233 - - [13/Jul/2025:18:44:44 +0000] "GET /?e=58138348041000&mod=b4d22bb5&uri=form.php%3Fid%3D1940104-803%26name%3Dgiant+anyroad+l HTTP/1.1" 200 21986 "-" "Mozilla/5.0 (compatible; Googlebot/2.1; +http://www.google.com/bot.html)"
209.74.77.214 - - [13/Jul/2025:18:48:39 +0000] "POST /wp-cron.php?doing_wp_cron=1752432519.9390859603881835937500 HTTP/1.1" 200 - "-" "WordPress/6.8.1; https://cyber-secure.com.au"
66.249.73.234 - - [13/Jul/2025:18:48:38 +0000] "GET /?e=60911960031000&mod=c255c052&uri=shared.php%3Fid%3D2032683-387%26name%3Dlower+ab+hiit HTTP/1.1" 301 - "-" "Mozilla/5.0 (Linux; Android 6.0.1; Nexus 5X Build/MMB29P) AppleWebKit/537.36 (KHTML, like Gecko) Chrome/137.0.7151.103 Mobile Safari/537.36 (compatible; GoogleOther)"
209.74.77.214 - - [13/Jul/2025:18:48:40 +0000] "POST /wp-admin/admin-ajax.php?action=async_litespeed&nonce=051lhKmCbJavW0X9dPsB4VvtGbgKKaeU&litespeed_type=imgoptm HTTP/1.1" 200 21 "-" "WordPress/6.8.1; https://cyber-secure.com.au"
66.249.73.233 - - [13/Jul/2025:18:48:59 +0000] "GET /?e=60911960031000&mod=c255c052&uri=shared.php%3Fid%3D2032683-387%26name%3Dlower%20ab%20hiit HTTP/1.1" 200 26104 "-" "Mozilla/5.0 (Linux; Android 6.0.1; Nexus 5X Build/MMB29P) AppleWebKit/537.36 (KHTML, like Gecko) Chrome/137.0.7151.103 Mobile Safari/537.36 (compatible; GoogleOther)"
51.222.253.7 - - [13/Jul/2025:18:49:00 +0000] "GET /?e=5296244001000&mod=73e5080f&uri=brands.php%3Fid%3D176816-317%26name%3Dair+force+one+shoes+black+and+white HTTP/1.1" 301 - "-" "Mozilla/5.0 (compatible; AhrefsBot/7.0; +http://ahrefs.com/robot/)"
209.74.77.214 - - [13/Jul/2025:18:49:21 +0000] "POST /wp-cron.php?doing_wp_cron=1752432561.2239029407501220703125 HTTP/1.1" 200 - "-" "WordPress/6.8.1; https://cyber-secure.com.au"
66.249.73.233 - - [13/Jul/2025:18:49:21 +0000] "GET /?e=1020029031000&mod=884d247c&uri=search.php%3Fid%3D34060-65%26name%3Dconverse+en+soldes+femme HTTP/1.1" 301 - "-" "Mozilla/5.0 (Linux; Android 6.0.1; Nexus 5X Build/MMB29P) AppleWebKit/537.36 (KHTML, like Gecko) Chrome/137.0.7151.103 Mobile Safari/537.36 (compatible; GoogleOther)"
209.74.77.214 - - [13/Jul/2025:18:49:21 +0000] "POST /wp-admin/admin-ajax.php?action=async_litespeed&nonce=VcE8gu3Va1CzoHRLRkvgzF1xVkooma79&litespeed_type=imgoptm HTTP/1.1" 200 21 "-" "WordPress/6.8.1; https://cyber-secure.com.au"
66.249.73.233 - - [13/Jul/2025:18:49:38 +0000] "GET /?e=1020029031000&mod=884d247c&uri=search.php%3Fid%3D34060-65%26name%3Dconverse%20en%20soldes%20femme HTTP/1.1" 200 26105 "-" "Mozilla/5.0 (Linux; Android 6.0.1; Nexus 5X Build/MMB29P) AppleWebKit/537.36 (KHTML, like Gecko) Chrome/137.0.7151.103 Mobile Safari/537.36 (compatible; GoogleOther)"
66.249.73.233 - - [13/Jul/2025:18:49:46 +0000] "GET /?e=58139248001000&mod=b4d22bb5&uri=shop.php%3Fid%3D1940134-803%26name%3D920+st+decathlon HTTP/1.1" 200 21753 "-" "Mozilla/5.0 (compatible; Googlebot/2.1; +http://www.google.com/bot.html)"
209.74.77.214 - - [13/Jul/2025:18:52:30 +0000] "POST /wp-cron.php?doing_wp_cron=1752432750.3683369159698486328125 HTTP/1.1" 200 - "-" "WordPress/6.8.1; https://cyber-secure.com.au"
66.249.73.234 - - [13/Jul/2025:18:52:28 +0000] "GET /?e=98966292021000&mod=b301bbff&uri=shared.php%3Fid%3D3302754-1602%26name%3Doff+white+tee+mirror+mirror HTTP/1.1" 301 - "-" "Mozilla/5.0 (Linux; Android 6.0.1; Nexus 5X Build/MMB29P) AppleWebKit/537.36 (KHTML, like Gecko) Chrome/137.0.7151.103 Mobile Safari/537.36 (compatible; GoogleOther)"
209.74.77.214 - - [13/Jul/2025:18:52:30 +0000] "POST /wp-admin/admin-ajax.php?action=async_litespeed&nonce=stSuKpFJqWD5Suy11GAciJ131r10Ro0I&litespeed_type=imgoptm HTTP/1.1" 200 21 "-" "WordPress/6.8.1; https://cyber-secure.com.au"
66.249.73.233 - - [13/Jul/2025:18:52:49 +0000] "GET /?e=98966292021000&mod=b301bbff&uri=shared.php%3Fid%3D3302754-1602%26name%3Doff%20white%20tee%20mirror%20mirror HTTP/1.1" 200 26110 "-" "Mozilla/5.0 (Linux; Android 6.0.1; Nexus 5X Build/MMB29P) AppleWebKit/537.36 (KHTML, like Gecko) Chrome/137.0.7151.103 Mobile Safari/537.36 (compatible; GoogleOther)"
209.74.77.214 - - [13/Jul/2025:18:53:10 +0000] "POST /wp-cron.php?doing_wp_cron=1752432790.0445110797882080078125 HTTP/1.1" 200 - "-" "WordPress/6.8.1; https://cyber-secure.com.au"
66.249.73.234 - - [13/Jul/2025:18:53:09 +0000] "GET /?e=17158407071000&mod=5e9fb672&uri=form.php%3Fid%3D572791-683%26name%3Dplayera+dinosaurio+google HTTP/1.1" 301 - "-" "Mozilla/5.0 (Linux; Android 6.0.1; Nexus 5X Build/MMB29P) AppleWebKit/537.36 (KHTML, like Gecko) Chrome/137.0.7151.103 Mobile Safari/537.36 (compatible; GoogleOther)"
209.74.77.214 - - [13/Jul/2025:18:53:26 +0000] "POST /wp-cron.php?doing_wp_cron=1752432806.7378089427947998046875 HTTP/1.1" 200 - "-" "WordPress/6.8.1; https://cyber-secure.com.au"
66.249.73.233 - - [13/Jul/2025:18:53:26 +0000] "GET /?e=955519031000&mod=d490d7b4&uri=category-info.php%3Fid%3D31904-60%26name%3Dmaglietta+da+corsa HTTP/1.1" 301 - "-" "Mozilla/5.0 (Linux; Android 6.0.1; Nexus 5X Build/MMB29P) AppleWebKit/537.36 (KHTML, like Gecko) Chrome/137.0.7151.103 Mobile Safari/537.36 (compatible; GoogleOther)"
209.74.77.214 - - [13/Jul/2025:18:53:26 +0000] "POST /wp-admin/admin-ajax.php?action=async_litespeed&nonce=xzTyYd66P450PnQ4VR3clDTU2Wv0HSym&litespeed_type=imgoptm HTTP/1.1" 200 21 "-" "WordPress/6.8.1; https://cyber-secure.com.au"
66.249.73.233 - - [13/Jul/2025:18:53:41 +0000] "GET /?e=17158407071000&mod=5e9fb672&uri=form.php%3Fid%3D572791-683%26name%3Dplayera%20dinosaurio%20google HTTP/1.1" 200 26109 "-" "Mozilla/5.0 (Linux; Android 6.0.1; Nexus 5X Build/MMB29P) AppleWebKit/537.36 (KHTML, like Gecko) Chrome/137.0.7151.103 Mobile Safari/537.36 (compatible; GoogleOther)"
66.249.73.233 - - [13/Jul/2025:18:53:55 +0000] "GET /?e=955519031000&mod=d490d7b4&uri=category-info.php%3Fid%3D31904-60%26name%3Dmaglietta%20da%20corsa HTTP/1.1" 200 26108 "-" "Mozilla/5.0 (Linux; Android 6.0.1; Nexus 5X Build/MMB29P) AppleWebKit/537.36 (KHTML, like Gecko) Chrome/137.0.7151.103 Mobile Safari/537.36 (compatible; GoogleOther)"
66.249.73.233 - - [13/Jul/2025:18:55:48 +0000] "GET /?e=58139368021000&mod=b4d22bb5&uri=category-info.php%3Fid%3D1940138-803%26name%3De+bike+city+cube HTTP/1.1" 200 22058 "-" "Mozilla/5.0 (compatible; Googlebot/2.1; +http://www.google.com/bot.html)"
