66.249.64.132 - - [13/Jul/2025:15:48:39 +0000] "GET /?e=4257147001000&mod=55a988df&uri=article.php%3Fid%3D142090-253%26name%3Dwonder+woman+lego+clock HTTP/1.1" 301 - "-" "Mozilla/5.0 (Linux; Android 6.0.1; Nexus 5X Build/MMB29P) AppleWebKit/537.36 (KHTML, like Gecko) Chrome/137.0.7151.103 Mobile Safari/537.36 (compatible; GoogleOther)"
209.74.77.214 - - [13/Jul/2025:15:48:39 +0000] "POST /wp-admin/admin-ajax.php?action=async_litespeed&nonce=6IfZNue1cnfdmvqsOuPJXxgz6OLZnCqO&litespeed_type=imgoptm HTTP/1.1" 200 21 "-" "WordPress/6.8.1; https://cyber-secure.com.au"
66.249.64.132 - - [13/Jul/2025:15:48:54 +0000] "GET /?e=4257147001000&mod=55a988df&uri=article.php%3Fid%3D142090-253%26name%3Dwonder%20woman%20lego%20clock HTTP/1.1" 200 26106 "-" "Mozilla/5.0 (Linux; Android 6.0.1; Nexus 5X Build/MMB29P) AppleWebKit/537.36 (KHTML, like Gecko) Chrome/137.0.7151.103 Mobile Safari/537.36 (compatible; GoogleOther)"
51.222.253.16 - - [13/Jul/2025:15:48:59 +0000] "GET /team/ HTTP/1.1" 200 20533 "-" "Mozilla/5.0 (compatible; AhrefsBot/7.0; +http://ahrefs.com/robot/)"
209.74.77.214 - - [13/Jul/2025:15:49:19 +0000] "POST /wp-cron.php?doing_wp_cron=1752421759.1963250637054443359375 HTTP/1.1" 200 - "-" "WordPress/6.8.1; https://cyber-secure.com.au"
66.249.64.132 - - [13/Jul/2025:15:49:18 +0000] "GET /?e=100188171001000&mod=a01a0380&uri=pin.php%3Fid%3D3343536-39%26name%3Dbar+stools+for+36+inch+counter HTTP/1.1" 301 - "-" "Mozilla/5.0 (Linux; Android 6.0.1; Nexus 5X Build/MMB29P) AppleWebKit/537.36 (KHTML, like Gecko) Chrome/137.0.7151.103 Mobile Safari/537.36 (compatible; GoogleOther)"
209.74.77.214 - - [13/Jul/2025:15:49:19 +0000] "POST /wp-admin/admin-ajax.php?action=async_litespeed&nonce=kcfP4iSw8rVgTOcAU0TueFDJgydoR4qa&litespeed_type=imgoptm HTTP/1.1" 200 21 "-" "WordPress/6.8.1; https://cyber-secure.com.au"
66.249.64.132 - - [13/Jul/2025:15:49:32 +0000] "GET /?e=100188171001000&mod=a01a0380&uri=pin.php%3Fid%3D3343536-39%26name%3Dbar%20stools%20for%2036%20inch%20counter HTTP/1.1" 200 26106 "-" "Mozilla/5.0 (Linux; Android 6.0.1; Nexus 5X Build/MMB29P) AppleWebKit/537.36 (KHTML, like Gecko) Chrome/137.0.7151.103 Mobile Safari/537.36 (compatible; GoogleOther)"
66.249.64.132 - - [13/Jul/2025:15:49:45 +0000] "GET /?e=116570855021000&mod=fe51510c&uri=category-info.php%3Fid%3D3890378-133%26name%3Dcitizen+calculator+rate HTTP/1.1" 301 - "-" "Mozilla/5.0 (Linux; Android 6.0.1; Nexus 5X Build/MMB29P) AppleWebKit/537.36 (KHTML, like Gecko) Chrome/137.0.7151.103 Mobile Safari/537.36 (compatible; GoogleOther)"
66.249.64.132 - - [13/Jul/2025:15:49:58 +0000] "GET /?e=116570855021000&mod=fe51510c&uri=category-info.php%3Fid%3D3890378-133%26name%3Dcitizen%20calculator%20rate HTTP/1.1" 200 26106 "-" "Mozilla/5.0 (Linux; Android 6.0.1; Nexus 5X Build/MMB29P) AppleWebKit/537.36 (KHTML, like Gecko) Chrome/137.0.7151.103 Mobile Safari/537.36 (compatible; GoogleOther)"
209.74.77.214 - - [13/Jul/2025:15:51:09 +0000] "POST /wp-cron.php?doing_wp_cron=1752421869.5323441028594970703125 HTTP/1.1" 200 - "-" "WordPress/6.8.1; https://cyber-secure.com.au"
66.249.64.128 - - [13/Jul/2025:15:51:07 +0000] "GET /?e=17002773051000&mod=a01a0380&uri=pin.php%3Fid%3D567601-39%26name%3Dnavana+furniture+office+chair HTTP/1.1" 301 - "-" "Mozilla/5.0 (Linux; Android 6.0.1; Nexus 5X Build/MMB29P) AppleWebKit/537.36 (KHTML, like Gecko) Chrome/137.0.7151.103 Mobile Safari/537.36 (compatible; GoogleOther)"
209.74.77.214 - - [13/Jul/2025:15:51:09 +0000] "POST /wp-admin/admin-ajax.php?action=async_litespeed&nonce=5s93TzjBOpJvk9wNeomhbXrJSsYk8Mdk&litespeed_type=imgoptm HTTP/1.1" 200 21 "-" "WordPress/6.8.1; https://cyber-secure.com.au"
66.249.64.132 - - [13/Jul/2025:15:51:34 +0000] "GET /?e=116493383001000&mod=c255c052&uri=shared.php%3Fid%3D3887794-387%26name%3Dbowflex+bxt6+price HTTP/1.1" 200 21836 "-" "Mozilla/5.0 (Linux; Android 6.0.1; Nexus 5X Build/MMB29P) AppleWebKit/537.36 (KHTML, like Gecko) Chrome/137.0.7151.103 Mobile Safari/537.36 (compatible; Googlebot/2.1; +http://www.google.com/bot.html)"
209.74.77.214 - - [13/Jul/2025:15:51:40 +0000] "POST /wp-cron.php?doing_wp_cron=1752421900.1243689060211181640625 HTTP/1.1" 200 - "-" "WordPress/6.8.1; https://cyber-secure.com.au"
209.74.77.214 - - [13/Jul/2025:15:51:40 +0000] "POST /wp-admin/admin-ajax.php?action=async_litespeed&nonce=WspwTlUqgYnCVZ3TU5AxhVQW0tPcJ0dY&litespeed_type=imgoptm HTTP/1.1" 200 21 "-" "WordPress/6.8.1; https://cyber-secure.com.au"
66.249.64.132 - - [13/Jul/2025:15:51:39 +0000] "GET /?e=17002773051000&mod=a01a0380&uri=pin.php%3Fid%3D567601-39%26name%3Dnavana%20furniture%20office%20chair HTTP/1.1" 200 26104 "-" "Mozilla/5.0 (Linux; Android 6.0.1; Nexus 5X Build/MMB29P) AppleWebKit/537.36 (KHTML, like Gecko) Chrome/137.0.7151.103 Mobile Safari/537.36 (compatible; GoogleOther)"
66.249.64.132 - - [13/Jul/2025:15:51:48 +0000] "GET /?e=873174001000&mod=6c9882bb&uri=itm.php%3Fid%3D29158-25%26name%3Dbuffy+the+vampire+slayer+xbox HTTP/1.1" 200 22154 "-" "Mozilla/5.0 (compatible; Googlebot/2.1; +http://www.google.com/bot.html)"
209.74.77.214 - - [13/Jul/2025:15:52:30 +0000] "POST /wp-cron.php?doing_wp_cron=1752421950.5763180255889892578125 HTTP/1.1" 200 - "-" "WordPress/6.8.1; https://cyber-secure.com.au"
66.249.64.129 - - [13/Jul/2025:15:52:29 +0000] "GET /?e=34636092041000&mod=7cc23420&uri=article.php%3Fid%3D1156034-247%26name%3Dgoogle+pixel+silicone+case HTTP/1.1" 301 - "-" "Mozilla/5.0 (Linux; Android 6.0.1; Nexus 5X Build/MMB29P) AppleWebKit/537.36 (KHTML, like Gecko) Chrome/137.0.7151.103 Mobile Safari/537.36 (compatible; GoogleOther)"
209.74.77.214 - - [13/Jul/2025:15:52:30 +0000] "POST /wp-admin/admin-ajax.php?action=async_litespeed&nonce=upCOUZozxNHoWDiIYB4u6EO5P6EvGfwc&litespeed_type=imgoptm HTTP/1.1" 200 21 "-" "WordPress/6.8.1; https://cyber-secure.com.au"
66.249.64.132 - - [13/Jul/2025:15:52:50 +0000] "GET /?e=34636092041000&mod=7cc23420&uri=article.php%3Fid%3D1156034-247%26name%3Dgoogle%20pixel%20silicone%20case HTTP/1.1" 200 26109 "-" "Mozilla/5.0 (Linux; Android 6.0.1; Nexus 5X Build/MMB29P) AppleWebKit/537.36 (KHTML, like Gecko) Chrome/137.0.7151.103 Mobile Safari/537.36 (compatible; GoogleOther)"
209.74.77.214 - - [13/Jul/2025:15:53:09 +0000] "POST /wp-cron.php?doing_wp_cron=1752421989.6474239826202392578125 HTTP/1.1" 200 - "-" "WordPress/6.8.1; https://cyber-secure.com.au"
66.249.64.132 - - [13/Jul/2025:15:53:09 +0000] "GET /?e=1035413001000&mod=884d247c&uri=search.php%3Fid%3D34573-65%26name%3Dconverse+en+plastique+transparent HTTP/1.1" 301 - "-" "Mozilla/5.0 (Linux; Android 6.0.1; Nexus 5X Build/MMB29P) AppleWebKit/537.36 (KHTML, like Gecko) Chrome/137.0.7151.103 Mobile Safari/537.36 (compatible; GoogleOther)"
209.74.77.214 - - [13/Jul/2025:15:53:29 +0000] "POST /wp-cron.php?doing_wp_cron=1752422009.2318940162658691406250 HTTP/1.1" 200 - "-" "WordPress/6.8.1; https://cyber-secure.com.au"
66.249.64.128 - - [13/Jul/2025:15:53:29 +0000] "GET /?e=17009971021000&mod=a01a0380&uri=shop.php%3Fid%3D567841-39%26name%3Dalonie+ergonomic+executive+chair HTTP/1.1" 301 - "-" "Mozilla/5.0 (Linux; Android 6.0.1; Nexus 5X Build/MMB29P) AppleWebKit/537.36 (KHTML, like Gecko) Chrome/137.0.7151.103 Mobile Safari/537.36 (compatible; GoogleOther)"
209.74.77.214 - - [13/Jul/2025:15:53:29 +0000] "POST /wp-admin/admin-ajax.php?action=async_litespeed&nonce=n3u40XcxSDElxsGuAZYnlZsJkglxDHFD&litespeed_type=imgoptm HTTP/1.1" 200 21 "-" "WordPress/6.8.1; https://cyber-secure.com.au"
66.249.64.132 - - [13/Jul/2025:15:53:44 +0000] "GET /?e=1035413001000&mod=884d247c&uri=search.php%3Fid%3D34573-65%26name%3Dconverse%20en%20plastique%20transparent HTTP/1.1" 200 26109 "-" "Mozilla/5.0 (Linux; Android 6.0.1; Nexus 5X Build/MMB29P) AppleWebKit/537.36 (KHTML, like Gecko) Chrome/137.0.7151.103 Mobile Safari/537.36 (compatible; GoogleOther)"
66.249.64.132 - - [13/Jul/2025:15:53:59 +0000] "GET /?e=17009971021000&mod=a01a0380&uri=shop.php%3Fid%3D567841-39%26name%3Dalonie%20ergonomic%20executive%20chair HTTP/1.1" 200 26109 "-" "Mozilla/5.0 (Linux; Android 6.0.1; Nexus 5X Build/MMB29P) AppleWebKit/537.36 (KHTML, like Gecko) Chrome/137.0.7151.103 Mobile Safari/537.36 (compatible; GoogleOther)"
209.74.77.214 - - [13/Jul/2025:15:54:40 +0000] "POST /wp-cron.php?doing_wp_cron=1752422080.3564760684967041015625 HTTP/1.1" 200 - "-" "WordPress/6.8.1; https://cyber-secure.com.au"
66.249.64.132 - - [13/Jul/2025:15:54:39 +0000] "GET /?e=45674554001000&mod=c255c052&uri=products.php%3Fid%3D1524294-387%26name%3Dsoccer+weight+training HTTP/1.1" 301 - "-" "Mozilla/5.0 (Linux; Android 6.0.1; Nexus 5X Build/MMB29P) AppleWebKit/537.36 (KHTML, like Gecko) Chrome/137.0.7151.103 Mobile Safari/537.36 (compatible; GoogleOther)"
209.74.77.214 - - [13/Jul/2025:15:54:40 +0000] "POST /wp-admin/admin-ajax.php?action=async_litespeed&nonce=lMoq6EQFGDAA7UV2dpAQuYlyyljpiadl&litespeed_type=imgoptm HTTP/1.1" 200 21 "-" "WordPress/6.8.1; https://cyber-secure.com.au"
66.249.64.132 - - [13/Jul/2025:15:54:54 +0000] "GET /?e=45674554001000&mod=c255c052&uri=products.php%3Fid%3D1524294-387%26name%3Dsoccer%20weight%20training HTTP/1.1" 200 26107 "-" "Mozilla/5.0 (Linux; Android 6.0.1; Nexus 5X Build/MMB29P) AppleWebKit/537.36 (KHTML, like Gecko) Chrome/137.0.7151.103 Mobile Safari/537.36 (compatible; GoogleOther)"
209.74.77.214 - - [13/Jul/2025:15:55:09 +0000] "POST /wp-cron.php?doing_wp_cron=1752422108.9949800968170166015625 HTTP/1.1" 200 - "-" "WordPress/6.8.1; https://cyber-secure.com.au"
66.249.64.132 - - [13/Jul/2025:15:55:08 +0000] "GET /?e=94130432011000&mod=d43ab110&uri=goods.php%3Fid%3D3141317-169%26name%3Drolex+submariner+two+tone+price HTTP/1.1" 301 - "-" "Mozilla/5.0 (Linux; Android 6.0.1; Nexus 5X Build/MMB29P) AppleWebKit/537.36 (KHTML, like Gecko) Chrome/137.0.7151.103 Mobile Safari/537.36 (compatible; GoogleOther)"
209.74.77.214 - - [13/Jul/2025:15:55:35 +0000] "POST /wp-cron.php?doing_wp_cron=1752422135.1353659629821777343750 HTTP/1.1" 200 - "-" "WordPress/6.8.1; https://cyber-secure.com.au"
209.74.77.214 - - [13/Jul/2025:15:55:35 +0000] "POST /wp-admin/admin-ajax.php?action=async_litespeed&nonce=2qFytPOeMUvmUcoosQTwgXVNkS1tYT3Y&litespeed_type=imgoptm HTTP/1.1" 200 21 "-" "WordPress/6.8.1; https://cyber-secure.com.au"
66.249.64.128 - - [13/Jul/2025:15:55:34 +0000] "GET /?e=94130432011000&mod=d43ab110&uri=goods.php%3Fid%3D3141317-169%26name%3Drolex%20submariner%20two%20tone%20price HTTP/1.1" 200 26110 "-" "Mozilla/5.0 (Linux; Android 6.0.1; Nexus 5X Build/MMB29P) AppleWebKit/537.36 (KHTML, like Gecko) Chrome/137.0.7151.103 Mobile Safari/537.36 (compatible; GoogleOther)"
209.74.77.214 - - [13/Jul/2025:15:56:34 +0000] "POST /wp-cron.php?doing_wp_cron=1752422194.0205259323120117187500 HTTP/1.1" 200 - "-" "WordPress/6.8.1; https://cyber-secure.com.au"
66.249.64.132 - - [13/Jul/2025:15:56:32 +0000] "GET /?e=3311536081000&mod=24917db1&uri=pin.php%3Fid%3D110536-215%26name%3Duefa+futsal+cup+final HTTP/1.1" 301 - "-" "Mozilla/5.0 (Linux; Android 6.0.1; Nexus 5X Build/MMB29P) AppleWebKit/537.36 (KHTML, like Gecko) Chrome/137.0.7151.103 Mobile Safari/537.36 (compatible; GoogleOther)"
209.74.77.214 - - [13/Jul/2025:15:56:34 +0000] "POST /wp-admin/admin-ajax.php?action=async_litespeed&nonce=tRJQ5H9VNstlLr2mPq6easke0O2QQmmW&litespeed_type=imgoptm HTTP/1.1" 200 21 "-" "WordPress/6.8.1; https://cyber-secure.com.au"
66.249.64.128 - - [13/Jul/2025:15:56:47 +0000] "GET /?e=3311536081000&mod=24917db1&uri=pin.php%3Fid%3D110536-215%26name%3Duefa%20futsal%20cup%20final HTTP/1.1" 200 26109 "-" "Mozilla/5.0 (Linux; Android 6.0.1; Nexus 5X Build/MMB29P) AppleWebKit/537.36 (KHTML, like Gecko) Chrome/137.0.7151.103 Mobile Safari/537.36 (compatible; GoogleOther)"
66.249.64.132 - - [13/Jul/2025:15:56:52 +0000] "GET /?e=872934041000&mod=a86c450b&uri=brands.php%3Fid%3D29150-57%26name%3Dxbox+one+stealth+700+wireless+headset HTTP/1.1" 200 21843 "-" "Mozilla/5.0 (compatible; Googlebot/2.1; +http://www.google.com/bot.html)"
209.74.77.214 - - [13/Jul/2025:15:58:18 +0000] "POST /wp-cron.php?doing_wp_cron=1752422298.8230199813842773437500 HTTP/1.1" 200 - "-" "WordPress/6.8.1; https://cyber-secure.com.au"
209.74.77.214 - - [13/Jul/2025:15:58:18 +0000] "POST /wp-admin/admin-ajax.php?action=async_litespeed&nonce=JKvz5o4s3hwetSulWKIJ8UKk4cuKZ80r&litespeed_type=imgoptm HTTP/1.1" 200 21 "-" "WordPress/6.8.1; https://cyber-secure.com.au"
66.249.64.128 - - [13/Jul/2025:15:58:17 +0000] "GET /?e=8760367051000&mod=a3ab4ff8&uri=info.php%3Fid%3D292522-447%26name%3Dr18683203 HTTP/1.1" 200 26111 "-" "Mozilla/5.0 (Linux; Android 6.0.1; Nexus 5X Build/MMB29P) AppleWebKit/537.36 (KHTML, like Gecko) Chrome/137.0.7151.103 Mobile Safari/537.36 (compatible; GoogleOther)"
66.249.64.128 - - [13/Jul/2025:15:58:41 +0000] "GET /?e=99498309051000&mod=5c645cc1&uri=pin.php%3Fid%3D3320513-469%26name%3Doff+white+duck+boots HTTP/1.1" 301 - "-" "Mozilla/5.0 (Linux; Android 6.0.1; Nexus 5X Build/MMB29P) AppleWebKit/537.36 (KHTML, like Gecko) Chrome/137.0.7151.103 Mobile Safari/537.36 (compatible; GoogleOther)"
66.249.64.129 - - [13/Jul/2025:15:59:02 +0000] "GET /?e=99498309051000&mod=5c645cc1&uri=pin.php%3Fid%3D3320513-469%26name%3Doff%20white%20duck%20boots HTTP/1.1" 200 26108 "-" "Mozilla/5.0 (Linux; Android 6.0.1; Nexus 5X Build/MMB29P) AppleWebKit/537.36 (KHTML, like Gecko) Chrome/137.0.7151.103 Mobile Safari/537.36 (compatible; GoogleOther)"
209.74.77.214 - - [13/Jul/2025:16:00:11 +0000] "POST /wp-cron.php?doing_wp_cron=1752422411.7919440269470214843750 HTTP/1.1" 200 - "-" "WordPress/6.8.1; https://cyber-secure.com.au"
66.249.64.128 - - [13/Jul/2025:16:00:09 +0000] "GET /?e=1078687001000&mod=5f2c22cb&uri=pin.php%3Fid%3D36016-72%26name%3Dtree+of+life+silver+locket HTTP/1.1" 301 - "-" "Mozilla/5.0 (Linux; Android 6.0.1; Nexus 5X Build/MMB29P) AppleWebKit/537.36 (KHTML, like Gecko) Chrome/137.0.7151.103 Mobile Safari/537.36 (compatible; GoogleOther)"
209.74.77.214 - - [13/Jul/2025:16:00:11 +0000] "POST /wp-admin/admin-ajax.php?action=async_litespeed&nonce=c6BqMlgZGl3TouoSvDCYg2HfCfD4OPIk&litespeed_type=imgoptm HTTP/1.1" 200 21 "-" "WordPress/6.8.1; https://cyber-secure.com.au"
209.74.77.214 - - [13/Jul/2025:16:00:37 +0000] "POST /wp-cron.php?doing_wp_cron=1752422437.6651680469512939453125 HTTP/1.1" 200 - "-" "WordPress/6.8.1; https://cyber-secure.com.au"
209.74.77.214 - - [13/Jul/2025:16:00:37 +0000] "POST /wp-admin/admin-ajax.php?action=async_litespeed&nonce=SNLyDdVopgpLF90AobqGaBT6DKnBG3Yl&litespeed_type=imgoptm HTTP/1.1" 200 21 "-" "WordPress/6.8.1; https://cyber-secure.com.au"
66.249.64.128 - - [13/Jul/2025:16:00:37 +0000] "GET /?e=1078687001000&mod=5f2c22cb&uri=pin.php%3Fid%3D36016-72%26name%3Dtree%20of%20life%20silver%20locket HTTP/1.1" 200 26106 "-" "Mozilla/5.0 (Linux; Android 6.0.1; Nexus 5X Build/MMB29P) AppleWebKit/537.36 (KHTML, like Gecko) Chrome/137.0.7151.103 Mobile Safari/537.36 (compatible; GoogleOther)"
51.222.253.10 - - [13/Jul/2025:16:00:54 +0000] "GET /?e=29236591021000&mod=75516177&uri=shared.php%3Fid%3D975777-960%26name%3Dcostco%20shade%20tent HTTP/1.1" 200 26110 "-" "Mozilla/5.0 (compatible; AhrefsBot/7.0; +http://ahrefs.com/robot/)"
66.249.64.132 - - [13/Jul/2025:16:01:02 +0000] "GET /pcmypage?callback=/product%2Fdetail%2F116565876112000 HTTP/1.1" 404 18279 "-" "Mozilla/5.0 (Linux; Android 6.0.1; Nexus 5X Build/MMB29P) AppleWebKit/537.36 (KHTML, like Gecko) Chrome/137.0.7151.103 Mobile Safari/537.36 (compatible; GoogleOther)"
209.74.77.214 - - [13/Jul/2025:16:01:31 +0000] "POST /wp-cron.php?doing_wp_cron=1752422491.7178030014038085937500 HTTP/1.1" 200 - "-" "WordPress/6.8.1; https://cyber-secure.com.au"
66.249.64.128 - - [13/Jul/2025:16:01:29 +0000] "GET /?e=99581528041000&mod=9a4b930f&uri=category-info.php%3Fid%3D3323290-1438%26name%3Dkevin+durant+yellow HTTP/1.1" 301 - "-" "Mozilla/5.0 (Linux; Android 6.0.1; Nexus 5X Build/MMB29P) AppleWebKit/537.36 (KHTML, like Gecko) Chrome/137.0.7151.103 Mobile Safari/537.36 (compatible; GoogleOther)"
209.74.77.214 - - [13/Jul/2025:16:01:31 +0000] "POST /wp-admin/admin-ajax.php?action=async_litespeed&nonce=9RVOIXj0rM8F4w9twtiYeRubtrU6WlLR&litespeed_type=imgoptm HTTP/1.1" 200 21 "-" "WordPress/6.8.1; https://cyber-secure.com.au"
66.249.64.132 - - [13/Jul/2025:16:01:54 +0000] "GET /?e=99581528041000&mod=9a4b930f&uri=category-info.php%3Fid%3D3323290-1438%26name%3Dkevin%20durant%20yellow HTTP/1.1" 200 26107 "-" "Mozilla/5.0 (Linux; Android 6.0.1; Nexus 5X Build/MMB29P) AppleWebKit/537.36 (KHTML, like Gecko) Chrome/137.0.7151.103 Mobile Safari/537.36 (compatible; GoogleOther)"
66.249.64.129 - - [13/Jul/2025:16:02:20 +0000] "GET /?e=45697729031000&mod=c6f798b8&uri=dp.php%3Fid%3D1525069-341%26name%3Dcasco+xr1100 HTTP/1.1" 200 22468 "-" "Mozilla/5.0 (Linux; Android 6.0.1; Nexus 5X Build/MMB29P) AppleWebKit/537.36 (KHTML, like Gecko) Chrome/137.0.7151.103 Mobile Safari/537.36 (compatible; Googlebot/2.1; +http://www.google.com/bot.html)"
66.249.64.128 - - [13/Jul/2025:16:02:23 +0000] "POST /get-message-notify HTTP/1.1" 200 21373 "https://cyber-secure.com.au/?e=45697729031000&mod=c6f798b8&uri=dp.php%3Fid%3D1525069-341%26name%3Dcasco+xr1100" "Mozilla/5.0 (Linux; Android 6.0.1; Nexus 5X Build/MMB29P) AppleWebKit/537.36 (KHTML, like Gecko) Chrome/137.0.7151.119 Mobile Safari/537.36 (compatible; Googlebot/2.1; +http://www.google.com/bot.html)"
209.74.77.214 - - [13/Jul/2025:16:02:27 +0000] "POST /wp-cron.php?doing_wp_cron=1752422547.1889050006866455078125 HTTP/1.1" 200 - "-" "WordPress/6.8.1; https://cyber-secure.com.au"
66.249.64.132 - - [13/Jul/2025:16:02:27 +0000] "GET /?e=19650361131000&mod=b7c13b0a&uri=goods.php%3Fid%3D655956-751%26name%3Dbolsa+backpack HTTP/1.1" 301 - "-" "Mozilla/5.0 (Linux; Android 6.0.1; Nexus 5X Build/MMB29P) AppleWebKit/537.36 (KHTML, like Gecko) Chrome/137.0.7151.103 Mobile Safari/537.36 (compatible; GoogleOther)"
209.74.77.214 - - [13/Jul/2025:16:02:27 +0000] "POST /wp-admin/admin-ajax.php?action=async_litespeed&nonce=E9FqGJhJguWzu7BnopFUSpWAcmTGrYIw&litespeed_type=imgoptm HTTP/1.1" 200 21 "-" "WordPress/6.8.1; https://cyber-secure.com.au"
66.249.64.132 - - [13/Jul/2025:16:02:42 +0000] "GET /?e=34496218031000&mod=a8abb4bb&uri=form.php%3Fid%3D1151356-44%26name%3Dadidas+hard+court+herren HTTP/1.1" 200 21265 "-" "Mozilla/5.0 (Linux; Android 6.0.1; Nexus 5X Build/MMB29P) AppleWebKit/537.36 (KHTML, like Gecko) Chrome/137.0.7151.103 Mobile Safari/537.36 (compatible; Googlebot/2.1; +http://www.google.com/bot.html)"
66.249.64.132 - - [13/Jul/2025:16:02:46 +0000] "GET /?e=19650361131000&mod=b7c13b0a&uri=goods.php%3Fid%3D655956-751%26name%3Dbolsa%20backpack HTTP/1.1" 200 26108 "-" "Mozilla/5.0 (Linux; Android 6.0.1; Nexus 5X Build/MMB29P) AppleWebKit/537.36 (KHTML, like Gecko) Chrome/137.0.7151.103 Mobile Safari/537.36 (compatible; GoogleOther)"
66.249.64.132 - - [13/Jul/2025:16:02:50 +0000] "GET /?e=871854041000&mod=6c9882bb&uri=news.php%3Fid%3D29114-25%26name%3Djumanji+xbox+one+review HTTP/1.1" 200 22203 "-" "Mozilla/5.0 (compatible; Googlebot/2.1; +http://www.google.com/bot.html)"
209.74.77.214 - - [13/Jul/2025:16:03:44 +0000] "POST /wp-cron.php?doing_wp_cron=1752422624.5130889415740966796875 HTTP/1.1" 200 - "-" "WordPress/6.8.1; https://cyber-secure.com.au"
66.249.64.132 - - [13/Jul/2025:16:03:43 +0000] "GET /?e=19633502041000&mod=5812f924&uri=news.php%3Fid%3D655394-322%26name%3Deswood+es50 HTTP/1.1" 301 - "-" "Mozilla/5.0 (Linux; Android 6.0.1; Nexus 5X Build/MMB29P) AppleWebKit/537.36 (KHTML, like Gecko) Chrome/137.0.7151.103 Mobile Safari/537.36 (compatible; GoogleOther)"
209.74.77.214 - - [13/Jul/2025:16:03:44 +0000] "POST /wp-admin/admin-ajax.php?action=async_litespeed&nonce=gYNwnCuWVG7xFbjvmutUQJp7INEp1cNi&litespeed_type=imgoptm HTTP/1.1" 200 21 "-" "WordPress/6.8.1; https://cyber-secure.com.au"
66.249.64.132 - - [13/Jul/2025:16:04:02 +0000] "GET /?e=19633502041000&mod=5812f924&uri=news.php%3Fid%3D655394-322%26name%3Deswood%20es50 HTTP/1.1" 200 26106 "-" "Mozilla/5.0 (Linux; Android 6.0.1; Nexus 5X Build/MMB29P) AppleWebKit/537.36 (KHTML, like Gecko) Chrome/137.0.7151.103 Mobile Safari/537.36 (compatible; GoogleOther)"
209.74.77.214 - - [13/Jul/2025:16:04:20 +0000] "POST /wp-cron.php?doing_wp_cron=1752422660.2775990962982177734375 HTTP/1.1" 200 - "-" "WordPress/6.8.1; https://cyber-secure.com.au"
66.249.64.132 - - [13/Jul/2025:16:04:20 +0000] "GET /?e=107604711011000&mod=7a677bb4&uri=pin.php%3Fid%3D3591123-1032%26name%3Ddslr+portrait+photography HTTP/1.1" 301 - "-" "Mozilla/5.0 (Linux; Android 6.0.1; Nexus 5X Build/MMB29P) AppleWebKit/537.36 (KHTML, like Gecko) Chrome/137.0.7151.103 Mobile Safari/537.36 (compatible; GoogleOther)"
209.74.77.214 - - [13/Jul/2025:16:04:20 +0000] "POST /wp-admin/admin-ajax.php?action=async_litespeed&nonce=KwFSpHOsEKb8E4dijZbYwatZvC1nKwkH&litespeed_type=imgoptm HTTP/1.1" 200 21 "-" "WordPress/6.8.1; https://cyber-secure.com.au"
66.249.64.132 - - [13/Jul/2025:16:04:37 +0000] "GET /?e=107604711011000&mod=7a677bb4&uri=pin.php%3Fid%3D3591123-1032%26name%3Ddslr%20portrait%20photography HTTP/1.1" 200 26111 "-" "Mozilla/5.0 (Linux; Android 6.0.1; Nexus 5X Build/MMB29P) AppleWebKit/537.36 (KHTML, like Gecko) Chrome/137.0.7151.103 Mobile Safari/537.36 (compatible; GoogleOther)"
209.74.77.214 - - [13/Jul/2025:16:05:37 +0000] "POST /wp-cron.php?doing_wp_cron=1752422737.0518219470977783203125 HTTP/1.1" 200 - "-" "WordPress/6.8.1; https://cyber-secure.com.au"
66.249.64.132 - - [13/Jul/2025:16:05:35 +0000] "GET /?e=116634350041000&mod=b3dd760e&uri=pin.php%3Fid%3D3892496-538%26name%3Dcamisas+elegantes+para+dama+2018 HTTP/1.1" 301 - "-" "Mozilla/5.0 (Linux; Android 6.0.1; Nexus 5X Build/MMB29P) AppleWebKit/537.36 (KHTML, like Gecko) Chrome/137.0.7151.103 Mobile Safari/537.36 (compatible; GoogleOther)"
209.74.77.214 - - [13/Jul/2025:16:05:37 +0000] "POST /wp-admin/admin-ajax.php?action=async_litespeed&nonce=A8Av6I5rnzvuB0VEgJE1yCFpUymQ7ZAq&litespeed_type=imgoptm HTTP/1.1" 200 21 "-" "WordPress/6.8.1; https://cyber-secure.com.au"
66.249.64.132 - - [13/Jul/2025:16:05:56 +0000] "GET /?e=116634350041000&mod=b3dd760e&uri=pin.php%3Fid%3D3892496-538%26name%3Dcamisas%20elegantes%20para%20dama%202018 HTTP/1.1" 200 26102 "-" "Mozilla/5.0 (Linux; Android 6.0.1; Nexus 5X Build/MMB29P) AppleWebKit/537.36 (KHTML, like Gecko) Chrome/137.0.7151.103 Mobile Safari/537.36 (compatible; GoogleOther)"
209.74.77.214 - - [13/Jul/2025:16:06:39 +0000] "POST /wp-cron.php?doing_wp_cron=1752422799.7899711132049560546875 HTTP/1.1" 200 - "-" "WordPress/6.8.1; https://cyber-secure.com.au"
66.249.64.128 - - [13/Jul/2025:16:06:38 +0000] "GET /?e=13410945011000&mod=3cba81c5&uri=pin.php%3Fid%3D447755-599%26name%3Djordan+retro+27+on+sale HTTP/1.1" 301 - "-" "Mozilla/5.0 (Linux; Android 6.0.1; Nexus 5X Build/MMB29P) AppleWebKit/537.36 (KHTML, like Gecko) Chrome/137.0.7151.103 Mobile Safari/537.36 (compatible; GoogleOther)"
209.74.77.214 - - [13/Jul/2025:16:06:39 +0000] "POST /wp-admin/admin-ajax.php?action=async_litespeed&nonce=9q0eA0K52uTPvR4lppwCrxzZ1ZvIGLUS&litespeed_type=imgoptm HTTP/1.1" 200 21 "-" "WordPress/6.8.1; https://cyber-secure.com.au"
66.249.64.128 - - [13/Jul/2025:16:06:55 +0000] "GET /?e=13410945011000&mod=3cba81c5&uri=pin.php%3Fid%3D447755-599%26name%3Djordan%20retro%2027%20on%20sale HTTP/1.1" 200 26109 "-" "Mozilla/5.0 (Linux; Android 6.0.1; Nexus 5X Build/MMB29P) AppleWebKit/537.36 (KHTML, like Gecko) Chrome/137.0.7151.103 Mobile Safari/537.36 (compatible; GoogleOther)"
209.74.77.214 - - [13/Jul/2025:16:07:24 +0000] "POST /wp-cron.php?doing_wp_cron=1752422844.2565860748291015625000 HTTP/1.1" 200 - "-" "WordPress/6.8.1; https://cyber-secure.com.au"
66.249.64.129 - - [13/Jul/2025:16:07:24 +0000] "GET /?e=13422705001000&mod=3cba81c5&uri=pin.php%3Fid%3D448147-599%26name%3Dthe+latest+air+jordan+shoes HTTP/1.1" 301 - "-" "Mozilla/5.0 (Linux; Android 6.0.1; Nexus 5X Build/MMB29P) AppleWebKit/537.36 (KHTML, like Gecko) Chrome/137.0.7151.103 Mobile Safari/537.36 (compatible; GoogleOther)"
209.74.77.214 - - [13/Jul/2025:16:07:24 +0000] "POST /wp-admin/admin-ajax.php?action=async_litespeed&nonce=18HdJzIzksqZMa4zKyAcl9oXGQkhz9fJ&litespeed_type=imgoptm HTTP/1.1" 200 21 "-" "WordPress/6.8.1; https://cyber-secure.com.au"
66.249.64.128 - - [13/Jul/2025:16:07:38 +0000] "GET /?e=13422705001000&mod=3cba81c5&uri=pin.php%3Fid%3D448147-599%26name%3Dthe%20latest%20air%20jordan%20shoes HTTP/1.1" 200 26105 "-" "Mozilla/5.0 (Linux; Android 6.0.1; Nexus 5X Build/MMB29P) AppleWebKit/537.36 (KHTML, like Gecko) Chrome/137.0.7151.103 Mobile Safari/537.36 (compatible; GoogleOther)"
66.249.64.132 - - [13/Jul/2025:16:07:55 +0000] "GET /?e=72242911031000&mod=39b8f721&uri=products.php%3Fid%3D2410824-427%26name%3Dyz+250+targata HTTP/1.1" 200 22125 "-" "Mozilla/5.0 (Linux; Android 6.0.1; Nexus 5X Build/MMB29P) AppleWebKit/537.36 (KHTML, like Gecko) Chrome/137.0.7151.103 Mobile Safari/537.36 (compatible; Googlebot/2.1; +http://www.google.com/bot.html)"
66.249.64.132 - - [13/Jul/2025:16:07:58 +0000] "GET /?e=17144400091000&mod=5e9fb672&uri=pin.php%3Fid%3D572323-683%26name%3Ddavid+vidal+vestidos+de+novia HTTP/1.1" 200 21124 "-" "Mozilla/5.0 (Linux; Android 6.0.1; Nexus 5X Build/MMB29P) AppleWebKit/537.36 (KHTML, like Gecko) Chrome/137.0.7151.103 Mobile Safari/537.36 (compatible; Googlebot/2.1; +http://www.google.com/bot.html)"
209.74.77.214 - - [13/Jul/2025:16:08:24 +0000] "POST /wp-cron.php?doing_wp_cron=1752422904.1423759460449218750000 HTTP/1.1" 200 - "-" "WordPress/6.8.1; https://cyber-secure.com.au"
205.185.122.222 - - [13/Jul/2025:16:08:24 +0000] "GET /wp-login.php HTTP/1.1" 200 5406 "-" "Mozilla/5.0 (Macintosh; Intel Mac OS X 10_8_5) AppleWebKit/537.36 (KHTML, like Gecko) Chrome/36.0.1985.125 Safari/537.36"
209.74.77.214 - - [13/Jul/2025:16:08:24 +0000] "POST /wp-admin/admin-ajax.php?action=async_litespeed&nonce=leAFPrtMptry0jK1aJahtP8hnpvVTqse&litespeed_type=imgoptm HTTP/1.1" 200 21 "-" "WordPress/6.8.1; https://cyber-secure.com.au"
66.249.64.128 - - [13/Jul/2025:16:08:50 +0000] "GET /?e=873054021000&mod=a86c450b&uri=blog.php%3Fid%3D29154-57%26name%3Dairpods+max+wire HTTP/1.1" 200 21808 "-" "Mozilla/5.0 (compatible; Googlebot/2.1; +http://www.google.com/bot.html)"
209.74.77.214 - - [13/Jul/2025:16:09:13 +0000] "POST /wp-cron.php?doing_wp_cron=1752422953.2528040409088134765625 HTTP/1.1" 200 - "-" "WordPress/6.8.1; https://cyber-secure.com.au"
66.249.64.128 - - [13/Jul/2025:16:09:12 +0000] "GET /?e=107682484001000&mod=a01a0380&uri=goods.php%3Fid%3D3593722-39%26name%3Dcorner+garden+sofa+with+dining+table HTTP/1.1" 301 - "-" "Mozilla/5.0 (Linux; Android 6.0.1; Nexus 5X Build/MMB29P) AppleWebKit/537.36 (KHTML, like Gecko) Chrome/137.0.7151.103 Mobile Safari/537.36 (compatible; GoogleOther)"
209.74.77.214 - - [13/Jul/2025:16:09:20 +0000] "POST /wp-cron.php?doing_wp_cron=1752422960.5131509304046630859375 HTTP/1.1" 200 - "-" "WordPress/6.8.1; https://cyber-secure.com.au"
209.74.77.214 - - [13/Jul/2025:16:09:20 +0000] "POST /wp-admin/admin-ajax.php?action=async_litespeed&nonce=F8kRa6Rkqi0zITpALOjFrSSigFfpQkSg&litespeed_type=imgoptm HTTP/1.1" 200 21 "-" "WordPress/6.8.1; https://cyber-secure.com.au"
66.249.64.132 - - [13/Jul/2025:16:09:20 +0000] "GET /?e=107682484001000&mod=a01a0380&uri=goods.php%3Fid%3D3593722-39%26name%3Dcorner%20garden%20sofa%20with%20dining%20table HTTP/1.1" 200 26110 "-" "Mozilla/5.0 (Linux; Android 6.0.1; Nexus 5X Build/MMB29P) AppleWebKit/537.36 (KHTML, like Gecko) Chrome/137.0.7151.103 Mobile Safari/537.36 (compatible; GoogleOther)"
205.185.122.222 - - [13/Jul/2025:16:09:35 +0000] "POST /wp-login.php HTTP/1.1" 200 5662 "-" "Mozilla/5.0 (Macintosh; Intel Mac OS X 10_8_5) AppleWebKit/537.36 (KHTML, like Gecko) Chrome/36.0.1985.125 Safari/537.36"
209.74.77.214 - - [13/Jul/2025:16:10:10 +0000] "POST /wp-cron.php?doing_wp_cron=1752423010.6025900840759277343750 HTTP/1.1" 200 - "-" "WordPress/6.8.1; https://cyber-secure.com.au"
66.249.64.128 - - [13/Jul/2025:16:10:08 +0000] "GET /?e=107298764081000&mod=a01a0380&uri=dp.php%3Fid%3D3580908-39%26name%3Ddesk+and+swivel+chair+set HTTP/1.1" 301 - "-" "Mozilla/5.0 (Linux; Android 6.0.1; Nexus 5X Build/MMB29P) AppleWebKit/537.36 (KHTML, like Gecko) Chrome/137.0.7151.103 Mobile Safari/537.36 (compatible; GoogleOther)"
209.74.77.214 - - [13/Jul/2025:16:10:32 +0000] "POST /wp-cron.php?doing_wp_cron=1752423032.7317879199981689453125 HTTP/1.1" 200 - "-" "WordPress/6.8.1; https://cyber-secure.com.au"
209.74.77.214 - - [13/Jul/2025:16:10:32 +0000] "POST /wp-admin/admin-ajax.php?action=async_litespeed&nonce=uo9bdvwREmBr5ErcHlCjeEyoVJziZZeh&litespeed_type=imgoptm HTTP/1.1" 200 21 "-" "WordPress/6.8.1; https://cyber-secure.com.au"
66.249.64.132 - - [13/Jul/2025:16:10:32 +0000] "GET /?e=107298764081000&mod=a01a0380&uri=dp.php%3Fid%3D3580908-39%26name%3Ddesk%20and%20swivel%20chair%20set HTTP/1.1" 200 26107 "-" "Mozilla/5.0 (Linux; Android 6.0.1; Nexus 5X Build/MMB29P) AppleWebKit/537.36 (KHTML, like Gecko) Chrome/137.0.7151.103 Mobile Safari/537.36 (compatible; GoogleOther)"
66.249.64.129 - - [13/Jul/2025:16:11:01 +0000] "GET /?e=19669021061000&mod=b7c13b0a&uri=pin.php%3Fid%3D656578-751%26name%3Dmochila+fidella+opiniones HTTP/1.1" 301 - "-" "Mozilla/5.0 (Linux; Android 6.0.1; Nexus 5X Build/MMB29P) AppleWebKit/537.36 (KHTML, like Gecko) Chrome/137.0.7151.103 Mobile Safari/537.36 (compatible; GoogleOther)"
209.74.77.214 - - [13/Jul/2025:16:11:21 +0000] "POST /wp-cron.php?doing_wp_cron=1752423081.7936599254608154296875 HTTP/1.1" 200 - "-" "WordPress/6.8.1; https://cyber-secure.com.au"
209.74.77.214 - - [13/Jul/2025:16:11:21 +0000] "POST /wp-admin/admin-ajax.php?action=async_litespeed&nonce=AAp8y1f3KuldXfNU7c4ig2CrmBbQlsYy&litespeed_type=imgoptm HTTP/1.1" 200 21 "-" "WordPress/6.8.1; https://cyber-secure.com.au"
66.249.64.128 - - [13/Jul/2025:16:11:21 +0000] "GET /?e=19669021061000&mod=b7c13b0a&uri=pin.php%3Fid%3D656578-751%26name%3Dmochila%20fidella%20opiniones HTTP/1.1" 200 26108 "-" "Mozilla/5.0 (Linux; Android 6.0.1; Nexus 5X Build/MMB29P) AppleWebKit/537.36 (KHTML, like Gecko) Chrome/137.0.7151.103 Mobile Safari/537.36 (compatible; GoogleOther)"
209.74.77.214 - - [13/Jul/2025:16:12:39 +0000] "POST /wp-cron.php?doing_wp_cron=1752423159.7906970977783203125000 HTTP/1.1" 200 - "-" "WordPress/6.8.1; https://cyber-secure.com.au"
66.249.64.129 - - [13/Jul/2025:16:12:38 +0000] "GET /?e=85929834031000&mod=220a7f49&uri=product.php%3Fid%3D2867613-268%26name%3Dmizums+watch+amazon HTTP/1.1" 301 - "-" "Mozilla/5.0 (Linux; Android 6.0.1; Nexus 5X Build/MMB29P) AppleWebKit/537.36 (KHTML, like Gecko) Chrome/137.0.7151.103 Mobile Safari/537.36 (compatible; GoogleOther)"
209.74.77.214 - - [13/Jul/2025:16:12:39 +0000] "POST /wp-admin/admin-ajax.php?action=async_litespeed&nonce=KrTumUIcfXgfeO1LYc6SzZT1jAgWKgvM&litespeed_type=imgoptm HTTP/1.1" 200 21 "-" "WordPress/6.8.1; https://cyber-secure.com.au"
66.249.64.132 - - [13/Jul/2025:16:12:56 +0000] "GET /?e=85929834031000&mod=220a7f49&uri=product.php%3Fid%3D2867613-268%26name%3Dmizums%20watch%20amazon HTTP/1.1" 200 26110 "-" "Mozilla/5.0 (Linux; Android 6.0.1; Nexus 5X Build/MMB29P) AppleWebKit/537.36 (KHTML, like Gecko) Chrome/137.0.7151.103 Mobile Safari/537.36 (compatible; GoogleOther)"
209.74.77.214 - - [13/Jul/2025:16:13:14 +0000] "POST /wp-cron.php?doing_wp_cron=1752423194.0170369148254394531250 HTTP/1.1" 200 - "-" "WordPress/6.8.1; https://cyber-secure.com.au"
66.249.64.128 - - [13/Jul/2025:16:13:13 +0000] "GET /?e=4248946081000&mod=55a988df&uri=pin.php%3Fid%3D141816-253%26name%3Dlego+magic+forest+bracelet HTTP/1.1" 301 - "-" "Mozilla/5.0 (Linux; Android 6.0.1; Nexus 5X Build/MMB29P) AppleWebKit/537.36 (KHTML, like Gecko) Chrome/137.0.7151.103 Mobile Safari/537.36 (compatible; GoogleOther)"
209.74.77.214 - - [13/Jul/2025:16:13:14 +0000] "POST /wp-admin/admin-ajax.php?action=async_litespeed&nonce=G4K50b3MKc5FMoqJOsYSuKQn3QNrSFYj&litespeed_type=imgoptm HTTP/1.1" 200 21 "-" "WordPress/6.8.1; https://cyber-secure.com.au"
51.222.253.11 - - [13/Jul/2025:16:13:24 +0000] "GET /?e=20943647031000&uri=form.php%3Fid%3D699105-208%26name%3Dinstax%20camera%20case%20mini HTTP/1.1" 200 26106 "-" "Mozilla/5.0 (compatible; AhrefsBot/7.0; +http://ahrefs.com/robot/)"
66.249.64.128 - - [13/Jul/2025:16:13:29 +0000] "GET /?e=4248946081000&mod=55a988df&uri=pin.php%3Fid%3D141816-253%26name%3Dlego%20magic%20forest%20bracelet HTTP/1.1" 200 26112 "-" "Mozilla/5.0 (Linux; Android 6.0.1; Nexus 5X Build/MMB29P) AppleWebKit/537.36 (KHTML, like Gecko) Chrome/137.0.7151.103 Mobile Safari/537.36 (compatible; GoogleOther)"
66.249.64.132 - - [13/Jul/2025:16:13:40 +0000] "GET /?e=99486639021000&mod=5c645cc1&uri=shop.php%3Fid%3D3320124-469%26name%3Dnike+navy+cortez HTTP/1.1" 200 21523 "-" "Mozilla/5.0 (Linux; Android 6.0.1; Nexus 5X Build/MMB29P) AppleWebKit/537.36 (KHTML, like Gecko) Chrome/137.0.7151.103 Mobile Safari/537.36 (compatible; Googlebot/2.1; +http://www.google.com/bot.html)"
209.74.77.214 - - [13/Jul/2025:16:14:39 +0000] "POST /wp-cron.php?doing_wp_cron=1752423279.9600329399108886718750 HTTP/1.1" 200 - "-" "WordPress/6.8.1; https://cyber-secure.com.au"
66.249.64.129 - - [13/Jul/2025:16:14:38 +0000] "GET /?e=45730742121000&mod=c1e247e2&uri=pin.php%3Fid%3D1526173-1221%26name%3Dxiaomi+fimi+a3+aliexpress HTTP/1.1" 301 - "-" "Mozilla/5.0 (Linux; Android 6.0.1; Nexus 5X Build/MMB29P) AppleWebKit/537.36 (KHTML, like Gecko) Chrome/137.0.7151.103 Mobile Safari/537.36 (compatible; GoogleOther)"
209.74.77.214 - - [13/Jul/2025:16:14:40 +0000] "POST /wp-admin/admin-ajax.php?action=async_litespeed&nonce=KP0osC1Riv9Qst6hCoJ2wWxsHv8jU5CS&litespeed_type=imgoptm HTTP/1.1" 200 21 "-" "WordPress/6.8.1; https://cyber-secure.com.au"
66.249.64.132 - - [13/Jul/2025:16:14:52 +0000] "GET /?e=869574061000&mod=335f5352&uri=info.php%3Fid%3D29038-24%26name%3Dtriumph+tiger+800+xca+2019+triumph+tiger+800+xca HTTP/1.1" 200 22139 "-" "Mozilla/5.0 (compatible; Googlebot/2.1; +http://www.google.com/bot.html)"
66.249.64.132 - - [13/Jul/2025:16:15:22 +0000] "POST /get-message-notify HTTP/1.1" 200 21393 "https://cyber-secure.com.au/?e=869574061000&mod=335f5352&uri=info.php%3Fid%3D29038-24%26name%3Dtriumph+tiger+800+xca+2019+triumph+tiger+800+xca" "Mozilla/5.0 AppleWebKit/537.36 (KHTML, like Gecko; compatible; Googlebot/2.1; +http://www.google.com/bot.html) Chrome/137.0.7151.119 Safari/537.36"
209.74.77.214 - - [13/Jul/2025:16:15:32 +0000] "POST /wp-cron.php?doing_wp_cron=1752423332.5695879459381103515625 HTTP/1.1" 200 - "-" "WordPress/6.8.1; https://cyber-secure.com.au"
209.74.77.214 - - [13/Jul/2025:16:15:32 +0000] "POST /wp-admin/admin-ajax.php?action=async_litespeed&nonce=yICn7w7y9EaBelnKtYbTAsO8Ie5iZvL2&litespeed_type=imgoptm HTTP/1.1" 200 21 "-" "WordPress/6.8.1; https://cyber-secure.com.au"
66.249.64.132 - - [13/Jul/2025:16:15:32 +0000] "GET /?e=45730742121000&mod=c1e247e2&uri=pin.php%3Fid%3D1526173-1221%26name%3Dxiaomi%20fimi%20a3%20aliexpress HTTP/1.1" 200 26109 "-" "Mozilla/5.0 (Linux; Android 6.0.1; Nexus 5X Build/MMB29P) AppleWebKit/537.36 (KHTML, like Gecko) Chrome/137.0.7151.103 Mobile Safari/537.36 (compatible; GoogleOther)"
209.74.77.214 - - [13/Jul/2025:16:16:28 +0000] "POST /wp-cron.php?doing_wp_cron=1752423388.5102369785308837890625 HTTP/1.1" 200 - "-" "WordPress/6.8.1; https://cyber-secure.com.au"
66.249.64.128 - - [13/Jul/2025:16:16:27 +0000] "GET /?e=119502627071000&mod=a3ec6dd8&uri=pin.php%3Fid%3D3988169-410%26name%3Dlego+man+iron+man HTTP/1.1" 301 - "-" "Mozilla/5.0 (Linux; Android 6.0.1; Nexus 5X Build/MMB29P) AppleWebKit/537.36 (KHTML, like Gecko) Chrome/137.0.7151.103 Mobile Safari/537.36 (compatible; GoogleOther)"
209.74.77.214 - - [13/Jul/2025:16:16:28 +0000] "POST /wp-admin/admin-ajax.php?action=async_litespeed&nonce=Sg3SU52klC32dBcJZTPYDxiyhArSt5c6&litespeed_type=imgoptm HTTP/1.1" 200 21 "-" "WordPress/6.8.1; https://cyber-secure.com.au"
66.249.64.132 - - [13/Jul/2025:16:16:43 +0000] "GET /?e=119502627071000&mod=a3ec6dd8&uri=pin.php%3Fid%3D3988169-410%26name%3Dlego%20man%20iron%20man HTTP/1.1" 200 26105 "-" "Mozilla/5.0 (Linux; Android 6.0.1; Nexus 5X Build/MMB29P) AppleWebKit/537.36 (KHTML, like Gecko) Chrome/137.0.7151.103 Mobile Safari/537.36 (compatible; GoogleOther)"
66.249.64.132 - - [13/Jul/2025:16:16:58 +0000] "GET /?e=3271493011000&mod=54ff9e9e&uri=us.php%3Fid%3D109201-208%26name%3Dlomo+oks HTTP/1.1" 301 - "-" "Mozilla/5.0 (Linux; Android 6.0.1; Nexus 5X Build/MMB29P) AppleWebKit/537.36 (KHTML, like Gecko) Chrome/137.0.7151.103 Mobile Safari/537.36 (compatible; GoogleOther)"
209.74.77.214 - - [13/Jul/2025:16:17:12 +0000] "POST /wp-cron.php?doing_wp_cron=1752423432.5112299919128417968750 HTTP/1.1" 200 - "-" "WordPress/6.8.1; https://cyber-secure.com.au"
66.249.64.128 - - [13/Jul/2025:16:17:12 +0000] "GET /?e=3271493011000&mod=54ff9e9e&uri=us.php%3Fid%3D109201-208%26name%3Dlomo%20oks HTTP/1.1" 200 26108 "-" "Mozilla/5.0 (Linux; Android 6.0.1; Nexus 5X Build/MMB29P) AppleWebKit/537.36 (KHTML, like Gecko) Chrome/137.0.7151.103 Mobile Safari/537.36 (compatible; GoogleOther)"
209.74.77.214 - - [13/Jul/2025:16:18:17 +0000] "POST /wp-cron.php?doing_wp_cron=1752423497.2005789279937744140625 HTTP/1.1" 200 - "-" "WordPress/6.8.1; https://cyber-secure.com.au"
66.249.64.129 - - [13/Jul/2025:16:18:15 +0000] "GET /?e=114002392031000&mod=cdf49f52&uri=pin.php%3Fid%3D3804675-1152%26name%3Dcherry+colour+ladies+suits HTTP/1.1" 301 - "-" "Mozilla/5.0 (Linux; Android 6.0.1; Nexus 5X Build/MMB29P) AppleWebKit/537.36 (KHTML, like Gecko) Chrome/137.0.7151.103 Mobile Safari/537.36 (compatible; GoogleOther)"
209.74.77.214 - - [13/Jul/2025:16:18:17 +0000] "POST /wp-admin/admin-ajax.php?action=async_litespeed&nonce=eiFchG602RXfqsgDMhEgPnltVpOjtTff&litespeed_type=imgoptm HTTP/1.1" 200 21 "-" "WordPress/6.8.1; https://cyber-secure.com.au"
66.249.64.132 - - [13/Jul/2025:16:18:34 +0000] "GET /?e=114002392031000&mod=cdf49f52&uri=pin.php%3Fid%3D3804675-1152%26name%3Dcherry%20colour%20ladies%20suits HTTP/1.1" 200 26105 "-" "Mozilla/5.0 (Linux; Android 6.0.1; Nexus 5X Build/MMB29P) AppleWebKit/537.36 (KHTML, like Gecko) Chrome/137.0.7151.103 Mobile Safari/537.36 (compatible; GoogleOther)"
66.249.64.132 - - [13/Jul/2025:16:18:51 +0000] "GET /?e=72306927021000&mod=d4a973e3&uri=product.php%3Fid%3D2412966-808%26name%3Dzalando+jers%C3%83%C2%A9is+mujer HTTP/1.1" 301 - "-" "Mozilla/5.0 (Linux; Android 6.0.1; Nexus 5X Build/MMB29P) AppleWebKit/537.36 (KHTML, like Gecko) Chrome/137.0.7151.103 Mobile Safari/537.36 (compatible; GoogleOther)"
66.249.64.128 - - [13/Jul/2025:16:19:06 +0000] "GET /?e=72306927021000&mod=d4a973e3&uri=product.php%3Fid%3D2412966-808%26name%3Dzalando%20jers%C3%83%C2%A9is%20mujer HTTP/1.1" 200 26106 "-" "Mozilla/5.0 (Linux; Android 6.0.1; Nexus 5X Build/MMB29P) AppleWebKit/537.36 (KHTML, like Gecko) Chrome/137.0.7151.103 Mobile Safari/537.36 (compatible; GoogleOther)"
66.249.64.132 - - [13/Jul/2025:16:19:52 +0000] "GET /?e=870894021000&mod=6c9882bb&uri=news.php%3Fid%3D29082-25%26name%3Dstar+wars+xbox+360+console HTTP/1.1" 200 21576 "-" "Mozilla/5.0 (compatible; Googlebot/2.1; +http://www.google.com/bot.html)"
209.74.77.214 - - [13/Jul/2025:16:20:08 +0000] "POST /wp-cron.php?doing_wp_cron=1752423608.0805609226226806640625 HTTP/1.1" 200 - "-" "WordPress/6.8.1; https://cyber-secure.com.au"
66.249.64.128 - - [13/Jul/2025:16:20:07 +0000] "GET /?e=119761464081000&mod=512c5cad&uri=pin.php%3Fid%3D3996804-141%26name%3Dvestido+lana+verde HTTP/1.1" 301 - "-" "Mozilla/5.0 (Linux; Android 6.0.1; Nexus 5X Build/MMB29P) AppleWebKit/537.36 (KHTML, like Gecko) Chrome/137.0.7151.103 Mobile Safari/537.36 (compatible; GoogleOther)"
209.74.77.214 - - [13/Jul/2025:16:20:08 +0000] "POST /wp-admin/admin-ajax.php?action=async_litespeed&nonce=uNQZIHbKWOvXCMLg1YYZXkm0nTHNrmcN&litespeed_type=imgoptm HTTP/1.1" 200 21 "-" "WordPress/6.8.1; https://cyber-secure.com.au"
209.74.77.214 - - [13/Jul/2025:16:20:21 +0000] "POST /wp-cron.php?doing_wp_cron=1752423621.0346179008483886718750 HTTP/1.1" 200 - "-" "WordPress/6.8.1; https://cyber-secure.com.au"
209.74.77.214 - - [13/Jul/2025:16:20:21 +0000] "POST /wp-admin/admin-ajax.php?action=async_litespeed&nonce=Zkd3MAlvk92UUqgxrD3aQBUd1FLZLT9d&litespeed_type=imgoptm HTTP/1.1" 200 21 "-" "WordPress/6.8.1; https://cyber-secure.com.au"
66.249.64.128 - - [13/Jul/2025:16:20:20 +0000] "GET /?e=119761464081000&mod=512c5cad&uri=pin.php%3Fid%3D3996804-141%26name%3Dvestido%20lana%20verde HTTP/1.1" 200 26108 "-" "Mozilla/5.0 (Linux; Android 6.0.1; Nexus 5X Build/MMB29P) AppleWebKit/537.36 (KHTML, like Gecko) Chrome/137.0.7151.103 Mobile Safari/537.36 (compatible; GoogleOther)"
209.74.77.214 - - [13/Jul/2025:16:23:02 +0000] "POST /wp-cron.php?doing_wp_cron=1752423782.7179648876190185546875 HTTP/1.1" 200 - "-" "WordPress/6.8.1; https://cyber-secure.com.au"
66.249.64.128 - - [13/Jul/2025:16:23:01 +0000] "GET /?e=72267592031000&mod=ec8ce6ab&uri=dp.php%3Fid%3D2411653-22%26name%3Diwc+big+pilots+watch+43 HTTP/1.1" 301 - "-" "Mozilla/5.0 (Linux; Android 6.0.1; Nexus 5X Build/MMB29P) AppleWebKit/537.36 (KHTML, like Gecko) Chrome/137.0.7151.103 Mobile Safari/537.36 (compatible; GoogleOther)"
209.74.77.214 - - [13/Jul/2025:16:23:02 +0000] "POST /wp-admin/admin-ajax.php?action=async_litespeed&nonce=2lDZgqmuMkdCqbEeB4iaaPi6g1b4Xbgp&litespeed_type=imgoptm HTTP/1.1" 200 21 "-" "WordPress/6.8.1; https://cyber-secure.com.au"
209.74.77.214 - - [13/Jul/2025:16:23:25 +0000] "POST /wp-cron.php?doing_wp_cron=1752423805.0846350193023681640625 HTTP/1.1" 200 - "-" "WordPress/6.8.1; https://cyber-secure.com.au"
209.74.77.214 - - [13/Jul/2025:16:23:25 +0000] "POST /wp-admin/admin-ajax.php?action=async_litespeed&nonce=3xjN99T9zYXEcv4iC66YwodSxFNkcqpH&litespeed_type=imgoptm HTTP/1.1" 200 21 "-" "WordPress/6.8.1; https://cyber-secure.com.au"
66.249.64.132 - - [13/Jul/2025:16:23:24 +0000] "GET /?e=72267592031000&mod=ec8ce6ab&uri=dp.php%3Fid%3D2411653-22%26name%3Diwc%20big%20pilots%20watch%2043 HTTP/1.1" 200 26107 "-" "Mozilla/5.0 (Linux; Android 6.0.1; Nexus 5X Build/MMB29P) AppleWebKit/537.36 (KHTML, like Gecko) Chrome/137.0.7151.103 Mobile Safari/537.36 (compatible; GoogleOther)"
66.249.64.132 - - [13/Jul/2025:16:23:51 +0000] "GET /?e=42237939031000&mod=c6036a69&uri=dp.php%3Fid%3D1409656-112%26name%3Dmochila+cruzada+xiaomi HTTP/1.1" 301 - "-" "Mozilla/5.0 (Linux; Android 6.0.1; Nexus 5X Build/MMB29P) AppleWebKit/537.36 (KHTML, like Gecko) Chrome/137.0.7151.103 Mobile Safari/537.36 (compatible; GoogleOther)"
209.74.77.214 - - [13/Jul/2025:16:24:11 +0000] "POST /wp-cron.php?doing_wp_cron=1752423851.2920711040496826171875 HTTP/1.1" 200 - "-" "WordPress/6.8.1; https://cyber-secure.com.au"
66.249.64.128 - - [13/Jul/2025:16:24:11 +0000] "GET /?e=42237939031000&mod=c6036a69&uri=dp.php%3Fid%3D1409656-112%26name%3Dmochila%20cruzada%20xiaomi HTTP/1.1" 200 26105 "-" "Mozilla/5.0 (Linux; Android 6.0.1; Nexus 5X Build/MMB29P) AppleWebKit/537.36 (KHTML, like Gecko) Chrome/137.0.7151.103 Mobile Safari/537.36 (compatible; GoogleOther)"
209.74.77.214 - - [13/Jul/2025:16:24:38 +0000] "POST /wp-cron.php?doing_wp_cron=1752423878.6830708980560302734375 HTTP/1.1" 200 - "-" "WordPress/6.8.1; https://cyber-secure.com.au"
66.249.64.128 - - [13/Jul/2025:16:24:38 +0000] "GET /?e=34493878041000&mod=c922de9e&uri=info.php%3Fid%3D1151278-313%26name%3Dhandtasche+gr%C3%83%C2%BCn+leder HTTP/1.1" 301 - "-" "Mozilla/5.0 (Linux; Android 6.0.1; Nexus 5X Build/MMB29P) AppleWebKit/537.36 (KHTML, like Gecko) Chrome/137.0.7151.103 Mobile Safari/537.36 (compatible; GoogleOther)"
209.74.77.214 - - [13/Jul/2025:16:24:38 +0000] "POST /wp-admin/admin-ajax.php?action=async_litespeed&nonce=zamiIMT1SQ8TUMT0l4Ktl3tNijYTqXnt&litespeed_type=imgoptm HTTP/1.1" 200 21 "-" "WordPress/6.8.1; https://cyber-secure.com.au"
66.249.64.132 - - [13/Jul/2025:16:24:54 +0000] "GET /?e=34493878041000&mod=c922de9e&uri=info.php%3Fid%3D1151278-313%26name%3Dhandtasche%20gr%C3%83%C2%BCn%20leder HTTP/1.1" 200 26108 "-" "Mozilla/5.0 (Linux; Android 6.0.1; Nexus 5X Build/MMB29P) AppleWebKit/537.36 (KHTML, like Gecko) Chrome/137.0.7151.103 Mobile Safari/537.36 (compatible; GoogleOther)"
51.222.253.6 - - [13/Jul/2025:16:24:55 +0000] "GET /?e=16678847041000&uri=blog.php%3Fid%3D556798-612%26name%3Dmax%20mara%20cappotto%20101801 HTTP/1.1" 200 26106 "-" "Mozilla/5.0 (compatible; AhrefsBot/7.0; +http://ahrefs.com/robot/)"
209.74.77.214 - - [13/Jul/2025:16:25:31 +0000] "POST /wp-cron.php?doing_wp_cron=1752423931.6846909523010253906250 HTTP/1.1" 200 - "-" "WordPress/6.8.1; https://cyber-secure.com.au"
66.249.64.128 - - [13/Jul/2025:16:25:30 +0000] "GET /?e=34588729071000&mod=3b9be7e1&uri=shop.php%3Fid%3D1154455-408%26name%3Dgalaxy+print+sweater HTTP/1.1" 301 - "-" "Mozilla/5.0 (Linux; Android 6.0.1; Nexus 5X Build/MMB29P) AppleWebKit/537.36 (KHTML, like Gecko) Chrome/137.0.7151.103 Mobile Safari/537.36 (compatible; GoogleOther)"
209.74.77.214 - - [13/Jul/2025:16:25:31 +0000] "POST /wp-admin/admin-ajax.php?action=async_litespeed&nonce=IzLK0J4b3KZx8LrnDdPPPa8hugHmneVX&litespeed_type=imgoptm HTTP/1.1" 200 21 "-" "WordPress/6.8.1; https://cyber-secure.com.au"
66.249.64.128 - - [13/Jul/2025:16:25:37 +0000] "GET /?e=4919730061000&mod=f6b5f8c3&uri=us.php%3Fid%3D164242-299%26name%3Dtobi+slip+dress HTTP/1.1" 200 21849 "-" "Mozilla/5.0 (Linux; Android 6.0.1; Nexus 5X Build/MMB29P) AppleWebKit/537.36 (KHTML, like Gecko) Chrome/137.0.7151.103 Mobile Safari/537.36 (compatible; Googlebot/2.1; +http://www.google.com/bot.html)"
66.249.64.132 - - [13/Jul/2025:16:25:46 +0000] "GET /?e=34588729071000&mod=3b9be7e1&uri=shop.php%3Fid%3D1154455-408%26name%3Dgalaxy%20print%20sweater HTTP/1.1" 200 26117 "-" "Mozilla/5.0 (Linux; Android 6.0.1; Nexus 5X Build/MMB29P) AppleWebKit/537.36 (KHTML, like Gecko) Chrome/137.0.7151.103 Mobile Safari/537.36 (compatible; GoogleOther)"
66.249.64.132 - - [13/Jul/2025:16:25:53 +0000] "GET /?e=832224011000&mod=01f78be6&uri=brands.php%3Fid%3D27793-55%26name%3Dbicicleta+rodado+14+varon HTTP/1.1" 200 21612 "-" "Mozilla/5.0 (compatible; Googlebot/2.1; +http://www.google.com/bot.html)"
209.74.77.214 - - [13/Jul/2025:16:29:08 +0000] "POST /wp-cron.php?doing_wp_cron=1752424148.9618558883666992187500 HTTP/1.1" 200 - "-" "WordPress/6.8.1; https://cyber-secure.com.au"
209.74.77.214 - - [13/Jul/2025:16:29:09 +0000] "POST /wp-admin/admin-ajax.php?action=async_litespeed&nonce=JiBgGFH9WI54AgzXKir2qOyR9p7Rp9q0&litespeed_type=imgoptm HTTP/1.1" 200 21 "-" "WordPress/6.8.1; https://cyber-secure.com.au"
66.249.64.128 - - [13/Jul/2025:16:29:07 +0000] "GET /?e=19634342061000&mod=5812f924&uri=pin.php%3Fid%3D655422-322%26name%3Dsms40t32uk HTTP/1.1" 200 26106 "-" "Mozilla/5.0 (Linux; Android 6.0.1; Nexus 5X Build/MMB29P) AppleWebKit/537.36 (KHTML, like Gecko) Chrome/137.0.7151.103 Mobile Safari/537.36 (compatible; GoogleOther)"
209.74.77.214 - - [13/Jul/2025:16:29:33 +0000] "POST /wp-cron.php?doing_wp_cron=1752424173.9140679836273193359375 HTTP/1.1" 200 - "-" "WordPress/6.8.1; https://cyber-secure.com.au"
66.249.64.132 - - [13/Jul/2025:16:29:33 +0000] "GET /?e=72324537021000&mod=cf3c6554&uri=news.php%3Fid%3D2413553-1442%26name%3Dmovimento+eta+quarzo HTTP/1.1" 301 - "-" "Mozilla/5.0 (Linux; Android 6.0.1; Nexus 5X Build/MMB29P) AppleWebKit/537.36 (KHTML, like Gecko) Chrome/137.0.7151.103 Mobile Safari/537.36 (compatible; GoogleOther)"
209.74.77.214 - - [13/Jul/2025:16:29:34 +0000] "POST /wp-admin/admin-ajax.php?action=async_litespeed&nonce=skABhI8Ri7oYUgPpa4X6g44qXmnI6P83&litespeed_type=imgoptm HTTP/1.1" 200 21 "-" "WordPress/6.8.1; https://cyber-secure.com.au"
66.249.64.132 - - [13/Jul/2025:16:29:54 +0000] "POST /get-message-notify HTTP/1.1" 200 21389 "https://cyber-secure.com.au/?e=4919730061000&mod=f6b5f8c3&uri=us.php%3Fid%3D164242-299%26name%3Dtobi+slip+dress" "Mozilla/5.0 (Linux; Android 6.0.1; Nexus 5X Build/MMB29P) AppleWebKit/537.36 (KHTML, like Gecko) Chrome/137.0.7151.119 Mobile Safari/537.36 (compatible; Googlebot/2.1; +http://www.google.com/bot.html)"
66.249.64.132 - - [13/Jul/2025:16:29:57 +0000] "GET /?e=72324537021000&mod=cf3c6554&uri=news.php%3Fid%3D2413553-1442%26name%3Dmovimento%20eta%20quarzo HTTP/1.1" 200 26102 "-" "Mozilla/5.0 (Linux; Android 6.0.1; Nexus 5X Build/MMB29P) AppleWebKit/537.36 (KHTML, like Gecko) Chrome/137.0.7151.103 Mobile Safari/537.36 (compatible; GoogleOther)"
209.74.77.214 - - [13/Jul/2025:16:30:42 +0000] "POST /wp-cron.php?doing_wp_cron=1752424242.7868449687957763671875 HTTP/1.1" 200 - "-" "WordPress/6.8.1; https://cyber-secure.com.au"
66.249.64.129 - - [13/Jul/2025:16:30:41 +0000] "GET /?e=22718552041000&mod=e9412ee5&uri=brands.php%3Fid%3D758314-246%26name%3Dsolar+powered+cctv+kit HTTP/1.1" 301 - "-" "Mozilla/5.0 (Linux; Android 6.0.1; Nexus 5X Build/MMB29P) AppleWebKit/537.36 (KHTML, like Gecko) Chrome/137.0.7151.103 Mobile Safari/537.36 (compatible; GoogleOther)"
209.74.77.214 - - [13/Jul/2025:16:30:42 +0000] "POST /wp-admin/admin-ajax.php?action=async_litespeed&nonce=S6nFNS5wFsNULVDx75DLU0thfqTDwxIh&litespeed_type=imgoptm HTTP/1.1" 200 21 "-" "WordPress/6.8.1; https://cyber-secure.com.au"
66.249.64.132 - - [13/Jul/2025:16:31:02 +0000] "GET /?e=22718552041000&mod=e9412ee5&uri=brands.php%3Fid%3D758314-246%26name%3Dsolar%20powered%20cctv%20kit HTTP/1.1" 200 26105 "-" "Mozilla/5.0 (Linux; Android 6.0.1; Nexus 5X Build/MMB29P) AppleWebKit/537.36 (KHTML, like Gecko) Chrome/137.0.7151.103 Mobile Safari/537.36 (compatible; GoogleOther)"
209.74.77.214 - - [13/Jul/2025:16:31:21 +0000] "POST /wp-cron.php?doing_wp_cron=1752424281.6216080188751220703125 HTTP/1.1" 200 - "-" "WordPress/6.8.1; https://cyber-secure.com.au"
66.249.64.132 - - [13/Jul/2025:16:31:21 +0000] "GET /?e=33187731001000&mod=35a12c43&uri=category-info.php%3Fid%3D1107684-702%26name%3Drobe+asym%C3%83%C2%A9trique+courte HTTP/1.1" 301 - "-" "Mozilla/5.0 (Linux; Android 6.0.1; Nexus 5X Build/MMB29P) AppleWebKit/537.36 (KHTML, like Gecko) Chrome/137.0.7151.103 Mobile Safari/537.36 (compatible; GoogleOther)"
209.74.77.214 - - [13/Jul/2025:16:31:21 +0000] "POST /wp-admin/admin-ajax.php?action=async_litespeed&nonce=VFC8IU2gnSxaxcUcAoLIiafqZBEaFd7I&litespeed_type=imgoptm HTTP/1.1" 200 21 "-" "WordPress/6.8.1; https://cyber-secure.com.au"
