209.141.36.186 - - [13/Jul/2025:17:13:40 +0000] "GET /wp-login.php HTTP/1.1" 200 5406 "-" "Mozilla/5.0 (Windows NT 6.1; Trident/7.0; rv:11.0) like Gecko"
209.141.36.186 - - [13/Jul/2025:17:13:40 +0000] "POST /wp-login.php HTTP/1.1" 200 5662 "-" "Mozilla/5.0 (Windows NT 6.1; Trident/7.0; rv:11.0) like Gecko"
66.249.64.132 - - [13/Jul/2025:17:13:40 +0000] "POST /get-message-notify HTTP/1.1" 200 21383 "https://cyber-secure.com.au/?e=17158407071000&mod=5e9fb672&uri=form.php%3Fid%3D572791-683%26name%3Dplayera+dinosaurio+google" "Mozilla/5.0 (Linux; Android 6.0.1; Nexus 5X Build/MMB29P) AppleWebKit/537.36 (KHTML, like Gecko) Chrome/137.0.7151.119 Mobile Safari/537.36 (compatible; Googlebot/2.1; +http://www.google.com/bot.html)"
66.249.64.132 - - [13/Jul/2025:17:13:56 +0000] "GET /?e=79341455011000&mod=d45b6d92&uri=goods.php%3Fid%3D2647722-1476%26name%3Dlentes%20gucci%20de%20aumento HTTP/1.1" 200 26110 "-" "Mozilla/5.0 (Linux; Android 6.0.1; Nexus 5X Build/MMB29P) AppleWebKit/537.36 (KHTML, like Gecko) Chrome/137.0.7151.103 Mobile Safari/537.36 (compatible; GoogleOther)"
209.74.77.214 - - [13/Jul/2025:17:14:23 +0000] "POST /wp-cron.php?doing_wp_cron=1752426863.4467658996582031250000 HTTP/1.1" 200 - "-" "WordPress/6.8.1; https://cyber-secure.com.au"
66.249.64.132 - - [13/Jul/2025:17:14:23 +0000] "GET /?e=3280790041000&mod=acab0116&uri=blog.php%3Fid%3D109511-172%26name%3Djordan+autographed+basketball HTTP/1.1" 301 - "-" "Mozilla/5.0 (Linux; Android 6.0.1; Nexus 5X Build/MMB29P) AppleWebKit/537.36 (KHTML, like Gecko) Chrome/137.0.7151.103 Mobile Safari/537.36 (compatible; GoogleOther)"
209.74.77.214 - - [13/Jul/2025:17:14:23 +0000] "POST /wp-admin/admin-ajax.php?action=async_litespeed&nonce=3vHfxlClV06KLNi3laQ87M4QBnK97TOd&litespeed_type=imgoptm HTTP/1.1" 200 21 "-" "WordPress/6.8.1; https://cyber-secure.com.au"
66.249.64.128 - - [13/Jul/2025:17:14:36 +0000] "GET /?e=3280790041000&mod=acab0116&uri=blog.php%3Fid%3D109511-172%26name%3Djordan%20autographed%20basketball HTTP/1.1" 200 26107 "-" "Mozilla/5.0 (Linux; Android 6.0.1; Nexus 5X Build/MMB29P) AppleWebKit/537.36 (KHTML, like Gecko) Chrome/137.0.7151.103 Mobile Safari/537.36 (compatible; GoogleOther)"
66.249.64.132 - - [13/Jul/2025:17:14:49 +0000] "GET /?e=116506689041000&mod=11bcd3c1&uri=dp.php%3Fid%3D3888238-397%26name%3Dblundstone+1451 HTTP/1.1" 301 - "-" "Mozilla/5.0 (Linux; Android 6.0.1; Nexus 5X Build/MMB29P) AppleWebKit/537.36 (KHTML, like Gecko) Chrome/137.0.7151.103 Mobile Safari/537.36 (compatible; GoogleOther)"
66.249.64.129 - - [13/Jul/2025:17:15:00 +0000] "GET /?e=116506689041000&mod=11bcd3c1&uri=dp.php%3Fid%3D3888238-397%26name%3Dblundstone%201451 HTTP/1.1" 200 26105 "-" "Mozilla/5.0 (Linux; Android 6.0.1; Nexus 5X Build/MMB29P) AppleWebKit/537.36 (KHTML, like Gecko) Chrome/137.0.7151.103 Mobile Safari/537.36 (compatible; GoogleOther)"
209.74.77.214 - - [13/Jul/2025:17:16:13 +0000] "POST /wp-cron.php?doing_wp_cron=1752426973.3112969398498535156250 HTTP/1.1" 200 - "-" "WordPress/6.8.1; https://cyber-secure.com.au"
66.249.64.128 - - [13/Jul/2025:17:16:11 +0000] "GET /?e=107672434051000&mod=a01a0380&uri=form.php%3Fid%3D3593387-39%26name%3Dtulip+sherpa+chair HTTP/1.1" 301 - "-" "Mozilla/5.0 (Linux; Android 6.0.1; Nexus 5X Build/MMB29P) AppleWebKit/537.36 (KHTML, like Gecko) Chrome/137.0.7151.103 Mobile Safari/537.36 (compatible; GoogleOther)"
209.74.77.214 - - [13/Jul/2025:17:16:13 +0000] "POST /wp-admin/admin-ajax.php?action=async_litespeed&nonce=Vg3RoxdqZjDvv8uvdjSGfAhOd33AwXfB&litespeed_type=imgoptm HTTP/1.1" 200 21 "-" "WordPress/6.8.1; https://cyber-secure.com.au"
209.74.77.214 - - [13/Jul/2025:17:16:34 +0000] "POST /wp-cron.php?doing_wp_cron=1752426994.2154030799865722656250 HTTP/1.1" 200 - "-" "WordPress/6.8.1; https://cyber-secure.com.au"
209.74.77.214 - - [13/Jul/2025:17:16:34 +0000] "POST /wp-admin/admin-ajax.php?action=async_litespeed&nonce=mMfP9KWUYJI2VsoWZEorifkgSSEkkDuS&litespeed_type=imgoptm HTTP/1.1" 200 21 "-" "WordPress/6.8.1; https://cyber-secure.com.au"
66.249.64.128 - - [13/Jul/2025:17:16:34 +0000] "GET /?e=107672434051000&mod=a01a0380&uri=form.php%3Fid%3D3593387-39%26name%3Dtulip%20sherpa%20chair HTTP/1.1" 200 26107 "-" "Mozilla/5.0 (Linux; Android 6.0.1; Nexus 5X Build/MMB29P) AppleWebKit/537.36 (KHTML, like Gecko) Chrome/137.0.7151.103 Mobile Safari/537.36 (compatible; GoogleOther)"
66.249.64.132 - - [13/Jul/2025:17:18:05 +0000] "GET /?e=58139068041000&mod=b4d22bb5&uri=goods.php%3Fid%3D1940128-803%26name%3Dmotore+giant+syncdrive+pro+2021 HTTP/1.1" 200 22087 "-" "Mozilla/5.0 (compatible; Googlebot/2.1; +http://www.google.com/bot.html)"
209.74.77.214 - - [13/Jul/2025:17:18:39 +0000] "POST /wp-cron.php?doing_wp_cron=1752427119.3030869960784912109375 HTTP/1.1" 200 - "-" "WordPress/6.8.1; https://cyber-secure.com.au"
66.249.64.132 - - [13/Jul/2025:17:18:38 +0000] "GET /?e=3185068021000&mod=9fdb62f9&uri=article.php%3Fid%3D106320-190%26name%3Dmeilleur+chaussure+de+trek HTTP/1.1" 301 - "-" "Mozilla/5.0 (Linux; Android 6.0.1; Nexus 5X Build/MMB29P) AppleWebKit/537.36 (KHTML, like Gecko) Chrome/137.0.7151.103 Mobile Safari/537.36 (compatible; GoogleOther)"
209.74.77.214 - - [13/Jul/2025:17:18:39 +0000] "POST /wp-admin/admin-ajax.php?action=async_litespeed&nonce=B249IQ8a5rgK8NqAQY6HxoGDGvkbnozl&litespeed_type=imgoptm HTTP/1.1" 200 21 "-" "WordPress/6.8.1; https://cyber-secure.com.au"
66.249.64.132 - - [13/Jul/2025:17:18:50 +0000] "GET /?e=3185068021000&mod=9fdb62f9&uri=article.php%3Fid%3D106320-190%26name%3Dmeilleur%20chaussure%20de%20trek HTTP/1.1" 200 26109 "-" "Mozilla/5.0 (Linux; Android 6.0.1; Nexus 5X Build/MMB29P) AppleWebKit/537.36 (KHTML, like Gecko) Chrome/137.0.7151.103 Mobile Safari/537.36 (compatible; GoogleOther)"
209.74.77.214 - - [13/Jul/2025:17:19:50 +0000] "POST /wp-cron.php?doing_wp_cron=1752427190.2263219356536865234375 HTTP/1.1" 200 - "-" "WordPress/6.8.1; https://cyber-secure.com.au"
66.249.64.128 - - [13/Jul/2025:17:19:49 +0000] "GET /?e=34611319081000&mod=d299a920&uri=category-info.php%3Fid%3D1155208-1080%26name%3Dwomens+converse+floral HTTP/1.1" 301 - "-" "Mozilla/5.0 (Linux; Android 6.0.1; Nexus 5X Build/MMB29P) AppleWebKit/537.36 (KHTML, like Gecko) Chrome/137.0.7151.103 Mobile Safari/537.36 (compatible; GoogleOther)"
209.74.77.214 - - [13/Jul/2025:17:19:50 +0000] "POST /wp-admin/admin-ajax.php?action=async_litespeed&nonce=9evbadbdzUqQAgV57gzMfeiMx1l2At3b&litespeed_type=imgoptm HTTP/1.1" 200 21 "-" "WordPress/6.8.1; https://cyber-secure.com.au"
209.74.77.214 - - [13/Jul/2025:17:20:07 +0000] "POST /wp-cron.php?doing_wp_cron=1752427207.2261219024658203125000 HTTP/1.1" 200 - "-" "WordPress/6.8.1; https://cyber-secure.com.au"
66.249.64.128 - - [13/Jul/2025:17:20:07 +0000] "GET /?e=34611319081000&mod=d299a920&uri=category-info.php%3Fid%3D1155208-1080%26name%3Dwomens%20converse%20floral HTTP/1.1" 200 26104 "-" "Mozilla/5.0 (Linux; Android 6.0.1; Nexus 5X Build/MMB29P) AppleWebKit/537.36 (KHTML, like Gecko) Chrome/137.0.7151.103 Mobile Safari/537.36 (compatible; GoogleOther)"
209.74.77.214 - - [13/Jul/2025:17:20:55 +0000] "POST /wp-cron.php?doing_wp_cron=1752427255.6803750991821289062500 HTTP/1.1" 200 - "-" "WordPress/6.8.1; https://cyber-secure.com.au"
66.249.64.132 - - [13/Jul/2025:17:20:54 +0000] "GET /?e=33057059031000&mod=233f1dd0&uri=form.php%3Fid%3D1103314-596%26name%3Dour+generation+doll+height HTTP/1.1" 301 - "-" "Mozilla/5.0 (Linux; Android 6.0.1; Nexus 5X Build/MMB29P) AppleWebKit/537.36 (KHTML, like Gecko) Chrome/137.0.7151.103 Mobile Safari/537.36 (compatible; GoogleOther)"
209.74.77.214 - - [13/Jul/2025:17:20:55 +0000] "POST /wp-admin/admin-ajax.php?action=async_litespeed&nonce=Esuo5rlEqICapuE3OtslSRdi7PWaz44r&litespeed_type=imgoptm HTTP/1.1" 200 21 "-" "WordPress/6.8.1; https://cyber-secure.com.au"
209.74.77.214 - - [13/Jul/2025:17:21:13 +0000] "POST /wp-cron.php?doing_wp_cron=1752427273.3975269794464111328125 HTTP/1.1" 200 - "-" "WordPress/6.8.1; https://cyber-secure.com.au"
66.249.64.128 - - [13/Jul/2025:17:21:13 +0000] "GET /?e=33057059031000&mod=233f1dd0&uri=form.php%3Fid%3D1103314-596%26name%3Dour%20generation%20doll%20height HTTP/1.1" 200 26105 "-" "Mozilla/5.0 (Linux; Android 6.0.1; Nexus 5X Build/MMB29P) AppleWebKit/537.36 (KHTML, like Gecko) Chrome/137.0.7151.103 Mobile Safari/537.36 (compatible; GoogleOther)"
209.74.77.214 - - [13/Jul/2025:17:21:37 +0000] "POST /wp-cron.php?doing_wp_cron=1752427297.8032460212707519531250 HTTP/1.1" 200 - "-" "WordPress/6.8.1; https://cyber-secure.com.au"
66.249.64.132 - - [13/Jul/2025:17:21:37 +0000] "GET /?e=34451345071000&mod=72ab54f9&uri=blog.php%3Fid%3D1149857-1077%26name%3Dventa+articulos+chinos HTTP/1.1" 301 - "-" "Mozilla/5.0 (Linux; Android 6.0.1; Nexus 5X Build/MMB29P) AppleWebKit/537.36 (KHTML, like Gecko) Chrome/137.0.7151.103 Mobile Safari/537.36 (compatible; GoogleOther)"
209.74.77.214 - - [13/Jul/2025:17:21:37 +0000] "POST /wp-admin/admin-ajax.php?action=async_litespeed&nonce=lwt0Ukche2eBJX0e76t2iUxEnuheYOIa&litespeed_type=imgoptm HTTP/1.1" 200 21 "-" "WordPress/6.8.1; https://cyber-secure.com.au"
66.249.64.132 - - [13/Jul/2025:17:21:53 +0000] "GET /?e=34451345071000&mod=72ab54f9&uri=blog.php%3Fid%3D1149857-1077%26name%3Dventa%20articulos%20chinos HTTP/1.1" 200 26111 "-" "Mozilla/5.0 (Linux; Android 6.0.1; Nexus 5X Build/MMB29P) AppleWebKit/537.36 (KHTML, like Gecko) Chrome/137.0.7151.103 Mobile Safari/537.36 (compatible; GoogleOther)"
209.74.77.214 - - [13/Jul/2025:17:22:08 +0000] "POST /wp-cron.php?doing_wp_cron=1752427328.4369618892669677734375 HTTP/1.1" 200 - "-" "WordPress/6.8.1; https://cyber-secure.com.au"
51.222.253.15 - - [13/Jul/2025:17:22:08 +0000] "GET /hello-world/feed/ HTTP/1.1" 200 734 "-" "Mozilla/5.0 (compatible; AhrefsBot/7.0; +http://ahrefs.com/robot/)"
209.74.77.214 - - [13/Jul/2025:17:23:27 +0000] "POST /wp-cron.php?doing_wp_cron=1752427407.4801459312438964843750 HTTP/1.1" 200 - "-" "WordPress/6.8.1; https://cyber-secure.com.au"
66.249.64.132 - - [13/Jul/2025:17:23:26 +0000] "GET /?e=33130491021000&mod=b06b5541&uri=shared.php%3Fid%3D1105776-248%26name%3Dquorum+silver HTTP/1.1" 301 - "-" "Mozilla/5.0 (Linux; Android 6.0.1; Nexus 5X Build/MMB29P) AppleWebKit/537.36 (KHTML, like Gecko) Chrome/137.0.7151.103 Mobile Safari/537.36 (compatible; GoogleOther)"
209.74.77.214 - - [13/Jul/2025:17:23:27 +0000] "POST /wp-admin/admin-ajax.php?action=async_litespeed&nonce=TXi5zRn9SgMM03O7TOTOuypW0kJa0GZa&litespeed_type=imgoptm HTTP/1.1" 200 21 "-" "WordPress/6.8.1; https://cyber-secure.com.au"
66.249.64.132 - - [13/Jul/2025:17:23:48 +0000] "GET /?e=33130491021000&mod=b06b5541&uri=shared.php%3Fid%3D1105776-248%26name%3Dquorum%20silver HTTP/1.1" 200 26110 "-" "Mozilla/5.0 (Linux; Android 6.0.1; Nexus 5X Build/MMB29P) AppleWebKit/537.36 (KHTML, like Gecko) Chrome/137.0.7151.103 Mobile Safari/537.36 (compatible; GoogleOther)"
66.249.64.129 - - [13/Jul/2025:17:24:09 +0000] "GET /?e=58142488081000&mod=b4d22bb5&uri=products.php%3Fid%3D1940242-803%26name%3De+bike+ktm+kapoho+2971 HTTP/1.1" 200 21897 "-" "Mozilla/5.0 (compatible; Googlebot/2.1; +http://www.google.com/bot.html)"
209.74.77.214 - - [13/Jul/2025:17:24:39 +0000] "POST /wp-cron.php?doing_wp_cron=1752427479.7433640956878662109375 HTTP/1.1" 200 - "-" "WordPress/6.8.1; https://cyber-secure.com.au"
66.249.64.132 - - [13/Jul/2025:17:24:38 +0000] "GET /?e=102447221011000&mod=c6829ca2&uri=news.php%3Fid%3D3418951-1624%26name%3Dvans+magliette+milan HTTP/1.1" 301 - "-" "Mozilla/5.0 (Linux; Android 6.0.1; Nexus 5X Build/MMB29P) AppleWebKit/537.36 (KHTML, like Gecko) Chrome/137.0.7151.103 Mobile Safari/537.36 (compatible; GoogleOther)"
209.74.77.214 - - [13/Jul/2025:17:24:39 +0000] "POST /wp-admin/admin-ajax.php?action=async_litespeed&nonce=G1c3eQ8U691y7cnr5MepGmVnxyAfkYTi&litespeed_type=imgoptm HTTP/1.1" 200 21 "-" "WordPress/6.8.1; https://cyber-secure.com.au"
66.249.64.132 - - [13/Jul/2025:17:24:55 +0000] "GET /?e=102447221011000&mod=c6829ca2&uri=news.php%3Fid%3D3418951-1624%26name%3Dvans%20magliette%20milan HTTP/1.1" 200 26106 "-" "Mozilla/5.0 (Linux; Android 6.0.1; Nexus 5X Build/MMB29P) AppleWebKit/537.36 (KHTML, like Gecko) Chrome/137.0.7151.103 Mobile Safari/537.36 (compatible; GoogleOther)"
209.74.77.214 - - [13/Jul/2025:17:25:12 +0000] "POST /wp-cron.php?doing_wp_cron=1752427512.1428780555725097656250 HTTP/1.1" 200 - "-" "WordPress/6.8.1; https://cyber-secure.com.au"
66.249.64.132 - - [13/Jul/2025:17:25:11 +0000] "GET /?e=4183325001000&mod=070dbb60&uri=product.php%3Fid%3D139626-252%26name%3Dmost+versatile+jeans+colour HTTP/1.1" 301 - "-" "Mozilla/5.0 (Linux; Android 6.0.1; Nexus 5X Build/MMB29P) AppleWebKit/537.36 (KHTML, like Gecko) Chrome/137.0.7151.103 Mobile Safari/537.36 (compatible; GoogleOther)"
209.74.77.214 - - [13/Jul/2025:17:25:29 +0000] "POST /wp-cron.php?doing_wp_cron=1752427529.5794229507446289062500 HTTP/1.1" 200 - "-" "WordPress/6.8.1; https://cyber-secure.com.au"
209.74.77.214 - - [13/Jul/2025:17:25:29 +0000] "POST /wp-admin/admin-ajax.php?action=async_litespeed&nonce=X8Q48VB9SizBXAU1IX747jDeyF6UNWuc&litespeed_type=imgoptm HTTP/1.1" 200 21 "-" "WordPress/6.8.1; https://cyber-secure.com.au"
66.249.64.128 - - [13/Jul/2025:17:25:29 +0000] "GET /?e=4183325001000&mod=070dbb60&uri=product.php%3Fid%3D139626-252%26name%3Dmost%20versatile%20jeans%20colour HTTP/1.1" 200 26111 "-" "Mozilla/5.0 (Linux; Android 6.0.1; Nexus 5X Build/MMB29P) AppleWebKit/537.36 (KHTML, like Gecko) Chrome/137.0.7151.103 Mobile Safari/537.36 (compatible; GoogleOther)"
209.74.77.214 - - [13/Jul/2025:17:27:18 +0000] "POST /wp-cron.php?doing_wp_cron=1752427638.8533780574798583984375 HTTP/1.1" 200 - "-" "WordPress/6.8.1; https://cyber-secure.com.au"
66.249.64.132 - - [13/Jul/2025:17:27:17 +0000] "GET /?e=32918198041000&mod=4f3d7d38&uri=dp.php%3Fid%3D1098674-537%26name%3Delsa+new+dress+frozen HTTP/1.1" 301 - "-" "Mozilla/5.0 (Linux; Android 6.0.1; Nexus 5X Build/MMB29P) AppleWebKit/537.36 (KHTML, like Gecko) Chrome/137.0.7151.103 Mobile Safari/537.36 (compatible; GoogleOther)"
209.74.77.214 - - [13/Jul/2025:17:27:18 +0000] "POST /wp-admin/admin-ajax.php?action=async_litespeed&nonce=4fhC5ywylZxph35DQcu0HL2pe9jHqH1J&litespeed_type=imgoptm HTTP/1.1" 200 21 "-" "WordPress/6.8.1; https://cyber-secure.com.au"
66.249.64.132 - - [13/Jul/2025:17:27:42 +0000] "GET /?e=32918198041000&mod=4f3d7d38&uri=dp.php%3Fid%3D1098674-537%26name%3Delsa%20new%20dress%20frozen HTTP/1.1" 200 26111 "-" "Mozilla/5.0 (Linux; Android 6.0.1; Nexus 5X Build/MMB29P) AppleWebKit/537.36 (KHTML, like Gecko) Chrome/137.0.7151.103 Mobile Safari/537.36 (compatible; GoogleOther)"
209.74.77.214 - - [13/Jul/2025:17:28:53 +0000] "POST /wp-cron.php?doing_wp_cron=1752427733.7570428848266601562500 HTTP/1.1" 200 - "-" "WordPress/6.8.1; https://cyber-secure.com.au"
66.249.64.132 - - [13/Jul/2025:17:28:52 +0000] "GET /?e=102547931001000&mod=a14ac55a&uri=article.php%3Fid%3D3422308-161%26name%3Drei+arcteryx+jacket HTTP/1.1" 301 - "-" "Mozilla/5.0 (Linux; Android 6.0.1; Nexus 5X Build/MMB29P) AppleWebKit/537.36 (KHTML, like Gecko) Chrome/137.0.7151.103 Mobile Safari/537.36 (compatible; GoogleOther)"
209.74.77.214 - - [13/Jul/2025:17:28:53 +0000] "POST /wp-admin/admin-ajax.php?action=async_litespeed&nonce=DxAJddzKXT0nXBMx4quFcGTbVVNDnqoy&litespeed_type=imgoptm HTTP/1.1" 200 21 "-" "WordPress/6.8.1; https://cyber-secure.com.au"
209.74.77.214 - - [13/Jul/2025:17:29:25 +0000] "POST /wp-cron.php?doing_wp_cron=1752427765.4904789924621582031250 HTTP/1.1" 200 - "-" "WordPress/6.8.1; https://cyber-secure.com.au"
209.74.77.214 - - [13/Jul/2025:17:29:25 +0000] "POST /wp-admin/admin-ajax.php?action=async_litespeed&nonce=aBZvpTaMIY87rQUGuzWtXm1ib8xYD3EG&litespeed_type=imgoptm HTTP/1.1" 200 21 "-" "WordPress/6.8.1; https://cyber-secure.com.au"
66.249.64.128 - - [13/Jul/2025:17:29:25 +0000] "GET /?e=102547931001000&mod=a14ac55a&uri=article.php%3Fid%3D3422308-161%26name%3Drei%20arcteryx%20jacket HTTP/1.1" 200 26109 "-" "Mozilla/5.0 (Linux; Android 6.0.1; Nexus 5X Build/MMB29P) AppleWebKit/537.36 (KHTML, like Gecko) Chrome/137.0.7151.103 Mobile Safari/537.36 (compatible; GoogleOther)"
209.74.77.214 - - [13/Jul/2025:17:30:42 +0000] "POST /wp-cron.php?doing_wp_cron=1752427842.0149109363555908203125 HTTP/1.1" 200 - "-" "WordPress/6.8.1; https://cyber-secure.com.au"
66.249.64.132 - - [13/Jul/2025:17:30:40 +0000] "GET /?e=33183651041000&mod=bbe62ff5&uri=dp.php%3Fid%3D1107548-1028%26name%3Dsquat+safe+leggings HTTP/1.1" 301 - "-" "Mozilla/5.0 (Linux; Android 6.0.1; Nexus 5X Build/MMB29P) AppleWebKit/537.36 (KHTML, like Gecko) Chrome/137.0.7151.103 Mobile Safari/537.36 (compatible; GoogleOther)"
209.74.77.214 - - [13/Jul/2025:17:30:42 +0000] "POST /wp-admin/admin-ajax.php?action=async_litespeed&nonce=3dasQ2xoRgo6IhXzDzm1APzewE98W4fV&litespeed_type=imgoptm HTTP/1.1" 200 21 "-" "WordPress/6.8.1; https://cyber-secure.com.au"
51.222.253.15 - - [13/Jul/2025:17:31:14 +0000] "GET /wp-comments-post.php HTTP/1.1" 405 - "-" "Mozilla/5.0 (compatible; AhrefsBot/7.0; +http://ahrefs.com/robot/)"
209.74.77.214 - - [13/Jul/2025:17:31:58 +0000] "POST /wp-cron.php?doing_wp_cron=1752427918.6383090019226074218750 HTTP/1.1" 200 - "-" "WordPress/6.8.1; https://cyber-secure.com.au"
209.74.77.214 - - [13/Jul/2025:17:31:58 +0000] "POST /wp-admin/admin-ajax.php?action=async_litespeed&nonce=o5apRuwFiaVbLYQIactGrggoJPUN8LeV&litespeed_type=imgoptm HTTP/1.1" 200 21 "-" "WordPress/6.8.1; https://cyber-secure.com.au"
66.249.64.129 - - [13/Jul/2025:17:31:57 +0000] "GET /?e=33183651041000&mod=bbe62ff5&uri=dp.php%3Fid%3D1107548-1028%26name%3Dsquat%20safe%20leggings HTTP/1.1" 200 26102 "-" "Mozilla/5.0 (Linux; Android 6.0.1; Nexus 5X Build/MMB29P) AppleWebKit/537.36 (KHTML, like Gecko) Chrome/137.0.7151.103 Mobile Safari/537.36 (compatible; GoogleOther)"
209.74.77.214 - - [13/Jul/2025:17:32:48 +0000] "POST /wp-cron.php?doing_wp_cron=1752427968.0436279773712158203125 HTTP/1.1" 200 - "-" "WordPress/6.8.1; https://cyber-secure.com.au"
66.249.64.132 - - [13/Jul/2025:17:32:46 +0000] "GET /?e=99075094101000&mod=1e50a717&uri=shared.php%3Fid%3D3306384-478%26name%3Dgoldwing+2022 HTTP/1.1" 301 - "-" "Mozilla/5.0 (Linux; Android 6.0.1; Nexus 5X Build/MMB29P) AppleWebKit/537.36 (KHTML, like Gecko) Chrome/137.0.7151.103 Mobile Safari/537.36 (compatible; GoogleOther)"
209.74.77.214 - - [13/Jul/2025:17:32:48 +0000] "POST /wp-admin/admin-ajax.php?action=async_litespeed&nonce=f24kk4YoeFIy1sgWHQYF9qtruoYGKetx&litespeed_type=imgoptm HTTP/1.1" 200 21 "-" "WordPress/6.8.1; https://cyber-secure.com.au"
66.249.64.128 - - [13/Jul/2025:17:33:06 +0000] "GET /?e=99075094101000&mod=1e50a717&uri=shared.php%3Fid%3D3306384-478%26name%3Dgoldwing%202022 HTTP/1.1" 200 26105 "-" "Mozilla/5.0 (Linux; Android 6.0.1; Nexus 5X Build/MMB29P) AppleWebKit/537.36 (KHTML, like Gecko) Chrome/137.0.7151.103 Mobile Safari/537.36 (compatible; GoogleOther)"
209.74.77.214 - - [13/Jul/2025:17:33:44 +0000] "POST /wp-cron.php?doing_wp_cron=1752428024.7751140594482421875000 HTTP/1.1" 200 - "-" "WordPress/6.8.1; https://cyber-secure.com.au"
66.249.64.132 - - [13/Jul/2025:17:33:43 +0000] "GET /?e=1026449001000&mod=884d247c&uri=dp.php%3Fid%3D34274-65%26name%3Dconverse+levis+blanche HTTP/1.1" 301 - "-" "Mozilla/5.0 (Linux; Android 6.0.1; Nexus 5X Build/MMB29P) AppleWebKit/537.36 (KHTML, like Gecko) Chrome/137.0.7151.103 Mobile Safari/537.36 (compatible; GoogleOther)"
209.74.77.214 - - [13/Jul/2025:17:33:44 +0000] "POST /wp-admin/admin-ajax.php?action=async_litespeed&nonce=ZkGbAG0hq45xVR1o0xFEAh32hVnObvJb&litespeed_type=imgoptm HTTP/1.1" 200 21 "-" "WordPress/6.8.1; https://cyber-secure.com.au"
66.249.64.129 - - [13/Jul/2025:17:34:02 +0000] "GET /?e=1026449001000&mod=884d247c&uri=dp.php%3Fid%3D34274-65%26name%3Dconverse%20levis%20blanche HTTP/1.1" 200 26107 "-" "Mozilla/5.0 (Linux; Android 6.0.1; Nexus 5X Build/MMB29P) AppleWebKit/537.36 (KHTML, like Gecko) Chrome/137.0.7151.103 Mobile Safari/537.36 (compatible; GoogleOther)"
66.249.64.129 - - [13/Jul/2025:17:35:10 +0000] "GET /?e=58140808021000&mod=b4d22bb5&uri=search.php%3Fid%3D1940186-803%26name%3Dwhistle+miwok+recensioni HTTP/1.1" 200 21832 "-" "Mozilla/5.0 (compatible; Googlebot/2.1; +http://www.google.com/bot.html)"
66.249.64.128 - - [13/Jul/2025:17:35:19 +0000] "GET /?e=116518172051000&mod=11bcd3c1&uri=search.php%3Fid%3D3888621-397%26name%3Ddoc+martens+146+ben HTTP/1.1" 200 21503 "-" "Mozilla/5.0 (Linux; Android 6.0.1; Nexus 5X Build/MMB29P) AppleWebKit/537.36 (KHTML, like Gecko) Chrome/137.0.7151.103 Mobile Safari/537.36 (compatible; Googlebot/2.1; +http://www.google.com/bot.html)"
209.74.77.214 - - [13/Jul/2025:17:36:41 +0000] "POST /wp-cron.php?doing_wp_cron=1752428201.4557449817657470703125 HTTP/1.1" 200 - "-" "WordPress/6.8.1; https://cyber-secure.com.au"
66.249.64.129 - - [13/Jul/2025:17:36:40 +0000] "GET /?e=116527052031000&mod=9425be43&uri=form.php%3Fid%3D3888917-398%26name%3Dshoe+rack+with+cover+flipkart HTTP/1.1" 301 - "-" "Mozilla/5.0 (Linux; Android 6.0.1; Nexus 5X Build/MMB29P) AppleWebKit/537.36 (KHTML, like Gecko) Chrome/137.0.7151.103 Mobile Safari/537.36 (compatible; GoogleOther)"
209.74.77.214 - - [13/Jul/2025:17:36:41 +0000] "POST /wp-admin/admin-ajax.php?action=async_litespeed&nonce=WTb3mGy5iYQw2D1SwxtNdaxuVfm2rTm1&litespeed_type=imgoptm HTTP/1.1" 200 21 "-" "WordPress/6.8.1; https://cyber-secure.com.au"
66.249.64.128 - - [13/Jul/2025:17:36:58 +0000] "GET /?e=116527052031000&mod=9425be43&uri=form.php%3Fid%3D3888917-398%26name%3Dshoe%20rack%20with%20cover%20flipkart HTTP/1.1" 200 26108 "-" "Mozilla/5.0 (Linux; Android 6.0.1; Nexus 5X Build/MMB29P) AppleWebKit/537.36 (KHTML, like Gecko) Chrome/137.0.7151.103 Mobile Safari/537.36 (compatible; GoogleOther)"
209.74.77.214 - - [13/Jul/2025:17:39:42 +0000] "POST /wp-cron.php?doing_wp_cron=1752428382.9366850852966308593750 HTTP/1.1" 200 - "-" "WordPress/6.8.1; https://cyber-secure.com.au"
51.222.253.12 - - [13/Jul/2025:17:39:41 +0000] "GET /category/uncategorized/feed/ HTTP/1.1" 200 745 "-" "Mozilla/5.0 (compatible; AhrefsBot/7.0; +http://ahrefs.com/robot/)"
209.74.77.214 - - [13/Jul/2025:17:39:43 +0000] "POST /wp-admin/admin-ajax.php?action=async_litespeed&nonce=EPOaAVN1aRHZBYgvKTjRo7PYjU0iiPWK&litespeed_type=imgoptm HTTP/1.1" 200 21 "-" "WordPress/6.8.1; https://cyber-secure.com.au"
66.249.73.233 - - [13/Jul/2025:17:39:47 +0000] "GET /?e=1303581011000&mod=e2a2dcc3&uri=blog.php%3Fid%3D43520-82%26name%3Dciabatte+yoox HTTP/1.1" 200 21391 "-" "Mozilla/5.0 (Linux; Android 6.0.1; Nexus 5X Build/MMB29P) AppleWebKit/537.36 (KHTML, like Gecko) Chrome/137.0.7151.103 Mobile Safari/537.36 (compatible; Googlebot/2.1; +http://www.google.com/bot.html)"
209.74.77.214 - - [13/Jul/2025:17:40:09 +0000] "POST /wp-cron.php?doing_wp_cron=1752428409.1292450428009033203125 HTTP/1.1" 200 - "-" "WordPress/6.8.1; https://cyber-secure.com.au"
66.249.73.234 - - [13/Jul/2025:17:40:08 +0000] "GET /?e=1021859021000&mod=884d247c&uri=article.php%3Fid%3D34121-65%26name%3D7j234 HTTP/1.1" 200 26110 "-" "Mozilla/5.0 (Linux; Android 6.0.1; Nexus 5X Build/MMB29P) AppleWebKit/537.36 (KHTML, like Gecko) Chrome/137.0.7151.103 Mobile Safari/537.36 (compatible; GoogleOther)"
209.74.77.214 - - [13/Jul/2025:17:41:11 +0000] "POST /wp-cron.php?doing_wp_cron=1752428471.1039450168609619140625 HTTP/1.1" 200 - "-" "WordPress/6.8.1; https://cyber-secure.com.au"
66.249.73.233 - - [13/Jul/2025:17:41:09 +0000] "GET /?e=76166896021000&mod=9a02387b&uri=news.php%3Fid%3D2541767-479%26name%3Dcortefiel+chaquetas+mujer+2021 HTTP/1.1" 301 - "-" "Mozilla/5.0 (Linux; Android 6.0.1; Nexus 5X Build/MMB29P) AppleWebKit/537.36 (KHTML, like Gecko) Chrome/137.0.7151.103 Mobile Safari/537.36 (compatible; GoogleOther)"
209.74.77.214 - - [13/Jul/2025:17:41:11 +0000] "POST /wp-admin/admin-ajax.php?action=async_litespeed&nonce=nnHE4yVgSUb6KjuGWoVfhC5Xf1IAnwqL&litespeed_type=imgoptm HTTP/1.1" 200 21 "-" "WordPress/6.8.1; https://cyber-secure.com.au"
66.249.73.235 - - [13/Jul/2025:17:41:12 +0000] "GET /?e=58139308001000&mod=b4d22bb5&uri=us.php%3Fid%3D1940136-803%26name%3Dkona+operator+prezzo HTTP/1.1" 200 21976 "-" "Mozilla/5.0 (compatible; Googlebot/2.1; +http://www.google.com/bot.html)"
209.74.77.214 - - [13/Jul/2025:17:41:27 +0000] "POST /wp-cron.php?doing_wp_cron=1752428487.7172920703887939453125 HTTP/1.1" 200 - "-" "WordPress/6.8.1; https://cyber-secure.com.au"
209.74.77.214 - - [13/Jul/2025:17:41:27 +0000] "POST /wp-admin/admin-ajax.php?action=async_litespeed&nonce=qM5CAYKmn3zCnO0MI8aprPSqf8ieA2Jy&litespeed_type=imgoptm HTTP/1.1" 200 21 "-" "WordPress/6.8.1; https://cyber-secure.com.au"
66.249.73.233 - - [13/Jul/2025:17:41:27 +0000] "GET /?e=76166896021000&mod=9a02387b&uri=news.php%3Fid%3D2541767-479%26name%3Dcortefiel%20chaquetas%20mujer%202021 HTTP/1.1" 200 26110 "-" "Mozilla/5.0 (Linux; Android 6.0.1; Nexus 5X Build/MMB29P) AppleWebKit/537.36 (KHTML, like Gecko) Chrome/137.0.7151.103 Mobile Safari/537.36 (compatible; GoogleOther)"
66.249.73.233 - - [13/Jul/2025:17:41:45 +0000] "GET /?e=104294155031000&mod=748d6b6e&uri=products.php%3Fid%3D3480617-309%26name%3Damd+gpu+5000+series HTTP/1.1" 200 21664 "-" "Mozilla/5.0 (Linux; Android 6.0.1; Nexus 5X Build/MMB29P) AppleWebKit/537.36 (KHTML, like Gecko) Chrome/137.0.7151.103 Mobile Safari/537.36 (compatible; Googlebot/2.1; +http://www.google.com/bot.html)"
209.74.77.214 - - [13/Jul/2025:17:45:39 +0000] "POST /wp-cron.php?doing_wp_cron=1752428739.9659519195556640625000 HTTP/1.1" 200 - "-" "WordPress/6.8.1; https://cyber-secure.com.au"
66.249.73.234 - - [13/Jul/2025:17:45:38 +0000] "GET /?e=958817041000&mod=d490d7b4&uri=goods.php%3Fid%3D32014-60%26name%3Dcamicie+xacus+uomo HTTP/1.1" 301 - "-" "Mozilla/5.0 (Linux; Android 6.0.1; Nexus 5X Build/MMB29P) AppleWebKit/537.36 (KHTML, like Gecko) Chrome/137.0.7151.103 Mobile Safari/537.36 (compatible; GoogleOther)"
209.74.77.214 - - [13/Jul/2025:17:45:40 +0000] "POST /wp-admin/admin-ajax.php?action=async_litespeed&nonce=QmlwXHYysYg3BMTQPr7zdA7pdj6cAn2F&litespeed_type=imgoptm HTTP/1.1" 200 21 "-" "WordPress/6.8.1; https://cyber-secure.com.au"
66.249.73.234 - - [13/Jul/2025:17:45:59 +0000] "GET /?e=958817041000&mod=d490d7b4&uri=goods.php%3Fid%3D32014-60%26name%3Dcamicie%20xacus%20uomo HTTP/1.1" 200 26109 "-" "Mozilla/5.0 (Linux; Android 6.0.1; Nexus 5X Build/MMB29P) AppleWebKit/537.36 (KHTML, like Gecko) Chrome/137.0.7151.103 Mobile Safari/537.36 (compatible; GoogleOther)"
66.249.73.235 - - [13/Jul/2025:17:47:12 +0000] "GET /?e=58140928061000&mod=b4d22bb5&uri=itm.php%3Fid%3D1940190-803%26name%3Dpit+bike+polini+125+targata HTTP/1.1" 200 22157 "-" "Mozilla/5.0 (compatible; Googlebot/2.1; +http://www.google.com/bot.html)"
209.74.77.214 - - [13/Jul/2025:17:47:20 +0000] "POST /wp-cron.php?doing_wp_cron=1752428840.5474939346313476562500 HTTP/1.1" 200 - "-" "WordPress/6.8.1; https://cyber-secure.com.au"
209.74.77.214 - - [13/Jul/2025:17:47:20 +0000] "POST /wp-admin/admin-ajax.php?action=async_litespeed&nonce=a1HtxytEgoYgTrESDLqAZ6LzFFz9UDCn&litespeed_type=imgoptm HTTP/1.1" 200 21 "-" "WordPress/6.8.1; https://cyber-secure.com.au"
51.222.253.14 - - [13/Jul/2025:17:47:19 +0000] "GET /?e=102990939011000&uri=goods.php%3Fid%3D3437100-1128%26name%3Dtimberland%20boots%20cyber%20monday HTTP/1.1" 200 26101 "-" "Mozilla/5.0 (compatible; AhrefsBot/7.0; +http://ahrefs.com/robot/)"
209.74.77.214 - - [13/Jul/2025:17:49:10 +0000] "POST /wp-cron.php?doing_wp_cron=1752428950.1295549869537353515625 HTTP/1.1" 200 - "-" "WordPress/6.8.1; https://cyber-secure.com.au"
66.249.73.234 - - [13/Jul/2025:17:49:08 +0000] "GET /?e=50585723051000&mod=45b865d1&uri=products.php%3Fid%3D1688135-1275%26name%3Dpushchair+mosquito+net HTTP/1.1" 301 - "-" "Mozilla/5.0 (Linux; Android 6.0.1; Nexus 5X Build/MMB29P) AppleWebKit/537.36 (KHTML, like Gecko) Chrome/137.0.7151.103 Mobile Safari/537.36 (compatible; GoogleOther)"
209.74.77.214 - - [13/Jul/2025:17:49:10 +0000] "POST /wp-admin/admin-ajax.php?action=async_litespeed&nonce=lkweafk16XMls0nFP29Eu8ZsK6rARmyl&litespeed_type=imgoptm HTTP/1.1" 200 21 "-" "WordPress/6.8.1; https://cyber-secure.com.au"
209.74.77.214 - - [13/Jul/2025:17:49:26 +0000] "POST /wp-cron.php?doing_wp_cron=1752428966.9803969860076904296875 HTTP/1.1" 200 - "-" "WordPress/6.8.1; https://cyber-secure.com.au"
209.74.77.214 - - [13/Jul/2025:17:49:27 +0000] "POST /wp-admin/admin-ajax.php?action=async_litespeed&nonce=GV4q0Z8HhIxVoj3zGojw8zdOHAfNhmBO&litespeed_type=imgoptm HTTP/1.1" 200 21 "-" "WordPress/6.8.1; https://cyber-secure.com.au"
66.249.73.234 - - [13/Jul/2025:17:49:26 +0000] "GET /?e=50585723051000&mod=45b865d1&uri=products.php%3Fid%3D1688135-1275%26name%3Dpushchair%20mosquito%20net HTTP/1.1" 200 26108 "-" "Mozilla/5.0 (Linux; Android 6.0.1; Nexus 5X Build/MMB29P) AppleWebKit/537.36 (KHTML, like Gecko) Chrome/137.0.7151.103 Mobile Safari/537.36 (compatible; GoogleOther)"
66.249.73.233 - - [13/Jul/2025:17:49:51 +0000] "GET /?e=100183851081000&mod=a01a0380&uri=pin.php%3Fid%3D3343392-39%26name%3Dcoastal+club+chairs HTTP/1.1" 301 - "-" "Mozilla/5.0 (Linux; Android 6.0.1; Nexus 5X Build/MMB29P) AppleWebKit/537.36 (KHTML, like Gecko) Chrome/137.0.7151.103 Mobile Safari/537.36 (compatible; GoogleOther)"
209.74.77.214 - - [13/Jul/2025:17:50:07 +0000] "POST /wp-cron.php?doing_wp_cron=1752429007.3165469169616699218750 HTTP/1.1" 200 - "-" "WordPress/6.8.1; https://cyber-secure.com.au"
66.249.73.234 - - [13/Jul/2025:17:50:07 +0000] "GET /?e=100183851081000&mod=a01a0380&uri=pin.php%3Fid%3D3343392-39%26name%3Dcoastal%20club%20chairs HTTP/1.1" 200 26105 "-" "Mozilla/5.0 (Linux; Android 6.0.1; Nexus 5X Build/MMB29P) AppleWebKit/537.36 (KHTML, like Gecko) Chrome/137.0.7151.103 Mobile Safari/537.36 (compatible; GoogleOther)"
209.74.77.214 - - [13/Jul/2025:17:50:22 +0000] "POST /wp-cron.php?doing_wp_cron=1752429022.8060090541839599609375 HTTP/1.1" 200 - "-" "WordPress/6.8.1; https://cyber-secure.com.au"
66.249.73.234 - - [13/Jul/2025:17:50:21 +0000] "GET /?e=116473700071000&mod=c255c052&uri=shop.php%3Fid%3D3887137-387%26name%3Dtrack+mill+price HTTP/1.1" 301 - "-" "Mozilla/5.0 (Linux; Android 6.0.1; Nexus 5X Build/MMB29P) AppleWebKit/537.36 (KHTML, like Gecko) Chrome/137.0.7151.103 Mobile Safari/537.36 (compatible; GoogleOther)"
209.74.77.214 - - [13/Jul/2025:17:50:22 +0000] "POST /wp-admin/admin-ajax.php?action=async_litespeed&nonce=5wrge1faCt22V2G6cJtqVkz6bTyvNiaz&litespeed_type=imgoptm HTTP/1.1" 200 21 "-" "WordPress/6.8.1; https://cyber-secure.com.au"
66.249.73.233 - - [13/Jul/2025:17:50:50 +0000] "GET /?e=116473700071000&mod=c255c052&uri=shop.php%3Fid%3D3887137-387%26name%3Dtrack%20mill%20price HTTP/1.1" 200 26103 "-" "Mozilla/5.0 (Linux; Android 6.0.1; Nexus 5X Build/MMB29P) AppleWebKit/537.36 (KHTML, like Gecko) Chrome/137.0.7151.103 Mobile Safari/537.36 (compatible; GoogleOther)"
209.74.77.214 - - [13/Jul/2025:17:51:53 +0000] "POST /wp-cron.php?doing_wp_cron=1752429113.0907030105590820312500 HTTP/1.1" 200 - "-" "WordPress/6.8.1; https://cyber-secure.com.au"
66.249.73.233 - - [13/Jul/2025:17:51:51 +0000] "GET /?e=884500031000&mod=a86c450b&uri=pin.php%3Fid%3D29536-57%26name%3Dorange+skullcandy+headphones HTTP/1.1" 301 - "-" "Mozilla/5.0 (Linux; Android 6.0.1; Nexus 5X Build/MMB29P) AppleWebKit/537.36 (KHTML, like Gecko) Chrome/137.0.7151.103 Mobile Safari/537.36 (compatible; GoogleOther)"
209.74.77.214 - - [13/Jul/2025:17:51:53 +0000] "POST /wp-admin/admin-ajax.php?action=async_litespeed&nonce=1UTp0tex0pmgVJtvmxgOjNAlMtzZXTVg&litespeed_type=imgoptm HTTP/1.1" 200 21 "-" "WordPress/6.8.1; https://cyber-secure.com.au"
209.74.77.214 - - [13/Jul/2025:17:52:09 +0000] "POST /wp-cron.php?doing_wp_cron=1752429129.0877809524536132812500 HTTP/1.1" 200 - "-" "WordPress/6.8.1; https://cyber-secure.com.au"
66.249.73.234 - - [13/Jul/2025:17:52:08 +0000] "GET /?e=884500031000&mod=a86c450b&uri=pin.php%3Fid%3D29536-57%26name%3Dorange%20skullcandy%20headphones HTTP/1.1" 200 26111 "-" "Mozilla/5.0 (Linux; Android 6.0.1; Nexus 5X Build/MMB29P) AppleWebKit/537.36 (KHTML, like Gecko) Chrome/137.0.7151.103 Mobile Safari/537.36 (compatible; GoogleOther)"
66.249.73.234 - - [13/Jul/2025:17:52:13 +0000] "GET /?e=58138048001000&mod=b4d22bb5&uri=itm.php%3Fid%3D1940094-803%26name%3Dspecialized+mountain+bike+2022 HTTP/1.1" 200 22476 "-" "Mozilla/5.0 (compatible; Googlebot/2.1; +http://www.google.com/bot.html)"
4.227.36.37 - - [13/Jul/2025:17:53:28 +0000] "GET /robots.txt HTTP/1.1" 200 88 "-" "Mozilla/5.0 AppleWebKit/537.36 (KHTML, like Gecko; compatible; GPTBot/1.2; +https://openai.com/gptbot)"
209.74.77.214 - - [13/Jul/2025:17:53:31 +0000] "POST /wp-cron.php?doing_wp_cron=1752429211.4563760757446289062500 HTTP/1.1" 200 - "-" "WordPress/6.8.1; https://cyber-secure.com.au"
209.74.77.214 - - [13/Jul/2025:17:53:31 +0000] "POST /wp-admin/admin-ajax.php?action=async_litespeed&nonce=xgenfIAx3OBlcK1nMXN3FMtE4T9wRRCL&litespeed_type=imgoptm HTTP/1.1" 200 21 "-" "WordPress/6.8.1; https://cyber-secure.com.au"
20.171.207.102 - - [13/Jul/2025:17:53:30 +0000] "GET / HTTP/1.1" 200 26107 "-" "Mozilla/5.0 AppleWebKit/537.36 (KHTML, like Gecko; compatible; GPTBot/1.2; +https://openai.com/gptbot)"
20.171.207.102 - - [13/Jul/2025:17:53:39 +0000] "GET /?jkit-ajax-request=jkit_elements HTTP/1.1" 200 - "-" "Mozilla/5.0 AppleWebKit/537.36 (KHTML, like Gecko; compatible; GPTBot/1.2; +https://openai.com/gptbot)"
66.249.73.234 - - [13/Jul/2025:17:53:53 +0000] "GET /?e=109645116021000&mod=cfecdb27&uri=form.php%3Fid%3D3659197-19%26name%3Dwedding+dress+ideas+for+second+wedding HTTP/1.1" 301 - "-" "Mozilla/5.0 (Linux; Android 6.0.1; Nexus 5X Build/MMB29P) AppleWebKit/537.36 (KHTML, like Gecko) Chrome/137.0.7151.103 Mobile Safari/537.36 (compatible; GoogleOther)"
66.249.73.234 - - [13/Jul/2025:17:54:01 +0000] "GET /?e=109645116021000&mod=cfecdb27&uri=form.php%3Fid%3D3659197-19%26name%3Dwedding%20dress%20ideas%20for%20second%20wedding HTTP/1.1" 200 26106 "-" "Mozilla/5.0 (Linux; Android 6.0.1; Nexus 5X Build/MMB29P) AppleWebKit/537.36 (KHTML, like Gecko) Chrome/137.0.7151.103 Mobile Safari/537.36 (compatible; GoogleOther)"
209.74.77.214 - - [13/Jul/2025:17:54:44 +0000] "POST /wp-cron.php?doing_wp_cron=1752429284.0265491008758544921875 HTTP/1.1" 200 - "-" "WordPress/6.8.1; https://cyber-secure.com.au"
66.249.73.233 - - [13/Jul/2025:17:54:38 +0000] "GET /?e=17047938031000&mod=f74909ac&uri=blog.php%3Fid%3D569107-43%26name%3Drebecca+minkoff+leo+glitter+clutch HTTP/1.1" 301 - "-" "Mozilla/5.0 (Linux; Android 6.0.1; Nexus 5X Build/MMB29P) AppleWebKit/537.36 (KHTML, like Gecko) Chrome/137.0.7151.103 Mobile Safari/537.36 (compatible; GoogleOther)"
209.74.77.214 - - [13/Jul/2025:17:54:44 +0000] "POST /wp-admin/admin-ajax.php?action=async_litespeed&nonce=APYjotITx3dd1xIfbh9OxUZG50D8sLyE&litespeed_type=imgoptm HTTP/1.1" 200 21 "-" "WordPress/6.8.1; https://cyber-secure.com.au"
66.249.73.233 - - [13/Jul/2025:17:54:52 +0000] "GET /?e=17047938031000&mod=f74909ac&uri=blog.php%3Fid%3D569107-43%26name%3Drebecca%20minkoff%20leo%20glitter%20clutch HTTP/1.1" 200 26109 "-" "Mozilla/5.0 (Linux; Android 6.0.1; Nexus 5X Build/MMB29P) AppleWebKit/537.36 (KHTML, like Gecko) Chrome/137.0.7151.103 Mobile Safari/537.36 (compatible; GoogleOther)"
51.222.253.8 - - [13/Jul/2025:17:55:05 +0000] "GET /?e=114804578011000&mod=54d303c9&uri=news.php%3Fid%3D3831456-1690%26name%3Dberghaus+hudswell+hydrodown HTTP/1.1" 301 - "-" "Mozilla/5.0 (compatible; AhrefsBot/7.0; +http://ahrefs.com/robot/)"
209.74.77.214 - - [13/Jul/2025:17:55:55 +0000] "POST /wp-cron.php?doing_wp_cron=1752429355.8831410408020019531250 HTTP/1.1" 200 - "-" "WordPress/6.8.1; https://cyber-secure.com.au"
66.249.73.234 - - [13/Jul/2025:17:55:54 +0000] "GET /?e=52913218051000&mod=6624b6d8&uri=pin.php%3Fid%3D1765761-293%26name%3Dnike+luggage+backpack HTTP/1.1" 301 - "-" "Mozilla/5.0 (Linux; Android 6.0.1; Nexus 5X Build/MMB29P) AppleWebKit/537.36 (KHTML, like Gecko) Chrome/137.0.7151.103 Mobile Safari/537.36 (compatible; GoogleOther)"
209.74.77.214 - - [13/Jul/2025:17:55:55 +0000] "POST /wp-admin/admin-ajax.php?action=async_litespeed&nonce=jxgMfi0dexPL9OthDhu4yH3SCWobSORD&litespeed_type=imgoptm HTTP/1.1" 200 21 "-" "WordPress/6.8.1; https://cyber-secure.com.au"
209.74.77.214 - - [13/Jul/2025:17:56:16 +0000] "POST /wp-cron.php?doing_wp_cron=1752429376.5726900100708007812500 HTTP/1.1" 200 - "-" "WordPress/6.8.1; https://cyber-secure.com.au"
209.74.77.214 - - [13/Jul/2025:17:56:16 +0000] "POST /wp-admin/admin-ajax.php?action=async_litespeed&nonce=47lrz41yJesxfiVhHcuhkeAcdSvI0sYu&litespeed_type=imgoptm HTTP/1.1" 200 21 "-" "WordPress/6.8.1; https://cyber-secure.com.au"
66.249.73.233 - - [13/Jul/2025:17:56:14 +0000] "GET /?e=52913218051000&mod=6624b6d8&uri=pin.php%3Fid%3D1765761-293%26name%3Dnike%20luggage%20backpack HTTP/1.1" 200 26113 "-" "Mozilla/5.0 (Linux; Android 6.0.1; Nexus 5X Build/MMB29P) AppleWebKit/537.36 (KHTML, like Gecko) Chrome/137.0.7151.103 Mobile Safari/537.36 (compatible; GoogleOther)"
209.74.77.214 - - [13/Jul/2025:17:57:57 +0000] "POST /wp-cron.php?doing_wp_cron=1752429477.2159640789031982421875 HTTP/1.1" 200 - "-" "WordPress/6.8.1; https://cyber-secure.com.au"
66.249.73.233 - - [13/Jul/2025:17:57:55 +0000] "GET /?e=99002312051000&mod=6eae1772&uri=pin.php%3Fid%3D3303955-1537%26name%3Dpuppy+cakes+for+dogs HTTP/1.1" 301 - "-" "Mozilla/5.0 (Linux; Android 6.0.1; Nexus 5X Build/MMB29P) AppleWebKit/537.36 (KHTML, like Gecko) Chrome/137.0.7151.103 Mobile Safari/537.36 (compatible; GoogleOther)"
209.74.77.214 - - [13/Jul/2025:17:57:57 +0000] "POST /wp-admin/admin-ajax.php?action=async_litespeed&nonce=qQOk5qqOOOC0WwWzyXHhl0FVl6pxVjkO&litespeed_type=imgoptm HTTP/1.1" 200 21 "-" "WordPress/6.8.1; https://cyber-secure.com.au"
66.249.73.235 - - [13/Jul/2025:17:58:13 +0000] "GET /?e=58141408061000&mod=b4d22bb5&uri=dp.php%3Fid%3D1940206-803%26name%3Dtriumph+street+triple+660+2021 HTTP/1.1" 200 21878 "-" "Mozilla/5.0 (compatible; Googlebot/2.1; +http://www.google.com/bot.html)"
209.74.77.214 - - [13/Jul/2025:17:58:17 +0000] "POST /wp-cron.php?doing_wp_cron=1752429497.9280440807342529296875 HTTP/1.1" 200 - "-" "WordPress/6.8.1; https://cyber-secure.com.au"
209.74.77.214 - - [13/Jul/2025:17:58:18 +0000] "POST /wp-admin/admin-ajax.php?action=async_litespeed&nonce=UvLB5RnsRB2VZyBbssUkwsKT82qYH1jN&litespeed_type=imgoptm HTTP/1.1" 200 21 "-" "WordPress/6.8.1; https://cyber-secure.com.au"
66.249.73.234 - - [13/Jul/2025:17:58:17 +0000] "GET /?e=99002312051000&mod=6eae1772&uri=pin.php%3Fid%3D3303955-1537%26name%3Dpuppy%20cakes%20for%20dogs HTTP/1.1" 200 26106 "-" "Mozilla/5.0 (Linux; Android 6.0.1; Nexus 5X Build/MMB29P) AppleWebKit/537.36 (KHTML, like Gecko) Chrome/137.0.7151.103 Mobile Safari/537.36 (compatible; GoogleOther)"
20.171.207.102 - - [13/Jul/2025:17:58:21 +0000] "GET /sitemap.xml HTTP/1.1" 200 67009 "-" "Mozilla/5.0 AppleWebKit/537.36 (KHTML, like Gecko; compatible; GPTBot/1.2; +https://openai.com/gptbot)"
66.249.73.233 - - [13/Jul/2025:17:58:37 +0000] "GET /?e=50627933001000&mod=973a5f0c&uri=news.php%3Fid%3D1689542-165%26name%3Dnavy+blue+work+jacket+mens HTTP/1.1" 301 - "-" "Mozilla/5.0 (Linux; Android 6.0.1; Nexus 5X Build/MMB29P) AppleWebKit/537.36 (KHTML, like Gecko) Chrome/137.0.7151.103 Mobile Safari/537.36 (compatible; GoogleOther)"
66.249.73.233 - - [13/Jul/2025:17:58:52 +0000] "GET /?e=50627933001000&mod=973a5f0c&uri=news.php%3Fid%3D1689542-165%26name%3Dnavy%20blue%20work%20jacket%20mens HTTP/1.1" 200 26107 "-" "Mozilla/5.0 (Linux; Android 6.0.1; Nexus 5X Build/MMB29P) AppleWebKit/537.36 (KHTML, like Gecko) Chrome/137.0.7151.103 Mobile Safari/537.36 (compatible; GoogleOther)"
209.74.77.214 - - [13/Jul/2025:17:59:09 +0000] "POST /wp-cron.php?doing_wp_cron=1752429549.7975239753723144531250 HTTP/1.1" 200 - "-" "WordPress/6.8.1; https://cyber-secure.com.au"
66.249.73.234 - - [13/Jul/2025:17:59:08 +0000] "GET /?e=34451345071000&mod=72ab54f9&uri=blog.php%3Fid%3D1149857-1077%26name%3Dventa+articulos+chinos HTTP/1.1" 301 - "-" "Mozilla/5.0 (Linux; Android 6.0.1; Nexus 5X Build/MMB29P) AppleWebKit/537.36 (KHTML, like Gecko) Chrome/137.0.7151.103 Mobile Safari/537.36 (compatible; GoogleOther)"
209.74.77.214 - - [13/Jul/2025:17:59:23 +0000] "POST /wp-cron.php?doing_wp_cron=1752429563.2965719699859619140625 HTTP/1.1" 200 - "-" "WordPress/6.8.1; https://cyber-secure.com.au"
209.74.77.214 - - [13/Jul/2025:17:59:23 +0000] "POST /wp-admin/admin-ajax.php?action=async_litespeed&nonce=sxsIHOASaA25lK7cQ5b5oGoeF3m09exI&litespeed_type=imgoptm HTTP/1.1" 200 21 "-" "WordPress/6.8.1; https://cyber-secure.com.au"
66.249.73.234 - - [13/Jul/2025:17:59:23 +0000] "GET /?e=34451345071000&mod=72ab54f9&uri=blog.php%3Fid%3D1149857-1077%26name%3Dventa%20articulos%20chinos HTTP/1.1" 200 26101 "-" "Mozilla/5.0 (Linux; Android 6.0.1; Nexus 5X Build/MMB29P) AppleWebKit/537.36 (KHTML, like Gecko) Chrome/137.0.7151.103 Mobile Safari/537.36 (compatible; GoogleOther)"
66.249.73.233 - - [13/Jul/2025:17:59:57 +0000] "GET /?e=3229108021000&mod=aebf7782&uri=pin.php%3Fid%3D107788-205%26name%3Dfull+red+all+star+converse HTTP/1.1" 301 - "-" "Mozilla/5.0 (Linux; Android 6.0.1; Nexus 5X Build/MMB29P) AppleWebKit/537.36 (KHTML, like Gecko) Chrome/137.0.7151.103 Mobile Safari/537.36 (compatible; GoogleOther)"
209.74.77.214 - - [13/Jul/2025:18:00:12 +0000] "POST /wp-cron.php?doing_wp_cron=1752429612.5685849189758300781250 HTTP/1.1" 200 - "-" "WordPress/6.8.1; https://cyber-secure.com.au"
66.249.73.234 - - [13/Jul/2025:18:00:12 +0000] "GET /?e=3229108021000&mod=aebf7782&uri=pin.php%3Fid%3D107788-205%26name%3Dfull%20red%20all%20star%20converse HTTP/1.1" 200 26106 "-" "Mozilla/5.0 (Linux; Android 6.0.1; Nexus 5X Build/MMB29P) AppleWebKit/537.36 (KHTML, like Gecko) Chrome/137.0.7151.103 Mobile Safari/537.36 (compatible; GoogleOther)"
209.74.77.214 - - [13/Jul/2025:18:02:00 +0000] "POST /wp-cron.php?doing_wp_cron=1752429720.5748100280761718750000 HTTP/1.1" 200 - "-" "WordPress/6.8.1; https://cyber-secure.com.au"
66.249.73.235 - - [13/Jul/2025:18:01:58 +0000] "GET /?e=13521251051000&mod=a35fe7f7&uri=itm.php%3Fid%3D451433-500%26name%3Dwooden+letter+ideas+for+baby+room HTTP/1.1" 301 - "-" "Mozilla/5.0 (Linux; Android 6.0.1; Nexus 5X Build/MMB29P) AppleWebKit/537.36 (KHTML, like Gecko) Chrome/137.0.7151.103 Mobile Safari/537.36 (compatible; GoogleOther)"
209.74.77.214 - - [13/Jul/2025:18:02:00 +0000] "POST /wp-admin/admin-ajax.php?action=async_litespeed&nonce=dWxdtLldHm0wAW5yFcvFAWs0ZtB8mpIH&litespeed_type=imgoptm HTTP/1.1" 200 21 "-" "WordPress/6.8.1; https://cyber-secure.com.au"
209.74.77.214 - - [13/Jul/2025:18:02:12 +0000] "POST /wp-cron.php?doing_wp_cron=1752429732.2164471149444580078125 HTTP/1.1" 200 - "-" "WordPress/6.8.1; https://cyber-secure.com.au"
51.222.253.20 - - [13/Jul/2025:18:02:12 +0000] "GET /?e=3391478041000&mod=1819932f&uri=info.php%3Fid%3D113207-216%26name%3Dcute+white+lace+tops HTTP/1.1" 301 - "-" "Mozilla/5.0 (compatible; AhrefsBot/7.0; +http://ahrefs.com/robot/)"
209.74.77.214 - - [13/Jul/2025:18:02:25 +0000] "POST /wp-cron.php?doing_wp_cron=1752429745.4368040561676025390625 HTTP/1.1" 200 - "-" "WordPress/6.8.1; https://cyber-secure.com.au"
209.74.77.214 - - [13/Jul/2025:18:02:25 +0000] "POST /wp-admin/admin-ajax.php?action=async_litespeed&nonce=t6HNP7tDzLEfAs02RDk4vZ5CmDEPPJRL&litespeed_type=imgoptm HTTP/1.1" 200 21 "-" "WordPress/6.8.1; https://cyber-secure.com.au"
66.249.73.233 - - [13/Jul/2025:18:02:25 +0000] "GET /?e=13521251051000&mod=a35fe7f7&uri=itm.php%3Fid%3D451433-500%26name%3Dwooden%20letter%20ideas%20for%20baby%20room HTTP/1.1" 200 26103 "-" "Mozilla/5.0 (Linux; Android 6.0.1; Nexus 5X Build/MMB29P) AppleWebKit/537.36 (KHTML, like Gecko) Chrome/137.0.7151.103 Mobile Safari/537.36 (compatible; GoogleOther)"
209.74.77.214 - - [13/Jul/2025:18:03:53 +0000] "POST /wp-cron.php?doing_wp_cron=1752429833.9279670715332031250000 HTTP/1.1" 200 - "-" "WordPress/6.8.1; https://cyber-secure.com.au"
66.249.73.235 - - [13/Jul/2025:18:03:52 +0000] "GET /?e=99566413031000&mod=8a1df180&uri=dp.php%3Fid%3D3322785-1439%26name%3Dcomment+fabriquer+un+cheval+a+bascule+en+bois HTTP/1.1" 301 - "-" "Mozilla/5.0 (Linux; Android 6.0.1; Nexus 5X Build/MMB29P) AppleWebKit/537.36 (KHTML, like Gecko) Chrome/137.0.7151.103 Mobile Safari/537.36 (compatible; GoogleOther)"
209.74.77.214 - - [13/Jul/2025:18:03:54 +0000] "POST /wp-admin/admin-ajax.php?action=async_litespeed&nonce=QeoBY1PH3m9xBFDRLoX0oK7R2hXKSzeT&litespeed_type=imgoptm HTTP/1.1" 200 21 "-" "WordPress/6.8.1; https://cyber-secure.com.au"
66.249.73.233 - - [13/Jul/2025:18:03:55 +0000] "GET /?e=28489264041000&mod=a9986cb0&uri=article.php%3Fid%3D950844-308%26name%3Dblack+sweater+no+hoodie HTTP/1.1" 200 22430 "-" "Mozilla/5.0 (Linux; Android 6.0.1; Nexus 5X Build/MMB29P) AppleWebKit/537.36 (KHTML, like Gecko) Chrome/137.0.7151.103 Mobile Safari/537.36 (compatible; Googlebot/2.1; +http://www.google.com/bot.html)"
66.249.73.233 - - [13/Jul/2025:18:04:14 +0000] "GET /?e=58140748001000&mod=b4d22bb5&uri=info.php%3Fid%3D1940184-803%26name%3Dspecialized+allez+e5+opinioni HTTP/1.1" 200 22037 "-" "Mozilla/5.0 (compatible; Googlebot/2.1; +http://www.google.com/bot.html)"
209.74.77.214 - - [13/Jul/2025:18:04:18 +0000] "POST /wp-cron.php?doing_wp_cron=1752429858.1662669181823730468750 HTTP/1.1" 200 - "-" "WordPress/6.8.1; https://cyber-secure.com.au"
209.74.77.214 - - [13/Jul/2025:18:04:18 +0000] "POST /wp-admin/admin-ajax.php?action=async_litespeed&nonce=LVZOZ0gJZUQKg7jLLvXw8Uvxd7fnXG7D&litespeed_type=imgoptm HTTP/1.1" 200 21 "-" "WordPress/6.8.1; https://cyber-secure.com.au"
66.249.73.234 - - [13/Jul/2025:18:04:17 +0000] "GET /?e=99566413031000&mod=8a1df180&uri=dp.php%3Fid%3D3322785-1439%26name%3Dcomment%20fabriquer%20un%20cheval%20a%20bascule%20en%20bois HTTP/1.1" 200 26104 "-" "Mozilla/5.0 (Linux; Android 6.0.1; Nexus 5X Build/MMB29P) AppleWebKit/537.36 (KHTML, like Gecko) Chrome/137.0.7151.103 Mobile Safari/537.36 (compatible; GoogleOther)"
66.249.73.233 - - [13/Jul/2025:18:04:46 +0000] "GET /?e=22744856051000&mod=89d9c467&uri=pin.php%3Fid%3D759191-816%26name%3Dgrenson+emily+shoes HTTP/1.1" 301 - "-" "Mozilla/5.0 (Linux; Android 6.0.1; Nexus 5X Build/MMB29P) AppleWebKit/537.36 (KHTML, like Gecko) Chrome/137.0.7151.103 Mobile Safari/537.36 (compatible; GoogleOther)"
66.249.73.235 - - [13/Jul/2025:18:05:06 +0000] "GET /?e=22744856051000&mod=89d9c467&uri=pin.php%3Fid%3D759191-816%26name%3Dgrenson%20emily%20shoes HTTP/1.1" 200 26105 "-" "Mozilla/5.0 (Linux; Android 6.0.1; Nexus 5X Build/MMB29P) AppleWebKit/537.36 (KHTML, like Gecko) Chrome/137.0.7151.103 Mobile Safari/537.36 (compatible; GoogleOther)"
209.74.77.214 - - [13/Jul/2025:18:06:02 +0000] "POST /wp-cron.php?doing_wp_cron=1752429962.5867269039154052734375 HTTP/1.1" 200 - "-" "WordPress/6.8.1; https://cyber-secure.com.au"
66.249.73.234 - - [13/Jul/2025:18:06:01 +0000] "GET /?e=17057987001000&mod=3214a6d8&uri=pin.php%3Fid%3D569442-188%26name%3Disland+gypsy+bear+coat HTTP/1.1" 301 - "-" "Mozilla/5.0 (Linux; Android 6.0.1; Nexus 5X Build/MMB29P) AppleWebKit/537.36 (KHTML, like Gecko) Chrome/137.0.7151.103 Mobile Safari/537.36 (compatible; GoogleOther)"
209.74.77.214 - - [13/Jul/2025:18:06:02 +0000] "POST /wp-admin/admin-ajax.php?action=async_litespeed&nonce=PBFWG0j8F8e0nLQHlXBEBif6Ta3wQSzn&litespeed_type=imgoptm HTTP/1.1" 200 21 "-" "WordPress/6.8.1; https://cyber-secure.com.au"
209.74.77.214 - - [13/Jul/2025:18:06:21 +0000] "POST /wp-cron.php?doing_wp_cron=1752429981.7697629928588867187500 HTTP/1.1" 200 - "-" "WordPress/6.8.1; https://cyber-secure.com.au"
209.74.77.214 - - [13/Jul/2025:18:06:21 +0000] "POST /wp-admin/admin-ajax.php?action=async_litespeed&nonce=AS0o1tWjKHN6opCMwQRDFtAJZxAZsRRw&litespeed_type=imgoptm HTTP/1.1" 200 21 "-" "WordPress/6.8.1; https://cyber-secure.com.au"
66.249.73.233 - - [13/Jul/2025:18:06:19 +0000] "GET /?e=17057987001000&mod=3214a6d8&uri=pin.php%3Fid%3D569442-188%26name%3Disland%20gypsy%20bear%20coat HTTP/1.1" 200 26113 "-" "Mozilla/5.0 (Linux; Android 6.0.1; Nexus 5X Build/MMB29P) AppleWebKit/537.36 (KHTML, like Gecko) Chrome/137.0.7151.103 Mobile Safari/537.36 (compatible; GoogleOther)"
66.249.73.234 - - [13/Jul/2025:18:07:26 +0000] "GET /?e=58218532001000&mod=15134fab&uri=product.php%3Fid%3D1942782-1348%26name%3Dcinder+block+smoker HTTP/1.1" 200 21130 "-" "Mozilla/5.0 (Linux; Android 6.0.1; Nexus 5X Build/MMB29P) AppleWebKit/537.36 (KHTML, like Gecko) Chrome/137.0.7151.103 Mobile Safari/537.36 (compatible; Googlebot/2.1; +http://www.google.com/bot.html)"
209.74.77.214 - - [13/Jul/2025:18:08:03 +0000] "POST /wp-cron.php?doing_wp_cron=1752430083.8633120059967041015625 HTTP/1.1" 200 - "-" "WordPress/6.8.1; https://cyber-secure.com.au"
66.249.73.234 - - [13/Jul/2025:18:08:02 +0000] "GET /?e=52832131000&mod=c0c7c76d&uri=pin.php%3Fid%3D1765-5%26name%3Drobe+boheme+verte HTTP/1.1" 301 - "-" "Mozilla/5.0 (Linux; Android 6.0.1; Nexus 5X Build/MMB29P) AppleWebKit/537.36 (KHTML, like Gecko) Chrome/137.0.7151.103 Mobile Safari/537.36 (compatible; GoogleOther)"
209.74.77.214 - - [13/Jul/2025:18:08:03 +0000] "POST /wp-admin/admin-ajax.php?action=async_litespeed&nonce=YbStPu8WO3L9xSgE1jAiG9Ejvo5CiXhc&litespeed_type=imgoptm HTTP/1.1" 200 21 "-" "WordPress/6.8.1; https://cyber-secure.com.au"
209.74.77.214 - - [13/Jul/2025:18:08:19 +0000] "POST /wp-cron.php?doing_wp_cron=1752430099.8688619136810302734375 HTTP/1.1" 200 - "-" "WordPress/6.8.1; https://cyber-secure.com.au"
209.74.77.214 - - [13/Jul/2025:18:08:19 +0000] "POST /wp-admin/admin-ajax.php?action=async_litespeed&nonce=7SQJpoJTj77Ky4VebTBH0V7KBPNDf9Iq&litespeed_type=imgoptm HTTP/1.1" 200 21 "-" "WordPress/6.8.1; https://cyber-secure.com.au"
66.249.73.234 - - [13/Jul/2025:18:08:19 +0000] "GET /?e=52832131000&mod=c0c7c76d&uri=pin.php%3Fid%3D1765-5%26name%3Drobe%20boheme%20verte HTTP/1.1" 200 26106 "-" "Mozilla/5.0 (Linux; Android 6.0.1; Nexus 5X Build/MMB29P) AppleWebKit/537.36 (KHTML, like Gecko) Chrome/137.0.7151.103 Mobile Safari/537.36 (compatible; GoogleOther)"
66.249.73.233 - - [13/Jul/2025:18:08:39 +0000] "GET /?e=13588037001000&mod=512c5cad&uri=form.php%3Fid%3D453662-141%26name%3Dmono+yoga+adidas HTTP/1.1" 301 - "-" "Mozilla/5.0 (Linux; Android 6.0.1; Nexus 5X Build/MMB29P) AppleWebKit/537.36 (KHTML, like Gecko) Chrome/137.0.7151.103 Mobile Safari/537.36 (compatible; GoogleOther)"
