209.74.77.214 - - [13/Jul/2025:13:38:09 +0000] "POST /wp-cron.php?doing_wp_cron=1752413889.2411289215087890625000 HTTP/1.1" 200 - "-" "WordPress/6.8.1; https://cyber-secure.com.au"
209.74.77.214 - - [13/Jul/2025:13:38:09 +0000] "POST /wp-admin/admin-ajax.php?action=async_litespeed&nonce=zeXtJyRRJBCt6dTCskVzyh0Nb9uU9q9K&litespeed_type=imgoptm HTTP/1.1" 200 21 "-" "WordPress/6.8.1; https://cyber-secure.com.au"
66.249.64.129 - - [13/Jul/2025:13:38:08 +0000] "GET /?e=52946279021000&mod=2b8f7198&uri=product.php%3Fid%3D1766864-1242%26name%3Dzapatillas%20adidas%20desde%20china%202018 HTTP/1.1" 200 26107 "-" "Mozilla/5.0 (Linux; Android 6.0.1; Nexus 5X Build/MMB29P) AppleWebKit/537.36 (KHTML, like Gecko) Chrome/137.0.7151.103 Mobile Safari/537.36 (compatible; GoogleOther)"
66.249.64.128 - - [13/Jul/2025:13:39:34 +0000] "GET /?e=873414041000&mod=6c9882bb&uri=category-info.php%3Fid%3D29166-25%26name%3Dxbox+one+s+kinect+adapter+walmart HTTP/1.1" 200 22551 "-" "Mozilla/5.0 (compatible; Googlebot/2.1; +http://www.google.com/bot.html)"
66.249.64.132 - - [13/Jul/2025:13:41:01 +0000] "GET /?e=104170551001000&mod=a6ce9144&uri=us.php%3Fid%3D3476494-678%26name%3Danti+glare+computer+screen+cover HTTP/1.1" 200 21735 "-" "Mozilla/5.0 (Linux; Android 6.0.1; Nexus 5X Build/MMB29P) AppleWebKit/537.36 (KHTML, like Gecko) Chrome/137.0.7151.103 Mobile Safari/537.36 (compatible; Googlebot/2.1; +http://www.google.com/bot.html)"
66.249.64.128 - - [13/Jul/2025:13:41:18 +0000] "GET /?e=53031355011000&mod=080c993f&uri=products.php%3Fid%3D1769705-464%26name%3Dpatriot+viper+2666mhz HTTP/1.1" 200 22217 "-" "Mozilla/5.0 (Linux; Android 6.0.1; Nexus 5X Build/MMB29P) AppleWebKit/537.36 (KHTML, like Gecko) Chrome/137.0.7151.103 Mobile Safari/537.36 (compatible; Googlebot/2.1; +http://www.google.com/bot.html)"
66.249.64.132 - - [13/Jul/2025:13:41:36 +0000] "GET /?e=33197071021000&mod=281715ca&uri=products.php%3Fid%3D1107996-701%26name%3D4d+run+adidas HTTP/1.1" 200 21204 "-" "Mozilla/5.0 (Linux; Android 6.0.1; Nexus 5X Build/MMB29P) AppleWebKit/537.36 (KHTML, like Gecko) Chrome/137.0.7151.103 Mobile Safari/537.36 (compatible; Googlebot/2.1; +http://www.google.com/bot.html)"
66.249.64.132 - - [13/Jul/2025:13:43:07 +0000] "POST /get-message-notify HTTP/1.1" 200 21396 "https://cyber-secure.com.au/?e=33197071021000&mod=281715ca&uri=products.php%3Fid%3D1107996-701%26name%3D4d+run+adidas" "Mozilla/5.0 (Linux; Android 6.0.1; Nexus 5X Build/MMB29P) AppleWebKit/537.36 (KHTML, like Gecko) Chrome/137.0.7151.119 Mobile Safari/537.36 (compatible; Googlebot/2.1; +http://www.google.com/bot.html)"
66.249.64.132 - - [13/Jul/2025:13:43:29 +0000] "GET /?e=50542133041000&mod=e0be0edc&uri=news.php%3Fid%3D1686682-934%26name%3Dcq2090 HTTP/1.1" 200 22391 "-" "Mozilla/5.0 (Linux; Android 6.0.1; Nexus 5X Build/MMB29P) AppleWebKit/537.36 (KHTML, like Gecko) Chrome/137.0.7151.103 Mobile Safari/537.36 (compatible; Googlebot/2.1; +http://www.google.com/bot.html)"
66.249.64.132 - - [13/Jul/2025:13:44:08 +0000] "GET /?e=33094249021000&mod=6d0f8463&uri=pin.php%3Fid%3D1104566-92%26name%3Dbest+place+to+download+anime+reddit HTTP/1.1" 200 22733 "-" "Mozilla/5.0 (Linux; Android 6.0.1; Nexus 5X Build/MMB29P) AppleWebKit/537.36 (KHTML, like Gecko) Chrome/137.0.7151.103 Mobile Safari/537.36 (compatible; Googlebot/2.1; +http://www.google.com/bot.html)"
66.249.64.132 - - [13/Jul/2025:13:44:44 +0000] "GET /?e=870654021000&mod=6c9882bb&uri=products.php%3Fid%3D29074-25%26name%3Diron+man+xbox HTTP/1.1" 200 21883 "-" "Mozilla/5.0 (compatible; Googlebot/2.1; +http://www.google.com/bot.html)"
209.74.77.214 - - [13/Jul/2025:13:45:14 +0000] "POST /wp-cron.php?doing_wp_cron=1752414314.0562810897827148437500 HTTP/1.1" 200 - "-" "WordPress/6.8.1; https://cyber-secure.com.au"
209.74.77.214 - - [13/Jul/2025:13:45:14 +0000] "POST /wp-admin/admin-ajax.php?action=async_litespeed&nonce=Nx5g7OE6Q7Xj6brEc2KweJyO7IW3JBAa&litespeed_type=imgoptm HTTP/1.1" 200 21 "-" "WordPress/6.8.1; https://cyber-secure.com.au"
51.222.253.20 - - [13/Jul/2025:13:45:13 +0000] "GET /about/ HTTP/1.1" 200 26032 "-" "Mozilla/5.0 (compatible; AhrefsBot/7.0; +http://ahrefs.com/robot/)"
51.222.253.14 - - [13/Jul/2025:13:45:39 +0000] "GET /wp-content/uploads/2025/01/asset-023.png HTTP/1.1" 200 40298 "-" "Mozilla/5.0 (compatible; AhrefsBot/7.0; +http://ahrefs.com/robot/)"
51.222.253.9 - - [13/Jul/2025:13:45:41 +0000] "GET /wp-content/uploads/2025/01/Team-03-1024x1024.jpg HTTP/1.1" 200 107997 "-" "Mozilla/5.0 (compatible; AhrefsBot/7.0; +http://ahrefs.com/robot/)"
51.222.253.14 - - [13/Jul/2025:13:45:43 +0000] "GET /wp-content/uploads/2025/01/asset-025.png HTTP/1.1" 200 42496 "-" "Mozilla/5.0 (compatible; AhrefsBot/7.0; +http://ahrefs.com/robot/)"
51.222.253.9 - - [13/Jul/2025:13:45:44 +0000] "GET /wp-content/uploads/2025/01/Team-04-1024x1024.jpg HTTP/1.1" 200 113128 "-" "Mozilla/5.0 (compatible; AhrefsBot/7.0; +http://ahrefs.com/robot/)"
51.222.253.20 - - [13/Jul/2025:13:45:46 +0000] "GET /wp-content/uploads/2025/01/Team-02-1024x1024.jpg HTTP/1.1" 200 85708 "-" "Mozilla/5.0 (compatible; AhrefsBot/7.0; +http://ahrefs.com/robot/)"
51.222.253.20 - - [13/Jul/2025:13:45:48 +0000] "GET /wp-content/uploads/2025/01/Team-05-1024x1024.jpg HTTP/1.1" 200 106067 "-" "Mozilla/5.0 (compatible; AhrefsBot/7.0; +http://ahrefs.com/robot/)"
51.222.253.2 - - [13/Jul/2025:13:45:51 +0000] "GET /wp-content/plugins/jeg-elementor-kit/assets/js/elements/accordion.js?ver=2.6.13 HTTP/1.1" 200 828 "-" "Mozilla/5.0 (compatible; AhrefsBot/7.0; +http://ahrefs.com/robot/)"
51.222.253.12 - - [13/Jul/2025:13:45:51 +0000] "GET /wp-content/plugins/elementor/assets/lib/animations/styles/e-animation-sink.min.css?ver=3.29.2 HTTP/1.1" 200 138 "-" "Mozilla/5.0 (compatible; AhrefsBot/7.0; +http://ahrefs.com/robot/)"
51.222.253.16 - - [13/Jul/2025:13:45:52 +0000] "GET /wp-content/uploads/2025/01/asset-024.png HTTP/1.1" 200 43313 "-" "Mozilla/5.0 (compatible; AhrefsBot/7.0; +http://ahrefs.com/robot/)"
51.222.253.3 - - [13/Jul/2025:13:45:54 +0000] "GET /wp-content/uploads/elementor/css/post-156.css?ver=1749537131 HTTP/1.1" 200 9168 "-" "Mozilla/5.0 (compatible; AhrefsBot/7.0; +http://ahrefs.com/robot/)"
51.222.253.20 - - [13/Jul/2025:13:45:55 +0000] "GET /wp-content/plugins/jeg-elementor-kit/assets/js/sweetalert2/sweetalert2.min.css?ver=11.6.16 HTTP/1.1" 200 4051 "-" "Mozilla/5.0 (compatible; AhrefsBot/7.0; +http://ahrefs.com/robot/)"
51.222.253.1 - - [13/Jul/2025:13:45:56 +0000] "GET /wp-content/plugins/jeg-elementor-kit/assets/js/sweetalert2/sweetalert2.min.js?ver=11.6.16 HTTP/1.1" 200 13586 "-" "Mozilla/5.0 (compatible; AhrefsBot/7.0; +http://ahrefs.com/robot/)"
51.222.253.3 - - [13/Jul/2025:13:45:58 +0000] "GET /wp-content/uploads/2025/01/Team-01-1024x1024.jpg HTTP/1.1" 200 82675 "-" "Mozilla/5.0 (compatible; AhrefsBot/7.0; +http://ahrefs.com/robot/)"
66.249.64.129 - - [13/Jul/2025:13:45:57 +0000] "GET /?e=39556127011000&mod=45cef8e5&uri=search.php%3Fid%3D1320180-365%26name%3Dhypebeast+new+balance+580 HTTP/1.1" 200 21343 "-" "Mozilla/5.0 (Linux; Android 6.0.1; Nexus 5X Build/MMB29P) AppleWebKit/537.36 (KHTML, like Gecko) Chrome/137.0.7151.103 Mobile Safari/537.36 (compatible; Googlebot/2.1; +http://www.google.com/bot.html)"
51.222.253.4 - - [13/Jul/2025:13:46:00 +0000] "GET /wp-content/uploads/2025/01/asset-022.png HTTP/1.1" 200 45755 "-" "Mozilla/5.0 (compatible; AhrefsBot/7.0; +http://ahrefs.com/robot/)"
51.222.253.3 - - [13/Jul/2025:13:46:01 +0000] "GET /wp-content/uploads/2025/01/Team-06-1024x1024.jpg HTTP/1.1" 200 109114 "-" "Mozilla/5.0 (compatible; AhrefsBot/7.0; +http://ahrefs.com/robot/)"
51.222.253.12 - - [13/Jul/2025:13:46:03 +0000] "GET /wp-content/plugins/jeg-elementor-kit/assets/js/elements/video-button.js?ver=2.6.13 HTTP/1.1" 200 1474 "-" "Mozilla/5.0 (compatible; AhrefsBot/7.0; +http://ahrefs.com/robot/)"
209.74.77.214 - - [13/Jul/2025:13:46:55 +0000] "POST /wp-cron.php?doing_wp_cron=1752414415.6923670768737792968750 HTTP/1.1" 200 - "-" "WordPress/6.8.1; https://cyber-secure.com.au"
66.249.64.132 - - [13/Jul/2025:13:46:54 +0000] "GET /?e=119583706051000&mod=77ee3bc5&uri=us.php%3Fid%3D3990875-315%26name%3Dapple+kompatible+uhren HTTP/1.1" 301 - "-" "Mozilla/5.0 (Linux; Android 6.0.1; Nexus 5X Build/MMB29P) AppleWebKit/537.36 (KHTML, like Gecko) Chrome/137.0.7151.103 Mobile Safari/537.36 (compatible; GoogleOther)"
209.74.77.214 - - [13/Jul/2025:13:46:55 +0000] "POST /wp-admin/admin-ajax.php?action=async_litespeed&nonce=kJeU09S9ZceDDwI58Jgl8NKAxxwYxV6z&litespeed_type=imgoptm HTTP/1.1" 200 21 "-" "WordPress/6.8.1; https://cyber-secure.com.au"
209.74.77.214 - - [13/Jul/2025:13:48:44 +0000] "POST /wp-cron.php?doing_wp_cron=1752414524.0110609531402587890625 HTTP/1.1" 200 - "-" "WordPress/6.8.1; https://cyber-secure.com.au"
209.74.77.214 - - [13/Jul/2025:13:48:44 +0000] "POST /wp-admin/admin-ajax.php?action=async_litespeed&nonce=WdWttNYGFVkERreRPm3YNe9OdAiGk0zV&litespeed_type=imgoptm HTTP/1.1" 200 21 "-" "WordPress/6.8.1; https://cyber-secure.com.au"
66.249.64.132 - - [13/Jul/2025:13:48:42 +0000] "GET /?e=119583706051000&mod=77ee3bc5&uri=us.php%3Fid%3D3990875-315%26name%3Dapple%20kompatible%20uhren HTTP/1.1" 200 26108 "-" "Mozilla/5.0 (Linux; Android 6.0.1; Nexus 5X Build/MMB29P) AppleWebKit/537.36 (KHTML, like Gecko) Chrome/137.0.7151.103 Mobile Safari/537.36 (compatible; GoogleOther)"
209.74.77.214 - - [13/Jul/2025:13:50:34 +0000] "POST /wp-cron.php?doing_wp_cron=1752414634.2946319580078125000000 HTTP/1.1" 200 - "-" "WordPress/6.8.1; https://cyber-secure.com.au"
66.249.64.129 - - [13/Jul/2025:13:50:33 +0000] "GET /?e=66723316021000&mod=281715ca&uri=blog.php%3Fid%3D2226608-701%26name%3Def1060+adidas HTTP/1.1" 301 - "-" "Mozilla/5.0 (Linux; Android 6.0.1; Nexus 5X Build/MMB29P) AppleWebKit/537.36 (KHTML, like Gecko) Chrome/137.0.7151.103 Mobile Safari/537.36 (compatible; GoogleOther)"
209.74.77.214 - - [13/Jul/2025:13:50:34 +0000] "POST /wp-admin/admin-ajax.php?action=async_litespeed&nonce=gtGJTghntKhtTDJC2subobszgXSC7aku&litespeed_type=imgoptm HTTP/1.1" 200 21 "-" "WordPress/6.8.1; https://cyber-secure.com.au"
66.249.64.132 - - [13/Jul/2025:13:50:50 +0000] "GET /?e=871134031000&mod=6c9882bb&uri=products.php%3Fid%3D29090-25%26name%3Dxbox+wireless+adapter+walmart HTTP/1.1" 200 22613 "-" "Mozilla/5.0 (compatible; Googlebot/2.1; +http://www.google.com/bot.html)"
209.74.77.214 - - [13/Jul/2025:13:52:27 +0000] "POST /wp-cron.php?doing_wp_cron=1752414747.9463150501251220703125 HTTP/1.1" 200 - "-" "WordPress/6.8.1; https://cyber-secure.com.au"
209.74.77.214 - - [13/Jul/2025:13:52:28 +0000] "POST /wp-admin/admin-ajax.php?action=async_litespeed&nonce=ENOAVkhdc4WbLqAEeqnuM0oDRL16FmtN&litespeed_type=imgoptm HTTP/1.1" 200 21 "-" "WordPress/6.8.1; https://cyber-secure.com.au"
66.249.64.132 - - [13/Jul/2025:13:52:26 +0000] "GET /?e=66723316021000&mod=281715ca&uri=blog.php%3Fid%3D2226608-701%26name%3Def1060%20adidas HTTP/1.1" 200 26107 "-" "Mozilla/5.0 (Linux; Android 6.0.1; Nexus 5X Build/MMB29P) AppleWebKit/537.36 (KHTML, like Gecko) Chrome/137.0.7151.103 Mobile Safari/537.36 (compatible; GoogleOther)"
66.249.64.128 - - [13/Jul/2025:13:52:49 +0000] "GET /wp-content/plugins/elementor/assets/css/widget-image.min.css?ver=3.29.2 HTTP/1.1" 200 165 "https://cyber-secure.com.au/?e=66723316021000&mod=281715ca&uri=blog.php%3Fid%3D2226608-701%26name%3Def1060%20adidas" "Mozilla/5.0 (Linux; Android 6.0.1; Nexus 5X Build/MMB29P) AppleWebKit/537.36 (KHTML, like Gecko) Chrome/137.0.7151.119 Mobile Safari/537.36 (compatible; Googlebot/2.1; +http://www.google.com/bot.html)"
66.249.64.129 - - [13/Jul/2025:13:53:08 +0000] "GET /?e=74817763021000&mod=c0ab525d&uri=blog.php%3Fid%3D2496721-1465%26name%3Dnike+air+max+essential+mens+trainers HTTP/1.1" 200 21311 "-" "Mozilla/5.0 (Linux; Android 6.0.1; Nexus 5X Build/MMB29P) AppleWebKit/537.36 (KHTML, like Gecko) Chrome/137.0.7151.103 Mobile Safari/537.36 (compatible; Googlebot/2.1; +http://www.google.com/bot.html)"
66.249.64.132 - - [13/Jul/2025:13:53:27 +0000] "GET /?e=50611463071000&mod=973a5f0c&uri=brands.php%3Fid%3D1688993-165%26name%3Daviator+coat+cream HTTP/1.1" 200 21885 "-" "Mozilla/5.0 (Linux; Android 6.0.1; Nexus 5X Build/MMB29P) AppleWebKit/537.36 (KHTML, like Gecko) Chrome/137.0.7151.103 Mobile Safari/537.36 (compatible; Googlebot/2.1; +http://www.google.com/bot.html)"
66.249.64.132 - - [13/Jul/2025:13:53:43 +0000] "GET /?e=116477840001000&mod=c255c052&uri=article.php%3Fid%3D3887275-387%26name%3Dnordictrack+reflex+8500+pro HTTP/1.1" 200 22017 "-" "Mozilla/5.0 (Linux; Android 6.0.1; Nexus 5X Build/MMB29P) AppleWebKit/537.36 (KHTML, like Gecko) Chrome/137.0.7151.103 Mobile Safari/537.36 (compatible; Googlebot/2.1; +http://www.google.com/bot.html)"
66.249.64.129 - - [13/Jul/2025:13:54:01 +0000] "GET /?e=50529435081000&mod=e0be0edc&uri=dp.php%3Fid%3D1686258-934%26name%3Dcollection+de+chaussures HTTP/1.1" 200 22338 "-" "Mozilla/5.0 (Linux; Android 6.0.1; Nexus 5X Build/MMB29P) AppleWebKit/537.36 (KHTML, like Gecko) Chrome/137.0.7151.103 Mobile Safari/537.36 (compatible; Googlebot/2.1; +http://www.google.com/bot.html)"
66.249.64.128 - - [13/Jul/2025:13:54:19 +0000] "GET /?e=17005443081000&mod=a01a0380&uri=form.php%3Fid%3D567690-39%26name%3Dhumanscale+freedom+low+back+draughtsman+chair HTTP/1.1" 200 21859 "-" "Mozilla/5.0 (Linux; Android 6.0.1; Nexus 5X Build/MMB29P) AppleWebKit/537.36 (KHTML, like Gecko) Chrome/137.0.7151.103 Mobile Safari/537.36 (compatible; Googlebot/2.1; +http://www.google.com/bot.html)"
209.74.77.214 - - [13/Jul/2025:13:54:51 +0000] "POST /wp-cron.php?doing_wp_cron=1752414890.9937489032745361328125 HTTP/1.1" 200 - "-" "WordPress/6.8.1; https://cyber-secure.com.au"
66.249.64.132 - - [13/Jul/2025:13:54:50 +0000] "GET /?e=106068085041000&mod=f0cd63af&uri=pin.php%3Fid%3D3539848-1430%26name%3Dnike+air+force+07+weinrot HTTP/1.1" 301 - "-" "Mozilla/5.0 (Linux; Android 6.0.1; Nexus 5X Build/MMB29P) AppleWebKit/537.36 (KHTML, like Gecko) Chrome/137.0.7151.103 Mobile Safari/537.36 (compatible; GoogleOther)"
209.74.77.214 - - [13/Jul/2025:13:54:51 +0000] "POST /wp-admin/admin-ajax.php?action=async_litespeed&nonce=rd5Ami7pIHZsfOTSOGfBWT8t9QeppLFA&litespeed_type=imgoptm HTTP/1.1" 200 21 "-" "WordPress/6.8.1; https://cyber-secure.com.au"
66.249.64.129 - - [13/Jul/2025:13:55:18 +0000] "GET /?e=19645711071000&mod=f4f1f13c&uri=brands.php%3Fid%3D655801-750%26name%3Dbolsas+coach+en+liverpool HTTP/1.1" 200 20620 "-" "Mozilla/5.0 (Linux; Android 6.0.1; Nexus 5X Build/MMB29P) AppleWebKit/537.36 (KHTML, like Gecko) Chrome/137.0.7151.103 Mobile Safari/537.36 (compatible; Googlebot/2.1; +http://www.google.com/bot.html)"
69.171.231.6 - - [13/Jul/2025:13:55:40 +0000] "GET /robots.txt HTTP/1.1" 200 73 "-" "facebookexternalhit/1.1 (+http://www.facebook.com/externalhit_uatext.php)"
66.249.64.128 - - [13/Jul/2025:13:56:07 +0000] "GET /?e=72313197131000&mod=cf3c6554&uri=article.php%3Fid%3D2413175-1442%26name%3Drolex+explorer+nuovo HTTP/1.1" 200 21205 "-" "Mozilla/5.0 (Linux; Android 6.0.1; Nexus 5X Build/MMB29P) AppleWebKit/537.36 (KHTML, like Gecko) Chrome/137.0.7151.103 Mobile Safari/537.36 (compatible; Googlebot/2.1; +http://www.google.com/bot.html)"
209.74.77.214 - - [13/Jul/2025:13:56:15 +0000] "POST /wp-cron.php?doing_wp_cron=1752414975.6676769256591796875000 HTTP/1.1" 200 - "-" "WordPress/6.8.1; https://cyber-secure.com.au"
209.74.77.214 - - [13/Jul/2025:13:56:15 +0000] "POST /wp-admin/admin-ajax.php?action=async_litespeed&nonce=rJQfPJr61tLFteriPlJHT4JF7npE2WJD&litespeed_type=imgoptm HTTP/1.1" 200 21 "-" "WordPress/6.8.1; https://cyber-secure.com.au"
51.222.253.1 - - [13/Jul/2025:13:56:15 +0000] "GET /category/uncategorized/ HTTP/1.1" 200 18402 "-" "Mozilla/5.0 (compatible; AhrefsBot/7.0; +http://ahrefs.com/robot/)"
51.222.253.7 - - [13/Jul/2025:13:56:42 +0000] "GET /wp-includes/css/dist/block-library/style.min.css?ver=6.8.1 HTTP/1.1" 200 15323 "-" "Mozilla/5.0 (compatible; AhrefsBot/7.0; +http://ahrefs.com/robot/)"
66.249.64.132 - - [13/Jul/2025:13:56:48 +0000] "GET /?e=866214041000&mod=6c9882bb&uri=shared.php%3Fid%3D28926-25%26name%3Dxbox+360+500gb+hard+drive HTTP/1.1" 200 22323 "-" "Mozilla/5.0 (compatible; Googlebot/2.1; +http://www.google.com/bot.html)"
66.249.64.129 - - [13/Jul/2025:13:57:08 +0000] "GET /?e=52861578011000&mod=e9fb2eda&uri=form.php%3Fid%3D1764038-311%26name%3Dbarbie+sticky+legs HTTP/1.1" 200 20886 "-" "Mozilla/5.0 (Linux; Android 6.0.1; Nexus 5X Build/MMB29P) AppleWebKit/537.36 (KHTML, like Gecko) Chrome/137.0.7151.103 Mobile Safari/537.36 (compatible; Googlebot/2.1; +http://www.google.com/bot.html)"
66.249.64.128 - - [13/Jul/2025:13:57:25 +0000] "GET /?e=119519021061000&mod=1b486d7a&uri=search.php%3Fid%3D3988716-827%26name%3Dgriferia+helvex HTTP/1.1" 200 22030 "-" "Mozilla/5.0 (Linux; Android 6.0.1; Nexus 5X Build/MMB29P) AppleWebKit/537.36 (KHTML, like Gecko) Chrome/137.0.7151.103 Mobile Safari/537.36 (compatible; Googlebot/2.1; +http://www.google.com/bot.html)"
209.74.77.214 - - [13/Jul/2025:13:57:51 +0000] "POST /wp-cron.php?doing_wp_cron=1752415071.1481480598449707031250 HTTP/1.1" 200 - "-" "WordPress/6.8.1; https://cyber-secure.com.au"
205.185.121.21 - - [13/Jul/2025:13:57:50 +0000] "GET /wp-login.php HTTP/1.1" 200 5406 "-" "Mozilla/5.0 (iPhone; CPU iPhone OS 7_1 like Mac OS X) AppleWebKit/537.51.2 (KHTML, like Gecko) Version/7.0 Mobile/11D167 Safari/9537.53"
205.185.121.21 - - [13/Jul/2025:13:57:51 +0000] "POST /wp-login.php HTTP/1.1" 200 5662 "-" "Mozilla/5.0 (iPhone; CPU iPhone OS 7_1 like Mac OS X) AppleWebKit/537.51.2 (KHTML, like Gecko) Version/7.0 Mobile/11D167 Safari/9537.53"
209.74.77.214 - - [13/Jul/2025:13:57:51 +0000] "POST /wp-admin/admin-ajax.php?action=async_litespeed&nonce=bfqeOncuENxNTUeBBgG1whx6B157thRY&litespeed_type=imgoptm HTTP/1.1" 200 21 "-" "WordPress/6.8.1; https://cyber-secure.com.au"
66.249.64.132 - - [13/Jul/2025:13:58:00 +0000] "GET /?e=33217208041000&mod=851300ee&uri=form.php%3Fid%3D1108668-173%26name%3Dmatt+kenseth+diecast+cars HTTP/1.1" 200 21237 "-" "Mozilla/5.0 (Linux; Android 6.0.1; Nexus 5X Build/MMB29P) AppleWebKit/537.36 (KHTML, like Gecko) Chrome/137.0.7151.103 Mobile Safari/537.36 (compatible; Googlebot/2.1; +http://www.google.com/bot.html)"
66.249.64.132 - - [13/Jul/2025:13:58:17 +0000] "GET /?e=77442820051000&mod=fe2d0103&uri=article.php%3Fid%3D2584339-120%26name%3Dalma+en+pena+fiesta HTTP/1.1" 200 20516 "-" "Mozilla/5.0 (Linux; Android 6.0.1; Nexus 5X Build/MMB29P) AppleWebKit/537.36 (KHTML, like Gecko) Chrome/137.0.7151.103 Mobile Safari/537.36 (compatible; Googlebot/2.1; +http://www.google.com/bot.html)"
66.249.64.132 - - [13/Jul/2025:13:58:53 +0000] "POST /get-message-notify HTTP/1.1" 200 21393 "https://cyber-secure.com.au/?e=33217208041000&mod=851300ee&uri=form.php%3Fid%3D1108668-173%26name%3Dmatt+kenseth+diecast+cars" "Mozilla/5.0 (Linux; Android 6.0.1; Nexus 5X Build/MMB29P) AppleWebKit/537.36 (KHTML, like Gecko) Chrome/137.0.7151.119 Mobile Safari/537.36 (compatible; Googlebot/2.1; +http://www.google.com/bot.html)"
209.74.77.214 - - [13/Jul/2025:13:59:11 +0000] "POST /wp-cron.php?doing_wp_cron=1752415151.1629469394683837890625 HTTP/1.1" 200 - "-" "WordPress/6.8.1; https://cyber-secure.com.au"
209.74.77.214 - - [13/Jul/2025:13:59:11 +0000] "POST /wp-admin/admin-ajax.php?action=async_litespeed&nonce=7QKezRLxibIn4H4bQKoTSRGMmyiEZieP&litespeed_type=imgoptm HTTP/1.1" 200 21 "-" "WordPress/6.8.1; https://cyber-secure.com.au"
66.249.64.128 - - [13/Jul/2025:13:59:10 +0000] "GET /?e=106068085041000&mod=f0cd63af&uri=pin.php%3Fid%3D3539848-1430%26name%3Dnike%20air%20force%2007%20weinrot HTTP/1.1" 200 26104 "-" "Mozilla/5.0 (Linux; Android 6.0.1; Nexus 5X Build/MMB29P) AppleWebKit/537.36 (KHTML, like Gecko) Chrome/137.0.7151.103 Mobile Safari/537.36 (compatible; GoogleOther)"
66.249.64.132 - - [13/Jul/2025:13:59:36 +0000] "GET /?e=72317397031000&mod=cf3c6554&uri=category-info.php%3Fid%3D2413315-1442%26name%3Dcitizen+promaster+diver+200+mt+automatico HTTP/1.1" 200 21393 "-" "Mozilla/5.0 (Linux; Android 6.0.1; Nexus 5X Build/MMB29P) AppleWebKit/537.36 (KHTML, like Gecko) Chrome/137.0.7151.103 Mobile Safari/537.36 (compatible; Googlebot/2.1; +http://www.google.com/bot.html)"
66.249.64.128 - - [13/Jul/2025:14:00:09 +0000] "POST /get-message-notify HTTP/1.1" 200 21387 "https://cyber-secure.com.au/?e=72317397031000&mod=cf3c6554&uri=category-info.php%3Fid%3D2413315-1442%26name%3Dcitizen+promaster+diver+200+mt+automatico" "Mozilla/5.0 (Linux; Android 6.0.1; Nexus 5X Build/MMB29P) AppleWebKit/537.36 (KHTML, like Gecko) Chrome/137.0.7151.119 Mobile Safari/537.36 (compatible; Googlebot/2.1; +http://www.google.com/bot.html)"
66.249.64.132 - - [13/Jul/2025:14:00:43 +0000] "GET /?e=4249126131000&mod=55a988df&uri=article.php%3Fid%3D141822-253%26name%3Dgozanti+cruiser+lego HTTP/1.1" 200 21387 "-" "Mozilla/5.0 (Linux; Android 6.0.1; Nexus 5X Build/MMB29P) AppleWebKit/537.36 (KHTML, like Gecko) Chrome/137.0.7151.103 Mobile Safari/537.36 (compatible; Googlebot/2.1; +http://www.google.com/bot.html)"
209.74.77.214 - - [13/Jul/2025:14:01:18 +0000] "POST /wp-cron.php?doing_wp_cron=1752415278.9078850746154785156250 HTTP/1.1" 200 - "-" "WordPress/6.8.1; https://cyber-secure.com.au"
66.249.64.132 - - [13/Jul/2025:14:01:17 +0000] "GET /?e=861384051000&mod=335f5352&uri=products.php%3Fid%3D28765-24%26name%3Dwoom+amazon HTTP/1.1" 301 - "-" "Mozilla/5.0 (Linux; Android 6.0.1; Nexus 5X Build/MMB29P) AppleWebKit/537.36 (KHTML, like Gecko) Chrome/137.0.7151.103 Mobile Safari/537.36 (compatible; GoogleOther)"
209.74.77.214 - - [13/Jul/2025:14:01:18 +0000] "POST /wp-admin/admin-ajax.php?action=async_litespeed&nonce=FYlruNQZobr9KUCPAFcbIxCAbLqfgOjo&litespeed_type=imgoptm HTTP/1.1" 200 21 "-" "WordPress/6.8.1; https://cyber-secure.com.au"
66.249.64.128 - - [13/Jul/2025:14:02:32 +0000] "GET /?e=867414001000&mod=6c9882bb&uri=category-info.php%3Fid%3D28966-25%26name%3Dguitar+games+xbox+one HTTP/1.1" 200 22398 "-" "Mozilla/5.0 (compatible; Googlebot/2.1; +http://www.google.com/bot.html)"
209.74.77.214 - - [13/Jul/2025:14:02:58 +0000] "POST /wp-cron.php?doing_wp_cron=1752415378.3524909019470214843750 HTTP/1.1" 200 - "-" "WordPress/6.8.1; https://cyber-secure.com.au"
209.74.77.214 - - [13/Jul/2025:14:02:58 +0000] "POST /wp-admin/admin-ajax.php?action=async_litespeed&nonce=B92uxOcSqftjRz1ZUcOSzPz7W9r4yPXc&litespeed_type=imgoptm HTTP/1.1" 200 21 "-" "WordPress/6.8.1; https://cyber-secure.com.au"
66.249.64.128 - - [13/Jul/2025:14:02:57 +0000] "GET /?e=861384051000&mod=335f5352&uri=products.php%3Fid%3D28765-24%26name%3Dwoom%20amazon HTTP/1.1" 200 26103 "-" "Mozilla/5.0 (Linux; Android 6.0.1; Nexus 5X Build/MMB29P) AppleWebKit/537.36 (KHTML, like Gecko) Chrome/137.0.7151.103 Mobile Safari/537.36 (compatible; GoogleOther)"
66.249.64.132 - - [13/Jul/2025:14:04:39 +0000] "GET /?e=102520601131000&mod=a14ac55a&uri=goods.php%3Fid%3D3421397-161%26name%3Dberne+high+country+hooded+jacket HTTP/1.1" 200 21928 "-" "Mozilla/5.0 (Linux; Android 6.0.1; Nexus 5X Build/MMB29P) AppleWebKit/537.36 (KHTML, like Gecko) Chrome/137.0.7151.103 Mobile Safari/537.36 (compatible; Googlebot/2.1; +http://www.google.com/bot.html)"
209.74.77.214 - - [13/Jul/2025:14:05:56 +0000] "POST /wp-cron.php?doing_wp_cron=1752415556.2597899436950683593750 HTTP/1.1" 200 - "-" "WordPress/6.8.1; https://cyber-secure.com.au"
205.185.127.84 - - [13/Jul/2025:14:05:54 +0000] "GET /wp-login.php HTTP/1.1" 200 5406 "-" "Mozilla/5.0 (Macintosh; Intel Mac OS X 10_8_5) AppleWebKit/537.77.4 (KHTML, like Gecko) Version/6.1.5 Safari/537.77.4"
205.185.127.84 - - [13/Jul/2025:14:05:56 +0000] "POST /wp-login.php HTTP/1.1" 200 5662 "-" "Mozilla/5.0 (Macintosh; Intel Mac OS X 10_8_5) AppleWebKit/537.77.4 (KHTML, like Gecko) Version/6.1.5 Safari/537.77.4"
209.74.77.214 - - [13/Jul/2025:14:05:56 +0000] "POST /wp-admin/admin-ajax.php?action=async_litespeed&nonce=GgPEIo055a03je1Itd1YPkQ1t8lSzYhZ&litespeed_type=imgoptm HTTP/1.1" 200 21 "-" "WordPress/6.8.1; https://cyber-secure.com.au"
209.74.77.214 - - [13/Jul/2025:14:06:48 +0000] "POST /wp-cron.php?doing_wp_cron=1752415608.1260509490966796875000 HTTP/1.1" 200 - "-" "WordPress/6.8.1; https://cyber-secure.com.au"
51.222.253.10 - - [13/Jul/2025:14:06:47 +0000] "GET /comments/feed/ HTTP/1.1" 200 745 "-" "Mozilla/5.0 (compatible; AhrefsBot/7.0; +http://ahrefs.com/robot/)"
209.74.77.214 - - [13/Jul/2025:14:06:48 +0000] "POST /wp-admin/admin-ajax.php?action=async_litespeed&nonce=G6VodKdbjkfTc9ep4glzuqDYBjVohavB&litespeed_type=imgoptm HTTP/1.1" 200 21 "-" "WordPress/6.8.1; https://cyber-secure.com.au"
66.249.64.132 - - [13/Jul/2025:14:06:41 +0000] "GET /?e=17003283051000&mod=a01a0380&uri=pin.php%3Fid%3D567618-39%26name%3Dbest+dining+tables+for+small+spaces HTTP/1.1" 200 21819 "-" "Mozilla/5.0 (Linux; Android 6.0.1; Nexus 5X Build/MMB29P) AppleWebKit/537.36 (KHTML, like Gecko) Chrome/137.0.7151.103 Mobile Safari/537.36 (compatible; Googlebot/2.1; +http://www.google.com/bot.html)"
66.249.64.132 - - [13/Jul/2025:14:07:45 +0000] "GET /?e=803280141000&mod=9b72e31d&uri=news.php%3Fid%3D26826-54%26name%3Dstivaletti+prezzi+bassi HTTP/1.1" 200 20619 "-" "Mozilla/5.0 (compatible; Googlebot/2.1; +http://www.google.com/bot.html)"
209.74.77.214 - - [13/Jul/2025:14:08:03 +0000] "POST /wp-cron.php?doing_wp_cron=1752415683.6016418933868408203125 HTTP/1.1" 200 - "-" "WordPress/6.8.1; https://cyber-secure.com.au"
209.141.36.186 - - [13/Jul/2025:14:08:02 +0000] "GET /wp-login.php HTTP/1.1" 200 5406 "-" "Mozilla/5.0 (Windows NT 6.3; WOW64) AppleWebKit/537.36 (KHTML, like Gecko) Chrome/36.0.1985.125 Safari/537.36"
209.74.77.214 - - [13/Jul/2025:14:08:03 +0000] "POST /wp-admin/admin-ajax.php?action=async_litespeed&nonce=I8ZZk5ZifvW1HazBExkYyJXBLXeKZbHs&litespeed_type=imgoptm HTTP/1.1" 200 21 "-" "WordPress/6.8.1; https://cyber-secure.com.au"
209.74.77.214 - - [13/Jul/2025:14:09:05 +0000] "POST /wp-cron.php?doing_wp_cron=1752415745.4888319969177246093750 HTTP/1.1" 200 - "-" "WordPress/6.8.1; https://cyber-secure.com.au"
66.249.64.128 - - [13/Jul/2025:14:09:04 +0000] "GET /?e=4245296051000&mod=55a988df&uri=article.php%3Fid%3D141694-253%26name%3Ddc+lego+super+villains+ps4 HTTP/1.1" 301 - "-" "Mozilla/5.0 (Linux; Android 6.0.1; Nexus 5X Build/MMB29P) AppleWebKit/537.36 (KHTML, like Gecko) Chrome/137.0.7151.103 Mobile Safari/537.36 (compatible; GoogleOther)"
209.74.77.214 - - [13/Jul/2025:14:09:05 +0000] "POST /wp-admin/admin-ajax.php?action=async_litespeed&nonce=4nLikZGPsZ3hmPYjNTgFDxLKCysnpBiB&litespeed_type=imgoptm HTTP/1.1" 200 21 "-" "WordPress/6.8.1; https://cyber-secure.com.au"
66.249.64.132 - - [13/Jul/2025:14:09:41 +0000] "GET /?e=77470831011000&mod=28b9f8aa&uri=brands.php%3Fid%3D2585273-523%26name%3Dnike+takedo+sb HTTP/1.1" 200 21797 "-" "Mozilla/5.0 (Linux; Android 6.0.1; Nexus 5X Build/MMB29P) AppleWebKit/537.36 (KHTML, like Gecko) Chrome/137.0.7151.103 Mobile Safari/537.36 (compatible; Googlebot/2.1; +http://www.google.com/bot.html)"
66.249.64.132 - - [13/Jul/2025:14:10:02 +0000] "GET /?e=53029615031000&mod=080c993f&uri=blog.php%3Fid%3D1769647-464%26name%3Dpsd416g26662h HTTP/1.1" 200 21564 "-" "Mozilla/5.0 (Linux; Android 6.0.1; Nexus 5X Build/MMB29P) AppleWebKit/537.36 (KHTML, like Gecko) Chrome/137.0.7151.103 Mobile Safari/537.36 (compatible; Googlebot/2.1; +http://www.google.com/bot.html)"
209.74.77.214 - - [13/Jul/2025:14:11:32 +0000] "POST /wp-cron.php?doing_wp_cron=1752415892.6871540546417236328125 HTTP/1.1" 200 - "-" "WordPress/6.8.1; https://cyber-secure.com.au"
209.74.77.214 - - [13/Jul/2025:14:11:32 +0000] "POST /wp-admin/admin-ajax.php?action=async_litespeed&nonce=yhaxyF4DMWWxFEjb1MVJ37Wwv8LiygtT&litespeed_type=imgoptm HTTP/1.1" 200 21 "-" "WordPress/6.8.1; https://cyber-secure.com.au"
66.249.64.128 - - [13/Jul/2025:14:11:31 +0000] "GET /?e=4245296051000&mod=55a988df&uri=article.php%3Fid%3D141694-253%26name%3Ddc%20lego%20super%20villains%20ps4 HTTP/1.1" 200 26106 "-" "Mozilla/5.0 (Linux; Android 6.0.1; Nexus 5X Build/MMB29P) AppleWebKit/537.36 (KHTML, like Gecko) Chrome/137.0.7151.103 Mobile Safari/537.36 (compatible; GoogleOther)"
209.141.36.186 - - [13/Jul/2025:14:11:57 +0000] "POST /wp-login.php HTTP/1.1" 200 5662 "-" "Mozilla/5.0 (Windows NT 6.3; WOW64) AppleWebKit/537.36 (KHTML, like Gecko) Chrome/36.0.1985.125 Safari/537.36"
66.249.64.129 - - [13/Jul/2025:14:13:38 +0000] "GET /?e=812804031000&mod=d64a340b&uri=brands.php%3Fid%3D27145-53%26name%3Ddr+martens+soletta HTTP/1.1" 200 21647 "-" "Mozilla/5.0 (compatible; Googlebot/2.1; +http://www.google.com/bot.html)"
66.249.64.129 - - [13/Jul/2025:14:15:30 +0000] "GET /?e=50473942001000&mod=02ae6a78&uri=search.php%3Fid%3D1684406-381%26name%3Dnaturino+primi+passi+saldi HTTP/1.1" 200 21667 "-" "Mozilla/5.0 (Linux; Android 6.0.1; Nexus 5X Build/MMB29P) AppleWebKit/537.36 (KHTML, like Gecko) Chrome/137.0.7151.103 Mobile Safari/537.36 (compatible; Googlebot/2.1; +http://www.google.com/bot.html)"
66.249.64.128 - - [13/Jul/2025:14:16:00 +0000] "GET /?e=52863618061000&mod=e9fb2eda&uri=product.php%3Fid%3D1764106-311%26name%3Dbarbie+lake HTTP/1.1" 200 21274 "-" "Mozilla/5.0 (Linux; Android 6.0.1; Nexus 5X Build/MMB29P) AppleWebKit/537.36 (KHTML, like Gecko) Chrome/137.0.7151.103 Mobile Safari/537.36 (compatible; Googlebot/2.1; +http://www.google.com/bot.html)"
66.249.64.132 - - [13/Jul/2025:14:16:51 +0000] "GET /?e=72240472021000&mod=1abf005e&uri=info.php%3Fid%3D2410742-738%26name%3Dveste+de+ski+alpine+pro HTTP/1.1" 200 22048 "-" "Mozilla/5.0 (Linux; Android 6.0.1; Nexus 5X Build/MMB29P) AppleWebKit/537.36 (KHTML, like Gecko) Chrome/137.0.7151.103 Mobile Safari/537.36 (compatible; Googlebot/2.1; +http://www.google.com/bot.html)"
209.74.77.214 - - [13/Jul/2025:14:17:50 +0000] "POST /wp-cron.php?doing_wp_cron=1752416270.5460059642791748046875 HTTP/1.1" 200 - "-" "WordPress/6.8.1; https://cyber-secure.com.au"
66.249.64.128 - - [13/Jul/2025:14:17:49 +0000] "GET /?e=17144400091000&mod=5e9fb672&uri=pin.php%3Fid%3D572323-683%26name%3Ddavid+vidal+vestidos+de+novia HTTP/1.1" 301 - "-" "Mozilla/5.0 (Linux; Android 6.0.1; Nexus 5X Build/MMB29P) AppleWebKit/537.36 (KHTML, like Gecko) Chrome/137.0.7151.103 Mobile Safari/537.36 (compatible; GoogleOther)"
209.74.77.214 - - [13/Jul/2025:14:17:50 +0000] "POST /wp-admin/admin-ajax.php?action=async_litespeed&nonce=05iaL3bTMryjOnHIlmquc2vyR9iXYTpO&litespeed_type=imgoptm HTTP/1.1" 200 21 "-" "WordPress/6.8.1; https://cyber-secure.com.au"
209.74.77.214 - - [13/Jul/2025:14:18:19 +0000] "POST /wp-cron.php?doing_wp_cron=1752416299.2800049781799316406250 HTTP/1.1" 200 - "-" "WordPress/6.8.1; https://cyber-secure.com.au"
209.74.77.214 - - [13/Jul/2025:14:18:19 +0000] "POST /wp-admin/admin-ajax.php?action=async_litespeed&nonce=8jlvXXfaniQn7SqHRZDxyVZjtmHblI4M&litespeed_type=imgoptm HTTP/1.1" 200 21 "-" "WordPress/6.8.1; https://cyber-secure.com.au"
51.222.253.5 - - [13/Jul/2025:14:18:19 +0000] "GET /contact/ HTTP/1.1" 200 21170 "-" "Mozilla/5.0 (compatible; AhrefsBot/7.0; +http://ahrefs.com/robot/)"
66.249.64.128 - - [13/Jul/2025:14:18:21 +0000] "GET /?e=99572170001000&mod=9a4b930f&uri=article.php%3Fid%3D3322977-1438%26name%3Dnike+kevin+durant+red HTTP/1.1" 200 21535 "-" "Mozilla/5.0 (Linux; Android 6.0.1; Nexus 5X Build/MMB29P) AppleWebKit/537.36 (KHTML, like Gecko) Chrome/137.0.7151.103 Mobile Safari/537.36 (compatible; Googlebot/2.1; +http://www.google.com/bot.html)"
51.222.253.10 - - [13/Jul/2025:14:18:55 +0000] "GET /wp-content/uploads/elementor/css/post-162.css?ver=1749267036 HTTP/1.1" 200 2830 "-" "Mozilla/5.0 (compatible; AhrefsBot/7.0; +http://ahrefs.com/robot/)"
51.222.253.6 - - [13/Jul/2025:14:18:56 +0000] "GET /wp-content/plugins/elementor/assets/css/widget-spacer.min.css?ver=3.29.2 HTTP/1.1" 200 369 "-" "Mozilla/5.0 (compatible; AhrefsBot/7.0; +http://ahrefs.com/robot/)"
66.249.64.132 - - [13/Jul/2025:14:18:56 +0000] "GET /?e=99510459041000&mod=ee3bf295&uri=products.php%3Fid%3D3320918-1514%26name%3Damazon+triple+stroller HTTP/1.1" 200 21689 "-" "Mozilla/5.0 (Linux; Android 6.0.1; Nexus 5X Build/MMB29P) AppleWebKit/537.36 (KHTML, like Gecko) Chrome/137.0.7151.103 Mobile Safari/537.36 (compatible; Googlebot/2.1; +http://www.google.com/bot.html)"
66.249.64.128 - - [13/Jul/2025:14:19:30 +0000] "GET /?e=16984911011000&mod=a6ce9144&uri=product.php%3Fid%3D567005-678%26name%3Dlogo+apple+iphone+12 HTTP/1.1" 200 22547 "-" "Mozilla/5.0 (Linux; Android 6.0.1; Nexus 5X Build/MMB29P) AppleWebKit/537.36 (KHTML, like Gecko) Chrome/137.0.7151.103 Mobile Safari/537.36 (compatible; Googlebot/2.1; +http://www.google.com/bot.html)"
66.249.64.128 - - [13/Jul/2025:14:20:00 +0000] "GET /?e=803130041000&mod=9b72e31d&uri=brands.php%3Fid%3D26821-54%26name%3Dtronchetto+lucido HTTP/1.1" 200 21941 "-" "Mozilla/5.0 (compatible; Googlebot/2.1; +http://www.google.com/bot.html)"
209.74.77.214 - - [13/Jul/2025:14:20:28 +0000] "POST /wp-cron.php?doing_wp_cron=1752416428.4808180332183837890625 HTTP/1.1" 200 - "-" "WordPress/6.8.1; https://cyber-secure.com.au"
209.74.77.214 - - [13/Jul/2025:14:20:28 +0000] "POST /wp-admin/admin-ajax.php?action=async_litespeed&nonce=tfKXQbYmXP1Lg2YBavbbXQTIXTHHI86m&litespeed_type=imgoptm HTTP/1.1" 200 21 "-" "WordPress/6.8.1; https://cyber-secure.com.au"
66.249.64.132 - - [13/Jul/2025:14:20:27 +0000] "GET /?e=17144400091000&mod=5e9fb672&uri=pin.php%3Fid%3D572323-683%26name%3Ddavid%20vidal%20vestidos%20de%20novia HTTP/1.1" 200 26109 "-" "Mozilla/5.0 (Linux; Android 6.0.1; Nexus 5X Build/MMB29P) AppleWebKit/537.36 (KHTML, like Gecko) Chrome/137.0.7151.103 Mobile Safari/537.36 (compatible; GoogleOther)"
66.249.64.132 - - [13/Jul/2025:14:20:58 +0000] "GET /?e=16996207001000&mod=a01a0380&uri=goods.php%3Fid%3D567382-39%26name%3Dgray+rocker+glider HTTP/1.1" 200 22388 "-" "Mozilla/5.0 (Linux; Android 6.0.1; Nexus 5X Build/MMB29P) AppleWebKit/537.36 (KHTML, like Gecko) Chrome/137.0.7151.103 Mobile Safari/537.36 (compatible; Googlebot/2.1; +http://www.google.com/bot.html)"
66.249.64.128 - - [13/Jul/2025:14:21:42 +0000] "GET /?e=4259487021000&mod=55a988df&uri=brands.php%3Fid%3D142168-253%26name%3Dlego+reverse+flash+minifigure HTTP/1.1" 200 20947 "-" "Mozilla/5.0 (Linux; Android 6.0.1; Nexus 5X Build/MMB29P) AppleWebKit/537.36 (KHTML, like Gecko) Chrome/137.0.7151.103 Mobile Safari/537.36 (compatible; Googlebot/2.1; +http://www.google.com/bot.html)"
66.249.64.129 - - [13/Jul/2025:14:22:03 +0000] "GET /?e=72312237011000&mod=cf3c6554&uri=us.php%3Fid%3D2413143-1442%26name%3Dexplorer+rolex+usato HTTP/1.1" 200 21281 "-" "Mozilla/5.0 (Linux; Android 6.0.1; Nexus 5X Build/MMB29P) AppleWebKit/537.36 (KHTML, like Gecko) Chrome/137.0.7151.103 Mobile Safari/537.36 (compatible; Googlebot/2.1; +http://www.google.com/bot.html)"
66.249.64.132 - - [13/Jul/2025:14:22:22 +0000] "POST /get-message-notify HTTP/1.1" 200 21375 "https://cyber-secure.com.au/?e=72312237011000&mod=cf3c6554&uri=us.php%3Fid%3D2413143-1442%26name%3Dexplorer+rolex+usato" "Mozilla/5.0 (Linux; Android 6.0.1; Nexus 5X Build/MMB29P) AppleWebKit/537.36 (KHTML, like Gecko) Chrome/137.0.7151.119 Mobile Safari/537.36 (compatible; Googlebot/2.1; +http://www.google.com/bot.html)"
209.74.77.214 - - [13/Jul/2025:14:23:20 +0000] "POST /wp-cron.php?doing_wp_cron=1752416600.5068390369415283203125 HTTP/1.1" 200 - "-" "WordPress/6.8.1; https://cyber-secure.com.au"
66.249.64.129 - - [13/Jul/2025:14:23:19 +0000] "GET /?e=50600393021000&mod=45b865d1&uri=brands.php%3Fid%3D1688624-1275%26name%3Dmaxi+cosi+loola+review HTTP/1.1" 301 - "-" "Mozilla/5.0 (Linux; Android 6.0.1; Nexus 5X Build/MMB29P) AppleWebKit/537.36 (KHTML, like Gecko) Chrome/137.0.7151.103 Mobile Safari/537.36 (compatible; GoogleOther)"
209.74.77.214 - - [13/Jul/2025:14:23:20 +0000] "POST /wp-admin/admin-ajax.php?action=async_litespeed&nonce=hpPddI193iMz0FHVa8kiX0WAmyyD3WBd&litespeed_type=imgoptm HTTP/1.1" 200 21 "-" "WordPress/6.8.1; https://cyber-secure.com.au"
66.249.64.128 - - [13/Jul/2025:14:23:42 +0000] "GET /?e=50527755021000&mod=e0be0edc&uri=info.php%3Fid%3D1686202-934%26name%3Dbottes+noires+en+cuir+femme HTTP/1.1" 200 21737 "-" "Mozilla/5.0 (Linux; Android 6.0.1; Nexus 5X Build/MMB29P) AppleWebKit/537.36 (KHTML, like Gecko) Chrome/137.0.7151.103 Mobile Safari/537.36 (compatible; Googlebot/2.1; +http://www.google.com/bot.html)"
209.74.77.214 - - [13/Jul/2025:14:25:05 +0000] "POST /wp-cron.php?doing_wp_cron=1752416705.8339738845825195312500 HTTP/1.1" 200 - "-" "WordPress/6.8.1; https://cyber-secure.com.au"
209.74.77.214 - - [13/Jul/2025:14:25:05 +0000] "POST /wp-admin/admin-ajax.php?action=async_litespeed&nonce=TCsnLkkQxfzQRBEubkumM5VQGgQtIq3E&litespeed_type=imgoptm HTTP/1.1" 200 21 "-" "WordPress/6.8.1; https://cyber-secure.com.au"
66.249.64.129 - - [13/Jul/2025:14:25:04 +0000] "GET /?e=50600393021000&mod=45b865d1&uri=brands.php%3Fid%3D1688624-1275%26name%3Dmaxi%20cosi%20loola%20review HTTP/1.1" 200 26108 "-" "Mozilla/5.0 (Linux; Android 6.0.1; Nexus 5X Build/MMB29P) AppleWebKit/537.36 (KHTML, like Gecko) Chrome/137.0.7151.103 Mobile Safari/537.36 (compatible; GoogleOther)"
66.249.64.132 - - [13/Jul/2025:14:25:50 +0000] "GET /?e=119766774051000&mod=7993e112&uri=news.php%3Fid%3D3996981-242%26name%3Dbarista+pro+touch HTTP/1.1" 200 21666 "-" "Mozilla/5.0 (compatible; Googlebot/2.1; +http://www.google.com/bot.html)"
66.249.64.132 - - [13/Jul/2025:14:26:31 +0000] "GET /?e=13442175061000&mod=851300ee&uri=dp.php%3Fid%3D448796-173%26name%3Dbest+wooden+puzzles+for+adults HTTP/1.1" 200 21918 "-" "Mozilla/5.0 (Linux; Android 6.0.1; Nexus 5X Build/MMB29P) AppleWebKit/537.36 (KHTML, like Gecko) Chrome/137.0.7151.103 Mobile Safari/537.36 (compatible; Googlebot/2.1; +http://www.google.com/bot.html)"
66.249.64.128 - - [13/Jul/2025:14:27:07 +0000] "GET /?e=100641477011000&mod=a01a0380&uri=us.php%3Fid%3D3358683-39%26name%3Dinfant+chair+walmart HTTP/1.1" 200 22086 "-" "Mozilla/5.0 (Linux; Android 6.0.1; Nexus 5X Build/MMB29P) AppleWebKit/537.36 (KHTML, like Gecko) Chrome/137.0.7151.103 Mobile Safari/537.36 (compatible; Googlebot/2.1; +http://www.google.com/bot.html)"
209.74.77.214 - - [13/Jul/2025:14:28:38 +0000] "POST /wp-cron.php?doing_wp_cron=1752416918.7586350440979003906250 HTTP/1.1" 200 - "-" "WordPress/6.8.1; https://cyber-secure.com.au"
66.249.64.129 - - [13/Jul/2025:14:28:37 +0000] "GET /?e=111929474001000&mod=a01a0380&uri=category-info.php%3Fid%3D3735459-39%26name%3Dwayfair+desk+chair+no+wheels HTTP/1.1" 301 - "-" "Mozilla/5.0 (Linux; Android 6.0.1; Nexus 5X Build/MMB29P) AppleWebKit/537.36 (KHTML, like Gecko) Chrome/137.0.7151.103 Mobile Safari/537.36 (compatible; GoogleOther)"
209.74.77.214 - - [13/Jul/2025:14:28:38 +0000] "POST /wp-admin/admin-ajax.php?action=async_litespeed&nonce=QnDd0IqErlHTTHwqLK64IITtwPiZGToT&litespeed_type=imgoptm HTTP/1.1" 200 21 "-" "WordPress/6.8.1; https://cyber-secure.com.au"
66.249.64.128 - - [13/Jul/2025:14:28:59 +0000] "GET /?e=111929474001000&mod=a01a0380&uri=category-info.php%3Fid%3D3735459-39%26name%3Dwayfair%20desk%20chair%20no%20wheels HTTP/1.1" 200 26108 "-" "Mozilla/5.0 (Linux; Android 6.0.1; Nexus 5X Build/MMB29P) AppleWebKit/537.36 (KHTML, like Gecko) Chrome/137.0.7151.103 Mobile Safari/537.36 (compatible; GoogleOther)"
209.74.77.214 - - [13/Jul/2025:14:29:18 +0000] "POST /wp-cron.php?doing_wp_cron=1752416958.2622199058532714843750 HTTP/1.1" 200 - "-" "WordPress/6.8.1; https://cyber-secure.com.au"
209.74.77.214 - - [13/Jul/2025:14:29:18 +0000] "POST /wp-admin/admin-ajax.php?action=async_litespeed&nonce=cDbqaLM1PkBmiZQw2d8Q7A2Cti0jTFlY&litespeed_type=imgoptm HTTP/1.1" 200 21 "-" "WordPress/6.8.1; https://cyber-secure.com.au"
51.222.253.4 - - [13/Jul/2025:14:29:14 +0000] "GET /faq/ HTTP/1.1" 200 21022 "-" "Mozilla/5.0 (compatible; AhrefsBot/7.0; +http://ahrefs.com/robot/)"
66.249.64.129 - - [13/Jul/2025:14:29:21 +0000] "GET /?e=117013784041000&mod=3c69ccff&uri=dp.php%3Fid%3D3905153-635%26name%3Ddivisa+nazionale+italiana+calcio HTTP/1.1" 301 - "-" "Mozilla/5.0 (Linux; Android 6.0.1; Nexus 5X Build/MMB29P) AppleWebKit/537.36 (KHTML, like Gecko) Chrome/137.0.7151.103 Mobile Safari/537.36 (compatible; GoogleOther)"
66.249.64.128 - - [13/Jul/2025:14:29:27 +0000] "GET /?e=107596311051000&mod=dc58e3a3&uri=products.php%3Fid%3D3590843-107%26name%3Dnike+impulse+pack HTTP/1.1" 200 20992 "-" "Mozilla/5.0 (Linux; Android 6.0.1; Nexus 5X Build/MMB29P) AppleWebKit/537.36 (KHTML, like Gecko) Chrome/137.0.7151.103 Mobile Safari/537.36 (compatible; Googlebot/2.1; +http://www.google.com/bot.html)"
66.249.64.132 - - [13/Jul/2025:14:29:33 +0000] "GET /?e=52852488101000&mod=e9fb2eda&uri=search.php%3Fid%3D1763735-311%26name%3Dbarbie+extra+at+walmart HTTP/1.1" 200 21333 "-" "Mozilla/5.0 (Linux; Android 6.0.1; Nexus 5X Build/MMB29P) AppleWebKit/537.36 (KHTML, like Gecko) Chrome/137.0.7151.103 Mobile Safari/537.36 (compatible; Googlebot/2.1; +http://www.google.com/bot.html)"
66.249.64.132 - - [13/Jul/2025:14:29:40 +0000] "GET /?e=117013784041000&mod=3c69ccff&uri=dp.php%3Fid%3D3905153-635%26name%3Ddivisa%20nazionale%20italiana%20calcio HTTP/1.1" 200 26105 "-" "Mozilla/5.0 (Linux; Android 6.0.1; Nexus 5X Build/MMB29P) AppleWebKit/537.36 (KHTML, like Gecko) Chrome/137.0.7151.103 Mobile Safari/537.36 (compatible; GoogleOther)"
66.249.64.132 - - [13/Jul/2025:14:29:46 +0000] "POST /get-message-notify HTTP/1.1" 200 21389 "https://cyber-secure.com.au/?e=52852488101000&mod=e9fb2eda&uri=search.php%3Fid%3D1763735-311%26name%3Dbarbie+extra+at+walmart" "Mozilla/5.0 (Linux; Android 6.0.1; Nexus 5X Build/MMB29P) AppleWebKit/537.36 (KHTML, like Gecko) Chrome/137.0.7151.119 Mobile Safari/537.36 (compatible; Googlebot/2.1; +http://www.google.com/bot.html)"
66.249.64.132 - - [13/Jul/2025:14:29:55 +0000] "GET /?e=1074277051000&mod=e5841df2&uri=article.php%3Fid%3D35869-70%26name%3Dgaggia+classic+pro+basket+size+grams HTTP/1.1" 301 - "-" "Mozilla/5.0 (Linux; Android 6.0.1; Nexus 5X Build/MMB29P) AppleWebKit/537.36 (KHTML, like Gecko) Chrome/137.0.7151.103 Mobile Safari/537.36 (compatible; GoogleOther)"
209.74.77.214 - - [13/Jul/2025:14:30:09 +0000] "POST /wp-cron.php?doing_wp_cron=1752417009.5855770111083984375000 HTTP/1.1" 200 - "-" "WordPress/6.8.1; https://cyber-secure.com.au"
66.249.64.129 - - [13/Jul/2025:14:30:09 +0000] "GET /?e=1074277051000&mod=e5841df2&uri=article.php%3Fid%3D35869-70%26name%3Dgaggia%20classic%20pro%20basket%20size%20grams HTTP/1.1" 200 26114 "-" "Mozilla/5.0 (Linux; Android 6.0.1; Nexus 5X Build/MMB29P) AppleWebKit/537.36 (KHTML, like Gecko) Chrome/137.0.7151.103 Mobile Safari/537.36 (compatible; GoogleOther)"
209.74.77.214 - - [13/Jul/2025:14:30:23 +0000] "POST /wp-cron.php?doing_wp_cron=1752417023.8270039558410644531250 HTTP/1.1" 200 - "-" "WordPress/6.8.1; https://cyber-secure.com.au"
66.249.64.132 - - [13/Jul/2025:14:30:22 +0000] "GET /?e=72242911031000&mod=39b8f721&uri=products.php%3Fid%3D2410824-427%26name%3Dyz+250+targata HTTP/1.1" 301 - "-" "Mozilla/5.0 (Linux; Android 6.0.1; Nexus 5X Build/MMB29P) AppleWebKit/537.36 (KHTML, like Gecko) Chrome/137.0.7151.103 Mobile Safari/537.36 (compatible; GoogleOther)"
209.74.77.214 - - [13/Jul/2025:14:30:23 +0000] "POST /wp-admin/admin-ajax.php?action=async_litespeed&nonce=DNuSJr1nbUNmFtcwEXZPR2MSGpmlZAU9&litespeed_type=imgoptm HTTP/1.1" 200 21 "-" "WordPress/6.8.1; https://cyber-secure.com.au"
66.249.64.132 - - [13/Jul/2025:14:30:36 +0000] "GET /?e=72242911031000&mod=39b8f721&uri=products.php%3Fid%3D2410824-427%26name%3Dyz%20250%20targata HTTP/1.1" 200 26116 "-" "Mozilla/5.0 (Linux; Android 6.0.1; Nexus 5X Build/MMB29P) AppleWebKit/537.36 (KHTML, like Gecko) Chrome/137.0.7151.103 Mobile Safari/537.36 (compatible; GoogleOther)"
66.249.64.132 - - [13/Jul/2025:14:30:40 +0000] "GET /?e=867294021000&mod=335f5352&uri=shared.php%3Fid%3D28962-24%26name%3Dtriumph+bobber+wide+tire+kit HTTP/1.1" 200 21754 "-" "Mozilla/5.0 (compatible; Googlebot/2.1; +http://www.google.com/bot.html)"
66.249.64.132 - - [13/Jul/2025:14:30:51 +0000] "GET /?e=32177184041000&mod=960fe54b&uri=article.php%3Fid%3D1073958-953%26name%3Ddentons+medi+rest HTTP/1.1" 301 - "-" "Mozilla/5.0 (Linux; Android 6.0.1; Nexus 5X Build/MMB29P) AppleWebKit/537.36 (KHTML, like Gecko) Chrome/137.0.7151.103 Mobile Safari/537.36 (compatible; GoogleOther)"
66.249.64.132 - - [13/Jul/2025:14:31:05 +0000] "GET /?e=32177184041000&mod=960fe54b&uri=article.php%3Fid%3D1073958-953%26name%3Ddentons%20medi%20rest HTTP/1.1" 200 26105 "-" "Mozilla/5.0 (Linux; Android 6.0.1; Nexus 5X Build/MMB29P) AppleWebKit/537.36 (KHTML, like Gecko) Chrome/137.0.7151.103 Mobile Safari/537.36 (compatible; GoogleOther)"
209.74.77.214 - - [13/Jul/2025:14:31:18 +0000] "POST /wp-cron.php?doing_wp_cron=1752417078.2136929035186767578125 HTTP/1.1" 200 - "-" "WordPress/6.8.1; https://cyber-secure.com.au"
66.249.64.132 - - [13/Jul/2025:14:31:18 +0000] "GET /?e=82759388031000&mod=884d7996&uri=category-info.php%3Fid%3D2761832-116%26name%3Dreloj+protrek+precio HTTP/1.1" 301 - "-" "Mozilla/5.0 (Linux; Android 6.0.1; Nexus 5X Build/MMB29P) AppleWebKit/537.36 (KHTML, like Gecko) Chrome/137.0.7151.103 Mobile Safari/537.36 (compatible; GoogleOther)"
209.74.77.214 - - [13/Jul/2025:14:31:18 +0000] "POST /wp-admin/admin-ajax.php?action=async_litespeed&nonce=myhuhIt80bOewfVspdpXD4PoOpAgUnWv&litespeed_type=imgoptm HTTP/1.1" 200 21 "-" "WordPress/6.8.1; https://cyber-secure.com.au"
66.249.64.132 - - [13/Jul/2025:14:31:29 +0000] "GET /?e=82759388031000&mod=884d7996&uri=category-info.php%3Fid%3D2761832-116%26name%3Dreloj%20protrek%20precio HTTP/1.1" 200 26108 "-" "Mozilla/5.0 (Linux; Android 6.0.1; Nexus 5X Build/MMB29P) AppleWebKit/537.36 (KHTML, like Gecko) Chrome/137.0.7151.103 Mobile Safari/537.36 (compatible; GoogleOther)"
66.249.64.132 - - [13/Jul/2025:14:31:38 +0000] "GET /?e=100070944011000&mod=a01a0380&uri=products.php%3Fid%3D3339621-39%26name%3Dsmall+cheap+dining+set HTTP/1.1" 200 22270 "-" "Mozilla/5.0 (Linux; Android 6.0.1; Nexus 5X Build/MMB29P) AppleWebKit/537.36 (KHTML, like Gecko) Chrome/137.0.7151.103 Mobile Safari/537.36 (compatible; Googlebot/2.1; +http://www.google.com/bot.html)"
66.249.64.132 - - [13/Jul/2025:14:31:41 +0000] "GET /wp-content/plugins/elementor/assets/css/widget-image.min.css?ver=3.29.2 HTTP/1.1" 200 165 "https://cyber-secure.com.au/?e=32177184041000&mod=960fe54b&uri=article.php%3Fid%3D1073958-953%26name%3Ddentons%20medi%20rest" "Mozilla/5.0 (Linux; Android 6.0.1; Nexus 5X Build/MMB29P) AppleWebKit/537.36 (KHTML, like Gecko) Chrome/137.0.7151.119 Mobile Safari/537.36 (compatible; Googlebot/2.1; +http://www.google.com/bot.html)"
66.249.64.132 - - [13/Jul/2025:14:31:44 +0000] "GET /?e=102534161061000&mod=a14ac55a&uri=pin.php%3Fid%3D3421849-161%26name%3Dtommy+hilfiger+jacket+womens+poncho HTTP/1.1" 301 - "-" "Mozilla/5.0 (Linux; Android 6.0.1; Nexus 5X Build/MMB29P) AppleWebKit/537.36 (KHTML, like Gecko) Chrome/137.0.7151.103 Mobile Safari/537.36 (compatible; GoogleOther)"
66.249.64.132 - - [13/Jul/2025:14:31:57 +0000] "GET /?e=102534161061000&mod=a14ac55a&uri=pin.php%3Fid%3D3421849-161%26name%3Dtommy%20hilfiger%20jacket%20womens%20poncho HTTP/1.1" 200 26105 "-" "Mozilla/5.0 (Linux; Android 6.0.1; Nexus 5X Build/MMB29P) AppleWebKit/537.36 (KHTML, like Gecko) Chrome/137.0.7151.103 Mobile Safari/537.36 (compatible; GoogleOther)"
66.249.64.132 - - [13/Jul/2025:14:32:00 +0000] "GET /wp-content/plugins/elementor/assets/css/widget-image.min.css?ver=3.29.2 HTTP/1.1" 200 165 "https://cyber-secure.com.au/?e=111929474001000&mod=a01a0380&uri=category-info.php%3Fid%3D3735459-39%26name%3Dwayfair%20desk%20chair%20no%20wheels" "Mozilla/5.0 (Linux; Android 6.0.1; Nexus 5X Build/MMB29P) AppleWebKit/537.36 (KHTML, like Gecko) Chrome/137.0.7151.119 Mobile Safari/537.36 (compatible; Googlebot/2.1; +http://www.google.com/bot.html)"
66.249.64.132 - - [13/Jul/2025:14:32:23 +0000] "GET /wp-content/plugins/elementor/assets/css/widget-image.min.css?ver=3.29.2 HTTP/1.1" 200 165 "https://cyber-secure.com.au/?e=82759388031000&mod=884d7996&uri=category-info.php%3Fid%3D2761832-116%26name%3Dreloj%20protrek%20precio" "Mozilla/5.0 (Linux; Android 6.0.1; Nexus 5X Build/MMB29P) AppleWebKit/537.36 (KHTML, like Gecko) Chrome/137.0.7151.119 Mobile Safari/537.36 (compatible; Googlebot/2.1; +http://www.google.com/bot.html)"
66.249.64.132 - - [13/Jul/2025:14:32:24 +0000] "GET /wp-content/plugins/elementor/assets/css/widget-image.min.css?ver=3.29.2 HTTP/1.1" 200 165 "https://cyber-secure.com.au/?e=102534161061000&mod=a14ac55a&uri=pin.php%3Fid%3D3421849-161%26name%3Dtommy%20hilfiger%20jacket%20womens%20poncho" "Mozilla/5.0 (Linux; Android 6.0.1; Nexus 5X Build/MMB29P) AppleWebKit/537.36 (KHTML, like Gecko) Chrome/137.0.7151.119 Mobile Safari/537.36 (compatible; Googlebot/2.1; +http://www.google.com/bot.html)"
209.74.77.214 - - [13/Jul/2025:14:32:33 +0000] "POST /wp-cron.php?doing_wp_cron=1752417153.0436890125274658203125 HTTP/1.1" 200 - "-" "WordPress/6.8.1; https://cyber-secure.com.au"
66.249.64.132 - - [13/Jul/2025:14:32:31 +0000] "GET /?e=58140688041000&mod=b4d22bb5&uri=pin.php%3Fid%3D1940182-803%26name%3Dbike+trekking+lago+di+garda HTTP/1.1" 301 - "-" "Mozilla/5.0 (Linux; Android 6.0.1; Nexus 5X Build/MMB29P) AppleWebKit/537.36 (KHTML, like Gecko) Chrome/137.0.7151.103 Mobile Safari/537.36 (compatible; GoogleOther)"
209.74.77.214 - - [13/Jul/2025:14:32:33 +0000] "POST /wp-admin/admin-ajax.php?action=async_litespeed&nonce=KFMV7X44briaLOOQH7Fe9PSIpqOLcF6L&litespeed_type=imgoptm HTTP/1.1" 200 21 "-" "WordPress/6.8.1; https://cyber-secure.com.au"
66.249.64.132 - - [13/Jul/2025:14:32:48 +0000] "GET /?e=98786900071000&mod=5f2c22cb&uri=form.php%3Fid%3D3296769-72%26name%3Djtv+stackable+rings HTTP/1.1" 200 21186 "-" "Mozilla/5.0 (Linux; Android 6.0.1; Nexus 5X Build/MMB29P) AppleWebKit/537.36 (KHTML, like Gecko) Chrome/137.0.7151.103 Mobile Safari/537.36 (compatible; Googlebot/2.1; +http://www.google.com/bot.html)"
66.249.64.132 - - [13/Jul/2025:14:32:56 +0000] "GET /?e=58140688041000&mod=b4d22bb5&uri=pin.php%3Fid%3D1940182-803%26name%3Dbike%20trekking%20lago%20di%20garda HTTP/1.1" 200 26105 "-" "Mozilla/5.0 (Linux; Android 6.0.1; Nexus 5X Build/MMB29P) AppleWebKit/537.36 (KHTML, like Gecko) Chrome/137.0.7151.103 Mobile Safari/537.36 (compatible; GoogleOther)"
