Current File : /home/kelaby89/access-logs/cyber-security.services.sixpack.studio-ssl_log
52.167.144.65 - - [24/Apr/2025:12:05:55 +0000] "GET /robots.txt HTTP/1.1" 500 - "-" "Mozilla/5.0 AppleWebKit/537.36 (KHTML, like Gecko; compatible; bingbot/2.0; +http://www.bing.com/bingbot.htm) Chrome/116.0.1938.76 Safari/537.36"
40.77.167.22 - - [24/Apr/2025:12:06:04 +0000] "GET /sitemap_index.xml HTTP/1.1" 500 - "-" "Mozilla/5.0 AppleWebKit/537.36 (KHTML, like Gecko; compatible; bingbot/2.0; +http://www.bing.com/bingbot.htm) Chrome/116.0.1938.76 Safari/537.36"
52.167.144.65 - - [24/Apr/2025:12:11:35 +0000] "GET /robots.txt HTTP/1.1" 500 - "-" "Mozilla/5.0 AppleWebKit/537.36 (KHTML, like Gecko; compatible; bingbot/2.0; +http://www.bing.com/bingbot.htm) Chrome/116.0.1938.76 Safari/537.36"
40.77.167.69 - - [24/Apr/2025:12:11:38 +0000] "GET /sitemap.xml HTTP/1.1" 500 - "-" "Mozilla/5.0 AppleWebKit/537.36 (KHTML, like Gecko; compatible; bingbot/2.0; +http://www.bing.com/bingbot.htm) Chrome/116.0.1938.76 Safari/537.36"
91.201.115.174 - - [24/Apr/2025:13:03:08 +0000] "GET / HTTP/1.1" 500 - "-" "Mozilla/5.0 (Macintosh; Intel Mac OS X 10_15_7) AppleWebKit/537.36 (KHTML, like Gecko) Chrome/133.0.0.0 Safari/537.36"
101.173.165.5 - - [24/Apr/2025:13:14:47 +0000] "GET / HTTP/1.1" 500 - "-" "Mozilla/5.0 (Linux; Android 10; K) AppleWebKit/537.36 (KHTML, like Gecko) Chrome/135.0.0.0 Mobile Safari/537.36"
101.173.165.5 - - [24/Apr/2025:13:14:52 +0000] "GET / HTTP/1.1" 500 - "-" "Mozilla/5.0 (Linux; Android 10; K) AppleWebKit/537.36 (KHTML, like Gecko) Chrome/135.0.0.0 Mobile Safari/537.36"
101.173.165.5 - - [24/Apr/2025:13:15:06 +0000] "GET / HTTP/1.1" 500 - "-" "Mozilla/5.0 (Linux; Android 10; K) AppleWebKit/537.36 (KHTML, like Gecko) SamsungBrowser/28.0 Chrome/130.0.0.0 Mobile Safari/537.36"
4.227.36.15 - - [24/Apr/2025:13:27:13 +0000] "GET /robots.txt HTTP/1.1" 500 - "-" "Mozilla/5.0 AppleWebKit/537.36 (KHTML, like Gecko; compatible; GPTBot/1.2; +https://openai.com/gptbot)"
42.236.12.253 - - [24/Apr/2025:13:28:48 +0000] "GET / HTTP/1.1" 500 - "https://cyber-security.services/" "Mozilla/5.0 (Windows NT 6.1; WOW64) AppleWebKit/537.36 (KHTML, like Gecko) Chrome/50.0.2661.102 Safari/537.36; 360Spider"
4.227.36.15 - - [24/Apr/2025:14:48:17 +0000] "GET /robots.txt HTTP/1.1" 500 - "-" "Mozilla/5.0 AppleWebKit/537.36 (KHTML, like Gecko; compatible; GPTBot/1.2; +https://openai.com/gptbot)"
146.70.141.228 - - [24/Apr/2025:15:49:48 +0000] "GET / HTTP/1.1" 500 - "-" "Mozilla/5.0 (iPhone; CPU iPhone OS 18_3_2 like Mac OS X) AppleWebKit/605.1.15 (KHTML, like Gecko) CriOS/135.0.7049.83 Mobile/15E148 Safari/604.1"
146.70.141.228 - - [24/Apr/2025:15:49:49 +0000] "GET /favicon.ico HTTP/1.1" 500 - "-" "Mozilla/5.0 (iPhone; CPU iPhone OS 18_3_2 like Mac OS X) AppleWebKit/605.1.15 (KHTML, like Gecko) CriOS/135.0.7049.83 Mobile/15E148 Safari/604.1"
146.70.141.228 - - [24/Apr/2025:15:49:51 +0000] "GET / HTTP/1.1" 500 - "-" "Mozilla/5.0 (iPhone; CPU iPhone OS 18_3_2 like Mac OS X) AppleWebKit/605.1.15 (KHTML, like Gecko) CriOS/135.0.7049.83 Mobile/15E148 Safari/604.1"
146.70.141.228 - - [24/Apr/2025:15:49:52 +0000] "GET /favicon.ico HTTP/1.1" 500 - "-" "Mozilla/5.0 (iPhone; CPU iPhone OS 18_3_2 like Mac OS X) AppleWebKit/605.1.15 (KHTML, like Gecko) CriOS/135.0.7049.83 Mobile/15E148 Safari/604.1"
4.227.36.15 - - [24/Apr/2025:15:55:50 +0000] "GET /robots.txt HTTP/1.1" 500 - "-" "Mozilla/5.0 AppleWebKit/537.36 (KHTML, like Gecko; compatible; GPTBot/1.2; +https://openai.com/gptbot)"
195.200.26.27 - - [24/Apr/2025:16:30:56 +0000] "GET / HTTP/1.1" 500 - "-" "Mozilla/5.0 (Macintosh; Intel Mac OS X 10_15_7) AppleWebKit/537.36 (KHTML, like Gecko) Chrome/133.0.0.0 Safari/537.36"
122.150.184.197 - - [24/Apr/2025:17:11:48 +0000] "GET / HTTP/1.1" 500 - "https://www.google.com/" "Mozilla/5.0 (iPhone; CPU iPhone OS 18_3_2 like Mac OS X) AppleWebKit/605.1.15 (KHTML, like Gecko) Version/18.3.1 Mobile/15E148 Safari/604.1"
122.150.184.252 - - [24/Apr/2025:17:11:49 +0000] "GET /favicon.ico HTTP/1.1" 500 - "https://cyber-security.services/" "Mozilla/5.0 (iPhone; CPU iPhone OS 18_3_2 like Mac OS X) AppleWebKit/605.1.15 (KHTML, like Gecko) Version/18.3.1 Mobile/15E148 Safari/604.1"
122.150.184.252 - - [24/Apr/2025:17:11:58 +0000] "GET / HTTP/1.1" 500 - "https://www.google.com/" "Mozilla/5.0 (iPhone; CPU iPhone OS 18_3_2 like Mac OS X) AppleWebKit/605.1.15 (KHTML, like Gecko) Version/18.3.1 Mobile/15E148 Safari/604.1"
122.150.184.252 - - [24/Apr/2025:17:12:02 +0000] "GET / HTTP/1.1" 500 - "-" "Mozilla/5.0 (iPhone; CPU iPhone OS 18_3_2 like Mac OS X) AppleWebKit/605.1.15 (KHTML, like Gecko) Version/18.3.1 Mobile/15E148 Safari/604.1"
188.245.53.35 - - [24/Apr/2025:17:25:20 +0000] "GET / HTTP/1.1" 500 - "-" "Mozilla/5.0 (Windows NT 6.1; Win64; x64) AppleWebKit/537.36 (KHTML, like Gecko) Chrome/107.0.0.0 Safari/537.36"
52.167.144.65 - - [24/Apr/2025:17:30:16 +0000] "GET /robots.txt HTTP/1.1" 500 - "-" "Mozilla/5.0 AppleWebKit/537.36 (KHTML, like Gecko; compatible; bingbot/2.0; +http://www.bing.com/bingbot.htm) Chrome/116.0.1938.76 Safari/537.36"
52.167.144.187 - - [24/Apr/2025:17:30:25 +0000] "GET / HTTP/1.1" 500 - "-" "Mozilla/5.0 AppleWebKit/537.36 (KHTML, like Gecko; compatible; bingbot/2.0; +http://www.bing.com/bingbot.htm) Chrome/116.0.1938.76 Safari/537.36"
4.227.36.15 - - [24/Apr/2025:17:41:50 +0000] "GET /robots.txt HTTP/1.1" 500 - "-" "Mozilla/5.0 AppleWebKit/537.36 (KHTML, like Gecko; compatible; GPTBot/1.2; +https://openai.com/gptbot)"
34.56.236.199 - - [24/Apr/2025:18:41:34 +0000] "GET / HTTP/1.1" 500 - "-" "Mozilla/5.0 (X11; Linux x86_64) AppleWebKit/537.36 (KHTML, like Gecko) Chrome/59.0.3071.104 Safari/537.36"
4.227.36.15 - - [24/Apr/2025:19:06:50 +0000] "GET /robots.txt HTTP/1.1" 500 - "-" "Mozilla/5.0 AppleWebKit/537.36 (KHTML, like Gecko; compatible; GPTBot/1.2; +https://openai.com/gptbot)"
51.91.12.152 - - [24/Apr/2025:19:48:39 +0000] "HEAD / HTTP/1.1" 500 - "-" "Mozilla/5.0 (compatible; DomainChecker/1.0)"
223.91.224.52 - - [24/Apr/2025:20:45:16 +0000] "GET / HTTP/1.1" 500 - "https://cyber-security.services/" "Mozilla/5.0 (Windows NT 6.1; WOW64) AppleWebKit/537.36 (KHTML, like Gecko) Chrome/50.0.2661.102 Safari/537.36"
4.227.36.15 - - [24/Apr/2025:20:53:11 +0000] "GET /robots.txt HTTP/1.1" 500 - "-" "Mozilla/5.0 AppleWebKit/537.36 (KHTML, like Gecko; compatible; GPTBot/1.2; +https://openai.com/gptbot)"
140.245.50.20 - - [24/Apr/2025:21:40:05 +0000] "GET /.env HTTP/1.1" 500 - "-" "-"
44.236.207.248 - - [24/Apr/2025:22:09:39 +0000] "GET / HTTP/1.1" 500 - "-" "Go-http-client/1.1"
44.236.207.248 - - [24/Apr/2025:22:09:39 +0000] "GET / HTTP/1.1" 500 - "-" "Go-http-client/1.1"
44.236.207.248 - - [24/Apr/2025:22:09:40 +0000] "GET / HTTP/1.1" 500 - "-" "Mozilla/5.0 (X11; Linux x86_64) AppleWebKit/537.36 (KHTML, like Gecko) HeadlessChrome/130.0.0.0 Safari/537.36"
66.29.132.27 - - [25/Apr/2025:00:20:08 +0000] "GET / HTTP/1.1" 500 - "-" "Mozilla/5.0 (Windows NT 10.0; Win64; x64; rv:122.0) Gecko/20100101 Firefox/122.0"
173.252.83.2 - - [25/Apr/2025:01:19:38 +0000] "GET /robots.txt HTTP/1.1" 500 - "-" "facebookexternalhit/1.1 (+http://www.facebook.com/externalhit_uatext.php)"
57.141.2.6 - - [25/Apr/2025:01:19:39 +0000] "GET / HTTP/1.1" 500 - "-" "meta-externalagent/1.1 (+https://developers.facebook.com/docs/sharing/webmasters/crawler)"
57.141.2.9 - - [25/Apr/2025:01:23:13 +0000] "GET / HTTP/1.1" 500 - "-" "meta-externalagent/1.1 (+https://developers.facebook.com/docs/sharing/webmasters/crawler)"
69.171.231.5 - - [25/Apr/2025:01:28:13 +0000] "GET /robots.txt HTTP/1.1" 500 - "-" "facebookexternalhit/1.1 (+http://www.facebook.com/externalhit_uatext.php)"
57.141.2.11 - - [25/Apr/2025:01:28:13 +0000] "GET /index.html HTTP/1.1" 500 - "-" "meta-externalagent/1.1 (+https://developers.facebook.com/docs/sharing/webmasters/crawler)"
101.173.165.5 - - [25/Apr/2025:01:36:50 +0000] "GET /wp-admin/ HTTP/1.1" 500 - "-" "Mozilla/5.0 (Windows NT 10.0; Win64; x64) AppleWebKit/537.36 (KHTML, like Gecko) Chrome/135.0.0.0 Safari/537.36"
101.173.165.5 - - [25/Apr/2025:01:36:53 +0000] "GET /wp-admin/ HTTP/1.1" 500 - "-" "Mozilla/5.0 (Windows NT 10.0; Win64; x64) AppleWebKit/537.36 (KHTML, like Gecko) Chrome/135.0.0.0 Safari/537.36"
101.173.165.5 - - [25/Apr/2025:01:38:15 +0000] "GET / HTTP/1.1" 500 - "-" "Mozilla/5.0 (Windows NT 10.0; Win64; x64) AppleWebKit/537.36 (KHTML, like Gecko) Chrome/135.0.0.0 Safari/537.36"
62.192.154.50 - - [25/Apr/2025:01:42:56 +0000] "GET / HTTP/1.1" 500 - "-" "Mozilla/5.0 (X11; Linux x86_64) AppleWebKit/537.36 (KHTML, like Gecko) Chrome/135.0.0.0 Safari/537.36"
121.200.52.178 - - [25/Apr/2025:01:50:04 +0000] "GET / HTTP/1.1" 500 - "-" "Mozilla/5.0 (Windows NT 10.0; Win64; x64) AppleWebKit/537.36 (KHTML, like Gecko) Chrome/135.0.0.0 Safari/537.36"
121.200.52.178 - - [25/Apr/2025:01:57:56 +0000] "GET / HTTP/1.1" 500 - "-" "Mozilla/5.0 (Windows NT 10.0; Win64; x64) AppleWebKit/537.36 (KHTML, like Gecko) Chrome/135.0.0.0 Safari/537.36"
101.173.165.5 - - [25/Apr/2025:02:11:24 +0000] "GET /sapp-wp-signon.php?pass=sfamekfyuqqezcjyxxiiewstms6hyfms HTTP/1.1" 500 - "https://business135.web-hosting.com:2083/" "Mozilla/5.0 (Windows NT 10.0; Win64; x64) AppleWebKit/537.36 (KHTML, like Gecko) Chrome/135.0.0.0 Safari/537.36"
101.173.165.5 - - [25/Apr/2025:02:11:27 +0000] "GET /sapp-wp-signon.php?pass=sfamekfyuqqezcjyxxiiewstms6hyfms HTTP/1.1" 500 - "https://business135.web-hosting.com:2083/" "Mozilla/5.0 (Windows NT 10.0; Win64; x64) AppleWebKit/537.36 (KHTML, like Gecko) Chrome/135.0.0.0 Safari/537.36"
101.173.165.5 - - [25/Apr/2025:02:11:40 +0000] "GET /wp-admin HTTP/1.1" 301 249 "-" "Mozilla/5.0 (Windows NT 10.0; Win64; x64) AppleWebKit/537.36 (KHTML, like Gecko) Chrome/135.0.0.0 Safari/537.36"
101.173.165.5 - - [25/Apr/2025:02:11:40 +0000] "GET /wp-admin/ HTTP/1.1" 500 - "-" "Mozilla/5.0 (Windows NT 10.0; Win64; x64) AppleWebKit/537.36 (KHTML, like Gecko) Chrome/135.0.0.0 Safari/537.36"
101.173.165.5 - - [25/Apr/2025:02:20:24 +0000] "GET /wp-admin/ HTTP/1.1" 500 - "-" "Mozilla/5.0 (Windows NT 10.0; Win64; x64) AppleWebKit/537.36 (KHTML, like Gecko) Chrome/135.0.0.0 Safari/537.36"
121.200.52.178 - - [25/Apr/2025:02:47:36 +0000] "GET / HTTP/1.1" 500 - "-" "Mozilla/5.0 (Windows NT 10.0; Win64; x64) AppleWebKit/537.36 (KHTML, like Gecko) Chrome/135.0.0.0 Safari/537.36"
121.200.52.178 - - [25/Apr/2025:02:50:08 +0000] "GET / HTTP/1.1" 500 - "-" "Mozilla/5.0 (Windows NT 10.0; Win64; x64) AppleWebKit/537.36 (KHTML, like Gecko) Chrome/135.0.0.0 Safari/537.36"
121.200.52.178 - - [25/Apr/2025:02:51:52 +0000] "GET / HTTP/1.1" 500 - "-" "Mozilla/5.0 (Windows NT 10.0; Win64; x64) AppleWebKit/537.36 (KHTML, like Gecko) Chrome/135.0.0.0 Safari/537.36"
121.200.52.178 - - [25/Apr/2025:02:53:00 +0000] "GET / HTTP/1.1" 500 - "-" "Mozilla/5.0 (Windows NT 10.0; Win64; x64) AppleWebKit/537.36 (KHTML, like Gecko) Chrome/135.0.0.0 Safari/537.36"
66.249.64.32 - - [25/Apr/2025:03:03:04 +0000] "GET /robots.txt HTTP/1.1" 500 - "-" "Mozilla/5.0 (compatible; Googlebot/2.1; +http://www.google.com/bot.html)"
91.201.115.242 - - [25/Apr/2025:05:08:21 +0000] "GET / HTTP/1.1" 500 - "-" "Mozilla/5.0 (Macintosh; Intel Mac OS X 10_15_7) AppleWebKit/537.36 (KHTML, like Gecko) Chrome/133.0.0.0 Safari/537.36"
121.200.52.178 - - [25/Apr/2025:05:31:33 +0000] "GET / HTTP/1.1" 500 - "https://209.74.77.214:2083/" "Mozilla/5.0 (Windows NT 10.0; Win64; x64) AppleWebKit/537.36 (KHTML, like Gecko) Chrome/135.0.0.0 Safari/537.36"
167.114.200.240 - - [25/Apr/2025:05:45:08 +0000] "GET / HTTP/1.1" 500 - "-" "Mozilla/5.0 (X11; Linux x86_64) AppleWebKit/537.36 (KHTML, like Gecko) HeadlessChrome/109.0.5414.119 Safari/537.36"
101.173.165.5 - - [25/Apr/2025:05:45:49 +0000] "GET /sapp-wp-signon.php?pass=nzgbfyez7furbqg3wi9mvthhghrjhoil HTTP/1.1" 500 - "https://business135.web-hosting.com:2083/" "Mozilla/5.0 (Windows NT 10.0; Win64; x64) AppleWebKit/537.36 (KHTML, like Gecko) Chrome/135.0.0.0 Safari/537.36"
209.74.77.214 - - [25/Apr/2025:06:05:57 +0000] "POST /wp-cron.php?doing_wp_cron=1745561157.9411699771881103515625 HTTP/1.1" 200 - "-" "WordPress/6.7.2; https://cyber-security.services"
121.200.52.178 - - [25/Apr/2025:06:05:53 +0000] "GET / HTTP/1.1" 200 26199 "https://209.74.77.214:2083/" "Mozilla/5.0 (Windows NT 10.0; Win64; x64) AppleWebKit/537.36 (KHTML, like Gecko) Chrome/135.0.0.0 Safari/537.36"
121.200.52.178 - - [25/Apr/2025:06:05:59 +0000] "GET /wp-content/plugins/leadconnector/public/css/lc-public.css?ver=3.0.4 HTTP/1.1" 200 106 "https://cyber-security.services/" "Mozilla/5.0 (Windows NT 10.0; Win64; x64) AppleWebKit/537.36 (KHTML, like Gecko) Chrome/135.0.0.0 Safari/537.36"
121.200.52.178 - - [25/Apr/2025:06:05:59 +0000] "GET /wp-content/plugins/jeg-elementor-kit/assets/css/elements/main.css?ver=2.6.12 HTTP/1.1" 200 24961 "https://cyber-security.services/" "Mozilla/5.0 (Windows NT 10.0; Win64; x64) AppleWebKit/537.36 (KHTML, like Gecko) Chrome/135.0.0.0 Safari/537.36"
121.200.52.178 - - [25/Apr/2025:06:06:00 +0000] "GET /wp-content/uploads/elementor/css/custom-frontend.min.css?ver=1739758313 HTTP/1.1" 200 7096 "https://cyber-security.services/" "Mozilla/5.0 (Windows NT 10.0; Win64; x64) AppleWebKit/537.36 (KHTML, like Gecko) Chrome/135.0.0.0 Safari/537.36"
121.200.52.178 - - [25/Apr/2025:06:06:00 +0000] "GET /wp-content/uploads/elementor/css/post-8.css?ver=1739758314 HTTP/1.1" 200 2137 "https://cyber-security.services/" "Mozilla/5.0 (Windows NT 10.0; Win64; x64) AppleWebKit/537.36 (KHTML, like Gecko) Chrome/135.0.0.0 Safari/537.36"
121.200.52.178 - - [25/Apr/2025:06:06:00 +0000] "GET /wp-content/plugins/elementor/assets/lib/animations/styles/fadeIn.min.css?ver=3.28.0 HTTP/1.1" 200 79 "https://cyber-security.services/" "Mozilla/5.0 (Windows NT 10.0; Win64; x64) AppleWebKit/537.36 (KHTML, like Gecko) Chrome/135.0.0.0 Safari/537.36"
121.200.52.178 - - [25/Apr/2025:06:06:00 +0000] "GET /wp-content/plugins/elementor/assets/css/widget-heading.min.css?ver=3.28.0 HTTP/1.1" 200 188 "https://cyber-security.services/" "Mozilla/5.0 (Windows NT 10.0; Win64; x64) AppleWebKit/537.36 (KHTML, like Gecko) Chrome/135.0.0.0 Safari/537.36"
121.200.52.178 - - [25/Apr/2025:06:06:00 +0000] "GET /wp-content/plugins/elementor/assets/lib/animations/styles/fadeInUp.min.css?ver=3.28.0 HTTP/1.1" 200 117 "https://cyber-security.services/" "Mozilla/5.0 (Windows NT 10.0; Win64; x64) AppleWebKit/537.36 (KHTML, like Gecko) Chrome/135.0.0.0 Safari/537.36"
121.200.52.178 - - [25/Apr/2025:06:06:00 +0000] "GET /wp-content/plugins/elementor/assets/css/widget-counter.min.css?ver=3.28.0 HTTP/1.1" 200 306 "https://cyber-security.services/" "Mozilla/5.0 (Windows NT 10.0; Win64; x64) AppleWebKit/537.36 (KHTML, like Gecko) Chrome/135.0.0.0 Safari/537.36"
121.200.52.178 - - [25/Apr/2025:06:06:00 +0000] "GET /wp-content/plugins/elementor/assets/lib/animations/styles/e-animation-float.min.css?ver=3.28.0 HTTP/1.1" 200 139 "https://cyber-security.services/" "Mozilla/5.0 (Windows NT 10.0; Win64; x64) AppleWebKit/537.36 (KHTML, like Gecko) Chrome/135.0.0.0 Safari/537.36"
121.200.52.178 - - [25/Apr/2025:06:06:01 +0000] "GET /wp-content/plugins/elementor/assets/css/widget-text-editor.min.css?ver=3.28.0 HTTP/1.1" 200 276 "https://cyber-security.services/" "Mozilla/5.0 (Windows NT 10.0; Win64; x64) AppleWebKit/537.36 (KHTML, like Gecko) Chrome/135.0.0.0 Safari/537.36"
121.200.52.178 - - [25/Apr/2025:06:06:01 +0000] "GET /wp-content/plugins/elementor/assets/css/widget-image.min.css?ver=3.28.0 HTTP/1.1" 200 164 "https://cyber-security.services/" "Mozilla/5.0 (Windows NT 10.0; Win64; x64) AppleWebKit/537.36 (KHTML, like Gecko) Chrome/135.0.0.0 Safari/537.36"
121.200.52.178 - - [25/Apr/2025:06:06:01 +0000] "GET /wp-content/plugins/jeg-elementor-kit/assets/js/tiny-slider/tiny-slider.css?ver=2.9.3 HTTP/1.1" 200 741 "https://cyber-security.services/" "Mozilla/5.0 (Windows NT 10.0; Win64; x64) AppleWebKit/537.36 (KHTML, like Gecko) Chrome/135.0.0.0 Safari/537.36"
121.200.52.178 - - [25/Apr/2025:06:06:01 +0000] "GET /wp-content/uploads/elementor/css/post-131.css?ver=1739758315 HTTP/1.1" 200 11888 "https://cyber-security.services/" "Mozilla/5.0 (Windows NT 10.0; Win64; x64) AppleWebKit/537.36 (KHTML, like Gecko) Chrome/135.0.0.0 Safari/537.36"
121.200.52.178 - - [25/Apr/2025:06:06:01 +0000] "GET /wp-content/plugins/metform/public/assets/lib/cute-alert/style.css?ver=3.9.6 HTTP/1.1" 200 1225 "https://cyber-security.services/" "Mozilla/5.0 (Windows NT 10.0; Win64; x64) AppleWebKit/537.36 (KHTML, like Gecko) Chrome/135.0.0.0 Safari/537.36"
121.200.52.178 - - [25/Apr/2025:06:06:01 +0000] "GET /wp-content/plugins/metform/public/assets/css/text-editor.css?ver=3.9.6 HTTP/1.1" 200 3545 "https://cyber-security.services/" "Mozilla/5.0 (Windows NT 10.0; Win64; x64) AppleWebKit/537.36 (KHTML, like Gecko) Chrome/135.0.0.0 Safari/537.36"
121.200.52.178 - - [25/Apr/2025:06:06:01 +0000] "GET /wp-content/themes/hello-elementor/style.min.css?ver=3.3.0 HTTP/1.1" 200 1808 "https://cyber-security.services/" "Mozilla/5.0 (Windows NT 10.0; Win64; x64) AppleWebKit/537.36 (KHTML, like Gecko) Chrome/135.0.0.0 Safari/537.36"
121.200.52.178 - - [25/Apr/2025:06:06:01 +0000] "GET /wp-content/themes/hello-elementor/theme.min.css?ver=3.3.0 HTTP/1.1" 200 1289 "https://cyber-security.services/" "Mozilla/5.0 (Windows NT 10.0; Win64; x64) AppleWebKit/537.36 (KHTML, like Gecko) Chrome/135.0.0.0 Safari/537.36"
121.200.52.178 - - [25/Apr/2025:06:06:01 +0000] "GET /wp-content/themes/hello-elementor/header-footer.min.css?ver=3.3.0 HTTP/1.1" 200 1468 "https://cyber-security.services/" "Mozilla/5.0 (Windows NT 10.0; Win64; x64) AppleWebKit/537.36 (KHTML, like Gecko) Chrome/135.0.0.0 Safari/537.36"
121.200.52.178 - - [25/Apr/2025:06:06:02 +0000] "GET /wp-content/plugins/elementskit-lite/widgets/init/assets/css/widget-styles.css?ver=3.4.7 HTTP/1.1" 200 51310 "https://cyber-security.services/" "Mozilla/5.0 (Windows NT 10.0; Win64; x64) AppleWebKit/537.36 (KHTML, like Gecko) Chrome/135.0.0.0 Safari/537.36"
121.200.52.178 - - [25/Apr/2025:06:06:02 +0000] "GET /wp-content/plugins/elementskit-lite/widgets/init/assets/css/responsive.css?ver=3.4.7 HTTP/1.1" 200 3161 "https://cyber-security.services/" "Mozilla/5.0 (Windows NT 10.0; Win64; x64) AppleWebKit/537.36 (KHTML, like Gecko) Chrome/135.0.0.0 Safari/537.36"
209.74.77.214 - - [25/Apr/2025:06:06:02 +0000] "POST /wp-cron.php?doing_wp_cron=1745561162.5733330249786376953125 HTTP/1.1" 200 - "-" "WordPress/6.8; https://cyber-security.services"
209.74.77.214 - - [25/Apr/2025:06:06:02 +0000] "POST /wp-admin/upgrade.php?step=upgrade_db HTTP/1.1" 200 21 "-" "WordPress/6.7.2; https://cyber-security.services"
121.200.52.178 - - [25/Apr/2025:06:06:02 +0000] "GET /wp-content/uploads/elementor/google-fonts/css/poppins.css?ver=1742321224 HTTP/1.1" 200 741 "https://cyber-security.services/" "Mozilla/5.0 (Windows NT 10.0; Win64; x64) AppleWebKit/537.36 (KHTML, like Gecko) Chrome/135.0.0.0 Safari/537.36"
121.200.52.178 - - [25/Apr/2025:06:06:02 +0000] "GET /wp-content/uploads/elementor/google-fonts/css/inter.css?ver=1742321247 HTTP/1.1" 200 1350 "https://cyber-security.services/" "Mozilla/5.0 (Windows NT 10.0; Win64; x64) AppleWebKit/537.36 (KHTML, like Gecko) Chrome/135.0.0.0 Safari/537.36"
121.200.52.178 - - [25/Apr/2025:06:06:02 +0000] "GET /wp-content/uploads/elementor/google-fonts/css/intertight.css?ver=1742321261 HTTP/1.1" 200 1331 "https://cyber-security.services/" "Mozilla/5.0 (Windows NT 10.0; Win64; x64) AppleWebKit/537.36 (KHTML, like Gecko) Chrome/135.0.0.0 Safari/537.36"
121.200.52.178 - - [25/Apr/2025:06:06:03 +0000] "GET /wp-content/uploads/elementor/google-fonts/css/abhayalibre.css?ver=1742321262 HTTP/1.1" 200 582 "https://cyber-security.services/" "Mozilla/5.0 (Windows NT 10.0; Win64; x64) AppleWebKit/537.36 (KHTML, like Gecko) Chrome/135.0.0.0 Safari/537.36"
121.200.52.178 - - [25/Apr/2025:06:06:03 +0000] "GET /wp-content/plugins/jeg-elementor-kit/assets/fonts/jkiticon/jkiticon.css?ver=2.6.12 HTTP/1.1" 200 21477 "https://cyber-security.services/" "Mozilla/5.0 (Windows NT 10.0; Win64; x64) AppleWebKit/537.36 (KHTML, like Gecko) Chrome/135.0.0.0 Safari/537.36"
121.200.52.178 - - [25/Apr/2025:06:06:03 +0000] "GET /wp-includes/js/jquery/jquery.min.js?ver=3.7.1 HTTP/1.1" 200 30368 "https://cyber-security.services/" "Mozilla/5.0 (Windows NT 10.0; Win64; x64) AppleWebKit/537.36 (KHTML, like Gecko) Chrome/135.0.0.0 Safari/537.36"
121.200.52.178 - - [25/Apr/2025:06:06:03 +0000] "GET /wp-includes/js/jquery/jquery-migrate.min.js?ver=3.4.1 HTTP/1.1" 200 4872 "https://cyber-security.services/" "Mozilla/5.0 (Windows NT 10.0; Win64; x64) AppleWebKit/537.36 (KHTML, like Gecko) Chrome/135.0.0.0 Safari/537.36"
121.200.52.178 - - [25/Apr/2025:06:06:03 +0000] "GET /wp-content/uploads/2025/01/Logo-01.png HTTP/1.1" 200 13387 "https://cyber-security.services/" "Mozilla/5.0 (Windows NT 10.0; Win64; x64) AppleWebKit/537.36 (KHTML, like Gecko) Chrome/135.0.0.0 Safari/537.36"
121.200.52.178 - - [25/Apr/2025:06:06:03 +0000] "GET /wp-content/uploads/2025/01/Untitled-design.png HTTP/1.1" 200 28912 "https://cyber-security.services/" "Mozilla/5.0 (Windows NT 10.0; Win64; x64) AppleWebKit/537.36 (KHTML, like Gecko) Chrome/135.0.0.0 Safari/537.36"
121.200.52.178 - - [25/Apr/2025:06:06:03 +0000] "GET /wp-content/uploads/2025/01/asset-013.png HTTP/1.1" 200 41662 "https://cyber-security.services/" "Mozilla/5.0 (Windows NT 10.0; Win64; x64) AppleWebKit/537.36 (KHTML, like Gecko) Chrome/135.0.0.0 Safari/537.36"
121.200.52.178 - - [25/Apr/2025:06:06:04 +0000] "GET /wp-content/uploads/2025/01/asset-014.png HTTP/1.1" 200 41056 "https://cyber-security.services/" "Mozilla/5.0 (Windows NT 10.0; Win64; x64) AppleWebKit/537.36 (KHTML, like Gecko) Chrome/135.0.0.0 Safari/537.36"
121.200.52.178 - - [25/Apr/2025:06:06:04 +0000] "GET /wp-content/plugins/jeg-elementor-kit/lib/jeg-framework/assets/css/jeg-dynamic-styles.css?ver=1.3.0 HTTP/1.1" 200 - "https://cyber-security.services/" "Mozilla/5.0 (Windows NT 10.0; Win64; x64) AppleWebKit/537.36 (KHTML, like Gecko) Chrome/135.0.0.0 Safari/537.36"
121.200.52.178 - - [25/Apr/2025:06:06:04 +0000] "GET /wp-content/uploads/2025/01/asset-012.png HTTP/1.1" 200 41605 "https://cyber-security.services/" "Mozilla/5.0 (Windows NT 10.0; Win64; x64) AppleWebKit/537.36 (KHTML, like Gecko) Chrome/135.0.0.0 Safari/537.36"
121.200.52.178 - - [25/Apr/2025:06:06:05 +0000] "GET /wp-content/plugins/elementor/assets/lib/font-awesome/css/all.min.css?ver=3.28.0 HTTP/1.1" 200 12869 "https://cyber-security.services/" "Mozilla/5.0 (Windows NT 10.0; Win64; x64) AppleWebKit/537.36 (KHTML, like Gecko) Chrome/135.0.0.0 Safari/537.36"
121.200.52.178 - - [25/Apr/2025:06:06:05 +0000] "GET /wp-content/plugins/elementor/assets/lib/font-awesome/css/v4-shims.min.css?ver=3.28.0 HTTP/1.1" 200 4229 "https://cyber-security.services/" "Mozilla/5.0 (Windows NT 10.0; Win64; x64) AppleWebKit/537.36 (KHTML, like Gecko) Chrome/135.0.0.0 Safari/537.36"
121.200.52.178 - - [25/Apr/2025:06:06:04 +0000] "GET /wp-content/uploads/elementor/css/post-218.css?ver=1739758315 HTTP/1.1" 404 18194 "https://cyber-security.services/" "Mozilla/5.0 (Windows NT 10.0; Win64; x64) AppleWebKit/537.36 (KHTML, like Gecko) Chrome/135.0.0.0 Safari/537.36"
209.74.77.214 - - [25/Apr/2025:06:06:05 +0000] "POST /wp-cron.php HTTP/1.1" 200 - "-" "WordPress/6.7.2; https://cyber-security.services"
121.200.52.178 - - [25/Apr/2025:06:06:05 +0000] "GET /wp-content/uploads/elementor/css/post-147.css?ver=1739758315 HTTP/1.1" 200 3260 "https://cyber-security.services/" "Mozilla/5.0 (Windows NT 10.0; Win64; x64) AppleWebKit/537.36 (KHTML, like Gecko) Chrome/135.0.0.0 Safari/537.36"
121.200.52.178 - - [25/Apr/2025:06:06:05 +0000] "GET /wp-content/plugins/metform/public/assets/css/metform-ui.css?ver=3.9.6 HTTP/1.1" 200 15413 "https://cyber-security.services/" "Mozilla/5.0 (Windows NT 10.0; Win64; x64) AppleWebKit/537.36 (KHTML, like Gecko) Chrome/135.0.0.0 Safari/537.36"
121.200.52.178 - - [25/Apr/2025:06:06:05 +0000] "GET /wp-content/plugins/metform/public/assets/css/style.css?ver=3.9.6 HTTP/1.1" 200 4763 "https://cyber-security.services/" "Mozilla/5.0 (Windows NT 10.0; Win64; x64) AppleWebKit/537.36 (KHTML, like Gecko) Chrome/135.0.0.0 Safari/537.36"
121.200.52.178 - - [25/Apr/2025:06:06:05 +0000] "GET /wp-content/uploads/elementor/css/custom-widget-icon-list.min.css?ver=1739758313 HTTP/1.1" 200 1044 "https://cyber-security.services/" "Mozilla/5.0 (Windows NT 10.0; Win64; x64) AppleWebKit/537.36 (KHTML, like Gecko) Chrome/135.0.0.0 Safari/537.36"
121.200.52.178 - - [25/Apr/2025:06:06:06 +0000] "GET /wp-content/plugins/elementor/assets/css/widget-social-icons.min.css?ver=3.28.0 HTTP/1.1" 200 1170 "https://cyber-security.services/" "Mozilla/5.0 (Windows NT 10.0; Win64; x64) AppleWebKit/537.36 (KHTML, like Gecko) Chrome/135.0.0.0 Safari/537.36"
121.200.52.178 - - [25/Apr/2025:06:06:06 +0000] "GET /wp-content/uploads/elementor/css/custom-apple-webkit.min.css?ver=1739758313 HTTP/1.1" 200 557 "https://cyber-security.services/" "Mozilla/5.0 (Windows NT 10.0; Win64; x64) AppleWebKit/537.36 (KHTML, like Gecko) Chrome/135.0.0.0 Safari/537.36"
121.200.52.178 - - [25/Apr/2025:06:06:06 +0000] "GET /wp-content/plugins/elementskit-lite/modules/elementskit-icon-pack/assets/css/ekiticons.css?ver=3.4.7 HTTP/1.1" 200 13134 "https://cyber-security.services/" "Mozilla/5.0 (Windows NT 10.0; Win64; x64) AppleWebKit/537.36 (KHTML, like Gecko) Chrome/135.0.0.0 Safari/537.36"
209.74.77.214 - - [25/Apr/2025:06:06:05 +0000] "GET / HTTP/1.1" 200 26357 "-" "WordPress/6.7.2; https://cyber-security.services"
121.200.52.178 - - [25/Apr/2025:06:06:06 +0000] "GET /wp-content/plugins/elementor/assets/lib/jquery-numerator/jquery-numerator.min.js?ver=0.2.1 HTTP/1.1" 200 740 "https://cyber-security.services/" "Mozilla/5.0 (Windows NT 10.0; Win64; x64) AppleWebKit/537.36 (KHTML, like Gecko) Chrome/135.0.0.0 Safari/537.36"
121.200.52.178 - - [25/Apr/2025:06:06:06 +0000] "GET /wp-content/plugins/metform/public/assets/lib/cute-alert/cute-alert.js?ver=3.9.6 HTTP/1.1" 200 1177 "https://cyber-security.services/" "Mozilla/5.0 (Windows NT 10.0; Win64; x64) AppleWebKit/537.36 (KHTML, like Gecko) Chrome/135.0.0.0 Safari/537.36"
121.200.52.178 - - [25/Apr/2025:06:06:06 +0000] "GET /wp-content/themes/hello-elementor/assets/js/hello-frontend.min.js?ver=3.3.0 HTTP/1.1" 200 598 "https://cyber-security.services/" "Mozilla/5.0 (Windows NT 10.0; Win64; x64) AppleWebKit/537.36 (KHTML, like Gecko) Chrome/135.0.0.0 Safari/537.36"
209.74.77.214 - - [25/Apr/2025:06:06:06 +0000] "GET / HTTP/1.1" 200 26368 "-" "WordPress/6.7.2; https://cyber-security.services"
121.200.52.178 - - [25/Apr/2025:06:06:06 +0000] "GET /wp-content/plugins/elementskit-lite/libs/framework/assets/js/frontend-script.js?ver=3.4.7 HTTP/1.1" 200 40 "https://cyber-security.services/" "Mozilla/5.0 (Windows NT 10.0; Win64; x64) AppleWebKit/537.36 (KHTML, like Gecko) Chrome/135.0.0.0 Safari/537.36"
121.200.52.178 - - [25/Apr/2025:06:06:06 +0000] "GET /wp-content/plugins/elementskit-lite/widgets/init/assets/js/widget-scripts.js?ver=3.4.7 HTTP/1.1" 200 41652 "https://cyber-security.services/" "Mozilla/5.0 (Windows NT 10.0; Win64; x64) AppleWebKit/537.36 (KHTML, like Gecko) Chrome/135.0.0.0 Safari/537.36"
121.200.52.178 - - [25/Apr/2025:06:06:06 +0000] "GET /wp-content/plugins/jeg-elementor-kit/assets/js/tiny-slider/tiny-slider.js?ver=2.9.3 HTTP/1.1" 200 12762 "https://cyber-security.services/" "Mozilla/5.0 (Windows NT 10.0; Win64; x64) AppleWebKit/537.36 (KHTML, like Gecko) Chrome/135.0.0.0 Safari/537.36"
209.74.77.214 - - [25/Apr/2025:06:06:06 +0000] "GET / HTTP/1.1" 200 26369 "-" "WordPress/6.7.2; https://cyber-security.services"
121.200.52.178 - - [25/Apr/2025:06:06:07 +0000] "GET /wp-content/plugins/elementor/assets/js/webpack.runtime.min.js?ver=3.28.0 HTTP/1.1" 200 2408 "https://cyber-security.services/" "Mozilla/5.0 (Windows NT 10.0; Win64; x64) AppleWebKit/537.36 (KHTML, like Gecko) Chrome/135.0.0.0 Safari/537.36"
121.200.52.178 - - [25/Apr/2025:06:06:07 +0000] "GET /wp-content/plugins/elementor/assets/js/frontend-modules.min.js?ver=3.28.0 HTTP/1.1" 200 14815 "https://cyber-security.services/" "Mozilla/5.0 (Windows NT 10.0; Win64; x64) AppleWebKit/537.36 (KHTML, like Gecko) Chrome/135.0.0.0 Safari/537.36"
209.74.77.214 - - [25/Apr/2025:06:06:07 +0000] "GET / HTTP/1.1" 200 26368 "-" "WordPress/6.7.2; https://cyber-security.services"
121.200.52.178 - - [25/Apr/2025:06:06:07 +0000] "GET /wp-includes/js/jquery/ui/core.min.js?ver=1.13.3 HTTP/1.1" 200 7106 "https://cyber-security.services/" "Mozilla/5.0 (Windows NT 10.0; Win64; x64) AppleWebKit/537.36 (KHTML, like Gecko) Chrome/135.0.0.0 Safari/537.36"
121.200.52.178 - - [25/Apr/2025:06:06:07 +0000] "GET /wp-content/plugins/elementor/assets/js/frontend.min.js?ver=3.28.0 HTTP/1.1" 200 13463 "https://cyber-security.services/" "Mozilla/5.0 (Windows NT 10.0; Win64; x64) AppleWebKit/537.36 (KHTML, like Gecko) Chrome/135.0.0.0 Safari/537.36"
121.200.52.178 - - [25/Apr/2025:06:06:07 +0000] "GET /wp-content/plugins/jeg-elementor-kit/assets/js/elements/testimonials.js?ver=2.6.12 HTTP/1.1" 200 1146 "https://cyber-security.services/" "Mozilla/5.0 (Windows NT 10.0; Win64; x64) AppleWebKit/537.36 (KHTML, like Gecko) Chrome/135.0.0.0 Safari/537.36"
121.200.52.178 - - [25/Apr/2025:06:06:07 +0000] "GET /wp-content/plugins/jeg-elementor-kit/assets/js/elements/client-logo.js?ver=2.6.12 HTTP/1.1" 200 1083 "https://cyber-security.services/" "Mozilla/5.0 (Windows NT 10.0; Win64; x64) AppleWebKit/537.36 (KHTML, like Gecko) Chrome/135.0.0.0 Safari/537.36"
121.200.52.178 - - [25/Apr/2025:06:06:08 +0000] "GET /wp-content/plugins/jeg-elementor-kit/assets/js/elements/post-pagination.js?ver=2.6.12 HTTP/1.1" 200 1983 "https://cyber-security.services/" "Mozilla/5.0 (Windows NT 10.0; Win64; x64) AppleWebKit/537.36 (KHTML, like Gecko) Chrome/135.0.0.0 Safari/537.36"
121.200.52.178 - - [25/Apr/2025:06:06:08 +0000] "GET /wp-content/plugins/jeg-elementor-kit/assets/js/elements/sticky-element.js?ver=2.6.12 HTTP/1.1" 200 1573 "https://cyber-security.services/" "Mozilla/5.0 (Windows NT 10.0; Win64; x64) AppleWebKit/537.36 (KHTML, like Gecko) Chrome/135.0.0.0 Safari/537.36"
121.200.52.178 - - [25/Apr/2025:06:06:08 +0000] "GET /wp-content/plugins/elementor/assets/lib/font-awesome/js/v4-shims.min.js?ver=3.28.0 HTTP/1.1" 200 4209 "https://cyber-security.services/" "Mozilla/5.0 (Windows NT 10.0; Win64; x64) AppleWebKit/537.36 (KHTML, like Gecko) Chrome/135.0.0.0 Safari/537.36"
121.200.52.178 - - [25/Apr/2025:06:06:08 +0000] "GET /wp-includes/js/dist/vendor/react.min.js?ver=18.3.1.1 HTTP/1.1" 200 4165 "https://cyber-security.services/" "Mozilla/5.0 (Windows NT 10.0; Win64; x64) AppleWebKit/537.36 (KHTML, like Gecko) Chrome/135.0.0.0 Safari/537.36"
121.200.52.178 - - [25/Apr/2025:06:06:08 +0000] "GET /wp-content/plugins/jeg-elementor-kit/assets/js/elements/nav-menu.js?ver=2.6.12 HTTP/1.1" 200 1452 "https://cyber-security.services/" "Mozilla/5.0 (Windows NT 10.0; Win64; x64) AppleWebKit/537.36 (KHTML, like Gecko) Chrome/135.0.0.0 Safari/537.36"
121.200.52.178 - - [25/Apr/2025:06:06:08 +0000] "GET /wp-content/plugins/metform/public/assets/js/htm.js?ver=3.9.6 HTTP/1.1" 200 675 "https://cyber-security.services/" "Mozilla/5.0 (Windows NT 10.0; Win64; x64) AppleWebKit/537.36 (KHTML, like Gecko) Chrome/135.0.0.0 Safari/537.36"
121.200.52.178 - - [25/Apr/2025:06:06:08 +0000] "GET /wp-includes/js/dist/vendor/react-dom.min.js?ver=18.3.1.1 HTTP/1.1" 200 41888 "https://cyber-security.services/" "Mozilla/5.0 (Windows NT 10.0; Win64; x64) AppleWebKit/537.36 (KHTML, like Gecko) Chrome/135.0.0.0 Safari/537.36"
121.200.52.178 - - [25/Apr/2025:06:06:08 +0000] "GET /wp-includes/js/dist/escape-html.min.js?ver=6561a406d2d232a6fbd2 HTTP/1.1" 200 532 "https://cyber-security.services/" "Mozilla/5.0 (Windows NT 10.0; Win64; x64) AppleWebKit/537.36 (KHTML, like Gecko) Chrome/135.0.0.0 Safari/537.36"
121.200.52.178 - - [25/Apr/2025:06:06:08 +0000] "GET /wp-includes/js/dist/element.min.js?ver=cb762d190aebbec25b27 HTTP/1.1" 200 4937 "https://cyber-security.services/" "Mozilla/5.0 (Windows NT 10.0; Win64; x64) AppleWebKit/537.36 (KHTML, like Gecko) Chrome/135.0.0.0 Safari/537.36"
121.200.52.178 - - [25/Apr/2025:06:06:09 +0000] "GET /wp-content/uploads/elementor/google-fonts/fonts/poppins-pxibyp8kv8jhgfvrlgt9z1xlfq.woff2 HTTP/1.1" 200 7771 "https://cyber-security.services/wp-content/uploads/elementor/google-fonts/css/poppins.css?ver=1742321224" "Mozilla/5.0 (Windows NT 10.0; Win64; x64) AppleWebKit/537.36 (KHTML, like Gecko) Chrome/135.0.0.0 Safari/537.36"
121.200.52.178 - - [25/Apr/2025:06:06:09 +0000] "GET /wp-content/uploads/elementor/google-fonts/fonts/intertight-ngswv5hmafg6iuglbnmjxlsh8ag.woff2 HTTP/1.1" 200 45100 "https://cyber-security.services/wp-content/uploads/elementor/google-fonts/css/intertight.css?ver=1742321261" "Mozilla/5.0 (Windows NT 10.0; Win64; x64) AppleWebKit/537.36 (KHTML, like Gecko) Chrome/135.0.0.0 Safari/537.36"
209.74.77.214 - - [25/Apr/2025:06:05:58 +0000] "POST /wp-admin/admin-ajax.php?action=async_litespeed&nonce=O2LKlA6blkpSbRBbrBBZwJZHXP5kZEaI&litespeed_type=imgoptm HTTP/1.1" 200 21 "-" "WordPress/6.7.2; https://cyber-security.services"
121.200.52.178 - - [25/Apr/2025:06:06:09 +0000] "GET /wp-content/uploads/elementor/google-fonts/fonts/inter-ucc73fwrk3iltehus_nvmrmxcp50sjia1zl7.woff2 HTTP/1.1" 200 48427 "https://cyber-security.services/wp-content/uploads/elementor/google-fonts/css/inter.css?ver=1742321247" "Mozilla/5.0 (Windows NT 10.0; Win64; x64) AppleWebKit/537.36 (KHTML, like Gecko) Chrome/135.0.0.0 Safari/537.36"
121.200.52.178 - - [25/Apr/2025:06:06:09 +0000] "GET /wp-content/uploads/elementor/google-fonts/fonts/poppins-pxibyp8kv8jhgfvrlej6z1xlfq.woff2 HTTP/1.1" 200 8023 "https://cyber-security.services/wp-content/uploads/elementor/google-fonts/css/poppins.css?ver=1742321224" "Mozilla/5.0 (Windows NT 10.0; Win64; x64) AppleWebKit/537.36 (KHTML, like Gecko) Chrome/135.0.0.0 Safari/537.36"
121.200.52.178 - - [25/Apr/2025:06:06:10 +0000] "GET /wp-content/uploads/elementor/google-fonts/fonts/poppins-pxibyp8kv8jhgfvrlcz7z1xlfq.woff2 HTTP/1.1" 200 7839 "https://cyber-security.services/wp-content/uploads/elementor/google-fonts/css/poppins.css?ver=1742321224" "Mozilla/5.0 (Windows NT 10.0; Win64; x64) AppleWebKit/537.36 (KHTML, like Gecko) Chrome/135.0.0.0 Safari/537.36"
121.200.52.178 - - [25/Apr/2025:06:06:10 +0000] "GET /wp-content/uploads/2025/01/asset-06.png HTTP/1.1" 200 44543 "https://cyber-security.services/" "Mozilla/5.0 (Windows NT 10.0; Win64; x64) AppleWebKit/537.36 (KHTML, like Gecko) Chrome/135.0.0.0 Safari/537.36"
121.200.52.178 - - [25/Apr/2025:06:06:10 +0000] "GET /wp-content/uploads/2025/01/asset-021.png HTTP/1.1" 200 95511 "https://cyber-security.services/" "Mozilla/5.0 (Windows NT 10.0; Win64; x64) AppleWebKit/537.36 (KHTML, like Gecko) Chrome/135.0.0.0 Safari/537.36"
121.200.52.178 - - [25/Apr/2025:06:06:11 +0000] "GET /wp-content/plugins/elementskit-lite/widgets/init/assets/js/elementor.js?ver=3.4.7 HTTP/1.1" 200 5571 "https://cyber-security.services/" "Mozilla/5.0 (Windows NT 10.0; Win64; x64) AppleWebKit/537.36 (KHTML, like Gecko) Chrome/135.0.0.0 Safari/537.36"
121.200.52.178 - - [25/Apr/2025:06:06:11 +0000] "GET /wp-content/plugins/elementskit-lite/widgets/init/assets/js/animate-circle.min.js?ver=3.4.7 HTTP/1.1" 200 451 "https://cyber-security.services/" "Mozilla/5.0 (Windows NT 10.0; Win64; x64) AppleWebKit/537.36 (KHTML, like Gecko) Chrome/135.0.0.0 Safari/537.36"
121.200.52.178 - - [25/Apr/2025:06:06:11 +0000] "GET /wp-content/uploads/2025/01/asset-09.png HTTP/1.1" 200 44046 "https://cyber-security.services/" "Mozilla/5.0 (Windows NT 10.0; Win64; x64) AppleWebKit/537.36 (KHTML, like Gecko) Chrome/135.0.0.0 Safari/537.36"
121.200.52.178 - - [25/Apr/2025:06:06:11 +0000] "GET /wp-content/uploads/2025/01/award-03.png HTTP/1.1" 200 24104 "https://cyber-security.services/" "Mozilla/5.0 (Windows NT 10.0; Win64; x64) AppleWebKit/537.36 (KHTML, like Gecko) Chrome/135.0.0.0 Safari/537.36"
121.200.52.178 - - [25/Apr/2025:06:06:10 +0000] "GET /wp-content/plugins/metform/public/assets/js/app.js?ver=3.9.6 HTTP/1.1" 200 159169 "https://cyber-security.services/" "Mozilla/5.0 (Windows NT 10.0; Win64; x64) AppleWebKit/537.36 (KHTML, like Gecko) Chrome/135.0.0.0 Safari/537.36"
121.200.52.178 - - [25/Apr/2025:06:06:12 +0000] "GET /wp-content/uploads/2025/01/cyberjpg-015-924x1536.jpg HTTP/1.1" 200 82157 "https://cyber-security.services/" "Mozilla/5.0 (Windows NT 10.0; Win64; x64) AppleWebKit/537.36 (KHTML, like Gecko) Chrome/135.0.0.0 Safari/537.36"
121.200.52.178 - - [25/Apr/2025:06:06:10 +0000] "GET /wp-content/uploads/2025/01/asset-03.png HTTP/1.1" 200 205687 "https://cyber-security.services/wp-content/uploads/elementor/css/post-131.css?ver=1739758315" "Mozilla/5.0 (Windows NT 10.0; Win64; x64) AppleWebKit/537.36 (KHTML, like Gecko) Chrome/135.0.0.0 Safari/537.36"
121.200.52.178 - - [25/Apr/2025:06:06:12 +0000] "GET /wp-content/uploads/2025/01/cyberjpg-07.jpg HTTP/1.1" 200 87754 "https://cyber-security.services/" "Mozilla/5.0 (Windows NT 10.0; Win64; x64) AppleWebKit/537.36 (KHTML, like Gecko) Chrome/135.0.0.0 Safari/537.36"
121.200.52.178 - - [25/Apr/2025:06:06:13 +0000] "POST /wp-json/metform/v1/forms/views/2288 HTTP/1.1" 200 - "https://cyber-security.services/" "Mozilla/5.0 (Windows NT 10.0; Win64; x64) AppleWebKit/537.36 (KHTML, like Gecko) Chrome/135.0.0.0 Safari/537.36"
121.200.52.178 - - [25/Apr/2025:06:06:14 +0000] "GET /wp-content/uploads/2025/01/Preview-logo-01-1.png HTTP/1.1" 200 11590 "https://cyber-security.services/" "Mozilla/5.0 (Windows NT 10.0; Win64; x64) AppleWebKit/537.36 (KHTML, like Gecko) Chrome/135.0.0.0 Safari/537.36"
121.200.52.178 - - [25/Apr/2025:06:06:14 +0000] "GET /wp-content/uploads/2025/01/Preview-logo-02-1.png HTTP/1.1" 200 9745 "https://cyber-security.services/" "Mozilla/5.0 (Windows NT 10.0; Win64; x64) AppleWebKit/537.36 (KHTML, like Gecko) Chrome/135.0.0.0 Safari/537.36"
121.200.52.178 - - [25/Apr/2025:06:06:14 +0000] "GET /wp-content/uploads/2025/01/Preview-logo-03-1.png HTTP/1.1" 200 12030 "https://cyber-security.services/" "Mozilla/5.0 (Windows NT 10.0; Win64; x64) AppleWebKit/537.36 (KHTML, like Gecko) Chrome/135.0.0.0 Safari/537.36"
121.200.52.178 - - [25/Apr/2025:06:06:11 +0000] "GET /wp-content/uploads/2025/01/cyberjpg-014-923x1536.jpg HTTP/1.1" 200 167657 "https://cyber-security.services/" "Mozilla/5.0 (Windows NT 10.0; Win64; x64) AppleWebKit/537.36 (KHTML, like Gecko) Chrome/135.0.0.0 Safari/537.36"
121.200.52.178 - - [25/Apr/2025:06:06:14 +0000] "GET /wp-content/uploads/2025/01/Preview-logo-04-1.png HTTP/1.1" 200 10011 "https://cyber-security.services/" "Mozilla/5.0 (Windows NT 10.0; Win64; x64) AppleWebKit/537.36 (KHTML, like Gecko) Chrome/135.0.0.0 Safari/537.36"
121.200.52.178 - - [25/Apr/2025:06:06:14 +0000] "GET /wp-content/uploads/2025/01/Preview-logo-05.png HTTP/1.1" 200 10440 "https://cyber-security.services/" "Mozilla/5.0 (Windows NT 10.0; Win64; x64) AppleWebKit/537.36 (KHTML, like Gecko) Chrome/135.0.0.0 Safari/537.36"
121.200.52.178 - - [25/Apr/2025:06:06:14 +0000] "GET /wp-content/uploads/2025/01/Preview-logo-06-1.png HTTP/1.1" 200 13937 "https://cyber-security.services/" "Mozilla/5.0 (Windows NT 10.0; Win64; x64) AppleWebKit/537.36 (KHTML, like Gecko) Chrome/135.0.0.0 Safari/537.36"
121.200.52.178 - - [25/Apr/2025:06:06:14 +0000] "GET /wp-content/uploads/2025/01/Preview-logo-07.png HTTP/1.1" 200 11349 "https://cyber-security.services/" "Mozilla/5.0 (Windows NT 10.0; Win64; x64) AppleWebKit/537.36 (KHTML, like Gecko) Chrome/135.0.0.0 Safari/537.36"
121.200.52.178 - - [25/Apr/2025:06:06:15 +0000] "GET /wp-content/uploads/2025/01/Preview-logo-08.png HTTP/1.1" 200 11004 "https://cyber-security.services/" "Mozilla/5.0 (Windows NT 10.0; Win64; x64) AppleWebKit/537.36 (KHTML, like Gecko) Chrome/135.0.0.0 Safari/537.36"
121.200.52.178 - - [25/Apr/2025:06:06:15 +0000] "GET /wp-content/uploads/2025/01/asset-017.png HTTP/1.1" 200 10456 "https://cyber-security.services/wp-content/uploads/elementor/css/post-131.css?ver=1739758315" "Mozilla/5.0 (Windows NT 10.0; Win64; x64) AppleWebKit/537.36 (KHTML, like Gecko) Chrome/135.0.0.0 Safari/537.36"
121.200.52.178 - - [25/Apr/2025:06:06:15 +0000] "GET /wp-content/uploads/2025/01/asset-026.png HTTP/1.1" 200 32215 "https://cyber-security.services/wp-content/uploads/elementor/css/post-131.css?ver=1739758315" "Mozilla/5.0 (Windows NT 10.0; Win64; x64) AppleWebKit/537.36 (KHTML, like Gecko) Chrome/135.0.0.0 Safari/537.36"
121.200.52.178 - - [25/Apr/2025:06:06:15 +0000] "GET /wp-content/uploads/2025/01/asset-016.png HTTP/1.1" 200 16940 "https://cyber-security.services/wp-content/uploads/elementor/css/post-131.css?ver=1739758315" "Mozilla/5.0 (Windows NT 10.0; Win64; x64) AppleWebKit/537.36 (KHTML, like Gecko) Chrome/135.0.0.0 Safari/537.36"
121.200.52.178 - - [25/Apr/2025:06:06:10 +0000] "GET /wp-content/plugins/jeg-elementor-kit/assets/fonts/jkiticon/jkiticon.woff2?bv8d8l HTTP/1.1" 200 400162 "https://cyber-security.services/wp-content/plugins/jeg-elementor-kit/assets/fonts/jkiticon/jkiticon.css?ver=2.6.12" "Mozilla/5.0 (Windows NT 10.0; Win64; x64) AppleWebKit/537.36 (KHTML, like Gecko) Chrome/135.0.0.0 Safari/537.36"
121.200.52.178 - - [25/Apr/2025:06:06:15 +0000] "GET /wp-content/uploads/2025/01/asset-018.png HTTP/1.1" 200 14037 "https://cyber-security.services/wp-content/uploads/elementor/css/post-131.css?ver=1739758315" "Mozilla/5.0 (Windows NT 10.0; Win64; x64) AppleWebKit/537.36 (KHTML, like Gecko) Chrome/135.0.0.0 Safari/537.36"
121.200.52.178 - - [25/Apr/2025:06:06:15 +0000] "GET /wp-content/uploads/2025/01/cyberjpg-010.jpg HTTP/1.1" 200 72635 "https://cyber-security.services/" "Mozilla/5.0 (Windows NT 10.0; Win64; x64) AppleWebKit/537.36 (KHTML, like Gecko) Chrome/135.0.0.0 Safari/537.36"
121.200.52.178 - - [25/Apr/2025:06:06:13 +0000] "GET /wp-content/uploads/2025/01/cyberjpg-08.jpg HTTP/1.1" 200 136423 "https://cyber-security.services/" "Mozilla/5.0 (Windows NT 10.0; Win64; x64) AppleWebKit/537.36 (KHTML, like Gecko) Chrome/135.0.0.0 Safari/537.36"
121.200.52.178 - - [25/Apr/2025:06:06:16 +0000] "GET /wp-content/uploads/2025/01/cyberjpg-011.jpg HTTP/1.1" 200 31722 "https://cyber-security.services/wp-content/uploads/elementor/css/post-147.css?ver=1739758315" "Mozilla/5.0 (Windows NT 10.0; Win64; x64) AppleWebKit/537.36 (KHTML, like Gecko) Chrome/135.0.0.0 Safari/537.36"
121.200.52.178 - - [25/Apr/2025:06:06:16 +0000] "GET /wp-content/plugins/elementor/assets/lib/font-awesome/webfonts/fa-solid-900.woff2 HTTP/1.1" 200 78099 "https://cyber-security.services/wp-content/plugins/elementor/assets/lib/font-awesome/css/all.min.css?ver=3.28.0" "Mozilla/5.0 (Windows NT 10.0; Win64; x64) AppleWebKit/537.36 (KHTML, like Gecko) Chrome/135.0.0.0 Safari/537.36"
121.200.52.178 - - [25/Apr/2025:06:06:16 +0000] "GET /wp-includes/js/wp-emoji-release.min.js?ver=6.7.2 HTTP/1.1" 200 5166 "https://cyber-security.services/" "Mozilla/5.0 (Windows NT 10.0; Win64; x64) AppleWebKit/537.36 (KHTML, like Gecko) Chrome/135.0.0.0 Safari/537.36"
121.200.52.178 - - [25/Apr/2025:06:06:17 +0000] "GET /wp-content/plugins/elementor/assets/js/counter.12335f45aaa79d244f24.bundle.min.js HTTP/1.1" 200 507 "https://cyber-security.services/" "Mozilla/5.0 (Windows NT 10.0; Win64; x64) AppleWebKit/537.36 (KHTML, like Gecko) Chrome/135.0.0.0 Safari/537.36"
121.200.52.178 - - [25/Apr/2025:06:06:17 +0000] "GET /wp-content/plugins/elementor/assets/js/text-editor.c084ef86600b6f11690d.bundle.min.js HTTP/1.1" 200 685 "https://cyber-security.services/" "Mozilla/5.0 (Windows NT 10.0; Win64; x64) AppleWebKit/537.36 (KHTML, like Gecko) Chrome/135.0.0.0 Safari/537.36"
209.74.77.214 - - [25/Apr/2025:06:06:17 +0000] "POST /wp-cron.php?doing_wp_cron=1745561177.9486379623413085937500 HTTP/1.1" 200 - "-" "WordPress/6.8; https://cyber-security.services"
121.200.52.178 - - [25/Apr/2025:06:06:17 +0000] "GET /favicon.ico HTTP/1.1" 302 - "https://cyber-security.services/" "Mozilla/5.0 (Windows NT 10.0; Win64; x64) AppleWebKit/537.36 (KHTML, like Gecko) Chrome/135.0.0.0 Safari/537.36"
209.74.77.214 - - [25/Apr/2025:06:06:18 +0000] "POST /wp-admin/admin-ajax.php?action=async_litespeed&nonce=Mjfat4WsZnqH2PT6tGGl9wIQzxWMhzUx&litespeed_type=imgoptm HTTP/1.1" 200 21 "-" "WordPress/6.8; https://cyber-security.services"
121.200.52.178 - - [25/Apr/2025:06:06:18 +0000] "GET /wp-includes/images/w-logo-blue-white-bg.png HTTP/1.1" 200 4119 "https://cyber-security.services/" "Mozilla/5.0 (Windows NT 10.0; Win64; x64) AppleWebKit/537.36 (KHTML, like Gecko) Chrome/135.0.0.0 Safari/537.36"
101.173.165.5 - - [25/Apr/2025:06:07:04 +0000] "GET / HTTP/1.1" 200 26370 "-" "Mozilla/5.0 (Windows NT 10.0; Win64; x64) AppleWebKit/537.36 (KHTML, like Gecko) Chrome/135.0.0.0 Safari/537.36"
101.173.165.5 - - [25/Apr/2025:06:07:06 +0000] "GET /wp-content/plugins/jeg-elementor-kit/assets/css/elements/main.css?ver=2.6.12 HTTP/1.1" 200 24961 "https://cyber-security.services/" "Mozilla/5.0 (Windows NT 10.0; Win64; x64) AppleWebKit/537.36 (KHTML, like Gecko) Chrome/135.0.0.0 Safari/537.36"
101.173.165.5 - - [25/Apr/2025:06:07:06 +0000] "GET /wp-content/plugins/leadconnector/public/css/lc-public.css?ver=3.0.4 HTTP/1.1" 200 106 "https://cyber-security.services/" "Mozilla/5.0 (Windows NT 10.0; Win64; x64) AppleWebKit/537.36 (KHTML, like Gecko) Chrome/135.0.0.0 Safari/537.36"
101.173.165.5 - - [25/Apr/2025:06:07:06 +0000] "GET /wp-content/uploads/elementor/css/custom-frontend.min.css?ver=1745561165 HTTP/1.1" 200 7076 "https://cyber-security.services/" "Mozilla/5.0 (Windows NT 10.0; Win64; x64) AppleWebKit/537.36 (KHTML, like Gecko) Chrome/135.0.0.0 Safari/537.36"
101.173.165.5 - - [25/Apr/2025:06:07:07 +0000] "GET /wp-content/uploads/elementor/css/post-8.css?ver=1745561165 HTTP/1.1" 200 2137 "https://cyber-security.services/" "Mozilla/5.0 (Windows NT 10.0; Win64; x64) AppleWebKit/537.36 (KHTML, like Gecko) Chrome/135.0.0.0 Safari/537.36"
101.173.165.5 - - [25/Apr/2025:06:07:07 +0000] "GET /wp-content/plugins/elementor/assets/lib/animations/styles/fadeIn.min.css?ver=3.28.0 HTTP/1.1" 200 79 "https://cyber-security.services/" "Mozilla/5.0 (Windows NT 10.0; Win64; x64) AppleWebKit/537.36 (KHTML, like Gecko) Chrome/135.0.0.0 Safari/537.36"
101.173.165.5 - - [25/Apr/2025:06:07:07 +0000] "GET /wp-content/plugins/elementor/assets/css/widget-heading.min.css?ver=3.28.0 HTTP/1.1" 200 188 "https://cyber-security.services/" "Mozilla/5.0 (Windows NT 10.0; Win64; x64) AppleWebKit/537.36 (KHTML, like Gecko) Chrome/135.0.0.0 Safari/537.36"
101.173.165.5 - - [25/Apr/2025:06:07:07 +0000] "GET /wp-content/plugins/elementor/assets/lib/animations/styles/fadeInUp.min.css?ver=3.28.0 HTTP/1.1" 200 117 "https://cyber-security.services/" "Mozilla/5.0 (Windows NT 10.0; Win64; x64) AppleWebKit/537.36 (KHTML, like Gecko) Chrome/135.0.0.0 Safari/537.36"
101.173.165.5 - - [25/Apr/2025:06:07:07 +0000] "GET /wp-content/plugins/elementor/assets/css/widget-counter.min.css?ver=3.28.0 HTTP/1.1" 200 306 "https://cyber-security.services/" "Mozilla/5.0 (Windows NT 10.0; Win64; x64) AppleWebKit/537.36 (KHTML, like Gecko) Chrome/135.0.0.0 Safari/537.36"
101.173.165.5 - - [25/Apr/2025:06:07:07 +0000] "GET /wp-content/plugins/elementor/assets/lib/animations/styles/e-animation-float.min.css?ver=3.28.0 HTTP/1.1" 200 139 "https://cyber-security.services/" "Mozilla/5.0 (Windows NT 10.0; Win64; x64) AppleWebKit/537.36 (KHTML, like Gecko) Chrome/135.0.0.0 Safari/537.36"
101.173.165.5 - - [25/Apr/2025:06:07:07 +0000] "GET /wp-content/plugins/elementor/assets/css/widget-image.min.css?ver=3.28.0 HTTP/1.1" 200 164 "https://cyber-security.services/" "Mozilla/5.0 (Windows NT 10.0; Win64; x64) AppleWebKit/537.36 (KHTML, like Gecko) Chrome/135.0.0.0 Safari/537.36"
101.173.165.5 - - [25/Apr/2025:06:07:07 +0000] "GET /wp-content/plugins/jeg-elementor-kit/assets/js/tiny-slider/tiny-slider.css?ver=2.9.3 HTTP/1.1" 200 741 "https://cyber-security.services/" "Mozilla/5.0 (Windows NT 10.0; Win64; x64) AppleWebKit/537.36 (KHTML, like Gecko) Chrome/135.0.0.0 Safari/537.36"
101.173.165.5 - - [25/Apr/2025:06:07:07 +0000] "GET /wp-content/plugins/metform/public/assets/lib/cute-alert/style.css?ver=3.9.6 HTTP/1.1" 200 1225 "https://cyber-security.services/" "Mozilla/5.0 (Windows NT 10.0; Win64; x64) AppleWebKit/537.36 (KHTML, like Gecko) Chrome/135.0.0.0 Safari/537.36"
101.173.165.5 - - [25/Apr/2025:06:07:07 +0000] "GET /wp-content/uploads/elementor/css/post-131.css?ver=1745561166 HTTP/1.1" 200 11891 "https://cyber-security.services/" "Mozilla/5.0 (Windows NT 10.0; Win64; x64) AppleWebKit/537.36 (KHTML, like Gecko) Chrome/135.0.0.0 Safari/537.36"
101.173.165.5 - - [25/Apr/2025:06:07:07 +0000] "GET /wp-content/plugins/metform/public/assets/css/text-editor.css?ver=3.9.6 HTTP/1.1" 200 3545 "https://cyber-security.services/" "Mozilla/5.0 (Windows NT 10.0; Win64; x64) AppleWebKit/537.36 (KHTML, like Gecko) Chrome/135.0.0.0 Safari/537.36"
101.173.165.5 - - [25/Apr/2025:06:07:07 +0000] "GET /wp-content/themes/hello-elementor/style.min.css?ver=3.3.0 HTTP/1.1" 200 1808 "https://cyber-security.services/" "Mozilla/5.0 (Windows NT 10.0; Win64; x64) AppleWebKit/537.36 (KHTML, like Gecko) Chrome/135.0.0.0 Safari/537.36"
101.173.165.5 - - [25/Apr/2025:06:07:07 +0000] "GET /wp-content/themes/hello-elementor/theme.min.css?ver=3.3.0 HTTP/1.1" 200 1289 "https://cyber-security.services/" "Mozilla/5.0 (Windows NT 10.0; Win64; x64) AppleWebKit/537.36 (KHTML, like Gecko) Chrome/135.0.0.0 Safari/537.36"
101.173.165.5 - - [25/Apr/2025:06:07:07 +0000] "GET /wp-content/themes/hello-elementor/header-footer.min.css?ver=3.3.0 HTTP/1.1" 200 1468 "https://cyber-security.services/" "Mozilla/5.0 (Windows NT 10.0; Win64; x64) AppleWebKit/537.36 (KHTML, like Gecko) Chrome/135.0.0.0 Safari/537.36"
101.173.165.5 - - [25/Apr/2025:06:07:07 +0000] "GET /wp-content/plugins/elementskit-lite/widgets/init/assets/css/responsive.css?ver=3.4.7 HTTP/1.1" 200 3161 "https://cyber-security.services/" "Mozilla/5.0 (Windows NT 10.0; Win64; x64) AppleWebKit/537.36 (KHTML, like Gecko) Chrome/135.0.0.0 Safari/537.36"
