66.249.79.66 - - [16/Jul/2025:06:03:24 +0000] "GET /?f=5330409061370&mod=f3a3d61b&uri=info.php?item/4128792.shtml HTTP/1.1" 200 13038 "-" "Mozilla/5.0 (Linux; Android 6.0.1; Nexus 5X Build/MMB29P) AppleWebKit/537.36 (KHTML, like Gecko) Chrome/137.0.7151.103 Mobile Safari/537.36 (compatible; Googlebot/2.1; +http://www.google.com/bot.html)"
66.249.79.66 - - [16/Jul/2025:06:03:24 +0000] "GET /?f=5488356021370&mod=48f27972&uri=dp.php?item/58890648.shtml HTTP/1.1" 200 13038 "-" "Mozilla/5.0 (Linux; Android 6.0.1; Nexus 5X Build/MMB29P) AppleWebKit/537.36 (KHTML, like Gecko) Chrome/137.0.7151.103 Mobile Safari/537.36 (compatible; Googlebot/2.1; +http://www.google.com/bot.html)"
66.249.79.64 - - [16/Jul/2025:06:03:30 +0000] "GET /?f=5330409061370&mod=f3a3d61b&uri=info.php?item/4140222.shtml HTTP/1.1" 200 13038 "-" "Mozilla/5.0 (Linux; Android 6.0.1; Nexus 5X Build/MMB29P) AppleWebKit/537.36 (KHTML, like Gecko) Chrome/137.0.7151.103 Mobile Safari/537.36 (compatible; Googlebot/2.1; +http://www.google.com/bot.html)"
66.249.79.64 - - [16/Jul/2025:06:03:44 +0000] "GET /?f=5330409061370&mod=f3a3d61b&uri=info.php?item/4104368.shtml HTTP/1.1" 200 13038 "-" "Mozilla/5.0 (Linux; Android 6.0.1; Nexus 5X Build/MMB29P) AppleWebKit/537.36 (KHTML, like Gecko) Chrome/137.0.7151.103 Mobile Safari/537.36 (compatible; Googlebot/2.1; +http://www.google.com/bot.html)"
66.249.79.64 - - [16/Jul/2025:06:03:50 +0000] "GET /?f=5330409061370&mod=f3a3d61b&uri=info.php?item/4107634.shtml HTTP/1.1" 200 13038 "-" "Mozilla/5.0 (Linux; Android 6.0.1; Nexus 5X Build/MMB29P) AppleWebKit/537.36 (KHTML, like Gecko) Chrome/137.0.7151.103 Mobile Safari/537.36 (compatible; Googlebot/2.1; +http://www.google.com/bot.html)"
20.171.207.111 - - [16/Jul/2025:06:03:54 +0000] "GET /item/1663895214.shtml HTTP/1.1" 404 12581 "-" "Mozilla/5.0 AppleWebKit/537.36 (KHTML, like Gecko; compatible; GPTBot/1.2; +https://openai.com/gptbot)"
66.249.79.64 - - [16/Jul/2025:06:03:57 +0000] "GET /?f=5330409061370&mod=f3a3d61b&uri=info.php?item/4146060.shtml HTTP/1.1" 200 13038 "-" "Mozilla/5.0 (Linux; Android 6.0.1; Nexus 5X Build/MMB29P) AppleWebKit/537.36 (KHTML, like Gecko) Chrome/137.0.7151.103 Mobile Safari/537.36 (compatible; Googlebot/2.1; +http://www.google.com/bot.html)"
66.249.79.66 - - [16/Jul/2025:06:04:07 +0000] "GET /?f=5330409061370&mod=f3a3d61b&uri=info.php?item/4116684.shtml HTTP/1.1" 200 13038 "-" "Mozilla/5.0 (Linux; Android 6.0.1; Nexus 5X Build/MMB29P) AppleWebKit/537.36 (KHTML, like Gecko) Chrome/137.0.7151.103 Mobile Safari/537.36 (compatible; Googlebot/2.1; +http://www.google.com/bot.html)"
209.74.77.214 - - [16/Jul/2025:06:04:19 +0000] "POST /wp-cron.php?doing_wp_cron=1752645859.2472279071807861328125 HTTP/1.1" 200 - "-" "WordPress/6.8.2; https://game-gainz.com"
66.249.79.64 - - [16/Jul/2025:06:04:19 +0000] "GET /?f=5330409061370&mod=f3a3d61b&uri=info.php?item/4116408.shtml HTTP/1.1" 200 13038 "-" "Mozilla/5.0 (Linux; Android 6.0.1; Nexus 5X Build/MMB29P) AppleWebKit/537.36 (KHTML, like Gecko) Chrome/137.0.7151.103 Mobile Safari/537.36 (compatible; Googlebot/2.1; +http://www.google.com/bot.html)"
66.249.79.64 - - [16/Jul/2025:06:04:31 +0000] "GET /?f=5330409061370&mod=f3a3d61b&uri=info.php?item/4077934.shtml HTTP/1.1" 200 13038 "-" "Mozilla/5.0 (Linux; Android 6.0.1; Nexus 5X Build/MMB29P) AppleWebKit/537.36 (KHTML, like Gecko) Chrome/137.0.7151.103 Mobile Safari/537.36 (compatible; Googlebot/2.1; +http://www.google.com/bot.html)"
66.249.79.64 - - [16/Jul/2025:06:04:42 +0000] "GET /?f=5330409061370&mod=f3a3d61b&uri=info.php?item/4092946.shtml HTTP/1.1" 200 13038 "-" "Mozilla/5.0 (Linux; Android 6.0.1; Nexus 5X Build/MMB29P) AppleWebKit/537.36 (KHTML, like Gecko) Chrome/137.0.7151.103 Mobile Safari/537.36 (compatible; Googlebot/2.1; +http://www.google.com/bot.html)"
66.249.79.64 - - [16/Jul/2025:06:04:54 +0000] "GET /?f=5330409061370&mod=f3a3d61b&uri=info.php?item/4110214.shtml HTTP/1.1" 200 13038 "-" "Mozilla/5.0 (Linux; Android 6.0.1; Nexus 5X Build/MMB29P) AppleWebKit/537.36 (KHTML, like Gecko) Chrome/137.0.7151.103 Mobile Safari/537.36 (compatible; Googlebot/2.1; +http://www.google.com/bot.html)"
20.171.207.111 - - [16/Jul/2025:06:04:59 +0000] "GET /item/1663857930.shtml HTTP/1.1" 404 12581 "-" "Mozilla/5.0 AppleWebKit/537.36 (KHTML, like Gecko; compatible; GPTBot/1.2; +https://openai.com/gptbot)"
209.74.77.214 - - [16/Jul/2025:06:05:15 +0000] "POST /wp-cron.php?doing_wp_cron=1752645915.6167719364166259765625 HTTP/1.1" 200 - "-" "WordPress/6.8.2; https://game-gainz.com"
66.249.79.64 - - [16/Jul/2025:06:05:15 +0000] "GET /?f=5330409061370&mod=f3a3d61b&uri=info.php?item/4094344.shtml HTTP/1.1" 200 13038 "-" "Mozilla/5.0 (Linux; Android 6.0.1; Nexus 5X Build/MMB29P) AppleWebKit/537.36 (KHTML, like Gecko) Chrome/137.0.7151.103 Mobile Safari/537.36 (compatible; Googlebot/2.1; +http://www.google.com/bot.html)"
66.249.79.66 - - [16/Jul/2025:06:05:17 +0000] "GET /?f=5361162021370&mod=b3b0b34e&uri=pin.php?item/1650806702.shtml HTTP/1.1" 200 13038 "-" "Mozilla/5.0 (Linux; Android 6.0.1; Nexus 5X Build/MMB29P) AppleWebKit/537.36 (KHTML, like Gecko) Chrome/137.0.7151.103 Mobile Safari/537.36 (compatible; Googlebot/2.1; +http://www.google.com/bot.html)"
66.249.79.64 - - [16/Jul/2025:06:05:20 +0000] "GET /?f=5330409061370&mod=f3a3d61b&uri=info.php?item/4130230.shtml HTTP/1.1" 200 13038 "-" "Mozilla/5.0 (Linux; Android 6.0.1; Nexus 5X Build/MMB29P) AppleWebKit/537.36 (KHTML, like Gecko) Chrome/137.0.7151.103 Mobile Safari/537.36 (compatible; Googlebot/2.1; +http://www.google.com/bot.html)"
66.249.79.64 - - [16/Jul/2025:06:05:39 +0000] "GET /?f=5330409061370&mod=f3a3d61b&uri=info.php?item/4111424.shtml HTTP/1.1" 200 13038 "-" "Mozilla/5.0 (Linux; Android 6.0.1; Nexus 5X Build/MMB29P) AppleWebKit/537.36 (KHTML, like Gecko) Chrome/137.0.7151.103 Mobile Safari/537.36 (compatible; Googlebot/2.1; +http://www.google.com/bot.html)"
66.249.79.64 - - [16/Jul/2025:06:05:39 +0000] "GET /?f=5488356021370&mod=48f27972&uri=dp.php?item/58917428.shtml HTTP/1.1" 200 13038 "-" "Mozilla/5.0 (Linux; Android 6.0.1; Nexus 5X Build/MMB29P) AppleWebKit/537.36 (KHTML, like Gecko) Chrome/137.0.7151.103 Mobile Safari/537.36 (compatible; Googlebot/2.1; +http://www.google.com/bot.html)"
66.249.79.64 - - [16/Jul/2025:06:05:45 +0000] "GET /?f=5330409061370&mod=f3a3d61b&uri=info.php?item/4109032.shtml HTTP/1.1" 200 13038 "-" "Mozilla/5.0 (Linux; Android 6.0.1; Nexus 5X Build/MMB29P) AppleWebKit/537.36 (KHTML, like Gecko) Chrome/137.0.7151.103 Mobile Safari/537.36 (compatible; Googlebot/2.1; +http://www.google.com/bot.html)"
66.249.79.64 - - [16/Jul/2025:06:05:55 +0000] "GET /?f=5330409061370&mod=f3a3d61b&uri=info.php?item/4101464.shtml HTTP/1.1" 200 13038 "-" "Mozilla/5.0 (Linux; Android 6.0.1; Nexus 5X Build/MMB29P) AppleWebKit/537.36 (KHTML, like Gecko) Chrome/137.0.7151.103 Mobile Safari/537.36 (compatible; Googlebot/2.1; +http://www.google.com/bot.html)"
20.171.207.111 - - [16/Jul/2025:06:06:04 +0000] "GET /item/1663348750.shtml HTTP/1.1" 404 12579 "-" "Mozilla/5.0 AppleWebKit/537.36 (KHTML, like Gecko; compatible; GPTBot/1.2; +https://openai.com/gptbot)"
66.249.79.64 - - [16/Jul/2025:06:06:08 +0000] "GET /?f=5330409061370&mod=f3a3d61b&uri=info.php?item/4081788.shtml HTTP/1.1" 200 13036 "-" "Mozilla/5.0 (Linux; Android 6.0.1; Nexus 5X Build/MMB29P) AppleWebKit/537.36 (KHTML, like Gecko) Chrome/137.0.7151.103 Mobile Safari/537.36 (compatible; Googlebot/2.1; +http://www.google.com/bot.html)"
66.249.79.64 - - [16/Jul/2025:06:06:16 +0000] "GET /?f=5488356021370&mod=48f27972&uri=dp.php?item/58918818.shtml HTTP/1.1" 200 13036 "-" "Mozilla/5.0 (Linux; Android 6.0.1; Nexus 5X Build/MMB29P) AppleWebKit/537.36 (KHTML, like Gecko) Chrome/137.0.7151.103 Mobile Safari/537.36 (compatible; Googlebot/2.1; +http://www.google.com/bot.html)"
66.249.79.64 - - [16/Jul/2025:06:06:27 +0000] "GET /?f=5330409061370&mod=f3a3d61b&uri=info.php?item/4095270.shtml HTTP/1.1" 200 13037 "-" "Mozilla/5.0 (Linux; Android 6.0.1; Nexus 5X Build/MMB29P) AppleWebKit/537.36 (KHTML, like Gecko) Chrome/137.0.7151.103 Mobile Safari/537.36 (compatible; Googlebot/2.1; +http://www.google.com/bot.html)"
66.249.79.64 - - [16/Jul/2025:06:06:28 +0000] "GET /?f=5361162021370&mod=b3b0b34e&uri=pin.php?item/50720990.shtml HTTP/1.1" 200 13037 "-" "Mozilla/5.0 (Linux; Android 6.0.1; Nexus 5X Build/MMB29P) AppleWebKit/537.36 (KHTML, like Gecko) Chrome/137.0.7151.103 Mobile Safari/537.36 (compatible; Googlebot/2.1; +http://www.google.com/bot.html)"
66.249.79.64 - - [16/Jul/2025:06:06:31 +0000] "GET /?f=5488356021370&mod=48f27972&uri=dp.php?item/58915296.shtml HTTP/1.1" 200 13037 "-" "Mozilla/5.0 (Linux; Android 6.0.1; Nexus 5X Build/MMB29P) AppleWebKit/537.36 (KHTML, like Gecko) Chrome/137.0.7151.103 Mobile Safari/537.36 (compatible; Googlebot/2.1; +http://www.google.com/bot.html)"
66.249.79.64 - - [16/Jul/2025:06:06:33 +0000] "GET /?f=5330409061370&mod=f3a3d61b&uri=info.php?item/4080838.shtml HTTP/1.1" 200 13037 "-" "Mozilla/5.0 (Linux; Android 6.0.1; Nexus 5X Build/MMB29P) AppleWebKit/537.36 (KHTML, like Gecko) Chrome/137.0.7151.103 Mobile Safari/537.36 (compatible; Googlebot/2.1; +http://www.google.com/bot.html)"
66.249.79.64 - - [16/Jul/2025:06:06:34 +0000] "GET /?f=5344599011370&mod=aebb462e&uri=form.php?item/52452764.shtml HTTP/1.1" 200 13037 "-" "Mozilla/5.0 (Linux; Android 6.0.1; Nexus 5X Build/MMB29P) AppleWebKit/537.36 (KHTML, like Gecko) Chrome/137.0.7151.103 Mobile Safari/537.36 (compatible; Googlebot/2.1; +http://www.google.com/bot.html)"
66.249.79.64 - - [16/Jul/2025:06:06:43 +0000] "GET /?f=5344599011370&mod=aebb462e&uri=form.php?product/edit/G4215328013 HTTP/1.1" 200 13037 "-" "Mozilla/5.0 (Linux; Android 6.0.1; Nexus 5X Build/MMB29P) AppleWebKit/537.36 (KHTML, like Gecko) Chrome/137.0.7151.103 Mobile Safari/537.36 (compatible; Googlebot/2.1; +http://www.google.com/bot.html)"
66.249.79.64 - - [16/Jul/2025:06:06:46 +0000] "GET /?f=5344599011370&mod=aebb462e&uri=form.php?item/52945534.shtml HTTP/1.1" 200 13037 "-" "Mozilla/5.0 (Linux; Android 6.0.1; Nexus 5X Build/MMB29P) AppleWebKit/537.36 (KHTML, like Gecko) Chrome/137.0.7151.103 Mobile Safari/537.36 (compatible; Googlebot/2.1; +http://www.google.com/bot.html)"
66.249.79.64 - - [16/Jul/2025:06:06:56 +0000] "GET /?f=4726891031370&mod=311864ec&uri=pin.php?item/2860368.shtml HTTP/1.1" 200 13037 "-" "Mozilla/5.0 (Linux; Android 6.0.1; Nexus 5X Build/MMB29P) AppleWebKit/537.36 (KHTML, like Gecko) Chrome/137.0.7151.103 Mobile Safari/537.36 (compatible; Googlebot/2.1; +http://www.google.com/bot.html)"
66.249.79.64 - - [16/Jul/2025:06:06:56 +0000] "GET /?f=5361162021370&mod=b3b0b34e&uri=pin.php?item/1650753512.shtml HTTP/1.1" 200 13037 "-" "Mozilla/5.0 (Linux; Android 6.0.1; Nexus 5X Build/MMB29P) AppleWebKit/537.36 (KHTML, like Gecko) Chrome/137.0.7151.103 Mobile Safari/537.36 (compatible; Googlebot/2.1; +http://www.google.com/bot.html)"
20.171.207.111 - - [16/Jul/2025:06:07:07 +0000] "GET /item/1663724570.shtml HTTP/1.1" 404 12580 "-" "Mozilla/5.0 AppleWebKit/537.36 (KHTML, like Gecko; compatible; GPTBot/1.2; +https://openai.com/gptbot)"
66.249.79.66 - - [16/Jul/2025:06:07:07 +0000] "GET /?f=4726891031370&mod=311864ec&uri=pin.php?item/2846554.shtml HTTP/1.1" 200 13037 "-" "Mozilla/5.0 (Linux; Android 6.0.1; Nexus 5X Build/MMB29P) AppleWebKit/537.36 (KHTML, like Gecko) Chrome/137.0.7151.103 Mobile Safari/537.36 (compatible; Googlebot/2.1; +http://www.google.com/bot.html)"
209.74.77.214 - - [16/Jul/2025:06:07:14 +0000] "POST /wp-cron.php?doing_wp_cron=1752646034.0167059898376464843750 HTTP/1.1" 200 - "-" "WordPress/6.8.2; https://game-gainz.com"
66.249.79.64 - - [16/Jul/2025:06:07:13 +0000] "GET /?f=5344599011370&mod=aebb462e&uri=form.php?item/52883826.shtml HTTP/1.1" 200 13038 "-" "Mozilla/5.0 (Linux; Android 6.0.1; Nexus 5X Build/MMB29P) AppleWebKit/537.36 (KHTML, like Gecko) Chrome/137.0.7151.103 Mobile Safari/537.36 (compatible; Googlebot/2.1; +http://www.google.com/bot.html)"
66.249.79.64 - - [16/Jul/2025:06:07:20 +0000] "GET /?f=4726891031370&mod=311864ec&uri=pin.php?hobby/nuigurumi/nuigurumi.html HTTP/1.1" 200 13038 "-" "Mozilla/5.0 (Linux; Android 6.0.1; Nexus 5X Build/MMB29P) AppleWebKit/537.36 (KHTML, like Gecko) Chrome/137.0.7151.103 Mobile Safari/537.36 (compatible; Googlebot/2.1; +http://www.google.com/bot.html)"
66.249.79.64 - - [16/Jul/2025:06:07:22 +0000] "GET /?f=5488356021370&mod=48f27972&uri=dp.php?item/58889442.shtml HTTP/1.1" 200 13038 "-" "Mozilla/5.0 (Linux; Android 6.0.1; Nexus 5X Build/MMB29P) AppleWebKit/537.36 (KHTML, like Gecko) Chrome/137.0.7151.103 Mobile Safari/537.36 (compatible; Googlebot/2.1; +http://www.google.com/bot.html)"
66.249.79.64 - - [16/Jul/2025:06:07:32 +0000] "GET /?f=4726891031370&mod=311864ec&uri=pin.php?item/2836838.shtml HTTP/1.1" 200 13038 "-" "Mozilla/5.0 (Linux; Android 6.0.1; Nexus 5X Build/MMB29P) AppleWebKit/537.36 (KHTML, like Gecko) Chrome/137.0.7151.103 Mobile Safari/537.36 (compatible; Googlebot/2.1; +http://www.google.com/bot.html)"
66.249.79.64 - - [16/Jul/2025:06:07:36 +0000] "GET /?f=5394375061370&mod=5f7733de&uri=form.php%3Fid%3D180089-270%26name%3Duniball+white+gel+pen HTTP/1.1" 200 13038 "-" "Mozilla/5.0 (Linux; Android 6.0.1; Nexus 5X Build/MMB29P) AppleWebKit/537.36 (KHTML, like Gecko) Chrome/137.0.7151.103 Mobile Safari/537.36 (compatible; Googlebot/2.1; +http://www.google.com/bot.html)"
66.249.79.64 - - [16/Jul/2025:06:07:38 +0000] "GET /?f=5361162021370&mod=b3b0b34e&uri=pin.php?item/5458872.shtml HTTP/1.1" 200 13038 "-" "Mozilla/5.0 (Linux; Android 6.0.1; Nexus 5X Build/MMB29P) AppleWebKit/537.36 (KHTML, like Gecko) Chrome/137.0.7151.103 Mobile Safari/537.36 (compatible; Googlebot/2.1; +http://www.google.com/bot.html)"
66.249.79.64 - - [16/Jul/2025:06:07:44 +0000] "GET /?f=4726891031370&mod=311864ec&uri=pin.php?books.html HTTP/1.1" 200 13038 "-" "Mozilla/5.0 (Linux; Android 6.0.1; Nexus 5X Build/MMB29P) AppleWebKit/537.36 (KHTML, like Gecko) Chrome/137.0.7151.103 Mobile Safari/537.36 (compatible; Googlebot/2.1; +http://www.google.com/bot.html)"
66.249.79.64 - - [16/Jul/2025:06:07:56 +0000] "GET /?f=4726891031370&mod=311864ec&uri=pin.php?feature/shoplist-friendly/index.html HTTP/1.1" 200 13038 "-" "Mozilla/5.0 (Linux; Android 6.0.1; Nexus 5X Build/MMB29P) AppleWebKit/537.36 (KHTML, like Gecko) Chrome/137.0.7151.103 Mobile Safari/537.36 (compatible; Googlebot/2.1; +http://www.google.com/bot.html)"
20.171.207.111 - - [16/Jul/2025:06:08:08 +0000] "GET /item/1663584940.shtml HTTP/1.1" 404 12580 "-" "Mozilla/5.0 AppleWebKit/537.36 (KHTML, like Gecko; compatible; GPTBot/1.2; +https://openai.com/gptbot)"
209.74.77.214 - - [16/Jul/2025:06:08:09 +0000] "POST /wp-cron.php?doing_wp_cron=1752646089.0851099491119384765625 HTTP/1.1" 200 - "-" "WordPress/6.8.2; https://game-gainz.com"
66.249.79.64 - - [16/Jul/2025:06:08:09 +0000] "GET /?f=4726891031370&mod=311864ec&uri=pin.php?item/2835912.shtml HTTP/1.1" 200 13038 "-" "Mozilla/5.0 (Linux; Android 6.0.1; Nexus 5X Build/MMB29P) AppleWebKit/537.36 (KHTML, like Gecko) Chrome/137.0.7151.103 Mobile Safari/537.36 (compatible; Googlebot/2.1; +http://www.google.com/bot.html)"
66.249.79.64 - - [16/Jul/2025:06:08:20 +0000] "GET /?f=4726891031370&mod=311864ec&uri=pin.php?feature/utsunomiya/index.html HTTP/1.1" 200 13038 "-" "Mozilla/5.0 (Linux; Android 6.0.1; Nexus 5X Build/MMB29P) AppleWebKit/537.36 (KHTML, like Gecko) Chrome/137.0.7151.103 Mobile Safari/537.36 (compatible; Googlebot/2.1; +http://www.google.com/bot.html)"
66.249.79.64 - - [16/Jul/2025:06:08:32 +0000] "GET /?f=4726891031370&mod=311864ec&uri=pin.php?toreka/toreka_menu.html HTTP/1.1" 200 13038 "-" "Mozilla/5.0 (Linux; Android 6.0.1; Nexus 5X Build/MMB29P) AppleWebKit/537.36 (KHTML, like Gecko) Chrome/137.0.7151.103 Mobile Safari/537.36 (compatible; Googlebot/2.1; +http://www.google.com/bot.html)"
209.74.77.214 - - [16/Jul/2025:06:09:12 +0000] "POST /wp-cron.php?doing_wp_cron=1752646152.8820168972015380859375 HTTP/1.1" 200 - "-" "WordPress/6.8.2; https://game-gainz.com"
20.171.207.111 - - [16/Jul/2025:06:09:11 +0000] "GET /item/1663420398.shtml HTTP/1.1" 404 12581 "-" "Mozilla/5.0 AppleWebKit/537.36 (KHTML, like Gecko; compatible; GPTBot/1.2; +https://openai.com/gptbot)"
66.249.79.65 - - [16/Jul/2025:06:09:16 +0000] "GET /?f=5488356021370&mod=48f27972&uri=dp.php?item/58896238.shtml HTTP/1.1" 200 13037 "-" "Mozilla/5.0 (Linux; Android 6.0.1; Nexus 5X Build/MMB29P) AppleWebKit/537.36 (KHTML, like Gecko) Chrome/137.0.7151.103 Mobile Safari/537.36 (compatible; Googlebot/2.1; +http://www.google.com/bot.html)"
66.249.79.66 - - [16/Jul/2025:06:09:17 +0000] "GET /?f=5361162021370&mod=b3b0b34e&uri=pin.php?product/edit/G1453956052 HTTP/1.1" 200 13038 "-" "Mozilla/5.0 (Linux; Android 6.0.1; Nexus 5X Build/MMB29P) AppleWebKit/537.36 (KHTML, like Gecko) Chrome/137.0.7151.103 Mobile Safari/537.36 (compatible; Googlebot/2.1; +http://www.google.com/bot.html)"
66.249.79.64 - - [16/Jul/2025:06:09:17 +0000] "GET /?f=4726891031370&mod=311864ec&uri=pin.php?item/2814498.shtml HTTP/1.1" 200 13038 "-" "Mozilla/5.0 (Linux; Android 6.0.1; Nexus 5X Build/MMB29P) AppleWebKit/537.36 (KHTML, like Gecko) Chrome/137.0.7151.103 Mobile Safari/537.36 (compatible; Googlebot/2.1; +http://www.google.com/bot.html)"
66.249.79.64 - - [16/Jul/2025:06:09:31 +0000] "GET /?f=4726891031370&mod=311864ec&uri=pin.php?item/2838044.shtml HTTP/1.1" 200 13038 "-" "Mozilla/5.0 (Linux; Android 6.0.1; Nexus 5X Build/MMB29P) AppleWebKit/537.36 (KHTML, like Gecko) Chrome/137.0.7151.103 Mobile Safari/537.36 (compatible; Googlebot/2.1; +http://www.google.com/bot.html)"
13.74.116.252 - - [16/Jul/2025:06:09:39 +0000] "GET /wp-content/plugins/hellopress/wp_filemanager.php HTTP/1.1" 404 61502 "-" "-"
13.74.116.252 - - [16/Jul/2025:06:09:40 +0000] "GET /.well-known/log.php HTTP/1.1" 404 61502 "-" "-"
13.74.116.252 - - [16/Jul/2025:06:09:40 +0000] "GET /chosen.php HTTP/1.1" 404 61502 "-" "-"
13.74.116.252 - - [16/Jul/2025:06:09:40 +0000] "GET /admin.php HTTP/1.1" 404 61502 "-" "-"
13.74.116.252 - - [16/Jul/2025:06:09:41 +0000] "GET /wp-admin/network/chosen.php HTTP/1.1" 404 61502 "-" "-"
13.74.116.252 - - [16/Jul/2025:06:09:41 +0000] "GET /FoxWSO.php HTTP/1.1" 404 61502 "-" "-"
13.74.116.252 - - [16/Jul/2025:06:09:41 +0000] "GET /wp-mail.php/wp-includes/ID3/getid3s.php HTTP/1.1" 403 2520 "-" "-"
13.74.116.252 - - [16/Jul/2025:06:09:41 +0000] "GET /wp-includes/fonts/admin.php HTTP/1.1" 404 61502 "-" "-"
13.74.116.252 - - [16/Jul/2025:06:09:41 +0000] "GET /autoload_classmap.php HTTP/1.1" 404 61502 "-" "-"
13.74.116.252 - - [16/Jul/2025:06:09:42 +0000] "GET /menu.php HTTP/1.1" 404 61502 "-" "-"
13.74.116.252 - - [16/Jul/2025:06:09:42 +0000] "GET /system_log.php HTTP/1.1" 404 61502 "-" "-"
13.74.116.252 - - [16/Jul/2025:06:09:42 +0000] "GET /wp-admin/log.php HTTP/1.1" 404 61502 "-" "-"
13.74.116.252 - - [16/Jul/2025:06:09:42 +0000] "GET /goat1.php HTTP/1.1" 404 61502 "-" "-"
13.74.116.252 - - [16/Jul/2025:06:09:42 +0000] "GET /wp-content/plugins/hellopress/wp_filemanager.php HTTP/1.1" 404 61502 "-" "-"
13.74.116.252 - - [16/Jul/2025:06:09:43 +0000] "GET /wp-includes/Text/wp-conflg.php HTTP/1.1" 404 61502 "-" "-"
13.74.116.252 - - [16/Jul/2025:06:09:43 +0000] "GET /media.php HTTP/1.1" 404 61502 "-" "-"
13.74.116.252 - - [16/Jul/2025:06:09:43 +0000] "GET /bless.php HTTP/1.1" 404 61502 "-" "-"
13.74.116.252 - - [16/Jul/2025:06:09:43 +0000] "GET /wp-includes/Text/Diff/Engine/about.php HTTP/1.1" 404 61502 "-" "-"
13.74.116.252 - - [16/Jul/2025:06:09:43 +0000] "GET /wp-content/upgrade/index.php HTTP/1.1" 301 - "-" "-"
13.74.116.252 - - [16/Jul/2025:06:09:44 +0000] "GET /wp-content/upgrade/ HTTP/1.1" 404 61502 "-" "-"
13.74.116.252 - - [16/Jul/2025:06:09:44 +0000] "GET /wp-content/themes/aahana/json.php HTTP/1.1" 404 61502 "-" "-"
13.74.116.252 - - [16/Jul/2025:06:09:44 +0000] "GET /classwithtostring.php HTTP/1.1" 404 61502 "-" "-"
13.74.116.252 - - [16/Jul/2025:06:09:44 +0000] "GET /wp-content/themes.php HTTP/1.1" 404 61502 "-" "-"
13.74.116.252 - - [16/Jul/2025:06:09:44 +0000] "GET /wp-includes/SimplePie/index.php HTTP/1.1" 301 - "-" "-"
13.74.116.252 - - [16/Jul/2025:06:09:45 +0000] "GET /wp-includes/SimplePie/ HTTP/1.1" 404 61502 "-" "-"
13.74.116.252 - - [16/Jul/2025:06:09:45 +0000] "GET /chosen HTTP/1.1" 404 61502 "-" "-"
13.74.116.252 - - [16/Jul/2025:06:09:45 +0000] "GET /filemanager.php HTTP/1.1" 404 61502 "-" "-"
66.249.79.64 - - [16/Jul/2025:06:09:45 +0000] "GET /?f=4726891031370&mod=311864ec&uri=pin.php?item/2832122.shtml HTTP/1.1" 200 13038 "-" "Mozilla/5.0 (Linux; Android 6.0.1; Nexus 5X Build/MMB29P) AppleWebKit/537.36 (KHTML, like Gecko) Chrome/137.0.7151.103 Mobile Safari/537.36 (compatible; Googlebot/2.1; +http://www.google.com/bot.html)"
13.74.116.252 - - [16/Jul/2025:06:09:45 +0000] "GET /wp-content/packed.php HTTP/1.1" 404 61502 "-" "-"
13.74.116.252 - - [16/Jul/2025:06:09:46 +0000] "GET /wp-content/plugins/seoplugins/db.php HTTP/1.1" 404 61502 "-" "-"
66.249.79.64 - - [16/Jul/2025:06:09:46 +0000] "GET /?f=5494214001370&mod=20c99c68&uri=shop.php?feature/eposcard/index.html HTTP/1.1" 200 13038 "-" "Mozilla/5.0 (Linux; Android 6.0.1; Nexus 5X Build/MMB29P) AppleWebKit/537.36 (KHTML, like Gecko) Chrome/137.0.7151.103 Mobile Safari/537.36 (compatible; Googlebot/2.1; +http://www.google.com/bot.html)"
13.74.116.252 - - [16/Jul/2025:06:09:46 +0000] "GET /function/function.php HTTP/1.1" 404 61502 "-" "-"
13.74.116.252 - - [16/Jul/2025:06:09:46 +0000] "GET /wp-content/themes/cay-van-phong/filemanager.php HTTP/1.1" 404 61502 "-" "-"
13.74.116.252 - - [16/Jul/2025:06:09:46 +0000] "GET /wp-content/themes/twentytwentytwo/alfa-rex.php HTTP/1.1" 404 61502 "-" "-"
13.74.116.252 - - [16/Jul/2025:06:09:46 +0000] "GET /wp-includes/html-api/index.php HTTP/1.1" 301 - "-" "-"
13.74.116.252 - - [16/Jul/2025:06:09:47 +0000] "GET /wp-includes/html-api/ HTTP/1.1" 404 61502 "-" "-"
13.74.116.252 - - [16/Jul/2025:06:09:47 +0000] "GET /wp-conflg.php HTTP/1.1" 404 61502 "-" "-"
13.74.116.252 - - [16/Jul/2025:06:09:47 +0000] "GET /index/function.php HTTP/1.1" 404 61502 "-" "-"
13.74.116.252 - - [16/Jul/2025:06:09:47 +0000] "GET /radio.php HTTP/1.1" 404 61502 "-" "-"
13.74.116.252 - - [16/Jul/2025:06:09:47 +0000] "GET /wp-content/uploads/2024/index.php HTTP/1.1" 301 - "-" "-"
13.74.116.252 - - [16/Jul/2025:06:09:48 +0000] "GET /wp-content/uploads/2024/ HTTP/1.1" 404 61502 "-" "-"
13.74.116.252 - - [16/Jul/2025:06:09:48 +0000] "GET /wp-admin/css/wp-conflg.php HTTP/1.1" 404 61502 "-" "-"
13.74.116.252 - - [16/Jul/2025:06:09:48 +0000] "GET /wp-content/plugins/wp-help/index.php HTTP/1.1" 301 - "-" "-"
13.74.116.252 - - [16/Jul/2025:06:09:48 +0000] "GET /wp-content/plugins/wp-help/ HTTP/1.1" 404 61502 "-" "-"
13.74.116.252 - - [16/Jul/2025:06:09:48 +0000] "GET /wp-includes/block-patterns/index.php HTTP/1.1" 301 - "-" "-"
13.74.116.252 - - [16/Jul/2025:06:09:49 +0000] "GET /wp-includes/block-patterns/ HTTP/1.1" 404 61502 "-" "-"
13.74.116.252 - - [16/Jul/2025:06:09:49 +0000] "GET /cc.php HTTP/1.1" 404 61502 "-" "-"
13.74.116.252 - - [16/Jul/2025:06:09:49 +0000] "GET /mail.php HTTP/1.1" 404 61502 "-" "-"
13.74.116.252 - - [16/Jul/2025:06:09:49 +0000] "GET /worksec.php HTTP/1.1" 404 61502 "-" "-"
13.74.116.252 - - [16/Jul/2025:06:09:50 +0000] "GET /about/function.php HTTP/1.1" 404 61502 "-" "-"
13.74.116.252 - - [16/Jul/2025:06:09:50 +0000] "GET /wp-includes/Text/Diff/about.php HTTP/1.1" 404 61502 "-" "-"
13.74.116.252 - - [16/Jul/2025:06:09:50 +0000] "GET /images/Marvins.php HTTP/1.1" 404 61502 "-" "-"
13.74.116.252 - - [16/Jul/2025:06:09:50 +0000] "GET /log.php HTTP/1.1" 404 61502 "-" "-"
13.74.116.252 - - [16/Jul/2025:06:09:50 +0000] "GET /lock360.php HTTP/1.1" 404 61502 "-" "-"
13.74.116.252 - - [16/Jul/2025:06:09:51 +0000] "GET /f35.php HTTP/1.1" 404 61502 "-" "-"
13.74.116.252 - - [16/Jul/2025:06:09:51 +0000] "GET /alfa.php HTTP/1.1" 404 61502 "-" "-"
13.74.116.252 - - [16/Jul/2025:06:09:51 +0000] "GET /lv.php HTTP/1.1" 404 61502 "-" "-"
13.74.116.252 - - [16/Jul/2025:06:09:51 +0000] "GET /02.php HTTP/1.1" 404 61502 "-" "-"
66.249.79.64 - - [16/Jul/2025:06:09:51 +0000] "GET /?f=4726891031370&mod=311864ec&uri=pin.php?item/2857996.shtml HTTP/1.1" 200 13038 "-" "Mozilla/5.0 (Linux; Android 6.0.1; Nexus 5X Build/MMB29P) AppleWebKit/537.36 (KHTML, like Gecko) Chrome/137.0.7151.103 Mobile Safari/537.36 (compatible; Googlebot/2.1; +http://www.google.com/bot.html)"
13.74.116.252 - - [16/Jul/2025:06:09:51 +0000] "GET /cgi-bin/cgi-bin/about.php7 HTTP/1.1" 404 61502 "-" "-"
13.74.116.252 - - [16/Jul/2025:06:09:52 +0000] "GET /wp-includes/IXR/index.php HTTP/1.1" 301 - "-" "-"
13.74.116.252 - - [16/Jul/2025:06:09:52 +0000] "GET /wp-includes/IXR/ HTTP/1.1" 404 61502 "-" "-"
13.74.116.252 - - [16/Jul/2025:06:09:52 +0000] "GET /wp-includes/js/codemirror/index.php HTTP/1.1" 301 - "-" "-"
13.74.116.252 - - [16/Jul/2025:06:09:52 +0000] "GET /wp-includes/js/codemirror/ HTTP/1.1" 404 61502 "-" "-"
13.74.116.252 - - [16/Jul/2025:06:09:52 +0000] "GET /baxa1.phP8 HTTP/1.1" 404 61502 "-" "-"
13.74.116.252 - - [16/Jul/2025:06:09:53 +0000] "GET /up.php HTTP/1.1" 404 61502 "-" "-"
13.74.116.252 - - [16/Jul/2025:06:09:53 +0000] "GET /wp-content/plugins/linkpreview/db.php HTTP/1.1" 404 61502 "-" "-"
13.74.116.252 - - [16/Jul/2025:06:09:53 +0000] "GET /themes.php HTTP/1.1" 404 61502 "-" "-"
13.74.116.252 - - [16/Jul/2025:06:09:53 +0000] "GET /jp.php HTTP/1.1" 404 61502 "-" "-"
13.74.116.252 - - [16/Jul/2025:06:09:53 +0000] "GET /wp-configs.php HTTP/1.1" 404 61502 "-" "-"
13.74.116.252 - - [16/Jul/2025:06:09:54 +0000] "GET /atomlib.php HTTP/1.1" 404 61502 "-" "-"
13.74.116.252 - - [16/Jul/2025:06:09:54 +0000] "GET /info.php HTTP/1.1" 404 61502 "-" "-"
13.74.116.252 - - [16/Jul/2025:06:09:54 +0000] "GET /wp-admin/js/wp-conflg.php HTTP/1.1" 404 61502 "-" "-"
13.74.116.252 - - [16/Jul/2025:06:09:54 +0000] "GET /makeasmtp.php HTTP/1.1" 404 61502 "-" "-"
13.74.116.252 - - [16/Jul/2025:06:09:54 +0000] "GET /update/f35.php HTTP/1.1" 404 61502 "-" "-"
13.74.116.252 - - [16/Jul/2025:06:09:55 +0000] "GET /wp-content/languages/chosen.php HTTP/1.1" 404 61502 "-" "-"
13.74.116.252 - - [16/Jul/2025:06:09:55 +0000] "GET /wp-admin/includes/xmrlpc.php HTTP/1.1" 404 61502 "-" "-"
13.74.116.252 - - [16/Jul/2025:06:09:55 +0000] "GET /wp-content/plugins/wp-conflg.php HTTP/1.1" 404 61502 "-" "-"
13.74.116.252 - - [16/Jul/2025:06:09:55 +0000] "GET /about.php HTTP/1.1" 404 61502 "-" "-"
13.74.116.252 - - [16/Jul/2025:06:09:56 +0000] "GET /class.php HTTP/1.1" 404 61502 "-" "-"
13.74.116.252 - - [16/Jul/2025:06:09:56 +0000] "GET /install.php HTTP/1.1" 404 61502 "-" "-"
13.74.116.252 - - [16/Jul/2025:06:09:56 +0000] "GET /wp-content/uploads/wp.php HTTP/1.1" 404 61502 "-" "-"
13.74.116.252 - - [16/Jul/2025:06:09:56 +0000] "GET /default.php HTTP/1.1" 404 61502 "-" "-"
13.74.116.252 - - [16/Jul/2025:06:09:56 +0000] "GET /wp-admin/chosen.php HTTP/1.1" 404 61502 "-" "-"
13.74.116.252 - - [16/Jul/2025:06:09:57 +0000] "GET /wp-content/upgrade/admin.php HTTP/1.1" 404 61502 "-" "-"
13.74.116.252 - - [16/Jul/2025:06:09:57 +0000] "GET /.well-known/gecko-litespeed.php HTTP/1.1" 404 61502 "-" "-"
13.74.116.252 - - [16/Jul/2025:06:09:57 +0000] "GET /item.php HTTP/1.1" 404 61502 "-" "-"
13.74.116.252 - - [16/Jul/2025:06:09:57 +0000] "GET /wp-includes/js/about.php HTTP/1.1" 404 61502 "-" "-"
13.74.116.252 - - [16/Jul/2025:06:09:57 +0000] "GET /as/function.php HTTP/1.1" 404 61502 "-" "-"
13.74.116.252 - - [16/Jul/2025:06:09:58 +0000] "GET /.well-known/pki-validation/dropdown.php HTTP/1.1" 404 - "-" "-"
66.249.79.64 - - [16/Jul/2025:06:09:58 +0000] "GET /?f=4726891031370&mod=311864ec&uri=pin.php?item/2833296.shtml HTTP/1.1" 200 13038 "-" "Mozilla/5.0 (Linux; Android 6.0.1; Nexus 5X Build/MMB29P) AppleWebKit/537.36 (KHTML, like Gecko) Chrome/137.0.7151.103 Mobile Safari/537.36 (compatible; Googlebot/2.1; +http://www.google.com/bot.html)"
13.74.116.252 - - [16/Jul/2025:06:09:58 +0000] "GET /wp-content/themes/file.php HTTP/1.1" 404 61502 "-" "-"
13.74.116.252 - - [16/Jul/2025:06:09:58 +0000] "GET /doc.php HTTP/1.1" 404 61502 "-" "-"
13.74.116.252 - - [16/Jul/2025:06:09:58 +0000] "GET /.well-known/pki-validation/index.php HTTP/1.1" 404 - "-" "-"
13.74.116.252 - - [16/Jul/2025:06:09:58 +0000] "GET /k.php HTTP/1.1" 404 61502 "-" "-"
13.74.116.252 - - [16/Jul/2025:06:09:59 +0000] "GET /2.php HTTP/1.1" 404 61502 "-" "-"
13.74.116.252 - - [16/Jul/2025:06:09:59 +0000] "GET /wp-content/themes/admin.php HTTP/1.1" 404 61502 "-" "-"
13.74.116.252 - - [16/Jul/2025:06:09:59 +0000] "GET /wp-content/themes/twentytwentytwo/index.php HTTP/1.1" 301 - "-" "-"
13.74.116.252 - - [16/Jul/2025:06:09:59 +0000] "GET /wp-content/themes/twentytwentytwo/ HTTP/1.1" 404 61502 "-" "-"
13.74.116.252 - - [16/Jul/2025:06:09:59 +0000] "GET /wp-content/themes/about.php HTTP/1.1" 404 61502 "-" "-"
13.74.116.252 - - [16/Jul/2025:06:10:00 +0000] "GET /wp-admin/css/colors/blue/atomlib.php HTTP/1.1" 404 61502 "-" "-"
13.74.116.252 - - [16/Jul/2025:06:10:00 +0000] "GET /packed.php HTTP/1.1" 404 61502 "-" "-"
13.74.116.252 - - [16/Jul/2025:06:10:00 +0000] "GET /wp-includes/pomo/about.php HTTP/1.1" 404 61502 "-" "-"
13.74.116.252 - - [16/Jul/2025:06:10:00 +0000] "GET /moon.php HTTP/1.1" 404 61502 "-" "-"
13.74.116.252 - - [16/Jul/2025:06:10:00 +0000] "GET /wp-admin/classwithtostring.php HTTP/1.1" 404 61502 "-" "-"
13.74.116.252 - - [16/Jul/2025:06:10:01 +0000] "GET /wp-content/themes/pridmag/db.php HTTP/1.1" 404 61502 "-" "-"
13.74.116.252 - - [16/Jul/2025:06:10:01 +0000] "GET /system.php HTTP/1.1" 404 61502 "-" "-"
13.74.116.252 - - [16/Jul/2025:06:10:02 +0000] "GET /file.php HTTP/1.1" 404 61502 "-" "-"
13.74.116.252 - - [16/Jul/2025:06:10:02 +0000] "GET /wp-includes/style-engine/index.php HTTP/1.1" 301 - "-" "-"
13.74.116.252 - - [16/Jul/2025:06:10:02 +0000] "GET /wp-includes/style-engine/ HTTP/1.1" 404 61502 "-" "-"
13.74.116.252 - - [16/Jul/2025:06:10:02 +0000] "GET /wp-admin/images/file.php HTTP/1.1" 404 61502 "-" "-"
13.74.116.252 - - [16/Jul/2025:06:10:03 +0000] "GET /wp-admin/function.php HTTP/1.1" 404 61502 "-" "-"
13.74.116.252 - - [16/Jul/2025:06:10:03 +0000] "GET /wp-includes/IXR/about.php HTTP/1.1" 404 61502 "-" "-"
13.74.116.252 - - [16/Jul/2025:06:10:03 +0000] "GET /mar.php HTTP/1.1" 404 61502 "-" "-"
13.74.116.252 - - [16/Jul/2025:06:10:03 +0000] "GET /wp-content/cong.php HTTP/1.1" 404 61502 "-" "-"
13.74.116.252 - - [16/Jul/2025:06:10:03 +0000] "GET /wp-content/plugins/linkpreview/db.php?u HTTP/1.1" 404 61502 "-" "-"
13.74.116.252 - - [16/Jul/2025:06:10:04 +0000] "GET /wp-includes/block-supports/about.php HTTP/1.1" 404 61502 "-" "-"
66.249.79.66 - - [16/Jul/2025:06:10:05 +0000] "GET /?f=4726891031370&mod=311864ec&uri=pin.php?hobby/boardgame/index.html HTTP/1.1" 200 13038 "-" "Mozilla/5.0 (Linux; Android 6.0.1; Nexus 5X Build/MMB29P) AppleWebKit/537.36 (KHTML, like Gecko) Chrome/137.0.7151.103 Mobile Safari/537.36 (compatible; Googlebot/2.1; +http://www.google.com/bot.html)"
209.74.77.214 - - [16/Jul/2025:06:10:10 +0000] "POST /wp-cron.php?doing_wp_cron=1752646210.3128681182861328125000 HTTP/1.1" 200 - "-" "WordPress/6.8.2; https://game-gainz.com"
66.249.79.64 - - [16/Jul/2025:06:10:10 +0000] "GET /?f=4726891031370&mod=311864ec&uri=pin.php?cd.html HTTP/1.1" 200 13037 "-" "Mozilla/5.0 (Linux; Android 6.0.1; Nexus 5X Build/MMB29P) AppleWebKit/537.36 (KHTML, like Gecko) Chrome/137.0.7151.103 Mobile Safari/537.36 (compatible; Googlebot/2.1; +http://www.google.com/bot.html)"
20.171.207.111 - - [16/Jul/2025:06:10:12 +0000] "GET /item/1663289430.shtml HTTP/1.1" 404 12581 "-" "Mozilla/5.0 AppleWebKit/537.36 (KHTML, like Gecko; compatible; GPTBot/1.2; +https://openai.com/gptbot)"
66.249.79.64 - - [16/Jul/2025:06:10:24 +0000] "GET /?f=4726891031370&mod=311864ec&uri=pin.php?item/2839774.shtml HTTP/1.1" 200 13038 "-" "Mozilla/5.0 (Linux; Android 6.0.1; Nexus 5X Build/MMB29P) AppleWebKit/537.36 (KHTML, like Gecko) Chrome/137.0.7151.103 Mobile Safari/537.36 (compatible; Googlebot/2.1; +http://www.google.com/bot.html)"
66.249.79.64 - - [16/Jul/2025:06:10:24 +0000] "GET /?f=5488356021370&mod=48f27972&uri=dp.php?item/58910052.shtml HTTP/1.1" 200 13038 "-" "Mozilla/5.0 (Linux; Android 6.0.1; Nexus 5X Build/MMB29P) AppleWebKit/537.36 (KHTML, like Gecko) Chrome/137.0.7151.103 Mobile Safari/537.36 (compatible; Googlebot/2.1; +http://www.google.com/bot.html)"
66.249.79.64 - - [16/Jul/2025:06:10:30 +0000] "GET /?f=4726891031370&mod=311864ec&uri=pin.php?item/2840692.shtml HTTP/1.1" 200 13038 "-" "Mozilla/5.0 (Linux; Android 6.0.1; Nexus 5X Build/MMB29P) AppleWebKit/537.36 (KHTML, like Gecko) Chrome/137.0.7151.103 Mobile Safari/537.36 (compatible; Googlebot/2.1; +http://www.google.com/bot.html)"
66.249.79.64 - - [16/Jul/2025:06:10:36 +0000] "GET /?f=4726891031370&mod=311864ec&uri=pin.php?item/2819758.shtml HTTP/1.1" 200 13038 "-" "Mozilla/5.0 (Linux; Android 6.0.1; Nexus 5X Build/MMB29P) AppleWebKit/537.36 (KHTML, like Gecko) Chrome/137.0.7151.103 Mobile Safari/537.36 (compatible; Googlebot/2.1; +http://www.google.com/bot.html)"
66.249.79.64 - - [16/Jul/2025:06:10:37 +0000] "GET /?f=5344599011370&mod=aebb462e&uri=form.php?item/49241012.shtml HTTP/1.1" 200 13038 "-" "Mozilla/5.0 (Linux; Android 6.0.1; Nexus 5X Build/MMB29P) AppleWebKit/537.36 (KHTML, like Gecko) Chrome/137.0.7151.103 Mobile Safari/537.36 (compatible; Googlebot/2.1; +http://www.google.com/bot.html)"
66.249.79.64 - - [16/Jul/2025:06:10:43 +0000] "POST /get-message-notify HTTP/1.1" 404 12531 "http://game-gainz.com/?f=5028197051370&mod=67a4b0f5&uri=search.php?%3Fid%3D167862-307%26name%3Dadidas+yeezy+boost+350+tutte+blu" "Mozilla/5.0 (Linux; Android 6.0.1; Nexus 5X Build/MMB29P) AppleWebKit/537.36 (KHTML, like Gecko) Chrome/137.0.7151.119 Mobile Safari/537.36 (compatible; Googlebot/2.1; +http://www.google.com/bot.html)"
66.249.79.64 - - [16/Jul/2025:06:10:46 +0000] "GET /?f=4726891031370&mod=311864ec&uri=pin.php?item/2822130.shtml HTTP/1.1" 200 13038 "-" "Mozilla/5.0 (Linux; Android 6.0.1; Nexus 5X Build/MMB29P) AppleWebKit/537.36 (KHTML, like Gecko) Chrome/137.0.7151.103 Mobile Safari/537.36 (compatible; Googlebot/2.1; +http://www.google.com/bot.html)"
66.249.79.64 - - [16/Jul/2025:06:10:47 +0000] "GET /?f=5488356021370&mod=48f27972&uri=dp.php?item/58895344.shtml HTTP/1.1" 200 13038 "-" "Mozilla/5.0 (Linux; Android 6.0.1; Nexus 5X Build/MMB29P) AppleWebKit/537.36 (KHTML, like Gecko) Chrome/137.0.7151.103 Mobile Safari/537.36 (compatible; Googlebot/2.1; +http://www.google.com/bot.html)"
66.249.79.64 - - [16/Jul/2025:06:10:51 +0000] "GET /?f=4922380141370&mod=9ce60c64&uri=shop.php?item/48232628.shtml HTTP/1.1" 200 13038 "-" "Mozilla/5.0 (Linux; Android 6.0.1; Nexus 5X Build/MMB29P) AppleWebKit/537.36 (KHTML, like Gecko) Chrome/137.0.7151.103 Mobile Safari/537.36 (compatible; Googlebot/2.1; +http://www.google.com/bot.html)"
66.249.79.64 - - [16/Jul/2025:06:10:58 +0000] "GET /?f=4726891031370&mod=311864ec&uri=pin.php?item/2834190.shtml HTTP/1.1" 200 13038 "-" "Mozilla/5.0 (Linux; Android 6.0.1; Nexus 5X Build/MMB29P) AppleWebKit/537.36 (KHTML, like Gecko) Chrome/137.0.7151.103 Mobile Safari/537.36 (compatible; Googlebot/2.1; +http://www.google.com/bot.html)"
209.74.77.214 - - [16/Jul/2025:06:11:14 +0000] "POST /wp-cron.php?doing_wp_cron=1752646274.2750620841979980468750 HTTP/1.1" 200 - "-" "WordPress/6.8.2; https://game-gainz.com"
20.171.207.111 - - [16/Jul/2025:06:11:14 +0000] "GET /item/1663825870.shtml HTTP/1.1" 404 12581 "-" "Mozilla/5.0 AppleWebKit/537.36 (KHTML, like Gecko; compatible; GPTBot/1.2; +https://openai.com/gptbot)"
66.249.79.64 - - [16/Jul/2025:06:11:18 +0000] "GET /?f=4726891031370&mod=311864ec&uri=pin.php?toreka/goods_menu.html HTTP/1.1" 200 13038 "-" "Mozilla/5.0 (Linux; Android 6.0.1; Nexus 5X Build/MMB29P) AppleWebKit/537.36 (KHTML, like Gecko) Chrome/137.0.7151.103 Mobile Safari/537.36 (compatible; Googlebot/2.1; +http://www.google.com/bot.html)"
66.249.79.64 - - [16/Jul/2025:06:11:32 +0000] "GET /?f=4726891031370&mod=311864ec&uri=pin.php?item/2843288.shtml HTTP/1.1" 200 13038 "-" "Mozilla/5.0 (Linux; Android 6.0.1; Nexus 5X Build/MMB29P) AppleWebKit/537.36 (KHTML, like Gecko) Chrome/137.0.7151.103 Mobile Safari/537.36 (compatible; Googlebot/2.1; +http://www.google.com/bot.html)"
66.249.79.64 - - [16/Jul/2025:06:11:33 +0000] "GET /?f=5361162021370&mod=b3b0b34e&uri=pin.php?item/52910212.shtml HTTP/1.1" 200 13038 "-" "Mozilla/5.0 (Linux; Android 6.0.1; Nexus 5X Build/MMB29P) AppleWebKit/537.36 (KHTML, like Gecko) Chrome/137.0.7151.103 Mobile Safari/537.36 (compatible; Googlebot/2.1; +http://www.google.com/bot.html)"
66.249.79.64 - - [16/Jul/2025:06:11:47 +0000] "GET /?f=4726891031370&mod=311864ec&uri=pin.php?feature/shoplist/index.html HTTP/1.1" 200 13038 "-" "Mozilla/5.0 (Linux; Android 6.0.1; Nexus 5X Build/MMB29P) AppleWebKit/537.36 (KHTML, like Gecko) Chrome/137.0.7151.103 Mobile Safari/537.36 (compatible; Googlebot/2.1; +http://www.google.com/bot.html)"
66.249.79.64 - - [16/Jul/2025:06:11:53 +0000] "GET /?f=4726891031370&mod=311864ec&uri=pin.php?item/2853248.shtml HTTP/1.1" 200 13038 "-" "Mozilla/5.0 (Linux; Android 6.0.1; Nexus 5X Build/MMB29P) AppleWebKit/537.36 (KHTML, like Gecko) Chrome/137.0.7151.103 Mobile Safari/537.36 (compatible; Googlebot/2.1; +http://www.google.com/bot.html)"
66.249.79.64 - - [16/Jul/2025:06:11:59 +0000] "GET /?f=4726891031370&mod=311864ec&uri=pin.php?item/2827394.shtml HTTP/1.1" 200 13038 "-" "Mozilla/5.0 (Linux; Android 6.0.1; Nexus 5X Build/MMB29P) AppleWebKit/537.36 (KHTML, like Gecko) Chrome/137.0.7151.103 Mobile Safari/537.36 (compatible; Googlebot/2.1; +http://www.google.com/bot.html)"
209.74.77.214 - - [16/Jul/2025:06:12:11 +0000] "POST /wp-cron.php?doing_wp_cron=1752646331.9060161113739013671875 HTTP/1.1" 200 - "-" "WordPress/6.8.2; https://game-gainz.com"
66.249.79.64 - - [16/Jul/2025:06:12:11 +0000] "GET /?f=4726891031370&mod=311864ec&uri=pin.php?hobby.html HTTP/1.1" 200 13038 "-" "Mozilla/5.0 (Linux; Android 6.0.1; Nexus 5X Build/MMB29P) AppleWebKit/537.36 (KHTML, like Gecko) Chrome/137.0.7151.103 Mobile Safari/537.36 (compatible; Googlebot/2.1; +http://www.google.com/bot.html)"
20.171.207.111 - - [16/Jul/2025:06:12:16 +0000] "GET /item/1663485078.shtml HTTP/1.1" 404 12580 "-" "Mozilla/5.0 AppleWebKit/537.36 (KHTML, like Gecko; compatible; GPTBot/1.2; +https://openai.com/gptbot)"
66.249.79.64 - - [16/Jul/2025:06:12:18 +0000] "GET /?f=5488356021370&mod=48f27972&uri=dp.php?item/58901566.shtml HTTP/1.1" 200 13038 "-" "Mozilla/5.0 (Linux; Android 6.0.1; Nexus 5X Build/MMB29P) AppleWebKit/537.36 (KHTML, like Gecko) Chrome/137.0.7151.103 Mobile Safari/537.36 (compatible; Googlebot/2.1; +http://www.google.com/bot.html)"
66.249.79.64 - - [16/Jul/2025:06:12:23 +0000] "GET /?f=4726891031370&mod=311864ec&uri=pin.php?toreka/toreka_single.html HTTP/1.1" 200 13038 "-" "Mozilla/5.0 (Linux; Android 6.0.1; Nexus 5X Build/MMB29P) AppleWebKit/537.36 (KHTML, like Gecko) Chrome/137.0.7151.103 Mobile Safari/537.36 (compatible; Googlebot/2.1; +http://www.google.com/bot.html)"
66.249.79.64 - - [16/Jul/2025:06:12:43 +0000] "GET /?f=4726891031370&mod=311864ec&uri=pin.php?item/2855636.shtml HTTP/1.1" 200 13038 "-" "Mozilla/5.0 (Linux; Android 6.0.1; Nexus 5X Build/MMB29P) AppleWebKit/537.36 (KHTML, like Gecko) Chrome/137.0.7151.103 Mobile Safari/537.36 (compatible; Googlebot/2.1; +http://www.google.com/bot.html)"
66.249.79.64 - - [16/Jul/2025:06:12:49 +0000] "GET /?f=4726891031370&mod=311864ec&uri=pin.php?man/kaitori/ansin.html HTTP/1.1" 200 13038 "-" "Mozilla/5.0 (Linux; Android 6.0.1; Nexus 5X Build/MMB29P) AppleWebKit/537.36 (KHTML, like Gecko) Chrome/137.0.7151.103 Mobile Safari/537.36 (compatible; Googlebot/2.1; +http://www.google.com/bot.html)"
66.249.79.66 - - [16/Jul/2025:06:13:08 +0000] "GET /?f=4726891031370&mod=311864ec&uri=pin.php?item/2866506.shtml HTTP/1.1" 200 13038 "-" "Mozilla/5.0 (Linux; Android 6.0.1; Nexus 5X Build/MMB29P) AppleWebKit/537.36 (KHTML, like Gecko) Chrome/137.0.7151.103 Mobile Safari/537.36 (compatible; Googlebot/2.1; +http://www.google.com/bot.html)"
209.74.77.214 - - [16/Jul/2025:06:13:14 +0000] "POST /wp-cron.php?doing_wp_cron=1752646394.2638099193572998046875 HTTP/1.1" 200 - "-" "WordPress/6.8.2; https://game-gainz.com"
66.249.79.64 - - [16/Jul/2025:06:13:14 +0000] "GET /?f=4726891031370&mod=311864ec&uri=pin.php?item/2861774.shtml HTTP/1.1" 200 13038 "-" "Mozilla/5.0 (Linux; Android 6.0.1; Nexus 5X Build/MMB29P) AppleWebKit/537.36 (KHTML, like Gecko) Chrome/137.0.7151.103 Mobile Safari/537.36 (compatible; Googlebot/2.1; +http://www.google.com/bot.html)"
20.171.207.111 - - [16/Jul/2025:06:13:17 +0000] "GET /item/1663527094.shtml HTTP/1.1" 404 12581 "-" "Mozilla/5.0 AppleWebKit/537.36 (KHTML, like Gecko; compatible; GPTBot/1.2; +https://openai.com/gptbot)"
66.249.79.64 - - [16/Jul/2025:06:13:23 +0000] "GET /?f=4726891031370&mod=311864ec&uri=pin.php?item/2851782.shtml HTTP/1.1" 200 13038 "-" "Mozilla/5.0 (Linux; Android 6.0.1; Nexus 5X Build/MMB29P) AppleWebKit/537.36 (KHTML, like Gecko) Chrome/137.0.7151.103 Mobile Safari/537.36 (compatible; Googlebot/2.1; +http://www.google.com/bot.html)"
66.249.79.64 - - [16/Jul/2025:06:13:35 +0000] "GET /?f=4726891031370&mod=311864ec&uri=pin.php?feature/eposcard/index.html HTTP/1.1" 200 13038 "-" "Mozilla/5.0 (Linux; Android 6.0.1; Nexus 5X Build/MMB29P) AppleWebKit/537.36 (KHTML, like Gecko) Chrome/137.0.7151.103 Mobile Safari/537.36 (compatible; Googlebot/2.1; +http://www.google.com/bot.html)"
66.249.79.64 - - [16/Jul/2025:06:13:55 +0000] "GET /?f=4726891031370&mod=311864ec&uri=pin.php?item/2822150.shtml HTTP/1.1" 200 13038 "-" "Mozilla/5.0 (Linux; Android 6.0.1; Nexus 5X Build/MMB29P) AppleWebKit/537.36 (KHTML, like Gecko) Chrome/137.0.7151.103 Mobile Safari/537.36 (compatible; Googlebot/2.1; +http://www.google.com/bot.html)"
66.249.79.66 - - [16/Jul/2025:06:14:03 +0000] "GET /?f=4726891031370&mod=311864ec&uri=pin.php?item/2839434.shtml HTTP/1.1" 200 13037 "-" "Mozilla/5.0 (Linux; Android 6.0.1; Nexus 5X Build/MMB29P) AppleWebKit/537.36 (KHTML, like Gecko) Chrome/137.0.7151.103 Mobile Safari/537.36 (compatible; Googlebot/2.1; +http://www.google.com/bot.html)"
209.74.77.214 - - [16/Jul/2025:06:14:10 +0000] "POST /wp-cron.php?doing_wp_cron=1752646450.8810420036315917968750 HTTP/1.1" 200 - "-" "WordPress/6.8.2; https://game-gainz.com"
66.249.79.64 - - [16/Jul/2025:06:14:10 +0000] "GET /?f=5361162021370&mod=b3b0b34e&uri=pin.php?item/50693406.shtml HTTP/1.1" 200 13038 "-" "Mozilla/5.0 (Linux; Android 6.0.1; Nexus 5X Build/MMB29P) AppleWebKit/537.36 (KHTML, like Gecko) Chrome/137.0.7151.103 Mobile Safari/537.36 (compatible; Googlebot/2.1; +http://www.google.com/bot.html)"
66.249.79.64 - - [16/Jul/2025:06:14:12 +0000] "GET /?f=4726891031370&mod=311864ec&uri=pin.php?item/2849458.shtml HTTP/1.1" 200 13038 "-" "Mozilla/5.0 (Linux; Android 6.0.1; Nexus 5X Build/MMB29P) AppleWebKit/537.36 (KHTML, like Gecko) Chrome/137.0.7151.103 Mobile Safari/537.36 (compatible; Googlebot/2.1; +http://www.google.com/bot.html)"
66.249.79.64 - - [16/Jul/2025:06:14:17 +0000] "GET /?f=5344599011370&mod=aebb462e&uri=form.php?item/170732980.shtml HTTP/1.1" 200 13038 "-" "Mozilla/5.0 (Linux; Android 6.0.1; Nexus 5X Build/MMB29P) AppleWebKit/537.36 (KHTML, like Gecko) Chrome/137.0.7151.103 Mobile Safari/537.36 (compatible; Googlebot/2.1; +http://www.google.com/bot.html)"
20.171.207.111 - - [16/Jul/2025:06:14:21 +0000] "GET /item/1663475972.shtml HTTP/1.1" 404 12581 "-" "Mozilla/5.0 AppleWebKit/537.36 (KHTML, like Gecko; compatible; GPTBot/1.2; +https://openai.com/gptbot)"
66.249.79.64 - - [16/Jul/2025:06:14:32 +0000] "GET /?f=4726891031370&mod=311864ec&uri=pin.php?feature/osu_main/index.html HTTP/1.1" 200 13038 "-" "Mozilla/5.0 (Linux; Android 6.0.1; Nexus 5X Build/MMB29P) AppleWebKit/537.36 (KHTML, like Gecko) Chrome/137.0.7151.103 Mobile Safari/537.36 (compatible; Googlebot/2.1; +http://www.google.com/bot.html)"
66.249.79.64 - - [16/Jul/2025:06:14:54 +0000] "GET /?f=4726891031370&mod=311864ec&uri=pin.php?item/2862692.shtml HTTP/1.1" 200 13038 "-" "Mozilla/5.0 (Linux; Android 6.0.1; Nexus 5X Build/MMB29P) AppleWebKit/537.36 (KHTML, like Gecko) Chrome/137.0.7151.103 Mobile Safari/537.36 (compatible; Googlebot/2.1; +http://www.google.com/bot.html)"
66.249.79.66 - - [16/Jul/2025:06:15:03 +0000] "GET /?f=4726891031370&mod=311864ec&uri=pin.php?item/2829782.shtml HTTP/1.1" 200 13038 "-" "Mozilla/5.0 (Linux; Android 6.0.1; Nexus 5X Build/MMB29P) AppleWebKit/537.36 (KHTML, like Gecko) Chrome/137.0.7151.103 Mobile Safari/537.36 (compatible; Googlebot/2.1; +http://www.google.com/bot.html)"
66.249.79.64 - - [16/Jul/2025:06:15:04 +0000] "GET /?f=5361162021370&mod=b3b0b34e&uri=pin.php?item/56158716.shtml HTTP/1.1" 200 13038 "-" "Mozilla/5.0 (Linux; Android 6.0.1; Nexus 5X Build/MMB29P) AppleWebKit/537.36 (KHTML, like Gecko) Chrome/137.0.7151.103 Mobile Safari/537.36 (compatible; Googlebot/2.1; +http://www.google.com/bot.html)"
66.249.79.65 - - [16/Jul/2025:06:15:07 +0000] "GET /?f=4726891031370&mod=311864ec&uri=pin.php?feature/omiya_marui/index.html HTTP/1.1" 200 13038 "-" "Mozilla/5.0 (Linux; Android 6.0.1; Nexus 5X Build/MMB29P) AppleWebKit/537.36 (KHTML, like Gecko) Chrome/137.0.7151.103 Mobile Safari/537.36 (compatible; Googlebot/2.1; +http://www.google.com/bot.html)"
209.74.77.214 - - [16/Jul/2025:06:15:13 +0000] "POST /wp-cron.php?doing_wp_cron=1752646513.9898738861083984375000 HTTP/1.1" 200 - "-" "WordPress/6.8.2; https://game-gainz.com"
66.249.79.64 - - [16/Jul/2025:06:15:13 +0000] "GET /?f=4726891031370&mod=311864ec&uri=pin.php?item/2824490.shtml HTTP/1.1" 200 13038 "-" "Mozilla/5.0 (Linux; Android 6.0.1; Nexus 5X Build/MMB29P) AppleWebKit/537.36 (KHTML, like Gecko) Chrome/137.0.7151.103 Mobile Safari/537.36 (compatible; Googlebot/2.1; +http://www.google.com/bot.html)"
66.249.79.64 - - [16/Jul/2025:06:15:15 +0000] "GET /?f=5329779031370&mod=f3a3d61b&uri=blog.php?item/50564678.shtml HTTP/1.1" 200 13037 "-" "Mozilla/5.0 (Linux; Android 6.0.1; Nexus 5X Build/MMB29P) AppleWebKit/537.36 (KHTML, like Gecko) Chrome/137.0.7151.103 Mobile Safari/537.36 (compatible; Googlebot/2.1; +http://www.google.com/bot.html)"
66.249.79.64 - - [16/Jul/2025:06:15:24 +0000] "GET /?f=4726891031370&mod=311864ec&uri=pin.php?text/terms HTTP/1.1" 200 13038 "-" "Mozilla/5.0 (Linux; Android 6.0.1; Nexus 5X Build/MMB29P) AppleWebKit/537.36 (KHTML, like Gecko) Chrome/137.0.7151.103 Mobile Safari/537.36 (compatible; Googlebot/2.1; +http://www.google.com/bot.html)"
20.171.207.111 - - [16/Jul/2025:06:15:26 +0000] "GET /item/1663205398.shtml HTTP/1.1" 404 12581 "-" "Mozilla/5.0 AppleWebKit/537.36 (KHTML, like Gecko; compatible; GPTBot/1.2; +https://openai.com/gptbot)"
66.249.79.64 - - [16/Jul/2025:06:15:26 +0000] "GET /?f=5361162021370&mod=b3b0b34e&uri=pin.php?item/54735486.shtml HTTP/1.1" 200 13038 "-" "Mozilla/5.0 (Linux; Android 6.0.1; Nexus 5X Build/MMB29P) AppleWebKit/537.36 (KHTML, like Gecko) Chrome/137.0.7151.103 Mobile Safari/537.36 (compatible; Googlebot/2.1; +http://www.google.com/bot.html)"
66.249.79.64 - - [16/Jul/2025:06:15:31 +0000] "GET /?f=5329779031370&mod=f3a3d61b&uri=blog.php?item/56126384.shtml HTTP/1.1" 200 13038 "-" "Mozilla/5.0 (Linux; Android 6.0.1; Nexus 5X Build/MMB29P) AppleWebKit/537.36 (KHTML, like Gecko) Chrome/137.0.7151.103 Mobile Safari/537.36 (compatible; Googlebot/2.1; +http://www.google.com/bot.html)"
66.249.79.64 - - [16/Jul/2025:06:15:34 +0000] "GET /?f=5344599011370&mod=aebb462e&uri=form.php?item/52894992.shtml HTTP/1.1" 200 13038 "-" "Mozilla/5.0 (Linux; Android 6.0.1; Nexus 5X Build/MMB29P) AppleWebKit/537.36 (KHTML, like Gecko) Chrome/137.0.7151.103 Mobile Safari/537.36 (compatible; Googlebot/2.1; +http://www.google.com/bot.html)"
66.249.79.64 - - [16/Jul/2025:06:15:36 +0000] "GET /?f=4726891031370&mod=311864ec&uri=pin.php?item/2845936.shtml HTTP/1.1" 200 13038 "-" "Mozilla/5.0 (Linux; Android 6.0.1; Nexus 5X Build/MMB29P) AppleWebKit/537.36 (KHTML, like Gecko) Chrome/137.0.7151.103 Mobile Safari/537.36 (compatible; Googlebot/2.1; +http://www.google.com/bot.html)"
66.249.79.64 - - [16/Jul/2025:06:15:47 +0000] "GET /?f=5344599011370&mod=aebb462e&uri=form.php?item/49223680.shtml HTTP/1.1" 200 13038 "-" "Mozilla/5.0 (Linux; Android 6.0.1; Nexus 5X Build/MMB29P) AppleWebKit/537.36 (KHTML, like Gecko) Chrome/137.0.7151.103 Mobile Safari/537.36 (compatible; Googlebot/2.1; +http://www.google.com/bot.html)"
66.249.79.64 - - [16/Jul/2025:06:15:48 +0000] "GET /?f=4726891031370&mod=311864ec&uri=pin.php?item/2823016.shtml HTTP/1.1" 200 13038 "-" "Mozilla/5.0 (Linux; Android 6.0.1; Nexus 5X Build/MMB29P) AppleWebKit/537.36 (KHTML, like Gecko) Chrome/137.0.7151.103 Mobile Safari/537.36 (compatible; Googlebot/2.1; +http://www.google.com/bot.html)"
66.249.79.64 - - [16/Jul/2025:06:15:56 +0000] "GET /?f=5361162021370&mod=b3b0b34e&uri=pin.php?item/1650811434.shtml HTTP/1.1" 200 13038 "-" "Mozilla/5.0 (Linux; Android 6.0.1; Nexus 5X Build/MMB29P) AppleWebKit/537.36 (KHTML, like Gecko) Chrome/137.0.7151.103 Mobile Safari/537.36 (compatible; Googlebot/2.1; +http://www.google.com/bot.html)"
66.249.79.65 - - [16/Jul/2025:06:16:03 +0000] "GET /?f=4726891031370&mod=311864ec&uri=pin.php?item/2834514.shtml HTTP/1.1" 200 13038 "-" "Mozilla/5.0 (Linux; Android 6.0.1; Nexus 5X Build/MMB29P) AppleWebKit/537.36 (KHTML, like Gecko) Chrome/137.0.7151.103 Mobile Safari/537.36 (compatible; Googlebot/2.1; +http://www.google.com/bot.html)"
209.74.77.214 - - [16/Jul/2025:06:16:12 +0000] "POST /wp-cron.php?doing_wp_cron=1752646572.7287499904632568359375 HTTP/1.1" 200 - "-" "WordPress/6.8.2; https://game-gainz.com"
66.249.79.64 - - [16/Jul/2025:06:16:12 +0000] "GET /?f=5344599011370&mod=aebb462e&uri=form.php?item/51866848.shtml HTTP/1.1" 200 13037 "-" "Mozilla/5.0 (Linux; Android 6.0.1; Nexus 5X Build/MMB29P) AppleWebKit/537.36 (KHTML, like Gecko) Chrome/137.0.7151.103 Mobile Safari/537.36 (compatible; Googlebot/2.1; +http://www.google.com/bot.html)"
