66.249.79.64 - - [15/Jul/2025:20:07:04 +0000] "GET /?f=4982807011370&mod=dbfff4b2&uri=info.php?item/53843414.shtml HTTP/1.1" 200 20541 "-" "Mozilla/5.0 (Linux; Android 6.0.1; Nexus 5X Build/MMB29P) AppleWebKit/537.36 (KHTML, like Gecko) Chrome/137.0.7151.103 Mobile Safari/537.36 (compatible; Googlebot/2.1; +http://www.google.com/bot.html)"
66.249.79.65 - - [15/Jul/2025:20:07:08 +0000] "POST /get-message-notify HTTP/1.1" 200 19357 "http://game-gainz.com/?f=4982807011370&mod=dbfff4b2&uri=info.php?item/53843414.shtml" "Mozilla/5.0 (Linux; Android 6.0.1; Nexus 5X Build/MMB29P) AppleWebKit/537.36 (KHTML, like Gecko) Chrome/137.0.7151.119 Mobile Safari/537.36 (compatible; Googlebot/2.1; +http://www.google.com/bot.html)"
66.249.79.64 - - [15/Jul/2025:20:07:52 +0000] "GET /?f=5344599011370&mod=aebb462e&uri=form.php?item/56186630.shtml HTTP/1.1" 200 19209 "-" "Mozilla/5.0 (Linux; Android 6.0.1; Nexus 5X Build/MMB29P) AppleWebKit/537.36 (KHTML, like Gecko) Chrome/137.0.7151.103 Mobile Safari/537.36 (compatible; Googlebot/2.1; +http://www.google.com/bot.html)"
66.249.79.64 - - [15/Jul/2025:20:07:58 +0000] "POST /get-message-notify HTTP/1.1" 200 19357 "http://game-gainz.com/?f=5344599011370&mod=aebb462e&uri=form.php?item/56186630.shtml" "Mozilla/5.0 (Linux; Android 6.0.1; Nexus 5X Build/MMB29P) AppleWebKit/537.36 (KHTML, like Gecko) Chrome/137.0.7151.119 Mobile Safari/537.36 (compatible; Googlebot/2.1; +http://www.google.com/bot.html)"
66.249.79.64 - - [15/Jul/2025:20:08:35 +0000] "GET /?f=4982807011370&mod=dbfff4b2&uri=info.php?item/53857846.shtml HTTP/1.1" 200 19168 "-" "Mozilla/5.0 (Linux; Android 6.0.1; Nexus 5X Build/MMB29P) AppleWebKit/537.36 (KHTML, like Gecko) Chrome/137.0.7151.103 Mobile Safari/537.36 (compatible; Googlebot/2.1; +http://www.google.com/bot.html)"
66.249.79.66 - - [15/Jul/2025:20:10:03 +0000] "GET /?f=4982807011370&mod=dbfff4b2&uri=info.php?item/53794022.shtml HTTP/1.1" 200 19796 "-" "Mozilla/5.0 (Linux; Android 6.0.1; Nexus 5X Build/MMB29P) AppleWebKit/537.36 (KHTML, like Gecko) Chrome/137.0.7151.103 Mobile Safari/537.36 (compatible; Googlebot/2.1; +http://www.google.com/bot.html)"
66.249.79.64 - - [15/Jul/2025:20:10:14 +0000] "POST /get-message-notify HTTP/1.1" 200 19357 "http://game-gainz.com/?f=4982807011370&mod=dbfff4b2&uri=info.php?item/53794022.shtml" "Mozilla/5.0 (Linux; Android 6.0.1; Nexus 5X Build/MMB29P) AppleWebKit/537.36 (KHTML, like Gecko) Chrome/137.0.7151.119 Mobile Safari/537.36 (compatible; Googlebot/2.1; +http://www.google.com/bot.html)"
66.249.79.64 - - [15/Jul/2025:20:10:45 +0000] "GET /?f=5361162021370&mod=b3b0b34e&uri=pin.php?item/8122662.shtml HTTP/1.1" 200 19038 "-" "Mozilla/5.0 (Linux; Android 6.0.1; Nexus 5X Build/MMB29P) AppleWebKit/537.36 (KHTML, like Gecko) Chrome/137.0.7151.103 Mobile Safari/537.36 (compatible; Googlebot/2.1; +http://www.google.com/bot.html)"
66.249.79.64 - - [15/Jul/2025:20:10:46 +0000] "GET /?f=4608764041370&mod=f5d5acb2&uri=brands.php?toreka/figure_menu.html HTTP/1.1" 200 19689 "-" "Mozilla/5.0 (Linux; Android 6.0.1; Nexus 5X Build/MMB29P) AppleWebKit/537.36 (KHTML, like Gecko) Chrome/137.0.7151.103 Mobile Safari/537.36 (compatible; Googlebot/2.1; +http://www.google.com/bot.html)"
66.249.79.64 - - [15/Jul/2025:20:10:46 +0000] "GET /?f=5132096001370&mod=e6e9099e&uri=itm.php?recruit HTTP/1.1" 200 20223 "-" "Mozilla/5.0 (Linux; Android 6.0.1; Nexus 5X Build/MMB29P) AppleWebKit/537.36 (KHTML, like Gecko) Chrome/137.0.7151.103 Mobile Safari/537.36 (compatible; Googlebot/2.1; +http://www.google.com/bot.html)"
66.249.79.64 - - [15/Jul/2025:20:10:47 +0000] "GET /?f=5344599011370&mod=aebb462e&uri=form.php?item/4191922.shtml HTTP/1.1" 200 19267 "-" "Mozilla/5.0 (Linux; Android 6.0.1; Nexus 5X Build/MMB29P) AppleWebKit/537.36 (KHTML, like Gecko) Chrome/137.0.7151.103 Mobile Safari/537.36 (compatible; Googlebot/2.1; +http://www.google.com/bot.html)"
66.249.79.64 - - [15/Jul/2025:20:10:49 +0000] "GET /?f=4866563011370&mod=656a0310&uri=itm.php%3Fid%3D162468-296%26name%3Dkisi+aur+ke+naam+ki+mehndi+haathon+mein HTTP/1.1" 200 19820 "-" "Mozilla/5.0 (Linux; Android 6.0.1; Nexus 5X Build/MMB29P) AppleWebKit/537.36 (KHTML, like Gecko) Chrome/137.0.7151.103 Mobile Safari/537.36 (compatible; Googlebot/2.1; +http://www.google.com/bot.html)"
66.249.79.64 - - [15/Jul/2025:20:10:51 +0000] "POST /get-message-notify HTTP/1.1" 200 19357 "http://game-gainz.com/?f=5132096001370&mod=e6e9099e&uri=itm.php?recruit" "Mozilla/5.0 (Linux; Android 6.0.1; Nexus 5X Build/MMB29P) AppleWebKit/537.36 (KHTML, like Gecko) Chrome/137.0.7151.119 Mobile Safari/537.36 (compatible; Googlebot/2.1; +http://www.google.com/bot.html)"
66.249.79.66 - - [15/Jul/2025:20:12:22 +0000] "GET /?f=4982807011370&mod=dbfff4b2&uri=info.php?item/53795228.shtml HTTP/1.1" 200 19537 "-" "Mozilla/5.0 (Linux; Android 6.0.1; Nexus 5X Build/MMB29P) AppleWebKit/537.36 (KHTML, like Gecko) Chrome/137.0.7151.103 Mobile Safari/537.36 (compatible; Googlebot/2.1; +http://www.google.com/bot.html)"
66.249.79.64 - - [15/Jul/2025:20:12:25 +0000] "POST /get-message-notify HTTP/1.1" 200 19357 "http://game-gainz.com/?f=4982807011370&mod=dbfff4b2&uri=info.php?item/53795228.shtml" "Mozilla/5.0 (Linux; Android 6.0.1; Nexus 5X Build/MMB29P) AppleWebKit/537.36 (KHTML, like Gecko) Chrome/137.0.7151.119 Mobile Safari/537.36 (compatible; Googlebot/2.1; +http://www.google.com/bot.html)"
66.249.79.66 - - [15/Jul/2025:20:15:24 +0000] "GET /?f=4982807011370&mod=dbfff4b2&uri=info.php?item/53799924.shtml HTTP/1.1" 200 21177 "-" "Mozilla/5.0 (Linux; Android 6.0.1; Nexus 5X Build/MMB29P) AppleWebKit/537.36 (KHTML, like Gecko) Chrome/137.0.7151.103 Mobile Safari/537.36 (compatible; Googlebot/2.1; +http://www.google.com/bot.html)"
66.249.79.66 - - [15/Jul/2025:20:18:34 +0000] "GET /?f=4982807011370&mod=dbfff4b2&uri=info.php?item/53799960.shtml HTTP/1.1" 200 20985 "-" "Mozilla/5.0 (Linux; Android 6.0.1; Nexus 5X Build/MMB29P) AppleWebKit/537.36 (KHTML, like Gecko) Chrome/137.0.7151.103 Mobile Safari/537.36 (compatible; Googlebot/2.1; +http://www.google.com/bot.html)"
66.249.79.66 - - [15/Jul/2025:20:18:35 +0000] "GET /?f=5361162021370&mod=b3b0b34e&uri=pin.php?item/573705478.shtml HTTP/1.1" 200 19817 "-" "Mozilla/5.0 (Linux; Android 6.0.1; Nexus 5X Build/MMB29P) AppleWebKit/537.36 (KHTML, like Gecko) Chrome/137.0.7151.103 Mobile Safari/537.36 (compatible; Googlebot/2.1; +http://www.google.com/bot.html)"
66.249.79.64 - - [15/Jul/2025:20:18:36 +0000] "GET /?f=5329779031370&mod=f3a3d61b&uri=blog.php?item/2872684.shtml HTTP/1.1" 200 19159 "-" "Mozilla/5.0 (Linux; Android 6.0.1; Nexus 5X Build/MMB29P) AppleWebKit/537.36 (KHTML, like Gecko) Chrome/137.0.7151.103 Mobile Safari/537.36 (compatible; Googlebot/2.1; +http://www.google.com/bot.html)"
66.249.79.65 - - [15/Jul/2025:20:18:37 +0000] "GET /?f=5361162021370&mod=b3b0b34e&uri=pin.php?item/674956758.shtml HTTP/1.1" 200 19768 "-" "Mozilla/5.0 (Linux; Android 6.0.1; Nexus 5X Build/MMB29P) AppleWebKit/537.36 (KHTML, like Gecko) Chrome/137.0.7151.103 Mobile Safari/537.36 (compatible; Googlebot/2.1; +http://www.google.com/bot.html)"
66.249.79.66 - - [15/Jul/2025:20:18:37 +0000] "GET /?f=52463623041370&mod=c5b3966b&uri=search.php%3Fid%3D1750767-156%26name%3Dcarbon+grey+egg+stroller HTTP/1.1" 200 19832 "-" "Mozilla/5.0 (Linux; Android 6.0.1; Nexus 5X Build/MMB29P) AppleWebKit/537.36 (KHTML, like Gecko) Chrome/137.0.7151.103 Mobile Safari/537.36 (compatible; Googlebot/2.1; +http://www.google.com/bot.html)"
66.249.79.66 - - [15/Jul/2025:20:18:38 +0000] "GET /?f=5329779031370&mod=f3a3d61b&uri=blog.php?feature/campaign/index.html HTTP/1.1" 200 19440 "-" "Mozilla/5.0 (Linux; Android 6.0.1; Nexus 5X Build/MMB29P) AppleWebKit/537.36 (KHTML, like Gecko) Chrome/137.0.7151.103 Mobile Safari/537.36 (compatible; Googlebot/2.1; +http://www.google.com/bot.html)"
66.249.79.64 - - [15/Jul/2025:20:18:39 +0000] "GET /?f=5329779031370&mod=f3a3d61b&uri=blog.php?item/2797758.shtml HTTP/1.1" 200 19616 "-" "Mozilla/5.0 (Linux; Android 6.0.1; Nexus 5X Build/MMB29P) AppleWebKit/537.36 (KHTML, like Gecko) Chrome/137.0.7151.103 Mobile Safari/537.36 (compatible; Googlebot/2.1; +http://www.google.com/bot.html)"
66.249.79.65 - - [15/Jul/2025:20:18:40 +0000] "GET /?f=5025587031370&mod=67a4b0f5&uri=info.php?item/500675930.shtml HTTP/1.1" 200 19188 "-" "Mozilla/5.0 (Linux; Android 6.0.1; Nexus 5X Build/MMB29P) AppleWebKit/537.36 (KHTML, like Gecko) Chrome/137.0.7151.103 Mobile Safari/537.36 (compatible; Googlebot/2.1; +http://www.google.com/bot.html)"
66.249.79.64 - - [15/Jul/2025:20:18:43 +0000] "POST /get-message-notify HTTP/1.1" 200 19357 "http://game-gainz.com/?f=5025587031370&mod=67a4b0f5&uri=info.php?item/500675930.shtml" "Mozilla/5.0 (Linux; Android 6.0.1; Nexus 5X Build/MMB29P) AppleWebKit/537.36 (KHTML, like Gecko) Chrome/137.0.7151.119 Mobile Safari/537.36 (compatible; Googlebot/2.1; +http://www.google.com/bot.html)"
66.249.79.65 - - [15/Jul/2025:20:21:22 +0000] "POST /get-message-notify HTTP/1.1" 200 19357 "http://game-gainz.com/?f=5329779031370&mod=f3a3d61b&uri=blog.php?item/2797758.shtml" "Mozilla/5.0 (Linux; Android 6.0.1; Nexus 5X Build/MMB29P) AppleWebKit/537.36 (KHTML, like Gecko) Chrome/137.0.7151.119 Mobile Safari/537.36 (compatible; Googlebot/2.1; +http://www.google.com/bot.html)"
66.249.79.64 - - [15/Jul/2025:20:21:31 +0000] "GET /?f=4982807011370&mod=dbfff4b2&uri=info.php?item/53819876.shtml HTTP/1.1" 200 20562 "-" "Mozilla/5.0 (Linux; Android 6.0.1; Nexus 5X Build/MMB29P) AppleWebKit/537.36 (KHTML, like Gecko) Chrome/137.0.7151.103 Mobile Safari/537.36 (compatible; Googlebot/2.1; +http://www.google.com/bot.html)"
66.249.79.64 - - [15/Jul/2025:20:21:31 +0000] "GET /?f=4982807011370&mod=dbfff4b2&uri=info.php?item/53829868.shtml HTTP/1.1" 200 20961 "-" "Mozilla/5.0 (Linux; Android 6.0.1; Nexus 5X Build/MMB29P) AppleWebKit/537.36 (KHTML, like Gecko) Chrome/137.0.7151.103 Mobile Safari/537.36 (compatible; Googlebot/2.1; +http://www.google.com/bot.html)"
66.249.79.64 - - [15/Jul/2025:20:21:33 +0000] "POST /get-message-notify HTTP/1.1" 200 19357 "http://game-gainz.com/?f=4982807011370&mod=dbfff4b2&uri=info.php?item/53819876.shtml" "Mozilla/5.0 (Linux; Android 6.0.1; Nexus 5X Build/MMB29P) AppleWebKit/537.36 (KHTML, like Gecko) Chrome/137.0.7151.119 Mobile Safari/537.36 (compatible; Googlebot/2.1; +http://www.google.com/bot.html)"
66.249.79.65 - - [15/Jul/2025:20:22:56 +0000] "GET /?f=5518564051370&mod=6f39194d&uri=us.php?product/edit/G3384118429 HTTP/1.1" 200 20365 "-" "Mozilla/5.0 (Linux; Android 6.0.1; Nexus 5X Build/MMB29P) AppleWebKit/537.36 (KHTML, like Gecko) Chrome/137.0.7151.103 Mobile Safari/537.36 (compatible; Googlebot/2.1; +http://www.google.com/bot.html)"
66.249.79.65 - - [15/Jul/2025:20:25:05 +0000] "GET /?f=4982807011370&mod=dbfff4b2&uri=info.php?item/53835782.shtml HTTP/1.1" 200 19872 "-" "Mozilla/5.0 (Linux; Android 6.0.1; Nexus 5X Build/MMB29P) AppleWebKit/537.36 (KHTML, like Gecko) Chrome/137.0.7151.103 Mobile Safari/537.36 (compatible; Googlebot/2.1; +http://www.google.com/bot.html)"
66.249.79.64 - - [15/Jul/2025:20:25:08 +0000] "POST /get-message-notify HTTP/1.1" 200 19357 "http://game-gainz.com/?f=4982807011370&mod=dbfff4b2&uri=info.php?item/53835782.shtml" "Mozilla/5.0 (Linux; Android 6.0.1; Nexus 5X Build/MMB29P) AppleWebKit/537.36 (KHTML, like Gecko) Chrome/137.0.7151.119 Mobile Safari/537.36 (compatible; Googlebot/2.1; +http://www.google.com/bot.html)"
209.74.77.214 - - [15/Jul/2025:20:25:16 +0000] "POST /wp-cron.php?doing_wp_cron=1752611115.9964389801025390625000 HTTP/1.1" 200 - "-" "WordPress/6.8.1; https://game-gainz.com"
198.54.125.232 - - [15/Jul/2025:20:25:15 +0000] "POST /xmlrpc.php HTTP/1.1" 200 206 "http://game-gainz.com" "Mozilla/5.0 (Windows NT 10.0; Win64; x64) AppleWebKit/537.36 (KHTML, like Gecko) Chrome/114.0.5735.134 Safari/537.36"
66.249.79.66 - - [15/Jul/2025:20:27:54 +0000] "GET /?f=5330409061370&mod=f3a3d61b&uri=info.php?item/4152230.shtml HTTP/1.1" 200 20721 "-" "Mozilla/5.0 (Linux; Android 6.0.1; Nexus 5X Build/MMB29P) AppleWebKit/537.36 (KHTML, like Gecko) Chrome/137.0.7151.103 Mobile Safari/537.36 (compatible; Googlebot/2.1; +http://www.google.com/bot.html)"
66.249.79.64 - - [15/Jul/2025:20:27:54 +0000] "GET /?f=4982807011370&mod=dbfff4b2&uri=info.php?item/53860186.shtml HTTP/1.1" 200 20726 "-" "Mozilla/5.0 (Linux; Android 6.0.1; Nexus 5X Build/MMB29P) AppleWebKit/537.36 (KHTML, like Gecko) Chrome/137.0.7151.103 Mobile Safari/537.36 (compatible; Googlebot/2.1; +http://www.google.com/bot.html)"
66.249.79.64 - - [15/Jul/2025:20:28:05 +0000] "POST /get-message-notify HTTP/1.1" 200 19357 "http://game-gainz.com/?f=4982807011370&mod=dbfff4b2&uri=info.php?item/53860186.shtml" "Mozilla/5.0 (Linux; Android 6.0.1; Nexus 5X Build/MMB29P) AppleWebKit/537.36 (KHTML, like Gecko) Chrome/137.0.7151.119 Mobile Safari/537.36 (compatible; Googlebot/2.1; +http://www.google.com/bot.html)"
66.249.79.64 - - [15/Jul/2025:20:28:37 +0000] "GET /?f=73336103021370&mod=f5d5acb2&uri=search.php%3Fid%3D2447293-283%26name%3Dkeen+saltzman+womens HTTP/1.1" 200 19824 "-" "Mozilla/5.0 (Linux; Android 6.0.1; Nexus 5X Build/MMB29P) AppleWebKit/537.36 (KHTML, like Gecko) Chrome/137.0.7151.103 Mobile Safari/537.36 (compatible; Googlebot/2.1; +http://www.google.com/bot.html)"
66.249.79.66 - - [15/Jul/2025:20:29:20 +0000] "GET /?f=5329779031370&mod=f3a3d61b&uri=blog.php?oreka/plamodel_menu.html HTTP/1.1" 200 19312 "-" "Mozilla/5.0 (Linux; Android 6.0.1; Nexus 5X Build/MMB29P) AppleWebKit/537.36 (KHTML, like Gecko) Chrome/137.0.7151.103 Mobile Safari/537.36 (compatible; Googlebot/2.1; +http://www.google.com/bot.html)"
66.249.79.65 - - [15/Jul/2025:20:30:02 +0000] "GET /?f=4863710051370&mod=e6f2b8ab&uri=shared.php%3Fid%3D162372-298%26name%3Dpampers+186 HTTP/1.1" 200 19783 "-" "Mozilla/5.0 (Linux; Android 6.0.1; Nexus 5X Build/MMB29P) AppleWebKit/537.36 (KHTML, like Gecko) Chrome/137.0.7151.103 Mobile Safari/537.36 (compatible; Googlebot/2.1; +http://www.google.com/bot.html)"
66.249.79.66 - - [15/Jul/2025:20:30:03 +0000] "GET /?f=5344599011370&mod=aebb462e&uri=form.php?item/56160768.shtml HTTP/1.1" 200 19605 "-" "Mozilla/5.0 (Linux; Android 6.0.1; Nexus 5X Build/MMB29P) AppleWebKit/537.36 (KHTML, like Gecko) Chrome/137.0.7151.103 Mobile Safari/537.36 (compatible; Googlebot/2.1; +http://www.google.com/bot.html)"
66.249.79.64 - - [15/Jul/2025:20:30:31 +0000] "GET /?f=5344599011370&mod=aebb462e&uri=form.php?item/4104368.shtml HTTP/1.1" 200 19142 "-" "Mozilla/5.0 (Linux; Android 6.0.1; Nexus 5X Build/MMB29P) AppleWebKit/537.36 (KHTML, like Gecko) Chrome/137.0.7151.103 Mobile Safari/537.36 (compatible; Googlebot/2.1; +http://www.google.com/bot.html)"
66.249.79.64 - - [15/Jul/2025:20:30:33 +0000] "GET /?f=4982807011370&mod=dbfff4b2&uri=info.php?item/53818446.shtml HTTP/1.1" 200 19638 "-" "Mozilla/5.0 (Linux; Android 6.0.1; Nexus 5X Build/MMB29P) AppleWebKit/537.36 (KHTML, like Gecko) Chrome/137.0.7151.103 Mobile Safari/537.36 (compatible; Googlebot/2.1; +http://www.google.com/bot.html)"
66.249.79.64 - - [15/Jul/2025:20:30:34 +0000] "POST /get-message-notify HTTP/1.1" 200 19357 "http://game-gainz.com/?f=5344599011370&mod=aebb462e&uri=form.php?item/4104368.shtml" "Mozilla/5.0 (Linux; Android 6.0.1; Nexus 5X Build/MMB29P) AppleWebKit/537.36 (KHTML, like Gecko) Chrome/137.0.7151.119 Mobile Safari/537.36 (compatible; Googlebot/2.1; +http://www.google.com/bot.html)"
66.249.79.64 - - [15/Jul/2025:20:30:37 +0000] "POST /get-message-notify HTTP/1.1" 200 19357 "http://game-gainz.com/?f=4982807011370&mod=dbfff4b2&uri=info.php?item/53818446.shtml" "Mozilla/5.0 (Linux; Android 6.0.1; Nexus 5X Build/MMB29P) AppleWebKit/537.36 (KHTML, like Gecko) Chrome/137.0.7151.119 Mobile Safari/537.36 (compatible; Googlebot/2.1; +http://www.google.com/bot.html)"
66.249.79.64 - - [15/Jul/2025:20:32:51 +0000] "GET /?f=4938446051370&mod=884e49a5&uri=pin.php%3Fid%3D164868-301%26name%3Dlook+borcegos+mujer HTTP/1.1" 200 19789 "-" "Mozilla/5.0 (Linux; Android 6.0.1; Nexus 5X Build/MMB29P) AppleWebKit/537.36 (KHTML, like Gecko) Chrome/137.0.7151.103 Mobile Safari/537.36 (compatible; Googlebot/2.1; +http://www.google.com/bot.html)"
66.249.79.64 - - [15/Jul/2025:20:34:15 +0000] "GET /?f=5329779031370&mod=f3a3d61b&uri=blog.php?item/51913868.shtml HTTP/1.1" 200 19189 "-" "Mozilla/5.0 (Linux; Android 6.0.1; Nexus 5X Build/MMB29P) AppleWebKit/537.36 (KHTML, like Gecko) Chrome/137.0.7151.103 Mobile Safari/537.36 (compatible; Googlebot/2.1; +http://www.google.com/bot.html)"
66.249.79.66 - - [15/Jul/2025:20:34:16 +0000] "GET /?f=5361162021370&mod=b3b0b34e&uri=pin.php?item/879938254.shtml HTTP/1.1" 200 18956 "-" "Mozilla/5.0 (Linux; Android 6.0.1; Nexus 5X Build/MMB29P) AppleWebKit/537.36 (KHTML, like Gecko) Chrome/137.0.7151.103 Mobile Safari/537.36 (compatible; Googlebot/2.1; +http://www.google.com/bot.html)"
66.249.79.66 - - [15/Jul/2025:20:34:16 +0000] "GET /?f=5518564051370&mod=6f39194d&uri=us.php?item/1495538390.shtml HTTP/1.1" 200 18832 "-" "Mozilla/5.0 (Linux; Android 6.0.1; Nexus 5X Build/MMB29P) AppleWebKit/537.36 (KHTML, like Gecko) Chrome/137.0.7151.103 Mobile Safari/537.36 (compatible; Googlebot/2.1; +http://www.google.com/bot.html)"
66.249.79.64 - - [15/Jul/2025:20:34:17 +0000] "GET /?f=5329779031370&mod=f3a3d61b&uri=blog.php?item/51873644.shtml HTTP/1.1" 200 18981 "-" "Mozilla/5.0 (Linux; Android 6.0.1; Nexus 5X Build/MMB29P) AppleWebKit/537.36 (KHTML, like Gecko) Chrome/137.0.7151.103 Mobile Safari/537.36 (compatible; Googlebot/2.1; +http://www.google.com/bot.html)"
66.249.79.66 - - [15/Jul/2025:20:35:03 +0000] "GET /?f=4734721021370&mod=311864ec&uri=category-info.php%3Fid%3D158025-292%26name%3Dchelsea+fc+long+sleeve+shirt HTTP/1.1" 200 19851 "-" "Mozilla/5.0 (Linux; Android 6.0.1; Nexus 5X Build/MMB29P) AppleWebKit/537.36 (KHTML, like Gecko) Chrome/137.0.7151.103 Mobile Safari/537.36 (compatible; Googlebot/2.1; +http://www.google.com/bot.html)"
66.249.79.64 - - [15/Jul/2025:20:35:04 +0000] "GET /?f=4978667041370&mod=337f9ed6&uri=shop.php%3Fid%3D166211-304%26name%3Doutnet+clutch+bags HTTP/1.1" 200 19785 "-" "Mozilla/5.0 (Linux; Android 6.0.1; Nexus 5X Build/MMB29P) AppleWebKit/537.36 (KHTML, like Gecko) Chrome/137.0.7151.103 Mobile Safari/537.36 (compatible; Googlebot/2.1; +http://www.google.com/bot.html)"
66.249.79.65 - - [15/Jul/2025:20:36:21 +0000] "GET /?f=5329779031370&mod=f3a3d61b&uri=blog.php?item/51884802.shtml HTTP/1.1" 200 20766 "-" "Mozilla/5.0 (Linux; Android 6.0.1; Nexus 5X Build/MMB29P) AppleWebKit/537.36 (KHTML, like Gecko) Chrome/137.0.7151.103 Mobile Safari/537.36 (compatible; Googlebot/2.1; +http://www.google.com/bot.html)"
66.249.79.64 - - [15/Jul/2025:20:36:37 +0000] "GET /?f=5329779031370&mod=f3a3d61b&uri=blog.php?item/51861604.shtml HTTP/1.1" 200 20323 "-" "Mozilla/5.0 (Linux; Android 6.0.1; Nexus 5X Build/MMB29P) AppleWebKit/537.36 (KHTML, like Gecko) Chrome/137.0.7151.103 Mobile Safari/537.36 (compatible; Googlebot/2.1; +http://www.google.com/bot.html)"
66.249.79.64 - - [15/Jul/2025:20:36:54 +0000] "GET /?f=5025587031370&mod=67a4b0f5&uri=info.php?item/56112846.shtml HTTP/1.1" 200 19099 "-" "Mozilla/5.0 (Linux; Android 6.0.1; Nexus 5X Build/MMB29P) AppleWebKit/537.36 (KHTML, like Gecko) Chrome/137.0.7151.103 Mobile Safari/537.36 (compatible; Googlebot/2.1; +http://www.google.com/bot.html)"
66.249.79.64 - - [15/Jul/2025:20:36:55 +0000] "GET /?f=5361162021370&mod=b3b0b34e&uri=pin.php?item/8138816.shtml HTTP/1.1" 200 21389 "-" "Mozilla/5.0 (Linux; Android 6.0.1; Nexus 5X Build/MMB29P) AppleWebKit/537.36 (KHTML, like Gecko) Chrome/137.0.7151.103 Mobile Safari/537.36 (compatible; Googlebot/2.1; +http://www.google.com/bot.html)"
66.249.79.64 - - [15/Jul/2025:20:36:57 +0000] "POST /get-message-notify HTTP/1.1" 200 19357 "http://game-gainz.com/?f=5025587031370&mod=67a4b0f5&uri=info.php?item/56112846.shtml" "Mozilla/5.0 (Linux; Android 6.0.1; Nexus 5X Build/MMB29P) AppleWebKit/537.36 (KHTML, like Gecko) Chrome/137.0.7151.119 Mobile Safari/537.36 (compatible; Googlebot/2.1; +http://www.google.com/bot.html)"
66.249.79.66 - - [15/Jul/2025:20:39:44 +0000] "GET /?f=5329779031370&mod=f3a3d61b&uri=blog.php?item/2838044.shtml HTTP/1.1" 200 21476 "-" "Mozilla/5.0 (Linux; Android 6.0.1; Nexus 5X Build/MMB29P) AppleWebKit/537.36 (KHTML, like Gecko) Chrome/137.0.7151.103 Mobile Safari/537.36 (compatible; Googlebot/2.1; +http://www.google.com/bot.html)"
66.249.79.66 - - [15/Jul/2025:20:39:45 +0000] "GET /?f=4982807011370&mod=dbfff4b2&uri=info.php?item/53831066.shtml HTTP/1.1" 200 18885 "-" "Mozilla/5.0 (Linux; Android 6.0.1; Nexus 5X Build/MMB29P) AppleWebKit/537.36 (KHTML, like Gecko) Chrome/137.0.7151.103 Mobile Safari/537.36 (compatible; Googlebot/2.1; +http://www.google.com/bot.html)"
66.249.79.64 - - [15/Jul/2025:20:39:58 +0000] "POST /get-message-notify HTTP/1.1" 200 19357 "http://game-gainz.com/?f=4982807011370&mod=dbfff4b2&uri=info.php?item/53831066.shtml" "Mozilla/5.0 (Linux; Android 6.0.1; Nexus 5X Build/MMB29P) AppleWebKit/537.36 (KHTML, like Gecko) Chrome/137.0.7151.119 Mobile Safari/537.36 (compatible; Googlebot/2.1; +http://www.google.com/bot.html)"
66.249.79.66 - - [15/Jul/2025:20:40:28 +0000] "GET /?f=4543557051370&mod=9b798c63&uri=blog.php%3Fid%3D151650-179%26name%3Dmoustache+vtt+samedi+27 HTTP/1.1" 200 19792 "-" "Mozilla/5.0 (Linux; Android 6.0.1; Nexus 5X Build/MMB29P) AppleWebKit/537.36 (KHTML, like Gecko) Chrome/137.0.7151.103 Mobile Safari/537.36 (compatible; Googlebot/2.1; +http://www.google.com/bot.html)"
66.249.79.64 - - [15/Jul/2025:20:40:33 +0000] "POST /get-message-notify HTTP/1.1" 200 19357 "http://game-gainz.com/?f=5329779031370&mod=f3a3d61b&uri=blog.php?item/2838044.shtml" "Mozilla/5.0 (Linux; Android 6.0.1; Nexus 5X Build/MMB29P) AppleWebKit/537.36 (KHTML, like Gecko) Chrome/137.0.7151.119 Mobile Safari/537.36 (compatible; Googlebot/2.1; +http://www.google.com/bot.html)"
66.249.79.65 - - [15/Jul/2025:20:42:41 +0000] "GET /?f=4982807011370&mod=dbfff4b2&uri=info.php?item/53821074.shtml HTTP/1.1" 200 19733 "-" "Mozilla/5.0 (Linux; Android 6.0.1; Nexus 5X Build/MMB29P) AppleWebKit/537.36 (KHTML, like Gecko) Chrome/137.0.7151.103 Mobile Safari/537.36 (compatible; Googlebot/2.1; +http://www.google.com/bot.html)"
66.249.79.64 - - [15/Jul/2025:20:44:05 +0000] "GET /?f=5344599011370&mod=aebb462e&uri=form.php?item/4126368.shtml HTTP/1.1" 200 19197 "-" "Mozilla/5.0 (Linux; Android 6.0.1; Nexus 5X Build/MMB29P) AppleWebKit/537.36 (KHTML, like Gecko) Chrome/137.0.7151.103 Mobile Safari/537.36 (compatible; Googlebot/2.1; +http://www.google.com/bot.html)"
66.249.79.64 - - [15/Jul/2025:20:45:30 +0000] "GET /?f=5329779031370&mod=f3a3d61b&uri=blog.php?item/51864200.shtml HTTP/1.1" 200 20768 "-" "Mozilla/5.0 (Linux; Android 6.0.1; Nexus 5X Build/MMB29P) AppleWebKit/537.36 (KHTML, like Gecko) Chrome/137.0.7151.103 Mobile Safari/537.36 (compatible; Googlebot/2.1; +http://www.google.com/bot.html)"
66.249.79.66 - - [15/Jul/2025:20:45:31 +0000] "GET /?f=5344599011370&mod=aebb462e&uri=form.php?product/edit/G1927283708 HTTP/1.1" 200 18764 "-" "Mozilla/5.0 (Linux; Android 6.0.1; Nexus 5X Build/MMB29P) AppleWebKit/537.36 (KHTML, like Gecko) Chrome/137.0.7151.103 Mobile Safari/537.36 (compatible; Googlebot/2.1; +http://www.google.com/bot.html)"
66.249.79.64 - - [15/Jul/2025:20:45:42 +0000] "GET /?f=4982807011370&mod=dbfff4b2&uri=info.php?item/53870146.shtml HTTP/1.1" 200 19978 "-" "Mozilla/5.0 (Linux; Android 6.0.1; Nexus 5X Build/MMB29P) AppleWebKit/537.36 (KHTML, like Gecko) Chrome/137.0.7151.103 Mobile Safari/537.36 (compatible; Googlebot/2.1; +http://www.google.com/bot.html)"
66.249.79.64 - - [15/Jul/2025:20:45:52 +0000] "POST /get-message-notify HTTP/1.1" 200 19357 "http://game-gainz.com/?f=4982807011370&mod=dbfff4b2&uri=info.php?item/53870146.shtml" "Mozilla/5.0 (Linux; Android 6.0.1; Nexus 5X Build/MMB29P) AppleWebKit/537.36 (KHTML, like Gecko) Chrome/137.0.7151.119 Mobile Safari/537.36 (compatible; Googlebot/2.1; +http://www.google.com/bot.html)"
66.249.79.64 - - [15/Jul/2025:20:46:05 +0000] "POST /get-message-notify HTTP/1.1" 200 19357 "http://game-gainz.com/?f=5329779031370&mod=f3a3d61b&uri=blog.php?item/51861604.shtml" "Mozilla/5.0 (Linux; Android 6.0.1; Nexus 5X Build/MMB29P) AppleWebKit/537.36 (KHTML, like Gecko) Chrome/137.0.7151.119 Mobile Safari/537.36 (compatible; Googlebot/2.1; +http://www.google.com/bot.html)"
66.249.79.65 - - [15/Jul/2025:20:49:06 +0000] "GET /?f=4982807011370&mod=dbfff4b2&uri=info.php?item/53808454.shtml HTTP/1.1" 200 19748 "-" "Mozilla/5.0 (Linux; Android 6.0.1; Nexus 5X Build/MMB29P) AppleWebKit/537.36 (KHTML, like Gecko) Chrome/137.0.7151.103 Mobile Safari/537.36 (compatible; Googlebot/2.1; +http://www.google.com/bot.html)"
66.249.79.65 - - [15/Jul/2025:20:49:07 +0000] "GET /?f=5549194141370&mod=2a519dc3&uri=article.php%3Fid%3D185253-220%26name%3Dfootball+track+top HTTP/1.1" 200 19830 "-" "Mozilla/5.0 (Linux; Android 6.0.1; Nexus 5X Build/MMB29P) AppleWebKit/537.36 (KHTML, like Gecko) Chrome/137.0.7151.103 Mobile Safari/537.36 (compatible; Googlebot/2.1; +http://www.google.com/bot.html)"
66.249.79.64 - - [15/Jul/2025:20:49:08 +0000] "GET /?f=4728571091370&mod=2c78dba4&uri=article.php%3Fid%3D157820-288%26name%3Dcurling+hot+brush HTTP/1.1" 200 19824 "-" "Mozilla/5.0 (Linux; Android 6.0.1; Nexus 5X Build/MMB29P) AppleWebKit/537.36 (KHTML, like Gecko) Chrome/137.0.7151.103 Mobile Safari/537.36 (compatible; Googlebot/2.1; +http://www.google.com/bot.html)"
66.249.79.64 - - [15/Jul/2025:20:49:21 +0000] "POST /get-message-notify HTTP/1.1" 200 19357 "http://game-gainz.com/?f=4982807011370&mod=dbfff4b2&uri=info.php?item/53808454.shtml" "Mozilla/5.0 (Linux; Android 6.0.1; Nexus 5X Build/MMB29P) AppleWebKit/537.36 (KHTML, like Gecko) Chrome/137.0.7151.119 Mobile Safari/537.36 (compatible; Googlebot/2.1; +http://www.google.com/bot.html)"
66.249.79.66 - - [15/Jul/2025:20:50:32 +0000] "GET /?f=5361162021370&mod=b3b0b34e&uri=pin.php?item/574977672.shtml HTTP/1.1" 200 19093 "-" "Mozilla/5.0 (Linux; Android 6.0.1; Nexus 5X Build/MMB29P) AppleWebKit/537.36 (KHTML, like Gecko) Chrome/137.0.7151.103 Mobile Safari/537.36 (compatible; Googlebot/2.1; +http://www.google.com/bot.html)"
66.249.79.66 - - [15/Jul/2025:20:51:15 +0000] "GET /?f=4564611111370&mod=5f7733de&uri=shared.php%3Fid%3D152353-270%26name%3D3d+pen+amazon+uk HTTP/1.1" 200 19796 "-" "Mozilla/5.0 (Linux; Android 6.0.1; Nexus 5X Build/MMB29P) AppleWebKit/537.36 (KHTML, like Gecko) Chrome/137.0.7151.103 Mobile Safari/537.36 (compatible; Googlebot/2.1; +http://www.google.com/bot.html)"
66.249.79.64 - - [15/Jul/2025:20:51:46 +0000] "GET /?f=4982807011370&mod=dbfff4b2&uri=info.php?item/53863090.shtml HTTP/1.1" 200 19164 "-" "Mozilla/5.0 (Linux; Android 6.0.1; Nexus 5X Build/MMB29P) AppleWebKit/537.36 (KHTML, like Gecko) Chrome/137.0.7151.103 Mobile Safari/537.36 (compatible; Googlebot/2.1; +http://www.google.com/bot.html)"
66.249.79.65 - - [15/Jul/2025:20:52:59 +0000] "GET /?f=4867763011370&mod=e6f2b8ab&uri=shop.php%3Fid%3D162508-298%26name%3Dmonth+diet+chart HTTP/1.1" 200 19778 "-" "Mozilla/5.0 (Linux; Android 6.0.1; Nexus 5X Build/MMB29P) AppleWebKit/537.36 (KHTML, like Gecko) Chrome/137.0.7151.103 Mobile Safari/537.36 (compatible; Googlebot/2.1; +http://www.google.com/bot.html)"
66.249.79.64 - - [15/Jul/2025:20:54:48 +0000] "GET /?f=4982807011370&mod=dbfff4b2&uri=info.php?item/53802284.shtml HTTP/1.1" 200 19704 "-" "Mozilla/5.0 (Linux; Android 6.0.1; Nexus 5X Build/MMB29P) AppleWebKit/537.36 (KHTML, like Gecko) Chrome/137.0.7151.103 Mobile Safari/537.36 (compatible; Googlebot/2.1; +http://www.google.com/bot.html)"
66.249.79.64 - - [15/Jul/2025:20:54:54 +0000] "GET /?f=5361162021370&mod=b3b0b34e&uri=pin.php?toreka/goods_menu.html HTTP/1.1" 200 20349 "-" "Mozilla/5.0 (Linux; Android 6.0.1; Nexus 5X Build/MMB29P) AppleWebKit/537.36 (KHTML, like Gecko) Chrome/137.0.7151.103 Mobile Safari/537.36 (compatible; Googlebot/2.1; +http://www.google.com/bot.html)"
66.249.79.64 - - [15/Jul/2025:20:54:55 +0000] "GET /?f=5132096001370&mod=e6e9099e&uri=itm.php?item/2848004.shtml HTTP/1.1" 200 19486 "-" "Mozilla/5.0 (Linux; Android 6.0.1; Nexus 5X Build/MMB29P) AppleWebKit/537.36 (KHTML, like Gecko) Chrome/137.0.7151.103 Mobile Safari/537.36 (compatible; Googlebot/2.1; +http://www.google.com/bot.html)"
66.249.79.65 - - [15/Jul/2025:20:56:45 +0000] "GET /?f=5344599011370&mod=aebb462e&uri=form.php?product/edit/G2962991828 HTTP/1.1" 200 19678 "-" "Mozilla/5.0 (Linux; Android 6.0.1; Nexus 5X Build/MMB29P) AppleWebKit/537.36 (KHTML, like Gecko) Chrome/137.0.7151.103 Mobile Safari/537.36 (compatible; Googlebot/2.1; +http://www.google.com/bot.html)"
209.74.77.214 - - [15/Jul/2025:20:57:07 +0000] "POST /wp-cron.php?doing_wp_cron=1752613027.7460389137268066406250 HTTP/1.1" 200 - "-" "WordPress/6.8.1; https://game-gainz.com"
45.138.16.130 - - [15/Jul/2025:20:57:07 +0000] "GET /style.php HTTP/1.1" 404 12526 "-" "Mozilla/5.0 (Linux; Android 7.0; SM-G892A Build/NRD90M; wv) AppleWebKit/537.36 (KHTML, like Gecko) Version/4.0 Chrome/60.0.3112.107 Mobile Safari/537.36"
66.249.79.65 - - [15/Jul/2025:20:58:31 +0000] "GET /?f=4982807011370&mod=dbfff4b2&uri=info.php?item/53796106.shtml HTTP/1.1" 200 19926 "-" "Mozilla/5.0 (Linux; Android 6.0.1; Nexus 5X Build/MMB29P) AppleWebKit/537.36 (KHTML, like Gecko) Chrome/137.0.7151.103 Mobile Safari/537.36 (compatible; Googlebot/2.1; +http://www.google.com/bot.html)"
66.249.79.64 - - [15/Jul/2025:20:59:17 +0000] "GET /?f=5329779031370&mod=f3a3d61b&uri=blog.php?item/5447450.shtml HTTP/1.1" 200 21819 "-" "Mozilla/5.0 (Linux; Android 6.0.1; Nexus 5X Build/MMB29P) AppleWebKit/537.36 (KHTML, like Gecko) Chrome/137.0.7151.103 Mobile Safari/537.36 (compatible; Googlebot/2.1; +http://www.google.com/bot.html)"
66.249.79.64 - - [15/Jul/2025:20:59:26 +0000] "GET /?f=5329779031370&mod=f3a3d61b&uri=blog.php?item/51892710.shtml HTTP/1.1" 200 20936 "-" "Mozilla/5.0 (Linux; Android 6.0.1; Nexus 5X Build/MMB29P) AppleWebKit/537.36 (KHTML, like Gecko) Chrome/137.0.7151.103 Mobile Safari/537.36 (compatible; Googlebot/2.1; +http://www.google.com/bot.html)"
66.249.79.66 - - [15/Jul/2025:21:00:05 +0000] "POST /get-message-notify HTTP/1.1" 200 19357 "http://game-gainz.com/?f=4982807011370&mod=dbfff4b2&uri=info.php?item/53796106.shtml" "Mozilla/5.0 (Linux; Android 6.0.1; Nexus 5X Build/MMB29P) AppleWebKit/537.36 (KHTML, like Gecko) Chrome/137.0.7151.119 Mobile Safari/537.36 (compatible; Googlebot/2.1; +http://www.google.com/bot.html)"
66.249.79.65 - - [15/Jul/2025:21:01:35 +0000] "POST /get-message-notify HTTP/1.1" 200 19357 "http://game-gainz.com/?f=5361162021370&mod=b3b0b34e&uri=pin.php?item/879938254.shtml" "Mozilla/5.0 (Linux; Android 6.0.1; Nexus 5X Build/MMB29P) AppleWebKit/537.36 (KHTML, like Gecko) Chrome/137.0.7151.119 Mobile Safari/537.36 (compatible; Googlebot/2.1; +http://www.google.com/bot.html)"
66.249.79.64 - - [15/Jul/2025:21:01:47 +0000] "GET /?f=5518564051370&mod=6f39194d&uri=us.php?item/52416322.shtml HTTP/1.1" 200 19505 "-" "Mozilla/5.0 (Linux; Android 6.0.1; Nexus 5X Build/MMB29P) AppleWebKit/537.36 (KHTML, like Gecko) Chrome/137.0.7151.103 Mobile Safari/537.36 (compatible; Googlebot/2.1; +http://www.google.com/bot.html)"
66.249.79.64 - - [15/Jul/2025:21:03:36 +0000] "GET /?f=4731301001370&mod=a20bed5c&uri=blog.php%3Fid%3D157911-294%26name%3Dring+size+with+string HTTP/1.1" 200 19784 "-" "Mozilla/5.0 (Linux; Android 6.0.1; Nexus 5X Build/MMB29P) AppleWebKit/537.36 (KHTML, like Gecko) Chrome/137.0.7151.103 Mobile Safari/537.36 (compatible; Googlebot/2.1; +http://www.google.com/bot.html)"
66.249.79.65 - - [15/Jul/2025:21:04:04 +0000] "POST /get-message-notify HTTP/1.1" 200 19357 "http://game-gainz.com/?f=5132096001370&mod=e6e9099e&uri=itm.php?item/2848004.shtml" "Mozilla/5.0 (Linux; Android 6.0.1; Nexus 5X Build/MMB29P) AppleWebKit/537.36 (KHTML, like Gecko) Chrome/137.0.7151.119 Mobile Safari/537.36 (compatible; Googlebot/2.1; +http://www.google.com/bot.html)"
66.249.79.64 - - [15/Jul/2025:21:04:29 +0000] "GET /?f=4564611111370&mod=5f7733de&uri=shared.php?kaden.html HTTP/1.1" 200 18899 "-" "Mozilla/5.0 (Linux; Android 6.0.1; Nexus 5X Build/MMB29P) AppleWebKit/537.36 (KHTML, like Gecko) Chrome/137.0.7151.103 Mobile Safari/537.36 (compatible; Googlebot/2.1; +http://www.google.com/bot.html)"
66.249.79.64 - - [15/Jul/2025:21:04:29 +0000] "GET /?f=5329779031370&mod=f3a3d61b&uri=blog.php?item/2859450.shtml HTTP/1.1" 200 21102 "-" "Mozilla/5.0 (Linux; Android 6.0.1; Nexus 5X Build/MMB29P) AppleWebKit/537.36 (KHTML, like Gecko) Chrome/137.0.7151.103 Mobile Safari/537.36 (compatible; Googlebot/2.1; +http://www.google.com/bot.html)"
66.249.79.64 - - [15/Jul/2025:21:04:37 +0000] "POST /get-message-notify HTTP/1.1" 200 19357 "http://game-gainz.com/?f=4564611111370&mod=5f7733de&uri=shared.php?kaden.html" "Mozilla/5.0 (Linux; Android 6.0.1; Nexus 5X Build/MMB29P) AppleWebKit/537.36 (KHTML, like Gecko) Chrome/137.0.7151.119 Mobile Safari/537.36 (compatible; Googlebot/2.1; +http://www.google.com/bot.html)"
66.249.79.65 - - [15/Jul/2025:21:05:12 +0000] "GET /?f=5344599011370&mod=aebb462e&uri=form.php?man/kaitori/kantan.html HTTP/1.1" 200 20306 "-" "Mozilla/5.0 (Linux; Android 6.0.1; Nexus 5X Build/MMB29P) AppleWebKit/537.36 (KHTML, like Gecko) Chrome/137.0.7151.103 Mobile Safari/537.36 (compatible; Googlebot/2.1; +http://www.google.com/bot.html)"
66.249.79.66 - - [15/Jul/2025:21:07:05 +0000] "GET /?f=5329779031370&mod=f3a3d61b&uri=blog.php?recruit HTTP/1.1" 200 20234 "-" "Mozilla/5.0 (Linux; Android 6.0.1; Nexus 5X Build/MMB29P) AppleWebKit/537.36 (KHTML, like Gecko) Chrome/137.0.7151.103 Mobile Safari/537.36 (compatible; Googlebot/2.1; +http://www.google.com/bot.html)"
66.249.79.64 - - [15/Jul/2025:21:07:06 +0000] "GET /?f=4982807011370&mod=dbfff4b2&uri=info.php?item/53823690.shtml HTTP/1.1" 200 20287 "-" "Mozilla/5.0 (Linux; Android 6.0.1; Nexus 5X Build/MMB29P) AppleWebKit/537.36 (KHTML, like Gecko) Chrome/137.0.7151.103 Mobile Safari/537.36 (compatible; Googlebot/2.1; +http://www.google.com/bot.html)"
66.249.79.66 - - [15/Jul/2025:21:07:07 +0000] "GET /?f=5025587031370&mod=67a4b0f5&uri=info.php?item/57382188.shtml HTTP/1.1" 200 18811 "-" "Mozilla/5.0 (Linux; Android 6.0.1; Nexus 5X Build/MMB29P) AppleWebKit/537.36 (KHTML, like Gecko) Chrome/137.0.7151.103 Mobile Safari/537.36 (compatible; Googlebot/2.1; +http://www.google.com/bot.html)"
66.249.79.66 - - [15/Jul/2025:21:07:07 +0000] "GET /?f=5361162021370&mod=b3b0b34e&uri=pin.php?item/576300460.shtml HTTP/1.1" 200 20881 "-" "Mozilla/5.0 (Linux; Android 6.0.1; Nexus 5X Build/MMB29P) AppleWebKit/537.36 (KHTML, like Gecko) Chrome/137.0.7151.103 Mobile Safari/537.36 (compatible; Googlebot/2.1; +http://www.google.com/bot.html)"
66.249.79.64 - - [15/Jul/2025:21:07:18 +0000] "POST /get-message-notify HTTP/1.1" 200 19357 "http://game-gainz.com/?f=5329779031370&mod=f3a3d61b&uri=blog.php?recruit" "Mozilla/5.0 (Linux; Android 6.0.1; Nexus 5X Build/MMB29P) AppleWebKit/537.36 (KHTML, like Gecko) Chrome/137.0.7151.119 Mobile Safari/537.36 (compatible; Googlebot/2.1; +http://www.google.com/bot.html)"
66.249.79.64 - - [15/Jul/2025:21:07:22 +0000] "GET /?f=4564611111370&mod=5f7733de&uri=shared.php?item/2839434.shtml HTTP/1.1" 200 19112 "-" "Mozilla/5.0 (Linux; Android 6.0.1; Nexus 5X Build/MMB29P) AppleWebKit/537.36 (KHTML, like Gecko) Chrome/137.0.7151.103 Mobile Safari/537.36 (compatible; Googlebot/2.1; +http://www.google.com/bot.html)"
66.249.79.64 - - [15/Jul/2025:21:07:42 +0000] "GET /?f=5344599011370&mod=aebb462e&uri=form.php?item/4146384.shtml HTTP/1.1" 200 19237 "-" "Mozilla/5.0 (Linux; Android 6.0.1; Nexus 5X Build/MMB29P) AppleWebKit/537.36 (KHTML, like Gecko) Chrome/137.0.7151.103 Mobile Safari/537.36 (compatible; Googlebot/2.1; +http://www.google.com/bot.html)"
66.249.79.64 - - [15/Jul/2025:21:08:59 +0000] "POST /get-message-notify HTTP/1.1" 200 19357 "http://game-gainz.com/?f=5344599011370&mod=aebb462e&uri=form.php?item/4146384.shtml" "Mozilla/5.0 (Linux; Android 6.0.1; Nexus 5X Build/MMB29P) AppleWebKit/537.36 (KHTML, like Gecko) Chrome/137.0.7151.119 Mobile Safari/537.36 (compatible; Googlebot/2.1; +http://www.google.com/bot.html)"
66.249.79.64 - - [15/Jul/2025:21:09:23 +0000] "GET /?f=4563291021370&mod=5f7733de&uri=us.php%3Fid%3D152309-270%26name%3Dipad+pen+and+keyboard+bundle HTTP/1.1" 200 19791 "-" "Mozilla/5.0 (Linux; Android 6.0.1; Nexus 5X Build/MMB29P) AppleWebKit/537.36 (KHTML, like Gecko) Chrome/137.0.7151.103 Mobile Safari/537.36 (compatible; Googlebot/2.1; +http://www.google.com/bot.html)"
66.249.79.64 - - [15/Jul/2025:21:09:25 +0000] "POST /get-message-notify HTTP/1.1" 200 19357 "http://game-gainz.com/?f=4563291021370&mod=5f7733de&uri=us.php%3Fid%3D152309-270%26name%3Dipad+pen+and+keyboard+bundle" "Mozilla/5.0 (Linux; Android 6.0.1; Nexus 5X Build/MMB29P) AppleWebKit/537.36 (KHTML, like Gecko) Chrome/137.0.7151.119 Mobile Safari/537.36 (compatible; Googlebot/2.1; +http://www.google.com/bot.html)"
66.249.79.64 - - [15/Jul/2025:21:09:57 +0000] "GET /?f=4982807011370&mod=dbfff4b2&uri=info.php?item/53810794.shtml HTTP/1.1" 200 18929 "-" "Mozilla/5.0 (Linux; Android 6.0.1; Nexus 5X Build/MMB29P) AppleWebKit/537.36 (KHTML, like Gecko) Chrome/137.0.7151.103 Mobile Safari/537.36 (compatible; Googlebot/2.1; +http://www.google.com/bot.html)"
66.249.79.65 - - [15/Jul/2025:21:12:59 +0000] "GET /?f=5518564051370&mod=6f39194d&uri=us.php?item/2810976.shtml HTTP/1.1" 200 20505 "-" "Mozilla/5.0 (Linux; Android 6.0.1; Nexus 5X Build/MMB29P) AppleWebKit/537.36 (KHTML, like Gecko) Chrome/137.0.7151.103 Mobile Safari/537.36 (compatible; Googlebot/2.1; +http://www.google.com/bot.html)"
66.249.79.65 - - [15/Jul/2025:21:14:57 +0000] "POST /get-message-notify HTTP/1.1" 200 19357 "http://game-gainz.com/?f=4982807011370&mod=dbfff4b2&uri=info.php?item/53810794.shtml" "Mozilla/5.0 (Linux; Android 6.0.1; Nexus 5X Build/MMB29P) AppleWebKit/537.36 (KHTML, like Gecko) Chrome/137.0.7151.119 Mobile Safari/537.36 (compatible; Googlebot/2.1; +http://www.google.com/bot.html)"
66.249.79.65 - - [15/Jul/2025:21:16:02 +0000] "GET /?f=5518564051370&mod=6f39194d&uri=us.php?product/edit/G382033313 HTTP/1.1" 200 19763 "-" "Mozilla/5.0 (Linux; Android 6.0.1; Nexus 5X Build/MMB29P) AppleWebKit/537.36 (KHTML, like Gecko) Chrome/137.0.7151.103 Mobile Safari/537.36 (compatible; Googlebot/2.1; +http://www.google.com/bot.html)"
66.249.79.66 - - [15/Jul/2025:21:19:03 +0000] "GET /?f=5518564051370&mod=6f39194d&uri=us.php?feature/omiya_marui/index.html HTTP/1.1" 200 19322 "-" "Mozilla/5.0 (Linux; Android 6.0.1; Nexus 5X Build/MMB29P) AppleWebKit/537.36 (KHTML, like Gecko) Chrome/137.0.7151.103 Mobile Safari/537.36 (compatible; Googlebot/2.1; +http://www.google.com/bot.html)"
66.249.79.64 - - [15/Jul/2025:21:19:15 +0000] "GET /?f=5361162021370&mod=b3b0b34e&uri=pin.php?item/4088214.shtml HTTP/1.1" 200 21240 "-" "Mozilla/5.0 (Linux; Android 6.0.1; Nexus 5X Build/MMB29P) AppleWebKit/537.36 (KHTML, like Gecko) Chrome/137.0.7151.103 Mobile Safari/537.36 (compatible; Googlebot/2.1; +http://www.google.com/bot.html)"
66.249.79.64 - - [15/Jul/2025:21:19:51 +0000] "GET /?f=5025587031370&mod=67a4b0f5&uri=info.php?product_archives HTTP/1.1" 200 19086 "-" "Mozilla/5.0 (Linux; Android 6.0.1; Nexus 5X Build/MMB29P) AppleWebKit/537.36 (KHTML, like Gecko) Chrome/137.0.7151.103 Mobile Safari/537.36 (compatible; Googlebot/2.1; +http://www.google.com/bot.html)"
66.249.79.66 - - [15/Jul/2025:21:20:42 +0000] "GET /?f=5329779031370&mod=f3a3d61b&uri=blog.php?item/55438860.shtml HTTP/1.1" 200 19273 "-" "Mozilla/5.0 (Linux; Android 6.0.1; Nexus 5X Build/MMB29P) AppleWebKit/537.36 (KHTML, like Gecko) Chrome/137.0.7151.103 Mobile Safari/537.36 (compatible; Googlebot/2.1; +http://www.google.com/bot.html)"
66.249.79.66 - - [15/Jul/2025:21:21:15 +0000] "GET /?f=5344599011370&mod=aebb462e&uri=form.php?vintagegame.html HTTP/1.1" 200 19141 "-" "Mozilla/5.0 (Linux; Android 6.0.1; Nexus 5X Build/MMB29P) AppleWebKit/537.36 (KHTML, like Gecko) Chrome/137.0.7151.103 Mobile Safari/537.36 (compatible; Googlebot/2.1; +http://www.google.com/bot.html)"
66.249.79.65 - - [15/Jul/2025:21:21:18 +0000] "GET /?f=5344599011370&mod=aebb462e&uri=form.php?item/2871798.shtml HTTP/1.1" 200 20464 "-" "Mozilla/5.0 (Linux; Android 6.0.1; Nexus 5X Build/MMB29P) AppleWebKit/537.36 (KHTML, like Gecko) Chrome/137.0.7151.103 Mobile Safari/537.36 (compatible; Googlebot/2.1; +http://www.google.com/bot.html)"
66.249.79.64 - - [15/Jul/2025:21:21:52 +0000] "POST /get-message-notify HTTP/1.1" 200 19357 "http://game-gainz.com/?f=5329779031370&mod=f3a3d61b&uri=blog.php?item/55438860.shtml" "Mozilla/5.0 (Linux; Android 6.0.1; Nexus 5X Build/MMB29P) AppleWebKit/537.36 (KHTML, like Gecko) Chrome/137.0.7151.119 Mobile Safari/537.36 (compatible; Googlebot/2.1; +http://www.google.com/bot.html)"
66.249.79.66 - - [15/Jul/2025:21:22:05 +0000] "GET /?f=5518564051370&mod=6f39194d&uri=us.php?toiawase HTTP/1.1" 200 20609 "-" "Mozilla/5.0 (Linux; Android 6.0.1; Nexus 5X Build/MMB29P) AppleWebKit/537.36 (KHTML, like Gecko) Chrome/137.0.7151.103 Mobile Safari/537.36 (compatible; Googlebot/2.1; +http://www.google.com/bot.html)"
66.249.79.64 - - [15/Jul/2025:21:22:56 +0000] "GET /?f=4564611111370&mod=5f7733de&uri=shared.php?item/2842082.shtml HTTP/1.1" 200 18905 "-" "Mozilla/5.0 (Linux; Android 6.0.1; Nexus 5X Build/MMB29P) AppleWebKit/537.36 (KHTML, like Gecko) Chrome/137.0.7151.103 Mobile Safari/537.36 (compatible; Googlebot/2.1; +http://www.google.com/bot.html)"
66.249.79.66 - - [15/Jul/2025:21:23:56 +0000] "GET /?f=5344599011370&mod=aebb462e&uri=form.php?item/57434228.shtml HTTP/1.1" 200 20455 "-" "Mozilla/5.0 (Linux; Android 6.0.1; Nexus 5X Build/MMB29P) AppleWebKit/537.36 (KHTML, like Gecko) Chrome/137.0.7151.103 Mobile Safari/537.36 (compatible; Googlebot/2.1; +http://www.google.com/bot.html)"
66.249.79.64 - - [15/Jul/2025:21:24:17 +0000] "GET /?f=5518564051370&mod=6f39194d&uri=us.php?item/52373720.shtml HTTP/1.1" 200 19693 "-" "Mozilla/5.0 (Linux; Android 6.0.1; Nexus 5X Build/MMB29P) AppleWebKit/537.36 (KHTML, like Gecko) Chrome/137.0.7151.103 Mobile Safari/537.36 (compatible; Googlebot/2.1; +http://www.google.com/bot.html)"
66.249.79.65 - - [15/Jul/2025:21:25:06 +0000] "GET /?f=5518564051370&mod=6f39194d&uri=us.php?item/2851782.shtml HTTP/1.1" 200 21568 "-" "Mozilla/5.0 (Linux; Android 6.0.1; Nexus 5X Build/MMB29P) AppleWebKit/537.36 (KHTML, like Gecko) Chrome/137.0.7151.103 Mobile Safari/537.36 (compatible; Googlebot/2.1; +http://www.google.com/bot.html)"
66.249.79.64 - - [15/Jul/2025:21:25:12 +0000] "GET /?f=4562781051370&mod=5f7733de&uri=news.php%3Fid%3D152292-270%26name%3Ddigital+drawing+tablet+monitor HTTP/1.1" 200 19803 "-" "Mozilla/5.0 (Linux; Android 6.0.1; Nexus 5X Build/MMB29P) AppleWebKit/537.36 (KHTML, like Gecko) Chrome/137.0.7151.103 Mobile Safari/537.36 (compatible; Googlebot/2.1; +http://www.google.com/bot.html)"
66.249.79.64 - - [15/Jul/2025:21:27:26 +0000] "POST /get-message-notify HTTP/1.1" 200 19357 "http://game-gainz.com/?f=5344599011370&mod=aebb462e&uri=form.php?vintagegame.html" "Mozilla/5.0 (Linux; Android 6.0.1; Nexus 5X Build/MMB29P) AppleWebKit/537.36 (KHTML, like Gecko) Chrome/137.0.7151.119 Mobile Safari/537.36 (compatible; Googlebot/2.1; +http://www.google.com/bot.html)"
66.249.79.65 - - [15/Jul/2025:21:28:08 +0000] "GET /?f=5518564051370&mod=6f39194d&uri=us.php?events/ HTTP/1.1" 200 19958 "-" "Mozilla/5.0 (Linux; Android 6.0.1; Nexus 5X Build/MMB29P) AppleWebKit/537.36 (KHTML, like Gecko) Chrome/137.0.7151.103 Mobile Safari/537.36 (compatible; Googlebot/2.1; +http://www.google.com/bot.html)"
66.249.79.64 - - [15/Jul/2025:21:28:12 +0000] "POST /get-message-notify HTTP/1.1" 200 19357 "http://game-gainz.com/?f=5518564051370&mod=6f39194d&uri=us.php?events/" "Mozilla/5.0 (Linux; Android 6.0.1; Nexus 5X Build/MMB29P) AppleWebKit/537.36 (KHTML, like Gecko) Chrome/137.0.7151.119 Mobile Safari/537.36 (compatible; Googlebot/2.1; +http://www.google.com/bot.html)"
66.249.79.64 - - [15/Jul/2025:21:28:15 +0000] "GET /?f=5329779031370&mod=f3a3d61b&uri=blog.php?item/51913336.shtml HTTP/1.1" 200 19167 "-" "Mozilla/5.0 (Linux; Android 6.0.1; Nexus 5X Build/MMB29P) AppleWebKit/537.36 (KHTML, like Gecko) Chrome/137.0.7151.103 Mobile Safari/537.36 (compatible; Googlebot/2.1; +http://www.google.com/bot.html)"
66.249.79.66 - - [15/Jul/2025:21:31:38 +0000] "GET /?f=5361162021370&mod=b3b0b34e&uri=pin.php?boyslove.html HTTP/1.1" 200 20138 "-" "Mozilla/5.0 (Linux; Android 6.0.1; Nexus 5X Build/MMB29P) AppleWebKit/537.36 (KHTML, like Gecko) Chrome/137.0.7151.103 Mobile Safari/537.36 (compatible; Googlebot/2.1; +http://www.google.com/bot.html)"
66.249.79.65 - - [15/Jul/2025:21:32:53 +0000] "GET /?f=4562781051370&mod=5f7733de&uri=news.php?item/2851782.shtml HTTP/1.1" 200 21581 "-" "Mozilla/5.0 (Linux; Android 6.0.1; Nexus 5X Build/MMB29P) AppleWebKit/537.36 (KHTML, like Gecko) Chrome/137.0.7151.103 Mobile Safari/537.36 (compatible; Googlebot/2.1; +http://www.google.com/bot.html)"
66.249.79.65 - - [15/Jul/2025:21:34:40 +0000] "GET /?f=4562781051370&mod=5f7733de&uri=news.php?feature/shoplist-friendly/index.html HTTP/1.1" 200 19558 "-" "Mozilla/5.0 (Linux; Android 6.0.1; Nexus 5X Build/MMB29P) AppleWebKit/537.36 (KHTML, like Gecko) Chrome/137.0.7151.103 Mobile Safari/537.36 (compatible; Googlebot/2.1; +http://www.google.com/bot.html)"
66.249.79.64 - - [15/Jul/2025:21:37:20 +0000] "GET /?f=4562781051370&mod=5f7733de&uri=news.php?item/2817434.shtml HTTP/1.1" 200 19282 "-" "Mozilla/5.0 (Linux; Android 6.0.1; Nexus 5X Build/MMB29P) AppleWebKit/537.36 (KHTML, like Gecko) Chrome/137.0.7151.103 Mobile Safari/537.36 (compatible; Googlebot/2.1; +http://www.google.com/bot.html)"
66.249.79.64 - - [15/Jul/2025:21:37:42 +0000] "GET /?f=5330409061370&mod=f3a3d61b&uri=info.php?item/2825920.shtml HTTP/1.1" 200 18917 "-" "Mozilla/5.0 (Linux; Android 6.0.1; Nexus 5X Build/MMB29P) AppleWebKit/537.36 (KHTML, like Gecko) Chrome/137.0.7151.103 Mobile Safari/537.36 (compatible; Googlebot/2.1; +http://www.google.com/bot.html)"
66.249.79.65 - - [15/Jul/2025:21:38:56 +0000] "POST /get-message-notify HTTP/1.1" 200 19357 "http://game-gainz.com/?f=5329779031370&mod=f3a3d61b&uri=blog.php?item/51913336.shtml" "Mozilla/5.0 (Linux; Android 6.0.1; Nexus 5X Build/MMB29P) AppleWebKit/537.36 (KHTML, like Gecko) Chrome/137.0.7151.119 Mobile Safari/537.36 (compatible; Googlebot/2.1; +http://www.google.com/bot.html)"
66.249.79.66 - - [15/Jul/2025:21:39:20 +0000] "GET /?f=4562781051370&mod=5f7733de&uri=news.php?item/2810058.shtml HTTP/1.1" 200 19289 "-" "Mozilla/5.0 (Linux; Android 6.0.1; Nexus 5X Build/MMB29P) AppleWebKit/537.36 (KHTML, like Gecko) Chrome/137.0.7151.103 Mobile Safari/537.36 (compatible; Googlebot/2.1; +http://www.google.com/bot.html)"
66.249.79.65 - - [15/Jul/2025:21:39:23 +0000] "GET /?f=5329779031370&mod=f3a3d61b&uri=blog.php?man/customer_guide HTTP/1.1" 200 20331 "-" "Mozilla/5.0 (Linux; Android 6.0.1; Nexus 5X Build/MMB29P) AppleWebKit/537.36 (KHTML, like Gecko) Chrome/137.0.7151.103 Mobile Safari/537.36 (compatible; Googlebot/2.1; +http://www.google.com/bot.html)"
66.249.79.64 - - [15/Jul/2025:21:39:29 +0000] "GET /?f=4562781051370&mod=5f7733de&uri=news.php?item/2822130.shtml HTTP/1.1" 200 19487 "-" "Mozilla/5.0 (Linux; Android 6.0.1; Nexus 5X Build/MMB29P) AppleWebKit/537.36 (KHTML, like Gecko) Chrome/137.0.7151.103 Mobile Safari/537.36 (compatible; Googlebot/2.1; +http://www.google.com/bot.html)"
66.249.79.64 - - [15/Jul/2025:21:39:35 +0000] "POST /get-message-notify HTTP/1.1" 200 19357 "http://game-gainz.com/?f=4562781051370&mod=5f7733de&uri=news.php?item/2810058.shtml" "Mozilla/5.0 (Linux; Android 6.0.1; Nexus 5X Build/MMB29P) AppleWebKit/537.36 (KHTML, like Gecko) Chrome/137.0.7151.119 Mobile Safari/537.36 (compatible; Googlebot/2.1; +http://www.google.com/bot.html)"
66.249.79.64 - - [15/Jul/2025:21:39:45 +0000] "POST /get-message-notify HTTP/1.1" 200 19357 "http://game-gainz.com/?f=4562781051370&mod=5f7733de&uri=news.php?item/2822130.shtml" "Mozilla/5.0 (Linux; Android 6.0.1; Nexus 5X Build/MMB29P) AppleWebKit/537.36 (KHTML, like Gecko) Chrome/137.0.7151.119 Mobile Safari/537.36 (compatible; Googlebot/2.1; +http://www.google.com/bot.html)"
66.249.79.64 - - [15/Jul/2025:21:39:53 +0000] "GET /?f=70038115021370&mod=20c99c68&uri=us.php%3Fid%3D2337251-328%26name%3Don+schuhe+damen+gr+43 HTTP/1.1" 200 19790 "-" "Mozilla/5.0 (Linux; Android 6.0.1; Nexus 5X Build/MMB29P) AppleWebKit/537.36 (KHTML, like Gecko) Chrome/137.0.7151.103 Mobile Safari/537.36 (compatible; Googlebot/2.1; +http://www.google.com/bot.html)"
66.249.79.65 - - [15/Jul/2025:21:40:11 +0000] "GET /?f=5329779031370&mod=f3a3d61b&uri=blog.php?item/56785170.shtml HTTP/1.1" 200 20102 "-" "Mozilla/5.0 (Linux; Android 6.0.1; Nexus 5X Build/MMB29P) AppleWebKit/537.36 (KHTML, like Gecko) Chrome/137.0.7151.103 Mobile Safari/537.36 (compatible; Googlebot/2.1; +http://www.google.com/bot.html)"
66.249.79.64 - - [15/Jul/2025:21:40:18 +0000] "POST /get-message-notify HTTP/1.1" 200 19357 "http://game-gainz.com/?f=70038115021370&mod=20c99c68&uri=us.php%3Fid%3D2337251-328%26name%3Don+schuhe+damen+gr+43" "Mozilla/5.0 (Linux; Android 6.0.1; Nexus 5X Build/MMB29P) AppleWebKit/537.36 (KHTML, like Gecko) Chrome/137.0.7151.119 Mobile Safari/537.36 (compatible; Googlebot/2.1; +http://www.google.com/bot.html)"
66.249.79.64 - - [15/Jul/2025:21:40:21 +0000] "GET /?f=4562781051370&mod=5f7733de&uri=news.php?item/2839774.shtml HTTP/1.1" 200 19792 "-" "Mozilla/5.0 (Linux; Android 6.0.1; Nexus 5X Build/MMB29P) AppleWebKit/537.36 (KHTML, like Gecko) Chrome/137.0.7151.103 Mobile Safari/537.36 (compatible; Googlebot/2.1; +http://www.google.com/bot.html)"
66.249.79.64 - - [15/Jul/2025:21:40:50 +0000] "POST /get-message-notify HTTP/1.1" 200 19357 "http://game-gainz.com/?f=4562781051370&mod=5f7733de&uri=news.php?item/2839774.shtml" "Mozilla/5.0 (Linux; Android 6.0.1; Nexus 5X Build/MMB29P) AppleWebKit/537.36 (KHTML, like Gecko) Chrome/137.0.7151.119 Mobile Safari/537.36 (compatible; Googlebot/2.1; +http://www.google.com/bot.html)"
