209.74.77.214 - - [16/Jul/2025:05:46:11 +0000] "POST /wp-cron.php?doing_wp_cron=1752644771.4632160663604736328125 HTTP/1.1" 200 - "-" "WordPress/6.8.2; https://game-gainz.com"
66.249.79.66 - - [16/Jul/2025:05:46:11 +0000] "GET /?f=4608764041370&mod=f5d5acb2&uri=brands.php?item/4149906.shtml HTTP/1.1" 200 13038 "-" "Mozilla/5.0 (Linux; Android 6.0.1; Nexus 5X Build/MMB29P) AppleWebKit/537.36 (KHTML, like Gecko) Chrome/137.0.7151.103 Mobile Safari/537.36 (compatible; Googlebot/2.1; +http://www.google.com/bot.html)"
66.249.79.64 - - [16/Jul/2025:05:46:22 +0000] "GET /?f=4608764041370&mod=f5d5acb2&uri=brands.php?item/4142530.shtml HTTP/1.1" 200 13038 "-" "Mozilla/5.0 (Linux; Android 6.0.1; Nexus 5X Build/MMB29P) AppleWebKit/537.36 (KHTML, like Gecko) Chrome/137.0.7151.103 Mobile Safari/537.36 (compatible; Googlebot/2.1; +http://www.google.com/bot.html)"
66.249.79.64 - - [16/Jul/2025:05:46:35 +0000] "GET /?f=4608764041370&mod=f5d5acb2&uri=brands.php?item/4129634.shtml HTTP/1.1" 200 13038 "-" "Mozilla/5.0 (Linux; Android 6.0.1; Nexus 5X Build/MMB29P) AppleWebKit/537.36 (KHTML, like Gecko) Chrome/137.0.7151.103 Mobile Safari/537.36 (compatible; Googlebot/2.1; +http://www.google.com/bot.html)"
66.249.79.64 - - [16/Jul/2025:05:46:54 +0000] "GET /?f=4608764041370&mod=f5d5acb2&uri=brands.php?item/4140222.shtml HTTP/1.1" 200 13038 "-" "Mozilla/5.0 (Linux; Android 6.0.1; Nexus 5X Build/MMB29P) AppleWebKit/537.36 (KHTML, like Gecko) Chrome/137.0.7151.103 Mobile Safari/537.36 (compatible; Googlebot/2.1; +http://www.google.com/bot.html)"
66.249.79.65 - - [16/Jul/2025:05:47:03 +0000] "GET /?f=4608764041370&mod=f5d5acb2&uri=brands.php?item/4111164.shtml HTTP/1.1" 200 13038 "-" "Mozilla/5.0 (Linux; Android 6.0.1; Nexus 5X Build/MMB29P) AppleWebKit/537.36 (KHTML, like Gecko) Chrome/137.0.7151.103 Mobile Safari/537.36 (compatible; Googlebot/2.1; +http://www.google.com/bot.html)"
209.74.77.214 - - [16/Jul/2025:05:47:11 +0000] "POST /wp-cron.php?doing_wp_cron=1752644831.7697300910949707031250 HTTP/1.1" 200 - "-" "WordPress/6.8.2; https://game-gainz.com"
66.249.79.64 - - [16/Jul/2025:05:47:11 +0000] "GET /?f=4608764041370&mod=f5d5acb2&uri=brands.php?item/4128756.shtml HTTP/1.1" 200 13038 "-" "Mozilla/5.0 (Linux; Android 6.0.1; Nexus 5X Build/MMB29P) AppleWebKit/537.36 (KHTML, like Gecko) Chrome/137.0.7151.103 Mobile Safari/537.36 (compatible; Googlebot/2.1; +http://www.google.com/bot.html)"
20.171.207.111 - - [16/Jul/2025:05:47:11 +0000] "GET /item/318790694.shtml HTTP/1.1" 404 12581 "-" "Mozilla/5.0 AppleWebKit/537.36 (KHTML, like Gecko; compatible; GPTBot/1.2; +https://openai.com/gptbot)"
66.249.79.64 - - [16/Jul/2025:05:47:17 +0000] "GET /?f=5361162021370&mod=b3b0b34e&uri=pin.php?item/56156328.shtml HTTP/1.1" 200 13038 "-" "Mozilla/5.0 (Linux; Android 6.0.1; Nexus 5X Build/MMB29P) AppleWebKit/537.36 (KHTML, like Gecko) Chrome/137.0.7151.103 Mobile Safari/537.36 (compatible; Googlebot/2.1; +http://www.google.com/bot.html)"
66.249.79.64 - - [16/Jul/2025:05:47:31 +0000] "GET /?f=4608764041370&mod=f5d5acb2&uri=brands.php?item/4110506.shtml HTTP/1.1" 200 13038 "-" "Mozilla/5.0 (Linux; Android 6.0.1; Nexus 5X Build/MMB29P) AppleWebKit/537.36 (KHTML, like Gecko) Chrome/137.0.7151.103 Mobile Safari/537.36 (compatible; Googlebot/2.1; +http://www.google.com/bot.html)"
66.249.79.64 - - [16/Jul/2025:05:47:45 +0000] "GET /?f=4608764041370&mod=f5d5acb2&uri=brands.php?item/4100514.shtml HTTP/1.1" 200 13038 "-" "Mozilla/5.0 (Linux; Android 6.0.1; Nexus 5X Build/MMB29P) AppleWebKit/537.36 (KHTML, like Gecko) Chrome/137.0.7151.103 Mobile Safari/537.36 (compatible; Googlebot/2.1; +http://www.google.com/bot.html)"
66.249.79.64 - - [16/Jul/2025:05:47:51 +0000] "GET /?f=4608764041370&mod=f5d5acb2&uri=brands.php?item/4122854.shtml HTTP/1.1" 200 13038 "-" "Mozilla/5.0 (Linux; Android 6.0.1; Nexus 5X Build/MMB29P) AppleWebKit/537.36 (KHTML, like Gecko) Chrome/137.0.7151.103 Mobile Safari/537.36 (compatible; Googlebot/2.1; +http://www.google.com/bot.html)"
66.249.79.64 - - [16/Jul/2025:05:47:59 +0000] "GET /?f=4608764041370&mod=f5d5acb2&uri=brands.php?item/4162222.shtml HTTP/1.1" 200 13038 "-" "Mozilla/5.0 (Linux; Android 6.0.1; Nexus 5X Build/MMB29P) AppleWebKit/537.36 (KHTML, like Gecko) Chrome/137.0.7151.103 Mobile Safari/537.36 (compatible; Googlebot/2.1; +http://www.google.com/bot.html)"
209.74.77.214 - - [16/Jul/2025:05:48:12 +0000] "POST /wp-cron.php?doing_wp_cron=1752644892.8858060836791992187500 HTTP/1.1" 200 - "-" "WordPress/6.8.2; https://game-gainz.com"
66.249.79.65 - - [16/Jul/2025:05:48:12 +0000] "GET /?f=4608764041370&mod=f5d5acb2&uri=brands.php?item/4164594.shtml HTTP/1.1" 200 13038 "-" "Mozilla/5.0 (Linux; Android 6.0.1; Nexus 5X Build/MMB29P) AppleWebKit/537.36 (KHTML, like Gecko) Chrome/137.0.7151.103 Mobile Safari/537.36 (compatible; Googlebot/2.1; +http://www.google.com/bot.html)"
20.171.207.111 - - [16/Jul/2025:05:48:13 +0000] "GET /item/318506298.shtml HTTP/1.1" 404 12581 "-" "Mozilla/5.0 AppleWebKit/537.36 (KHTML, like Gecko; compatible; GPTBot/1.2; +https://openai.com/gptbot)"
66.249.79.64 - - [16/Jul/2025:05:48:16 +0000] "GET /?f=51089479011370&mod=29ee95b9&uri=article.php?item/4124060.shtml HTTP/1.1" 200 13037 "-" "Mozilla/5.0 (Linux; Android 6.0.1; Nexus 5X Build/MMB29P) AppleWebKit/537.36 (KHTML, like Gecko) Chrome/137.0.7151.103 Mobile Safari/537.36 (compatible; Googlebot/2.1; +http://www.google.com/bot.html)"
66.249.79.64 - - [16/Jul/2025:05:48:32 +0000] "GET /?f=5361162021370&mod=b3b0b34e&uri=pin.php?item/1650781766.shtml HTTP/1.1" 200 13038 "-" "Mozilla/5.0 (Linux; Android 6.0.1; Nexus 5X Build/MMB29P) AppleWebKit/537.36 (KHTML, like Gecko) Chrome/137.0.7151.103 Mobile Safari/537.36 (compatible; Googlebot/2.1; +http://www.google.com/bot.html)"
66.249.79.64 - - [16/Jul/2025:05:48:32 +0000] "GET /?f=5344599011370&mod=aebb462e&uri=form.php?item/52523900.shtml HTTP/1.1" 200 13038 "-" "Mozilla/5.0 (Linux; Android 6.0.1; Nexus 5X Build/MMB29P) AppleWebKit/537.36 (KHTML, like Gecko) Chrome/137.0.7151.103 Mobile Safari/537.36 (compatible; Googlebot/2.1; +http://www.google.com/bot.html)"
66.249.79.64 - - [16/Jul/2025:05:48:33 +0000] "GET /?f=5344599011370&mod=aebb462e&uri=form.php?item/52594634.shtml HTTP/1.1" 200 13038 "-" "Mozilla/5.0 (Linux; Android 6.0.1; Nexus 5X Build/MMB29P) AppleWebKit/537.36 (KHTML, like Gecko) Chrome/137.0.7151.103 Mobile Safari/537.36 (compatible; Googlebot/2.1; +http://www.google.com/bot.html)"
66.249.79.64 - - [16/Jul/2025:05:48:33 +0000] "GET /?f=4608764041370&mod=f5d5acb2&uri=brands.php?item/4128792.shtml HTTP/1.1" 200 13038 "-" "Mozilla/5.0 (Linux; Android 6.0.1; Nexus 5X Build/MMB29P) AppleWebKit/537.36 (KHTML, like Gecko) Chrome/137.0.7151.103 Mobile Safari/537.36 (compatible; Googlebot/2.1; +http://www.google.com/bot.html)"
66.249.79.64 - - [16/Jul/2025:05:48:46 +0000] "GET /?f=4608764041370&mod=f5d5acb2&uri=brands.php?item/4156962.shtml HTTP/1.1" 200 13038 "-" "Mozilla/5.0 (Linux; Android 6.0.1; Nexus 5X Build/MMB29P) AppleWebKit/537.36 (KHTML, like Gecko) Chrome/137.0.7151.103 Mobile Safari/537.36 (compatible; Googlebot/2.1; +http://www.google.com/bot.html)"
66.249.79.64 - - [16/Jul/2025:05:48:47 +0000] "GET /?f=5344599011370&mod=aebb462e&uri=form.php?item/52525374.shtml HTTP/1.1" 200 13038 "-" "Mozilla/5.0 (Linux; Android 6.0.1; Nexus 5X Build/MMB29P) AppleWebKit/537.36 (KHTML, like Gecko) Chrome/137.0.7151.103 Mobile Safari/537.36 (compatible; Googlebot/2.1; +http://www.google.com/bot.html)"
66.249.79.64 - - [16/Jul/2025:05:48:53 +0000] "GET /?f=4608764041370&mod=f5d5acb2&uri=brands.php?item/4105262.shtml HTTP/1.1" 200 13038 "-" "Mozilla/5.0 (Linux; Android 6.0.1; Nexus 5X Build/MMB29P) AppleWebKit/537.36 (KHTML, like Gecko) Chrome/137.0.7151.103 Mobile Safari/537.36 (compatible; Googlebot/2.1; +http://www.google.com/bot.html)"
66.249.79.64 - - [16/Jul/2025:05:48:56 +0000] "GET /?f=5344599011370&mod=aebb462e&uri=form.php?item/52909680.shtml HTTP/1.1" 200 13038 "-" "Mozilla/5.0 (Linux; Android 6.0.1; Nexus 5X Build/MMB29P) AppleWebKit/537.36 (KHTML, like Gecko) Chrome/137.0.7151.103 Mobile Safari/537.36 (compatible; Googlebot/2.1; +http://www.google.com/bot.html)"
209.74.77.214 - - [16/Jul/2025:05:49:09 +0000] "POST /wp-cron.php?doing_wp_cron=1752644949.5478351116180419921875 HTTP/1.1" 200 - "-" "WordPress/6.8.2; https://game-gainz.com"
66.249.79.64 - - [16/Jul/2025:05:49:09 +0000] "GET /?f=4608764041370&mod=f5d5acb2&uri=brands.php?item/4152522.shtml HTTP/1.1" 200 13038 "-" "Mozilla/5.0 (Linux; Android 6.0.1; Nexus 5X Build/MMB29P) AppleWebKit/537.36 (KHTML, like Gecko) Chrome/137.0.7151.103 Mobile Safari/537.36 (compatible; Googlebot/2.1; +http://www.google.com/bot.html)"
66.249.79.66 - - [16/Jul/2025:05:49:13 +0000] "GET /?f=5344599011370&mod=aebb462e&uri=form.php?item/52058194.shtml HTTP/1.1" 200 13038 "-" "Mozilla/5.0 (Linux; Android 6.0.1; Nexus 5X Build/MMB29P) AppleWebKit/537.36 (KHTML, like Gecko) Chrome/137.0.7151.103 Mobile Safari/537.36 (compatible; Googlebot/2.1; +http://www.google.com/bot.html)"
20.171.207.111 - - [16/Jul/2025:05:49:18 +0000] "GET /item/318865940.shtml HTTP/1.1" 404 12581 "-" "Mozilla/5.0 AppleWebKit/537.36 (KHTML, like Gecko; compatible; GPTBot/1.2; +https://openai.com/gptbot)"
66.249.79.64 - - [16/Jul/2025:05:49:22 +0000] "GET /?f=5344599011370&mod=aebb462e&uri=form.php?item/48054264.shtml HTTP/1.1" 200 13038 "-" "Mozilla/5.0 (Linux; Android 6.0.1; Nexus 5X Build/MMB29P) AppleWebKit/537.36 (KHTML, like Gecko) Chrome/137.0.7151.103 Mobile Safari/537.36 (compatible; Googlebot/2.1; +http://www.google.com/bot.html)"
66.249.79.64 - - [16/Jul/2025:05:49:22 +0000] "GET /?f=4608764041370&mod=f5d5acb2&uri=brands.php?item/4133488.shtml HTTP/1.1" 200 13038 "-" "Mozilla/5.0 (Linux; Android 6.0.1; Nexus 5X Build/MMB29P) AppleWebKit/537.36 (KHTML, like Gecko) Chrome/137.0.7151.103 Mobile Safari/537.36 (compatible; Googlebot/2.1; +http://www.google.com/bot.html)"
66.249.79.64 - - [16/Jul/2025:05:49:23 +0000] "GET /?f=5361162021370&mod=b3b0b34e&uri=pin.php?item/1650819066.shtml HTTP/1.1" 200 13038 "-" "Mozilla/5.0 (Linux; Android 6.0.1; Nexus 5X Build/MMB29P) AppleWebKit/537.36 (KHTML, like Gecko) Chrome/137.0.7151.103 Mobile Safari/537.36 (compatible; Googlebot/2.1; +http://www.google.com/bot.html)"
66.249.79.64 - - [16/Jul/2025:05:49:28 +0000] "GET /?f=4608764041370&mod=f5d5acb2&uri=brands.php?item/4098206.shtml HTTP/1.1" 200 13038 "-" "Mozilla/5.0 (Linux; Android 6.0.1; Nexus 5X Build/MMB29P) AppleWebKit/537.36 (KHTML, like Gecko) Chrome/137.0.7151.103 Mobile Safari/537.36 (compatible; Googlebot/2.1; +http://www.google.com/bot.html)"
66.249.79.64 - - [16/Jul/2025:05:49:36 +0000] "GET /?f=4608764041370&mod=f5d5acb2&uri=brands.php?item/4110214.shtml HTTP/1.1" 200 13038 "-" "Mozilla/5.0 (Linux; Android 6.0.1; Nexus 5X Build/MMB29P) AppleWebKit/537.36 (KHTML, like Gecko) Chrome/137.0.7151.103 Mobile Safari/537.36 (compatible; Googlebot/2.1; +http://www.google.com/bot.html)"
66.249.79.64 - - [16/Jul/2025:05:49:36 +0000] "GET /?f=5146816021370&mod=e6e9099e&uri=itm.php%3Fid%3D171817-57%26name%3Dshidu+amplifier HTTP/1.1" 200 13038 "-" "Mozilla/5.0 (Linux; Android 6.0.1; Nexus 5X Build/MMB29P) AppleWebKit/537.36 (KHTML, like Gecko) Chrome/137.0.7151.103 Mobile Safari/537.36 (compatible; Googlebot/2.1; +http://www.google.com/bot.html)"
66.249.79.64 - - [16/Jul/2025:05:49:38 +0000] "GET /?f=5361162021370&mod=b3b0b34e&uri=pin.php?item/6665040.shtml HTTP/1.1" 200 13038 "-" "Mozilla/5.0 (Linux; Android 6.0.1; Nexus 5X Build/MMB29P) AppleWebKit/537.36 (KHTML, like Gecko) Chrome/137.0.7151.103 Mobile Safari/537.36 (compatible; Googlebot/2.1; +http://www.google.com/bot.html)"
66.249.79.64 - - [16/Jul/2025:05:49:48 +0000] "GET /?f=4608764041370&mod=f5d5acb2&uri=brands.php?item/4158424.shtml HTTP/1.1" 200 13038 "-" "Mozilla/5.0 (Linux; Android 6.0.1; Nexus 5X Build/MMB29P) AppleWebKit/537.36 (KHTML, like Gecko) Chrome/137.0.7151.103 Mobile Safari/537.36 (compatible; Googlebot/2.1; +http://www.google.com/bot.html)"
66.249.79.65 - - [16/Jul/2025:05:50:03 +0000] "GET /?f=4608764041370&mod=f5d5acb2&uri=brands.php?item/4099040.shtml HTTP/1.1" 200 13038 "-" "Mozilla/5.0 (Linux; Android 6.0.1; Nexus 5X Build/MMB29P) AppleWebKit/537.36 (KHTML, like Gecko) Chrome/137.0.7151.103 Mobile Safari/537.36 (compatible; Googlebot/2.1; +http://www.google.com/bot.html)"
209.74.77.214 - - [16/Jul/2025:05:50:13 +0000] "POST /wp-cron.php?doing_wp_cron=1752645013.0260760784149169921875 HTTP/1.1" 200 - "-" "WordPress/6.8.2; https://game-gainz.com"
66.249.79.64 - - [16/Jul/2025:05:50:12 +0000] "GET /?f=4608764041370&mod=f5d5acb2&uri=brands.php?item/4160816.shtml HTTP/1.1" 200 13038 "-" "Mozilla/5.0 (Linux; Android 6.0.1; Nexus 5X Build/MMB29P) AppleWebKit/537.36 (KHTML, like Gecko) Chrome/137.0.7151.103 Mobile Safari/537.36 (compatible; Googlebot/2.1; +http://www.google.com/bot.html)"
20.171.207.111 - - [16/Jul/2025:05:50:19 +0000] "GET /item/318453092.shtml HTTP/1.1" 404 12581 "-" "Mozilla/5.0 AppleWebKit/537.36 (KHTML, like Gecko; compatible; GPTBot/1.2; +https://openai.com/gptbot)"
66.249.79.64 - - [16/Jul/2025:05:50:24 +0000] "GET /?f=5344599011370&mod=aebb462e&uri=form.php?product/edit/G220762685 HTTP/1.1" 200 13038 "-" "Mozilla/5.0 (Linux; Android 6.0.1; Nexus 5X Build/MMB29P) AppleWebKit/537.36 (KHTML, like Gecko) Chrome/137.0.7151.103 Mobile Safari/537.36 (compatible; Googlebot/2.1; +http://www.google.com/bot.html)"
66.249.79.64 - - [16/Jul/2025:05:50:36 +0000] "GET /?f=4608764041370&mod=f5d5acb2&uri=brands.php?item/4153180.shtml HTTP/1.1" 200 13038 "-" "Mozilla/5.0 (Linux; Android 6.0.1; Nexus 5X Build/MMB29P) AppleWebKit/537.36 (KHTML, like Gecko) Chrome/137.0.7151.103 Mobile Safari/537.36 (compatible; Googlebot/2.1; +http://www.google.com/bot.html)"
66.249.79.64 - - [16/Jul/2025:05:50:48 +0000] "GET /?f=4608764041370&mod=f5d5acb2&uri=brands.php?item/4121124.shtml HTTP/1.1" 200 13038 "-" "Mozilla/5.0 (Linux; Android 6.0.1; Nexus 5X Build/MMB29P) AppleWebKit/537.36 (KHTML, like Gecko) Chrome/137.0.7151.103 Mobile Safari/537.36 (compatible; Googlebot/2.1; +http://www.google.com/bot.html)"
66.249.79.64 - - [16/Jul/2025:05:51:03 +0000] "GET /?f=4608764041370&mod=f5d5acb2&uri=brands.php?item/4158700.shtml HTTP/1.1" 200 13038 "-" "Mozilla/5.0 (Linux; Android 6.0.1; Nexus 5X Build/MMB29P) AppleWebKit/537.36 (KHTML, like Gecko) Chrome/137.0.7151.103 Mobile Safari/537.36 (compatible; Googlebot/2.1; +http://www.google.com/bot.html)"
209.74.77.214 - - [16/Jul/2025:05:51:20 +0000] "POST /wp-cron.php?doing_wp_cron=1752645080.9571731090545654296875 HTTP/1.1" 200 - "-" "WordPress/6.8.2; https://game-gainz.com"
20.171.207.111 - - [16/Jul/2025:05:51:20 +0000] "GET /item/318205724.shtml HTTP/1.1" 404 12581 "-" "Mozilla/5.0 AppleWebKit/537.36 (KHTML, like Gecko; compatible; GPTBot/1.2; +https://openai.com/gptbot)"
66.249.79.64 - - [16/Jul/2025:05:51:20 +0000] "GET /?f=4608764041370&mod=f5d5acb2&uri=brands.php?item/4103788.shtml HTTP/1.1" 200 13038 "-" "Mozilla/5.0 (Linux; Android 6.0.1; Nexus 5X Build/MMB29P) AppleWebKit/537.36 (KHTML, like Gecko) Chrome/137.0.7151.103 Mobile Safari/537.36 (compatible; Googlebot/2.1; +http://www.google.com/bot.html)"
66.249.79.64 - - [16/Jul/2025:05:51:21 +0000] "GET /?f=5330409061370&mod=f3a3d61b&uri=info.php?item/6729652.shtml HTTP/1.1" 200 13038 "-" "Mozilla/5.0 (Linux; Android 6.0.1; Nexus 5X Build/MMB29P) AppleWebKit/537.36 (KHTML, like Gecko) Chrome/137.0.7151.103 Mobile Safari/537.36 (compatible; Googlebot/2.1; +http://www.google.com/bot.html)"
66.249.79.64 - - [16/Jul/2025:05:51:22 +0000] "GET /?f=5344599011370&mod=aebb462e&uri=form.php?item/54716050.shtml HTTP/1.1" 200 13038 "-" "Mozilla/5.0 (Linux; Android 6.0.1; Nexus 5X Build/MMB29P) AppleWebKit/537.36 (KHTML, like Gecko) Chrome/137.0.7151.103 Mobile Safari/537.36 (compatible; Googlebot/2.1; +http://www.google.com/bot.html)"
66.249.79.64 - - [16/Jul/2025:05:51:27 +0000] "GET /?f=4608764041370&mod=f5d5acb2&uri=brands.php?item/4143480.shtml HTTP/1.1" 200 13038 "-" "Mozilla/5.0 (Linux; Android 6.0.1; Nexus 5X Build/MMB29P) AppleWebKit/537.36 (KHTML, like Gecko) Chrome/137.0.7151.103 Mobile Safari/537.36 (compatible; Googlebot/2.1; +http://www.google.com/bot.html)"
66.249.79.64 - - [16/Jul/2025:05:51:36 +0000] "GET /?f=4608764041370&mod=f5d5acb2&uri=brands.php?item/4106692.shtml HTTP/1.1" 200 13038 "-" "Mozilla/5.0 (Linux; Android 6.0.1; Nexus 5X Build/MMB29P) AppleWebKit/537.36 (KHTML, like Gecko) Chrome/137.0.7151.103 Mobile Safari/537.36 (compatible; Googlebot/2.1; +http://www.google.com/bot.html)"
66.249.79.64 - - [16/Jul/2025:05:51:49 +0000] "GET /?f=4608764041370&mod=f5d5acb2&uri=brands.php?item/4102902.shtml HTTP/1.1" 200 13038 "-" "Mozilla/5.0 (Linux; Android 6.0.1; Nexus 5X Build/MMB29P) AppleWebKit/537.36 (KHTML, like Gecko) Chrome/137.0.7151.103 Mobile Safari/537.36 (compatible; Googlebot/2.1; +http://www.google.com/bot.html)"
66.249.79.65 - - [16/Jul/2025:05:52:03 +0000] "GET /?f=4608764041370&mod=f5d5acb2&uri=brands.php?item/4163140.shtml HTTP/1.1" 200 13038 "-" "Mozilla/5.0 (Linux; Android 6.0.1; Nexus 5X Build/MMB29P) AppleWebKit/537.36 (KHTML, like Gecko) Chrome/137.0.7151.103 Mobile Safari/537.36 (compatible; Googlebot/2.1; +http://www.google.com/bot.html)"
209.74.77.214 - - [16/Jul/2025:05:52:21 +0000] "POST /wp-cron.php?doing_wp_cron=1752645141.5186700820922851562500 HTTP/1.1" 200 - "-" "WordPress/6.8.2; https://game-gainz.com"
66.249.79.64 - - [16/Jul/2025:05:52:21 +0000] "GET /?f=4608764041370&mod=f5d5acb2&uri=brands.php?item/4095270.shtml HTTP/1.1" 200 13038 "-" "Mozilla/5.0 (Linux; Android 6.0.1; Nexus 5X Build/MMB29P) AppleWebKit/537.36 (KHTML, like Gecko) Chrome/137.0.7151.103 Mobile Safari/537.36 (compatible; Googlebot/2.1; +http://www.google.com/bot.html)"
66.249.79.64 - - [16/Jul/2025:05:52:21 +0000] "GET /?f=5361162021370&mod=b3b0b34e&uri=pin.php?item/54730758.shtml HTTP/1.1" 200 13038 "-" "Mozilla/5.0 (Linux; Android 6.0.1; Nexus 5X Build/MMB29P) AppleWebKit/537.36 (KHTML, like Gecko) Chrome/137.0.7151.103 Mobile Safari/537.36 (compatible; Googlebot/2.1; +http://www.google.com/bot.html)"
20.171.207.111 - - [16/Jul/2025:05:52:25 +0000] "GET /item/318761042.shtml HTTP/1.1" 404 12581 "-" "Mozilla/5.0 AppleWebKit/537.36 (KHTML, like Gecko; compatible; GPTBot/1.2; +https://openai.com/gptbot)"
66.249.79.64 - - [16/Jul/2025:05:52:27 +0000] "GET /?f=4608764041370&mod=f5d5acb2&uri=brands.php?item/4132570.shtml HTTP/1.1" 200 13038 "-" "Mozilla/5.0 (Linux; Android 6.0.1; Nexus 5X Build/MMB29P) AppleWebKit/537.36 (KHTML, like Gecko) Chrome/137.0.7151.103 Mobile Safari/537.36 (compatible; Googlebot/2.1; +http://www.google.com/bot.html)"
66.249.79.64 - - [16/Jul/2025:05:52:31 +0000] "GET /?f=5449092091370&mod=15a50c8b&uri=shop.php?item/55786402.shtml HTTP/1.1" 200 13038 "-" "Mozilla/5.0 (Linux; Android 6.0.1; Nexus 5X Build/MMB29P) AppleWebKit/537.36 (KHTML, like Gecko) Chrome/137.0.7151.103 Mobile Safari/537.36 (compatible; Googlebot/2.1; +http://www.google.com/bot.html)"
66.249.79.64 - - [16/Jul/2025:05:52:36 +0000] "GET /?f=5344599011370&mod=aebb462e&uri=form.php?item/48065438.shtml HTTP/1.1" 200 13038 "-" "Mozilla/5.0 (Linux; Android 6.0.1; Nexus 5X Build/MMB29P) AppleWebKit/537.36 (KHTML, like Gecko) Chrome/137.0.7151.103 Mobile Safari/537.36 (compatible; Googlebot/2.1; +http://www.google.com/bot.html)"
66.249.79.64 - - [16/Jul/2025:05:52:45 +0000] "GET /?f=4608764041370&mod=f5d5acb2&uri=brands.php?item/4140800.shtml HTTP/1.1" 200 13038 "-" "Mozilla/5.0 (Linux; Android 6.0.1; Nexus 5X Build/MMB29P) AppleWebKit/537.36 (KHTML, like Gecko) Chrome/137.0.7151.103 Mobile Safari/537.36 (compatible; Googlebot/2.1; +http://www.google.com/bot.html)"
66.249.79.64 - - [16/Jul/2025:05:52:47 +0000] "GET /?f=5344599011370&mod=aebb462e&uri=form.php?item/48036980.shtml HTTP/1.1" 200 13038 "-" "Mozilla/5.0 (Linux; Android 6.0.1; Nexus 5X Build/MMB29P) AppleWebKit/537.36 (KHTML, like Gecko) Chrome/137.0.7151.103 Mobile Safari/537.36 (compatible; Googlebot/2.1; +http://www.google.com/bot.html)"
66.249.79.64 - - [16/Jul/2025:05:52:51 +0000] "GET /?f=4608764041370&mod=f5d5acb2&uri=brands.php?item/4124060.shtml HTTP/1.1" 200 13038 "-" "Mozilla/5.0 (Linux; Android 6.0.1; Nexus 5X Build/MMB29P) AppleWebKit/537.36 (KHTML, like Gecko) Chrome/137.0.7151.103 Mobile Safari/537.36 (compatible; Googlebot/2.1; +http://www.google.com/bot.html)"
66.249.79.64 - - [16/Jul/2025:05:52:52 +0000] "GET /?f=5361162021370&mod=b3b0b34e&uri=pin.php?item/51455214.shtml HTTP/1.1" 200 13037 "-" "Mozilla/5.0 (Linux; Android 6.0.1; Nexus 5X Build/MMB29P) AppleWebKit/537.36 (KHTML, like Gecko) Chrome/137.0.7151.103 Mobile Safari/537.36 (compatible; Googlebot/2.1; +http://www.google.com/bot.html)"
66.249.79.65 - - [16/Jul/2025:05:53:03 +0000] "GET /?f=4608764041370&mod=f5d5acb2&uri=brands.php?item/4099124.shtml HTTP/1.1" 200 13038 "-" "Mozilla/5.0 (Linux; Android 6.0.1; Nexus 5X Build/MMB29P) AppleWebKit/537.36 (KHTML, like Gecko) Chrome/137.0.7151.103 Mobile Safari/537.36 (compatible; Googlebot/2.1; +http://www.google.com/bot.html)"
209.74.77.214 - - [16/Jul/2025:05:53:14 +0000] "POST /wp-cron.php?doing_wp_cron=1752645194.0240321159362792968750 HTTP/1.1" 200 - "-" "WordPress/6.8.2; https://game-gainz.com"
66.249.79.64 - - [16/Jul/2025:05:53:14 +0000] "GET /?f=4608764041370&mod=f5d5acb2&uri=brands.php?item/4156084.shtml HTTP/1.1" 200 13038 "-" "Mozilla/5.0 (Linux; Android 6.0.1; Nexus 5X Build/MMB29P) AppleWebKit/537.36 (KHTML, like Gecko) Chrome/137.0.7151.103 Mobile Safari/537.36 (compatible; Googlebot/2.1; +http://www.google.com/bot.html)"
66.249.79.64 - - [16/Jul/2025:05:53:25 +0000] "GET /?f=4608764041370&mod=f5d5acb2&uri=brands.php?item/4127326.shtml HTTP/1.1" 200 13038 "-" "Mozilla/5.0 (Linux; Android 6.0.1; Nexus 5X Build/MMB29P) AppleWebKit/537.36 (KHTML, like Gecko) Chrome/137.0.7151.103 Mobile Safari/537.36 (compatible; Googlebot/2.1; +http://www.google.com/bot.html)"
66.249.79.64 - - [16/Jul/2025:05:53:26 +0000] "GET /?f=5344599011370&mod=aebb462e&uri=form.php?item/49241304.shtml HTTP/1.1" 200 13038 "-" "Mozilla/5.0 (Linux; Android 6.0.1; Nexus 5X Build/MMB29P) AppleWebKit/537.36 (KHTML, like Gecko) Chrome/137.0.7151.103 Mobile Safari/537.36 (compatible; Googlebot/2.1; +http://www.google.com/bot.html)"
20.171.207.111 - - [16/Jul/2025:05:53:27 +0000] "GET /item/318653472.shtml HTTP/1.1" 404 12581 "-" "Mozilla/5.0 AppleWebKit/537.36 (KHTML, like Gecko; compatible; GPTBot/1.2; +https://openai.com/gptbot)"
66.249.79.64 - - [16/Jul/2025:05:53:38 +0000] "GET /?f=4608764041370&mod=f5d5acb2&uri=brands.php?item/4136360.shtml HTTP/1.1" 200 13038 "-" "Mozilla/5.0 (Linux; Android 6.0.1; Nexus 5X Build/MMB29P) AppleWebKit/537.36 (KHTML, like Gecko) Chrome/137.0.7151.103 Mobile Safari/537.36 (compatible; Googlebot/2.1; +http://www.google.com/bot.html)"
66.249.79.64 - - [16/Jul/2025:05:53:49 +0000] "GET /?f=4608764041370&mod=f5d5acb2&uri=brands.php?item/4120206.shtml HTTP/1.1" 200 13038 "-" "Mozilla/5.0 (Linux; Android 6.0.1; Nexus 5X Build/MMB29P) AppleWebKit/537.36 (KHTML, like Gecko) Chrome/137.0.7151.103 Mobile Safari/537.36 (compatible; Googlebot/2.1; +http://www.google.com/bot.html)"
209.74.77.214 - - [16/Jul/2025:05:54:18 +0000] "POST /wp-cron.php?doing_wp_cron=1752645258.6155850887298583984375 HTTP/1.1" 200 - "-" "WordPress/6.8.2; https://game-gainz.com"
66.249.79.65 - - [16/Jul/2025:05:54:18 +0000] "GET /?f=4726891031370&mod=311864ec&uri=pin.php?events/ HTTP/1.1" 200 13038 "-" "Mozilla/5.0 (Linux; Android 6.0.1; Nexus 5X Build/MMB29P) AppleWebKit/537.36 (KHTML, like Gecko) Chrome/137.0.7151.103 Mobile Safari/537.36 (compatible; Googlebot/2.1; +http://www.google.com/bot.html)"
66.249.79.65 - - [16/Jul/2025:05:54:19 +0000] "GET /?f=4608764041370&mod=f5d5acb2&uri=brands.php?item/4144662.shtml HTTP/1.1" 200 13038 "-" "Mozilla/5.0 (Linux; Android 6.0.1; Nexus 5X Build/MMB29P) AppleWebKit/537.36 (KHTML, like Gecko) Chrome/137.0.7151.103 Mobile Safari/537.36 (compatible; Googlebot/2.1; +http://www.google.com/bot.html)"
66.249.79.64 - - [16/Jul/2025:05:54:24 +0000] "GET /?f=4608764041370&mod=f5d5acb2&uri=brands.php?item/4124938.shtml HTTP/1.1" 200 13038 "-" "Mozilla/5.0 (Linux; Android 6.0.1; Nexus 5X Build/MMB29P) AppleWebKit/537.36 (KHTML, like Gecko) Chrome/137.0.7151.103 Mobile Safari/537.36 (compatible; Googlebot/2.1; +http://www.google.com/bot.html)"
66.249.79.64 - - [16/Jul/2025:05:54:30 +0000] "GET /?f=4608764041370&mod=f5d5acb2&uri=brands.php?item/4134962.shtml HTTP/1.1" 200 13038 "-" "Mozilla/5.0 (Linux; Android 6.0.1; Nexus 5X Build/MMB29P) AppleWebKit/537.36 (KHTML, like Gecko) Chrome/137.0.7151.103 Mobile Safari/537.36 (compatible; Googlebot/2.1; +http://www.google.com/bot.html)"
20.171.207.111 - - [16/Jul/2025:05:54:31 +0000] "GET /item/318527680.shtml HTTP/1.1" 404 12581 "-" "Mozilla/5.0 AppleWebKit/537.36 (KHTML, like Gecko; compatible; GPTBot/1.2; +https://openai.com/gptbot)"
66.249.79.64 - - [16/Jul/2025:05:54:38 +0000] "GET /?f=4608764041370&mod=f5d5acb2&uri=brands.php?item/4130230.shtml HTTP/1.1" 200 13038 "-" "Mozilla/5.0 (Linux; Android 6.0.1; Nexus 5X Build/MMB29P) AppleWebKit/537.36 (KHTML, like Gecko) Chrome/137.0.7151.103 Mobile Safari/537.36 (compatible; Googlebot/2.1; +http://www.google.com/bot.html)"
66.249.79.64 - - [16/Jul/2025:05:54:50 +0000] "GET /?f=4608764041370&mod=f5d5acb2&uri=brands.php?item/4146384.shtml HTTP/1.1" 200 13038 "-" "Mozilla/5.0 (Linux; Android 6.0.1; Nexus 5X Build/MMB29P) AppleWebKit/537.36 (KHTML, like Gecko) Chrome/137.0.7151.103 Mobile Safari/537.36 (compatible; Googlebot/2.1; +http://www.google.com/bot.html)"
209.74.77.214 - - [16/Jul/2025:05:55:11 +0000] "POST /wp-cron.php?doing_wp_cron=1752645311.2322230339050292968750 HTTP/1.1" 200 - "-" "WordPress/6.8.2; https://game-gainz.com"
66.249.79.65 - - [16/Jul/2025:05:55:11 +0000] "GET /?f=4608764041370&mod=f5d5acb2&uri=brands.php?item/4147002.shtml HTTP/1.1" 200 13038 "-" "Mozilla/5.0 (Linux; Android 6.0.1; Nexus 5X Build/MMB29P) AppleWebKit/537.36 (KHTML, like Gecko) Chrome/137.0.7151.103 Mobile Safari/537.36 (compatible; Googlebot/2.1; +http://www.google.com/bot.html)"
66.249.79.64 - - [16/Jul/2025:05:55:17 +0000] "GET /?f=4608764041370&mod=f5d5acb2&uri=brands.php?item/4137286.shtml HTTP/1.1" 200 13038 "-" "Mozilla/5.0 (Linux; Android 6.0.1; Nexus 5X Build/MMB29P) AppleWebKit/537.36 (KHTML, like Gecko) Chrome/137.0.7151.103 Mobile Safari/537.36 (compatible; Googlebot/2.1; +http://www.google.com/bot.html)"
20.171.207.111 - - [16/Jul/2025:05:55:34 +0000] "GET /item/318365270.shtml HTTP/1.1" 404 12581 "-" "Mozilla/5.0 AppleWebKit/537.36 (KHTML, like Gecko; compatible; GPTBot/1.2; +https://openai.com/gptbot)"
66.249.79.64 - - [16/Jul/2025:05:55:34 +0000] "GET /?f=4608764041370&mod=f5d5acb2&uri=brands.php?item/4159898.shtml HTTP/1.1" 200 13038 "-" "Mozilla/5.0 (Linux; Android 6.0.1; Nexus 5X Build/MMB29P) AppleWebKit/537.36 (KHTML, like Gecko) Chrome/137.0.7151.103 Mobile Safari/537.36 (compatible; Googlebot/2.1; +http://www.google.com/bot.html)"
66.249.79.64 - - [16/Jul/2025:05:55:48 +0000] "GET /?f=4608764041370&mod=f5d5acb2&uri=brands.php?item/4134894.shtml HTTP/1.1" 200 13038 "-" "Mozilla/5.0 (Linux; Android 6.0.1; Nexus 5X Build/MMB29P) AppleWebKit/537.36 (KHTML, like Gecko) Chrome/137.0.7151.103 Mobile Safari/537.36 (compatible; Googlebot/2.1; +http://www.google.com/bot.html)"
66.249.79.64 - - [16/Jul/2025:05:55:55 +0000] "GET /?f=4608764041370&mod=f5d5acb2&uri=brands.php?item/4154654.shtml HTTP/1.1" 200 13036 "-" "Mozilla/5.0 (Linux; Android 6.0.1; Nexus 5X Build/MMB29P) AppleWebKit/537.36 (KHTML, like Gecko) Chrome/137.0.7151.103 Mobile Safari/537.36 (compatible; Googlebot/2.1; +http://www.google.com/bot.html)"
209.74.77.214 - - [16/Jul/2025:05:56:11 +0000] "POST /wp-cron.php?doing_wp_cron=1752645371.3231530189514160156250 HTTP/1.1" 200 - "-" "WordPress/6.8.2; https://game-gainz.com"
66.249.79.66 - - [16/Jul/2025:05:56:11 +0000] "GET /?f=4608764041370&mod=f5d5acb2&uri=brands.php?item/4126368.shtml HTTP/1.1" 200 13038 "-" "Mozilla/5.0 (Linux; Android 6.0.1; Nexus 5X Build/MMB29P) AppleWebKit/537.36 (KHTML, like Gecko) Chrome/137.0.7151.103 Mobile Safari/537.36 (compatible; Googlebot/2.1; +http://www.google.com/bot.html)"
66.249.79.64 - - [16/Jul/2025:05:56:17 +0000] "GET /?f=5361162021370&mod=b3b0b34e&uri=pin.php?item/676236008.shtml HTTP/1.1" 200 13038 "-" "Mozilla/5.0 (Linux; Android 6.0.1; Nexus 5X Build/MMB29P) AppleWebKit/537.36 (KHTML, like Gecko) Chrome/137.0.7151.103 Mobile Safari/537.36 (compatible; Googlebot/2.1; +http://www.google.com/bot.html)"
66.249.79.64 - - [16/Jul/2025:05:56:17 +0000] "GET /?f=5344599011370&mod=aebb462e&uri=form.php?product/edit/G2369621490 HTTP/1.1" 200 13038 "-" "Mozilla/5.0 (Linux; Android 6.0.1; Nexus 5X Build/MMB29P) AppleWebKit/537.36 (KHTML, like Gecko) Chrome/137.0.7151.103 Mobile Safari/537.36 (compatible; Googlebot/2.1; +http://www.google.com/bot.html)"
66.249.79.64 - - [16/Jul/2025:05:56:27 +0000] "GET /?f=5344599011370&mod=aebb462e&uri=form.php?product/edit/G3033674913 HTTP/1.1" 200 13038 "-" "Mozilla/5.0 (Linux; Android 6.0.1; Nexus 5X Build/MMB29P) AppleWebKit/537.36 (KHTML, like Gecko) Chrome/137.0.7151.103 Mobile Safari/537.36 (compatible; Googlebot/2.1; +http://www.google.com/bot.html)"
20.171.207.111 - - [16/Jul/2025:05:56:35 +0000] "GET /item/318402506.shtml HTTP/1.1" 404 12581 "-" "Mozilla/5.0 AppleWebKit/537.36 (KHTML, like Gecko; compatible; GPTBot/1.2; +https://openai.com/gptbot)"
66.249.79.64 - - [16/Jul/2025:05:56:47 +0000] "GET /?f=5344599011370&mod=aebb462e&uri=form.php?product/edit/G3759931510 HTTP/1.1" 200 13038 "-" "Mozilla/5.0 (Linux; Android 6.0.1; Nexus 5X Build/MMB29P) AppleWebKit/537.36 (KHTML, like Gecko) Chrome/137.0.7151.103 Mobile Safari/537.36 (compatible; Googlebot/2.1; +http://www.google.com/bot.html)"
66.249.79.64 - - [16/Jul/2025:05:56:53 +0000] "GET /?f=5330409061370&mod=f3a3d61b&uri=info.php?item/4141140.shtml HTTP/1.1" 200 13038 "-" "Mozilla/5.0 (Linux; Android 6.0.1; Nexus 5X Build/MMB29P) AppleWebKit/537.36 (KHTML, like Gecko) Chrome/137.0.7151.103 Mobile Safari/537.36 (compatible; Googlebot/2.1; +http://www.google.com/bot.html)"
66.249.79.64 - - [16/Jul/2025:05:57:03 +0000] "GET /?f=5361162021370&mod=b3b0b34e&uri=pin.php?item/56394642.shtml HTTP/1.1" 200 13038 "-" "Mozilla/5.0 (Linux; Android 6.0.1; Nexus 5X Build/MMB29P) AppleWebKit/537.36 (KHTML, like Gecko) Chrome/137.0.7151.103 Mobile Safari/537.36 (compatible; Googlebot/2.1; +http://www.google.com/bot.html)"
66.249.79.66 - - [16/Jul/2025:05:57:04 +0000] "GET /?f=5330409061370&mod=f3a3d61b&uri=info.php?item/4131116.shtml HTTP/1.1" 200 13038 "-" "Mozilla/5.0 (Linux; Android 6.0.1; Nexus 5X Build/MMB29P) AppleWebKit/537.36 (KHTML, like Gecko) Chrome/137.0.7151.103 Mobile Safari/537.36 (compatible; Googlebot/2.1; +http://www.google.com/bot.html)"
209.74.77.214 - - [16/Jul/2025:05:57:15 +0000] "POST /wp-cron.php?doing_wp_cron=1752645435.3546450138092041015625 HTTP/1.1" 200 - "-" "WordPress/6.8.2; https://game-gainz.com"
66.249.79.64 - - [16/Jul/2025:05:57:15 +0000] "GET /?f=5330409061370&mod=f3a3d61b&uri=info.php?item/4077040.shtml HTTP/1.1" 200 13038 "-" "Mozilla/5.0 (Linux; Android 6.0.1; Nexus 5X Build/MMB29P) AppleWebKit/537.36 (KHTML, like Gecko) Chrome/137.0.7151.103 Mobile Safari/537.36 (compatible; Googlebot/2.1; +http://www.google.com/bot.html)"
66.249.79.64 - - [16/Jul/2025:05:57:15 +0000] "GET /?f=5027567041370&mod=67a4b0f5&uri=goods.php?item/4074668.shtml HTTP/1.1" 200 13038 "-" "Mozilla/5.0 (Linux; Android 6.0.1; Nexus 5X Build/MMB29P) AppleWebKit/537.36 (KHTML, like Gecko) Chrome/137.0.7151.103 Mobile Safari/537.36 (compatible; Googlebot/2.1; +http://www.google.com/bot.html)"
66.249.79.64 - - [16/Jul/2025:05:57:26 +0000] "GET /?f=5344599011370&mod=aebb462e&uri=form.php?item/48761500.shtml HTTP/1.1" 200 13038 "-" "Mozilla/5.0 (Linux; Android 6.0.1; Nexus 5X Build/MMB29P) AppleWebKit/537.36 (KHTML, like Gecko) Chrome/137.0.7151.103 Mobile Safari/537.36 (compatible; Googlebot/2.1; +http://www.google.com/bot.html)"
66.249.79.64 - - [16/Jul/2025:05:57:27 +0000] "GET /?f=5330409061370&mod=f3a3d61b&uri=info.php?item/4083178.shtml HTTP/1.1" 200 13038 "-" "Mozilla/5.0 (Linux; Android 6.0.1; Nexus 5X Build/MMB29P) AppleWebKit/537.36 (KHTML, like Gecko) Chrome/137.0.7151.103 Mobile Safari/537.36 (compatible; Googlebot/2.1; +http://www.google.com/bot.html)"
66.249.79.64 - - [16/Jul/2025:05:57:31 +0000] "GET /?f=5329779031370&mod=f3a3d61b&uri=blog.php?item/56119008.shtml HTTP/1.1" 200 13038 "-" "Mozilla/5.0 (Linux; Android 6.0.1; Nexus 5X Build/MMB29P) AppleWebKit/537.36 (KHTML, like Gecko) Chrome/137.0.7151.103 Mobile Safari/537.36 (compatible; Googlebot/2.1; +http://www.google.com/bot.html)"
66.249.79.64 - - [16/Jul/2025:05:57:34 +0000] "GET /?f=5344599011370&mod=aebb462e&uri=form.php?item/52930846.shtml HTTP/1.1" 200 13038 "-" "Mozilla/5.0 (Linux; Android 6.0.1; Nexus 5X Build/MMB29P) AppleWebKit/537.36 (KHTML, like Gecko) Chrome/137.0.7151.103 Mobile Safari/537.36 (compatible; Googlebot/2.1; +http://www.google.com/bot.html)"
20.171.207.111 - - [16/Jul/2025:05:57:37 +0000] "GET /item/318205984.shtml HTTP/1.1" 404 12581 "-" "Mozilla/5.0 AppleWebKit/537.36 (KHTML, like Gecko; compatible; GPTBot/1.2; +https://openai.com/gptbot)"
66.249.79.64 - - [16/Jul/2025:05:57:47 +0000] "GET /?f=5330409061370&mod=f3a3d61b&uri=info.php?item/4104986.shtml HTTP/1.1" 200 13038 "-" "Mozilla/5.0 (Linux; Android 6.0.1; Nexus 5X Build/MMB29P) AppleWebKit/537.36 (KHTML, like Gecko) Chrome/137.0.7151.103 Mobile Safari/537.36 (compatible; Googlebot/2.1; +http://www.google.com/bot.html)"
66.249.79.64 - - [16/Jul/2025:05:57:48 +0000] "GET /?f=5344599011370&mod=aebb462e&uri=form.php?item/52919672.shtml HTTP/1.1" 200 13038 "-" "Mozilla/5.0 (Linux; Android 6.0.1; Nexus 5X Build/MMB29P) AppleWebKit/537.36 (KHTML, like Gecko) Chrome/137.0.7151.103 Mobile Safari/537.36 (compatible; Googlebot/2.1; +http://www.google.com/bot.html)"
66.249.79.64 - - [16/Jul/2025:05:57:54 +0000] "GET /?f=5330409061370&mod=f3a3d61b&uri=info.php?item/4112894.shtml HTTP/1.1" 200 13038 "-" "Mozilla/5.0 (Linux; Android 6.0.1; Nexus 5X Build/MMB29P) AppleWebKit/537.36 (KHTML, like Gecko) Chrome/137.0.7151.103 Mobile Safari/537.36 (compatible; Googlebot/2.1; +http://www.google.com/bot.html)"
66.249.79.64 - - [16/Jul/2025:05:57:55 +0000] "GET /?f=5344599011370&mod=aebb462e&uri=form.php?item/49235110.shtml HTTP/1.1" 200 13038 "-" "Mozilla/5.0 (Linux; Android 6.0.1; Nexus 5X Build/MMB29P) AppleWebKit/537.36 (KHTML, like Gecko) Chrome/137.0.7151.103 Mobile Safari/537.36 (compatible; Googlebot/2.1; +http://www.google.com/bot.html)"
66.249.79.64 - - [16/Jul/2025:05:57:56 +0000] "GET /?f=5344599011370&mod=aebb462e&uri=form.php?item/50730674.shtml HTTP/1.1" 200 13038 "-" "Mozilla/5.0 (Linux; Android 6.0.1; Nexus 5X Build/MMB29P) AppleWebKit/537.36 (KHTML, like Gecko) Chrome/137.0.7151.103 Mobile Safari/537.36 (compatible; Googlebot/2.1; +http://www.google.com/bot.html)"
66.249.79.65 - - [16/Jul/2025:05:58:04 +0000] "GET /?f=5330409061370&mod=f3a3d61b&uri=info.php?item/4117334.shtml HTTP/1.1" 200 13038 "-" "Mozilla/5.0 (Linux; Android 6.0.1; Nexus 5X Build/MMB29P) AppleWebKit/537.36 (KHTML, like Gecko) Chrome/137.0.7151.103 Mobile Safari/537.36 (compatible; Googlebot/2.1; +http://www.google.com/bot.html)"
209.74.77.214 - - [16/Jul/2025:05:58:12 +0000] "POST /wp-cron.php?doing_wp_cron=1752645492.6916639804840087890625 HTTP/1.1" 200 - "-" "WordPress/6.8.2; https://game-gainz.com"
66.249.79.64 - - [16/Jul/2025:05:58:12 +0000] "GET /?f=5344599011370&mod=aebb462e&uri=form.php?item/48764766.shtml HTTP/1.1" 200 13038 "-" "Mozilla/5.0 (Linux; Android 6.0.1; Nexus 5X Build/MMB29P) AppleWebKit/537.36 (KHTML, like Gecko) Chrome/137.0.7151.103 Mobile Safari/537.36 (compatible; Googlebot/2.1; +http://www.google.com/bot.html)"
66.249.79.64 - - [16/Jul/2025:05:58:15 +0000] "GET /?f=5330409061370&mod=f3a3d61b&uri=info.php?item/4118800.shtml HTTP/1.1" 200 13038 "-" "Mozilla/5.0 (Linux; Android 6.0.1; Nexus 5X Build/MMB29P) AppleWebKit/537.36 (KHTML, like Gecko) Chrome/137.0.7151.103 Mobile Safari/537.36 (compatible; Googlebot/2.1; +http://www.google.com/bot.html)"
66.249.79.64 - - [16/Jul/2025:05:58:23 +0000] "GET /?f=4922380141370&mod=9ce60c64&uri=shop.php?item/48293740.shtml HTTP/1.1" 200 13038 "-" "Mozilla/5.0 (Linux; Android 6.0.1; Nexus 5X Build/MMB29P) AppleWebKit/537.36 (KHTML, like Gecko) Chrome/137.0.7151.103 Mobile Safari/537.36 (compatible; Googlebot/2.1; +http://www.google.com/bot.html)"
66.249.79.64 - - [16/Jul/2025:05:58:27 +0000] "GET /?f=5330409061370&mod=f3a3d61b&uri=info.php?item/4146384.shtml HTTP/1.1" 200 13038 "-" "Mozilla/5.0 (Linux; Android 6.0.1; Nexus 5X Build/MMB29P) AppleWebKit/537.36 (KHTML, like Gecko) Chrome/137.0.7151.103 Mobile Safari/537.36 (compatible; Googlebot/2.1; +http://www.google.com/bot.html)"
66.249.79.64 - - [16/Jul/2025:05:58:36 +0000] "GET /?f=5451252011370&mod=15a50c8b&uri=product.php%3Fid%3D181986-59%26name%3Dabbigliamento+maschile+elegante HTTP/1.1" 200 13038 "-" "Mozilla/5.0 (Linux; Android 6.0.1; Nexus 5X Build/MMB29P) AppleWebKit/537.36 (KHTML, like Gecko) Chrome/137.0.7151.103 Mobile Safari/537.36 (compatible; Googlebot/2.1; +http://www.google.com/bot.html)"
66.249.79.64 - - [16/Jul/2025:05:58:38 +0000] "GET /?f=5361162021370&mod=b3b0b34e&uri=pin.php?product/edit/G3846348553 HTTP/1.1" 200 13038 "-" "Mozilla/5.0 (Linux; Android 6.0.1; Nexus 5X Build/MMB29P) AppleWebKit/537.36 (KHTML, like Gecko) Chrome/137.0.7151.103 Mobile Safari/537.36 (compatible; Googlebot/2.1; +http://www.google.com/bot.html)"
20.171.207.111 - - [16/Jul/2025:05:58:39 +0000] "GET /item/318723690.shtml HTTP/1.1" 404 12581 "-" "Mozilla/5.0 AppleWebKit/537.36 (KHTML, like Gecko; compatible; GPTBot/1.2; +https://openai.com/gptbot)"
66.249.79.64 - - [16/Jul/2025:05:58:40 +0000] "GET /?f=5330409061370&mod=f3a3d61b&uri=info.php?item/4144662.shtml HTTP/1.1" 200 13038 "-" "Mozilla/5.0 (Linux; Android 6.0.1; Nexus 5X Build/MMB29P) AppleWebKit/537.36 (KHTML, like Gecko) Chrome/137.0.7151.103 Mobile Safari/537.36 (compatible; Googlebot/2.1; +http://www.google.com/bot.html)"
66.249.79.64 - - [16/Jul/2025:05:58:52 +0000] "GET /?f=5330409061370&mod=f3a3d61b&uri=info.php?item/4121124.shtml HTTP/1.1" 200 13038 "-" "Mozilla/5.0 (Linux; Android 6.0.1; Nexus 5X Build/MMB29P) AppleWebKit/537.36 (KHTML, like Gecko) Chrome/137.0.7151.103 Mobile Safari/537.36 (compatible; Googlebot/2.1; +http://www.google.com/bot.html)"
66.249.79.66 - - [16/Jul/2025:05:59:05 +0000] "GET /?f=5330409061370&mod=f3a3d61b&uri=info.php?item/4117626.shtml HTTP/1.1" 200 13038 "-" "Mozilla/5.0 (Linux; Android 6.0.1; Nexus 5X Build/MMB29P) AppleWebKit/537.36 (KHTML, like Gecko) Chrome/137.0.7151.103 Mobile Safari/537.36 (compatible; Googlebot/2.1; +http://www.google.com/bot.html)"
209.74.77.214 - - [16/Jul/2025:05:59:24 +0000] "POST /wp-cron.php?doing_wp_cron=1752645564.5925109386444091796875 HTTP/1.1" 200 - "-" "WordPress/6.8.2; https://game-gainz.com"
66.249.79.64 - - [16/Jul/2025:05:59:24 +0000] "GET /?f=5330409061370&mod=f3a3d61b&uri=info.php?item/4128756.shtml HTTP/1.1" 200 13038 "-" "Mozilla/5.0 (Linux; Android 6.0.1; Nexus 5X Build/MMB29P) AppleWebKit/537.36 (KHTML, like Gecko) Chrome/137.0.7151.103 Mobile Safari/537.36 (compatible; Googlebot/2.1; +http://www.google.com/bot.html)"
66.249.79.64 - - [16/Jul/2025:05:59:30 +0000] "GET /?f=5330409061370&mod=f3a3d61b&uri=info.php?item/4081448.shtml HTTP/1.1" 200 13038 "-" "Mozilla/5.0 (Linux; Android 6.0.1; Nexus 5X Build/MMB29P) AppleWebKit/537.36 (KHTML, like Gecko) Chrome/137.0.7151.103 Mobile Safari/537.36 (compatible; Googlebot/2.1; +http://www.google.com/bot.html)"
20.171.207.111 - - [16/Jul/2025:05:59:44 +0000] "GET /item/1663705984.shtml HTTP/1.1" 404 12581 "-" "Mozilla/5.0 AppleWebKit/537.36 (KHTML, like Gecko; compatible; GPTBot/1.2; +https://openai.com/gptbot)"
66.249.79.64 - - [16/Jul/2025:05:59:48 +0000] "GET /?f=5330409061370&mod=f3a3d61b&uri=info.php?item/4079108.shtml HTTP/1.1" 200 13038 "-" "Mozilla/5.0 (Linux; Android 6.0.1; Nexus 5X Build/MMB29P) AppleWebKit/537.36 (KHTML, like Gecko) Chrome/137.0.7151.103 Mobile Safari/537.36 (compatible; Googlebot/2.1; +http://www.google.com/bot.html)"
66.249.79.64 - - [16/Jul/2025:05:59:54 +0000] "GET /?f=5330409061370&mod=f3a3d61b&uri=info.php?item/4080562.shtml HTTP/1.1" 200 13038 "-" "Mozilla/5.0 (Linux; Android 6.0.1; Nexus 5X Build/MMB29P) AppleWebKit/537.36 (KHTML, like Gecko) Chrome/137.0.7151.103 Mobile Safari/537.36 (compatible; Googlebot/2.1; +http://www.google.com/bot.html)"
209.74.77.214 - - [16/Jul/2025:06:00:13 +0000] "POST /wp-cron.php?doing_wp_cron=1752645613.8342409133911132812500 HTTP/1.1" 200 - "-" "WordPress/6.8.2; https://game-gainz.com"
66.249.79.64 - - [16/Jul/2025:06:00:13 +0000] "GET /?f=5330409061370&mod=f3a3d61b&uri=info.php?item/4148708.shtml HTTP/1.1" 200 13036 "-" "Mozilla/5.0 (Linux; Android 6.0.1; Nexus 5X Build/MMB29P) AppleWebKit/537.36 (KHTML, like Gecko) Chrome/137.0.7151.103 Mobile Safari/537.36 (compatible; Googlebot/2.1; +http://www.google.com/bot.html)"
66.249.79.65 - - [16/Jul/2025:06:00:16 +0000] "GET /?f=5330409061370&mod=f3a3d61b&uri=info.php?item/1252363144.shtml HTTP/1.1" 200 13036 "-" "Mozilla/5.0 (Linux; Android 6.0.1; Nexus 5X Build/MMB29P) AppleWebKit/537.36 (KHTML, like Gecko) Chrome/137.0.7151.103 Mobile Safari/537.36 (compatible; Googlebot/2.1; +http://www.google.com/bot.html)"
66.249.79.65 - - [16/Jul/2025:06:00:18 +0000] "GET /?f=5344599011370&mod=aebb462e&uri=form.php?item/52595552.shtml HTTP/1.1" 200 13036 "-" "Mozilla/5.0 (Linux; Android 6.0.1; Nexus 5X Build/MMB29P) AppleWebKit/537.36 (KHTML, like Gecko) Chrome/137.0.7151.103 Mobile Safari/537.36 (compatible; Googlebot/2.1; +http://www.google.com/bot.html)"
66.249.79.64 - - [16/Jul/2025:06:00:19 +0000] "GET /?f=5330409061370&mod=f3a3d61b&uri=info.php?item/4122578.shtml HTTP/1.1" 200 13036 "-" "Mozilla/5.0 (Linux; Android 6.0.1; Nexus 5X Build/MMB29P) AppleWebKit/537.36 (KHTML, like Gecko) Chrome/137.0.7151.103 Mobile Safari/537.36 (compatible; Googlebot/2.1; +http://www.google.com/bot.html)"
209.74.77.214 - - [16/Jul/2025:06:00:29 +0000] "POST /wp-cron.php?doing_wp_cron=1752645629.3622159957885742187500 HTTP/1.1" 200 - "-" "WordPress/6.8.2; https://game-gainz.com"
66.249.79.64 - - [16/Jul/2025:06:00:29 +0000] "GET /?f=5330409061370&mod=f3a3d61b&uri=info.php?item/4142530.shtml HTTP/1.1" 200 13037 "-" "Mozilla/5.0 (Linux; Android 6.0.1; Nexus 5X Build/MMB29P) AppleWebKit/537.36 (KHTML, like Gecko) Chrome/137.0.7151.103 Mobile Safari/537.36 (compatible; Googlebot/2.1; +http://www.google.com/bot.html)"
66.249.79.64 - - [16/Jul/2025:06:00:41 +0000] "GET /?f=5330409061370&mod=f3a3d61b&uri=info.php?item/4147278.shtml HTTP/1.1" 200 13037 "-" "Mozilla/5.0 (Linux; Android 6.0.1; Nexus 5X Build/MMB29P) AppleWebKit/537.36 (KHTML, like Gecko) Chrome/137.0.7151.103 Mobile Safari/537.36 (compatible; Googlebot/2.1; +http://www.google.com/bot.html)"
20.171.207.111 - - [16/Jul/2025:06:00:48 +0000] "GET /item/1663879052.shtml HTTP/1.1" 404 12581 "-" "Mozilla/5.0 AppleWebKit/537.36 (KHTML, like Gecko; compatible; GPTBot/1.2; +https://openai.com/gptbot)"
66.249.79.64 - - [16/Jul/2025:06:00:53 +0000] "GET /?f=5330409061370&mod=f3a3d61b&uri=info.php?item/4093796.shtml HTTP/1.1" 200 13037 "-" "Mozilla/5.0 (Linux; Android 6.0.1; Nexus 5X Build/MMB29P) AppleWebKit/537.36 (KHTML, like Gecko) Chrome/137.0.7151.103 Mobile Safari/537.36 (compatible; Googlebot/2.1; +http://www.google.com/bot.html)"
66.249.79.66 - - [16/Jul/2025:06:01:06 +0000] "GET /?f=5330409061370&mod=f3a3d61b&uri=info.php?item/4106692.shtml HTTP/1.1" 200 13038 "-" "Mozilla/5.0 (Linux; Android 6.0.1; Nexus 5X Build/MMB29P) AppleWebKit/537.36 (KHTML, like Gecko) Chrome/137.0.7151.103 Mobile Safari/537.36 (compatible; Googlebot/2.1; +http://www.google.com/bot.html)"
66.249.79.64 - - [16/Jul/2025:06:01:07 +0000] "GET /?f=5449092091370&mod=15a50c8b&uri=shop.php?item/55836070.shtml HTTP/1.1" 200 13038 "-" "Mozilla/5.0 (Linux; Android 6.0.1; Nexus 5X Build/MMB29P) AppleWebKit/537.36 (KHTML, like Gecko) Chrome/137.0.7151.103 Mobile Safari/537.36 (compatible; Googlebot/2.1; +http://www.google.com/bot.html)"
209.74.77.214 - - [16/Jul/2025:06:01:17 +0000] "POST /wp-cron.php?doing_wp_cron=1752645677.3870849609375000000000 HTTP/1.1" 200 - "-" "WordPress/6.8.2; https://game-gainz.com"
66.249.79.64 - - [16/Jul/2025:06:01:17 +0000] "GET /?f=5330409061370&mod=f3a3d61b&uri=info.php?item/4147002.shtml HTTP/1.1" 200 13038 "-" "Mozilla/5.0 (Linux; Android 6.0.1; Nexus 5X Build/MMB29P) AppleWebKit/537.36 (KHTML, like Gecko) Chrome/137.0.7151.103 Mobile Safari/537.36 (compatible; Googlebot/2.1; +http://www.google.com/bot.html)"
66.249.79.64 - - [16/Jul/2025:06:01:22 +0000] "GET /?f=5361162021370&mod=b3b0b34e&uri=pin.php?item/677542626.shtml HTTP/1.1" 200 13038 "-" "Mozilla/5.0 (Linux; Android 6.0.1; Nexus 5X Build/MMB29P) AppleWebKit/537.36 (KHTML, like Gecko) Chrome/137.0.7151.103 Mobile Safari/537.36 (compatible; Googlebot/2.1; +http://www.google.com/bot.html)"
66.249.79.64 - - [16/Jul/2025:06:01:29 +0000] "GET /?f=5330409061370&mod=f3a3d61b&uri=info.php?item/4129634.shtml HTTP/1.1" 200 13038 "-" "Mozilla/5.0 (Linux; Android 6.0.1; Nexus 5X Build/MMB29P) AppleWebKit/537.36 (KHTML, like Gecko) Chrome/137.0.7151.103 Mobile Safari/537.36 (compatible; Googlebot/2.1; +http://www.google.com/bot.html)"
66.249.79.64 - - [16/Jul/2025:06:01:36 +0000] "GET /?f=5344599011370&mod=aebb462e&uri=form.php?item/4077934.shtml HTTP/1.1" 200 13038 "-" "Mozilla/5.0 (Linux; Android 6.0.1; Nexus 5X Build/MMB29P) AppleWebKit/537.36 (KHTML, like Gecko) Chrome/137.0.7151.103 Mobile Safari/537.36 (compatible; Googlebot/2.1; +http://www.google.com/bot.html)"
66.249.79.64 - - [16/Jul/2025:06:01:41 +0000] "GET /?f=5330409061370&mod=f3a3d61b&uri=info.php?item/4102902.shtml HTTP/1.1" 200 13038 "-" "Mozilla/5.0 (Linux; Android 6.0.1; Nexus 5X Build/MMB29P) AppleWebKit/537.36 (KHTML, like Gecko) Chrome/137.0.7151.103 Mobile Safari/537.36 (compatible; Googlebot/2.1; +http://www.google.com/bot.html)"
66.249.79.64 - - [16/Jul/2025:06:01:47 +0000] "GET /?f=5344599011370&mod=aebb462e&uri=form.php?item/52896398.shtml HTTP/1.1" 200 13038 "-" "Mozilla/5.0 (Linux; Android 6.0.1; Nexus 5X Build/MMB29P) AppleWebKit/537.36 (KHTML, like Gecko) Chrome/137.0.7151.103 Mobile Safari/537.36 (compatible; Googlebot/2.1; +http://www.google.com/bot.html)"
20.171.207.111 - - [16/Jul/2025:06:01:50 +0000] "GET /item/1663527980.shtml HTTP/1.1" 404 12581 "-" "Mozilla/5.0 AppleWebKit/537.36 (KHTML, like Gecko; compatible; GPTBot/1.2; +https://openai.com/gptbot)"
66.249.79.64 - - [16/Jul/2025:06:01:51 +0000] "GET /?f=5361162021370&mod=b3b0b34e&uri=pin.php?item/52541528.shtml HTTP/1.1" 200 13038 "-" "Mozilla/5.0 (Linux; Android 6.0.1; Nexus 5X Build/MMB29P) AppleWebKit/537.36 (KHTML, like Gecko) Chrome/137.0.7151.103 Mobile Safari/537.36 (compatible; Googlebot/2.1; +http://www.google.com/bot.html)"
66.249.79.64 - - [16/Jul/2025:06:01:53 +0000] "GET /?f=4608764041370&mod=f5d5acb2&uri=brands.php?item/5482090.shtml HTTP/1.1" 200 13038 "-" "Mozilla/5.0 (Linux; Android 6.0.1; Nexus 5X Build/MMB29P) AppleWebKit/537.36 (KHTML, like Gecko) Chrome/137.0.7151.103 Mobile Safari/537.36 (compatible; Googlebot/2.1; +http://www.google.com/bot.html)"
209.74.77.214 - - [16/Jul/2025:06:02:22 +0000] "POST /wp-cron.php?doing_wp_cron=1752645742.0828540325164794921875 HTTP/1.1" 200 - "-" "WordPress/6.8.2; https://game-gainz.com"
66.249.79.65 - - [16/Jul/2025:06:02:22 +0000] "GET /?f=4608764041370&mod=f5d5acb2&uri=brands.php?item/5484994.shtml HTTP/1.1" 200 13038 "-" "Mozilla/5.0 (Linux; Android 6.0.1; Nexus 5X Build/MMB29P) AppleWebKit/537.36 (KHTML, like Gecko) Chrome/137.0.7151.103 Mobile Safari/537.36 (compatible; Googlebot/2.1; +http://www.google.com/bot.html)"
66.249.79.64 - - [16/Jul/2025:06:02:25 +0000] "GET /?f=5361162021370&mod=b3b0b34e&uri=pin.php?item/55881940.shtml HTTP/1.1" 200 13038 "-" "Mozilla/5.0 (Linux; Android 6.0.1; Nexus 5X Build/MMB29P) AppleWebKit/537.36 (KHTML, like Gecko) Chrome/137.0.7151.103 Mobile Safari/537.36 (compatible; Googlebot/2.1; +http://www.google.com/bot.html)"
66.249.79.64 - - [16/Jul/2025:06:02:28 +0000] "GET /?f=5488356021370&mod=48f27972&uri=dp.php?item/58903874.shtml HTTP/1.1" 200 13038 "-" "Mozilla/5.0 (Linux; Android 6.0.1; Nexus 5X Build/MMB29P) AppleWebKit/537.36 (KHTML, like Gecko) Chrome/137.0.7151.103 Mobile Safari/537.36 (compatible; Googlebot/2.1; +http://www.google.com/bot.html)"
66.249.79.64 - - [16/Jul/2025:06:02:34 +0000] "GET /?f=5488356021370&mod=48f27972&uri=dp.php?item/58912988.shtml HTTP/1.1" 200 13038 "-" "Mozilla/5.0 (Linux; Android 6.0.1; Nexus 5X Build/MMB29P) AppleWebKit/537.36 (KHTML, like Gecko) Chrome/137.0.7151.103 Mobile Safari/537.36 (compatible; Googlebot/2.1; +http://www.google.com/bot.html)"
66.249.79.64 - - [16/Jul/2025:06:02:49 +0000] "GET /?f=5330409061370&mod=f3a3d61b&uri=info.php?item/4114946.shtml HTTP/1.1" 200 13038 "-" "Mozilla/5.0 (Linux; Android 6.0.1; Nexus 5X Build/MMB29P) AppleWebKit/537.36 (KHTML, like Gecko) Chrome/137.0.7151.103 Mobile Safari/537.36 (compatible; Googlebot/2.1; +http://www.google.com/bot.html)"
20.171.207.111 - - [16/Jul/2025:06:02:52 +0000] "GET /item/1663527094.shtml HTTP/1.1" 404 12581 "-" "Mozilla/5.0 AppleWebKit/537.36 (KHTML, like Gecko; compatible; GPTBot/1.2; +https://openai.com/gptbot)"
66.249.79.64 - - [16/Jul/2025:06:02:56 +0000] "GET /?f=5330409061370&mod=f3a3d61b&uri=info.php?item/4105262.shtml HTTP/1.1" 200 13038 "-" "Mozilla/5.0 (Linux; Android 6.0.1; Nexus 5X Build/MMB29P) AppleWebKit/537.36 (KHTML, like Gecko) Chrome/137.0.7151.103 Mobile Safari/537.36 (compatible; Googlebot/2.1; +http://www.google.com/bot.html)"
209.74.77.214 - - [16/Jul/2025:06:03:24 +0000] "POST /wp-cron.php?doing_wp_cron=1752645804.2478740215301513671875 HTTP/1.1" 200 - "-" "WordPress/6.8.2; https://game-gainz.com"
