66.249.79.64 - - [15/Jul/2025:21:43:23 +0000] "GET /?f=5518564051370&mod=6f39194d&uri=us.php?feature/yokohama_maruicity/index.html HTTP/1.1" 200 20349 "-" "Mozilla/5.0 (Linux; Android 6.0.1; Nexus 5X Build/MMB29P) AppleWebKit/537.36 (KHTML, like Gecko) Chrome/137.0.7151.103 Mobile Safari/537.36 (compatible; Googlebot/2.1; +http://www.google.com/bot.html)"
66.249.79.64 - - [15/Jul/2025:21:43:34 +0000] "POST /get-message-notify HTTP/1.1" 200 19357 "http://game-gainz.com/?f=5518564051370&mod=6f39194d&uri=us.php?feature/yokohama_maruicity/index.html" "Mozilla/5.0 (Linux; Android 6.0.1; Nexus 5X Build/MMB29P) AppleWebKit/537.36 (KHTML, like Gecko) Chrome/137.0.7151.119 Mobile Safari/537.36 (compatible; Googlebot/2.1; +http://www.google.com/bot.html)"
66.249.79.64 - - [15/Jul/2025:21:43:40 +0000] "GET /?f=5329779031370&mod=f3a3d61b&uri=blog.php?item/2832122.shtml HTTP/1.1" 200 18992 "-" "Mozilla/5.0 (Linux; Android 6.0.1; Nexus 5X Build/MMB29P) AppleWebKit/537.36 (KHTML, like Gecko) Chrome/137.0.7151.103 Mobile Safari/537.36 (compatible; Googlebot/2.1; +http://www.google.com/bot.html)"
66.249.79.64 - - [15/Jul/2025:21:43:42 +0000] "GET /?f=5344599011370&mod=aebb462e&uri=form.php?item/4138748.shtml HTTP/1.1" 200 19661 "-" "Mozilla/5.0 (Linux; Android 6.0.1; Nexus 5X Build/MMB29P) AppleWebKit/537.36 (KHTML, like Gecko) Chrome/137.0.7151.103 Mobile Safari/537.36 (compatible; Googlebot/2.1; +http://www.google.com/bot.html)"
66.249.79.64 - - [15/Jul/2025:21:43:50 +0000] "GET /?f=5329779031370&mod=f3a3d61b&uri=blog.php?toreka/figure_menu.html HTTP/1.1" 200 19684 "-" "Mozilla/5.0 (Linux; Android 6.0.1; Nexus 5X Build/MMB29P) AppleWebKit/537.36 (KHTML, like Gecko) Chrome/137.0.7151.103 Mobile Safari/537.36 (compatible; Googlebot/2.1; +http://www.google.com/bot.html)"
66.249.79.65 - - [15/Jul/2025:21:44:22 +0000] "POST /get-message-notify HTTP/1.1" 200 19357 "http://game-gainz.com/?f=5344599011370&mod=aebb462e&uri=form.php?item/4138748.shtml" "Mozilla/5.0 (Linux; Android 6.0.1; Nexus 5X Build/MMB29P) AppleWebKit/537.36 (KHTML, like Gecko) Chrome/137.0.7151.119 Mobile Safari/537.36 (compatible; Googlebot/2.1; +http://www.google.com/bot.html)"
66.249.79.64 - - [15/Jul/2025:21:46:22 +0000] "GET /?f=5518564051370&mod=6f39194d&uri=us.php?item/2827394.shtml HTTP/1.1" 200 21259 "-" "Mozilla/5.0 (Linux; Android 6.0.1; Nexus 5X Build/MMB29P) AppleWebKit/537.36 (KHTML, like Gecko) Chrome/137.0.7151.103 Mobile Safari/537.36 (compatible; Googlebot/2.1; +http://www.google.com/bot.html)"
66.249.79.64 - - [15/Jul/2025:21:46:58 +0000] "GET /?f=5361162021370&mod=b3b0b34e&uri=pin.php?item/573765118.shtml HTTP/1.1" 200 21785 "-" "Mozilla/5.0 (Linux; Android 6.0.1; Nexus 5X Build/MMB29P) AppleWebKit/537.36 (KHTML, like Gecko) Chrome/137.0.7151.103 Mobile Safari/537.36 (compatible; Googlebot/2.1; +http://www.google.com/bot.html)"
66.249.79.64 - - [15/Jul/2025:21:47:06 +0000] "GET /?f=5025587031370&mod=67a4b0f5&uri=info.php?item/52045830.shtml HTTP/1.1" 200 19250 "-" "Mozilla/5.0 (Linux; Android 6.0.1; Nexus 5X Build/MMB29P) AppleWebKit/537.36 (KHTML, like Gecko) Chrome/137.0.7151.103 Mobile Safari/537.36 (compatible; Googlebot/2.1; +http://www.google.com/bot.html)"
66.249.79.66 - - [15/Jul/2025:21:48:25 +0000] "POST /get-message-notify HTTP/1.1" 200 19357 "http://game-gainz.com/?f=5329779031370&mod=f3a3d61b&uri=blog.php?item/56785170.shtml" "Mozilla/5.0 (Linux; Android 6.0.1; Nexus 5X Build/MMB29P) AppleWebKit/537.36 (KHTML, like Gecko) Chrome/137.0.7151.119 Mobile Safari/537.36 (compatible; Googlebot/2.1; +http://www.google.com/bot.html)"
66.249.79.65 - - [15/Jul/2025:21:49:24 +0000] "GET /?f=5518564051370&mod=6f39194d&uri=us.php?item/2825920.shtml HTTP/1.1" 200 18912 "-" "Mozilla/5.0 (Linux; Android 6.0.1; Nexus 5X Build/MMB29P) AppleWebKit/537.36 (KHTML, like Gecko) Chrome/137.0.7151.103 Mobile Safari/537.36 (compatible; Googlebot/2.1; +http://www.google.com/bot.html)"
66.249.79.65 - - [15/Jul/2025:21:49:26 +0000] "GET /?f=5344599011370&mod=aebb462e&uri=form.php?item/56180716.shtml HTTP/1.1" 200 20175 "-" "Mozilla/5.0 (Linux; Android 6.0.1; Nexus 5X Build/MMB29P) AppleWebKit/537.36 (KHTML, like Gecko) Chrome/137.0.7151.103 Mobile Safari/537.36 (compatible; Googlebot/2.1; +http://www.google.com/bot.html)"
66.249.79.64 - - [15/Jul/2025:21:49:46 +0000] "POST /get-message-notify HTTP/1.1" 200 19357 "http://game-gainz.com/?f=5518564051370&mod=6f39194d&uri=us.php?item/2825920.shtml" "Mozilla/5.0 (Linux; Android 6.0.1; Nexus 5X Build/MMB29P) AppleWebKit/537.36 (KHTML, like Gecko) Chrome/137.0.7151.119 Mobile Safari/537.36 (compatible; Googlebot/2.1; +http://www.google.com/bot.html)"
66.249.79.65 - - [15/Jul/2025:21:51:35 +0000] "GET /?f=5344599011370&mod=aebb462e&uri=form.php?item/2834514.shtml HTTP/1.1" 200 20960 "-" "Mozilla/5.0 (Linux; Android 6.0.1; Nexus 5X Build/MMB29P) AppleWebKit/537.36 (KHTML, like Gecko) Chrome/137.0.7151.103 Mobile Safari/537.36 (compatible; Googlebot/2.1; +http://www.google.com/bot.html)"
209.74.77.214 - - [15/Jul/2025:21:51:52 +0000] "POST /wp-cron.php?doing_wp_cron=1752616312.5387670993804931640625 HTTP/1.1" 200 - "-" "WordPress/6.8.1; https://game-gainz.com"
43.157.95.131 - - [15/Jul/2025:21:51:51 +0000] "GET / HTTP/1.1" 200 12983 "-" "Mozilla/5.0 (iPhone; CPU iPhone OS 13_2_3 like Mac OS X) AppleWebKit/605.1.15 (KHTML, like Gecko) Version/13.0.3 Mobile/15E148 Safari/604.1"
66.249.79.66 - - [15/Jul/2025:21:52:25 +0000] "GET /?f=5518564051370&mod=6f39194d&uri=us.php?item/2800066.shtml HTTP/1.1" 200 18928 "-" "Mozilla/5.0 (Linux; Android 6.0.1; Nexus 5X Build/MMB29P) AppleWebKit/537.36 (KHTML, like Gecko) Chrome/137.0.7151.103 Mobile Safari/537.36 (compatible; Googlebot/2.1; +http://www.google.com/bot.html)"
66.249.79.64 - - [15/Jul/2025:21:52:37 +0000] "POST /get-message-notify HTTP/1.1" 200 19357 "http://game-gainz.com/?f=5518564051370&mod=6f39194d&uri=us.php?item/2800066.shtml" "Mozilla/5.0 (Linux; Android 6.0.1; Nexus 5X Build/MMB29P) AppleWebKit/537.36 (KHTML, like Gecko) Chrome/137.0.7151.119 Mobile Safari/537.36 (compatible; Googlebot/2.1; +http://www.google.com/bot.html)"
66.249.79.65 - - [15/Jul/2025:21:54:02 +0000] "GET /?f=5344599011370&mod=aebb462e&uri=form.php?item/2822130.shtml HTTP/1.1" 200 19484 "-" "Mozilla/5.0 (Linux; Android 6.0.1; Nexus 5X Build/MMB29P) AppleWebKit/537.36 (KHTML, like Gecko) Chrome/137.0.7151.103 Mobile Safari/537.36 (compatible; Googlebot/2.1; +http://www.google.com/bot.html)"
66.249.79.66 - - [15/Jul/2025:21:55:26 +0000] "GET /?f=5518564051370&mod=6f39194d&uri=us.php?item/2870360.shtml HTTP/1.1" 200 19161 "-" "Mozilla/5.0 (Linux; Android 6.0.1; Nexus 5X Build/MMB29P) AppleWebKit/537.36 (KHTML, like Gecko) Chrome/137.0.7151.103 Mobile Safari/537.36 (compatible; Googlebot/2.1; +http://www.google.com/bot.html)"
66.249.79.64 - - [15/Jul/2025:21:55:39 +0000] "GET /?f=4562781051370&mod=5f7733de&uri=news.php?item/2815960.shtml HTTP/1.1" 200 19711 "-" "Mozilla/5.0 (Linux; Android 6.0.1; Nexus 5X Build/MMB29P) AppleWebKit/537.36 (KHTML, like Gecko) Chrome/137.0.7151.103 Mobile Safari/537.36 (compatible; Googlebot/2.1; +http://www.google.com/bot.html)"
66.249.79.65 - - [15/Jul/2025:21:56:13 +0000] "GET /?f=4982807011370&mod=dbfff4b2&uri=info.php?item/53871608.shtml HTTP/1.1" 200 20317 "-" "Mozilla/5.0 (Linux; Android 6.0.1; Nexus 5X Build/MMB29P) AppleWebKit/537.36 (KHTML, like Gecko) Chrome/137.0.7151.103 Mobile Safari/537.36 (compatible; Googlebot/2.1; +http://www.google.com/bot.html)"
66.249.79.64 - - [15/Jul/2025:21:58:28 +0000] "GET /?f=5518564051370&mod=6f39194d&uri=us.php?item/2857110.shtml HTTP/1.1" 200 21290 "-" "Mozilla/5.0 (Linux; Android 6.0.1; Nexus 5X Build/MMB29P) AppleWebKit/537.36 (KHTML, like Gecko) Chrome/137.0.7151.103 Mobile Safari/537.36 (compatible; Googlebot/2.1; +http://www.google.com/bot.html)"
66.249.79.64 - - [15/Jul/2025:21:59:18 +0000] "GET /?f=5132096001370&mod=e6e9099e&uri=itm.php?item/2863890.shtml HTTP/1.1" 200 19305 "-" "Mozilla/5.0 (Linux; Android 6.0.1; Nexus 5X Build/MMB29P) AppleWebKit/537.36 (KHTML, like Gecko) Chrome/137.0.7151.103 Mobile Safari/537.36 (compatible; Googlebot/2.1; +http://www.google.com/bot.html)"
66.249.79.65 - - [15/Jul/2025:22:01:13 +0000] "GET /?f=4608764041370&mod=f5d5acb2&uri=brands.php?item/2803920.shtml HTTP/1.1" 200 19343 "-" "Mozilla/5.0 (Linux; Android 6.0.1; Nexus 5X Build/MMB29P) AppleWebKit/537.36 (KHTML, like Gecko) Chrome/137.0.7151.103 Mobile Safari/537.36 (compatible; Googlebot/2.1; +http://www.google.com/bot.html)"
66.249.79.64 - - [15/Jul/2025:22:01:19 +0000] "POST /get-message-notify HTTP/1.1" 200 19357 "http://game-gainz.com/?f=4608764041370&mod=f5d5acb2&uri=brands.php?item/2803920.shtml" "Mozilla/5.0 (Linux; Android 6.0.1; Nexus 5X Build/MMB29P) AppleWebKit/537.36 (KHTML, like Gecko) Chrome/137.0.7151.119 Mobile Safari/537.36 (compatible; Googlebot/2.1; +http://www.google.com/bot.html)"
66.249.79.64 - - [15/Jul/2025:22:01:39 +0000] "GET /?f=5361162021370&mod=b3b0b34e&uri=pin.php?item/573721372.shtml HTTP/1.1" 200 22059 "-" "Mozilla/5.0 (Linux; Android 6.0.1; Nexus 5X Build/MMB29P) AppleWebKit/537.36 (KHTML, like Gecko) Chrome/137.0.7151.103 Mobile Safari/537.36 (compatible; Googlebot/2.1; +http://www.google.com/bot.html)"
66.249.79.65 - - [15/Jul/2025:22:03:16 +0000] "GET /?f=5344599011370&mod=aebb462e&uri=form.php?item/1350238442.shtml HTTP/1.1" 200 19928 "-" "Mozilla/5.0 (Linux; Android 6.0.1; Nexus 5X Build/MMB29P) AppleWebKit/537.36 (KHTML, like Gecko) Chrome/137.0.7151.103 Mobile Safari/537.36 (compatible; Googlebot/2.1; +http://www.google.com/bot.html)"
66.249.79.64 - - [15/Jul/2025:22:03:17 +0000] "GET /?f=5329779031370&mod=f3a3d61b&uri=blog.php?vintagegame.html HTTP/1.1" 200 19143 "-" "Mozilla/5.0 (Linux; Android 6.0.1; Nexus 5X Build/MMB29P) AppleWebKit/537.36 (KHTML, like Gecko) Chrome/137.0.7151.103 Mobile Safari/537.36 (compatible; Googlebot/2.1; +http://www.google.com/bot.html)"
66.249.79.64 - - [15/Jul/2025:22:03:57 +0000] "GET /?f=5361162021370&mod=b3b0b34e&uri=pin.php?events/ HTTP/1.1" 200 19965 "-" "Mozilla/5.0 (Linux; Android 6.0.1; Nexus 5X Build/MMB29P) AppleWebKit/537.36 (KHTML, like Gecko) Chrome/137.0.7151.103 Mobile Safari/537.36 (compatible; Googlebot/2.1; +http://www.google.com/bot.html)"
66.249.79.66 - - [15/Jul/2025:22:04:05 +0000] "POST /get-message-notify HTTP/1.1" 200 19357 "http://game-gainz.com/?f=5361162021370&mod=b3b0b34e&uri=pin.php?events/" "Mozilla/5.0 (Linux; Android 6.0.1; Nexus 5X Build/MMB29P) AppleWebKit/537.36 (KHTML, like Gecko) Chrome/137.0.7151.119 Mobile Safari/537.36 (compatible; Googlebot/2.1; +http://www.google.com/bot.html)"
66.249.79.65 - - [15/Jul/2025:22:04:16 +0000] "GET /?f=4878597111370&mod=7ee88a99&uri=goods.php%3Fid%3D162870-297%26name%3Ddog+throwing+up+from+heat HTTP/1.1" 200 19826 "-" "Mozilla/5.0 (Linux; Android 6.0.1; Nexus 5X Build/MMB29P) AppleWebKit/537.36 (KHTML, like Gecko) Chrome/137.0.7151.103 Mobile Safari/537.36 (compatible; Googlebot/2.1; +http://www.google.com/bot.html)"
66.249.79.64 - - [15/Jul/2025:22:04:19 +0000] "POST /get-message-notify HTTP/1.1" 200 19357 "http://game-gainz.com/?f=4878597111370&mod=7ee88a99&uri=goods.php%3Fid%3D162870-297%26name%3Ddog+throwing+up+from+heat" "Mozilla/5.0 (Linux; Android 6.0.1; Nexus 5X Build/MMB29P) AppleWebKit/537.36 (KHTML, like Gecko) Chrome/137.0.7151.119 Mobile Safari/537.36 (compatible; Googlebot/2.1; +http://www.google.com/bot.html)"
66.249.79.64 - - [15/Jul/2025:22:04:32 +0000] "GET /?f=5132096001370&mod=e6e9099e&uri=itm.php?product/edit/G2059220039 HTTP/1.1" 200 20055 "-" "Mozilla/5.0 (Linux; Android 6.0.1; Nexus 5X Build/MMB29P) AppleWebKit/537.36 (KHTML, like Gecko) Chrome/137.0.7151.103 Mobile Safari/537.36 (compatible; Googlebot/2.1; +http://www.google.com/bot.html)"
66.249.79.64 - - [15/Jul/2025:22:07:34 +0000] "GET /?f=5329779031370&mod=f3a3d61b&uri=blog.php?item/49170498.shtml HTTP/1.1" 200 21519 "-" "Mozilla/5.0 (Linux; Android 6.0.1; Nexus 5X Build/MMB29P) AppleWebKit/537.36 (KHTML, like Gecko) Chrome/137.0.7151.103 Mobile Safari/537.36 (compatible; Googlebot/2.1; +http://www.google.com/bot.html)"
66.249.79.66 - - [15/Jul/2025:22:10:22 +0000] "GET /?f=4922380141370&mod=9ce60c64&uri=shop.php%3Fid%3D164331-299%26name%3Dsheath+dress+with+pockets HTTP/1.1" 200 19794 "-" "Mozilla/5.0 (Linux; Android 6.0.1; Nexus 5X Build/MMB29P) AppleWebKit/537.36 (KHTML, like Gecko) Chrome/137.0.7151.103 Mobile Safari/537.36 (compatible; Googlebot/2.1; +http://www.google.com/bot.html)"
66.249.79.64 - - [15/Jul/2025:22:10:31 +0000] "POST /get-message-notify HTTP/1.1" 200 19357 "http://game-gainz.com/?f=4922380141370&mod=9ce60c64&uri=shop.php%3Fid%3D164331-299%26name%3Dsheath+dress+with+pockets" "Mozilla/5.0 (Linux; Android 6.0.1; Nexus 5X Build/MMB29P) AppleWebKit/537.36 (KHTML, like Gecko) Chrome/137.0.7151.119 Mobile Safari/537.36 (compatible; Googlebot/2.1; +http://www.google.com/bot.html)"
66.249.79.64 - - [15/Jul/2025:22:10:36 +0000] "GET /?f=5025587031370&mod=67a4b0f5&uri=info.php?product/edit/G1970759751 HTTP/1.1" 200 18912 "-" "Mozilla/5.0 (Linux; Android 6.0.1; Nexus 5X Build/MMB29P) AppleWebKit/537.36 (KHTML, like Gecko) Chrome/137.0.7151.103 Mobile Safari/537.36 (compatible; Googlebot/2.1; +http://www.google.com/bot.html)"
66.249.79.64 - - [15/Jul/2025:22:10:38 +0000] "GET /?f=5344599011370&mod=aebb462e&uri=form.php?item/50004904.shtml HTTP/1.1" 200 19192 "-" "Mozilla/5.0 (Linux; Android 6.0.1; Nexus 5X Build/MMB29P) AppleWebKit/537.36 (KHTML, like Gecko) Chrome/137.0.7151.103 Mobile Safari/537.36 (compatible; Googlebot/2.1; +http://www.google.com/bot.html)"
66.249.79.64 - - [15/Jul/2025:22:10:49 +0000] "GET /?f=4564611111370&mod=5f7733de&uri=shared.php?man/kaitori/ansin.html HTTP/1.1" 200 20283 "-" "Mozilla/5.0 (Linux; Android 6.0.1; Nexus 5X Build/MMB29P) AppleWebKit/537.36 (KHTML, like Gecko) Chrome/137.0.7151.103 Mobile Safari/537.36 (compatible; Googlebot/2.1; +http://www.google.com/bot.html)"
66.249.79.64 - - [15/Jul/2025:22:10:53 +0000] "POST /get-message-notify HTTP/1.1" 200 19357 "http://game-gainz.com/?f=5025587031370&mod=67a4b0f5&uri=info.php?product/edit/G1970759751" "Mozilla/5.0 (Linux; Android 6.0.1; Nexus 5X Build/MMB29P) AppleWebKit/537.36 (KHTML, like Gecko) Chrome/137.0.7151.119 Mobile Safari/537.36 (compatible; Googlebot/2.1; +http://www.google.com/bot.html)"
66.249.79.64 - - [15/Jul/2025:22:12:04 +0000] "GET /?f=5329779031370&mod=f3a3d61b&uri=blog.php?item/49239582.shtml HTTP/1.1" 200 21552 "-" "Mozilla/5.0 (Linux; Android 6.0.1; Nexus 5X Build/MMB29P) AppleWebKit/537.36 (KHTML, like Gecko) Chrome/137.0.7151.103 Mobile Safari/537.36 (compatible; Googlebot/2.1; +http://www.google.com/bot.html)"
66.249.79.64 - - [15/Jul/2025:22:12:34 +0000] "GET /?f=5329779031370&mod=f3a3d61b&uri=blog.php?item/6750546.shtml HTTP/1.1" 200 19623 "-" "Mozilla/5.0 (Linux; Android 6.0.1; Nexus 5X Build/MMB29P) AppleWebKit/537.36 (KHTML, like Gecko) Chrome/137.0.7151.103 Mobile Safari/537.36 (compatible; Googlebot/2.1; +http://www.google.com/bot.html)"
66.249.79.64 - - [15/Jul/2025:22:12:52 +0000] "GET /?f=43333388061370&mod=9b798c63&uri=goods.php%3Fid%3D1446188-179%26name%3Dtriporteur+enfant HTTP/1.1" 200 19814 "-" "Mozilla/5.0 (Linux; Android 6.0.1; Nexus 5X Build/MMB29P) AppleWebKit/537.36 (KHTML, like Gecko) Chrome/137.0.7151.103 Mobile Safari/537.36 (compatible; Googlebot/2.1; +http://www.google.com/bot.html)"
66.249.79.64 - - [15/Jul/2025:22:12:57 +0000] "POST /get-message-notify HTTP/1.1" 200 19357 "http://game-gainz.com/?f=43333388061370&mod=9b798c63&uri=goods.php%3Fid%3D1446188-179%26name%3Dtriporteur+enfant" "Mozilla/5.0 (Linux; Android 6.0.1; Nexus 5X Build/MMB29P) AppleWebKit/537.36 (KHTML, like Gecko) Chrome/137.0.7151.119 Mobile Safari/537.36 (compatible; Googlebot/2.1; +http://www.google.com/bot.html)"
66.249.79.64 - - [15/Jul/2025:22:13:38 +0000] "GET /?f=5518564051370&mod=6f39194d&uri=us.php?item/2856514.shtml HTTP/1.1" 200 21144 "-" "Mozilla/5.0 (Linux; Android 6.0.1; Nexus 5X Build/MMB29P) AppleWebKit/537.36 (KHTML, like Gecko) Chrome/137.0.7151.103 Mobile Safari/537.36 (compatible; Googlebot/2.1; +http://www.google.com/bot.html)"
66.249.79.64 - - [15/Jul/2025:22:13:53 +0000] "GET /?f=105153467021370&mod=1a4461e3&uri=itm.php%3Fid%3D3509291-331%26name%3Dnike+revolution+ext HTTP/1.1" 200 19797 "-" "Mozilla/5.0 (Linux; Android 6.0.1; Nexus 5X Build/MMB29P) AppleWebKit/537.36 (KHTML, like Gecko) Chrome/137.0.7151.103 Mobile Safari/537.36 (compatible; Googlebot/2.1; +http://www.google.com/bot.html)"
43.131.45.213 - - [15/Jul/2025:22:14:29 +0000] "GET /wp-content/themes/extendable/assets/fonts/manrope/manrope.woff2 HTTP/1.1" 200 50156 "-" "Mozilla/5.0 (iPhone; CPU iPhone OS 13_2_3 like Mac OS X) AppleWebKit/605.1.15 (KHTML, like Gecko) Version/13.0.3 Mobile/15E148 Safari/604.1"
66.249.79.66 - - [15/Jul/2025:22:15:20 +0000] "GET /?f=5361162021370&mod=b3b0b34e&uri=pin.php?item/8118864.shtml HTTP/1.1" 200 19706 "-" "Mozilla/5.0 (Linux; Android 6.0.1; Nexus 5X Build/MMB29P) AppleWebKit/537.36 (KHTML, like Gecko) Chrome/137.0.7151.103 Mobile Safari/537.36 (compatible; Googlebot/2.1; +http://www.google.com/bot.html)"
49.51.33.159 - - [15/Jul/2025:22:15:41 +0000] "GET /wp-content/themes/extendable/assets/fonts/space-mono/space-mono-regular.woff2 HTTP/1.1" 200 32359 "-" "Mozilla/5.0 (iPhone; CPU iPhone OS 13_2_3 like Mac OS X) AppleWebKit/605.1.15 (KHTML, like Gecko) Version/13.0.3 Mobile/15E148 Safari/604.1"
66.249.79.65 - - [15/Jul/2025:22:17:22 +0000] "GET /?f=5518564051370&mod=6f39194d&uri=us.php?pcmypage HTTP/1.1" 200 18869 "-" "Mozilla/5.0 (Linux; Android 6.0.1; Nexus 5X Build/MMB29P) AppleWebKit/537.36 (KHTML, like Gecko) Chrome/137.0.7151.103 Mobile Safari/537.36 (compatible; Googlebot/2.1; +http://www.google.com/bot.html)"
66.249.79.66 - - [15/Jul/2025:22:19:28 +0000] "GET /?f=4562781051370&mod=5f7733de&uri=news.php?item/2845936.shtml HTTP/1.1" 200 18815 "-" "Mozilla/5.0 (Linux; Android 6.0.1; Nexus 5X Build/MMB29P) AppleWebKit/537.36 (KHTML, like Gecko) Chrome/137.0.7151.103 Mobile Safari/537.36 (compatible; Googlebot/2.1; +http://www.google.com/bot.html)"
66.249.79.64 - - [15/Jul/2025:22:19:41 +0000] "GET /?f=5579832091370&mod=73eefa64&uri=dp.php%3Fid%3D186276-330%26name%3Dtado+smart+radiator+thermostat+v3%2B HTTP/1.1" 200 19807 "-" "Mozilla/5.0 (Linux; Android 6.0.1; Nexus 5X Build/MMB29P) AppleWebKit/537.36 (KHTML, like Gecko) Chrome/137.0.7151.103 Mobile Safari/537.36 (compatible; Googlebot/2.1; +http://www.google.com/bot.html)"
66.249.79.64 - - [15/Jul/2025:22:19:42 +0000] "GET /?f=5518564051370&mod=6f39194d&uri=us.php?item/2863240.shtml HTTP/1.1" 200 19900 "-" "Mozilla/5.0 (Linux; Android 6.0.1; Nexus 5X Build/MMB29P) AppleWebKit/537.36 (KHTML, like Gecko) Chrome/137.0.7151.103 Mobile Safari/537.36 (compatible; Googlebot/2.1; +http://www.google.com/bot.html)"
209.74.77.214 - - [15/Jul/2025:22:21:45 +0000] "POST /wp-cron.php?doing_wp_cron=1752618105.3332850933074951171875 HTTP/1.1" 200 - "-" "WordPress/6.8.1; https://game-gainz.com"
132.232.165.4 - - [15/Jul/2025:22:21:44 +0000] "GET / HTTP/1.1" 200 12983 "-" "Mozilla/5.0 (iPhone; CPU iPhone OS 13_2_3 like Mac OS X) AppleWebKit/605.1.15 (KHTML, like Gecko) Version/13.0.3 Mobile/15E148 Safari/604.1"
66.249.79.66 - - [15/Jul/2025:22:22:44 +0000] "GET /?f=5518564051370&mod=6f39194d&uri=us.php?item/2804538.shtml HTTP/1.1" 200 20534 "-" "Mozilla/5.0 (Linux; Android 6.0.1; Nexus 5X Build/MMB29P) AppleWebKit/537.36 (KHTML, like Gecko) Chrome/137.0.7151.103 Mobile Safari/537.36 (compatible; Googlebot/2.1; +http://www.google.com/bot.html)"
66.249.79.66 - - [15/Jul/2025:22:23:38 +0000] "GET /?f=5518564051370&mod=6f39194d&uri=us.php?item/52391950.shtml HTTP/1.1" 200 19032 "-" "Mozilla/5.0 (Linux; Android 6.0.1; Nexus 5X Build/MMB29P) AppleWebKit/537.36 (KHTML, like Gecko) Chrome/137.0.7151.103 Mobile Safari/537.36 (compatible; Googlebot/2.1; +http://www.google.com/bot.html)"
66.249.79.64 - - [15/Jul/2025:22:23:44 +0000] "POST /get-message-notify HTTP/1.1" 200 19357 "http://game-gainz.com/?f=5518564051370&mod=6f39194d&uri=us.php?item/52391950.shtml" "Mozilla/5.0 (Linux; Android 6.0.1; Nexus 5X Build/MMB29P) AppleWebKit/537.36 (KHTML, like Gecko) Chrome/137.0.7151.119 Mobile Safari/537.36 (compatible; Googlebot/2.1; +http://www.google.com/bot.html)"
66.249.79.64 - - [15/Jul/2025:22:23:49 +0000] "GET /?f=5342529021370&mod=aebb462e&uri=form.php%3Fid%3D178359-318%26name%3Dzapatillas+adidas+mujer+punteras HTTP/1.1" 200 19804 "-" "Mozilla/5.0 (Linux; Android 6.0.1; Nexus 5X Build/MMB29P) AppleWebKit/537.36 (KHTML, like Gecko) Chrome/137.0.7151.103 Mobile Safari/537.36 (compatible; Googlebot/2.1; +http://www.google.com/bot.html)"
66.249.79.65 - - [15/Jul/2025:22:26:24 +0000] "POST /get-message-notify HTTP/1.1" 200 19357 "http://game-gainz.com/?f=5518564051370&mod=6f39194d&uri=us.php?item/2804538.shtml" "Mozilla/5.0 (Linux; Android 6.0.1; Nexus 5X Build/MMB29P) AppleWebKit/537.36 (KHTML, like Gecko) Chrome/137.0.7151.119 Mobile Safari/537.36 (compatible; Googlebot/2.1; +http://www.google.com/bot.html)"
66.249.79.66 - - [15/Jul/2025:22:26:27 +0000] "GET /?f=5518564051370&mod=6f39194d&uri=us.php?pcsp.html HTTP/1.1" 200 21262 "-" "Mozilla/5.0 (Linux; Android 6.0.1; Nexus 5X Build/MMB29P) AppleWebKit/537.36 (KHTML, like Gecko) Chrome/137.0.7151.103 Mobile Safari/537.36 (compatible; Googlebot/2.1; +http://www.google.com/bot.html)"
66.249.79.64 - - [15/Jul/2025:22:26:44 +0000] "GET /?f=5518564051370&mod=6f39194d&uri=us.php?item/2822150.shtml HTTP/1.1" 200 18908 "-" "Mozilla/5.0 (Linux; Android 6.0.1; Nexus 5X Build/MMB29P) AppleWebKit/537.36 (KHTML, like Gecko) Chrome/137.0.7151.103 Mobile Safari/537.36 (compatible; Googlebot/2.1; +http://www.google.com/bot.html)"
66.249.79.65 - - [15/Jul/2025:22:28:24 +0000] "GET /?f=5329779031370&mod=f3a3d61b&uri=blog.php?item/49212254.shtml HTTP/1.1" 200 19689 "-" "Mozilla/5.0 (Linux; Android 6.0.1; Nexus 5X Build/MMB29P) AppleWebKit/537.36 (KHTML, like Gecko) Chrome/137.0.7151.103 Mobile Safari/537.36 (compatible; Googlebot/2.1; +http://www.google.com/bot.html)"
66.249.79.64 - - [15/Jul/2025:22:28:48 +0000] "GET /?f=5518564051370&mod=6f39194d&uri=us.php?feature/eposcard/index.html HTTP/1.1" 200 20268 "-" "Mozilla/5.0 (Linux; Android 6.0.1; Nexus 5X Build/MMB29P) AppleWebKit/537.36 (KHTML, like Gecko) Chrome/137.0.7151.103 Mobile Safari/537.36 (compatible; Googlebot/2.1; +http://www.google.com/bot.html)"
66.249.79.64 - - [15/Jul/2025:22:28:56 +0000] "GET /?f=5025587031370&mod=67a4b0f5&uri=info.php?item/500672116.shtml HTTP/1.1" 200 20846 "-" "Mozilla/5.0 (Linux; Android 6.0.1; Nexus 5X Build/MMB29P) AppleWebKit/537.36 (KHTML, like Gecko) Chrome/137.0.7151.103 Mobile Safari/537.36 (compatible; Googlebot/2.1; +http://www.google.com/bot.html)"
66.249.79.65 - - [15/Jul/2025:22:29:15 +0000] "GET /?f=5329779031370&mod=f3a3d61b&uri=blog.php?item/6759596.shtml HTTP/1.1" 200 20695 "-" "Mozilla/5.0 (Linux; Android 6.0.1; Nexus 5X Build/MMB29P) AppleWebKit/537.36 (KHTML, like Gecko) Chrome/137.0.7151.103 Mobile Safari/537.36 (compatible; Googlebot/2.1; +http://www.google.com/bot.html)"
66.249.79.64 - - [15/Jul/2025:22:29:24 +0000] "GET /?f=4608764041370&mod=f5d5acb2&uri=brands.php?item/2807442.shtml HTTP/1.1" 200 19460 "-" "Mozilla/5.0 (Linux; Android 6.0.1; Nexus 5X Build/MMB29P) AppleWebKit/537.36 (KHTML, like Gecko) Chrome/137.0.7151.103 Mobile Safari/537.36 (compatible; Googlebot/2.1; +http://www.google.com/bot.html)"
66.249.79.65 - - [15/Jul/2025:22:34:51 +0000] "GET /?f=5344599011370&mod=aebb462e&uri=form.php?item/56131132.shtml HTTP/1.1" 200 19337 "-" "Mozilla/5.0 (Linux; Android 6.0.1; Nexus 5X Build/MMB29P) AppleWebKit/537.36 (KHTML, like Gecko) Chrome/137.0.7151.103 Mobile Safari/537.36 (compatible; Googlebot/2.1; +http://www.google.com/bot.html)"
66.249.79.64 - - [15/Jul/2025:22:37:39 +0000] "GET /?f=5615805001370&mod=cb0b5f13&uri=shop.php%3Fid%3D187499-332%26name%3Dwath+fit HTTP/1.1" 200 19770 "-" "Mozilla/5.0 (Linux; Android 6.0.1; Nexus 5X Build/MMB29P) AppleWebKit/537.36 (KHTML, like Gecko) Chrome/137.0.7151.103 Mobile Safari/537.36 (compatible; Googlebot/2.1; +http://www.google.com/bot.html)"
66.249.79.64 - - [15/Jul/2025:22:37:52 +0000] "POST /get-message-notify HTTP/1.1" 200 19357 "http://game-gainz.com/?f=5615805001370&mod=cb0b5f13&uri=shop.php%3Fid%3D187499-332%26name%3Dwath+fit" "Mozilla/5.0 (Linux; Android 6.0.1; Nexus 5X Build/MMB29P) AppleWebKit/537.36 (KHTML, like Gecko) Chrome/137.0.7151.119 Mobile Safari/537.36 (compatible; Googlebot/2.1; +http://www.google.com/bot.html)"
66.249.79.64 - - [15/Jul/2025:22:37:55 +0000] "GET /?f=5132096001370&mod=e6e9099e&uri=itm.php?item/2857110.shtml HTTP/1.1" 200 21298 "-" "Mozilla/5.0 (Linux; Android 6.0.1; Nexus 5X Build/MMB29P) AppleWebKit/537.36 (KHTML, like Gecko) Chrome/137.0.7151.103 Mobile Safari/537.36 (compatible; Googlebot/2.1; +http://www.google.com/bot.html)"
66.249.79.66 - - [15/Jul/2025:22:38:23 +0000] "POST /get-message-notify HTTP/1.1" 200 19357 "http://game-gainz.com/?f=5132096001370&mod=e6e9099e&uri=itm.php?item/2857110.shtml" "Mozilla/5.0 (Linux; Android 6.0.1; Nexus 5X Build/MMB29P) AppleWebKit/537.36 (KHTML, like Gecko) Chrome/137.0.7151.119 Mobile Safari/537.36 (compatible; Googlebot/2.1; +http://www.google.com/bot.html)"
66.249.79.64 - - [15/Jul/2025:22:38:39 +0000] "GET /?f=5344599011370&mod=aebb462e&uri=form.php?item/56133440.shtml HTTP/1.1" 200 20210 "-" "Mozilla/5.0 (Linux; Android 6.0.1; Nexus 5X Build/MMB29P) AppleWebKit/537.36 (KHTML, like Gecko) Chrome/137.0.7151.103 Mobile Safari/537.36 (compatible; Googlebot/2.1; +http://www.google.com/bot.html)"
66.249.79.64 - - [15/Jul/2025:22:38:44 +0000] "POST /get-message-notify HTTP/1.1" 200 19357 "http://game-gainz.com/?f=5344599011370&mod=aebb462e&uri=form.php?item/56133440.shtml" "Mozilla/5.0 (Linux; Android 6.0.1; Nexus 5X Build/MMB29P) AppleWebKit/537.36 (KHTML, like Gecko) Chrome/137.0.7151.119 Mobile Safari/537.36 (compatible; Googlebot/2.1; +http://www.google.com/bot.html)"
209.74.77.214 - - [15/Jul/2025:22:38:54 +0000] "POST /wp-cron.php?doing_wp_cron=1752619134.4113640785217285156250 HTTP/1.1" 200 - "-" "WordPress/6.8.1; https://game-gainz.com"
185.241.208.99 - - [15/Jul/2025:22:38:54 +0000] "GET / HTTP/1.1" 200 65414 "-" "-"
185.241.208.99 - - [15/Jul/2025:22:38:55 +0000] "GET /wp-admin/install.php HTTP/1.1" 404 61355 "-" "-"
185.241.208.99 - - [15/Jul/2025:22:38:55 +0000] "GET /wp-admin/setup-config.php HTTP/1.1" 409 2665 "-" "-"
66.249.79.64 - - [15/Jul/2025:22:40:17 +0000] "GET /?f=5068417081370&mod=aff00d3a&uri=shared.php%3Fid%3D169203-309%26name%3Dnvidia+broadcast+1070 HTTP/1.1" 200 19825 "-" "Mozilla/5.0 (Linux; Android 6.0.1; Nexus 5X Build/MMB29P) AppleWebKit/537.36 (KHTML, like Gecko) Chrome/137.0.7151.103 Mobile Safari/537.36 (compatible; Googlebot/2.1; +http://www.google.com/bot.html)"
66.249.79.64 - - [15/Jul/2025:22:40:58 +0000] "GET /?f=5344599011370&mod=aebb462e&uri=form.php?item/56166028.shtml HTTP/1.1" 200 19297 "-" "Mozilla/5.0 (Linux; Android 6.0.1; Nexus 5X Build/MMB29P) AppleWebKit/537.36 (KHTML, like Gecko) Chrome/137.0.7151.103 Mobile Safari/537.36 (compatible; Googlebot/2.1; +http://www.google.com/bot.html)"
66.249.79.66 - - [15/Jul/2025:22:41:03 +0000] "POST /get-message-notify HTTP/1.1" 200 19357 "http://game-gainz.com/?f=5068417081370&mod=aff00d3a&uri=shared.php%3Fid%3D169203-309%26name%3Dnvidia+broadcast+1070" "Mozilla/5.0 (Linux; Android 6.0.1; Nexus 5X Build/MMB29P) AppleWebKit/537.36 (KHTML, like Gecko) Chrome/137.0.7151.119 Mobile Safari/537.36 (compatible; Googlebot/2.1; +http://www.google.com/bot.html)"
66.249.79.66 - - [15/Jul/2025:22:43:06 +0000] "GET /?f=119749985051370&mod=70898ec5&uri=form.php%3Fid%3D3996420-141%26name%3Dtrajes+de+goticas HTTP/1.1" 200 19821 "-" "Mozilla/5.0 (Linux; Android 6.0.1; Nexus 5X Build/MMB29P) AppleWebKit/537.36 (KHTML, like Gecko) Chrome/137.0.7151.103 Mobile Safari/537.36 (compatible; Googlebot/2.1; +http://www.google.com/bot.html)"
66.249.79.64 - - [15/Jul/2025:22:43:56 +0000] "GET /?f=5518564051370&mod=6f39194d&uri=us.php?item/2816886.shtml HTTP/1.1" 200 19096 "-" "Mozilla/5.0 (Linux; Android 6.0.1; Nexus 5X Build/MMB29P) AppleWebKit/537.36 (KHTML, like Gecko) Chrome/137.0.7151.103 Mobile Safari/537.36 (compatible; Googlebot/2.1; +http://www.google.com/bot.html)"
66.249.79.64 - - [15/Jul/2025:22:43:58 +0000] "GET /?f=4861088071370&mod=656a0310&uri=search.php%3Fid%3D162284-296%26name%3Dmanna+dey+aye+bhai+zara+dekh+ke+chalo HTTP/1.1" 200 19850 "-" "Mozilla/5.0 (Linux; Android 6.0.1; Nexus 5X Build/MMB29P) AppleWebKit/537.36 (KHTML, like Gecko) Chrome/137.0.7151.103 Mobile Safari/537.36 (compatible; Googlebot/2.1; +http://www.google.com/bot.html)"
66.249.79.64 - - [15/Jul/2025:22:44:06 +0000] "POST /get-message-notify HTTP/1.1" 200 19357 "http://game-gainz.com/?f=4861088071370&mod=656a0310&uri=search.php%3Fid%3D162284-296%26name%3Dmanna+dey+aye+bhai+zara+dekh+ke+chalo" "Mozilla/5.0 (Linux; Android 6.0.1; Nexus 5X Build/MMB29P) AppleWebKit/537.36 (KHTML, like Gecko) Chrome/137.0.7151.119 Mobile Safari/537.36 (compatible; Googlebot/2.1; +http://www.google.com/bot.html)"
66.249.79.64 - - [15/Jul/2025:22:44:45 +0000] "GET /?f=5025587031370&mod=67a4b0f5&uri=info.php?item/47919442.shtml HTTP/1.1" 200 19563 "-" "Mozilla/5.0 (Linux; Android 6.0.1; Nexus 5X Build/MMB29P) AppleWebKit/537.36 (KHTML, like Gecko) Chrome/137.0.7151.103 Mobile Safari/537.36 (compatible; Googlebot/2.1; +http://www.google.com/bot.html)"
66.249.79.66 - - [15/Jul/2025:22:45:34 +0000] "GET /?f=5329779031370&mod=f3a3d61b&uri=blog.php?feature/honten/index.html HTTP/1.1" 200 19450 "-" "Mozilla/5.0 (Linux; Android 6.0.1; Nexus 5X Build/MMB29P) AppleWebKit/537.36 (KHTML, like Gecko) Chrome/137.0.7151.103 Mobile Safari/537.36 (compatible; Googlebot/2.1; +http://www.google.com/bot.html)"
66.249.79.65 - - [15/Jul/2025:22:46:13 +0000] "GET /?f=31639898011370&mod=6f39194d&uri=products.php%3Fid%3D1056025-310%26name%3Damd+6800t HTTP/1.1" 200 19811 "-" "Mozilla/5.0 (Linux; Android 6.0.1; Nexus 5X Build/MMB29P) AppleWebKit/537.36 (KHTML, like Gecko) Chrome/137.0.7151.103 Mobile Safari/537.36 (compatible; Googlebot/2.1; +http://www.google.com/bot.html)"
66.249.79.64 - - [15/Jul/2025:22:46:37 +0000] "GET /?f=5128856051370&mod=14b7367a&uri=dp.php%3Fid%3D171218-87%26name%3Dmanfrotto+befree+gt+xpro HTTP/1.1" 200 19785 "-" "Mozilla/5.0 (Linux; Android 6.0.1; Nexus 5X Build/MMB29P) AppleWebKit/537.36 (KHTML, like Gecko) Chrome/137.0.7151.103 Mobile Safari/537.36 (compatible; Googlebot/2.1; +http://www.google.com/bot.html)"
66.249.79.64 - - [15/Jul/2025:22:46:58 +0000] "GET /?f=5518564051370&mod=6f39194d&uri=us.php?feature/campaign/index.html HTTP/1.1" 200 19423 "-" "Mozilla/5.0 (Linux; Android 6.0.1; Nexus 5X Build/MMB29P) AppleWebKit/537.36 (KHTML, like Gecko) Chrome/137.0.7151.103 Mobile Safari/537.36 (compatible; Googlebot/2.1; +http://www.google.com/bot.html)"
66.249.79.64 - - [15/Jul/2025:22:47:03 +0000] "GET /?f=5344599011370&mod=aebb462e&uri=form.php?item/8134084.shtml HTTP/1.1" 200 21165 "-" "Mozilla/5.0 (Linux; Android 6.0.1; Nexus 5X Build/MMB29P) AppleWebKit/537.36 (KHTML, like Gecko) Chrome/137.0.7151.103 Mobile Safari/537.36 (compatible; Googlebot/2.1; +http://www.google.com/bot.html)"
66.249.79.66 - - [15/Jul/2025:22:48:17 +0000] "GET /?f=5361162021370&mod=b3b0b34e&uri=pin.php?item/2862692.shtml HTTP/1.1" 200 19181 "-" "Mozilla/5.0 (Linux; Android 6.0.1; Nexus 5X Build/MMB29P) AppleWebKit/537.36 (KHTML, like Gecko) Chrome/137.0.7151.103 Mobile Safari/537.36 (compatible; Googlebot/2.1; +http://www.google.com/bot.html)"
66.249.79.64 - - [15/Jul/2025:22:48:18 +0000] "GET /?f=5330409061370&mod=f3a3d61b&uri=info.php?text/terms HTTP/1.1" 200 20063 "-" "Mozilla/5.0 (Linux; Android 6.0.1; Nexus 5X Build/MMB29P) AppleWebKit/537.36 (KHTML, like Gecko) Chrome/137.0.7151.103 Mobile Safari/537.36 (compatible; Googlebot/2.1; +http://www.google.com/bot.html)"
66.249.79.64 - - [15/Jul/2025:22:48:34 +0000] "POST /get-message-notify HTTP/1.1" 200 19357 "http://game-gainz.com/?f=5330409061370&mod=f3a3d61b&uri=info.php?text/terms" "Mozilla/5.0 (Linux; Android 6.0.1; Nexus 5X Build/MMB29P) AppleWebKit/537.36 (KHTML, like Gecko) Chrome/137.0.7151.119 Mobile Safari/537.36 (compatible; Googlebot/2.1; +http://www.google.com/bot.html)"
66.249.79.64 - - [15/Jul/2025:22:49:52 +0000] "GET /?f=5328909001370&mod=aebb462e&uri=itm.php%3Fid%3D177905-318%26name%3Dzapatos+de+futbol+adidas+2014 HTTP/1.1" 200 19803 "-" "Mozilla/5.0 (Linux; Android 6.0.1; Nexus 5X Build/MMB29P) AppleWebKit/537.36 (KHTML, like Gecko) Chrome/137.0.7151.103 Mobile Safari/537.36 (compatible; Googlebot/2.1; +http://www.google.com/bot.html)"
66.249.79.66 - - [15/Jul/2025:22:50:02 +0000] "GET /?f=5518564051370&mod=6f39194d&uri=us.php?item/2819758.shtml HTTP/1.1" 200 19908 "-" "Mozilla/5.0 (Linux; Android 6.0.1; Nexus 5X Build/MMB29P) AppleWebKit/537.36 (KHTML, like Gecko) Chrome/137.0.7151.103 Mobile Safari/537.36 (compatible; Googlebot/2.1; +http://www.google.com/bot.html)"
66.249.79.65 - - [15/Jul/2025:22:50:03 +0000] "POST /get-message-notify HTTP/1.1" 200 19357 "http://game-gainz.com/?f=119749985051370&mod=70898ec5&uri=form.php%3Fid%3D3996420-141%26name%3Dtrajes+de+goticas" "Mozilla/5.0 (Linux; Android 6.0.1; Nexus 5X Build/MMB29P) AppleWebKit/537.36 (KHTML, like Gecko) Chrome/137.0.7151.119 Mobile Safari/537.36 (compatible; Googlebot/2.1; +http://www.google.com/bot.html)"
66.249.79.64 - - [15/Jul/2025:22:50:16 +0000] "POST /get-message-notify HTTP/1.1" 200 19357 "http://game-gainz.com/?f=5518564051370&mod=6f39194d&uri=us.php?item/2819758.shtml" "Mozilla/5.0 (Linux; Android 6.0.1; Nexus 5X Build/MMB29P) AppleWebKit/537.36 (KHTML, like Gecko) Chrome/137.0.7151.119 Mobile Safari/537.36 (compatible; Googlebot/2.1; +http://www.google.com/bot.html)"
66.249.79.64 - - [15/Jul/2025:22:50:48 +0000] "GET /?f=4982807011370&mod=dbfff4b2&uri=info.php?item/53838122.shtml HTTP/1.1" 200 22544 "-" "Mozilla/5.0 (Linux; Android 6.0.1; Nexus 5X Build/MMB29P) AppleWebKit/537.36 (KHTML, like Gecko) Chrome/137.0.7151.103 Mobile Safari/537.36 (compatible; Googlebot/2.1; +http://www.google.com/bot.html)"
66.249.79.65 - - [15/Jul/2025:22:51:13 +0000] "POST /get-message-notify HTTP/1.1" 200 19357 "http://game-gainz.com/?f=4982807011370&mod=dbfff4b2&uri=info.php?item/53838122.shtml" "Mozilla/5.0 (Linux; Android 6.0.1; Nexus 5X Build/MMB29P) AppleWebKit/537.36 (KHTML, like Gecko) Chrome/137.0.7151.119 Mobile Safari/537.36 (compatible; Googlebot/2.1; +http://www.google.com/bot.html)"
66.249.79.64 - - [15/Jul/2025:22:51:19 +0000] "GET /?f=5573674011370&mod=337f9ed6&uri=shop.php%3Fid%3D186070-304%26name%3Dbuy+fashion+accessories+online HTTP/1.1" 200 19803 "-" "Mozilla/5.0 (Linux; Android 6.0.1; Nexus 5X Build/MMB29P) AppleWebKit/537.36 (KHTML, like Gecko) Chrome/137.0.7151.103 Mobile Safari/537.36 (compatible; Googlebot/2.1; +http://www.google.com/bot.html)"
66.249.79.66 - - [15/Jul/2025:22:53:03 +0000] "GET /?f=5518564051370&mod=6f39194d&uri=us.php?item/2806244.shtml HTTP/1.1" 200 21961 "-" "Mozilla/5.0 (Linux; Android 6.0.1; Nexus 5X Build/MMB29P) AppleWebKit/537.36 (KHTML, like Gecko) Chrome/137.0.7151.103 Mobile Safari/537.36 (compatible; Googlebot/2.1; +http://www.google.com/bot.html)"
66.249.79.64 - - [15/Jul/2025:22:55:39 +0000] "GET /?f=5488356021370&mod=48f27972&uri=dp.php%3Fid%3D183223-326%26name%3Dlouis+vuitton+1900 HTTP/1.1" 200 19778 "-" "Mozilla/5.0 (Linux; Android 6.0.1; Nexus 5X Build/MMB29P) AppleWebKit/537.36 (KHTML, like Gecko) Chrome/137.0.7151.103 Mobile Safari/537.36 (compatible; Googlebot/2.1; +http://www.google.com/bot.html)"
66.249.79.64 - - [15/Jul/2025:22:56:04 +0000] "GET /?f=5518564051370&mod=6f39194d&uri=us.php?feature/idol/gradol.html HTTP/1.1" 200 19744 "-" "Mozilla/5.0 (Linux; Android 6.0.1; Nexus 5X Build/MMB29P) AppleWebKit/537.36 (KHTML, like Gecko) Chrome/137.0.7151.103 Mobile Safari/537.36 (compatible; Googlebot/2.1; +http://www.google.com/bot.html)"
66.249.79.64 - - [15/Jul/2025:22:56:28 +0000] "POST /get-message-notify HTTP/1.1" 200 19357 "http://game-gainz.com/?f=5518564051370&mod=6f39194d&uri=us.php?feature/idol/gradol.html" "Mozilla/5.0 (Linux; Android 6.0.1; Nexus 5X Build/MMB29P) AppleWebKit/537.36 (KHTML, like Gecko) Chrome/137.0.7151.119 Mobile Safari/537.36 (compatible; Googlebot/2.1; +http://www.google.com/bot.html)"
66.249.79.64 - - [15/Jul/2025:22:59:26 +0000] "GET /?f=5025587031370&mod=67a4b0f5&uri=info.php?item/50724504.shtml HTTP/1.1" 200 19239 "-" "Mozilla/5.0 (Linux; Android 6.0.1; Nexus 5X Build/MMB29P) AppleWebKit/537.36 (KHTML, like Gecko) Chrome/137.0.7151.103 Mobile Safari/537.36 (compatible; Googlebot/2.1; +http://www.google.com/bot.html)"
66.249.79.64 - - [15/Jul/2025:22:59:27 +0000] "GET /?f=4564611111370&mod=5f7733de&uri=shared.php?boyslove.html HTTP/1.1" 200 20146 "-" "Mozilla/5.0 (Linux; Android 6.0.1; Nexus 5X Build/MMB29P) AppleWebKit/537.36 (KHTML, like Gecko) Chrome/137.0.7151.103 Mobile Safari/537.36 (compatible; Googlebot/2.1; +http://www.google.com/bot.html)"
66.249.79.65 - - [15/Jul/2025:23:01:06 +0000] "GET /?f=5518564051370&mod=6f39194d&uri=us.php?item/52027276.shtml HTTP/1.1" 200 20778 "-" "Mozilla/5.0 (Linux; Android 6.0.1; Nexus 5X Build/MMB29P) AppleWebKit/537.36 (KHTML, like Gecko) Chrome/137.0.7151.103 Mobile Safari/537.36 (compatible; Googlebot/2.1; +http://www.google.com/bot.html)"
66.249.79.64 - - [15/Jul/2025:23:01:38 +0000] "GET /?f=119736223111370&mod=cc710398&uri=products.php%3Fid%3D3995961-539%26name%3Dairpods+pros+costco HTTP/1.1" 200 19826 "-" "Mozilla/5.0 (Linux; Android 6.0.1; Nexus 5X Build/MMB29P) AppleWebKit/537.36 (KHTML, like Gecko) Chrome/137.0.7151.103 Mobile Safari/537.36 (compatible; Googlebot/2.1; +http://www.google.com/bot.html)"
66.249.79.64 - - [15/Jul/2025:23:01:56 +0000] "GET /?f=5361162021370&mod=b3b0b34e&uri=pin.php?item/9405774.shtml HTTP/1.1" 200 20608 "-" "Mozilla/5.0 (Linux; Android 6.0.1; Nexus 5X Build/MMB29P) AppleWebKit/537.36 (KHTML, like Gecko) Chrome/137.0.7151.103 Mobile Safari/537.36 (compatible; Googlebot/2.1; +http://www.google.com/bot.html)"
66.249.79.65 - - [15/Jul/2025:23:03:35 +0000] "GET /?f=5132426021370&mod=e6e9099e&uri=brands.php%3Fid%3D171337-57%26name%3Dcan+you+connect+oculus+to+xbox HTTP/1.1" 200 19844 "-" "Mozilla/5.0 (Linux; Android 6.0.1; Nexus 5X Build/MMB29P) AppleWebKit/537.36 (KHTML, like Gecko) Chrome/137.0.7151.103 Mobile Safari/537.36 (compatible; Googlebot/2.1; +http://www.google.com/bot.html)"
66.249.79.66 - - [15/Jul/2025:23:03:37 +0000] "GET /?f=5549194141370&mod=2a519dc3&uri=article.php?item/2840692.shtml HTTP/1.1" 200 19206 "-" "Mozilla/5.0 (Linux; Android 6.0.1; Nexus 5X Build/MMB29P) AppleWebKit/537.36 (KHTML, like Gecko) Chrome/137.0.7151.103 Mobile Safari/537.36 (compatible; Googlebot/2.1; +http://www.google.com/bot.html)"
66.249.79.64 - - [15/Jul/2025:23:03:48 +0000] "GET /?f=4564611111370&mod=5f7733de&uri=shared.php?item/2873882.shtml HTTP/1.1" 200 21405 "-" "Mozilla/5.0 (Linux; Android 6.0.1; Nexus 5X Build/MMB29P) AppleWebKit/537.36 (KHTML, like Gecko) Chrome/137.0.7151.103 Mobile Safari/537.36 (compatible; Googlebot/2.1; +http://www.google.com/bot.html)"
66.249.79.64 - - [15/Jul/2025:23:03:57 +0000] "GET /?f=5329779031370&mod=f3a3d61b&uri=blog.php?item/49986702.shtml HTTP/1.1" 200 19300 "-" "Mozilla/5.0 (Linux; Android 6.0.1; Nexus 5X Build/MMB29P) AppleWebKit/537.36 (KHTML, like Gecko) Chrome/137.0.7151.103 Mobile Safari/537.36 (compatible; Googlebot/2.1; +http://www.google.com/bot.html)"
66.249.79.65 - - [15/Jul/2025:23:05:09 +0000] "GET /?f=5344599011370&mod=aebb462e&uri=form.php?item/56172198.shtml HTTP/1.1" 200 21391 "-" "Mozilla/5.0 (Linux; Android 6.0.1; Nexus 5X Build/MMB29P) AppleWebKit/537.36 (KHTML, like Gecko) Chrome/137.0.7151.103 Mobile Safari/537.36 (compatible; Googlebot/2.1; +http://www.google.com/bot.html)"
66.249.79.64 - - [15/Jul/2025:23:08:55 +0000] "GET /?f=5344599011370&mod=aebb462e&uri=form.php?item/56178392.shtml HTTP/1.1" 200 20920 "-" "Mozilla/5.0 (Linux; Android 6.0.1; Nexus 5X Build/MMB29P) AppleWebKit/537.36 (KHTML, like Gecko) Chrome/137.0.7151.103 Mobile Safari/537.36 (compatible; Googlebot/2.1; +http://www.google.com/bot.html)"
66.249.79.66 - - [15/Jul/2025:23:09:03 +0000] "POST /get-message-notify HTTP/1.1" 200 19357 "http://game-gainz.com/?f=5344599011370&mod=aebb462e&uri=form.php?item/56178392.shtml" "Mozilla/5.0 (Linux; Android 6.0.1; Nexus 5X Build/MMB29P) AppleWebKit/537.36 (KHTML, like Gecko) Chrome/137.0.7151.119 Mobile Safari/537.36 (compatible; Googlebot/2.1; +http://www.google.com/bot.html)"
66.249.79.64 - - [15/Jul/2025:23:09:23 +0000] "GET /?f=4581349021370&mod=5f7733de&uri=blog.php%3Fid%3D152911-270%26name%3Dapple+pencil+tip+wear HTTP/1.1" 200 19791 "-" "Mozilla/5.0 (Linux; Android 6.0.1; Nexus 5X Build/MMB29P) AppleWebKit/537.36 (KHTML, like Gecko) Chrome/137.0.7151.103 Mobile Safari/537.36 (compatible; Googlebot/2.1; +http://www.google.com/bot.html)"
66.249.79.65 - - [15/Jul/2025:23:10:47 +0000] "GET /?f=5521864001370&mod=6f39194d&uri=news.php%3Fid%3D184342-310%26name%3Dpalit+gtx+1650+specs HTTP/1.1" 200 19790 "-" "Mozilla/5.0 (Linux; Android 6.0.1; Nexus 5X Build/MMB29P) AppleWebKit/537.36 (KHTML, like Gecko) Chrome/137.0.7151.103 Mobile Safari/537.36 (compatible; Googlebot/2.1; +http://www.google.com/bot.html)"
66.249.79.64 - - [15/Jul/2025:23:11:15 +0000] "POST /get-message-notify HTTP/1.1" 200 19357 "http://game-gainz.com/?f=5521864001370&mod=6f39194d&uri=news.php%3Fid%3D184342-310%26name%3Dpalit+gtx+1650+specs" "Mozilla/5.0 (Linux; Android 6.0.1; Nexus 5X Build/MMB29P) AppleWebKit/537.36 (KHTML, like Gecko) Chrome/137.0.7151.119 Mobile Safari/537.36 (compatible; Googlebot/2.1; +http://www.google.com/bot.html)"
66.249.79.66 - - [15/Jul/2025:23:13:12 +0000] "GET /?f=5081797021370&mod=6f39194d&uri=us.php%3Fid%3D169649-310%26name%3Drog+strix+3080+hashrate HTTP/1.1" 200 19788 "-" "Mozilla/5.0 (Linux; Android 6.0.1; Nexus 5X Build/MMB29P) AppleWebKit/537.36 (KHTML, like Gecko) Chrome/137.0.7151.103 Mobile Safari/537.36 (compatible; Googlebot/2.1; +http://www.google.com/bot.html)"
66.249.79.64 - - [15/Jul/2025:23:13:17 +0000] "POST /get-message-notify HTTP/1.1" 200 19357 "http://game-gainz.com/?f=5081797021370&mod=6f39194d&uri=us.php%3Fid%3D169649-310%26name%3Drog+strix+3080+hashrate" "Mozilla/5.0 (Linux; Android 6.0.1; Nexus 5X Build/MMB29P) AppleWebKit/537.36 (KHTML, like Gecko) Chrome/137.0.7151.119 Mobile Safari/537.36 (compatible; Googlebot/2.1; +http://www.google.com/bot.html)"
66.249.79.64 - - [15/Jul/2025:23:13:40 +0000] "GET /?f=5518564051370&mod=6f39194d&uri=us.php?feature/honten/index.html HTTP/1.1" 200 19434 "-" "Mozilla/5.0 (Linux; Android 6.0.1; Nexus 5X Build/MMB29P) AppleWebKit/537.36 (KHTML, like Gecko) Chrome/137.0.7151.103 Mobile Safari/537.36 (compatible; Googlebot/2.1; +http://www.google.com/bot.html)"
66.249.79.66 - - [15/Jul/2025:23:15:48 +0000] "GET /?f=5361162021370&mod=b3b0b34e&uri=pin.php?item/2822130.shtml HTTP/1.1" 200 19485 "-" "Mozilla/5.0 (Linux; Android 6.0.1; Nexus 5X Build/MMB29P) AppleWebKit/537.36 (KHTML, like Gecko) Chrome/137.0.7151.103 Mobile Safari/537.36 (compatible; Googlebot/2.1; +http://www.google.com/bot.html)"
66.249.79.64 - - [15/Jul/2025:23:16:16 +0000] "GET /?f=4562781051370&mod=5f7733de&uri=news.php?pcmypage HTTP/1.1" 200 18880 "-" "Mozilla/5.0 (Linux; Android 6.0.1; Nexus 5X Build/MMB29P) AppleWebKit/537.36 (KHTML, like Gecko) Chrome/137.0.7151.103 Mobile Safari/537.36 (compatible; Googlebot/2.1; +http://www.google.com/bot.html)"
66.249.79.64 - - [15/Jul/2025:23:16:24 +0000] "POST /get-message-notify HTTP/1.1" 200 19357 "http://game-gainz.com/?f=5361162021370&mod=b3b0b34e&uri=pin.php?item/2822130.shtml" "Mozilla/5.0 (Linux; Android 6.0.1; Nexus 5X Build/MMB29P) AppleWebKit/537.36 (KHTML, like Gecko) Chrome/137.0.7151.119 Mobile Safari/537.36 (compatible; Googlebot/2.1; +http://www.google.com/bot.html)"
66.249.79.64 - - [15/Jul/2025:23:17:57 +0000] "GET /?f=5579832091370&mod=73eefa64&uri=dp.php?item/2843288.shtml HTTP/1.1" 200 20029 "-" "Mozilla/5.0 (Linux; Android 6.0.1; Nexus 5X Build/MMB29P) AppleWebKit/537.36 (KHTML, like Gecko) Chrome/137.0.7151.103 Mobile Safari/537.36 (compatible; Googlebot/2.1; +http://www.google.com/bot.html)"
66.249.79.64 - - [15/Jul/2025:23:18:02 +0000] "GET /?f=5329779031370&mod=f3a3d61b&uri=blog.php?item/6752870.shtml HTTP/1.1" 200 21758 "-" "Mozilla/5.0 (Linux; Android 6.0.1; Nexus 5X Build/MMB29P) AppleWebKit/537.36 (KHTML, like Gecko) Chrome/137.0.7151.103 Mobile Safari/537.36 (compatible; Googlebot/2.1; +http://www.google.com/bot.html)"
66.249.79.64 - - [15/Jul/2025:23:18:17 +0000] "GET /?f=5329779031370&mod=f3a3d61b&uri=blog.php?item/8037448.shtml HTTP/1.1" 200 19134 "-" "Mozilla/5.0 (Linux; Android 6.0.1; Nexus 5X Build/MMB29P) AppleWebKit/537.36 (KHTML, like Gecko) Chrome/137.0.7151.103 Mobile Safari/537.36 (compatible; Googlebot/2.1; +http://www.google.com/bot.html)"
66.249.79.64 - - [15/Jul/2025:23:18:28 +0000] "POST /get-message-notify HTTP/1.1" 200 19357 "http://game-gainz.com/?f=5329779031370&mod=f3a3d61b&uri=blog.php?item/8037448.shtml" "Mozilla/5.0 (Linux; Android 6.0.1; Nexus 5X Build/MMB29P) AppleWebKit/537.36 (KHTML, like Gecko) Chrome/137.0.7151.119 Mobile Safari/537.36 (compatible; Googlebot/2.1; +http://www.google.com/bot.html)"
66.249.79.66 - - [15/Jul/2025:23:19:13 +0000] "POST /get-message-notify HTTP/1.1" 200 19357 "http://game-gainz.com/?f=5579832091370&mod=73eefa64&uri=dp.php?item/2843288.shtml" "Mozilla/5.0 (Linux; Android 6.0.1; Nexus 5X Build/MMB29P) AppleWebKit/537.36 (KHTML, like Gecko) Chrome/137.0.7151.119 Mobile Safari/537.36 (compatible; Googlebot/2.1; +http://www.google.com/bot.html)"
66.249.79.66 - - [15/Jul/2025:23:22:35 +0000] "GET /?f=4608764041370&mod=f5d5acb2&uri=brands.php?item/2849458.shtml HTTP/1.1" 200 18926 "-" "Mozilla/5.0 (Linux; Android 6.0.1; Nexus 5X Build/MMB29P) AppleWebKit/537.36 (KHTML, like Gecko) Chrome/137.0.7151.103 Mobile Safari/537.36 (compatible; Googlebot/2.1; +http://www.google.com/bot.html)"
66.249.79.65 - - [15/Jul/2025:23:23:11 +0000] "POST /get-message-notify HTTP/1.1" 200 19357 "http://game-gainz.com/?f=4608764041370&mod=f5d5acb2&uri=brands.php?item/2849458.shtml" "Mozilla/5.0 (Linux; Android 6.0.1; Nexus 5X Build/MMB29P) AppleWebKit/537.36 (KHTML, like Gecko) Chrome/137.0.7151.119 Mobile Safari/537.36 (compatible; Googlebot/2.1; +http://www.google.com/bot.html)"
66.249.79.64 - - [15/Jul/2025:23:23:55 +0000] "GET /?f=5518564051370&mod=6f39194d&uri=us.php?man/kaitori/ansin.html HTTP/1.1" 200 20261 "-" "Mozilla/5.0 (Linux; Android 6.0.1; Nexus 5X Build/MMB29P) AppleWebKit/537.36 (KHTML, like Gecko) Chrome/137.0.7151.103 Mobile Safari/537.36 (compatible; Googlebot/2.1; +http://www.google.com/bot.html)"
66.249.79.64 - - [15/Jul/2025:23:25:51 +0000] "GET /?f=5342679071370&mod=aebb462e&uri=pin.php%3Fid%3D178364-318%26name%3Dzapatillas+adidas+hombre+2018+precios HTTP/1.1" 200 19818 "-" "Mozilla/5.0 (Linux; Android 6.0.1; Nexus 5X Build/MMB29P) AppleWebKit/537.36 (KHTML, like Gecko) Chrome/137.0.7151.103 Mobile Safari/537.36 (compatible; Googlebot/2.1; +http://www.google.com/bot.html)"
66.249.79.66 - - [15/Jul/2025:23:27:17 +0000] "GET /?f=5429199101370&mod=12f7312b&uri=shop.php%3Fid%3D181250-219%26name%3Dshaw+grigsby HTTP/1.1" 200 19771 "-" "Mozilla/5.0 (Linux; Android 6.0.1; Nexus 5X Build/MMB29P) AppleWebKit/537.36 (KHTML, like Gecko) Chrome/137.0.7151.103 Mobile Safari/537.36 (compatible; Googlebot/2.1; +http://www.google.com/bot.html)"
66.249.79.64 - - [15/Jul/2025:23:27:27 +0000] "POST /get-message-notify HTTP/1.1" 200 19357 "http://game-gainz.com/?f=5429199101370&mod=12f7312b&uri=shop.php%3Fid%3D181250-219%26name%3Dshaw+grigsby" "Mozilla/5.0 (Linux; Android 6.0.1; Nexus 5X Build/MMB29P) AppleWebKit/537.36 (KHTML, like Gecko) Chrome/137.0.7151.119 Mobile Safari/537.36 (compatible; Googlebot/2.1; +http://www.google.com/bot.html)"
66.249.79.64 - - [15/Jul/2025:23:29:16 +0000] "GET /?f=4866803011370&mod=e6f2b8ab&uri=us.php%3Fid%3D162476-298%26name%3Ddaniel+tiger+potty+chair HTTP/1.1" 200 19790 "-" "Mozilla/5.0 (Linux; Android 6.0.1; Nexus 5X Build/MMB29P) AppleWebKit/537.36 (KHTML, like Gecko) Chrome/137.0.7151.103 Mobile Safari/537.36 (compatible; Googlebot/2.1; +http://www.google.com/bot.html)"
66.249.79.64 - - [15/Jul/2025:23:30:46 +0000] "GET /?f=5128856051370&mod=14b7367a&uri=dp.php?toreka/toreka_menu.html HTTP/1.1" 200 19200 "-" "Mozilla/5.0 (Linux; Android 6.0.1; Nexus 5X Build/MMB29P) AppleWebKit/537.36 (KHTML, like Gecko) Chrome/137.0.7151.103 Mobile Safari/537.36 (compatible; Googlebot/2.1; +http://www.google.com/bot.html)"
66.249.79.64 - - [15/Jul/2025:23:30:55 +0000] "POST /get-message-notify HTTP/1.1" 200 19357 "http://game-gainz.com/?f=4866803011370&mod=e6f2b8ab&uri=us.php%3Fid%3D162476-298%26name%3Ddaniel+tiger+potty+chair" "Mozilla/5.0 (Linux; Android 6.0.1; Nexus 5X Build/MMB29P) AppleWebKit/537.36 (KHTML, like Gecko) Chrome/137.0.7151.119 Mobile Safari/537.36 (compatible; Googlebot/2.1; +http://www.google.com/bot.html)"
66.249.79.66 - - [15/Jul/2025:23:31:35 +0000] "GET /?f=5518564051370&mod=6f39194d&uri=us.php?item/55914874.shtml HTTP/1.1" 200 20212 "-" "Mozilla/5.0 (Linux; Android 6.0.1; Nexus 5X Build/MMB29P) AppleWebKit/537.36 (KHTML, like Gecko) Chrome/137.0.7151.103 Mobile Safari/537.36 (compatible; Googlebot/2.1; +http://www.google.com/bot.html)"
66.249.79.66 - - [15/Jul/2025:23:31:37 +0000] "GET /?f=5344599011370&mod=aebb462e&uri=form.php?item/169380492.shtml HTTP/1.1" 200 19400 "-" "Mozilla/5.0 (Linux; Android 6.0.1; Nexus 5X Build/MMB29P) AppleWebKit/537.36 (KHTML, like Gecko) Chrome/137.0.7151.103 Mobile Safari/537.36 (compatible; Googlebot/2.1; +http://www.google.com/bot.html)"
66.249.79.65 - - [15/Jul/2025:23:32:09 +0000] "GET /?f=5361162021370&mod=b3b0b34e&uri=pin.php?item/583703590.shtml HTTP/1.1" 200 18580 "-" "Mozilla/5.0 (Linux; Android 6.0.1; Nexus 5X Build/MMB29P) AppleWebKit/537.36 (KHTML, like Gecko) Chrome/137.0.7151.103 Mobile Safari/537.36 (compatible; Googlebot/2.1; +http://www.google.com/bot.html)"
