20.171.207.111 - - [16/Jul/2025:04:07:24 +0000] "GET /item/318505356.shtml HTTP/1.1" 404 12525 "-" "Mozilla/5.0 AppleWebKit/537.36 (KHTML, like Gecko; compatible; GPTBot/1.2; +https://openai.com/gptbot)"
66.249.79.64 - - [16/Jul/2025:04:07:36 +0000] "GET /?f=4562781051370&mod=5f7733de&uri=news.php?item/49957968.shtml HTTP/1.1" 200 19249 "-" "Mozilla/5.0 (Linux; Android 6.0.1; Nexus 5X Build/MMB29P) AppleWebKit/537.36 (KHTML, like Gecko) Chrome/137.0.7151.103 Mobile Safari/537.36 (compatible; Googlebot/2.1; +http://www.google.com/bot.html)"
66.249.79.64 - - [16/Jul/2025:04:07:47 +0000] "GET /?f=5329779031370&mod=f3a3d61b&uri=blog.php?item/50004904.shtml HTTP/1.1" 200 19192 "-" "Mozilla/5.0 (Linux; Android 6.0.1; Nexus 5X Build/MMB29P) AppleWebKit/537.36 (KHTML, like Gecko) Chrome/137.0.7151.103 Mobile Safari/537.36 (compatible; Googlebot/2.1; +http://www.google.com/bot.html)"
66.249.79.66 - - [16/Jul/2025:04:08:03 +0000] "GET /?f=5361162021370&mod=b3b0b34e&uri=pin.php?item/1650778500.shtml HTTP/1.1" 200 19400 "-" "Mozilla/5.0 (Linux; Android 6.0.1; Nexus 5X Build/MMB29P) AppleWebKit/537.36 (KHTML, like Gecko) Chrome/137.0.7151.103 Mobile Safari/537.36 (compatible; Googlebot/2.1; +http://www.google.com/bot.html)"
66.249.79.64 - - [16/Jul/2025:04:08:05 +0000] "POST /get-message-notify HTTP/1.1" 200 19357 "http://game-gainz.com/?f=5329779031370&mod=f3a3d61b&uri=blog.php?item/50004904.shtml" "Mozilla/5.0 (Linux; Android 6.0.1; Nexus 5X Build/MMB29P) AppleWebKit/537.36 (KHTML, like Gecko) Chrome/137.0.7151.119 Mobile Safari/537.36 (compatible; Googlebot/2.1; +http://www.google.com/bot.html)"
209.74.77.214 - - [16/Jul/2025:04:08:28 +0000] "POST /wp-cron.php?doing_wp_cron=1752638908.6827669143676757812500 HTTP/1.1" 200 - "-" "WordPress/6.8.1; https://game-gainz.com"
20.171.207.111 - - [16/Jul/2025:04:08:28 +0000] "GET /item/318634926.shtml HTTP/1.1" 404 12525 "-" "Mozilla/5.0 AppleWebKit/537.36 (KHTML, like Gecko; compatible; GPTBot/1.2; +https://openai.com/gptbot)"
66.249.79.64 - - [16/Jul/2025:04:09:18 +0000] "GET /?f=5330409061370&mod=f3a3d61b&uri=info.php?item/5459148.shtml HTTP/1.1" 200 20393 "-" "Mozilla/5.0 (Linux; Android 6.0.1; Nexus 5X Build/MMB29P) AppleWebKit/537.36 (KHTML, like Gecko) Chrome/137.0.7151.103 Mobile Safari/537.36 (compatible; Googlebot/2.1; +http://www.google.com/bot.html)"
209.74.77.214 - - [16/Jul/2025:04:09:30 +0000] "POST /wp-cron.php?doing_wp_cron=1752638970.8147161006927490234375 HTTP/1.1" 200 - "-" "WordPress/6.8.1; https://game-gainz.com"
20.171.207.111 - - [16/Jul/2025:04:09:30 +0000] "GET /item/1663223876.shtml HTTP/1.1" 404 12525 "-" "Mozilla/5.0 AppleWebKit/537.36 (KHTML, like Gecko; compatible; GPTBot/1.2; +https://openai.com/gptbot)"
66.249.79.64 - - [16/Jul/2025:04:09:39 +0000] "GET /?f=5361162021370&mod=b3b0b34e&uri=pin.php?item/1822425620.shtml HTTP/1.1" 200 19112 "-" "Mozilla/5.0 (Linux; Android 6.0.1; Nexus 5X Build/MMB29P) AppleWebKit/537.36 (KHTML, like Gecko) Chrome/137.0.7151.103 Mobile Safari/537.36 (compatible; Googlebot/2.1; +http://www.google.com/bot.html)"
20.171.207.111 - - [16/Jul/2025:04:10:35 +0000] "GET /item/318312336.shtml HTTP/1.1" 404 12525 "-" "Mozilla/5.0 AppleWebKit/537.36 (KHTML, like Gecko; compatible; GPTBot/1.2; +https://openai.com/gptbot)"
209.74.77.214 - - [16/Jul/2025:04:11:39 +0000] "POST /wp-cron.php?doing_wp_cron=1752639099.8589920997619628906250 HTTP/1.1" 200 - "-" "WordPress/6.8.1; https://game-gainz.com"
20.171.207.111 - - [16/Jul/2025:04:11:38 +0000] "GET /item/1663252078.shtml HTTP/1.1" 404 12525 "-" "Mozilla/5.0 AppleWebKit/537.36 (KHTML, like Gecko; compatible; GPTBot/1.2; +https://openai.com/gptbot)"
66.249.79.64 - - [16/Jul/2025:04:12:03 +0000] "GET /?f=119736223111370&mod=cc710398&uri=products.php?toreka/toreka_menu.html HTTP/1.1" 200 19227 "-" "Mozilla/5.0 (Linux; Android 6.0.1; Nexus 5X Build/MMB29P) AppleWebKit/537.36 (KHTML, like Gecko) Chrome/137.0.7151.103 Mobile Safari/537.36 (compatible; Googlebot/2.1; +http://www.google.com/bot.html)"
66.249.79.64 - - [16/Jul/2025:04:12:08 +0000] "GET /?f=119736223111370&mod=cc710398&uri=products.php?item/2857976.shtml HTTP/1.1" 200 19890 "-" "Mozilla/5.0 (Linux; Android 6.0.1; Nexus 5X Build/MMB29P) AppleWebKit/537.36 (KHTML, like Gecko) Chrome/137.0.7151.103 Mobile Safari/537.36 (compatible; Googlebot/2.1; +http://www.google.com/bot.html)"
66.249.79.64 - - [16/Jul/2025:04:12:13 +0000] "POST /get-message-notify HTTP/1.1" 200 19357 "http://game-gainz.com/?f=119736223111370&mod=cc710398&uri=products.php?item/2857976.shtml" "Mozilla/5.0 (Linux; Android 6.0.1; Nexus 5X Build/MMB29P) AppleWebKit/537.36 (KHTML, like Gecko) Chrome/137.0.7151.119 Mobile Safari/537.36 (compatible; Googlebot/2.1; +http://www.google.com/bot.html)"
66.249.79.64 - - [16/Jul/2025:04:12:21 +0000] "POST /get-message-notify HTTP/1.1" 200 19357 "http://game-gainz.com/?f=119736223111370&mod=cc710398&uri=products.php?toreka/toreka_menu.html" "Mozilla/5.0 (Linux; Android 6.0.1; Nexus 5X Build/MMB29P) AppleWebKit/537.36 (KHTML, like Gecko) Chrome/137.0.7151.119 Mobile Safari/537.36 (compatible; Googlebot/2.1; +http://www.google.com/bot.html)"
66.249.79.64 - - [16/Jul/2025:04:12:37 +0000] "POST /get-message-notify HTTP/1.1" 200 19357 "http://game-gainz.com/?f=5361162021370&mod=b3b0b34e&uri=pin.php?item/1650778500.shtml" "Mozilla/5.0 (Linux; Android 6.0.1; Nexus 5X Build/MMB29P) AppleWebKit/537.36 (KHTML, like Gecko) Chrome/137.0.7151.119 Mobile Safari/537.36 (compatible; Googlebot/2.1; +http://www.google.com/bot.html)"
209.74.77.214 - - [16/Jul/2025:04:12:44 +0000] "POST /wp-cron.php?doing_wp_cron=1752639164.3094899654388427734375 HTTP/1.1" 200 - "-" "WordPress/6.8.1; https://game-gainz.com"
20.171.207.111 - - [16/Jul/2025:04:12:44 +0000] "GET /item/318605274.shtml HTTP/1.1" 404 12524 "-" "Mozilla/5.0 AppleWebKit/537.36 (KHTML, like Gecko; compatible; GPTBot/1.2; +https://openai.com/gptbot)"
209.74.77.214 - - [16/Jul/2025:04:13:47 +0000] "POST /wp-cron.php?doing_wp_cron=1752639227.8206820487976074218750 HTTP/1.1" 200 - "-" "WordPress/6.8.1; https://game-gainz.com"
20.171.207.111 - - [16/Jul/2025:04:13:46 +0000] "GET /item/318576492.shtml HTTP/1.1" 404 12525 "-" "Mozilla/5.0 AppleWebKit/537.36 (KHTML, like Gecko; compatible; GPTBot/1.2; +https://openai.com/gptbot)"
66.249.79.66 - - [16/Jul/2025:04:14:43 +0000] "GET /?f=105153467021370&mod=1a4461e3&uri=itm.php?item/52126064.shtml HTTP/1.1" 200 20214 "-" "Mozilla/5.0 (Linux; Android 6.0.1; Nexus 5X Build/MMB29P) AppleWebKit/537.36 (KHTML, like Gecko) Chrome/137.0.7151.103 Mobile Safari/537.36 (compatible; Googlebot/2.1; +http://www.google.com/bot.html)"
209.74.77.214 - - [16/Jul/2025:04:14:50 +0000] "POST /wp-cron.php?doing_wp_cron=1752639290.5586190223693847656250 HTTP/1.1" 200 - "-" "WordPress/6.8.1; https://game-gainz.com"
20.171.207.111 - - [16/Jul/2025:04:14:50 +0000] "GET /item/318479502.shtml HTTP/1.1" 404 12525 "-" "Mozilla/5.0 AppleWebKit/537.36 (KHTML, like Gecko; compatible; GPTBot/1.2; +https://openai.com/gptbot)"
209.74.77.214 - - [16/Jul/2025:04:15:54 +0000] "POST /wp-cron.php?doing_wp_cron=1752639354.4507288932800292968750 HTTP/1.1" 200 - "-" "WordPress/6.8.1; https://game-gainz.com"
20.171.207.111 - - [16/Jul/2025:04:15:53 +0000] "GET /item/318647290.shtml HTTP/1.1" 404 12525 "-" "Mozilla/5.0 AppleWebKit/537.36 (KHTML, like Gecko; compatible; GPTBot/1.2; +https://openai.com/gptbot)"
66.249.79.66 - - [16/Jul/2025:04:16:26 +0000] "GET /?f=5344599011370&mod=aebb462e&uri=form.php?item/52495658.shtml HTTP/1.1" 200 20350 "-" "Mozilla/5.0 (Linux; Android 6.0.1; Nexus 5X Build/MMB29P) AppleWebKit/537.36 (KHTML, like Gecko) Chrome/137.0.7151.103 Mobile Safari/537.36 (compatible; Googlebot/2.1; +http://www.google.com/bot.html)"
209.74.77.214 - - [16/Jul/2025:04:16:56 +0000] "POST /wp-cron.php?doing_wp_cron=1752639416.9824149608612060546875 HTTP/1.1" 200 - "-" "WordPress/6.8.1; https://game-gainz.com"
20.171.207.111 - - [16/Jul/2025:04:16:56 +0000] "GET /item/318726594.shtml HTTP/1.1" 404 12525 "-" "Mozilla/5.0 AppleWebKit/537.36 (KHTML, like Gecko; compatible; GPTBot/1.2; +https://openai.com/gptbot)"
209.74.77.214 - - [16/Jul/2025:04:17:59 +0000] "POST /wp-cron.php?doing_wp_cron=1752639479.0340039730072021484375 HTTP/1.1" 200 - "-" "WordPress/6.8.1; https://game-gainz.com"
20.171.207.111 - - [16/Jul/2025:04:17:57 +0000] "GET /item/318597642.shtml HTTP/1.1" 404 12525 "-" "Mozilla/5.0 AppleWebKit/537.36 (KHTML, like Gecko; compatible; GPTBot/1.2; +https://openai.com/gptbot)"
66.249.79.65 - - [16/Jul/2025:04:18:31 +0000] "GET /?f=4562781051370&mod=5f7733de&uri=news.php?item/49981442.shtml HTTP/1.1" 200 19665 "-" "Mozilla/5.0 (Linux; Android 6.0.1; Nexus 5X Build/MMB29P) AppleWebKit/537.36 (KHTML, like Gecko) Chrome/137.0.7151.103 Mobile Safari/537.36 (compatible; Googlebot/2.1; +http://www.google.com/bot.html)"
66.249.79.64 - - [16/Jul/2025:04:18:52 +0000] "POST /get-message-notify HTTP/1.1" 200 19357 "http://game-gainz.com/?f=4562781051370&mod=5f7733de&uri=news.php?item/49981442.shtml" "Mozilla/5.0 (Linux; Android 6.0.1; Nexus 5X Build/MMB29P) AppleWebKit/537.36 (KHTML, like Gecko) Chrome/137.0.7151.119 Mobile Safari/537.36 (compatible; Googlebot/2.1; +http://www.google.com/bot.html)"
66.249.79.64 - - [16/Jul/2025:04:18:56 +0000] "GET /?f=5329779031370&mod=f3a3d61b&uri=blog.php?item/5478824.shtml HTTP/1.1" 200 19849 "-" "Mozilla/5.0 (Linux; Android 6.0.1; Nexus 5X Build/MMB29P) AppleWebKit/537.36 (KHTML, like Gecko) Chrome/137.0.7151.103 Mobile Safari/537.36 (compatible; Googlebot/2.1; +http://www.google.com/bot.html)"
209.74.77.214 - - [16/Jul/2025:04:19:04 +0000] "POST /wp-cron.php?doing_wp_cron=1752639544.2227470874786376953125 HTTP/1.1" 200 - "-" "WordPress/6.8.1; https://game-gainz.com"
20.171.207.111 - - [16/Jul/2025:04:19:03 +0000] "GET /item/318270596.shtml HTTP/1.1" 404 12525 "-" "Mozilla/5.0 AppleWebKit/537.36 (KHTML, like Gecko; compatible; GPTBot/1.2; +https://openai.com/gptbot)"
209.74.77.214 - - [16/Jul/2025:04:20:06 +0000] "POST /wp-cron.php?doing_wp_cron=1752639606.1630079746246337890625 HTTP/1.1" 200 - "-" "WordPress/6.8.1; https://game-gainz.com"
20.171.207.111 - - [16/Jul/2025:04:20:05 +0000] "GET /item/318694570.shtml HTTP/1.1" 404 12525 "-" "Mozilla/5.0 AppleWebKit/537.36 (KHTML, like Gecko; compatible; GPTBot/1.2; +https://openai.com/gptbot)"
209.74.77.214 - - [16/Jul/2025:04:20:52 +0000] "POST /wp-cron.php?doing_wp_cron=1752639652.4410090446472167968750 HTTP/1.1" 200 - "-" "WordPress/6.8.1; https://game-gainz.com"
203.2.64.59 - - [16/Jul/2025:04:20:51 +0000] "GET / HTTP/1.1" 200 12982 "-" "Mozilla/5.0 (iPhone; CPU iPhone OS 13_2_3 like Mac OS X) AppleWebKit/605.1.15 (KHTML, like Gecko) Version/13.0.3 Mobile/15E148 Safari/604.1"
20.171.207.111 - - [16/Jul/2025:04:21:07 +0000] "GET /item/318246790.shtml HTTP/1.1" 404 12525 "-" "Mozilla/5.0 AppleWebKit/537.36 (KHTML, like Gecko; compatible; GPTBot/1.2; +https://openai.com/gptbot)"
209.74.77.214 - - [16/Jul/2025:04:22:12 +0000] "POST /wp-cron.php?doing_wp_cron=1752639732.4325919151306152343750 HTTP/1.1" 200 - "-" "WordPress/6.8.1; https://game-gainz.com"
20.171.207.111 - - [16/Jul/2025:04:22:11 +0000] "GET /item/318926458.shtml HTTP/1.1" 404 12525 "-" "Mozilla/5.0 AppleWebKit/537.36 (KHTML, like Gecko; compatible; GPTBot/1.2; +https://openai.com/gptbot)"
209.74.77.214 - - [16/Jul/2025:04:23:14 +0000] "POST /wp-cron.php?doing_wp_cron=1752639794.4353950023651123046875 HTTP/1.1" 200 - "-" "WordPress/6.8.1; https://game-gainz.com"
20.171.207.111 - - [16/Jul/2025:04:23:14 +0000] "GET /item/318567048.shtml HTTP/1.1" 404 12525 "-" "Mozilla/5.0 AppleWebKit/537.36 (KHTML, like Gecko; compatible; GPTBot/1.2; +https://openai.com/gptbot)"
66.249.79.64 - - [16/Jul/2025:04:24:16 +0000] "GET /?f=5344599011370&mod=aebb462e&uri=form.php?item/52057870.shtml HTTP/1.1" 200 19120 "-" "Mozilla/5.0 (Linux; Android 6.0.1; Nexus 5X Build/MMB29P) AppleWebKit/537.36 (KHTML, like Gecko) Chrome/137.0.7151.103 Mobile Safari/537.36 (compatible; Googlebot/2.1; +http://www.google.com/bot.html)"
209.74.77.214 - - [16/Jul/2025:04:24:16 +0000] "POST /wp-cron.php?doing_wp_cron=1752639856.9252738952636718750000 HTTP/1.1" 200 - "-" "WordPress/6.8.1; https://game-gainz.com"
20.171.207.111 - - [16/Jul/2025:04:24:16 +0000] "GET /item/318965208.shtml HTTP/1.1" 404 12524 "-" "Mozilla/5.0 AppleWebKit/537.36 (KHTML, like Gecko; compatible; GPTBot/1.2; +https://openai.com/gptbot)"
66.249.79.64 - - [16/Jul/2025:04:24:58 +0000] "POST /get-message-notify HTTP/1.1" 200 19357 "http://game-gainz.com/?f=5344599011370&mod=aebb462e&uri=form.php?item/52057870.shtml" "Mozilla/5.0 (Linux; Android 6.0.1; Nexus 5X Build/MMB29P) AppleWebKit/537.36 (KHTML, like Gecko) Chrome/137.0.7151.119 Mobile Safari/537.36 (compatible; Googlebot/2.1; +http://www.google.com/bot.html)"
209.74.77.214 - - [16/Jul/2025:04:25:19 +0000] "POST /wp-cron.php?doing_wp_cron=1752639919.7393839359283447265625 HTTP/1.1" 200 - "-" "WordPress/6.8.1; https://game-gainz.com"
20.171.207.111 - - [16/Jul/2025:04:25:19 +0000] "GET /item/318279106.shtml HTTP/1.1" 404 12525 "-" "Mozilla/5.0 AppleWebKit/537.36 (KHTML, like Gecko; compatible; GPTBot/1.2; +https://openai.com/gptbot)"
209.74.77.214 - - [16/Jul/2025:04:26:24 +0000] "POST /wp-cron.php?doing_wp_cron=1752639984.8241710662841796875000 HTTP/1.1" 200 - "-" "WordPress/6.8.1; https://game-gainz.com"
20.171.207.111 - - [16/Jul/2025:04:26:23 +0000] "GET /item/318940272.shtml HTTP/1.1" 404 12525 "-" "Mozilla/5.0 AppleWebKit/537.36 (KHTML, like Gecko; compatible; GPTBot/1.2; +https://openai.com/gptbot)"
66.249.79.65 - - [16/Jul/2025:04:27:03 +0000] "GET /?f=5449092091370&mod=15a50c8b&uri=shop.php?item/2833572.shtml HTTP/1.1" 200 22403 "-" "Mozilla/5.0 (Linux; Android 6.0.1; Nexus 5X Build/MMB29P) AppleWebKit/537.36 (KHTML, like Gecko) Chrome/137.0.7151.103 Mobile Safari/537.36 (compatible; Googlebot/2.1; +http://www.google.com/bot.html)"
66.249.79.64 - - [16/Jul/2025:04:27:16 +0000] "GET /?f=4562781051370&mod=5f7733de&uri=news.php?item/49959374.shtml HTTP/1.1" 200 19067 "-" "Mozilla/5.0 (Linux; Android 6.0.1; Nexus 5X Build/MMB29P) AppleWebKit/537.36 (KHTML, like Gecko) Chrome/137.0.7151.103 Mobile Safari/537.36 (compatible; Googlebot/2.1; +http://www.google.com/bot.html)"
20.171.207.111 - - [16/Jul/2025:04:27:23 +0000] "GET /item/318910572.shtml HTTP/1.1" 404 12525 "-" "Mozilla/5.0 AppleWebKit/537.36 (KHTML, like Gecko; compatible; GPTBot/1.2; +https://openai.com/gptbot)"
66.249.79.64 - - [16/Jul/2025:04:27:34 +0000] "GET /?f=5449092091370&mod=15a50c8b&uri=shop.php?item/2836838.shtml HTTP/1.1" 200 19255 "-" "Mozilla/5.0 (Linux; Android 6.0.1; Nexus 5X Build/MMB29P) AppleWebKit/537.36 (KHTML, like Gecko) Chrome/137.0.7151.103 Mobile Safari/537.36 (compatible; Googlebot/2.1; +http://www.google.com/bot.html)"
66.249.79.64 - - [16/Jul/2025:04:27:45 +0000] "POST /get-message-notify HTTP/1.1" 200 19357 "http://game-gainz.com/?f=4562781051370&mod=5f7733de&uri=news.php?item/49959374.shtml" "Mozilla/5.0 (Linux; Android 6.0.1; Nexus 5X Build/MMB29P) AppleWebKit/537.36 (KHTML, like Gecko) Chrome/137.0.7151.119 Mobile Safari/537.36 (compatible; Googlebot/2.1; +http://www.google.com/bot.html)"
209.74.77.214 - - [16/Jul/2025:04:28:27 +0000] "POST /wp-cron.php?doing_wp_cron=1752640107.1701331138610839843750 HTTP/1.1" 200 - "-" "WordPress/6.8.1; https://game-gainz.com"
20.171.207.111 - - [16/Jul/2025:04:28:26 +0000] "GET /item/318512476.shtml HTTP/1.1" 404 12525 "-" "Mozilla/5.0 AppleWebKit/537.36 (KHTML, like Gecko; compatible; GPTBot/1.2; +https://openai.com/gptbot)"
66.249.79.64 - - [16/Jul/2025:04:29:04 +0000] "GET /?f=4562781051370&mod=5f7733de&uri=news.php?item/49973806.shtml HTTP/1.1" 200 22697 "-" "Mozilla/5.0 (Linux; Android 6.0.1; Nexus 5X Build/MMB29P) AppleWebKit/537.36 (KHTML, like Gecko) Chrome/137.0.7151.103 Mobile Safari/537.36 (compatible; Googlebot/2.1; +http://www.google.com/bot.html)"
209.74.77.214 - - [16/Jul/2025:04:29:28 +0000] "POST /wp-cron.php?doing_wp_cron=1752640168.6711230278015136718750 HTTP/1.1" 200 - "-" "WordPress/6.8.1; https://game-gainz.com"
20.171.207.111 - - [16/Jul/2025:04:29:28 +0000] "GET /item/318450768.shtml HTTP/1.1" 404 12525 "-" "Mozilla/5.0 AppleWebKit/537.36 (KHTML, like Gecko; compatible; GPTBot/1.2; +https://openai.com/gptbot)"
66.249.79.64 - - [16/Jul/2025:04:29:29 +0000] "GET /?f=5361162021370&mod=b3b0b34e&uri=pin.php?item/676143202.shtml HTTP/1.1" 200 20644 "-" "Mozilla/5.0 (Linux; Android 6.0.1; Nexus 5X Build/MMB29P) AppleWebKit/537.36 (KHTML, like Gecko) Chrome/137.0.7151.103 Mobile Safari/537.36 (compatible; Googlebot/2.1; +http://www.google.com/bot.html)"
66.249.79.64 - - [16/Jul/2025:04:29:54 +0000] "GET /?f=5361162021370&mod=b3b0b34e&uri=pin.php?item/583719484.shtml HTTP/1.1" 200 19092 "-" "Mozilla/5.0 (Linux; Android 6.0.1; Nexus 5X Build/MMB29P) AppleWebKit/537.36 (KHTML, like Gecko) Chrome/137.0.7151.103 Mobile Safari/537.36 (compatible; Googlebot/2.1; +http://www.google.com/bot.html)"
66.249.79.64 - - [16/Jul/2025:04:29:55 +0000] "GET /?f=5361162021370&mod=b3b0b34e&uri=pin.php?item/583702116.shtml HTTP/1.1" 200 18006 "-" "Mozilla/5.0 (Linux; Android 6.0.1; Nexus 5X Build/MMB29P) AppleWebKit/537.36 (KHTML, like Gecko) Chrome/137.0.7151.103 Mobile Safari/537.36 (compatible; Googlebot/2.1; +http://www.google.com/bot.html)"
66.249.79.64 - - [16/Jul/2025:04:29:57 +0000] "GET /?f=5361162021370&mod=b3b0b34e&uri=pin.php?item/583695060.shtml HTTP/1.1" 200 19542 "-" "Mozilla/5.0 (Linux; Android 6.0.1; Nexus 5X Build/MMB29P) AppleWebKit/537.36 (KHTML, like Gecko) Chrome/137.0.7151.103 Mobile Safari/537.36 (compatible; Googlebot/2.1; +http://www.google.com/bot.html)"
66.249.79.64 - - [16/Jul/2025:04:29:59 +0000] "GET /?f=5361162021370&mod=b3b0b34e&uri=pin.php?item/583697420.shtml HTTP/1.1" 200 18626 "-" "Mozilla/5.0 (Linux; Android 6.0.1; Nexus 5X Build/MMB29P) AppleWebKit/537.36 (KHTML, like Gecko) Chrome/137.0.7151.103 Mobile Safari/537.36 (compatible; Googlebot/2.1; +http://www.google.com/bot.html)"
66.249.79.64 - - [16/Jul/2025:04:30:03 +0000] "GET /?f=5361162021370&mod=b3b0b34e&uri=pin.php?item/583763808.shtml HTTP/1.1" 200 20210 "-" "Mozilla/5.0 (Linux; Android 6.0.1; Nexus 5X Build/MMB29P) AppleWebKit/537.36 (KHTML, like Gecko) Chrome/137.0.7151.103 Mobile Safari/537.36 (compatible; Googlebot/2.1; +http://www.google.com/bot.html)"
66.249.79.64 - - [16/Jul/2025:04:30:04 +0000] "GET /?f=5361162021370&mod=b3b0b34e&uri=pin.php?product/edit/G3084179071 HTTP/1.1" 200 21623 "-" "Mozilla/5.0 (Linux; Android 6.0.1; Nexus 5X Build/MMB29P) AppleWebKit/537.36 (KHTML, like Gecko) Chrome/137.0.7151.103 Mobile Safari/537.36 (compatible; Googlebot/2.1; +http://www.google.com/bot.html)"
66.249.79.64 - - [16/Jul/2025:04:30:06 +0000] "GET /?f=5361162021370&mod=b3b0b34e&uri=pin.php?item/583717352.shtml HTTP/1.1" 200 19438 "-" "Mozilla/5.0 (Linux; Android 6.0.1; Nexus 5X Build/MMB29P) AppleWebKit/537.36 (KHTML, like Gecko) Chrome/137.0.7151.103 Mobile Safari/537.36 (compatible; Googlebot/2.1; +http://www.google.com/bot.html)"
66.249.79.64 - - [16/Jul/2025:04:30:09 +0000] "POST /get-message-notify HTTP/1.1" 200 19357 "http://game-gainz.com/?f=5361162021370&mod=b3b0b34e&uri=pin.php?item/583717352.shtml" "Mozilla/5.0 (Linux; Android 6.0.1; Nexus 5X Build/MMB29P) AppleWebKit/537.36 (KHTML, like Gecko) Chrome/137.0.7151.119 Mobile Safari/537.36 (compatible; Googlebot/2.1; +http://www.google.com/bot.html)"
66.249.79.64 - - [16/Jul/2025:04:30:10 +0000] "POST /get-message-notify HTTP/1.1" 200 19357 "http://game-gainz.com/?f=5361162021370&mod=b3b0b34e&uri=pin.php?item/583695060.shtml" "Mozilla/5.0 (Linux; Android 6.0.1; Nexus 5X Build/MMB29P) AppleWebKit/537.36 (KHTML, like Gecko) Chrome/137.0.7151.119 Mobile Safari/537.36 (compatible; Googlebot/2.1; +http://www.google.com/bot.html)"
66.249.79.64 - - [16/Jul/2025:04:30:11 +0000] "GET /?f=5361162021370&mod=b3b0b34e&uri=pin.php?item/583701198.shtml HTTP/1.1" 200 19255 "-" "Mozilla/5.0 (Linux; Android 6.0.1; Nexus 5X Build/MMB29P) AppleWebKit/537.36 (KHTML, like Gecko) Chrome/137.0.7151.103 Mobile Safari/537.36 (compatible; Googlebot/2.1; +http://www.google.com/bot.html)"
66.249.79.64 - - [16/Jul/2025:04:30:13 +0000] "GET /?f=5361162021370&mod=b3b0b34e&uri=pin.php?item/583762974.shtml HTTP/1.1" 200 19479 "-" "Mozilla/5.0 (Linux; Android 6.0.1; Nexus 5X Build/MMB29P) AppleWebKit/537.36 (KHTML, like Gecko) Chrome/137.0.7151.103 Mobile Safari/537.36 (compatible; Googlebot/2.1; +http://www.google.com/bot.html)"
66.249.79.64 - - [16/Jul/2025:04:30:15 +0000] "GET /?f=5361162021370&mod=b3b0b34e&uri=pin.php?item/583714736.shtml HTTP/1.1" 200 19356 "-" "Mozilla/5.0 (Linux; Android 6.0.1; Nexus 5X Build/MMB29P) AppleWebKit/537.36 (KHTML, like Gecko) Chrome/137.0.7151.103 Mobile Safari/537.36 (compatible; Googlebot/2.1; +http://www.google.com/bot.html)"
66.249.79.64 - - [16/Jul/2025:04:30:25 +0000] "GET /?f=5361162021370&mod=b3b0b34e&uri=pin.php?item/583697400.shtml HTTP/1.1" 200 18407 "-" "Mozilla/5.0 (Linux; Android 6.0.1; Nexus 5X Build/MMB29P) AppleWebKit/537.36 (KHTML, like Gecko) Chrome/137.0.7151.103 Mobile Safari/537.36 (compatible; Googlebot/2.1; +http://www.google.com/bot.html)"
66.249.79.64 - - [16/Jul/2025:04:30:27 +0000] "GET /?f=5361162021370&mod=b3b0b34e&uri=pin.php?item/583705052.shtml HTTP/1.1" 200 19508 "-" "Mozilla/5.0 (Linux; Android 6.0.1; Nexus 5X Build/MMB29P) AppleWebKit/537.36 (KHTML, like Gecko) Chrome/137.0.7151.103 Mobile Safari/537.36 (compatible; Googlebot/2.1; +http://www.google.com/bot.html)"
66.249.79.64 - - [16/Jul/2025:04:30:29 +0000] "GET /?f=5361162021370&mod=b3b0b34e&uri=pin.php?item/583766744.shtml HTTP/1.1" 200 18311 "-" "Mozilla/5.0 (Linux; Android 6.0.1; Nexus 5X Build/MMB29P) AppleWebKit/537.36 (KHTML, like Gecko) Chrome/137.0.7151.103 Mobile Safari/537.36 (compatible; Googlebot/2.1; +http://www.google.com/bot.html)"
209.74.77.214 - - [16/Jul/2025:04:30:31 +0000] "POST /wp-cron.php?doing_wp_cron=1752640231.6593170166015625000000 HTTP/1.1" 200 - "-" "WordPress/6.8.1; https://game-gainz.com"
20.171.207.111 - - [16/Jul/2025:04:30:31 +0000] "GET /item/318207454.shtml HTTP/1.1" 404 12525 "-" "Mozilla/5.0 AppleWebKit/537.36 (KHTML, like Gecko; compatible; GPTBot/1.2; +https://openai.com/gptbot)"
66.249.79.64 - - [16/Jul/2025:04:30:31 +0000] "GET /?f=5361162021370&mod=b3b0b34e&uri=pin.php?item/583760550.shtml HTTP/1.1" 200 19963 "-" "Mozilla/5.0 (Linux; Android 6.0.1; Nexus 5X Build/MMB29P) AppleWebKit/537.36 (KHTML, like Gecko) Chrome/137.0.7151.103 Mobile Safari/537.36 (compatible; Googlebot/2.1; +http://www.google.com/bot.html)"
66.249.79.64 - - [16/Jul/2025:04:30:33 +0000] "GET /?f=5361162021370&mod=b3b0b34e&uri=pin.php?item/583699792.shtml HTTP/1.1" 200 20614 "-" "Mozilla/5.0 (Linux; Android 6.0.1; Nexus 5X Build/MMB29P) AppleWebKit/537.36 (KHTML, like Gecko) Chrome/137.0.7151.103 Mobile Safari/537.36 (compatible; Googlebot/2.1; +http://www.google.com/bot.html)"
66.249.79.64 - - [16/Jul/2025:04:30:36 +0000] "GET /?f=5344599011370&mod=aebb462e&uri=form.php?item/8098270.shtml HTTP/1.1" 200 19587 "-" "Mozilla/5.0 (Linux; Android 6.0.1; Nexus 5X Build/MMB29P) AppleWebKit/537.36 (KHTML, like Gecko) Chrome/137.0.7151.103 Mobile Safari/537.36 (compatible; Googlebot/2.1; +http://www.google.com/bot.html)"
66.249.79.64 - - [16/Jul/2025:04:30:40 +0000] "GET /?f=5344599011370&mod=aebb462e&uri=form.php?item/8095334.shtml HTTP/1.1" 200 22658 "-" "Mozilla/5.0 (Linux; Android 6.0.1; Nexus 5X Build/MMB29P) AppleWebKit/537.36 (KHTML, like Gecko) Chrome/137.0.7151.103 Mobile Safari/537.36 (compatible; Googlebot/2.1; +http://www.google.com/bot.html)"
66.249.79.65 - - [16/Jul/2025:04:30:43 +0000] "GET /?f=5344599011370&mod=aebb462e&uri=form.php?item/8108840.shtml HTTP/1.1" 200 21115 "-" "Mozilla/5.0 (Linux; Android 6.0.1; Nexus 5X Build/MMB29P) AppleWebKit/537.36 (KHTML, like Gecko) Chrome/137.0.7151.103 Mobile Safari/537.36 (compatible; Googlebot/2.1; +http://www.google.com/bot.html)"
66.249.79.65 - - [16/Jul/2025:04:30:48 +0000] "POST /get-message-notify HTTP/1.1" 200 19357 "http://game-gainz.com/?f=5361162021370&mod=b3b0b34e&uri=pin.php?item/583699792.shtml" "Mozilla/5.0 (Linux; Android 6.0.1; Nexus 5X Build/MMB29P) AppleWebKit/537.36 (KHTML, like Gecko) Chrome/137.0.7151.119 Mobile Safari/537.36 (compatible; Googlebot/2.1; +http://www.google.com/bot.html)"
66.249.79.64 - - [16/Jul/2025:04:30:50 +0000] "GET /?f=5344599011370&mod=aebb462e&uri=form.php?item/10806664.shtml HTTP/1.1" 200 21020 "-" "Mozilla/5.0 (Linux; Android 6.0.1; Nexus 5X Build/MMB29P) AppleWebKit/537.36 (KHTML, like Gecko) Chrome/137.0.7151.103 Mobile Safari/537.36 (compatible; Googlebot/2.1; +http://www.google.com/bot.html)"
66.249.79.64 - - [16/Jul/2025:04:30:54 +0000] "GET /?f=5344599011370&mod=aebb462e&uri=form.php?item/10773206.shtml HTTP/1.1" 200 19297 "-" "Mozilla/5.0 (Linux; Android 6.0.1; Nexus 5X Build/MMB29P) AppleWebKit/537.36 (KHTML, like Gecko) Chrome/137.0.7151.103 Mobile Safari/537.36 (compatible; Googlebot/2.1; +http://www.google.com/bot.html)"
66.249.79.65 - - [16/Jul/2025:04:30:56 +0000] "POST /get-message-notify HTTP/1.1" 200 19357 "http://game-gainz.com/?f=5361162021370&mod=b3b0b34e&uri=pin.php?item/583697400.shtml" "Mozilla/5.0 (Linux; Android 6.0.1; Nexus 5X Build/MMB29P) AppleWebKit/537.36 (KHTML, like Gecko) Chrome/137.0.7151.119 Mobile Safari/537.36 (compatible; Googlebot/2.1; +http://www.google.com/bot.html)"
66.249.79.65 - - [16/Jul/2025:04:30:57 +0000] "GET /?f=5344599011370&mod=aebb462e&uri=form.php?item/10812834.shtml HTTP/1.1" 200 19369 "-" "Mozilla/5.0 (Linux; Android 6.0.1; Nexus 5X Build/MMB29P) AppleWebKit/537.36 (KHTML, like Gecko) Chrome/137.0.7151.103 Mobile Safari/537.36 (compatible; Googlebot/2.1; +http://www.google.com/bot.html)"
66.249.79.64 - - [16/Jul/2025:04:31:03 +0000] "POST /get-message-notify HTTP/1.1" 200 19357 "http://game-gainz.com/?f=5361162021370&mod=b3b0b34e&uri=pin.php?item/583760550.shtml" "Mozilla/5.0 (Linux; Android 6.0.1; Nexus 5X Build/MMB29P) AppleWebKit/537.36 (KHTML, like Gecko) Chrome/137.0.7151.119 Mobile Safari/537.36 (compatible; Googlebot/2.1; +http://www.google.com/bot.html)"
66.249.79.66 - - [16/Jul/2025:04:31:03 +0000] "GET /?f=5344599011370&mod=aebb462e&uri=form.php?item/10786988.shtml HTTP/1.1" 200 20131 "-" "Mozilla/5.0 (Linux; Android 6.0.1; Nexus 5X Build/MMB29P) AppleWebKit/537.36 (KHTML, like Gecko) Chrome/137.0.7151.103 Mobile Safari/537.36 (compatible; Googlebot/2.1; +http://www.google.com/bot.html)"
66.249.79.64 - - [16/Jul/2025:04:31:05 +0000] "GET /?f=5344599011370&mod=aebb462e&uri=form.php?item/10805266.shtml HTTP/1.1" 200 21993 "-" "Mozilla/5.0 (Linux; Android 6.0.1; Nexus 5X Build/MMB29P) AppleWebKit/537.36 (KHTML, like Gecko) Chrome/137.0.7151.103 Mobile Safari/537.36 (compatible; Googlebot/2.1; +http://www.google.com/bot.html)"
66.249.79.64 - - [16/Jul/2025:04:31:10 +0000] "GET /?f=5344599011370&mod=aebb462e&uri=form.php?item/10822826.shtml HTTP/1.1" 200 19231 "-" "Mozilla/5.0 (Linux; Android 6.0.1; Nexus 5X Build/MMB29P) AppleWebKit/537.36 (KHTML, like Gecko) Chrome/137.0.7151.103 Mobile Safari/537.36 (compatible; Googlebot/2.1; +http://www.google.com/bot.html)"
66.249.79.64 - - [16/Jul/2025:04:31:19 +0000] "GET /?f=5344599011370&mod=aebb462e&uri=form.php?item/10767036.shtml HTTP/1.1" 200 21396 "-" "Mozilla/5.0 (Linux; Android 6.0.1; Nexus 5X Build/MMB29P) AppleWebKit/537.36 (KHTML, like Gecko) Chrome/137.0.7151.103 Mobile Safari/537.36 (compatible; Googlebot/2.1; +http://www.google.com/bot.html)"
66.249.79.64 - - [16/Jul/2025:04:31:20 +0000] "GET /?f=5361162021370&mod=b3b0b34e&uri=pin.php?item/583695938.shtml HTTP/1.1" 200 19414 "-" "Mozilla/5.0 (Linux; Android 6.0.1; Nexus 5X Build/MMB29P) AppleWebKit/537.36 (KHTML, like Gecko) Chrome/137.0.7151.103 Mobile Safari/537.36 (compatible; Googlebot/2.1; +http://www.google.com/bot.html)"
66.249.79.64 - - [16/Jul/2025:04:31:26 +0000] "GET /?f=5361162021370&mod=b3b0b34e&uri=pin.php?item/583762890.shtml HTTP/1.1" 200 17964 "-" "Mozilla/5.0 (Linux; Android 6.0.1; Nexus 5X Build/MMB29P) AppleWebKit/537.36 (KHTML, like Gecko) Chrome/137.0.7151.103 Mobile Safari/537.36 (compatible; Googlebot/2.1; +http://www.google.com/bot.html)"
66.249.79.64 - - [16/Jul/2025:04:31:27 +0000] "GET /?f=5361162021370&mod=b3b0b34e&uri=pin.php?item/583696534.shtml HTTP/1.1" 200 19390 "-" "Mozilla/5.0 (Linux; Android 6.0.1; Nexus 5X Build/MMB29P) AppleWebKit/537.36 (KHTML, like Gecko) Chrome/137.0.7151.103 Mobile Safari/537.36 (compatible; Googlebot/2.1; +http://www.google.com/bot.html)"
66.249.79.64 - - [16/Jul/2025:04:31:29 +0000] "POST /get-message-notify HTTP/1.1" 200 19357 "http://game-gainz.com/?f=5361162021370&mod=b3b0b34e&uri=pin.php?item/583695938.shtml" "Mozilla/5.0 (Linux; Android 6.0.1; Nexus 5X Build/MMB29P) AppleWebKit/537.36 (KHTML, like Gecko) Chrome/137.0.7151.119 Mobile Safari/537.36 (compatible; Googlebot/2.1; +http://www.google.com/bot.html)"
66.249.79.64 - - [16/Jul/2025:04:31:29 +0000] "GET /?f=5361162021370&mod=b3b0b34e&uri=pin.php?item/583765282.shtml HTTP/1.1" 200 21238 "-" "Mozilla/5.0 (Linux; Android 6.0.1; Nexus 5X Build/MMB29P) AppleWebKit/537.36 (KHTML, like Gecko) Chrome/137.0.7151.103 Mobile Safari/537.36 (compatible; Googlebot/2.1; +http://www.google.com/bot.html)"
66.249.79.64 - - [16/Jul/2025:04:31:31 +0000] "GET /?f=5361162021370&mod=b3b0b34e&uri=pin.php?item/583715630.shtml HTTP/1.1" 200 19637 "-" "Mozilla/5.0 (Linux; Android 6.0.1; Nexus 5X Build/MMB29P) AppleWebKit/537.36 (KHTML, like Gecko) Chrome/137.0.7151.103 Mobile Safari/537.36 (compatible; Googlebot/2.1; +http://www.google.com/bot.html)"
66.249.79.64 - - [16/Jul/2025:04:31:32 +0000] "GET /?f=5344599011370&mod=aebb462e&uri=form.php?item/10780262.shtml HTTP/1.1" 200 20577 "-" "Mozilla/5.0 (Linux; Android 6.0.1; Nexus 5X Build/MMB29P) AppleWebKit/537.36 (KHTML, like Gecko) Chrome/137.0.7151.103 Mobile Safari/537.36 (compatible; Googlebot/2.1; +http://www.google.com/bot.html)"
66.249.79.64 - - [16/Jul/2025:04:31:33 +0000] "GET /?f=5361162021370&mod=b3b0b34e&uri=pin.php?item/583693630.shtml HTTP/1.1" 200 18802 "-" "Mozilla/5.0 (Linux; Android 6.0.1; Nexus 5X Build/MMB29P) AppleWebKit/537.36 (KHTML, like Gecko) Chrome/137.0.7151.103 Mobile Safari/537.36 (compatible; Googlebot/2.1; +http://www.google.com/bot.html)"
209.74.77.214 - - [16/Jul/2025:04:31:35 +0000] "POST /wp-cron.php?doing_wp_cron=1752640295.5653719902038574218750 HTTP/1.1" 200 - "-" "WordPress/6.8.1; https://game-gainz.com"
20.171.207.111 - - [16/Jul/2025:04:31:35 +0000] "GET /item/318420792.shtml HTTP/1.1" 404 12525 "-" "Mozilla/5.0 AppleWebKit/537.36 (KHTML, like Gecko; compatible; GPTBot/1.2; +https://openai.com/gptbot)"
66.249.79.64 - - [16/Jul/2025:04:31:36 +0000] "GET /?f=5361162021370&mod=b3b0b34e&uri=pin.php?item/583692672.shtml HTTP/1.1" 200 19453 "-" "Mozilla/5.0 (Linux; Android 6.0.1; Nexus 5X Build/MMB29P) AppleWebKit/537.36 (KHTML, like Gecko) Chrome/137.0.7151.103 Mobile Safari/537.36 (compatible; Googlebot/2.1; +http://www.google.com/bot.html)"
66.249.79.64 - - [16/Jul/2025:04:31:40 +0000] "GET /?f=5361162021370&mod=b3b0b34e&uri=pin.php?item/583708574.shtml HTTP/1.1" 200 19629 "-" "Mozilla/5.0 (Linux; Android 6.0.1; Nexus 5X Build/MMB29P) AppleWebKit/537.36 (KHTML, like Gecko) Chrome/137.0.7151.103 Mobile Safari/537.36 (compatible; Googlebot/2.1; +http://www.google.com/bot.html)"
66.249.79.65 - - [16/Jul/2025:04:31:41 +0000] "POST /get-message-notify HTTP/1.1" 200 19357 "http://game-gainz.com/?f=5361162021370&mod=b3b0b34e&uri=pin.php?item/583692672.shtml" "Mozilla/5.0 (Linux; Android 6.0.1; Nexus 5X Build/MMB29P) AppleWebKit/537.36 (KHTML, like Gecko) Chrome/137.0.7151.119 Mobile Safari/537.36 (compatible; Googlebot/2.1; +http://www.google.com/bot.html)"
66.249.79.65 - - [16/Jul/2025:04:31:44 +0000] "GET /?f=5361162021370&mod=b3b0b34e&uri=pin.php?item/583715954.shtml HTTP/1.1" 200 19396 "-" "Mozilla/5.0 (Linux; Android 6.0.1; Nexus 5X Build/MMB29P) AppleWebKit/537.36 (KHTML, like Gecko) Chrome/137.0.7151.103 Mobile Safari/537.36 (compatible; Googlebot/2.1; +http://www.google.com/bot.html)"
66.249.79.64 - - [16/Jul/2025:04:31:47 +0000] "GET /?f=5361162021370&mod=b3b0b34e&uri=pin.php?item/583703314.shtml HTTP/1.1" 200 19818 "-" "Mozilla/5.0 (Linux; Android 6.0.1; Nexus 5X Build/MMB29P) AppleWebKit/537.36 (KHTML, like Gecko) Chrome/137.0.7151.103 Mobile Safari/537.36 (compatible; Googlebot/2.1; +http://www.google.com/bot.html)"
66.249.79.65 - - [16/Jul/2025:04:31:48 +0000] "POST /get-message-notify HTTP/1.1" 200 19357 "http://game-gainz.com/?f=5361162021370&mod=b3b0b34e&uri=pin.php?item/583763808.shtml" "Mozilla/5.0 (Linux; Android 6.0.1; Nexus 5X Build/MMB29P) AppleWebKit/537.36 (KHTML, like Gecko) Chrome/137.0.7151.119 Mobile Safari/537.36 (compatible; Googlebot/2.1; +http://www.google.com/bot.html)"
66.249.79.64 - - [16/Jul/2025:04:31:51 +0000] "GET /?f=5361162021370&mod=b3b0b34e&uri=pin.php?item/583713306.shtml HTTP/1.1" 200 19832 "-" "Mozilla/5.0 (Linux; Android 6.0.1; Nexus 5X Build/MMB29P) AppleWebKit/537.36 (KHTML, like Gecko) Chrome/137.0.7151.103 Mobile Safari/537.36 (compatible; Googlebot/2.1; +http://www.google.com/bot.html)"
66.249.79.64 - - [16/Jul/2025:04:31:53 +0000] "POST /get-message-notify HTTP/1.1" 200 19357 "http://game-gainz.com/?f=5344599011370&mod=aebb462e&uri=form.php?item/10767036.shtml" "Mozilla/5.0 (Linux; Android 6.0.1; Nexus 5X Build/MMB29P) AppleWebKit/537.36 (KHTML, like Gecko) Chrome/137.0.7151.119 Mobile Safari/537.36 (compatible; Googlebot/2.1; +http://www.google.com/bot.html)"
66.249.79.64 - - [16/Jul/2025:04:31:58 +0000] "GET /?f=5361162021370&mod=b3b0b34e&uri=pin.php?item/583702664.shtml HTTP/1.1" 200 20040 "-" "Mozilla/5.0 (Linux; Android 6.0.1; Nexus 5X Build/MMB29P) AppleWebKit/537.36 (KHTML, like Gecko) Chrome/137.0.7151.103 Mobile Safari/537.36 (compatible; Googlebot/2.1; +http://www.google.com/bot.html)"
66.249.79.65 - - [16/Jul/2025:04:32:00 +0000] "GET /?f=5361162021370&mod=b3b0b34e&uri=pin.php?item/583759112.shtml HTTP/1.1" 200 19059 "-" "Mozilla/5.0 (Linux; Android 6.0.1; Nexus 5X Build/MMB29P) AppleWebKit/537.36 (KHTML, like Gecko) Chrome/137.0.7151.103 Mobile Safari/537.36 (compatible; Googlebot/2.1; +http://www.google.com/bot.html)"
66.249.79.64 - - [16/Jul/2025:04:32:03 +0000] "GET /?f=5361162021370&mod=b3b0b34e&uri=pin.php?item/583709784.shtml HTTP/1.1" 200 20592 "-" "Mozilla/5.0 (Linux; Android 6.0.1; Nexus 5X Build/MMB29P) AppleWebKit/537.36 (KHTML, like Gecko) Chrome/137.0.7151.103 Mobile Safari/537.36 (compatible; Googlebot/2.1; +http://www.google.com/bot.html)"
66.249.79.64 - - [16/Jul/2025:04:32:06 +0000] "GET /?f=5361162021370&mod=b3b0b34e&uri=pin.php?item/583767670.shtml HTTP/1.1" 200 18705 "-" "Mozilla/5.0 (Linux; Android 6.0.1; Nexus 5X Build/MMB29P) AppleWebKit/537.36 (KHTML, like Gecko) Chrome/137.0.7151.103 Mobile Safari/537.36 (compatible; Googlebot/2.1; +http://www.google.com/bot.html)"
66.249.79.64 - - [16/Jul/2025:04:32:09 +0000] "POST /get-message-notify HTTP/1.1" 200 19357 "http://game-gainz.com/?f=5361162021370&mod=b3b0b34e&uri=pin.php?item/583701198.shtml" "Mozilla/5.0 (Linux; Android 6.0.1; Nexus 5X Build/MMB29P) AppleWebKit/537.36 (KHTML, like Gecko) Chrome/137.0.7151.119 Mobile Safari/537.36 (compatible; Googlebot/2.1; +http://www.google.com/bot.html)"
66.249.79.64 - - [16/Jul/2025:04:32:10 +0000] "GET /?f=5344599011370&mod=aebb462e&uri=form.php?item/8089744.shtml HTTP/1.1" 200 20496 "-" "Mozilla/5.0 (Linux; Android 6.0.1; Nexus 5X Build/MMB29P) AppleWebKit/537.36 (KHTML, like Gecko) Chrome/137.0.7151.103 Mobile Safari/537.36 (compatible; Googlebot/2.1; +http://www.google.com/bot.html)"
66.249.79.64 - - [16/Jul/2025:04:32:12 +0000] "GET /?f=5344599011370&mod=aebb462e&uri=form.php?item/52618148.shtml HTTP/1.1" 200 19419 "-" "Mozilla/5.0 (Linux; Android 6.0.1; Nexus 5X Build/MMB29P) AppleWebKit/537.36 (KHTML, like Gecko) Chrome/137.0.7151.103 Mobile Safari/537.36 (compatible; Googlebot/2.1; +http://www.google.com/bot.html)"
66.249.79.64 - - [16/Jul/2025:04:32:13 +0000] "GET /?f=5344599011370&mod=aebb462e&uri=form.php?item/8089164.shtml HTTP/1.1" 200 21239 "-" "Mozilla/5.0 (Linux; Android 6.0.1; Nexus 5X Build/MMB29P) AppleWebKit/537.36 (KHTML, like Gecko) Chrome/137.0.7151.103 Mobile Safari/537.36 (compatible; Googlebot/2.1; +http://www.google.com/bot.html)"
66.249.79.64 - - [16/Jul/2025:04:32:16 +0000] "GET /?f=5344599011370&mod=aebb462e&uri=form.php?item/8090618.shtml HTTP/1.1" 200 21540 "-" "Mozilla/5.0 (Linux; Android 6.0.1; Nexus 5X Build/MMB29P) AppleWebKit/537.36 (KHTML, like Gecko) Chrome/137.0.7151.103 Mobile Safari/537.36 (compatible; Googlebot/2.1; +http://www.google.com/bot.html)"
66.249.79.64 - - [16/Jul/2025:04:32:19 +0000] "GET /?f=5344599011370&mod=aebb462e&uri=form.php?item/8114132.shtml HTTP/1.1" 200 20425 "-" "Mozilla/5.0 (Linux; Android 6.0.1; Nexus 5X Build/MMB29P) AppleWebKit/537.36 (KHTML, like Gecko) Chrome/137.0.7151.103 Mobile Safari/537.36 (compatible; Googlebot/2.1; +http://www.google.com/bot.html)"
66.249.79.64 - - [16/Jul/2025:04:32:23 +0000] "GET /?f=5344599011370&mod=aebb462e&uri=form.php?item/8109180.shtml HTTP/1.1" 200 19619 "-" "Mozilla/5.0 (Linux; Android 6.0.1; Nexus 5X Build/MMB29P) AppleWebKit/537.36 (KHTML, like Gecko) Chrome/137.0.7151.103 Mobile Safari/537.36 (compatible; Googlebot/2.1; +http://www.google.com/bot.html)"
66.249.79.64 - - [16/Jul/2025:04:32:26 +0000] "GET /?f=5344599011370&mod=aebb462e&uri=form.php?item/8108230.shtml HTTP/1.1" 200 18916 "-" "Mozilla/5.0 (Linux; Android 6.0.1; Nexus 5X Build/MMB29P) AppleWebKit/537.36 (KHTML, like Gecko) Chrome/137.0.7151.103 Mobile Safari/537.36 (compatible; Googlebot/2.1; +http://www.google.com/bot.html)"
66.249.79.64 - - [16/Jul/2025:04:32:33 +0000] "GET /?f=5344599011370&mod=aebb462e&uri=form.php?item/8093010.shtml HTTP/1.1" 200 19667 "-" "Mozilla/5.0 (Linux; Android 6.0.1; Nexus 5X Build/MMB29P) AppleWebKit/537.36 (KHTML, like Gecko) Chrome/137.0.7151.103 Mobile Safari/537.36 (compatible; Googlebot/2.1; +http://www.google.com/bot.html)"
66.249.79.64 - - [16/Jul/2025:04:32:34 +0000] "POST /get-message-notify HTTP/1.1" 200 19357 "http://game-gainz.com/?f=5344599011370&mod=aebb462e&uri=form.php?item/8089164.shtml" "Mozilla/5.0 (Linux; Android 6.0.1; Nexus 5X Build/MMB29P) AppleWebKit/537.36 (KHTML, like Gecko) Chrome/137.0.7151.119 Mobile Safari/537.36 (compatible; Googlebot/2.1; +http://www.google.com/bot.html)"
66.249.79.64 - - [16/Jul/2025:04:32:35 +0000] "POST /get-message-notify HTTP/1.1" 200 19357 "http://game-gainz.com/?f=5344599011370&mod=aebb462e&uri=form.php?item/8093010.shtml" "Mozilla/5.0 (Linux; Android 6.0.1; Nexus 5X Build/MMB29P) AppleWebKit/537.36 (KHTML, like Gecko) Chrome/137.0.7151.119 Mobile Safari/537.36 (compatible; Googlebot/2.1; +http://www.google.com/bot.html)"
66.249.79.64 - - [16/Jul/2025:04:32:36 +0000] "GET /?f=5344599011370&mod=aebb462e&uri=form.php?item/8090638.shtml HTTP/1.1" 200 19242 "-" "Mozilla/5.0 (Linux; Android 6.0.1; Nexus 5X Build/MMB29P) AppleWebKit/537.36 (KHTML, like Gecko) Chrome/137.0.7151.103 Mobile Safari/537.36 (compatible; Googlebot/2.1; +http://www.google.com/bot.html)"
66.249.79.64 - - [16/Jul/2025:04:32:38 +0000] "GET /?f=5344599011370&mod=aebb462e&uri=form.php?product/edit/G3564786354 HTTP/1.1" 200 20514 "-" "Mozilla/5.0 (Linux; Android 6.0.1; Nexus 5X Build/MMB29P) AppleWebKit/537.36 (KHTML, like Gecko) Chrome/137.0.7151.103 Mobile Safari/537.36 (compatible; Googlebot/2.1; +http://www.google.com/bot.html)"
66.249.79.65 - - [16/Jul/2025:04:32:39 +0000] "GET /?f=5344599011370&mod=aebb462e&uri=form.php?item/4089100.shtml HTTP/1.1" 200 19250 "-" "Mozilla/5.0 (Linux; Android 6.0.1; Nexus 5X Build/MMB29P) AppleWebKit/537.36 (KHTML, like Gecko) Chrome/137.0.7151.103 Mobile Safari/537.36 (compatible; Googlebot/2.1; +http://www.google.com/bot.html)"
209.74.77.214 - - [16/Jul/2025:04:32:40 +0000] "POST /wp-cron.php?doing_wp_cron=1752640360.9566879272460937500000 HTTP/1.1" 200 - "-" "WordPress/6.8.1; https://game-gainz.com"
20.171.207.111 - - [16/Jul/2025:04:32:40 +0000] "GET /item/318469510.shtml HTTP/1.1" 404 12525 "-" "Mozilla/5.0 AppleWebKit/537.36 (KHTML, like Gecko; compatible; GPTBot/1.2; +https://openai.com/gptbot)"
66.249.79.64 - - [16/Jul/2025:04:32:40 +0000] "GET /?f=5344599011370&mod=aebb462e&uri=form.php?item/8106500.shtml HTTP/1.1" 200 19169 "-" "Mozilla/5.0 (Linux; Android 6.0.1; Nexus 5X Build/MMB29P) AppleWebKit/537.36 (KHTML, like Gecko) Chrome/137.0.7151.103 Mobile Safari/537.36 (compatible; Googlebot/2.1; +http://www.google.com/bot.html)"
66.249.79.64 - - [16/Jul/2025:04:32:42 +0000] "POST /get-message-notify HTTP/1.1" 200 19357 "http://game-gainz.com/?f=5361162021370&mod=b3b0b34e&uri=pin.php?item/583715630.shtml" "Mozilla/5.0 (Linux; Android 6.0.1; Nexus 5X Build/MMB29P) AppleWebKit/537.36 (KHTML, like Gecko) Chrome/137.0.7151.119 Mobile Safari/537.36 (compatible; Googlebot/2.1; +http://www.google.com/bot.html)"
66.249.79.64 - - [16/Jul/2025:04:32:44 +0000] "GET /?f=5344599011370&mod=aebb462e&uri=form.php?item/8095882.shtml HTTP/1.1" 200 19537 "-" "Mozilla/5.0 (Linux; Android 6.0.1; Nexus 5X Build/MMB29P) AppleWebKit/537.36 (KHTML, like Gecko) Chrome/137.0.7151.103 Mobile Safari/537.36 (compatible; Googlebot/2.1; +http://www.google.com/bot.html)"
66.249.79.65 - - [16/Jul/2025:04:32:46 +0000] "POST /get-message-notify HTTP/1.1" 200 19357 "http://game-gainz.com/?f=5361162021370&mod=b3b0b34e&uri=pin.php?item/583702664.shtml" "Mozilla/5.0 (Linux; Android 6.0.1; Nexus 5X Build/MMB29P) AppleWebKit/537.36 (KHTML, like Gecko) Chrome/137.0.7151.119 Mobile Safari/537.36 (compatible; Googlebot/2.1; +http://www.google.com/bot.html)"
66.249.79.64 - - [16/Jul/2025:04:32:48 +0000] "GET /?f=5344599011370&mod=aebb462e&uri=form.php?item/8099188.shtml HTTP/1.1" 200 19470 "-" "Mozilla/5.0 (Linux; Android 6.0.1; Nexus 5X Build/MMB29P) AppleWebKit/537.36 (KHTML, like Gecko) Chrome/137.0.7151.103 Mobile Safari/537.36 (compatible; Googlebot/2.1; +http://www.google.com/bot.html)"
66.249.79.64 - - [16/Jul/2025:04:32:48 +0000] "POST /get-message-notify HTTP/1.1" 200 19357 "http://game-gainz.com/?f=5344599011370&mod=aebb462e&uri=form.php?item/10773206.shtml" "Mozilla/5.0 (Linux; Android 6.0.1; Nexus 5X Build/MMB29P) AppleWebKit/537.36 (KHTML, like Gecko) Chrome/137.0.7151.119 Mobile Safari/537.36 (compatible; Googlebot/2.1; +http://www.google.com/bot.html)"
66.249.79.64 - - [16/Jul/2025:04:32:52 +0000] "POST /get-message-notify HTTP/1.1" 200 19357 "http://game-gainz.com/?f=5344599011370&mod=aebb462e&uri=form.php?item/4089100.shtml" "Mozilla/5.0 (Linux; Android 6.0.1; Nexus 5X Build/MMB29P) AppleWebKit/537.36 (KHTML, like Gecko) Chrome/137.0.7151.119 Mobile Safari/537.36 (compatible; Googlebot/2.1; +http://www.google.com/bot.html)"
66.249.79.65 - - [16/Jul/2025:04:32:58 +0000] "GET /?f=5344599011370&mod=aebb462e&uri=form.php?item/8096800.shtml HTTP/1.1" 200 21178 "-" "Mozilla/5.0 (Linux; Android 6.0.1; Nexus 5X Build/MMB29P) AppleWebKit/537.36 (KHTML, like Gecko) Chrome/137.0.7151.103 Mobile Safari/537.36 (compatible; Googlebot/2.1; +http://www.google.com/bot.html)"
66.249.79.64 - - [16/Jul/2025:04:33:03 +0000] "POST /get-message-notify HTTP/1.1" 200 19357 "http://game-gainz.com/?f=5361162021370&mod=b3b0b34e&uri=pin.php?item/583696534.shtml" "Mozilla/5.0 (Linux; Android 6.0.1; Nexus 5X Build/MMB29P) AppleWebKit/537.36 (KHTML, like Gecko) Chrome/137.0.7151.119 Mobile Safari/537.36 (compatible; Googlebot/2.1; +http://www.google.com/bot.html)"
66.249.79.64 - - [16/Jul/2025:04:33:07 +0000] "POST /get-message-notify HTTP/1.1" 200 19357 "http://game-gainz.com/?f=5344599011370&mod=aebb462e&uri=form.php?item/8109180.shtml" "Mozilla/5.0 (Linux; Android 6.0.1; Nexus 5X Build/MMB29P) AppleWebKit/537.36 (KHTML, like Gecko) Chrome/137.0.7151.119 Mobile Safari/537.36 (compatible; Googlebot/2.1; +http://www.google.com/bot.html)"
66.249.79.64 - - [16/Jul/2025:04:33:08 +0000] "GET /?f=5344599011370&mod=aebb462e&uri=form.php?item/8103002.shtml HTTP/1.1" 200 18988 "-" "Mozilla/5.0 (Linux; Android 6.0.1; Nexus 5X Build/MMB29P) AppleWebKit/537.36 (KHTML, like Gecko) Chrome/137.0.7151.103 Mobile Safari/537.36 (compatible; Googlebot/2.1; +http://www.google.com/bot.html)"
66.249.79.64 - - [16/Jul/2025:04:33:10 +0000] "GET /?f=5344599011370&mod=aebb462e&uri=form.php?item/8107954.shtml HTTP/1.1" 200 19545 "-" "Mozilla/5.0 (Linux; Android 6.0.1; Nexus 5X Build/MMB29P) AppleWebKit/537.36 (KHTML, like Gecko) Chrome/137.0.7151.103 Mobile Safari/537.36 (compatible; Googlebot/2.1; +http://www.google.com/bot.html)"
66.249.79.64 - - [16/Jul/2025:04:33:11 +0000] "GET /?f=5344599011370&mod=aebb462e&uri=form.php?item/8100578.shtml HTTP/1.1" 200 20015 "-" "Mozilla/5.0 (Linux; Android 6.0.1; Nexus 5X Build/MMB29P) AppleWebKit/537.36 (KHTML, like Gecko) Chrome/137.0.7151.103 Mobile Safari/537.36 (compatible; Googlebot/2.1; +http://www.google.com/bot.html)"
66.249.79.64 - - [16/Jul/2025:04:33:13 +0000] "GET /?f=5344599011370&mod=aebb462e&uri=form.php?item/8094408.shtml HTTP/1.1" 200 21138 "-" "Mozilla/5.0 (Linux; Android 6.0.1; Nexus 5X Build/MMB29P) AppleWebKit/537.36 (KHTML, like Gecko) Chrome/137.0.7151.103 Mobile Safari/537.36 (compatible; Googlebot/2.1; +http://www.google.com/bot.html)"
66.249.79.64 - - [16/Jul/2025:04:33:18 +0000] "GET /?f=5344599011370&mod=aebb462e&uri=form.php?item/8102060.shtml HTTP/1.1" 200 21688 "-" "Mozilla/5.0 (Linux; Android 6.0.1; Nexus 5X Build/MMB29P) AppleWebKit/537.36 (KHTML, like Gecko) Chrome/137.0.7151.103 Mobile Safari/537.36 (compatible; Googlebot/2.1; +http://www.google.com/bot.html)"
66.249.79.64 - - [16/Jul/2025:04:33:26 +0000] "GET /?f=5344599011370&mod=aebb462e&uri=form.php?item/8092068.shtml HTTP/1.1" 200 21384 "-" "Mozilla/5.0 (Linux; Android 6.0.1; Nexus 5X Build/MMB29P) AppleWebKit/537.36 (KHTML, like Gecko) Chrome/137.0.7151.103 Mobile Safari/537.36 (compatible; Googlebot/2.1; +http://www.google.com/bot.html)"
66.249.79.64 - - [16/Jul/2025:04:33:28 +0000] "GET /?f=5344599011370&mod=aebb462e&uri=form.php?item/8104432.shtml HTTP/1.1" 200 19311 "-" "Mozilla/5.0 (Linux; Android 6.0.1; Nexus 5X Build/MMB29P) AppleWebKit/537.36 (KHTML, like Gecko) Chrome/137.0.7151.103 Mobile Safari/537.36 (compatible; Googlebot/2.1; +http://www.google.com/bot.html)"
66.249.79.64 - - [16/Jul/2025:04:33:29 +0000] "POST /get-message-notify HTTP/1.1" 200 19357 "http://game-gainz.com/?f=5344599011370&mod=aebb462e&uri=form.php?item/8114132.shtml" "Mozilla/5.0 (Linux; Android 6.0.1; Nexus 5X Build/MMB29P) AppleWebKit/537.36 (KHTML, like Gecko) Chrome/137.0.7151.119 Mobile Safari/537.36 (compatible; Googlebot/2.1; +http://www.google.com/bot.html)"
66.249.79.64 - - [16/Jul/2025:04:33:30 +0000] "GET /?f=5344599011370&mod=aebb462e&uri=form.php?item/8112702.shtml HTTP/1.1" 200 19217 "-" "Mozilla/5.0 (Linux; Android 6.0.1; Nexus 5X Build/MMB29P) AppleWebKit/537.36 (KHTML, like Gecko) Chrome/137.0.7151.103 Mobile Safari/537.36 (compatible; Googlebot/2.1; +http://www.google.com/bot.html)"
66.249.79.64 - - [16/Jul/2025:04:33:31 +0000] "POST /get-message-notify HTTP/1.1" 200 19357 "http://game-gainz.com/?f=5344599011370&mod=aebb462e&uri=form.php?item/8089744.shtml" "Mozilla/5.0 (Linux; Android 6.0.1; Nexus 5X Build/MMB29P) AppleWebKit/537.36 (KHTML, like Gecko) Chrome/137.0.7151.119 Mobile Safari/537.36 (compatible; Googlebot/2.1; +http://www.google.com/bot.html)"
66.249.79.64 - - [16/Jul/2025:04:33:32 +0000] "GET /?f=5344599011370&mod=aebb462e&uri=form.php?item/8101784.shtml HTTP/1.1" 200 19968 "-" "Mozilla/5.0 (Linux; Android 6.0.1; Nexus 5X Build/MMB29P) AppleWebKit/537.36 (KHTML, like Gecko) Chrome/137.0.7151.103 Mobile Safari/537.36 (compatible; Googlebot/2.1; +http://www.google.com/bot.html)"
66.249.79.64 - - [16/Jul/2025:04:33:34 +0000] "GET /?f=5330409061370&mod=f3a3d61b&uri=info.php?product/edit/G2035806671 HTTP/1.1" 200 19230 "-" "Mozilla/5.0 (Linux; Android 6.0.1; Nexus 5X Build/MMB29P) AppleWebKit/537.36 (KHTML, like Gecko) Chrome/137.0.7151.103 Mobile Safari/537.36 (compatible; Googlebot/2.1; +http://www.google.com/bot.html)"
66.249.79.64 - - [16/Jul/2025:04:33:34 +0000] "POST /get-message-notify HTTP/1.1" 200 19357 "http://game-gainz.com/?f=5344599011370&mod=aebb462e&uri=form.php?item/8096800.shtml" "Mozilla/5.0 (Linux; Android 6.0.1; Nexus 5X Build/MMB29P) AppleWebKit/537.36 (KHTML, like Gecko) Chrome/137.0.7151.119 Mobile Safari/537.36 (compatible; Googlebot/2.1; +http://www.google.com/bot.html)"
66.249.79.64 - - [16/Jul/2025:04:33:36 +0000] "GET /?f=5025587031370&mod=67a4b0f5&uri=info.php?item/52039916.shtml HTTP/1.1" 200 18789 "-" "Mozilla/5.0 (Linux; Android 6.0.1; Nexus 5X Build/MMB29P) AppleWebKit/537.36 (KHTML, like Gecko) Chrome/137.0.7151.103 Mobile Safari/537.36 (compatible; Googlebot/2.1; +http://www.google.com/bot.html)"
66.249.79.65 - - [16/Jul/2025:04:33:38 +0000] "GET /?f=5025587031370&mod=67a4b0f5&uri=info.php?item/52047292.shtml HTTP/1.1" 200 20696 "-" "Mozilla/5.0 (Linux; Android 6.0.1; Nexus 5X Build/MMB29P) AppleWebKit/537.36 (KHTML, like Gecko) Chrome/137.0.7151.103 Mobile Safari/537.36 (compatible; Googlebot/2.1; +http://www.google.com/bot.html)"
66.249.79.64 - - [16/Jul/2025:04:33:38 +0000] "POST /get-message-notify HTTP/1.1" 200 19357 "http://game-gainz.com/?f=5025587031370&mod=67a4b0f5&uri=info.php?item/52039916.shtml" "Mozilla/5.0 (Linux; Android 6.0.1; Nexus 5X Build/MMB29P) AppleWebKit/537.36 (KHTML, like Gecko) Chrome/137.0.7151.119 Mobile Safari/537.36 (compatible; Googlebot/2.1; +http://www.google.com/bot.html)"
66.249.79.65 - - [16/Jul/2025:04:33:39 +0000] "POST /get-message-notify HTTP/1.1" 200 19357 "http://game-gainz.com/?f=5361162021370&mod=b3b0b34e&uri=pin.php?item/583762890.shtml" "Mozilla/5.0 (Linux; Android 6.0.1; Nexus 5X Build/MMB29P) AppleWebKit/537.36 (KHTML, like Gecko) Chrome/137.0.7151.119 Mobile Safari/537.36 (compatible; Googlebot/2.1; +http://www.google.com/bot.html)"
