66.249.79.66 - - [16/Jul/2025:01:27:02 +0000] "GET /?f=5329779031370&mod=f3a3d61b&uri=blog.php?item/49976710.shtml HTTP/1.1" 200 19794 "-" "Mozilla/5.0 (Linux; Android 6.0.1; Nexus 5X Build/MMB29P) AppleWebKit/537.36 (KHTML, like Gecko) Chrome/137.0.7151.103 Mobile Safari/537.36 (compatible; Googlebot/2.1; +http://www.google.com/bot.html)"
66.249.79.66 - - [16/Jul/2025:01:27:04 +0000] "GET /?f=5329779031370&mod=f3a3d61b&uri=blog.php?item/49963228.shtml HTTP/1.1" 200 18956 "-" "Mozilla/5.0 (Linux; Android 6.0.1; Nexus 5X Build/MMB29P) AppleWebKit/537.36 (KHTML, like Gecko) Chrome/137.0.7151.103 Mobile Safari/537.36 (compatible; Googlebot/2.1; +http://www.google.com/bot.html)"
66.249.79.65 - - [16/Jul/2025:01:27:06 +0000] "POST /get-message-notify HTTP/1.1" 200 19357 "http://game-gainz.com/?f=5329779031370&mod=f3a3d61b&uri=blog.php?item/49976710.shtml" "Mozilla/5.0 (Linux; Android 6.0.1; Nexus 5X Build/MMB29P) AppleWebKit/537.36 (KHTML, like Gecko) Chrome/137.0.7151.119 Mobile Safari/537.36 (compatible; Googlebot/2.1; +http://www.google.com/bot.html)"
66.249.79.64 - - [16/Jul/2025:01:27:07 +0000] "GET /?f=4878597111370&mod=7ee88a99&uri=goods.php?feature/index.html HTTP/1.1" 200 19798 "-" "Mozilla/5.0 (Linux; Android 6.0.1; Nexus 5X Build/MMB29P) AppleWebKit/537.36 (KHTML, like Gecko) Chrome/137.0.7151.103 Mobile Safari/537.36 (compatible; Googlebot/2.1; +http://www.google.com/bot.html)"
66.249.79.64 - - [16/Jul/2025:01:27:11 +0000] "POST /get-message-notify HTTP/1.1" 200 19357 "http://game-gainz.com/?f=5329779031370&mod=f3a3d61b&uri=blog.php?item/49963228.shtml" "Mozilla/5.0 (Linux; Android 6.0.1; Nexus 5X Build/MMB29P) AppleWebKit/537.36 (KHTML, like Gecko) Chrome/137.0.7151.119 Mobile Safari/537.36 (compatible; Googlebot/2.1; +http://www.google.com/bot.html)"
66.249.79.64 - - [16/Jul/2025:01:27:17 +0000] "GET /?f=5329779031370&mod=f3a3d61b&uri=blog.php?item/49940340.shtml HTTP/1.1" 200 20355 "-" "Mozilla/5.0 (Linux; Android 6.0.1; Nexus 5X Build/MMB29P) AppleWebKit/537.36 (KHTML, like Gecko) Chrome/137.0.7151.103 Mobile Safari/537.36 (compatible; Googlebot/2.1; +http://www.google.com/bot.html)"
66.249.79.64 - - [16/Jul/2025:01:27:20 +0000] "GET /?f=5329779031370&mod=f3a3d61b&uri=blog.php?item/49951722.shtml HTTP/1.1" 200 19801 "-" "Mozilla/5.0 (Linux; Android 6.0.1; Nexus 5X Build/MMB29P) AppleWebKit/537.36 (KHTML, like Gecko) Chrome/137.0.7151.103 Mobile Safari/537.36 (compatible; Googlebot/2.1; +http://www.google.com/bot.html)"
66.249.79.64 - - [16/Jul/2025:01:27:24 +0000] "GET /?f=5329779031370&mod=f3a3d61b&uri=blog.php?item/49993822.shtml HTTP/1.1" 200 20899 "-" "Mozilla/5.0 (Linux; Android 6.0.1; Nexus 5X Build/MMB29P) AppleWebKit/537.36 (KHTML, like Gecko) Chrome/137.0.7151.103 Mobile Safari/537.36 (compatible; Googlebot/2.1; +http://www.google.com/bot.html)"
66.249.79.64 - - [16/Jul/2025:01:27:26 +0000] "GET /?f=5329779031370&mod=f3a3d61b&uri=blog.php?item/50569922.shtml HTTP/1.1" 200 19844 "-" "Mozilla/5.0 (Linux; Android 6.0.1; Nexus 5X Build/MMB29P) AppleWebKit/537.36 (KHTML, like Gecko) Chrome/137.0.7151.103 Mobile Safari/537.36 (compatible; Googlebot/2.1; +http://www.google.com/bot.html)"
66.249.79.64 - - [16/Jul/2025:01:27:27 +0000] "GET /?f=5329779031370&mod=f3a3d61b&uri=blog.php?item/49971482.shtml HTTP/1.1" 200 20459 "-" "Mozilla/5.0 (Linux; Android 6.0.1; Nexus 5X Build/MMB29P) AppleWebKit/537.36 (KHTML, like Gecko) Chrome/137.0.7151.103 Mobile Safari/537.36 (compatible; Googlebot/2.1; +http://www.google.com/bot.html)"
66.249.79.64 - - [16/Jul/2025:01:27:29 +0000] "POST /get-message-notify HTTP/1.1" 200 19357 "http://game-gainz.com/?f=5329779031370&mod=f3a3d61b&uri=blog.php?item/49993822.shtml" "Mozilla/5.0 (Linux; Android 6.0.1; Nexus 5X Build/MMB29P) AppleWebKit/537.36 (KHTML, like Gecko) Chrome/137.0.7151.119 Mobile Safari/537.36 (compatible; Googlebot/2.1; +http://www.google.com/bot.html)"
66.249.79.64 - - [16/Jul/2025:01:27:30 +0000] "POST /get-message-notify HTTP/1.1" 200 19357 "http://game-gainz.com/?f=5329779031370&mod=f3a3d61b&uri=blog.php?item/49971482.shtml" "Mozilla/5.0 (Linux; Android 6.0.1; Nexus 5X Build/MMB29P) AppleWebKit/537.36 (KHTML, like Gecko) Chrome/137.0.7151.119 Mobile Safari/537.36 (compatible; Googlebot/2.1; +http://www.google.com/bot.html)"
66.249.79.64 - - [16/Jul/2025:01:27:31 +0000] "GET /?f=5329779031370&mod=f3a3d61b&uri=blog.php?item/49975528.shtml HTTP/1.1" 200 21017 "-" "Mozilla/5.0 (Linux; Android 6.0.1; Nexus 5X Build/MMB29P) AppleWebKit/537.36 (KHTML, like Gecko) Chrome/137.0.7151.103 Mobile Safari/537.36 (compatible; Googlebot/2.1; +http://www.google.com/bot.html)"
66.249.79.64 - - [16/Jul/2025:01:27:34 +0000] "GET /?f=5329779031370&mod=f3a3d61b&uri=blog.php?item/49933512.shtml HTTP/1.1" 200 20808 "-" "Mozilla/5.0 (Linux; Android 6.0.1; Nexus 5X Build/MMB29P) AppleWebKit/537.36 (KHTML, like Gecko) Chrome/137.0.7151.103 Mobile Safari/537.36 (compatible; Googlebot/2.1; +http://www.google.com/bot.html)"
66.249.79.64 - - [16/Jul/2025:01:27:48 +0000] "GET /?f=4878597111370&mod=7ee88a99&uri=goods.php?affiliate HTTP/1.1" 200 20085 "-" "Mozilla/5.0 (Linux; Android 6.0.1; Nexus 5X Build/MMB29P) AppleWebKit/537.36 (KHTML, like Gecko) Chrome/137.0.7151.103 Mobile Safari/537.36 (compatible; Googlebot/2.1; +http://www.google.com/bot.html)"
66.249.79.64 - - [16/Jul/2025:01:27:51 +0000] "GET /?f=4878597111370&mod=7ee88a99&uri=goods.php?item/2867936.shtml HTTP/1.1" 200 19144 "-" "Mozilla/5.0 (Linux; Android 6.0.1; Nexus 5X Build/MMB29P) AppleWebKit/537.36 (KHTML, like Gecko) Chrome/137.0.7151.103 Mobile Safari/537.36 (compatible; Googlebot/2.1; +http://www.google.com/bot.html)"
66.249.79.65 - - [16/Jul/2025:01:27:55 +0000] "GET /?f=5329779031370&mod=f3a3d61b&uri=blog.php?item/49943212.shtml HTTP/1.1" 200 19407 "-" "Mozilla/5.0 (Linux; Android 6.0.1; Nexus 5X Build/MMB29P) AppleWebKit/537.36 (KHTML, like Gecko) Chrome/137.0.7151.103 Mobile Safari/537.36 (compatible; Googlebot/2.1; +http://www.google.com/bot.html)"
66.249.79.64 - - [16/Jul/2025:01:27:58 +0000] "POST /get-message-notify HTTP/1.1" 200 19357 "http://game-gainz.com/?f=4878597111370&mod=7ee88a99&uri=goods.php?affiliate" "Mozilla/5.0 (Linux; Android 6.0.1; Nexus 5X Build/MMB29P) AppleWebKit/537.36 (KHTML, like Gecko) Chrome/137.0.7151.119 Mobile Safari/537.36 (compatible; Googlebot/2.1; +http://www.google.com/bot.html)"
66.249.79.66 - - [16/Jul/2025:01:28:07 +0000] "GET /?f=4878597111370&mod=7ee88a99&uri=goods.php?product/edit/G382033313 HTTP/1.1" 200 19808 "-" "Mozilla/5.0 (Linux; Android 6.0.1; Nexus 5X Build/MMB29P) AppleWebKit/537.36 (KHTML, like Gecko) Chrome/137.0.7151.103 Mobile Safari/537.36 (compatible; Googlebot/2.1; +http://www.google.com/bot.html)"
66.249.79.66 - - [16/Jul/2025:01:28:11 +0000] "GET /?f=5329779031370&mod=f3a3d61b&uri=blog.php?item/49996130.shtml HTTP/1.1" 200 18874 "-" "Mozilla/5.0 (Linux; Android 6.0.1; Nexus 5X Build/MMB29P) AppleWebKit/537.36 (KHTML, like Gecko) Chrome/137.0.7151.103 Mobile Safari/537.36 (compatible; Googlebot/2.1; +http://www.google.com/bot.html)"
66.249.79.65 - - [16/Jul/2025:01:28:15 +0000] "GET /?f=5329779031370&mod=f3a3d61b&uri=blog.php?item/49941814.shtml HTTP/1.1" 200 20665 "-" "Mozilla/5.0 (Linux; Android 6.0.1; Nexus 5X Build/MMB29P) AppleWebKit/537.36 (KHTML, like Gecko) Chrome/137.0.7151.103 Mobile Safari/537.36 (compatible; Googlebot/2.1; +http://www.google.com/bot.html)"
66.249.79.64 - - [16/Jul/2025:01:28:21 +0000] "GET /?f=5025587031370&mod=67a4b0f5&uri=info.php?item/53370064.shtml HTTP/1.1" 200 21041 "-" "Mozilla/5.0 (Linux; Android 6.0.1; Nexus 5X Build/MMB29P) AppleWebKit/537.36 (KHTML, like Gecko) Chrome/137.0.7151.103 Mobile Safari/537.36 (compatible; Googlebot/2.1; +http://www.google.com/bot.html)"
66.249.79.64 - - [16/Jul/2025:01:28:22 +0000] "GET /?f=5329779031370&mod=f3a3d61b&uri=blog.php?item/49999066.shtml HTTP/1.1" 200 21220 "-" "Mozilla/5.0 (Linux; Android 6.0.1; Nexus 5X Build/MMB29P) AppleWebKit/537.36 (KHTML, like Gecko) Chrome/137.0.7151.103 Mobile Safari/537.36 (compatible; Googlebot/2.1; +http://www.google.com/bot.html)"
66.249.79.64 - - [16/Jul/2025:01:28:40 +0000] "GET /?f=5329779031370&mod=f3a3d61b&uri=blog.php?item/49964106.shtml HTTP/1.1" 200 19432 "-" "Mozilla/5.0 (Linux; Android 6.0.1; Nexus 5X Build/MMB29P) AppleWebKit/537.36 (KHTML, like Gecko) Chrome/137.0.7151.103 Mobile Safari/537.36 (compatible; Googlebot/2.1; +http://www.google.com/bot.html)"
66.249.79.64 - - [16/Jul/2025:01:28:41 +0000] "GET /?f=5329779031370&mod=f3a3d61b&uri=blog.php?item/49652622.shtml HTTP/1.1" 200 20569 "-" "Mozilla/5.0 (Linux; Android 6.0.1; Nexus 5X Build/MMB29P) AppleWebKit/537.36 (KHTML, like Gecko) Chrome/137.0.7151.103 Mobile Safari/537.36 (compatible; Googlebot/2.1; +http://www.google.com/bot.html)"
66.249.79.64 - - [16/Jul/2025:01:28:42 +0000] "POST /get-message-notify HTTP/1.1" 200 19357 "http://game-gainz.com/?f=5329779031370&mod=f3a3d61b&uri=blog.php?item/49996130.shtml" "Mozilla/5.0 (Linux; Android 6.0.1; Nexus 5X Build/MMB29P) AppleWebKit/537.36 (KHTML, like Gecko) Chrome/137.0.7151.119 Mobile Safari/537.36 (compatible; Googlebot/2.1; +http://www.google.com/bot.html)"
66.249.79.64 - - [16/Jul/2025:01:28:44 +0000] "GET /?f=5329779031370&mod=f3a3d61b&uri=blog.php?item/49979968.shtml HTTP/1.1" 200 19479 "-" "Mozilla/5.0 (Linux; Android 6.0.1; Nexus 5X Build/MMB29P) AppleWebKit/537.36 (KHTML, like Gecko) Chrome/137.0.7151.103 Mobile Safari/537.36 (compatible; Googlebot/2.1; +http://www.google.com/bot.html)"
66.249.79.64 - - [16/Jul/2025:01:28:47 +0000] "GET /?f=5329779031370&mod=f3a3d61b&uri=blog.php?item/49957050.shtml HTTP/1.1" 200 20943 "-" "Mozilla/5.0 (Linux; Android 6.0.1; Nexus 5X Build/MMB29P) AppleWebKit/537.36 (KHTML, like Gecko) Chrome/137.0.7151.103 Mobile Safari/537.36 (compatible; Googlebot/2.1; +http://www.google.com/bot.html)"
66.249.79.64 - - [16/Jul/2025:01:28:51 +0000] "GET /?f=5329779031370&mod=f3a3d61b&uri=blog.php?item/50005830.shtml HTTP/1.1" 200 21428 "-" "Mozilla/5.0 (Linux; Android 6.0.1; Nexus 5X Build/MMB29P) AppleWebKit/537.36 (KHTML, like Gecko) Chrome/137.0.7151.103 Mobile Safari/537.36 (compatible; Googlebot/2.1; +http://www.google.com/bot.html)"
66.249.79.64 - - [16/Jul/2025:01:28:54 +0000] "POST /get-message-notify HTTP/1.1" 200 19357 "http://game-gainz.com/?f=5329779031370&mod=f3a3d61b&uri=blog.php?item/50005830.shtml" "Mozilla/5.0 (Linux; Android 6.0.1; Nexus 5X Build/MMB29P) AppleWebKit/537.36 (KHTML, like Gecko) Chrome/137.0.7151.119 Mobile Safari/537.36 (compatible; Googlebot/2.1; +http://www.google.com/bot.html)"
66.249.79.64 - - [16/Jul/2025:01:28:56 +0000] "GET /?f=5329779031370&mod=f3a3d61b&uri=blog.php?item/49950848.shtml HTTP/1.1" 200 19322 "-" "Mozilla/5.0 (Linux; Android 6.0.1; Nexus 5X Build/MMB29P) AppleWebKit/537.36 (KHTML, like Gecko) Chrome/137.0.7151.103 Mobile Safari/537.36 (compatible; Googlebot/2.1; +http://www.google.com/bot.html)"
66.249.79.64 - - [16/Jul/2025:01:28:58 +0000] "POST /get-message-notify HTTP/1.1" 200 19357 "http://game-gainz.com/?f=5329779031370&mod=f3a3d61b&uri=blog.php?item/49979968.shtml" "Mozilla/5.0 (Linux; Android 6.0.1; Nexus 5X Build/MMB29P) AppleWebKit/537.36 (KHTML, like Gecko) Chrome/137.0.7151.119 Mobile Safari/537.36 (compatible; Googlebot/2.1; +http://www.google.com/bot.html)"
66.249.79.66 - - [16/Jul/2025:01:29:03 +0000] "GET /?f=5329779031370&mod=f3a3d61b&uri=blog.php?item/49963814.shtml HTTP/1.1" 200 19952 "-" "Mozilla/5.0 (Linux; Android 6.0.1; Nexus 5X Build/MMB29P) AppleWebKit/537.36 (KHTML, like Gecko) Chrome/137.0.7151.103 Mobile Safari/537.36 (compatible; Googlebot/2.1; +http://www.google.com/bot.html)"
66.249.79.66 - - [16/Jul/2025:01:29:06 +0000] "POST /get-message-notify HTTP/1.1" 200 19357 "http://game-gainz.com/?f=5329779031370&mod=f3a3d61b&uri=blog.php?item/49963814.shtml" "Mozilla/5.0 (Linux; Android 6.0.1; Nexus 5X Build/MMB29P) AppleWebKit/537.36 (KHTML, like Gecko) Chrome/137.0.7151.119 Mobile Safari/537.36 (compatible; Googlebot/2.1; +http://www.google.com/bot.html)"
66.249.79.64 - - [16/Jul/2025:01:29:06 +0000] "POST /get-message-notify HTTP/1.1" 200 19357 "http://game-gainz.com/?f=5329779031370&mod=f3a3d61b&uri=blog.php?item/49957050.shtml" "Mozilla/5.0 (Linux; Android 6.0.1; Nexus 5X Build/MMB29P) AppleWebKit/537.36 (KHTML, like Gecko) Chrome/137.0.7151.119 Mobile Safari/537.36 (compatible; Googlebot/2.1; +http://www.google.com/bot.html)"
66.249.79.64 - - [16/Jul/2025:01:29:09 +0000] "POST /get-message-notify HTTP/1.1" 200 19357 "http://game-gainz.com/?f=5329779031370&mod=f3a3d61b&uri=blog.php?item/49964106.shtml" "Mozilla/5.0 (Linux; Android 6.0.1; Nexus 5X Build/MMB29P) AppleWebKit/537.36 (KHTML, like Gecko) Chrome/137.0.7151.119 Mobile Safari/537.36 (compatible; Googlebot/2.1; +http://www.google.com/bot.html)"
66.249.79.65 - - [16/Jul/2025:01:29:10 +0000] "GET /?f=5329779031370&mod=f3a3d61b&uri=blog.php?item/49969398.shtml HTTP/1.1" 200 19147 "-" "Mozilla/5.0 (Linux; Android 6.0.1; Nexus 5X Build/MMB29P) AppleWebKit/537.36 (KHTML, like Gecko) Chrome/137.0.7151.103 Mobile Safari/537.36 (compatible; Googlebot/2.1; +http://www.google.com/bot.html)"
66.249.79.65 - - [16/Jul/2025:01:29:12 +0000] "POST /get-message-notify HTTP/1.1" 200 19357 "http://game-gainz.com/?f=5329779031370&mod=f3a3d61b&uri=blog.php?item/49969398.shtml" "Mozilla/5.0 (Linux; Android 6.0.1; Nexus 5X Build/MMB29P) AppleWebKit/537.36 (KHTML, like Gecko) Chrome/137.0.7151.119 Mobile Safari/537.36 (compatible; Googlebot/2.1; +http://www.google.com/bot.html)"
66.249.79.64 - - [16/Jul/2025:01:29:16 +0000] "GET /?f=5329779031370&mod=f3a3d61b&uri=blog.php?item/49989074.shtml HTTP/1.1" 200 21306 "-" "Mozilla/5.0 (Linux; Android 6.0.1; Nexus 5X Build/MMB29P) AppleWebKit/537.36 (KHTML, like Gecko) Chrome/137.0.7151.103 Mobile Safari/537.36 (compatible; Googlebot/2.1; +http://www.google.com/bot.html)"
66.249.79.64 - - [16/Jul/2025:01:29:23 +0000] "GET /?f=4878597111370&mod=7ee88a99&uri=goods.php?feature/campaign/index.html HTTP/1.1" 200 19441 "-" "Mozilla/5.0 (Linux; Android 6.0.1; Nexus 5X Build/MMB29P) AppleWebKit/537.36 (KHTML, like Gecko) Chrome/137.0.7151.103 Mobile Safari/537.36 (compatible; Googlebot/2.1; +http://www.google.com/bot.html)"
66.249.79.64 - - [16/Jul/2025:01:29:30 +0000] "GET /?f=4878597111370&mod=7ee88a99&uri=goods.php?item/2875312.shtml HTTP/1.1" 200 20269 "-" "Mozilla/5.0 (Linux; Android 6.0.1; Nexus 5X Build/MMB29P) AppleWebKit/537.36 (KHTML, like Gecko) Chrome/137.0.7151.103 Mobile Safari/537.36 (compatible; Googlebot/2.1; +http://www.google.com/bot.html)"
66.249.79.64 - - [16/Jul/2025:01:29:36 +0000] "GET /?f=5329779031370&mod=f3a3d61b&uri=blog.php?item/49977660.shtml HTTP/1.1" 200 19976 "-" "Mozilla/5.0 (Linux; Android 6.0.1; Nexus 5X Build/MMB29P) AppleWebKit/537.36 (KHTML, like Gecko) Chrome/137.0.7151.103 Mobile Safari/537.36 (compatible; Googlebot/2.1; +http://www.google.com/bot.html)"
66.249.79.64 - - [16/Jul/2025:01:29:47 +0000] "POST /get-message-notify HTTP/1.1" 200 19357 "http://game-gainz.com/?f=4878597111370&mod=7ee88a99&uri=goods.php?item/2875312.shtml" "Mozilla/5.0 (Linux; Android 6.0.1; Nexus 5X Build/MMB29P) AppleWebKit/537.36 (KHTML, like Gecko) Chrome/137.0.7151.119 Mobile Safari/537.36 (compatible; Googlebot/2.1; +http://www.google.com/bot.html)"
66.249.79.64 - - [16/Jul/2025:01:29:49 +0000] "GET /?f=4878597111370&mod=7ee88a99&uri=goods.php?item/2869150.shtml HTTP/1.1" 200 19058 "-" "Mozilla/5.0 (Linux; Android 6.0.1; Nexus 5X Build/MMB29P) AppleWebKit/537.36 (KHTML, like Gecko) Chrome/137.0.7151.103 Mobile Safari/537.36 (compatible; Googlebot/2.1; +http://www.google.com/bot.html)"
66.249.79.64 - - [16/Jul/2025:01:29:53 +0000] "GET /?f=5344599011370&mod=aebb462e&uri=form.php?item/1351519856.shtml HTTP/1.1" 200 18753 "-" "Mozilla/5.0 (Linux; Android 6.0.1; Nexus 5X Build/MMB29P) AppleWebKit/537.36 (KHTML, like Gecko) Chrome/137.0.7151.103 Mobile Safari/537.36 (compatible; Googlebot/2.1; +http://www.google.com/bot.html)"
66.249.79.64 - - [16/Jul/2025:01:29:57 +0000] "GET /?f=4878597111370&mod=7ee88a99&uri=goods.php?item/2866506.shtml HTTP/1.1" 200 20290 "-" "Mozilla/5.0 (Linux; Android 6.0.1; Nexus 5X Build/MMB29P) AppleWebKit/537.36 (KHTML, like Gecko) Chrome/137.0.7151.103 Mobile Safari/537.36 (compatible; Googlebot/2.1; +http://www.google.com/bot.html)"
66.249.79.65 - - [16/Jul/2025:01:30:15 +0000] "GET /?f=5329779031370&mod=f3a3d61b&uri=blog.php?item/49954114.shtml HTTP/1.1" 200 18928 "-" "Mozilla/5.0 (Linux; Android 6.0.1; Nexus 5X Build/MMB29P) AppleWebKit/537.36 (KHTML, like Gecko) Chrome/137.0.7151.103 Mobile Safari/537.36 (compatible; Googlebot/2.1; +http://www.google.com/bot.html)"
66.249.79.66 - - [16/Jul/2025:01:30:18 +0000] "POST /get-message-notify HTTP/1.1" 200 19357 "http://game-gainz.com/?f=5329779031370&mod=f3a3d61b&uri=blog.php?item/49954114.shtml" "Mozilla/5.0 (Linux; Android 6.0.1; Nexus 5X Build/MMB29P) AppleWebKit/537.36 (KHTML, like Gecko) Chrome/137.0.7151.119 Mobile Safari/537.36 (compatible; Googlebot/2.1; +http://www.google.com/bot.html)"
66.249.79.64 - - [16/Jul/2025:01:30:19 +0000] "GET /?f=5329779031370&mod=f3a3d61b&uri=blog.php?item/49999984.shtml HTTP/1.1" 200 19262 "-" "Mozilla/5.0 (Linux; Android 6.0.1; Nexus 5X Build/MMB29P) AppleWebKit/537.36 (KHTML, like Gecko) Chrome/137.0.7151.103 Mobile Safari/537.36 (compatible; Googlebot/2.1; +http://www.google.com/bot.html)"
66.249.79.65 - - [16/Jul/2025:01:30:22 +0000] "GET /?f=5329779031370&mod=f3a3d61b&uri=blog.php?item/49991398.shtml HTTP/1.1" 200 19430 "-" "Mozilla/5.0 (Linux; Android 6.0.1; Nexus 5X Build/MMB29P) AppleWebKit/537.36 (KHTML, like Gecko) Chrome/137.0.7151.103 Mobile Safari/537.36 (compatible; Googlebot/2.1; +http://www.google.com/bot.html)"
66.249.79.64 - - [16/Jul/2025:01:30:26 +0000] "GET /?f=5329779031370&mod=f3a3d61b&uri=blog.php?item/49966750.shtml HTTP/1.1" 200 19219 "-" "Mozilla/5.0 (Linux; Android 6.0.1; Nexus 5X Build/MMB29P) AppleWebKit/537.36 (KHTML, like Gecko) Chrome/137.0.7151.103 Mobile Safari/537.36 (compatible; Googlebot/2.1; +http://www.google.com/bot.html)"
66.249.79.64 - - [16/Jul/2025:01:33:40 +0000] "POST /get-message-notify HTTP/1.1" 200 19357 "http://game-gainz.com/?f=5329779031370&mod=f3a3d61b&uri=blog.php?item/49966750.shtml" "Mozilla/5.0 (Linux; Android 6.0.1; Nexus 5X Build/MMB29P) AppleWebKit/537.36 (KHTML, like Gecko) Chrome/137.0.7151.119 Mobile Safari/537.36 (compatible; Googlebot/2.1; +http://www.google.com/bot.html)"
66.249.79.66 - - [16/Jul/2025:01:36:07 +0000] "GET /?f=4878597111370&mod=7ee88a99&uri=goods.php?item/2870360.shtml HTTP/1.1" 200 19179 "-" "Mozilla/5.0 (Linux; Android 6.0.1; Nexus 5X Build/MMB29P) AppleWebKit/537.36 (KHTML, like Gecko) Chrome/137.0.7151.103 Mobile Safari/537.36 (compatible; Googlebot/2.1; +http://www.google.com/bot.html)"
66.249.79.64 - - [16/Jul/2025:01:36:08 +0000] "GET /?f=5329779031370&mod=f3a3d61b&uri=blog.php?item/50001390.shtml HTTP/1.1" 200 20109 "-" "Mozilla/5.0 (Linux; Android 6.0.1; Nexus 5X Build/MMB29P) AppleWebKit/537.36 (KHTML, like Gecko) Chrome/137.0.7151.103 Mobile Safari/537.36 (compatible; Googlebot/2.1; +http://www.google.com/bot.html)"
66.249.79.64 - - [16/Jul/2025:01:36:20 +0000] "GET /?f=4878597111370&mod=7ee88a99&uri=goods.php?item/2871798.shtml HTTP/1.1" 200 20478 "-" "Mozilla/5.0 (Linux; Android 6.0.1; Nexus 5X Build/MMB29P) AppleWebKit/537.36 (KHTML, like Gecko) Chrome/137.0.7151.103 Mobile Safari/537.36 (compatible; Googlebot/2.1; +http://www.google.com/bot.html)"
66.249.79.64 - - [16/Jul/2025:01:36:30 +0000] "GET /?f=5329779031370&mod=f3a3d61b&uri=blog.php?item/49947944.shtml HTTP/1.1" 200 19467 "-" "Mozilla/5.0 (Linux; Android 6.0.1; Nexus 5X Build/MMB29P) AppleWebKit/537.36 (KHTML, like Gecko) Chrome/137.0.7151.103 Mobile Safari/537.36 (compatible; Googlebot/2.1; +http://www.google.com/bot.html)"
66.249.79.64 - - [16/Jul/2025:01:36:39 +0000] "GET /?f=5329779031370&mod=f3a3d61b&uri=blog.php?item/49970284.shtml HTTP/1.1" 200 20286 "-" "Mozilla/5.0 (Linux; Android 6.0.1; Nexus 5X Build/MMB29P) AppleWebKit/537.36 (KHTML, like Gecko) Chrome/137.0.7151.103 Mobile Safari/537.36 (compatible; Googlebot/2.1; +http://www.google.com/bot.html)"
66.249.79.64 - - [16/Jul/2025:01:36:46 +0000] "GET /?f=5518564051370&mod=6f39194d&uri=us.php?item/55911316.shtml HTTP/1.1" 200 20053 "-" "Mozilla/5.0 (Linux; Android 6.0.1; Nexus 5X Build/MMB29P) AppleWebKit/537.36 (KHTML, like Gecko) Chrome/137.0.7151.103 Mobile Safari/537.36 (compatible; Googlebot/2.1; +http://www.google.com/bot.html)"
66.249.79.64 - - [16/Jul/2025:01:36:53 +0000] "GET /?f=4922380141370&mod=9ce60c64&uri=shop.php?item/47881212.shtml HTTP/1.1" 200 19466 "-" "Mozilla/5.0 (Linux; Android 6.0.1; Nexus 5X Build/MMB29P) AppleWebKit/537.36 (KHTML, like Gecko) Chrome/137.0.7151.103 Mobile Safari/537.36 (compatible; Googlebot/2.1; +http://www.google.com/bot.html)"
66.249.79.64 - - [16/Jul/2025:01:36:58 +0000] "GET /?f=5025587031370&mod=67a4b0f5&uri=info.php?item/47898548.shtml HTTP/1.1" 200 19085 "-" "Mozilla/5.0 (Linux; Android 6.0.1; Nexus 5X Build/MMB29P) AppleWebKit/537.36 (KHTML, like Gecko) Chrome/137.0.7151.103 Mobile Safari/537.36 (compatible; Googlebot/2.1; +http://www.google.com/bot.html)"
66.249.79.65 - - [16/Jul/2025:01:37:03 +0000] "GET /?f=5329779031370&mod=f3a3d61b&uri=blog.php?item/49993482.shtml HTTP/1.1" 200 19408 "-" "Mozilla/5.0 (Linux; Android 6.0.1; Nexus 5X Build/MMB29P) AppleWebKit/537.36 (KHTML, like Gecko) Chrome/137.0.7151.103 Mobile Safari/537.36 (compatible; Googlebot/2.1; +http://www.google.com/bot.html)"
66.249.79.64 - - [16/Jul/2025:01:37:07 +0000] "GET /?f=5344599011370&mod=aebb462e&uri=form.php?item/1351520388.shtml HTTP/1.1" 200 21643 "-" "Mozilla/5.0 (Linux; Android 6.0.1; Nexus 5X Build/MMB29P) AppleWebKit/537.36 (KHTML, like Gecko) Chrome/137.0.7151.103 Mobile Safari/537.36 (compatible; Googlebot/2.1; +http://www.google.com/bot.html)"
66.249.79.64 - - [16/Jul/2025:01:37:10 +0000] "GET /?f=5329779031370&mod=f3a3d61b&uri=blog.php?item/49983830.shtml HTTP/1.1" 200 20519 "-" "Mozilla/5.0 (Linux; Android 6.0.1; Nexus 5X Build/MMB29P) AppleWebKit/537.36 (KHTML, like Gecko) Chrome/137.0.7151.103 Mobile Safari/537.36 (compatible; Googlebot/2.1; +http://www.google.com/bot.html)"
66.249.79.64 - - [16/Jul/2025:01:37:14 +0000] "POST /get-message-notify HTTP/1.1" 200 19357 "http://game-gainz.com/?f=5329779031370&mod=f3a3d61b&uri=blog.php?item/49983830.shtml" "Mozilla/5.0 (Linux; Android 6.0.1; Nexus 5X Build/MMB29P) AppleWebKit/537.36 (KHTML, like Gecko) Chrome/137.0.7151.119 Mobile Safari/537.36 (compatible; Googlebot/2.1; +http://www.google.com/bot.html)"
66.249.79.64 - - [16/Jul/2025:01:37:16 +0000] "GET /?f=5329779031370&mod=f3a3d61b&uri=blog.php?item/50007296.shtml HTTP/1.1" 200 20828 "-" "Mozilla/5.0 (Linux; Android 6.0.1; Nexus 5X Build/MMB29P) AppleWebKit/537.36 (KHTML, like Gecko) Chrome/137.0.7151.103 Mobile Safari/537.36 (compatible; Googlebot/2.1; +http://www.google.com/bot.html)"
66.249.79.64 - - [16/Jul/2025:01:37:19 +0000] "GET /?f=5329779031370&mod=f3a3d61b&uri=blog.php?item/49987344.shtml HTTP/1.1" 200 20913 "-" "Mozilla/5.0 (Linux; Android 6.0.1; Nexus 5X Build/MMB29P) AppleWebKit/537.36 (KHTML, like Gecko) Chrome/137.0.7151.103 Mobile Safari/537.36 (compatible; Googlebot/2.1; +http://www.google.com/bot.html)"
66.249.79.64 - - [16/Jul/2025:01:37:21 +0000] "GET /?f=4878597111370&mod=7ee88a99&uri=goods.php?item/2873882.shtml HTTP/1.1" 200 21405 "-" "Mozilla/5.0 (Linux; Android 6.0.1; Nexus 5X Build/MMB29P) AppleWebKit/537.36 (KHTML, like Gecko) Chrome/137.0.7151.103 Mobile Safari/537.36 (compatible; Googlebot/2.1; +http://www.google.com/bot.html)"
66.249.79.64 - - [16/Jul/2025:01:37:23 +0000] "GET /?f=5518564051370&mod=6f39194d&uri=us.php?item/55923616.shtml HTTP/1.1" 200 20613 "-" "Mozilla/5.0 (Linux; Android 6.0.1; Nexus 5X Build/MMB29P) AppleWebKit/537.36 (KHTML, like Gecko) Chrome/137.0.7151.103 Mobile Safari/537.36 (compatible; Googlebot/2.1; +http://www.google.com/bot.html)"
66.249.79.64 - - [16/Jul/2025:01:37:24 +0000] "GET /?f=5329779031370&mod=f3a3d61b&uri=blog.php?item/49950332.shtml HTTP/1.1" 200 20945 "-" "Mozilla/5.0 (Linux; Android 6.0.1; Nexus 5X Build/MMB29P) AppleWebKit/537.36 (KHTML, like Gecko) Chrome/137.0.7151.103 Mobile Safari/537.36 (compatible; Googlebot/2.1; +http://www.google.com/bot.html)"
66.249.79.64 - - [16/Jul/2025:01:37:26 +0000] "GET /?f=4878597111370&mod=7ee88a99&uri=goods.php?item/2798676.shtml HTTP/1.1" 200 18982 "-" "Mozilla/5.0 (Linux; Android 6.0.1; Nexus 5X Build/MMB29P) AppleWebKit/537.36 (KHTML, like Gecko) Chrome/137.0.7151.103 Mobile Safari/537.36 (compatible; Googlebot/2.1; +http://www.google.com/bot.html)"
66.249.79.64 - - [16/Jul/2025:01:37:27 +0000] "GET /?f=119736223111370&mod=cc710398&uri=products.php?item/56387266.shtml HTTP/1.1" 200 21057 "-" "Mozilla/5.0 (Linux; Android 6.0.1; Nexus 5X Build/MMB29P) AppleWebKit/537.36 (KHTML, like Gecko) Chrome/137.0.7151.103 Mobile Safari/537.36 (compatible; Googlebot/2.1; +http://www.google.com/bot.html)"
66.249.79.64 - - [16/Jul/2025:01:37:28 +0000] "GET /?f=5329779031370&mod=f3a3d61b&uri=blog.php?item/50578524.shtml HTTP/1.1" 200 21480 "-" "Mozilla/5.0 (Linux; Android 6.0.1; Nexus 5X Build/MMB29P) AppleWebKit/537.36 (KHTML, like Gecko) Chrome/137.0.7151.103 Mobile Safari/537.36 (compatible; Googlebot/2.1; +http://www.google.com/bot.html)"
66.249.79.64 - - [16/Jul/2025:01:37:29 +0000] "GET /?f=5329779031370&mod=f3a3d61b&uri=blog.php?product/edit/G1332911834 HTTP/1.1" 200 19257 "-" "Mozilla/5.0 (Linux; Android 6.0.1; Nexus 5X Build/MMB29P) AppleWebKit/537.36 (KHTML, like Gecko) Chrome/137.0.7151.103 Mobile Safari/537.36 (compatible; Googlebot/2.1; +http://www.google.com/bot.html)"
66.249.79.64 - - [16/Jul/2025:01:37:30 +0000] "GET /?f=5329779031370&mod=f3a3d61b&uri=blog.php?item/49960292.shtml HTTP/1.1" 200 20447 "-" "Mozilla/5.0 (Linux; Android 6.0.1; Nexus 5X Build/MMB29P) AppleWebKit/537.36 (KHTML, like Gecko) Chrome/137.0.7151.103 Mobile Safari/537.36 (compatible; Googlebot/2.1; +http://www.google.com/bot.html)"
66.249.79.64 - - [16/Jul/2025:01:37:31 +0000] "POST /get-message-notify HTTP/1.1" 200 19357 "http://game-gainz.com/?f=5518564051370&mod=6f39194d&uri=us.php?item/55923616.shtml" "Mozilla/5.0 (Linux; Android 6.0.1; Nexus 5X Build/MMB29P) AppleWebKit/537.36 (KHTML, like Gecko) Chrome/137.0.7151.119 Mobile Safari/537.36 (compatible; Googlebot/2.1; +http://www.google.com/bot.html)"
66.249.79.64 - - [16/Jul/2025:01:37:32 +0000] "GET /?f=119736223111370&mod=cc710398&uri=products.php?item/58902996.shtml HTTP/1.1" 200 19314 "-" "Mozilla/5.0 (Linux; Android 6.0.1; Nexus 5X Build/MMB29P) AppleWebKit/537.36 (KHTML, like Gecko) Chrome/137.0.7151.103 Mobile Safari/537.36 (compatible; Googlebot/2.1; +http://www.google.com/bot.html)"
66.249.79.64 - - [16/Jul/2025:01:37:33 +0000] "GET /?f=5518564051370&mod=6f39194d&uri=us.php?item/52400500.shtml HTTP/1.1" 200 18952 "-" "Mozilla/5.0 (Linux; Android 6.0.1; Nexus 5X Build/MMB29P) AppleWebKit/537.36 (KHTML, like Gecko) Chrome/137.0.7151.103 Mobile Safari/537.36 (compatible; Googlebot/2.1; +http://www.google.com/bot.html)"
66.249.79.65 - - [16/Jul/2025:01:37:33 +0000] "GET /?f=5329779031370&mod=f3a3d61b&uri=blog.php?item/56114962.shtml HTTP/1.1" 200 21464 "-" "Mozilla/5.0 (Linux; Android 6.0.1; Nexus 5X Build/MMB29P) AppleWebKit/537.36 (KHTML, like Gecko) Chrome/137.0.7151.103 Mobile Safari/537.36 (compatible; Googlebot/2.1; +http://www.google.com/bot.html)"
66.249.79.65 - - [16/Jul/2025:01:37:34 +0000] "GET /?f=4878597111370&mod=7ee88a99&uri=goods.php?pcmypage HTTP/1.1" 200 18885 "-" "Mozilla/5.0 (Linux; Android 6.0.1; Nexus 5X Build/MMB29P) AppleWebKit/537.36 (KHTML, like Gecko) Chrome/137.0.7151.103 Mobile Safari/537.36 (compatible; Googlebot/2.1; +http://www.google.com/bot.html)"
66.249.79.65 - - [16/Jul/2025:01:37:35 +0000] "GET /?f=5329779031370&mod=f3a3d61b&uri=blog.php?item/49947058.shtml HTTP/1.1" 200 21442 "-" "Mozilla/5.0 (Linux; Android 6.0.1; Nexus 5X Build/MMB29P) AppleWebKit/537.36 (KHTML, like Gecko) Chrome/137.0.7151.103 Mobile Safari/537.36 (compatible; Googlebot/2.1; +http://www.google.com/bot.html)"
66.249.79.65 - - [16/Jul/2025:01:37:35 +0000] "POST /get-message-notify HTTP/1.1" 200 19357 "http://game-gainz.com/?f=5329779031370&mod=f3a3d61b&uri=blog.php?item/50578524.shtml" "Mozilla/5.0 (Linux; Android 6.0.1; Nexus 5X Build/MMB29P) AppleWebKit/537.36 (KHTML, like Gecko) Chrome/137.0.7151.119 Mobile Safari/537.36 (compatible; Googlebot/2.1; +http://www.google.com/bot.html)"
66.249.79.65 - - [16/Jul/2025:01:37:36 +0000] "GET /?f=5344599011370&mod=aebb462e&uri=form.php?item/1351515124.shtml HTTP/1.1" 200 18724 "-" "Mozilla/5.0 (Linux; Android 6.0.1; Nexus 5X Build/MMB29P) AppleWebKit/537.36 (KHTML, like Gecko) Chrome/137.0.7151.103 Mobile Safari/537.36 (compatible; Googlebot/2.1; +http://www.google.com/bot.html)"
66.249.79.65 - - [16/Jul/2025:01:37:38 +0000] "GET /?f=35413404071370&mod=ebbb5ccb&uri=category-info.php%3Fid%3D1181964-155%26name%3Dinch+subwoofer HTTP/1.1" 200 19836 "-" "Mozilla/5.0 (Linux; Android 6.0.1; Nexus 5X Build/MMB29P) AppleWebKit/537.36 (KHTML, like Gecko) Chrome/137.0.7151.103 Mobile Safari/537.36 (compatible; Googlebot/2.1; +http://www.google.com/bot.html)"
66.249.79.64 - - [16/Jul/2025:01:37:39 +0000] "GET /?f=5329779031370&mod=f3a3d61b&uri=blog.php?item/49972912.shtml HTTP/1.1" 200 19042 "-" "Mozilla/5.0 (Linux; Android 6.0.1; Nexus 5X Build/MMB29P) AppleWebKit/537.36 (KHTML, like Gecko) Chrome/137.0.7151.103 Mobile Safari/537.36 (compatible; Googlebot/2.1; +http://www.google.com/bot.html)"
66.249.79.65 - - [16/Jul/2025:01:37:41 +0000] "POST /get-message-notify HTTP/1.1" 200 19357 "http://game-gainz.com/?f=35413404071370&mod=ebbb5ccb&uri=category-info.php%3Fid%3D1181964-155%26name%3Dinch+subwoofer" "Mozilla/5.0 (Linux; Android 6.0.1; Nexus 5X Build/MMB29P) AppleWebKit/537.36 (KHTML, like Gecko) Chrome/137.0.7151.119 Mobile Safari/537.36 (compatible; Googlebot/2.1; +http://www.google.com/bot.html)"
66.249.79.65 - - [16/Jul/2025:01:37:48 +0000] "GET /?f=5329779031370&mod=f3a3d61b&uri=blog.php?item/49989960.shtml HTTP/1.1" 200 19470 "-" "Mozilla/5.0 (Linux; Android 6.0.1; Nexus 5X Build/MMB29P) AppleWebKit/537.36 (KHTML, like Gecko) Chrome/137.0.7151.103 Mobile Safari/537.36 (compatible; Googlebot/2.1; +http://www.google.com/bot.html)"
66.249.79.64 - - [16/Jul/2025:01:37:52 +0000] "GET /?f=5329779031370&mod=f3a3d61b&uri=blog.php?product/edit/G2853663348 HTTP/1.1" 200 21161 "-" "Mozilla/5.0 (Linux; Android 6.0.1; Nexus 5X Build/MMB29P) AppleWebKit/537.36 (KHTML, like Gecko) Chrome/137.0.7151.103 Mobile Safari/537.36 (compatible; Googlebot/2.1; +http://www.google.com/bot.html)"
66.249.79.66 - - [16/Jul/2025:01:37:54 +0000] "POST /get-message-notify HTTP/1.1" 200 19357 "http://game-gainz.com/?f=5329779031370&mod=f3a3d61b&uri=blog.php?item/49989960.shtml" "Mozilla/5.0 (Linux; Android 6.0.1; Nexus 5X Build/MMB29P) AppleWebKit/537.36 (KHTML, like Gecko) Chrome/137.0.7151.119 Mobile Safari/537.36 (compatible; Googlebot/2.1; +http://www.google.com/bot.html)"
66.249.79.66 - - [16/Jul/2025:01:38:03 +0000] "GET /?f=5329779031370&mod=f3a3d61b&uri=blog.php?item/50002564.shtml HTTP/1.1" 200 19982 "-" "Mozilla/5.0 (Linux; Android 6.0.1; Nexus 5X Build/MMB29P) AppleWebKit/537.36 (KHTML, like Gecko) Chrome/137.0.7151.103 Mobile Safari/537.36 (compatible; Googlebot/2.1; +http://www.google.com/bot.html)"
66.249.79.65 - - [16/Jul/2025:01:38:05 +0000] "GET /?f=4878597111370&mod=7ee88a99&uri=goods.php?cargo/detail HTTP/1.1" 200 19084 "-" "Mozilla/5.0 (Linux; Android 6.0.1; Nexus 5X Build/MMB29P) AppleWebKit/537.36 (KHTML, like Gecko) Chrome/137.0.7151.103 Mobile Safari/537.36 (compatible; Googlebot/2.1; +http://www.google.com/bot.html)"
66.249.79.64 - - [16/Jul/2025:01:38:14 +0000] "GET /?f=4878597111370&mod=7ee88a99&uri=goods.php?man/kaitori/kaitoritop.html HTTP/1.1" 200 20698 "-" "Mozilla/5.0 (Linux; Android 6.0.1; Nexus 5X Build/MMB29P) AppleWebKit/537.36 (KHTML, like Gecko) Chrome/137.0.7151.103 Mobile Safari/537.36 (compatible; Googlebot/2.1; +http://www.google.com/bot.html)"
66.249.79.64 - - [16/Jul/2025:01:38:17 +0000] "POST /get-message-notify HTTP/1.1" 200 19357 "http://game-gainz.com/?f=4878597111370&mod=7ee88a99&uri=goods.php?cargo/detail" "Mozilla/5.0 (Linux; Android 6.0.1; Nexus 5X Build/MMB29P) AppleWebKit/537.36 (KHTML, like Gecko) Chrome/137.0.7151.119 Mobile Safari/537.36 (compatible; Googlebot/2.1; +http://www.google.com/bot.html)"
66.249.79.64 - - [16/Jul/2025:01:38:18 +0000] "POST /get-message-notify HTTP/1.1" 200 19357 "http://game-gainz.com/?f=4878597111370&mod=7ee88a99&uri=goods.php?man/kaitori/kaitoritop.html" "Mozilla/5.0 (Linux; Android 6.0.1; Nexus 5X Build/MMB29P) AppleWebKit/537.36 (KHTML, like Gecko) Chrome/137.0.7151.119 Mobile Safari/537.36 (compatible; Googlebot/2.1; +http://www.google.com/bot.html)"
66.249.79.64 - - [16/Jul/2025:01:38:24 +0000] "GET /?f=5329779031370&mod=f3a3d61b&uri=blog.php?item/49934162.shtml HTTP/1.1" 200 19165 "-" "Mozilla/5.0 (Linux; Android 6.0.1; Nexus 5X Build/MMB29P) AppleWebKit/537.36 (KHTML, like Gecko) Chrome/137.0.7151.103 Mobile Safari/537.36 (compatible; Googlebot/2.1; +http://www.google.com/bot.html)"
66.249.79.64 - - [16/Jul/2025:01:38:27 +0000] "GET /?f=5344599011370&mod=aebb462e&uri=form.php?item/1351522728.shtml HTTP/1.1" 200 18915 "-" "Mozilla/5.0 (Linux; Android 6.0.1; Nexus 5X Build/MMB29P) AppleWebKit/537.36 (KHTML, like Gecko) Chrome/137.0.7151.103 Mobile Safari/537.36 (compatible; Googlebot/2.1; +http://www.google.com/bot.html)"
66.249.79.64 - - [16/Jul/2025:01:38:30 +0000] "GET /?f=4878597111370&mod=7ee88a99&uri=goods.php?item/2797758.shtml HTTP/1.1" 200 19627 "-" "Mozilla/5.0 (Linux; Android 6.0.1; Nexus 5X Build/MMB29P) AppleWebKit/537.36 (KHTML, like Gecko) Chrome/137.0.7151.103 Mobile Safari/537.36 (compatible; Googlebot/2.1; +http://www.google.com/bot.html)"
66.249.79.64 - - [16/Jul/2025:01:38:35 +0000] "GET /?f=5329779031370&mod=f3a3d61b&uri=blog.php?item/49998774.shtml HTTP/1.1" 200 19344 "-" "Mozilla/5.0 (Linux; Android 6.0.1; Nexus 5X Build/MMB29P) AppleWebKit/537.36 (KHTML, like Gecko) Chrome/137.0.7151.103 Mobile Safari/537.36 (compatible; Googlebot/2.1; +http://www.google.com/bot.html)"
66.249.79.64 - - [16/Jul/2025:01:38:42 +0000] "GET /?f=5329779031370&mod=f3a3d61b&uri=blog.php?item/49937034.shtml HTTP/1.1" 200 19929 "-" "Mozilla/5.0 (Linux; Android 6.0.1; Nexus 5X Build/MMB29P) AppleWebKit/537.36 (KHTML, like Gecko) Chrome/137.0.7151.103 Mobile Safari/537.36 (compatible; Googlebot/2.1; +http://www.google.com/bot.html)"
66.249.79.64 - - [16/Jul/2025:01:38:49 +0000] "GET /?f=5329779031370&mod=f3a3d61b&uri=blog.php?item/49937952.shtml HTTP/1.1" 200 18981 "-" "Mozilla/5.0 (Linux; Android 6.0.1; Nexus 5X Build/MMB29P) AppleWebKit/537.36 (KHTML, like Gecko) Chrome/137.0.7151.103 Mobile Safari/537.36 (compatible; Googlebot/2.1; +http://www.google.com/bot.html)"
66.249.79.64 - - [16/Jul/2025:01:38:56 +0000] "GET /?f=5329779031370&mod=f3a3d61b&uri=blog.php?item/49945604.shtml HTTP/1.1" 200 19383 "-" "Mozilla/5.0 (Linux; Android 6.0.1; Nexus 5X Build/MMB29P) AppleWebKit/537.36 (KHTML, like Gecko) Chrome/137.0.7151.103 Mobile Safari/537.36 (compatible; Googlebot/2.1; +http://www.google.com/bot.html)"
66.249.79.64 - - [16/Jul/2025:01:39:03 +0000] "GET /?f=5344599011370&mod=aebb462e&uri=form.php?item/1351516002.shtml HTTP/1.1" 200 18551 "-" "Mozilla/5.0 (Linux; Android 6.0.1; Nexus 5X Build/MMB29P) AppleWebKit/537.36 (KHTML, like Gecko) Chrome/137.0.7151.103 Mobile Safari/537.36 (compatible; Googlebot/2.1; +http://www.google.com/bot.html)"
66.249.79.64 - - [16/Jul/2025:01:39:07 +0000] "POST /get-message-notify HTTP/1.1" 200 19357 "http://game-gainz.com/?f=5344599011370&mod=aebb462e&uri=form.php?item/1351516002.shtml" "Mozilla/5.0 (Linux; Android 6.0.1; Nexus 5X Build/MMB29P) AppleWebKit/537.36 (KHTML, like Gecko) Chrome/137.0.7151.119 Mobile Safari/537.36 (compatible; Googlebot/2.1; +http://www.google.com/bot.html)"
66.249.79.64 - - [16/Jul/2025:01:39:09 +0000] "GET /?f=4878597111370&mod=7ee88a99&uri=goods.php?item/2870068.shtml HTTP/1.1" 200 20040 "-" "Mozilla/5.0 (Linux; Android 6.0.1; Nexus 5X Build/MMB29P) AppleWebKit/537.36 (KHTML, like Gecko) Chrome/137.0.7151.103 Mobile Safari/537.36 (compatible; Googlebot/2.1; +http://www.google.com/bot.html)"
66.249.79.64 - - [16/Jul/2025:01:39:16 +0000] "POST /get-message-notify HTTP/1.1" 200 19357 "http://game-gainz.com/?f=5344599011370&mod=aebb462e&uri=form.php?item/1351522728.shtml" "Mozilla/5.0 (Linux; Android 6.0.1; Nexus 5X Build/MMB29P) AppleWebKit/537.36 (KHTML, like Gecko) Chrome/137.0.7151.119 Mobile Safari/537.36 (compatible; Googlebot/2.1; +http://www.google.com/bot.html)"
66.249.79.64 - - [16/Jul/2025:01:39:16 +0000] "GET /?f=5329779031370&mod=f3a3d61b&uri=blog.php?item/49980564.shtml HTTP/1.1" 200 22124 "-" "Mozilla/5.0 (Linux; Android 6.0.1; Nexus 5X Build/MMB29P) AppleWebKit/537.36 (KHTML, like Gecko) Chrome/137.0.7151.103 Mobile Safari/537.36 (compatible; Googlebot/2.1; +http://www.google.com/bot.html)"
66.249.79.64 - - [16/Jul/2025:01:39:17 +0000] "GET /?f=4543557051370&mod=9b798c63&uri=blog.php?item/2825920.shtml HTTP/1.1" 200 18921 "-" "Mozilla/5.0 (Linux; Android 6.0.1; Nexus 5X Build/MMB29P) AppleWebKit/537.36 (KHTML, like Gecko) Chrome/137.0.7151.103 Mobile Safari/537.36 (compatible; Googlebot/2.1; +http://www.google.com/bot.html)"
66.249.79.64 - - [16/Jul/2025:01:39:19 +0000] "POST /get-message-notify HTTP/1.1" 200 19357 "http://game-gainz.com/?f=5329779031370&mod=f3a3d61b&uri=blog.php?item/49980564.shtml" "Mozilla/5.0 (Linux; Android 6.0.1; Nexus 5X Build/MMB29P) AppleWebKit/537.36 (KHTML, like Gecko) Chrome/137.0.7151.119 Mobile Safari/537.36 (compatible; Googlebot/2.1; +http://www.google.com/bot.html)"
66.249.79.64 - - [16/Jul/2025:01:39:23 +0000] "GET /?f=5344599011370&mod=aebb462e&uri=form.php?item/1351511306.shtml HTTP/1.1" 200 18527 "-" "Mozilla/5.0 (Linux; Android 6.0.1; Nexus 5X Build/MMB29P) AppleWebKit/537.36 (KHTML, like Gecko) Chrome/137.0.7151.103 Mobile Safari/537.36 (compatible; Googlebot/2.1; +http://www.google.com/bot.html)"
66.249.79.64 - - [16/Jul/2025:01:39:30 +0000] "GET /?f=4878597111370&mod=7ee88a99&uri=goods.php?toiawase HTTP/1.1" 200 20625 "-" "Mozilla/5.0 (Linux; Android 6.0.1; Nexus 5X Build/MMB29P) AppleWebKit/537.36 (KHTML, like Gecko) Chrome/137.0.7151.103 Mobile Safari/537.36 (compatible; Googlebot/2.1; +http://www.google.com/bot.html)"
66.249.79.64 - - [16/Jul/2025:01:39:33 +0000] "POST /get-message-notify HTTP/1.1" 200 19357 "http://game-gainz.com/?f=4878597111370&mod=7ee88a99&uri=goods.php?toiawase" "Mozilla/5.0 (Linux; Android 6.0.1; Nexus 5X Build/MMB29P) AppleWebKit/537.36 (KHTML, like Gecko) Chrome/137.0.7151.119 Mobile Safari/537.36 (compatible; Googlebot/2.1; +http://www.google.com/bot.html)"
66.249.79.64 - - [16/Jul/2025:01:39:36 +0000] "GET /?f=5344599011370&mod=aebb462e&uri=form.php?item/1351521262.shtml HTTP/1.1" 200 18796 "-" "Mozilla/5.0 (Linux; Android 6.0.1; Nexus 5X Build/MMB29P) AppleWebKit/537.36 (KHTML, like Gecko) Chrome/137.0.7151.103 Mobile Safari/537.36 (compatible; Googlebot/2.1; +http://www.google.com/bot.html)"
66.249.79.64 - - [16/Jul/2025:01:39:43 +0000] "GET /?f=5329779031370&mod=f3a3d61b&uri=blog.php?item/49956758.shtml HTTP/1.1" 200 19504 "-" "Mozilla/5.0 (Linux; Android 6.0.1; Nexus 5X Build/MMB29P) AppleWebKit/537.36 (KHTML, like Gecko) Chrome/137.0.7151.103 Mobile Safari/537.36 (compatible; Googlebot/2.1; +http://www.google.com/bot.html)"
66.249.79.64 - - [16/Jul/2025:01:39:50 +0000] "GET /?f=5344599011370&mod=aebb462e&uri=form.php?product/edit/G745257560 HTTP/1.1" 200 19866 "-" "Mozilla/5.0 (Linux; Android 6.0.1; Nexus 5X Build/MMB29P) AppleWebKit/537.36 (KHTML, like Gecko) Chrome/137.0.7151.103 Mobile Safari/537.36 (compatible; Googlebot/2.1; +http://www.google.com/bot.html)"
66.249.79.64 - - [16/Jul/2025:01:39:51 +0000] "POST /get-message-notify HTTP/1.1" 200 19357 "http://game-gainz.com/?f=5329779031370&mod=f3a3d61b&uri=blog.php?item/49956758.shtml" "Mozilla/5.0 (Linux; Android 6.0.1; Nexus 5X Build/MMB29P) AppleWebKit/537.36 (KHTML, like Gecko) Chrome/137.0.7151.119 Mobile Safari/537.36 (compatible; Googlebot/2.1; +http://www.google.com/bot.html)"
66.249.79.65 - - [16/Jul/2025:01:39:57 +0000] "GET /?f=5329779031370&mod=f3a3d61b&uri=blog.php?item/49953236.shtml HTTP/1.1" 200 19078 "-" "Mozilla/5.0 (Linux; Android 6.0.1; Nexus 5X Build/MMB29P) AppleWebKit/537.36 (KHTML, like Gecko) Chrome/137.0.7151.103 Mobile Safari/537.36 (compatible; Googlebot/2.1; +http://www.google.com/bot.html)"
66.249.79.65 - - [16/Jul/2025:01:40:03 +0000] "POST /get-message-notify HTTP/1.1" 200 19357 "http://game-gainz.com/?f=5344599011370&mod=aebb462e&uri=form.php?product/edit/G745257560" "Mozilla/5.0 (Linux; Android 6.0.1; Nexus 5X Build/MMB29P) AppleWebKit/537.36 (KHTML, like Gecko) Chrome/137.0.7151.119 Mobile Safari/537.36 (compatible; Googlebot/2.1; +http://www.google.com/bot.html)"
66.249.79.64 - - [16/Jul/2025:01:40:04 +0000] "GET /?f=5329779031370&mod=f3a3d61b&uri=blog.php?item/49962888.shtml HTTP/1.1" 200 20923 "-" "Mozilla/5.0 (Linux; Android 6.0.1; Nexus 5X Build/MMB29P) AppleWebKit/537.36 (KHTML, like Gecko) Chrome/137.0.7151.103 Mobile Safari/537.36 (compatible; Googlebot/2.1; +http://www.google.com/bot.html)"
66.249.79.64 - - [16/Jul/2025:01:40:11 +0000] "GET /?f=5329779031370&mod=f3a3d61b&uri=blog.php?item/49992864.shtml HTTP/1.1" 200 19001 "-" "Mozilla/5.0 (Linux; Android 6.0.1; Nexus 5X Build/MMB29P) AppleWebKit/537.36 (KHTML, like Gecko) Chrome/137.0.7151.103 Mobile Safari/537.36 (compatible; Googlebot/2.1; +http://www.google.com/bot.html)"
66.249.79.64 - - [16/Jul/2025:01:40:17 +0000] "GET /?f=5329779031370&mod=f3a3d61b&uri=blog.php?item/49967668.shtml HTTP/1.1" 200 19158 "-" "Mozilla/5.0 (Linux; Android 6.0.1; Nexus 5X Build/MMB29P) AppleWebKit/537.36 (KHTML, like Gecko) Chrome/137.0.7151.103 Mobile Safari/537.36 (compatible; Googlebot/2.1; +http://www.google.com/bot.html)"
66.249.79.64 - - [16/Jul/2025:01:40:21 +0000] "GET /?f=105153467021370&mod=1a4461e3&uri=itm.php?item/52177122.shtml HTTP/1.1" 200 19865 "-" "Mozilla/5.0 (Linux; Android 6.0.1; Nexus 5X Build/MMB29P) AppleWebKit/537.36 (KHTML, like Gecko) Chrome/137.0.7151.103 Mobile Safari/537.36 (compatible; Googlebot/2.1; +http://www.google.com/bot.html)"
66.249.79.64 - - [16/Jul/2025:01:40:24 +0000] "POST /get-message-notify HTTP/1.1" 200 19357 "http://game-gainz.com/?f=105153467021370&mod=1a4461e3&uri=itm.php?item/52177122.shtml" "Mozilla/5.0 (Linux; Android 6.0.1; Nexus 5X Build/MMB29P) AppleWebKit/537.36 (KHTML, like Gecko) Chrome/137.0.7151.119 Mobile Safari/537.36 (compatible; Googlebot/2.1; +http://www.google.com/bot.html)"
66.249.79.64 - - [16/Jul/2025:01:40:30 +0000] "GET /?f=5329779031370&mod=f3a3d61b&uri=blog.php?item/49940888.shtml HTTP/1.1" 200 19284 "-" "Mozilla/5.0 (Linux; Android 6.0.1; Nexus 5X Build/MMB29P) AppleWebKit/537.36 (KHTML, like Gecko) Chrome/137.0.7151.103 Mobile Safari/537.36 (compatible; Googlebot/2.1; +http://www.google.com/bot.html)"
66.249.79.64 - - [16/Jul/2025:01:40:33 +0000] "GET /?f=5329779031370&mod=f3a3d61b&uri=blog.php?item/49934438.shtml HTTP/1.1" 200 19215 "-" "Mozilla/5.0 (Linux; Android 6.0.1; Nexus 5X Build/MMB29P) AppleWebKit/537.36 (KHTML, like Gecko) Chrome/137.0.7151.103 Mobile Safari/537.36 (compatible; Googlebot/2.1; +http://www.google.com/bot.html)"
66.249.79.64 - - [16/Jul/2025:01:40:37 +0000] "GET /?f=5329779031370&mod=f3a3d61b&uri=blog.php?item/49986170.shtml HTTP/1.1" 200 19155 "-" "Mozilla/5.0 (Linux; Android 6.0.1; Nexus 5X Build/MMB29P) AppleWebKit/537.36 (KHTML, like Gecko) Chrome/137.0.7151.103 Mobile Safari/537.36 (compatible; Googlebot/2.1; +http://www.google.com/bot.html)"
66.249.79.64 - - [16/Jul/2025:01:40:44 +0000] "POST /get-message-notify HTTP/1.1" 200 19357 "http://game-gainz.com/?f=5329779031370&mod=f3a3d61b&uri=blog.php?item/49934438.shtml" "Mozilla/5.0 (Linux; Android 6.0.1; Nexus 5X Build/MMB29P) AppleWebKit/537.36 (KHTML, like Gecko) Chrome/137.0.7151.119 Mobile Safari/537.36 (compatible; Googlebot/2.1; +http://www.google.com/bot.html)"
66.249.79.64 - - [16/Jul/2025:01:40:45 +0000] "GET /?f=5329779031370&mod=f3a3d61b&uri=blog.php?item/49935644.shtml HTTP/1.1" 200 19043 "-" "Mozilla/5.0 (Linux; Android 6.0.1; Nexus 5X Build/MMB29P) AppleWebKit/537.36 (KHTML, like Gecko) Chrome/137.0.7151.103 Mobile Safari/537.36 (compatible; Googlebot/2.1; +http://www.google.com/bot.html)"
66.249.79.64 - - [16/Jul/2025:01:40:51 +0000] "GET /?f=5329779031370&mod=f3a3d61b&uri=blog.php?item/49975236.shtml HTTP/1.1" 200 19371 "-" "Mozilla/5.0 (Linux; Android 6.0.1; Nexus 5X Build/MMB29P) AppleWebKit/537.36 (KHTML, like Gecko) Chrome/137.0.7151.103 Mobile Safari/537.36 (compatible; Googlebot/2.1; +http://www.google.com/bot.html)"
66.249.79.64 - - [16/Jul/2025:01:40:58 +0000] "GET /?f=4878597111370&mod=7ee88a99&uri=goods.php?text/terms HTTP/1.1" 200 20067 "-" "Mozilla/5.0 (Linux; Android 6.0.1; Nexus 5X Build/MMB29P) AppleWebKit/537.36 (KHTML, like Gecko) Chrome/137.0.7151.103 Mobile Safari/537.36 (compatible; Googlebot/2.1; +http://www.google.com/bot.html)"
66.249.79.64 - - [16/Jul/2025:01:41:05 +0000] "GET /?f=5329779031370&mod=f3a3d61b&uri=blog.php?item/49985228.shtml HTTP/1.1" 200 19726 "-" "Mozilla/5.0 (Linux; Android 6.0.1; Nexus 5X Build/MMB29P) AppleWebKit/537.36 (KHTML, like Gecko) Chrome/137.0.7151.103 Mobile Safari/537.36 (compatible; Googlebot/2.1; +http://www.google.com/bot.html)"
66.249.79.64 - - [16/Jul/2025:01:41:12 +0000] "GET /?f=5518564051370&mod=6f39194d&uri=us.php?item/4216346.shtml HTTP/1.1" 200 19187 "-" "Mozilla/5.0 (Linux; Android 6.0.1; Nexus 5X Build/MMB29P) AppleWebKit/537.36 (KHTML, like Gecko) Chrome/137.0.7151.103 Mobile Safari/537.36 (compatible; Googlebot/2.1; +http://www.google.com/bot.html)"
66.249.79.64 - - [16/Jul/2025:01:41:18 +0000] "GET /?f=5344599011370&mod=aebb462e&uri=form.php?product/edit/G3907411660 HTTP/1.1" 200 20442 "-" "Mozilla/5.0 (Linux; Android 6.0.1; Nexus 5X Build/MMB29P) AppleWebKit/537.36 (KHTML, like Gecko) Chrome/137.0.7151.103 Mobile Safari/537.36 (compatible; Googlebot/2.1; +http://www.google.com/bot.html)"
66.249.79.64 - - [16/Jul/2025:01:41:31 +0000] "GET /?f=5329779031370&mod=f3a3d61b&uri=blog.php?item/49181660.shtml HTTP/1.1" 200 19151 "-" "Mozilla/5.0 (Linux; Android 6.0.1; Nexus 5X Build/MMB29P) AppleWebKit/537.36 (KHTML, like Gecko) Chrome/137.0.7151.103 Mobile Safari/537.36 (compatible; Googlebot/2.1; +http://www.google.com/bot.html)"
66.249.79.64 - - [16/Jul/2025:01:41:32 +0000] "POST /get-message-notify HTTP/1.1" 200 19357 "http://game-gainz.com/?f=5518564051370&mod=6f39194d&uri=us.php?item/4216346.shtml" "Mozilla/5.0 (Linux; Android 6.0.1; Nexus 5X Build/MMB29P) AppleWebKit/537.36 (KHTML, like Gecko) Chrome/137.0.7151.119 Mobile Safari/537.36 (compatible; Googlebot/2.1; +http://www.google.com/bot.html)"
66.249.79.64 - - [16/Jul/2025:01:41:33 +0000] "GET /?f=5329779031370&mod=f3a3d61b&uri=blog.php?product/edit/G1230453108 HTTP/1.1" 200 19898 "-" "Mozilla/5.0 (Linux; Android 6.0.1; Nexus 5X Build/MMB29P) AppleWebKit/537.36 (KHTML, like Gecko) Chrome/137.0.7151.103 Mobile Safari/537.36 (compatible; Googlebot/2.1; +http://www.google.com/bot.html)"
66.249.79.64 - - [16/Jul/2025:01:41:34 +0000] "GET /?f=5329779031370&mod=f3a3d61b&uri=blog.php?item/49243628.shtml HTTP/1.1" 200 18935 "-" "Mozilla/5.0 (Linux; Android 6.0.1; Nexus 5X Build/MMB29P) AppleWebKit/537.36 (KHTML, like Gecko) Chrome/137.0.7151.103 Mobile Safari/537.36 (compatible; Googlebot/2.1; +http://www.google.com/bot.html)"
66.249.79.64 - - [16/Jul/2025:01:41:39 +0000] "GET /?f=5329779031370&mod=f3a3d61b&uri=blog.php?item/49180198.shtml HTTP/1.1" 200 19421 "-" "Mozilla/5.0 (Linux; Android 6.0.1; Nexus 5X Build/MMB29P) AppleWebKit/537.36 (KHTML, like Gecko) Chrome/137.0.7151.103 Mobile Safari/537.36 (compatible; Googlebot/2.1; +http://www.google.com/bot.html)"
66.249.79.64 - - [16/Jul/2025:01:41:45 +0000] "GET /?f=5329779031370&mod=f3a3d61b&uri=blog.php?item/49175758.shtml HTTP/1.1" 200 21906 "-" "Mozilla/5.0 (Linux; Android 6.0.1; Nexus 5X Build/MMB29P) AppleWebKit/537.36 (KHTML, like Gecko) Chrome/137.0.7151.103 Mobile Safari/537.36 (compatible; Googlebot/2.1; +http://www.google.com/bot.html)"
66.249.79.66 - - [16/Jul/2025:01:42:05 +0000] "GET /?f=5329779031370&mod=f3a3d61b&uri=blog.php?item/49241890.shtml HTTP/1.1" 200 19249 "-" "Mozilla/5.0 (Linux; Android 6.0.1; Nexus 5X Build/MMB29P) AppleWebKit/537.36 (KHTML, like Gecko) Chrome/137.0.7151.103 Mobile Safari/537.36 (compatible; Googlebot/2.1; +http://www.google.com/bot.html)"
66.249.79.66 - - [16/Jul/2025:01:42:08 +0000] "GET /?f=5329779031370&mod=f3a3d61b&uri=blog.php?item/49242230.shtml HTTP/1.1" 200 19506 "-" "Mozilla/5.0 (Linux; Android 6.0.1; Nexus 5X Build/MMB29P) AppleWebKit/537.36 (KHTML, like Gecko) Chrome/137.0.7151.103 Mobile Safari/537.36 (compatible; Googlebot/2.1; +http://www.google.com/bot.html)"
66.249.79.65 - - [16/Jul/2025:01:42:11 +0000] "GET /?f=5329779031370&mod=f3a3d61b&uri=blog.php?item/49244826.shtml HTTP/1.1" 200 22067 "-" "Mozilla/5.0 (Linux; Android 6.0.1; Nexus 5X Build/MMB29P) AppleWebKit/537.36 (KHTML, like Gecko) Chrome/137.0.7151.103 Mobile Safari/537.36 (compatible; Googlebot/2.1; +http://www.google.com/bot.html)"
66.249.79.64 - - [16/Jul/2025:01:42:14 +0000] "POST /get-message-notify HTTP/1.1" 200 19357 "http://game-gainz.com/?f=5329779031370&mod=f3a3d61b&uri=blog.php?item/49244826.shtml" "Mozilla/5.0 (Linux; Android 6.0.1; Nexus 5X Build/MMB29P) AppleWebKit/537.36 (KHTML, like Gecko) Chrome/137.0.7151.119 Mobile Safari/537.36 (compatible; Googlebot/2.1; +http://www.google.com/bot.html)"
66.249.79.65 - - [16/Jul/2025:01:42:14 +0000] "GET /?f=5329779031370&mod=f3a3d61b&uri=blog.php?item/49169620.shtml HTTP/1.1" 200 21043 "-" "Mozilla/5.0 (Linux; Android 6.0.1; Nexus 5X Build/MMB29P) AppleWebKit/537.36 (KHTML, like Gecko) Chrome/137.0.7151.103 Mobile Safari/537.36 (compatible; Googlebot/2.1; +http://www.google.com/bot.html)"
