20.171.207.193 - - [14/Jul/2025:03:55:02 +0000] "GET /item/711284670.shtml HTTP/1.1" 404 12522 "-" "Mozilla/5.0 AppleWebKit/537.36 (KHTML, like Gecko; compatible; GPTBot/1.2; +https://openai.com/gptbot)"
185.191.171.8 - - [14/Jul/2025:03:55:08 +0000] "GET /?f=107939303031370&mod=b247ac40&uri=search.php%3Fid%3D3602289-1659%26name%3Dbirkenstock%2Barizona%2Bpap HTTP/1.1" 200 12976 "-" "Mozilla/5.0 (compatible; SemrushBot/7~bl; +http://www.semrush.com/bot.html)"
185.191.171.2 - - [14/Jul/2025:03:55:19 +0000] "GET /?f=70451026011370&mod=4901bb0c&uri=us.php%3Fid%3D2351022-532%26name%3Danillo%2Bdel%2Bojo%2Bde%2Bhorus HTTP/1.1" 200 12976 "-" "Mozilla/5.0 (compatible; SemrushBot/7~bl; +http://www.semrush.com/bot.html)"
185.191.171.4 - - [14/Jul/2025:03:55:24 +0000] "GET /?f=98296252041370&mod=1b1ec5e4&uri=goods.php%3Fid%3D3280405-917%26name%3Dgraco%2Blocking%2Bclip%2Bfor%2Bcar%2Bseat HTTP/1.1" 200 12976 "-" "Mozilla/5.0 (compatible; SemrushBot/7~bl; +http://www.semrush.com/bot.html)"
185.191.171.17 - - [14/Jul/2025:03:56:08 +0000] "GET /?f=1437496051370&mod=eff7451f&uri=products.php%3Fid%3D47989-94%26name%3Ddiamond%2Bearrings%2Bnew%2Bdesigns HTTP/1.1" 200 12976 "-" "Mozilla/5.0 (compatible; SemrushBot/7~bl; +http://www.semrush.com/bot.html)"
85.208.96.210 - - [14/Jul/2025:03:56:15 +0000] "GET /?f=101437871031370&mod=5714c383&uri=brands.php%3Fid%3D3385271-1443%26name%3Djersey%2Bmike%27s%2Bjackson HTTP/1.1" 200 12976 "-" "Mozilla/5.0 (compatible; SemrushBot/7~bl; +http://www.semrush.com/bot.html)"
185.191.171.11 - - [14/Jul/2025:03:56:25 +0000] "GET /?f=34748509011370&mod=fd37c8fa&uri=category-info.php%3Fid%3D1159785-265%26name%3Dtenis%2Bmais%2Bbonitos%2Badidas HTTP/1.1" 200 12976 "-" "Mozilla/5.0 (compatible; SemrushBot/7~bl; +http://www.semrush.com/bot.html)"
185.191.171.19 - - [14/Jul/2025:03:56:31 +0000] "GET /?f=51770162021370&mod=cd483cdc&uri=blog.php%3Fid%3D1727638-191%26name%3Drogue%2Bterritory%2Btype%2Biii%2Bjacket HTTP/1.1" 200 12976 "-" "Mozilla/5.0 (compatible; SemrushBot/7~bl; +http://www.semrush.com/bot.html)"
85.208.96.207 - - [14/Jul/2025:03:57:14 +0000] "GET /?f=78979816021370&mod=e285a73b&uri=brands.php%3Fid%3D2635657-1495%26name%3Dnew%2Bbalance%2B992%2Bmc HTTP/1.1" 200 12975 "-" "Mozilla/5.0 (compatible; SemrushBot/7~bl; +http://www.semrush.com/bot.html)"
185.191.171.11 - - [14/Jul/2025:03:57:23 +0000] "GET /?f=14500987081370&mod=19a6d0f9&uri=info.php%3Fid%3D484140-617%26name%3Dpatagonia%2Bnano%2Bpuff%2Bwomens%2Bsale HTTP/1.1" 200 12976 "-" "Mozilla/5.0 (compatible; SemrushBot/7~bl; +http://www.semrush.com/bot.html)"
185.191.171.16 - - [14/Jul/2025:03:57:57 +0000] "GET /?f=112433441041370&mod=fad94b6c&uri=news.php%3Fid%3D3752298-641%26name%3Despresso%2Bmachine%2Bwalmart HTTP/1.1" 200 12975 "-" "Mozilla/5.0 (compatible; SemrushBot/7~bl; +http://www.semrush.com/bot.html)"
20.171.207.193 - - [14/Jul/2025:03:58:03 +0000] "GET /item/711527984.shtml HTTP/1.1" 404 12522 "-" "Mozilla/5.0 AppleWebKit/537.36 (KHTML, like Gecko; compatible; GPTBot/1.2; +https://openai.com/gptbot)"
20.171.207.193 - - [14/Jul/2025:03:58:13 +0000] "GET /item/711283200.shtml HTTP/1.1" 404 12522 "-" "Mozilla/5.0 AppleWebKit/537.36 (KHTML, like Gecko; compatible; GPTBot/1.2; +https://openai.com/gptbot)"
209.74.77.214 - - [14/Jul/2025:03:58:20 +0000] "GET / HTTP/1.1" 200 65454 "-" "Mozilla/5.0 (Windows NT 10.0; Win64; x64; rv:122.0) Gecko/20100101 Firefox/122.0"
20.171.207.193 - - [14/Jul/2025:03:58:24 +0000] "GET /item/711582896.shtml HTTP/1.1" 404 12522 "-" "Mozilla/5.0 AppleWebKit/537.36 (KHTML, like Gecko; compatible; GPTBot/1.2; +https://openai.com/gptbot)"
20.171.207.193 - - [14/Jul/2025:03:58:38 +0000] "GET /item/711232954.shtml HTTP/1.1" 503 428 "-" "Mozilla/5.0 AppleWebKit/537.36 (KHTML, like Gecko; compatible; GPTBot/1.2; +https://openai.com/gptbot)"
185.191.171.14 - - [14/Jul/2025:04:03:50 +0000] "GET /robots.txt HTTP/1.1" 200 94 "-" "Mozilla/5.0 (compatible; SemrushBot/7~bl; +http://www.semrush.com/bot.html)"
185.191.171.15 - - [14/Jul/2025:03:58:38 +0000] "GET /?f=102562451001370&mod=62c9de9a&uri=category-info.php%3Fid%3D3422792-645%26name%3Dbmw%2Bm%2Bsport%2Bvalve%2Bcaps HTTP/1.1" 503 12976 "-" "Mozilla/5.0 (compatible; SemrushBot/7~bl; +http://www.semrush.com/bot.html)"
85.208.96.205 - - [14/Jul/2025:04:03:49 +0000] "GET /?f=3386769081370&mod=c10d35fa&uri=us.php%3Fid%3D113050-216%26name%3Dneon%2Byellow%2Blong%2Bsleeve%2Btop HTTP/1.1" 200 12976 "-" "Mozilla/5.0 (compatible; SemrushBot/7~bl; +http://www.semrush.com/bot.html)"
185.191.171.8 - - [14/Jul/2025:04:03:49 +0000] "GET /?f=114670775021370&mod=51637f50&uri=products.php%3Fid%3D3826990-1227%26name%3Ddifference%2Bbetween%2Buppababy%2Bvista%2B2017%2Band%2B2018 HTTP/1.1" 200 12976 "-" "Mozilla/5.0 (compatible; SemrushBot/7~bl; +http://www.semrush.com/bot.html)"
85.208.96.198 - - [14/Jul/2025:04:04:38 +0000] "GET /?f=108664302021370&mod=e852143d&uri=us.php%3Fid%3D3626480-1032%26name%3Dpowershot%2Bs10 HTTP/1.1" 200 12975 "-" "Mozilla/5.0 (compatible; SemrushBot/7~bl; +http://www.semrush.com/bot.html)"
85.208.96.210 - - [14/Jul/2025:04:07:38 +0000] "GET /?f=73642498031370&mod=c589c3a8&uri=dp.php%3Fid%3D2457516-102%26name%3Dsleep%2Btracking%2Bamazfit%2Bbip HTTP/1.1" 200 12975 "-" "Mozilla/5.0 (compatible; SemrushBot/7~bl; +http://www.semrush.com/bot.html)"
85.208.96.210 - - [14/Jul/2025:04:08:27 +0000] "GET /?f=73642498031370&mod=c589c3a8&uri=dp.php%3Fid%3D2457516-102%26name%3Dsleep%2Btracking%2Bamazfit%2Bbip HTTP/1.1" 200 12975 "-" "Mozilla/5.0 (compatible; SemrushBot/7~bl; +http://www.semrush.com/bot.html)"
209.74.77.214 - - [14/Jul/2025:04:10:22 +0000] "POST /wp-cron.php?doing_wp_cron=1752466222.2036690711975097656250 HTTP/1.1" 200 - "-" "WordPress/6.8.1; https://game-gainz.com"
85.208.96.204 - - [14/Jul/2025:04:10:16 +0000] "GET /?f=59875805061370&mod=819ba59c&uri=us.php%3Fid%3D1998114-263%26name%3Dspider%2Bsolitario%2Bwindows%2Bgratis HTTP/1.1" 200 12975 "-" "Mozilla/5.0 (compatible; SemrushBot/7~bl; +http://www.semrush.com/bot.html)"
185.191.171.1 - - [14/Jul/2025:04:10:54 +0000] "GET /?f=51558241101370&mod=2d7f3f6e&uri=search.php%3Fid%3D1720569-118%26name%3Dsalomon%2Bspeedcross%2Bel%2Bcorte%2Bingles HTTP/1.1" 200 12976 "-" "Mozilla/5.0 (compatible; SemrushBot/7~bl; +http://www.semrush.com/bot.html)"
209.74.77.214 - - [14/Jul/2025:04:11:10 +0000] "POST /wp-cron.php?doing_wp_cron=1752466270.3553929328918457031250 HTTP/1.1" 200 - "-" "WordPress/6.8.1; https://game-gainz.com"
85.208.96.199 - - [14/Jul/2025:04:11:10 +0000] "GET /?f=72225174011370&mod=5955d17f&uri=shop.php%3Fid%3D2410231-1441%26name%3Dvetement%2Blidl HTTP/1.1" 200 12975 "-" "Mozilla/5.0 (compatible; SemrushBot/7~bl; +http://www.semrush.com/bot.html)"
85.208.96.199 - - [14/Jul/2025:04:11:18 +0000] "GET /?f=75250159031370&mod=0fc51b5f&uri=goods.php%3Fid%3D2511139-1466%26name%3Dclothes%2Bwith%2Bcats%2Bon HTTP/1.1" 200 12976 "-" "Mozilla/5.0 (compatible; SemrushBot/7~bl; +http://www.semrush.com/bot.html)"
85.208.96.208 - - [14/Jul/2025:04:11:23 +0000] "GET /?f=74335369041370&mod=2d56c94a&uri=products.php%3Fid%3D2480622-1462%26name%3Dgosha%2Bcombo%2Blogo%2Bsweatshirt HTTP/1.1" 200 12975 "-" "Mozilla/5.0 (compatible; SemrushBot/7~bl; +http://www.semrush.com/bot.html)"
85.208.96.199 - - [14/Jul/2025:04:11:27 +0000] "GET /?f=99173832041370&mod=050011d7&uri=shop.php%3Fid%3D3309681-1606%26name%3Dinfant%2Bsize%2B10%2Bblack%2Btrainers HTTP/1.1" 200 12975 "-" "Mozilla/5.0 (compatible; SemrushBot/7~bl; +http://www.semrush.com/bot.html)"
185.191.171.14 - - [14/Jul/2025:04:11:31 +0000] "GET /?f=5319039041370&mod=aebb462e&uri=blog.php%3Fid%3D177576-318%26name%3Dque%2Bes%2Badidas HTTP/1.1" 200 12975 "-" "Mozilla/5.0 (compatible; SemrushBot/7~bl; +http://www.semrush.com/bot.html)"
85.208.96.202 - - [14/Jul/2025:04:11:35 +0000] "GET /?f=117255012071370&mod=461202d0&uri=us.php%3Fid%3D3913197-697%26name%3Dbotas%2Bcon%2Bchiporro%2Bmujer%2Bmercado%2Blibre HTTP/1.1" 200 12976 "-" "Mozilla/5.0 (compatible; SemrushBot/7~bl; +http://www.semrush.com/bot.html)"
185.191.171.13 - - [14/Jul/2025:04:11:39 +0000] "GET /?f=21231560031370&mod=52beec63&uri=brands.php%3Fid%3D708706-785%26name%3Dthe%2Bnorth%2Bface%2Bcollection%2B2019 HTTP/1.1" 200 12975 "-" "Mozilla/5.0 (compatible; SemrushBot/7~bl; +http://www.semrush.com/bot.html)"
185.191.171.10 - - [14/Jul/2025:04:11:44 +0000] "GET /?f=42203673071370&mod=abead157&uri=product.php%3Fid%3D1408513-1178%26name%3Dvans%2Bauthentic%2Bsconti HTTP/1.1" 200 12976 "-" "Mozilla/5.0 (compatible; SemrushBot/7~bl; +http://www.semrush.com/bot.html)"
185.191.171.10 - - [14/Jul/2025:04:11:49 +0000] "GET /?f=80412188001370&mod=b4d84bec&uri=us.php%3Fid%3D2683458-379%26name%3Dcamouflage%2Bgirl%2Bcrib%2Bbedding HTTP/1.1" 200 12976 "-" "Mozilla/5.0 (compatible; SemrushBot/7~bl; +http://www.semrush.com/bot.html)"
85.208.96.199 - - [14/Jul/2025:04:11:52 +0000] "GET /?f=65795580031370&mod=8b2a9c17&uri=shared.php%3Fid%3D2195642-60%26name%3Dgiacca%2Bzara HTTP/1.1" 200 12975 "-" "Mozilla/5.0 (compatible; SemrushBot/7~bl; +http://www.semrush.com/bot.html)"
185.191.171.9 - - [14/Jul/2025:04:11:56 +0000] "GET /?f=20099097031370&mod=5bde9f58&uri=info.php%3Fid%3D670924-747%26name%3Dchuteira%2Bnike%2Bhypervenom%2Bphelon%2Bfg HTTP/1.1" 200 12976 "-" "Mozilla/5.0 (compatible; SemrushBot/7~bl; +http://www.semrush.com/bot.html)"
85.208.96.193 - - [14/Jul/2025:04:12:00 +0000] "GET /?f=30009824021370&mod=a1874dbd&uri=goods.php%3Fid%3D1001642-978%26name%3Dtenis%2Badidas%2Bsuperstar%2Bglitter HTTP/1.1" 200 12975 "-" "Mozilla/5.0 (compatible; SemrushBot/7~bl; +http://www.semrush.com/bot.html)"
185.191.171.9 - - [14/Jul/2025:04:12:04 +0000] "GET /?f=57902048021370&mod=1636eefc&uri=shop.php%3Fid%3D1932224-1241%26name%3Dbarbour%2Bwax%2Bcap HTTP/1.1" 200 12975 "-" "Mozilla/5.0 (compatible; SemrushBot/7~bl; +http://www.semrush.com/bot.html)"
185.191.171.11 - - [14/Jul/2025:04:12:08 +0000] "GET /?f=28162476131370&mod=48a86736&uri=shop.php%3Fid%3D939940-692%26name%3Dbest%2Bbackpack%2Bhiking%2B2019 HTTP/1.1" 200 12975 "-" "Mozilla/5.0 (compatible; SemrushBot/7~bl; +http://www.semrush.com/bot.html)"
209.74.77.214 - - [14/Jul/2025:04:12:12 +0000] "POST /wp-cron.php?doing_wp_cron=1752466332.4777159690856933593750 HTTP/1.1" 200 - "-" "WordPress/6.8.1; https://game-gainz.com"
185.191.171.19 - - [14/Jul/2025:04:12:12 +0000] "GET /?f=642515141370&mod=a4fa7175&uri=article.php%3Fid%3D21458-33%26name%3Dat%2Bwhat%2Bage%2Bcan%2Bkids%2Buse%2Ba%2Bbooster%2Bseat HTTP/1.1" 200 12973 "-" "Mozilla/5.0 (compatible; SemrushBot/7~bl; +http://www.semrush.com/bot.html)"
85.208.96.206 - - [14/Jul/2025:04:12:52 +0000] "GET /?f=49707164121370&mod=849061d7&uri=us.php%3Fid%3D1658822-572%26name%3Dnew%2Bbalance%2B247%2Bluxe%2Btan HTTP/1.1" 200 12975 "-" "Mozilla/5.0 (compatible; SemrushBot/7~bl; +http://www.semrush.com/bot.html)"
209.74.77.214 - - [14/Jul/2025:04:13:09 +0000] "POST /wp-cron.php?doing_wp_cron=1752466389.4673800468444824218750 HTTP/1.1" 200 - "-" "WordPress/6.8.1; https://game-gainz.com"
85.208.96.212 - - [14/Jul/2025:04:13:09 +0000] "GET /?f=91302943091370&mod=a914c664&uri=us.php%3Fid%3D3046926-1564%26name%3Dyankees%2Bzip%2Bup HTTP/1.1" 200 12976 "-" "Mozilla/5.0 (compatible; SemrushBot/7~bl; +http://www.semrush.com/bot.html)"
85.208.96.206 - - [14/Jul/2025:04:13:21 +0000] "GET /?f=97037845051370&mod=bf732424&uri=shop.php%3Fid%3D3238382-1591%26name%3Dgolden%2Bgoose%2Bstardan%2Bmesh HTTP/1.1" 200 12976 "-" "Mozilla/5.0 (compatible; SemrushBot/7~bl; +http://www.semrush.com/bot.html)"
209.74.77.214 - - [14/Jul/2025:04:14:21 +0000] "POST /wp-cron.php?doing_wp_cron=1752466461.3229019641876220703125 HTTP/1.1" 200 - "-" "WordPress/6.8.1; https://game-gainz.com"
185.191.171.3 - - [14/Jul/2025:04:14:20 +0000] "GET /?f=58246590031370&mod=f2309546&uri=search.php%3Fid%3D1943718-233%26name%3Dchamarra%2Bhard%2Brock%2Bcafe HTTP/1.1" 200 12975 "-" "Mozilla/5.0 (compatible; SemrushBot/7~bl; +http://www.semrush.com/bot.html)"
85.208.96.210 - - [14/Jul/2025:04:14:29 +0000] "GET /?f=29287198051370&mod=09c01677&uri=blog.php%3Fid%3D977476-538%26name%3Dc%C3%83%C2%B3mo%2Bson%2Blas%2Bcasas%2Bde%2Bbarbie HTTP/1.1" 200 12976 "-" "Mozilla/5.0 (compatible; SemrushBot/7~bl; +http://www.semrush.com/bot.html)"
209.74.77.214 - - [14/Jul/2025:04:15:10 +0000] "POST /wp-cron.php?doing_wp_cron=1752466510.6830840110778808593750 HTTP/1.1" 200 - "-" "WordPress/6.8.1; https://game-gainz.com"
185.191.171.16 - - [14/Jul/2025:04:15:09 +0000] "GET /?f=48002999071370&mod=1c197b9c&uri=goods.php%3Fid%3D1601975-1253%26name%3Ddior%2Bforever%2Bfoundation%2B012 HTTP/1.1" 200 12975 "-" "Mozilla/5.0 (compatible; SemrushBot/7~bl; +http://www.semrush.com/bot.html)"
85.208.96.195 - - [14/Jul/2025:04:15:43 +0000] "GET /?f=25753971001370&mod=df5f39b5&uri=goods.php%3Fid%3D859558-433%26name%3Dugg%2Bhendrickson%2Bchukka%2Bboot HTTP/1.1" 200 12976 "-" "Mozilla/5.0 (compatible; SemrushBot/7~bl; +http://www.semrush.com/bot.html)"
209.74.77.214 - - [14/Jul/2025:04:16:26 +0000] "POST /wp-cron.php?doing_wp_cron=1752466586.5344080924987792968750 HTTP/1.1" 200 - "-" "WordPress/6.8.1; https://game-gainz.com"
85.208.96.196 - - [14/Jul/2025:04:16:25 +0000] "GET /?f=73808648051370&mod=9e435926&uri=itm.php%3Fid%3D2463057-1124%26name%3Dsize%2Bblack%2Bvans HTTP/1.1" 200 12976 "-" "Mozilla/5.0 (compatible; SemrushBot/7~bl; +http://www.semrush.com/bot.html)"
185.191.171.14 - - [14/Jul/2025:04:16:40 +0000] "GET /?f=28759242011370&mod=ec14fe5b&uri=form.php%3Fid%3D959850-226%26name%3Dadidas%2Byeezy%2Ben%2Bpanama%2Bnorte HTTP/1.1" 200 12976 "-" "Mozilla/5.0 (compatible; SemrushBot/7~bl; +http://www.semrush.com/bot.html)"
185.191.171.10 - - [14/Jul/2025:04:16:45 +0000] "GET /?f=35689382061370&mod=9b034c94&uri=pin.php%3Fid%3D1191174-1091%26name%3Dvans%2Bleather%2Bbrown%2Bshoes HTTP/1.1" 200 12976 "-" "Mozilla/5.0 (compatible; SemrushBot/7~bl; +http://www.semrush.com/bot.html)"
209.74.77.214 - - [14/Jul/2025:04:17:29 +0000] "POST /wp-cron.php?doing_wp_cron=1752466649.3970189094543457031250 HTTP/1.1" 200 - "-" "WordPress/6.8.1; https://game-gainz.com"
85.208.96.194 - - [14/Jul/2025:04:17:28 +0000] "GET /?f=106725798081370&mod=4d09b965&uri=category-info.php%3Fid%3D3561793-1651%26name%3Dasics%2Bfemme%2Bquantum HTTP/1.1" 200 12976 "-" "Mozilla/5.0 (compatible; SemrushBot/7~bl; +http://www.semrush.com/bot.html)"
85.208.96.207 - - [14/Jul/2025:04:18:06 +0000] "GET /?f=32804292131370&mod=a20bed5c&uri=goods.php%3Fid%3D1094876-294%26name%3Djindal%2Bjewellers HTTP/1.1" 200 12976 "-" "Mozilla/5.0 (compatible; SemrushBot/7~bl; +http://www.semrush.com/bot.html)"
209.74.77.214 - - [14/Jul/2025:04:18:11 +0000] "POST /wp-cron.php?doing_wp_cron=1752466691.7321729660034179687500 HTTP/1.1" 200 - "-" "WordPress/6.8.1; https://game-gainz.com"
185.191.171.2 - - [14/Jul/2025:04:18:11 +0000] "GET /?f=35950877001370&mod=0d019bff&uri=info.php%3Fid%3D1199899-420%26name%3Donline%2Bgold%2Bshopping HTTP/1.1" 200 12975 "-" "Mozilla/5.0 (compatible; SemrushBot/7~bl; +http://www.semrush.com/bot.html)"
85.208.96.205 - - [14/Jul/2025:04:18:25 +0000] "GET /?f=49882956041370&mod=0a463a86&uri=blog.php%3Fid%3D1664685-438%26name%3Dreebok%2Bwandelschoenen%2Bdames HTTP/1.1" 200 12976 "-" "Mozilla/5.0 (compatible; SemrushBot/7~bl; +http://www.semrush.com/bot.html)"
185.191.171.12 - - [14/Jul/2025:04:18:30 +0000] "GET /?f=61327924001370&mod=bb230dff&uri=goods.php%3Fid%3D2046566-335%26name%3Dnintendo%2Bswitch%2Br18 HTTP/1.1" 200 12976 "-" "Mozilla/5.0 (compatible; SemrushBot/7~bl; +http://www.semrush.com/bot.html)"
185.191.171.17 - - [14/Jul/2025:04:18:41 +0000] "GET /?f=20066577031370&mod=56add98f&uri=search.php%3Fid%3D669840-758%26name%3Dgiacche%2Bvintage%2Breebok HTTP/1.1" 200 12976 "-" "Mozilla/5.0 (compatible; SemrushBot/7~bl; +http://www.semrush.com/bot.html)"
209.74.77.214 - - [14/Jul/2025:04:19:28 +0000] "POST /wp-cron.php?doing_wp_cron=1752466768.2768878936767578125000 HTTP/1.1" 200 - "-" "WordPress/6.8.1; https://game-gainz.com"
185.191.171.17 - - [14/Jul/2025:04:19:27 +0000] "GET /?f=95662466111370&mod=704b889d&uri=us.php%3Fid%3D3192478-1582%26name%3Dceo%2Bof%2Breebok HTTP/1.1" 200 12976 "-" "Mozilla/5.0 (compatible; SemrushBot/7~bl; +http://www.semrush.com/bot.html)"
185.191.171.16 - - [14/Jul/2025:04:19:48 +0000] "GET /?f=110094219011370&mod=039defae&uri=shared.php%3Fid%3D3674185-1485%26name%3Dcalvin%2Bklein%2Bhip%2Bbrief HTTP/1.1" 200 12976 "-" "Mozilla/5.0 (compatible; SemrushBot/7~bl; +http://www.semrush.com/bot.html)"
209.74.77.214 - - [14/Jul/2025:04:20:45 +0000] "POST /wp-cron.php?doing_wp_cron=1752466845.2472929954528808593750 HTTP/1.1" 200 - "-" "WordPress/6.8.1; https://game-gainz.com"
85.208.96.196 - - [14/Jul/2025:04:20:44 +0000] "GET /?f=114234197131370&mod=860846a0&uri=brands.php%3Fid%3D3812420-1522%26name%3Drobe%2Blongue%2Bstyle%2Bkimono HTTP/1.1" 200 12976 "-" "Mozilla/5.0 (compatible; SemrushBot/7~bl; +http://www.semrush.com/bot.html)"
185.191.171.16 - - [14/Jul/2025:04:20:59 +0000] "GET /?f=70349134061370&mod=ddd1aaa7&uri=brands.php%3Fid%3D2347622-1204%26name%3Dlego%2Bfriends%2B40266 HTTP/1.1" 200 12976 "-" "Mozilla/5.0 (compatible; SemrushBot/7~bl; +http://www.semrush.com/bot.html)"
85.208.96.203 - - [14/Jul/2025:04:21:04 +0000] "GET /?f=48412686001370&mod=a1250d36&uri=search.php%3Fid%3D1615638-1259%26name%3Dsam%2Bedelman%2Bleopard%2Bprint HTTP/1.1" 200 12975 "-" "Mozilla/5.0 (compatible; SemrushBot/7~bl; +http://www.semrush.com/bot.html)"
209.74.77.214 - - [14/Jul/2025:04:21:18 +0000] "POST /wp-cron.php?doing_wp_cron=1752466878.7633459568023681640625 HTTP/1.1" 200 - "-" "WordPress/6.8.1; https://game-gainz.com"
85.208.96.203 - - [14/Jul/2025:04:21:18 +0000] "GET /?f=53211435041370&mod=48739c99&uri=brands.php%3Fid%3D1775710-821%26name%3Dkate%2Bspade%2Bsparkle%2Bkeds HTTP/1.1" 200 12976 "-" "Mozilla/5.0 (compatible; SemrushBot/7~bl; +http://www.semrush.com/bot.html)"
198.98.54.226 - - [14/Jul/2025:04:21:46 +0000] "GET /wp-login.php HTTP/1.1" 200 4443 "-" "Mozilla/5.0 (Macintosh; Intel Mac OS X 10.8; rv:30.0) Gecko/20100101 Firefox/30.0"
85.208.96.208 - - [14/Jul/2025:04:21:48 +0000] "GET /?f=37923023031370&mod=a4a83056&uri=info.php%3Fid%3D1265703-74%26name%3Dasics%2Bgel%2Bcumulus%2Bparis HTTP/1.1" 200 12976 "-" "Mozilla/5.0 (compatible; SemrushBot/7~bl; +http://www.semrush.com/bot.html)"
209.74.77.214 - - [14/Jul/2025:04:22:51 +0000] "POST /wp-cron.php?doing_wp_cron=1752466971.2846341133117675781250 HTTP/1.1" 200 - "-" "WordPress/6.8.1; https://game-gainz.com"
185.191.171.19 - - [14/Jul/2025:04:22:50 +0000] "GET /?f=100962690131370&mod=73b67563&uri=us.php%3Fid%3D3369395-1404%26name%3Dair%2Bjordan%2Bvert%2Bpin HTTP/1.1" 200 12975 "-" "Mozilla/5.0 (compatible; SemrushBot/7~bl; +http://www.semrush.com/bot.html)"
185.191.171.9 - - [14/Jul/2025:04:23:00 +0000] "GET /?f=97641496041370&mod=c7a6dfc7&uri=shared.php%3Fid%3D3258549-1593%26name%3Dadidas%2Bmy%2Bcoach HTTP/1.1" 200 12975 "-" "Mozilla/5.0 (compatible; SemrushBot/7~bl; +http://www.semrush.com/bot.html)"
185.191.171.4 - - [14/Jul/2025:04:23:04 +0000] "GET /?f=57162439061370&mod=c9fd2c04&uri=shop.php%3Fid%3D1907536-1310%26name%3Dcrimson%2Band%2Bcream%2Bwedding%2Bdresses HTTP/1.1" 200 12976 "-" "Mozilla/5.0 (compatible; SemrushBot/7~bl; +http://www.semrush.com/bot.html)"
209.74.77.214 - - [14/Jul/2025:04:23:58 +0000] "POST /wp-cron.php?doing_wp_cron=1752467038.7143421173095703125000 HTTP/1.1" 200 - "-" "WordPress/6.8.1; https://game-gainz.com"
185.191.171.8 - - [14/Jul/2025:04:23:57 +0000] "GET /?f=109874651051370&mod=a73da654&uri=shared.php%3Fid%3D3666854-837%26name%3Dnike%2B720%2Brosas HTTP/1.1" 200 12976 "-" "Mozilla/5.0 (compatible; SemrushBot/7~bl; +http://www.semrush.com/bot.html)"
209.74.77.214 - - [14/Jul/2025:04:24:14 +0000] "POST /wp-cron.php?doing_wp_cron=1752467054.7655649185180664062500 HTTP/1.1" 200 - "-" "WordPress/6.8.1; https://game-gainz.com"
185.191.171.6 - - [14/Jul/2025:04:24:14 +0000] "GET /?f=101976679031370&mod=b53c8d02&uri=info.php%3Fid%3D3403249-858%26name%3Dtn%2Bnike%2Brose%2Bet%2Bnoir HTTP/1.1" 200 12975 "-" "Mozilla/5.0 (compatible; SemrushBot/7~bl; +http://www.semrush.com/bot.html)"
185.191.171.19 - - [14/Jul/2025:04:24:35 +0000] "GET /?f=79746302061370&mod=86f94c36&uri=news.php%3Fid%3D2661236-1211%26name%3Drobe%2Bsoiree%2Bzara%2B2019 HTTP/1.1" 200 12976 "-" "Mozilla/5.0 (compatible; SemrushBot/7~bl; +http://www.semrush.com/bot.html)"
198.98.54.226 - - [14/Jul/2025:04:25:06 +0000] "POST /wp-login.php HTTP/1.1" 200 4699 "-" "Mozilla/5.0 (Macintosh; Intel Mac OS X 10.8; rv:30.0) Gecko/20100101 Firefox/30.0"
209.74.77.214 - - [14/Jul/2025:04:25:10 +0000] "POST /wp-cron.php?doing_wp_cron=1752467110.9885430335998535156250 HTTP/1.1" 200 - "-" "WordPress/6.8.1; https://game-gainz.com"
85.208.96.208 - - [14/Jul/2025:04:25:10 +0000] "GET /?f=108083410001370&mod=17f65180&uri=goods.php%3Fid%3D3607098-1660%26name%3Dadidas%2Bbreeze%2B101%2Bm HTTP/1.1" 200 12975 "-" "Mozilla/5.0 (compatible; SemrushBot/7~bl; +http://www.semrush.com/bot.html)"
85.208.96.212 - - [14/Jul/2025:04:25:17 +0000] "GET /?f=76586349071370&mod=1238a915&uri=info.php%3Fid%3D2555761-1105%26name%3Dmilitary%2Bboot%2Bcompanies HTTP/1.1" 200 12976 "-" "Mozilla/5.0 (compatible; SemrushBot/7~bl; +http://www.semrush.com/bot.html)"
185.191.171.8 - - [14/Jul/2025:04:25:53 +0000] "GET /?f=26238941001370&mod=5e4ff775&uri=products.php%3Fid%3D875741-897%26name%3Dnike%2Bair%2Bmax%2B2017%2Bkids%2Bblue HTTP/1.1" 200 12976 "-" "Mozilla/5.0 (compatible; SemrushBot/7~bl; +http://www.semrush.com/bot.html)"
209.74.77.214 - - [14/Jul/2025:04:26:12 +0000] "POST /wp-cron.php?doing_wp_cron=1752467172.2038750648498535156250 HTTP/1.1" 200 - "-" "WordPress/6.8.1; https://game-gainz.com"
185.191.171.16 - - [14/Jul/2025:04:26:12 +0000] "GET /?f=106108075061370&mod=69595be5&uri=goods.php%3Fid%3D3541183-1175%26name%3Dbalenciaga%2Bt%2Bshirt%2Bwhite%2Bmens HTTP/1.1" 200 12976 "-" "Mozilla/5.0 (compatible; SemrushBot/7~bl; +http://www.semrush.com/bot.html)"
85.208.96.207 - - [14/Jul/2025:04:26:20 +0000] "GET /?f=21262486051370&mod=76de2817&uri=shared.php%3Fid%3D709738-529%26name%3Dconjunto%2Bpuma%2Bnegro%2Bhombre HTTP/1.1" 200 12975 "-" "Mozilla/5.0 (compatible; SemrushBot/7~bl; +http://www.semrush.com/bot.html)"
185.191.171.5 - - [14/Jul/2025:04:26:40 +0000] "GET /?f=74232018061370&mod=ca227f3b&uri=search.php%3Fid%3D2477175-503%26name%3Dnike%2Bair%2Bforce%2Bwomens%2Butility HTTP/1.1" 200 12976 "-" "Mozilla/5.0 (compatible; SemrushBot/7~bl; +http://www.semrush.com/bot.html)"
209.74.77.214 - - [14/Jul/2025:04:27:27 +0000] "POST /wp-cron.php?doing_wp_cron=1752467247.5194709300994873046875 HTTP/1.1" 200 - "-" "WordPress/6.8.1; https://game-gainz.com"
85.208.96.197 - - [14/Jul/2025:04:27:26 +0000] "GET /?f=90488630011370&mod=28b6d756&uri=brands.php%3Fid%3D3019739-1556%26name%3Dm990%2Bgrey HTTP/1.1" 200 12975 "-" "Mozilla/5.0 (compatible; SemrushBot/7~bl; +http://www.semrush.com/bot.html)"
85.208.96.197 - - [14/Jul/2025:04:27:31 +0000] "GET /?f=22615244041370&mod=d36bf418&uri=blog.php%3Fid%3D754862-823%26name%3Dsuper%2Bpowerful%2Bwater%2Bgun HTTP/1.1" 200 12976 "-" "Mozilla/5.0 (compatible; SemrushBot/7~bl; +http://www.semrush.com/bot.html)"
185.191.171.11 - - [14/Jul/2025:04:27:55 +0000] "GET /?f=24544327061370&mod=51e5bf4a&uri=info.php%3Fid%3D819212-545%26name%3Dlauson%2Bcl%2B608 HTTP/1.1" 200 12976 "-" "Mozilla/5.0 (compatible; SemrushBot/7~bl; +http://www.semrush.com/bot.html)"
209.74.77.214 - - [14/Jul/2025:04:28:17 +0000] "POST /wp-cron.php?doing_wp_cron=1752467297.7113869190216064453125 HTTP/1.1" 200 - "-" "WordPress/6.8.1; https://game-gainz.com"
185.191.171.8 - - [14/Jul/2025:04:28:17 +0000] "GET /?f=58795275051370&mod=0bf2c237&uri=us.php%3Fid%3D1962024-1352%26name%3Dflipkart%2Bmens%2Bcasual%2Bshirts HTTP/1.1" 200 12976 "-" "Mozilla/5.0 (compatible; SemrushBot/7~bl; +http://www.semrush.com/bot.html)"
185.191.171.11 - - [14/Jul/2025:04:28:24 +0000] "GET /?f=47021562091370&mod=c80ad097&uri=article.php%3Fid%3D1569228-336%26name%3Dborse%2Blouis%2Bvuitton%2Bvere%2Bo%2Bfalse HTTP/1.1" 200 12976 "-" "Mozilla/5.0 (compatible; SemrushBot/7~bl; +http://www.semrush.com/bot.html)"
185.191.171.5 - - [14/Jul/2025:04:28:31 +0000] "GET /?f=95978490071370&mod=b82ef965&uri=us.php%3Fid%3D3203022-642%26name%3Dnespresso%2Bsherway HTTP/1.1" 200 12976 "-" "Mozilla/5.0 (compatible; SemrushBot/7~bl; +http://www.semrush.com/bot.html)"
185.191.171.17 - - [14/Jul/2025:04:28:36 +0000] "GET /?f=17575823011370&mod=87f939f0&uri=article.php%3Fid%3D586721-691%26name%3Dliters%2Bin%2Bgallons HTTP/1.1" 200 12976 "-" "Mozilla/5.0 (compatible; SemrushBot/7~bl; +http://www.semrush.com/bot.html)"
85.208.96.200 - - [14/Jul/2025:04:28:47 +0000] "GET /?f=88022015031370&mod=71d2d6cc&uri=products.php%3Fid%3D2937447-56%26name%3Dmichael%2Bkors%2Bwhite%2Band%2Btan%2Bbag HTTP/1.1" 200 12976 "-" "Mozilla/5.0 (compatible; SemrushBot/7~bl; +http://www.semrush.com/bot.html)"
209.74.77.214 - - [14/Jul/2025:04:29:42 +0000] "POST /wp-cron.php?doing_wp_cron=1752467382.7396268844604492187500 HTTP/1.1" 200 - "-" "WordPress/6.8.1; https://game-gainz.com"
185.191.171.5 - - [14/Jul/2025:04:29:41 +0000] "GET /?f=38851300031370&mod=8101e1fa&uri=dp.php%3Fid%3D1296671-948%26name%3Dzapatillas%2Badidas%2Bgazelle%2Bnegras%2Bhombre HTTP/1.1" 200 12976 "-" "Mozilla/5.0 (compatible; SemrushBot/7~bl; +http://www.semrush.com/bot.html)"
85.208.96.204 - - [14/Jul/2025:04:29:55 +0000] "GET /?f=67856171001370&mod=25f9a9da&uri=brands.php%3Fid%3D2264413-636%26name%3Dfiorella%2Brubino%2Bgiubbotto%2Bjeans HTTP/1.1" 200 12976 "-" "Mozilla/5.0 (compatible; SemrushBot/7~bl; +http://www.semrush.com/bot.html)"
209.74.77.214 - - [14/Jul/2025:04:30:14 +0000] "POST /wp-cron.php?doing_wp_cron=1752467414.1373779773712158203125 HTTP/1.1" 200 - "-" "WordPress/6.8.1; https://game-gainz.com"
85.208.96.206 - - [14/Jul/2025:04:30:13 +0000] "GET /?f=95192553051370&mod=60ff2f34&uri=itm.php%3Fid%3D3176802-411%26name%3Dtenis%2Bdc%2Bskate%2Bmercadolibre HTTP/1.1" 200 12975 "-" "Mozilla/5.0 (compatible; SemrushBot/7~bl; +http://www.semrush.com/bot.html)"
185.191.171.14 - - [14/Jul/2025:04:30:48 +0000] "GET /?f=79117759081370&mod=a956990d&uri=form.php%3Fid%3D2640259-1358%26name%3Dnike%2Brivah%2Bpink HTTP/1.1" 200 12976 "-" "Mozilla/5.0 (compatible; SemrushBot/7~bl; +http://www.semrush.com/bot.html)"
185.191.171.17 - - [14/Jul/2025:04:30:56 +0000] "GET /?f=87227540021370&mod=7b7903c6&uri=search.php%3Fid%3D2910900-1161%26name%3Dyellow%2B97%27s HTTP/1.1" 200 12976 "-" "Mozilla/5.0 (compatible; SemrushBot/7~bl; +http://www.semrush.com/bot.html)"
209.74.77.214 - - [14/Jul/2025:04:31:23 +0000] "POST /wp-cron.php?doing_wp_cron=1752467483.8103709220886230468750 HTTP/1.1" 200 - "-" "WordPress/6.8.1; https://game-gainz.com"
185.191.171.4 - - [14/Jul/2025:04:31:23 +0000] "GET /?f=26192300091370&mod=40f7bfad&uri=goods.php%3Fid%3D874186-895%26name%3Dcanin%2Broyal%2Bpuppy%2Bfood HTTP/1.1" 200 12976 "-" "Mozilla/5.0 (compatible; SemrushBot/7~bl; +http://www.semrush.com/bot.html)"
85.208.96.210 - - [14/Jul/2025:04:31:45 +0000] "GET /?f=79348458071370&mod=72ea4b26&uri=shared.php%3Fid%3D2647957-751%26name%3Dcarteras%2Bparfois HTTP/1.1" 200 12976 "-" "Mozilla/5.0 (compatible; SemrushBot/7~bl; +http://www.semrush.com/bot.html)"
209.74.77.214 - - [14/Jul/2025:04:32:13 +0000] "POST /wp-cron.php?doing_wp_cron=1752467533.1352860927581787109375 HTTP/1.1" 200 - "-" "WordPress/6.8.1; https://game-gainz.com"
85.208.96.194 - - [14/Jul/2025:04:32:12 +0000] "GET /?f=83200260121370&mod=368513b7&uri=form.php%3Fid%3D2776544-769%26name%3Dceinture%2Ble%2Btemps%2Bdes%2Bcerises%2Bfemme HTTP/1.1" 200 12976 "-" "Mozilla/5.0 (compatible; SemrushBot/7~bl; +http://www.semrush.com/bot.html)"
185.191.171.5 - - [14/Jul/2025:04:32:33 +0000] "GET /?f=4696819001370&mod=2c78dba4&uri=goods.php%3Fid%3D156761-288%26name%3Dhow%2Bto%2Buse%2Ba%2Bcurling%2Bwand%2Bfor%2Bbeginners HTTP/1.1" 200 12975 "-" "Mozilla/5.0 (compatible; SemrushBot/7~bl; +http://www.semrush.com/bot.html)"
185.191.171.8 - - [14/Jul/2025:04:32:37 +0000] "GET /?f=108998172091370&mod=eddb904a&uri=blog.php%3Fid%3D3637615-10%26name%3Dabbigliamento%2Bmonouso%2Bsanitario HTTP/1.1" 200 12975 "-" "Mozilla/5.0 (compatible; SemrushBot/7~bl; +http://www.semrush.com/bot.html)"
185.191.171.13 - - [14/Jul/2025:04:32:52 +0000] "GET /?f=17944348051370&mod=7e61a038&uri=search.php%3Fid%3D599016-704%26name%3Dplus%2Bsize%2Bswim%2Bsuit%2Bbottoms HTTP/1.1" 200 12976 "-" "Mozilla/5.0 (compatible; SemrushBot/7~bl; +http://www.semrush.com/bot.html)"
209.74.77.214 - - [14/Jul/2025:04:33:52 +0000] "POST /wp-cron.php?doing_wp_cron=1752467632.4710690975189208984375 HTTP/1.1" 200 - "-" "WordPress/6.8.1; https://game-gainz.com"
185.191.171.5 - - [14/Jul/2025:04:33:51 +0000] "GET /?f=58109788031370&mod=5ff8ad07&uri=dp.php%3Fid%3D1939152-1346%26name%3Dprimark%2Bborg%2Bcoat HTTP/1.1" 200 12976 "-" "Mozilla/5.0 (compatible; SemrushBot/7~bl; +http://www.semrush.com/bot.html)"
185.191.171.5 - - [14/Jul/2025:04:33:56 +0000] "GET /?f=28877679011370&mod=17d94a7b&uri=info.php%3Fid%3D963802-445%26name%3Dind20pnt HTTP/1.1" 200 12976 "-" "Mozilla/5.0 (compatible; SemrushBot/7~bl; +http://www.semrush.com/bot.html)"
209.74.77.214 - - [14/Jul/2025:04:34:13 +0000] "POST /wp-cron.php?doing_wp_cron=1752467653.0862851142883300781250 HTTP/1.1" 200 - "-" "WordPress/6.8.1; https://game-gainz.com"
85.208.96.207 - - [14/Jul/2025:04:34:12 +0000] "GET /?f=51393039051370&mod=2a1ae8f0&uri=product.php%3Fid%3D1715059-1249%26name%3Ddior%2Ball%2Bin%2Bbrow%2B3d HTTP/1.1" 200 12976 "-" "Mozilla/5.0 (compatible; SemrushBot/7~bl; +http://www.semrush.com/bot.html)"
85.208.96.198 - - [14/Jul/2025:04:34:58 +0000] "GET /?f=80905599031370&mod=76b90557&uri=products.php%3Fid%3D2699940-1512%26name%3Dyung%2Badidas%2Bfor%2Bsale HTTP/1.1" 200 12976 "-" "Mozilla/5.0 (compatible; SemrushBot/7~bl; +http://www.semrush.com/bot.html)"
209.74.77.214 - - [14/Jul/2025:04:36:36 +0000] "POST /wp-cron.php?doing_wp_cron=1752467796.2567989826202392578125 HTTP/1.1" 200 - "-" "WordPress/6.8.1; https://game-gainz.com"
185.191.171.3 - - [14/Jul/2025:04:36:35 +0000] "GET /?f=103033809111370&mod=a6ad51de&uri=article.php%3Fid%3D3438529-1629%26name%3Dbusiness%2Bcasual%2Battire%2Bfor%2Bplus%2Bsize%2Bwomen HTTP/1.1" 200 12975 "-" "Mozilla/5.0 (compatible; SemrushBot/7~bl; +http://www.semrush.com/bot.html)"
185.191.171.3 - - [14/Jul/2025:04:37:01 +0000] "GET /?f=82070117041370&mod=927878b4&uri=product.php%3Fid%3D2738834-1514%26name%3Dmamas%2Band%2Bpapas%2Bcybex%2Bcar%2Bseat HTTP/1.1" 200 12976 "-" "Mozilla/5.0 (compatible; SemrushBot/7~bl; +http://www.semrush.com/bot.html)"
209.74.77.214 - - [14/Jul/2025:04:37:47 +0000] "POST /wp-cron.php?doing_wp_cron=1752467866.9918589591979980468750 HTTP/1.1" 200 - "-" "WordPress/6.8.1; https://game-gainz.com"
85.208.96.207 - - [14/Jul/2025:04:37:45 +0000] "GET /?f=107745313001370&mod=0b432ec0&uri=brands.php%3Fid%3D3595819-1655%26name%3Dsalomon%2Bpocket%2Brocket HTTP/1.1" 200 12976 "-" "Mozilla/5.0 (compatible; SemrushBot/7~bl; +http://www.semrush.com/bot.html)"
209.74.77.214 - - [14/Jul/2025:04:38:17 +0000] "POST /wp-cron.php?doing_wp_cron=1752467897.7021028995513916015625 HTTP/1.1" 200 - "-" "WordPress/6.8.1; https://game-gainz.com"
185.191.171.10 - - [14/Jul/2025:04:38:17 +0000] "GET /?f=93194368011370&mod=856490a8&uri=shop.php%3Fid%3D3110070-150%26name%3Dsanta%2Bcruz%2Bplaya%2Bslip%2Bon%2Bcrocs HTTP/1.1" 200 12976 "-" "Mozilla/5.0 (compatible; SemrushBot/7~bl; +http://www.semrush.com/bot.html)"
209.74.77.214 - - [14/Jul/2025:04:39:30 +0000] "POST /wp-cron.php?doing_wp_cron=1752467970.8385798931121826171875 HTTP/1.1" 200 - "-" "WordPress/6.8.1; https://game-gainz.com"
85.208.96.195 - - [14/Jul/2025:04:39:29 +0000] "GET /?f=24769074021370&mod=1fec9ca0&uri=form.php%3Fid%3D826705-763%26name%3Dviv%2Bmedium%2Bpebbled%2Bleather%2Bbucket%2Bbackpack HTTP/1.1" 200 12976 "-" "Mozilla/5.0 (compatible; SemrushBot/7~bl; +http://www.semrush.com/bot.html)"
85.208.96.200 - - [14/Jul/2025:04:39:45 +0000] "GET /?f=62023613031370&mod=e0926349&uri=search.php%3Fid%3D2069790-1371%26name%3Dthe%2Bnorth%2Bface%2B1996%2Bfemme HTTP/1.1" 200 12976 "-" "Mozilla/5.0 (compatible; SemrushBot/7~bl; +http://www.semrush.com/bot.html)"
185.191.171.11 - - [14/Jul/2025:04:39:59 +0000] "GET /?f=46241691011370&mod=7d7e7fc6&uri=search.php%3Fid%3D1543217-1134%26name%3Dcricut%2Bt%2Bshirt%2Bprinting HTTP/1.1" 200 12976 "-" "Mozilla/5.0 (compatible; SemrushBot/7~bl; +http://www.semrush.com/bot.html)"
209.74.77.214 - - [14/Jul/2025:04:41:48 +0000] "POST /wp-cron.php?doing_wp_cron=1752468108.8879530429840087890625 HTTP/1.1" 200 - "-" "WordPress/6.8.1; https://game-gainz.com"
185.191.171.4 - - [14/Jul/2025:04:41:47 +0000] "GET /?f=17936848061370&mod=c4804426&uri=blog.php%3Fid%3D598766-703%26name%3Dworstelschoenen%2Basics HTTP/1.1" 200 12976 "-" "Mozilla/5.0 (compatible; SemrushBot/7~bl; +http://www.semrush.com/bot.html)"
85.208.96.203 - - [14/Jul/2025:04:41:53 +0000] "GET /?f=58093888071370&mod=c5607c5d&uri=itm.php%3Fid%3D1938622-1330%26name%3Dmens%2Bwooly%2Bfleece HTTP/1.1" 200 12976 "-" "Mozilla/5.0 (compatible; SemrushBot/7~bl; +http://www.semrush.com/bot.html)"
85.208.96.199 - - [14/Jul/2025:04:41:56 +0000] "GET /?f=20667950001370&mod=1837ca82&uri=brands.php%3Fid%3D689907-764%26name%3Dworld%27s%2Bbest%2Bday%2Bhikes HTTP/1.1" 200 12976 "-" "Mozilla/5.0 (compatible; SemrushBot/7~bl; +http://www.semrush.com/bot.html)"
209.74.77.214 - - [14/Jul/2025:04:42:25 +0000] "POST /wp-cron.php?doing_wp_cron=1752468145.4530029296875000000000 HTTP/1.1" 200 - "-" "WordPress/6.8.1; https://game-gainz.com"
85.208.96.197 - - [14/Jul/2025:04:42:25 +0000] "GET /?f=68044826091370&mod=20a7bcec&uri=blog.php%3Fid%3D2270713-1409%26name%3Dunder%2Barmour%2Bchug%2Bjug HTTP/1.1" 200 12976 "-" "Mozilla/5.0 (compatible; SemrushBot/7~bl; +http://www.semrush.com/bot.html)"
185.191.171.17 - - [14/Jul/2025:04:42:31 +0000] "GET /?f=42112031021370&mod=ea1f901d&uri=article.php%3Fid%3D1405457-1173%26name%3Djansport%2Bbackpack%2Bpineapple HTTP/1.1" 200 12976 "-" "Mozilla/5.0 (compatible; SemrushBot/7~bl; +http://www.semrush.com/bot.html)"
209.74.77.214 - - [14/Jul/2025:04:43:10 +0000] "POST /wp-cron.php?doing_wp_cron=1752468190.0001740455627441406250 HTTP/1.1" 200 - "-" "WordPress/6.8.1; https://game-gainz.com"
185.191.171.1 - - [14/Jul/2025:04:43:08 +0000] "GET /?f=80300205031370&mod=30bfc136&uri=dp.php%3Fid%3D2679723-1505%26name%3Dconverse%2Bx%2Bmc HTTP/1.1" 200 12976 "-" "Mozilla/5.0 (compatible; SemrushBot/7~bl; +http://www.semrush.com/bot.html)"
85.208.96.199 - - [14/Jul/2025:04:43:39 +0000] "GET /?f=73204715061370&mod=de99d9e9&uri=product.php%3Fid%3D2442913-1456%26name%3Dvapormax%2Bwear HTTP/1.1" 200 12976 "-" "Mozilla/5.0 (compatible; SemrushBot/7~bl; +http://www.semrush.com/bot.html)"
85.208.96.193 - - [14/Jul/2025:04:43:52 +0000] "GET /?f=66010256021370&mod=052efaa1&uri=brands.php%3Fid%3D2202820-168%26name%3Dgiant%2Bregents%2Bpark%2Bbike HTTP/1.1" 200 12976 "-" "Mozilla/5.0 (compatible; SemrushBot/7~bl; +http://www.semrush.com/bot.html)"
209.74.77.214 - - [14/Jul/2025:04:45:50 +0000] "POST /wp-cron.php?doing_wp_cron=1752468350.5708320140838623046875 HTTP/1.1" 200 - "-" "WordPress/6.8.1; https://game-gainz.com"
185.191.171.13 - - [14/Jul/2025:04:45:49 +0000] "GET /?f=83320344021370&mod=3f71c95b&uri=category-info.php%3Fid%3D2780547-712%26name%3Dmi%2Bair2%2Bpro HTTP/1.1" 200 12976 "-" "Mozilla/5.0 (compatible; SemrushBot/7~bl; +http://www.semrush.com/bot.html)"
209.74.77.214 - - [14/Jul/2025:04:46:23 +0000] "POST /wp-cron.php?doing_wp_cron=1752468383.0274610519409179687500 HTTP/1.1" 200 - "-" "WordPress/6.8.1; https://game-gainz.com"
185.191.171.3 - - [14/Jul/2025:04:46:21 +0000] "GET /?f=80292768011370&mod=f8f8a289&uri=goods.php%3Fid%3D2679475-1504%26name%3Dadidas%2Bpure%2Bboost%2B2016%2Breview HTTP/1.1" 200 12976 "-" "Mozilla/5.0 (compatible; SemrushBot/7~bl; +http://www.semrush.com/bot.html)"
85.208.96.203 - - [14/Jul/2025:04:46:26 +0000] "GET /?f=106935987021370&mod=58c8258c&uri=brands.php%3Fid%3D3568804-1049%26name%3Dlocal%2Bconverse HTTP/1.1" 200 12976 "-" "Mozilla/5.0 (compatible; SemrushBot/7~bl; +http://www.semrush.com/bot.html)"
209.74.77.214 - - [14/Jul/2025:04:47:10 +0000] "POST /wp-cron.php?doing_wp_cron=1752468430.6614589691162109375000 HTTP/1.1" 200 - "-" "WordPress/6.8.1; https://game-gainz.com"
185.191.171.14 - - [14/Jul/2025:04:47:09 +0000] "GET /?f=27066765051370&mod=24dc6ecc&uri=article.php%3Fid%3D903359-913%26name%3Dbalance%2Bmule HTTP/1.1" 200 12976 "-" "Mozilla/5.0 (compatible; SemrushBot/7~bl; +http://www.semrush.com/bot.html)"
185.191.171.7 - - [14/Jul/2025:04:47:21 +0000] "GET /?f=71304751021370&mod=dc55b162&uri=pin.php%3Fid%3D2379512-861%26name%3Dsalomon%2Bcontra%2Bgrip HTTP/1.1" 200 12976 "-" "Mozilla/5.0 (compatible; SemrushBot/7~bl; +http://www.semrush.com/bot.html)"
185.191.171.16 - - [14/Jul/2025:04:47:34 +0000] "GET /?f=66220191031370&mod=23b023b2&uri=category-info.php%3Fid%3D2209822-73%26name%3Damethyst%2Bgold HTTP/1.1" 200 12976 "-" "Mozilla/5.0 (compatible; SemrushBot/7~bl; +http://www.semrush.com/bot.html)"
185.191.171.16 - - [14/Jul/2025:04:47:39 +0000] "GET /?f=68327103011370&mod=e56a62c7&uri=shared.php%3Fid%3D2280134-1416%26name%3Dpeet%2Band%2Bjoe%2Braincoat%2Bprice HTTP/1.1" 200 12976 "-" "Mozilla/5.0 (compatible; SemrushBot/7~bl; +http://www.semrush.com/bot.html)"
209.74.77.214 - - [14/Jul/2025:04:48:17 +0000] "POST /wp-cron.php?doing_wp_cron=1752468497.8063609600067138671875 HTTP/1.1" 200 - "-" "WordPress/6.8.1; https://game-gainz.com"
185.191.171.19 - - [14/Jul/2025:04:48:16 +0000] "GET /?f=20518849011370&mod=b957f75f&uri=shop.php%3Fid%3D684935-761%26name%3Dbass%2Bpro%2Bsunglass%2Bhut HTTP/1.1" 200 12976 "-" "Mozilla/5.0 (compatible; SemrushBot/7~bl; +http://www.semrush.com/bot.html)"
85.208.96.198 - - [14/Jul/2025:04:48:38 +0000] "GET /?f=7319359021370&mod=3632435c&uri=news.php%3Fid%3D244452-314%26name%3Dbogner%2Bbadeshorts HTTP/1.1" 200 12976 "-" "Mozilla/5.0 (compatible; SemrushBot/7~bl; +http://www.semrush.com/bot.html)"
185.191.171.19 - - [14/Jul/2025:04:48:57 +0000] "GET /?f=67563776041370&mod=1ffcb5b7&uri=dp.php%3Fid%3D2254654-293%26name%3Dcute%2Bbasketball%2Bpurses HTTP/1.1" 200 12976 "-" "Mozilla/5.0 (compatible; SemrushBot/7~bl; +http://www.semrush.com/bot.html)"
209.74.77.214 - - [14/Jul/2025:04:49:14 +0000] "POST /wp-cron.php?doing_wp_cron=1752468554.8693239688873291015625 HTTP/1.1" 200 - "-" "WordPress/6.8.1; https://game-gainz.com"
85.208.96.194 - - [14/Jul/2025:04:49:14 +0000] "GET /?f=16844823081370&mod=83ce1e0e&uri=blog.php%3Fid%3D562333-658%26name%3Dneiman%2Bmarcus%2Barmani%2Bprive HTTP/1.1" 200 12975 "-" "Mozilla/5.0 (compatible; SemrushBot/7~bl; +http://www.semrush.com/bot.html)"
209.74.77.214 - - [14/Jul/2025:04:50:11 +0000] "POST /wp-cron.php?doing_wp_cron=1752468611.0420730113983154296875 HTTP/1.1" 200 - "-" "WordPress/6.8.1; https://game-gainz.com"
185.191.171.14 - - [14/Jul/2025:04:50:10 +0000] "GET /?f=27364111021370&mod=c3c33385&uri=products.php%3Fid%3D913275-921%26name%3Dvapormax%2Bof HTTP/1.1" 200 12975 "-" "Mozilla/5.0 (compatible; SemrushBot/7~bl; +http://www.semrush.com/bot.html)"
185.191.171.18 - - [14/Jul/2025:04:50:14 +0000] "GET /?f=20039877021370&mod=08f4adf6&uri=product.php%3Fid%3D668950-757%26name%3Dfaithfull%2Bjumpsuit HTTP/1.1" 200 12976 "-" "Mozilla/5.0 (compatible; SemrushBot/7~bl; +http://www.semrush.com/bot.html)"
185.191.171.16 - - [14/Jul/2025:04:50:18 +0000] "GET /?f=9889003031370&mod=41bd5f38&uri=shop.php%3Fid%3D330211-497%26name%3Dkate%2Bspade%2Bpolka%2Bdot%2Bskirt HTTP/1.1" 200 12976 "-" "Mozilla/5.0 (compatible; SemrushBot/7~bl; +http://www.semrush.com/bot.html)"
85.208.96.211 - - [14/Jul/2025:04:50:33 +0000] "GET /?f=59525038011370&mod=082adfdd&uri=us.php%3Fid%3D1986389-1362%26name%3Dinside%2Bthe%2Bsupreme%2Bcourt HTTP/1.1" 200 12976 "-" "Mozilla/5.0 (compatible; SemrushBot/7~bl; +http://www.semrush.com/bot.html)"
85.208.96.195 - - [14/Jul/2025:04:51:09 +0000] "GET /robots.txt HTTP/1.1" 200 94 "-" "Mozilla/5.0 (compatible; SemrushBot/7~bl; +http://www.semrush.com/bot.html)"
209.74.77.214 - - [14/Jul/2025:04:51:11 +0000] "POST /wp-cron.php?doing_wp_cron=1752468671.9341690540313720703125 HTTP/1.1" 200 - "-" "WordPress/6.8.1; https://game-gainz.com"
185.191.171.12 - - [14/Jul/2025:04:51:10 +0000] "GET /?f=41678801051370&mod=55cba090&uri=search.php%3Fid%3D1391012-576%26name%3Dgold%2Bblock%2Bheel%2Bsandals%2Bireland HTTP/1.1" 200 12975 "-" "Mozilla/5.0 (compatible; SemrushBot/7~bl; +http://www.semrush.com/bot.html)"
185.191.171.5 - - [14/Jul/2025:04:51:18 +0000] "GET /?f=111650969131370&mod=2a679b9b&uri=product.php%3Fid%3D3726168-1674%26name%3Dle%2Bcoq%2Bsportif%2Bgrandville%2Bfemme%2Bcyan HTTP/1.1" 200 12976 "-" "Mozilla/5.0 (compatible; SemrushBot/7~bl; +http://www.semrush.com/bot.html)"
185.191.171.1 - - [14/Jul/2025:04:51:46 +0000] "GET /?f=76375401011370&mod=c25a9e38&uri=itm.php%3Fid%3D2548724-1478%26name%3Dnvidia%2B3060%2Bcena HTTP/1.1" 200 12976 "-" "Mozilla/5.0 (compatible; SemrushBot/7~bl; +http://www.semrush.com/bot.html)"
185.191.171.19 - - [14/Jul/2025:04:52:05 +0000] "GET /?f=4015005021370&mod=49de3763&uri=article.php%3Fid%3D134010-244%26name%3Dtacchi%2Bclassici HTTP/1.1" 200 12976 "-" "Mozilla/5.0 (compatible; SemrushBot/7~bl; +http://www.semrush.com/bot.html)"