85.208.96.208 - - [14/Jul/2025:02:59:14 +0000] "GET /?f=107504853001370&mod=5b3b5dd8&uri=pin.php%3Fid%3D3587789-510%26name%3Doutdoor%2Bwood%2Bburning%2Bgrill HTTP/1.1" 200 12976 "-" "Mozilla/5.0 (compatible; SemrushBot/7~bl; +http://www.semrush.com/bot.html)"
85.208.96.211 - - [14/Jul/2025:02:59:26 +0000] "GET /?f=19227817001370&mod=22dcf0f4&uri=search.php%3Fid%3D641861-733%26name%3Dpink%2Bplates%2Band%2Bbowls HTTP/1.1" 200 12976 "-" "Mozilla/5.0 (compatible; SemrushBot/7~bl; +http://www.semrush.com/bot.html)"
185.191.171.16 - - [14/Jul/2025:02:59:36 +0000] "GET /?f=75757603001370&mod=3c01118b&uri=news.php%3Fid%3D2528098-1023%26name%3Dnike%2Bair%2Bmax%2Bthea%2Bjoli%2Bf HTTP/1.1" 200 12976 "-" "Mozilla/5.0 (compatible; SemrushBot/7~bl; +http://www.semrush.com/bot.html)"
85.208.96.207 - - [14/Jul/2025:02:59:44 +0000] "GET /?f=56533855051370&mod=fcfddd32&uri=form.php%3Fid%3D1886567-513%26name%3Dpetzl%2Bvisor%2Bface%2Bshield HTTP/1.1" 200 12976 "-" "Mozilla/5.0 (compatible; SemrushBot/7~bl; +http://www.semrush.com/bot.html)"
209.74.77.214 - - [14/Jul/2025:03:01:06 +0000] "POST /wp-cron.php?doing_wp_cron=1752462066.1888740062713623046875 HTTP/1.1" 200 - "-" "WordPress/6.8.1; https://game-gainz.com"
185.191.171.9 - - [14/Jul/2025:03:01:04 +0000] "GET /?f=13877634061370&mod=ca778378&uri=us.php%3Fid%3D463320-605%26name%3Dadidas%2Buprising%2Blogo HTTP/1.1" 200 12975 "-" "Mozilla/5.0 (compatible; SemrushBot/7~bl; +http://www.semrush.com/bot.html)"
209.74.77.214 - - [14/Jul/2025:03:02:04 +0000] "POST /wp-cron.php?doing_wp_cron=1752462124.3006570339202880859375 HTTP/1.1" 200 - "-" "WordPress/6.8.1; https://game-gainz.com"
85.208.96.199 - - [14/Jul/2025:03:02:03 +0000] "GET /?f=64836754051370&mod=8a0e2836&uri=shared.php%3Fid%3D2163646-1120%26name%3Dadidas%2Bporsche%2Bdesign%2Bshop%2Bonline HTTP/1.1" 200 12976 "-" "Mozilla/5.0 (compatible; SemrushBot/7~bl; +http://www.semrush.com/bot.html)"
209.74.77.214 - - [14/Jul/2025:03:02:41 +0000] "POST /wp-cron.php?doing_wp_cron=1752462161.5299730300903320312500 HTTP/1.1" 200 - "-" "WordPress/6.8.1; https://game-gainz.com"
185.191.171.11 - - [14/Jul/2025:03:02:40 +0000] "GET /?f=43973689081370&mod=0820215b&uri=blog.php%3Fid%3D1467549-679%26name%3Dsee%2Bthrough%2Biphone%2Bxs%2Bcover HTTP/1.1" 200 12976 "-" "Mozilla/5.0 (compatible; SemrushBot/7~bl; +http://www.semrush.com/bot.html)"
85.208.96.203 - - [14/Jul/2025:03:02:45 +0000] "GET /?f=84374523051370&mod=7ee88a99&uri=dp.php%3Fid%3D2815721-297%26name%3Dblack%2Bretriever%2Bdog HTTP/1.1" 200 12976 "-" "Mozilla/5.0 (compatible; SemrushBot/7~bl; +http://www.semrush.com/bot.html)"
185.191.171.10 - - [14/Jul/2025:03:02:54 +0000] "GET /?f=86831880111370&mod=cae0a3e5&uri=article.php%3Fid%3D2897708-1534%26name%3Dair%2Bforce%2Bwhite%2Boutfit HTTP/1.1" 200 12976 "-" "Mozilla/5.0 (compatible; SemrushBot/7~bl; +http://www.semrush.com/bot.html)"
185.191.171.5 - - [14/Jul/2025:03:03:08 +0000] "GET /?f=65984876041370&mod=4024ccdf&uri=product.php%3Fid%3D2201974-773%26name%3Dloser%2Bt%2Bshirt HTTP/1.1" 200 12976 "-" "Mozilla/5.0 (compatible; SemrushBot/7~bl; +http://www.semrush.com/bot.html)"
209.74.77.214 - - [14/Jul/2025:03:03:19 +0000] "POST /wp-cron.php?doing_wp_cron=1752462199.9050600528717041015625 HTTP/1.1" 200 - "-" "WordPress/6.8.1; https://game-gainz.com"
85.208.96.201 - - [14/Jul/2025:03:03:19 +0000] "GET /?f=57463701011370&mod=29bf563d&uri=search.php%3Fid%3D1917591-714%26name%3Dlas%2Brozas%2Bthe%2Bstyle%2Boutlets%2Bconverse HTTP/1.1" 200 12976 "-" "Mozilla/5.0 (compatible; SemrushBot/7~bl; +http://www.semrush.com/bot.html)"
185.191.171.10 - - [14/Jul/2025:03:03:46 +0000] "GET /?f=47908463031370&mod=1b768762&uri=shared.php%3Fid%3D1598823-980%26name%3Dair%2Bmax%2B90%2Bultra%2Bflyknit%2Bwomen%27s%2Bblack HTTP/1.1" 200 12976 "-" "Mozilla/5.0 (compatible; SemrushBot/7~bl; +http://www.semrush.com/bot.html)"
85.208.96.206 - - [14/Jul/2025:03:03:51 +0000] "GET /?f=50727879051370&mod=f44d32d8&uri=product.php%3Fid%3D1692874-1277%26name%3Dthe%2Bnorth%2Bface%2Btoddler%2Bjacket HTTP/1.1" 200 12976 "-" "Mozilla/5.0 (compatible; SemrushBot/7~bl; +http://www.semrush.com/bot.html)"
185.191.171.15 - - [14/Jul/2025:03:03:57 +0000] "GET /?f=5356392021370&mod=d802a3e6&uri=article.php%3Fid%3D178822-322%26name%3Dffbd1821ms1b HTTP/1.1" 200 12976 "-" "Mozilla/5.0 (compatible; SemrushBot/7~bl; +http://www.semrush.com/bot.html)"
209.74.77.214 - - [14/Jul/2025:03:04:16 +0000] "POST /wp-cron.php?doing_wp_cron=1752462256.7902600765228271484375 HTTP/1.1" 200 - "-" "WordPress/6.8.1; https://game-gainz.com"
85.208.96.201 - - [14/Jul/2025:03:04:16 +0000] "GET /?f=70655863031370&mod=10b7e32d&uri=shop.php%3Fid%3D2357852-818%26name%3Dhigh%2Bneck%2Blong%2Bsleeve%2Bball%2Bgown HTTP/1.1" 200 12976 "-" "Mozilla/5.0 (compatible; SemrushBot/7~bl; +http://www.semrush.com/bot.html)"
216.73.216.234 - - [14/Jul/2025:03:04:24 +0000] "GET /robots.txt HTTP/1.1" 200 94 "-" "Mozilla/5.0 AppleWebKit/537.36 (KHTML, like Gecko; compatible; ClaudeBot/1.0; [email protected])"
216.73.216.234 - - [14/Jul/2025:03:04:24 +0000] "GET /sitemap.xml HTTP/1.1" 200 4328 "-" "Mozilla/5.0 AppleWebKit/537.36 (KHTML, like Gecko; compatible; ClaudeBot/1.0; [email protected])"
209.74.77.214 - - [14/Jul/2025:03:05:57 +0000] "POST /wp-cron.php?doing_wp_cron=1752462357.1430640220642089843750 HTTP/1.1" 200 - "-" "WordPress/6.8.1; https://game-gainz.com"
185.191.171.14 - - [14/Jul/2025:03:05:56 +0000] "GET /?f=18540277091370&mod=83b63c53&uri=form.php%3Fid%3D618907-376%26name%3Dme%2Bbefore%2Byou%2Bfree%2Bwatch%2Bfull%2Bmovie HTTP/1.1" 200 12976 "-" "Mozilla/5.0 (compatible; SemrushBot/7~bl; +http://www.semrush.com/bot.html)"
185.191.171.14 - - [14/Jul/2025:03:06:07 +0000] "GET /?f=7361719011370&mod=0849659c&uri=news.php%3Fid%3D245864-407%26name%3Dstar%2Btrek%2Bzip%2Bup%2Bhoodie HTTP/1.1" 200 12976 "-" "Mozilla/5.0 (compatible; SemrushBot/7~bl; +http://www.semrush.com/bot.html)"
209.74.77.214 - - [14/Jul/2025:03:06:12 +0000] "POST /wp-cron.php?doing_wp_cron=1752462372.6428940296173095703125 HTTP/1.1" 200 - "-" "WordPress/6.8.1; https://game-gainz.com"
85.208.96.200 - - [14/Jul/2025:03:06:12 +0000] "GET /?f=103707216041370&mod=2b800bdf&uri=product.php%3Fid%3D3460994-1313%26name%3Dbest%2Bwomen%27s%2Bgym%2Bshoes%2B2021 HTTP/1.1" 200 12976 "-" "Mozilla/5.0 (compatible; SemrushBot/7~bl; +http://www.semrush.com/bot.html)"
185.191.171.14 - - [14/Jul/2025:03:06:35 +0000] "GET /?f=95417152021370&mod=c38e95b8&uri=category-info.php%3Fid%3D3184297-603%26name%3Dtanjun%2Bnike HTTP/1.1" 200 12976 "-" "Mozilla/5.0 (compatible; SemrushBot/7~bl; +http://www.semrush.com/bot.html)"
209.74.77.214 - - [14/Jul/2025:03:07:40 +0000] "POST /wp-cron.php?doing_wp_cron=1752462460.4268360137939453125000 HTTP/1.1" 200 - "-" "WordPress/6.8.1; https://game-gainz.com"
185.191.171.3 - - [14/Jul/2025:03:07:39 +0000] "GET /?f=54415310021370&mod=9ff7c9eb&uri=goods.php%3Fid%3D1815891-27%26name%3Djuguetes%2Bde%2Btitanes%2Bdel%2Bpacifico HTTP/1.1" 200 12976 "-" "Mozilla/5.0 (compatible; SemrushBot/7~bl; +http://www.semrush.com/bot.html)"
85.208.96.193 - - [14/Jul/2025:03:07:52 +0000] "GET /?f=33794334001370&mod=8c44f826&uri=info.php%3Fid%3D1127921-1042%26name%3Dzapatillas%2Ball%2Bstar%2Ben%2Bbuenos%2Baires HTTP/1.1" 200 12976 "-" "Mozilla/5.0 (compatible; SemrushBot/7~bl; +http://www.semrush.com/bot.html)"
85.208.96.208 - - [14/Jul/2025:03:07:58 +0000] "GET /?f=60368874011370&mod=f0e6914c&uri=products.php%3Fid%3D2014570-819%26name%3Drich%2Bicone%2Bcologne HTTP/1.1" 200 12976 "-" "Mozilla/5.0 (compatible; SemrushBot/7~bl; +http://www.semrush.com/bot.html)"
185.191.171.11 - - [14/Jul/2025:03:08:04 +0000] "GET /?f=91075603031370&mod=88981d7e&uri=category-info.php%3Fid%3D3039337-1558%26name%3Drose%2Bgold%2Bsuperstar%2Bsneakers HTTP/1.1" 200 12976 "-" "Mozilla/5.0 (compatible; SemrushBot/7~bl; +http://www.semrush.com/bot.html)"
209.74.77.214 - - [14/Jul/2025:03:08:11 +0000] "POST /wp-cron.php?doing_wp_cron=1752462491.1924200057983398437500 HTTP/1.1" 200 - "-" "WordPress/6.8.1; https://game-gainz.com"
185.191.171.19 - - [14/Jul/2025:03:08:11 +0000] "GET /?f=39041936091370&mod=39ba31c7&uri=shop.php%3Fid%3D1303030-378%26name%3Dwest%2Bcoast%2Bkids%2Bstroller HTTP/1.1" 200 12976 "-" "Mozilla/5.0 (compatible; SemrushBot/7~bl; +http://www.semrush.com/bot.html)"
185.191.171.2 - - [14/Jul/2025:03:08:34 +0000] "GET /?f=79960690041370&mod=cfb931bd&uri=pin.php%3Fid%3D2668391-1503%26name%3Ddouble%2Bside%2Bby%2Bside%2Bjogging%2Bstroller HTTP/1.1" 200 12976 "-" "Mozilla/5.0 (compatible; SemrushBot/7~bl; +http://www.semrush.com/bot.html)"
185.191.171.13 - - [14/Jul/2025:03:08:38 +0000] "GET /?f=17180067121370&mod=3405f180&uri=brands.php%3Fid%3D573513-684%26name%3Dpentax%2B12x50%2Bpcf%2Bbinoculars HTTP/1.1" 200 12976 "-" "Mozilla/5.0 (compatible; SemrushBot/7~bl; +http://www.semrush.com/bot.html)"
209.74.77.214 - - [14/Jul/2025:03:09:18 +0000] "POST /wp-cron.php?doing_wp_cron=1752462558.2023880481719970703125 HTTP/1.1" 200 - "-" "WordPress/6.8.1; https://game-gainz.com"
85.208.96.197 - - [14/Jul/2025:03:09:17 +0000] "GET /?f=88936268011370&mod=6c4c048d&uri=brands.php%3Fid%3D2967940-1544%26name%3Doff%2Bwhite%2Bhat%2Bwhite HTTP/1.1" 200 12976 "-" "Mozilla/5.0 (compatible; SemrushBot/7~bl; +http://www.semrush.com/bot.html)"
185.191.171.19 - - [14/Jul/2025:03:09:46 +0000] "GET /?f=2701854091370&mod=314e9197&uri=category-info.php%3Fid%3D90188-171%26name%3Dloose%2Bcasual%2Bshorts HTTP/1.1" 200 12976 "-" "Mozilla/5.0 (compatible; SemrushBot/7~bl; +http://www.semrush.com/bot.html)"
209.74.77.214 - - [14/Jul/2025:03:11:07 +0000] "POST /wp-cron.php?doing_wp_cron=1752462667.6304268836975097656250 HTTP/1.1" 200 - "-" "WordPress/6.8.1; https://game-gainz.com"
185.191.171.6 - - [14/Jul/2025:03:11:06 +0000] "GET /?f=29102772031370&mod=287c0773&uri=pin.php%3Fid%3D971316-950%26name%3Dused%2Bharley%2Bjackets HTTP/1.1" 200 12975 "-" "Mozilla/5.0 (compatible; SemrushBot/7~bl; +http://www.semrush.com/bot.html)"
209.74.77.214 - - [14/Jul/2025:03:11:30 +0000] "POST /wp-cron.php?doing_wp_cron=1752462690.6596310138702392578125 HTTP/1.1" 200 - "-" "WordPress/6.8.1; https://game-gainz.com"
185.191.171.9 - - [14/Jul/2025:03:11:30 +0000] "GET /?f=52803604011370&mod=6ffc79f9&uri=info.php%3Fid%3D1762105-873%26name%3Dclipper%2Bjordan HTTP/1.1" 200 12975 "-" "Mozilla/5.0 (compatible; SemrushBot/7~bl; +http://www.semrush.com/bot.html)"
185.191.171.4 - - [14/Jul/2025:03:11:45 +0000] "GET /?f=23116260031370&mod=95ff10ef&uri=info.php%3Fid%3D771581-828%26name%3Ddog%2Bspike%2Bjacket HTTP/1.1" 200 12975 "-" "Mozilla/5.0 (compatible; SemrushBot/7~bl; +http://www.semrush.com/bot.html)"
85.208.96.195 - - [14/Jul/2025:03:12:30 +0000] "GET /robots.txt HTTP/1.1" 200 94 "-" "Mozilla/5.0 (compatible; SemrushBot/7~bl; +http://www.semrush.com/bot.html)"
209.74.77.214 - - [14/Jul/2025:03:12:32 +0000] "POST /wp-cron.php?doing_wp_cron=1752462752.8248209953308105468750 HTTP/1.1" 200 - "-" "WordPress/6.8.1; https://game-gainz.com"
185.191.171.16 - - [14/Jul/2025:03:12:31 +0000] "GET /?f=95915380131370&mod=9adf3fea&uri=itm.php%3Fid%3D3200917-340%26name%3Dzapatos%2Becco%2Bcool%2B50 HTTP/1.1" 200 12976 "-" "Mozilla/5.0 (compatible; SemrushBot/7~bl; +http://www.semrush.com/bot.html)"
209.74.77.214 - - [14/Jul/2025:03:13:14 +0000] "POST /wp-cron.php?doing_wp_cron=1752462794.1419909000396728515625 HTTP/1.1" 200 - "-" "WordPress/6.8.1; https://game-gainz.com"
85.208.96.211 - - [14/Jul/2025:03:13:13 +0000] "GET /?f=17252410131370&mod=cae82d43&uri=category-info.php%3Fid%3D575925-36%26name%3Dariat%2Bskyline%2Bmid%2Bh20%2Bwomen%27s HTTP/1.1" 200 12975 "-" "Mozilla/5.0 (compatible; SemrushBot/7~bl; +http://www.semrush.com/bot.html)"
85.208.96.195 - - [14/Jul/2025:03:13:17 +0000] "GET /?f=89386902021370&mod=bc40641b&uri=pin.php%3Fid%3D2982978-635%26name%3Dmaglioni%2Ba%2Bcollo%2Balto HTTP/1.1" 200 12976 "-" "Mozilla/5.0 (compatible; SemrushBot/7~bl; +http://www.semrush.com/bot.html)"
209.74.77.214 - - [14/Jul/2025:03:14:25 +0000] "POST /wp-cron.php?doing_wp_cron=1752462865.4443490505218505859375 HTTP/1.1" 200 - "-" "WordPress/6.8.1; https://game-gainz.com"
80.85.245.241 - - [14/Jul/2025:03:14:24 +0000] "GET / HTTP/1.1" 200 12976 "-" "Mozilla/5.0 (Macintosh; Intel Mac OS X 10_15_7) AppleWebKit/537.36 (KHTML, like Gecko) Chrome/133.0.0.0 Safari/537.36"
80.85.245.241 - - [14/Jul/2025:03:14:29 +0000] "GET /comments/feed/ HTTP/1.1" 200 731 "-" "Mozilla/5.0 (Macintosh; Intel Mac OS X 10_15_7) AppleWebKit/537.36 (KHTML, like Gecko) Chrome/133.0.0.0 Safari/537.36"
185.191.171.15 - - [14/Jul/2025:03:15:45 +0000] "GET /?f=50745039051370&mod=cf4bd3ef&uri=brands.php%3Fid%3D1693446-1276%26name%3Dloose%2Babaya%2Bdesigns HTTP/1.1" 200 12976 "-" "Mozilla/5.0 (compatible; SemrushBot/7~bl; +http://www.semrush.com/bot.html)"
209.74.77.214 - - [14/Jul/2025:03:16:38 +0000] "POST /wp-cron.php?doing_wp_cron=1752462998.4548919200897216796875 HTTP/1.1" 200 - "-" "WordPress/6.8.1; https://game-gainz.com"
85.208.96.206 - - [14/Jul/2025:03:16:37 +0000] "GET /?f=41116346021370&mod=965052c6&uri=pin.php%3Fid%3D1372245-302%26name%3Dadidas%2Bfm4350 HTTP/1.1" 200 12976 "-" "Mozilla/5.0 (compatible; SemrushBot/7~bl; +http://www.semrush.com/bot.html)"
185.191.171.6 - - [14/Jul/2025:03:16:45 +0000] "GET /?f=42916812071370&mod=3fb896fd&uri=product.php%3Fid%3D1432296-1190%26name%3Dbest%2Bnikes%2B2018 HTTP/1.1" 200 12976 "-" "Mozilla/5.0 (compatible; SemrushBot/7~bl; +http://www.semrush.com/bot.html)"
185.191.171.17 - - [14/Jul/2025:03:16:59 +0000] "GET /?f=70368665061370&mod=fe6ae1cc&uri=goods.php%3Fid%3D2348276-1422%26name%3Dcual%2Bes%2Bla%2Bfuncion%2Bde%2Bla%2Btarjeta%2Bde%2Bvideo HTTP/1.1" 200 12976 "-" "Mozilla/5.0 (compatible; SemrushBot/7~bl; +http://www.semrush.com/bot.html)"
209.74.77.214 - - [14/Jul/2025:03:17:24 +0000] "POST /wp-cron.php?doing_wp_cron=1752463044.7026860713958740234375 HTTP/1.1" 200 - "-" "WordPress/6.8.1; https://game-gainz.com"
185.191.171.13 - - [14/Jul/2025:03:17:24 +0000] "GET /?f=79982740041370&mod=f5b5143f&uri=news.php%3Fid%3D2669126-1398%26name%3Dsaucony%2Btriumph%2B11%2Bbambino%2Bprezzi HTTP/1.1" 200 12976 "-" "Mozilla/5.0 (compatible; SemrushBot/7~bl; +http://www.semrush.com/bot.html)"
85.208.96.200 - - [14/Jul/2025:03:17:28 +0000] "GET /?f=6054155091370&mod=881d3a52&uri=blog.php%3Fid%3D202170-350%26name%3Dpuma%2Brsx%2Btrophy%2Bmen%27s HTTP/1.1" 200 12976 "-" "Mozilla/5.0 (compatible; SemrushBot/7~bl; +http://www.semrush.com/bot.html)"
185.191.171.12 - - [14/Jul/2025:03:17:37 +0000] "GET /?f=67842521011370&mod=894ac623&uri=article.php%3Fid%3D2263958-637%26name%3Dadidas%2Bvalentine%27s%2Bstan%2Bsmith HTTP/1.1" 200 12976 "-" "Mozilla/5.0 (compatible; SemrushBot/7~bl; +http://www.semrush.com/bot.html)"
209.74.77.214 - - [14/Jul/2025:03:18:49 +0000] "POST /wp-cron.php?doing_wp_cron=1752463129.6377749443054199218750 HTTP/1.1" 200 - "-" "WordPress/6.8.1; https://game-gainz.com"
85.208.96.207 - - [14/Jul/2025:03:18:48 +0000] "GET /?f=59527378031370&mod=20e9e57c&uri=products.php%3Fid%3D1986467-1361%26name%3Dname%2Bthe%2Bjudge%2Bof%2Bsupreme%2Bcourt HTTP/1.1" 200 12976 "-" "Mozilla/5.0 (compatible; SemrushBot/7~bl; +http://www.semrush.com/bot.html)"
185.191.171.13 - - [14/Jul/2025:03:19:00 +0000] "GET /?f=54866383131370&mod=43b57b36&uri=dp.php%3Fid%3D1830937-1311%26name%3Dcamisas%2Bde%2Btiras%2Bpara%2Bdama HTTP/1.1" 200 12976 "-" "Mozilla/5.0 (compatible; SemrushBot/7~bl; +http://www.semrush.com/bot.html)"
209.74.77.214 - - [14/Jul/2025:03:19:46 +0000] "POST /wp-cron.php?doing_wp_cron=1752463186.6227490901947021484375 HTTP/1.1" 200 - "-" "WordPress/6.8.1; https://game-gainz.com"
185.191.171.8 - - [14/Jul/2025:03:19:45 +0000] "GET /?f=97475587021370&mod=2161cfc2&uri=products.php%3Fid%3D3252985-827%26name%3Dcojines%2Bpara%2Bsofa%2Bde%2Bmadera HTTP/1.1" 200 12976 "-" "Mozilla/5.0 (compatible; SemrushBot/7~bl; +http://www.semrush.com/bot.html)"
209.74.77.214 - - [14/Jul/2025:03:20:36 +0000] "POST /wp-cron.php?doing_wp_cron=1752463236.1310129165649414062500 HTTP/1.1" 200 - "-" "WordPress/6.8.1; https://game-gainz.com"
85.208.96.206 - - [14/Jul/2025:03:20:35 +0000] "GET /?f=74189988021370&mod=6c152978&uri=blog.php%3Fid%3D2475774-485%26name%3Di%2Bdrops%2Bvet%2Bplus HTTP/1.1" 200 12976 "-" "Mozilla/5.0 (compatible; SemrushBot/7~bl; +http://www.semrush.com/bot.html)"
85.208.96.204 - - [14/Jul/2025:03:20:39 +0000] "GET /?f=24919822001370&mod=92c16a3e&uri=pin.php%3Fid%3D831732-862%26name%3Dsuperga%2Bfree%2Bdelivery%2Bcode HTTP/1.1" 200 12976 "-" "Mozilla/5.0 (compatible; SemrushBot/7~bl; +http://www.semrush.com/bot.html)"
85.208.96.202 - - [14/Jul/2025:03:20:43 +0000] "GET /?f=82527257031370&mod=65f15d4d&uri=itm.php%3Fid%3D2754082-1159%26name%3Dm%2Bkors%2Bboots HTTP/1.1" 200 12976 "-" "Mozilla/5.0 (compatible; SemrushBot/7~bl; +http://www.semrush.com/bot.html)"
185.191.171.13 - - [14/Jul/2025:03:20:51 +0000] "GET /?f=47911636021370&mod=54d2f6b8&uri=brands.php%3Fid%3D1598929-1252%26name%3Dumbro%2B2018 HTTP/1.1" 200 12976 "-" "Mozilla/5.0 (compatible; SemrushBot/7~bl; +http://www.semrush.com/bot.html)"
85.208.96.202 - - [14/Jul/2025:03:20:59 +0000] "GET /?f=69711808071370&mod=b930839c&uri=search.php%3Fid%3D2326367-518%26name%3Dbrompton%2Bstandard%2Bsaddle HTTP/1.1" 200 12976 "-" "Mozilla/5.0 (compatible; SemrushBot/7~bl; +http://www.semrush.com/bot.html)"
173.208.236.138 - - [14/Jul/2025:03:21:39 +0000] "GET / HTTP/1.1" 200 123054 "-" "Mozilla/5.0 (compatible; Googlebot/2.1; +http://www.google.com/bot.html)"
173.208.236.138 - - [14/Jul/2025:03:21:40 +0000] "GET /item/53603362.shtml HTTP/1.1" 200 122673 "-" "Mozilla/5.0 (compatible; Googlebot/2.1; +http://www.google.com/bot.html)"
209.74.77.214 - - [14/Jul/2025:03:21:42 +0000] "POST /wp-cron.php?doing_wp_cron=1752463302.7329969406127929687500 HTTP/1.1" 200 - "-" "WordPress/6.8.1; https://game-gainz.com"
185.191.171.3 - - [14/Jul/2025:03:21:42 +0000] "GET /?f=77348174001370&mod=fbdddf6d&uri=products.php%3Fid%3D2581181-854%26name%3Dcojin%2Bpara%2Bmascotas HTTP/1.1" 200 12976 "-" "Mozilla/5.0 (compatible; SemrushBot/7~bl; +http://www.semrush.com/bot.html)"
185.191.171.13 - - [14/Jul/2025:03:22:04 +0000] "GET /?f=43577455011370&mod=3df34499&uri=itm.php%3Fid%3D1454332-664%26name%3Dray%2Bban%2Baviators%2Bwomens%2Bsale HTTP/1.1" 200 12976 "-" "Mozilla/5.0 (compatible; SemrushBot/7~bl; +http://www.semrush.com/bot.html)"
209.74.77.214 - - [14/Jul/2025:03:23:12 +0000] "POST /wp-cron.php?doing_wp_cron=1752463392.1321280002593994140625 HTTP/1.1" 200 - "-" "WordPress/6.8.1; https://game-gainz.com"
85.208.96.206 - - [14/Jul/2025:03:23:11 +0000] "GET /?f=20801998001370&mod=3f258712&uri=brands.php%3Fid%3D694378-132%26name%3Dmercatone%2Bletti HTTP/1.1" 200 12976 "-" "Mozilla/5.0 (compatible; SemrushBot/7~bl; +http://www.semrush.com/bot.html)"
85.208.96.211 - - [14/Jul/2025:03:23:55 +0000] "GET /?f=9155511011370&mod=684bb449&uri=pin.php%3Fid%3D305700-473%26name%3Dfear%2Bof%2Bgod%2Bnike HTTP/1.1" 200 12976 "-" "Mozilla/5.0 (compatible; SemrushBot/7~bl; +http://www.semrush.com/bot.html)"
209.74.77.214 - - [14/Jul/2025:03:24:24 +0000] "POST /wp-cron.php?doing_wp_cron=1752463463.9926400184631347656250 HTTP/1.1" 200 - "-" "WordPress/6.8.1; https://game-gainz.com"
185.191.171.14 - - [14/Jul/2025:03:24:23 +0000] "GET /?f=87659822111370&mod=ddb25f15&uri=form.php%3Fid%3D2925363-1537%26name%3Dsmall%2Bdog%2Bwireless%2Bfence%2Bcollar HTTP/1.1" 200 12975 "-" "Mozilla/5.0 (compatible; SemrushBot/7~bl; +http://www.semrush.com/bot.html)"
85.208.96.212 - - [14/Jul/2025:03:24:37 +0000] "GET /?f=41831133011370&mod=a90ffdab&uri=article.php%3Fid%3D1396091-871%26name%3Dnike%2Bjordan%2Bnoire HTTP/1.1" 200 12976 "-" "Mozilla/5.0 (compatible; SemrushBot/7~bl; +http://www.semrush.com/bot.html)"
85.208.96.206 - - [14/Jul/2025:03:24:41 +0000] "GET /?f=32246298041370&mod=91c74b6a&uri=form.php%3Fid%3D1076263-932%26name%3Dred%2Blevi%27s%2Btrucker%2Bjacket HTTP/1.1" 200 12976 "-" "Mozilla/5.0 (compatible; SemrushBot/7~bl; +http://www.semrush.com/bot.html)"
185.191.171.13 - - [14/Jul/2025:03:25:02 +0000] "GET /?f=75257689111370&mod=e34eb2fe&uri=us.php%3Fid%3D2511390-1469%26name%3Dhighest%2Brated%2Bcat%2Btoys HTTP/1.1" 200 12976 "-" "Mozilla/5.0 (compatible; SemrushBot/7~bl; +http://www.semrush.com/bot.html)"
85.208.96.206 - - [14/Jul/2025:03:25:07 +0000] "GET /?f=105330050031370&mod=a2b53cfb&uri=article.php%3Fid%3D3515224-700%26name%3Dbelgian%2Bshepherds%2Bfor%2Bsale%2Bnear%2Bme HTTP/1.1" 200 12976 "-" "Mozilla/5.0 (compatible; SemrushBot/7~bl; +http://www.semrush.com/bot.html)"
209.74.77.214 - - [14/Jul/2025:03:25:23 +0000] "POST /wp-cron.php?doing_wp_cron=1752463523.0535008907318115234375 HTTP/1.1" 200 - "-" "WordPress/6.8.1; https://game-gainz.com"
185.191.171.2 - - [14/Jul/2025:03:25:22 +0000] "GET /?f=107764296041370&mod=c0de2f5a&uri=goods.php%3Fid%3D3596452-1657%26name%3Dpuma%2B2019%2Brsx HTTP/1.1" 200 12976 "-" "Mozilla/5.0 (compatible; SemrushBot/7~bl; +http://www.semrush.com/bot.html)"
209.74.77.214 - - [14/Jul/2025:03:26:18 +0000] "POST /wp-cron.php?doing_wp_cron=1752463578.9072070121765136718750 HTTP/1.1" 200 - "-" "WordPress/6.8.1; https://game-gainz.com"
85.208.96.200 - - [14/Jul/2025:03:26:17 +0000] "GET /?f=65388460101370&mod=3da19335&uri=itm.php%3Fid%3D2182059-436%26name%3Dterapeuta%2Bde%2Bmasaje HTTP/1.1" 200 12976 "-" "Mozilla/5.0 (compatible; SemrushBot/7~bl; +http://www.semrush.com/bot.html)"
85.208.96.197 - - [14/Jul/2025:03:27:06 +0000] "GET /?f=56278258021370&mod=b176888a&uri=brands.php%3Fid%3D1878035-499%26name%3Dmaong%2Bshorts%2Bfor%2Bmale HTTP/1.1" 200 12976 "-" "Mozilla/5.0 (compatible; SemrushBot/7~bl; +http://www.semrush.com/bot.html)"
209.74.77.214 - - [14/Jul/2025:03:27:15 +0000] "POST /wp-cron.php?doing_wp_cron=1752463635.3797869682312011718750 HTTP/1.1" 200 - "-" "WordPress/6.8.1; https://game-gainz.com"
185.191.171.5 - - [14/Jul/2025:03:27:15 +0000] "GET /?f=36821461021370&mod=707b5ac7&uri=us.php%3Fid%3D1228953-1084%26name%3Dpet%2Ba%2Broo%2Bpet%2Bcarrier HTTP/1.1" 200 12976 "-" "Mozilla/5.0 (compatible; SemrushBot/7~bl; +http://www.semrush.com/bot.html)"
85.208.96.206 - - [14/Jul/2025:03:27:29 +0000] "GET /?f=77778623031370&mod=34da6a96&uri=dp.php%3Fid%3D2595556-334%26name%3Dwatch%2Bfrozen%2Bfour HTTP/1.1" 200 12976 "-" "Mozilla/5.0 (compatible; SemrushBot/7~bl; +http://www.semrush.com/bot.html)"
85.208.96.197 - - [14/Jul/2025:03:27:42 +0000] "GET /?f=91273612071370&mod=469854e1&uri=category-info.php%3Fid%3D3045946-1561%26name%3Dnike%2Bhoodie%2Bwoman HTTP/1.1" 200 12976 "-" "Mozilla/5.0 (compatible; SemrushBot/7~bl; +http://www.semrush.com/bot.html)"
85.208.96.211 - - [14/Jul/2025:03:27:52 +0000] "GET /?f=89848392031370&mod=32b76454&uri=goods.php%3Fid%3D2998376-875%26name%3Dbottomless%2Bsandals%2Bfor%2Bbabies HTTP/1.1" 200 12976 "-" "Mozilla/5.0 (compatible; SemrushBot/7~bl; +http://www.semrush.com/bot.html)"
209.74.77.214 - - [14/Jul/2025:03:29:04 +0000] "POST /wp-cron.php?doing_wp_cron=1752463744.4464020729064941406250 HTTP/1.1" 200 - "-" "WordPress/6.8.1; https://game-gainz.com"
85.208.96.200 - - [14/Jul/2025:03:29:03 +0000] "GET /?f=30056790131370&mod=8cdc9e29&uri=product.php%3Fid%3D1003210-982%26name%3Dgatorade%2Bshies HTTP/1.1" 200 12976 "-" "Mozilla/5.0 (compatible; SemrushBot/7~bl; +http://www.semrush.com/bot.html)"
209.74.77.214 - - [14/Jul/2025:03:29:27 +0000] "POST /wp-cron.php?doing_wp_cron=1752463767.6300818920135498046875 HTTP/1.1" 200 - "-" "WordPress/6.8.1; https://game-gainz.com"
185.191.171.11 - - [14/Jul/2025:03:29:27 +0000] "GET /?f=2385490031370&mod=21cf1e2c&uri=news.php%3Fid%3D79636-157%26name%3Dvans%2Bultrarange%2Bslip HTTP/1.1" 200 12976 "-" "Mozilla/5.0 (compatible; SemrushBot/7~bl; +http://www.semrush.com/bot.html)"
85.208.96.200 - - [14/Jul/2025:03:29:31 +0000] "GET /?f=8774727101370&mod=9fcec5bd&uri=dp.php%3Fid%3D293001-451%26name%3Dmens%2Bcut%2Boff%2Bjean%2Bjacket HTTP/1.1" 200 12976 "-" "Mozilla/5.0 (compatible; SemrushBot/7~bl; +http://www.semrush.com/bot.html)"
209.74.77.214 - - [14/Jul/2025:03:31:00 +0000] "POST /wp-cron.php?doing_wp_cron=1752463860.7631919384002685546875 HTTP/1.1" 200 - "-" "WordPress/6.8.1; https://game-gainz.com"
185.191.171.17 - - [14/Jul/2025:03:30:59 +0000] "GET /?f=92221643061370&mod=76a642dc&uri=shop.php%3Fid%3D3077612-1571%26name%3Dspecs%2Bthat%2Bsuits%2Bround%2Bface HTTP/1.1" 200 12976 "-" "Mozilla/5.0 (compatible; SemrushBot/7~bl; +http://www.semrush.com/bot.html)"
209.74.77.214 - - [14/Jul/2025:03:31:25 +0000] "POST /wp-cron.php?doing_wp_cron=1752463885.2656040191650390625000 HTTP/1.1" 200 - "-" "WordPress/6.8.1; https://game-gainz.com"
85.208.96.200 - - [14/Jul/2025:03:31:25 +0000] "GET /?f=48133034041370&mod=bff77d76&uri=product.php%3Fid%3D1606311-1052%26name%3Dpackers%2Bthrowback%2Bshirt HTTP/1.1" 200 12976 "-" "Mozilla/5.0 (compatible; SemrushBot/7~bl; +http://www.semrush.com/bot.html)"
85.208.96.193 - - [14/Jul/2025:03:31:44 +0000] "GET /?f=99825100131370&mod=cd01c7bb&uri=shared.php%3Fid%3D3331419-1401%26name%3Dgel%2Bquantum%2Binfinity%2Bweight HTTP/1.1" 200 12976 "-" "Mozilla/5.0 (compatible; SemrushBot/7~bl; +http://www.semrush.com/bot.html)"
85.208.96.207 - - [14/Jul/2025:03:31:55 +0000] "GET /?f=12078051041370&mod=6f3249aa&uri=article.php%3Fid%3D403288-313%26name%3Dburberry%2Bgeldtasche%2Bdamen HTTP/1.1" 200 12976 "-" "Mozilla/5.0 (compatible; SemrushBot/7~bl; +http://www.semrush.com/bot.html)"
85.208.96.210 - - [14/Jul/2025:03:32:01 +0000] "GET /?f=20695100051370&mod=a3b411ca&uri=info.php%3Fid%3D690812-766%26name%3Dhot%2Bcurlers%2Bfor%2Bfine%2Bhair HTTP/1.1" 200 12976 "-" "Mozilla/5.0 (compatible; SemrushBot/7~bl; +http://www.semrush.com/bot.html)"
209.74.77.214 - - [14/Jul/2025:03:33:03 +0000] "POST /wp-cron.php?doing_wp_cron=1752463983.0334548950195312500000 HTTP/1.1" 200 - "-" "WordPress/6.8.1; https://game-gainz.com"
185.191.171.14 - - [14/Jul/2025:03:33:01 +0000] "GET /?f=30500919061370&mod=5840e46b&uri=article.php%3Fid%3D1018023-988%26name%3Dsac%2Bjoma HTTP/1.1" 200 12976 "-" "Mozilla/5.0 (compatible; SemrushBot/7~bl; +http://www.semrush.com/bot.html)"
209.74.77.214 - - [14/Jul/2025:03:34:44 +0000] "POST /wp-cron.php?doing_wp_cron=1752464084.7923929691314697265625 HTTP/1.1" 200 - "-" "WordPress/6.8.1; https://game-gainz.com"
185.191.171.3 - - [14/Jul/2025:03:34:43 +0000] "GET /?f=75959993031370&mod=e6f2b8ab&uri=shop.php%3Fid%3D2534856-298%26name%3Dhello%2Bbello%2Bbaby%2Bbox HTTP/1.1" 200 12976 "-" "Mozilla/5.0 (compatible; SemrushBot/7~bl; +http://www.semrush.com/bot.html)"
209.74.77.214 - - [14/Jul/2025:03:35:34 +0000] "POST /wp-cron.php?doing_wp_cron=1752464134.5098741054534912109375 HTTP/1.1" 200 - "-" "WordPress/6.8.1; https://game-gainz.com"
169.150.222.76 - - [14/Jul/2025:03:35:33 +0000] "GET /dfaas.php HTTP/1.1" 404 12522 "-" "Mozilla/5.0 (Windows NT 10.0; Win64; x64) AppleWebKit/537.36 (KHTML, like Gecko) Chrome/136.0.0.0 Safari/537.36"
169.150.222.76 - - [14/Jul/2025:03:35:36 +0000] "GET /wp-includes/blocks/navigation/style.min.css?ver=6.8.1 HTTP/1.1" 200 2275 "https://game-gainz.com/dfaas.php" "Mozilla/5.0 (Windows NT 10.0; Win64; x64) AppleWebKit/537.36 (KHTML, like Gecko) Chrome/136.0.0.0 Safari/537.36"
169.150.222.76 - - [14/Jul/2025:03:35:37 +0000] "GET /wp-includes/blocks/social-links/style.min.css?ver=6.8.1 HTTP/1.1" 200 1537 "https://game-gainz.com/dfaas.php" "Mozilla/5.0 (Windows NT 10.0; Win64; x64) AppleWebKit/537.36 (KHTML, like Gecko) Chrome/136.0.0.0 Safari/537.36"
169.150.222.76 - - [14/Jul/2025:03:35:37 +0000] "GET /wp-content/themes/extendable/style.css?ver=2.0.26 HTTP/1.1" 200 3165 "https://game-gainz.com/dfaas.php" "Mozilla/5.0 (Windows NT 10.0; Win64; x64) AppleWebKit/537.36 (KHTML, like Gecko) Chrome/136.0.0.0 Safari/537.36"
169.150.222.76 - - [14/Jul/2025:03:35:38 +0000] "GET /wp-includes/js/dist/script-modules/block-library/navigation/view.min.js?ver=61572d447d60c0aa5240 HTTP/1.1" 200 1160 "https://game-gainz.com/dfaas.php" "Mozilla/5.0 (Windows NT 10.0; Win64; x64) AppleWebKit/537.36 (KHTML, like Gecko) Chrome/136.0.0.0 Safari/537.36"
169.150.222.76 - - [14/Jul/2025:03:35:38 +0000] "GET /wp-includes/js/dist/script-modules/interactivity/index.min.js?ver=55aebb6e0a16726baffb HTTP/1.1" 200 14072 "https://game-gainz.com/dfaas.php" "Mozilla/5.0 (Windows NT 10.0; Win64; x64) AppleWebKit/537.36 (KHTML, like Gecko) Chrome/136.0.0.0 Safari/537.36"
169.150.222.76 - - [14/Jul/2025:03:35:41 +0000] "GET /wp-content/themes/extendable/assets/js/navigation-customization.js HTTP/1.1" 200 480 "https://game-gainz.com/dfaas.php" "Mozilla/5.0 (Windows NT 10.0; Win64; x64) AppleWebKit/537.36 (KHTML, like Gecko) Chrome/136.0.0.0 Safari/537.36"
85.208.96.197 - - [14/Jul/2025:03:36:00 +0000] "GET /?f=32341458071370&mod=147dd1df&uri=shared.php%3Fid%3D1079435-440%26name%3Dargos%2Bgalaxy%2Bfit HTTP/1.1" 200 12976 "-" "Mozilla/5.0 (compatible; SemrushBot/7~bl; +http://www.semrush.com/bot.html)"
209.74.77.214 - - [14/Jul/2025:03:36:16 +0000] "POST /wp-cron.php?doing_wp_cron=1752464176.6019608974456787109375 HTTP/1.1" 200 - "-" "WordPress/6.8.1; https://game-gainz.com"
185.191.171.12 - - [14/Jul/2025:03:36:16 +0000] "GET /?f=117993768091370&mod=0608ebde&uri=pin.php%3Fid%3D3937844-481%26name%3Dblue%2Biphone%2B12%2Bwith%2Bclear%2Bcase HTTP/1.1" 200 12976 "-" "Mozilla/5.0 (compatible; SemrushBot/7~bl; +http://www.semrush.com/bot.html)"
185.191.171.14 - - [14/Jul/2025:03:36:53 +0000] "GET /?f=47341518011370&mod=b23cab5b&uri=shop.php%3Fid%3D1579900-1244%26name%3Dfemme%2Bronde%2Ben%2Brobe%2Bde%2Bmari%C3%83%C2%A9e HTTP/1.1" 200 12976 "-" "Mozilla/5.0 (compatible; SemrushBot/7~bl; +http://www.semrush.com/bot.html)"
209.74.77.214 - - [14/Jul/2025:03:38:14 +0000] "POST /wp-cron.php?doing_wp_cron=1752464294.2165489196777343750000 HTTP/1.1" 200 - "-" "WordPress/6.8.1; https://game-gainz.com"
185.191.171.16 - - [14/Jul/2025:03:38:13 +0000] "GET /?f=94598914051370&mod=fd145b68&uri=product.php%3Fid%3D3156948-778%26name%3Dhuman%2Brace%2Bgialle HTTP/1.1" 200 12975 "-" "Mozilla/5.0 (compatible; SemrushBot/7~bl; +http://www.semrush.com/bot.html)"
85.208.96.205 - - [14/Jul/2025:03:38:38 +0000] "GET /?f=117953958041370&mod=e600801a&uri=article.php%3Fid%3D3936517-760%26name%3Dwallapop%2Bvestido%2Bnovia HTTP/1.1" 200 12975 "-" "Mozilla/5.0 (compatible; SemrushBot/7~bl; +http://www.semrush.com/bot.html)"
185.191.171.1 - - [14/Jul/2025:03:39:00 +0000] "GET /?f=71456824011370&mod=44c88d96&uri=form.php%3Fid%3D2384586-1435%26name%3Dultimos%2Bmodelos%2Bde%2Btenis%2Bpuma HTTP/1.1" 200 12976 "-" "Mozilla/5.0 (compatible; SemrushBot/7~bl; +http://www.semrush.com/bot.html)"
209.74.77.214 - - [14/Jul/2025:03:39:37 +0000] "POST /wp-cron.php?doing_wp_cron=1752464377.0008080005645751953125 HTTP/1.1" 200 - "-" "WordPress/6.8.1; https://game-gainz.com"
185.191.171.16 - - [14/Jul/2025:03:39:35 +0000] "GET /?f=91745350021370&mod=a70f80b1&uri=article.php%3Fid%3D3061716-1569%26name%3Dzanotti%2Bcintura HTTP/1.1" 200 12976 "-" "Mozilla/5.0 (compatible; SemrushBot/7~bl; +http://www.semrush.com/bot.html)"
185.191.171.2 - - [14/Jul/2025:03:39:42 +0000] "GET /?f=969234001370&mod=b8c8c63d&uri=category-info.php%3Fid%3D32363-61%26name%3Dsupreme%2Bvans%2Bretail HTTP/1.1" 200 12976 "-" "Mozilla/5.0 (compatible; SemrushBot/7~bl; +http://www.semrush.com/bot.html)"
209.74.77.214 - - [14/Jul/2025:03:40:31 +0000] "POST /wp-cron.php?doing_wp_cron=1752464431.5358660221099853515625 HTTP/1.1" 200 - "-" "WordPress/6.8.1; https://game-gainz.com"
85.208.96.207 - - [14/Jul/2025:03:40:30 +0000] "GET /?f=21883117041370&mod=8f550fa4&uri=products.php%3Fid%3D730438-410%26name%3Dlego%2B70670%2Bkmart HTTP/1.1" 200 12976 "-" "Mozilla/5.0 (compatible; SemrushBot/7~bl; +http://www.semrush.com/bot.html)"
185.191.171.11 - - [14/Jul/2025:03:40:35 +0000] "GET /?f=102739569051370&mod=67a4b0f5&uri=search.php%3Fid%3D3428700-307%26name%3Dadidas%2Byeezy%2Bboost%2B750%2Bstrisce%2Bverdi HTTP/1.1" 200 12976 "-" "Mozilla/5.0 (compatible; SemrushBot/7~bl; +http://www.semrush.com/bot.html)"
185.191.171.14 - - [14/Jul/2025:03:41:04 +0000] "GET /?f=12710037031370&mod=8bbc26aa&uri=shared.php%3Fid%3D424378-579%26name%3Dmichael%2Bkors%2Bjet%2Bset%2Blarge%2Bwallet HTTP/1.1" 200 12976 "-" "Mozilla/5.0 (compatible; SemrushBot/7~bl; +http://www.semrush.com/bot.html)"
209.74.77.214 - - [14/Jul/2025:03:41:11 +0000] "POST /wp-cron.php?doing_wp_cron=1752464471.2556889057159423828125 HTTP/1.1" 200 - "-" "WordPress/6.8.1; https://game-gainz.com"
85.208.96.203 - - [14/Jul/2025:03:41:11 +0000] "GET /?f=58097368011370&mod=87ba1597&uri=us.php%3Fid%3D1938738-1336%26name%3Dsaint%2Blaurent%2Barmy%2Bjacket HTTP/1.1" 200 12976 "-" "Mozilla/5.0 (compatible; SemrushBot/7~bl; +http://www.semrush.com/bot.html)"
85.208.96.200 - - [14/Jul/2025:03:41:24 +0000] "GET /?f=90202203011370&mod=d237ac5d&uri=search.php%3Fid%3D3010181-1434%26name%3Dnike%2Bmetcon%2Bevolution HTTP/1.1" 200 12976 "-" "Mozilla/5.0 (compatible; SemrushBot/7~bl; +http://www.semrush.com/bot.html)"
209.74.77.214 - - [14/Jul/2025:03:42:13 +0000] "POST /wp-cron.php?doing_wp_cron=1752464533.5968880653381347656250 HTTP/1.1" 200 - "-" "WordPress/6.8.1; https://game-gainz.com"
85.208.96.204 - - [14/Jul/2025:03:42:12 +0000] "GET /?f=107580386061370&mod=88e71a19&uri=products.php%3Fid%3D3590312-261%26name%3Dadidas%2Brise%2Bup HTTP/1.1" 200 12976 "-" "Mozilla/5.0 (compatible; SemrushBot/7~bl; +http://www.semrush.com/bot.html)"
185.191.171.16 - - [14/Jul/2025:03:42:18 +0000] "GET /?f=106703688011370&mod=a4d9a5fe&uri=dp.php%3Fid%3D3561056-504%26name%3Dsandale%2Bde%2Bluxe%2Bfemme HTTP/1.1" 200 12976 "-" "Mozilla/5.0 (compatible; SemrushBot/7~bl; +http://www.semrush.com/bot.html)"
85.208.96.203 - - [14/Jul/2025:03:42:41 +0000] "GET /?f=27197462001370&mod=c619acd1&uri=info.php%3Fid%3D907720-915%26name%3Darcteryx%2Btheta%2Bjacket HTTP/1.1" 200 12976 "-" "Mozilla/5.0 (compatible; SemrushBot/7~bl; +http://www.semrush.com/bot.html)"
185.191.171.11 - - [14/Jul/2025:03:43:24 +0000] "GET /?f=111030546001370&mod=3125cda4&uri=product.php%3Fid%3D3705441-1672%26name%3Dultra%2Bboost%2Bst%2Bflat%2Bfeet HTTP/1.1" 200 12976 "-" "Mozilla/5.0 (compatible; SemrushBot/7~bl; +http://www.semrush.com/bot.html)"
85.208.96.206 - - [14/Jul/2025:03:43:33 +0000] "GET /?f=90042423001370&mod=c38de405&uri=blog.php%3Fid%3D3004850-1458%26name%3Djigsaw%2Bwindbreaker%2Bparka HTTP/1.1" 200 12976 "-" "Mozilla/5.0 (compatible; SemrushBot/7~bl; +http://www.semrush.com/bot.html)"
185.191.171.15 - - [14/Jul/2025:03:43:59 +0000] "GET /?f=8167378001370&mod=e16b7c61&uri=article.php%3Fid%3D272749-432%26name%3Dsoft%2Bbiker%2Bjacket HTTP/1.1" 200 12975 "-" "Mozilla/5.0 (compatible; SemrushBot/7~bl; +http://www.semrush.com/bot.html)"
209.74.77.214 - - [14/Jul/2025:03:44:33 +0000] "POST /wp-cron.php?doing_wp_cron=1752464673.1188349723815917968750 HTTP/1.1" 200 - "-" "WordPress/6.8.1; https://game-gainz.com"
185.191.171.15 - - [14/Jul/2025:03:44:32 +0000] "GET /?f=115237324011370&mod=6b5aa781&uri=brands.php%3Fid%3D3845888-1051%26name%3Dpugs%2Bpolarized%2Bsunglasses HTTP/1.1" 200 12976 "-" "Mozilla/5.0 (compatible; SemrushBot/7~bl; +http://www.semrush.com/bot.html)"
85.208.96.204 - - [14/Jul/2025:03:44:37 +0000] "GET /?f=62082678001370&mod=357a6fdf&uri=category-info.php%3Fid%3D2071768-3%26name%3Dself%2Bheating%2Bpet%2Bbed%2Blarge HTTP/1.1" 200 12976 "-" "Mozilla/5.0 (compatible; SemrushBot/7~bl; +http://www.semrush.com/bot.html)"
185.191.171.5 - - [14/Jul/2025:03:44:42 +0000] "GET /?f=9376520061370&mod=56b42b0a&uri=shared.php%3Fid%3D313076-480%26name%3Ddouglas%2Bkulturtasche HTTP/1.1" 200 12976 "-" "Mozilla/5.0 (compatible; SemrushBot/7~bl; +http://www.semrush.com/bot.html)"
85.208.96.194 - - [14/Jul/2025:03:44:45 +0000] "GET /?f=25718536001370&mod=c4b4bcd3&uri=category-info.php%3Fid%3D858376-883%26name%3Dropa%2Busada%2Bvintage HTTP/1.1" 200 12976 "-" "Mozilla/5.0 (compatible; SemrushBot/7~bl; +http://www.semrush.com/bot.html)"
209.74.77.214 - - [14/Jul/2025:03:45:58 +0000] "POST /wp-cron.php?doing_wp_cron=1752464758.3769218921661376953125 HTTP/1.1" 200 - "-" "WordPress/6.8.1; https://game-gainz.com"
185.191.171.8 - - [14/Jul/2025:03:45:57 +0000] "GET /?f=103560593051370&mod=8d925f88&uri=shared.php%3Fid%3D3456105-1631%26name%3Dvans%2Bid%2Bstore HTTP/1.1" 200 12976 "-" "Mozilla/5.0 (compatible; SemrushBot/7~bl; +http://www.semrush.com/bot.html)"
209.74.77.214 - - [14/Jul/2025:03:46:20 +0000] "POST /wp-cron.php?doing_wp_cron=1752464780.5564129352569580078125 HTTP/1.1" 200 - "-" "WordPress/6.8.1; https://game-gainz.com"
85.208.96.206 - - [14/Jul/2025:03:46:20 +0000] "GET /?f=19083932011370&mod=9c88fc4e&uri=pin.php%3Fid%3D637064-729%26name%3Dskechers%2Bbobs%2Brise%2Band%2Bsparkle HTTP/1.1" 200 12976 "-" "Mozilla/5.0 (compatible; SemrushBot/7~bl; +http://www.semrush.com/bot.html)"
209.74.77.214 - - [14/Jul/2025:03:47:12 +0000] "POST /wp-cron.php?doing_wp_cron=1752464832.5054700374603271484375 HTTP/1.1" 200 - "-" "WordPress/6.8.1; https://game-gainz.com"
85.208.96.203 - - [14/Jul/2025:03:47:11 +0000] "GET /?f=50733369001370&mod=5f5d055a&uri=shared.php%3Fid%3D1693057-1279%26name%3Dred%2Bsox%2Bchampionship%2Bjacket HTTP/1.1" 200 12976 "-" "Mozilla/5.0 (compatible; SemrushBot/7~bl; +http://www.semrush.com/bot.html)"
185.191.171.18 - - [14/Jul/2025:03:47:16 +0000] "GET /?f=113265571001370&mod=f598c238&uri=blog.php%3Fid%3D3780084-1318%26name%3Dnike%2Bsb%2Bshoes%2Bblack%2Band%2Bred HTTP/1.1" 200 12976 "-" "Mozilla/5.0 (compatible; SemrushBot/7~bl; +http://www.semrush.com/bot.html)"
185.191.171.2 - - [14/Jul/2025:03:47:41 +0000] "GET /?f=31933528071370&mod=86dc080e&uri=article.php%3Fid%3D1065826-1008%26name%3Dle%2Bcoq%2Bsportif%2B75006%2Bparis%2B06 HTTP/1.1" 200 12976 "-" "Mozilla/5.0 (compatible; SemrushBot/7~bl; +http://www.semrush.com/bot.html)"
85.208.96.194 - - [14/Jul/2025:03:47:45 +0000] "GET /?f=96098494011370&mod=fb11b803&uri=us.php%3Fid%3D3207023-1129%26name%3Dwroavtk%2Bnew%2Bbalance HTTP/1.1" 200 12976 "-" "Mozilla/5.0 (compatible; SemrushBot/7~bl; +http://www.semrush.com/bot.html)"
209.74.77.214 - - [14/Jul/2025:03:48:23 +0000] "POST /wp-cron.php?doing_wp_cron=1752464903.0530080795288085937500 HTTP/1.1" 200 - "-" "WordPress/6.8.1; https://game-gainz.com"
185.191.171.5 - - [14/Jul/2025:03:48:21 +0000] "GET /?f=4597639031370&mod=8eb8e345&uri=blog.php%3Fid%3D153454-281%26name%3Dwomen%27s%2Bmakalu%2Bhalana%2Bboots HTTP/1.1" 200 12976 "-" "Mozilla/5.0 (compatible; SemrushBot/7~bl; +http://www.semrush.com/bot.html)"
185.191.171.15 - - [14/Jul/2025:03:48:49 +0000] "GET /?f=94551004001370&mod=4f713937&uri=blog.php%3Fid%3D3155351-1094%26name%3Dcarter%27s%2Bjersey%2Bshore%2Boutlets HTTP/1.1" 200 12976 "-" "Mozilla/5.0 (compatible; SemrushBot/7~bl; +http://www.semrush.com/bot.html)"
185.191.171.14 - - [14/Jul/2025:03:48:53 +0000] "GET /?f=100840989061370&mod=9a12cc4f&uri=shop.php%3Fid%3D3365337-1218%26name%3Djenny%2Byoo%2Bfarrah HTTP/1.1" 200 12976 "-" "Mozilla/5.0 (compatible; SemrushBot/7~bl; +http://www.semrush.com/bot.html)"
209.74.77.214 - - [14/Jul/2025:03:50:03 +0000] "POST /wp-cron.php?doing_wp_cron=1752465003.3486180305480957031250 HTTP/1.1" 200 - "-" "WordPress/6.8.1; https://game-gainz.com"
185.191.171.9 - - [14/Jul/2025:03:50:02 +0000] "GET /?f=41892010021370&mod=62f2e5c3&uri=search.php%3Fid%3D1398121-417%26name%3Dvestidos%2Bcortos%2Bpara%2Bcumplea%C3%83%C2%B1os HTTP/1.1" 200 12976 "-" "Mozilla/5.0 (compatible; SemrushBot/7~bl; +http://www.semrush.com/bot.html)"
185.191.171.12 - - [14/Jul/2025:03:50:07 +0000] "GET /?f=50798587061370&mod=a7fd9fd8&uri=form.php%3Fid%3D1695231-104%26name%3Dbottle%2Bwarmer%2Btommee%2Btippee%2Breview HTTP/1.1" 200 12976 "-" "Mozilla/5.0 (compatible; SemrushBot/7~bl; +http://www.semrush.com/bot.html)"
209.74.77.214 - - [14/Jul/2025:03:50:47 +0000] "POST /wp-cron.php?doing_wp_cron=1752465047.0016520023345947265625 HTTP/1.1" 200 - "-" "WordPress/6.8.1; https://game-gainz.com"
185.191.171.15 - - [14/Jul/2025:03:50:45 +0000] "GET /?f=44355220001370&mod=55928be7&uri=itm.php%3Fid%3D1480275-1210%26name%3Djupe%2Bmotif%2Bserpent HTTP/1.1" 200 12976 "-" "Mozilla/5.0 (compatible; SemrushBot/7~bl; +http://www.semrush.com/bot.html)"
209.74.77.214 - - [14/Jul/2025:03:51:49 +0000] "POST /wp-cron.php?doing_wp_cron=1752465109.6492691040039062500000 HTTP/1.1" 200 - "-" "WordPress/6.8.1; https://game-gainz.com"
185.191.171.3 - - [14/Jul/2025:03:51:48 +0000] "GET /?f=3304156061370&mod=936e8d43&uri=itm.php%3Fid%3D110290-210%26name%3Danti%2Bhowling%2Bdevices HTTP/1.1" 200 12976 "-" "Mozilla/5.0 (compatible; SemrushBot/7~bl; +http://www.semrush.com/bot.html)"
209.74.77.214 - - [14/Jul/2025:03:52:40 +0000] "POST /wp-cron.php?doing_wp_cron=1752465160.0525419712066650390625 HTTP/1.1" 200 - "-" "WordPress/6.8.1; https://game-gainz.com"
85.208.96.212 - - [14/Jul/2025:03:52:39 +0000] "GET /?f=24394126091370&mod=2c261344&uri=category-info.php%3Fid%3D814201-784%26name%3Dyeezy%2B380%2Binertia%2Bresale%2Bvalue HTTP/1.1" 200 12976 "-" "Mozilla/5.0 (compatible; SemrushBot/7~bl; +http://www.semrush.com/bot.html)"
4.227.36.81 - - [14/Jul/2025:03:53:14 +0000] "GET /robots.txt HTTP/1.1" 200 94 "-" "Mozilla/5.0 AppleWebKit/537.36 (KHTML, like Gecko; compatible; GPTBot/1.2; +https://openai.com/gptbot)"
20.171.207.193 - - [14/Jul/2025:03:53:14 +0000] "GET /sitemap.xml HTTP/1.1" 200 4297 "-" "Mozilla/5.0 AppleWebKit/537.36 (KHTML, like Gecko; compatible; GPTBot/1.2; +https://openai.com/gptbot)"
209.74.77.214 - - [14/Jul/2025:03:53:16 +0000] "POST /wp-cron.php?doing_wp_cron=1752465196.8316390514373779296875 HTTP/1.1" 200 - "-" "WordPress/6.8.1; https://game-gainz.com"
85.208.96.201 - - [14/Jul/2025:03:53:16 +0000] "GET /?f=6511465051370&mod=69e6b62c&uri=products.php%3Fid%3D217479-181%26name%3Dbaby%2Bboy%2Bcoat%2Bnewborn HTTP/1.1" 200 12976 "-" "Mozilla/5.0 (compatible; SemrushBot/7~bl; +http://www.semrush.com/bot.html)"
20.171.207.193 - - [14/Jul/2025:03:53:19 +0000] "GET /item/711549406.shtml HTTP/1.1" 404 12522 "-" "Mozilla/5.0 AppleWebKit/537.36 (KHTML, like Gecko; compatible; GPTBot/1.2; +https://openai.com/gptbot)"
20.171.207.193 - - [14/Jul/2025:03:53:22 +0000] "GET /item/711367828.shtml HTTP/1.1" 404 12522 "-" "Mozilla/5.0 AppleWebKit/537.36 (KHTML, like Gecko; compatible; GPTBot/1.2; +https://openai.com/gptbot)"
20.171.207.193 - - [14/Jul/2025:03:53:25 +0000] "GET /item/711316986.shtml HTTP/1.1" 404 12522 "-" "Mozilla/5.0 AppleWebKit/537.36 (KHTML, like Gecko; compatible; GPTBot/1.2; +https://openai.com/gptbot)"
20.171.207.193 - - [14/Jul/2025:03:53:28 +0000] "GET /item/711537026.shtml HTTP/1.1" 404 12522 "-" "Mozilla/5.0 AppleWebKit/537.36 (KHTML, like Gecko; compatible; GPTBot/1.2; +https://openai.com/gptbot)"
20.171.207.193 - - [14/Jul/2025:03:53:30 +0000] "GET /item/711241440.shtml HTTP/1.1" 404 12522 "-" "Mozilla/5.0 AppleWebKit/537.36 (KHTML, like Gecko; compatible; GPTBot/1.2; +https://openai.com/gptbot)"
185.191.171.12 - - [14/Jul/2025:03:53:32 +0000] "GET /?f=40263391111370&mod=57224c7d&uri=info.php%3Fid%3D1343776-1146%26name%3Dbaby%2Bblue%2Blouis%2Bvuitton HTTP/1.1" 200 12976 "-" "Mozilla/5.0 (compatible; SemrushBot/7~bl; +http://www.semrush.com/bot.html)"
20.171.207.193 - - [14/Jul/2025:03:53:33 +0000] "GET /item/711392508.shtml HTTP/1.1" 404 12522 "-" "Mozilla/5.0 AppleWebKit/537.36 (KHTML, like Gecko; compatible; GPTBot/1.2; +https://openai.com/gptbot)"
20.171.207.193 - - [14/Jul/2025:03:53:36 +0000] "GET /item/711368706.shtml HTTP/1.1" 404 12522 "-" "Mozilla/5.0 AppleWebKit/537.36 (KHTML, like Gecko; compatible; GPTBot/1.2; +https://openai.com/gptbot)"
20.171.207.193 - - [14/Jul/2025:03:53:39 +0000] "GET /item/711320776.shtml HTTP/1.1" 404 12522 "-" "Mozilla/5.0 AppleWebKit/537.36 (KHTML, like Gecko; compatible; GPTBot/1.2; +https://openai.com/gptbot)"
20.171.207.193 - - [14/Jul/2025:03:53:42 +0000] "GET /item/711284930.shtml HTTP/1.1" 404 12522 "-" "Mozilla/5.0 AppleWebKit/537.36 (KHTML, like Gecko; compatible; GPTBot/1.2; +https://openai.com/gptbot)"
20.171.207.193 - - [14/Jul/2025:03:53:45 +0000] "GET /item/711386924.shtml HTTP/1.1" 404 12522 "-" "Mozilla/5.0 AppleWebKit/537.36 (KHTML, like Gecko; compatible; GPTBot/1.2; +https://openai.com/gptbot)"
20.171.207.193 - - [14/Jul/2025:03:53:47 +0000] "GET /item/711350492.shtml HTTP/1.1" 404 12522 "-" "Mozilla/5.0 AppleWebKit/537.36 (KHTML, like Gecko; compatible; GPTBot/1.2; +https://openai.com/gptbot)"
20.171.207.193 - - [14/Jul/2025:03:53:50 +0000] "GET /item/711635490.shtml HTTP/1.1" 404 12522 "-" "Mozilla/5.0 AppleWebKit/537.36 (KHTML, like Gecko; compatible; GPTBot/1.2; +https://openai.com/gptbot)"
20.171.207.193 - - [14/Jul/2025:03:53:53 +0000] "GET /item/711953408.shtml HTTP/1.1" 404 12521 "-" "Mozilla/5.0 AppleWebKit/537.36 (KHTML, like Gecko; compatible; GPTBot/1.2; +https://openai.com/gptbot)"
20.171.207.193 - - [14/Jul/2025:03:53:56 +0000] "GET /item/711905486.shtml HTTP/1.1" 404 12522 "-" "Mozilla/5.0 AppleWebKit/537.36 (KHTML, like Gecko; compatible; GPTBot/1.2; +https://openai.com/gptbot)"
20.171.207.193 - - [14/Jul/2025:03:53:59 +0000] "GET /item/711589034.shtml HTTP/1.1" 404 12522 "-" "Mozilla/5.0 AppleWebKit/537.36 (KHTML, like Gecko; compatible; GPTBot/1.2; +https://openai.com/gptbot)"
20.171.207.193 - - [14/Jul/2025:03:54:02 +0000] "GET /item/711894056.shtml HTTP/1.1" 404 12522 "-" "Mozilla/5.0 AppleWebKit/537.36 (KHTML, like Gecko; compatible; GPTBot/1.2; +https://openai.com/gptbot)"
20.171.207.193 - - [14/Jul/2025:03:54:05 +0000] "GET /item/711934862.shtml HTTP/1.1" 404 12522 "-" "Mozilla/5.0 AppleWebKit/537.36 (KHTML, like Gecko; compatible; GPTBot/1.2; +https://openai.com/gptbot)"
20.171.207.193 - - [14/Jul/2025:03:54:08 +0000] "GET /item/711294630.shtml HTTP/1.1" 404 12522 "-" "Mozilla/5.0 AppleWebKit/537.36 (KHTML, like Gecko; compatible; GPTBot/1.2; +https://openai.com/gptbot)"
209.74.77.214 - - [14/Jul/2025:03:54:11 +0000] "POST /wp-cron.php?doing_wp_cron=1752465251.1035509109497070312500 HTTP/1.1" 200 - "-" "WordPress/6.8.1; https://game-gainz.com"
20.171.207.193 - - [14/Jul/2025:03:54:10 +0000] "GET /item/711569082.shtml HTTP/1.1" 404 12522 "-" "Mozilla/5.0 AppleWebKit/537.36 (KHTML, like Gecko; compatible; GPTBot/1.2; +https://openai.com/gptbot)"
20.171.207.193 - - [14/Jul/2025:03:54:13 +0000] "GET /item/711806234.shtml HTTP/1.1" 404 12521 "-" "Mozilla/5.0 AppleWebKit/537.36 (KHTML, like Gecko; compatible; GPTBot/1.2; +https://openai.com/gptbot)"
20.171.207.193 - - [14/Jul/2025:03:54:16 +0000] "GET /item/711394560.shtml HTTP/1.1" 404 12522 "-" "Mozilla/5.0 AppleWebKit/537.36 (KHTML, like Gecko; compatible; GPTBot/1.2; +https://openai.com/gptbot)"
20.171.207.193 - - [14/Jul/2025:03:54:19 +0000] "GET /item/711304622.shtml HTTP/1.1" 404 12522 "-" "Mozilla/5.0 AppleWebKit/537.36 (KHTML, like Gecko; compatible; GPTBot/1.2; +https://openai.com/gptbot)"
20.171.207.193 - - [14/Jul/2025:03:54:22 +0000] "GET /item/711633182.shtml HTTP/1.1" 404 12522 "-" "Mozilla/5.0 AppleWebKit/537.36 (KHTML, like Gecko; compatible; GPTBot/1.2; +https://openai.com/gptbot)"
20.171.207.193 - - [14/Jul/2025:03:54:25 +0000] "GET /item/711991634.shtml HTTP/1.1" 404 12522 "-" "Mozilla/5.0 AppleWebKit/537.36 (KHTML, like Gecko; compatible; GPTBot/1.2; +https://openai.com/gptbot)"
20.171.207.193 - - [14/Jul/2025:03:54:27 +0000] "GET /item/711873154.shtml HTTP/1.1" 404 12522 "-" "Mozilla/5.0 AppleWebKit/537.36 (KHTML, like Gecko; compatible; GPTBot/1.2; +https://openai.com/gptbot)"
20.171.207.193 - - [14/Jul/2025:03:54:30 +0000] "GET /item/711947226.shtml HTTP/1.1" 404 12522 "-" "Mozilla/5.0 AppleWebKit/537.36 (KHTML, like Gecko; compatible; GPTBot/1.2; +https://openai.com/gptbot)"
20.171.207.193 - - [14/Jul/2025:03:54:36 +0000] "GET /item/711749238.shtml HTTP/1.1" 404 12522 "-" "Mozilla/5.0 AppleWebKit/537.36 (KHTML, like Gecko; compatible; GPTBot/1.2; +https://openai.com/gptbot)"
20.171.207.193 - - [14/Jul/2025:03:54:39 +0000] "GET /item/711890266.shtml HTTP/1.1" 404 12522 "-" "Mozilla/5.0 AppleWebKit/537.36 (KHTML, like Gecko; compatible; GPTBot/1.2; +https://openai.com/gptbot)"
20.171.207.193 - - [14/Jul/2025:03:54:41 +0000] "GET /item/711857950.shtml HTTP/1.1" 404 12522 "-" "Mozilla/5.0 AppleWebKit/537.36 (KHTML, like Gecko; compatible; GPTBot/1.2; +https://openai.com/gptbot)"
85.208.96.211 - - [14/Jul/2025:03:54:43 +0000] "GET /?f=45552451011370&mod=3378854c&uri=blog.php%3Fid%3D1520222-1219%26name%3Drobe%2Btie%2Band%2Bdye%2Bpretty%2Blittle%2Bthing HTTP/1.1" 200 12976 "-" "Mozilla/5.0 (compatible; SemrushBot/7~bl; +http://www.semrush.com/bot.html)"
20.171.207.193 - - [14/Jul/2025:03:54:44 +0000] "GET /item/711432786.shtml HTTP/1.1" 404 12522 "-" "Mozilla/5.0 AppleWebKit/537.36 (KHTML, like Gecko; compatible; GPTBot/1.2; +https://openai.com/gptbot)"
20.171.207.193 - - [14/Jul/2025:03:54:46 +0000] "GET /item/711387248.shtml HTTP/1.1" 404 12522 "-" "Mozilla/5.0 AppleWebKit/537.36 (KHTML, like Gecko; compatible; GPTBot/1.2; +https://openai.com/gptbot)"
20.171.207.193 - - [14/Jul/2025:03:54:49 +0000] "GET /item/711907602.shtml HTTP/1.1" 404 12522 "-" "Mozilla/5.0 AppleWebKit/537.36 (KHTML, like Gecko; compatible; GPTBot/1.2; +https://openai.com/gptbot)"
20.171.207.193 - - [14/Jul/2025:03:54:51 +0000] "GET /item/711382516.shtml HTTP/1.1" 404 12522 "-" "Mozilla/5.0 AppleWebKit/537.36 (KHTML, like Gecko; compatible; GPTBot/1.2; +https://openai.com/gptbot)"
20.171.207.193 - - [14/Jul/2025:03:54:54 +0000] "GET /item/711393094.shtml HTTP/1.1" 404 12521 "-" "Mozilla/5.0 AppleWebKit/537.36 (KHTML, like Gecko; compatible; GPTBot/1.2; +https://openai.com/gptbot)"
85.208.96.208 - - [14/Jul/2025:03:54:55 +0000] "GET /?f=64828384081370&mod=8c3c60a6&uri=shop.php%3Fid%3D2163367-1391%26name%3Ddjokovic%2Blacoste%2Bwimbledon%2B2019 HTTP/1.1" 200 12976 "-" "Mozilla/5.0 (compatible; SemrushBot/7~bl; +http://www.semrush.com/bot.html)"
20.171.207.193 - - [14/Jul/2025:03:54:57 +0000] "GET /item/711775640.shtml HTTP/1.1" 404 12522 "-" "Mozilla/5.0 AppleWebKit/537.36 (KHTML, like Gecko; compatible; GPTBot/1.2; +https://openai.com/gptbot)"
20.171.207.193 - - [14/Jul/2025:03:54:59 +0000] "GET /item/711729514.shtml HTTP/1.1" 404 12522 "-" "Mozilla/5.0 AppleWebKit/537.36 (KHTML, like Gecko; compatible; GPTBot/1.2; +https://openai.com/gptbot)"
