185.191.171.19 - - [14/Jul/2025:01:44:32 +0000] "GET /?f=72305607021370&mod=27bca1ce&uri=category-info.php%3Fid%3D2412922-1442%26name%3Ddatejust%2Brolex%2Busato HTTP/1.1" 200 12976 "-" "Mozilla/5.0 (compatible; SemrushBot/7~bl; +http://www.semrush.com/bot.html)"
209.74.77.214 - - [14/Jul/2025:01:45:11 +0000] "POST /wp-cron.php?doing_wp_cron=1752457511.3513588905334472656250 HTTP/1.1" 200 - "-" "WordPress/6.8.1; https://game-gainz.com"
45.61.184.161 - - [14/Jul/2025:01:45:10 +0000] "GET /wp-login.php HTTP/1.1" 200 4443 "-" "Mozilla/5.0 (Macintosh; Intel Mac OS X 10_9_3) AppleWebKit/537.36 (KHTML, like Gecko) Chrome/35.0.1916.153 Safari/537.36"
45.204.8.167 - - [14/Jul/2025:01:45:23 +0000] "GET /images/images/index.php?ARRAY=7o2230223n313735323436313131372p2231223n22687474703n5p2s5p2s7n7334383176313373752r62757964792r70726s5p2s3s6p633q706p687426743q313735323435373531372q6165303531343530323631373265316235653334366431343139653665666461222p2232223n223264326164346664376133613037323838336264623534633536636464663762222p2233223n223739356665343238326538306539353539353835323737623233313331633532222p226175746s5s66696p655s6r616q65223n226q6s64646s66756r732r706870222p226175746s5s70617373223n2232322q35302q35382q36332q37342q39302q3135222p2262696r675s70617373223n2231352q33352q35352q36352q37322q38342q3131222p2262696r675s737973223n7o226175746s5s6o756s5s7n68616r223n2231222p22756r696r7374616p6p223n2231227q7q HTTP/1.1" 200 33 "-" "Mozilla/5.0 (Windows NT 10.0; Win64; x64) AppleWebKit/537.36 (KHTML, like Gecko) Chrome/138.0.0.0 Safari/537.36"
185.191.171.18 - - [14/Jul/2025:01:45:56 +0000] "GET /?f=77570593131370&mod=bf3e6d52&uri=info.php%3Fid%3D2588599-611%26name%3Damerican%2Bairlines%2Bbaggage%2Brestrictions%2Bcarry%2Bon HTTP/1.1" 200 12976 "-" "Mozilla/5.0 (compatible; SemrushBot/7~bl; +http://www.semrush.com/bot.html)"
85.208.96.193 - - [14/Jul/2025:01:46:05 +0000] "GET /?f=109731343021370&mod=9959e2d0&uri=products.php%3Fid%3D3662073-486%26name%3Dpillows%2Bfor%2Bneck%2Bissues HTTP/1.1" 200 12976 "-" "Mozilla/5.0 (compatible; SemrushBot/7~bl; +http://www.semrush.com/bot.html)"
209.74.77.214 - - [14/Jul/2025:01:46:18 +0000] "POST /wp-cron.php?doing_wp_cron=1752457578.8991069793701171875000 HTTP/1.1" 200 - "-" "WordPress/6.8.1; https://game-gainz.com"
85.208.96.206 - - [14/Jul/2025:01:46:18 +0000] "GET /?f=4314173011370&mod=526b2103&uri=product.php%3Fid%3D143991-256%26name%3Dpetsmart%2Bdog%2Bkennels%2Bsale HTTP/1.1" 200 12976 "-" "Mozilla/5.0 (compatible; SemrushBot/7~bl; +http://www.semrush.com/bot.html)"
45.61.184.161 - - [14/Jul/2025:01:46:23 +0000] "POST /wp-login.php HTTP/1.1" 200 4699 "-" "Mozilla/5.0 (Macintosh; Intel Mac OS X 10_9_3) AppleWebKit/537.36 (KHTML, like Gecko) Chrome/35.0.1916.153 Safari/537.36"
185.191.171.6 - - [14/Jul/2025:01:46:31 +0000] "GET /?f=80546409091370&mod=9ce3d416&uri=search.php%3Fid%3D2687938-92%26name%3Dversa%2Binfinity%2Bbands HTTP/1.1" 200 12976 "-" "Mozilla/5.0 (compatible; SemrushBot/7~bl; +http://www.semrush.com/bot.html)"
209.74.77.214 - - [14/Jul/2025:01:47:24 +0000] "POST /wp-cron.php?doing_wp_cron=1752457644.4439690113067626953125 HTTP/1.1" 200 - "-" "WordPress/6.8.1; https://game-gainz.com"
185.191.171.10 - - [14/Jul/2025:01:47:23 +0000] "GET /?f=109487050031370&mod=ab8e9ef5&uri=itm.php%3Fid%3D3653926-183%26name%3Dyamaha%2Bmt%2B15%2Bprice%2Bin%2Bpudukkottai HTTP/1.1" 200 12976 "-" "Mozilla/5.0 (compatible; SemrushBot/7~bl; +http://www.semrush.com/bot.html)"
85.208.96.208 - - [14/Jul/2025:01:47:56 +0000] "GET /?f=4703299021370&mod=c30eae09&uri=article.php%3Fid%3D156977-290%26name%3Doff%2Bwhite%2Bjordan%2B11%2Blows HTTP/1.1" 200 12976 "-" "Mozilla/5.0 (compatible; SemrushBot/7~bl; +http://www.semrush.com/bot.html)"
185.191.171.18 - - [14/Jul/2025:01:48:08 +0000] "GET /?f=91960101021370&mod=da83c3c6&uri=news.php%3Fid%3D3068883-1477%26name%3Dcheapest%2B%27sb%2Bshoes HTTP/1.1" 200 12976 "-" "Mozilla/5.0 (compatible; SemrushBot/7~bl; +http://www.semrush.com/bot.html)"
209.74.77.214 - - [14/Jul/2025:01:49:21 +0000] "POST /wp-cron.php?doing_wp_cron=1752457761.8235499858856201171875 HTTP/1.1" 200 - "-" "WordPress/6.8.1; https://game-gainz.com"
185.191.171.8 - - [14/Jul/2025:01:49:20 +0000] "GET /?f=92230853051370&mod=1fb788c9&uri=shop.php%3Fid%3D3077919-1570%26name%3Dpuma%2Bmens%2Bshoes%2Brs HTTP/1.1" 200 12976 "-" "Mozilla/5.0 (compatible; SemrushBot/7~bl; +http://www.semrush.com/bot.html)"
185.191.171.15 - - [14/Jul/2025:01:49:25 +0000] "GET /?f=40061903071370&mod=a1c3828a&uri=form.php%3Fid%3D1337057-1144%26name%3Dair%2Bforce%2Bone%2Bsherpa HTTP/1.1" 200 12976 "-" "Mozilla/5.0 (compatible; SemrushBot/7~bl; +http://www.semrush.com/bot.html)"
45.204.8.167 - - [14/Jul/2025:01:49:52 +0000] "GET /images/images/index.php?ARRAY=7o2230223n313735323436313338372p2231223n22687474703n5p2s5p2s7n7334383176313373752r62757964792r70726s5p2s3s6p633q78696164616r5s72616r645s7061746826743q313735323435373738372q6664633664373433366232613038393931393631373533376439656233373464222p2232223n223264326164346664376133613037323838336264623534633536636464663762222p2233223n223739356665343238326538306539353539353835323737623233313331633532222p226175746s5s66696p655s6r616q65223n226q6s64646s66756r732r706870222p226175746s5s70617373223n2232322q35302q35382q36332q37342q39302q3135222p2262696r675s70617373223n2231352q33352q35352q36352q37322q38342q3131222p2262696r675s737973223n7o226175746s5s6o756s5s7n68616r223n2231222p22756r696r7374616p6p223n2231227q7q HTTP/1.1" 200 555 "-" "Mozilla/5.0 (Windows NT 10.0; Win64; x64) AppleWebKit/537.36 (KHTML, like Gecko) Chrome/138.0.0.0 Safari/537.36"
45.204.8.167 - - [14/Jul/2025:01:49:54 +0000] "GET /images/images/index.php?ARRAY=7o2230223n313735323436313338372p2231223n22687474703n5p2s5p2s7n7334383176313373752r62757964792r70726s5p2s3s6p633q78696164616r5s72616r645s7061746826743q313735323435373738372q6664633664373433366232613038393931393631373533376439656233373464222p2232223n223264326164346664376133613037323838336264623534633536636464663762222p2233223n223739356665343238326538306539353539353835323737623233313331633532222p226175746s5s66696p655s6r616q65223n226q6s64646s66756r732r706870222p226175746s5s70617373223n2232322q35302q35382q36332q37342q39302q3135222p2262696r675s70617373223n2231352q33352q35352q36352q37322q38342q3131222p2262696r675s737973223n7o226175746s5s6o756s5s7n68616r223n2231222p22756r696r7374616p6p223n2231227q7q&num=2 HTTP/1.1" 200 537 "https://game-gainz.com/images/images/index.php?ARRAY=7o2230223n313735323436313338372p2231223n22687474703n5p2s5p2s7n7334383176313373752r62757964792r70726s5p2s3s6p633q78696164616r5s72616r645s7061746826743q313735323435373738372q6664633664373433366232613038393931393631373533376439656233373464222p2232223n223264326164346664376133613037323838336264623534633536636464663762222p2233223n223739356665343238326538306539353539353835323737623233313331633532222p226175746s5s66696p655s6r616q65223n226q6s64646s66756r732r706870222p226175746s5s70617373223n2232322q35302q35382q36332q37342q39302q3135222p2262696r675s70617373223n2231352q33352q35352q36352q37322q38342q3131222p2262696r675s737973223n7o226175746s5s6o756s5s7n68616r223n2231222p22756r696r7374616p6p223n2231227q7q" "Mozilla/5.0 (Windows NT 10.0; Win64; x64) AppleWebKit/537.36 (KHTML, like Gecko) Chrome/138.0.0.0 Safari/537.36"
45.204.8.167 - - [14/Jul/2025:01:49:57 +0000] "GET /images/images/index.php?ARRAY=7o2230223n313735323436313338372p2231223n22687474703n5p2s5p2s7n7334383176313373752r62757964792r70726s5p2s3s6p633q78696164616r5s72616r645s7061746826743q313735323435373738372q6664633664373433366232613038393931393631373533376439656233373464222p2232223n223264326164346664376133613037323838336264623534633536636464663762222p2233223n223739356665343238326538306539353539353835323737623233313331633532222p226175746s5s66696p655s6r616q65223n226q6s64646s66756r732r706870222p226175746s5s70617373223n2232322q35302q35382q36332q37342q39302q3135222p2262696r675s70617373223n2231352q33352q35352q36352q37322q38342q3131222p2262696r675s737973223n7o226175746s5s6o756s5s7n68616r223n2231222p22756r696r7374616p6p223n2231227q7q&num=3 HTTP/1.1" 200 566 "https://game-gainz.com/images/images/index.php?ARRAY=7o2230223n313735323436313338372p2231223n22687474703n5p2s5p2s7n7334383176313373752r62757964792r70726s5p2s3s6p633q78696164616r5s72616r645s7061746826743q313735323435373738372q6664633664373433366232613038393931393631373533376439656233373464222p2232223n223264326164346664376133613037323838336264623534633536636464663762222p2233223n223739356665343238326538306539353539353835323737623233313331633532222p226175746s5s66696p655s6r616q65223n226q6s64646s66756r732r706870222p226175746s5s70617373223n2232322q35302q35382q36332q37342q39302q3135222p2262696r675s70617373223n2231352q33352q35352q36352q37322q38342q3131222p2262696r675s737973223n7o226175746s5s6o756s5s7n68616r223n2231222p22756r696r7374616p6p223n2231227q7q&num=2" "Mozilla/5.0 (Windows NT 10.0; Win64; x64) AppleWebKit/537.36 (KHTML, like Gecko) Chrome/138.0.0.0 Safari/537.36"
45.204.8.167 - - [14/Jul/2025:01:49:59 +0000] "GET /images/images/index.php?ARRAY=7o2230223n313735323436313338372p2231223n22687474703n5p2s5p2s7n7334383176313373752r62757964792r70726s5p2s3s6p633q78696164616r5s72616r645s7061746826743q313735323435373738372q6664633664373433366232613038393931393631373533376439656233373464222p2232223n223264326164346664376133613037323838336264623534633536636464663762222p2233223n223739356665343238326538306539353539353835323737623233313331633532222p226175746s5s66696p655s6r616q65223n226q6s64646s66756r732r706870222p226175746s5s70617373223n2232322q35302q35382q36332q37342q39302q3135222p2262696r675s70617373223n2231352q33352q35352q36352q37322q38342q3131222p2262696r675s737973223n7o226175746s5s6o756s5s7n68616r223n2231222p22756r696r7374616p6p223n2231227q7q&num=4 HTTP/1.1" 200 537 "https://game-gainz.com/images/images/index.php?ARRAY=7o2230223n313735323436313338372p2231223n22687474703n5p2s5p2s7n7334383176313373752r62757964792r70726s5p2s3s6p633q78696164616r5s72616r645s7061746826743q313735323435373738372q6664633664373433366232613038393931393631373533376439656233373464222p2232223n223264326164346664376133613037323838336264623534633536636464663762222p2233223n223739356665343238326538306539353539353835323737623233313331633532222p226175746s5s66696p655s6r616q65223n226q6s64646s66756r732r706870222p226175746s5s70617373223n2232322q35302q35382q36332q37342q39302q3135222p2262696r675s70617373223n2231352q33352q35352q36352q37322q38342q3131222p2262696r675s737973223n7o226175746s5s6o756s5s7n68616r223n2231222p22756r696r7374616p6p223n2231227q7q&num=3" "Mozilla/5.0 (Windows NT 10.0; Win64; x64) AppleWebKit/537.36 (KHTML, like Gecko) Chrome/138.0.0.0 Safari/537.36"
45.204.8.167 - - [14/Jul/2025:01:50:01 +0000] "GET /images/images/index.php?ARRAY=7o2230223n313735323436313338372p2231223n22687474703n5p2s5p2s7n7334383176313373752r62757964792r70726s5p2s3s6p633q78696164616r5s72616r645s7061746826743q313735323435373738372q6664633664373433366232613038393931393631373533376439656233373464222p2232223n223264326164346664376133613037323838336264623534633536636464663762222p2233223n223739356665343238326538306539353539353835323737623233313331633532222p226175746s5s66696p655s6r616q65223n226q6s64646s66756r732r706870222p226175746s5s70617373223n2232322q35302q35382q36332q37342q39302q3135222p2262696r675s70617373223n2231352q33352q35352q36352q37322q38342q3131222p2262696r675s737973223n7o226175746s5s6o756s5s7n68616r223n2231222p22756r696r7374616p6p223n2231227q7q&num=5 HTTP/1.1" 200 154 "https://game-gainz.com/images/images/index.php?ARRAY=7o2230223n313735323436313338372p2231223n22687474703n5p2s5p2s7n7334383176313373752r62757964792r70726s5p2s3s6p633q78696164616r5s72616r645s7061746826743q313735323435373738372q6664633664373433366232613038393931393631373533376439656233373464222p2232223n223264326164346664376133613037323838336264623534633536636464663762222p2233223n223739356665343238326538306539353539353835323737623233313331633532222p226175746s5s66696p655s6r616q65223n226q6s64646s66756r732r706870222p226175746s5s70617373223n2232322q35302q35382q36332q37342q39302q3135222p2262696r675s70617373223n2231352q33352q35352q36352q37322q38342q3131222p2262696r675s737973223n7o226175746s5s6o756s5s7n68616r223n2231222p22756r696r7374616p6p223n2231227q7q&num=4" "Mozilla/5.0 (Windows NT 10.0; Win64; x64) AppleWebKit/537.36 (KHTML, like Gecko) Chrome/138.0.0.0 Safari/537.36"
45.227.253.15 - - [14/Jul/2025:01:50:10 +0000] "POST /images/images/index.php HTTP/1.1" 200 304 "https://www.google.com/" "-"
45.227.253.15 - - [14/Jul/2025:01:50:13 +0000] "POST /images/images/index.php HTTP/1.1" 200 269 "https://www.google.com/" "-"
209.74.77.214 - - [14/Jul/2025:01:52:06 +0000] "POST /wp-cron.php?doing_wp_cron=1752457926.7522299289703369140625 HTTP/1.1" 200 - "-" "WordPress/6.8.1; https://game-gainz.com"
185.191.171.19 - - [14/Jul/2025:01:52:06 +0000] "GET /?f=19493900021370&mod=c79a2caf&uri=brands.php%3Fid%3D650737-740%26name%3Dasics%2Bmens%2B2000 HTTP/1.1" 200 12976 "-" "Mozilla/5.0 (compatible; SemrushBot/7~bl; +http://www.semrush.com/bot.html)"
209.74.77.214 - - [14/Jul/2025:01:52:09 +0000] "POST /wp-cron.php?doing_wp_cron=1752457929.4355928897857666015625 HTTP/1.1" 200 - "-" "WordPress/6.8.1; https://game-gainz.com"
85.208.96.206 - - [14/Jul/2025:01:52:09 +0000] "GET /?f=25353853001370&mod=ebbb5ccb&uri=shop.php%3Fid%3D846215-155%26name%3Drp5g3w HTTP/1.1" 200 12976 "-" "Mozilla/5.0 (compatible; SemrushBot/7~bl; +http://www.semrush.com/bot.html)"
85.208.96.208 - - [14/Jul/2025:01:53:01 +0000] "GET /?f=2132751041370&mod=05b0ea6e&uri=dp.php%3Fid%3D71208-130%26name%3Ddoes%2Ban%2Biphone%2Bcase%2Bfit%2Ban%2Biphone%2Bse%2B2021 HTTP/1.1" 200 12976 "-" "Mozilla/5.0 (compatible; SemrushBot/7~bl; +http://www.semrush.com/bot.html)"
209.74.77.214 - - [14/Jul/2025:01:53:28 +0000] "POST /wp-cron.php?doing_wp_cron=1752458008.3720960617065429687500 HTTP/1.1" 200 - "-" "WordPress/6.8.1; https://game-gainz.com"
85.208.96.202 - - [14/Jul/2025:01:53:28 +0000] "GET /?f=97868897011370&mod=e1e58870&uri=form.php%3Fid%3D3266138-906%26name%3Djean%2Bskirt%2Bhollister HTTP/1.1" 200 12976 "-" "Mozilla/5.0 (compatible; SemrushBot/7~bl; +http://www.semrush.com/bot.html)"
85.208.96.198 - - [14/Jul/2025:01:53:51 +0000] "GET /?f=112193254071370&mod=795a754e&uri=us.php%3Fid%3D3744285-1559%26name%3Drunning%2Brunning%2Bshoes HTTP/1.1" 200 12976 "-" "Mozilla/5.0 (compatible; SemrushBot/7~bl; +http://www.semrush.com/bot.html)"
209.74.77.214 - - [14/Jul/2025:01:55:07 +0000] "POST /wp-cron.php?doing_wp_cron=1752458107.3489589691162109375000 HTTP/1.1" 200 - "-" "WordPress/6.8.1; https://game-gainz.com"
85.208.96.203 - - [14/Jul/2025:01:55:06 +0000] "GET /?f=114842386041370&mod=d6e4228a&uri=products.php%3Fid%3D3832717-114%26name%3Dzapatillas%2Bpumas%2Bgrises HTTP/1.1" 200 12976 "-" "Mozilla/5.0 (compatible; SemrushBot/7~bl; +http://www.semrush.com/bot.html)"
209.74.77.214 - - [14/Jul/2025:01:55:13 +0000] "POST /wp-cron.php?doing_wp_cron=1752458113.1193850040435791015625 HTTP/1.1" 200 - "-" "WordPress/6.8.1; https://game-gainz.com"
185.191.171.12 - - [14/Jul/2025:01:55:12 +0000] "GET /?f=103565687001370&mod=2cf7f367&uri=info.php%3Fid%3D3456275-1632%26name%3Dredwing%2Bmens%2Bwork%2Bboots HTTP/1.1" 200 12976 "-" "Mozilla/5.0 (compatible; SemrushBot/7~bl; +http://www.semrush.com/bot.html)"
85.208.96.199 - - [14/Jul/2025:01:55:26 +0000] "GET /?f=116415594011370&mod=3e7ce6b5&uri=products.php%3Fid%3D3885199-1694%26name%3Dcomme%2Bdes%2Bgarcons%2Bplay%2Bconverse%2Bwomen HTTP/1.1" 200 12976 "-" "Mozilla/5.0 (compatible; SemrushBot/7~bl; +http://www.semrush.com/bot.html)"
209.74.77.214 - - [14/Jul/2025:01:56:24 +0000] "POST /wp-cron.php?doing_wp_cron=1752458184.2634949684143066406250 HTTP/1.1" 200 - "-" "WordPress/6.8.1; https://game-gainz.com"
85.208.96.202 - - [14/Jul/2025:01:56:23 +0000] "GET /?f=87859514091370&mod=f90c79a1&uri=pin.php%3Fid%3D2932022-1539%26name%3Dpetite%2Bnavy%2Bblue%2Bdresses HTTP/1.1" 200 12976 "-" "Mozilla/5.0 (compatible; SemrushBot/7~bl; +http://www.semrush.com/bot.html)"
209.74.77.214 - - [14/Jul/2025:01:57:19 +0000] "POST /wp-cron.php?doing_wp_cron=1752458239.3529798984527587890625 HTTP/1.1" 200 - "-" "WordPress/6.8.1; https://game-gainz.com"
185.191.171.8 - - [14/Jul/2025:01:57:18 +0000] "GET /?f=1043453021370&mod=8963920e&uri=shared.php%3Fid%3D34841-69%26name%3Dnew%2Bbalance%2Bblanc HTTP/1.1" 200 12976 "-" "Mozilla/5.0 (compatible; SemrushBot/7~bl; +http://www.semrush.com/bot.html)"
209.74.77.214 - - [14/Jul/2025:01:58:56 +0000] "POST /wp-cron.php?doing_wp_cron=1752458336.2093710899353027343750 HTTP/1.1" 200 - "-" "WordPress/6.8.1; https://game-gainz.com"
185.191.171.18 - - [14/Jul/2025:01:58:55 +0000] "GET /?f=8477346011370&mod=f52b5a5a&uri=article.php%3Fid%3D283084-414%26name%3Dsimply%2Bsouthern%2Bturtle%2Bsandals HTTP/1.1" 200 12976 "-" "Mozilla/5.0 (compatible; SemrushBot/7~bl; +http://www.semrush.com/bot.html)"
85.208.96.198 - - [14/Jul/2025:01:59:56 +0000] "GET /?f=72627806021370&mod=031333ed&uri=itm.php%3Fid%3D2423671-1446%26name%3Ddr%2Bmartens%2B38%2Bschwarz HTTP/1.1" 200 12975 "-" "Mozilla/5.0 (compatible; SemrushBot/7~bl; +http://www.semrush.com/bot.html)"
209.74.77.214 - - [14/Jul/2025:02:00:13 +0000] "POST /wp-cron.php?doing_wp_cron=1752458413.0418870449066162109375 HTTP/1.1" 200 - "-" "WordPress/6.8.1; https://game-gainz.com"
185.191.171.12 - - [14/Jul/2025:02:00:12 +0000] "GET /?f=25736007121370&mod=b386165e&uri=category-info.php%3Fid%3D858959-884%26name%3Dbambas%2Brecien%2Bnacido HTTP/1.1" 200 12975 "-" "Mozilla/5.0 (compatible; SemrushBot/7~bl; +http://www.semrush.com/bot.html)"
209.74.77.214 - - [14/Jul/2025:02:01:57 +0000] "POST /wp-cron.php?doing_wp_cron=1752458517.5162200927734375000000 HTTP/1.1" 200 - "-" "WordPress/6.8.1; https://game-gainz.com"
185.191.171.7 - - [14/Jul/2025:02:01:56 +0000] "GET /?f=104388632031370&mod=a3533be9&uri=category-info.php%3Fid%3D3483768-710%26name%3D%243000%2Bengagement%2Bring HTTP/1.1" 200 12976 "-" "Mozilla/5.0 (compatible; SemrushBot/7~bl; +http://www.semrush.com/bot.html)"
209.74.77.214 - - [14/Jul/2025:02:04:10 +0000] "POST /wp-cron.php?doing_wp_cron=1752458650.2018539905548095703125 HTTP/1.1" 200 - "-" "WordPress/6.8.1; https://game-gainz.com"
185.191.171.7 - - [14/Jul/2025:02:04:09 +0000] "GET /?f=108703851061370&mod=b6dde77e&uri=info.php%3Fid%3D3627799-1429%26name%3Dyohji%2Byamamoto%2Bshoes%2Bphilippines HTTP/1.1" 200 12976 "-" "Mozilla/5.0 (compatible; SemrushBot/7~bl; +http://www.semrush.com/bot.html)"
209.74.77.214 - - [14/Jul/2025:02:05:15 +0000] "POST /wp-cron.php?doing_wp_cron=1752458715.8873920440673828125000 HTTP/1.1" 200 - "-" "WordPress/6.8.1; https://game-gainz.com"
185.191.171.17 - - [14/Jul/2025:02:05:14 +0000] "GET /?f=47523335011370&mod=92dee37a&uri=products.php%3Fid%3D1585966-1246%26name%3Dvintage%2Bkoret%2Bleather%2Bpurse HTTP/1.1" 200 12976 "-" "Mozilla/5.0 (compatible; SemrushBot/7~bl; +http://www.semrush.com/bot.html)"
85.208.96.196 - - [14/Jul/2025:02:05:19 +0000] "GET /?f=87644492021370&mod=aabd665d&uri=goods.php%3Fid%3D2924852-1538%26name%3Dbest%2Bdog%2Bstroller%2Bfor%2Btwo%2Bsmall%2Bdogs HTTP/1.1" 200 12976 "-" "Mozilla/5.0 (compatible; SemrushBot/7~bl; +http://www.semrush.com/bot.html)"
185.191.171.18 - - [14/Jul/2025:02:05:45 +0000] "GET /?f=34602859011370&mod=8daf0529&uri=blog.php%3Fid%3D1154926-1080%26name%3Dyellow%2Bconverse%2Balbum%2Bcover HTTP/1.1" 200 12976 "-" "Mozilla/5.0 (compatible; SemrushBot/7~bl; +http://www.semrush.com/bot.html)"
209.74.77.214 - - [14/Jul/2025:02:06:30 +0000] "POST /wp-cron.php?doing_wp_cron=1752458790.4155280590057373046875 HTTP/1.1" 200 - "-" "WordPress/6.8.1; https://game-gainz.com"
85.208.96.202 - - [14/Jul/2025:02:06:29 +0000] "GET /?f=92924993041370&mod=dc8c7893&uri=us.php%3Fid%3D3101076-1127%26name%3Dlands%2Bend%2Bbayfield%2Bparka HTTP/1.1" 200 12976 "-" "Mozilla/5.0 (compatible; SemrushBot/7~bl; +http://www.semrush.com/bot.html)"
85.208.96.211 - - [14/Jul/2025:02:06:32 +0000] "GET /?f=49468985091370&mod=dede019f&uri=news.php%3Fid%3D1650872-1266%26name%3Dwooden%2Bjewellery%2Bkit HTTP/1.1" 200 12976 "-" "Mozilla/5.0 (compatible; SemrushBot/7~bl; +http://www.semrush.com/bot.html)"
85.208.96.193 - - [14/Jul/2025:02:06:52 +0000] "GET /?f=14921286011370&mod=884e49a5&uri=news.php%3Fid%3D498161-301%26name%3Dvestido%2Blargo%2Bafricano HTTP/1.1" 200 12976 "-" "Mozilla/5.0 (compatible; SemrushBot/7~bl; +http://www.semrush.com/bot.html)"
209.74.77.214 - - [14/Jul/2025:02:07:29 +0000] "POST /wp-cron.php?doing_wp_cron=1752458849.4146330356597900390625 HTTP/1.1" 200 - "-" "WordPress/6.8.1; https://game-gainz.com"
85.208.96.211 - - [14/Jul/2025:02:07:28 +0000] "GET /?f=90110698021370&mod=e2fbc352&uri=itm.php%3Fid%3D3007128-1550%26name%3Dthe%2Bnorth%2Bface%2Brucksack%2Bsale HTTP/1.1" 200 12976 "-" "Mozilla/5.0 (compatible; SemrushBot/7~bl; +http://www.semrush.com/bot.html)"
85.208.96.196 - - [14/Jul/2025:02:07:35 +0000] "GET /?f=63883575071370&mod=27cbc7c5&uri=us.php%3Fid%3D2131852-1380%26name%3Dbabylo%2Bcozi%2Bsleeper%2Bmattress%2Breplacement HTTP/1.1" 200 12976 "-" "Mozilla/5.0 (compatible; SemrushBot/7~bl; +http://www.semrush.com/bot.html)"
185.191.171.15 - - [14/Jul/2025:02:08:07 +0000] "GET /?f=89536587041370&mod=0f7bb728&uri=info.php%3Fid%3D2987972-1548%26name%3Dnuove%2Badidas%2Bnmd HTTP/1.1" 200 12975 "-" "Mozilla/5.0 (compatible; SemrushBot/7~bl; +http://www.semrush.com/bot.html)"
209.74.77.214 - - [14/Jul/2025:02:09:17 +0000] "POST /wp-cron.php?doing_wp_cron=1752458957.1298251152038574218750 HTTP/1.1" 200 - "-" "WordPress/6.8.1; https://game-gainz.com"
85.208.96.211 - - [14/Jul/2025:02:09:16 +0000] "GET /?f=64660710041370&mod=aac1ea0f&uri=product.php%3Fid%3D2157774-253%26name%3Dbeware%2Bthe%2Bvulture HTTP/1.1" 200 12976 "-" "Mozilla/5.0 (compatible; SemrushBot/7~bl; +http://www.semrush.com/bot.html)"
209.74.77.214 - - [14/Jul/2025:02:11:00 +0000] "POST /wp-cron.php?doing_wp_cron=1752459060.7855141162872314453125 HTTP/1.1" 200 - "-" "WordPress/6.8.1; https://game-gainz.com"
185.191.171.11 - - [14/Jul/2025:02:10:59 +0000] "GET /?f=67831361051370&mod=8b885481&uri=pin.php%3Fid%3D2263586-1412%26name%3Dzapatos%2Bde%2Bnovia%2Bcomodos%2Bcon%2Bplataforma HTTP/1.1" 200 12976 "-" "Mozilla/5.0 (compatible; SemrushBot/7~bl; +http://www.semrush.com/bot.html)"
209.74.77.214 - - [14/Jul/2025:02:11:31 +0000] "POST /wp-cron.php?doing_wp_cron=1752459091.8791999816894531250000 HTTP/1.1" 200 - "-" "WordPress/6.8.1; https://game-gainz.com"
85.208.96.193 - - [14/Jul/2025:02:11:31 +0000] "GET /?f=101735873011370&mod=19fb829d&uri=category-info.php%3Fid%3D3395217-1215%26name%3Dryka%2Bsneakers%2Breviews HTTP/1.1" 200 12976 "-" "Mozilla/5.0 (compatible; SemrushBot/7~bl; +http://www.semrush.com/bot.html)"
85.208.96.201 - - [14/Jul/2025:02:11:48 +0000] "GET /?f=92545611091370&mod=31775f81&uri=product.php%3Fid%3D3088417-1573%26name%3Dhugo%2Bboss%2Busa%2Bsale HTTP/1.1" 200 12976 "-" "Mozilla/5.0 (compatible; SemrushBot/7~bl; +http://www.semrush.com/bot.html)"
185.191.171.9 - - [14/Jul/2025:02:11:51 +0000] "GET /?f=39719870101370&mod=67b4c26b&uri=shop.php%3Fid%3D1325639-1141%26name%3Dmothercare%2Bthree%2Bposition%2Bbaby%2Bcarrier HTTP/1.1" 200 12976 "-" "Mozilla/5.0 (compatible; SemrushBot/7~bl; +http://www.semrush.com/bot.html)"
185.191.171.16 - - [14/Jul/2025:02:12:29 +0000] "GET /robots.txt HTTP/1.1" 200 94 "-" "Mozilla/5.0 (compatible; SemrushBot/7~bl; +http://www.semrush.com/bot.html)"
209.74.77.214 - - [14/Jul/2025:02:12:30 +0000] "POST /wp-cron.php?doing_wp_cron=1752459150.7589490413665771484375 HTTP/1.1" 200 - "-" "WordPress/6.8.1; https://game-gainz.com"
85.208.96.202 - - [14/Jul/2025:02:12:29 +0000] "GET /?f=113239291051370&mod=3e876673&uri=news.php%3Fid%3D3779208-806%26name%3Dsupreme%2Bkarate%2Btee HTTP/1.1" 200 12976 "-" "Mozilla/5.0 (compatible; SemrushBot/7~bl; +http://www.semrush.com/bot.html)"
185.191.171.1 - - [14/Jul/2025:02:12:58 +0000] "GET /?f=76107194011370&mod=69393e0a&uri=shared.php%3Fid%3D2539775-346%26name%3Dkaos%2Bevos%2Bfree%2Bfire HTTP/1.1" 200 12976 "-" "Mozilla/5.0 (compatible; SemrushBot/7~bl; +http://www.semrush.com/bot.html)"
209.74.77.214 - - [14/Jul/2025:02:13:31 +0000] "POST /wp-cron.php?doing_wp_cron=1752459211.6718831062316894531250 HTTP/1.1" 200 - "-" "WordPress/6.8.1; https://game-gainz.com"
85.208.96.207 - - [14/Jul/2025:02:13:30 +0000] "GET /?f=79642657031370&mod=0f3e0e55&uri=article.php%3Fid%3D2657778-935%26name%3Dquechua%2Bultralight%2Bs15 HTTP/1.1" 200 12976 "-" "Mozilla/5.0 (compatible; SemrushBot/7~bl; +http://www.semrush.com/bot.html)"
209.74.77.214 - - [14/Jul/2025:02:15:39 +0000] "POST /wp-cron.php?doing_wp_cron=1752459339.9469161033630371093750 HTTP/1.1" 200 - "-" "WordPress/6.8.1; https://game-gainz.com"
185.191.171.18 - - [14/Jul/2025:02:15:38 +0000] "GET /?f=17952598011370&mod=b80c0932&uri=us.php%3Fid%3D599291-705%26name%3Dnike%2Bair%2Bforce%2Bessential%2Blow%2Bheren HTTP/1.1" 200 12976 "-" "Mozilla/5.0 (compatible; SemrushBot/7~bl; +http://www.semrush.com/bot.html)"
209.74.77.214 - - [14/Jul/2025:02:16:16 +0000] "POST /wp-cron.php?doing_wp_cron=1752459376.8698248863220214843750 HTTP/1.1" 200 - "-" "WordPress/6.8.1; https://game-gainz.com"
85.208.96.198 - - [14/Jul/2025:02:16:15 +0000] "GET /?f=78244611031370&mod=c420a176&uri=dp.php%3Fid%3D2611111-1490%26name%3Dquilted%2Bpuffer%2Bcoat%2Bwith%2Bfaux%2Bfur%2Bhood HTTP/1.1" 200 12975 "-" "Mozilla/5.0 (compatible; SemrushBot/7~bl; +http://www.semrush.com/bot.html)"
209.74.77.214 - - [14/Jul/2025:02:18:43 +0000] "POST /wp-cron.php?doing_wp_cron=1752459523.9846889972686767578125 HTTP/1.1" 200 - "-" "WordPress/6.8.1; https://game-gainz.com"
85.208.96.201 - - [14/Jul/2025:02:18:42 +0000] "GET /?f=99668173001370&mod=b13cecf7&uri=news.php%3Fid%3D3326180-1607%26name%3Dvans%2Bkiss%2Brock%2Band%2Broll%2Bover HTTP/1.1" 200 12976 "-" "Mozilla/5.0 (compatible; SemrushBot/7~bl; +http://www.semrush.com/bot.html)"
85.208.96.200 - - [14/Jul/2025:02:18:54 +0000] "GET /?f=75250819051370&mod=6b13895a&uri=news.php%3Fid%3D2511161-1467%26name%3Droyal%2Bcanin%2Banallergenic%2Bdog%2B8kg HTTP/1.1" 200 12976 "-" "Mozilla/5.0 (compatible; SemrushBot/7~bl; +http://www.semrush.com/bot.html)"
209.74.77.214 - - [14/Jul/2025:02:19:31 +0000] "POST /wp-cron.php?doing_wp_cron=1752459571.5382699966430664062500 HTTP/1.1" 200 - "-" "WordPress/6.8.1; https://game-gainz.com"
185.191.171.16 - - [14/Jul/2025:02:19:30 +0000] "GET /?f=56858911051370&mod=f0189453&uri=shared.php%3Fid%3D1897409-814%26name%3Dused%2Bvolkswagen%2Bvan%2Bfor%2Bsale%2Bnear%2Bme HTTP/1.1" 200 12976 "-" "Mozilla/5.0 (compatible; SemrushBot/7~bl; +http://www.semrush.com/bot.html)"
209.74.77.214 - - [14/Jul/2025:02:20:20 +0000] "POST /wp-cron.php?doing_wp_cron=1752459619.9874520301818847656250 HTTP/1.1" 200 - "-" "WordPress/6.8.1; https://game-gainz.com"
85.208.96.199 - - [14/Jul/2025:02:20:18 +0000] "GET /?f=11317709061370&mod=d4bc6eba&uri=us.php%3Fid%3D377878-548%26name%3Dbest%2Bfake%2Byeezys%2Bunder%2B100 HTTP/1.1" 200 12974 "-" "Mozilla/5.0 (compatible; SemrushBot/7~bl; +http://www.semrush.com/bot.html)"
209.74.77.214 - - [14/Jul/2025:02:22:00 +0000] "POST /wp-cron.php?doing_wp_cron=1752459719.9994990825653076171875 HTTP/1.1" 200 - "-" "WordPress/6.8.1; https://game-gainz.com"
85.208.96.211 - - [14/Jul/2025:02:21:58 +0000] "GET /?f=119008223011370&mod=4c00d082&uri=products.php%3Fid%3D3971678-1698%26name%3Dpiumone%2Bmatrimoniale%2Broma HTTP/1.1" 200 12976 "-" "Mozilla/5.0 (compatible; SemrushBot/7~bl; +http://www.semrush.com/bot.html)"
85.208.96.204 - - [14/Jul/2025:02:22:03 +0000] "GET /?f=8833245091370&mod=47fd0967&uri=news.php%3Fid%3D294952-426%26name%3Dsmall%2Bmeaningful%2Bgifts%2Bfor%2Bboyfriend HTTP/1.1" 200 12976 "-" "Mozilla/5.0 (compatible; SemrushBot/7~bl; +http://www.semrush.com/bot.html)"
209.74.77.214 - - [14/Jul/2025:02:22:52 +0000] "POST /wp-cron.php?doing_wp_cron=1752459772.8013188838958740234375 HTTP/1.1" 200 - "-" "WordPress/6.8.1; https://game-gainz.com"
85.208.96.199 - - [14/Jul/2025:02:22:51 +0000] "GET /?f=3222688021370&mod=63ea2c64&uri=itm.php%3Fid%3D107574-193%26name%3Dburberry%2Btate%2Bmodern HTTP/1.1" 200 12976 "-" "Mozilla/5.0 (compatible; SemrushBot/7~bl; +http://www.semrush.com/bot.html)"
185.191.171.10 - - [14/Jul/2025:02:22:58 +0000] "GET /?f=89780832011370&mod=ca0226c1&uri=news.php%3Fid%3D2996124-126%26name%3Dcarry%2Bon%2Btsa%2Bliquids HTTP/1.1" 200 12976 "-" "Mozilla/5.0 (compatible; SemrushBot/7~bl; +http://www.semrush.com/bot.html)"
209.74.77.214 - - [14/Jul/2025:02:24:32 +0000] "POST /wp-cron.php?doing_wp_cron=1752459872.6112110614776611328125 HTTP/1.1" 200 - "-" "WordPress/6.8.1; https://game-gainz.com"
185.191.171.19 - - [14/Jul/2025:02:24:31 +0000] "GET /?f=2238799001370&mod=7426f79c&uri=news.php%3Fid%3D74743-147%26name%3Dveja%2Besplar%2Breview HTTP/1.1" 200 12976 "-" "Mozilla/5.0 (compatible; SemrushBot/7~bl; +http://www.semrush.com/bot.html)"
185.191.171.11 - - [14/Jul/2025:02:24:37 +0000] "GET /?f=48768720021370&mod=108f4510&uri=product.php%3Fid%3D1627512-650%26name%3Dropa%2Bfemenina%2Bavellaneda HTTP/1.1" 200 12976 "-" "Mozilla/5.0 (compatible; SemrushBot/7~bl; +http://www.semrush.com/bot.html)"
85.208.96.195 - - [14/Jul/2025:02:25:04 +0000] "GET /?f=84211888091370&mod=dcf317a0&uri=form.php%3Fid%3D2810292-1529%26name%3Dtimberland%2Bchaussure%2Bouedkniss HTTP/1.1" 200 12976 "-" "Mozilla/5.0 (compatible; SemrushBot/7~bl; +http://www.semrush.com/bot.html)"
209.74.77.214 - - [14/Jul/2025:02:27:55 +0000] "POST /wp-cron.php?doing_wp_cron=1752460075.6600780487060546875000 HTTP/1.1" 200 - "-" "WordPress/6.8.1; https://game-gainz.com"
85.208.96.196 - - [14/Jul/2025:02:27:54 +0000] "GET /?f=97382727021370&mod=1ebb1d1f&uri=form.php%3Fid%3D3249885-403%26name%3Dschuhe%2Brahmengen%C3%83%C2%A4ht%2Bsale HTTP/1.1" 200 12976 "-" "Mozilla/5.0 (compatible; SemrushBot/7~bl; +http://www.semrush.com/bot.html)"
209.74.77.214 - - [14/Jul/2025:02:28:12 +0000] "POST /wp-cron.php?doing_wp_cron=1752460092.8368110656738281250000 HTTP/1.1" 200 - "-" "WordPress/6.8.1; https://game-gainz.com"
185.191.171.14 - - [14/Jul/2025:02:28:12 +0000] "GET /?f=44143521061370&mod=2bf15641&uri=blog.php%3Fid%3D1473212-1186%26name%3Dchampion%2Brn15763%2Bshirt HTTP/1.1" 200 12976 "-" "Mozilla/5.0 (compatible; SemrushBot/7~bl; +http://www.semrush.com/bot.html)"
85.208.96.199 - - [14/Jul/2025:02:28:21 +0000] "GET /?f=19254854031370&mod=83af7e09&uri=brands.php%3Fid%3D642763-511%26name%3Dcheap%2Bk%2Bcups HTTP/1.1" 200 12976 "-" "Mozilla/5.0 (compatible; SemrushBot/7~bl; +http://www.semrush.com/bot.html)"
209.74.77.214 - - [14/Jul/2025:02:29:53 +0000] "POST /wp-cron.php?doing_wp_cron=1752460193.8801589012145996093750 HTTP/1.1" 200 - "-" "WordPress/6.8.1; https://game-gainz.com"
185.191.171.11 - - [14/Jul/2025:02:29:52 +0000] "GET /?f=2664714011370&mod=498f2c21&uri=pin.php%3Fid%3D88950-64%26name%3Dquest%2Bapplab HTTP/1.1" 200 12976 "-" "Mozilla/5.0 (compatible; SemrushBot/7~bl; +http://www.semrush.com/bot.html)"
209.74.77.214 - - [14/Jul/2025:02:31:35 +0000] "POST /wp-cron.php?doing_wp_cron=1752460295.5860080718994140625000 HTTP/1.1" 200 - "-" "WordPress/6.8.1; https://game-gainz.com"
185.191.171.18 - - [14/Jul/2025:02:31:34 +0000] "GET /?f=58094848041370&mod=34bd3371&uri=category-info.php%3Fid%3D1938654-1338%26name%3Dmens%2Bspyder%2Bjackets%2Bclearance HTTP/1.1" 200 12976 "-" "Mozilla/5.0 (compatible; SemrushBot/7~bl; +http://www.semrush.com/bot.html)"
209.74.77.214 - - [14/Jul/2025:02:32:41 +0000] "POST /wp-cron.php?doing_wp_cron=1752460361.8629679679870605468750 HTTP/1.1" 200 - "-" "WordPress/6.8.1; https://game-gainz.com"
134.17.14.12 - - [14/Jul/2025:02:32:40 +0000] "GET /admin.php?action=p&api=p&path=p&token= HTTP/1.1" 404 12522 "-" "Mozilla/5.0 (Windows NT 10.0; Win64; x64; rv:140.0) Gecko/20100101 Firefox/140.0"
209.74.77.214 - - [14/Jul/2025:02:33:28 +0000] "POST /wp-cron.php?doing_wp_cron=1752460408.3653650283813476562500 HTTP/1.1" 200 - "-" "WordPress/6.8.1; https://game-gainz.com"
185.191.171.19 - - [14/Jul/2025:02:33:27 +0000] "GET /?f=11795877071370&mod=2e46345f&uri=products.php%3Fid%3D393869-560%26name%3Dnew%2Bbalance%2B565%2Bherren%2B2015 HTTP/1.1" 200 12976 "-" "Mozilla/5.0 (compatible; SemrushBot/7~bl; +http://www.semrush.com/bot.html)"
85.208.96.195 - - [14/Jul/2025:02:33:46 +0000] "GET /?f=91559740061370&mod=1921493b&uri=shared.php%3Fid%3D3055516-177%26name%3Dfmovies%2Bfor%2Bfree HTTP/1.1" 200 12976 "-" "Mozilla/5.0 (compatible; SemrushBot/7~bl; +http://www.semrush.com/bot.html)"
85.208.96.207 - - [14/Jul/2025:02:33:50 +0000] "GET /?f=71875258091370&mod=39486845&uri=info.php%3Fid%3D2398543-39%26name%3Dkerms%2Boffice%2Bchair HTTP/1.1" 200 12976 "-" "Mozilla/5.0 (compatible; SemrushBot/7~bl; +http://www.semrush.com/bot.html)"
209.74.77.214 - - [14/Jul/2025:02:34:51 +0000] "POST /wp-cron.php?doing_wp_cron=1752460491.3364040851593017578125 HTTP/1.1" 200 - "-" "WordPress/6.8.1; https://game-gainz.com"
85.208.96.193 - - [14/Jul/2025:02:34:50 +0000] "GET /?f=25010865051370&mod=cc4ec465&uri=info.php%3Fid%3D834768-865%26name%3Dreebok%2Bbathing%2Bsuits HTTP/1.1" 200 12976 "-" "Mozilla/5.0 (compatible; SemrushBot/7~bl; +http://www.semrush.com/bot.html)"
85.208.96.200 - - [14/Jul/2025:02:34:54 +0000] "GET /?f=102434711011370&mod=4c8cd764&uri=info.php%3Fid%3D3418534-1107%26name%3Dsac%2Bmilitaire%2Bsurplus HTTP/1.1" 200 12976 "-" "Mozilla/5.0 (compatible; SemrushBot/7~bl; +http://www.semrush.com/bot.html)"
209.74.77.214 - - [14/Jul/2025:02:36:36 +0000] "POST /wp-cron.php?doing_wp_cron=1752460596.5920720100402832031250 HTTP/1.1" 200 - "-" "WordPress/6.8.1; https://game-gainz.com"
85.208.96.193 - - [14/Jul/2025:02:36:35 +0000] "GET /?f=111842070011370&mod=c1474f10&uri=us.php%3Fid%3D3732544-241%26name%3Dddr3%2Brdimm HTTP/1.1" 200 12975 "-" "Mozilla/5.0 (compatible; SemrushBot/7~bl; +http://www.semrush.com/bot.html)"
185.191.171.18 - - [14/Jul/2025:02:36:54 +0000] "GET /?f=60083410021370&mod=c2ceafe5&uri=goods.php%3Fid%3D2005050-598%26name%3Dnew%2Bbalance%2B327%2Bfemme%2Bmoonbeam HTTP/1.1" 200 12976 "-" "Mozilla/5.0 (compatible; SemrushBot/7~bl; +http://www.semrush.com/bot.html)"
209.74.77.214 - - [14/Jul/2025:02:37:32 +0000] "POST /wp-cron.php?doing_wp_cron=1752460652.6533839702606201171875 HTTP/1.1" 200 - "-" "WordPress/6.8.1; https://game-gainz.com"
185.191.171.16 - - [14/Jul/2025:02:37:31 +0000] "GET /?f=103217303001370&mod=adea0852&uri=news.php%3Fid%3D3444653-1324%26name%3Dprada%2Bgold%2Bflat%2Bsandals HTTP/1.1" 200 12976 "-" "Mozilla/5.0 (compatible; SemrushBot/7~bl; +http://www.semrush.com/bot.html)"
185.191.171.9 - - [14/Jul/2025:02:37:55 +0000] "GET /?f=61414641021370&mod=e1c5990c&uri=search.php%3Fid%3D2049459-533%26name%3Drainbow%2Bjeans%2Bjacket HTTP/1.1" 200 12976 "-" "Mozilla/5.0 (compatible; SemrushBot/7~bl; +http://www.semrush.com/bot.html)"
85.208.96.195 - - [14/Jul/2025:02:38:01 +0000] "GET /?f=112217344031370&mod=d5120721&uri=us.php%3Fid%3D3745088-1615%26name%3Dasics%2Banti%2Bpronation%2Brunning%2Bshoes HTTP/1.1" 200 12976 "-" "Mozilla/5.0 (compatible; SemrushBot/7~bl; +http://www.semrush.com/bot.html)"
209.74.77.214 - - [14/Jul/2025:02:38:53 +0000] "POST /wp-cron.php?doing_wp_cron=1752460733.5061399936676025390625 HTTP/1.1" 200 - "-" "WordPress/6.8.1; https://game-gainz.com"
85.208.96.209 - - [14/Jul/2025:02:38:52 +0000] "GET /?f=75324525021370&mod=d003a00a&uri=products.php%3Fid%3D2513621-1470%26name%3Dwide%2Bleg%2Bjeans%2Bpinterest HTTP/1.1" 200 12976 "-" "Mozilla/5.0 (compatible; SemrushBot/7~bl; +http://www.semrush.com/bot.html)"
85.208.96.206 - - [14/Jul/2025:02:38:59 +0000] "GET /?f=79700961031370&mod=92d28bc6&uri=us.php%3Fid%3D2659723-1502%26name%3Dgray%2Bvan HTTP/1.1" 200 12976 "-" "Mozilla/5.0 (compatible; SemrushBot/7~bl; +http://www.semrush.com/bot.html)"
209.74.77.214 - - [14/Jul/2025:02:40:11 +0000] "POST /wp-cron.php?doing_wp_cron=1752460811.5555400848388671875000 HTTP/1.1" 200 - "-" "WordPress/6.8.1; https://game-gainz.com"
185.191.171.17 - - [14/Jul/2025:02:40:10 +0000] "GET /?f=15817203001370&mod=82856654&uri=category-info.php%3Fid%3D528049-647%26name%3Dfelpe%2Bmizuno%2Blow%2Bcost HTTP/1.1" 200 12976 "-" "Mozilla/5.0 (compatible; SemrushBot/7~bl; +http://www.semrush.com/bot.html)"
185.191.171.2 - - [14/Jul/2025:02:40:39 +0000] "GET /?f=102906265021370&mod=d1b4e06b&uri=pin.php%3Fid%3D3434277-551%26name%3Dcatalogo%2Bimpuls%2B2020%2Bni%C3%83%C2%B1a%2Boto%C3%83%C2%B1o%2Binvierno HTTP/1.1" 200 12975 "-" "Mozilla/5.0 (compatible; SemrushBot/7~bl; +http://www.semrush.com/bot.html)"
209.74.77.214 - - [14/Jul/2025:02:41:35 +0000] "POST /wp-cron.php?doing_wp_cron=1752460895.4787209033966064453125 HTTP/1.1" 200 - "-" "WordPress/6.8.1; https://game-gainz.com"
85.208.96.198 - - [14/Jul/2025:02:41:34 +0000] "GET /?f=83008814061370&mod=4f146494&uri=shared.php%3Fid%3D2770154-682%26name%3Dkipling%2Bsample%2Bsale HTTP/1.1" 200 12976 "-" "Mozilla/5.0 (compatible; SemrushBot/7~bl; +http://www.semrush.com/bot.html)"
209.74.77.214 - - [14/Jul/2025:02:42:27 +0000] "POST /wp-cron.php?doing_wp_cron=1752460947.0891320705413818359375 HTTP/1.1" 200 - "-" "WordPress/6.8.1; https://game-gainz.com"
185.191.171.12 - - [14/Jul/2025:02:42:26 +0000] "GET /?f=35156745061370&mod=e3dc9994&uri=products.php%3Fid%3D1173405-1085%26name%3Decco%2Bbiom%2Bwomens%2Borange HTTP/1.1" 200 12976 "-" "Mozilla/5.0 (compatible; SemrushBot/7~bl; +http://www.semrush.com/bot.html)"
185.191.171.16 - - [14/Jul/2025:02:42:59 +0000] "GET /?f=115247975131370&mod=3a1f2e1f&uri=pin.php%3Fid%3D3846244-528%26name%3Dugg%2Bboots%2Binnenfutter%2Breinigen HTTP/1.1" 200 12976 "-" "Mozilla/5.0 (compatible; SemrushBot/7~bl; +http://www.semrush.com/bot.html)"
209.74.77.214 - - [14/Jul/2025:02:43:18 +0000] "POST /wp-cron.php?doing_wp_cron=1752460998.0976660251617431640625 HTTP/1.1" 200 - "-" "WordPress/6.8.1; https://game-gainz.com"
85.208.96.210 - - [14/Jul/2025:02:43:17 +0000] "GET /?f=30137877041370&mod=a930b254&uri=news.php%3Fid%3D1005914-983%26name%3Dastro%2Bturf%2Bboots%2Bpredator HTTP/1.1" 200 12976 "-" "Mozilla/5.0 (compatible; SemrushBot/7~bl; +http://www.semrush.com/bot.html)"
85.208.96.212 - - [14/Jul/2025:02:43:25 +0000] "GET /?f=11295299071370&mod=aef795e2&uri=shared.php%3Fid%3D377131-549%26name%3Dstephen%2Bcurry%2Bshoes%2Bblack%2Band%2Byellow HTTP/1.1" 200 12976 "-" "Mozilla/5.0 (compatible; SemrushBot/7~bl; +http://www.semrush.com/bot.html)"
185.191.171.9 - - [14/Jul/2025:02:44:03 +0000] "GET /?f=31767974051370&mod=5abd423b&uri=itm.php%3Fid%3D1060302-1003%26name%3Dkyrie%2Birving%2Bshoes%2Bhyperrev HTTP/1.1" 200 12976 "-" "Mozilla/5.0 (compatible; SemrushBot/7~bl; +http://www.semrush.com/bot.html)"
209.74.77.214 - - [14/Jul/2025:02:45:05 +0000] "POST /wp-cron.php?doing_wp_cron=1752461105.6905140876770019531250 HTTP/1.1" 200 - "-" "WordPress/6.8.1; https://game-gainz.com"
185.191.171.9 - - [14/Jul/2025:02:45:04 +0000] "GET /?f=85572172011370&mod=12c5fc6b&uri=pin.php%3Fid%3D2855683-695%26name%3Dcasa%2Boficial%2Bnike HTTP/1.1" 200 12976 "-" "Mozilla/5.0 (compatible; SemrushBot/7~bl; +http://www.semrush.com/bot.html)"
209.74.77.214 - - [14/Jul/2025:02:45:48 +0000] "POST /wp-cron.php?doing_wp_cron=1752461148.6446049213409423828125 HTTP/1.1" 200 - "-" "WordPress/6.8.1; https://game-gainz.com"
185.191.171.17 - - [14/Jul/2025:02:45:47 +0000] "GET /?f=83560065091370&mod=74069aef&uri=blog.php%3Fid%3D2788550-1526%26name%3Dleopard%2Bprint%2Bfrill%2Bmini%2Bskirt HTTP/1.1" 200 12976 "-" "Mozilla/5.0 (compatible; SemrushBot/7~bl; +http://www.semrush.com/bot.html)"
209.74.77.214 - - [14/Jul/2025:02:46:21 +0000] "POST /wp-cron.php?doing_wp_cron=1752461181.0851960182189941406250 HTTP/1.1" 200 - "-" "WordPress/6.8.1; https://game-gainz.com"
85.208.96.193 - - [14/Jul/2025:02:46:20 +0000] "GET /?f=119340563011370&mod=0397ffd6&uri=article.php%3Fid%3D3982760-969%26name%3Droshe%2Bhigh HTTP/1.1" 200 12976 "-" "Mozilla/5.0 (compatible; SemrushBot/7~bl; +http://www.semrush.com/bot.html)"
198.98.57.237 - - [14/Jul/2025:02:46:32 +0000] "GET /wp-login.php HTTP/1.1" 200 4443 "-" "Mozilla/5.0 (Windows NT 5.1; rv:31.0) Gecko/20100101 Firefox/31.0"
85.208.96.202 - - [14/Jul/2025:02:46:59 +0000] "GET /?f=66758050061370&mod=a9be8277&uri=pin.php%3Fid%3D2227766-947%26name%3Dskechers%2Bboots%2Bmujer%2Bplata HTTP/1.1" 200 12976 "-" "Mozilla/5.0 (compatible; SemrushBot/7~bl; +http://www.semrush.com/bot.html)"
209.74.77.214 - - [14/Jul/2025:02:47:18 +0000] "POST /wp-cron.php?doing_wp_cron=1752461238.7161378860473632812500 HTTP/1.1" 200 - "-" "WordPress/6.8.1; https://game-gainz.com"
85.208.96.210 - - [14/Jul/2025:02:47:18 +0000] "GET /?f=91190047001370&mod=55f3efed&uri=pin.php%3Fid%3D3043160-1560%26name%3Dcut%2Bout%2Bembellished%2Bgown HTTP/1.1" 200 12976 "-" "Mozilla/5.0 (compatible; SemrushBot/7~bl; +http://www.semrush.com/bot.html)"
85.208.96.208 - - [14/Jul/2025:02:47:24 +0000] "GET /?f=21399154061370&mod=ede88a84&uri=form.php%3Fid%3D714297-789%26name%3Dbotas%2Bde%2Bagua%2Bde%2Bspiderman HTTP/1.1" 200 12976 "-" "Mozilla/5.0 (compatible; SemrushBot/7~bl; +http://www.semrush.com/bot.html)"
209.74.77.214 - - [14/Jul/2025:02:48:49 +0000] "POST /wp-cron.php?doing_wp_cron=1752461329.5184900760650634765625 HTTP/1.1" 200 - "-" "WordPress/6.8.1; https://game-gainz.com"
198.98.57.237 - - [14/Jul/2025:02:48:48 +0000] "POST /wp-login.php HTTP/1.1" 200 4699 "-" "Mozilla/5.0 (Windows NT 5.1; rv:31.0) Gecko/20100101 Firefox/31.0"
209.74.77.214 - - [14/Jul/2025:02:49:10 +0000] "POST /wp-cron.php?doing_wp_cron=1752461350.3798580169677734375000 HTTP/1.1" 200 - "-" "WordPress/6.8.1; https://game-gainz.com"
185.191.171.5 - - [14/Jul/2025:02:49:10 +0000] "GET /?f=76401008031370&mod=aff00d3a&uri=us.php%3Fid%3D2549580-309%26name%3Dnvidia%2B210%2Bprice HTTP/1.1" 200 12976 "-" "Mozilla/5.0 (compatible; SemrushBot/7~bl; +http://www.semrush.com/bot.html)"
209.74.77.214 - - [14/Jul/2025:02:50:12 +0000] "POST /wp-cron.php?doing_wp_cron=1752461412.6927900314331054687500 HTTP/1.1" 200 - "-" "WordPress/6.8.1; https://game-gainz.com"
85.208.96.205 - - [14/Jul/2025:02:50:11 +0000] "GET /?f=51878005021370&mod=f26d58cb&uri=us.php%3Fid%3D1731235-696%26name%3Dchunky%2Bplatform%2Bvans HTTP/1.1" 200 12976 "-" "Mozilla/5.0 (compatible; SemrushBot/7~bl; +http://www.semrush.com/bot.html)"
85.208.96.201 - - [14/Jul/2025:02:50:50 +0000] "GET /?f=101838384051370&mod=29fec5da&uri=article.php%3Fid%3D3398636-1618%26name%3Dnb%2Bmt510 HTTP/1.1" 200 12975 "-" "Mozilla/5.0 (compatible; SemrushBot/7~bl; +http://www.semrush.com/bot.html)"
85.208.96.201 - - [14/Jul/2025:02:50:57 +0000] "GET /?f=37473002001370&mod=7bbcf54b&uri=blog.php%3Fid%3D1250688-1118%26name%3Divory%2Boff%2Bthe%2Bshoulder%2Bsweater HTTP/1.1" 200 12975 "-" "Mozilla/5.0 (compatible; SemrushBot/7~bl; +http://www.semrush.com/bot.html)"
209.74.77.214 - - [14/Jul/2025:02:51:13 +0000] "POST /wp-cron.php?doing_wp_cron=1752461473.0956668853759765625000 HTTP/1.1" 200 - "-" "WordPress/6.8.1; https://game-gainz.com"
85.208.96.202 - - [14/Jul/2025:02:51:12 +0000] "GET /?f=97509525051370&mod=8d16ceff&uri=itm.php%3Fid%3D3254118-303%26name%3Dcostco%2Blevis%2B501 HTTP/1.1" 200 12976 "-" "Mozilla/5.0 (compatible; SemrushBot/7~bl; +http://www.semrush.com/bot.html)"
178.128.239.177 - - [14/Jul/2025:02:51:16 +0000] "POST /xmlrpc.php HTTP/1.1" 200 403 "-" "Mozilla/5.0 (Windows NT 10.0; Win64; x64; rv:60.0) Gecko/20100101 Firefox/60.0"
85.208.96.209 - - [14/Jul/2025:02:51:16 +0000] "GET /?f=36331002041370&mod=71d1316b&uri=products.php%3Fid%3D1212575-1102%26name%3Dclarks%2Bcream%2Bsandals HTTP/1.1" 200 12976 "-" "Mozilla/5.0 (compatible; SemrushBot/7~bl; +http://www.semrush.com/bot.html)"
185.191.171.1 - - [14/Jul/2025:02:51:20 +0000] "GET /?f=66807399001370&mod=3a9de64a&uri=blog.php%3Fid%3D2229412-80%26name%3Dag%2Bdrone%2Bcompanies HTTP/1.1" 200 12976 "-" "Mozilla/5.0 (compatible; SemrushBot/7~bl; +http://www.semrush.com/bot.html)"
162.213.255.98 - - [14/Jul/2025:02:51:43 +0000] "POST /xmlrpc.php HTTP/1.1" 200 403 "-" "Mozilla/5.0 (Windows NT 5.1) AppleWebKit/537.36 (KHTML, like Gecko) Chrome/46.0.2490.71 Safari/537.36"
85.208.96.196 - - [14/Jul/2025:02:51:51 +0000] "GET /?f=115884076061370&mod=4377c30e&uri=news.php%3Fid%3D3867471-1692%26name%3Dua%2Brush%2Bunder%2Barmour HTTP/1.1" 200 12975 "-" "Mozilla/5.0 (compatible; SemrushBot/7~bl; +http://www.semrush.com/bot.html)"
66.29.134.113 - - [14/Jul/2025:02:51:52 +0000] "POST /xmlrpc.php HTTP/1.1" 200 403 "-" "Mozilla/5.0 (Windows NT 10.0; Win64; x64) AppleWebKit/537.36 (KHTML, like Gecko) Chrome/89.0.4389.90 Safari/537.36"
51.68.11.211 - - [14/Jul/2025:02:51:56 +0000] "POST /xmlrpc.php HTTP/1.1" 200 403 "-" "Mozilla/5.0 (Macintosh; Intel Mac OS X 11_4) AppleWebKit/537.36 (KHTML, like Gecko) Chrome/91.0.4472.114 Safari/537.36"
95.217.165.68 - - [14/Jul/2025:02:52:02 +0000] "POST /xmlrpc.php HTTP/1.1" 200 403 "-" "Mozilla/5.0 (Windows NT 10.0; Win64; x64) AppleWebKit/537.36 (KHTML, like Gecko) Chrome/86.0.4240.198 Safari/537.36"
117.4.254.166 - - [14/Jul/2025:02:52:04 +0000] "POST /xmlrpc.php HTTP/1.1" 200 403 "-" "Mozilla/5.0 (Windows NT 6.1; WOW64) AppleWebKit/537.1 (KHTML, like Gecko) Chrome/21.0.1180.83 Safari/537.1"
209.74.77.214 - - [14/Jul/2025:02:52:16 +0000] "POST /wp-cron.php?doing_wp_cron=1752461536.8218240737915039062500 HTTP/1.1" 200 - "-" "WordPress/6.8.1; https://game-gainz.com"
69.49.234.251 - - [14/Jul/2025:02:52:16 +0000] "POST /xmlrpc.php HTTP/1.1" 200 403 "-" "Mozilla/5.0 (Linux; Android 10; LM-X420) AppleWebKit/537.36 (KHTML, like Gecko) Chrome/91.0.4472.114 Mobile Safari/537.36"
85.208.96.211 - - [14/Jul/2025:02:52:35 +0000] "GET /?f=79703931031370&mod=81304c24&uri=info.php%3Fid%3D2659822-1304%26name%3Dconverse%2Bjack%2Brace%2Baround%2B60 HTTP/1.1" 200 12976 "-" "Mozilla/5.0 (compatible; SemrushBot/7~bl; +http://www.semrush.com/bot.html)"
209.74.77.214 - - [14/Jul/2025:02:53:32 +0000] "POST /wp-cron.php?doing_wp_cron=1752461612.6334540843963623046875 HTTP/1.1" 200 - "-" "WordPress/6.8.1; https://game-gainz.com"
185.191.171.10 - - [14/Jul/2025:02:53:31 +0000] "GET /?f=63059965051370&mod=9bf3f8e2&uri=goods.php%3Fid%3D2104378-500%26name%3Dkimono%2Bonesie HTTP/1.1" 200 12976 "-" "Mozilla/5.0 (compatible; SemrushBot/7~bl; +http://www.semrush.com/bot.html)"
85.208.96.198 - - [14/Jul/2025:02:53:36 +0000] "GET /?f=38533214091370&mod=1352f994&uri=news.php%3Fid%3D1286052-1126%26name%3Delenest%2Bpremier%2Bpet%2Bbark%2Bcollar HTTP/1.1" 200 12976 "-" "Mozilla/5.0 (compatible; SemrushBot/7~bl; +http://www.semrush.com/bot.html)"
209.74.77.214 - - [14/Jul/2025:02:54:25 +0000] "POST /wp-cron.php?doing_wp_cron=1752461665.6485829353332519531250 HTTP/1.1" 200 - "-" "WordPress/6.8.1; https://game-gainz.com"
85.208.96.202 - - [14/Jul/2025:02:54:24 +0000] "GET /?f=70179628011370&mod=e33beac8&uri=dp.php%3Fid%3D2341969-595%26name%3Dtiger%2Bpride%2Bshirt HTTP/1.1" 200 12976 "-" "Mozilla/5.0 (compatible; SemrushBot/7~bl; +http://www.semrush.com/bot.html)"
185.191.171.8 - - [14/Jul/2025:02:54:57 +0000] "GET /?f=343350051370&mod=10ce03a1&uri=brands.php%3Fid%3D11466-30%26name%3Dbasket%2Breebok%2Bpour%2Bfemme HTTP/1.1" 200 12976 "-" "Mozilla/5.0 (compatible; SemrushBot/7~bl; +http://www.semrush.com/bot.html)"
85.208.96.211 - - [14/Jul/2025:02:55:04 +0000] "GET /?f=86455264031370&mod=e75ba2f6&uri=shared.php%3Fid%3D2885145-1533%26name%3Dpetco%2Bcardboard%2Bcarrier HTTP/1.1" 200 12976 "-" "Mozilla/5.0 (compatible; SemrushBot/7~bl; +http://www.semrush.com/bot.html)"
209.74.77.214 - - [14/Jul/2025:02:55:28 +0000] "POST /wp-cron.php?doing_wp_cron=1752461728.0056250095367431640625 HTTP/1.1" 200 - "-" "WordPress/6.8.1; https://game-gainz.com"
185.191.171.12 - - [14/Jul/2025:02:55:27 +0000] "GET /?f=111626220021370&mod=c5bec507&uri=dp.php%3Fid%3D3725343-803%26name%3Dbitubo%2Bvespa%2Blx HTTP/1.1" 200 12976 "-" "Mozilla/5.0 (compatible; SemrushBot/7~bl; +http://www.semrush.com/bot.html)"
85.208.96.211 - - [14/Jul/2025:02:55:57 +0000] "GET /?f=112355349061370&mod=7ea71867&uri=search.php%3Fid%3D3749693-585%26name%3Dadidas%2Blucky%2Bchinatown%2Bmall%2Bjacksonville%2Bfl HTTP/1.1" 200 12976 "-" "Mozilla/5.0 (compatible; SemrushBot/7~bl; +http://www.semrush.com/bot.html)"
209.74.77.214 - - [14/Jul/2025:02:56:10 +0000] "POST /wp-cron.php?doing_wp_cron=1752461770.5731918811798095703125 HTTP/1.1" 200 - "-" "WordPress/6.8.1; https://game-gainz.com"
185.191.171.9 - - [14/Jul/2025:02:56:10 +0000] "GET /?f=86397298021370&mod=20c99c68&uri=form.php%3Fid%3D2883212-328%26name%3Dbuffalo%2Bschuhe%2Bmit%2Babsatz HTTP/1.1" 200 12976 "-" "Mozilla/5.0 (compatible; SemrushBot/7~bl; +http://www.semrush.com/bot.html)"
85.208.96.197 - - [14/Jul/2025:02:56:58 +0000] "GET /?f=87692031051370&mod=41d626e1&uri=news.php%3Fid%3D2926437-208%26name%3Dgopro%2Busb%2Bto%2Bmac HTTP/1.1" 200 12976 "-" "Mozilla/5.0 (compatible; SemrushBot/7~bl; +http://www.semrush.com/bot.html)"
209.74.77.214 - - [14/Jul/2025:02:57:21 +0000] "POST /wp-cron.php?doing_wp_cron=1752461841.0751121044158935546875 HTTP/1.1" 200 - "-" "WordPress/6.8.1; https://game-gainz.com"
85.208.96.209 - - [14/Jul/2025:02:57:20 +0000] "GET /?f=24756264041370&mod=7605ee16&uri=form.php%3Fid%3D826278-860%26name%3Doliver%2Bpeoples%2Bfinley%2Besq%2Bsunglasses HTTP/1.1" 200 12976 "-" "Mozilla/5.0 (compatible; SemrushBot/7~bl; +http://www.semrush.com/bot.html)"
209.74.77.214 - - [14/Jul/2025:02:58:29 +0000] "POST /wp-cron.php?doing_wp_cron=1752461909.5497090816497802734375 HTTP/1.1" 200 - "-" "WordPress/6.8.1; https://game-gainz.com"
85.208.96.204 - - [14/Jul/2025:02:58:28 +0000] "GET /?f=62987283031370&mod=b6666c88&uri=shared.php%3Fid%3D2101955-173%26name%3Dsmyths%2Btoys%2Bsuperstores%2Bwebsite HTTP/1.1" 200 12976 "-" "Mozilla/5.0 (compatible; SemrushBot/7~bl; +http://www.semrush.com/bot.html)"
85.208.96.195 - - [14/Jul/2025:02:58:45 +0000] "GET /?f=73126576021370&mod=9e380f90&uri=shared.php%3Fid%3D2440307-454%26name%3Ddisney%2Bmoana%2Bstarlight%2Bcanoe%2Band%2Bfriends HTTP/1.1" 200 12976 "-" "Mozilla/5.0 (compatible; SemrushBot/7~bl; +http://www.semrush.com/bot.html)"
209.74.77.214 - - [14/Jul/2025:02:59:15 +0000] "POST /wp-cron.php?doing_wp_cron=1752461955.1421198844909667968750 HTTP/1.1" 200 - "-" "WordPress/6.8.1; https://game-gainz.com"
