Current File : /home/kelaby89/access-logs/gardenify.com.au.sixpack.studio-ssl_log
209.74.77.214 - - [12/Jul/2025:13:04:11 +0000] "POST /wp-admin/admin-ajax.php?action=async_litespeed&nonce=JG7aha7o1MmdfVwVOl8Zgvk75Wqwiz0I&litespeed_type=imgoptm HTTP/1.1" 200 21 "-" "WordPress/6.8.1; https://gardenify.com.au"
173.208.198.210 - - [12/Jul/2025:13:04:14 +0000] "GET /?testPage HTTP/1.1" 200 25740 "-" "Mozilla/5.0 (Windows NT 10.0; Win64; x64) AppleWebKit/537.36 (KHTML, like Gecko) Chrome/125.0.0.0 Safari/537.36"
209.74.77.214 - - [12/Jul/2025:13:49:00 +0000] "POST /wp-cron.php?doing_wp_cron=1752328140.8223400115966796875000 HTTP/1.1" 200 - "-" "WordPress/6.8.1; https://gardenify.com.au"
185.206.225.59 - - [12/Jul/2025:13:48:59 +0000] "POST /xmlrpc.php HTTP/1.1" 200 206 "-" "Go-http-client/1.1"
209.74.77.214 - - [12/Jul/2025:13:49:00 +0000] "POST /wp-admin/admin-ajax.php?action=async_litespeed&nonce=J86tFVn0fCjKOd1TZznS7F6AU48Sd9uL&litespeed_type=imgoptm HTTP/1.1" 200 21 "-" "WordPress/6.8.1; https://gardenify.com.au"
54.36.148.78 - - [12/Jul/2025:14:07:17 +0000] "GET /robots.txt HTTP/1.1" 200 86 "-" "Mozilla/5.0 (compatible; AhrefsBot/7.0; +http://ahrefs.com/robot/)"
209.74.77.214 - - [12/Jul/2025:14:34:24 +0000] "POST /wp-cron.php?doing_wp_cron=1752330864.0761280059814453125000 HTTP/1.1" 200 - "-" "WordPress/6.8.1; https://gardenify.com.au"
213.152.161.69 - - [12/Jul/2025:14:34:22 +0000] "POST /xmlrpc.php HTTP/1.1" 200 206 "-" "Go-http-client/1.1"
209.74.77.214 - - [12/Jul/2025:14:34:24 +0000] "POST /wp-admin/admin-ajax.php?action=async_litespeed&nonce=ZQaCrgLhVdMRFaTxuxegdHs8e7oWpRGC&litespeed_type=imgoptm HTTP/1.1" 200 21 "-" "WordPress/6.8.1; https://gardenify.com.au"
2a06:98c0:3600::103 - - [12/Jul/2025:14:34:34 +0000] "GET /wordpress/wp-admin/setup-config.php HTTP/1.1" 404 11745 "-" "Mozilla/5.0 (Windows NT 10.0; Win64; x64) AppleWebKit/537.36 (KHTML, like Gecko) Chrome/137.0.0.0 Safari/537.36"
2a06:98c0:3600::103 - - [12/Jul/2025:14:37:22 +0000] "GET /wp-admin/setup-config.php HTTP/1.1" 409 1144 "-" "Mozilla/5.0 (Windows NT 10.0; Win64; x64) AppleWebKit/537.36 (KHTML, like Gecko) Chrome/137.0.0.0 Safari/537.36"
209.74.77.214 - - [12/Jul/2025:14:38:50 +0000] "POST /wp-admin/admin-ajax.php?action=async_litespeed&nonce=HIdMGGy69iWrHxHcnicf4MxlRMvmr6ZQ&litespeed_type=imgoptm HTTP/1.1" 200 21 "-" "WordPress/6.8.1; https://gardenify.com.au"
209.74.77.214 - - [12/Jul/2025:15:33:28 +0000] "POST /wp-cron.php?doing_wp_cron=1752334408.5389709472656250000000 HTTP/1.1" 200 - "-" "WordPress/6.8.1; https://gardenify.com.au"
199.45.155.68 - - [12/Jul/2025:15:33:27 +0000] "GET / HTTP/1.1" 301 - "-" "Mozilla/5.0 (compatible; CensysInspect/1.1; +https://about.censys.io/)"
209.74.77.214 - - [12/Jul/2025:15:33:28 +0000] "POST /wp-admin/admin-ajax.php?action=async_litespeed&nonce=383KV4rHcnDVXByWLE4iirZmBwmGn9Tt&litespeed_type=imgoptm HTTP/1.1" 200 21 "-" "WordPress/6.8.1; https://gardenify.com.au"
199.45.155.68 - - [12/Jul/2025:15:33:48 +0000] "GET / HTTP/1.1" 200 25734 "-" "Mozilla/5.0 (compatible; CensysInspect/1.1; +https://about.censys.io/)"
209.74.77.214 - - [12/Jul/2025:15:33:55 +0000] "POST /wp-cron.php?doing_wp_cron=1752334435.9435710906982421875000 HTTP/1.1" 200 - "-" "WordPress/6.8.1; https://gardenify.com.au"
199.45.155.68 - - [12/Jul/2025:15:33:55 +0000] "GET /favicon.ico HTTP/1.1" 302 - "-" "Mozilla/5.0 (compatible; CensysInspect/1.1; +https://about.censys.io/)"
209.74.77.214 - - [12/Jul/2025:15:33:56 +0000] "POST /wp-admin/admin-ajax.php?action=async_litespeed&nonce=LOpOanW6ENtHjwjF7Zn6Qo8n8DDNciTo&litespeed_type=imgoptm HTTP/1.1" 200 21 "-" "WordPress/6.8.1; https://gardenify.com.au"
199.45.155.68 - - [12/Jul/2025:15:33:58 +0000] "GET /wp-content/uploads/2024/01/cropped-android-chrome-512x512-1-32x32.png HTTP/1.1" 200 1387 "https://gardenify.com.au/favicon.ico" "Mozilla/5.0 (compatible; CensysInspect/1.1; +https://about.censys.io/)"
199.45.155.68 - - [12/Jul/2025:15:34:20 +0000] "GET /sitemap.xml HTTP/1.1" 200 67208 "-" "Mozilla/5.0 (compatible; CensysInspect/1.1; +https://about.censys.io/)"
209.74.77.214 - - [12/Jul/2025:16:49:13 +0000] "POST /wp-cron.php?doing_wp_cron=1752338953.7876229286193847656250 HTTP/1.1" 200 - "-" "WordPress/6.8.1; https://gardenify.com.au"
68.235.52.36 - - [12/Jul/2025:16:49:12 +0000] "POST /xmlrpc.php HTTP/1.1" 200 206 "-" "Go-http-client/1.1"
209.74.77.214 - - [12/Jul/2025:16:49:13 +0000] "POST /wp-admin/admin-ajax.php?action=async_litespeed&nonce=Qt8FChQ22zhBWVMEAPbjuqapZdZo0zOS&litespeed_type=imgoptm HTTP/1.1" 200 21 "-" "WordPress/6.8.1; https://gardenify.com.au"
69.171.231.10 - - [12/Jul/2025:17:02:53 +0000] "GET /robots.txt HTTP/1.1" 200 70 "-" "facebookexternalhit/1.1 (+http://www.facebook.com/externalhit_uatext.php)"
57.141.2.6 - - [12/Jul/2025:17:03:11 +0000] "GET /wp-sitemap.xml HTTP/1.1" 200 425457 "-" "meta-externalagent/1.1 (+https://developers.facebook.com/docs/sharing/webmasters/crawler)"
209.74.77.214 - - [12/Jul/2025:17:04:29 +0000] "POST /wp-cron.php?doing_wp_cron=1752339869.7926011085510253906250 HTTP/1.1" 200 - "-" "WordPress/6.8.1; https://gardenify.com.au"
184.75.221.195 - - [12/Jul/2025:17:04:28 +0000] "POST /xmlrpc.php HTTP/1.1" 200 206 "-" "Go-http-client/1.1"
209.74.77.214 - - [12/Jul/2025:17:04:29 +0000] "POST /wp-admin/admin-ajax.php?action=async_litespeed&nonce=F8yZ8AOPhptA9HzyNkKaaroxYJK5YHxF&litespeed_type=imgoptm HTTP/1.1" 200 21 "-" "WordPress/6.8.1; https://gardenify.com.au"
57.141.2.19 - - [12/Jul/2025:18:29:05 +0000] "GET /wp-sitemap.xml HTTP/1.1" 200 425441 "-" "meta-externalagent/1.1 (+https://developers.facebook.com/docs/sharing/webmasters/crawler)"
209.74.77.214 - - [12/Jul/2025:19:21:22 +0000] "POST /wp-cron.php?doing_wp_cron=1752348082.5253510475158691406250 HTTP/1.1" 200 - "-" "WordPress/6.8.1; https://gardenify.com.au"
209.74.77.214 - - [12/Jul/2025:19:21:22 +0000] "POST /wp-admin/admin-ajax.php?action=async_litespeed&nonce=mXt3qQ6KiHsyrJHRShXgnnQmeCsvkMSn&litespeed_type=imgoptm HTTP/1.1" 200 21 "-" "WordPress/6.8.1; https://gardenify.com.au"
152.39.220.108 - - [12/Jul/2025:19:21:18 +0000] "GET / HTTP/1.1" 200 25737 "-" "Mozilla/5.0 (iPhone; CPU iPhone OS 17_4_1 like Mac OS X) AppleWebKit/605.1.15 (KHTML, like Gecko) CriOS/123.0.6312.52 Mobile/15E148 Safari/604.1"
93.114.8.67 - - [12/Jul/2025:19:21:23 +0000] "GET /wp-content/plugins/leadconnector/public/css/lc-public.css?ver=3.0.8 HTTP/1.1" 200 106 "https://gardenify.com.au/" "Mozilla/5.0 (iPhone; CPU iPhone OS 17_4_1 like Mac OS X) AppleWebKit/605.1.15 (KHTML, like Gecko) CriOS/123.0.6312.52 Mobile/15E148 Safari/604.1"
152.39.220.108 - - [12/Jul/2025:19:21:23 +0000] "GET /wp-content/et-cache/10/et-divi-dynamic-10-late.css?ver=1745564093 HTTP/1.1" 200 649 "https://gardenify.com.au/" "Mozilla/5.0 (iPhone; CPU iPhone OS 17_4_1 like Mac OS X) AppleWebKit/605.1.15 (KHTML, like Gecko) CriOS/123.0.6312.52 Mobile/15E148 Safari/604.1"
152.39.220.108 - - [12/Jul/2025:19:21:23 +0000] "GET /wp-content/et-cache/10/et-core-unified-deferred-10.min.css?ver=1745564093 HTTP/1.1" 200 2423 "https://gardenify.com.au/" "Mozilla/5.0 (iPhone; CPU iPhone OS 17_4_1 like Mac OS X) AppleWebKit/605.1.15 (KHTML, like Gecko) CriOS/123.0.6312.52 Mobile/15E148 Safari/604.1"
93.114.8.67 - - [12/Jul/2025:19:21:23 +0000] "GET /wp-content/et-cache/10/et-divi-dynamic-10.css?ver=1745564093 HTTP/1.1" 200 2452 "https://gardenify.com.au/" "Mozilla/5.0 (iPhone; CPU iPhone OS 17_4_1 like Mac OS X) AppleWebKit/605.1.15 (KHTML, like Gecko) CriOS/123.0.6312.52 Mobile/15E148 Safari/604.1"
152.39.220.108 - - [12/Jul/2025:19:21:23 +0000] "GET /wp-includes/js/jquery/jquery.min.js?ver=3.7.1 HTTP/1.1" 200 30368 "https://gardenify.com.au/" "Mozilla/5.0 (iPhone; CPU iPhone OS 17_4_1 like Mac OS X) AppleWebKit/605.1.15 (KHTML, like Gecko) CriOS/123.0.6312.52 Mobile/15E148 Safari/604.1"
93.114.8.67 - - [12/Jul/2025:19:21:23 +0000] "GET /wp-includes/js/jquery/jquery-migrate.min.js?ver=3.4.1 HTTP/1.1" 200 4872 "https://gardenify.com.au/" "Mozilla/5.0 (iPhone; CPU iPhone OS 17_4_1 like Mac OS X) AppleWebKit/605.1.15 (KHTML, like Gecko) CriOS/123.0.6312.52 Mobile/15E148 Safari/604.1"
168.151.102.79 - - [12/Jul/2025:19:21:23 +0000] "GET /wp-content/uploads/2024/01/landscape-maintenance-39-480x671.jpg HTTP/1.1" 200 50929 "https://gardenify.com.au/" "Mozilla/5.0 (iPhone; CPU iPhone OS 17_4_1 like Mac OS X) AppleWebKit/605.1.15 (KHTML, like Gecko) CriOS/123.0.6312.52 Mobile/15E148 Safari/604.1"
152.39.220.108 - - [12/Jul/2025:19:21:23 +0000] "GET /wp-content/themes/Divi/js/scripts.min.js?ver=4.27.4 HTTP/1.1" 200 70559 "https://gardenify.com.au/" "Mozilla/5.0 (iPhone; CPU iPhone OS 17_4_1 like Mac OS X) AppleWebKit/605.1.15 (KHTML, like Gecko) CriOS/123.0.6312.52 Mobile/15E148 Safari/604.1"
93.114.8.67 - - [12/Jul/2025:19:21:23 +0000] "GET /wp-content/themes/Divi/includes/builder/feature/dynamic-assets/assets/js/jquery.fitvids.js?ver=4.27.4 HTTP/1.1" 200 1341 "https://gardenify.com.au/" "Mozilla/5.0 (iPhone; CPU iPhone OS 17_4_1 like Mac OS X) AppleWebKit/605.1.15 (KHTML, like Gecko) CriOS/123.0.6312.52 Mobile/15E148 Safari/604.1"
84.39.227.255 - - [12/Jul/2025:19:21:23 +0000] "GET /wp-content/themes/Divi/includes/builder/feature/dynamic-assets/assets/js/jquery.mobile.js?ver=4.27.4 HTTP/1.1" 200 3098 "https://gardenify.com.au/" "Mozilla/5.0 (iPhone; CPU iPhone OS 17_4_1 like Mac OS X) AppleWebKit/605.1.15 (KHTML, like Gecko) CriOS/123.0.6312.52 Mobile/15E148 Safari/604.1"
216.158.197.152 - - [12/Jul/2025:19:21:23 +0000] "GET /wp-content/themes/Divi/core/admin/js/common.js?ver=4.27.4 HTTP/1.1" 200 566 "https://gardenify.com.au/" "Mozilla/5.0 (iPhone; CPU iPhone OS 17_4_1 like Mac OS X) AppleWebKit/605.1.15 (KHTML, like Gecko) CriOS/123.0.6312.52 Mobile/15E148 Safari/604.1"
168.151.102.79 - - [12/Jul/2025:19:21:23 +0000] "GET /wp-content/et-cache/10/et-divi-dynamic-10-late.css HTTP/1.1" 200 649 "https://gardenify.com.au/" "Mozilla/5.0 (iPhone; CPU iPhone OS 17_4_1 like Mac OS X) AppleWebKit/605.1.15 (KHTML, like Gecko) CriOS/123.0.6312.52 Mobile/15E148 Safari/604.1"
152.39.220.108 - - [12/Jul/2025:19:21:23 +0000] "GET /wp-content/uploads/2024/01/landscape-maintenance-5-white.png HTTP/1.1" 200 731 "https://gardenify.com.au/" "Mozilla/5.0 (iPhone; CPU iPhone OS 17_4_1 like Mac OS X) AppleWebKit/605.1.15 (KHTML, like Gecko) CriOS/123.0.6312.52 Mobile/15E148 Safari/604.1"
216.158.197.152 - - [12/Jul/2025:19:21:23 +0000] "GET /wp-content/uploads/2024/01/logo-01.png HTTP/1.1" 200 3461 "https://gardenify.com.au/" "Mozilla/5.0 (iPhone; CPU iPhone OS 17_4_1 like Mac OS X) AppleWebKit/605.1.15 (KHTML, like Gecko) CriOS/123.0.6312.52 Mobile/15E148 Safari/604.1"
93.114.8.67 - - [12/Jul/2025:19:21:23 +0000] "GET /wp-content/uploads/2024/01/landscape-maintenance-1-white.png HTTP/1.1" 200 1264 "https://gardenify.com.au/" "Mozilla/5.0 (iPhone; CPU iPhone OS 17_4_1 like Mac OS X) AppleWebKit/605.1.15 (KHTML, like Gecko) CriOS/123.0.6312.52 Mobile/15E148 Safari/604.1"
84.39.227.255 - - [12/Jul/2025:19:21:23 +0000] "GET /wp-includes/css/dist/block-library/style.min.css?ver=6.8.1 HTTP/1.1" 200 15323 "https://gardenify.com.au/" "Mozilla/5.0 (iPhone; CPU iPhone OS 17_4_1 like Mac OS X) AppleWebKit/605.1.15 (KHTML, like Gecko) CriOS/123.0.6312.52 Mobile/15E148 Safari/604.1"
168.151.102.79 - - [12/Jul/2025:19:21:23 +0000] "GET /wp-content/uploads/2024/01/landscape-maintenance-12-dark.png HTTP/1.1" 200 629 "https://gardenify.com.au/" "Mozilla/5.0 (iPhone; CPU iPhone OS 17_4_1 like Mac OS X) AppleWebKit/605.1.15 (KHTML, like Gecko) CriOS/123.0.6312.52 Mobile/15E148 Safari/604.1"
152.39.220.108 - - [12/Jul/2025:19:21:23 +0000] "GET /wp-content/uploads/2024/01/landscape-maintenance-9-dark.png HTTP/1.1" 200 1141 "https://gardenify.com.au/" "Mozilla/5.0 (iPhone; CPU iPhone OS 17_4_1 like Mac OS X) AppleWebKit/605.1.15 (KHTML, like Gecko) CriOS/123.0.6312.52 Mobile/15E148 Safari/604.1"
152.39.220.108 - - [12/Jul/2025:19:21:25 +0000] "GET /wp-content/uploads/2024/01/cropped-android-chrome-512x512-1-32x32.png HTTP/1.1" 200 1387 "https://gardenify.com.au/" "Mozilla/5.0 (iPhone; CPU iPhone OS 17_4_1 like Mac OS X) AppleWebKit/605.1.15 (KHTML, like Gecko) CriOS/123.0.6312.52 Mobile/15E148 Safari/604.1"
84.39.227.255 - - [12/Jul/2025:19:21:25 +0000] "GET /wp-content/uploads/2024/01/logo-01.png HTTP/1.1" 200 3461 "https://gardenify.com.au/" "Mozilla/5.0 (iPhone; CPU iPhone OS 17_4_1 like Mac OS X) AppleWebKit/605.1.15 (KHTML, like Gecko) CriOS/123.0.6312.52 Mobile/15E148 Safari/604.1"
209.74.77.214 - - [12/Jul/2025:19:22:00 +0000] "POST /wp-cron.php?doing_wp_cron=1752348120.2944810390472412109375 HTTP/1.1" 200 - "-" "WordPress/6.8.1; https://gardenify.com.au"
209.74.77.214 - - [12/Jul/2025:19:22:00 +0000] "POST /wp-admin/admin-ajax.php?action=async_litespeed&nonce=KaFXqdaWOPUgW6x9eKeZcRyzLMNYQhmY&litespeed_type=imgoptm HTTP/1.1" 200 21 "-" "WordPress/6.8.1; https://gardenify.com.au"
162.43.226.107 - - [12/Jul/2025:19:21:59 +0000] "GET / HTTP/1.1" 200 25737 "-" "Mozilla/5.0 (iPhone; CPU iPhone OS 17_4_1 like Mac OS X) AppleWebKit/605.1.15 (KHTML, like Gecko) CriOS/123.0.6312.52 Mobile/15E148 Safari/604.1"
162.43.226.107 - - [12/Jul/2025:19:22:00 +0000] "GET /wp-content/plugins/leadconnector/public/css/lc-public.css?ver=3.0.8 HTTP/1.1" 200 106 "https://gardenify.com.au/" "Mozilla/5.0 (iPhone; CPU iPhone OS 17_4_1 like Mac OS X) AppleWebKit/605.1.15 (KHTML, like Gecko) CriOS/123.0.6312.52 Mobile/15E148 Safari/604.1"
162.43.226.107 - - [12/Jul/2025:19:22:00 +0000] "GET /wp-content/et-cache/10/et-divi-dynamic-10-late.css?ver=1745564093 HTTP/1.1" 200 649 "https://gardenify.com.au/" "Mozilla/5.0 (iPhone; CPU iPhone OS 17_4_1 like Mac OS X) AppleWebKit/605.1.15 (KHTML, like Gecko) CriOS/123.0.6312.52 Mobile/15E148 Safari/604.1"
162.43.226.107 - - [12/Jul/2025:19:22:00 +0000] "GET /wp-content/et-cache/10/et-divi-dynamic-10.css?ver=1745564093 HTTP/1.1" 200 2452 "https://gardenify.com.au/" "Mozilla/5.0 (iPhone; CPU iPhone OS 17_4_1 like Mac OS X) AppleWebKit/605.1.15 (KHTML, like Gecko) CriOS/123.0.6312.52 Mobile/15E148 Safari/604.1"
152.39.190.117 - - [12/Jul/2025:19:22:01 +0000] "GET /wp-content/et-cache/10/et-core-unified-deferred-10.min.css?ver=1745564093 HTTP/1.1" 200 2423 "https://gardenify.com.au/" "Mozilla/5.0 (iPhone; CPU iPhone OS 17_4_1 like Mac OS X) AppleWebKit/605.1.15 (KHTML, like Gecko) CriOS/123.0.6312.52 Mobile/15E148 Safari/604.1"
152.39.231.69 - - [12/Jul/2025:19:22:01 +0000] "GET /wp-includes/js/jquery/jquery-migrate.min.js?ver=3.4.1 HTTP/1.1" 200 4872 "https://gardenify.com.au/" "Mozilla/5.0 (iPhone; CPU iPhone OS 17_4_1 like Mac OS X) AppleWebKit/605.1.15 (KHTML, like Gecko) CriOS/123.0.6312.52 Mobile/15E148 Safari/604.1"
176.223.107.80 - - [12/Jul/2025:19:22:01 +0000] "GET /wp-includes/js/jquery/jquery.min.js?ver=3.7.1 HTTP/1.1" 200 30368 "https://gardenify.com.au/" "Mozilla/5.0 (iPhone; CPU iPhone OS 17_4_1 like Mac OS X) AppleWebKit/605.1.15 (KHTML, like Gecko) CriOS/123.0.6312.52 Mobile/15E148 Safari/604.1"
162.43.226.107 - - [12/Jul/2025:19:22:01 +0000] "GET /wp-content/uploads/2024/01/landscape-maintenance-39-480x671.jpg HTTP/1.1" 200 50929 "https://gardenify.com.au/" "Mozilla/5.0 (iPhone; CPU iPhone OS 17_4_1 like Mac OS X) AppleWebKit/605.1.15 (KHTML, like Gecko) CriOS/123.0.6312.52 Mobile/15E148 Safari/604.1"
152.39.190.117 - - [12/Jul/2025:19:22:01 +0000] "GET /wp-content/themes/Divi/includes/builder/feature/dynamic-assets/assets/js/jquery.fitvids.js?ver=4.27.4 HTTP/1.1" 200 1341 "https://gardenify.com.au/" "Mozilla/5.0 (iPhone; CPU iPhone OS 17_4_1 like Mac OS X) AppleWebKit/605.1.15 (KHTML, like Gecko) CriOS/123.0.6312.52 Mobile/15E148 Safari/604.1"
188.241.206.142 - - [12/Jul/2025:19:22:01 +0000] "GET /wp-content/themes/Divi/js/scripts.min.js?ver=4.27.4 HTTP/1.1" 200 70559 "https://gardenify.com.au/" "Mozilla/5.0 (iPhone; CPU iPhone OS 17_4_1 like Mac OS X) AppleWebKit/605.1.15 (KHTML, like Gecko) CriOS/123.0.6312.52 Mobile/15E148 Safari/604.1"
152.39.231.69 - - [12/Jul/2025:19:22:01 +0000] "GET /wp-content/themes/Divi/includes/builder/feature/dynamic-assets/assets/js/jquery.mobile.js?ver=4.27.4 HTTP/1.1" 200 3098 "https://gardenify.com.au/" "Mozilla/5.0 (iPhone; CPU iPhone OS 17_4_1 like Mac OS X) AppleWebKit/605.1.15 (KHTML, like Gecko) CriOS/123.0.6312.52 Mobile/15E148 Safari/604.1"
176.223.107.80 - - [12/Jul/2025:19:22:01 +0000] "GET /wp-content/themes/Divi/core/admin/js/common.js?ver=4.27.4 HTTP/1.1" 200 566 "https://gardenify.com.au/" "Mozilla/5.0 (iPhone; CPU iPhone OS 17_4_1 like Mac OS X) AppleWebKit/605.1.15 (KHTML, like Gecko) CriOS/123.0.6312.52 Mobile/15E148 Safari/604.1"
152.39.190.117 - - [12/Jul/2025:19:22:01 +0000] "GET /wp-content/uploads/2024/01/logo-01.png HTTP/1.1" 200 3461 "https://gardenify.com.au/" "Mozilla/5.0 (iPhone; CPU iPhone OS 17_4_1 like Mac OS X) AppleWebKit/605.1.15 (KHTML, like Gecko) CriOS/123.0.6312.52 Mobile/15E148 Safari/604.1"
162.43.226.107 - - [12/Jul/2025:19:22:01 +0000] "GET /wp-content/uploads/2024/01/landscape-maintenance-1-white.png HTTP/1.1" 200 1264 "https://gardenify.com.au/" "Mozilla/5.0 (iPhone; CPU iPhone OS 17_4_1 like Mac OS X) AppleWebKit/605.1.15 (KHTML, like Gecko) CriOS/123.0.6312.52 Mobile/15E148 Safari/604.1"
188.241.206.142 - - [12/Jul/2025:19:22:01 +0000] "GET /wp-content/et-cache/10/et-divi-dynamic-10-late.css HTTP/1.1" 200 649 "https://gardenify.com.au/" "Mozilla/5.0 (iPhone; CPU iPhone OS 17_4_1 like Mac OS X) AppleWebKit/605.1.15 (KHTML, like Gecko) CriOS/123.0.6312.52 Mobile/15E148 Safari/604.1"
152.39.231.69 - - [12/Jul/2025:19:22:01 +0000] "GET /wp-content/uploads/2024/01/landscape-maintenance-5-white.png HTTP/1.1" 200 731 "https://gardenify.com.au/" "Mozilla/5.0 (iPhone; CPU iPhone OS 17_4_1 like Mac OS X) AppleWebKit/605.1.15 (KHTML, like Gecko) CriOS/123.0.6312.52 Mobile/15E148 Safari/604.1"
188.241.206.142 - - [12/Jul/2025:19:22:01 +0000] "GET /wp-content/uploads/2024/01/landscape-maintenance-12-dark.png HTTP/1.1" 200 629 "https://gardenify.com.au/" "Mozilla/5.0 (iPhone; CPU iPhone OS 17_4_1 like Mac OS X) AppleWebKit/605.1.15 (KHTML, like Gecko) CriOS/123.0.6312.52 Mobile/15E148 Safari/604.1"
176.223.107.80 - - [12/Jul/2025:19:22:01 +0000] "GET /wp-includes/css/dist/block-library/style.min.css?ver=6.8.1 HTTP/1.1" 200 15323 "https://gardenify.com.au/" "Mozilla/5.0 (iPhone; CPU iPhone OS 17_4_1 like Mac OS X) AppleWebKit/605.1.15 (KHTML, like Gecko) CriOS/123.0.6312.52 Mobile/15E148 Safari/604.1"
152.39.190.117 - - [12/Jul/2025:19:22:01 +0000] "GET /wp-content/uploads/2024/01/landscape-maintenance-9-dark.png HTTP/1.1" 200 1141 "https://gardenify.com.au/" "Mozilla/5.0 (iPhone; CPU iPhone OS 17_4_1 like Mac OS X) AppleWebKit/605.1.15 (KHTML, like Gecko) CriOS/123.0.6312.52 Mobile/15E148 Safari/604.1"
152.39.190.117 - - [12/Jul/2025:19:22:02 +0000] "GET /wp-content/uploads/2024/01/logo-01.png HTTP/1.1" 200 3461 "https://gardenify.com.au/" "Mozilla/5.0 (iPhone; CPU iPhone OS 17_4_1 like Mac OS X) AppleWebKit/605.1.15 (KHTML, like Gecko) CriOS/123.0.6312.52 Mobile/15E148 Safari/604.1"
176.223.107.80 - - [12/Jul/2025:19:22:02 +0000] "GET /wp-content/uploads/2024/01/cropped-android-chrome-512x512-1-32x32.png HTTP/1.1" 200 1387 "https://gardenify.com.au/" "Mozilla/5.0 (iPhone; CPU iPhone OS 17_4_1 like Mac OS X) AppleWebKit/605.1.15 (KHTML, like Gecko) CriOS/123.0.6312.52 Mobile/15E148 Safari/604.1"
209.74.77.214 - - [12/Jul/2025:19:27:36 +0000] "POST /wp-cron.php?doing_wp_cron=1752348456.3926260471343994140625 HTTP/1.1" 200 - "-" "WordPress/6.8.1; https://gardenify.com.au"
209.74.77.214 - - [12/Jul/2025:19:27:36 +0000] "POST /wp-cron.php?doing_wp_cron=1752348456.3926250934600830078125 HTTP/1.1" 200 - "-" "WordPress/6.8.1; https://gardenify.com.au"
209.145.56.24 - - [12/Jul/2025:19:27:35 +0000] "POST /xmlrpc.php HTTP/1.1" 200 403 "-" "Mozilla/5.0 (Windows NT 10.0; Win64; x64; rv:88.0) Gecko/20100101 Firefox/88.0"
103.72.96.84 - - [12/Jul/2025:19:27:35 +0000] "POST /xmlrpc.php HTTP/1.1" 200 403 "-" "Mozilla/5.0 (Windows NT 10.0; Win64; x64; rv:78.0) Gecko/20100101 Firefox/78.0"
209.74.77.214 - - [12/Jul/2025:19:27:36 +0000] "POST /wp-admin/admin-ajax.php?action=async_litespeed&nonce=bkB7u2qaCrDPXZ0EHgauwvTVy5ZPGy65&litespeed_type=imgoptm HTTP/1.1" 200 21 "-" "WordPress/6.8.1; https://gardenify.com.au"
185.80.49.12 - - [12/Jul/2025:19:27:36 +0000] "POST /xmlrpc.php HTTP/1.1" 200 403 "-" "Mozilla/5.0 (Windows NT 10.0; Win64; x64) AppleWebKit/537.36 (KHTML, like Gecko) Chrome/88.0.4324.190 Safari/537.36"
209.74.77.214 - - [12/Jul/2025:19:55:22 +0000] "POST /wp-cron.php?doing_wp_cron=1752350122.3528139591217041015625 HTTP/1.1" 200 - "-" "WordPress/6.8.1; https://gardenify.com.au"
50.6.160.74 - - [12/Jul/2025:19:55:21 +0000] "POST /xmlrpc.php HTTP/1.1" 200 403 "-" "Mozilla/5.0 (Windows NT 6.0; rv:34.0) Gecko/20100101 Firefox/34.0"
209.74.77.214 - - [12/Jul/2025:19:55:22 +0000] "POST /wp-admin/admin-ajax.php?action=async_litespeed&nonce=HRlaXf8DKr59d953wY5skuiJEugYhtaB&litespeed_type=imgoptm HTTP/1.1" 200 21 "-" "WordPress/6.8.1; https://gardenify.com.au"
8.134.199.62 - - [12/Jul/2025:19:55:25 +0000] "POST /xmlrpc.php HTTP/1.1" 200 403 "-" "Mozilla/5.0 (Windows NT 10.0; WOW64; rv:50.0) Gecko/20100101 Firefox/50.0"
103.72.96.84 - - [12/Jul/2025:19:55:37 +0000] "POST /xmlrpc.php HTTP/1.1" 200 403 "-" "Mozilla/5.0 (Windows NT 5.1) AppleWebKit/537.36 (KHTML, like Gecko) Chrome/46.0.2490.71 Safari/537.36"
157.66.13.60 - - [12/Jul/2025:19:55:43 +0000] "POST /xmlrpc.php HTTP/1.1" 200 403 "-" "Mozilla/5.0 (Windows NT 10.0; Win64; x64) AppleWebKit/537.36 (KHTML, like Gecko) Chrome/84.0.4147.135 Safari/537.36"
122.114.61.224 - - [12/Jul/2025:19:55:43 +0000] "POST /xmlrpc.php HTTP/1.1" 200 403 "-" "Mozilla/5.0 (iPod; CPU iPhone OS 14_6 like Mac OS X) AppleWebKit/605.1.15 (KHTML, like Gecko) CriOS/91.0.4472.80 Mobile/15E148 Safari/604.1"
209.74.77.214 - - [12/Jul/2025:19:55:52 +0000] "POST /wp-cron.php?doing_wp_cron=1752350152.8537619113922119140625 HTTP/1.1" 200 - "-" "WordPress/6.8.1; https://gardenify.com.au"
95.217.165.68 - - [12/Jul/2025:19:55:52 +0000] "POST /xmlrpc.php HTTP/1.1" 200 403 "-" "Mozilla/5.0 (Windows NT 10.0; Win64; x64) AppleWebKit/537.36 (KHTML, like Gecko) Chrome/91.0.4472.114 Safari/537.36"
209.74.77.214 - - [12/Jul/2025:19:55:52 +0000] "POST /wp-admin/admin-ajax.php?action=async_litespeed&nonce=RgVzSm7IpwKlsOsITPGtxUn3UNPN1UHY&litespeed_type=imgoptm HTTP/1.1" 200 21 "-" "WordPress/6.8.1; https://gardenify.com.au"
104.210.140.143 - - [12/Jul/2025:20:12:10 +0000] "GET /robots.txt HTTP/1.1" 200 86 "-" "Mozilla/5.0 (Macintosh; Intel Mac OS X 10_15_7) AppleWebKit/537.36 (KHTML, like Gecko) Chrome/131.0.0.0 Safari/537.36; compatible; OAI-SearchBot/1.0; +https://openai.com/searchbot"
209.74.77.214 - - [12/Jul/2025:20:17:00 +0000] "POST /wp-admin/admin-ajax.php?action=async_litespeed&nonce=yiHHcDk8g6Njrr5c5hlfu0HOCAk0JJTt&litespeed_type=imgoptm HTTP/1.1" 200 21 "-" "WordPress/6.8.1; https://gardenify.com.au"
27.115.124.45 - - [12/Jul/2025:20:17:00 +0000] "GET / HTTP/1.1" 200 25738 "-" "Mozilla/5.0 (Linux; U; Android 8.1.0; zh-cn; MI 8 Build/OPM1.171019.011) AppleWebKit/537.36 (KHTML, like Gecko) Version/4.0 Chrome/57.0.2987.108 Mobile Safari/537.36"
27.115.124.45 - - [12/Jul/2025:20:17:01 +0000] "GET /wp-content/plugins/leadconnector/public/css/lc-public.css?ver=3.0.8 HTTP/1.1" 200 106 "https://gardenify.com.au/" "Mozilla/5.0 (Linux; U; Android 8.1.0; zh-cn; MI 8 Build/OPM1.171019.011) AppleWebKit/537.36 (KHTML, like Gecko) Version/4.0 Chrome/57.0.2987.108 Mobile Safari/537.36"
27.115.124.45 - - [12/Jul/2025:20:17:01 +0000] "GET /wp-content/et-cache/10/et-divi-dynamic-10-late.css?ver=1745564093 HTTP/1.1" 200 649 "https://gardenify.com.au/" "Mozilla/5.0 (Linux; U; Android 8.1.0; zh-cn; MI 8 Build/OPM1.171019.011) AppleWebKit/537.36 (KHTML, like Gecko) Version/4.0 Chrome/57.0.2987.108 Mobile Safari/537.36"
27.115.124.38 - - [12/Jul/2025:20:17:01 +0000] "GET /wp-content/et-cache/10/et-divi-dynamic-10.css?ver=1745564093 HTTP/1.1" 200 2452 "https://gardenify.com.au/" "Mozilla/5.0 (Linux; U; Android 8.1.0; zh-cn; MI 8 Build/OPM1.171019.011) AppleWebKit/537.36 (KHTML, like Gecko) Version/4.0 Chrome/57.0.2987.108 Mobile Safari/537.36"
27.115.124.45 - - [12/Jul/2025:20:17:02 +0000] "GET /wp-content/et-cache/10/et-core-unified-deferred-10.min.css?ver=1745564093 HTTP/1.1" 200 2423 "https://gardenify.com.au/" "Mozilla/5.0 (Linux; U; Android 8.1.0; zh-cn; MI 8 Build/OPM1.171019.011) AppleWebKit/537.36 (KHTML, like Gecko) Version/4.0 Chrome/57.0.2987.108 Mobile Safari/537.36"
27.115.124.53 - - [12/Jul/2025:20:17:02 +0000] "GET /wp-includes/js/jquery/jquery-migrate.min.js?ver=3.4.1 HTTP/1.1" 200 4872 "https://gardenify.com.au/" "Mozilla/5.0 (Linux; U; Android 8.1.0; zh-cn; MI 8 Build/OPM1.171019.011) AppleWebKit/537.36 (KHTML, like Gecko) Version/4.0 Chrome/57.0.2987.108 Mobile Safari/537.36"
27.115.124.38 - - [12/Jul/2025:20:17:02 +0000] "GET /wp-includes/js/jquery/jquery.min.js?ver=3.7.1 HTTP/1.1" 200 30368 "https://gardenify.com.au/" "Mozilla/5.0 (Linux; U; Android 8.1.0; zh-cn; MI 8 Build/OPM1.171019.011) AppleWebKit/537.36 (KHTML, like Gecko) Version/4.0 Chrome/57.0.2987.108 Mobile Safari/537.36"
27.115.124.38 - - [12/Jul/2025:20:17:02 +0000] "GET /wp-content/themes/Divi/core/admin/js/common.js?ver=4.27.4 HTTP/1.1" 200 566 "https://gardenify.com.au/" "Mozilla/5.0 (Linux; U; Android 8.1.0; zh-cn; MI 8 Build/OPM1.171019.011) AppleWebKit/537.36 (KHTML, like Gecko) Version/4.0 Chrome/57.0.2987.108 Mobile Safari/537.36"
27.115.124.53 - - [12/Jul/2025:20:17:02 +0000] "GET /wp-content/themes/Divi/includes/builder/feature/dynamic-assets/assets/js/jquery.fitvids.js?ver=4.27.4 HTTP/1.1" 200 1341 "https://gardenify.com.au/" "Mozilla/5.0 (Linux; U; Android 8.1.0; zh-cn; MI 8 Build/OPM1.171019.011) AppleWebKit/537.36 (KHTML, like Gecko) Version/4.0 Chrome/57.0.2987.108 Mobile Safari/537.36"
27.115.124.45 - - [12/Jul/2025:20:17:02 +0000] "GET /wp-content/themes/Divi/includes/builder/feature/dynamic-assets/assets/js/jquery.mobile.js?ver=4.27.4 HTTP/1.1" 200 3098 "https://gardenify.com.au/" "Mozilla/5.0 (Linux; U; Android 8.1.0; zh-cn; MI 8 Build/OPM1.171019.011) AppleWebKit/537.36 (KHTML, like Gecko) Version/4.0 Chrome/57.0.2987.108 Mobile Safari/537.36"
27.115.124.45 - - [12/Jul/2025:20:17:02 +0000] "GET /wp-content/uploads/2024/01/logo-01.png HTTP/1.1" 200 3461 "https://gardenify.com.au/" "Mozilla/5.0 (Linux; U; Android 8.1.0; zh-cn; MI 8 Build/OPM1.171019.011) AppleWebKit/537.36 (KHTML, like Gecko) Version/4.0 Chrome/57.0.2987.108 Mobile Safari/537.36"
27.115.124.38 - - [12/Jul/2025:20:17:02 +0000] "GET /wp-content/themes/Divi/js/scripts.min.js?ver=4.27.4 HTTP/1.1" 200 70559 "https://gardenify.com.au/" "Mozilla/5.0 (Linux; U; Android 8.1.0; zh-cn; MI 8 Build/OPM1.171019.011) AppleWebKit/537.36 (KHTML, like Gecko) Version/4.0 Chrome/57.0.2987.108 Mobile Safari/537.36"
27.115.124.38 - - [12/Jul/2025:20:17:03 +0000] "GET /wp-content/uploads/2024/01/landscape-maintenance-1-white.png HTTP/1.1" 200 1264 "https://gardenify.com.au/" "Mozilla/5.0 (Linux; U; Android 8.1.0; zh-cn; MI 8 Build/OPM1.171019.011) AppleWebKit/537.36 (KHTML, like Gecko) Version/4.0 Chrome/57.0.2987.108 Mobile Safari/537.36"
27.115.124.45 - - [12/Jul/2025:20:17:03 +0000] "GET /wp-content/uploads/2024/01/landscape-maintenance-12-dark.png HTTP/1.1" 200 629 "https://gardenify.com.au/" "Mozilla/5.0 (Linux; U; Android 8.1.0; zh-cn; MI 8 Build/OPM1.171019.011) AppleWebKit/537.36 (KHTML, like Gecko) Version/4.0 Chrome/57.0.2987.108 Mobile Safari/537.36"
27.115.124.53 - - [12/Jul/2025:20:17:03 +0000] "GET /wp-content/uploads/2024/01/landscape-maintenance-9-dark.png HTTP/1.1" 200 1141 "https://gardenify.com.au/" "Mozilla/5.0 (Linux; U; Android 8.1.0; zh-cn; MI 8 Build/OPM1.171019.011) AppleWebKit/537.36 (KHTML, like Gecko) Version/4.0 Chrome/57.0.2987.108 Mobile Safari/537.36"
27.115.124.45 - - [12/Jul/2025:20:17:03 +0000] "GET /wp-content/uploads/2024/01/landscape-maintenance-5-white.png HTTP/1.1" 200 731 "https://gardenify.com.au/" "Mozilla/5.0 (Linux; U; Android 8.1.0; zh-cn; MI 8 Build/OPM1.171019.011) AppleWebKit/537.36 (KHTML, like Gecko) Version/4.0 Chrome/57.0.2987.108 Mobile Safari/537.36"
27.115.124.38 - - [12/Jul/2025:20:17:03 +0000] "GET /wp-content/uploads/2024/01/landscape-maintenance-4-dark.png HTTP/1.1" 200 291 "https://gardenify.com.au/" "Mozilla/5.0 (Linux; U; Android 8.1.0; zh-cn; MI 8 Build/OPM1.171019.011) AppleWebKit/537.36 (KHTML, like Gecko) Version/4.0 Chrome/57.0.2987.108 Mobile Safari/537.36"
27.115.124.38 - - [12/Jul/2025:20:17:03 +0000] "GET /wp-content/uploads/2024/01/landscape-maintenance-11-dark.png HTTP/1.1" 200 1148 "https://gardenify.com.au/" "Mozilla/5.0 (Linux; U; Android 8.1.0; zh-cn; MI 8 Build/OPM1.171019.011) AppleWebKit/537.36 (KHTML, like Gecko) Version/4.0 Chrome/57.0.2987.108 Mobile Safari/537.36"
27.115.124.53 - - [12/Jul/2025:20:17:03 +0000] "GET /wp-content/uploads/2024/01/landscape-maintenance-10-dark.png HTTP/1.1" 200 749 "https://gardenify.com.au/" "Mozilla/5.0 (Linux; U; Android 8.1.0; zh-cn; MI 8 Build/OPM1.171019.011) AppleWebKit/537.36 (KHTML, like Gecko) Version/4.0 Chrome/57.0.2987.108 Mobile Safari/537.36"
27.115.124.38 - - [12/Jul/2025:20:17:03 +0000] "GET /wp-content/uploads/2024/01/landscape-maintenance-09.png HTTP/1.1" 200 508 "https://gardenify.com.au/" "Mozilla/5.0 (Linux; U; Android 8.1.0; zh-cn; MI 8 Build/OPM1.171019.011) AppleWebKit/537.36 (KHTML, like Gecko) Version/4.0 Chrome/57.0.2987.108 Mobile Safari/537.36"
27.115.124.45 - - [12/Jul/2025:20:17:03 +0000] "GET /wp-content/uploads/2024/01/landscape-maintenance-5-dark.png HTTP/1.1" 200 749 "https://gardenify.com.au/" "Mozilla/5.0 (Linux; U; Android 8.1.0; zh-cn; MI 8 Build/OPM1.171019.011) AppleWebKit/537.36 (KHTML, like Gecko) Version/4.0 Chrome/57.0.2987.108 Mobile Safari/537.36"
27.115.124.45 - - [12/Jul/2025:20:17:03 +0000] "GET /wp-content/uploads/2024/01/landscape-maintenance-39-480x671.jpg HTTP/1.1" 200 50929 "https://gardenify.com.au/" "Mozilla/5.0 (Linux; U; Android 8.1.0; zh-cn; MI 8 Build/OPM1.171019.011) AppleWebKit/537.36 (KHTML, like Gecko) Version/4.0 Chrome/57.0.2987.108 Mobile Safari/537.36"
27.115.124.38 - - [12/Jul/2025:20:17:04 +0000] "GET /wp-content/et-cache/10/et-divi-dynamic-10-late.css HTTP/1.1" 200 649 "https://gardenify.com.au/" "Mozilla/5.0 (Linux; U; Android 8.1.0; zh-cn; MI 8 Build/OPM1.171019.011) AppleWebKit/537.36 (KHTML, like Gecko) Version/4.0 Chrome/57.0.2987.108 Mobile Safari/537.36"
27.115.124.53 - - [12/Jul/2025:20:17:04 +0000] "GET /wp-includes/css/dist/block-library/style.min.css?ver=6.8.1 HTTP/1.1" 200 15323 "https://gardenify.com.au/" "Mozilla/5.0 (Linux; U; Android 8.1.0; zh-cn; MI 8 Build/OPM1.171019.011) AppleWebKit/537.36 (KHTML, like Gecko) Version/4.0 Chrome/57.0.2987.108 Mobile Safari/537.36"
27.115.124.118 - - [12/Jul/2025:20:17:11 +0000] "GET /wp-content/uploads/2024/01/cropped-android-chrome-512x512-1-192x192.png HTTP/1.1" 200 12055 "-" "Mozilla/5.0 (Windows NT 10.0; WOW64) AppleWebKit/537.36 (KHTML, like Gecko) Chrome/78.0.3904.108 Safari/537.36"
27.115.124.101 - - [12/Jul/2025:20:17:12 +0000] "GET /wp-content/uploads/2024/01/cropped-android-chrome-512x512-1-180x180.png HTTP/1.1" 200 11302 "-" "Mozilla/5.0 (Windows NT 10.0; WOW64) AppleWebKit/537.36 (KHTML, like Gecko) Chrome/78.0.3904.108 Safari/537.36"
27.115.124.101 - - [12/Jul/2025:20:17:13 +0000] "GET /wp-content/uploads/2024/01/cropped-android-chrome-512x512-1-32x32.png HTTP/1.1" 200 1387 "-" "Mozilla/5.0 (Windows NT 10.0; WOW64) AppleWebKit/537.36 (KHTML, like Gecko) Chrome/78.0.3904.108 Safari/537.36"
27.115.124.40 - - [12/Jul/2025:20:17:17 +0000] "GET /wp-content/uploads/2024/01/cropped-android-chrome-512x512-1-192x192.png HTTP/1.1" 200 12055 "-" "Mozilla/5.0 (Macintosh; Intel Mac OS X 10_7_0) AppleWebKit/535.11 (KHTML, like Gecko) Chrome/17.0.963.56 Safari/535.11"
27.115.124.70 - - [12/Jul/2025:20:17:19 +0000] "GET / HTTP/1.1" 200 25738 "-" "Mozilla/5.0 (Linux; U; Android 8.1.0; zh-cn; MI 8 Build/OPM1.171019.011) AppleWebKit/537.36 (KHTML, like Gecko) Version/4.0 Chrome/57.0.2987.108 Mobile Safari/537.36"
27.115.124.53 - - [12/Jul/2025:20:17:20 +0000] "GET /wp-content/plugins/leadconnector/public/css/lc-public.css?ver=3.0.8 HTTP/1.1" 200 106 "https://gardenify.com.au/" "Mozilla/5.0 (Linux; U; Android 8.1.0; zh-cn; MI 8 Build/OPM1.171019.011) AppleWebKit/537.36 (KHTML, like Gecko) Version/4.0 Chrome/57.0.2987.108 Mobile Safari/537.36"
27.115.124.70 - - [12/Jul/2025:20:17:20 +0000] "GET /wp-content/et-cache/10/et-divi-dynamic-10-late.css?ver=1745564093 HTTP/1.1" 200 649 "https://gardenify.com.au/" "Mozilla/5.0 (Linux; U; Android 8.1.0; zh-cn; MI 8 Build/OPM1.171019.011) AppleWebKit/537.36 (KHTML, like Gecko) Version/4.0 Chrome/57.0.2987.108 Mobile Safari/537.36"
27.115.124.53 - - [12/Jul/2025:20:17:20 +0000] "GET /wp-content/et-cache/10/et-divi-dynamic-10.css?ver=1745564093 HTTP/1.1" 200 2452 "https://gardenify.com.au/" "Mozilla/5.0 (Linux; U; Android 8.1.0; zh-cn; MI 8 Build/OPM1.171019.011) AppleWebKit/537.36 (KHTML, like Gecko) Version/4.0 Chrome/57.0.2987.108 Mobile Safari/537.36"
27.115.124.70 - - [12/Jul/2025:20:17:20 +0000] "GET /wp-content/et-cache/10/et-core-unified-deferred-10.min.css?ver=1745564093 HTTP/1.1" 200 2423 "https://gardenify.com.au/" "Mozilla/5.0 (Linux; U; Android 8.1.0; zh-cn; MI 8 Build/OPM1.171019.011) AppleWebKit/537.36 (KHTML, like Gecko) Version/4.0 Chrome/57.0.2987.108 Mobile Safari/537.36"
27.115.124.53 - - [12/Jul/2025:20:17:20 +0000] "GET /wp-includes/js/jquery/jquery.min.js?ver=3.7.1 HTTP/1.1" 200 30368 "https://gardenify.com.au/" "Mozilla/5.0 (Linux; U; Android 8.1.0; zh-cn; MI 8 Build/OPM1.171019.011) AppleWebKit/537.36 (KHTML, like Gecko) Version/4.0 Chrome/57.0.2987.108 Mobile Safari/537.36"
123.6.49.50 - - [12/Jul/2025:20:17:20 +0000] "GET /services/ HTTP/1.1" 200 26028 "-" "Mozilla/5.0 (Linux; U; Android 8.1.0; zh-cn; MI 8 Build/OPM1.171019.011) AppleWebKit/537.36 (KHTML, like Gecko) Version/4.0 Chrome/57.0.2987.108 Mobile Safari/537.36"
123.6.49.15 - - [12/Jul/2025:20:17:20 +0000] "GET /pricing/ HTTP/1.1" 200 21865 "-" "Mozilla/5.0 (Linux; Android 11; CPH2185) AppleWebKit/537.36 (KHTML, like Gecko) Chrome/91.0.4472.101 Mobile Safari/537.36"
27.115.124.70 - - [12/Jul/2025:20:17:21 +0000] "GET /wp-includes/js/jquery/jquery-migrate.min.js?ver=3.4.1 HTTP/1.1" 200 4872 "https://gardenify.com.au/" "Mozilla/5.0 (Linux; U; Android 8.1.0; zh-cn; MI 8 Build/OPM1.171019.011) AppleWebKit/537.36 (KHTML, like Gecko) Version/4.0 Chrome/57.0.2987.108 Mobile Safari/537.36"
123.6.49.47 - - [12/Jul/2025:20:17:21 +0000] "GET /wp-content/plugins/leadconnector/public/css/lc-public.css?ver=3.0.8 HTTP/1.1" 200 106 "https://gardenify.com.au/services/" "Mozilla/5.0 (Linux; U; Android 8.1.0; zh-cn; MI 8 Build/OPM1.171019.011) AppleWebKit/537.36 (KHTML, like Gecko) Version/4.0 Chrome/57.0.2987.108 Mobile Safari/537.36"
123.6.49.12 - - [12/Jul/2025:20:17:21 +0000] "GET /wp-content/plugins/leadconnector/public/css/lc-public.css?ver=3.0.8 HTTP/1.1" 200 106 "https://gardenify.com.au/pricing/" "Mozilla/5.0 (Linux; Android 11; CPH2185) AppleWebKit/537.36 (KHTML, like Gecko) Chrome/91.0.4472.101 Mobile Safari/537.36"
27.115.124.70 - - [12/Jul/2025:20:17:21 +0000] "GET /wp-content/themes/Divi/includes/builder/feature/dynamic-assets/assets/js/jquery.fitvids.js?ver=4.27.4 HTTP/1.1" 200 1341 "https://gardenify.com.au/" "Mozilla/5.0 (Linux; U; Android 8.1.0; zh-cn; MI 8 Build/OPM1.171019.011) AppleWebKit/537.36 (KHTML, like Gecko) Version/4.0 Chrome/57.0.2987.108 Mobile Safari/537.36"
27.115.124.6 - - [12/Jul/2025:20:17:21 +0000] "GET /wp-content/themes/Divi/includes/builder/feature/dynamic-assets/assets/js/jquery.mobile.js?ver=4.27.4 HTTP/1.1" 200 3098 "https://gardenify.com.au/" "Mozilla/5.0 (Linux; U; Android 8.1.0; zh-cn; MI 8 Build/OPM1.171019.011) AppleWebKit/537.36 (KHTML, like Gecko) Version/4.0 Chrome/57.0.2987.108 Mobile Safari/537.36"
27.115.124.53 - - [12/Jul/2025:20:17:21 +0000] "GET /wp-content/themes/Divi/core/admin/js/common.js?ver=4.27.4 HTTP/1.1" 200 566 "https://gardenify.com.au/" "Mozilla/5.0 (Linux; U; Android 8.1.0; zh-cn; MI 8 Build/OPM1.171019.011) AppleWebKit/537.36 (KHTML, like Gecko) Version/4.0 Chrome/57.0.2987.108 Mobile Safari/537.36"
27.115.124.53 - - [12/Jul/2025:20:17:21 +0000] "GET /wp-content/themes/Divi/js/scripts.min.js?ver=4.27.4 HTTP/1.1" 200 70559 "https://gardenify.com.au/" "Mozilla/5.0 (Linux; U; Android 8.1.0; zh-cn; MI 8 Build/OPM1.171019.011) AppleWebKit/537.36 (KHTML, like Gecko) Version/4.0 Chrome/57.0.2987.108 Mobile Safari/537.36"
123.6.49.15 - - [12/Jul/2025:20:17:21 +0000] "GET /wp-content/et-cache/96/et-divi-dynamic-96.css?ver=1745564093 HTTP/1.1" 200 2923 "https://gardenify.com.au/pricing/" "Mozilla/5.0 (Linux; Android 11; CPH2185) AppleWebKit/537.36 (KHTML, like Gecko) Chrome/91.0.4472.101 Mobile Safari/537.36"
123.6.49.50 - - [12/Jul/2025:20:17:21 +0000] "GET /wp-content/et-cache/73/et-divi-dynamic-73.css?ver=1745564093 HTTP/1.1" 200 3053 "https://gardenify.com.au/services/" "Mozilla/5.0 (Linux; U; Android 8.1.0; zh-cn; MI 8 Build/OPM1.171019.011) AppleWebKit/537.36 (KHTML, like Gecko) Version/4.0 Chrome/57.0.2987.108 Mobile Safari/537.36"
123.6.49.47 - - [12/Jul/2025:20:17:21 +0000] "GET /wp-content/et-cache/73/et-core-unified-deferred-73.min.css?ver=1745564093 HTTP/1.1" 200 1374 "https://gardenify.com.au/services/" "Mozilla/5.0 (Linux; U; Android 8.1.0; zh-cn; MI 8 Build/OPM1.171019.011) AppleWebKit/537.36 (KHTML, like Gecko) Version/4.0 Chrome/57.0.2987.108 Mobile Safari/537.36"
123.6.49.12 - - [12/Jul/2025:20:17:21 +0000] "GET /wp-content/et-cache/96/et-core-unified-deferred-96.min.css?ver=1745564093 HTTP/1.1" 200 2106 "https://gardenify.com.au/pricing/" "Mozilla/5.0 (Linux; Android 11; CPH2185) AppleWebKit/537.36 (KHTML, like Gecko) Chrome/91.0.4472.101 Mobile Safari/537.36"
27.115.124.70 - - [12/Jul/2025:20:17:21 +0000] "GET /wp-content/uploads/2024/01/logo-01.png HTTP/1.1" 200 3461 "https://gardenify.com.au/" "Mozilla/5.0 (Linux; U; Android 8.1.0; zh-cn; MI 8 Build/OPM1.171019.011) AppleWebKit/537.36 (KHTML, like Gecko) Version/4.0 Chrome/57.0.2987.108 Mobile Safari/537.36"
27.115.124.6 - - [12/Jul/2025:20:17:21 +0000] "GET /wp-content/uploads/2024/01/landscape-maintenance-1-white.png HTTP/1.1" 200 1264 "https://gardenify.com.au/" "Mozilla/5.0 (Linux; U; Android 8.1.0; zh-cn; MI 8 Build/OPM1.171019.011) AppleWebKit/537.36 (KHTML, like Gecko) Version/4.0 Chrome/57.0.2987.108 Mobile Safari/537.36"
27.115.124.53 - - [12/Jul/2025:20:17:21 +0000] "GET /wp-content/uploads/2024/01/landscape-maintenance-5-white.png HTTP/1.1" 200 731 "https://gardenify.com.au/" "Mozilla/5.0 (Linux; U; Android 8.1.0; zh-cn; MI 8 Build/OPM1.171019.011) AppleWebKit/537.36 (KHTML, like Gecko) Version/4.0 Chrome/57.0.2987.108 Mobile Safari/537.36"
123.6.49.18 - - [12/Jul/2025:20:17:21 +0000] "GET /wp-includes/js/jquery/jquery.min.js?ver=3.7.1 HTTP/1.1" 200 30368 "https://gardenify.com.au/pricing/" "Mozilla/5.0 (Linux; Android 11; CPH2185) AppleWebKit/537.36 (KHTML, like Gecko) Chrome/91.0.4472.101 Mobile Safari/537.36"
123.6.49.15 - - [12/Jul/2025:20:17:21 +0000] "GET /wp-includes/js/jquery/jquery-migrate.min.js?ver=3.4.1 HTTP/1.1" 200 4872 "https://gardenify.com.au/pricing/" "Mozilla/5.0 (Linux; Android 11; CPH2185) AppleWebKit/537.36 (KHTML, like Gecko) Chrome/91.0.4472.101 Mobile Safari/537.36"
123.6.49.12 - - [12/Jul/2025:20:17:21 +0000] "GET /wp-includes/js/jquery/jquery.min.js?ver=3.7.1 HTTP/1.1" 200 30368 "https://gardenify.com.au/services/" "Mozilla/5.0 (Linux; U; Android 8.1.0; zh-cn; MI 8 Build/OPM1.171019.011) AppleWebKit/537.36 (KHTML, like Gecko) Version/4.0 Chrome/57.0.2987.108 Mobile Safari/537.36"
123.6.49.50 - - [12/Jul/2025:20:17:21 +0000] "GET /wp-includes/js/jquery/jquery-migrate.min.js?ver=3.4.1 HTTP/1.1" 200 4872 "https://gardenify.com.au/services/" "Mozilla/5.0 (Linux; U; Android 8.1.0; zh-cn; MI 8 Build/OPM1.171019.011) AppleWebKit/537.36 (KHTML, like Gecko) Version/4.0 Chrome/57.0.2987.108 Mobile Safari/537.36"
27.115.124.70 - - [12/Jul/2025:20:17:21 +0000] "GET /wp-content/uploads/2024/01/landscape-maintenance-12-dark.png HTTP/1.1" 200 629 "https://gardenify.com.au/" "Mozilla/5.0 (Linux; U; Android 8.1.0; zh-cn; MI 8 Build/OPM1.171019.011) AppleWebKit/537.36 (KHTML, like Gecko) Version/4.0 Chrome/57.0.2987.108 Mobile Safari/537.36"
27.115.124.6 - - [12/Jul/2025:20:17:21 +0000] "GET /wp-content/uploads/2024/01/landscape-maintenance-9-dark.png HTTP/1.1" 200 1141 "https://gardenify.com.au/" "Mozilla/5.0 (Linux; U; Android 8.1.0; zh-cn; MI 8 Build/OPM1.171019.011) AppleWebKit/537.36 (KHTML, like Gecko) Version/4.0 Chrome/57.0.2987.108 Mobile Safari/537.36"
27.115.124.53 - - [12/Jul/2025:20:17:21 +0000] "GET /wp-content/uploads/2024/01/landscape-maintenance-4-dark.png HTTP/1.1" 200 291 "https://gardenify.com.au/" "Mozilla/5.0 (Linux; U; Android 8.1.0; zh-cn; MI 8 Build/OPM1.171019.011) AppleWebKit/537.36 (KHTML, like Gecko) Version/4.0 Chrome/57.0.2987.108 Mobile Safari/537.36"
27.115.124.53 - - [12/Jul/2025:20:17:21 +0000] "GET /wp-content/uploads/2024/01/landscape-maintenance-11-dark.png HTTP/1.1" 200 1148 "https://gardenify.com.au/" "Mozilla/5.0 (Linux; U; Android 8.1.0; zh-cn; MI 8 Build/OPM1.171019.011) AppleWebKit/537.36 (KHTML, like Gecko) Version/4.0 Chrome/57.0.2987.108 Mobile Safari/537.36"
123.6.49.15 - - [12/Jul/2025:20:17:22 +0000] "GET /wp-content/themes/Divi/js/scripts.min.js?ver=4.27.4 HTTP/1.1" 200 70559 "https://gardenify.com.au/pricing/" "Mozilla/5.0 (Linux; Android 11; CPH2185) AppleWebKit/537.36 (KHTML, like Gecko) Chrome/91.0.4472.101 Mobile Safari/537.36"
123.6.49.50 - - [12/Jul/2025:20:17:22 +0000] "GET /wp-content/themes/Divi/js/scripts.min.js?ver=4.27.4 HTTP/1.1" 200 70559 "https://gardenify.com.au/services/" "Mozilla/5.0 (Linux; U; Android 8.1.0; zh-cn; MI 8 Build/OPM1.171019.011) AppleWebKit/537.36 (KHTML, like Gecko) Version/4.0 Chrome/57.0.2987.108 Mobile Safari/537.36"
27.115.124.70 - - [12/Jul/2025:20:17:22 +0000] "GET /wp-content/uploads/2024/01/landscape-maintenance-10-dark.png HTTP/1.1" 200 749 "https://gardenify.com.au/" "Mozilla/5.0 (Linux; U; Android 8.1.0; zh-cn; MI 8 Build/OPM1.171019.011) AppleWebKit/537.36 (KHTML, like Gecko) Version/4.0 Chrome/57.0.2987.108 Mobile Safari/537.36"
27.115.124.6 - - [12/Jul/2025:20:17:22 +0000] "GET /wp-content/et-cache/10/et-divi-dynamic-10-late.css HTTP/1.1" 200 649 "https://gardenify.com.au/" "Mozilla/5.0 (Linux; U; Android 8.1.0; zh-cn; MI 8 Build/OPM1.171019.011) AppleWebKit/537.36 (KHTML, like Gecko) Version/4.0 Chrome/57.0.2987.108 Mobile Safari/537.36"
27.115.124.53 - - [12/Jul/2025:20:17:22 +0000] "GET /wp-content/uploads/2024/01/landscape-maintenance-5-dark.png HTTP/1.1" 200 749 "https://gardenify.com.au/" "Mozilla/5.0 (Linux; U; Android 8.1.0; zh-cn; MI 8 Build/OPM1.171019.011) AppleWebKit/537.36 (KHTML, like Gecko) Version/4.0 Chrome/57.0.2987.108 Mobile Safari/537.36"
27.115.124.53 - - [12/Jul/2025:20:17:22 +0000] "GET /wp-content/uploads/2024/01/landscape-maintenance-39-480x671.jpg HTTP/1.1" 200 50929 "https://gardenify.com.au/" "Mozilla/5.0 (Linux; U; Android 8.1.0; zh-cn; MI 8 Build/OPM1.171019.011) AppleWebKit/537.36 (KHTML, like Gecko) Version/4.0 Chrome/57.0.2987.108 Mobile Safari/537.36"
123.6.49.18 - - [12/Jul/2025:20:17:22 +0000] "GET /wp-content/themes/Divi/core/admin/js/common.js?ver=4.27.4 HTTP/1.1" 200 566 "https://gardenify.com.au/pricing/" "Mozilla/5.0 (Linux; Android 11; CPH2185) AppleWebKit/537.36 (KHTML, like Gecko) Chrome/91.0.4472.101 Mobile Safari/537.36"
123.6.49.12 - - [12/Jul/2025:20:17:22 +0000] "GET /wp-content/uploads/2024/01/logo-01.png HTTP/1.1" 200 3461 "https://gardenify.com.au/pricing/" "Mozilla/5.0 (Linux; Android 11; CPH2185) AppleWebKit/537.36 (KHTML, like Gecko) Chrome/91.0.4472.101 Mobile Safari/537.36"
123.6.49.50 - - [12/Jul/2025:20:17:22 +0000] "GET /wp-content/uploads/2024/01/landscape-maintenance-1-white.png HTTP/1.1" 200 1264 "https://gardenify.com.au/services/" "Mozilla/5.0 (Linux; U; Android 8.1.0; zh-cn; MI 8 Build/OPM1.171019.011) AppleWebKit/537.36 (KHTML, like Gecko) Version/4.0 Chrome/57.0.2987.108 Mobile Safari/537.36"
123.6.49.47 - - [12/Jul/2025:20:17:22 +0000] "GET /wp-content/uploads/2024/01/logo-01.png HTTP/1.1" 200 3461 "https://gardenify.com.au/services/" "Mozilla/5.0 (Linux; U; Android 8.1.0; zh-cn; MI 8 Build/OPM1.171019.011) AppleWebKit/537.36 (KHTML, like Gecko) Version/4.0 Chrome/57.0.2987.108 Mobile Safari/537.36"
123.6.49.12 - - [12/Jul/2025:20:17:22 +0000] "GET /wp-content/themes/Divi/core/admin/js/common.js?ver=4.27.4 HTTP/1.1" 200 566 "https://gardenify.com.au/services/" "Mozilla/5.0 (Linux; U; Android 8.1.0; zh-cn; MI 8 Build/OPM1.171019.011) AppleWebKit/537.36 (KHTML, like Gecko) Version/4.0 Chrome/57.0.2987.108 Mobile Safari/537.36"
123.6.49.47 - - [12/Jul/2025:20:17:22 +0000] "GET /wp-content/uploads/2024/01/landscape-maintenance-5-white.png HTTP/1.1" 200 731 "https://gardenify.com.au/services/" "Mozilla/5.0 (Linux; U; Android 8.1.0; zh-cn; MI 8 Build/OPM1.171019.011) AppleWebKit/537.36 (KHTML, like Gecko) Version/4.0 Chrome/57.0.2987.108 Mobile Safari/537.36"
27.115.124.70 - - [12/Jul/2025:20:17:22 +0000] "GET /wp-content/uploads/2024/01/landscape-maintenance-09.png HTTP/1.1" 200 508 "https://gardenify.com.au/" "Mozilla/5.0 (Linux; U; Android 8.1.0; zh-cn; MI 8 Build/OPM1.171019.011) AppleWebKit/537.36 (KHTML, like Gecko) Version/4.0 Chrome/57.0.2987.108 Mobile Safari/537.36"
27.115.124.6 - - [12/Jul/2025:20:17:22 +0000] "GET /wp-includes/css/dist/block-library/style.min.css?ver=6.8.1 HTTP/1.1" 200 15323 "https://gardenify.com.au/" "Mozilla/5.0 (Linux; U; Android 8.1.0; zh-cn; MI 8 Build/OPM1.171019.011) AppleWebKit/537.36 (KHTML, like Gecko) Version/4.0 Chrome/57.0.2987.108 Mobile Safari/537.36"
123.6.49.12 - - [12/Jul/2025:20:17:22 +0000] "GET /wp-includes/css/dist/block-library/style.min.css?ver=6.8.1 HTTP/1.1" 200 15323 "https://gardenify.com.au/pricing/" "Mozilla/5.0 (Linux; Android 11; CPH2185) AppleWebKit/537.36 (KHTML, like Gecko) Chrome/91.0.4472.101 Mobile Safari/537.36"
123.6.49.50 - - [12/Jul/2025:20:17:22 +0000] "GET /wp-content/uploads/2024/01/landscape-maintenance-23.png HTTP/1.1" 200 2651 "https://gardenify.com.au/services/" "Mozilla/5.0 (Linux; U; Android 8.1.0; zh-cn; MI 8 Build/OPM1.171019.011) AppleWebKit/537.36 (KHTML, like Gecko) Version/4.0 Chrome/57.0.2987.108 Mobile Safari/537.36"
123.6.49.50 - - [12/Jul/2025:20:17:22 +0000] "GET /wp-content/uploads/2024/01/landscape-maintenance-24.png HTTP/1.1" 200 2390 "https://gardenify.com.au/services/" "Mozilla/5.0 (Linux; U; Android 8.1.0; zh-cn; MI 8 Build/OPM1.171019.011) AppleWebKit/537.36 (KHTML, like Gecko) Version/4.0 Chrome/57.0.2987.108 Mobile Safari/537.36"
123.6.49.12 - - [12/Jul/2025:20:17:22 +0000] "GET /wp-content/uploads/2024/01/landscape-maintenance-25.png HTTP/1.1" 200 2585 "https://gardenify.com.au/services/" "Mozilla/5.0 (Linux; U; Android 8.1.0; zh-cn; MI 8 Build/OPM1.171019.011) AppleWebKit/537.36 (KHTML, like Gecko) Version/4.0 Chrome/57.0.2987.108 Mobile Safari/537.36"
123.6.49.47 - - [12/Jul/2025:20:17:22 +0000] "GET /wp-content/uploads/2024/01/landscape-maintenance-5-color.png HTTP/1.1" 200 1073 "https://gardenify.com.au/services/" "Mozilla/5.0 (Linux; U; Android 8.1.0; zh-cn; MI 8 Build/OPM1.171019.011) AppleWebKit/537.36 (KHTML, like Gecko) Version/4.0 Chrome/57.0.2987.108 Mobile Safari/537.36"
123.6.49.47 - - [12/Jul/2025:20:17:22 +0000] "GET /wp-content/uploads/2024/01/landscape-maintenance-11-color.png HTTP/1.1" 200 1346 "https://gardenify.com.au/services/" "Mozilla/5.0 (Linux; U; Android 8.1.0; zh-cn; MI 8 Build/OPM1.171019.011) AppleWebKit/537.36 (KHTML, like Gecko) Version/4.0 Chrome/57.0.2987.108 Mobile Safari/537.36"
123.6.49.50 - - [12/Jul/2025:20:17:22 +0000] "GET /wp-content/uploads/2024/01/landscape-maintenance-10-color.png HTTP/1.1" 200 1066 "https://gardenify.com.au/services/" "Mozilla/5.0 (Linux; U; Android 8.1.0; zh-cn; MI 8 Build/OPM1.171019.011) AppleWebKit/537.36 (KHTML, like Gecko) Version/4.0 Chrome/57.0.2987.108 Mobile Safari/537.36"
123.6.49.50 - - [12/Jul/2025:20:17:22 +0000] "GET /wp-content/uploads/2024/01/landscape-maintenance-9-color.png HTTP/1.1" 200 1647 "https://gardenify.com.au/services/" "Mozilla/5.0 (Linux; U; Android 8.1.0; zh-cn; MI 8 Build/OPM1.171019.011) AppleWebKit/537.36 (KHTML, like Gecko) Version/4.0 Chrome/57.0.2987.108 Mobile Safari/537.36"
123.6.49.12 - - [12/Jul/2025:20:17:22 +0000] "GET /wp-content/uploads/2024/01/landscape-maintenance-2-color.png HTTP/1.1" 200 414 "https://gardenify.com.au/services/" "Mozilla/5.0 (Linux; U; Android 8.1.0; zh-cn; MI 8 Build/OPM1.171019.011) AppleWebKit/537.36 (KHTML, like Gecko) Version/4.0 Chrome/57.0.2987.108 Mobile Safari/537.36"
123.6.49.47 - - [12/Jul/2025:20:17:22 +0000] "GET /wp-content/uploads/2024/01/landscape-maintenance-6-color.png HTTP/1.1" 200 1127 "https://gardenify.com.au/services/" "Mozilla/5.0 (Linux; U; Android 8.1.0; zh-cn; MI 8 Build/OPM1.171019.011) AppleWebKit/537.36 (KHTML, like Gecko) Version/4.0 Chrome/57.0.2987.108 Mobile Safari/537.36"
123.6.49.18 - - [12/Jul/2025:20:17:22 +0000] "GET /wp-content/uploads/2024/01/landscape-maintenance-1-color.png HTTP/1.1" 200 1586 "https://gardenify.com.au/services/" "Mozilla/5.0 (Linux; U; Android 8.1.0; zh-cn; MI 8 Build/OPM1.171019.011) AppleWebKit/537.36 (KHTML, like Gecko) Version/4.0 Chrome/57.0.2987.108 Mobile Safari/537.36"
123.6.49.47 - - [12/Jul/2025:20:17:22 +0000] "GET /wp-content/uploads/2024/01/landscape-maintenance-4-color.png HTTP/1.1" 200 336 "https://gardenify.com.au/services/" "Mozilla/5.0 (Linux; U; Android 8.1.0; zh-cn; MI 8 Build/OPM1.171019.011) AppleWebKit/537.36 (KHTML, like Gecko) Version/4.0 Chrome/57.0.2987.108 Mobile Safari/537.36"
123.6.49.50 - - [12/Jul/2025:20:17:23 +0000] "GET /wp-content/uploads/2024/01/landscape-maintenance-09.png HTTP/1.1" 200 508 "https://gardenify.com.au/services/" "Mozilla/5.0 (Linux; U; Android 8.1.0; zh-cn; MI 8 Build/OPM1.171019.011) AppleWebKit/537.36 (KHTML, like Gecko) Version/4.0 Chrome/57.0.2987.108 Mobile Safari/537.36"
