85.208.96.196 - - [13/Jul/2025:12:41:32 +0000] "GET /?i=45481971121970&mod=f9fd5ec4&uri=brands.php%3Fid%3D1517871-58%26name%3Dmarc%2Bjacobs%2Bperfume%2Bviolet HTTP/1.1" 200 2084 "-" "Mozilla/5.0 (compatible; SemrushBot/7~bl; +http://www.semrush.com/bot.html)"
185.191.171.5 - - [13/Jul/2025:12:41:39 +0000] "GET /?i=35225865051970&mod=5a2afca6&uri=products.php%3Fid%3D1175709-80%26name%3Dcostco%2Bmavic HTTP/1.1" 200 2073 "-" "Mozilla/5.0 (compatible; SemrushBot/7~bl; +http://www.semrush.com/bot.html)"
185.191.171.9 - - [13/Jul/2025:12:41:41 +0000] "GET /?i=56091282061970&mod=a44b1fed&uri=blog.php%3Fid%3D1871802-690%26name%3Dcocina%2Bde%2Baprendizaje%2Bfisher%2Bprice HTTP/1.1" 200 2088 "-" "Mozilla/5.0 (compatible; SemrushBot/7~bl; +http://www.semrush.com/bot.html)"
209.74.77.214 - - [13/Jul/2025:12:41:58 +0000] "POST /wp-cron.php?doing_wp_cron=1752410518.5254120826721191406250 HTTP/1.1" 200 - "-" "WordPress/6.8.1; https://jrncommunityhousing.charity"
185.191.171.2 - - [13/Jul/2025:12:41:58 +0000] "GET /?i=54600363001970&mod=c45fc6aa&uri=dp.php%3Fid%3D1822067-1308%26name%3Dcute%2Bshoes%2Bto%2Bwear%2Bwith%2Bdresses HTTP/1.1" 200 2085 "-" "Mozilla/5.0 (compatible; SemrushBot/7~bl; +http://www.semrush.com/bot.html)"
185.191.171.3 - - [13/Jul/2025:12:42:00 +0000] "GET /?i=91744903021970&mod=ef3f1d69&uri=category-info.php%3Fid%3D3061701-1569%26name%3Dgiuseppe%2Bcalzature HTTP/1.1" 200 2081 "-" "Mozilla/5.0 (compatible; SemrushBot/7~bl; +http://www.semrush.com/bot.html)"
185.191.171.8 - - [13/Jul/2025:12:42:02 +0000] "GET /?i=110687083121970&mod=3da05410&uri=products.php%3Fid%3D3693980-758%26name%3Dgiubbotto%2Bnike%2B2016 HTTP/1.1" 200 2082 "-" "Mozilla/5.0 (compatible; SemrushBot/7~bl; +http://www.semrush.com/bot.html)"
85.208.96.210 - - [13/Jul/2025:12:42:14 +0000] "GET /?i=43565665011970&mod=19c7ee17&uri=pin.php%3Fid%3D1453939-664%26name%3Dversace%2Bbutterfly%2Bglasses HTTP/1.1" 200 2080 "-" "Mozilla/5.0 (compatible; SemrushBot/7~bl; +http://www.semrush.com/bot.html)"
209.74.77.214 - - [13/Jul/2025:12:42:17 +0000] "POST /wp-cron.php?doing_wp_cron=1752410537.8850820064544677734375 HTTP/1.1" 200 - "-" "WordPress/6.8.1; https://jrncommunityhousing.charity"
185.191.171.3 - - [13/Jul/2025:12:42:17 +0000] "GET /?i=41696321041970&mod=c72c3a6a&uri=shop.php%3Fid%3D1391596-526%26name%3Ddog%2Bskunk%2Bbath HTTP/1.1" 200 2075 "-" "Mozilla/5.0 (compatible; SemrushBot/7~bl; +http://www.semrush.com/bot.html)"
209.74.77.214 - - [13/Jul/2025:12:42:38 +0000] "POST /wp-cron.php?doing_wp_cron=1752410558.3554620742797851562500 HTTP/1.1" 200 - "-" "WordPress/6.8.1; https://jrncommunityhousing.charity"
85.208.96.193 - - [13/Jul/2025:12:42:38 +0000] "GET /?i=30013184011970&mod=b0f269bb&uri=info.php%3Fid%3D1001754-979%26name%3Dnike%2Bair%2Buptempo%2Bhoyas HTTP/1.1" 200 2079 "-" "Mozilla/5.0 (compatible; SemrushBot/7~bl; +http://www.semrush.com/bot.html)"
85.208.96.209 - - [13/Jul/2025:12:42:43 +0000] "GET /?i=43476243051970&mod=14c8b321&uri=dp.php%3Fid%3D1450952-1197%26name%3Dray%2Bban%2Bon%2Bline HTTP/1.1" 200 2075 "-" "Mozilla/5.0 (compatible; SemrushBot/7~bl; +http://www.semrush.com/bot.html)"
209.74.77.214 - - [13/Jul/2025:12:43:14 +0000] "POST /wp-cron.php?doing_wp_cron=1752410594.7562499046325683593750 HTTP/1.1" 200 - "-" "WordPress/6.8.1; https://jrncommunityhousing.charity"
185.191.171.13 - - [13/Jul/2025:12:43:14 +0000] "GET /?i=112035428051970&mod=720a860f&uri=news.php%3Fid%3D3738994-450%26name%3Ddark%2Bbrown%2Bswivel%2Bbar%2Bstools HTTP/1.1" 200 2087 "-" "Mozilla/5.0 (compatible; SemrushBot/7~bl; +http://www.semrush.com/bot.html)"
209.74.77.214 - - [13/Jul/2025:12:43:22 +0000] "POST /wp-cron.php?doing_wp_cron=1752410602.9665939807891845703125 HTTP/1.1" 200 - "-" "WordPress/6.8.1; https://jrncommunityhousing.charity"
85.208.96.200 - - [13/Jul/2025:12:43:22 +0000] "GET /?i=33795859021970&mod=5785db0b&uri=dp.php%3Fid%3D1127972-1042%26name%3Dmizuno%2Bqueretaro HTTP/1.1" 200 2074 "-" "Mozilla/5.0 (compatible; SemrushBot/7~bl; +http://www.semrush.com/bot.html)"
209.74.77.214 - - [13/Jul/2025:12:43:50 +0000] "POST /wp-cron.php?doing_wp_cron=1752410630.0594880580902099609375 HTTP/1.1" 200 - "-" "WordPress/6.8.1; https://jrncommunityhousing.charity"
85.208.96.195 - - [13/Jul/2025:12:43:49 +0000] "GET /?i=67336851131970&mod=8a383970&uri=category-info.php%3Fid%3D2247084-1182%26name%3Dcommes%2Bdes%2Bgarcon%2Bshoes HTTP/1.1" 200 2083 "-" "Mozilla/5.0 (compatible; SemrushBot/7~bl; +http://www.semrush.com/bot.html)"
209.74.77.214 - - [13/Jul/2025:12:43:56 +0000] "POST /wp-cron.php?doing_wp_cron=1752410636.7696530818939208984375 HTTP/1.1" 200 - "-" "WordPress/6.8.1; https://jrncommunityhousing.charity"
185.191.171.5 - - [13/Jul/2025:12:43:56 +0000] "GET /?i=98777493001970&mod=35dbf33b&uri=news.php%3Fid%3D3296455-1530%26name%3Dciclocomputador%2Bwahoo HTTP/1.1" 200 2078 "-" "Mozilla/5.0 (compatible; SemrushBot/7~bl; +http://www.semrush.com/bot.html)"
209.74.77.214 - - [13/Jul/2025:12:44:16 +0000] "POST /wp-cron.php?doing_wp_cron=1752410656.2409889698028564453125 HTTP/1.1" 200 - "-" "WordPress/6.8.1; https://jrncommunityhousing.charity"
185.191.171.9 - - [13/Jul/2025:12:44:16 +0000] "GET /?i=39725030081970&mod=5a97512a&uri=blog.php%3Fid%3D1325811-1141%26name%3Dinfantino%2Bbaby%2Bcarrier%2Bin%2Bmanual HTTP/1.1" 200 2090 "-" "Mozilla/5.0 (compatible; SemrushBot/7~bl; +http://www.semrush.com/bot.html)"
209.74.77.214 - - [13/Jul/2025:12:45:03 +0000] "POST /wp-cron.php?doing_wp_cron=1752410703.8422470092773437500000 HTTP/1.1" 200 - "-" "WordPress/6.8.1; https://jrncommunityhousing.charity"
85.208.96.200 - - [13/Jul/2025:12:45:01 +0000] "GET /?i=92163703011970&mod=286674e3&uri=category-info.php%3Fid%3D3075676-12%26name%3Dpercha%2Bsabanas HTTP/1.1" 200 2077 "-" "Mozilla/5.0 (compatible; SemrushBot/7~bl; +http://www.semrush.com/bot.html)"
185.191.171.12 - - [13/Jul/2025:12:45:06 +0000] "GET /?i=46440166071970&mod=eb530d95&uri=form.php%3Fid%3D1549837-117%26name%3Dsamsung%2Bgalaxy%2Bwatch%2Bel%2Bcorte%2Bingl%C3%83%C2%A9s HTTP/1.1" 200 2104 "-" "Mozilla/5.0 (compatible; SemrushBot/7~bl; +http://www.semrush.com/bot.html)"
209.74.77.214 - - [13/Jul/2025:12:45:19 +0000] "POST /wp-cron.php?doing_wp_cron=1752410719.3772900104522705078125 HTTP/1.1" 200 - "-" "WordPress/6.8.1; https://jrncommunityhousing.charity"
85.208.96.204 - - [13/Jul/2025:12:45:19 +0000] "GET /?i=4661149011970&mod=0704b08c&uri=blog.php%3Fid%3D155572-284%26name%3Dbulls%2Bjersey%2B21 HTTP/1.1" 200 2074 "-" "Mozilla/5.0 (compatible; SemrushBot/7~bl; +http://www.semrush.com/bot.html)"
185.191.171.6 - - [13/Jul/2025:12:45:21 +0000] "GET /?i=73518275011970&mod=77dfc2d6&uri=news.php%3Fid%3D2453373-1458%26name%3Dsalomon%2Bski%2Bclothing%2Bsale HTTP/1.1" 200 2081 "-" "Mozilla/5.0 (compatible; SemrushBot/7~bl; +http://www.semrush.com/bot.html)"
185.191.171.1 - - [13/Jul/2025:12:45:24 +0000] "GET /?i=90137930021970&mod=50b4ef7d&uri=dp.php%3Fid%3D3008036-1549%26name%3Dcanada%2Bgoose%2Bklarna HTTP/1.1" 200 2075 "-" "Mozilla/5.0 (compatible; SemrushBot/7~bl; +http://www.semrush.com/bot.html)"
209.74.77.214 - - [13/Jul/2025:12:45:40 +0000] "POST /wp-cron.php?doing_wp_cron=1752410740.0095250606536865234375 HTTP/1.1" 200 - "-" "WordPress/6.8.1; https://jrncommunityhousing.charity"
85.208.96.194 - - [13/Jul/2025:12:45:39 +0000] "GET /?i=42127690051970&mod=bbee3582&uri=us.php%3Fid%3D1405979-1173%26name%3Dred%2Brock%2Bsling HTTP/1.1" 200 2073 "-" "Mozilla/5.0 (compatible; SemrushBot/7~bl; +http://www.semrush.com/bot.html)"
185.191.171.9 - - [13/Jul/2025:12:45:42 +0000] "GET /?i=12474885021970&mod=ed478140&uri=blog.php%3Fid%3D416538-120%26name%3Dcatalogo%2Bandrea%2Bhombres%2B2021 HTTP/1.1" 200 2082 "-" "Mozilla/5.0 (compatible; SemrushBot/7~bl; +http://www.semrush.com/bot.html)"
185.191.171.9 - - [13/Jul/2025:12:45:50 +0000] "GET /?i=6937175071970&mod=5cfa02f9&uri=products.php%3Fid%3D231680-388%26name%3Dair%2Bmax%2Bfemme%2Bjaune HTTP/1.1" 200 2081 "-" "Mozilla/5.0 (compatible; SemrushBot/7~bl; +http://www.semrush.com/bot.html)"
209.74.77.214 - - [13/Jul/2025:12:45:54 +0000] "POST /wp-cron.php?doing_wp_cron=1752410754.1890060901641845703125 HTTP/1.1" 200 - "-" "WordPress/6.8.1; https://jrncommunityhousing.charity"
185.191.171.6 - - [13/Jul/2025:12:45:53 +0000] "GET /?i=63860344011970&mod=a74bb0f7&uri=dp.php%3Fid%3D2131075-1380%26name%3Dchico%2Bcosleeper HTTP/1.1" 200 2073 "-" "Mozilla/5.0 (compatible; SemrushBot/7~bl; +http://www.semrush.com/bot.html)"
85.208.96.208 - - [13/Jul/2025:12:46:06 +0000] "GET /?i=43457736071970&mod=e1ce9243&uri=brands.php%3Fid%3D1450335-1093%26name%3Dsize%2B12%2Bsquare%2Btoe%2Bheels HTTP/1.1" 200 2084 "-" "Mozilla/5.0 (compatible; SemrushBot/7~bl; +http://www.semrush.com/bot.html)"
185.191.171.3 - - [13/Jul/2025:12:46:11 +0000] "GET /?i=94288062021970&mod=0dcd298d&uri=news.php%3Fid%3D3146581-235%26name%3Dpepe%2Bjeansjacke%2Bcore HTTP/1.1" 200 2077 "-" "Mozilla/5.0 (compatible; SemrushBot/7~bl; +http://www.semrush.com/bot.html)"
85.208.96.203 - - [13/Jul/2025:12:46:13 +0000] "GET /?i=21237260021970&mod=59bc8167&uri=pin.php%3Fid%3D708896-786%26name%3Dboxing%2Bday%2Bblundstone%2Bsale HTTP/1.1" 200 2081 "-" "Mozilla/5.0 (compatible; SemrushBot/7~bl; +http://www.semrush.com/bot.html)"
209.74.77.214 - - [13/Jul/2025:12:46:19 +0000] "POST /wp-cron.php?doing_wp_cron=1752410779.5639228820800781250000 HTTP/1.1" 200 - "-" "WordPress/6.8.1; https://jrncommunityhousing.charity"
185.191.171.2 - - [13/Jul/2025:12:46:19 +0000] "GET /?i=83284618021970&mod=9d06fc0e&uri=products.php%3Fid%3D2779356-200%26name%3Dguess%2Bgreen%2Bjumpsuit HTTP/1.1" 200 2083 "-" "Mozilla/5.0 (compatible; SemrushBot/7~bl; +http://www.semrush.com/bot.html)"
91.84.110.151 - - [13/Jul/2025:12:46:30 +0000] "GET / HTTP/1.1" 301 - "-" "Mozilla/5.0 (Macintosh; Intel Mac OS X 10_15_7) AppleWebKit/537.36 (KHTML, like Gecko) Chrome/133.0.0.0 Safari/537.36"
209.74.77.214 - - [13/Jul/2025:12:46:32 +0000] "POST /wp-cron.php?doing_wp_cron=1752410792.2756168842315673828125 HTTP/1.1" 200 - "-" "WordPress/6.8.1; https://jrncommunityhousing.charity"
91.84.110.151 - - [13/Jul/2025:12:46:32 +0000] "GET / HTTP/1.1" 200 1993 "https://JRNCOMMUNITYHOUSING.CHARITY" "Mozilla/5.0 (Macintosh; Intel Mac OS X 10_15_7) AppleWebKit/537.36 (KHTML, like Gecko) Chrome/133.0.0.0 Safari/537.36"
91.84.110.151 - - [13/Jul/2025:12:46:33 +0000] "GET /wp-login.php?action=lostpassword HTTP/1.1" 200 30880 "-" "Mozilla/5.0 (Macintosh; Intel Mac OS X 10_15_7) AppleWebKit/537.36 (KHTML, like Gecko) Chrome/133.0.0.0 Safari/537.36"
102.164.23.139 - - [13/Jul/2025:12:46:37 +0000] "POST /wp-login.php?action=lostpassword HTTP/1.1" 200 30979 "-" "Mozilla/5.0 (Macintosh; Intel Mac OS X 10_15_7) AppleWebKit/537.36 (KHTML, like Gecko) Chrome/133.0.0.0 Safari/537.36"
102.164.23.139 - - [13/Jul/2025:12:46:40 +0000] "POST /wp-login.php?action=lostpassword HTTP/1.1" 200 30950 "-" "Mozilla/5.0 (Windows NT 10.0; Win64; x64) AppleWebKit/537.36 (KHTML, like Gecko) Chrome/120.0.0.0 Safari/537.36"
91.84.110.151 - - [13/Jul/2025:12:46:42 +0000] "GET /wp-login.php HTTP/1.1" 200 31626 "-" "Mozilla/5.0 (Macintosh; Intel Mac OS X 10_15_7) AppleWebKit/537.36 (KHTML, like Gecko) Chrome/133.0.0.0 Safari/537.36"
85.208.96.208 - - [13/Jul/2025:12:46:45 +0000] "GET /?i=72051112041970&mod=7d96510e&uri=brands.php%3Fid%3D2404412-1440%26name%3Dadidas%2Bzx%2B750%2B84%2Blab HTTP/1.1" 200 2083 "-" "Mozilla/5.0 (compatible; SemrushBot/7~bl; +http://www.semrush.com/bot.html)"
209.74.77.214 - - [13/Jul/2025:12:47:19 +0000] "POST /wp-cron.php?doing_wp_cron=1752410839.7025139331817626953125 HTTP/1.1" 200 - "-" "WordPress/6.8.1; https://jrncommunityhousing.charity"
85.208.96.211 - - [13/Jul/2025:12:47:17 +0000] "GET /?i=36713828071970&mod=551c44d4&uri=products.php%3Fid%3D1225364-567%26name%3Dsugoi%2Bsub%2Bzero%2Brunning%2Btights HTTP/1.1" 200 2090 "-" "Mozilla/5.0 (compatible; SemrushBot/7~bl; +http://www.semrush.com/bot.html)"
185.191.171.10 - - [13/Jul/2025:12:47:23 +0000] "GET /?i=2515119051970&mod=7c765811&uri=brands.php%3Fid%3D83962-164%26name%3Dnike%2B90ez HTTP/1.1" 200 2070 "-" "Mozilla/5.0 (compatible; SemrushBot/7~bl; +http://www.semrush.com/bot.html)"
209.74.77.214 - - [13/Jul/2025:12:47:42 +0000] "POST /wp-cron.php?doing_wp_cron=1752410862.7996649742126464843750 HTTP/1.1" 200 - "-" "WordPress/6.8.1; https://jrncommunityhousing.charity"
185.191.171.9 - - [13/Jul/2025:12:47:42 +0000] "GET /?i=89991753051970&mod=a03f1385&uri=shop.php%3Fid%3D3003161-1110%26name%3Dmsi%2Bgtx%2B1660%2Bsuper%2Bgaming%2Bx%2B6gb HTTP/1.1" 200 2090 "-" "Mozilla/5.0 (compatible; SemrushBot/7~bl; +http://www.semrush.com/bot.html)"
209.74.77.214 - - [13/Jul/2025:12:47:55 +0000] "POST /wp-cron.php?doing_wp_cron=1752410875.5308620929718017578125 HTTP/1.1" 200 - "-" "WordPress/6.8.1; https://jrncommunityhousing.charity"
185.191.171.2 - - [13/Jul/2025:12:47:55 +0000] "GET /?i=42752260021970&mod=47629dfc&uri=us.php%3Fid%3D1426807-630%26name%3Dformal%2Bevening%2Bpants%2Band%2Btops HTTP/1.1" 200 2082 "-" "Mozilla/5.0 (compatible; SemrushBot/7~bl; +http://www.semrush.com/bot.html)"
185.191.171.18 - - [13/Jul/2025:12:48:02 +0000] "GET /?i=114495481011970&mod=f822f9f9&uri=info.php%3Fid%3D3821136-1687%26name%3Dclassy%2Bfall%2Boutfits%2B2018 HTTP/1.1" 200 2084 "-" "Mozilla/5.0 (compatible; SemrushBot/7~bl; +http://www.semrush.com/bot.html)"
209.74.77.214 - - [13/Jul/2025:12:48:18 +0000] "POST /wp-cron.php?doing_wp_cron=1752410898.7353229522705078125000 HTTP/1.1" 200 - "-" "WordPress/6.8.1; https://jrncommunityhousing.charity"
185.191.171.5 - - [13/Jul/2025:12:48:18 +0000] "GET /?i=23797981031970&mod=15ae5e8f&uri=product.php%3Fid%3D794315-841%26name%3Dle%2Bcoq%2Bsportif%2Bcolombia%2Bvivo HTTP/1.1" 200 2085 "-" "Mozilla/5.0 (compatible; SemrushBot/7~bl; +http://www.semrush.com/bot.html)"
209.74.77.214 - - [13/Jul/2025:12:49:09 +0000] "POST /wp-cron.php?doing_wp_cron=1752410949.3353090286254882812500 HTTP/1.1" 200 - "-" "WordPress/6.8.1; https://jrncommunityhousing.charity"
185.191.171.9 - - [13/Jul/2025:12:49:07 +0000] "GET /?i=34125621071970&mod=402b0702&uri=goods.php%3Fid%3D1138988-43%26name%3Dkipling%2Bwristlet HTTP/1.1" 200 2075 "-" "Mozilla/5.0 (compatible; SemrushBot/7~bl; +http://www.semrush.com/bot.html)"
209.74.77.214 - - [13/Jul/2025:12:49:22 +0000] "POST /wp-cron.php?doing_wp_cron=1752410962.5545930862426757812500 HTTP/1.1" 200 - "-" "WordPress/6.8.1; https://jrncommunityhousing.charity"
85.208.96.210 - - [13/Jul/2025:12:49:22 +0000] "GET /?i=31719884041970&mod=abe272a9&uri=products.php%3Fid%3D1058699-1006%26name%3Dnike%2Bflex%2Bexperience%2Brn%2Bmen HTTP/1.1" 200 2089 "-" "Mozilla/5.0 (compatible; SemrushBot/7~bl; +http://www.semrush.com/bot.html)"
85.208.96.209 - - [13/Jul/2025:12:49:24 +0000] "GET /?i=82090637071970&mod=6c730b10&uri=article.php%3Fid%3D2739518-195%26name%3Dauthentic%2Bathletic%2Bwear%2Bchampion HTTP/1.1" 200 2086 "-" "Mozilla/5.0 (compatible; SemrushBot/7~bl; +http://www.semrush.com/bot.html)"
209.74.77.214 - - [13/Jul/2025:12:49:35 +0000] "POST /wp-cron.php?doing_wp_cron=1752410975.0728058815002441406250 HTTP/1.1" 200 - "-" "WordPress/6.8.1; https://jrncommunityhousing.charity"
85.208.96.204 - - [13/Jul/2025:12:49:32 +0000] "GET /?i=62827802011970&mod=343ec9a8&uri=article.php%3Fid%3D2096635-700%26name%3Dorange%2Bsable%2Bparti%2Bpomeranian HTTP/1.1" 200 2084 "-" "Mozilla/5.0 (compatible; SemrushBot/7~bl; +http://www.semrush.com/bot.html)"
185.191.171.18 - - [13/Jul/2025:12:49:40 +0000] "GET /?i=3549792031970&mod=96b4fe54&uri=search.php%3Fid%3D118487-223%26name%3Dla%2Bsportiva%2Bmiura%2Bdecathlon HTTP/1.1" 200 2083 "-" "Mozilla/5.0 (compatible; SemrushBot/7~bl; +http://www.semrush.com/bot.html)"
85.208.96.204 - - [13/Jul/2025:12:49:41 +0000] "GET /?i=80891529041970&mod=9160e7ca&uri=products.php%3Fid%3D2699471-1512%26name%3Dblack%2Bholi%2Bnmd HTTP/1.1" 200 2078 "-" "Mozilla/5.0 (compatible; SemrushBot/7~bl; +http://www.semrush.com/bot.html)"
185.191.171.9 - - [13/Jul/2025:12:49:44 +0000] "GET /?i=26709325051970&mod=88055f62&uri=itm.php%3Fid%3D891432-902%26name%3Den%2Bcrocs HTTP/1.1" 200 2067 "-" "Mozilla/5.0 (compatible; SemrushBot/7~bl; +http://www.semrush.com/bot.html)"
209.74.77.214 - - [13/Jul/2025:12:50:01 +0000] "POST /wp-cron.php?doing_wp_cron=1752411001.0217289924621582031250 HTTP/1.1" 200 - "-" "WordPress/6.8.1; https://jrncommunityhousing.charity"
85.208.96.206 - - [13/Jul/2025:12:50:00 +0000] "GET /?i=3193678071970&mod=bc80ecf1&uri=dp.php%3Fid%3D106607-196%26name%3Dtoddler%2Bcheckerboard%2Bvans%2Bpink HTTP/1.1" 200 2080 "-" "Mozilla/5.0 (compatible; SemrushBot/7~bl; +http://www.semrush.com/bot.html)"
85.208.96.201 - - [13/Jul/2025:12:50:05 +0000] "GET /?i=106016052041970&mod=503784bb&uri=brands.php%3Fid%3D3538108-587%26name%3Dbotines%2Badidas%2Boro HTTP/1.1" 200 2078 "-" "Mozilla/5.0 (compatible; SemrushBot/7~bl; +http://www.semrush.com/bot.html)"
85.208.96.201 - - [13/Jul/2025:12:50:07 +0000] "GET /?i=103029429041970&mod=552bc101&uri=shared.php%3Fid%3D3438383-1629%26name%3Dbusiness%2Bcasual%2Bbrands HTTP/1.1" 200 2081 "-" "Mozilla/5.0 (compatible; SemrushBot/7~bl; +http://www.semrush.com/bot.html)"
85.208.96.207 - - [13/Jul/2025:12:50:12 +0000] "GET /?i=80283352011970&mod=143d8be3&uri=info.php%3Fid%3D2679161-1504%26name%3Dnmd%2Bcs2%2Bpink%2Bblack HTTP/1.1" 200 2079 "-" "Mozilla/5.0 (compatible; SemrushBot/7~bl; +http://www.semrush.com/bot.html)"
209.74.77.214 - - [13/Jul/2025:12:50:17 +0000] "POST /wp-cron.php?doing_wp_cron=1752411017.3005669116973876953125 HTTP/1.1" 200 - "-" "WordPress/6.8.1; https://jrncommunityhousing.charity"
185.191.171.9 - - [13/Jul/2025:12:50:17 +0000] "GET /?i=67350054011970&mod=57601185&uri=dp.php%3Fid%3D2247525-1180%26name%3Dnew%2Bera%2Bofficial%2Bstore HTTP/1.1" 200 2078 "-" "Mozilla/5.0 (compatible; SemrushBot/7~bl; +http://www.semrush.com/bot.html)"
85.208.96.206 - - [13/Jul/2025:12:50:22 +0000] "GET /?i=65002934011970&mod=82d3780c&uri=products.php%3Fid%3D2169193-1396%26name%3Dtshirt%2Bspirit HTTP/1.1" 200 2076 "-" "Mozilla/5.0 (compatible; SemrushBot/7~bl; +http://www.semrush.com/bot.html)"
209.74.77.214 - - [13/Jul/2025:12:50:44 +0000] "POST /wp-cron.php?doing_wp_cron=1752411044.7196710109710693359375 HTTP/1.1" 200 - "-" "WordPress/6.8.1; https://jrncommunityhousing.charity"
185.191.171.17 - - [13/Jul/2025:12:50:44 +0000] "GET /?i=97074024041970&mod=196e86ab&uri=brands.php%3Fid%3D3239588-1320%26name%3Dmen%27s%2Bnike%2Bair%2Bmax%2Bmodern%2Bessential%2Brunning%2Bshoes HTTP/1.1" 200 2107 "-" "Mozilla/5.0 (compatible; SemrushBot/7~bl; +http://www.semrush.com/bot.html)"
209.74.77.214 - - [13/Jul/2025:12:51:13 +0000] "POST /wp-cron.php?doing_wp_cron=1752411073.5959980487823486328125 HTTP/1.1" 200 - "-" "WordPress/6.8.1; https://jrncommunityhousing.charity"
185.191.171.17 - - [13/Jul/2025:12:51:13 +0000] "GET /?i=91294012031970&mod=5ffae9af&uri=itm.php%3Fid%3D3046626-1564%26name%3Dsimms%2Bchallenger%2Bwindbloc%2Bhoody HTTP/1.1" 200 2086 "-" "Mozilla/5.0 (compatible; SemrushBot/7~bl; +http://www.semrush.com/bot.html)"
209.74.77.214 - - [13/Jul/2025:12:51:43 +0000] "POST /wp-cron.php?doing_wp_cron=1752411103.9783639907836914062500 HTTP/1.1" 200 - "-" "WordPress/6.8.1; https://jrncommunityhousing.charity"
85.208.96.212 - - [13/Jul/2025:12:51:43 +0000] "GET /?i=59518168011970&mod=54630783&uri=search.php%3Fid%3D1986160-1361%26name%3Dsled%2Bsupreme HTTP/1.1" 200 2076 "-" "Mozilla/5.0 (compatible; SemrushBot/7~bl; +http://www.semrush.com/bot.html)"
85.208.96.210 - - [13/Jul/2025:12:51:51 +0000] "GET /?i=5022707001970&mod=5663d2a1&uri=itm.php%3Fid%3D167679-306%26name%3Dskechers%2Bmemory%2Bfoam%2Buomo%2Bverde HTTP/1.1" 200 2084 "-" "Mozilla/5.0 (compatible; SemrushBot/7~bl; +http://www.semrush.com/bot.html)"
209.74.77.214 - - [13/Jul/2025:12:51:59 +0000] "POST /wp-cron.php?doing_wp_cron=1752411119.7911510467529296875000 HTTP/1.1" 200 - "-" "WordPress/6.8.1; https://jrncommunityhousing.charity"
185.191.171.4 - - [13/Jul/2025:12:51:59 +0000] "GET /?i=26220588001970&mod=597627cd&uri=category-info.php%3Fid%3D875129-896%26name%3Dchristian%2Bdior%2Bcamiseta%2Bhombre HTTP/1.1" 200 2091 "-" "Mozilla/5.0 (compatible; SemrushBot/7~bl; +http://www.semrush.com/bot.html)"
185.191.171.9 - - [13/Jul/2025:12:52:03 +0000] "GET /?i=33018766081970&mod=095dd4ba&uri=goods.php%3Fid%3D1102029-1026%26name%3Dpuma%2Bevotouch%2Bpro%2Bsg HTTP/1.1" 200 2079 "-" "Mozilla/5.0 (compatible; SemrushBot/7~bl; +http://www.semrush.com/bot.html)"
209.74.77.214 - - [13/Jul/2025:12:52:23 +0000] "POST /wp-cron.php?doing_wp_cron=1752411143.7740309238433837890625 HTTP/1.1" 200 - "-" "WordPress/6.8.1; https://jrncommunityhousing.charity"
85.208.96.198 - - [13/Jul/2025:12:52:23 +0000] "GET /?i=60532769031970&mod=304a9410&uri=pin.php%3Fid%3D2020037-863%26name%3Ddr%2Bmartens%2Bolografiche HTTP/1.1" 200 2076 "-" "Mozilla/5.0 (compatible; SemrushBot/7~bl; +http://www.semrush.com/bot.html)"
209.74.77.214 - - [13/Jul/2025:12:53:28 +0000] "POST /wp-cron.php?doing_wp_cron=1752411208.1327359676361083984375 HTTP/1.1" 200 - "-" "WordPress/6.8.1; https://jrncommunityhousing.charity"
85.208.96.209 - - [13/Jul/2025:12:53:23 +0000] "GET /?i=31459659021970&mod=5c53292c&uri=info.php%3Fid%3D1050016-94%26name%3D000%2Bengagement%2Bring HTTP/1.1" 200 2077 "-" "Mozilla/5.0 (compatible; SemrushBot/7~bl; +http://www.semrush.com/bot.html)"
209.74.77.214 - - [13/Jul/2025:12:53:37 +0000] "POST /wp-cron.php?doing_wp_cron=1752411217.1117858886718750000000 HTTP/1.1" 200 - "-" "WordPress/6.8.1; https://jrncommunityhousing.charity"
85.208.96.194 - - [13/Jul/2025:12:53:36 +0000] "GET /?i=110759975001970&mod=1088cfbd&uri=shared.php%3Fid%3D3696413-440%26name%3Dgarmin%2Bforerunner%2B35%2Brun%2Bmode HTTP/1.1" 200 2087 "-" "Mozilla/5.0 (compatible; SemrushBot/7~bl; +http://www.semrush.com/bot.html)"
185.191.171.15 - - [13/Jul/2025:12:53:40 +0000] "GET /?i=97185536071970&mod=622d01b3&uri=category-info.php%3Fid%3D3243307-880%26name%3Dsnowflake%2Bearrings%2Bdiamond HTTP/1.1" 200 2089 "-" "Mozilla/5.0 (compatible; SemrushBot/7~bl; +http://www.semrush.com/bot.html)"
185.191.171.14 - - [13/Jul/2025:12:53:43 +0000] "GET /?i=26563495001970&mod=cd24c3ca&uri=pin.php%3Fid%3D886565-460%26name%3Dft%2Bin%2Bcm HTTP/1.1" 200 2068 "-" "Mozilla/5.0 (compatible; SemrushBot/7~bl; +http://www.semrush.com/bot.html)"
185.191.171.4 - - [13/Jul/2025:12:53:45 +0000] "GET /?i=118020408041970&mod=53cd3288&uri=blog.php%3Fid%3D3938732-597%26name%3Dsneaker%2Brelease%2Bdates%2Baustralia HTTP/1.1" 200 2086 "-" "Mozilla/5.0 (compatible; SemrushBot/7~bl; +http://www.semrush.com/bot.html)"
85.208.96.212 - - [13/Jul/2025:12:53:47 +0000] "GET /?i=66178537001970&mod=f5fd85da&uri=shop.php%3Fid%3D2208433-1109%26name%3Dcamicia%2Bjeans%2Bdonna%2Bovs HTTP/1.1" 200 2081 "-" "Mozilla/5.0 (compatible; SemrushBot/7~bl; +http://www.semrush.com/bot.html)"
185.191.171.17 - - [13/Jul/2025:12:53:49 +0000] "GET /?i=91738858051970&mod=ef3f1d69&uri=dp.php%3Fid%3D3061498-1569%26name%3Dscarpe%2Bcamoscio%2Bbordeaux HTTP/1.1" 200 2079 "-" "Mozilla/5.0 (compatible; SemrushBot/7~bl; +http://www.semrush.com/bot.html)"
209.74.77.214 - - [13/Jul/2025:12:53:54 +0000] "POST /wp-cron.php?doing_wp_cron=1752411234.0140600204467773437500 HTTP/1.1" 200 - "-" "WordPress/6.8.1; https://jrncommunityhousing.charity"
85.208.96.209 - - [13/Jul/2025:12:53:53 +0000] "GET /?i=46307564001970&mod=6fe67d20&uri=goods.php%3Fid%3D1545414-662%26name%3Dci%2Bsono%2Bponte%2Bpants HTTP/1.1" 200 2076 "-" "Mozilla/5.0 (compatible; SemrushBot/7~bl; +http://www.semrush.com/bot.html)"
185.191.171.1 - - [13/Jul/2025:12:53:56 +0000] "GET /?i=102030977001970&mod=f8e1af40&uri=pin.php%3Fid%3D3405064-1422%26name%3Dgigabyte%2Bgpu%2Bdriver HTTP/1.1" 200 2077 "-" "Mozilla/5.0 (compatible; SemrushBot/7~bl; +http://www.semrush.com/bot.html)"
209.74.77.214 - - [13/Jul/2025:12:54:21 +0000] "POST /wp-cron.php?doing_wp_cron=1752411261.5007290840148925781250 HTTP/1.1" 200 - "-" "WordPress/6.8.1; https://jrncommunityhousing.charity"
85.208.96.206 - - [13/Jul/2025:12:54:21 +0000] "GET /?i=30153897061970&mod=8476836f&uri=category-info.php%3Fid%3D1006448-983%26name%3Dadidas%2Brapidarun%2Blaceless%2Bknit HTTP/1.1" 200 2091 "-" "Mozilla/5.0 (compatible; SemrushBot/7~bl; +http://www.semrush.com/bot.html)"
185.191.171.2 - - [13/Jul/2025:12:54:23 +0000] "GET /?i=32979574051970&mod=83e9ec6f&uri=article.php%3Fid%3D1100720-1022%26name%3Dskechers%2Borsen HTTP/1.1" 200 2076 "-" "Mozilla/5.0 (compatible; SemrushBot/7~bl; +http://www.semrush.com/bot.html)"
185.191.171.14 - - [13/Jul/2025:12:54:26 +0000] "GET /?i=7796198041970&mod=ea36a38c&uri=us.php%3Fid%3D260367-420%26name%3Dblack%2Bhalf%2Bhoop%2Bearrings HTTP/1.1" 200 2077 "-" "Mozilla/5.0 (compatible; SemrushBot/7~bl; +http://www.semrush.com/bot.html)"
85.208.96.209 - - [13/Jul/2025:12:54:28 +0000] "GET /?i=98243782031970&mod=8f52dc8a&uri=form.php%3Fid%3D3278656-1596%26name%3Dreus%2Bfussballschuhe HTTP/1.1" 200 2077 "-" "Mozilla/5.0 (compatible; SemrushBot/7~bl; +http://www.semrush.com/bot.html)"
209.74.77.214 - - [13/Jul/2025:12:54:36 +0000] "POST /wp-cron.php?doing_wp_cron=1752411276.6038150787353515625000 HTTP/1.1" 200 - "-" "WordPress/6.8.1; https://jrncommunityhousing.charity"
185.191.171.17 - - [13/Jul/2025:12:54:36 +0000] "GET /?i=34332560001970&mod=b417c7da&uri=dp.php%3Fid%3D1145892-1068%26name%3D898464%2Bnike HTTP/1.1" 200 2071 "-" "Mozilla/5.0 (compatible; SemrushBot/7~bl; +http://www.semrush.com/bot.html)"
209.74.77.214 - - [13/Jul/2025:12:54:57 +0000] "POST /wp-cron.php?doing_wp_cron=1752411297.3695120811462402343750 HTTP/1.1" 200 - "-" "WordPress/6.8.1; https://jrncommunityhousing.charity"
185.191.171.16 - - [13/Jul/2025:12:54:57 +0000] "GET /?i=13618243011970&mod=15a31d27&uri=blog.php%3Fid%3D454670-246%26name%3Djbonest%2Bpanoramic%2Bbulb%2Bcamera HTTP/1.1" 200 2084 "-" "Mozilla/5.0 (compatible; SemrushBot/7~bl; +http://www.semrush.com/bot.html)"
209.74.77.214 - - [13/Jul/2025:12:55:46 +0000] "POST /wp-cron.php?doing_wp_cron=1752411346.7811229228973388671875 HTTP/1.1" 200 - "-" "WordPress/6.8.1; https://jrncommunityhousing.charity"
185.191.171.19 - - [13/Jul/2025:12:55:44 +0000] "GET /?i=95612516021970&mod=bc1d56ba&uri=search.php%3Fid%3D3190813-487%26name%3Dcat%2Bsand%2Bbrands HTTP/1.1" 200 2076 "-" "Mozilla/5.0 (compatible; SemrushBot/7~bl; +http://www.semrush.com/bot.html)"
209.74.77.214 - - [13/Jul/2025:12:55:57 +0000] "POST /wp-cron.php?doing_wp_cron=1752411357.4712610244750976562500 HTTP/1.1" 200 - "-" "WordPress/6.8.1; https://jrncommunityhousing.charity"
185.191.171.4 - - [13/Jul/2025:12:55:57 +0000] "GET /?i=4586839011970&mod=34ac42f1&uri=product.php%3Fid%3D153094-275%26name%3Deu%2Bsize%2B44%2Bto%2Bus%2Bwomens HTTP/1.1" 200 2083 "-" "Mozilla/5.0 (compatible; SemrushBot/7~bl; +http://www.semrush.com/bot.html)"
185.191.171.14 - - [13/Jul/2025:12:56:13 +0000] "GET /robots.txt HTTP/1.1" 200 163 "-" "Mozilla/5.0 (compatible; SemrushBot/7~bl; +http://www.semrush.com/bot.html)"
185.191.171.13 - - [13/Jul/2025:12:56:14 +0000] "GET /?i=110396692031970&mod=37dfeb15&uri=products.php%3Fid%3D3684282-1666%26name%3Damericanas%2Bbeige%2Bmujer HTTP/1.1" 200 2085 "-" "Mozilla/5.0 (compatible; SemrushBot/7~bl; +http://www.semrush.com/bot.html)"
209.74.77.214 - - [13/Jul/2025:12:56:21 +0000] "POST /wp-cron.php?doing_wp_cron=1752411381.2214729785919189453125 HTTP/1.1" 200 - "-" "WordPress/6.8.1; https://jrncommunityhousing.charity"
185.191.171.16 - - [13/Jul/2025:12:56:20 +0000] "GET /?i=26730205031970&mod=dac340b6&uri=form.php%3Fid%3D892128-904%26name%3Dshort%2Btight%2Bskirt%2B9mm HTTP/1.1" 200 2075 "-" "Mozilla/5.0 (compatible; SemrushBot/7~bl; +http://www.semrush.com/bot.html)"
185.191.171.3 - - [13/Jul/2025:12:56:28 +0000] "GET /?i=101023160051970&mod=a1b9593e&uri=products.php%3Fid%3D3371412-1611%26name%3Dcontradiction%2Bde%2Bcalvin%2Bklein HTTP/1.1" 200 2086 "-" "Mozilla/5.0 (compatible; SemrushBot/7~bl; +http://www.semrush.com/bot.html)"
209.74.77.214 - - [13/Jul/2025:12:56:59 +0000] "POST /wp-cron.php?doing_wp_cron=1752411419.1968879699707031250000 HTTP/1.1" 200 - "-" "WordPress/6.8.1; https://jrncommunityhousing.charity"
185.191.171.15 - - [13/Jul/2025:12:56:58 +0000] "GET /?i=82167079071970&mod=2f4d9e53&uri=itm.php%3Fid%3D2742067-516%26name%3Dbiomecanics%2Bmerkal%2Bcalzados HTTP/1.1" 200 2083 "-" "Mozilla/5.0 (compatible; SemrushBot/7~bl; +http://www.semrush.com/bot.html)"
209.74.77.214 - - [13/Jul/2025:12:57:36 +0000] "POST /wp-cron.php?doing_wp_cron=1752411456.2929399013519287109375 HTTP/1.1" 200 - "-" "WordPress/6.8.1; https://jrncommunityhousing.charity"
185.61.153.77 - - [13/Jul/2025:12:57:34 +0000] "POST /xmlrpc.php HTTP/1.1" 200 403 "-" "Mozilla/5.0 (Linux; Android 10; LM-Q710(FGN)) AppleWebKit/537.36 (KHTML, like Gecko) Chrome/91.0.4472.114 Mobile Safari/537.36"
185.191.171.11 - - [13/Jul/2025:12:57:39 +0000] "GET /?i=112214764011970&mod=9ce163c6&uri=form.php%3Fid%3D3745002-1678%26name%3Dwrap%2Bmidi%2Bdress%2Bplus%2Bsize HTTP/1.1" 200 2081 "-" "Mozilla/5.0 (compatible; SemrushBot/7~bl; +http://www.semrush.com/bot.html)"
185.191.171.1 - - [13/Jul/2025:12:57:42 +0000] "GET /?i=75113809061970&mod=eacae450&uri=shared.php%3Fid%3D2506594-656%26name%3Dysl%2Bpeculiar%2Bpink HTTP/1.1" 200 2076 "-" "Mozilla/5.0 (compatible; SemrushBot/7~bl; +http://www.semrush.com/bot.html)"
20.236.168.48 - - [13/Jul/2025:12:57:42 +0000] "POST /xmlrpc.php HTTP/1.1" 200 403 "-" "Mozilla/5.0 (Windows NT 6.1; WOW64; rv:54.0) Gecko/20100101 Firefox/54.0"
85.208.96.197 - - [13/Jul/2025:12:57:43 +0000] "GET /?i=59612242001970&mod=703aea31&uri=products.php%3Fid%3D1989300-167%26name%3Dford%2Btransit%2B2013 HTTP/1.1" 200 2078 "-" "Mozilla/5.0 (compatible; SemrushBot/7~bl; +http://www.semrush.com/bot.html)"
157.245.41.70 - - [13/Jul/2025:12:57:44 +0000] "POST /xmlrpc.php HTTP/1.1" 200 403 "-" "Mozilla/5.0 (Windows NT 6.1; WOW64) AppleWebKit/537.1 (KHTML, like Gecko) Chrome/21.0.1180.83 Safari/537.1"
185.191.171.1 - - [13/Jul/2025:12:57:46 +0000] "GET /?i=89508496051970&mod=9acf7769&uri=brands.php%3Fid%3D2987035-88%26name%3Dkidkraft%2Bcedar%2Bsummit%2Bhilltop HTTP/1.1" 200 2087 "-" "Mozilla/5.0 (compatible; SemrushBot/7~bl; +http://www.semrush.com/bot.html)"
202.21.32.102 - - [13/Jul/2025:12:57:47 +0000] "POST /xmlrpc.php HTTP/1.1" 200 403 "-" "Mozilla/5.0 (Windows NT 6.1; Win64; x64) AppleWebKit/537.36 (KHTML, like Gecko) Chrome/74.0.3729.169 Safari/537.36"
85.208.96.197 - - [13/Jul/2025:12:57:48 +0000] "GET /?i=101946325061970&mod=90b6d238&uri=shop.php%3Fid%3D3402235-989%26name%3Dvalise%2Bde%2Bb%C3%83%C2%A9b%C3%83%C2%A9%2Bpour%2Bla%2Bmaternit%C3%83%C2%A9 HTTP/1.1" 200 2104 "-" "Mozilla/5.0 (compatible; SemrushBot/7~bl; +http://www.semrush.com/bot.html)"
185.191.171.5 - - [13/Jul/2025:12:57:52 +0000] "GET /?i=112290977111970&mod=3c05d2a8&uri=dp.php%3Fid%3D3747544-1679%26name%3Dnike%2Bair%2Bmax%2Bmujer%2B2018%2Brosas HTTP/1.1" 200 2087 "-" "Mozilla/5.0 (compatible; SemrushBot/7~bl; +http://www.semrush.com/bot.html)"
209.74.77.214 - - [13/Jul/2025:12:57:59 +0000] "POST /wp-cron.php?doing_wp_cron=1752411479.0936789512634277343750 HTTP/1.1" 200 - "-" "WordPress/6.8.1; https://jrncommunityhousing.charity"
194.164.126.55 - - [13/Jul/2025:12:57:58 +0000] "POST /xmlrpc.php HTTP/1.1" 200 403 "-" "Mozilla/5.0 (Windows NT 10.0; Win64; x64) AppleWebKit/537.36 (KHTML, like Gecko) Chrome/80.0.3987.163 Safari/537.36"
83.167.244.231 - - [13/Jul/2025:12:58:02 +0000] "POST /xmlrpc.php HTTP/1.1" 200 403 "-" "Mozilla/5.0 (Windows NT 6.1; Win64; x64) AppleWebKit/537.36 (KHTML, like Gecko) Chrome/63.0.3239.132 Safari/537.36"
202.21.32.102 - - [13/Jul/2025:12:58:03 +0000] "POST /xmlrpc.php HTTP/1.1" 200 403 "-" "Mozilla/5.0 (Windows NT 6.1; WOW64; rv:54.0) Gecko/20100101 Firefox/54.0"
159.203.124.103 - - [13/Jul/2025:12:58:07 +0000] "POST /xmlrpc.php HTTP/1.1" 200 403 "-" "Mozilla/5.0 (iPod; CPU iPhone OS 14_6 like Mac OS X) AppleWebKit/605.1.15 (KHTML, like Gecko) CriOS/91.0.4472.80 Mobile/15E148 Safari/604.1"
85.208.96.197 - - [13/Jul/2025:12:58:08 +0000] "GET /?i=55262037021970&mod=19c852a7&uri=info.php%3Fid%3D1844137-781%26name%3Dadidas%2Btubular%2Bmoc%2Buk HTTP/1.1" 200 2080 "-" "Mozilla/5.0 (compatible; SemrushBot/7~bl; +http://www.semrush.com/bot.html)"
193.202.110.28 - - [13/Jul/2025:12:58:09 +0000] "POST /xmlrpc.php HTTP/1.1" 200 403 "-" "Mozilla/5.0 (X11; Linux x86_64) AppleWebKit/537.36 (KHTML, like Gecko) Chrome/44.0.2403.157 Safari/537.36"
79.137.71.10 - - [13/Jul/2025:12:58:10 +0000] "POST /xmlrpc.php HTTP/1.1" 200 403 "-" "Mozilla/5.0 (Windows NT 10.0; WOW64) AppleWebKit/537.36 (KHTML, like Gecko) Chrome/91.0.4472.114 Safari/537.36"
209.74.77.214 - - [13/Jul/2025:12:58:18 +0000] "POST /wp-cron.php?doing_wp_cron=1752411498.7637639045715332031250 HTTP/1.1" 200 - "-" "WordPress/6.8.1; https://jrncommunityhousing.charity"
85.208.96.206 - - [13/Jul/2025:12:58:18 +0000] "GET /?i=3048669011970&mod=5dc86332&uri=blog.php%3Fid%3D101767-132%26name%3Dtavolo%2Bda%2Bpoltrona HTTP/1.1" 200 2074 "-" "Mozilla/5.0 (compatible; SemrushBot/7~bl; +http://www.semrush.com/bot.html)"
85.208.96.193 - - [13/Jul/2025:12:58:26 +0000] "GET /?i=8177008001970&mod=d6aa10b8&uri=us.php%3Fid%3D273070-432%26name%3Dhudson%2Bleather%2Bbiker%2Bjacket HTTP/1.1" 200 2078 "-" "Mozilla/5.0 (compatible; SemrushBot/7~bl; +http://www.semrush.com/bot.html)"
85.208.96.200 - - [13/Jul/2025:12:58:29 +0000] "GET /?i=112302932021970&mod=e2f8878a&uri=blog.php%3Fid%3D3747943-319%26name%3Dadidas%2Bblancos%2By%2Bdorados HTTP/1.1" 200 2080 "-" "Mozilla/5.0 (compatible; SemrushBot/7~bl; +http://www.semrush.com/bot.html)"
185.191.171.8 - - [13/Jul/2025:12:58:31 +0000] "GET /?i=72855544041970&mod=1074afbd&uri=pin.php%3Fid%3D2431266-461%26name%3Dtrekking%2Bpole%2Bbinocular%2Bmount HTTP/1.1" 200 2085 "-" "Mozilla/5.0 (compatible; SemrushBot/7~bl; +http://www.semrush.com/bot.html)"
209.74.77.214 - - [13/Jul/2025:12:58:33 +0000] "POST /wp-cron.php?doing_wp_cron=1752411513.8673009872436523437500 HTTP/1.1" 200 - "-" "WordPress/6.8.1; https://jrncommunityhousing.charity"
185.191.171.3 - - [13/Jul/2025:12:58:33 +0000] "GET /?i=46629187031970&mod=21e01dcc&uri=info.php%3Fid%3D1556139-1002%26name%3Dmitchell%2Bmarner%2Bjersey%2Bfor%2Bsale HTTP/1.1" 200 2088 "-" "Mozilla/5.0 (compatible; SemrushBot/7~bl; +http://www.semrush.com/bot.html)"
209.74.77.214 - - [13/Jul/2025:12:58:56 +0000] "POST /wp-cron.php?doing_wp_cron=1752411536.8422579765319824218750 HTTP/1.1" 200 - "-" "WordPress/6.8.1; https://jrncommunityhousing.charity"
85.208.96.205 - - [13/Jul/2025:12:58:56 +0000] "GET /?i=27365292031970&mod=571b0345&uri=product.php%3Fid%3D913315-921%26name%3Dshox%2Bnere HTTP/1.1" 200 2071 "-" "Mozilla/5.0 (compatible; SemrushBot/7~bl; +http://www.semrush.com/bot.html)"
85.208.96.203 - - [13/Jul/2025:12:58:59 +0000] "GET /?i=58628112041970&mod=622d01b3&uri=form.php%3Fid%3D1956446-880%26name%3Dreal%2Bgold%2Begyptian%2Bjewelry HTTP/1.1" 200 2083 "-" "Mozilla/5.0 (compatible; SemrushBot/7~bl; +http://www.semrush.com/bot.html)"
209.74.77.214 - - [13/Jul/2025:12:59:45 +0000] "POST /wp-cron.php?doing_wp_cron=1752411585.1086690425872802734375 HTTP/1.1" 200 - "-" "WordPress/6.8.1; https://jrncommunityhousing.charity"
185.191.171.16 - - [13/Jul/2025:12:59:43 +0000] "GET /?i=82529237041970&mod=b8d616dc&uri=us.php%3Fid%3D2754148-1159%26name%3Dmichael%2Bkors%2Bslip%2Bon%2Bwomens%2Bbrown HTTP/1.1" 200 2090 "-" "Mozilla/5.0 (compatible; SemrushBot/7~bl; +http://www.semrush.com/bot.html)"
185.191.171.1 - - [13/Jul/2025:12:59:47 +0000] "GET /?i=114794918041970&mod=2d7cd74a&uri=shared.php%3Fid%3D3831134-1688%26name%3Dsoul%2Bnaturalizer%2Btimber HTTP/1.1" 200 2083 "-" "Mozilla/5.0 (compatible; SemrushBot/7~bl; +http://www.semrush.com/bot.html)"
209.74.77.214 - - [13/Jul/2025:13:00:05 +0000] "POST /wp-cron.php?doing_wp_cron=1752411605.6777129173278808593750 HTTP/1.1" 200 - "-" "WordPress/6.8.1; https://jrncommunityhousing.charity"
185.191.171.15 - - [13/Jul/2025:13:00:04 +0000] "GET /?i=47144564041970&mod=48936074&uri=form.php%3Fid%3D1573334-575%26name%3Dendurace%2Bcf%2Bsl%2Bdisc%2Bdi2%2B2021%2Breview HTTP/1.1" 200 2089 "-" "Mozilla/5.0 (compatible; SemrushBot/7~bl; +http://www.semrush.com/bot.html)"
209.74.77.214 - - [13/Jul/2025:13:00:31 +0000] "POST /wp-cron.php?doing_wp_cron=1752411631.0490739345550537109375 HTTP/1.1" 200 - "-" "WordPress/6.8.1; https://jrncommunityhousing.charity"
185.191.171.1 - - [13/Jul/2025:13:00:30 +0000] "GET /?i=87828254031970&mod=4564fdd5&uri=info.php%3Fid%3D2930980-394%26name%3Dghd%2Bexclusive%2Bglide%2Bhot%2Bbrush%2Band%2Bair%2Bhair%2Bdryer%2Bbundle HTTP/1.1" 200 2108 "-" "Mozilla/5.0 (compatible; SemrushBot/7~bl; +http://www.semrush.com/bot.html)"
209.74.77.214 - - [13/Jul/2025:13:00:35 +0000] "POST /wp-cron.php?doing_wp_cron=1752411635.8600020408630371093750 HTTP/1.1" 200 - "-" "WordPress/6.8.1; https://jrncommunityhousing.charity"
185.191.171.5 - - [13/Jul/2025:13:00:35 +0000] "GET /?i=11319839041970&mod=d37a86e7&uri=article.php%3Fid%3D377949-549%26name%3Dbalenciaga%2Bshoes%2Bsocks%2Bcardi%2Bb HTTP/1.1" 200 2086 "-" "Mozilla/5.0 (compatible; SemrushBot/7~bl; +http://www.semrush.com/bot.html)"
209.74.77.214 - - [13/Jul/2025:13:01:05 +0000] "POST /wp-cron.php?doing_wp_cron=1752411665.2287280559539794921875 HTTP/1.1" 200 - "-" "WordPress/6.8.1; https://jrncommunityhousing.charity"
185.191.171.16 - - [13/Jul/2025:13:01:04 +0000] "GET /?i=8772601001970&mod=565f25dc&uri=category-info.php%3Fid%3D292930-451%26name%3Dallsaints%2Bsuede%2Bbomber%2Bjacket HTTP/1.1" 200 2091 "-" "Mozilla/5.0 (compatible; SemrushBot/7~bl; +http://www.semrush.com/bot.html)"
209.74.77.214 - - [13/Jul/2025:13:01:44 +0000] "POST /wp-cron.php?doing_wp_cron=1752411704.3090810775756835937500 HTTP/1.1" 200 - "-" "WordPress/6.8.1; https://jrncommunityhousing.charity"
185.191.171.18 - - [13/Jul/2025:13:01:42 +0000] "GET /?i=95979180071970&mod=36c6a5d4&uri=shop.php%3Fid%3D3203045-642%26name%3Dnespresso%2Bboutique HTTP/1.1" 200 2076 "-" "Mozilla/5.0 (compatible; SemrushBot/7~bl; +http://www.semrush.com/bot.html)"
185.191.171.4 - - [13/Jul/2025:13:01:46 +0000] "GET /?i=103209113011970&mod=0e5f5a83&uri=products.php%3Fid%3D3444380-1324%26name%3Dprada%2Beyeglass HTTP/1.1" 200 2077 "-" "Mozilla/5.0 (compatible; SemrushBot/7~bl; +http://www.semrush.com/bot.html)"
185.191.171.5 - - [13/Jul/2025:13:01:49 +0000] "GET /?i=5319789001970&mod=e2f8878a&uri=news.php%3Fid%3D177601-319%26name%3Dadidas%2Bcampus%2Bcrema HTTP/1.1" 200 2070 "-" "Mozilla/5.0 (compatible; SemrushBot/7~bl; +http://www.semrush.com/bot.html)"
209.74.77.214 - - [13/Jul/2025:13:01:54 +0000] "POST /wp-cron.php?doing_wp_cron=1752411714.1624500751495361328125 HTTP/1.1" 200 - "-" "WordPress/6.8.1; https://jrncommunityhousing.charity"
185.191.171.12 - - [13/Jul/2025:13:01:53 +0000] "GET /?i=82696188011970&mod=7a9e5de9&uri=article.php%3Fid%3D2759720-75%26name%3Dpantalon%2Bsegunda%2Bpiel HTTP/1.1" 200 2078 "-" "Mozilla/5.0 (compatible; SemrushBot/7~bl; +http://www.semrush.com/bot.html)"
185.191.171.18 - - [13/Jul/2025:13:01:56 +0000] "GET /?i=80684857051970&mod=4d04c08a&uri=info.php%3Fid%3D2692570-1507%26name%3Dchampion%2Bsudadera%2Bni%C3%83%C2%B1o HTTP/1.1" 200 2089 "-" "Mozilla/5.0 (compatible; SemrushBot/7~bl; +http://www.semrush.com/bot.html)"
85.208.96.209 - - [13/Jul/2025:13:02:00 +0000] "GET /?i=10802443021970&mod=1d89489e&uri=info.php%3Fid%3D360683-530%26name%3Dpantalones%2Bmarca%2Bkoyote HTTP/1.1" 200 2078 "-" "Mozilla/5.0 (compatible; SemrushBot/7~bl; +http://www.semrush.com/bot.html)"
85.208.96.208 - - [13/Jul/2025:13:02:05 +0000] "GET /?i=108105884041970&mod=a2790947&uri=product.php%3Fid%3D3607848-91%26name%3Dgarmin%2Bedge%2B510%2Bback%2Bcover HTTP/1.1" 200 2086 "-" "Mozilla/5.0 (compatible; SemrushBot/7~bl; +http://www.semrush.com/bot.html)"
209.74.77.214 - - [13/Jul/2025:13:02:31 +0000] "POST /wp-cron.php?doing_wp_cron=1752411751.8433260917663574218750 HTTP/1.1" 200 - "-" "WordPress/6.8.1; https://jrncommunityhousing.charity"
85.208.96.193 - - [13/Jul/2025:13:02:29 +0000] "GET /?i=6933575041970&mod=5cfa02f9&uri=dp.php%3Fid%3D231560-388%26name%3Dnike%2Bair%2Bforce%2Bone%2Bvirgule%2Brouge HTTP/1.1" 200 2085 "-" "Mozilla/5.0 (compatible; SemrushBot/7~bl; +http://www.semrush.com/bot.html)"
209.74.77.214 - - [13/Jul/2025:13:02:33 +0000] "POST /wp-cron.php?doing_wp_cron=1752411753.8124310970306396484375 HTTP/1.1" 200 - "-" "WordPress/6.8.1; https://jrncommunityhousing.charity"
85.208.96.193 - - [13/Jul/2025:13:02:33 +0000] "GET /?i=113345921001970&mod=1914c8a1&uri=article.php%3Fid%3D3782764-1682%26name%3Dtvs%2Bstar%2Bcity%2Bplus%2Bemi%2Bcalculator HTTP/1.1" 200 2092 "-" "Mozilla/5.0 (compatible; SemrushBot/7~bl; +http://www.semrush.com/bot.html)"
185.191.171.13 - - [13/Jul/2025:13:02:36 +0000] "GET /?i=62028053101970&mod=e9213123&uri=products.php%3Fid%3D2069938-1371%26name%3Dcombal%2Bdown%2Bjkt HTTP/1.1" 200 2079 "-" "Mozilla/5.0 (compatible; SemrushBot/7~bl; +http://www.semrush.com/bot.html)"
185.191.171.1 - - [13/Jul/2025:13:02:38 +0000] "GET /?i=98454345111970&mod=b89c3096&uri=pin.php%3Fid%3D3285679-35%26name%3D1f3p7ea HTTP/1.1" 200 2064 "-" "Mozilla/5.0 (compatible; SemrushBot/7~bl; +http://www.semrush.com/bot.html)"
185.191.171.12 - - [13/Jul/2025:13:02:42 +0000] "GET /?i=100604977031970&mod=85c66d94&uri=shared.php%3Fid%3D3357464-1316%26name%3Dslow%2Blove%2Bvestidos%2Bcortos HTTP/1.1" 200 2087 "-" "Mozilla/5.0 (compatible; SemrushBot/7~bl; +http://www.semrush.com/bot.html)"
209.74.77.214 - - [13/Jul/2025:13:03:19 +0000] "POST /wp-cron.php?doing_wp_cron=1752411799.5739789009094238281250 HTTP/1.1" 200 - "-" "WordPress/6.8.1; https://jrncommunityhousing.charity"
185.191.171.1 - - [13/Jul/2025:13:03:17 +0000] "GET /?i=96180889051970&mod=d023fd89&uri=dp.php%3Fid%3D3209772-1299%26name%3Dlacoste%2Bblanc%2B50%2Bml HTTP/1.1" 200 2077 "-" "Mozilla/5.0 (compatible; SemrushBot/7~bl; +http://www.semrush.com/bot.html)"
209.74.77.214 - - [13/Jul/2025:13:03:37 +0000] "POST /wp-cron.php?doing_wp_cron=1752411817.5959680080413818359375 HTTP/1.1" 200 - "-" "WordPress/6.8.1; https://jrncommunityhousing.charity"
85.208.96.210 - - [13/Jul/2025:13:03:37 +0000] "GET /?i=46573133141970&mod=1a0abc84&uri=itm.php%3Fid%3D1554270-1222%26name%3Dyeezy%2Bboost%2B350%2Bv2%2Brelease%2Bdate%2Buk HTTP/1.1" 200 2092 "-" "Mozilla/5.0 (compatible; SemrushBot/7~bl; +http://www.semrush.com/bot.html)"
185.191.171.19 - - [13/Jul/2025:13:03:45 +0000] "GET /?i=23721837031970&mod=6d803482&uri=category-info.php%3Fid%3D791775-825%26name%3Docchiali%2Bvista%2Btom%2Bford%2Bdonna HTTP/1.1" 200 2091 "-" "Mozilla/5.0 (compatible; SemrushBot/7~bl; +http://www.semrush.com/bot.html)"
85.208.96.195 - - [13/Jul/2025:13:03:49 +0000] "GET /?i=74193498081970&mod=33c9052c&uri=news.php%3Fid%3D2475891-486%26name%3Dzip%2Bcode%2Bpillows%2Bwholesale HTTP/1.1" 200 2084 "-" "Mozilla/5.0 (compatible; SemrushBot/7~bl; +http://www.semrush.com/bot.html)"
209.74.77.214 - - [13/Jul/2025:13:04:25 +0000] "POST /wp-cron.php?doing_wp_cron=1752411865.4285900592803955078125 HTTP/1.1" 200 - "-" "WordPress/6.8.1; https://jrncommunityhousing.charity"
185.191.171.18 - - [13/Jul/2025:13:04:23 +0000] "GET /?i=92989460111970&mod=77dfc2d6&uri=form.php%3Fid%3D3103225-1458%26name%3Dgreen%2Bsuit%2Bjacket%2Bwith%2Bblack%2Bpants HTTP/1.1" 200 2086 "-" "Mozilla/5.0 (compatible; SemrushBot/7~bl; +http://www.semrush.com/bot.html)"
85.208.96.194 - - [13/Jul/2025:13:04:29 +0000] "GET /?i=19476173001970&mod=06c00a25&uri=pin.php%3Fid%3D650146-741%26name%3Dwhere%2Bto%2Bbuy%2Bsaucony%2Bshoes%2Bin%2Bthe%2Bphilippines HTTP/1.1" 200 2096 "-" "Mozilla/5.0 (compatible; SemrushBot/7~bl; +http://www.semrush.com/bot.html)"
209.74.77.214 - - [13/Jul/2025:13:04:36 +0000] "POST /wp-cron.php?doing_wp_cron=1752411876.8832409381866455078125 HTTP/1.1" 200 - "-" "WordPress/6.8.1; https://jrncommunityhousing.charity"
185.191.171.16 - - [13/Jul/2025:13:04:36 +0000] "GET /?i=112217314051970&mod=246194bd&uri=article.php%3Fid%3D3745087-1614%26name%3Dslip%2Bon%2Bsneakers%2Basics HTTP/1.1" 200 2085 "-" "Mozilla/5.0 (compatible; SemrushBot/7~bl; +http://www.semrush.com/bot.html)"
209.74.77.214 - - [13/Jul/2025:13:05:15 +0000] "POST /wp-cron.php?doing_wp_cron=1752411915.6957991123199462890625 HTTP/1.1" 200 - "-" "WordPress/6.8.1; https://jrncommunityhousing.charity"
185.191.171.10 - - [13/Jul/2025:13:05:13 +0000] "GET /?i=60971598061970&mod=209f3454&uri=us.php%3Fid%3D2034672-1367%26name%3Dhair%2Bfeathered%2Bat%2Bsides HTTP/1.1" 200 2080 "-" "Mozilla/5.0 (compatible; SemrushBot/7~bl; +http://www.semrush.com/bot.html)"
209.74.77.214 - - [13/Jul/2025:13:05:49 +0000] "POST /wp-cron.php?doing_wp_cron=1752411949.6040549278259277343750 HTTP/1.1" 200 - "-" "WordPress/6.8.1; https://jrncommunityhousing.charity"
185.191.171.12 - - [13/Jul/2025:13:05:47 +0000] "GET /?i=91999963051970&mod=01322d79&uri=search.php%3Fid%3D3070212-1158%26name%3Dsingle%2Bspeed%2Bchain%2Btool HTTP/1.1" 200 2082 "-" "Mozilla/5.0 (compatible; SemrushBot/7~bl; +http://www.semrush.com/bot.html)"
209.74.77.214 - - [13/Jul/2025:13:06:00 +0000] "POST /wp-cron.php?doing_wp_cron=1752411960.8195760250091552734375 HTTP/1.1" 200 - "-" "WordPress/6.8.1; https://jrncommunityhousing.charity"
185.191.171.12 - - [13/Jul/2025:13:06:00 +0000] "GET /?i=24392416071970&mod=beddc9f9&uri=brands.php%3Fid%3D814144-784%26name%3Dwaverunner%2Byeezy%2B380 HTTP/1.1" 200 2079 "-" "Mozilla/5.0 (compatible; SemrushBot/7~bl; +http://www.semrush.com/bot.html)"
185.191.171.12 - - [13/Jul/2025:13:06:02 +0000] "GET /?i=90224132041970&mod=0c51d29c&uri=shop.php%3Fid%3D3010914-849%26name%3Dnew%2Bbalance%2B996%2Bcaramelo HTTP/1.1" 200 2081 "-" "Mozilla/5.0 (compatible; SemrushBot/7~bl; +http://www.semrush.com/bot.html)"
85.208.96.201 - - [13/Jul/2025:13:06:04 +0000] "GET /?i=105998212051970&mod=93fa5305&uri=form.php%3Fid%3D3537513-588%26name%3Dnew%2Bbalance%2B1500%2Bcumbrian%2Bflag HTTP/1.1" 200 2089 "-" "Mozilla/5.0 (compatible; SemrushBot/7~bl; +http://www.semrush.com/bot.html)"
85.208.96.208 - - [13/Jul/2025:13:06:06 +0000] "GET /?i=747652121970&mod=5a9542c7&uri=dp.php%3Fid%3D24968-50%26name%3Dheart%2Brate%2Bon%2Bsmartwatch HTTP/1.1" 200 2076 "-" "Mozilla/5.0 (compatible; SemrushBot/7~bl; +http://www.semrush.com/bot.html)"
185.191.171.5 - - [13/Jul/2025:13:06:13 +0000] "GET /?i=58211215021970&mod=5633d45d&uri=shared.php%3Fid%3D1942538-1349%26name%3Dtommy%2Bhilfiger%2Bwhite%2Bt%2Bshirt%2Bmen HTTP/1.1" 200 2091 "-" "Mozilla/5.0 (compatible; SemrushBot/7~bl; +http://www.semrush.com/bot.html)"
209.74.77.214 - - [13/Jul/2025:13:06:28 +0000] "POST /wp-cron.php?doing_wp_cron=1752411988.8164451122283935546875 HTTP/1.1" 200 - "-" "WordPress/6.8.1; https://jrncommunityhousing.charity"
85.208.96.197 - - [13/Jul/2025:13:06:28 +0000] "GET /?i=51865195061970&mod=b142335d&uri=product.php%3Fid%3D1730808-1290%26name%3Dnb%2B1400%2Bv4 HTTP/1.1" 200 2076 "-" "Mozilla/5.0 (compatible; SemrushBot/7~bl; +http://www.semrush.com/bot.html)"
185.191.171.7 - - [13/Jul/2025:13:06:30 +0000] "GET /?i=27214832061970&mod=7535bbb9&uri=goods.php%3Fid%3D908299-34%26name%3Dboori%2Bprovence%2Bconvertible%2Bplus HTTP/1.1" 200 2084 "-" "Mozilla/5.0 (compatible; SemrushBot/7~bl; +http://www.semrush.com/bot.html)"
209.74.77.214 - - [13/Jul/2025:13:06:37 +0000] "POST /wp-cron.php?doing_wp_cron=1752411997.3919849395751953125000 HTTP/1.1" 200 - "-" "WordPress/6.8.1; https://jrncommunityhousing.charity"
85.208.96.193 - - [13/Jul/2025:13:06:37 +0000] "GET /?i=79280187001970&mod=0e08a0c3&uri=search.php%3Fid%3D2645676-1078%26name%3Daplicacion%2Bpara%2Bamazfit%2Bneo HTTP/1.1" 200 2084 "-" "Mozilla/5.0 (compatible; SemrushBot/7~bl; +http://www.semrush.com/bot.html)"
185.191.171.15 - - [13/Jul/2025:13:06:47 +0000] "GET /?i=1040963021970&mod=95688ba6&uri=goods.php%3Fid%3D34758-65%26name%3Dconverse%2Bx%2Bmiley%2Bcyrus%2Bbershka HTTP/1.1" 200 2084 "-" "Mozilla/5.0 (compatible; SemrushBot/7~bl; +http://www.semrush.com/bot.html)"
85.208.96.209 - - [13/Jul/2025:13:06:49 +0000] "GET /?i=81361709041970&mod=af2584b5&uri=brands.php%3Fid%3D2715189-433%26name%3Dwhite%2Bflat%2Bwedding%2Bshoes%2Bfor%2Bbride HTTP/1.1" 200 2091 "-" "Mozilla/5.0 (compatible; SemrushBot/7~bl; +http://www.semrush.com/bot.html)"
209.74.77.214 - - [13/Jul/2025:13:06:56 +0000] "POST /wp-cron.php?doing_wp_cron=1752412016.7504169940948486328125 HTTP/1.1" 200 - "-" "WordPress/6.8.1; https://jrncommunityhousing.charity"
185.191.171.16 - - [13/Jul/2025:13:06:56 +0000] "GET /?i=67226564041970&mod=83207fa0&uri=shop.php%3Fid%3D2243398-311%26name%3Dbarbie%2Bspa%2Bday HTTP/1.1" 200 2073 "-" "Mozilla/5.0 (compatible; SemrushBot/7~bl; +http://www.semrush.com/bot.html)"
209.74.77.214 - - [13/Jul/2025:13:07:21 +0000] "POST /wp-cron.php?doing_wp_cron=1752412041.6226000785827636718750 HTTP/1.1" 200 - "-" "WordPress/6.8.1; https://jrncommunityhousing.charity"
185.191.171.19 - - [13/Jul/2025:13:07:21 +0000] "GET /?i=63266350041970&mod=7a33a60c&uri=news.php%3Fid%3D2111262-471%26name%3Dwoodland%2Bshoes%2Bfor%2Brainy%2Bseason HTTP/1.1" 200 2086 "-" "Mozilla/5.0 (compatible; SemrushBot/7~bl; +http://www.semrush.com/bot.html)"
209.74.77.214 - - [13/Jul/2025:13:07:44 +0000] "POST /wp-cron.php?doing_wp_cron=1752412064.4714269638061523437500 HTTP/1.1" 200 - "-" "WordPress/6.8.1; https://jrncommunityhousing.charity"
185.191.171.13 - - [13/Jul/2025:13:07:44 +0000] "GET /?i=111357075051970&mod=978f1956&uri=blog.php%3Fid%3D3716354-1146%26name%3Darmage%2Bwheeled%2Bexecutive%2Bwheeled%2Bduffel HTTP/1.1" 200 2088 "-" "Mozilla/5.0 (compatible; SemrushBot/7~bl; +http://www.semrush.com/bot.html)"
85.208.96.197 - - [13/Jul/2025:13:07:45 +0000] "GET /?i=73960388141970&mod=2b8e6d82&uri=news.php%3Fid%3D2468116-309%26name%3Dnvidia%2Btv%2Bshield%2Bpro%2Breview HTTP/1.1" 200 2083 "-" "Mozilla/5.0 (compatible; SemrushBot/7~bl; +http://www.semrush.com/bot.html)"
209.74.77.214 - - [13/Jul/2025:13:08:02 +0000] "POST /wp-cron.php?doing_wp_cron=1752412082.3436028957366943359375 HTTP/1.1" 200 - "-" "WordPress/6.8.1; https://jrncommunityhousing.charity"
85.208.96.195 - - [13/Jul/2025:13:08:02 +0000] "GET /?i=58092208011970&mod=015c6b52&uri=blog.php%3Fid%3D1938566-1335%26name%3Dpromozioni%2Btimberland HTTP/1.1" 200 2079 "-" "Mozilla/5.0 (compatible; SemrushBot/7~bl; +http://www.semrush.com/bot.html)"
