85.208.96.199 - - [13/Jul/2025:13:08:05 +0000] "GET /?i=43466673141970&mod=b4a31eef&uri=category-info.php%3Fid%3D1450633-1094%26name%3Dnashville%2Bsounds%2Bshirt HTTP/1.1" 200 2086 "-" "Mozilla/5.0 (compatible; SemrushBot/7~bl; +http://www.semrush.com/bot.html)"
209.74.77.214 - - [13/Jul/2025:13:08:33 +0000] "POST /wp-cron.php?doing_wp_cron=1752412113.0465869903564453125000 HTTP/1.1" 200 - "-" "WordPress/6.8.1; https://jrncommunityhousing.charity"
185.191.171.13 - - [13/Jul/2025:13:08:32 +0000] "GET /?i=105703480011970&mod=3d2e13e1&uri=article.php%3Fid%3D3527678-292%26name%3Dnike%2Byouth%2Bsmall HTTP/1.1" 200 2077 "-" "Mozilla/5.0 (compatible; SemrushBot/7~bl; +http://www.semrush.com/bot.html)"
185.191.171.13 - - [13/Jul/2025:13:08:40 +0000] "GET /?i=44004304061970&mod=5a2afca6&uri=shop.php%3Fid%3D1468570-80%26name%3Dspecs%2Bmavic%2Bpro HTTP/1.1" 200 2073 "-" "Mozilla/5.0 (compatible; SemrushBot/7~bl; +http://www.semrush.com/bot.html)"
209.74.77.214 - - [13/Jul/2025:13:09:30 +0000] "POST /wp-cron.php?doing_wp_cron=1752412170.6510510444641113281250 HTTP/1.1" 200 - "-" "WordPress/6.8.1; https://jrncommunityhousing.charity"
185.191.171.15 - - [13/Jul/2025:13:09:28 +0000] "GET /?i=98397383081970&mod=92318035&uri=shop.php%3Fid%3D3283777-1036%26name%3Dmulberry%2Bserial%2Bnumber%2B565321 HTTP/1.1" 200 2086 "-" "Mozilla/5.0 (compatible; SemrushBot/7~bl; +http://www.semrush.com/bot.html)"
209.74.77.214 - - [13/Jul/2025:13:09:42 +0000] "POST /wp-cron.php?doing_wp_cron=1752412182.9253840446472167968750 HTTP/1.1" 200 - "-" "WordPress/6.8.1; https://jrncommunityhousing.charity"
85.208.96.193 - - [13/Jul/2025:13:09:42 +0000] "GET /?i=48777960041970&mod=cad9e09d&uri=blog.php%3Fid%3D1627820-650%26name%3Dfabricas%2Bal%2Bpor%2Bmayor%2Bde%2Bropa HTTP/1.1" 200 2085 "-" "Mozilla/5.0 (compatible; SemrushBot/7~bl; +http://www.semrush.com/bot.html)"
209.74.77.214 - - [13/Jul/2025:13:10:03 +0000] "POST /wp-cron.php?doing_wp_cron=1752412203.7684628963470458984375 HTTP/1.1" 200 - "-" "WordPress/6.8.1; https://jrncommunityhousing.charity"
185.191.171.13 - - [13/Jul/2025:13:10:03 +0000] "GET /?i=50751607061970&mod=803bc241&uri=goods.php%3Fid%3D1693665-1280%26name%3Dzx%2Bflux%2Bsklep HTTP/1.1" 200 2075 "-" "Mozilla/5.0 (compatible; SemrushBot/7~bl; +http://www.semrush.com/bot.html)"
209.74.77.214 - - [13/Jul/2025:13:10:10 +0000] "POST /wp-cron.php?doing_wp_cron=1752412210.1220049858093261718750 HTTP/1.1" 200 - "-" "WordPress/6.8.1; https://jrncommunityhousing.charity"
185.191.171.16 - - [13/Jul/2025:13:10:09 +0000] "GET /?i=116570165011970&mod=b9d66200&uri=itm.php%3Fid%3D3890355-1695%26name%3Dskechers%2Bd%2Blites%2Blite HTTP/1.1" 200 2076 "-" "Mozilla/5.0 (compatible; SemrushBot/7~bl; +http://www.semrush.com/bot.html)"
185.191.171.17 - - [13/Jul/2025:13:10:15 +0000] "GET /?i=29800066111970&mod=1003d98a&uri=brands.php%3Fid%3D994646-445%26name%3Dmens%2Bhoodie%2Bsales HTTP/1.1" 200 2077 "-" "Mozilla/5.0 (compatible; SemrushBot/7~bl; +http://www.semrush.com/bot.html)"
209.74.77.214 - - [13/Jul/2025:13:10:17 +0000] "POST /wp-cron.php?doing_wp_cron=1752412217.5897579193115234375000 HTTP/1.1" 200 - "-" "WordPress/6.8.1; https://jrncommunityhousing.charity"
85.208.96.199 - - [13/Jul/2025:13:10:17 +0000] "GET /?i=100891176001970&mod=84064e94&uri=dp.php%3Fid%3D3367010-685%26name%3Dtravis%2Bscott%2Bps%2Bdunks HTTP/1.1" 200 2079 "-" "Mozilla/5.0 (compatible; SemrushBot/7~bl; +http://www.semrush.com/bot.html)"
185.191.171.15 - - [13/Jul/2025:13:10:22 +0000] "GET /?i=89526041001970&mod=171997fd&uri=blog.php%3Fid%3D2987620-1401%26name%3Dasics%2Boutlet%2Bstore%2Bcarlsbad HTTP/1.1" 200 2084 "-" "Mozilla/5.0 (compatible; SemrushBot/7~bl; +http://www.semrush.com/bot.html)"
185.191.171.18 - - [13/Jul/2025:13:10:24 +0000] "GET /?i=22683882121970&mod=59bc8167&uri=form.php%3Fid%3D757156-786%26name%3Dgrey%2Bsuede%2Bblundstones HTTP/1.1" 200 2077 "-" "Mozilla/5.0 (compatible; SemrushBot/7~bl; +http://www.semrush.com/bot.html)"
85.208.96.194 - - [13/Jul/2025:13:10:28 +0000] "GET /?i=83164771051970&mod=04967c6a&uri=shop.php%3Fid%3D2775361-770%26name%3Dreebok%2Bsplit%2Bfuel%2Breview HTTP/1.1" 200 2082 "-" "Mozilla/5.0 (compatible; SemrushBot/7~bl; +http://www.semrush.com/bot.html)"
85.208.96.207 - - [13/Jul/2025:13:10:30 +0000] "GET /?i=4026309031970&mod=46d5c1db&uri=form.php%3Fid%3D134387-244%26name%3Dunisa%2Bzeppe HTTP/1.1" 200 2067 "-" "Mozilla/5.0 (compatible; SemrushBot/7~bl; +http://www.semrush.com/bot.html)"
209.74.77.214 - - [13/Jul/2025:13:10:40 +0000] "POST /wp-cron.php?doing_wp_cron=1752412240.3626780509948730468750 HTTP/1.1" 200 - "-" "WordPress/6.8.1; https://jrncommunityhousing.charity"
85.208.96.209 - - [13/Jul/2025:13:10:40 +0000] "GET /?i=40665364001970&mod=3f9b2763&uri=itm.php%3Fid%3D1357186-1152%26name%3Ddessy%2Bjenny%2Bpackham HTTP/1.1" 200 2078 "-" "Mozilla/5.0 (compatible; SemrushBot/7~bl; +http://www.semrush.com/bot.html)"
185.191.171.1 - - [13/Jul/2025:13:10:52 +0000] "GET /?i=96939147031970&mod=875a21d0&uri=product.php%3Fid%3D3235090-1589%26name%3Dvapormax%2Brun%2Butility%2Btropical HTTP/1.1" 200 2088 "-" "Mozilla/5.0 (compatible; SemrushBot/7~bl; +http://www.semrush.com/bot.html)"
209.74.77.214 - - [13/Jul/2025:13:11:06 +0000] "POST /wp-cron.php?doing_wp_cron=1752412266.2101581096649169921875 HTTP/1.1" 200 - "-" "WordPress/6.8.1; https://jrncommunityhousing.charity"
185.191.171.10 - - [13/Jul/2025:13:11:05 +0000] "GET /?i=76939256041970&mod=65d90fc6&uri=form.php%3Fid%3D2567528-87%26name%3Dsony%2Ba7iii%2Bcanon%2Blens HTTP/1.1" 200 2078 "-" "Mozilla/5.0 (compatible; SemrushBot/7~bl; +http://www.semrush.com/bot.html)"
209.74.77.214 - - [13/Jul/2025:13:11:23 +0000] "POST /wp-cron.php?doing_wp_cron=1752412283.2488749027252197265625 HTTP/1.1" 200 - "-" "WordPress/6.8.1; https://jrncommunityhousing.charity"
85.208.96.206 - - [13/Jul/2025:13:11:23 +0000] "GET /?i=74555747001970&mod=d37a86e7&uri=product.php%3Fid%3D2487977-549%26name%3Dall%2Bred%2Bunder%2Barmour%2Bfootball%2Bcleats HTTP/1.1" 200 2090 "-" "Mozilla/5.0 (compatible; SemrushBot/7~bl; +http://www.semrush.com/bot.html)"
185.191.171.2 - - [13/Jul/2025:13:11:28 +0000] "GET /?i=12906677081970&mod=c6eac1ea&uri=goods.php%3Fid%3D430937-585%26name%3Ddr%2Bmartens%2Bclarissa%2Bii%2Bquad%2Buk HTTP/1.1" 200 2087 "-" "Mozilla/5.0 (compatible; SemrushBot/7~bl; +http://www.semrush.com/bot.html)"
209.74.77.214 - - [13/Jul/2025:13:11:47 +0000] "POST /wp-cron.php?doing_wp_cron=1752412307.2005019187927246093750 HTTP/1.1" 200 - "-" "WordPress/6.8.1; https://jrncommunityhousing.charity"
185.191.171.13 - - [13/Jul/2025:13:11:46 +0000] "GET /?i=36565043031970&mod=ac126d00&uri=itm.php%3Fid%3D1220401-1105%26name%3Dasian%2Bschool%2Bshoes%2Bprice HTTP/1.1" 200 2079 "-" "Mozilla/5.0 (compatible; SemrushBot/7~bl; +http://www.semrush.com/bot.html)"
209.74.77.214 - - [13/Jul/2025:13:12:08 +0000] "POST /wp-cron.php?doing_wp_cron=1752412328.0493988990783691406250 HTTP/1.1" 200 - "-" "WordPress/6.8.1; https://jrncommunityhousing.charity"
185.191.171.2 - - [13/Jul/2025:13:12:05 +0000] "GET /?i=30734581021970&mod=76f1a154&uri=category-info.php%3Fid%3D1025815-992%26name%3Dlake%2Bcx402%2Bwide%2Bfit%2Broad%2Bshoes HTTP/1.1" 200 2093 "-" "Mozilla/5.0 (compatible; SemrushBot/7~bl; +http://www.semrush.com/bot.html)"
85.208.96.206 - - [13/Jul/2025:13:12:12 +0000] "GET /?i=99161545131970&mod=e67e8a7f&uri=info.php%3Fid%3D3309271-801%26name%3Dred%2Bbaggy%2Bshorts HTTP/1.1" 200 2075 "-" "Mozilla/5.0 (compatible; SemrushBot/7~bl; +http://www.semrush.com/bot.html)"
209.74.77.214 - - [13/Jul/2025:13:12:37 +0000] "POST /wp-cron.php?doing_wp_cron=1752412357.4120020866394042968750 HTTP/1.1" 200 - "-" "WordPress/6.8.1; https://jrncommunityhousing.charity"
185.191.171.7 - - [13/Jul/2025:13:12:37 +0000] "GET /?i=20837137111970&mod=466996fb&uri=blog.php%3Fid%3D695550-772%26name%3Dborsa%2Bbalenciaga%2Bprezzo HTTP/1.1" 200 2079 "-" "Mozilla/5.0 (compatible; SemrushBot/7~bl; +http://www.semrush.com/bot.html)"
85.208.96.201 - - [13/Jul/2025:13:12:40 +0000] "GET /?i=112628092021970&mod=cb63ecd1&uri=category-info.php%3Fid%3D3758803-1262%26name%3Dunder%2Barmour%2Beuropa%2Bspeedform HTTP/1.1" 200 2088 "-" "Mozilla/5.0 (compatible; SemrushBot/7~bl; +http://www.semrush.com/bot.html)"
209.74.77.214 - - [13/Jul/2025:13:13:45 +0000] "POST /wp-cron.php?doing_wp_cron=1752412425.5938920974731445312500 HTTP/1.1" 200 - "-" "WordPress/6.8.1; https://jrncommunityhousing.charity"
85.208.96.197 - - [13/Jul/2025:13:13:43 +0000] "GET /?i=67821952001970&mod=023821bb&uri=products.php%3Fid%3D2263272-1411%26name%3Dfila%2Bdisruptor%2Bnegras%2By%2Bblancas HTTP/1.1" 200 2090 "-" "Mozilla/5.0 (compatible; SemrushBot/7~bl; +http://www.semrush.com/bot.html)"
185.191.171.13 - - [13/Jul/2025:13:13:51 +0000] "GET /?i=58895093141970&mod=724a3443&uri=category-info.php%3Fid%3D1965359-1074%26name%3Dluna%2Bprada HTTP/1.1" 200 2078 "-" "Mozilla/5.0 (compatible; SemrushBot/7~bl; +http://www.semrush.com/bot.html)"
209.74.77.214 - - [13/Jul/2025:13:14:09 +0000] "POST /wp-cron.php?doing_wp_cron=1752412449.0983510017395019531250 HTTP/1.1" 200 - "-" "WordPress/6.8.1; https://jrncommunityhousing.charity"
85.208.96.196 - - [13/Jul/2025:13:14:08 +0000] "GET /?i=105808163011970&mod=e7c69f19&uri=category-info.php%3Fid%3D3531174-1227%26name%3Dhauck%2Bfootmuff%2Bargos HTTP/1.1" 200 2086 "-" "Mozilla/5.0 (compatible; SemrushBot/7~bl; +http://www.semrush.com/bot.html)"
185.191.171.3 - - [13/Jul/2025:13:14:12 +0000] "GET /?i=112738951051970&mod=8c59636c&uri=us.php%3Fid%3D3762502-1676%26name%3Dthurley%2Bbabushka%2Bmidi%2Bdress HTTP/1.1" 200 2086 "-" "Mozilla/5.0 (compatible; SemrushBot/7~bl; +http://www.semrush.com/bot.html)"
185.191.171.2 - - [13/Jul/2025:13:14:15 +0000] "GET /?i=46393528021970&mod=c0ed516b&uri=article.php%3Fid%3D1548282-1236%26name%3Dkyrie%2Bhyperdunk%2B2019 HTTP/1.1" 200 2081 "-" "Mozilla/5.0 (compatible; SemrushBot/7~bl; +http://www.semrush.com/bot.html)"
209.74.77.214 - - [13/Jul/2025:13:14:19 +0000] "POST /wp-cron.php?doing_wp_cron=1752412459.3386449813842773437500 HTTP/1.1" 200 - "-" "WordPress/6.8.1; https://jrncommunityhousing.charity"
85.208.96.201 - - [13/Jul/2025:13:14:19 +0000] "GET /?i=97062145031970&mod=f8f660d9&uri=pin.php%3Fid%3D3239192-1592%26name%3Dbasketball%2Bshoes%2Bprice%2Bin%2Bphilippines HTTP/1.1" 200 2090 "-" "Mozilla/5.0 (compatible; SemrushBot/7~bl; +http://www.semrush.com/bot.html)"
85.208.96.197 - - [13/Jul/2025:13:14:23 +0000] "GET /?i=91200935071970&mod=723252a5&uri=category-info.php%3Fid%3D3043523-1153%26name%3Dcat%2Band%2Bjack%2Bbaby%2Bgirl%2Bclothes HTTP/1.1" 200 2095 "-" "Mozilla/5.0 (compatible; SemrushBot/7~bl; +http://www.semrush.com/bot.html)"
85.208.96.211 - - [13/Jul/2025:13:14:30 +0000] "GET /?i=14005826071970&mod=e6943eda&uri=category-info.php%3Fid%3D467598-608%26name%3Dnew%2Bbalance%2B890v7%2Breviews HTTP/1.1" 200 2088 "-" "Mozilla/5.0 (compatible; SemrushBot/7~bl; +http://www.semrush.com/bot.html)"
209.74.77.214 - - [13/Jul/2025:13:14:43 +0000] "POST /wp-cron.php?doing_wp_cron=1752412483.4287679195404052734375 HTTP/1.1" 200 - "-" "WordPress/6.8.1; https://jrncommunityhousing.charity"
185.191.171.3 - - [13/Jul/2025:13:14:43 +0000] "GET /?i=97788487121970&mod=697067b3&uri=itm.php%3Fid%3D3263452-124%26name%3Dnueva%2Bcoleccion%2Bde%2Bvizzano HTTP/1.1" 200 2082 "-" "Mozilla/5.0 (compatible; SemrushBot/7~bl; +http://www.semrush.com/bot.html)"
85.208.96.201 - - [13/Jul/2025:13:14:45 +0000] "GET /?i=28609494021970&mod=d24f1446&uri=shared.php%3Fid%3D954855-943%26name%3Dadidas%2Boriginals%2Byupoo%2Bmujer HTTP/1.1" 200 2085 "-" "Mozilla/5.0 (compatible; SemrushBot/7~bl; +http://www.semrush.com/bot.html)"
85.208.96.201 - - [13/Jul/2025:13:14:49 +0000] "GET /?i=39944268001970&mod=9f8f553a&uri=products.php%3Fid%3D1333134-570%26name%3Dusha%2Bwater%2Bcooler%2B400%2Bltr%2Bprice HTTP/1.1" 200 2091 "-" "Mozilla/5.0 (compatible; SemrushBot/7~bl; +http://www.semrush.com/bot.html)"
209.74.77.214 - - [13/Jul/2025:13:14:55 +0000] "POST /wp-cron.php?doing_wp_cron=1752412495.8784968852996826171875 HTTP/1.1" 200 - "-" "WordPress/6.8.1; https://jrncommunityhousing.charity"
85.208.96.207 - - [13/Jul/2025:13:14:55 +0000] "GET /?i=103991937041970&mod=a2d52862&uri=product.php%3Fid%3D3470488-1636%26name%3Dladies%2Btowelling%2Bbathrobe HTTP/1.1" 200 2085 "-" "Mozilla/5.0 (compatible; SemrushBot/7~bl; +http://www.semrush.com/bot.html)"
209.74.77.214 - - [13/Jul/2025:13:15:18 +0000] "POST /wp-cron.php?doing_wp_cron=1752412518.8245120048522949218750 HTTP/1.1" 200 - "-" "WordPress/6.8.1; https://jrncommunityhousing.charity"
185.191.171.13 - - [13/Jul/2025:13:15:18 +0000] "GET /?i=96925167021970&mod=b25cc731&uri=news.php%3Fid%3D3234624-1588%26name%3Dair%2Bhuarache%2Bwomens%2Bgold HTTP/1.1" 200 2082 "-" "Mozilla/5.0 (compatible; SemrushBot/7~bl; +http://www.semrush.com/bot.html)"
85.208.96.206 - - [13/Jul/2025:13:15:22 +0000] "GET /?i=101014155021970&mod=25351c3a&uri=info.php%3Fid%3D3371111-1510%26name%3Dboc%2Bcora%2Bsandals HTTP/1.1" 200 2073 "-" "Mozilla/5.0 (compatible; SemrushBot/7~bl; +http://www.semrush.com/bot.html)"
85.208.96.208 - - [13/Jul/2025:13:15:23 +0000] "GET /?i=64825294071970&mod=571b0345&uri=brands.php%3Fid%3D2163264-921%26name%3Dlunarforce HTTP/1.1" 200 2070 "-" "Mozilla/5.0 (compatible; SemrushBot/7~bl; +http://www.semrush.com/bot.html)"
209.74.77.214 - - [13/Jul/2025:13:15:46 +0000] "POST /wp-cron.php?doing_wp_cron=1752412546.4826428890228271484375 HTTP/1.1" 200 - "-" "WordPress/6.8.1; https://jrncommunityhousing.charity"
85.208.96.193 - - [13/Jul/2025:13:15:46 +0000] "GET /?i=64344752041970&mod=b7b6f829&uri=form.php%3Fid%3D2147237-1394%26name%3Dnike%2Bair%2Bzoom%2Bmariah%2Bflyknit%2Bracer%2Bmen%27s HTTP/1.1" 200 2097 "-" "Mozilla/5.0 (compatible; SemrushBot/7~bl; +http://www.semrush.com/bot.html)"
209.74.77.214 - - [13/Jul/2025:13:16:11 +0000] "POST /wp-cron.php?doing_wp_cron=1752412571.8435139656066894531250 HTTP/1.1" 200 - "-" "WordPress/6.8.1; https://jrncommunityhousing.charity"
85.208.96.211 - - [13/Jul/2025:13:16:11 +0000] "GET /?i=118927616011970&mod=51cb9f9e&uri=shared.php%3Fid%3D3968990-808%26name%3Dtraje%2Bcoreano%2Bde%2Bmujer HTTP/1.1" 200 2083 "-" "Mozilla/5.0 (compatible; SemrushBot/7~bl; +http://www.semrush.com/bot.html)"
85.208.96.201 - - [13/Jul/2025:13:16:13 +0000] "GET /?i=47910646001970&mod=497dd78b&uri=goods.php%3Fid%3D1598896-1252%26name%3Dumbro%2Bmarca HTTP/1.1" 200 2073 "-" "Mozilla/5.0 (compatible; SemrushBot/7~bl; +http://www.semrush.com/bot.html)"
209.74.77.214 - - [13/Jul/2025:13:16:39 +0000] "POST /wp-cron.php?doing_wp_cron=1752412599.5794029235839843750000 HTTP/1.1" 200 - "-" "WordPress/6.8.1; https://jrncommunityhousing.charity"
185.191.171.15 - - [13/Jul/2025:13:16:39 +0000] "GET /?i=14495689051970&mod=fef38cbd&uri=product.php%3Fid%3D483961-617%26name%3Dtrespass%2Bromano HTTP/1.1" 200 2074 "-" "Mozilla/5.0 (compatible; SemrushBot/7~bl; +http://www.semrush.com/bot.html)"
85.208.96.204 - - [13/Jul/2025:13:16:54 +0000] "GET /robots.txt HTTP/1.1" 200 95 "-" "Mozilla/5.0 (compatible; SemrushBot/7~bl; +http://www.semrush.com/bot.html)"
209.74.77.214 - - [13/Jul/2025:13:16:55 +0000] "POST /wp-cron.php?doing_wp_cron=1752412615.0593559741973876953125 HTTP/1.1" 200 - "-" "WordPress/6.8.1; https://jrncommunityhousing.charity"
85.208.96.210 - - [13/Jul/2025:13:16:54 +0000] "GET /?i=91464523031970&mod=1678d948&uri=product.php%3Fid%3D3052340-1020%26name%3Dnike%2Bvapormax%2Bplus%2Breturned%2Bair HTTP/1.1" 200 2089 "-" "Mozilla/5.0 (compatible; SemrushBot/7~bl; +http://www.semrush.com/bot.html)"
209.74.77.214 - - [13/Jul/2025:13:17:17 +0000] "POST /wp-cron.php?doing_wp_cron=1752412637.4468369483947753906250 HTTP/1.1" 200 - "-" "WordPress/6.8.1; https://jrncommunityhousing.charity"
185.191.171.19 - - [13/Jul/2025:13:17:17 +0000] "GET /?i=27679829021970&mod=412aaa3b&uri=product.php%3Fid%3D923839-154%26name%3Dveste%2Bktm%2Bhomme HTTP/1.1" 200 2077 "-" "Mozilla/5.0 (compatible; SemrushBot/7~bl; +http://www.semrush.com/bot.html)"
209.74.77.214 - - [13/Jul/2025:13:17:54 +0000] "POST /wp-cron.php?doing_wp_cron=1752412674.5029220581054687500000 HTTP/1.1" 200 - "-" "WordPress/6.8.1; https://jrncommunityhousing.charity"
85.208.96.208 - - [13/Jul/2025:13:17:52 +0000] "GET /?i=24349128021970&mod=6627a69d&uri=shared.php%3Fid%3D812701-182%26name%3Dwide%2Bleg%2Bmustard%2Bpants HTTP/1.1" 200 2080 "-" "Mozilla/5.0 (compatible; SemrushBot/7~bl; +http://www.semrush.com/bot.html)"
185.191.171.16 - - [13/Jul/2025:13:18:13 +0000] "GET /?i=7429886021970&mod=35285aa7&uri=info.php%3Fid%3D248143-81%26name%3Ddivano%2Bvimle%2Bikea%2Bposti HTTP/1.1" 200 2077 "-" "Mozilla/5.0 (compatible; SemrushBot/7~bl; +http://www.semrush.com/bot.html)"
209.74.77.214 - - [13/Jul/2025:13:18:20 +0000] "POST /wp-cron.php?doing_wp_cron=1752412700.2747418880462646484375 HTTP/1.1" 200 - "-" "WordPress/6.8.1; https://jrncommunityhousing.charity"
185.157.214.24 - - [13/Jul/2025:13:18:20 +0000] "GET / HTTP/1.1" 301 - "-" "Mozilla/5.0 (Macintosh; Intel Mac OS X 10_15_7) AppleWebKit/537.36 (KHTML, like Gecko) Chrome/133.0.0.0 Safari/537.36"
185.191.171.12 - - [13/Jul/2025:13:18:20 +0000] "GET /?i=115149802061970&mod=129f6560&uri=form.php%3Fid%3D3842968-794%26name%3Dtaurine%2Braw%2Bdog%2Bfood HTTP/1.1" 200 2077 "-" "Mozilla/5.0 (compatible; SemrushBot/7~bl; +http://www.semrush.com/bot.html)"
185.157.214.24 - - [13/Jul/2025:13:18:22 +0000] "GET / HTTP/1.1" 200 1993 "https://JRNCOMMUNITYHOUSING.CHARITY" "Mozilla/5.0 (Macintosh; Intel Mac OS X 10_15_7) AppleWebKit/537.36 (KHTML, like Gecko) Chrome/133.0.0.0 Safari/537.36"
185.191.171.18 - - [13/Jul/2025:13:18:23 +0000] "GET /?i=30710461031970&mod=f4aa79ea&uri=us.php%3Fid%3D1025011-991%26name%3Dclear%2Bshoes%2Bsize%2B10 HTTP/1.1" 200 2073 "-" "Mozilla/5.0 (compatible; SemrushBot/7~bl; +http://www.semrush.com/bot.html)"
185.191.171.15 - - [13/Jul/2025:13:18:26 +0000] "GET /?i=69773812021970&mod=434f2774&uri=pin.php%3Fid%3D2328435-512%26name%3Dasics%2Baustralia%2Bkids HTTP/1.1" 200 2077 "-" "Mozilla/5.0 (compatible; SemrushBot/7~bl; +http://www.semrush.com/bot.html)"
185.157.214.24 - - [13/Jul/2025:13:18:27 +0000] "GET /wp-login.php?action=lostpassword HTTP/1.1" 200 30880 "-" "Mozilla/5.0 (Macintosh; Intel Mac OS X 10_15_7) AppleWebKit/537.36 (KHTML, like Gecko) Chrome/133.0.0.0 Safari/537.36"
180.210.160.86 - - [13/Jul/2025:13:18:30 +0000] "POST /wp-login.php?action=lostpassword HTTP/1.1" 200 30984 "-" "Mozilla/5.0 (Macintosh; Intel Mac OS X 10_15_7) AppleWebKit/537.36 (KHTML, like Gecko) Chrome/133.0.0.0 Safari/537.36"
209.74.77.214 - - [13/Jul/2025:13:18:33 +0000] "POST /wp-cron.php?doing_wp_cron=1752412713.3655669689178466796875 HTTP/1.1" 200 - "-" "WordPress/6.8.1; https://jrncommunityhousing.charity"
185.191.171.15 - - [13/Jul/2025:13:18:33 +0000] "GET /?i=58099408021970&mod=5eee1f1c&uri=article.php%3Fid%3D1938806-1342%26name%3Dscarpe%2Buomo%2Bnero%2Bgiardini%2Bprezzi HTTP/1.1" 200 2091 "-" "Mozilla/5.0 (compatible; SemrushBot/7~bl; +http://www.semrush.com/bot.html)"
180.210.160.86 - - [13/Jul/2025:13:18:33 +0000] "POST /wp-login.php?action=lostpassword HTTP/1.1" 200 30950 "-" "Mozilla/5.0 (Windows NT 10.0; Win64; x64) AppleWebKit/537.36 (KHTML, like Gecko) Chrome/120.0.0.0 Safari/537.36"
185.191.171.9 - - [13/Jul/2025:13:18:35 +0000] "GET /?i=62798710011970&mod=4b96ff03&uri=itm.php%3Fid%3D2095665-1374%26name%3Dnike%2Bteam%2Bpark%2Bdry%2Bii%2Bshorts HTTP/1.1" 200 2088 "-" "Mozilla/5.0 (compatible; SemrushBot/7~bl; +http://www.semrush.com/bot.html)"
185.157.214.24 - - [13/Jul/2025:13:18:35 +0000] "GET /wp-login.php HTTP/1.1" 200 31626 "-" "Mozilla/5.0 (Macintosh; Intel Mac OS X 10_15_7) AppleWebKit/537.36 (KHTML, like Gecko) Chrome/133.0.0.0 Safari/537.36"
85.208.96.196 - - [13/Jul/2025:13:18:45 +0000] "GET /?i=102107201021970&mod=03e881fb&uri=product.php%3Fid%3D3407607-674%26name%3Dhublot%2Bbig%2Bbang%2Bunico%2Bmagic%2Bgold HTTP/1.1" 200 2088 "-" "Mozilla/5.0 (compatible; SemrushBot/7~bl; +http://www.semrush.com/bot.html)"
185.191.171.10 - - [13/Jul/2025:13:18:53 +0000] "GET /?i=67486884001970&mod=140497ee&uri=pin.php%3Fid%3D2252090-1408%26name%3Dzapatos%2Bdeportivos%2Bskechers%2Bde%2Bmujer%2Ben%2Becuador%2Boutlet HTTP/1.1" 200 2105 "-" "Mozilla/5.0 (compatible; SemrushBot/7~bl; +http://www.semrush.com/bot.html)"
209.74.77.214 - - [13/Jul/2025:13:18:58 +0000] "POST /wp-cron.php?doing_wp_cron=1752412738.6774001121520996093750 HTTP/1.1" 200 - "-" "WordPress/6.8.1; https://jrncommunityhousing.charity"
85.208.96.207 - - [13/Jul/2025:13:18:58 +0000] "GET /?i=33281095061970&mod=32c47400&uri=dp.php%3Fid%3D1110798-62%26name%3Dsteve%2Bharvey%2Bsmart%2Bwatch HTTP/1.1" 200 2078 "-" "Mozilla/5.0 (compatible; SemrushBot/7~bl; +http://www.semrush.com/bot.html)"
85.208.96.207 - - [13/Jul/2025:13:19:05 +0000] "GET /?i=64369311051970&mod=3e43ffce&uri=article.php%3Fid%3D2148056-1390%26name%3Dmaglia%2Bgucci%2Bragazzo%2Bprezzo HTTP/1.1" 200 2087 "-" "Mozilla/5.0 (compatible; SemrushBot/7~bl; +http://www.semrush.com/bot.html)"
185.191.171.12 - - [13/Jul/2025:13:19:09 +0000] "GET /?i=63996421001970&mod=a74089ac&uri=product.php%3Fid%3D2135618-1191%26name%3Djr%2Bair%2Bforce%2Brotc HTTP/1.1" 200 2079 "-" "Mozilla/5.0 (compatible; SemrushBot/7~bl; +http://www.semrush.com/bot.html)"
209.74.77.214 - - [13/Jul/2025:13:19:26 +0000] "POST /wp-cron.php?doing_wp_cron=1752412766.1274039745330810546875 HTTP/1.1" 200 - "-" "WordPress/6.8.1; https://jrncommunityhousing.charity"
185.191.171.10 - - [13/Jul/2025:13:19:25 +0000] "GET /?i=98152386021970&mod=d30b1cdd&uri=goods.php%3Fid%3D3275604-768%26name%3Dv%2Bneck%2Blong%2Bsleeve%2Bbelted%2Bmaxi%2Bdress HTTP/1.1" 200 2092 "-" "Mozilla/5.0 (compatible; SemrushBot/7~bl; +http://www.semrush.com/bot.html)"
209.74.77.214 - - [13/Jul/2025:13:19:43 +0000] "POST /wp-cron.php?doing_wp_cron=1752412783.6112809181213378906250 HTTP/1.1" 200 - "-" "WordPress/6.8.1; https://jrncommunityhousing.charity"
185.191.171.1 - - [13/Jul/2025:13:19:43 +0000] "GET /?i=42745750081970&mod=47629dfc&uri=article.php%3Fid%3D1426590-630%26name%3Dmost%2Bexpensive%2Bclothing%2Bbrands%2B2019 HTTP/1.1" 200 2092 "-" "Mozilla/5.0 (compatible; SemrushBot/7~bl; +http://www.semrush.com/bot.html)"
209.74.77.214 - - [13/Jul/2025:13:20:18 +0000] "POST /wp-cron.php?doing_wp_cron=1752412818.0455470085144042968750 HTTP/1.1" 200 - "-" "WordPress/6.8.1; https://jrncommunityhousing.charity"
185.191.171.16 - - [13/Jul/2025:13:20:12 +0000] "GET /?i=3211378051970&mod=b7622760&uri=search.php%3Fid%3D107197-198%26name%3Dlevis%2Bstudent%2Bfit HTTP/1.1" 200 2074 "-" "Mozilla/5.0 (compatible; SemrushBot/7~bl; +http://www.semrush.com/bot.html)"
85.208.96.197 - - [13/Jul/2025:13:20:19 +0000] "GET /?i=47610160001970&mod=94d09ba9&uri=dp.php%3Fid%3D1588861-1247%26name%3Dcolumbia%2Boutdoor%2Boutlet HTTP/1.1" 200 2077 "-" "Mozilla/5.0 (compatible; SemrushBot/7~bl; +http://www.semrush.com/bot.html)"
85.208.96.200 - - [13/Jul/2025:13:20:22 +0000] "GET /?i=102659141041970&mod=09695e1e&uri=products.php%3Fid%3D3426017-1627%26name%3Drebajas%2Ben%2Balvaro%2Bmoreno HTTP/1.1" 200 2088 "-" "Mozilla/5.0 (compatible; SemrushBot/7~bl; +http://www.semrush.com/bot.html)"
209.74.77.214 - - [13/Jul/2025:13:20:39 +0000] "POST /wp-cron.php?doing_wp_cron=1752412839.7445271015167236328125 HTTP/1.1" 200 - "-" "WordPress/6.8.1; https://jrncommunityhousing.charity"
185.191.171.17 - - [13/Jul/2025:13:20:39 +0000] "GET /?i=109625586041970&mod=183e498f&uri=shop.php%3Fid%3D3658546-1485%26name%3Dcalvin%2Bklein%2Bfree%2Bfor%2Bmen HTTP/1.1" 200 2084 "-" "Mozilla/5.0 (compatible; SemrushBot/7~bl; +http://www.semrush.com/bot.html)"
209.74.77.214 - - [13/Jul/2025:13:20:56 +0000] "POST /wp-cron.php?doing_wp_cron=1752412856.9813981056213378906250 HTTP/1.1" 200 - "-" "WordPress/6.8.1; https://jrncommunityhousing.charity"
85.208.96.197 - - [13/Jul/2025:13:20:56 +0000] "GET /?i=5318024101970&mod=e2f8878a&uri=brands.php%3Fid%3D177542-319%26name%3Dadidas%2Bcampus%2Bhombre%2Bazul%2Bmarino HTTP/1.1" 200 2085 "-" "Mozilla/5.0 (compatible; SemrushBot/7~bl; +http://www.semrush.com/bot.html)"
209.74.77.214 - - [13/Jul/2025:13:21:38 +0000] "POST /wp-cron.php?doing_wp_cron=1752412898.0228459835052490234375 HTTP/1.1" 200 - "-" "WordPress/6.8.1; https://jrncommunityhousing.charity"
85.208.96.195 - - [13/Jul/2025:13:21:34 +0000] "GET /?i=88931329011970&mod=c0ea6489&uri=search.php%3Fid%3D2967774-1543%26name%3Dasap%2Brocky%2Bdungarees HTTP/1.1" 200 2080 "-" "Mozilla/5.0 (compatible; SemrushBot/7~bl; +http://www.semrush.com/bot.html)"
185.191.171.3 - - [13/Jul/2025:13:21:53 +0000] "GET /?i=108809043021970&mod=c3612d99&uri=dp.php%3Fid%3D3631307-1660%26name%3Dadidas%2Bbox%2Bhog HTTP/1.1" 200 2075 "-" "Mozilla/5.0 (compatible; SemrushBot/7~bl; +http://www.semrush.com/bot.html)"
209.74.77.214 - - [13/Jul/2025:13:22:36 +0000] "POST /wp-cron.php?doing_wp_cron=1752412956.5165069103240966796875 HTTP/1.1" 200 - "-" "WordPress/6.8.1; https://jrncommunityhousing.charity"
185.191.171.10 - - [13/Jul/2025:13:22:34 +0000] "GET /?i=66374115101970&mod=909356f3&uri=category-info.php%3Fid%3D2214957-411%26name%3Dtenis%2Badidas%2Bde%2Blos%2Bsimpson HTTP/1.1" 200 2090 "-" "Mozilla/5.0 (compatible; SemrushBot/7~bl; +http://www.semrush.com/bot.html)"
85.208.96.207 - - [13/Jul/2025:13:22:38 +0000] "GET /?i=3592392011970&mod=6cbe986b&uri=dp.php%3Fid%3D119907-227%26name%3Dultra%2Bboost%2Buncaged%2Bwhite%2Breddit HTTP/1.1" 200 2084 "-" "Mozilla/5.0 (compatible; SemrushBot/7~bl; +http://www.semrush.com/bot.html)"
85.208.96.208 - - [13/Jul/2025:13:22:40 +0000] "GET /?i=41017786071970&mod=ee03a627&uri=us.php%3Fid%3D1368951-1155%26name%3Davengers%2Bcharm%2Bbracelet HTTP/1.1" 200 2079 "-" "Mozilla/5.0 (compatible; SemrushBot/7~bl; +http://www.semrush.com/bot.html)"
185.191.171.1 - - [13/Jul/2025:13:22:43 +0000] "GET /?i=55985566141970&mod=85c66d94&uri=form.php%3Fid%3D1868274-1316%26name%3Dcorte%2Bde%2Bsirena%2Bvestido HTTP/1.1" 200 2081 "-" "Mozilla/5.0 (compatible; SemrushBot/7~bl; +http://www.semrush.com/bot.html)"
85.208.96.205 - - [13/Jul/2025:13:22:46 +0000] "GET /?i=50745039001970&mod=0d08e137&uri=itm.php%3Fid%3D1693446-1276%26name%3Dloose%2Babaya%2Bdesigns HTTP/1.1" 200 2077 "-" "Mozilla/5.0 (compatible; SemrushBot/7~bl; +http://www.semrush.com/bot.html)"
209.74.77.214 - - [13/Jul/2025:13:22:54 +0000] "POST /wp-cron.php?doing_wp_cron=1752412974.8153309822082519531250 HTTP/1.1" 200 - "-" "WordPress/6.8.1; https://jrncommunityhousing.charity"
85.208.96.207 - - [13/Jul/2025:13:22:54 +0000] "GET /?i=22773326121970&mod=5a9542c7&uri=shop.php%3Fid%3D760140-50%26name%3Damazfit%2Bband%2Bsmartwatch HTTP/1.1" 200 2078 "-" "Mozilla/5.0 (compatible; SemrushBot/7~bl; +http://www.semrush.com/bot.html)"
185.191.171.11 - - [13/Jul/2025:13:22:57 +0000] "GET /?i=35790272011970&mod=e1ce9243&uri=category-info.php%3Fid%3D1194541-1093%26name%3Daj5%2Bfire%2Bred%2B2021 HTTP/1.1" 200 2084 "-" "Mozilla/5.0 (compatible; SemrushBot/7~bl; +http://www.semrush.com/bot.html)"
185.191.171.7 - - [13/Jul/2025:13:22:59 +0000] "GET /?i=116431224031970&mod=064e3a56&uri=us.php%3Fid%3D3885720-137%26name%3Dnike%2Bdunk%2Blow%2Bbianche%2Be%2Bnere%2Bdonna HTTP/1.1" 200 2087 "-" "Mozilla/5.0 (compatible; SemrushBot/7~bl; +http://www.semrush.com/bot.html)"
185.191.171.1 - - [13/Jul/2025:13:23:03 +0000] "GET /?i=12023907061970&mod=55c567fd&uri=info.php%3Fid%3D401479-14%26name%3Dadidas%2Bcloudfoam%2Bultimate HTTP/1.1" 200 2079 "-" "Mozilla/5.0 (compatible; SemrushBot/7~bl; +http://www.semrush.com/bot.html)"
85.208.96.195 - - [13/Jul/2025:13:23:06 +0000] "GET /?i=7034940011970&mod=96add356&uri=form.php%3Fid%3D234944-396%26name%3Dpuma%2Brider%2Bplay%2Bone%2Bfemme HTTP/1.1" 200 2079 "-" "Mozilla/5.0 (compatible; SemrushBot/7~bl; +http://www.semrush.com/bot.html)"
209.74.77.214 - - [13/Jul/2025:13:23:37 +0000] "POST /wp-cron.php?doing_wp_cron=1752413017.0775310993194580078125 HTTP/1.1" 200 - "-" "WordPress/6.8.1; https://jrncommunityhousing.charity"
185.191.171.9 - - [13/Jul/2025:13:23:36 +0000] "GET /?i=50737449041970&mod=e409d489&uri=shop.php%3Fid%3D1693193-1277%26name%3Dthe%2Bnorth%2Bface%2Btoddler HTTP/1.1" 200 2081 "-" "Mozilla/5.0 (compatible; SemrushBot/7~bl; +http://www.semrush.com/bot.html)"
185.191.171.11 - - [13/Jul/2025:13:23:41 +0000] "GET /?i=22094801031970&mod=4a018b85&uri=goods.php%3Fid%3D737503-807%26name%3Dwhite%2Band%2Bpink%2Bjumper HTTP/1.1" 200 2080 "-" "Mozilla/5.0 (compatible; SemrushBot/7~bl; +http://www.semrush.com/bot.html)"
85.208.96.202 - - [13/Jul/2025:13:23:44 +0000] "GET /?i=115849016001970&mod=0414273b&uri=blog.php%3Fid%3D3866299-1691%26name%3Dsleep%2Brecovery%2Bunder%2Barmour HTTP/1.1" 200 2083 "-" "Mozilla/5.0 (compatible; SemrushBot/7~bl; +http://www.semrush.com/bot.html)"
209.74.77.214 - - [13/Jul/2025:13:24:13 +0000] "POST /wp-cron.php?doing_wp_cron=1752413053.5902030467987060546875 HTTP/1.1" 200 - "-" "WordPress/6.8.1; https://jrncommunityhousing.charity"
85.208.96.195 - - [13/Jul/2025:13:24:13 +0000] "GET /?i=103563953051970&mod=a666bfb2&uri=category-info.php%3Fid%3D3456217-1583%26name%3Dskechers%2Brelaxed%2Bfit%2Bvolte%2Bherick HTTP/1.1" 200 2096 "-" "Mozilla/5.0 (compatible; SemrushBot/7~bl; +http://www.semrush.com/bot.html)"
209.74.77.214 - - [13/Jul/2025:13:24:34 +0000] "POST /wp-cron.php?doing_wp_cron=1752413074.8522839546203613281250 HTTP/1.1" 200 - "-" "WordPress/6.8.1; https://jrncommunityhousing.charity"
185.191.171.17 - - [13/Jul/2025:13:24:34 +0000] "GET /?i=78646889051970&mod=26a47ac0&uri=dp.php%3Fid%3D2624547-1494%26name%3Dcool%2Bponytail%2Bholders HTTP/1.1" 200 2075 "-" "Mozilla/5.0 (compatible; SemrushBot/7~bl; +http://www.semrush.com/bot.html)"
185.191.171.18 - - [13/Jul/2025:13:24:41 +0000] "GET /?i=21352497091970&mod=8516da93&uri=itm.php%3Fid%3D712741-788%26name%3Dabiti%2Bdamigelle%2Bbambina HTTP/1.1" 200 2078 "-" "Mozilla/5.0 (compatible; SemrushBot/7~bl; +http://www.semrush.com/bot.html)"
85.208.96.202 - - [13/Jul/2025:13:24:42 +0000] "GET /?i=49374239021970&mod=5602b24b&uri=blog.php%3Fid%3D1647712-1265%26name%3Djockey%2Bbody%2Bwarmer%2Bprice HTTP/1.1" 200 2082 "-" "Mozilla/5.0 (compatible; SemrushBot/7~bl; +http://www.semrush.com/bot.html)"
185.191.171.13 - - [13/Jul/2025:13:24:45 +0000] "GET /?i=41326055041970&mod=6c6b5a3c&uri=dp.php%3Fid%3D1379247-675%26name%3Dfastest%2Bbike%2Bon%2Bthe%2Bplanet HTTP/1.1" 200 2084 "-" "Mozilla/5.0 (compatible; SemrushBot/7~bl; +http://www.semrush.com/bot.html)"
209.74.77.214 - - [13/Jul/2025:13:25:22 +0000] "POST /wp-cron.php?doing_wp_cron=1752413122.9368650913238525390625 HTTP/1.1" 200 - "-" "WordPress/6.8.1; https://jrncommunityhousing.charity"
185.191.171.1 - - [13/Jul/2025:13:25:21 +0000] "GET /?i=28145946011970&mod=b2c2ea4b&uri=brands.php%3Fid%3D939389-692%26name%3Dhoverglide%2Bbackpack%2Bprice HTTP/1.1" 200 2080 "-" "Mozilla/5.0 (compatible; SemrushBot/7~bl; +http://www.semrush.com/bot.html)"
209.74.77.214 - - [13/Jul/2025:13:25:58 +0000] "POST /wp-cron.php?doing_wp_cron=1752413158.0497701168060302734375 HTTP/1.1" 200 - "-" "WordPress/6.8.1; https://jrncommunityhousing.charity"
85.208.96.208 - - [13/Jul/2025:13:25:56 +0000] "GET /?i=90515088061970&mod=5b01777c&uri=news.php%3Fid%3D3020624-1557%26name%3Drunning%2Boutside HTTP/1.1" 200 2074 "-" "Mozilla/5.0 (compatible; SemrushBot/7~bl; +http://www.semrush.com/bot.html)"
209.74.77.214 - - [13/Jul/2025:13:26:37 +0000] "POST /wp-cron.php?doing_wp_cron=1752413197.3387548923492431640625 HTTP/1.1" 200 - "-" "WordPress/6.8.1; https://jrncommunityhousing.charity"
185.191.171.18 - - [13/Jul/2025:13:26:35 +0000] "GET /?i=70376645021970&mod=e57d24b3&uri=products.php%3Fid%3D2348542-1424%26name%3Dbest%2Bnon%2Bskid%2Bwork%2Bshoes HTTP/1.1" 200 2087 "-" "Mozilla/5.0 (compatible; SemrushBot/7~bl; +http://www.semrush.com/bot.html)"
85.208.96.204 - - [13/Jul/2025:13:26:43 +0000] "GET /?i=32396290011970&mod=e287f0b2&uri=info.php%3Fid%3D1081263-95%26name%3Dtriciclo%2Bbimba%2Banno%2Bchicco HTTP/1.1" 200 2081 "-" "Mozilla/5.0 (compatible; SemrushBot/7~bl; +http://www.semrush.com/bot.html)"
185.191.171.16 - - [13/Jul/2025:13:26:47 +0000] "GET /?i=29134542021970&mod=6ae33162&uri=products.php%3Fid%3D972375-958%26name%3Dgrey%2Band%2Bblue%2Badidas%2Bgazelles HTTP/1.1" 200 2087 "-" "Mozilla/5.0 (compatible; SemrushBot/7~bl; +http://www.semrush.com/bot.html)"
209.74.77.214 - - [13/Jul/2025:13:26:56 +0000] "POST /wp-cron.php?doing_wp_cron=1752413216.8148660659790039062500 HTTP/1.1" 200 - "-" "WordPress/6.8.1; https://jrncommunityhousing.charity"
85.208.96.210 - - [13/Jul/2025:13:26:56 +0000] "GET /?i=100777723081970&mod=2d51cda5&uri=blog.php%3Fid%3D3363227-1609%26name%3Ddecolte%2Bnere%2Bcamoscio HTTP/1.1" 200 2076 "-" "Mozilla/5.0 (compatible; SemrushBot/7~bl; +http://www.semrush.com/bot.html)"
185.191.171.14 - - [13/Jul/2025:13:27:00 +0000] "GET /?i=97858937041970&mod=f422338d&uri=itm.php%3Fid%3D3265806-1157%26name%3Droyal%2Bblue%2Bpolka%2Bdot%2Bskirt HTTP/1.1" 200 2085 "-" "Mozilla/5.0 (compatible; SemrushBot/7~bl; +http://www.semrush.com/bot.html)"
185.191.171.2 - - [13/Jul/2025:13:27:03 +0000] "GET /?i=14490169041970&mod=fef38cbd&uri=goods.php%3Fid%3D483777-617%26name%3Dmountain%2Bequipment%2Blightline%2Bjacket%2Btemperature HTTP/1.1" 200 2095 "-" "Mozilla/5.0 (compatible; SemrushBot/7~bl; +http://www.semrush.com/bot.html)"
185.191.171.1 - - [13/Jul/2025:13:27:05 +0000] "GET /?i=113636227041970&mod=dbd409fd&uri=itm.php%3Fid%3D3792449-1684%26name%3Dadidas%2Bbr5863 HTTP/1.1" 200 2074 "-" "Mozilla/5.0 (compatible; SemrushBot/7~bl; +http://www.semrush.com/bot.html)"
185.191.171.6 - - [13/Jul/2025:13:27:07 +0000] "GET /?i=47910946041970&mod=497dd78b&uri=article.php%3Fid%3D1598906-1252%26name%3Dumbro%2Bneo%2Bpro HTTP/1.1" 200 2077 "-" "Mozilla/5.0 (compatible; SemrushBot/7~bl; +http://www.semrush.com/bot.html)"
185.191.171.11 - - [13/Jul/2025:13:27:11 +0000] "GET /?i=71582691021970&mod=be0183d4&uri=shop.php%3Fid%3D2388784-1437%26name%3Dnano%2Bo%2Bmetcon HTTP/1.1" 200 2073 "-" "Mozilla/5.0 (compatible; SemrushBot/7~bl; +http://www.semrush.com/bot.html)"
185.191.171.11 - - [13/Jul/2025:13:27:14 +0000] "GET /?i=19479503021970&mod=4f50a1a1&uri=article.php%3Fid%3D650257-743%26name%3Dnew%2Bbalance%2Bsneakers%2Bimages HTTP/1.1" 200 2084 "-" "Mozilla/5.0 (compatible; SemrushBot/7~bl; +http://www.semrush.com/bot.html)"
209.74.77.214 - - [13/Jul/2025:13:27:16 +0000] "POST /wp-cron.php?doing_wp_cron=1752413236.7595748901367187500000 HTTP/1.1" 200 - "-" "WordPress/6.8.1; https://jrncommunityhousing.charity"
85.208.96.196 - - [13/Jul/2025:13:27:16 +0000] "GET /?i=45559321011970&mod=32a2ffe8&uri=blog.php%3Fid%3D1520451-1219%26name%3Dboutique%2Brobe%2Bmari%C3%83%C2%A9e%2Bbordeaux HTTP/1.1" 200 2094 "-" "Mozilla/5.0 (compatible; SemrushBot/7~bl; +http://www.semrush.com/bot.html)"
209.74.77.214 - - [13/Jul/2025:13:27:33 +0000] "POST /wp-cron.php?doing_wp_cron=1752413253.1467781066894531250000 HTTP/1.1" 200 - "-" "WordPress/6.8.1; https://jrncommunityhousing.charity"
85.208.96.199 - - [13/Jul/2025:13:27:29 +0000] "GET /?i=24433922041970&mod=e818aa82&uri=product.php%3Fid%3D815530-854%26name%3Dejercicios%2Bde%2Bcardio%2Bpara%2Bquemar%2Bgrasa%2Ben%2Bcasa HTTP/1.1" 200 2102 "-" "Mozilla/5.0 (compatible; SemrushBot/7~bl; +http://www.semrush.com/bot.html)"
185.191.171.10 - - [13/Jul/2025:13:27:36 +0000] "GET /?i=42217261041970&mod=ae7a4377&uri=product.php%3Fid%3D1408966-1179%26name%3Dadidas%2Bace%2Bred%2Band%2Bblack HTTP/1.1" 200 2083 "-" "Mozilla/5.0 (compatible; SemrushBot/7~bl; +http://www.semrush.com/bot.html)"
209.74.77.214 - - [13/Jul/2025:13:28:19 +0000] "POST /wp-cron.php?doing_wp_cron=1752413299.0520069599151611328125 HTTP/1.1" 200 - "-" "WordPress/6.8.1; https://jrncommunityhousing.charity"
85.208.96.205 - - [13/Jul/2025:13:28:17 +0000] "GET /?i=24635931061970&mod=6baa2c3a&uri=us.php%3Fid%3D822266-840%26name%3Dvvs2%2Bi%2Bcolor%2Bdiamond HTTP/1.1" 200 2075 "-" "Mozilla/5.0 (compatible; SemrushBot/7~bl; +http://www.semrush.com/bot.html)"
185.191.171.16 - - [13/Jul/2025:13:28:27 +0000] "GET /?i=82070327011970&mod=53b923dd&uri=blog.php%3Fid%3D2738841-1515%26name%3Dpink%2Blacoste%2Bjumper HTTP/1.1" 200 2077 "-" "Mozilla/5.0 (compatible; SemrushBot/7~bl; +http://www.semrush.com/bot.html)"
209.74.77.214 - - [13/Jul/2025:13:28:43 +0000] "POST /wp-cron.php?doing_wp_cron=1752413323.9426889419555664062500 HTTP/1.1" 200 - "-" "WordPress/6.8.1; https://jrncommunityhousing.charity"
185.191.171.12 - - [13/Jul/2025:13:28:43 +0000] "GET /?i=30051360011970&mod=442262ca&uri=info.php%3Fid%3D1003029-982%26name%3Dnike%2Btoddler%2Bsize%2Bshoes HTTP/1.1" 200 2079 "-" "Mozilla/5.0 (compatible; SemrushBot/7~bl; +http://www.semrush.com/bot.html)"
185.191.171.6 - - [13/Jul/2025:13:28:46 +0000] "GET /?i=70786667031970&mod=ae7a4377&uri=us.php%3Fid%3D2362214-1179%26name%3Dmichael%2Bjordan%2Bspace%2Bjam%2Bwallpaper HTTP/1.1" 200 2087 "-" "Mozilla/5.0 (compatible; SemrushBot/7~bl; +http://www.semrush.com/bot.html)"
85.208.96.196 - - [13/Jul/2025:13:28:52 +0000] "GET /?i=686575001970&mod=700fdb2b&uri=pin.php%3Fid%3D22931-46%26name%3Dpoussette%2Bpeg%2Bperego%2Bmarron HTTP/1.1" 200 2077 "-" "Mozilla/5.0 (compatible; SemrushBot/7~bl; +http://www.semrush.com/bot.html)"
209.74.77.214 - - [13/Jul/2025:13:29:18 +0000] "POST /wp-cron.php?doing_wp_cron=1752413358.0034449100494384765625 HTTP/1.1" 200 - "-" "WordPress/6.8.1; https://jrncommunityhousing.charity"
85.208.96.194 - - [13/Jul/2025:13:29:17 +0000] "GET /?i=111854790001970&mod=407de8d0&uri=blog.php%3Fid%3D3732968-241%26name%3Dsamsung%2Bmagician%2Bold%2Bversion HTTP/1.1" 200 2085 "-" "Mozilla/5.0 (compatible; SemrushBot/7~bl; +http://www.semrush.com/bot.html)"
209.74.77.214 - - [13/Jul/2025:13:29:58 +0000] "POST /wp-cron.php?doing_wp_cron=1752413398.1728980541229248046875 HTTP/1.1" 200 - "-" "WordPress/6.8.1; https://jrncommunityhousing.charity"
85.208.96.207 - - [13/Jul/2025:13:29:56 +0000] "GET /?i=36337870061970&mod=d17f0faf&uri=info.php%3Fid%3D1212804-1099%26name%3Dfila%2Bnz%2Bsale HTTP/1.1" 200 2073 "-" "Mozilla/5.0 (compatible; SemrushBot/7~bl; +http://www.semrush.com/bot.html)"
209.74.77.214 - - [13/Jul/2025:13:30:34 +0000] "POST /wp-cron.php?doing_wp_cron=1752413434.2189679145812988281250 HTTP/1.1" 200 - "-" "WordPress/6.8.1; https://jrncommunityhousing.charity"
85.208.96.198 - - [13/Jul/2025:13:30:32 +0000] "GET /?i=29818876071970&mod=1003d98a&uri=pin.php%3Fid%3D995273-445%26name%3Dmissouri%2Bstate%2Buniversity%2Bhoodie HTTP/1.1" 200 2084 "-" "Mozilla/5.0 (compatible; SemrushBot/7~bl; +http://www.semrush.com/bot.html)"
185.191.171.4 - - [13/Jul/2025:13:30:42 +0000] "GET /?i=10998535001970&mod=f16b1d1d&uri=form.php%3Fid%3D367222-534%26name%3Dblood%2Bpressure%2Bwatches%2Bwalmart HTTP/1.1" 200 2083 "-" "Mozilla/5.0 (compatible; SemrushBot/7~bl; +http://www.semrush.com/bot.html)"
185.191.171.8 - - [13/Jul/2025:13:30:52 +0000] "GET /?i=53919733011970&mod=f5fd85da&uri=category-info.php%3Fid%3D1799350-1109%26name%3Dpantaloncini%2Bvita%2Balta%2Bbershka HTTP/1.1" 200 2090 "-" "Mozilla/5.0 (compatible; SemrushBot/7~bl; +http://www.semrush.com/bot.html)"
209.74.77.214 - - [13/Jul/2025:13:30:55 +0000] "POST /wp-cron.php?doing_wp_cron=1752413455.2358980178833007812500 HTTP/1.1" 200 - "-" "WordPress/6.8.1; https://jrncommunityhousing.charity"
185.191.171.8 - - [13/Jul/2025:13:30:55 +0000] "GET /?i=65588042031970&mod=a03fa308&uri=form.php%3Fid%3D2188718-20%26name%3Dphase%2Beight%2Bsize%2B10 HTTP/1.1" 200 2074 "-" "Mozilla/5.0 (compatible; SemrushBot/7~bl; +http://www.semrush.com/bot.html)"
185.191.171.1 - - [13/Jul/2025:13:30:57 +0000] "GET /?i=39200642091970&mod=63fe372a&uri=goods.php%3Fid%3D1308323-315%26name%3Dpure%2Bgrey%2Btitan%2Buhr HTTP/1.1" 200 2079 "-" "Mozilla/5.0 (compatible; SemrushBot/7~bl; +http://www.semrush.com/bot.html)"
185.191.171.4 - - [13/Jul/2025:13:31:01 +0000] "GET /?i=77630378091970&mod=9d372218&uri=product.php%3Fid%3D2590597-245%26name%3Dadidas%2Bx%2Bnere HTTP/1.1" 200 2074 "-" "Mozilla/5.0 (compatible; SemrushBot/7~bl; +http://www.semrush.com/bot.html)"
185.191.171.1 - - [13/Jul/2025:13:31:13 +0000] "GET /?i=75338055001970&mod=94b75971&uri=product.php%3Fid%3D2514072-1174%26name%3Dmetal%2Btent%2Bstakes HTTP/1.1" 200 2078 "-" "Mozilla/5.0 (compatible; SemrushBot/7~bl; +http://www.semrush.com/bot.html)"
85.208.96.197 - - [13/Jul/2025:13:31:15 +0000] "GET /?i=5738443021970&mod=34ac42f1&uri=goods.php%3Fid%3D191634-275%26name%3Dvltg%2Bconverse HTTP/1.1" 200 2070 "-" "Mozilla/5.0 (compatible; SemrushBot/7~bl; +http://www.semrush.com/bot.html)"
209.74.77.214 - - [13/Jul/2025:13:31:22 +0000] "POST /wp-cron.php?doing_wp_cron=1752413482.0868360996246337890625 HTTP/1.1" 200 - "-" "WordPress/6.8.1; https://jrncommunityhousing.charity"
185.191.171.2 - - [13/Jul/2025:13:31:21 +0000] "GET /?i=87213980071970&mod=af884813&uri=brands.php%3Fid%3D2910448-1381%26name%3Dlatest%2Bwomens%2Bwhite%2Btrainers HTTP/1.1" 200 2084 "-" "Mozilla/5.0 (compatible; SemrushBot/7~bl; +http://www.semrush.com/bot.html)"
185.191.171.4 - - [13/Jul/2025:13:31:28 +0000] "GET /?i=20026107031970&mod=d199cb70&uri=category-info.php%3Fid%3D668491-757%26name%3Dwomen%27s%2Borange%2Bprison%2Bjumpsuit%2Bcostume HTTP/1.1" 200 2100 "-" "Mozilla/5.0 (compatible; SemrushBot/7~bl; +http://www.semrush.com/bot.html)"
209.74.77.214 - - [13/Jul/2025:13:31:32 +0000] "POST /wp-cron.php?doing_wp_cron=1752413492.1340739727020263671875 HTTP/1.1" 200 - "-" "WordPress/6.8.1; https://jrncommunityhousing.charity"
185.191.171.2 - - [13/Jul/2025:13:31:31 +0000] "GET /?i=39249463041970&mod=72d343c2&uri=form.php%3Fid%3D1309953-1137%26name%3Dnike%2Bhypershield HTTP/1.1" 200 2074 "-" "Mozilla/5.0 (compatible; SemrushBot/7~bl; +http://www.semrush.com/bot.html)"
185.191.171.10 - - [13/Jul/2025:13:31:41 +0000] "GET /?i=44947937101970&mod=d8e2b37c&uri=form.php%3Fid%3D1500058-464%26name%3Ddell%2Bxps%2B2tb%2Bssd HTTP/1.1" 200 2075 "-" "Mozilla/5.0 (compatible; SemrushBot/7~bl; +http://www.semrush.com/bot.html)"
185.191.171.8 - - [13/Jul/2025:13:31:50 +0000] "GET /?i=22091411051970&mod=d77de86d&uri=category-info.php%3Fid%3D737390-344%26name%3Dbest%2Bfitness%2Bshoes%2B218 HTTP/1.1" 200 2087 "-" "Mozilla/5.0 (compatible; SemrushBot/7~bl; +http://www.semrush.com/bot.html)"
209.74.77.214 - - [13/Jul/2025:13:32:26 +0000] "POST /wp-cron.php?doing_wp_cron=1752413546.9347069263458251953125 HTTP/1.1" 200 - "-" "WordPress/6.8.1; https://jrncommunityhousing.charity"
85.208.96.197 - - [13/Jul/2025:13:32:25 +0000] "GET /?i=2110887001970&mod=0829cab1&uri=goods.php%3Fid%3D70477-138%26name%3Dnike%2Bgoadome%2Bboots%2Bsize HTTP/1.1" 200 2078 "-" "Mozilla/5.0 (compatible; SemrushBot/7~bl; +http://www.semrush.com/bot.html)"
209.74.77.214 - - [13/Jul/2025:13:32:36 +0000] "POST /wp-cron.php?doing_wp_cron=1752413556.9084520339965820312500 HTTP/1.1" 200 - "-" "WordPress/6.8.1; https://jrncommunityhousing.charity"
85.208.96.195 - - [13/Jul/2025:13:32:36 +0000] "GET /?i=112640490001970&mod=3a3ce8af&uri=dp.php%3Fid%3D3759217-1680%26name%3Dtiendas%2Bskechers%2Bcali HTTP/1.1" 200 2077 "-" "Mozilla/5.0 (compatible; SemrushBot/7~bl; +http://www.semrush.com/bot.html)"
185.191.171.14 - - [13/Jul/2025:13:32:42 +0000] "GET /?i=33563926011970&mod=3615a4e8&uri=us.php%3Fid%3D1120230-820%26name%3Dlebron%2Bsneakers%2B2014 HTTP/1.1" 200 2076 "-" "Mozilla/5.0 (compatible; SemrushBot/7~bl; +http://www.semrush.com/bot.html)"
85.208.96.211 - - [13/Jul/2025:13:32:49 +0000] "GET /?i=24238918021970&mod=b7c93862&uri=shop.php%3Fid%3D809025-539%26name%3Dhow%2Bto%2Bconnect%2Bonly%2Bone%2Bairpod HTTP/1.1" 200 2084 "-" "Mozilla/5.0 (compatible; SemrushBot/7~bl; +http://www.semrush.com/bot.html)"
209.74.77.214 - - [13/Jul/2025:13:33:11 +0000] "POST /wp-cron.php?doing_wp_cron=1752413591.2040081024169921875000 HTTP/1.1" 200 - "-" "WordPress/6.8.1; https://jrncommunityhousing.charity"
85.208.96.206 - - [13/Jul/2025:13:33:10 +0000] "GET /?i=70992343011970&mod=42e3fd68&uri=itm.php%3Fid%3D2369093-744%26name%3Dasics%2Bfoundation%2Bwomens HTTP/1.1" 200 2077 "-" "Mozilla/5.0 (compatible; SemrushBot/7~bl; +http://www.semrush.com/bot.html)"
209.74.77.214 - - [13/Jul/2025:13:33:34 +0000] "POST /wp-cron.php?doing_wp_cron=1752413614.3656539916992187500000 HTTP/1.1" 200 - "-" "WordPress/6.8.1; https://jrncommunityhousing.charity"
185.191.171.11 - - [13/Jul/2025:13:33:34 +0000] "GET /?i=81113724011970&mod=2bf3c10f&uri=shop.php%3Fid%3D2706889-1513%26name%3Dgravel%2Bbicicleta HTTP/1.1" 200 2075 "-" "Mozilla/5.0 (compatible; SemrushBot/7~bl; +http://www.semrush.com/bot.html)"
209.74.77.214 - - [13/Jul/2025:13:34:08 +0000] "POST /wp-cron.php?doing_wp_cron=1752413648.2261710166931152343750 HTTP/1.1" 200 - "-" "WordPress/6.8.1; https://jrncommunityhousing.charity"
185.191.171.17 - - [13/Jul/2025:13:34:06 +0000] "GET /?i=10905694041970&mod=00b9009c&uri=itm.php%3Fid%3D364127-532%26name%3Daros%2Bmatrimoniales HTTP/1.1" 200 2074 "-" "Mozilla/5.0 (compatible; SemrushBot/7~bl; +http://www.semrush.com/bot.html)"
209.74.77.214 - - [13/Jul/2025:13:34:36 +0000] "POST /wp-cron.php?doing_wp_cron=1752413676.1466379165649414062500 HTTP/1.1" 200 - "-" "WordPress/6.8.1; https://jrncommunityhousing.charity"
85.208.96.196 - - [13/Jul/2025:13:34:35 +0000] "GET /?i=4918056031970&mod=4cc15183&uri=category-info.php%3Fid%3D164186-299%26name%3Dtuxedo%2Bdress%2Bkaren%2Bmillen HTTP/1.1" 200 2089 "-" "Mozilla/5.0 (compatible; SemrushBot/7~bl; +http://www.semrush.com/bot.html)"
185.191.171.1 - - [13/Jul/2025:13:34:45 +0000] "GET /?i=2532579051970&mod=d0bfcb42&uri=itm.php%3Fid%3D84544-166%26name%3Dnike%2Bgym%2Bclub%2Bwomens%2Btraining%2Bduffel%2Bbag HTTP/1.1" 200 2094 "-" "Mozilla/5.0 (compatible; SemrushBot/7~bl; +http://www.semrush.com/bot.html)"
85.208.96.209 - - [13/Jul/2025:13:34:52 +0000] "GET /?i=12772137051970&mod=4c995bfe&uri=itm.php%3Fid%3D426448-581%26name%3Dskybag%2Bbackpack HTTP/1.1" 200 2072 "-" "Mozilla/5.0 (compatible; SemrushBot/7~bl; +http://www.semrush.com/bot.html)"
209.74.77.214 - - [13/Jul/2025:13:35:02 +0000] "POST /wp-cron.php?doing_wp_cron=1752413702.1443819999694824218750 HTTP/1.1" 200 - "-" "WordPress/6.8.1; https://jrncommunityhousing.charity"
185.191.171.14 - - [13/Jul/2025:13:35:01 +0000] "GET /?i=29147322041970&mod=6ae33162&uri=shop.php%3Fid%3D972801-958%26name%3Dadidas%2B91%2Bgazelle HTTP/1.1" 200 2076 "-" "Mozilla/5.0 (compatible; SemrushBot/7~bl; +http://www.semrush.com/bot.html)"
185.191.171.10 - - [13/Jul/2025:13:35:04 +0000] "GET /?i=48058324071970&mod=215a71a1&uri=info.php%3Fid%3D1603820-13%26name%3Dnike%2Bhipolito%2Byrigoyen HTTP/1.1" 200 2077 "-" "Mozilla/5.0 (compatible; SemrushBot/7~bl; +http://www.semrush.com/bot.html)"
185.191.171.11 - - [13/Jul/2025:13:35:14 +0000] "GET /?i=76764338001970&mod=450c8ea8&uri=pin.php%3Fid%3D2561694-1481%26name%3Doutfit%2Bprom%2Bnight%2Bhijab HTTP/1.1" 200 2080 "-" "Mozilla/5.0 (compatible; SemrushBot/7~bl; +http://www.semrush.com/bot.html)"
209.74.77.214 - - [13/Jul/2025:13:35:17 +0000] "POST /wp-cron.php?doing_wp_cron=1752413717.9832980632781982421875 HTTP/1.1" 200 - "-" "WordPress/6.8.1; https://jrncommunityhousing.charity"
185.191.171.3 - - [13/Jul/2025:13:35:17 +0000] "GET /?i=4729981071970&mod=3d2e13e1&uri=goods.php%3Fid%3D157867-292%26name%3Dzando%2Bnike%2Btracksuits HTTP/1.1" 200 2077 "-" "Mozilla/5.0 (compatible; SemrushBot/7~bl; +http://www.semrush.com/bot.html)"
185.191.171.15 - - [13/Jul/2025:13:35:20 +0000] "GET /?i=79762144061970&mod=061273a6&uri=info.php%3Fid%3D2661765-1211%26name%3Dchandail%2Bde%2Bbaignade HTTP/1.1" 200 2078 "-" "Mozilla/5.0 (compatible; SemrushBot/7~bl; +http://www.semrush.com/bot.html)"
85.208.96.207 - - [13/Jul/2025:13:35:21 +0000] "GET /?i=3300950051970&mod=24e55470&uri=products.php%3Fid%3D110183-210%26name%3Dharris%2Btweed%2Bcollar%2Band%2Blead%2Bset HTTP/1.1" 200 2088 "-" "Mozilla/5.0 (compatible; SemrushBot/7~bl; +http://www.semrush.com/bot.html)"
209.74.77.214 - - [13/Jul/2025:13:35:44 +0000] "POST /wp-cron.php?doing_wp_cron=1752413744.3081130981445312500000 HTTP/1.1" 200 - "-" "WordPress/6.8.1; https://jrncommunityhousing.charity"
185.191.171.1 - - [13/Jul/2025:13:35:44 +0000] "GET /?i=48024239071970&mod=cf111da0&uri=pin.php%3Fid%3D1602683-1254%26name%3Dwalmart%2Bwhite%2Bpolo HTTP/1.1" 200 2075 "-" "Mozilla/5.0 (compatible; SemrushBot/7~bl; +http://www.semrush.com/bot.html)"
185.191.171.18 - - [13/Jul/2025:13:35:46 +0000] "GET /?i=44164101121970&mod=66cf75be&uri=product.php%3Fid%3D1473898-1186%26name%3Dchampion%2Bt%2Bshirt%2Bmaterial HTTP/1.1" 200 2084 "-" "Mozilla/5.0 (compatible; SemrushBot/7~bl; +http://www.semrush.com/bot.html)"
185.191.171.9 - - [13/Jul/2025:13:35:48 +0000] "GET /?i=46040220141970&mod=e59ef93f&uri=news.php%3Fid%3D1536499-1224%26name%3Dgreen%2Bbead%2Bnecklaces%2Bbulk HTTP/1.1" 200 2081 "-" "Mozilla/5.0 (compatible; SemrushBot/7~bl; +http://www.semrush.com/bot.html)"
209.74.77.214 - - [13/Jul/2025:13:35:58 +0000] "POST /wp-cron.php?doing_wp_cron=1752413758.1885221004486083984375 HTTP/1.1" 200 - "-" "WordPress/6.8.1; https://jrncommunityhousing.charity"
185.191.171.15 - - [13/Jul/2025:13:35:57 +0000] "GET /?i=72451073011970&mod=15a31d27&uri=category-info.php%3Fid%3D2417776-246%26name%3Dthe%2Bring%2Bdoor%2Bview%2Bcam HTTP/1.1" 200 2085 "-" "Mozilla/5.0 (compatible; SemrushBot/7~bl; +http://www.semrush.com/bot.html)"
209.74.77.214 - - [13/Jul/2025:13:36:36 +0000] "POST /wp-cron.php?doing_wp_cron=1752413796.9826428890228271484375 HTTP/1.1" 200 - "-" "WordPress/6.8.1; https://jrncommunityhousing.charity"
185.191.171.8 - - [13/Jul/2025:13:36:35 +0000] "GET /?i=46733561031970&mod=f44edc18&uri=product.php%3Fid%3D1559621-1239%26name%3Dgtx%2B1665%2Bti HTTP/1.1" 200 2075 "-" "Mozilla/5.0 (compatible; SemrushBot/7~bl; +http://www.semrush.com/bot.html)"
185.191.171.8 - - [13/Jul/2025:13:36:41 +0000] "GET /?i=58914953051970&mod=724a3443&uri=product.php%3Fid%3D1966021-1074%26name%3Dparka%2Bprada HTTP/1.1" 200 2075 "-" "Mozilla/5.0 (compatible; SemrushBot/7~bl; +http://www.semrush.com/bot.html)"
85.208.96.209 - - [13/Jul/2025:13:36:43 +0000] "GET /?i=15197196001970&mod=f118c108&uri=us.php%3Fid%3D507364-628%26name%3Dyellow%2Bjordan%2Bsandals HTTP/1.1" 200 2076 "-" "Mozilla/5.0 (compatible; SemrushBot/7~bl; +http://www.semrush.com/bot.html)"
