34.217.60.213 - - [13/Jul/2025:00:40:14 +0000] "GET //muzza.fit/wp-content/themes/deadlift/assets/js/lib/jquery.lazyloadxt.min.js HTTP/1.1" 301 - "-" "Mozilla/5.0 (Linux; Android 9; SNE-LX1) AppleWebKit/537.36 (KHTML, like Gecko) Chrome/76.0.3809.89 Mobile Safari/537.36"
34.217.60.213 - - [13/Jul/2025:00:40:14 +0000] "GET //muzza.fit/wp-content/themes/deadlift/assets/js/YT-background.min.js HTTP/1.1" 301 - "-" "Mozilla/5.0 (Macintosh; Intel Mac OS X 10_12_1) AppleWebKit/537.36 (KHTML, like Gecko) Chrome/75.0.3770.142 Safari/537.36"
34.217.60.213 - - [13/Jul/2025:00:40:15 +0000] "GET //muzza.fit/wp-content/themes/deadlift/assets/js/lib/player.min.js HTTP/1.1" 301 - "-" "Mozilla/5.0 (X11; Linux x86_64) AppleWebKit/537.36 (KHTML, like Gecko) Chrome/73.0.3683.103 Safari/537.36 OPR/60.0.3255.70"
34.217.60.213 - - [13/Jul/2025:00:40:14 +0000] "GET //muzza.fit/wp-content/themes/deadlift/assets/js/lib/aos.js HTTP/1.1" 301 - "-" "Mozilla/5.0 (Macintosh; Intel Mac OS X 10_13_6) AppleWebKit/537.36 (KHTML, like Gecko) Chrome/76.0.3803.0 Safari/537.36 Edg/76.0.174.0"
34.217.60.213 - - [13/Jul/2025:00:40:14 +0000] "GET //muzza.fit/wp-content/plugins/wolf-woocommerce-quickview/assets/js/min/quickview.min.js HTTP/1.1" 301 - "-" "Mozilla/5.0 (X11; Linux x86_64) AppleWebKit/537.36 (KHTML, like Gecko) Chrome/71.0.3578.98 Safari/537.36 OPR/58.0.3135.107"
34.217.60.213 - - [13/Jul/2025:00:40:15 +0000] "GET //muzza.fit/wp-content/themes/deadlift/assets/js/lib/sticky-kit.min.js HTTP/1.1" 301 - "-" "Mozilla/5.0 (Windows NT 6.1) AppleWebKit/537.71 (KHTML like Gecko) WebVideo/1.0.1.10 Version/7.0 Safari/537.71"
34.217.60.213 - - [13/Jul/2025:00:40:15 +0000] "GET //muzza.fit/wp-includes/js/jquery/jquery.min.js HTTP/1.1" 301 - "-" "Mozilla/4.0 (compatible; MSIE 7.0; Windows NT 6.1; Trident/4.0; SLCC2; .NET CLR 2.0.50727; .NET CLR 3.5.30729; .NET CLR 3.0.30729; Media Center PC 6.0; Maxthon 2.0)"
34.217.60.213 - - [13/Jul/2025:00:40:14 +0000] "GET //muzza.fit/wp-content/plugins/woocommerce/assets/js/frontend/woocommerce.min.js HTTP/1.1" 301 - "-" "Mozilla/5.0 (Windows NT 10.0; WOW64) AppleWebKit/537.36 (KHTML, like Gecko) Chrome/74.0.3729.157 Safari/537.36"
34.217.60.213 - - [13/Jul/2025:00:40:14 +0000] "GET //muzza.fit/wp-content/plugins/woocommerce/assets/js/sourcebuster/sourcebuster.min.js HTTP/1.1" 301 - "-" "Mozilla/5.0 (Windows NT 6.1; WOW64) AppleWebKit/537.36 (KHTML, like Gecko) Chrome/74.0.3729.169 Safari/537.36"
34.217.60.213 - - [13/Jul/2025:00:40:15 +0000] "GET //muzza.fit/wp-includes/js/underscore.min.js HTTP/1.1" 301 - "-" "Offline Explorer/2.5"
34.217.60.213 - - [13/Jul/2025:00:40:15 +0000] "GET //muzza.fit/wp-includes/js/mediaelement/wp-mediaelement.min.js HTTP/1.1" 301 - "-" "Mozilla/5.0 (Linux; Android 9; SM-G975F) AppleWebKit/537.36 (KHTML, like Gecko) Chrome/76.0.3809.89 Mobile Safari/537.36"
34.217.60.213 - - [13/Jul/2025:00:40:15 +0000] "GET //muzza.fit/wp-content/themes/deadlift/assets/js/t/deadlift.js HTTP/1.1" 301 - "-" "Mozilla/5.0 (iPhone; CPU iPhone OS 12_1 like Mac OS X) AppleWebKit/605.1.15 (KHTML, like Gecko) Version/12.0 Mobile/15E148 Safari/604.1"
34.217.60.213 - - [13/Jul/2025:00:40:15 +0000] "GET //muzza.fit/wp-includes/js/mediaelement/mediaelement-and-player.min.js HTTP/1.1" 301 - "-" "Mozilla/5.0 (Windows; U; Win98; en-US; rv:1.4) Gecko Netscape/7.1 (ax)"
34.217.60.213 - - [13/Jul/2025:00:40:14 +0000] "GET //muzza.fit/wp-content/themes/deadlift/assets/js/lib/flickity.pkgd.min.js HTTP/1.1" 301 - "-" "Mozilla/5.0 (Linux; Android 9; SM-A505FM) AppleWebKit/537.36 (KHTML, like Gecko) Chrome/76.0.3809.111 Mobile Safari/537.36"
34.217.60.213 - - [13/Jul/2025:00:40:15 +0000] "GET //muzza.fit/wp-content/plugins/contact-form-7/includes/js/index.js HTTP/1.1" 301 - "-" "Mozilla/5.0 (iPad; CPU OS 6_0 like Mac OS X) AppleWebKit/536.26 (KHTML, like Gecko) Version/6.0 Mobile/10A5355d Safari/8536.25"
34.217.60.213 - - [13/Jul/2025:00:40:15 +0000] "GET //muzza.fit/wp-includes/js/jquery/jquery-migrate.min.js HTTP/1.1" 301 - "-" "W3C_Validator/1.305.2.12 libwww-perl/5.64"
34.217.60.213 - - [13/Jul/2025:00:40:15 +0000] "GET //muzza.fit/wp-includes/js/dist/i18n.min.js HTTP/1.1" 301 - "-" "Mozilla/5.0 (X11; CrOS x86_64 12425.0.0) AppleWebKit/537.36 (KHTML, like Gecko) Chrome/78.0.3877.0 Safari/537.36"
34.217.60.213 - - [13/Jul/2025:00:40:15 +0000] "GET //muzza.fit/wp-content/themes/deadlift/assets/js/vimeo.min.js HTTP/1.1" 301 - "-" "Mozilla/5.0 (X11; U; Linux x86_64; en-US; rv:1.9.2.9) Gecko/20100915 Gentoo Firefox/3.6.9"
34.217.60.213 - - [13/Jul/2025:00:40:15 +0000] "GET //muzza.fit/wp-includes/js/dist/hooks.min.js HTTP/1.1" 301 - "-" "Mozilla/5.0 (Macintosh; Intel Mac OS X 10_14_1) AppleWebKit/605.1.15 (KHTML, like Gecko) Version/12.0.1 Safari/605.1.15"
34.217.60.213 - - [13/Jul/2025:00:40:15 +0000] "GET //muzza.fit/wp-content/themes/deadlift/assets/js/lib/tooltipsy.min.js HTTP/1.1" 301 - "-" "Mozilla/5.0 (Windows NT 10.0; Win64; x64) AppleWebKit/537.36 (KHTML, like Gecko) Chrome/74.0.3729.131 Safari/537.36"
34.217.60.213 - - [13/Jul/2025:00:40:15 +0000] "GET //muzza.fit/wp-includes/js/jquery/ui/effect.min.js HTTP/1.1" 301 - "-" "Opera/9.64 (X11; Linux i686; U; Linux Mint; nb) Presto/2.1.1"
34.217.60.213 - - [13/Jul/2025:00:40:15 +0000] "GET //muzza.fit/wp-includes/js/wp-util.min.js HTTP/1.1" 301 - "-" "Mozilla/5.0 (Macintosh; Intel Mac OS X 10_14_1) AppleWebKit/537.36 (KHTML, like Gecko) Chrome/74.0.3729.169 Safari/537.36"
34.217.60.213 - - [13/Jul/2025:00:40:15 +0000] "GET //muzza.fit/wp-includes/js/mediaelement/mediaelement-migrate.min.js HTTP/1.1" 301 - "-" "Mozilla/5.0 (Macintosh; Intel Mac OS X 10_10_4) AppleWebKit/537.36 (KHTML, like Gecko) Chrome/76.0.3809.100 Safari/537.36"
34.217.60.213 - - [13/Jul/2025:00:40:15 +0000] "GET /wp-emoji-release.min.js HTTP/1.1" 404 23077 "-" "Mozilla/5.0 (Linux; U; Android 8.1.0; zh-CN; Mi Note 3 Build/OPM1.171019.019) AppleWebKit/537.36 (KHTML, like Gecko) Version/4.0 Chrome/57.0.2987.108 UCBrowser/12.5.9.1039 Mobile Safari/537.36"
209.74.77.214 - - [13/Jul/2025:00:44:35 +0000] "POST /wp-cron.php?doing_wp_cron=1752367475.8134438991546630859375 HTTP/1.1" 200 - "-" "WordPress/6.8.1; https://muzza.fit"
66.249.73.163 - - [13/Jul/2025:00:44:30 +0000] "GET /robots.txt HTTP/1.1" 200 152 "-" "Mozilla/5.0 (compatible; Googlebot/2.1; +http://www.google.com/bot.html)"
66.249.73.164 - - [13/Jul/2025:00:44:35 +0000] "GET /2018/09/the-best-post-workout-whey/ HTTP/1.1" 200 38852 "-" "Mozilla/5.0 (Linux; Android 6.0.1; Nexus 5X Build/MMB29P) AppleWebKit/537.36 (KHTML, like Gecko) Chrome/137.0.7151.103 Mobile Safari/537.36 (compatible; Googlebot/2.1; +http://www.google.com/bot.html)"
66.249.73.163 - - [13/Jul/2025:00:45:15 +0000] "GET /wp-content/themes/deadlift/style.css?ver=1.8.2 HTTP/1.1" 200 487 "https://muzza.fit/2018/09/the-best-post-workout-whey/" "Mozilla/5.0 (Linux; Android 6.0.1; Nexus 5X Build/MMB29P) AppleWebKit/537.36 (KHTML, like Gecko) Chrome/137.0.7151.119 Mobile Safari/537.36 (compatible; Googlebot/2.1; +http://www.google.com/bot.html)"
66.249.73.163 - - [13/Jul/2025:00:45:15 +0000] "GET /wp-content/plugins/woo-stripe-payment/assets/build/stripe.css?ver=3.3.90 HTTP/1.1" 200 5001 "https://muzza.fit/2018/09/the-best-post-workout-whey/" "Mozilla/5.0 (Linux; Android 6.0.1; Nexus 5X Build/MMB29P) AppleWebKit/537.36 (KHTML, like Gecko) Chrome/137.0.7151.119 Mobile Safari/537.36 (compatible; Googlebot/2.1; +http://www.google.com/bot.html)"
66.249.73.163 - - [13/Jul/2025:00:45:15 +0000] "GET /wp-content/plugins/wolf-woocommerce-quickview/assets/css/quickview.min.css?ver=1.1.5 HTTP/1.1" 200 703 "https://muzza.fit/2018/09/the-best-post-workout-whey/" "Mozilla/5.0 (Linux; Android 6.0.1; Nexus 5X Build/MMB29P) AppleWebKit/537.36 (KHTML, like Gecko) Chrome/137.0.7151.119 Mobile Safari/537.36 (compatible; Googlebot/2.1; +http://www.google.com/bot.html)"
66.249.73.163 - - [13/Jul/2025:00:45:15 +0000] "GET /wp-content/themes/deadlift/assets/js/lib/jarallax.min.js?ver=1.8.0 HTTP/1.1" 200 3519 "https://muzza.fit/2018/09/the-best-post-workout-whey/" "Mozilla/5.0 (Linux; Android 6.0.1; Nexus 5X Build/MMB29P) AppleWebKit/537.36 (KHTML, like Gecko) Chrome/137.0.7151.119 Mobile Safari/537.36 (compatible; Googlebot/2.1; +http://www.google.com/bot.html)"
66.249.73.164 - - [13/Jul/2025:00:45:16 +0000] "GET /wp-content/plugins/wolf-visual-composer/assets/js/lib/countUp.min.js?ver=1.9.3 HTTP/1.1" 200 1451 "https://muzza.fit/2018/09/the-best-post-workout-whey/" "Mozilla/5.0 (Linux; Android 6.0.1; Nexus 5X Build/MMB29P) AppleWebKit/537.36 (KHTML, like Gecko) Chrome/137.0.7151.119 Mobile Safari/537.36 (compatible; Googlebot/2.1; +http://www.google.com/bot.html)"
66.249.73.163 - - [13/Jul/2025:00:45:16 +0000] "GET /wp-content/plugins/woo-stripe-payment/assets/js/frontend/googlepay-product.min.js?ver=3.3.90 HTTP/1.1" 200 912 "https://muzza.fit/2018/09/the-best-post-workout-whey/" "Mozilla/5.0 (Linux; Android 6.0.1; Nexus 5X Build/MMB29P) AppleWebKit/537.36 (KHTML, like Gecko) Chrome/137.0.7151.119 Mobile Safari/537.36 (compatible; Googlebot/2.1; +http://www.google.com/bot.html)"
66.249.73.165 - - [13/Jul/2025:00:45:16 +0000] "GET /wp-content/plugins/wolf-visual-composer/assets/js/lib/jQuery.print.min.js?ver=1.6.0 HTTP/1.1" 200 1490 "https://muzza.fit/2018/09/the-best-post-workout-whey/" "Mozilla/5.0 (Linux; Android 6.0.1; Nexus 5X Build/MMB29P) AppleWebKit/537.36 (KHTML, like Gecko) Chrome/137.0.7151.119 Mobile Safari/537.36 (compatible; Googlebot/2.1; +http://www.google.com/bot.html)"
66.249.73.164 - - [13/Jul/2025:00:45:16 +0000] "GET /wp-content/plugins/woo-stripe-payment/assets/js/frontend/form-handler.min.js?ver=3.3.90 HTTP/1.1" 200 1068 "https://muzza.fit/2018/09/the-best-post-workout-whey/" "Mozilla/5.0 (Linux; Android 6.0.1; Nexus 5X Build/MMB29P) AppleWebKit/537.36 (KHTML, like Gecko) Chrome/137.0.7151.119 Mobile Safari/537.36 (compatible; Googlebot/2.1; +http://www.google.com/bot.html)"
66.249.73.165 - - [13/Jul/2025:00:45:16 +0000] "GET /wp-content/plugins/woo-stripe-payment/assets/js/frontend/applepay-product.min.js?ver=3.3.90 HTTP/1.1" 200 845 "https://muzza.fit/2018/09/the-best-post-workout-whey/" "Mozilla/5.0 (Linux; Android 6.0.1; Nexus 5X Build/MMB29P) AppleWebKit/537.36 (KHTML, like Gecko) Chrome/137.0.7151.119 Mobile Safari/537.36 (compatible; Googlebot/2.1; +http://www.google.com/bot.html)"
66.249.73.164 - - [13/Jul/2025:00:45:16 +0000] "GET /wp-content/plugins/wolf-visual-composer/assets/js/min/responsive.min.js?ver=3.7.21 HTTP/1.1" 200 386 "https://muzza.fit/2018/09/the-best-post-workout-whey/" "Mozilla/5.0 (Linux; Android 6.0.1; Nexus 5X Build/MMB29P) AppleWebKit/537.36 (KHTML, like Gecko) Chrome/137.0.7151.119 Mobile Safari/537.36 (compatible; Googlebot/2.1; +http://www.google.com/bot.html)"
66.249.73.163 - - [13/Jul/2025:00:45:16 +0000] "GET /wp-content/plugins/woo-stripe-payment/assets/js/frontend/wc-stripe.min.js?ver=3.3.90 HTTP/1.1" 200 10360 "https://muzza.fit/2018/09/the-best-post-workout-whey/" "Mozilla/5.0 (Linux; Android 6.0.1; Nexus 5X Build/MMB29P) AppleWebKit/537.36 (KHTML, like Gecko) Chrome/137.0.7151.119 Mobile Safari/537.36 (compatible; Googlebot/2.1; +http://www.google.com/bot.html)"
66.249.73.163 - - [13/Jul/2025:00:45:17 +0000] "GET /wp-content/plugins/wolf-visual-composer/assets/js/min/sliders.min.js?ver=3.7.21 HTTP/1.1" 200 1592 "https://muzza.fit/2018/09/the-best-post-workout-whey/" "Mozilla/5.0 (Linux; Android 6.0.1; Nexus 5X Build/MMB29P) AppleWebKit/537.36 (KHTML, like Gecko) Chrome/137.0.7151.119 Mobile Safari/537.36 (compatible; Googlebot/2.1; +http://www.google.com/bot.html)"
66.249.73.164 - - [13/Jul/2025:00:45:17 +0000] "GET /wp-content/plugins/wolf-visual-composer/assets/js/min/print.min.js?ver=3.7.21 HTTP/1.1" 200 300 "https://muzza.fit/2018/09/the-best-post-workout-whey/" "Mozilla/5.0 (Linux; Android 6.0.1; Nexus 5X Build/MMB29P) AppleWebKit/537.36 (KHTML, like Gecko) Chrome/137.0.7151.119 Mobile Safari/537.36 (compatible; Googlebot/2.1; +http://www.google.com/bot.html)"
66.249.73.164 - - [13/Jul/2025:00:45:17 +0000] "GET /wp-content/plugins/wolf-visual-composer/assets/js/min/counter.min.js?ver=3.7.21 HTTP/1.1" 200 514 "https://muzza.fit/2018/09/the-best-post-workout-whey/" "Mozilla/5.0 (Linux; Android 6.0.1; Nexus 5X Build/MMB29P) AppleWebKit/537.36 (KHTML, like Gecko) Chrome/137.0.7151.119 Mobile Safari/537.36 (compatible; Googlebot/2.1; +http://www.google.com/bot.html)"
209.74.77.214 - - [13/Jul/2025:00:45:20 +0000] "POST /wp-cron.php?doing_wp_cron=1752367520.6951680183410644531250 HTTP/1.1" 200 - "-" "WordPress/6.8.1; https://muzza.fit"
66.249.73.164 - - [13/Jul/2025:00:45:17 +0000] "POST /wp-admin/admin-ajax.php HTTP/1.1" 200 23 "https://muzza.fit/2018/09/the-best-post-workout-whey/" "Mozilla/5.0 (Linux; Android 6.0.1; Nexus 5X Build/MMB29P) AppleWebKit/537.36 (KHTML, like Gecko) Chrome/137.0.7151.119 Mobile Safari/537.36 (compatible; Googlebot/2.1; +http://www.google.com/bot.html)"
209.74.77.214 - - [13/Jul/2025:00:47:51 +0000] "POST /wp-cron.php?doing_wp_cron=1752367671.4245200157165527343750 HTTP/1.1" 200 - "-" "WordPress/6.8.1; https://muzza.fit"
51.222.253.5 - - [13/Jul/2025:00:47:49 +0000] "GET /our-services/ HTTP/1.1" 200 32611 "-" "Mozilla/5.0 (compatible; AhrefsBot/7.0; +http://ahrefs.com/robot/)"
51.222.253.19 - - [13/Jul/2025:00:48:05 +0000] "GET /wp-content/uploads/2018/09/scales_light-1.png HTTP/1.1" 200 2580 "-" "Mozilla/5.0 (compatible; AhrefsBot/7.0; +http://ahrefs.com/robot/)"
51.222.253.19 - - [13/Jul/2025:00:48:06 +0000] "GET /wp-content/plugins/wolf-visual-composer/assets/js/min/progress-bar.min.js?ver=3.7.21 HTTP/1.1" 200 484 "-" "Mozilla/5.0 (compatible; AhrefsBot/7.0; +http://ahrefs.com/robot/)"
51.222.253.16 - - [13/Jul/2025:00:48:07 +0000] "GET /wp-content/uploads/2018/09/exercise-bik_light-1.png HTTP/1.1" 200 2747 "-" "Mozilla/5.0 (compatible; AhrefsBot/7.0; +http://ahrefs.com/robot/)"
51.222.253.7 - - [13/Jul/2025:00:48:08 +0000] "GET /wp-content/uploads/2018/09/dumbbell_light-1.png HTTP/1.1" 200 3496 "-" "Mozilla/5.0 (compatible; AhrefsBot/7.0; +http://ahrefs.com/robot/)"
209.74.77.214 - - [13/Jul/2025:00:48:36 +0000] "POST /wp-cron.php?doing_wp_cron=1752367716.9032540321350097656250 HTTP/1.1" 200 - "-" "WordPress/6.8.1; https://muzza.fit"
43.159.143.190 - - [13/Jul/2025:00:48:35 +0000] "GET /xmlrpc.php HTTP/1.1" 405 60 "-" "Mozilla/5.0 (iPhone; CPU iPhone OS 13_2_3 like Mac OS X) AppleWebKit/605.1.15 (KHTML, like Gecko) Version/13.0.3 Mobile/15E148 Safari/604.1"
209.74.77.214 - - [13/Jul/2025:00:49:19 +0000] "POST /wp-cron.php?doing_wp_cron=1752367759.8819680213928222656250 HTTP/1.1" 200 - "-" "WordPress/6.8.1; https://muzza.fit"
66.249.73.165 - - [13/Jul/2025:00:49:17 +0000] "GET /2018/09/the-best-post-workout-whey/ HTTP/1.1" 200 38852 "-" "Mozilla/5.0 (Linux; Android 6.0.1; Nexus 5X Build/MMB29P) AppleWebKit/537.36 (KHTML, like Gecko) Chrome/137.0.7151.103 Mobile Safari/537.36 (compatible; Googlebot/2.1; +http://www.google.com/bot.html)"
209.74.77.214 - - [13/Jul/2025:00:57:19 +0000] "POST /wp-cron.php?doing_wp_cron=1752368239.6548988819122314453125 HTTP/1.1" 200 - "-" "WordPress/6.8.1; https://muzza.fit"
66.249.73.164 - - [13/Jul/2025:00:57:17 +0000] "GET /2018/07/motivation/ HTTP/1.1" 200 31191 "-" "Mozilla/5.0 (Linux; Android 6.0.1; Nexus 5X Build/MMB29P) AppleWebKit/537.36 (KHTML, like Gecko) Chrome/137.0.7151.103 Mobile Safari/537.36 (compatible; Googlebot/2.1; +http://www.google.com/bot.html)"
209.74.77.214 - - [13/Jul/2025:00:57:33 +0000] "POST /wp-cron.php?doing_wp_cron=1752368253.2960801124572753906250 HTTP/1.1" 200 - "-" "WordPress/6.8.1; https://muzza.fit"
66.249.73.163 - - [13/Jul/2025:00:57:33 +0000] "GET / HTTP/1.1" 200 36975 "-" "Mozilla/5.0 (Linux; Android 6.0.1; Nexus 5X Build/MMB29P) AppleWebKit/537.36 (KHTML, like Gecko) Chrome/137.0.7151.103 Mobile Safari/537.36 (compatible; Googlebot/2.1; +http://www.google.com/bot.html)"
51.222.253.20 - - [13/Jul/2025:00:57:46 +0000] "GET /shop-2/shop-2-columns/ HTTP/1.1" 200 29236 "-" "Mozilla/5.0 (compatible; AhrefsBot/7.0; +http://ahrefs.com/robot/)"
66.249.73.163 - - [13/Jul/2025:00:57:53 +0000] "POST /wp-admin/admin-ajax.php HTTP/1.1" 200 23 "https://muzza.fit/2018/07/motivation/" "Mozilla/5.0 (Linux; Android 6.0.1; Nexus 5X Build/MMB29P) AppleWebKit/537.36 (KHTML, like Gecko) Chrome/137.0.7151.119 Mobile Safari/537.36 (compatible; Googlebot/2.1; +http://www.google.com/bot.html)"
209.74.77.214 - - [13/Jul/2025:01:02:43 +0000] "POST /wp-cron.php?doing_wp_cron=1752368563.1788659095764160156250 HTTP/1.1" 200 - "-" "WordPress/6.8.1; https://muzza.fit"
198.98.53.3 - - [13/Jul/2025:01:02:41 +0000] "GET /wp-login.php HTTP/1.1" 200 6577 "-" "Mozilla/5.0 (Macintosh; Intel Mac OS X 10_8_5) AppleWebKit/537.77.4 (KHTML, like Gecko) Version/6.1.5 Safari/537.77.4"
198.98.53.3 - - [13/Jul/2025:01:02:44 +0000] "POST /wp-login.php HTTP/1.1" 200 7054 "-" "Mozilla/5.0 (Macintosh; Intel Mac OS X 10_8_5) AppleWebKit/537.77.4 (KHTML, like Gecko) Version/6.1.5 Safari/537.77.4"
209.74.77.214 - - [13/Jul/2025:01:05:04 +0000] "POST /wp-cron.php?doing_wp_cron=1752368704.0074019432067871093750 HTTP/1.1" 200 - "-" "WordPress/6.8.1; https://muzza.fit"
51.222.253.14 - - [13/Jul/2025:01:05:01 +0000] "GET /2018/07/ HTTP/1.1" 200 29779 "-" "Mozilla/5.0 (compatible; AhrefsBot/7.0; +http://ahrefs.com/robot/)"
209.74.77.214 - - [13/Jul/2025:01:07:04 +0000] "POST /wp-cron.php?doing_wp_cron=1752368824.6790709495544433593750 HTTP/1.1" 200 - "-" "WordPress/6.8.1; https://muzza.fit"
43.173.1.69 - - [13/Jul/2025:01:07:02 +0000] "GET /shop-2/my-account/embed/ HTTP/1.1" 200 6682 "-" "Mozilla/5.0 (iPhone; CPU iPhone OS 13_2_3 like Mac OS X) AppleWebKit/605.1.15 (KHTML, like Gecko) Version/13.0.3 Mobile/15E148 Safari/604.1"
209.74.77.214 - - [13/Jul/2025:01:12:26 +0000] "POST /wp-cron.php?doing_wp_cron=1752369146.3158109188079833984375 HTTP/1.1" 200 - "-" "WordPress/6.8.1; https://muzza.fit"
51.222.253.1 - - [13/Jul/2025:01:12:24 +0000] "GET /category/video/ HTTP/1.1" 200 29855 "-" "Mozilla/5.0 (compatible; AhrefsBot/7.0; +http://ahrefs.com/robot/)"
209.74.77.214 - - [13/Jul/2025:01:16:14 +0000] "POST /wp-cron.php?doing_wp_cron=1752369374.7130579948425292968750 HTTP/1.1" 200 - "-" "WordPress/6.8.1; https://muzza.fit"
170.106.163.48 - - [13/Jul/2025:01:16:12 +0000] "GET /wp-json/oembed/1.0/embed?url=https%3A%2F%2Fmuzza.fit%2Fshop-2%2Fmy-account%2F HTTP/1.1" 200 1070 "-" "Mozilla/5.0 (iPhone; CPU iPhone OS 13_2_3 like Mac OS X) AppleWebKit/605.1.15 (KHTML, like Gecko) Version/13.0.3 Mobile/15E148 Safari/604.1"
209.74.77.214 - - [13/Jul/2025:01:18:49 +0000] "POST /wp-cron.php?doing_wp_cron=1752369529.6362249851226806640625 HTTP/1.1" 200 - "-" "WordPress/6.8.1; https://muzza.fit"
143.198.88.239 - - [13/Jul/2025:01:18:47 +0000] "POST /xmlrpc.php HTTP/1.1" 200 403 "-" "Mozilla/5.0 (Windows NT 6.3; Win64; x64) AppleWebKit/537.36 (KHTML, like Gecko) Chrome/60.0.3112.113 Safari/537.36"
124.221.32.182 - - [13/Jul/2025:01:18:54 +0000] "POST /xmlrpc.php HTTP/1.1" 200 403 "-" "Mozilla/5.0 (Windows NT 10.0; Win64; x64) AppleWebKit/537.36 (KHTML, like Gecko) Chrome/89.0.4389.90 Safari/537.36"
8.219.232.173 - - [13/Jul/2025:01:18:55 +0000] "POST /xmlrpc.php HTTP/1.1" 200 403 "-" "Mozilla/5.0 (iPad; CPU OS 14_6 like Mac OS X) AppleWebKit/605.1.15 (KHTML, like Gecko) CriOS/91.0.4472.80 Mobile/15E148 Safari/604.1"
119.8.51.11 - - [13/Jul/2025:01:19:01 +0000] "POST /xmlrpc.php HTTP/1.1" 200 403 "-" "Mozilla/5.0 (Windows NT 10.0; Win64; x64) AppleWebKit/537.36 (KHTML, like Gecko) Chrome/88.0.4324.190 Safari/537.36"
209.74.77.214 - - [13/Jul/2025:01:19:05 +0000] "POST /wp-cron.php?doing_wp_cron=1752369545.1839599609375000000000 HTTP/1.1" 200 - "-" "WordPress/6.8.1; https://muzza.fit"
157.245.146.203 - - [13/Jul/2025:01:19:05 +0000] "POST /xmlrpc.php HTTP/1.1" 200 403 "-" "Mozilla/5.0 (Windows NT 10.0; WOW64) AppleWebKit/537.36 (KHTML, like Gecko) Chrome/72.0.3626.121 Safari/537.36"
115.245.68.130 - - [13/Jul/2025:01:19:20 +0000] "POST /xmlrpc.php HTTP/1.1" 200 403 "-" "Mozilla/5.0 (Macintosh; Intel Mac OS X 11_4) AppleWebKit/537.36 (KHTML, like Gecko) Chrome/91.0.4472.114 Safari/537.36"
209.74.77.214 - - [13/Jul/2025:01:26:01 +0000] "POST /wp-cron.php?doing_wp_cron=1752369961.0217990875244140625000 HTTP/1.1" 200 - "-" "WordPress/6.8.1; https://muzza.fit"
51.222.253.13 - - [13/Jul/2025:01:25:59 +0000] "GET /shop-2/ HTTP/1.1" 200 27282 "-" "Mozilla/5.0 (compatible; AhrefsBot/7.0; +http://ahrefs.com/robot/)"
51.222.253.3 - - [13/Jul/2025:01:26:19 +0000] "GET /wp-content/plugins/variation-swatches-for-woocommerce/assets/css/frontend-list-products.css?ver=6.8.1 HTTP/1.1" 200 312 "-" "Mozilla/5.0 (compatible; AhrefsBot/7.0; +http://ahrefs.com/robot/)"
209.74.77.214 - - [13/Jul/2025:01:32:22 +0000] "POST /wp-cron.php?doing_wp_cron=1752370342.0583729743957519531250 HTTP/1.1" 200 - "-" "WordPress/6.8.1; https://muzza.fit"
51.222.253.16 - - [13/Jul/2025:01:32:20 +0000] "GET /videos/videos-lightbox/ HTTP/1.1" 200 28538 "-" "Mozilla/5.0 (compatible; AhrefsBot/7.0; +http://ahrefs.com/robot/)"
51.222.253.3 - - [13/Jul/2025:01:32:37 +0000] "GET /wp-content/uploads/2018/09/maxresdefault-3-415x230.jpg HTTP/1.1" 200 12161 "-" "Mozilla/5.0 (compatible; AhrefsBot/7.0; +http://ahrefs.com/robot/)"
51.222.253.6 - - [13/Jul/2025:01:32:38 +0000] "GET /wp-content/uploads/2018/09/rutina-dieta-jeff-seid-1-415x230.jpg HTTP/1.1" 200 17630 "-" "Mozilla/5.0 (compatible; AhrefsBot/7.0; +http://ahrefs.com/robot/)"
51.222.253.20 - - [13/Jul/2025:01:32:39 +0000] "GET /wp-content/uploads/2018/09/maxresdefault-2-1-415x230.jpg HTTP/1.1" 200 17214 "-" "Mozilla/5.0 (compatible; AhrefsBot/7.0; +http://ahrefs.com/robot/)"
209.74.77.214 - - [13/Jul/2025:01:38:56 +0000] "POST /wp-cron.php?doing_wp_cron=1752370736.3515141010284423828125 HTTP/1.1" 200 - "-" "WordPress/6.8.1; https://muzza.fit"
51.222.253.7 - - [13/Jul/2025:01:38:54 +0000] "GET /videos/videos-3-columns/ HTTP/1.1" 200 28554 "-" "Mozilla/5.0 (compatible; AhrefsBot/7.0; +http://ahrefs.com/robot/)"
198.235.24.147 - - [13/Jul/2025:01:42:24 +0000] "GET / HTTP/1.1" 200 271277 "http://209.74.77.214:80/" "-"
209.74.77.214 - - [13/Jul/2025:01:45:08 +0000] "POST /wp-cron.php?doing_wp_cron=1752371108.3436789512634277343750 HTTP/1.1" 200 - "-" "WordPress/6.8.1; https://muzza.fit"
51.222.253.12 - - [13/Jul/2025:01:45:06 +0000] "GET /author/muzzafit/page/2/ HTTP/1.1" 200 33136 "-" "Mozilla/5.0 (compatible; AhrefsBot/7.0; +http://ahrefs.com/robot/)"
51.222.253.14 - - [13/Jul/2025:01:45:30 +0000] "GET /wp-content/uploads/2018/09/woman-yoga-pose-gym-wear-1-1024x512.jpg HTTP/1.1" 200 44221 "-" "Mozilla/5.0 (compatible; AhrefsBot/7.0; +http://ahrefs.com/robot/)"
51.222.253.1 - - [13/Jul/2025:01:45:32 +0000] "GET /wp-content/uploads/2018/09/matheus-ferrero-226756-unsplash-1-1024x682.jpg HTTP/1.1" 200 83454 "-" "Mozilla/5.0 (compatible; AhrefsBot/7.0; +http://ahrefs.com/robot/)"
51.222.253.8 - - [13/Jul/2025:01:45:34 +0000] "GET /wp-content/uploads/2018/09/victor-freitas-569958-unsplash-1-1024x682.jpg HTTP/1.1" 200 148902 "-" "Mozilla/5.0 (compatible; AhrefsBot/7.0; +http://ahrefs.com/robot/)"
51.222.253.14 - - [13/Jul/2025:01:45:36 +0000] "GET /wp-content/uploads/2017/02/autumn-goodman-242803-unsplash-1-1024x681.jpg HTTP/1.1" 200 81985 "-" "Mozilla/5.0 (compatible; AhrefsBot/7.0; +http://ahrefs.com/robot/)"
51.222.253.15 - - [13/Jul/2025:01:45:38 +0000] "GET /wp-content/uploads/2018/09/justyn-warner-541680-unsplash-1-1024x682.jpg HTTP/1.1" 200 149153 "-" "Mozilla/5.0 (compatible; AhrefsBot/7.0; +http://ahrefs.com/robot/)"
51.222.253.14 - - [13/Jul/2025:01:45:40 +0000] "GET /wp-content/uploads/2018/10/fooood-1-1024x1024.jpg HTTP/1.1" 200 162754 "-" "Mozilla/5.0 (compatible; AhrefsBot/7.0; +http://ahrefs.com/robot/)"
51.222.253.4 - - [13/Jul/2025:01:45:42 +0000] "GET /wp-content/uploads/2018/09/victor-freitas-572863-unsplash-1-1024x683.jpg HTTP/1.1" 200 96091 "-" "Mozilla/5.0 (compatible; AhrefsBot/7.0; +http://ahrefs.com/robot/)"
51.222.253.11 - - [13/Jul/2025:01:45:44 +0000] "GET /wp-content/uploads/2018/09/scott-webb-22420-unsplash-1-1024x684.jpg HTTP/1.1" 200 56409 "-" "Mozilla/5.0 (compatible; AhrefsBot/7.0; +http://ahrefs.com/robot/)"
209.74.77.214 - - [13/Jul/2025:01:49:49 +0000] "POST /wp-cron.php?doing_wp_cron=1752371389.8706090450286865234375 HTTP/1.1" 200 - "-" "WordPress/6.8.1; https://muzza.fit"
51.222.253.2 - - [13/Jul/2025:01:49:47 +0000] "GET /videos/videos-standard/ HTTP/1.1" 200 28482 "-" "Mozilla/5.0 (compatible; AhrefsBot/7.0; +http://ahrefs.com/robot/)"
43.157.168.43 - - [13/Jul/2025:01:51:00 +0000] "GET / HTTP/1.1" 200 36975 "http://www.muzza.fit" "Mozilla/5.0 (iPhone; CPU iPhone OS 13_2_3 like Mac OS X) AppleWebKit/605.1.15 (KHTML, like Gecko) Version/13.0.3 Mobile/15E148 Safari/604.1"
209.74.77.214 - - [13/Jul/2025:01:54:33 +0000] "POST /wp-cron.php?doing_wp_cron=1752371673.5841510295867919921875 HTTP/1.1" 200 - "-" "WordPress/6.8.1; https://muzza.fit"
51.222.253.6 - - [13/Jul/2025:01:54:31 +0000] "GET /shop-2/order-tracking/ HTTP/1.1" 200 27071 "-" "Mozilla/5.0 (compatible; AhrefsBot/7.0; +http://ahrefs.com/robot/)"
209.74.77.214 - - [13/Jul/2025:01:59:39 +0000] "POST /wp-cron.php?doing_wp_cron=1752371979.2996859550476074218750 HTTP/1.1" 200 - "-" "WordPress/6.8.1; https://muzza.fit"
51.222.253.9 - - [13/Jul/2025:01:59:37 +0000] "GET /videos/videos-4-columns-wide/ HTTP/1.1" 200 28420 "-" "Mozilla/5.0 (compatible; AhrefsBot/7.0; +http://ahrefs.com/robot/)"
209.74.77.214 - - [13/Jul/2025:02:05:43 +0000] "POST /wp-cron.php?doing_wp_cron=1752372343.6904680728912353515625 HTTP/1.1" 200 - "-" "WordPress/6.8.1; https://muzza.fit"
51.222.253.3 - - [13/Jul/2025:02:05:41 +0000] "GET /videos/videos-4-columns-full-width/ HTTP/1.1" 200 28396 "-" "Mozilla/5.0 (compatible; AhrefsBot/7.0; +http://ahrefs.com/robot/)"
209.74.77.214 - - [13/Jul/2025:02:15:55 +0000] "POST /wp-cron.php?doing_wp_cron=1752372955.7866060733795166015625 HTTP/1.1" 200 - "-" "WordPress/6.8.1; https://muzza.fit"
51.222.253.6 - - [13/Jul/2025:02:15:53 +0000] "GET /pages/bmi-calculator/ HTTP/1.1" 200 27532 "-" "Mozilla/5.0 (compatible; AhrefsBot/7.0; +http://ahrefs.com/robot/)"
51.222.253.16 - - [13/Jul/2025:02:16:22 +0000] "GET /wp-content/plugins/wolf-visual-composer/assets/js/min/bmic.min.js?ver=3.7.21 HTTP/1.1" 200 697 "-" "Mozilla/5.0 (compatible; AhrefsBot/7.0; +http://ahrefs.com/robot/)"
209.74.77.214 - - [13/Jul/2025:02:21:57 +0000] "POST /wp-cron.php?doing_wp_cron=1752373317.3802769184112548828125 HTTP/1.1" 200 - "-" "WordPress/6.8.1; https://muzza.fit"
51.222.253.13 - - [13/Jul/2025:02:21:55 +0000] "GET /elements/on-sale-products/ HTTP/1.1" 200 29990 "-" "Mozilla/5.0 (compatible; AhrefsBot/7.0; +http://ahrefs.com/robot/)"
209.74.77.214 - - [13/Jul/2025:02:30:45 +0000] "POST /wp-cron.php?doing_wp_cron=1752373845.0088219642639160156250 HTTP/1.1" 200 - "-" "WordPress/6.8.1; https://muzza.fit"
154.195.177.205 - - [13/Jul/2025:02:30:43 +0000] "GET /pages/contact-us/ HTTP/1.1" 200 28379 "-" "Mozilla/5.0 (Windows NT 10.0; WOW64) AppleWebKit/537.36 (KHTML, like Gecko) Chrome/114.0.0.0 YaBrowser/22.7.0 Yowser/2.5 Safari/537.36"
154.195.177.205 - - [13/Jul/2025:02:30:46 +0000] "GET /wp-content/plugins/contact-form-7/includes/js/index.js?ver=6.1 HTTP/1.1" 200 4265 "https://muzza.fit/pages/contact-us/" "Mozilla/5.0 (Windows NT 10.0; WOW64) AppleWebKit/537.36 (KHTML, like Gecko) Chrome/114.0.0.0 YaBrowser/22.7.0 Yowser/2.5 Safari/537.36"
154.195.177.205 - - [13/Jul/2025:02:30:46 +0000] "POST /wp-json/contact-form-7/v1/contact-forms/7320/feedback HTTP/1.1" 200 202 "https://muzza.fit/pages/contact-us/" "Mozilla/5.0 (Windows NT 10.0; WOW64) AppleWebKit/537.36 (KHTML, like Gecko) Chrome/114.0.0.0 YaBrowser/22.7.0 Yowser/2.5 Safari/537.36"
209.74.77.214 - - [13/Jul/2025:02:44:59 +0000] "POST /wp-cron.php?doing_wp_cron=1752374699.8820519447326660156250 HTTP/1.1" 200 - "-" "WordPress/6.8.1; https://muzza.fit"
45.61.186.113 - - [13/Jul/2025:02:44:57 +0000] "GET /wp-login.php HTTP/1.1" 200 6577 "-" "Mozilla/5.0 (compatible; MSIE 9.0; Windows NT 6.1; WOW64; Trident/5.0)"
45.61.186.113 - - [13/Jul/2025:02:44:59 +0000] "POST /wp-login.php HTTP/1.1" 200 7054 "-" "Mozilla/5.0 (compatible; MSIE 9.0; Windows NT 6.1; WOW64; Trident/5.0)"
209.74.77.214 - - [13/Jul/2025:03:11:18 +0000] "POST /wp-cron.php?doing_wp_cron=1752376278.0450010299682617187500 HTTP/1.1" 200 - "-" "WordPress/6.8.1; https://muzza.fit"
51.222.253.5 - - [13/Jul/2025:03:11:16 +0000] "GET /pages/our-process/ HTTP/1.1" 200 28345 "-" "Mozilla/5.0 (compatible; AhrefsBot/7.0; +http://ahrefs.com/robot/)"
209.74.77.214 - - [13/Jul/2025:03:25:43 +0000] "POST /wp-cron.php?doing_wp_cron=1752377143.2462079524993896484375 HTTP/1.1" 200 - "-" "WordPress/6.8.1; https://muzza.fit"
221.229.106.25 - - [13/Jul/2025:03:25:43 +0000] "GET / HTTP/1.1" 200 36974 "http://muzza.fit" "Mozilla/5.0 (iPhone; CPU iPhone OS 13_2_3 like Mac OS X) AppleWebKit/605.1.15 (KHTML, like Gecko) Version/13.0.3 Mobile/15E148 Safari/604.1"
209.74.77.214 - - [13/Jul/2025:03:48:02 +0000] "POST /wp-cron.php?doing_wp_cron=1752378482.3470139503479003906250 HTTP/1.1" 200 - "-" "WordPress/6.8.1; https://muzza.fit"
51.222.253.9 - - [13/Jul/2025:03:48:00 +0000] "GET /video-type/nutrition/ HTTP/1.1" 200 27326 "-" "Mozilla/5.0 (compatible; AhrefsBot/7.0; +http://ahrefs.com/robot/)"
209.74.77.214 - - [13/Jul/2025:03:58:21 +0000] "POST /wp-cron.php?doing_wp_cron=1752379101.6851689815521240234375 HTTP/1.1" 200 - "-" "WordPress/6.8.1; https://muzza.fit"
209.74.77.214 - - [13/Jul/2025:03:58:18 +0000] "GET / HTTP/1.1" 200 271272 "-" "Mozilla/5.0 (Windows NT 10.0; Win64; x64; rv:122.0) Gecko/20100101 Firefox/122.0"
209.74.77.214 - - [13/Jul/2025:03:59:32 +0000] "POST /wp-cron.php?doing_wp_cron=1752379172.5506649017333984375000 HTTP/1.1" 200 - "-" "WordPress/6.8.1; https://muzza.fit"
44.210.204.255 - - [13/Jul/2025:03:59:30 +0000] "GET /product/fit-sports-bra/ HTTP/1.1" 200 28202 "-" "Mozilla/5.0 AppleWebKit/537.36 (KHTML, like Gecko; compatible; Amazonbot/0.1; +https://developer.amazon.com/support/amazonbot) Chrome/119.0.6045.214 Safari/537.36"
209.74.77.214 - - [13/Jul/2025:04:14:22 +0000] "POST /wp-cron.php?doing_wp_cron=1752380062.6873390674591064453125 HTTP/1.1" 200 - "-" "WordPress/6.8.1; https://muzza.fit"
51.222.253.16 - - [13/Jul/2025:04:14:20 +0000] "GET /work/cut-program/ HTTP/1.1" 200 28751 "-" "Mozilla/5.0 (compatible; AhrefsBot/7.0; +http://ahrefs.com/robot/)"
209.74.77.214 - - [13/Jul/2025:04:14:22 +0000] "POST /wp-admin/admin-ajax.php?action=wp_1_wc_privacy_cleanup&nonce=3593c8721e HTTP/1.1" 200 - "-" "WordPress/6.8.1; https://muzza.fit"
209.74.77.214 - - [13/Jul/2025:04:39:41 +0000] "POST /wp-cron.php?doing_wp_cron=1752381581.1271290779113769531250 HTTP/1.1" 200 - "-" "WordPress/6.8.1; https://muzza.fit"
51.222.253.16 - - [13/Jul/2025:04:39:39 +0000] "GET /video/self-hosted/ HTTP/1.1" 200 28957 "-" "Mozilla/5.0 (compatible; AhrefsBot/7.0; +http://ahrefs.com/robot/)"
51.222.253.9 - - [13/Jul/2025:04:39:53 +0000] "GET /wp-includes/js/mediaelement/renderers/vimeo.min.js?ver=4.2.17 HTTP/1.1" 200 2284 "-" "Mozilla/5.0 (compatible; AhrefsBot/7.0; +http://ahrefs.com/robot/)"
212.102.36.177 - - [13/Jul/2025:04:47:58 +0000] "GET / HTTP/1.0" 200 271275 "https://muzza.fit/" "Mozilla/5.0 (Windows NT 6.3; Win64; x64) AppleWebKit/537.36 (KHTML, like Gecko) Chrome/103.0.5060.53 Safari/537.36"
212.102.36.177 - - [13/Jul/2025:04:48:01 +0000] "GET /shop-2/my-account/ HTTP/1.0" 200 166658 "https://muzza.fit/shop-2/my-account/" "Mozilla/5.0 (Windows NT 6.3; Win64; x64) AppleWebKit/537.36 (KHTML, like Gecko) Chrome/103.0.5060.53 Safari/537.36"
209.74.77.214 - - [13/Jul/2025:04:56:23 +0000] "POST /wp-cron.php?doing_wp_cron=1752382583.7500379085540771484375 HTTP/1.1" 200 - "-" "WordPress/6.8.1; https://muzza.fit"
52.167.144.197 - - [13/Jul/2025:04:56:21 +0000] "GET /shop-2/ HTTP/1.1" 200 27277 "-" "Mozilla/5.0 AppleWebKit/537.36 (KHTML, like Gecko; compatible; bingbot/2.0; +http://www.bing.com/bingbot.htm) Chrome/116.0.1938.76 Safari/537.36"
209.74.77.214 - - [13/Jul/2025:05:14:35 +0000] "POST /wp-cron.php?doing_wp_cron=1752383675.2748479843139648437500 HTTP/1.1" 200 - "-" "WordPress/6.8.1; https://muzza.fit"
51.222.253.15 - - [13/Jul/2025:05:14:33 +0000] "GET /videos/videos-carousel/ HTTP/1.1" 200 28357 "-" "Mozilla/5.0 (compatible; AhrefsBot/7.0; +http://ahrefs.com/robot/)"
209.74.77.214 - - [13/Jul/2025:05:37:05 +0000] "POST /wp-cron.php?doing_wp_cron=1752385025.8113369941711425781250 HTTP/1.1" 200 - "-" "WordPress/6.8.1; https://muzza.fit"
52.55.206.244 - - [13/Jul/2025:05:37:03 +0000] "POST /xmlrpc.php HTTP/1.1" 200 403 "-" "Mozilla/5.0 (Windows NT 10.0; Win64; x64; rv:63.0) Gecko/20100101 Firefox/63.0"
49.206.232.123 - - [13/Jul/2025:05:37:10 +0000] "POST /xmlrpc.php HTTP/1.1" 200 403 "-" "Mozilla/5.0 (Windows NT 10.0; WOW64; rv:50.0) Gecko/20100101 Firefox/50.0"
119.8.51.11 - - [13/Jul/2025:05:37:16 +0000] "POST /xmlrpc.php HTTP/1.1" 200 403 "-" "Mozilla/5.0 (Windows NT 10.0; Win64; x64) AppleWebKit/537.36 (KHTML, like Gecko) Chrome/80.0.3987.149 Safari/537.36"
115.245.68.130 - - [13/Jul/2025:05:37:21 +0000] "POST /xmlrpc.php HTTP/1.1" 200 403 "-" "Mozilla/5.0 (Linux; Android 6.0.1; RedMi Note 5 Build/RB3N5C; wv) AppleWebKit/537.36 (KHTML, like Gecko) Version/4.0 Chrome/68.0.3440.91 Mobile Safari/537.36"
52.55.206.244 - - [13/Jul/2025:05:37:21 +0000] "POST /xmlrpc.php HTTP/1.1" 200 403 "-" "Mozilla/5.0 (Windows NT 6.1; Win64; x64) AppleWebKit/537.36 (KHTML, like Gecko) Chrome/60.0.3112.90 Safari/537.36"
49.206.232.123 - - [13/Jul/2025:05:37:31 +0000] "POST /xmlrpc.php HTTP/1.1" 200 403 "-" "Mozilla/5.0 (Windows NT 10.0; Win64; x64; rv:78.0) Gecko/20100101 Firefox/78.0"
209.74.77.214 - - [13/Jul/2025:05:37:36 +0000] "POST /wp-cron.php?doing_wp_cron=1752385056.3825030326843261718750 HTTP/1.1" 200 - "-" "WordPress/6.8.1; https://muzza.fit"
124.221.32.182 - - [13/Jul/2025:05:37:36 +0000] "POST /xmlrpc.php HTTP/1.1" 200 403 "-" "Mozilla/5.0 (Windows NT 10.0; Win64; x64) AppleWebKit/537.36 (KHTML, like Gecko) Chrome/65.0.3325.181 Safari/537.36"
167.99.77.140 - - [13/Jul/2025:05:37:39 +0000] "POST /xmlrpc.php HTTP/1.1" 200 403 "-" "Mozilla/5.0 (Windows NT 10.0; Win64; x64) AppleWebKit/537.36 (KHTML, like Gecko) Chrome/80.0.3987.149 Safari/537.36"
209.74.77.214 - - [13/Jul/2025:05:45:28 +0000] "POST /wp-cron.php?doing_wp_cron=1752385528.0019609928131103515625 HTTP/1.1" 200 - "-" "WordPress/6.8.1; https://muzza.fit"
209.74.77.214 - - [13/Jul/2025:05:45:33 +0000] "POST /wp-cron.php?doing_wp_cron=1752385533.1596040725708007812500 HTTP/1.1" 200 - "-" "WordPress/6.8.1; https://muzza.fit"
209.74.77.214 - - [13/Jul/2025:05:46:11 +0000] "POST /wp-cron.php?doing_wp_cron=1752385571.1803379058837890625000 HTTP/1.1" 200 - "-" "WordPress/6.8.1; https://muzza.fit"
5.255.231.117 - - [13/Jul/2025:05:46:09 +0000] "GET /robots.txt HTTP/1.1" 200 259 "-" "Mozilla/5.0 (compatible; YandexBot/3.0; +http://yandex.com/bots)"
5.255.231.4 - - [13/Jul/2025:05:46:11 +0000] "GET /2017/02/intensity-the-most-misunderstood-concept-in-building-muscle/ HTTP/1.1" 200 33811 "-" "Mozilla/5.0 (compatible; YandexBot/3.0; +http://yandex.com/bots)"
209.74.77.214 - - [13/Jul/2025:05:47:30 +0000] "POST /wp-cron.php?doing_wp_cron=1752385650.4589459896087646484375 HTTP/1.1" 200 - "-" "WordPress/6.8.1; https://muzza.fit"
209.74.77.214 - - [13/Jul/2025:05:51:33 +0000] "POST /wp-cron.php?doing_wp_cron=1752385893.8268849849700927734375 HTTP/1.1" 200 - "-" "WordPress/6.8.1; https://muzza.fit"
51.222.253.5 - - [13/Jul/2025:05:51:31 +0000] "GET /timetable/tag/yoga/ HTTP/1.1" 200 27920 "-" "Mozilla/5.0 (compatible; AhrefsBot/7.0; +http://ahrefs.com/robot/)"
209.74.77.214 - - [13/Jul/2025:05:53:07 +0000] "POST /wp-cron.php?doing_wp_cron=1752385987.3446929454803466796875 HTTP/1.1" 200 - "-" "WordPress/6.8.1; https://muzza.fit"
87.250.224.224 - - [13/Jul/2025:05:53:05 +0000] "GET /tag/page-builder/ HTTP/1.1" 200 30416 "-" "Mozilla/5.0 (compatible; YandexBot/3.0; +http://yandex.com/bots)"
209.74.77.214 - - [13/Jul/2025:05:58:44 +0000] "POST /wp-cron.php?doing_wp_cron=1752386324.9414219856262207031250 HTTP/1.1" 200 - "-" "WordPress/6.8.1; https://muzza.fit"
95.108.213.251 - - [13/Jul/2025:05:58:42 +0000] "GET /pages/maintenance/ HTTP/1.1" 200 22596 "-" "Mozilla/5.0 (compatible; YandexBot/3.0; +http://yandex.com/bots)"
209.74.77.214 - - [13/Jul/2025:05:58:45 +0000] "GET /wp-json/jetpack/v4/sync/spawn-sync?time=1752386325&request_lock_id=1752386325.3382 HTTP/1.1" 200 37 "-" "WordPress/6.8.1; https://muzza.fit"
209.74.77.214 - - [13/Jul/2025:06:04:20 +0000] "POST /wp-cron.php?doing_wp_cron=1752386660.3859438896179199218750 HTTP/1.1" 200 - "-" "WordPress/6.8.1; https://muzza.fit"
95.108.213.101 - - [13/Jul/2025:06:04:18 +0000] "GET /pages/meet-the-team/joey-demaio/ HTTP/1.1" 200 27140 "-" "Mozilla/5.0 (compatible; YandexBot/3.0; +http://yandex.com/bots)"
209.74.77.214 - - [13/Jul/2025:06:11:04 +0000] "POST /wp-cron.php?doing_wp_cron=1752387064.6278319358825683593750 HTTP/1.1" 200 - "-" "WordPress/6.8.1; https://muzza.fit"
51.222.253.10 - - [13/Jul/2025:06:11:02 +0000] "GET /shop-2/terms-condition/ HTTP/1.1" 200 27482 "-" "Mozilla/5.0 (compatible; AhrefsBot/7.0; +http://ahrefs.com/robot/)"
5.255.231.34 - - [13/Jul/2025:06:11:22 +0000] "GET /2017/02/if-dieting-wont-get-you-lean-what-will/ HTTP/1.1" 200 34021 "-" "Mozilla/5.0 (compatible; YandexBot/3.0; +http://yandex.com/bots)"
209.74.77.214 - - [13/Jul/2025:06:26:25 +0000] "POST /wp-cron.php?doing_wp_cron=1752387985.1073780059814453125000 HTTP/1.1" 200 - "-" "WordPress/6.8.1; https://muzza.fit"
82.156.68.74 - - [13/Jul/2025:06:26:24 +0000] "GET / HTTP/1.1" 200 36986 "http://www.muzza.fit" "Mozilla/5.0 (iPhone; CPU iPhone OS 13_2_3 like Mac OS X) AppleWebKit/605.1.15 (KHTML, like Gecko) Version/13.0.3 Mobile/15E148 Safari/604.1"
209.74.77.214 - - [13/Jul/2025:06:27:56 +0000] "POST /wp-cron.php?doing_wp_cron=1752388076.3667430877685546875000 HTTP/1.1" 200 - "-" "WordPress/6.8.1; https://muzza.fit"
51.222.253.16 - - [13/Jul/2025:06:27:54 +0000] "GET /videos/videos-filtered/ HTTP/1.1" 200 28642 "-" "Mozilla/5.0 (compatible; AhrefsBot/7.0; +http://ahrefs.com/robot/)"
209.74.77.214 - - [13/Jul/2025:06:28:15 +0000] "POST /wp-cron.php?doing_wp_cron=1752388095.7233710289001464843750 HTTP/1.1" 200 - "-" "WordPress/6.8.1; https://muzza.fit"
87.250.224.243 - - [13/Jul/2025:06:28:15 +0000] "GET /?p=7224 HTTP/1.1" 301 - "-" "Mozilla/5.0 (compatible; YandexBot/3.0; +http://yandex.com/bots)"
213.180.203.136 - - [13/Jul/2025:06:28:16 +0000] "GET /timetable/event/buff-workout/ HTTP/1.1" 200 28678 "-" "Mozilla/5.0 (compatible; YandexBot/3.0; +http://yandex.com/bots)"
209.74.77.214 - - [13/Jul/2025:06:28:50 +0000] "POST /wp-cron.php?doing_wp_cron=1752388130.4688289165496826171875 HTTP/1.1" 200 - "-" "WordPress/6.8.1; https://muzza.fit"
87.250.224.215 - - [13/Jul/2025:06:28:48 +0000] "GET /timetable/event/buff-workout/ HTTP/1.1" 200 28680 "-" "Mozilla/5.0 (compatible; YandexBot/3.0; +http://yandex.com/bots)"
209.74.77.214 - - [13/Jul/2025:06:43:44 +0000] "POST /wp-cron.php?doing_wp_cron=1752389024.9848749637603759765625 HTTP/1.1" 200 - "-" "WordPress/6.8.1; https://muzza.fit"
51.222.253.14 - - [13/Jul/2025:06:43:43 +0000] "GET /videos/videos-3-columns-wide/ HTTP/1.1" 200 28596 "-" "Mozilla/5.0 (compatible; AhrefsBot/7.0; +http://ahrefs.com/robot/)"
209.74.77.214 - - [13/Jul/2025:06:49:44 +0000] "POST /wp-cron.php?doing_wp_cron=1752389384.4238638877868652343750 HTTP/1.1" 200 - "-" "WordPress/6.8.1; https://muzza.fit"
95.108.213.246 - - [13/Jul/2025:06:49:42 +0000] "GET /shop-2/shop-4-columns-wide/ HTTP/1.1" 200 30349 "-" "Mozilla/5.0 (compatible; YandexBot/3.0; +http://yandex.com/bots)"
209.74.77.214 - - [13/Jul/2025:06:52:31 +0000] "POST /wp-cron.php?doing_wp_cron=1752389551.6313879489898681640625 HTTP/1.1" 200 - "-" "WordPress/6.8.1; https://muzza.fit"
5.255.231.58 - - [13/Jul/2025:06:52:29 +0000] "GET /product/big-beast/ HTTP/1.1" 200 28197 "-" "Mozilla/5.0 (compatible; YandexBot/3.0; +http://yandex.com/bots)"
209.74.77.214 - - [13/Jul/2025:06:59:11 +0000] "POST /wp-cron.php?doing_wp_cron=1752389951.7249250411987304687500 HTTP/1.1" 200 - "-" "WordPress/6.8.1; https://muzza.fit"
5.255.231.110 - - [13/Jul/2025:06:59:09 +0000] "GET /blog/blog-standard-sidebar-left/ HTTP/1.1" 200 32674 "-" "Mozilla/5.0 (compatible; YandexBot/3.0; +http://yandex.com/bots)"
209.74.77.214 - - [13/Jul/2025:06:59:36 +0000] "POST /wp-cron.php?doing_wp_cron=1752389976.3432850837707519531250 HTTP/1.1" 200 - "-" "WordPress/6.8.1; https://muzza.fit"
51.222.253.3 - - [13/Jul/2025:06:59:36 +0000] "GET /pages/contact-us/ HTTP/1.1" 200 28369 "-" "Mozilla/5.0 (compatible; AhrefsBot/7.0; +http://ahrefs.com/robot/)"
209.74.77.214 - - [13/Jul/2025:07:07:14 +0000] "POST /wp-cron.php?doing_wp_cron=1752390434.4179759025573730468750 HTTP/1.1" 200 - "-" "WordPress/6.8.1; https://muzza.fit"
213.180.203.97 - - [13/Jul/2025:07:07:12 +0000] "GET /shop-2/page/2/ HTTP/1.1" 200 27295 "-" "Mozilla/5.0 (compatible; YandexBot/3.0; +http://yandex.com/bots)"
209.74.77.214 - - [13/Jul/2025:07:09:44 +0000] "POST /wp-cron.php?doing_wp_cron=1752390584.6225891113281250000000 HTTP/1.1" 200 - "-" "WordPress/6.8.1; https://muzza.fit"
95.108.213.181 - - [13/Jul/2025:07:09:42 +0000] "GET /2017/02/ HTTP/1.1" 200 32397 "-" "Mozilla/5.0 (compatible; YandexBot/3.0; +http://yandex.com/bots)"
124.156.225.181 - - [13/Jul/2025:07:14:57 +0000] "GET / HTTP/1.1" 200 36979 "http://muzza.fit" "Mozilla/5.0 (iPhone; CPU iPhone OS 13_2_3 like Mac OS X) AppleWebKit/605.1.15 (KHTML, like Gecko) Version/13.0.3 Mobile/15E148 Safari/604.1"
209.74.77.214 - - [13/Jul/2025:07:15:44 +0000] "POST /wp-cron.php?doing_wp_cron=1752390944.0373489856719970703125 HTTP/1.1" 200 - "-" "WordPress/6.8.1; https://muzza.fit"
51.222.253.12 - - [13/Jul/2025:07:15:42 +0000] "GET /robots.txt HTTP/1.1" 200 152 "-" "Mozilla/5.0 (compatible; AhrefsBot/7.0; +http://ahrefs.com/robot/)"
51.222.253.11 - - [13/Jul/2025:07:15:45 +0000] "GET /shop-2/feed/ HTTP/1.1" 304 - "-" "Mozilla/5.0 (compatible; AhrefsBot/7.0; +http://ahrefs.com/robot/)"
209.74.77.214 - - [13/Jul/2025:07:27:40 +0000] "POST /wp-cron.php?doing_wp_cron=1752391660.2387180328369140625000 HTTP/1.1" 200 - "-" "WordPress/6.8.1; https://muzza.fit"
87.250.224.218 - - [13/Jul/2025:07:27:38 +0000] "GET /product/panel-sports-bra/ HTTP/1.1" 200 28209 "-" "Mozilla/5.0 (compatible; YandexBot/3.0; +http://yandex.com/bots)"