17.241.219.169 - - [12/Jul/2025:17:40:37 +0000] "GET /wp-content/plugins/wolf-visual-composer/assets/js/lib/jquery.fittext.min.js?ver=1.2.0 HTTP/1.1" 200 262 "https://muzza.fit/timetable/tag/cardio/" "Mozilla/5.0 (Macintosh; Intel Mac OS X 10_15_7) AppleWebKit/605.1.15 (KHTML, like Gecko) Version/17.4 Safari/605.1.15 (Applebot/0.1; +http://www.apple.com/go/applebot)"
17.241.75.248 - - [12/Jul/2025:17:40:37 +0000] "GET /wp-content/plugins/wolf-visual-composer/assets/js/min/fittext.min.js?ver=3.7.21 HTTP/1.1" 200 281 "https://muzza.fit/timetable/tag/cardio/" "Mozilla/5.0 (Macintosh; Intel Mac OS X 10_15_7) AppleWebKit/605.1.15 (KHTML, like Gecko) Version/17.4 Safari/605.1.15 (Applebot/0.1; +http://www.apple.com/go/applebot)"
17.241.227.138 - - [12/Jul/2025:17:40:38 +0000] "GET /wp-content/themes/deadlift/assets/js/lib/aos.js?ver=2.0.0 HTTP/1.1" 200 4506 "https://muzza.fit/timetable/tag/cardio/" "Mozilla/5.0 (Macintosh; Intel Mac OS X 10_15_7) AppleWebKit/605.1.15 (KHTML, like Gecko) Version/17.4 Safari/605.1.15 (Applebot/0.1; +http://www.apple.com/go/applebot)"
17.241.227.48 - - [12/Jul/2025:17:40:38 +0000] "GET /wp-content/themes/deadlift/assets/js/loadposts.min.js?ver=1.8.2 HTTP/1.1" 200 1739 "https://muzza.fit/timetable/tag/cardio/" "Mozilla/5.0 (Macintosh; Intel Mac OS X 10_15_7) AppleWebKit/605.1.15 (KHTML, like Gecko) Version/17.4 Safari/605.1.15 (Applebot/0.1; +http://www.apple.com/go/applebot)"
17.241.227.242 - - [12/Jul/2025:17:40:39 +0000] "GET /wp-content/plugins/revslider/sr6/assets/js/rs6.min.js?ver=6.7.13 HTTP/1.1" 200 108962 "https://muzza.fit/timetable/tag/cardio/" "Mozilla/5.0 (Macintosh; Intel Mac OS X 10_15_7) AppleWebKit/605.1.15 (KHTML, like Gecko) Version/17.4 Safari/605.1.15 (Applebot/0.1; +http://www.apple.com/go/applebot)"
209.74.77.214 - - [12/Jul/2025:17:40:53 +0000] "POST /wp-cron.php?doing_wp_cron=1752342053.8958249092102050781250 HTTP/1.1" 200 - "-" "WordPress/6.8.1; https://muzza.fit"
3.230.69.161 - - [12/Jul/2025:17:40:52 +0000] "GET / HTTP/1.1" 200 37739 "-" "Mozilla/5.0 AppleWebKit/537.36 (KHTML, like Gecko; compatible; Amazonbot/0.1; +https://developer.amazon.com/support/amazonbot) Chrome/119.0.6045.214 Safari/537.36"
209.74.77.214 - - [12/Jul/2025:17:42:43 +0000] "POST /wp-cron.php?doing_wp_cron=1752342163.3835890293121337890625 HTTP/1.1" 200 - "-" "WordPress/6.8.1; https://muzza.fit"
209.74.77.214 - - [12/Jul/2025:17:42:43 +0000] "POST /wp-cron.php?doing_wp_cron=1752342163.3835790157318115234375 HTTP/1.1" 200 - "-" "WordPress/6.8.1; https://muzza.fit"
43.130.139.136 - - [12/Jul/2025:17:42:41 +0000] "GET /shop-2/shop-sidebar-left/ HTTP/1.1" 200 31487 "-" "Mozilla/5.0 (iPhone; CPU iPhone OS 13_2_3 like Mac OS X) AppleWebKit/605.1.15 (KHTML, like Gecko) Version/13.0.3 Mobile/15E148 Safari/604.1"
205.210.31.134 - - [12/Jul/2025:17:42:42 +0000] "GET / HTTP/1.1" 200 271275 "-" "-"
209.74.77.214 - - [12/Jul/2025:17:48:15 +0000] "POST /wp-cron.php?doing_wp_cron=1752342495.9098029136657714843750 HTTP/1.1" 200 - "-" "WordPress/6.8.1; https://muzza.fit"
51.222.253.12 - - [12/Jul/2025:17:48:14 +0000] "GET /timetable/event/body-pump/ HTTP/1.1" 200 28670 "-" "Mozilla/5.0 (compatible; AhrefsBot/7.0; +http://ahrefs.com/robot/)"
209.74.77.214 - - [12/Jul/2025:17:51:26 +0000] "POST /wp-cron.php?doing_wp_cron=1752342686.1442649364471435546875 HTTP/1.1" 200 - "-" "WordPress/6.8.1; https://muzza.fit"
195.178.110.161 - - [12/Jul/2025:17:51:24 +0000] "GET /.git/config HTTP/1.1" 301 - "-" "Mozilla/5.0 (Windows NT 6.1; WOW64) AppleWebKit/537.36 (KHTML, like Gecko) Chrome/69.0.3497.100 Safari/537.36"
209.74.77.214 - - [12/Jul/2025:17:52:49 +0000] "POST /wp-cron.php?doing_wp_cron=1752342769.2665479183197021484375 HTTP/1.1" 200 - "-" "WordPress/6.8.1; https://muzza.fit"
170.106.113.235 - - [12/Jul/2025:17:52:47 +0000] "GET /category/photo/feed/ HTTP/1.1" 200 5537 "-" "Mozilla/5.0 (iPhone; CPU iPhone OS 13_2_3 like Mac OS X) AppleWebKit/605.1.15 (KHTML, like Gecko) Version/13.0.3 Mobile/15E148 Safari/604.1"
209.74.77.214 - - [12/Jul/2025:18:01:19 +0000] "POST /wp-cron.php?doing_wp_cron=1752343279.5221350193023681640625 HTTP/1.1" 200 - "-" "WordPress/6.8.1; https://muzza.fit"
51.222.253.5 - - [12/Jul/2025:18:01:17 +0000] "GET /tag/status/ HTTP/1.1" 200 29382 "-" "Mozilla/5.0 (compatible; AhrefsBot/7.0; +http://ahrefs.com/robot/)"
209.74.77.214 - - [12/Jul/2025:18:03:17 +0000] "POST /wp-cron.php?doing_wp_cron=1752343397.2161960601806640625000 HTTP/1.1" 200 - "-" "WordPress/6.8.1; https://muzza.fit"
43.133.139.6 - - [12/Jul/2025:18:03:15 +0000] "GET /category/video/feed/ HTTP/1.1" 200 2295 "-" "Mozilla/5.0 (iPhone; CPU iPhone OS 13_2_3 like Mac OS X) AppleWebKit/605.1.15 (KHTML, like Gecko) Version/13.0.3 Mobile/15E148 Safari/604.1"
209.74.77.214 - - [12/Jul/2025:18:06:39 +0000] "POST /wp-cron.php?doing_wp_cron=1752343599.9094018936157226562500 HTTP/1.1" 200 - "-" "WordPress/6.8.1; https://muzza.fit"
51.222.253.19 - - [12/Jul/2025:18:06:37 +0000] "GET /2018/02/find-your-way/ HTTP/1.1" 200 33345 "-" "Mozilla/5.0 (compatible; AhrefsBot/7.0; +http://ahrefs.com/robot/)"
51.222.253.17 - - [12/Jul/2025:18:07:16 +0000] "GET /wp-content/uploads/2018/09/cristian-baron-27345-unsplash-1-768x432.jpg HTTP/1.1" 200 53760 "-" "Mozilla/5.0 (compatible; AhrefsBot/7.0; +http://ahrefs.com/robot/)"
51.222.253.19 - - [12/Jul/2025:18:07:19 +0000] "GET /wp-content/uploads/2018/09/victor-freitas-569958-unsplash-1-768x512.jpg HTTP/1.1" 200 87378 "-" "Mozilla/5.0 (compatible; AhrefsBot/7.0; +http://ahrefs.com/robot/)"
51.222.253.19 - - [12/Jul/2025:18:07:21 +0000] "GET /wp-content/uploads/2016/04/adult-attractive-bikini-206464-1-600x360.jpg HTTP/1.1" 200 19884 "-" "Mozilla/5.0 (compatible; AhrefsBot/7.0; +http://ahrefs.com/robot/)"
51.222.253.11 - - [12/Jul/2025:18:07:22 +0000] "GET /wp-content/uploads/2018/09/victor-freitas-572863-unsplash-1-768x512.jpg HTTP/1.1" 200 54855 "-" "Mozilla/5.0 (compatible; AhrefsBot/7.0; +http://ahrefs.com/robot/)"
51.222.253.17 - - [12/Jul/2025:18:07:24 +0000] "GET /wp-content/uploads/2018/09/victor-freitas-546919-unsplash-1-768x512.jpg HTTP/1.1" 200 83365 "-" "Mozilla/5.0 (compatible; AhrefsBot/7.0; +http://ahrefs.com/robot/)"
51.222.253.2 - - [12/Jul/2025:18:07:26 +0000] "GET /wp-content/uploads/2018/10/fooood-1-768x768.jpg HTTP/1.1" 200 107293 "-" "Mozilla/5.0 (compatible; AhrefsBot/7.0; +http://ahrefs.com/robot/)"
51.222.253.14 - - [12/Jul/2025:18:07:28 +0000] "GET /wp-content/uploads/2018/09/maxresdefault-2-1-768x432.jpg HTTP/1.1" 200 44151 "-" "Mozilla/5.0 (compatible; AhrefsBot/7.0; +http://ahrefs.com/robot/)"
209.74.77.214 - - [12/Jul/2025:18:13:09 +0000] "POST /wp-cron.php?doing_wp_cron=1752343989.0426590442657470703125 HTTP/1.1" 200 - "-" "WordPress/6.8.1; https://muzza.fit"
49.51.183.15 - - [12/Jul/2025:18:13:07 +0000] "GET / HTTP/1.1" 200 36976 "-" "Mozilla/5.0 (iPhone; CPU iPhone OS 13_2_3 like Mac OS X) AppleWebKit/605.1.15 (KHTML, like Gecko) Version/13.0.3 Mobile/15E148 Safari/604.1"
209.74.77.214 - - [12/Jul/2025:18:20:36 +0000] "POST /wp-cron.php?doing_wp_cron=1752344436.8980379104614257812500 HTTP/1.1" 200 - "-" "WordPress/6.8.1; https://muzza.fit"
5.133.192.133 - - [12/Jul/2025:18:20:34 +0000] "GET / HTTP/1.1" 200 37737 "-" "Mozilla/5.0 (Windows NT 10.0; Win64; x64) AppleWebKit/537.36 (KHTML, like Gecko) Chrome/105.0.0.0 Safari/537.36"
5.133.192.133 - - [12/Jul/2025:18:20:39 +0000] "GET /wp-content/uploads/2024/06/cropped-android-chrome-512x512-1-32x32.png HTTP/1.1" 200 1481 "-" "Mozilla/5.0 (Windows NT 10.0; Win64; x64) AppleWebKit/537.36 (KHTML, like Gecko) Chrome/105.0.0.0 Safari/537.36"
209.74.77.214 - - [12/Jul/2025:18:24:13 +0000] "POST /wp-cron.php?doing_wp_cron=1752344653.8587279319763183593750 HTTP/1.1" 200 - "-" "WordPress/6.8.1; https://muzza.fit"
49.51.243.156 - - [12/Jul/2025:18:24:12 +0000] "GET /embed/ HTTP/1.1" 301 - "-" "Mozilla/5.0 (iPhone; CPU iPhone OS 13_2_3 like Mac OS X) AppleWebKit/605.1.15 (KHTML, like Gecko) Version/13.0.3 Mobile/15E148 Safari/604.1"
49.51.243.156 - - [12/Jul/2025:18:24:19 +0000] "GET / HTTP/1.1" 200 36987 "https://muzza.fit/embed/" "Mozilla/5.0 (iPhone; CPU iPhone OS 13_2_3 like Mac OS X) AppleWebKit/605.1.15 (KHTML, like Gecko) Version/13.0.3 Mobile/15E148 Safari/604.1"
209.74.77.214 - - [12/Jul/2025:18:28:35 +0000] "POST /wp-cron.php?doing_wp_cron=1752344915.4403269290924072265625 HTTP/1.1" 200 - "-" "WordPress/6.8.1; https://muzza.fit"
209.74.77.214 - - [12/Jul/2025:18:28:35 +0000] "POST /wp-cron.php?doing_wp_cron=1752344915.4403290748596191406250 HTTP/1.1" 200 - "-" "WordPress/6.8.1; https://muzza.fit"
141.95.4.134 - - [12/Jul/2025:18:28:35 +0000] "GET /wp-content/plugins/HelloDollyV2/hello_dolly_v2.php HTTP/1.1" 404 142245 "-" "Mozilla/5.0 (Windows NT 10.0; Win64; x64) AppleWebKit/537.36 (KHTML, like Gecko) Chrome/127.0.0.0 Safari/537.36"
141.95.4.134 - - [12/Jul/2025:18:28:33 +0000] "GET /wp-content/plugins/WordPressCore/include.php HTTP/1.1" 404 142245 "-" "Mozilla/5.0 (Windows NT 10.0; Win64; x64) AppleWebKit/537.36 (KHTML, like Gecko) Chrome/127.0.0.0 Safari/537.36"
209.74.77.214 - - [12/Jul/2025:18:34:27 +0000] "POST /wp-cron.php?doing_wp_cron=1752345267.6172349452972412109375 HTTP/1.1" 200 - "-" "WordPress/6.8.1; https://muzza.fit"
170.106.143.6 - - [12/Jul/2025:18:34:25 +0000] "GET /wp-json/wp/v2/pages/51 HTTP/1.1" 200 885 "-" "Mozilla/5.0 (iPhone; CPU iPhone OS 13_2_3 like Mac OS X) AppleWebKit/605.1.15 (KHTML, like Gecko) Version/13.0.3 Mobile/15E148 Safari/604.1"
209.74.77.214 - - [12/Jul/2025:18:45:35 +0000] "POST /wp-cron.php?doing_wp_cron=1752345935.1209440231323242187500 HTTP/1.1" 200 - "-" "WordPress/6.8.1; https://muzza.fit"
43.130.150.80 - - [12/Jul/2025:18:45:32 +0000] "GET /pages/coming-soon/ HTTP/1.1" 200 22447 "-" "Mozilla/5.0 (iPhone; CPU iPhone OS 13_2_3 like Mac OS X) AppleWebKit/605.1.15 (KHTML, like Gecko) Version/13.0.3 Mobile/15E148 Safari/604.1"
209.74.77.214 - - [12/Jul/2025:18:52:51 +0000] "POST /wp-cron.php?doing_wp_cron=1752346371.8055369853973388671875 HTTP/1.1" 200 - "-" "WordPress/6.8.1; https://muzza.fit"
43.130.15.147 - - [12/Jul/2025:18:52:49 +0000] "GET /product/product-standard/ HTTP/1.1" 200 28183 "-" "Mozilla/5.0 (iPhone; CPU iPhone OS 13_2_3 like Mac OS X) AppleWebKit/605.1.15 (KHTML, like Gecko) Version/13.0.3 Mobile/15E148 Safari/604.1"
209.74.77.214 - - [12/Jul/2025:19:00:59 +0000] "POST /wp-cron.php?doing_wp_cron=1752346859.6594309806823730468750 HTTP/1.1" 200 - "-" "WordPress/6.8.1; https://muzza.fit"
43.131.36.84 - - [12/Jul/2025:19:00:57 +0000] "GET /2018/07/motivation/ HTTP/1.1" 200 31189 "-" "Mozilla/5.0 (iPhone; CPU iPhone OS 13_2_3 like Mac OS X) AppleWebKit/605.1.15 (KHTML, like Gecko) Version/13.0.3 Mobile/15E148 Safari/604.1"
209.74.77.214 - - [12/Jul/2025:19:01:56 +0000] "POST /wp-cron.php?doing_wp_cron=1752346916.5641410350799560546875 HTTP/1.1" 200 - "-" "WordPress/6.8.1; https://muzza.fit"
23.23.103.31 - - [12/Jul/2025:19:01:54 +0000] "GET /video-type/training/ HTTP/1.1" 200 27829 "-" "Mozilla/5.0 AppleWebKit/537.36 (KHTML, like Gecko; compatible; Amazonbot/0.1; +https://developer.amazon.com/support/amazonbot) Chrome/119.0.6045.214 Safari/537.36"
209.74.77.214 - - [12/Jul/2025:19:04:38 +0000] "POST /wp-cron.php?doing_wp_cron=1752347078.4392409324645996093750 HTTP/1.1" 200 - "-" "WordPress/6.8.1; https://muzza.fit"
54.36.148.74 - - [12/Jul/2025:19:04:36 +0000] "GET /robots.txt HTTP/1.1" 200 152 "-" "Mozilla/5.0 (compatible; AhrefsBot/7.0; +http://ahrefs.com/robot/)"
51.222.253.16 - - [12/Jul/2025:19:04:39 +0000] "GET /shop-2/shop-4-columns/ HTTP/1.1" 200 30313 "-" "Mozilla/5.0 (compatible; AhrefsBot/7.0; +http://ahrefs.com/robot/)"
209.74.77.214 - - [12/Jul/2025:19:07:07 +0000] "POST /wp-cron.php?doing_wp_cron=1752347227.7632470130920410156250 HTTP/1.1" 200 - "-" "WordPress/6.8.1; https://muzza.fit"
209.74.77.214 - - [12/Jul/2025:19:07:07 +0000] "POST /wp-cron.php?doing_wp_cron=1752347227.7631258964538574218750 HTTP/1.1" 200 - "-" "WordPress/6.8.1; https://muzza.fit"
119.8.51.11 - - [12/Jul/2025:19:07:05 +0000] "POST /xmlrpc.php HTTP/1.1" 200 403 "-" "Mozilla/5.0 (Linux; Android 10; LM-Q710(FGN)) AppleWebKit/537.36 (KHTML, like Gecko) Chrome/91.0.4472.114 Mobile Safari/537.36"
152.32.215.135 - - [12/Jul/2025:19:07:06 +0000] "POST /xmlrpc.php HTTP/1.1" 200 403 "-" "Mozilla/5.0 (Windows NT 6.0; rv:34.0) Gecko/20100101 Firefox/34.0"
211.149.239.140 - - [12/Jul/2025:19:07:12 +0000] "POST /xmlrpc.php HTTP/1.1" 200 403 "-" "Mozilla/5.0 (Windows NT 6.1; Win64; x64) AppleWebKit/537.36 (KHTML, like Gecko) Chrome/79.0.3945.88 Safari/537.36"
52.55.206.244 - - [12/Jul/2025:19:07:14 +0000] "POST /xmlrpc.php HTTP/1.1" 200 403 "-" "Mozilla/5.0 (Linux; Android 10) AppleWebKit/537.36 (KHTML, like Gecko) Chrome/91.0.4472.114 Mobile Safari/537.36"
8.134.114.28 - - [12/Jul/2025:19:07:21 +0000] "POST /xmlrpc.php HTTP/1.1" 200 403 "-" "Mozilla/5.0 (Linux; Android 6.0.1; RedMi Note 5 Build/RB3N5C; wv) AppleWebKit/537.36 (KHTML, like Gecko) Version/4.0 Chrome/68.0.3440.91 Mobile Safari/537.36"
209.74.77.214 - - [12/Jul/2025:19:07:33 +0000] "POST /wp-cron.php?doing_wp_cron=1752347253.8443899154663085937500 HTTP/1.1" 200 - "-" "WordPress/6.8.1; https://muzza.fit"
45.117.81.155 - - [12/Jul/2025:19:07:33 +0000] "POST /xmlrpc.php HTTP/1.1" 200 403 "-" "Mozilla/5.0 (Windows NT 6.1; WOW64; rv:54.0) Gecko/20100101 Firefox/54.0"
50.116.86.85 - - [12/Jul/2025:19:07:39 +0000] "POST /xmlrpc.php HTTP/1.1" 200 403 "-" "Mozilla/5.0 (X11; Linux x86_64) AppleWebKit/537.36 (KHTML, like Gecko) Chrome/91.0.4472.114 Safari/537.36"
103.97.178.14 - - [12/Jul/2025:19:07:41 +0000] "POST /xmlrpc.php HTTP/1.1" 200 403 "-" "Mozilla/5.0 (iPad; CPU OS 14_6 like Mac OS X) AppleWebKit/605.1.15 (KHTML, like Gecko) CriOS/91.0.4472.80 Mobile/15E148 Safari/604.1"
81.70.217.125 - - [12/Jul/2025:19:07:48 +0000] "POST /xmlrpc.php HTTP/1.1" 200 403 "-" "Mozilla/5.0 (Windows NT 10.0; Win64; x64) AppleWebKit/537.36 (KHTML, like Gecko) Chrome/74.0.3729.157 Safari/537.36"
66.29.153.8 - - [12/Jul/2025:19:07:48 +0000] "POST /xmlrpc.php HTTP/1.1" 200 403 "-" "Mozilla/5.0 (Windows NT 6.1; Win64; x64; rv:57.0) Gecko/20100101 Firefox/57.0"
45.117.81.155 - - [12/Jul/2025:19:07:52 +0000] "POST /xmlrpc.php HTTP/1.1" 200 403 "-" "Mozilla/5.0 (Windows; U; Windows NT 5.1; en-US; rv:1.7.5) Gecko/20041107 Firefox/1.0"
54.37.121.239 - - [12/Jul/2025:19:07:55 +0000] "POST /xmlrpc.php HTTP/1.1" 200 403 "-" "Mozilla/5.0 (Windows NT 6.1; WOW64) AppleWebKit/537.1 (KHTML, like Gecko) Chrome/21.0.1180.83 Safari/537.1"
8.138.175.22 - - [12/Jul/2025:19:07:58 +0000] "POST /xmlrpc.php HTTP/1.1" 200 403 "-" "Mozilla/5.0 (Windows NT 10.0; WOW64; rv:52.0) Gecko/20100101 Firefox/52.0"
209.74.77.214 - - [12/Jul/2025:19:12:19 +0000] "POST /wp-cron.php?doing_wp_cron=1752347539.5752658843994140625000 HTTP/1.1" 200 - "-" "WordPress/6.8.1; https://muzza.fit"
43.153.58.28 - - [12/Jul/2025:19:12:17 +0000] "GET /shop-2/shop-metro-full-width/ HTTP/1.1" 200 30682 "-" "Mozilla/5.0 (iPhone; CPU iPhone OS 13_2_3 like Mac OS X) AppleWebKit/605.1.15 (KHTML, like Gecko) Version/13.0.3 Mobile/15E148 Safari/604.1"
209.74.77.214 - - [12/Jul/2025:19:13:40 +0000] "POST /wp-cron.php?doing_wp_cron=1752347620.8250010013580322265625 HTTP/1.1" 200 - "-" "WordPress/6.8.1; https://muzza.fit"
154.195.1.240 - - [12/Jul/2025:19:13:38 +0000] "GET /pages/contact-us/ HTTP/1.1" 200 28380 "-" "Mozilla/5.0 (Windows NT 10.0; WOW64) AppleWebKit/537.36 (KHTML, like Gecko) Chrome/114.0.0.0 Safari/537.36 Vivaldi/5.3.2679.68"
154.195.1.240 - - [12/Jul/2025:19:13:42 +0000] "GET /wp-content/plugins/contact-form-7/includes/js/index.js?ver=6.1 HTTP/1.1" 200 4265 "https://muzza.fit/pages/contact-us/" "Mozilla/5.0 (Windows NT 10.0; WOW64) AppleWebKit/537.36 (KHTML, like Gecko) Chrome/114.0.0.0 Safari/537.36 Vivaldi/5.3.2679.68"
154.195.1.240 - - [12/Jul/2025:19:13:42 +0000] "POST /wp-json/contact-form-7/v1/contact-forms/7320/feedback HTTP/1.1" 200 203 "https://muzza.fit/pages/contact-us/" "Mozilla/5.0 (Windows NT 10.0; WOW64) AppleWebKit/537.36 (KHTML, like Gecko) Chrome/114.0.0.0 Safari/537.36 Vivaldi/5.3.2679.68"
209.74.77.214 - - [12/Jul/2025:19:14:47 +0000] "POST /wp-cron.php?doing_wp_cron=1752347687.0337090492248535156250 HTTP/1.1" 200 - "-" "WordPress/6.8.1; https://muzza.fit"
66.249.73.163 - - [12/Jul/2025:19:14:45 +0000] "GET /category/video/ HTTP/1.1" 200 29671 "-" "Mozilla/5.0 (Linux; Android 6.0.1; Nexus 5X Build/MMB29P) AppleWebKit/537.36 (KHTML, like Gecko) Chrome/137.0.7151.103 Mobile Safari/537.36 (compatible; Googlebot/2.1; +http://www.google.com/bot.html)"
66.249.73.164 - - [12/Jul/2025:19:14:48 +0000] "GET /wp-content/plugins/mp-timetable/media/css/style.css?ver=2.4.15 HTTP/1.1" 200 1992 "https://muzza.fit/category/video/" "Mozilla/5.0 (Linux; Android 6.0.1; Nexus 5X Build/MMB29P) AppleWebKit/537.36 (KHTML, like Gecko) Chrome/137.0.7151.119 Mobile Safari/537.36 (compatible; Googlebot/2.1; +http://www.google.com/bot.html)"
66.249.73.165 - - [12/Jul/2025:19:14:48 +0000] "GET /wp-content/plugins/wolf-woocommerce-quickview/assets/css/quickview.min.css?ver=1.1.5 HTTP/1.1" 200 703 "https://muzza.fit/category/video/" "Mozilla/5.0 (Linux; Android 6.0.1; Nexus 5X Build/MMB29P) AppleWebKit/537.36 (KHTML, like Gecko) Chrome/137.0.7151.119 Mobile Safari/537.36 (compatible; Googlebot/2.1; +http://www.google.com/bot.html)"
66.249.73.163 - - [12/Jul/2025:19:14:48 +0000] "GET /wp-content/themes/deadlift/assets/css/lib/aos.css?ver=2.3.0 HTTP/1.1" 200 2236 "https://muzza.fit/category/video/" "Mozilla/5.0 (Linux; Android 6.0.1; Nexus 5X Build/MMB29P) AppleWebKit/537.36 (KHTML, like Gecko) Chrome/137.0.7151.119 Mobile Safari/537.36 (compatible; Googlebot/2.1; +http://www.google.com/bot.html)"
66.249.73.164 - - [12/Jul/2025:19:14:48 +0000] "GET /wp-includes/js/jquery/jquery-migrate.min.js?ver=3.4.1 HTTP/1.1" 200 4872 "https://muzza.fit/category/video/" "Mozilla/5.0 (Linux; Android 6.0.1; Nexus 5X Build/MMB29P) AppleWebKit/537.36 (KHTML, like Gecko) Chrome/137.0.7151.119 Mobile Safari/537.36 (compatible; Googlebot/2.1; +http://www.google.com/bot.html)"
66.249.73.164 - - [12/Jul/2025:19:14:48 +0000] "GET /wp-includes/js/dist/hooks.min.js?ver=4d63a3d491d11ffd8ac6 HTTP/1.1" 200 1648 "https://muzza.fit/category/video/" "Mozilla/5.0 (Linux; Android 6.0.1; Nexus 5X Build/MMB29P) AppleWebKit/537.36 (KHTML, like Gecko) Chrome/137.0.7151.119 Mobile Safari/537.36 (compatible; Googlebot/2.1; +http://www.google.com/bot.html)"
66.249.73.163 - - [12/Jul/2025:19:14:49 +0000] "GET /wp-content/themes/deadlift/assets/js/lib/aos.js?ver=2.0.0 HTTP/1.1" 200 4506 "https://muzza.fit/category/video/" "Mozilla/5.0 (Linux; Android 6.0.1; Nexus 5X Build/MMB29P) AppleWebKit/537.36 (KHTML, like Gecko) Chrome/137.0.7151.119 Mobile Safari/537.36 (compatible; Googlebot/2.1; +http://www.google.com/bot.html)"
209.74.77.214 - - [12/Jul/2025:19:22:19 +0000] "POST /wp-cron.php?doing_wp_cron=1752348139.2499740123748779296875 HTTP/1.1" 200 - "-" "WordPress/6.8.1; https://muzza.fit"
43.135.182.95 - - [12/Jul/2025:19:22:17 +0000] "GET /shop-2/ HTTP/1.1" 200 27264 "-" "Mozilla/5.0 (iPhone; CPU iPhone OS 13_2_3 like Mac OS X) AppleWebKit/605.1.15 (KHTML, like Gecko) Version/13.0.3 Mobile/15E148 Safari/604.1"
209.74.77.214 - - [12/Jul/2025:19:32:45 +0000] "POST /wp-cron.php?doing_wp_cron=1752348765.2293128967285156250000 HTTP/1.1" 200 - "-" "WordPress/6.8.1; https://muzza.fit"
101.32.208.70 - - [12/Jul/2025:19:32:42 +0000] "GET /wp-json/wp/v2/pages/38 HTTP/1.1" 200 1181 "-" "Mozilla/5.0 (iPhone; CPU iPhone OS 13_2_3 like Mac OS X) AppleWebKit/605.1.15 (KHTML, like Gecko) Version/13.0.3 Mobile/15E148 Safari/604.1"
209.74.77.214 - - [12/Jul/2025:19:43:34 +0000] "POST /wp-cron.php?doing_wp_cron=1752349414.1734011173248291015625 HTTP/1.1" 200 - "-" "WordPress/6.8.1; https://muzza.fit"
49.51.183.220 - - [12/Jul/2025:19:43:32 +0000] "GET /shop-2/shop-metro-wide/ HTTP/1.1" 200 31277 "-" "Mozilla/5.0 (iPhone; CPU iPhone OS 13_2_3 like Mac OS X) AppleWebKit/605.1.15 (KHTML, like Gecko) Version/13.0.3 Mobile/15E148 Safari/604.1"
209.74.77.214 - - [12/Jul/2025:19:50:17 +0000] "POST /wp-cron.php?doing_wp_cron=1752349817.3977000713348388671875 HTTP/1.1" 200 - "-" "WordPress/6.8.1; https://muzza.fit"
205.210.31.43 - - [12/Jul/2025:19:50:15 +0000] "GET / HTTP/1.1" 301 - "-" "-"
205.210.31.43 - - [12/Jul/2025:19:50:17 +0000] "GET / HTTP/1.1" 200 271275 "-" "-"
209.74.77.214 - - [12/Jul/2025:20:17:33 +0000] "POST /wp-cron.php?doing_wp_cron=1752351453.8926560878753662109375 HTTP/1.1" 200 - "-" "WordPress/6.8.1; https://muzza.fit"
51.222.253.15 - - [12/Jul/2025:20:17:31 +0000] "GET /landing/ HTTP/1.1" 200 33001 "-" "Mozilla/5.0 (compatible; AhrefsBot/7.0; +http://ahrefs.com/robot/)"
209.74.77.214 - - [12/Jul/2025:20:33:55 +0000] "POST /wp-cron.php?doing_wp_cron=1752352435.9017369747161865234375 HTTP/1.1" 200 - "-" "WordPress/6.8.1; https://muzza.fit"
196.247.18.151 - - [12/Jul/2025:20:33:53 +0000] "GET /pages/contact-us/ HTTP/1.1" 200 28377 "-" "Mozilla/5.0 (Windows NT 10.0; WOW64) AppleWebKit/537.36 (KHTML, like Gecko) Chrome/114.0.0.0 Safari/537.36 Vivaldi/5.3.2679.68"
196.247.18.151 - - [12/Jul/2025:20:33:56 +0000] "GET /wp-content/plugins/contact-form-7/includes/js/index.js?ver=6.1 HTTP/1.1" 200 4265 "https://muzza.fit/pages/contact-us/" "Mozilla/5.0 (Windows NT 10.0; WOW64) AppleWebKit/537.36 (KHTML, like Gecko) Chrome/114.0.0.0 Safari/537.36 Vivaldi/5.3.2679.68"
196.247.18.151 - - [12/Jul/2025:20:33:58 +0000] "POST /wp-json/contact-form-7/v1/contact-forms/7320/feedback HTTP/1.1" 200 204 "https://muzza.fit/pages/contact-us/" "Mozilla/5.0 (Windows NT 10.0; WOW64) AppleWebKit/537.36 (KHTML, like Gecko) Chrome/114.0.0.0 Safari/537.36 Vivaldi/5.3.2679.68"
209.74.77.214 - - [12/Jul/2025:20:37:08 +0000] "POST /wp-cron.php?doing_wp_cron=1752352628.5465819835662841796875 HTTP/1.1" 200 - "-" "WordPress/6.8.1; https://muzza.fit"
51.222.253.3 - - [12/Jul/2025:20:37:06 +0000] "GET /tag/quote/ HTTP/1.1" 200 29195 "-" "Mozilla/5.0 (compatible; AhrefsBot/7.0; +http://ahrefs.com/robot/)"
209.74.77.214 - - [12/Jul/2025:20:52:18 +0000] "POST /wp-cron.php?doing_wp_cron=1752353538.9196109771728515625000 HTTP/1.1" 200 - "-" "WordPress/6.8.1; https://muzza.fit"
3.94.156.104 - - [12/Jul/2025:20:52:18 +0000] "GET /product/ease-sports-bra/ HTTP/1.1" 200 28206 "-" "Mozilla/5.0 AppleWebKit/537.36 (KHTML, like Gecko; compatible; Amazonbot/0.1; +https://developer.amazon.com/support/amazonbot) Chrome/119.0.6045.214 Safari/537.36"
51.222.253.11 - - [12/Jul/2025:20:52:16 +0000] "GET /shop-2/shop-3-columns-wide/ HTTP/1.1" 200 29747 "-" "Mozilla/5.0 (compatible; AhrefsBot/7.0; +http://ahrefs.com/robot/)"
209.74.77.214 - - [12/Jul/2025:20:53:31 +0000] "POST /wp-cron.php?doing_wp_cron=1752353611.9655709266662597656250 HTTP/1.1" 200 - "-" "WordPress/6.8.1; https://muzza.fit"
45.156.128.118 - - [12/Jul/2025:20:53:30 +0000] "GET / HTTP/1.1" 200 37732 "https://muzzaapparel.com/" "Mozilla/5.0 (Windows NT 10.0; Win64; x64) AppleWebKit/537.36 (KHTML, like Gecko) Chrome/60.0.3112.113 Safari/537.36"
209.74.77.214 - - [12/Jul/2025:20:53:44 +0000] "POST /wp-cron.php?doing_wp_cron=1752353624.2333889007568359375000 HTTP/1.1" 200 - "-" "WordPress/6.8.1; https://muzza.fit"
45.156.128.116 - - [12/Jul/2025:20:53:44 +0000] "GET / HTTP/1.1" 200 37741 "-" "Mozilla/5.0 (Windows NT 10.0; WOW64) AppleWebKit/537.36 (KHTML, like Gecko) Chrome/66.0.3359.117 Safari/537.36"
45.156.128.117 - - [12/Jul/2025:20:53:49 +0000] "GET / HTTP/1.1" 200 37738 "https://muzzaapparel.com/license.txt" "Mozilla/5.0 (Windows NT 10.0; Win64; x64) AppleWebKit/537.36 (KHTML, like Gecko) Chrome/60.0.3112.113 Safari/537.36"
45.156.128.117 - - [12/Jul/2025:20:54:01 +0000] "GET / HTTP/1.1" 200 37738 "https://muzzaapparel.com/wp-json" "Mozilla/5.0 (Windows NT 10.0; Win64; x64) AppleWebKit/537.36 (KHTML, like Gecko) Chrome/60.0.3112.113 Safari/537.36"
209.74.77.214 - - [12/Jul/2025:20:54:14 +0000] "POST /wp-cron.php?doing_wp_cron=1752353654.3480200767517089843750 HTTP/1.1" 200 - "-" "WordPress/6.8.1; https://muzza.fit"
45.156.128.119 - - [12/Jul/2025:20:54:14 +0000] "GET / HTTP/1.1" 200 37738 "https://muzzaapparel.com/wp-content/plugins/iwp-client/readme.txt" "Mozilla/5.0 (Windows NT 10.0; Win64; x64) AppleWebKit/537.36 (KHTML, like Gecko) Chrome/60.0.3112.113 Safari/537.36"
45.156.128.119 - - [12/Jul/2025:20:54:29 +0000] "GET / HTTP/1.1" 200 37734 "https://muzzaapparel.com/wp-content/plugins/kingcomposer/readme.txt" "Mozilla/5.0 (Windows NT 10.0; Win64; x64) AppleWebKit/537.36 (KHTML, like Gecko) Chrome/60.0.3112.113 Safari/537.36"
209.74.77.214 - - [12/Jul/2025:20:54:41 +0000] "POST /wp-cron.php?doing_wp_cron=1752353681.5463199615478515625000 HTTP/1.1" 200 - "-" "WordPress/6.8.1; https://muzza.fit"
45.156.128.117 - - [12/Jul/2025:20:54:41 +0000] "GET / HTTP/1.1" 200 37751 "https://muzzaapparel.com/wp-content/plugins/fancy-product-designer/readme.txt" "Mozilla/5.0 (Windows NT 10.0; Win64; x64) AppleWebKit/537.36 (KHTML, like Gecko) Chrome/60.0.3112.113 Safari/537.36"
45.156.128.117 - - [12/Jul/2025:20:54:54 +0000] "GET / HTTP/1.1" 200 37734 "https://muzzaapparel.com/wp-content/plugins/wordpress-database-reset/readme.txt" "Mozilla/5.0 (Windows NT 10.0; Win64; x64) AppleWebKit/537.36 (KHTML, like Gecko) Chrome/60.0.3112.113 Safari/537.36"
209.74.77.214 - - [12/Jul/2025:20:55:09 +0000] "POST /wp-cron.php?doing_wp_cron=1752353709.9383049011230468750000 HTTP/1.1" 200 - "-" "WordPress/6.8.1; https://muzza.fit"
45.156.128.117 - - [12/Jul/2025:20:55:09 +0000] "GET / HTTP/1.1" 200 37740 "https://muzzaapparel.com/wp-content/plugins/wp-central/readme.txt" "Mozilla/5.0 (Windows NT 10.0; Win64; x64) AppleWebKit/537.36 (KHTML, like Gecko) Chrome/60.0.3112.113 Safari/537.36"
45.156.128.117 - - [12/Jul/2025:20:55:24 +0000] "GET / HTTP/1.1" 200 37736 "https://muzzaapparel.com/wp-content/plugins/optinmonster/readme.txt" "Mozilla/5.0 (Windows NT 10.0; Win64; x64) AppleWebKit/537.36 (KHTML, like Gecko) Chrome/60.0.3112.113 Safari/537.36"
209.74.77.214 - - [12/Jul/2025:20:56:02 +0000] "POST /wp-cron.php?doing_wp_cron=1752353762.3956019878387451171875 HTTP/1.1" 200 - "-" "WordPress/6.8.1; https://muzza.fit"
45.156.128.118 - - [12/Jul/2025:20:56:00 +0000] "GET / HTTP/1.1" 200 37738 "https://muzzaapparel.com/wp-content/plugins/wpschoolpress/readme.txt" "Mozilla/5.0 (Windows NT 10.0; Win64; x64) AppleWebKit/537.36 (KHTML, like Gecko) Chrome/60.0.3112.113 Safari/537.36"
209.74.77.214 - - [12/Jul/2025:20:56:25 +0000] "POST /wp-cron.php?doing_wp_cron=1752353785.9696209430694580078125 HTTP/1.1" 200 - "-" "WordPress/6.8.1; https://muzza.fit"
45.156.128.116 - - [12/Jul/2025:20:56:25 +0000] "GET / HTTP/1.1" 200 37740 "https://muzzaapparel.com/wp-content/plugins/wp-time-capsule/readme.txt" "Mozilla/5.0 (Windows NT 10.0; Win64; x64) AppleWebKit/537.36 (KHTML, like Gecko) Chrome/60.0.3112.113 Safari/537.36"
209.74.77.214 - - [12/Jul/2025:20:57:02 +0000] "POST /wp-cron.php?doing_wp_cron=1752353822.6359050273895263671875 HTTP/1.1" 200 - "-" "WordPress/6.8.1; https://muzza.fit"
45.156.128.119 - - [12/Jul/2025:20:56:59 +0000] "GET / HTTP/1.1" 500 1004 "https://muzzaapparel.com/wp-content/plugins/all-in-one-wp-security-and-firewall/readme.txt" "Mozilla/5.0 (Windows NT 10.0; Win64; x64) AppleWebKit/537.36 (KHTML, like Gecko) Chrome/60.0.3112.113 Safari/537.36"
45.156.128.117 - - [12/Jul/2025:20:56:59 +0000] "GET / HTTP/1.1" 500 1004 "https://muzzaapparel.com/wp-content/plugins/contact-form-7/readme.txt" "Mozilla/5.0 (Windows NT 10.0; Win64; x64) AppleWebKit/537.36 (KHTML, like Gecko) Chrome/60.0.3112.113 Safari/537.36"
45.156.128.118 - - [12/Jul/2025:20:56:59 +0000] "GET / HTTP/1.1" 500 1004 "https://muzzaapparel.com/wp-content/plugins/wordpress-seo/readme.txt" "Mozilla/5.0 (Windows NT 10.0; Win64; x64) AppleWebKit/537.36 (KHTML, like Gecko) Chrome/60.0.3112.113 Safari/537.36"
45.156.128.117 - - [12/Jul/2025:20:56:59 +0000] "GET / HTTP/1.1" 500 1004 "https://muzzaapparel.com/wp-content/plugins/wordfence/readme.txt" "Mozilla/5.0 (Windows NT 10.0; Win64; x64) AppleWebKit/537.36 (KHTML, like Gecko) Chrome/60.0.3112.113 Safari/537.36"
45.156.128.116 - - [12/Jul/2025:20:56:59 +0000] "GET / HTTP/1.1" 500 1004 "https://muzzaapparel.com/wp-content/plugins/jetpack/readme.txt" "Mozilla/5.0 (Windows NT 10.0; Win64; x64) AppleWebKit/537.36 (KHTML, like Gecko) Chrome/60.0.3112.113 Safari/537.36"
45.156.128.117 - - [12/Jul/2025:20:56:59 +0000] "GET / HTTP/1.1" 500 1004 "https://muzzaapparel.com/wp-content/plugins/insert-headers-and-footers/readme.txt" "Mozilla/5.0 (Windows NT 10.0; Win64; x64) AppleWebKit/537.36 (KHTML, like Gecko) Chrome/60.0.3112.113 Safari/537.36"
45.156.128.118 - - [12/Jul/2025:20:56:59 +0000] "GET / HTTP/1.1" 500 1004 "https://muzzaapparel.com/wp-content/plugins/ultimate-addons-for-gutenberg/readme.txt" "Mozilla/5.0 (Windows NT 10.0; Win64; x64) AppleWebKit/537.36 (KHTML, like Gecko) Chrome/60.0.3112.113 Safari/537.36"
45.156.128.118 - - [12/Jul/2025:20:56:59 +0000] "GET / HTTP/1.1" 500 1004 "https://muzzaapparel.com/wp-content/plugins/better-search-replace/readme.txt" "Mozilla/5.0 (Windows NT 10.0; Win64; x64) AppleWebKit/537.36 (KHTML, like Gecko) Chrome/60.0.3112.113 Safari/537.36"
45.156.128.118 - - [12/Jul/2025:20:56:59 +0000] "GET / HTTP/1.1" 500 1004 "https://muzzaapparel.com/wp-content/plugins/wpforms-lite/readme.txt" "Mozilla/5.0 (Windows NT 10.0; Win64; x64) AppleWebKit/537.36 (KHTML, like Gecko) Chrome/60.0.3112.113 Safari/537.36"
45.156.128.118 - - [12/Jul/2025:20:56:59 +0000] "GET / HTTP/1.1" 500 1004 "https://muzzaapparel.com/wp-content/plugins/coming-soon/readme.txt" "Mozilla/5.0 (Windows NT 10.0; Win64; x64) AppleWebKit/537.36 (KHTML, like Gecko) Chrome/60.0.3112.113 Safari/537.36"
45.156.128.117 - - [12/Jul/2025:20:56:59 +0000] "GET / HTTP/1.1" 500 1004 "https://muzzaapparel.com/wp-content/plugins/wp-optimize/readme.txt" "Mozilla/5.0 (Windows NT 10.0; Win64; x64) AppleWebKit/537.36 (KHTML, like Gecko) Chrome/60.0.3112.113 Safari/537.36"
45.156.128.119 - - [12/Jul/2025:20:56:59 +0000] "GET / HTTP/1.1" 500 1004 "https://muzzaapparel.com/wp-content/plugins/limit-login-attempts-reloaded/readme.txt" "Mozilla/5.0 (Windows NT 10.0; Win64; x64) AppleWebKit/537.36 (KHTML, like Gecko) Chrome/60.0.3112.113 Safari/537.36"
45.156.128.119 - - [12/Jul/2025:20:56:59 +0000] "GET / HTTP/1.1" 500 1004 "https://muzzaapparel.com/wp-content/plugins/duplicate-page/readme.txt" "Mozilla/5.0 (Windows NT 10.0; Win64; x64) AppleWebKit/537.36 (KHTML, like Gecko) Chrome/60.0.3112.113 Safari/537.36"
45.156.128.117 - - [12/Jul/2025:20:56:59 +0000] "GET / HTTP/1.1" 500 1004 "https://muzzaapparel.com/wp-content/plugins/wp-file-manager/readme.txt" "Mozilla/5.0 (Windows NT 10.0; Win64; x64) AppleWebKit/537.36 (KHTML, like Gecko) Chrome/60.0.3112.113 Safari/537.36"
45.156.128.119 - - [12/Jul/2025:20:56:59 +0000] "GET / HTTP/1.1" 500 1004 "https://muzzaapparel.com/wp-content/plugins/smart-slider-3/readme.txt" "Mozilla/5.0 (Windows NT 10.0; Win64; x64) AppleWebKit/537.36 (KHTML, like Gecko) Chrome/60.0.3112.113 Safari/537.36"
45.156.128.117 - - [12/Jul/2025:20:56:59 +0000] "GET / HTTP/1.1" 500 1004 "https://muzzaapparel.com/wp-content/plugins/hostinger/readme.txt" "Mozilla/5.0 (Windows NT 10.0; Win64; x64) AppleWebKit/537.36 (KHTML, like Gecko) Chrome/60.0.3112.113 Safari/537.36"
45.156.128.119 - - [12/Jul/2025:20:56:59 +0000] "GET / HTTP/1.1" 500 1004 "https://muzzaapparel.com/wp-content/plugins/w3-total-cache/readme.txt" "Mozilla/5.0 (Windows NT 10.0; Win64; x64) AppleWebKit/537.36 (KHTML, like Gecko) Chrome/60.0.3112.113 Safari/537.36"
45.156.128.118 - - [12/Jul/2025:20:56:59 +0000] "GET / HTTP/1.1" 500 1004 "https://muzzaapparel.com/wp-content/plugins/autoptimize/readme.txt" "Mozilla/5.0 (Windows NT 10.0; Win64; x64) AppleWebKit/537.36 (KHTML, like Gecko) Chrome/60.0.3112.113 Safari/537.36"
45.156.128.117 - - [12/Jul/2025:20:56:59 +0000] "GET / HTTP/1.1" 500 1004 "https://muzzaapparel.com/wp-content/plugins/svg-support/readme.txt" "Mozilla/5.0 (Windows NT 10.0; Win64; x64) AppleWebKit/537.36 (KHTML, like Gecko) Chrome/60.0.3112.113 Safari/537.36"
45.156.128.118 - - [12/Jul/2025:20:56:59 +0000] "GET / HTTP/1.1" 500 1004 "https://muzzaapparel.com/wp-content/plugins/ewww-image-optimizer/readme.txt" "Mozilla/5.0 (Windows NT 10.0; Win64; x64) AppleWebKit/537.36 (KHTML, like Gecko) Chrome/60.0.3112.113 Safari/537.36"
45.156.128.118 - - [12/Jul/2025:20:56:59 +0000] "GET / HTTP/1.1" 500 1004 "https://muzzaapparel.com/wp-content/plugins/sg-security/readme.txt" "Mozilla/5.0 (Windows NT 10.0; Win64; x64) AppleWebKit/537.36 (KHTML, like Gecko) Chrome/60.0.3112.113 Safari/537.36"
45.156.128.119 - - [12/Jul/2025:20:56:59 +0000] "GET / HTTP/1.1" 500 1004 "https://muzzaapparel.com/wp-content/plugins/redirection/readme.txt" "Mozilla/5.0 (Windows NT 10.0; Win64; x64) AppleWebKit/537.36 (KHTML, like Gecko) Chrome/60.0.3112.113 Safari/537.36"
45.156.128.117 - - [12/Jul/2025:20:56:59 +0000] "GET / HTTP/1.1" 500 1004 "https://muzzaapparel.com/wp-content/plugins/wp-super-cache/readme.txt" "Mozilla/5.0 (Windows NT 10.0; Win64; x64) AppleWebKit/537.36 (KHTML, like Gecko) Chrome/60.0.3112.113 Safari/537.36"
45.156.128.118 - - [12/Jul/2025:20:56:59 +0000] "GET / HTTP/1.1" 500 1004 "https://muzzaapparel.com/wp-content/plugins/disable-comments/readme.txt" "Mozilla/5.0 (Windows NT 10.0; Win64; x64) AppleWebKit/537.36 (KHTML, like Gecko) Chrome/60.0.3112.113 Safari/537.36"
45.156.128.117 - - [12/Jul/2025:20:56:59 +0000] "GET / HTTP/1.1" 500 1004 "https://muzzaapparel.com/wp-content/plugins/astra-sites/readme.txt" "Mozilla/5.0 (Windows NT 10.0; Win64; x64) AppleWebKit/537.36 (KHTML, like Gecko) Chrome/60.0.3112.113 Safari/537.36"
45.156.128.116 - - [12/Jul/2025:20:56:59 +0000] "GET / HTTP/1.1" 500 1004 "https://muzzaapparel.com/wp-content/plugins/updraftplus/readme.txt" "Mozilla/5.0 (Windows NT 10.0; Win64; x64) AppleWebKit/537.36 (KHTML, like Gecko) Chrome/60.0.3112.113 Safari/537.36"
45.156.128.117 - - [12/Jul/2025:20:56:59 +0000] "GET / HTTP/1.1" 500 1004 "https://muzzaapparel.com/wp-content/plugins/envato-elements/readme.txt" "Mozilla/5.0 (Windows NT 10.0; Win64; x64) AppleWebKit/537.36 (KHTML, like Gecko) Chrome/60.0.3112.113 Safari/537.36"
45.156.128.117 - - [12/Jul/2025:20:56:59 +0000] "GET / HTTP/1.1" 500 1004 "https://muzzaapparel.com/wp-content/plugins/mailchimp-for-wp/readme.txt" "Mozilla/5.0 (Windows NT 10.0; Win64; x64) AppleWebKit/537.36 (KHTML, like Gecko) Chrome/60.0.3112.113 Safari/537.36"
45.156.128.117 - - [12/Jul/2025:20:56:59 +0000] "GET / HTTP/1.1" 500 1004 "https://muzzaapparel.com/wp-content/plugins/akismet/readme.txt" "Mozilla/5.0 (Windows NT 10.0; Win64; x64) AppleWebKit/537.36 (KHTML, like Gecko) Chrome/60.0.3112.113 Safari/537.36"
45.156.128.119 - - [12/Jul/2025:20:56:59 +0000] "GET / HTTP/1.1" 500 1004 "https://muzzaapparel.com/wp-content/plugins/duplicator/readme.txt" "Mozilla/5.0 (Windows NT 10.0; Win64; x64) AppleWebKit/537.36 (KHTML, like Gecko) Chrome/60.0.3112.113 Safari/537.36"
45.156.128.118 - - [12/Jul/2025:20:56:59 +0000] "GET / HTTP/1.1" 500 1004 "https://muzzaapparel.com/wp-content/plugins/wps-hide-login/readme.txt" "Mozilla/5.0 (Windows NT 10.0; Win64; x64) AppleWebKit/537.36 (KHTML, like Gecko) Chrome/60.0.3112.113 Safari/537.36"
45.156.128.118 - - [12/Jul/2025:20:56:59 +0000] "GET / HTTP/1.1" 500 1004 "https://muzzaapparel.com/wp-content/plugins/google-site-kit/readme.txt" "Mozilla/5.0 (Windows NT 10.0; Win64; x64) AppleWebKit/537.36 (KHTML, like Gecko) Chrome/60.0.3112.113 Safari/537.36"
45.156.128.119 - - [12/Jul/2025:20:56:59 +0000] "GET / HTTP/1.1" 500 1004 "https://muzzaapparel.com/wp-content/plugins/redux-framework/readme.txt" "Mozilla/5.0 (Windows NT 10.0; Win64; x64) AppleWebKit/537.36 (KHTML, like Gecko) Chrome/60.0.3112.113 Safari/537.36"
45.156.128.117 - - [12/Jul/2025:20:56:59 +0000] "GET / HTTP/1.1" 500 1004 "https://muzzaapparel.com/wp-content/plugins/advanced-custom-fields/readme.txt" "Mozilla/5.0 (Windows NT 10.0; Win64; x64) AppleWebKit/537.36 (KHTML, like Gecko) Chrome/60.0.3112.113 Safari/537.36"
45.156.128.116 - - [12/Jul/2025:20:56:59 +0000] "GET / HTTP/1.1" 500 1004 "https://muzzaapparel.com/wp-content/plugins/header-footer-elementor/readme.txt" "Mozilla/5.0 (Windows NT 10.0; Win64; x64) AppleWebKit/537.36 (KHTML, like Gecko) Chrome/60.0.3112.113 Safari/537.36"
45.156.128.116 - - [12/Jul/2025:20:56:59 +0000] "GET / HTTP/1.1" 500 1004 "https://muzzaapparel.com/wp-content/plugins/really-simple-ssl/readme.txt" "Mozilla/5.0 (Windows NT 10.0; Win64; x64) AppleWebKit/537.36 (KHTML, like Gecko) Chrome/60.0.3112.113 Safari/537.36"
45.156.128.119 - - [12/Jul/2025:20:56:59 +0000] "GET / HTTP/1.1" 500 1004 "https://muzzaapparel.com/wp-content/plugins/code-snippets/readme.txt" "Mozilla/5.0 (Windows NT 10.0; Win64; x64) AppleWebKit/537.36 (KHTML, like Gecko) Chrome/60.0.3112.113 Safari/537.36"
45.156.128.119 - - [12/Jul/2025:20:56:59 +0000] "GET / HTTP/1.1" 500 1004 "https://muzzaapparel.com/wp-content/plugins/better-wp-security/readme.txt" "Mozilla/5.0 (Windows NT 10.0; Win64; x64) AppleWebKit/537.36 (KHTML, like Gecko) Chrome/60.0.3112.113 Safari/537.36"
45.156.128.117 - - [12/Jul/2025:20:56:59 +0000] "GET / HTTP/1.1" 500 1004 "https://muzzaapparel.com/wp-content/plugins/essential-addons-for-elementor-lite/readme.txt" "Mozilla/5.0 (Windows NT 10.0; Win64; x64) AppleWebKit/537.36 (KHTML, like Gecko) Chrome/60.0.3112.113 Safari/537.36"
45.156.128.117 - - [12/Jul/2025:20:56:59 +0000] "GET / HTTP/1.1" 500 1004 "https://muzzaapparel.com/wp-content/plugins/all-in-one-seo-pack/readme.txt" "Mozilla/5.0 (Windows NT 10.0; Win64; x64) AppleWebKit/537.36 (KHTML, like Gecko) Chrome/60.0.3112.113 Safari/537.36"
45.156.128.116 - - [12/Jul/2025:20:56:59 +0000] "GET / HTTP/1.1" 500 1004 "https://muzzaapparel.com/wp-content/plugins/loginizer/readme.txt" "Mozilla/5.0 (Windows NT 10.0; Win64; x64) AppleWebKit/537.36 (KHTML, like Gecko) Chrome/60.0.3112.113 Safari/537.36"
45.156.128.119 - - [12/Jul/2025:20:56:59 +0000] "GET / HTTP/1.1" 500 1004 "https://muzzaapparel.com/wp-content/plugins/duplicate-post/readme.txt" "Mozilla/5.0 (Windows NT 10.0; Win64; x64) AppleWebKit/537.36 (KHTML, like Gecko) Chrome/60.0.3112.113 Safari/537.36"
45.156.128.116 - - [12/Jul/2025:20:56:59 +0000] "GET / HTTP/1.1" 500 1004 "https://muzzaapparel.com/wp-content/plugins/woocommerce/readme.txt" "Mozilla/5.0 (Windows NT 10.0; Win64; x64) AppleWebKit/537.36 (KHTML, like Gecko) Chrome/60.0.3112.113 Safari/537.36"
45.156.128.118 - - [12/Jul/2025:20:56:59 +0000] "GET / HTTP/1.1" 500 1004 "https://muzzaapparel.com/wp-content/plugins/all-in-one-wp-migration/readme.txt" "Mozilla/5.0 (Windows NT 10.0; Win64; x64) AppleWebKit/537.36 (KHTML, like Gecko) Chrome/60.0.3112.113 Safari/537.36"
45.156.128.119 - - [12/Jul/2025:20:56:59 +0000] "GET / HTTP/1.1" 500 1004 "https://muzzaapparel.com/wp-content/plugins/seo-by-rank-math/readme.txt" "Mozilla/5.0 (Windows NT 10.0; Win64; x64) AppleWebKit/537.36 (KHTML, like Gecko) Chrome/60.0.3112.113 Safari/537.36"
45.156.128.119 - - [12/Jul/2025:20:56:59 +0000] "GET / HTTP/1.1" 500 1004 "https://muzzaapparel.com/wp-content/plugins/complianz-gdpr/readme.txt" "Mozilla/5.0 (Windows NT 10.0; Win64; x64) AppleWebKit/537.36 (KHTML, like Gecko) Chrome/60.0.3112.113 Safari/537.36"
45.156.128.116 - - [12/Jul/2025:20:56:59 +0000] "GET / HTTP/1.1" 500 1004 "https://muzzaapparel.com/wp-content/plugins/wp-fastest-cache/readme.txt" "Mozilla/5.0 (Windows NT 10.0; Win64; x64) AppleWebKit/537.36 (KHTML, like Gecko) Chrome/60.0.3112.113 Safari/537.36"
45.156.128.117 - - [12/Jul/2025:20:56:59 +0000] "GET / HTTP/1.1" 500 1004 "https://muzzaapparel.com/wp-content/plugins/elementor/readme.txt" "Mozilla/5.0 (Windows NT 10.0; Win64; x64) AppleWebKit/537.36 (KHTML, like Gecko) Chrome/60.0.3112.113 Safari/537.36"
45.156.128.119 - - [12/Jul/2025:20:56:59 +0000] "GET / HTTP/1.1" 500 1004 "https://muzzaapparel.com/wp-content/plugins/litespeed-cache/readme.txt" "Mozilla/5.0 (Windows NT 10.0; Win64; x64) AppleWebKit/537.36 (KHTML, like Gecko) Chrome/60.0.3112.113 Safari/537.36"
45.156.128.118 - - [12/Jul/2025:20:56:59 +0000] "GET / HTTP/1.1" 500 1004 "https://muzzaapparel.com/wp-content/plugins/google-analytics-for-wordpress/readme.txt" "Mozilla/5.0 (Windows NT 10.0; Win64; x64) AppleWebKit/537.36 (KHTML, like Gecko) Chrome/60.0.3112.113 Safari/537.36"
209.74.77.214 - - [12/Jul/2025:21:05:54 +0000] "POST /wp-cron.php?doing_wp_cron=1752354354.7417581081390380859375 HTTP/1.1" 200 - "-" "WordPress/6.8.1; https://muzza.fit"
51.222.253.12 - - [12/Jul/2025:21:05:52 +0000] "GET /tag/link/ HTTP/1.1" 200 28961 "-" "Mozilla/5.0 (compatible; AhrefsBot/7.0; +http://ahrefs.com/robot/)"
209.74.77.214 - - [12/Jul/2025:21:18:45 +0000] "POST /wp-cron.php?doing_wp_cron=1752355125.5625879764556884765625 HTTP/1.1" 200 - "-" "WordPress/6.8.1; https://muzza.fit"
51.222.253.6 - - [12/Jul/2025:21:18:43 +0000] "GET /program-category/exercises/ HTTP/1.1" 200 27781 "-" "Mozilla/5.0 (compatible; AhrefsBot/7.0; +http://ahrefs.com/robot/)"
118.195.165.218 - - [12/Jul/2025:21:20:32 +0000] "GET / HTTP/1.1" 200 36987 "http://muzza.fit" "Mozilla/5.0 (iPhone; CPU iPhone OS 13_2_3 like Mac OS X) AppleWebKit/605.1.15 (KHTML, like Gecko) Version/13.0.3 Mobile/15E148 Safari/604.1"
209.74.77.214 - - [12/Jul/2025:21:32:56 +0000] "POST /wp-cron.php?doing_wp_cron=1752355976.2726819515228271484375 HTTP/1.1" 200 - "-" "WordPress/6.8.1; https://muzza.fit"
51.222.253.13 - - [12/Jul/2025:21:32:54 +0000] "GET /timetable/event/buff-workout/ HTTP/1.1" 200 28686 "-" "Mozilla/5.0 (compatible; AhrefsBot/7.0; +http://ahrefs.com/robot/)"
209.74.77.214 - - [12/Jul/2025:21:39:05 +0000] "POST /wp-cron.php?doing_wp_cron=1752356345.2229719161987304687500 HTTP/1.1" 200 - "-" "WordPress/6.8.1; https://muzza.fit"
54.189.224.77 - - [12/Jul/2025:21:39:02 +0000] "GET / HTTP/1.1" 200 37731 "-" "Mozilla/5.0 (Macintosh; Intel Mac OS X 10_13_6) AppleWebKit/537.36 (KHTML, like Gecko) Chrome/76.0.3809.100 Safari/537.36"
54.189.224.77 - - [12/Jul/2025:21:39:07 +0000] "GET / HTTP/1.1" 200 37738 "-" "Mozilla/5.0 (Macintosh; Intel Mac OS X 10_13_6) AppleWebKit/537.36 (KHTML, like Gecko) Chrome/76.0.3809.100 Safari/537.36"
47.91.65.23 - - [12/Jul/2025:21:42:19 +0000] "POST /wp-comments-post.php HTTP/1.1" 404 23087 "-" "Mozilla/5.0 (Windows NT 10.0; Win64; x64) AppleWebKit/537.36 (KHTML, like Gecko) Chrome/120.0.0.0 Safari/537.36"
47.91.65.23 - - [12/Jul/2025:21:42:21 +0000] "POST /wp-comments-post.php HTTP/1.1" 404 23087 "-" "Mozilla/5.0 (Windows NT 10.0; Win64; x64) AppleWebKit/537.36 (KHTML, like Gecko) Chrome/120.0.0.0 Safari/537.36"
47.91.65.23 - - [12/Jul/2025:21:42:21 +0000] "POST /wp-comments-post.php HTTP/1.1" 404 23087 "-" "Mozilla/5.0 (Windows NT 10.0; Win64; x64) AppleWebKit/537.36 (KHTML, like Gecko) Chrome/120.0.0.0 Safari/537.36"
47.91.65.23 - - [12/Jul/2025:21:42:22 +0000] "POST /wp-comments-post.php HTTP/1.1" 404 23087 "-" "Mozilla/5.0 (Windows NT 10.0; Win64; x64) AppleWebKit/537.36 (KHTML, like Gecko) Chrome/120.0.0.0 Safari/537.36"
47.91.65.23 - - [12/Jul/2025:21:42:22 +0000] "POST /wp-comments-post.php HTTP/1.1" 404 23087 "-" "Mozilla/5.0 (Windows NT 10.0; Win64; x64) AppleWebKit/537.36 (KHTML, like Gecko) Chrome/120.0.0.0 Safari/537.36"
47.91.65.23 - - [12/Jul/2025:21:42:23 +0000] "POST /wp-comments-post.php HTTP/1.1" 404 23087 "-" "Mozilla/5.0 (Windows NT 10.0; Win64; x64) AppleWebKit/537.36 (KHTML, like Gecko) Chrome/120.0.0.0 Safari/537.36"
47.91.65.23 - - [12/Jul/2025:21:42:23 +0000] "POST /wp-comments-post.php HTTP/1.1" 404 23087 "-" "Mozilla/5.0 (Windows NT 10.0; Win64; x64) AppleWebKit/537.36 (KHTML, like Gecko) Chrome/120.0.0.0 Safari/537.36"
47.91.65.23 - - [12/Jul/2025:21:42:24 +0000] "POST /wp-comments-post.php HTTP/1.1" 404 23087 "-" "Mozilla/5.0 (Windows NT 10.0; Win64; x64) AppleWebKit/537.36 (KHTML, like Gecko) Chrome/120.0.0.0 Safari/537.36"
47.91.65.23 - - [12/Jul/2025:21:42:25 +0000] "POST /wp-comments-post.php HTTP/1.1" 404 23087 "-" "Mozilla/5.0 (Windows NT 10.0; Win64; x64) AppleWebKit/537.36 (KHTML, like Gecko) Chrome/120.0.0.0 Safari/537.36"
209.74.77.214 - - [12/Jul/2025:21:47:01 +0000] "POST /wp-cron.php?doing_wp_cron=1752356821.2443649768829345703125 HTTP/1.1" 200 - "-" "WordPress/6.8.1; https://muzza.fit"
51.222.253.12 - - [12/Jul/2025:21:47:01 +0000] "GET /2018/08/ HTTP/1.1" 200 30029 "-" "Mozilla/5.0 (compatible; AhrefsBot/7.0; +http://ahrefs.com/robot/)"
185.241.208.99 - - [12/Jul/2025:22:01:34 +0000] "GET / HTTP/1.1" 200 271274 "-" "-"
185.241.208.99 - - [12/Jul/2025:22:01:37 +0000] "GET /wp-admin/install.php HTTP/1.1" 404 142245 "-" "-"
185.241.208.99 - - [12/Jul/2025:22:01:37 +0000] "GET /wp-admin/setup-config.php HTTP/1.1" 409 2665 "-" "-"
209.74.77.214 - - [12/Jul/2025:22:03:02 +0000] "POST /wp-cron.php?doing_wp_cron=1752357782.5721850395202636718750 HTTP/1.1" 200 - "-" "WordPress/6.8.1; https://muzza.fit"
35.185.151.180 - - [12/Jul/2025:22:03:00 +0000] "GET /.git/config HTTP/1.1" 301 - "-" "-"
209.74.77.214 - - [12/Jul/2025:22:19:26 +0000] "POST /wp-cron.php?doing_wp_cron=1752358766.7007529735565185546875 HTTP/1.1" 200 - "-" "WordPress/6.8.1; https://muzza.fit"
209.74.77.214 - - [12/Jul/2025:22:19:26 +0000] "POST /wp-cron.php?doing_wp_cron=1752358766.7007560729980468750000 HTTP/1.1" 200 - "-" "WordPress/6.8.1; https://muzza.fit"
20.219.58.51 - - [12/Jul/2025:22:19:25 +0000] "POST /xmlrpc.php HTTP/1.1" 200 403 "-" "Mozilla/5.0 (Windows NT 10.0; Win64; x64) AppleWebKit/537.36 (KHTML, like Gecko) Chrome/85.0.4183.102 Safari/537.36"
14.225.8.141 - - [12/Jul/2025:22:19:24 +0000] "POST /xmlrpc.php HTTP/1.1" 200 403 "-" "Mozilla/5.0 (Windows NT 6.1; WOW64; rv:17.0) Gecko/20100101 Firefox/17.0"
119.96.196.179 - - [12/Jul/2025:22:19:29 +0000] "POST /xmlrpc.php HTTP/1.1" 200 403 "-" "Mozilla/5.0 (Windows NT 10.0; WOW64) AppleWebKit/537.36 (KHTML, like Gecko) Chrome/91.0.4472.114 Safari/537.36"
8.134.114.28 - - [12/Jul/2025:22:19:32 +0000] "POST /xmlrpc.php HTTP/1.1" 200 403 "-" "Mozilla/5.0 (Windows NT 6.1; rv:17.0) Gecko/20100101 Firefox/20.6.14"
209.74.77.214 - - [12/Jul/2025:22:19:34 +0000] "POST /wp-cron.php?doing_wp_cron=1752358774.0130960941314697265625 HTTP/1.1" 200 - "-" "WordPress/6.8.1; https://muzza.fit"
45.117.81.155 - - [12/Jul/2025:22:19:33 +0000] "POST /xmlrpc.php HTTP/1.1" 200 403 "-" "Mozilla/5.0 (Windows NT 6.1; Win64; x64; rv:61.0) Gecko/20100101 Firefox/61.0"
45.117.81.155 - - [12/Jul/2025:22:19:37 +0000] "POST /xmlrpc.php HTTP/1.1" 200 403 "-" "Mozilla/5.0 (Windows NT 10.0; Win64; x64; rv:84.0) Gecko/20100101 Firefox/84.0"
50.116.86.85 - - [12/Jul/2025:22:19:38 +0000] "POST /xmlrpc.php HTTP/1.1" 200 403 "-" "Mozilla/5.0 (Windows NT 10.0; Win64; x64) AppleWebKit/537.36 (KHTML, like Gecko) Chrome/61.0.3163.100 Safari/537.36"
45.117.81.155 - - [12/Jul/2025:22:19:49 +0000] "POST /xmlrpc.php HTTP/1.1" 200 403 "-" "Mozilla/5.0 (Macintosh; Intel Mac OS X 10_10; rv:33.0) Gecko/20100101 Firefox/33.0"
194.233.64.197 - - [12/Jul/2025:22:19:54 +0000] "POST /xmlrpc.php HTTP/1.1" 200 403 "-" "Mozilla/5.0 (Windows NT 5.1; rv:52.0) Gecko/20100101 Firefox/52.0"
209.74.77.214 - - [12/Jul/2025:22:20:05 +0000] "POST /wp-cron.php?doing_wp_cron=1752358805.2669930458068847656250 HTTP/1.1" 200 - "-" "WordPress/6.8.1; https://muzza.fit"
194.233.64.197 - - [12/Jul/2025:22:20:05 +0000] "POST /xmlrpc.php HTTP/1.1" 200 403 "-" "Mozilla/5.0 (Windows NT 10.0; Win64; x64; rv:84.0) Gecko/20100101 Firefox/84.0"
167.99.77.140 - - [12/Jul/2025:22:20:10 +0000] "POST /xmlrpc.php HTTP/1.1" 200 403 "-" "Mozilla/5.0 (Windows NT 6.1; WOW64; rv:45.0) Gecko/20100101 Firefox/45.0"
136.243.37.45 - - [12/Jul/2025:22:20:11 +0000] "POST /xmlrpc.php HTTP/1.1" 200 403 "-" "Mozilla/5.0 (Windows NT 6.1; Win64; x64) AppleWebKit/537.36 (KHTML, like Gecko) Chrome/60.0.3112.90 Safari/537.36"
94.103.185.72 - - [12/Jul/2025:22:20:15 +0000] "POST /xmlrpc.php HTTP/1.1" 200 403 "-" "Mozilla/5.0 (Windows NT 10.0; Win64; x64) AppleWebKit/537.36 (KHTML, like Gecko) Chrome/85.0.4183.102 Safari/537.36"
209.74.77.214 - - [12/Jul/2025:22:37:32 +0000] "POST /wp-cron.php?doing_wp_cron=1752359852.8936278820037841796875 HTTP/1.1" 200 - "-" "WordPress/6.8.1; https://muzza.fit"
51.222.253.6 - - [12/Jul/2025:22:37:30 +0000] "GET /2018/02/ HTTP/1.1" 200 30206 "-" "Mozilla/5.0 (compatible; AhrefsBot/7.0; +http://ahrefs.com/robot/)"
209.74.77.214 - - [12/Jul/2025:22:54:19 +0000] "POST /wp-cron.php?doing_wp_cron=1752360859.8291130065917968750000 HTTP/1.1" 200 - "-" "WordPress/6.8.1; https://muzza.fit"
51.222.253.16 - - [12/Jul/2025:22:54:17 +0000] "GET /category/news/ HTTP/1.1" 200 32840 "-" "Mozilla/5.0 (compatible; AhrefsBot/7.0; +http://ahrefs.com/robot/)"
209.74.77.214 - - [12/Jul/2025:23:08:55 +0000] "POST /wp-cron.php?doing_wp_cron=1752361735.7227509021759033203125 HTTP/1.1" 200 - "-" "WordPress/6.8.1; https://muzza.fit"
51.222.253.7 - - [12/Jul/2025:23:08:53 +0000] "GET /2017/02/intensity-the-most-misunderstood-concept-in-building-muscle/ HTTP/1.1" 200 33805 "-" "Mozilla/5.0 (compatible; AhrefsBot/7.0; +http://ahrefs.com/robot/)"
51.222.253.19 - - [12/Jul/2025:23:09:25 +0000] "GET /wp-content/uploads/2018/02/scott-webb-22697-unsplash-1-768x510.jpg HTTP/1.1" 200 33281 "-" "Mozilla/5.0 (compatible; AhrefsBot/7.0; +http://ahrefs.com/robot/)"
209.74.77.214 - - [12/Jul/2025:23:19:29 +0000] "POST /wp-cron.php?doing_wp_cron=1752362369.3368570804595947265625 HTTP/1.1" 200 - "-" "WordPress/6.8.1; https://muzza.fit"
17.241.75.11 - - [12/Jul/2025:23:19:27 +0000] "GET /elements/newsletter/ HTTP/1.1" 200 26660 "-" "Mozilla/5.0 (Macintosh; Intel Mac OS X 10_15_7) AppleWebKit/605.1.15 (KHTML, like Gecko) Version/17.4 Safari/605.1.15 (Applebot/0.1; +http://www.apple.com/go/applebot)"
209.74.77.214 - - [12/Jul/2025:23:21:33 +0000] "POST /wp-cron.php?doing_wp_cron=1752362493.1451590061187744140625 HTTP/1.1" 200 - "-" "WordPress/6.8.1; https://muzza.fit"
43.130.57.76 - - [12/Jul/2025:23:21:32 +0000] "GET / HTTP/1.1" 200 36986 "http://muzza.fit" "Mozilla/5.0 (iPhone; CPU iPhone OS 13_2_3 like Mac OS X) AppleWebKit/605.1.15 (KHTML, like Gecko) Version/13.0.3 Mobile/15E148 Safari/604.1"
