66.249.73.132 - - [15/Jul/2025:20:28:29 +0000] "GET /?f=25387603001490&mod=7f041c0d&uri=goods.php?man/kaitori/kantan.html HTTP/1.1" 200 19708 "-" "Mozilla/5.0 (Linux; Android 6.0.1; Nexus 5X Build/MMB29P) AppleWebKit/537.36 (KHTML, like Gecko) Chrome/137.0.7151.103 Mobile Safari/537.36 (compatible; Googlebot/2.1; +http://www.google.com/bot.html)"
66.249.73.128 - - [15/Jul/2025:20:30:19 +0000] "GET /?f=40054793071490&mod=0e98aeeb&uri=shared.php?shopdetail/7709116 HTTP/1.1" 200 18918 "-" "Mozilla/5.0 (Linux; Android 6.0.1; Nexus 5X Build/MMB29P) AppleWebKit/537.36 (KHTML, like Gecko) Chrome/137.0.7151.103 Mobile Safari/537.36 (compatible; Googlebot/2.1; +http://www.google.com/bot.html)"
66.249.73.132 - - [15/Jul/2025:20:32:13 +0000] "GET /?f=54333283031490&mod=0672911f&uri=itm.php?shopdetail/6154836 HTTP/1.1" 200 18918 "-" "Mozilla/5.0 (Linux; Android 6.0.1; Nexus 5X Build/MMB29P) AppleWebKit/537.36 (KHTML, like Gecko) Chrome/137.0.7151.103 Mobile Safari/537.36 (compatible; Googlebot/2.1; +http://www.google.com/bot.html)"
66.249.73.129 - - [15/Jul/2025:20:34:17 +0000] "GET /?f=25472362031490&mod=9cecbb6f&uri=news.php?shopdetail/51493656 HTTP/1.1" 200 19382 "-" "Mozilla/5.0 (Linux; Android 6.0.1; Nexus 5X Build/MMB29P) AppleWebKit/537.36 (KHTML, like Gecko) Chrome/137.0.7151.103 Mobile Safari/537.36 (compatible; Googlebot/2.1; +http://www.google.com/bot.html)"
66.249.73.129 - - [15/Jul/2025:20:34:16 +0000] "GET /?f=40054793071490&mod=0e98aeeb&uri=shared.php?product/edit/O2667117959 HTTP/1.1" 200 19426 "-" "Mozilla/5.0 (Linux; Android 6.0.1; Nexus 5X Build/MMB29P) AppleWebKit/537.36 (KHTML, like Gecko) Chrome/137.0.7151.103 Mobile Safari/537.36 (compatible; Googlebot/2.1; +http://www.google.com/bot.html)"
66.249.73.132 - - [15/Jul/2025:20:34:17 +0000] "GET /?f=6121025011490&mod=d3036eaa&uri=pin.php?shopdetail/6216532 HTTP/1.1" 200 19331 "-" "Mozilla/5.0 (Linux; Android 6.0.1; Nexus 5X Build/MMB29P) AppleWebKit/537.36 (KHTML, like Gecko) Chrome/137.0.7151.103 Mobile Safari/537.36 (compatible; Googlebot/2.1; +http://www.google.com/bot.html)"
66.249.73.132 - - [15/Jul/2025:20:34:17 +0000] "GET /?f=25408213011490&mod=7a6785df&uri=category-info.php?product/edit/O2668749585 HTTP/1.1" 200 18401 "-" "Mozilla/5.0 (Linux; Android 6.0.1; Nexus 5X Build/MMB29P) AppleWebKit/537.36 (KHTML, like Gecko) Chrome/137.0.7151.103 Mobile Safari/537.36 (compatible; Googlebot/2.1; +http://www.google.com/bot.html)"
66.249.73.128 - - [15/Jul/2025:20:34:21 +0000] "GET /?f=98052408051490&mod=adc3548f&uri=info.php?shopdetail/63935736 HTTP/1.1" 200 18660 "-" "Mozilla/5.0 (Linux; Android 6.0.1; Nexus 5X Build/MMB29P) AppleWebKit/537.36 (KHTML, like Gecko) Chrome/137.0.7151.103 Mobile Safari/537.36 (compatible; Googlebot/2.1; +http://www.google.com/bot.html)"
66.249.73.128 - - [15/Jul/2025:20:34:21 +0000] "GET /?f=54333283031490&mod=0672911f&uri=itm.php?shopdetail/4808592 HTTP/1.1" 200 18763 "-" "Mozilla/5.0 (Linux; Android 6.0.1; Nexus 5X Build/MMB29P) AppleWebKit/537.36 (KHTML, like Gecko) Chrome/137.0.7151.103 Mobile Safari/537.36 (compatible; Googlebot/2.1; +http://www.google.com/bot.html)"
66.249.73.132 - - [15/Jul/2025:20:34:22 +0000] "GET /?f=25408213011490&mod=7a6785df&uri=category-info.php?shopdetail/6145836 HTTP/1.1" 200 18749 "-" "Mozilla/5.0 (Linux; Android 6.0.1; Nexus 5X Build/MMB29P) AppleWebKit/537.36 (KHTML, like Gecko) Chrome/137.0.7151.103 Mobile Safari/537.36 (compatible; Googlebot/2.1; +http://www.google.com/bot.html)"
66.249.73.132 - - [15/Jul/2025:20:34:22 +0000] "POST /get-message-notify HTTP/1.1" 200 17998 "https://onlycnc.com.au/?f=25472362031490&mod=9cecbb6f&uri=news.php?shopdetail/51493656" "Mozilla/5.0 (Linux; Android 6.0.1; Nexus 5X Build/MMB29P) AppleWebKit/537.36 (KHTML, like Gecko) Chrome/137.0.7151.119 Mobile Safari/537.36 (compatible; Googlebot/2.1; +http://www.google.com/bot.html)"
66.249.73.128 - - [15/Jul/2025:20:34:25 +0000] "GET /?f=25408213011490&mod=7a6785df&uri=category-info.php?shopdetail/6140504 HTTP/1.1" 200 18818 "-" "Mozilla/5.0 (Linux; Android 6.0.1; Nexus 5X Build/MMB29P) AppleWebKit/537.36 (KHTML, like Gecko) Chrome/137.0.7151.103 Mobile Safari/537.36 (compatible; Googlebot/2.1; +http://www.google.com/bot.html)"
66.249.73.132 - - [15/Jul/2025:20:34:25 +0000] "GET /?f=25408213011490&mod=7a6785df&uri=category-info.php?shopdetail/6147192 HTTP/1.1" 200 19263 "-" "Mozilla/5.0 (Linux; Android 6.0.1; Nexus 5X Build/MMB29P) AppleWebKit/537.36 (KHTML, like Gecko) Chrome/137.0.7151.103 Mobile Safari/537.36 (compatible; Googlebot/2.1; +http://www.google.com/bot.html)"
66.249.73.132 - - [15/Jul/2025:20:34:28 +0000] "GET /?f=25408213011490&mod=7a6785df&uri=category-info.php?shopdetail/6142688 HTTP/1.1" 200 18935 "-" "Mozilla/5.0 (Linux; Android 6.0.1; Nexus 5X Build/MMB29P) AppleWebKit/537.36 (KHTML, like Gecko) Chrome/137.0.7151.103 Mobile Safari/537.36 (compatible; Googlebot/2.1; +http://www.google.com/bot.html)"
66.249.73.132 - - [15/Jul/2025:20:34:29 +0000] "GET /?f=25408213011490&mod=7a6785df&uri=category-info.php?shopdetail/6148020 HTTP/1.1" 200 18553 "-" "Mozilla/5.0 (Linux; Android 6.0.1; Nexus 5X Build/MMB29P) AppleWebKit/537.36 (KHTML, like Gecko) Chrome/137.0.7151.103 Mobile Safari/537.36 (compatible; Googlebot/2.1; +http://www.google.com/bot.html)"
66.249.73.132 - - [15/Jul/2025:20:34:30 +0000] "GET /?f=25408213011490&mod=7a6785df&uri=category-info.php?toreka/figure_menu.html HTTP/1.1" 200 18991 "-" "Mozilla/5.0 (Linux; Android 6.0.1; Nexus 5X Build/MMB29P) AppleWebKit/537.36 (KHTML, like Gecko) Chrome/137.0.7151.103 Mobile Safari/537.36 (compatible; Googlebot/2.1; +http://www.google.com/bot.html)"
66.249.73.132 - - [15/Jul/2025:20:34:31 +0000] "POST /get-message-notify HTTP/1.1" 200 17998 "https://onlycnc.com.au/?f=25408213011490&mod=7a6785df&uri=category-info.php?shopdetail/6140504" "Mozilla/5.0 (Linux; Android 6.0.1; Nexus 5X Build/MMB29P) AppleWebKit/537.36 (KHTML, like Gecko) Chrome/137.0.7151.119 Mobile Safari/537.36 (compatible; Googlebot/2.1; +http://www.google.com/bot.html)"
66.249.73.132 - - [15/Jul/2025:20:34:31 +0000] "GET /?f=25408213011490&mod=7a6785df&uri=category-info.php?shopdetail/6136136 HTTP/1.1" 200 19244 "-" "Mozilla/5.0 (Linux; Android 6.0.1; Nexus 5X Build/MMB29P) AppleWebKit/537.36 (KHTML, like Gecko) Chrome/137.0.7151.103 Mobile Safari/537.36 (compatible; Googlebot/2.1; +http://www.google.com/bot.html)"
66.249.73.132 - - [15/Jul/2025:20:34:33 +0000] "GET /?f=25408213011490&mod=7a6785df&uri=category-info.php?shopdetail/6138320 HTTP/1.1" 200 18846 "-" "Mozilla/5.0 (Linux; Android 6.0.1; Nexus 5X Build/MMB29P) AppleWebKit/537.36 (KHTML, like Gecko) Chrome/137.0.7151.103 Mobile Safari/537.36 (compatible; Googlebot/2.1; +http://www.google.com/bot.html)"
66.249.73.132 - - [15/Jul/2025:20:34:35 +0000] "GET /?f=25408213011490&mod=7a6785df&uri=category-info.php?shopdetail/6090956 HTTP/1.1" 200 19399 "-" "Mozilla/5.0 (Linux; Android 6.0.1; Nexus 5X Build/MMB29P) AppleWebKit/537.36 (KHTML, like Gecko) Chrome/137.0.7151.103 Mobile Safari/537.36 (compatible; Googlebot/2.1; +http://www.google.com/bot.html)"
66.249.73.128 - - [15/Jul/2025:20:34:37 +0000] "GET /?f=25408213011490&mod=7a6785df&uri=category-info.php?product/edit/O3525017136 HTTP/1.1" 200 18589 "-" "Mozilla/5.0 (Linux; Android 6.0.1; Nexus 5X Build/MMB29P) AppleWebKit/537.36 (KHTML, like Gecko) Chrome/137.0.7151.103 Mobile Safari/537.36 (compatible; Googlebot/2.1; +http://www.google.com/bot.html)"
66.249.73.128 - - [15/Jul/2025:20:34:39 +0000] "GET /?f=32459109041490&mod=b7aa2732&uri=dp.php?product/edit/O951725214 HTTP/1.1" 200 19310 "-" "Mozilla/5.0 (Linux; Android 6.0.1; Nexus 5X Build/MMB29P) AppleWebKit/537.36 (KHTML, like Gecko) Chrome/137.0.7151.103 Mobile Safari/537.36 (compatible; Googlebot/2.1; +http://www.google.com/bot.html)"
66.249.73.132 - - [15/Jul/2025:20:34:42 +0000] "POST /get-message-notify HTTP/1.1" 200 17998 "https://onlycnc.com.au/?f=25408213011490&mod=7a6785df&uri=category-info.php?shopdetail/6138320" "Mozilla/5.0 (Linux; Android 6.0.1; Nexus 5X Build/MMB29P) AppleWebKit/537.36 (KHTML, like Gecko) Chrome/137.0.7151.119 Mobile Safari/537.36 (compatible; Googlebot/2.1; +http://www.google.com/bot.html)"
66.249.73.132 - - [15/Jul/2025:20:34:59 +0000] "GET /?f=25408213011490&mod=7a6785df&uri=category-info.php?toreka/toreka_menu.html HTTP/1.1" 200 19523 "-" "Mozilla/5.0 (Linux; Android 6.0.1; Nexus 5X Build/MMB29P) AppleWebKit/537.36 (KHTML, like Gecko) Chrome/137.0.7151.103 Mobile Safari/537.36 (compatible; Googlebot/2.1; +http://www.google.com/bot.html)"
66.249.73.132 - - [15/Jul/2025:20:35:04 +0000] "POST /get-message-notify HTTP/1.1" 200 17998 "https://onlycnc.com.au/?f=25408213011490&mod=7a6785df&uri=category-info.php?toreka/toreka_menu.html" "Mozilla/5.0 (Linux; Android 6.0.1; Nexus 5X Build/MMB29P) AppleWebKit/537.36 (KHTML, like Gecko) Chrome/137.0.7151.119 Mobile Safari/537.36 (compatible; Googlebot/2.1; +http://www.google.com/bot.html)"
66.249.73.132 - - [15/Jul/2025:20:35:08 +0000] "GET /?f=55064535021490&mod=4f5a97cf&uri=itm.php%3Fid%3D1837550-38%26name%3Dlegging+femme+imprim%C3%83%C2%A9 HTTP/1.1" 200 19023 "-" "Mozilla/5.0 (Linux; Android 6.0.1; Nexus 5X Build/MMB29P) AppleWebKit/537.36 (KHTML, like Gecko) Chrome/137.0.7151.103 Mobile Safari/537.36 (compatible; Googlebot/2.1; +http://www.google.com/bot.html)"
66.249.73.132 - - [15/Jul/2025:20:35:14 +0000] "POST /get-message-notify HTTP/1.1" 200 17998 "https://onlycnc.com.au/?f=25408213011490&mod=7a6785df&uri=category-info.php?product/edit/O3525017136" "Mozilla/5.0 (Linux; Android 6.0.1; Nexus 5X Build/MMB29P) AppleWebKit/537.36 (KHTML, like Gecko) Chrome/137.0.7151.119 Mobile Safari/537.36 (compatible; Googlebot/2.1; +http://www.google.com/bot.html)"
66.249.73.132 - - [15/Jul/2025:20:35:15 +0000] "GET /?f=98052408051490&mod=adc3548f&uri=info.php?shopdetail/63916900 HTTP/1.1" 200 19266 "-" "Mozilla/5.0 (Linux; Android 6.0.1; Nexus 5X Build/MMB29P) AppleWebKit/537.36 (KHTML, like Gecko) Chrome/137.0.7151.103 Mobile Safari/537.36 (compatible; Googlebot/2.1; +http://www.google.com/bot.html)"
66.249.73.132 - - [15/Jul/2025:20:35:17 +0000] "GET /?f=25472362031490&mod=9cecbb6f&uri=news.php?shopdetail/51467176 HTTP/1.1" 200 19666 "-" "Mozilla/5.0 (Linux; Android 6.0.1; Nexus 5X Build/MMB29P) AppleWebKit/537.36 (KHTML, like Gecko) Chrome/137.0.7151.103 Mobile Safari/537.36 (compatible; Googlebot/2.1; +http://www.google.com/bot.html)"
66.249.73.132 - - [15/Jul/2025:20:35:20 +0000] "POST /get-message-notify HTTP/1.1" 200 17998 "https://onlycnc.com.au/?f=25408213011490&mod=7a6785df&uri=category-info.php?shopdetail/6145836" "Mozilla/5.0 (Linux; Android 6.0.1; Nexus 5X Build/MMB29P) AppleWebKit/537.36 (KHTML, like Gecko) Chrome/137.0.7151.119 Mobile Safari/537.36 (compatible; Googlebot/2.1; +http://www.google.com/bot.html)"
66.249.73.132 - - [15/Jul/2025:20:35:21 +0000] "GET /?f=98052408051490&mod=adc3548f&uri=info.php?shopdetail/760754136 HTTP/1.1" 200 19503 "-" "Mozilla/5.0 (Linux; Android 6.0.1; Nexus 5X Build/MMB29P) AppleWebKit/537.36 (KHTML, like Gecko) Chrome/137.0.7151.103 Mobile Safari/537.36 (compatible; Googlebot/2.1; +http://www.google.com/bot.html)"
66.249.73.132 - - [15/Jul/2025:20:35:22 +0000] "POST /get-message-notify HTTP/1.1" 200 17998 "https://onlycnc.com.au/?f=25472362031490&mod=9cecbb6f&uri=news.php?shopdetail/51467176" "Mozilla/5.0 (Linux; Android 6.0.1; Nexus 5X Build/MMB29P) AppleWebKit/537.36 (KHTML, like Gecko) Chrome/137.0.7151.119 Mobile Safari/537.36 (compatible; Googlebot/2.1; +http://www.google.com/bot.html)"
66.249.73.132 - - [15/Jul/2025:20:35:24 +0000] "GET /?f=54333283031490&mod=0672911f&uri=itm.php?shopdetail/6094104 HTTP/1.1" 200 19075 "-" "Mozilla/5.0 (Linux; Android 6.0.1; Nexus 5X Build/MMB29P) AppleWebKit/537.36 (KHTML, like Gecko) Chrome/137.0.7151.103 Mobile Safari/537.36 (compatible; Googlebot/2.1; +http://www.google.com/bot.html)"
66.249.73.132 - - [15/Jul/2025:20:35:34 +0000] "POST /get-message-notify HTTP/1.1" 200 17998 "https://onlycnc.com.au/?f=98052408051490&mod=adc3548f&uri=info.php?shopdetail/760754136" "Mozilla/5.0 (Linux; Android 6.0.1; Nexus 5X Build/MMB29P) AppleWebKit/537.36 (KHTML, like Gecko) Chrome/137.0.7151.119 Mobile Safari/537.36 (compatible; Googlebot/2.1; +http://www.google.com/bot.html)"
66.249.73.132 - - [15/Jul/2025:20:35:59 +0000] "GET /?f=54333283031490&mod=0672911f&uri=itm.php?shopdetail/7615472 HTTP/1.1" 200 19087 "-" "Mozilla/5.0 (Linux; Android 6.0.1; Nexus 5X Build/MMB29P) AppleWebKit/537.36 (KHTML, like Gecko) Chrome/137.0.7151.103 Mobile Safari/537.36 (compatible; Googlebot/2.1; +http://www.google.com/bot.html)"
66.249.73.128 - - [15/Jul/2025:20:36:12 +0000] "GET /?f=25408213011490&mod=7a6785df&uri=category-info.php?shopdetail/6144872 HTTP/1.1" 200 19014 "-" "Mozilla/5.0 (Linux; Android 6.0.1; Nexus 5X Build/MMB29P) AppleWebKit/537.36 (KHTML, like Gecko) Chrome/137.0.7151.103 Mobile Safari/537.36 (compatible; Googlebot/2.1; +http://www.google.com/bot.html)"
66.249.73.129 - - [15/Jul/2025:20:36:15 +0000] "GET /?f=5962751021490&mod=9cecbb6f&uri=shared.php?vintagegame.html HTTP/1.1" 200 19145 "-" "Mozilla/5.0 (Linux; Android 6.0.1; Nexus 5X Build/MMB29P) AppleWebKit/537.36 (KHTML, like Gecko) Chrome/137.0.7151.103 Mobile Safari/537.36 (compatible; Googlebot/2.1; +http://www.google.com/bot.html)"
66.249.73.132 - - [15/Jul/2025:20:36:17 +0000] "GET /?f=5962751021490&mod=9cecbb6f&uri=shared.php?shopdetail/4698568 HTTP/1.1" 200 19030 "-" "Mozilla/5.0 (Linux; Android 6.0.1; Nexus 5X Build/MMB29P) AppleWebKit/537.36 (KHTML, like Gecko) Chrome/137.0.7151.103 Mobile Safari/537.36 (compatible; Googlebot/2.1; +http://www.google.com/bot.html)"
66.249.73.128 - - [15/Jul/2025:20:36:19 +0000] "POST /get-message-notify HTTP/1.1" 200 17998 "https://onlycnc.com.au/?f=5962751021490&mod=9cecbb6f&uri=shared.php?shopdetail/4698568" "Mozilla/5.0 (Linux; Android 6.0.1; Nexus 5X Build/MMB29P) AppleWebKit/537.36 (KHTML, like Gecko) Chrome/137.0.7151.119 Mobile Safari/537.36 (compatible; Googlebot/2.1; +http://www.google.com/bot.html)"
66.249.73.132 - - [15/Jul/2025:20:36:22 +0000] "GET /?f=98052408051490&mod=adc3548f&uri=info.php?shopdetail/760726572 HTTP/1.1" 200 19307 "-" "Mozilla/5.0 (Linux; Android 6.0.1; Nexus 5X Build/MMB29P) AppleWebKit/537.36 (KHTML, like Gecko) Chrome/137.0.7151.103 Mobile Safari/537.36 (compatible; Googlebot/2.1; +http://www.google.com/bot.html)"
209.74.77.214 - - [15/Jul/2025:20:36:35 +0000] "POST /wp-cron.php?doing_wp_cron=1752611795.1671350002288818359375 HTTP/1.1" 200 - "-" "WordPress/6.8.1; https://onlycnc.com.au"
20.171.207.13 - - [15/Jul/2025:20:36:34 +0000] "GET /shopdetail/2645934660 HTTP/1.1" 404 13147 "-" "Mozilla/5.0 AppleWebKit/537.36 (KHTML, like Gecko; compatible; GPTBot/1.2; +https://openai.com/gptbot)"
66.249.73.129 - - [15/Jul/2025:20:37:11 +0000] "GET /?f=54475822041490&mod=c302c12d&uri=product.php?shopdetail/52676524 HTTP/1.1" 200 19453 "-" "Mozilla/5.0 (Linux; Android 6.0.1; Nexus 5X Build/MMB29P) AppleWebKit/537.36 (KHTML, like Gecko) Chrome/137.0.7151.103 Mobile Safari/537.36 (compatible; Googlebot/2.1; +http://www.google.com/bot.html)"
66.249.73.128 - - [15/Jul/2025:20:37:17 +0000] "GET /?f=6121025011490&mod=d3036eaa&uri=pin.php?shopdetail/6218716 HTTP/1.1" 200 19318 "-" "Mozilla/5.0 (Linux; Android 6.0.1; Nexus 5X Build/MMB29P) AppleWebKit/537.36 (KHTML, like Gecko) Chrome/137.0.7151.103 Mobile Safari/537.36 (compatible; Googlebot/2.1; +http://www.google.com/bot.html)"
66.249.73.132 - - [15/Jul/2025:20:37:22 +0000] "GET /?f=86376560051490&mod=8f561e4c&uri=blog.php?shopdetail/3298536 HTTP/1.1" 200 19217 "-" "Mozilla/5.0 (Linux; Android 6.0.1; Nexus 5X Build/MMB29P) AppleWebKit/537.36 (KHTML, like Gecko) Chrome/137.0.7151.103 Mobile Safari/537.36 (compatible; Googlebot/2.1; +http://www.google.com/bot.html)"
20.171.207.13 - - [15/Jul/2025:20:37:36 +0000] "GET /shopdetail/2645975344 HTTP/1.1" 404 13147 "-" "Mozilla/5.0 AppleWebKit/537.36 (KHTML, like Gecko; compatible; GPTBot/1.2; +https://openai.com/gptbot)"
66.249.73.132 - - [15/Jul/2025:20:37:51 +0000] "GET /?f=32459109041490&mod=b7aa2732&uri=dp.php?shopdetail/57276960 HTTP/1.1" 200 19169 "-" "Mozilla/5.0 (Linux; Android 6.0.1; Nexus 5X Build/MMB29P) AppleWebKit/537.36 (KHTML, like Gecko) Chrome/137.0.7151.103 Mobile Safari/537.36 (compatible; Googlebot/2.1; +http://www.google.com/bot.html)"
66.249.73.132 - - [15/Jul/2025:20:37:53 +0000] "POST /get-message-notify HTTP/1.1" 200 17998 "https://onlycnc.com.au/?f=32459109041490&mod=b7aa2732&uri=dp.php?shopdetail/57276960" "Mozilla/5.0 (Linux; Android 6.0.1; Nexus 5X Build/MMB29P) AppleWebKit/537.36 (KHTML, like Gecko) Chrome/137.0.7151.119 Mobile Safari/537.36 (compatible; Googlebot/2.1; +http://www.google.com/bot.html)"
66.249.73.132 - - [15/Jul/2025:20:37:56 +0000] "GET /?f=54333283031490&mod=0672911f&uri=itm.php?shopdetail/7646456 HTTP/1.1" 200 19175 "-" "Mozilla/5.0 (Linux; Android 6.0.1; Nexus 5X Build/MMB29P) AppleWebKit/537.36 (KHTML, like Gecko) Chrome/137.0.7151.103 Mobile Safari/537.36 (compatible; Googlebot/2.1; +http://www.google.com/bot.html)"
66.249.73.132 - - [15/Jul/2025:20:38:04 +0000] "POST /get-message-notify HTTP/1.1" 200 17998 "https://onlycnc.com.au/?f=54475822041490&mod=c302c12d&uri=product.php?shopdetail/52676524" "Mozilla/5.0 (Linux; Android 6.0.1; Nexus 5X Build/MMB29P) AppleWebKit/537.36 (KHTML, like Gecko) Chrome/137.0.7151.119 Mobile Safari/537.36 (compatible; Googlebot/2.1; +http://www.google.com/bot.html)"
66.249.73.128 - - [15/Jul/2025:20:38:08 +0000] "GET /?f=54333283031490&mod=0672911f&uri=itm.php?shopdetail/3296352 HTTP/1.1" 200 19101 "-" "Mozilla/5.0 (Linux; Android 6.0.1; Nexus 5X Build/MMB29P) AppleWebKit/537.36 (KHTML, like Gecko) Chrome/137.0.7151.103 Mobile Safari/537.36 (compatible; Googlebot/2.1; +http://www.google.com/bot.html)"
66.249.73.132 - - [15/Jul/2025:20:38:16 +0000] "GET /?f=32459109041490&mod=b7aa2732&uri=dp.php?shopdetail/57067440 HTTP/1.1" 200 19307 "-" "Mozilla/5.0 (Linux; Android 6.0.1; Nexus 5X Build/MMB29P) AppleWebKit/537.36 (KHTML, like Gecko) Chrome/137.0.7151.103 Mobile Safari/537.36 (compatible; Googlebot/2.1; +http://www.google.com/bot.html)"
66.249.73.132 - - [15/Jul/2025:20:38:23 +0000] "GET /?f=16771100101490&mod=2963adf1&uri=product.php?game.html HTTP/1.1" 200 18751 "-" "Mozilla/5.0 (Linux; Android 6.0.1; Nexus 5X Build/MMB29P) AppleWebKit/537.36 (KHTML, like Gecko) Chrome/137.0.7151.103 Mobile Safari/537.36 (compatible; Googlebot/2.1; +http://www.google.com/bot.html)"
66.249.73.132 - - [15/Jul/2025:20:38:33 +0000] "POST /get-message-notify HTTP/1.1" 200 17998 "https://onlycnc.com.au/?f=32459109041490&mod=b7aa2732&uri=dp.php?shopdetail/57067440" "Mozilla/5.0 (Linux; Android 6.0.1; Nexus 5X Build/MMB29P) AppleWebKit/537.36 (KHTML, like Gecko) Chrome/137.0.7151.119 Mobile Safari/537.36 (compatible; Googlebot/2.1; +http://www.google.com/bot.html)"
66.249.73.132 - - [15/Jul/2025:20:38:43 +0000] "POST /get-message-notify HTTP/1.1" 200 17998 "https://onlycnc.com.au/?f=25408213011490&mod=7a6785df&uri=category-info.php?shopdetail/6144872" "Mozilla/5.0 (Linux; Android 6.0.1; Nexus 5X Build/MMB29P) AppleWebKit/537.36 (KHTML, like Gecko) Chrome/137.0.7151.119 Mobile Safari/537.36 (compatible; Googlebot/2.1; +http://www.google.com/bot.html)"
66.249.73.128 - - [15/Jul/2025:20:39:05 +0000] "GET /?f=40054793071490&mod=0e98aeeb&uri=shared.php?shopdetail/3285168 HTTP/1.1" 200 18942 "-" "Mozilla/5.0 (Linux; Android 6.0.1; Nexus 5X Build/MMB29P) AppleWebKit/537.36 (KHTML, like Gecko) Chrome/137.0.7151.103 Mobile Safari/537.36 (compatible; Googlebot/2.1; +http://www.google.com/bot.html)"
66.249.73.132 - - [15/Jul/2025:20:39:18 +0000] "GET /?f=32459109041490&mod=b7aa2732&uri=dp.php?shopdetail/57036592 HTTP/1.1" 200 19348 "-" "Mozilla/5.0 (Linux; Android 6.0.1; Nexus 5X Build/MMB29P) AppleWebKit/537.36 (KHTML, like Gecko) Chrome/137.0.7151.103 Mobile Safari/537.36 (compatible; Googlebot/2.1; +http://www.google.com/bot.html)"
66.249.73.132 - - [15/Jul/2025:20:39:22 +0000] "GET /?f=16771100101490&mod=2963adf1&uri=product.php?shopdetail/3268516 HTTP/1.1" 200 19267 "-" "Mozilla/5.0 (Linux; Android 6.0.1; Nexus 5X Build/MMB29P) AppleWebKit/537.36 (KHTML, like Gecko) Chrome/137.0.7151.103 Mobile Safari/537.36 (compatible; Googlebot/2.1; +http://www.google.com/bot.html)"
20.171.207.13 - - [15/Jul/2025:20:39:42 +0000] "GET /shopdetail/2645274168 HTTP/1.1" 404 13147 "-" "Mozilla/5.0 AppleWebKit/537.36 (KHTML, like Gecko; compatible; GPTBot/1.2; +https://openai.com/gptbot)"
66.249.73.132 - - [15/Jul/2025:20:39:47 +0000] "GET /?f=25387603001490&mod=7f041c0d&uri=goods.php?shopdetail/61903868 HTTP/1.1" 200 19266 "-" "Mozilla/5.0 (Linux; Android 6.0.1; Nexus 5X Build/MMB29P) AppleWebKit/537.36 (KHTML, like Gecko) Chrome/137.0.7151.103 Mobile Safari/537.36 (compatible; Googlebot/2.1; +http://www.google.com/bot.html)"
178.156.166.161 - - [15/Jul/2025:20:40:01 +0000] "GET /?f=5964641051490&mod=9cecbb6f&uri=us.php?id%3D199180-344&name=mainplace+shoe+stores HTTP/1.1" 404 13147 "-" "Mozilla/5.0 (Windows NT 10.0; Win64; x64) AppleWebKit/537.36 (KHTML, like Gecko) Chrome/84.0.4147.105 Safari/537.36"
66.249.73.128 - - [15/Jul/2025:20:40:04 +0000] "GET /?f=86473165051490&mod=8e7035e0&uri=search.php?shopdetail/57488664 HTTP/1.1" 200 18709 "-" "Mozilla/5.0 (Linux; Android 6.0.1; Nexus 5X Build/MMB29P) AppleWebKit/537.36 (KHTML, like Gecko) Chrome/137.0.7151.103 Mobile Safari/537.36 (compatible; Googlebot/2.1; +http://www.google.com/bot.html)"
66.249.73.128 - - [15/Jul/2025:20:40:10 +0000] "POST /get-message-notify HTTP/1.1" 200 17998 "https://onlycnc.com.au/?f=86473165051490&mod=8e7035e0&uri=search.php?shopdetail/57488664" "Mozilla/5.0 (Linux; Android 6.0.1; Nexus 5X Build/MMB29P) AppleWebKit/537.36 (KHTML, like Gecko) Chrome/137.0.7151.119 Mobile Safari/537.36 (compatible; Googlebot/2.1; +http://www.google.com/bot.html)"
66.249.73.132 - - [15/Jul/2025:20:40:17 +0000] "GET /?f=6121025011490&mod=d3036eaa&uri=pin.php?shopdetail/6200980 HTTP/1.1" 200 19029 "-" "Mozilla/5.0 (Linux; Android 6.0.1; Nexus 5X Build/MMB29P) AppleWebKit/537.36 (KHTML, like Gecko) Chrome/137.0.7151.103 Mobile Safari/537.36 (compatible; Googlebot/2.1; +http://www.google.com/bot.html)"
66.249.73.132 - - [15/Jul/2025:20:40:28 +0000] "GET /?f=86481265001490&mod=8e7035e0&uri=product.php?shopdetail/4664444 HTTP/1.1" 200 18408 "-" "Mozilla/5.0 (Linux; Android 6.0.1; Nexus 5X Build/MMB29P) AppleWebKit/537.36 (KHTML, like Gecko) Chrome/137.0.7151.103 Mobile Safari/537.36 (compatible; Googlebot/2.1; +http://www.google.com/bot.html)"
66.249.73.128 - - [15/Jul/2025:20:41:45 +0000] "GET /?f=25387603001490&mod=7f041c0d&uri=goods.php?shopdetail/61902648 HTTP/1.1" 200 18831 "-" "Mozilla/5.0 (Linux; Android 6.0.1; Nexus 5X Build/MMB29P) AppleWebKit/537.36 (KHTML, like Gecko) Chrome/137.0.7151.103 Mobile Safari/537.36 (compatible; Googlebot/2.1; +http://www.google.com/bot.html)"
66.249.73.132 - - [15/Jul/2025:20:41:58 +0000] "GET /?f=86473165051490&mod=8e7035e0&uri=search.php?shopdetail/57502032 HTTP/1.1" 200 19433 "-" "Mozilla/5.0 (Linux; Android 6.0.1; Nexus 5X Build/MMB29P) AppleWebKit/537.36 (KHTML, like Gecko) Chrome/137.0.7151.103 Mobile Safari/537.36 (compatible; Googlebot/2.1; +http://www.google.com/bot.html)"
66.249.73.128 - - [15/Jul/2025:20:42:12 +0000] "GET /?f=6121025011490&mod=d3036eaa&uri=pin.php?shopdetail/6210944 HTTP/1.1" 200 19141 "-" "Mozilla/5.0 (Linux; Android 6.0.1; Nexus 5X Build/MMB29P) AppleWebKit/537.36 (KHTML, like Gecko) Chrome/137.0.7151.103 Mobile Safari/537.36 (compatible; Googlebot/2.1; +http://www.google.com/bot.html)"
66.249.73.128 - - [15/Jul/2025:20:42:20 +0000] "POST /get-message-notify HTTP/1.1" 200 17998 "https://onlycnc.com.au/?f=6121025011490&mod=d3036eaa&uri=pin.php?shopdetail/6210944" "Mozilla/5.0 (Linux; Android 6.0.1; Nexus 5X Build/MMB29P) AppleWebKit/537.36 (KHTML, like Gecko) Chrome/137.0.7151.119 Mobile Safari/537.36 (compatible; Googlebot/2.1; +http://www.google.com/bot.html)"
66.249.73.132 - - [15/Jul/2025:20:42:48 +0000] "GET /?f=54333283031490&mod=0672911f&uri=itm.php?text/terms HTTP/1.1" 200 18904 "-" "Mozilla/5.0 (Linux; Android 6.0.1; Nexus 5X Build/MMB29P) AppleWebKit/537.36 (KHTML, like Gecko) Chrome/137.0.7151.103 Mobile Safari/537.36 (compatible; Googlebot/2.1; +http://www.google.com/bot.html)"
20.171.207.13 - - [15/Jul/2025:20:42:54 +0000] "GET /shopdetail/2646095588 HTTP/1.1" 404 13147 "-" "Mozilla/5.0 AppleWebKit/537.36 (KHTML, like Gecko; compatible; GPTBot/1.2; +https://openai.com/gptbot)"
66.249.73.129 - - [15/Jul/2025:20:43:07 +0000] "POST /get-message-notify HTTP/1.1" 200 17998 "https://onlycnc.com.au/?f=54333283031490&mod=0672911f&uri=itm.php?text/terms" "Mozilla/5.0 (Linux; Android 6.0.1; Nexus 5X Build/MMB29P) AppleWebKit/537.36 (KHTML, like Gecko) Chrome/137.0.7151.119 Mobile Safari/537.36 (compatible; Googlebot/2.1; +http://www.google.com/bot.html)"
66.249.73.128 - - [15/Jul/2025:20:43:33 +0000] "GET /?f=5998240001490&mod=15afbdff&uri=goods.php?shopdetail/3244484 HTTP/1.1" 200 19481 "-" "Mozilla/5.0 (Linux; Android 6.0.1; Nexus 5X Build/MMB29P) AppleWebKit/537.36 (KHTML, like Gecko) Chrome/137.0.7151.103 Mobile Safari/537.36 (compatible; Googlebot/2.1; +http://www.google.com/bot.html)"
66.249.73.132 - - [15/Jul/2025:20:43:53 +0000] "POST /get-message-notify HTTP/1.1" 200 17998 "https://onlycnc.com.au/?f=5998240001490&mod=15afbdff&uri=goods.php?shopdetail/3244484" "Mozilla/5.0 (Linux; Android 6.0.1; Nexus 5X Build/MMB29P) AppleWebKit/537.36 (KHTML, like Gecko) Chrome/137.0.7151.119 Mobile Safari/537.36 (compatible; Googlebot/2.1; +http://www.google.com/bot.html)"
66.249.73.132 - - [15/Jul/2025:20:43:59 +0000] "GET /?f=31839980031490&mod=243facb2&uri=blog.php?shopdetail/56735756 HTTP/1.1" 200 19349 "-" "Mozilla/5.0 (Linux; Android 6.0.1; Nexus 5X Build/MMB29P) AppleWebKit/537.36 (KHTML, like Gecko) Chrome/137.0.7151.103 Mobile Safari/537.36 (compatible; Googlebot/2.1; +http://www.google.com/bot.html)"
66.249.73.129 - - [15/Jul/2025:20:44:11 +0000] "GET /?f=98052408051490&mod=adc3548f&uri=info.php?shopdetail/63952252 HTTP/1.1" 200 18702 "-" "Mozilla/5.0 (Linux; Android 6.0.1; Nexus 5X Build/MMB29P) AppleWebKit/537.36 (KHTML, like Gecko) Chrome/137.0.7151.103 Mobile Safari/537.36 (compatible; Googlebot/2.1; +http://www.google.com/bot.html)"
40.84.221.208 - - [15/Jul/2025:20:44:51 +0000] "GET /?f=5915291041490&mod=22852db6&uri=news.php?id%3D197535-342%26name%3Dbaby+bouncer+boots HTTP/1.1" 301 - "-" "Mozilla/5.0 AppleWebKit/537.36 (KHTML, like Gecko); compatible; ChatGPT-User/1.0; +https://openai.com/bot"
40.84.221.208 - - [15/Jul/2025:20:44:52 +0000] "GET /?f=5915291041490&mod=22852db6&uri=news.php?id%3D197535-342%26name%3Dbaby%20bouncer%20boots HTTP/1.1" 301 - "-" "Mozilla/5.0 AppleWebKit/537.36 (KHTML, like Gecko); compatible; ChatGPT-User/1.0; +https://openai.com/bot"
40.84.221.220 - - [15/Jul/2025:20:44:58 +0000] "GET / HTTP/1.1" 200 21206 "-" "Mozilla/5.0 AppleWebKit/537.36 (KHTML, like Gecko); compatible; ChatGPT-User/1.0; +https://openai.com/bot"
66.249.73.129 - - [15/Jul/2025:20:45:16 +0000] "GET /?f=54333283031490&mod=0672911f&uri=itm.php?feature/shoplist/index.html HTTP/1.1" 200 19664 "-" "Mozilla/5.0 (Linux; Android 6.0.1; Nexus 5X Build/MMB29P) AppleWebKit/537.36 (KHTML, like Gecko) Chrome/137.0.7151.103 Mobile Safari/537.36 (compatible; Googlebot/2.1; +http://www.google.com/bot.html)"
66.249.73.132 - - [15/Jul/2025:20:45:29 +0000] "GET /?f=6121025011490&mod=d3036eaa&uri=pin.php?shopdetail/61521280 HTTP/1.1" 200 19762 "-" "Mozilla/5.0 (Linux; Android 6.0.1; Nexus 5X Build/MMB29P) AppleWebKit/537.36 (KHTML, like Gecko) Chrome/137.0.7151.103 Mobile Safari/537.36 (compatible; Googlebot/2.1; +http://www.google.com/bot.html)"
66.249.73.132 - - [15/Jul/2025:20:45:39 +0000] "GET /?f=86376560051490&mod=8f561e4c&uri=blog.php?shopdetail/3269872 HTTP/1.1" 200 18829 "-" "Mozilla/5.0 (Linux; Android 6.0.1; Nexus 5X Build/MMB29P) AppleWebKit/537.36 (KHTML, like Gecko) Chrome/137.0.7151.103 Mobile Safari/537.36 (compatible; Googlebot/2.1; +http://www.google.com/bot.html)"
66.249.73.128 - - [15/Jul/2025:20:46:09 +0000] "GET /?f=98052408051490&mod=adc3548f&uri=info.php?shopdetail/63964400 HTTP/1.1" 200 19471 "-" "Mozilla/5.0 (Linux; Android 6.0.1; Nexus 5X Build/MMB29P) AppleWebKit/537.36 (KHTML, like Gecko) Chrome/137.0.7151.103 Mobile Safari/537.36 (compatible; Googlebot/2.1; +http://www.google.com/bot.html)"
135.234.64.15 - - [15/Jul/2025:20:46:40 +0000] "GET /?f=5915291041490&mod=22852db6&uri=news.php%3Fid%3D197535-342%26name%3Dbaby+bouncer+boots HTTP/1.1" 301 - "-" "Mozilla/5.0 (Macintosh; Intel Mac OS X 10_15_7) AppleWebKit/537.36 (KHTML, like Gecko) Chrome/131.0.0.0 Safari/537.36; compatible; OAI-SearchBot/1.0; +https://openai.com/searchbot"
135.234.64.15 - - [15/Jul/2025:20:46:41 +0000] "GET /?f=5915291041490&mod=22852db6&uri=news.php%3Fid%3D197535-342%26name%3Dbaby%20bouncer%20boots HTTP/1.1" 200 21189 "-" "Mozilla/5.0 (Macintosh; Intel Mac OS X 10_15_7) AppleWebKit/537.36 (KHTML, like Gecko) Chrome/131.0.0.0 Safari/537.36; compatible; OAI-SearchBot/1.0; +https://openai.com/searchbot"
66.249.73.129 - - [15/Jul/2025:20:47:22 +0000] "GET /?f=40054793071490&mod=0e98aeeb&uri=shared.php?shopdetail/9199508 HTTP/1.1" 200 18891 "-" "Mozilla/5.0 (Linux; Android 6.0.1; Nexus 5X Build/MMB29P) AppleWebKit/537.36 (KHTML, like Gecko) Chrome/137.0.7151.103 Mobile Safari/537.36 (compatible; Googlebot/2.1; +http://www.google.com/bot.html)"
66.249.73.132 - - [15/Jul/2025:20:47:36 +0000] "GET /?f=25472362031490&mod=9cecbb6f&uri=news.php?%3Fid%3D850166-344%26name%3Dnike+sneakers+deichmann HTTP/1.1" 200 19000 "-" "Mozilla/5.0 (Linux; Android 6.0.1; Nexus 5X Build/MMB29P) AppleWebKit/537.36 (KHTML, like Gecko) Chrome/137.0.7151.103 Mobile Safari/537.36 (compatible; Googlebot/2.1; +http://www.google.com/bot.html)"
66.249.73.132 - - [15/Jul/2025:20:47:42 +0000] "GET /?f=25472362031490&mod=9cecbb6f&uri=news.php?shopdetail/3254184 HTTP/1.1" 200 18208 "-" "Mozilla/5.0 (Linux; Android 6.0.1; Nexus 5X Build/MMB29P) AppleWebKit/537.36 (KHTML, like Gecko) Chrome/137.0.7151.103 Mobile Safari/537.36 (compatible; Googlebot/2.1; +http://www.google.com/bot.html)"
66.249.73.132 - - [15/Jul/2025:20:47:45 +0000] "POST /get-message-notify HTTP/1.1" 200 17998 "https://onlycnc.com.au/?f=25472362031490&mod=9cecbb6f&uri=news.php?shopdetail/3254184" "Mozilla/5.0 (Linux; Android 6.0.1; Nexus 5X Build/MMB29P) AppleWebKit/537.36 (KHTML, like Gecko) Chrome/137.0.7151.119 Mobile Safari/537.36 (compatible; Googlebot/2.1; +http://www.google.com/bot.html)"
66.249.73.132 - - [15/Jul/2025:20:48:07 +0000] "GET /?f=54333283031490&mod=0672911f&uri=itm.php?shopdetail/3290628 HTTP/1.1" 200 19014 "-" "Mozilla/5.0 (Linux; Android 6.0.1; Nexus 5X Build/MMB29P) AppleWebKit/537.36 (KHTML, like Gecko) Chrome/137.0.7151.103 Mobile Safari/537.36 (compatible; Googlebot/2.1; +http://www.google.com/bot.html)"
66.249.73.128 - - [15/Jul/2025:20:49:22 +0000] "GET /?f=54527943011490&mod=52014590&uri=products.php?feature/shoplist/index.html HTTP/1.1" 200 19672 "-" "Mozilla/5.0 (Linux; Android 6.0.1; Nexus 5X Build/MMB29P) AppleWebKit/537.36 (KHTML, like Gecko) Chrome/137.0.7151.103 Mobile Safari/537.36 (compatible; Googlebot/2.1; +http://www.google.com/bot.html)"
66.249.73.128 - - [15/Jul/2025:20:49:28 +0000] "GET /?f=25472362031490&mod=9cecbb6f&uri=news.php?shopdetail/3251036 HTTP/1.1" 200 18584 "-" "Mozilla/5.0 (Linux; Android 6.0.1; Nexus 5X Build/MMB29P) AppleWebKit/537.36 (KHTML, like Gecko) Chrome/137.0.7151.103 Mobile Safari/537.36 (compatible; Googlebot/2.1; +http://www.google.com/bot.html)"
66.249.73.132 - - [15/Jul/2025:20:49:48 +0000] "POST /get-message-notify HTTP/1.1" 200 17998 "https://onlycnc.com.au/?f=54527943011490&mod=52014590&uri=products.php?feature/shoplist/index.html" "Mozilla/5.0 (Linux; Android 6.0.1; Nexus 5X Build/MMB29P) AppleWebKit/537.36 (KHTML, like Gecko) Chrome/137.0.7151.119 Mobile Safari/537.36 (compatible; Googlebot/2.1; +http://www.google.com/bot.html)"
66.249.73.132 - - [15/Jul/2025:20:50:07 +0000] "GET /?f=25472362031490&mod=9cecbb6f&uri=news.php?shopdetail/3294032 HTTP/1.1" 200 19452 "-" "Mozilla/5.0 (Linux; Android 6.0.1; Nexus 5X Build/MMB29P) AppleWebKit/537.36 (KHTML, like Gecko) Chrome/137.0.7151.103 Mobile Safari/537.36 (compatible; Googlebot/2.1; +http://www.google.com/bot.html)"
66.249.73.128 - - [15/Jul/2025:20:50:10 +0000] "GET /?f=25472362031490&mod=9cecbb6f&uri=news.php?shopdetail/3244484 HTTP/1.1" 200 19478 "-" "Mozilla/5.0 (Linux; Android 6.0.1; Nexus 5X Build/MMB29P) AppleWebKit/537.36 (KHTML, like Gecko) Chrome/137.0.7151.103 Mobile Safari/537.36 (compatible; Googlebot/2.1; +http://www.google.com/bot.html)"
20.171.207.13 - - [15/Jul/2025:20:51:10 +0000] "GET /shopdetail/2645688704 HTTP/1.1" 404 13147 "-" "Mozilla/5.0 AppleWebKit/537.36 (KHTML, like Gecko; compatible; GPTBot/1.2; +https://openai.com/gptbot)"
66.249.73.128 - - [15/Jul/2025:20:51:16 +0000] "GET /?f=54527943011490&mod=52014590&uri=products.php?shopdetail/3321476 HTTP/1.1" 200 18441 "-" "Mozilla/5.0 (Linux; Android 6.0.1; Nexus 5X Build/MMB29P) AppleWebKit/537.36 (KHTML, like Gecko) Chrome/137.0.7151.103 Mobile Safari/537.36 (compatible; Googlebot/2.1; +http://www.google.com/bot.html)"
66.249.73.132 - - [15/Jul/2025:20:51:21 +0000] "GET /?f=25472362031490&mod=9cecbb6f&uri=news.php?shopdetail/3258816 HTTP/1.1" 200 18450 "-" "Mozilla/5.0 (Linux; Android 6.0.1; Nexus 5X Build/MMB29P) AppleWebKit/537.36 (KHTML, like Gecko) Chrome/137.0.7151.103 Mobile Safari/537.36 (compatible; Googlebot/2.1; +http://www.google.com/bot.html)"
66.249.73.128 - - [15/Jul/2025:20:52:04 +0000] "GET /?f=86376560051490&mod=8f561e4c&uri=blog.php?shopdetail/3294996 HTTP/1.1" 200 19227 "-" "Mozilla/5.0 (Linux; Android 6.0.1; Nexus 5X Build/MMB29P) AppleWebKit/537.36 (KHTML, like Gecko) Chrome/137.0.7151.103 Mobile Safari/537.36 (compatible; Googlebot/2.1; +http://www.google.com/bot.html)"
20.171.207.13 - - [15/Jul/2025:20:52:13 +0000] "GET /shopdetail/2645909144 HTTP/1.1" 404 13147 "-" "Mozilla/5.0 AppleWebKit/537.36 (KHTML, like Gecko; compatible; GPTBot/1.2; +https://openai.com/gptbot)"
66.249.73.132 - - [15/Jul/2025:20:52:40 +0000] "GET /?f=25472362031490&mod=9cecbb6f&uri=news.php?shopdetail/3321476 HTTP/1.1" 200 18434 "-" "Mozilla/5.0 (Linux; Android 6.0.1; Nexus 5X Build/MMB29P) AppleWebKit/537.36 (KHTML, like Gecko) Chrome/137.0.7151.103 Mobile Safari/537.36 (compatible; Googlebot/2.1; +http://www.google.com/bot.html)"
20.171.207.13 - - [15/Jul/2025:20:53:14 +0000] "GET /shopdetail/2645610484 HTTP/1.1" 404 13147 "-" "Mozilla/5.0 AppleWebKit/537.36 (KHTML, like Gecko; compatible; GPTBot/1.2; +https://openai.com/gptbot)"
66.249.73.129 - - [15/Jul/2025:20:53:14 +0000] "GET /?f=86376560051490&mod=8f561e4c&uri=blog.php?oreka/plamodel_menu.html HTTP/1.1" 200 18270 "-" "Mozilla/5.0 (Linux; Android 6.0.1; Nexus 5X Build/MMB29P) AppleWebKit/537.36 (KHTML, like Gecko) Chrome/137.0.7151.103 Mobile Safari/537.36 (compatible; Googlebot/2.1; +http://www.google.com/bot.html)"
66.249.73.132 - - [15/Jul/2025:20:53:14 +0000] "GET /?f=25472362031490&mod=9cecbb6f&uri=news.php?shopdetail/54460372 HTTP/1.1" 200 18788 "-" "Mozilla/5.0 (Linux; Android 6.0.1; Nexus 5X Build/MMB29P) AppleWebKit/537.36 (KHTML, like Gecko) Chrome/137.0.7151.103 Mobile Safari/537.36 (compatible; Googlebot/2.1; +http://www.google.com/bot.html)"
66.249.73.132 - - [15/Jul/2025:20:53:59 +0000] "POST /get-message-notify HTTP/1.1" 200 17998 "https://onlycnc.com.au/?f=25472362031490&mod=9cecbb6f&uri=news.php?shopdetail/54460372" "Mozilla/5.0 (Linux; Android 6.0.1; Nexus 5X Build/MMB29P) AppleWebKit/537.36 (KHTML, like Gecko) Chrome/137.0.7151.119 Mobile Safari/537.36 (compatible; Googlebot/2.1; +http://www.google.com/bot.html)"
66.249.73.132 - - [15/Jul/2025:20:54:03 +0000] "GET /?f=86376560051490&mod=8f561e4c&uri=blog.php?shopdetail/3273020 HTTP/1.1" 200 19026 "-" "Mozilla/5.0 (Linux; Android 6.0.1; Nexus 5X Build/MMB29P) AppleWebKit/537.36 (KHTML, like Gecko) Chrome/137.0.7151.103 Mobile Safari/537.36 (compatible; Googlebot/2.1; +http://www.google.com/bot.html)"
66.249.73.132 - - [15/Jul/2025:20:54:05 +0000] "POST /get-message-notify HTTP/1.1" 200 17998 "https://onlycnc.com.au/?f=54333283031490&mod=0672911f&uri=itm.php?shopdetail/3296352" "Mozilla/5.0 (Linux; Android 6.0.1; Nexus 5X Build/MMB29P) AppleWebKit/537.36 (KHTML, like Gecko) Chrome/137.0.7151.119 Mobile Safari/537.36 (compatible; Googlebot/2.1; +http://www.google.com/bot.html)"
66.249.73.128 - - [15/Jul/2025:20:55:06 +0000] "GET /?f=25472362031490&mod=9cecbb6f&uri=news.php?toreka/figure_menu.html HTTP/1.1" 200 18971 "-" "Mozilla/5.0 (Linux; Android 6.0.1; Nexus 5X Build/MMB29P) AppleWebKit/537.36 (KHTML, like Gecko) Chrome/137.0.7151.103 Mobile Safari/537.36 (compatible; Googlebot/2.1; +http://www.google.com/bot.html)"
66.249.73.132 - - [15/Jul/2025:20:55:07 +0000] "GET /?f=54536553031490&mod=52014590&uri=products.php?toreka/goods_menu.html HTTP/1.1" 200 19443 "-" "Mozilla/5.0 (Linux; Android 6.0.1; Nexus 5X Build/MMB29P) AppleWebKit/537.36 (KHTML, like Gecko) Chrome/137.0.7151.103 Mobile Safari/537.36 (compatible; Googlebot/2.1; +http://www.google.com/bot.html)"
66.249.73.132 - - [15/Jul/2025:20:55:08 +0000] "GET /?f=16771100101490&mod=2963adf1&uri=product.php?shopdetail/3299500 HTTP/1.1" 200 19166 "-" "Mozilla/5.0 (Linux; Android 6.0.1; Nexus 5X Build/MMB29P) AppleWebKit/537.36 (KHTML, like Gecko) Chrome/137.0.7151.103 Mobile Safari/537.36 (compatible; Googlebot/2.1; +http://www.google.com/bot.html)"
66.249.73.132 - - [15/Jul/2025:20:56:02 +0000] "GET /?f=25472362031490&mod=9cecbb6f&uri=news.php?pcmypage/ HTTP/1.1" 200 19478 "-" "Mozilla/5.0 (Linux; Android 6.0.1; Nexus 5X Build/MMB29P) AppleWebKit/537.36 (KHTML, like Gecko) Chrome/137.0.7151.103 Mobile Safari/537.36 (compatible; Googlebot/2.1; +http://www.google.com/bot.html)"
66.249.73.132 - - [15/Jul/2025:20:56:51 +0000] "GET /?f=31995467011490&mod=d3036eaa&uri=dp.php?shopdetail/3253220 HTTP/1.1" 200 18559 "-" "Mozilla/5.0 (Linux; Android 6.0.1; Nexus 5X Build/MMB29P) AppleWebKit/537.36 (KHTML, like Gecko) Chrome/137.0.7151.103 Mobile Safari/537.36 (compatible; Googlebot/2.1; +http://www.google.com/bot.html)"
66.249.73.132 - - [15/Jul/2025:20:57:01 +0000] "GET /?f=16771100101490&mod=2963adf1&uri=product.php?shopdetail/3249816 HTTP/1.1" 200 19479 "-" "Mozilla/5.0 (Linux; Android 6.0.1; Nexus 5X Build/MMB29P) AppleWebKit/537.36 (KHTML, like Gecko) Chrome/137.0.7151.103 Mobile Safari/537.36 (compatible; Googlebot/2.1; +http://www.google.com/bot.html)"
209.74.77.214 - - [15/Jul/2025:20:57:32 +0000] "POST /wp-cron.php?doing_wp_cron=1752613052.9338510036468505859375 HTTP/1.1" 200 - "-" "WordPress/6.8.1; https://onlycnc.com.au"
20.171.207.13 - - [15/Jul/2025:20:57:32 +0000] "GET /shopdetail/2645961012 HTTP/1.1" 404 13147 "-" "Mozilla/5.0 AppleWebKit/537.36 (KHTML, like Gecko; compatible; GPTBot/1.2; +https://openai.com/gptbot)"
66.249.73.128 - - [15/Jul/2025:20:57:34 +0000] "GET /?f=25240931021490&mod=4ec74784&uri=pin.php%3Fid%3D842445-252%26name%3Dj+shoes+outlet HTTP/1.1" 200 18987 "-" "Mozilla/5.0 (Linux; Android 6.0.1; Nexus 5X Build/MMB29P) AppleWebKit/537.36 (KHTML, like Gecko) Chrome/137.0.7151.103 Mobile Safari/537.36 (compatible; Googlebot/2.1; +http://www.google.com/bot.html)"
66.249.73.132 - - [15/Jul/2025:20:58:01 +0000] "GET /?f=25472362031490&mod=9cecbb6f&uri=news.php?shopdetail/3315052 HTTP/1.1" 200 18651 "-" "Mozilla/5.0 (Linux; Android 6.0.1; Nexus 5X Build/MMB29P) AppleWebKit/537.36 (KHTML, like Gecko) Chrome/137.0.7151.103 Mobile Safari/537.36 (compatible; Googlebot/2.1; +http://www.google.com/bot.html)"
66.249.73.132 - - [15/Jul/2025:20:58:08 +0000] "POST /get-message-notify HTTP/1.1" 200 17998 "https://onlycnc.com.au/?f=25472362031490&mod=9cecbb6f&uri=news.php?shopdetail/3315052" "Mozilla/5.0 (Linux; Android 6.0.1; Nexus 5X Build/MMB29P) AppleWebKit/537.36 (KHTML, like Gecko) Chrome/137.0.7151.119 Mobile Safari/537.36 (compatible; Googlebot/2.1; +http://www.google.com/bot.html)"
20.171.207.13 - - [15/Jul/2025:20:58:34 +0000] "GET /shopdetail/2645637928 HTTP/1.1" 404 13147 "-" "Mozilla/5.0 AppleWebKit/537.36 (KHTML, like Gecko; compatible; GPTBot/1.2; +https://openai.com/gptbot)"
66.249.73.132 - - [15/Jul/2025:20:58:43 +0000] "GET /?f=98052408051490&mod=adc3548f&uri=info.php?shopdetail/63962080 HTTP/1.1" 200 19312 "-" "Mozilla/5.0 (Linux; Android 6.0.1; Nexus 5X Build/MMB29P) AppleWebKit/537.36 (KHTML, like Gecko) Chrome/137.0.7151.103 Mobile Safari/537.36 (compatible; Googlebot/2.1; +http://www.google.com/bot.html)"
66.249.73.132 - - [15/Jul/2025:20:58:55 +0000] "GET /?f=5627103011490&mod=b4aaa9db&uri=brands.php%3Fid%3D187884-332%26name%3Dwhat+was+the+date+20+days+ago HTTP/1.1" 200 19022 "-" "Mozilla/5.0 (Linux; Android 6.0.1; Nexus 5X Build/MMB29P) AppleWebKit/537.36 (KHTML, like Gecko) Chrome/137.0.7151.103 Mobile Safari/537.36 (compatible; Googlebot/2.1; +http://www.google.com/bot.html)"
66.249.73.132 - - [15/Jul/2025:20:59:11 +0000] "POST /get-message-notify HTTP/1.1" 200 17998 "https://onlycnc.com.au/?f=5627103011490&mod=b4aaa9db&uri=brands.php%3Fid%3D187884-332%26name%3Dwhat+was+the+date+20+days+ago" "Mozilla/5.0 (Linux; Android 6.0.1; Nexus 5X Build/MMB29P) AppleWebKit/537.36 (KHTML, like Gecko) Chrome/137.0.7151.119 Mobile Safari/537.36 (compatible; Googlebot/2.1; +http://www.google.com/bot.html)"
20.171.207.13 - - [15/Jul/2025:20:59:35 +0000] "GET /shopdetail/2645331496 HTTP/1.1" 404 13147 "-" "Mozilla/5.0 AppleWebKit/537.36 (KHTML, like Gecko; compatible; GPTBot/1.2; +https://openai.com/gptbot)"
66.249.73.132 - - [15/Jul/2025:20:59:57 +0000] "POST /get-message-notify HTTP/1.1" 200 17998 "https://onlycnc.com.au/?f=98052408051490&mod=adc3548f&uri=info.php?shopdetail/63962080" "Mozilla/5.0 (Linux; Android 6.0.1; Nexus 5X Build/MMB29P) AppleWebKit/537.36 (KHTML, like Gecko) Chrome/137.0.7151.119 Mobile Safari/537.36 (compatible; Googlebot/2.1; +http://www.google.com/bot.html)"
66.249.73.132 - - [15/Jul/2025:20:59:59 +0000] "GET /?f=86376560051490&mod=8f561e4c&uri=blog.php?shopdetail/3285168 HTTP/1.1" 200 18937 "-" "Mozilla/5.0 (Linux; Android 6.0.1; Nexus 5X Build/MMB29P) AppleWebKit/537.36 (KHTML, like Gecko) Chrome/137.0.7151.103 Mobile Safari/537.36 (compatible; Googlebot/2.1; +http://www.google.com/bot.html)"
66.249.73.132 - - [15/Jul/2025:21:00:02 +0000] "GET /?f=5456562041490&mod=fe45e322&uri=pin.php%3Fid%3D182163-60%26name%3Dzara+vestiti+di+lana HTTP/1.1" 200 18984 "-" "Mozilla/5.0 (Linux; Android 6.0.1; Nexus 5X Build/MMB29P) AppleWebKit/537.36 (KHTML, like Gecko) Chrome/137.0.7151.103 Mobile Safari/537.36 (compatible; Googlebot/2.1; +http://www.google.com/bot.html)"
66.249.73.132 - - [15/Jul/2025:21:00:37 +0000] "GET /?f=32459109041490&mod=b7aa2732&uri=dp.php?shopdetail/57055556 HTTP/1.1" 200 19347 "-" "Mozilla/5.0 (Linux; Android 6.0.1; Nexus 5X Build/MMB29P) AppleWebKit/537.36 (KHTML, like Gecko) Chrome/137.0.7151.103 Mobile Safari/537.36 (compatible; Googlebot/2.1; +http://www.google.com/bot.html)"
66.249.73.132 - - [15/Jul/2025:21:00:49 +0000] "GET /?f=31833847031490&mod=5fb0c358&uri=form.php%3Fid%3D1062499-165%26name%3Ddickies+eisenhower+jacket+xs HTTP/1.1" 200 19025 "-" "Mozilla/5.0 (Linux; Android 6.0.1; Nexus 5X Build/MMB29P) AppleWebKit/537.36 (KHTML, like Gecko) Chrome/137.0.7151.103 Mobile Safari/537.36 (compatible; Googlebot/2.1; +http://www.google.com/bot.html)"
66.249.73.132 - - [15/Jul/2025:21:00:51 +0000] "POST /get-message-notify HTTP/1.1" 200 17998 "https://onlycnc.com.au/?f=31833847031490&mod=5fb0c358&uri=form.php%3Fid%3D1062499-165%26name%3Ddickies+eisenhower+jacket+xs" "Mozilla/5.0 (Linux; Android 6.0.1; Nexus 5X Build/MMB29P) AppleWebKit/537.36 (KHTML, like Gecko) Chrome/137.0.7151.119 Mobile Safari/537.36 (compatible; Googlebot/2.1; +http://www.google.com/bot.html)"
20.171.207.13 - - [15/Jul/2025:21:01:38 +0000] "GET /shopdetail/2645773604 HTTP/1.1" 404 13147 "-" "Mozilla/5.0 AppleWebKit/537.36 (KHTML, like Gecko; compatible; GPTBot/1.2; +https://openai.com/gptbot)"
66.249.73.132 - - [15/Jul/2025:21:01:58 +0000] "GET /?f=16771100101490&mod=2963adf1&uri=product.php?toreka/goods_menu.html HTTP/1.1" 200 19442 "-" "Mozilla/5.0 (Linux; Android 6.0.1; Nexus 5X Build/MMB29P) AppleWebKit/537.36 (KHTML, like Gecko) Chrome/137.0.7151.103 Mobile Safari/537.36 (compatible; Googlebot/2.1; +http://www.google.com/bot.html)"
66.249.73.128 - - [15/Jul/2025:21:02:30 +0000] "GET /?f=5560084101490&mod=72d77c30&uri=blog.php%3Fid%3D185616-220%26name%3Dadmiral+track+top HTTP/1.1" 200 18992 "-" "Mozilla/5.0 (Linux; Android 6.0.1; Nexus 5X Build/MMB29P) AppleWebKit/537.36 (KHTML, like Gecko) Chrome/137.0.7151.103 Mobile Safari/537.36 (compatible; Googlebot/2.1; +http://www.google.com/bot.html)"
66.249.73.132 - - [15/Jul/2025:21:02:31 +0000] "GET /?f=32459109041490&mod=b7aa2732&uri=dp.php?shopdetail/57038776 HTTP/1.1" 200 19399 "-" "Mozilla/5.0 (Linux; Android 6.0.1; Nexus 5X Build/MMB29P) AppleWebKit/537.36 (KHTML, like Gecko) Chrome/137.0.7151.103 Mobile Safari/537.36 (compatible; Googlebot/2.1; +http://www.google.com/bot.html)"
66.249.73.132 - - [15/Jul/2025:21:02:39 +0000] "POST /get-message-notify HTTP/1.1" 200 17998 "https://onlycnc.com.au/?f=5560084101490&mod=72d77c30&uri=blog.php%3Fid%3D185616-220%26name%3Dadmiral+track+top" "Mozilla/5.0 (Linux; Android 6.0.1; Nexus 5X Build/MMB29P) AppleWebKit/537.36 (KHTML, like Gecko) Chrome/137.0.7151.119 Mobile Safari/537.36 (compatible; Googlebot/2.1; +http://www.google.com/bot.html)"
66.249.73.132 - - [15/Jul/2025:21:02:42 +0000] "GET /?f=54304074131490&mod=77bea4fd&uri=product.php%3Fid%3D1812177-115%26name%3Dmaillot+d HTTP/1.1" 200 18988 "-" "Mozilla/5.0 (Linux; Android 6.0.1; Nexus 5X Build/MMB29P) AppleWebKit/537.36 (KHTML, like Gecko) Chrome/137.0.7151.103 Mobile Safari/537.36 (compatible; Googlebot/2.1; +http://www.google.com/bot.html)"
66.249.73.129 - - [15/Jul/2025:21:03:57 +0000] "GET /?f=16771100101490&mod=2963adf1&uri=product.php?feature/campaign/index.html HTTP/1.1" 200 19402 "-" "Mozilla/5.0 (Linux; Android 6.0.1; Nexus 5X Build/MMB29P) AppleWebKit/537.36 (KHTML, like Gecko) Chrome/137.0.7151.103 Mobile Safari/537.36 (compatible; Googlebot/2.1; +http://www.google.com/bot.html)"
66.249.73.132 - - [15/Jul/2025:21:04:24 +0000] "GET /?f=5560084101490&mod=72d77c30&uri=blog.php?shopdetail/3310684 HTTP/1.1" 200 19237 "-" "Mozilla/5.0 (Linux; Android 6.0.1; Nexus 5X Build/MMB29P) AppleWebKit/537.36 (KHTML, like Gecko) Chrome/137.0.7151.103 Mobile Safari/537.36 (compatible; Googlebot/2.1; +http://www.google.com/bot.html)"
66.249.73.132 - - [15/Jul/2025:21:04:28 +0000] "POST /get-message-notify HTTP/1.1" 200 17998 "https://onlycnc.com.au/?f=5560084101490&mod=72d77c30&uri=blog.php?shopdetail/3310684" "Mozilla/5.0 (Linux; Android 6.0.1; Nexus 5X Build/MMB29P) AppleWebKit/537.36 (KHTML, like Gecko) Chrome/137.0.7151.119 Mobile Safari/537.36 (compatible; Googlebot/2.1; +http://www.google.com/bot.html)"
66.249.73.128 - - [15/Jul/2025:21:04:58 +0000] "GET /?f=32120784051490&mod=5d4c7bf4&uri=pin.php%3Fid%3D1072078-331%26name%3Dkobe+jordan HTTP/1.1" 200 18981 "-" "Mozilla/5.0 (Linux; Android 6.0.1; Nexus 5X Build/MMB29P) AppleWebKit/537.36 (KHTML, like Gecko) Chrome/137.0.7151.103 Mobile Safari/537.36 (compatible; Googlebot/2.1; +http://www.google.com/bot.html)"
66.249.73.128 - - [15/Jul/2025:21:05:04 +0000] "POST /get-message-notify HTTP/1.1" 200 17998 "https://onlycnc.com.au/?f=32120784051490&mod=5d4c7bf4&uri=pin.php%3Fid%3D1072078-331%26name%3Dkobe+jordan" "Mozilla/5.0 (Linux; Android 6.0.1; Nexus 5X Build/MMB29P) AppleWebKit/537.36 (KHTML, like Gecko) Chrome/137.0.7151.119 Mobile Safari/537.36 (compatible; Googlebot/2.1; +http://www.google.com/bot.html)"
66.249.73.128 - - [15/Jul/2025:21:05:21 +0000] "POST /get-message-notify HTTP/1.1" 200 17998 "https://onlycnc.com.au/?f=32459109041490&mod=b7aa2732&uri=dp.php?shopdetail/57038776" "Mozilla/5.0 (Linux; Android 6.0.1; Nexus 5X Build/MMB29P) AppleWebKit/537.36 (KHTML, like Gecko) Chrome/137.0.7151.119 Mobile Safari/537.36 (compatible; Googlebot/2.1; +http://www.google.com/bot.html)"
66.249.73.132 - - [15/Jul/2025:21:05:55 +0000] "GET /?f=16771100101490&mod=2963adf1&uri=product.php?feature/omiya_marui/index.html HTTP/1.1" 200 19507 "-" "Mozilla/5.0 (Linux; Android 6.0.1; Nexus 5X Build/MMB29P) AppleWebKit/537.36 (KHTML, like Gecko) Chrome/137.0.7151.103 Mobile Safari/537.36 (compatible; Googlebot/2.1; +http://www.google.com/bot.html)"
20.171.207.13 - - [15/Jul/2025:21:05:57 +0000] "GET /shopdetail/2645419672 HTTP/1.1" 404 13147 "-" "Mozilla/5.0 AppleWebKit/537.36 (KHTML, like Gecko; compatible; GPTBot/1.2; +https://openai.com/gptbot)"
66.249.73.132 - - [15/Jul/2025:21:06:23 +0000] "GET /?f=5560084101490&mod=72d77c30&uri=blog.php?shopdetail/3249816 HTTP/1.1" 200 19477 "-" "Mozilla/5.0 (Linux; Android 6.0.1; Nexus 5X Build/MMB29P) AppleWebKit/537.36 (KHTML, like Gecko) Chrome/137.0.7151.103 Mobile Safari/537.36 (compatible; Googlebot/2.1; +http://www.google.com/bot.html)"
66.249.73.128 - - [15/Jul/2025:21:07:26 +0000] "GET /?f=32135484051490&mod=524265e8&uri=goods.php%3Fid%3D1072568-101%26name%3Drave+fanny+packs HTTP/1.1" 200 18999 "-" "Mozilla/5.0 (Linux; Android 6.0.1; Nexus 5X Build/MMB29P) AppleWebKit/537.36 (KHTML, like Gecko) Chrome/137.0.7151.103 Mobile Safari/537.36 (compatible; Googlebot/2.1; +http://www.google.com/bot.html)"
66.249.73.128 - - [15/Jul/2025:21:07:33 +0000] "POST /get-message-notify HTTP/1.1" 200 17998 "https://onlycnc.com.au/?f=32135484051490&mod=524265e8&uri=goods.php%3Fid%3D1072568-101%26name%3Drave+fanny+packs" "Mozilla/5.0 (Linux; Android 6.0.1; Nexus 5X Build/MMB29P) AppleWebKit/537.36 (KHTML, like Gecko) Chrome/137.0.7151.119 Mobile Safari/537.36 (compatible; Googlebot/2.1; +http://www.google.com/bot.html)"
