204.8.96.147 - - [15/Jul/2025:15:42:05 +0000] "GET /xmlrpc.php?rsd HTTP/1.1" 200 798 "https://onlycnc.com.au/xmlrpc.php?rsd" "Mozilla/5.0 (Linux; Android 10; SM-A505FN Build/QP1A.190711.020; wv) AppleWebKit/537.36 (KHTML, like Gecko) Version/4.0 Chrome/78.0.3904.96 Mobile Safari/537.36"
216.73.216.76 - - [15/Jul/2025:15:42:05 +0000] "GET /shopdetail/33989504 HTTP/1.1" 404 13147 "-" "Mozilla/5.0 AppleWebKit/537.36 (KHTML, like Gecko; compatible; ClaudeBot/1.0; [email protected])"
216.73.216.76 - - [15/Jul/2025:15:42:08 +0000] "GET /shopdetail/153478128 HTTP/1.1" 404 13147 "-" "Mozilla/5.0 AppleWebKit/537.36 (KHTML, like Gecko; compatible; ClaudeBot/1.0; [email protected])"
66.249.73.128 - - [15/Jul/2025:15:42:12 +0000] "GET /?f=119444945011490&mod=524e7d08&uri=category-info.php%3Fid%3D3986244-322%26name%3Dwd12x10074 HTTP/1.1" 200 19023 "-" "Mozilla/5.0 (Linux; Android 6.0.1; Nexus 5X Build/MMB29P) AppleWebKit/537.36 (KHTML, like Gecko) Chrome/137.0.7151.103 Mobile Safari/537.36 (compatible; Googlebot/2.1; +http://www.google.com/bot.html)"
216.73.216.76 - - [15/Jul/2025:15:42:37 +0000] "GET /shopdetail/153683280 HTTP/1.1" 404 13147 "-" "Mozilla/5.0 AppleWebKit/537.36 (KHTML, like Gecko; compatible; ClaudeBot/1.0; [email protected])"
216.73.216.76 - - [15/Jul/2025:15:42:41 +0000] "GET /shopdetail/33687440 HTTP/1.1" 404 13147 "-" "Mozilla/5.0 AppleWebKit/537.36 (KHTML, like Gecko; compatible; ClaudeBot/1.0; [email protected])"
216.73.216.76 - - [15/Jul/2025:15:42:43 +0000] "GET /shopdetail/153979748 HTTP/1.1" 404 13147 "-" "Mozilla/5.0 AppleWebKit/537.36 (KHTML, like Gecko; compatible; ClaudeBot/1.0; [email protected])"
66.249.73.128 - - [15/Jul/2025:15:42:44 +0000] "GET /?f=9990369051490&mod=676207dd&uri=article.php?shopdetail/3246668 HTTP/1.1" 200 19366 "-" "Mozilla/5.0 (Linux; Android 6.0.1; Nexus 5X Build/MMB29P) AppleWebKit/537.36 (KHTML, like Gecko) Chrome/137.0.7151.103 Mobile Safari/537.36 (compatible; Googlebot/2.1; +http://www.google.com/bot.html)"
216.73.216.76 - - [15/Jul/2025:15:42:46 +0000] "GET /shopdetail/153482504 HTTP/1.1" 404 13147 "-" "Mozilla/5.0 AppleWebKit/537.36 (KHTML, like Gecko; compatible; ClaudeBot/1.0; [email protected])"
216.73.216.76 - - [15/Jul/2025:15:42:49 +0000] "GET /shopdetail/154074612 HTTP/1.1" 404 13147 "-" "Mozilla/5.0 AppleWebKit/537.36 (KHTML, like Gecko; compatible; ClaudeBot/1.0; [email protected])"
216.73.216.76 - - [15/Jul/2025:15:42:52 +0000] "GET /shopdetail/33644580 HTTP/1.1" 404 13147 "-" "Mozilla/5.0 AppleWebKit/537.36 (KHTML, like Gecko; compatible; ClaudeBot/1.0; [email protected])"
216.73.216.76 - - [15/Jul/2025:15:42:55 +0000] "GET /shopdetail/153755904 HTTP/1.1" 404 13147 "-" "Mozilla/5.0 AppleWebKit/537.36 (KHTML, like Gecko; compatible; ClaudeBot/1.0; [email protected])"
216.73.216.76 - - [15/Jul/2025:15:42:58 +0000] "GET /shopdetail/33376640 HTTP/1.1" 404 13147 "-" "Mozilla/5.0 AppleWebKit/537.36 (KHTML, like Gecko; compatible; ClaudeBot/1.0; [email protected])"
216.73.216.76 - - [15/Jul/2025:15:43:01 +0000] "GET /shopdetail/153937716 HTTP/1.1" 404 13147 "-" "Mozilla/5.0 AppleWebKit/537.36 (KHTML, like Gecko; compatible; ClaudeBot/1.0; [email protected])"
216.73.216.76 - - [15/Jul/2025:15:43:04 +0000] "GET /shopdetail/153630320 HTTP/1.1" 404 13147 "-" "Mozilla/5.0 AppleWebKit/537.36 (KHTML, like Gecko; compatible; ClaudeBot/1.0; [email protected])"
216.73.216.76 - - [15/Jul/2025:15:43:07 +0000] "GET /shopdetail/33874984 HTTP/1.1" 404 13147 "-" "Mozilla/5.0 AppleWebKit/537.36 (KHTML, like Gecko; compatible; ClaudeBot/1.0; [email protected])"
216.73.216.76 - - [15/Jul/2025:15:43:10 +0000] "GET /shopdetail/33754860 HTTP/1.1" 404 13147 "-" "Mozilla/5.0 AppleWebKit/537.36 (KHTML, like Gecko; compatible; ClaudeBot/1.0; [email protected])"
216.73.216.76 - - [15/Jul/2025:15:43:13 +0000] "GET /shopdetail/33656592 HTTP/1.1" 404 13147 "-" "Mozilla/5.0 AppleWebKit/537.36 (KHTML, like Gecko; compatible; ClaudeBot/1.0; [email protected])"
216.73.216.76 - - [15/Jul/2025:15:43:16 +0000] "GET /shopdetail/153908088 HTTP/1.1" 404 13147 "-" "Mozilla/5.0 AppleWebKit/537.36 (KHTML, like Gecko; compatible; ClaudeBot/1.0; [email protected])"
216.73.216.76 - - [15/Jul/2025:15:43:19 +0000] "GET /shopdetail/154077888 HTTP/1.1" 404 13147 "-" "Mozilla/5.0 AppleWebKit/537.36 (KHTML, like Gecko; compatible; ClaudeBot/1.0; [email protected])"
216.73.216.76 - - [15/Jul/2025:15:43:22 +0000] "GET /shopdetail/153969792 HTTP/1.1" 404 13147 "-" "Mozilla/5.0 AppleWebKit/537.36 (KHTML, like Gecko; compatible; ClaudeBot/1.0; [email protected])"
66.249.73.132 - - [15/Jul/2025:15:44:04 +0000] "GET /?f=119469902091490&mod=cdbe7ddc&uri=product.php%3Fid%3D3987076-387%26name%3Dfun+circuit+training HTTP/1.1" 200 19007 "-" "Mozilla/5.0 (Linux; Android 6.0.1; Nexus 5X Build/MMB29P) AppleWebKit/537.36 (KHTML, like Gecko) Chrome/137.0.7151.103 Mobile Safari/537.36 (compatible; Googlebot/2.1; +http://www.google.com/bot.html)"
216.73.216.76 - - [15/Jul/2025:15:44:25 +0000] "GET /shopdetail/33546568 HTTP/1.1" 404 13147 "-" "Mozilla/5.0 AppleWebKit/537.36 (KHTML, like Gecko; compatible; ClaudeBot/1.0; [email protected])"
216.73.216.76 - - [15/Jul/2025:15:44:28 +0000] "GET /shopdetail/153480320 HTTP/1.1" 404 13147 "-" "Mozilla/5.0 AppleWebKit/537.36 (KHTML, like Gecko; compatible; ClaudeBot/1.0; [email protected])"
216.73.216.76 - - [15/Jul/2025:15:44:30 +0000] "GET /shopdetail/153773640 HTTP/1.1" 404 13147 "-" "Mozilla/5.0 AppleWebKit/537.36 (KHTML, like Gecko; compatible; ClaudeBot/1.0; [email protected])"
216.73.216.76 - - [15/Jul/2025:15:44:33 +0000] "GET /shopdetail/33607044 HTTP/1.1" 404 13147 "-" "Mozilla/5.0 AppleWebKit/537.36 (KHTML, like Gecko; compatible; ClaudeBot/1.0; [email protected])"
216.73.216.76 - - [15/Jul/2025:15:44:36 +0000] "GET /shopdetail/153353516 HTTP/1.1" 404 13147 "-" "Mozilla/5.0 AppleWebKit/537.36 (KHTML, like Gecko; compatible; ClaudeBot/1.0; [email protected])"
216.73.216.76 - - [15/Jul/2025:15:44:39 +0000] "GET /shopdetail/33721828 HTTP/1.1" 404 13147 "-" "Mozilla/5.0 AppleWebKit/537.36 (KHTML, like Gecko; compatible; ClaudeBot/1.0; [email protected])"
216.73.216.76 - - [15/Jul/2025:15:44:42 +0000] "GET /shopdetail/154023708 HTTP/1.1" 404 13147 "-" "Mozilla/5.0 AppleWebKit/537.36 (KHTML, like Gecko; compatible; ClaudeBot/1.0; [email protected])"
216.73.216.76 - - [15/Jul/2025:15:44:45 +0000] "GET /shopdetail/33643480 HTTP/1.1" 404 13147 "-" "Mozilla/5.0 AppleWebKit/537.36 (KHTML, like Gecko; compatible; ClaudeBot/1.0; [email protected])"
216.73.216.76 - - [15/Jul/2025:15:44:48 +0000] "GET /shopdetail/33457036 HTTP/1.1" 404 13147 "-" "Mozilla/5.0 AppleWebKit/537.36 (KHTML, like Gecko; compatible; ClaudeBot/1.0; [email protected])"
216.73.216.76 - - [15/Jul/2025:15:44:52 +0000] "GET /shopdetail/33893684 HTTP/1.1" 404 13147 "-" "Mozilla/5.0 AppleWebKit/537.36 (KHTML, like Gecko; compatible; ClaudeBot/1.0; [email protected])"
216.73.216.76 - - [15/Jul/2025:15:44:54 +0000] "GET /shopdetail/154097688 HTTP/1.1" 404 13147 "-" "Mozilla/5.0 AppleWebKit/537.36 (KHTML, like Gecko; compatible; ClaudeBot/1.0; [email protected])"
216.73.216.76 - - [15/Jul/2025:15:44:57 +0000] "GET /shopdetail/153465024 HTTP/1.1" 404 13147 "-" "Mozilla/5.0 AppleWebKit/537.36 (KHTML, like Gecko; compatible; ClaudeBot/1.0; [email protected])"
216.73.216.76 - - [15/Jul/2025:15:45:00 +0000] "GET /shopdetail/33583968 HTTP/1.1" 404 13147 "-" "Mozilla/5.0 AppleWebKit/537.36 (KHTML, like Gecko; compatible; ClaudeBot/1.0; [email protected])"
216.73.216.76 - - [15/Jul/2025:15:45:03 +0000] "GET /shopdetail/153485908 HTTP/1.1" 404 13147 "-" "Mozilla/5.0 AppleWebKit/537.36 (KHTML, like Gecko; compatible; ClaudeBot/1.0; [email protected])"
216.73.216.76 - - [15/Jul/2025:15:45:07 +0000] "GET /shopdetail/153546384 HTTP/1.1" 404 13147 "-" "Mozilla/5.0 AppleWebKit/537.36 (KHTML, like Gecko; compatible; ClaudeBot/1.0; [email protected])"
216.73.216.76 - - [15/Jul/2025:15:45:45 +0000] "GET /shopdetail/153752628 HTTP/1.1" 404 13147 "-" "Mozilla/5.0 AppleWebKit/537.36 (KHTML, like Gecko; compatible; ClaudeBot/1.0; [email protected])"
216.73.216.76 - - [15/Jul/2025:15:45:48 +0000] "GET /shopdetail/33530052 HTTP/1.1" 404 13147 "-" "Mozilla/5.0 AppleWebKit/537.36 (KHTML, like Gecko; compatible; ClaudeBot/1.0; [email protected])"
216.73.216.76 - - [15/Jul/2025:15:45:51 +0000] "GET /shopdetail/33442840 HTTP/1.1" 404 13147 "-" "Mozilla/5.0 AppleWebKit/537.36 (KHTML, like Gecko; compatible; ClaudeBot/1.0; [email protected])"
216.73.216.76 - - [15/Jul/2025:15:45:54 +0000] "GET /shopdetail/33724976 HTTP/1.1" 404 13147 "-" "Mozilla/5.0 AppleWebKit/537.36 (KHTML, like Gecko; compatible; ClaudeBot/1.0; [email protected])"
66.249.73.129 - - [15/Jul/2025:15:45:57 +0000] "GET /?f=119473262011490&mod=cdbe7ddc&uri=goods.php%3Fid%3D3987188-387%26name%3Dgym+barbell+set HTTP/1.1" 200 19000 "-" "Mozilla/5.0 (Linux; Android 6.0.1; Nexus 5X Build/MMB29P) AppleWebKit/537.36 (KHTML, like Gecko) Chrome/137.0.7151.103 Mobile Safari/537.36 (compatible; Googlebot/2.1; +http://www.google.com/bot.html)"
216.73.216.76 - - [15/Jul/2025:15:45:57 +0000] "GET /shopdetail/33751456 HTTP/1.1" 404 13147 "-" "Mozilla/5.0 AppleWebKit/537.36 (KHTML, like Gecko; compatible; ClaudeBot/1.0; [email protected])"
216.73.216.76 - - [15/Jul/2025:15:46:00 +0000] "GET /shopdetail/153607116 HTTP/1.1" 404 13147 "-" "Mozilla/5.0 AppleWebKit/537.36 (KHTML, like Gecko; compatible; ClaudeBot/1.0; [email protected])"
216.73.216.76 - - [15/Jul/2025:15:46:03 +0000] "GET /shopdetail/153661168 HTTP/1.1" 404 13147 "-" "Mozilla/5.0 AppleWebKit/537.36 (KHTML, like Gecko; compatible; ClaudeBot/1.0; [email protected])"
216.73.216.76 - - [15/Jul/2025:15:46:06 +0000] "GET /shopdetail/33831024 HTTP/1.1" 404 13147 "-" "Mozilla/5.0 AppleWebKit/537.36 (KHTML, like Gecko; compatible; ClaudeBot/1.0; [email protected])"
216.73.216.76 - - [15/Jul/2025:15:46:09 +0000] "GET /shopdetail/153958864 HTTP/1.1" 404 13147 "-" "Mozilla/5.0 AppleWebKit/537.36 (KHTML, like Gecko; compatible; ClaudeBot/1.0; [email protected])"
216.73.216.76 - - [15/Jul/2025:15:46:12 +0000] "GET /shopdetail/154056876 HTTP/1.1" 404 13147 "-" "Mozilla/5.0 AppleWebKit/537.36 (KHTML, like Gecko; compatible; ClaudeBot/1.0; [email protected])"
216.73.216.76 - - [15/Jul/2025:15:46:15 +0000] "GET /shopdetail/33892720 HTTP/1.1" 404 13147 "-" "Mozilla/5.0 AppleWebKit/537.36 (KHTML, like Gecko; compatible; ClaudeBot/1.0; [email protected])"
216.73.216.76 - - [15/Jul/2025:15:46:18 +0000] "GET /shopdetail/33498940 HTTP/1.1" 404 13147 "-" "Mozilla/5.0 AppleWebKit/537.36 (KHTML, like Gecko; compatible; ClaudeBot/1.0; [email protected])"
216.73.216.76 - - [15/Jul/2025:15:46:21 +0000] "GET /shopdetail/154060280 HTTP/1.1" 404 13147 "-" "Mozilla/5.0 AppleWebKit/537.36 (KHTML, like Gecko; compatible; ClaudeBot/1.0; [email protected])"
216.73.216.76 - - [15/Jul/2025:15:46:24 +0000] "GET /shopdetail/153751664 HTTP/1.1" 404 13147 "-" "Mozilla/5.0 AppleWebKit/537.36 (KHTML, like Gecko; compatible; ClaudeBot/1.0; [email protected])"
216.73.216.76 - - [15/Jul/2025:15:46:27 +0000] "GET /shopdetail/153780192 HTTP/1.1" 404 13147 "-" "Mozilla/5.0 AppleWebKit/537.36 (KHTML, like Gecko; compatible; ClaudeBot/1.0; [email protected])"
216.73.216.76 - - [15/Jul/2025:15:47:04 +0000] "GET /shopdetail/33686476 HTTP/1.1" 404 13147 "-" "Mozilla/5.0 AppleWebKit/537.36 (KHTML, like Gecko; compatible; ClaudeBot/1.0; [email protected])"
216.73.216.76 - - [15/Jul/2025:15:47:07 +0000] "GET /shopdetail/153933348 HTTP/1.1" 404 13147 "-" "Mozilla/5.0 AppleWebKit/537.36 (KHTML, like Gecko; compatible; ClaudeBot/1.0; [email protected])"
216.73.216.76 - - [15/Jul/2025:15:47:10 +0000] "GET /shopdetail/153488092 HTTP/1.1" 404 13147 "-" "Mozilla/5.0 AppleWebKit/537.36 (KHTML, like Gecko; compatible; ClaudeBot/1.0; [email protected])"
216.73.216.76 - - [15/Jul/2025:15:47:13 +0000] "GET /shopdetail/153995044 HTTP/1.1" 404 13147 "-" "Mozilla/5.0 AppleWebKit/537.36 (KHTML, like Gecko; compatible; ClaudeBot/1.0; [email protected])"
216.73.216.76 - - [15/Jul/2025:15:47:16 +0000] "GET /shopdetail/153932384 HTTP/1.1" 404 13147 "-" "Mozilla/5.0 AppleWebKit/537.36 (KHTML, like Gecko; compatible; ClaudeBot/1.0; [email protected])"
216.73.216.76 - - [15/Jul/2025:15:47:19 +0000] "GET /shopdetail/33371044 HTTP/1.1" 404 13147 "-" "Mozilla/5.0 AppleWebKit/537.36 (KHTML, like Gecko; compatible; ClaudeBot/1.0; [email protected])"
216.73.216.76 - - [15/Jul/2025:15:47:22 +0000] "GET /shopdetail/154002824 HTTP/1.1" 404 13147 "-" "Mozilla/5.0 AppleWebKit/537.36 (KHTML, like Gecko; compatible; ClaudeBot/1.0; [email protected])"
216.73.216.76 - - [15/Jul/2025:15:47:25 +0000] "GET /shopdetail/153362380 HTTP/1.1" 404 13147 "-" "Mozilla/5.0 AppleWebKit/537.36 (KHTML, like Gecko; compatible; ClaudeBot/1.0; [email protected])"
216.73.216.76 - - [15/Jul/2025:15:47:28 +0000] "GET /shopdetail/33657948 HTTP/1.1" 404 13147 "-" "Mozilla/5.0 AppleWebKit/537.36 (KHTML, like Gecko; compatible; ClaudeBot/1.0; [email protected])"
216.73.216.76 - - [15/Jul/2025:15:47:31 +0000] "GET /shopdetail/33491424 HTTP/1.1" 404 13147 "-" "Mozilla/5.0 AppleWebKit/537.36 (KHTML, like Gecko; compatible; ClaudeBot/1.0; [email protected])"
216.73.216.76 - - [15/Jul/2025:15:47:34 +0000] "GET /shopdetail/34094460 HTTP/1.1" 404 13147 "-" "Mozilla/5.0 AppleWebKit/537.36 (KHTML, like Gecko; compatible; ClaudeBot/1.0; [email protected])"
216.73.216.76 - - [15/Jul/2025:15:47:37 +0000] "GET /shopdetail/33463724 HTTP/1.1" 404 13147 "-" "Mozilla/5.0 AppleWebKit/537.36 (KHTML, like Gecko; compatible; ClaudeBot/1.0; [email protected])"
216.73.216.76 - - [15/Jul/2025:15:47:40 +0000] "GET /shopdetail/153365664 HTTP/1.1" 404 13147 "-" "Mozilla/5.0 AppleWebKit/537.36 (KHTML, like Gecko; compatible; ClaudeBot/1.0; [email protected])"
216.73.216.76 - - [15/Jul/2025:15:47:43 +0000] "GET /shopdetail/153852816 HTTP/1.1" 404 13147 "-" "Mozilla/5.0 AppleWebKit/537.36 (KHTML, like Gecko; compatible; ClaudeBot/1.0; [email protected])"
216.73.216.76 - - [15/Jul/2025:15:47:46 +0000] "GET /shopdetail/33683072 HTTP/1.1" 404 13147 "-" "Mozilla/5.0 AppleWebKit/537.36 (KHTML, like Gecko; compatible; ClaudeBot/1.0; [email protected])"
66.249.73.132 - - [15/Jul/2025:15:47:51 +0000] "GET /?f=119472212041490&mod=cdbe7ddc&uri=shop.php%3Fid%3D3987153-387%26name%3Dwhen+is+it+best+to+exercise+morning+or+night HTTP/1.1" 200 19050 "-" "Mozilla/5.0 (Linux; Android 6.0.1; Nexus 5X Build/MMB29P) AppleWebKit/537.36 (KHTML, like Gecko) Chrome/137.0.7151.103 Mobile Safari/537.36 (compatible; Googlebot/2.1; +http://www.google.com/bot.html)"
216.73.216.76 - - [15/Jul/2025:15:48:19 +0000] "GET /shopdetail/153363480 HTTP/1.1" 404 13147 "-" "Mozilla/5.0 AppleWebKit/537.36 (KHTML, like Gecko; compatible; ClaudeBot/1.0; [email protected])"
216.73.216.76 - - [15/Jul/2025:15:48:22 +0000] "GET /shopdetail/33454852 HTTP/1.1" 404 13147 "-" "Mozilla/5.0 AppleWebKit/537.36 (KHTML, like Gecko; compatible; ClaudeBot/1.0; [email protected])"
216.73.216.76 - - [15/Jul/2025:15:48:25 +0000] "GET /shopdetail/153852952 HTTP/1.1" 404 13147 "-" "Mozilla/5.0 AppleWebKit/537.36 (KHTML, like Gecko; compatible; ClaudeBot/1.0; [email protected])"
216.73.216.76 - - [15/Jul/2025:15:48:28 +0000] "GET /shopdetail/33632432 HTTP/1.1" 404 13147 "-" "Mozilla/5.0 AppleWebKit/537.36 (KHTML, like Gecko; compatible; ClaudeBot/1.0; [email protected])"
104.210.140.143 - - [15/Jul/2025:15:48:28 +0000] "GET /robots.txt HTTP/1.1" 200 94 "-" "Mozilla/5.0 (Macintosh; Intel Mac OS X 10_15_7) AppleWebKit/537.36 (KHTML, like Gecko) Chrome/131.0.0.0 Safari/537.36; compatible; OAI-SearchBot/1.0; +https://openai.com/searchbot"
216.73.216.76 - - [15/Jul/2025:15:48:31 +0000] "GET /shopdetail/33613596 HTTP/1.1" 404 13147 "-" "Mozilla/5.0 AppleWebKit/537.36 (KHTML, like Gecko; compatible; ClaudeBot/1.0; [email protected])"
54.92.171.106 - - [15/Jul/2025:15:48:32 +0000] "GET /?f=54328778051490&mod=0672911f&uri=goods.php?id%3D1813003-688%26name%3Dreebok%20schuhe%20zalando HTTP/1.1" 301 - "-" "Mozilla/5.0 AppleWebKit/537.36 (KHTML, like Gecko; compatible; Amazonbot/0.1; +https://developer.amazon.com/support/amazonbot) Chrome/119.0.6045.214 Safari/537.36"
54.163.136.244 - - [15/Jul/2025:15:48:32 +0000] "GET /?f=54328778051490&mod=0672911f&uri=goods.php?id%3D1813003-688%26name%3Dreebok%20schuhe%20zalando HTTP/1.1" 301 - "-" "Mozilla/5.0 AppleWebKit/537.36 (KHTML, like Gecko; compatible; Amazonbot/0.1; +https://developer.amazon.com/support/amazonbot) Chrome/119.0.6045.214 Safari/537.36"
216.73.216.76 - - [15/Jul/2025:15:48:34 +0000] "GET /shopdetail/153883800 HTTP/1.1" 404 13147 "-" "Mozilla/5.0 AppleWebKit/537.36 (KHTML, like Gecko; compatible; ClaudeBot/1.0; [email protected])"
216.73.216.76 - - [15/Jul/2025:15:48:37 +0000] "GET /shopdetail/153867148 HTTP/1.1" 404 13147 "-" "Mozilla/5.0 AppleWebKit/537.36 (KHTML, like Gecko; compatible; ClaudeBot/1.0; [email protected])"
216.73.216.76 - - [15/Jul/2025:15:48:40 +0000] "GET /shopdetail/153550752 HTTP/1.1" 404 13147 "-" "Mozilla/5.0 AppleWebKit/537.36 (KHTML, like Gecko; compatible; ClaudeBot/1.0; [email protected])"
216.73.216.76 - - [15/Jul/2025:15:48:43 +0000] "GET /shopdetail/153565084 HTTP/1.1" 404 13147 "-" "Mozilla/5.0 AppleWebKit/537.36 (KHTML, like Gecko; compatible; ClaudeBot/1.0; [email protected])"
216.73.216.76 - - [15/Jul/2025:15:48:46 +0000] "GET /shopdetail/153697612 HTTP/1.1" 404 13147 "-" "Mozilla/5.0 AppleWebKit/537.36 (KHTML, like Gecko; compatible; ClaudeBot/1.0; [email protected])"
66.249.73.132 - - [15/Jul/2025:15:48:47 +0000] "POST /get-message-notify HTTP/1.1" 200 18000 "https://onlycnc.com.au/?f=119472212041490&mod=cdbe7ddc&uri=shop.php%3Fid%3D3987153-387%26name%3Dwhen+is+it+best+to+exercise+morning+or+night" "Mozilla/5.0 (Linux; Android 6.0.1; Nexus 5X Build/MMB29P) AppleWebKit/537.36 (KHTML, like Gecko) Chrome/137.0.7151.119 Mobile Safari/537.36 (compatible; Googlebot/2.1; +http://www.google.com/bot.html)"
216.73.216.76 - - [15/Jul/2025:15:48:49 +0000] "GET /shopdetail/33630248 HTTP/1.1" 404 13147 "-" "Mozilla/5.0 AppleWebKit/537.36 (KHTML, like Gecko; compatible; ClaudeBot/1.0; [email protected])"
216.73.216.76 - - [15/Jul/2025:15:48:52 +0000] "GET /shopdetail/154028212 HTTP/1.1" 404 13147 "-" "Mozilla/5.0 AppleWebKit/537.36 (KHTML, like Gecko; compatible; ClaudeBot/1.0; [email protected])"
216.73.216.76 - - [15/Jul/2025:15:48:55 +0000] "GET /shopdetail/33903512 HTTP/1.1" 404 13147 "-" "Mozilla/5.0 AppleWebKit/537.36 (KHTML, like Gecko; compatible; ClaudeBot/1.0; [email protected])"
216.73.216.76 - - [15/Jul/2025:15:48:58 +0000] "GET /shopdetail/153954232 HTTP/1.1" 404 13147 "-" "Mozilla/5.0 AppleWebKit/537.36 (KHTML, like Gecko; compatible; ClaudeBot/1.0; [email protected])"
216.73.216.76 - - [15/Jul/2025:15:49:01 +0000] "GET /shopdetail/34041372 HTTP/1.1" 404 13147 "-" "Mozilla/5.0 AppleWebKit/537.36 (KHTML, like Gecko; compatible; ClaudeBot/1.0; [email protected])"
66.249.73.132 - - [15/Jul/2025:15:49:42 +0000] "GET /?f=119464022031490&mod=cdbe7ddc&uri=goods.php%3Fid%3D3986880-387%26name%3Ddumbbell+workout+upper+body+home HTTP/1.1" 200 19029 "-" "Mozilla/5.0 (Linux; Android 6.0.1; Nexus 5X Build/MMB29P) AppleWebKit/537.36 (KHTML, like Gecko) Chrome/137.0.7151.103 Mobile Safari/537.36 (compatible; Googlebot/2.1; +http://www.google.com/bot.html)"
216.73.216.76 - - [15/Jul/2025:15:49:52 +0000] "GET /shopdetail/34110848 HTTP/1.1" 404 13147 "-" "Mozilla/5.0 AppleWebKit/537.36 (KHTML, like Gecko; compatible; ClaudeBot/1.0; [email protected])"
216.73.216.76 - - [15/Jul/2025:15:49:55 +0000] "GET /shopdetail/33592712 HTTP/1.1" 404 13147 "-" "Mozilla/5.0 AppleWebKit/537.36 (KHTML, like Gecko; compatible; ClaudeBot/1.0; [email protected])"
216.73.216.76 - - [15/Jul/2025:15:49:58 +0000] "GET /shopdetail/33675428 HTTP/1.1" 404 13147 "-" "Mozilla/5.0 AppleWebKit/537.36 (KHTML, like Gecko; compatible; ClaudeBot/1.0; [email protected])"
216.73.216.76 - - [15/Jul/2025:15:50:01 +0000] "GET /shopdetail/33625744 HTTP/1.1" 404 13147 "-" "Mozilla/5.0 AppleWebKit/537.36 (KHTML, like Gecko; compatible; ClaudeBot/1.0; [email protected])"
216.73.216.76 - - [15/Jul/2025:15:50:04 +0000] "GET /shopdetail/33410892 HTTP/1.1" 404 13147 "-" "Mozilla/5.0 AppleWebKit/537.36 (KHTML, like Gecko; compatible; ClaudeBot/1.0; [email protected])"
66.249.73.129 - - [15/Jul/2025:15:50:05 +0000] "POST /get-message-notify HTTP/1.1" 200 18000 "https://onlycnc.com.au/?f=119464022031490&mod=cdbe7ddc&uri=goods.php%3Fid%3D3986880-387%26name%3Ddumbbell+workout+upper+body+home" "Mozilla/5.0 (Linux; Android 6.0.1; Nexus 5X Build/MMB29P) AppleWebKit/537.36 (KHTML, like Gecko) Chrome/137.0.7151.119 Mobile Safari/537.36 (compatible; Googlebot/2.1; +http://www.google.com/bot.html)"
216.73.216.76 - - [15/Jul/2025:15:50:07 +0000] "GET /shopdetail/154044728 HTTP/1.1" 404 13147 "-" "Mozilla/5.0 AppleWebKit/537.36 (KHTML, like Gecko; compatible; ClaudeBot/1.0; [email protected])"
216.73.216.76 - - [15/Jul/2025:15:50:10 +0000] "GET /shopdetail/153386548 HTTP/1.1" 404 13147 "-" "Mozilla/5.0 AppleWebKit/537.36 (KHTML, like Gecko; compatible; ClaudeBot/1.0; [email protected])"
216.73.216.76 - - [15/Jul/2025:15:50:13 +0000] "GET /shopdetail/153453840 HTTP/1.1" 404 13147 "-" "Mozilla/5.0 AppleWebKit/537.36 (KHTML, like Gecko; compatible; ClaudeBot/1.0; [email protected])"
216.73.216.76 - - [15/Jul/2025:15:50:16 +0000] "GET /shopdetail/153678912 HTTP/1.1" 404 13147 "-" "Mozilla/5.0 AppleWebKit/537.36 (KHTML, like Gecko; compatible; ClaudeBot/1.0; [email protected])"
216.73.216.76 - - [15/Jul/2025:15:50:19 +0000] "GET /shopdetail/153321704 HTTP/1.1" 404 13147 "-" "Mozilla/5.0 AppleWebKit/537.36 (KHTML, like Gecko; compatible; ClaudeBot/1.0; [email protected])"
216.73.216.76 - - [15/Jul/2025:15:50:22 +0000] "GET /shopdetail/33652224 HTTP/1.1" 404 13147 "-" "Mozilla/5.0 AppleWebKit/537.36 (KHTML, like Gecko; compatible; ClaudeBot/1.0; [email protected])"
216.73.216.76 - - [15/Jul/2025:15:50:25 +0000] "GET /shopdetail/154082256 HTTP/1.1" 404 13147 "-" "Mozilla/5.0 AppleWebKit/537.36 (KHTML, like Gecko; compatible; ClaudeBot/1.0; [email protected])"
216.73.216.76 - - [15/Jul/2025:15:50:28 +0000] "GET /shopdetail/33667776 HTTP/1.1" 404 13147 "-" "Mozilla/5.0 AppleWebKit/537.36 (KHTML, like Gecko; compatible; ClaudeBot/1.0; [email protected])"
216.73.216.76 - - [15/Jul/2025:15:50:31 +0000] "GET /shopdetail/34072220 HTTP/1.1" 404 13147 "-" "Mozilla/5.0 AppleWebKit/537.36 (KHTML, like Gecko; compatible; ClaudeBot/1.0; [email protected])"
216.73.216.76 - - [15/Jul/2025:15:50:34 +0000] "GET /shopdetail/33478056 HTTP/1.1" 404 13147 "-" "Mozilla/5.0 AppleWebKit/537.36 (KHTML, like Gecko; compatible; ClaudeBot/1.0; [email protected])"
66.249.73.129 - - [15/Jul/2025:15:51:34 +0000] "GET /?f=119464652041490&mod=cdbe7ddc&uri=search.php%3Fid%3D3986901-387%26name%3Dkids+exercise+mat HTTP/1.1" 200 19002 "-" "Mozilla/5.0 (Linux; Android 6.0.1; Nexus 5X Build/MMB29P) AppleWebKit/537.36 (KHTML, like Gecko) Chrome/137.0.7151.103 Mobile Safari/537.36 (compatible; Googlebot/2.1; +http://www.google.com/bot.html)"
216.73.216.76 - - [15/Jul/2025:15:51:39 +0000] "GET /shopdetail/153559752 HTTP/1.1" 404 13147 "-" "Mozilla/5.0 AppleWebKit/537.36 (KHTML, like Gecko; compatible; ClaudeBot/1.0; [email protected])"
216.73.216.76 - - [15/Jul/2025:15:51:41 +0000] "GET /shopdetail/153922420 HTTP/1.1" 404 13147 "-" "Mozilla/5.0 AppleWebKit/537.36 (KHTML, like Gecko; compatible; ClaudeBot/1.0; [email protected])"
66.249.73.132 - - [15/Jul/2025:15:51:42 +0000] "POST /get-message-notify HTTP/1.1" 200 18000 "https://onlycnc.com.au/?f=119464652041490&mod=cdbe7ddc&uri=search.php%3Fid%3D3986901-387%26name%3Dkids+exercise+mat" "Mozilla/5.0 (Linux; Android 6.0.1; Nexus 5X Build/MMB29P) AppleWebKit/537.36 (KHTML, like Gecko) Chrome/137.0.7151.119 Mobile Safari/537.36 (compatible; Googlebot/2.1; +http://www.google.com/bot.html)"
216.73.216.76 - - [15/Jul/2025:15:51:44 +0000] "GET /shopdetail/33355884 HTTP/1.1" 404 13147 "-" "Mozilla/5.0 AppleWebKit/537.36 (KHTML, like Gecko; compatible; ClaudeBot/1.0; [email protected])"
216.73.216.76 - - [15/Jul/2025:15:51:47 +0000] "GET /shopdetail/153976344 HTTP/1.1" 404 13147 "-" "Mozilla/5.0 AppleWebKit/537.36 (KHTML, like Gecko; compatible; ClaudeBot/1.0; [email protected])"
216.73.216.76 - - [15/Jul/2025:15:51:50 +0000] "GET /shopdetail/153517720 HTTP/1.1" 404 13147 "-" "Mozilla/5.0 AppleWebKit/537.36 (KHTML, like Gecko; compatible; ClaudeBot/1.0; [email protected])"
216.73.216.76 - - [15/Jul/2025:15:51:53 +0000] "GET /shopdetail/153372216 HTTP/1.1" 404 13147 "-" "Mozilla/5.0 AppleWebKit/537.36 (KHTML, like Gecko; compatible; ClaudeBot/1.0; [email protected])"
216.73.216.76 - - [15/Jul/2025:15:51:56 +0000] "GET /shopdetail/153676464 HTTP/1.1" 404 13147 "-" "Mozilla/5.0 AppleWebKit/537.36 (KHTML, like Gecko; compatible; ClaudeBot/1.0; [email protected])"
216.73.216.76 - - [15/Jul/2025:15:51:59 +0000] "GET /shopdetail/153894984 HTTP/1.1" 404 13147 "-" "Mozilla/5.0 AppleWebKit/537.36 (KHTML, like Gecko; compatible; ClaudeBot/1.0; [email protected])"
216.73.216.76 - - [15/Jul/2025:15:52:02 +0000] "GET /shopdetail/153899352 HTTP/1.1" 404 13147 "-" "Mozilla/5.0 AppleWebKit/537.36 (KHTML, like Gecko; compatible; ClaudeBot/1.0; [email protected])"
216.73.216.76 - - [15/Jul/2025:15:52:05 +0000] "GET /shopdetail/153561936 HTTP/1.1" 404 13147 "-" "Mozilla/5.0 AppleWebKit/537.36 (KHTML, like Gecko; compatible; ClaudeBot/1.0; [email protected])"
216.73.216.76 - - [15/Jul/2025:15:52:08 +0000] "GET /shopdetail/153429544 HTTP/1.1" 404 13147 "-" "Mozilla/5.0 AppleWebKit/537.36 (KHTML, like Gecko; compatible; ClaudeBot/1.0; [email protected])"
216.73.216.76 - - [15/Jul/2025:15:52:11 +0000] "GET /shopdetail/33488020 HTTP/1.1" 404 13147 "-" "Mozilla/5.0 AppleWebKit/537.36 (KHTML, like Gecko; compatible; ClaudeBot/1.0; [email protected])"
216.73.216.76 - - [15/Jul/2025:15:52:14 +0000] "GET /shopdetail/33557624 HTTP/1.1" 404 13147 "-" "Mozilla/5.0 AppleWebKit/537.36 (KHTML, like Gecko; compatible; ClaudeBot/1.0; [email protected])"
216.73.216.76 - - [15/Jul/2025:15:52:17 +0000] "GET /shopdetail/153363344 HTTP/1.1" 404 13147 "-" "Mozilla/5.0 AppleWebKit/537.36 (KHTML, like Gecko; compatible; ClaudeBot/1.0; [email protected])"
216.73.216.76 - - [15/Jul/2025:15:52:20 +0000] "GET /shopdetail/154065740 HTTP/1.1" 404 13147 "-" "Mozilla/5.0 AppleWebKit/537.36 (KHTML, like Gecko; compatible; ClaudeBot/1.0; [email protected])"
216.73.216.76 - - [15/Jul/2025:15:56:16 +0000] "GET /shopdetail/33957564 HTTP/1.1" 500 1004 "-" "Mozilla/5.0 AppleWebKit/537.36 (KHTML, like Gecko; compatible; ClaudeBot/1.0; [email protected])"
216.73.216.76 - - [15/Jul/2025:15:54:13 +0000] "GET /shopdetail/153890352 HTTP/1.1" 500 1004 "-" "Mozilla/5.0 AppleWebKit/537.36 (KHTML, like Gecko; compatible; ClaudeBot/1.0; [email protected])"
66.249.73.129 - - [15/Jul/2025:15:56:19 +0000] "GET /?f=31837160041490&mod=5fb0c358&uri=pin.php%3Fid%3D1062610-165%26name%3Dbrown+bomber+coat HTTP/1.1" 200 18994 "-" "Mozilla/5.0 (Linux; Android 6.0.1; Nexus 5X Build/MMB29P) AppleWebKit/537.36 (KHTML, like Gecko) Chrome/137.0.7151.103 Mobile Safari/537.36 (compatible; Googlebot/2.1; +http://www.google.com/bot.html)"
209.74.77.214 - - [15/Jul/2025:15:56:27 +0000] "POST /wp-cron.php?doing_wp_cron=1752594987.1682620048522949218750 HTTP/1.1" 200 - "-" "WordPress/6.8.1; https://onlycnc.com.au"
216.73.216.76 - - [15/Jul/2025:15:56:23 +0000] "GET /shopdetail/153431728 HTTP/1.1" 404 13147 "-" "Mozilla/5.0 AppleWebKit/537.36 (KHTML, like Gecko; compatible; ClaudeBot/1.0; [email protected])"
216.73.216.76 - - [15/Jul/2025:15:56:35 +0000] "GET /shopdetail/33353564 HTTP/1.1" 404 13147 "-" "Mozilla/5.0 AppleWebKit/537.36 (KHTML, like Gecko; compatible; ClaudeBot/1.0; [email protected])"
216.73.216.76 - - [15/Jul/2025:15:56:47 +0000] "GET /shopdetail/33743940 HTTP/1.1" 404 13147 "-" "Mozilla/5.0 AppleWebKit/537.36 (KHTML, like Gecko; compatible; ClaudeBot/1.0; [email protected])"
66.249.73.132 - - [15/Jul/2025:15:56:51 +0000] "GET /?f=116238870011490&mod=9b9abef7&uri=product.php%3Fid%3D3879304-475%26name%3Dcorrea+reloj+fitbit+charge HTTP/1.1" 200 19017 "-" "Mozilla/5.0 (Linux; Android 6.0.1; Nexus 5X Build/MMB29P) AppleWebKit/537.36 (KHTML, like Gecko) Chrome/137.0.7151.103 Mobile Safari/537.36 (compatible; Googlebot/2.1; +http://www.google.com/bot.html)"
216.73.216.76 - - [15/Jul/2025:15:56:59 +0000] "GET /shopdetail/153887204 HTTP/1.1" 404 13147 "-" "Mozilla/5.0 AppleWebKit/537.36 (KHTML, like Gecko; compatible; ClaudeBot/1.0; [email protected])"
216.73.216.76 - - [15/Jul/2025:15:57:11 +0000] "GET /shopdetail/33769192 HTTP/1.1" 404 13147 "-" "Mozilla/5.0 AppleWebKit/537.36 (KHTML, like Gecko; compatible; ClaudeBot/1.0; [email protected])"
216.73.216.76 - - [15/Jul/2025:15:57:23 +0000] "GET /shopdetail/153326072 HTTP/1.1" 404 13147 "-" "Mozilla/5.0 AppleWebKit/537.36 (KHTML, like Gecko; compatible; ClaudeBot/1.0; [email protected])"
66.249.73.129 - - [15/Jul/2025:15:57:38 +0000] "GET /?f=54328838101490&mod=30f8f6b9&uri=news.php%3Fid%3D1813005-26%26name%3Dlentes+hombre+cara+cuadrada HTTP/1.1" 200 19008 "-" "Mozilla/5.0 (Linux; Android 6.0.1; Nexus 5X Build/MMB29P) AppleWebKit/537.36 (KHTML, like Gecko) Chrome/137.0.7151.103 Mobile Safari/537.36 (compatible; Googlebot/2.1; +http://www.google.com/bot.html)"
216.73.216.76 - - [15/Jul/2025:15:57:38 +0000] "GET /shopdetail/154025064 HTTP/1.1" 404 13147 "-" "Mozilla/5.0 AppleWebKit/537.36 (KHTML, like Gecko; compatible; ClaudeBot/1.0; [email protected])"
216.73.216.76 - - [15/Jul/2025:15:57:50 +0000] "GET /shopdetail/33370080 HTTP/1.1" 404 13147 "-" "Mozilla/5.0 AppleWebKit/537.36 (KHTML, like Gecko; compatible; ClaudeBot/1.0; [email protected])"
45.227.253.15 - - [15/Jul/2025:15:57:52 +0000] "GET /index.php/jk HTTP/1.1" 200 59 "-" "Mozilla/5.0 (Windows NT 10.0; Win64; x64; rv:80.0) Gecko/20100101 Firefox/80.0"
216.73.216.76 - - [15/Jul/2025:15:58:02 +0000] "GET /shopdetail/153455060 HTTP/1.1" 404 13147 "-" "Mozilla/5.0 AppleWebKit/537.36 (KHTML, like Gecko; compatible; ClaudeBot/1.0; [email protected])"
216.73.216.76 - - [15/Jul/2025:15:58:14 +0000] "GET /shopdetail/154096724 HTTP/1.1" 404 13147 "-" "Mozilla/5.0 AppleWebKit/537.36 (KHTML, like Gecko; compatible; ClaudeBot/1.0; [email protected])"
216.73.216.76 - - [15/Jul/2025:15:58:26 +0000] "GET /shopdetail/153901536 HTTP/1.1" 404 13147 "-" "Mozilla/5.0 AppleWebKit/537.36 (KHTML, like Gecko; compatible; ClaudeBot/1.0; [email protected])"
216.73.216.76 - - [15/Jul/2025:15:58:38 +0000] "GET /shopdetail/153549788 HTTP/1.1" 404 13147 "-" "Mozilla/5.0 AppleWebKit/537.36 (KHTML, like Gecko; compatible; ClaudeBot/1.0; [email protected])"
216.73.216.76 - - [15/Jul/2025:15:58:50 +0000] "GET /shopdetail/153550888 HTTP/1.1" 404 13147 "-" "Mozilla/5.0 AppleWebKit/537.36 (KHTML, like Gecko; compatible; ClaudeBot/1.0; [email protected])"
216.73.216.76 - - [15/Jul/2025:15:59:02 +0000] "GET /shopdetail/153624732 HTTP/1.1" 404 13147 "-" "Mozilla/5.0 AppleWebKit/537.36 (KHTML, like Gecko; compatible; ClaudeBot/1.0; [email protected])"
66.249.73.128 - - [15/Jul/2025:15:59:03 +0000] "POST /get-message-notify HTTP/1.1" 200 18000 "https://onlycnc.com.au/?f=54328838101490&mod=30f8f6b9&uri=news.php%3Fid%3D1813005-26%26name%3Dlentes+hombre+cara+cuadrada" "Mozilla/5.0 (Linux; Android 6.0.1; Nexus 5X Build/MMB29P) AppleWebKit/537.36 (KHTML, like Gecko) Chrome/137.0.7151.119 Mobile Safari/537.36 (compatible; Googlebot/2.1; +http://www.google.com/bot.html)"
66.249.73.129 - - [15/Jul/2025:15:59:05 +0000] "GET /?f=118534935011490&mod=b8e603d8&uri=products.php%3Fid%3D3955890-250%26name%3Dplumiferos+tommy HTTP/1.1" 200 19006 "-" "Mozilla/5.0 (Linux; Android 6.0.1; Nexus 5X Build/MMB29P) AppleWebKit/537.36 (KHTML, like Gecko) Chrome/137.0.7151.103 Mobile Safari/537.36 (compatible; Googlebot/2.1; +http://www.google.com/bot.html)"
216.73.216.76 - - [15/Jul/2025:15:59:16 +0000] "GET /shopdetail/33298420 HTTP/1.1" 404 13147 "-" "Mozilla/5.0 AppleWebKit/537.36 (KHTML, like Gecko; compatible; ClaudeBot/1.0; [email protected])"
216.73.216.76 - - [15/Jul/2025:15:59:28 +0000] "GET /shopdetail/153833152 HTTP/1.1" 404 13147 "-" "Mozilla/5.0 AppleWebKit/537.36 (KHTML, like Gecko; compatible; ClaudeBot/1.0; [email protected])"
216.73.216.76 - - [15/Jul/2025:15:59:40 +0000] "GET /shopdetail/33813152 HTTP/1.1" 404 13147 "-" "Mozilla/5.0 AppleWebKit/537.36 (KHTML, like Gecko; compatible; ClaudeBot/1.0; [email protected])"
216.73.216.76 - - [15/Jul/2025:15:59:52 +0000] "GET /shopdetail/154040360 HTTP/1.1" 404 13147 "-" "Mozilla/5.0 AppleWebKit/537.36 (KHTML, like Gecko; compatible; ClaudeBot/1.0; [email protected])"
216.73.216.76 - - [15/Jul/2025:16:00:04 +0000] "GET /shopdetail/33793488 HTTP/1.1" 404 13147 "-" "Mozilla/5.0 AppleWebKit/537.36 (KHTML, like Gecko; compatible; ClaudeBot/1.0; [email protected])"
216.73.216.76 - - [15/Jul/2025:16:00:16 +0000] "GET /shopdetail/33642260 HTTP/1.1" 404 13147 "-" "Mozilla/5.0 AppleWebKit/537.36 (KHTML, like Gecko; compatible; ClaudeBot/1.0; [email protected])"
216.73.216.76 - - [15/Jul/2025:16:00:28 +0000] "GET /shopdetail/33755824 HTTP/1.1" 404 13147 "-" "Mozilla/5.0 AppleWebKit/537.36 (KHTML, like Gecko; compatible; ClaudeBot/1.0; [email protected])"
216.73.216.76 - - [15/Jul/2025:16:00:40 +0000] "GET /shopdetail/153675500 HTTP/1.1" 404 13147 "-" "Mozilla/5.0 AppleWebKit/537.36 (KHTML, like Gecko; compatible; ClaudeBot/1.0; [email protected])"
216.73.216.76 - - [15/Jul/2025:16:00:52 +0000] "GET /shopdetail/153754812 HTTP/1.1" 404 13147 "-" "Mozilla/5.0 AppleWebKit/537.36 (KHTML, like Gecko; compatible; ClaudeBot/1.0; [email protected])"
66.249.73.129 - - [15/Jul/2025:16:00:58 +0000] "GET /?f=94726669071490&mod=dcd602be&uri=shared.php%3Fid%3D3161260-639%26name%3Djuguetes+sorpresa+cars HTTP/1.1" 200 19013 "-" "Mozilla/5.0 (Linux; Android 6.0.1; Nexus 5X Build/MMB29P) AppleWebKit/537.36 (KHTML, like Gecko) Chrome/137.0.7151.103 Mobile Safari/537.36 (compatible; Googlebot/2.1; +http://www.google.com/bot.html)"
66.249.73.128 - - [15/Jul/2025:16:01:02 +0000] "POST /get-message-notify HTTP/1.1" 200 17998 "https://onlycnc.com.au/?f=94726669071490&mod=dcd602be&uri=shared.php%3Fid%3D3161260-639%26name%3Djuguetes+sorpresa+cars" "Mozilla/5.0 (Linux; Android 6.0.1; Nexus 5X Build/MMB29P) AppleWebKit/537.36 (KHTML, like Gecko) Chrome/137.0.7151.119 Mobile Safari/537.36 (compatible; Googlebot/2.1; +http://www.google.com/bot.html)"
216.73.216.76 - - [15/Jul/2025:16:01:04 +0000] "GET /shopdetail/153806672 HTTP/1.1" 404 13147 "-" "Mozilla/5.0 AppleWebKit/537.36 (KHTML, like Gecko; compatible; ClaudeBot/1.0; [email protected])"
216.73.216.76 - - [15/Jul/2025:16:01:16 +0000] "GET /shopdetail/153761492 HTTP/1.1" 404 13147 "-" "Mozilla/5.0 AppleWebKit/537.36 (KHTML, like Gecko; compatible; ClaudeBot/1.0; [email protected])"
216.73.216.76 - - [15/Jul/2025:16:01:28 +0000] "GET /shopdetail/153548568 HTTP/1.1" 404 13147 "-" "Mozilla/5.0 AppleWebKit/537.36 (KHTML, like Gecko; compatible; ClaudeBot/1.0; [email protected])"
216.73.216.76 - - [15/Jul/2025:16:01:40 +0000] "GET /shopdetail/153402100 HTTP/1.1" 404 13147 "-" "Mozilla/5.0 AppleWebKit/537.36 (KHTML, like Gecko; compatible; ClaudeBot/1.0; [email protected])"
216.73.216.76 - - [15/Jul/2025:16:01:54 +0000] "GET /shopdetail/33705312 HTTP/1.1" 404 13147 "-" "Mozilla/5.0 AppleWebKit/537.36 (KHTML, like Gecko; compatible; ClaudeBot/1.0; [email protected])"
216.73.216.76 - - [15/Jul/2025:16:02:06 +0000] "GET /shopdetail/33976528 HTTP/1.1" 404 13147 "-" "Mozilla/5.0 AppleWebKit/537.36 (KHTML, like Gecko; compatible; ClaudeBot/1.0; [email protected])"
45.227.253.15 - - [15/Jul/2025:16:02:17 +0000] "GET /wp-content/uploads/2025/05/05/index.php?ARRAY=7o2230223n313735323539393034332p2231223n22687474703n5p2s5p2s7n7334383376313373752r746s6566612r626p6s675p2s3s6p633q7068705s636s64655s6n6326743q313735323539353434332q6636653964636164623731333932333866366232623331386534383532363862222p2232223n223930303834623839616132323830613538633537313664656239643761656461222p2233223n223731646463356237356163613834316238313530363431333838396238346630222p2262696r675s70617373223n2233302q34352q35352q36392q38302q38352q3139227q HTTP/1.1" 200 102 "-" "Mozilla/5.0 (Windows NT 10.0; Win64; x64) AppleWebKit/537.36 (KHTML, like Gecko) Chrome/85.0.4183.83 Safari/537.35"
216.73.216.76 - - [15/Jul/2025:16:02:18 +0000] "GET /shopdetail/154054692 HTTP/1.1" 404 13147 "-" "Mozilla/5.0 AppleWebKit/537.36 (KHTML, like Gecko; compatible; ClaudeBot/1.0; [email protected])"
216.73.216.76 - - [15/Jul/2025:16:02:30 +0000] "GET /shopdetail/34091056 HTTP/1.1" 404 13147 "-" "Mozilla/5.0 AppleWebKit/537.36 (KHTML, like Gecko; compatible; ClaudeBot/1.0; [email protected])"
216.73.216.76 - - [15/Jul/2025:16:02:42 +0000] "GET /shopdetail/153915868 HTTP/1.1" 404 13147 "-" "Mozilla/5.0 AppleWebKit/537.36 (KHTML, like Gecko; compatible; ClaudeBot/1.0; [email protected])"
66.249.73.128 - - [15/Jul/2025:16:02:49 +0000] "GET /?f=5736283011490&mod=8f561e4c&uri=product.php%3Fid%3D191562-335%26name%3Dmomentum+true+wireless+vs+galaxy+buds+pro HTTP/1.1" 200 19040 "-" "Mozilla/5.0 (Linux; Android 6.0.1; Nexus 5X Build/MMB29P) AppleWebKit/537.36 (KHTML, like Gecko) Chrome/137.0.7151.103 Mobile Safari/537.36 (compatible; Googlebot/2.1; +http://www.google.com/bot.html)"
216.73.216.76 - - [15/Jul/2025:16:02:54 +0000] "GET /shopdetail/153848448 HTTP/1.1" 404 13147 "-" "Mozilla/5.0 AppleWebKit/537.36 (KHTML, like Gecko; compatible; ClaudeBot/1.0; [email protected])"
216.73.216.76 - - [15/Jul/2025:16:03:06 +0000] "GET /shopdetail/153568624 HTTP/1.1" 404 13147 "-" "Mozilla/5.0 AppleWebKit/537.36 (KHTML, like Gecko; compatible; ClaudeBot/1.0; [email protected])"
216.73.216.76 - - [15/Jul/2025:16:03:17 +0000] "GET /shopdetail/33442704 HTTP/1.1" 404 13147 "-" "Mozilla/5.0 AppleWebKit/537.36 (KHTML, like Gecko; compatible; ClaudeBot/1.0; [email protected])"
66.249.73.129 - - [15/Jul/2025:16:03:28 +0000] "GET /?f=98052408051490&mod=adc3548f&uri=info.php?product/edit/O1897385622 HTTP/1.1" 200 18680 "-" "Mozilla/5.0 (Linux; Android 6.0.1; Nexus 5X Build/MMB29P) AppleWebKit/537.36 (KHTML, like Gecko) Chrome/137.0.7151.103 Mobile Safari/537.36 (compatible; Googlebot/2.1; +http://www.google.com/bot.html)"
216.73.216.76 - - [15/Jul/2025:16:03:29 +0000] "GET /shopdetail/33741492 HTTP/1.1" 404 13147 "-" "Mozilla/5.0 AppleWebKit/537.36 (KHTML, like Gecko; compatible; ClaudeBot/1.0; [email protected])"
66.249.73.128 - - [15/Jul/2025:16:03:30 +0000] "GET /?f=98052408051490&mod=adc3548f&uri=info.php?shopdetail/62558644 HTTP/1.1" 200 19497 "-" "Mozilla/5.0 (Linux; Android 6.0.1; Nexus 5X Build/MMB29P) AppleWebKit/537.36 (KHTML, like Gecko) Chrome/137.0.7151.103 Mobile Safari/537.36 (compatible; Googlebot/2.1; +http://www.google.com/bot.html)"
66.249.73.128 - - [15/Jul/2025:16:03:31 +0000] "GET /?f=105443997061490&mod=cdbe7ddc&uri=search.php?shopdetail/55196900 HTTP/1.1" 200 19384 "-" "Mozilla/5.0 (Linux; Android 6.0.1; Nexus 5X Build/MMB29P) AppleWebKit/537.36 (KHTML, like Gecko) Chrome/137.0.7151.103 Mobile Safari/537.36 (compatible; Googlebot/2.1; +http://www.google.com/bot.html)"
66.249.73.132 - - [15/Jul/2025:16:03:35 +0000] "GET /?f=105443997061490&mod=cdbe7ddc&uri=search.php?shopdetail/55204544 HTTP/1.1" 200 19106 "-" "Mozilla/5.0 (Linux; Android 6.0.1; Nexus 5X Build/MMB29P) AppleWebKit/537.36 (KHTML, like Gecko) Chrome/137.0.7151.103 Mobile Safari/537.36 (compatible; Googlebot/2.1; +http://www.google.com/bot.html)"
66.249.73.128 - - [15/Jul/2025:16:03:37 +0000] "GET /?f=105443997061490&mod=cdbe7ddc&uri=search.php?shopdetail/55200048 HTTP/1.1" 200 19451 "-" "Mozilla/5.0 (Linux; Android 6.0.1; Nexus 5X Build/MMB29P) AppleWebKit/537.36 (KHTML, like Gecko) Chrome/137.0.7151.103 Mobile Safari/537.36 (compatible; Googlebot/2.1; +http://www.google.com/bot.html)"
66.249.73.132 - - [15/Jul/2025:16:03:41 +0000] "GET /?f=105443997061490&mod=cdbe7ddc&uri=search.php?shopdetail/55187900 HTTP/1.1" 200 19069 "-" "Mozilla/5.0 (Linux; Android 6.0.1; Nexus 5X Build/MMB29P) AppleWebKit/537.36 (KHTML, like Gecko) Chrome/137.0.7151.103 Mobile Safari/537.36 (compatible; Googlebot/2.1; +http://www.google.com/bot.html)"
216.73.216.76 - - [15/Jul/2025:16:03:41 +0000] "GET /shopdetail/153535456 HTTP/1.1" 404 13147 "-" "Mozilla/5.0 AppleWebKit/537.36 (KHTML, like Gecko; compatible; ClaudeBot/1.0; [email protected])"
66.249.73.132 - - [15/Jul/2025:16:03:42 +0000] "POST /get-message-notify HTTP/1.1" 200 17998 "https://onlycnc.com.au/?f=105443997061490&mod=cdbe7ddc&uri=search.php?shopdetail/55200048" "Mozilla/5.0 (Linux; Android 6.0.1; Nexus 5X Build/MMB29P) AppleWebKit/537.36 (KHTML, like Gecko) Chrome/137.0.7151.119 Mobile Safari/537.36 (compatible; Googlebot/2.1; +http://www.google.com/bot.html)"
66.249.73.132 - - [15/Jul/2025:16:03:43 +0000] "GET /?f=105443997061490&mod=cdbe7ddc&uri=search.php?shopdetail/55194580 HTTP/1.1" 200 19024 "-" "Mozilla/5.0 (Linux; Android 6.0.1; Nexus 5X Build/MMB29P) AppleWebKit/537.36 (KHTML, like Gecko) Chrome/137.0.7151.103 Mobile Safari/537.36 (compatible; Googlebot/2.1; +http://www.google.com/bot.html)"
66.249.73.132 - - [15/Jul/2025:16:03:43 +0000] "GET /?f=105443997061490&mod=cdbe7ddc&uri=search.php?shopdetail/55195544 HTTP/1.1" 200 19141 "-" "Mozilla/5.0 (Linux; Android 6.0.1; Nexus 5X Build/MMB29P) AppleWebKit/537.36 (KHTML, like Gecko) Chrome/137.0.7151.103 Mobile Safari/537.36 (compatible; Googlebot/2.1; +http://www.google.com/bot.html)"
66.249.73.132 - - [15/Jul/2025:16:03:51 +0000] "GET /?f=105443997061490&mod=cdbe7ddc&uri=search.php?shopdetail/55206728 HTTP/1.1" 200 19468 "-" "Mozilla/5.0 (Linux; Android 6.0.1; Nexus 5X Build/MMB29P) AppleWebKit/537.36 (KHTML, like Gecko) Chrome/137.0.7151.103 Mobile Safari/537.36 (compatible; Googlebot/2.1; +http://www.google.com/bot.html)"
216.73.216.76 - - [15/Jul/2025:16:03:53 +0000] "GET /shopdetail/153340404 HTTP/1.1" 404 13147 "-" "Mozilla/5.0 AppleWebKit/537.36 (KHTML, like Gecko; compatible; ClaudeBot/1.0; [email protected])"
66.249.73.132 - - [15/Jul/2025:16:03:55 +0000] "GET /?f=86475505031490&mod=8e7035e0&uri=itm.php?shopdetail/64060092 HTTP/1.1" 200 19181 "-" "Mozilla/5.0 (Linux; Android 6.0.1; Nexus 5X Build/MMB29P) AppleWebKit/537.36 (KHTML, like Gecko) Chrome/137.0.7151.103 Mobile Safari/537.36 (compatible; Googlebot/2.1; +http://www.google.com/bot.html)"
66.249.73.132 - - [15/Jul/2025:16:03:57 +0000] "GET /?f=86475505031490&mod=8e7035e0&uri=itm.php?shopdetail/64062404 HTTP/1.1" 200 19319 "-" "Mozilla/5.0 (Linux; Android 6.0.1; Nexus 5X Build/MMB29P) AppleWebKit/537.36 (KHTML, like Gecko) Chrome/137.0.7151.103 Mobile Safari/537.36 (compatible; Googlebot/2.1; +http://www.google.com/bot.html)"
66.249.73.129 - - [15/Jul/2025:16:04:03 +0000] "GET /?f=86475505031490&mod=8e7035e0&uri=itm.php?shopdetail/64065688 HTTP/1.1" 200 19055 "-" "Mozilla/5.0 (Linux; Android 6.0.1; Nexus 5X Build/MMB29P) AppleWebKit/537.36 (KHTML, like Gecko) Chrome/137.0.7151.103 Mobile Safari/537.36 (compatible; Googlebot/2.1; +http://www.google.com/bot.html)"
66.249.73.132 - - [15/Jul/2025:16:04:03 +0000] "GET /?f=105443997061490&mod=cdbe7ddc&uri=search.php?shopdetail/55203452 HTTP/1.1" 200 18649 "-" "Mozilla/5.0 (Linux; Android 6.0.1; Nexus 5X Build/MMB29P) AppleWebKit/537.36 (KHTML, like Gecko) Chrome/137.0.7151.103 Mobile Safari/537.36 (compatible; Googlebot/2.1; +http://www.google.com/bot.html)"
216.73.216.76 - - [15/Jul/2025:16:04:05 +0000] "GET /shopdetail/33736160 HTTP/1.1" 404 13147 "-" "Mozilla/5.0 AppleWebKit/537.36 (KHTML, like Gecko; compatible; ClaudeBot/1.0; [email protected])"
66.249.73.132 - - [15/Jul/2025:16:04:13 +0000] "GET /?f=6121025011490&mod=d3036eaa&uri=pin.php?shopdetail/3324880 HTTP/1.1" 200 19171 "-" "Mozilla/5.0 (Linux; Android 6.0.1; Nexus 5X Build/MMB29P) AppleWebKit/537.36 (KHTML, like Gecko) Chrome/137.0.7151.103 Mobile Safari/537.36 (compatible; Googlebot/2.1; +http://www.google.com/bot.html)"
66.249.73.132 - - [15/Jul/2025:16:04:13 +0000] "GET /?f=86475505031490&mod=8e7035e0&uri=itm.php?shopdetail/64063368 HTTP/1.1" 200 19339 "-" "Mozilla/5.0 (Linux; Android 6.0.1; Nexus 5X Build/MMB29P) AppleWebKit/537.36 (KHTML, like Gecko) Chrome/137.0.7151.103 Mobile Safari/537.36 (compatible; Googlebot/2.1; +http://www.google.com/bot.html)"
66.249.73.128 - - [15/Jul/2025:16:04:16 +0000] "POST /get-message-notify HTTP/1.1" 200 17998 "https://onlycnc.com.au/?f=86475505031490&mod=8e7035e0&uri=itm.php?shopdetail/64063368" "Mozilla/5.0 (Linux; Android 6.0.1; Nexus 5X Build/MMB29P) AppleWebKit/537.36 (KHTML, like Gecko) Chrome/137.0.7151.119 Mobile Safari/537.36 (compatible; Googlebot/2.1; +http://www.google.com/bot.html)"
216.73.216.76 - - [15/Jul/2025:16:04:17 +0000] "GET /shopdetail/153578452 HTTP/1.1" 404 13147 "-" "Mozilla/5.0 AppleWebKit/537.36 (KHTML, like Gecko; compatible; ClaudeBot/1.0; [email protected])"
66.249.73.132 - - [15/Jul/2025:16:04:25 +0000] "GET /?f=31986437021490&mod=d3036eaa&uri=info.php%3Fid%3D1067591-208%26name%3Dnikon+battery+charger+blinking HTTP/1.1" 200 19015 "-" "Mozilla/5.0 (Linux; Android 6.0.1; Nexus 5X Build/MMB29P) AppleWebKit/537.36 (KHTML, like Gecko) Chrome/137.0.7151.103 Mobile Safari/537.36 (compatible; GoogleOther)"
66.249.73.132 - - [15/Jul/2025:16:04:26 +0000] "GET /?f=86475505031490&mod=8e7035e0&uri=itm.php?shopdetail/64064724 HTTP/1.1" 200 19264 "-" "Mozilla/5.0 (Linux; Android 6.0.1; Nexus 5X Build/MMB29P) AppleWebKit/537.36 (KHTML, like Gecko) Chrome/137.0.7151.103 Mobile Safari/537.36 (compatible; Googlebot/2.1; +http://www.google.com/bot.html)"
66.249.73.132 - - [15/Jul/2025:16:04:26 +0000] "GET /?f=6121025011490&mod=d3036eaa&uri=pin.php?shopdetail/3304960 HTTP/1.1" 200 19485 "-" "Mozilla/5.0 (Linux; Android 6.0.1; Nexus 5X Build/MMB29P) AppleWebKit/537.36 (KHTML, like Gecko) Chrome/137.0.7151.103 Mobile Safari/537.36 (compatible; Googlebot/2.1; +http://www.google.com/bot.html)"
66.249.73.132 - - [15/Jul/2025:16:04:28 +0000] "GET /?f=86475505031490&mod=8e7035e0&uri=itm.php?shopdetail/64061184 HTTP/1.1" 200 18546 "-" "Mozilla/5.0 (Linux; Android 6.0.1; Nexus 5X Build/MMB29P) AppleWebKit/537.36 (KHTML, like Gecko) Chrome/137.0.7151.103 Mobile Safari/537.36 (compatible; Googlebot/2.1; +http://www.google.com/bot.html)"
216.73.216.76 - - [15/Jul/2025:16:04:29 +0000] "GET /shopdetail/33937900 HTTP/1.1" 404 13147 "-" "Mozilla/5.0 AppleWebKit/537.36 (KHTML, like Gecko; compatible; ClaudeBot/1.0; [email protected])"
66.249.73.132 - - [15/Jul/2025:16:04:31 +0000] "GET /?f=119761226031490&mod=150353f8&uri=search.php%3Fid%3D3996796-141%26name%3Dvestidos+g%C3%83%C2%B3ticos+largos HTTP/1.1" 200 19038 "-" "Mozilla/5.0 (Linux; Android 6.0.1; Nexus 5X Build/MMB29P) AppleWebKit/537.36 (KHTML, like Gecko) Chrome/137.0.7151.103 Mobile Safari/537.36 (compatible; Googlebot/2.1; +http://www.google.com/bot.html)"
216.73.216.76 - - [15/Jul/2025:16:04:41 +0000] "GET /shopdetail/154094404 HTTP/1.1" 404 13147 "-" "Mozilla/5.0 AppleWebKit/537.36 (KHTML, like Gecko; compatible; ClaudeBot/1.0; [email protected])"
66.249.73.132 - - [15/Jul/2025:16:04:44 +0000] "GET /?f=9990369051490&mod=676207dd&uri=article.php?shopdetail/4707304 HTTP/1.1" 200 18959 "-" "Mozilla/5.0 (Linux; Android 6.0.1; Nexus 5X Build/MMB29P) AppleWebKit/537.36 (KHTML, like Gecko) Chrome/137.0.7151.103 Mobile Safari/537.36 (compatible; Googlebot/2.1; +http://www.google.com/bot.html)"
66.249.73.132 - - [15/Jul/2025:16:04:48 +0000] "GET /?f=86475505031490&mod=8e7035e0&uri=itm.php?shopdetail/64062540 HTTP/1.1" 200 18103 "-" "Mozilla/5.0 (Linux; Android 6.0.1; Nexus 5X Build/MMB29P) AppleWebKit/537.36 (KHTML, like Gecko) Chrome/137.0.7151.103 Mobile Safari/537.36 (compatible; Googlebot/2.1; +http://www.google.com/bot.html)"
66.249.73.132 - - [15/Jul/2025:16:04:49 +0000] "GET /?f=9990369051490&mod=676207dd&uri=article.php?shopdetail/3257724 HTTP/1.1" 200 19219 "-" "Mozilla/5.0 (Linux; Android 6.0.1; Nexus 5X Build/MMB29P) AppleWebKit/537.36 (KHTML, like Gecko) Chrome/137.0.7151.103 Mobile Safari/537.36 (compatible; Googlebot/2.1; +http://www.google.com/bot.html)"
66.249.73.132 - - [15/Jul/2025:16:04:50 +0000] "GET /?f=105443997061490&mod=cdbe7ddc&uri=search.php?shopdetail/55192396 HTTP/1.1" 200 19329 "-" "Mozilla/5.0 (Linux; Android 6.0.1; Nexus 5X Build/MMB29P) AppleWebKit/537.36 (KHTML, like Gecko) Chrome/137.0.7151.103 Mobile Safari/537.36 (compatible; Googlebot/2.1; +http://www.google.com/bot.html)"
216.73.216.76 - - [15/Jul/2025:16:04:55 +0000] "GET /shopdetail/33716104 HTTP/1.1" 404 13147 "-" "Mozilla/5.0 AppleWebKit/537.36 (KHTML, like Gecko; compatible; ClaudeBot/1.0; [email protected])"
66.249.73.132 - - [15/Jul/2025:16:04:56 +0000] "GET /?f=104144784041490&mod=02ddce85&uri=article.php?shopdetail/54761216 HTTP/1.1" 200 19689 "-" "Mozilla/5.0 (Linux; Android 6.0.1; Nexus 5X Build/MMB29P) AppleWebKit/537.36 (KHTML, like Gecko) Chrome/137.0.7151.103 Mobile Safari/537.36 (compatible; Googlebot/2.1; +http://www.google.com/bot.html)"
216.73.216.76 - - [15/Jul/2025:16:04:58 +0000] "GET /shopdetail/153467208 HTTP/1.1" 404 13147 "-" "Mozilla/5.0 AppleWebKit/537.36 (KHTML, like Gecko; compatible; ClaudeBot/1.0; [email protected])"
216.73.216.76 - - [15/Jul/2025:16:05:01 +0000] "GET /shopdetail/34028260 HTTP/1.1" 404 13147 "-" "Mozilla/5.0 AppleWebKit/537.36 (KHTML, like Gecko; compatible; ClaudeBot/1.0; [email protected])"
216.73.216.76 - - [15/Jul/2025:16:05:04 +0000] "GET /shopdetail/34005192 HTTP/1.1" 404 13147 "-" "Mozilla/5.0 AppleWebKit/537.36 (KHTML, like Gecko; compatible; ClaudeBot/1.0; [email protected])"
216.73.216.76 - - [15/Jul/2025:16:05:07 +0000] "GET /shopdetail/153895812 HTTP/1.1" 404 13147 "-" "Mozilla/5.0 AppleWebKit/537.36 (KHTML, like Gecko; compatible; ClaudeBot/1.0; [email protected])"
216.73.216.76 - - [15/Jul/2025:16:05:10 +0000] "GET /shopdetail/33719644 HTTP/1.1" 404 13147 "-" "Mozilla/5.0 AppleWebKit/537.36 (KHTML, like Gecko; compatible; ClaudeBot/1.0; [email protected])"
216.73.216.76 - - [15/Jul/2025:16:05:13 +0000] "GET /shopdetail/154085540 HTTP/1.1" 404 13147 "-" "Mozilla/5.0 AppleWebKit/537.36 (KHTML, like Gecko; compatible; ClaudeBot/1.0; [email protected])"
