216.73.216.76 - - [15/Jul/2025:15:22:13 +0000] "GET /shopdetail/153443876 HTTP/1.1" 404 13147 "-" "Mozilla/5.0 AppleWebKit/537.36 (KHTML, like Gecko; compatible; ClaudeBot/1.0; [email protected])"
216.73.216.76 - - [15/Jul/2025:15:23:12 +0000] "GET /shopdetail/33474908 HTTP/1.1" 404 13147 "-" "Mozilla/5.0 AppleWebKit/537.36 (KHTML, like Gecko; compatible; ClaudeBot/1.0; [email protected])"
216.73.216.76 - - [15/Jul/2025:15:23:15 +0000] "GET /shopdetail/153984252 HTTP/1.1" 404 13147 "-" "Mozilla/5.0 AppleWebKit/537.36 (KHTML, like Gecko; compatible; ClaudeBot/1.0; [email protected])"
216.73.216.76 - - [15/Jul/2025:15:23:18 +0000] "GET /shopdetail/153643432 HTTP/1.1" 404 13147 "-" "Mozilla/5.0 AppleWebKit/537.36 (KHTML, like Gecko; compatible; ClaudeBot/1.0; [email protected])"
216.73.216.76 - - [15/Jul/2025:15:23:21 +0000] "GET /shopdetail/33967528 HTTP/1.1" 404 13147 "-" "Mozilla/5.0 AppleWebKit/537.36 (KHTML, like Gecko; compatible; ClaudeBot/1.0; [email protected])"
216.73.216.76 - - [15/Jul/2025:15:23:24 +0000] "GET /shopdetail/153604932 HTTP/1.1" 404 13147 "-" "Mozilla/5.0 AppleWebKit/537.36 (KHTML, like Gecko; compatible; ClaudeBot/1.0; [email protected])"
216.73.216.76 - - [15/Jul/2025:15:23:27 +0000] "GET /shopdetail/153913684 HTTP/1.1" 404 13147 "-" "Mozilla/5.0 AppleWebKit/537.36 (KHTML, like Gecko; compatible; ClaudeBot/1.0; [email protected])"
66.249.73.132 - - [15/Jul/2025:15:23:30 +0000] "GET /?f=25482292121490&mod=c292b3e9&uri=news.php%3Fid%3D850497-91%26name%3Dscooty+seat+cover+price HTTP/1.1" 200 18997 "-" "Mozilla/5.0 (Linux; Android 6.0.1; Nexus 5X Build/MMB29P) AppleWebKit/537.36 (KHTML, like Gecko) Chrome/137.0.7151.103 Mobile Safari/537.36 (compatible; Googlebot/2.1; +http://www.google.com/bot.html)"
216.73.216.76 - - [15/Jul/2025:15:23:30 +0000] "GET /shopdetail/154132904 HTTP/1.1" 404 13147 "-" "Mozilla/5.0 AppleWebKit/537.36 (KHTML, like Gecko; compatible; ClaudeBot/1.0; [email protected])"
216.73.216.76 - - [15/Jul/2025:15:23:33 +0000] "GET /shopdetail/153936752 HTTP/1.1" 404 13147 "-" "Mozilla/5.0 AppleWebKit/537.36 (KHTML, like Gecko; compatible; ClaudeBot/1.0; [email protected])"
216.73.216.76 - - [15/Jul/2025:15:23:36 +0000] "GET /shopdetail/34096516 HTTP/1.1" 404 13147 "-" "Mozilla/5.0 AppleWebKit/537.36 (KHTML, like Gecko; compatible; ClaudeBot/1.0; [email protected])"
216.73.216.76 - - [15/Jul/2025:15:23:39 +0000] "GET /shopdetail/153911500 HTTP/1.1" 404 13147 "-" "Mozilla/5.0 AppleWebKit/537.36 (KHTML, like Gecko; compatible; ClaudeBot/1.0; [email protected])"
216.73.216.76 - - [15/Jul/2025:15:23:42 +0000] "GET /shopdetail/154039260 HTTP/1.1" 404 13147 "-" "Mozilla/5.0 AppleWebKit/537.36 (KHTML, like Gecko; compatible; ClaudeBot/1.0; [email protected])"
216.73.216.76 - - [15/Jul/2025:15:23:45 +0000] "GET /shopdetail/153557568 HTTP/1.1" 404 13147 "-" "Mozilla/5.0 AppleWebKit/537.36 (KHTML, like Gecko; compatible; ClaudeBot/1.0; [email protected])"
216.73.216.76 - - [15/Jul/2025:15:23:48 +0000] "GET /shopdetail/153692016 HTTP/1.1" 404 13147 "-" "Mozilla/5.0 AppleWebKit/537.36 (KHTML, like Gecko; compatible; ClaudeBot/1.0; [email protected])"
216.73.216.76 - - [15/Jul/2025:15:23:51 +0000] "GET /shopdetail/33630112 HTTP/1.1" 404 13147 "-" "Mozilla/5.0 AppleWebKit/537.36 (KHTML, like Gecko; compatible; ClaudeBot/1.0; [email protected])"
216.73.216.76 - - [15/Jul/2025:15:23:54 +0000] "GET /shopdetail/153476908 HTTP/1.1" 404 13147 "-" "Mozilla/5.0 AppleWebKit/537.36 (KHTML, like Gecko; compatible; ClaudeBot/1.0; [email protected])"
216.73.216.76 - - [15/Jul/2025:15:23:57 +0000] "GET /shopdetail/153664580 HTTP/1.1" 404 13147 "-" "Mozilla/5.0 AppleWebKit/537.36 (KHTML, like Gecko; compatible; ClaudeBot/1.0; [email protected])"
66.249.73.129 - - [15/Jul/2025:15:24:20 +0000] "POST /get-message-notify HTTP/1.1" 200 18000 "https://onlycnc.com.au/?f=25482292121490&mod=c292b3e9&uri=news.php%3Fid%3D850497-91%26name%3Dscooty+seat+cover+price" "Mozilla/5.0 (Linux; Android 6.0.1; Nexus 5X Build/MMB29P) AppleWebKit/537.36 (KHTML, like Gecko) Chrome/137.0.7151.119 Mobile Safari/537.36 (compatible; Googlebot/2.1; +http://www.google.com/bot.html)"
216.73.216.76 - - [15/Jul/2025:15:24:45 +0000] "GET /shopdetail/153392008 HTTP/1.1" 404 13147 "-" "Mozilla/5.0 AppleWebKit/537.36 (KHTML, like Gecko; compatible; ClaudeBot/1.0; [email protected])"
216.73.216.76 - - [15/Jul/2025:15:24:48 +0000] "GET /shopdetail/33776972 HTTP/1.1" 404 13147 "-" "Mozilla/5.0 AppleWebKit/537.36 (KHTML, like Gecko; compatible; ClaudeBot/1.0; [email protected])"
216.73.216.76 - - [15/Jul/2025:15:24:51 +0000] "GET /shopdetail/34021708 HTTP/1.1" 404 13147 "-" "Mozilla/5.0 AppleWebKit/537.36 (KHTML, like Gecko; compatible; ClaudeBot/1.0; [email protected])"
216.73.216.76 - - [15/Jul/2025:15:24:54 +0000] "GET /shopdetail/154034892 HTTP/1.1" 404 13147 "-" "Mozilla/5.0 AppleWebKit/537.36 (KHTML, like Gecko; compatible; ClaudeBot/1.0; [email protected])"
216.73.216.76 - - [15/Jul/2025:15:24:57 +0000] "GET /shopdetail/153949864 HTTP/1.1" 404 13147 "-" "Mozilla/5.0 AppleWebKit/537.36 (KHTML, like Gecko; compatible; ClaudeBot/1.0; [email protected])"
216.73.216.76 - - [15/Jul/2025:15:25:00 +0000] "GET /shopdetail/33742712 HTTP/1.1" 404 13147 "-" "Mozilla/5.0 AppleWebKit/537.36 (KHTML, like Gecko; compatible; ClaudeBot/1.0; [email protected])"
216.73.216.76 - - [15/Jul/2025:15:25:03 +0000] "GET /shopdetail/33362308 HTTP/1.1" 404 13147 "-" "Mozilla/5.0 AppleWebKit/537.36 (KHTML, like Gecko; compatible; ClaudeBot/1.0; [email protected])"
216.73.216.76 - - [15/Jul/2025:15:25:06 +0000] "GET /shopdetail/154092092 HTTP/1.1" 404 13147 "-" "Mozilla/5.0 AppleWebKit/537.36 (KHTML, like Gecko; compatible; ClaudeBot/1.0; [email protected])"
216.73.216.76 - - [15/Jul/2025:15:25:09 +0000] "GET /shopdetail/153409880 HTTP/1.1" 404 13147 "-" "Mozilla/5.0 AppleWebKit/537.36 (KHTML, like Gecko; compatible; ClaudeBot/1.0; [email protected])"
216.73.216.76 - - [15/Jul/2025:15:25:12 +0000] "GET /shopdetail/33579600 HTTP/1.1" 404 13147 "-" "Mozilla/5.0 AppleWebKit/537.36 (KHTML, like Gecko; compatible; ClaudeBot/1.0; [email protected])"
216.73.216.76 - - [15/Jul/2025:15:25:15 +0000] "GET /shopdetail/33385512 HTTP/1.1" 404 13147 "-" "Mozilla/5.0 AppleWebKit/537.36 (KHTML, like Gecko; compatible; ClaudeBot/1.0; [email protected])"
216.73.216.76 - - [15/Jul/2025:15:25:18 +0000] "GET /shopdetail/153451656 HTTP/1.1" 404 13147 "-" "Mozilla/5.0 AppleWebKit/537.36 (KHTML, like Gecko; compatible; ClaudeBot/1.0; [email protected])"
66.249.73.129 - - [15/Jul/2025:15:25:19 +0000] "GET /?f=86618923001490&mod=b57cd622&uri=info.php%3Fid%3D2890605-404%26name%3Dcani+vestiti+divertenti HTTP/1.1" 200 18999 "-" "Mozilla/5.0 (Linux; Android 6.0.1; Nexus 5X Build/MMB29P) AppleWebKit/537.36 (KHTML, like Gecko) Chrome/137.0.7151.103 Mobile Safari/537.36 (compatible; Googlebot/2.1; +http://www.google.com/bot.html)"
216.73.216.76 - - [15/Jul/2025:15:25:21 +0000] "GET /shopdetail/153513352 HTTP/1.1" 404 13147 "-" "Mozilla/5.0 AppleWebKit/537.36 (KHTML, like Gecko; compatible; ClaudeBot/1.0; [email protected])"
216.73.216.76 - - [15/Jul/2025:15:25:24 +0000] "GET /shopdetail/154098908 HTTP/1.1" 404 13147 "-" "Mozilla/5.0 AppleWebKit/537.36 (KHTML, like Gecko; compatible; ClaudeBot/1.0; [email protected])"
216.73.216.76 - - [15/Jul/2025:15:25:27 +0000] "GET /shopdetail/33445024 HTTP/1.1" 404 13147 "-" "Mozilla/5.0 AppleWebKit/537.36 (KHTML, like Gecko; compatible; ClaudeBot/1.0; [email protected])"
216.73.216.76 - - [15/Jul/2025:15:25:30 +0000] "GET /shopdetail/153957644 HTTP/1.1" 404 13147 "-" "Mozilla/5.0 AppleWebKit/537.36 (KHTML, like Gecko; compatible; ClaudeBot/1.0; [email protected])"
66.249.73.128 - - [15/Jul/2025:15:25:30 +0000] "POST /get-message-notify HTTP/1.1" 200 18000 "https://onlycnc.com.au/?f=86618923001490&mod=b57cd622&uri=info.php%3Fid%3D2890605-404%26name%3Dcani+vestiti+divertenti" "Mozilla/5.0 (Linux; Android 6.0.1; Nexus 5X Build/MMB29P) AppleWebKit/537.36 (KHTML, like Gecko) Chrome/137.0.7151.119 Mobile Safari/537.36 (compatible; Googlebot/2.1; +http://www.google.com/bot.html)"
216.73.216.76 - - [15/Jul/2025:15:26:41 +0000] "GET /shopdetail/34023892 HTTP/1.1" 404 13147 "-" "Mozilla/5.0 AppleWebKit/537.36 (KHTML, like Gecko; compatible; ClaudeBot/1.0; [email protected])"
216.73.216.76 - - [15/Jul/2025:15:26:44 +0000] "GET /shopdetail/33650168 HTTP/1.1" 404 13147 "-" "Mozilla/5.0 AppleWebKit/537.36 (KHTML, like Gecko; compatible; ClaudeBot/1.0; [email protected])"
216.73.216.76 - - [15/Jul/2025:15:26:47 +0000] "GET /shopdetail/153449464 HTTP/1.1" 404 13147 "-" "Mozilla/5.0 AppleWebKit/537.36 (KHTML, like Gecko; compatible; ClaudeBot/1.0; [email protected])"
216.73.216.76 - - [15/Jul/2025:15:26:50 +0000] "GET /shopdetail/153842024 HTTP/1.1" 404 13147 "-" "Mozilla/5.0 AppleWebKit/537.36 (KHTML, like Gecko; compatible; ClaudeBot/1.0; [email protected])"
216.73.216.76 - - [15/Jul/2025:15:26:53 +0000] "GET /shopdetail/33484872 HTTP/1.1" 404 13147 "-" "Mozilla/5.0 AppleWebKit/537.36 (KHTML, like Gecko; compatible; ClaudeBot/1.0; [email protected])"
216.73.216.76 - - [15/Jul/2025:15:26:56 +0000] "GET /shopdetail/33765788 HTTP/1.1" 404 13147 "-" "Mozilla/5.0 AppleWebKit/537.36 (KHTML, like Gecko; compatible; ClaudeBot/1.0; [email protected])"
216.73.216.76 - - [15/Jul/2025:15:26:59 +0000] "GET /shopdetail/153935532 HTTP/1.1" 404 13147 "-" "Mozilla/5.0 AppleWebKit/537.36 (KHTML, like Gecko; compatible; ClaudeBot/1.0; [email protected])"
216.73.216.76 - - [15/Jul/2025:15:27:02 +0000] "GET /shopdetail/153986308 HTTP/1.1" 404 13147 "-" "Mozilla/5.0 AppleWebKit/537.36 (KHTML, like Gecko; compatible; ClaudeBot/1.0; [email protected])"
216.73.216.76 - - [15/Jul/2025:15:27:05 +0000] "GET /shopdetail/153977564 HTTP/1.1" 404 13147 "-" "Mozilla/5.0 AppleWebKit/537.36 (KHTML, like Gecko; compatible; ClaudeBot/1.0; [email protected])"
216.73.216.76 - - [15/Jul/2025:15:27:08 +0000] "GET /shopdetail/33380044 HTTP/1.1" 404 13147 "-" "Mozilla/5.0 AppleWebKit/537.36 (KHTML, like Gecko; compatible; ClaudeBot/1.0; [email protected])"
216.73.216.76 - - [15/Jul/2025:15:27:11 +0000] "GET /shopdetail/34069072 HTTP/1.1" 404 13147 "-" "Mozilla/5.0 AppleWebKit/537.36 (KHTML, like Gecko; compatible; ClaudeBot/1.0; [email protected])"
66.249.73.129 - - [15/Jul/2025:15:27:14 +0000] "GET /?f=25831076061490&mod=66075d44&uri=news.php%3Fid%3D862131-887%26name%3Dsears+mens+shoes HTTP/1.1" 200 18992 "-" "Mozilla/5.0 (Linux; Android 6.0.1; Nexus 5X Build/MMB29P) AppleWebKit/537.36 (KHTML, like Gecko) Chrome/137.0.7151.103 Mobile Safari/537.36 (compatible; Googlebot/2.1; +http://www.google.com/bot.html)"
216.73.216.76 - - [15/Jul/2025:15:27:14 +0000] "GET /shopdetail/153909316 HTTP/1.1" 404 13147 "-" "Mozilla/5.0 AppleWebKit/537.36 (KHTML, like Gecko; compatible; ClaudeBot/1.0; [email protected])"
216.73.216.76 - - [15/Jul/2025:15:27:17 +0000] "GET /shopdetail/33381008 HTTP/1.1" 404 13147 "-" "Mozilla/5.0 AppleWebKit/537.36 (KHTML, like Gecko; compatible; ClaudeBot/1.0; [email protected])"
216.73.216.76 - - [15/Jul/2025:15:27:20 +0000] "GET /shopdetail/33507940 HTTP/1.1" 404 13147 "-" "Mozilla/5.0 AppleWebKit/537.36 (KHTML, like Gecko; compatible; ClaudeBot/1.0; [email protected])"
216.73.216.76 - - [15/Jul/2025:15:27:23 +0000] "GET /shopdetail/33503572 HTTP/1.1" 404 13147 "-" "Mozilla/5.0 AppleWebKit/537.36 (KHTML, like Gecko; compatible; ClaudeBot/1.0; [email protected])"
216.73.216.76 - - [15/Jul/2025:15:27:26 +0000] "GET /shopdetail/33589436 HTTP/1.1" 404 13147 "-" "Mozilla/5.0 AppleWebKit/537.36 (KHTML, like Gecko; compatible; ClaudeBot/1.0; [email protected])"
216.73.216.76 - - [15/Jul/2025:15:28:04 +0000] "GET /shopdetail/33534420 HTTP/1.1" 404 13147 "-" "Mozilla/5.0 AppleWebKit/537.36 (KHTML, like Gecko; compatible; ClaudeBot/1.0; [email protected])"
216.73.216.76 - - [15/Jul/2025:15:28:07 +0000] "GET /shopdetail/153752492 HTTP/1.1" 404 13147 "-" "Mozilla/5.0 AppleWebKit/537.36 (KHTML, like Gecko; compatible; ClaudeBot/1.0; [email protected])"
216.73.216.76 - - [15/Jul/2025:15:28:10 +0000] "GET /shopdetail/153945496 HTTP/1.1" 404 13147 "-" "Mozilla/5.0 AppleWebKit/537.36 (KHTML, like Gecko; compatible; ClaudeBot/1.0; [email protected])"
216.73.216.76 - - [15/Jul/2025:15:28:13 +0000] "GET /shopdetail/33744904 HTTP/1.1" 404 13147 "-" "Mozilla/5.0 AppleWebKit/537.36 (KHTML, like Gecko; compatible; ClaudeBot/1.0; [email protected])"
216.73.216.76 - - [15/Jul/2025:15:28:16 +0000] "GET /shopdetail/153925832 HTTP/1.1" 404 13147 "-" "Mozilla/5.0 AppleWebKit/537.36 (KHTML, like Gecko; compatible; ClaudeBot/1.0; [email protected])"
216.73.216.76 - - [15/Jul/2025:15:28:19 +0000] "GET /shopdetail/153333852 HTTP/1.1" 404 13147 "-" "Mozilla/5.0 AppleWebKit/537.36 (KHTML, like Gecko; compatible; ClaudeBot/1.0; [email protected])"
216.73.216.76 - - [15/Jul/2025:15:28:22 +0000] "GET /shopdetail/153953268 HTTP/1.1" 404 13147 "-" "Mozilla/5.0 AppleWebKit/537.36 (KHTML, like Gecko; compatible; ClaudeBot/1.0; [email protected])"
216.73.216.76 - - [15/Jul/2025:15:28:25 +0000] "GET /shopdetail/153313796 HTTP/1.1" 404 13147 "-" "Mozilla/5.0 AppleWebKit/537.36 (KHTML, like Gecko; compatible; ClaudeBot/1.0; [email protected])"
216.73.216.76 - - [15/Jul/2025:15:28:28 +0000] "GET /shopdetail/153646836 HTTP/1.1" 404 13147 "-" "Mozilla/5.0 AppleWebKit/537.36 (KHTML, like Gecko; compatible; ClaudeBot/1.0; [email protected])"
216.73.216.76 - - [15/Jul/2025:15:28:31 +0000] "GET /shopdetail/153967600 HTTP/1.1" 404 13147 "-" "Mozilla/5.0 AppleWebKit/537.36 (KHTML, like Gecko; compatible; ClaudeBot/1.0; [email protected])"
66.249.73.132 - - [15/Jul/2025:15:28:31 +0000] "POST /get-message-notify HTTP/1.1" 200 18000 "https://onlycnc.com.au/?f=54884923041490&mod=8c840250&uri=us.php?shopdetail/3248852" "Mozilla/5.0 (Linux; Android 6.0.1; Nexus 5X Build/MMB29P) AppleWebKit/537.36 (KHTML, like Gecko) Chrome/137.0.7151.119 Mobile Safari/537.36 (compatible; Googlebot/2.1; +http://www.google.com/bot.html)"
216.73.216.76 - - [15/Jul/2025:15:28:34 +0000] "GET /shopdetail/153891572 HTTP/1.1" 404 13147 "-" "Mozilla/5.0 AppleWebKit/537.36 (KHTML, like Gecko; compatible; ClaudeBot/1.0; [email protected])"
216.73.216.76 - - [15/Jul/2025:15:28:37 +0000] "GET /shopdetail/154071208 HTTP/1.1" 404 13147 "-" "Mozilla/5.0 AppleWebKit/537.36 (KHTML, like Gecko; compatible; ClaudeBot/1.0; [email protected])"
216.73.216.76 - - [15/Jul/2025:15:28:40 +0000] "GET /shopdetail/153394328 HTTP/1.1" 404 13147 "-" "Mozilla/5.0 AppleWebKit/537.36 (KHTML, like Gecko; compatible; ClaudeBot/1.0; [email protected])"
216.73.216.76 - - [15/Jul/2025:15:28:43 +0000] "GET /shopdetail/33743676 HTTP/1.1" 404 13147 "-" "Mozilla/5.0 AppleWebKit/537.36 (KHTML, like Gecko; compatible; ClaudeBot/1.0; [email protected])"
216.73.216.76 - - [15/Jul/2025:15:28:46 +0000] "GET /shopdetail/153910144 HTTP/1.1" 404 13147 "-" "Mozilla/5.0 AppleWebKit/537.36 (KHTML, like Gecko; compatible; ClaudeBot/1.0; [email protected])"
216.73.216.76 - - [15/Jul/2025:15:28:49 +0000] "GET /shopdetail/33593932 HTTP/1.1" 404 13147 "-" "Mozilla/5.0 AppleWebKit/537.36 (KHTML, like Gecko; compatible; ClaudeBot/1.0; [email protected])"
216.73.216.76 - - [15/Jul/2025:15:28:57 +0000] "GET /shopdetail/153912464 HTTP/1.1" 404 13147 "-" "Mozilla/5.0 AppleWebKit/537.36 (KHTML, like Gecko; compatible; ClaudeBot/1.0; [email protected])"
216.73.216.76 - - [15/Jul/2025:15:29:00 +0000] "GET /shopdetail/153762456 HTTP/1.1" 404 13147 "-" "Mozilla/5.0 AppleWebKit/537.36 (KHTML, like Gecko; compatible; ClaudeBot/1.0; [email protected])"
216.73.216.76 - - [15/Jul/2025:15:29:03 +0000] "GET /shopdetail/153555256 HTTP/1.1" 404 13147 "-" "Mozilla/5.0 AppleWebKit/537.36 (KHTML, like Gecko; compatible; ClaudeBot/1.0; [email protected])"
66.249.73.129 - - [15/Jul/2025:15:29:04 +0000] "GET /?f=25826774021490&mod=beeb6c4c&uri=dp.php%3Fid%3D861987-403%26name%3Dgiesswein+schuhe+waschen HTTP/1.1" 200 18989 "-" "Mozilla/5.0 (Linux; Android 6.0.1; Nexus 5X Build/MMB29P) AppleWebKit/537.36 (KHTML, like Gecko) Chrome/137.0.7151.103 Mobile Safari/537.36 (compatible; Googlebot/2.1; +http://www.google.com/bot.html)"
216.73.216.76 - - [15/Jul/2025:15:29:06 +0000] "GET /shopdetail/33485700 HTTP/1.1" 404 13147 "-" "Mozilla/5.0 AppleWebKit/537.36 (KHTML, like Gecko; compatible; ClaudeBot/1.0; [email protected])"
216.73.216.76 - - [15/Jul/2025:15:29:09 +0000] "GET /shopdetail/153437324 HTTP/1.1" 404 13147 "-" "Mozilla/5.0 AppleWebKit/537.36 (KHTML, like Gecko; compatible; ClaudeBot/1.0; [email protected])"
216.73.216.76 - - [15/Jul/2025:15:29:12 +0000] "GET /shopdetail/153940164 HTTP/1.1" 404 13147 "-" "Mozilla/5.0 AppleWebKit/537.36 (KHTML, like Gecko; compatible; ClaudeBot/1.0; [email protected])"
216.73.216.76 - - [15/Jul/2025:15:29:15 +0000] "GET /shopdetail/153980712 HTTP/1.1" 404 13147 "-" "Mozilla/5.0 AppleWebKit/537.36 (KHTML, like Gecko; compatible; ClaudeBot/1.0; [email protected])"
216.73.216.76 - - [15/Jul/2025:15:29:18 +0000] "GET /shopdetail/153914648 HTTP/1.1" 404 13147 "-" "Mozilla/5.0 AppleWebKit/537.36 (KHTML, like Gecko; compatible; ClaudeBot/1.0; [email protected])"
216.73.216.76 - - [15/Jul/2025:15:29:21 +0000] "GET /shopdetail/154043764 HTTP/1.1" 404 13147 "-" "Mozilla/5.0 AppleWebKit/537.36 (KHTML, like Gecko; compatible; ClaudeBot/1.0; [email protected])"
216.73.216.76 - - [15/Jul/2025:15:29:24 +0000] "GET /shopdetail/33456072 HTTP/1.1" 404 13147 "-" "Mozilla/5.0 AppleWebKit/537.36 (KHTML, like Gecko; compatible; ClaudeBot/1.0; [email protected])"
216.73.216.76 - - [15/Jul/2025:15:29:27 +0000] "GET /shopdetail/33508904 HTTP/1.1" 404 13147 "-" "Mozilla/5.0 AppleWebKit/537.36 (KHTML, like Gecko; compatible; ClaudeBot/1.0; [email protected])"
216.73.216.76 - - [15/Jul/2025:15:29:30 +0000] "GET /shopdetail/153924612 HTTP/1.1" 404 13147 "-" "Mozilla/5.0 AppleWebKit/537.36 (KHTML, like Gecko; compatible; ClaudeBot/1.0; [email protected])"
216.73.216.76 - - [15/Jul/2025:15:29:33 +0000] "GET /shopdetail/33701908 HTTP/1.1" 404 13147 "-" "Mozilla/5.0 AppleWebKit/537.36 (KHTML, like Gecko; compatible; ClaudeBot/1.0; [email protected])"
216.73.216.76 - - [15/Jul/2025:15:29:36 +0000] "GET /shopdetail/33677612 HTTP/1.1" 404 13147 "-" "Mozilla/5.0 AppleWebKit/537.36 (KHTML, like Gecko; compatible; ClaudeBot/1.0; [email protected])"
216.73.216.76 - - [15/Jul/2025:15:29:39 +0000] "GET /shopdetail/153350368 HTTP/1.1" 404 13147 "-" "Mozilla/5.0 AppleWebKit/537.36 (KHTML, like Gecko; compatible; ClaudeBot/1.0; [email protected])"
216.73.216.76 - - [15/Jul/2025:15:29:42 +0000] "GET /shopdetail/34063612 HTTP/1.1" 404 13147 "-" "Mozilla/5.0 AppleWebKit/537.36 (KHTML, like Gecko; compatible; ClaudeBot/1.0; [email protected])"
216.73.216.76 - - [15/Jul/2025:15:30:32 +0000] "GET /shopdetail/153971012 HTTP/1.1" 404 13147 "-" "Mozilla/5.0 AppleWebKit/537.36 (KHTML, like Gecko; compatible; ClaudeBot/1.0; [email protected])"
216.73.216.76 - - [15/Jul/2025:15:30:35 +0000] "GET /shopdetail/33678832 HTTP/1.1" 404 13147 "-" "Mozilla/5.0 AppleWebKit/537.36 (KHTML, like Gecko; compatible; ClaudeBot/1.0; [email protected])"
216.73.216.76 - - [15/Jul/2025:15:30:38 +0000] "GET /shopdetail/153909052 HTTP/1.1" 404 13147 "-" "Mozilla/5.0 AppleWebKit/537.36 (KHTML, like Gecko; compatible; ClaudeBot/1.0; [email protected])"
216.73.216.76 - - [15/Jul/2025:15:30:41 +0000] "GET /shopdetail/153636744 HTTP/1.1" 404 13147 "-" "Mozilla/5.0 AppleWebKit/537.36 (KHTML, like Gecko; compatible; ClaudeBot/1.0; [email protected])"
216.73.216.76 - - [15/Jul/2025:15:30:44 +0000] "GET /shopdetail/153445096 HTTP/1.1" 404 13147 "-" "Mozilla/5.0 AppleWebKit/537.36 (KHTML, like Gecko; compatible; ClaudeBot/1.0; [email protected])"
216.73.216.76 - - [15/Jul/2025:15:30:47 +0000] "GET /shopdetail/153553072 HTTP/1.1" 404 13147 "-" "Mozilla/5.0 AppleWebKit/537.36 (KHTML, like Gecko; compatible; ClaudeBot/1.0; [email protected])"
216.73.216.76 - - [15/Jul/2025:15:30:50 +0000] "GET /shopdetail/33384412 HTTP/1.1" 404 13147 "-" "Mozilla/5.0 AppleWebKit/537.36 (KHTML, like Gecko; compatible; ClaudeBot/1.0; [email protected])"
216.73.216.76 - - [15/Jul/2025:15:30:53 +0000] "GET /shopdetail/33602804 HTTP/1.1" 404 13147 "-" "Mozilla/5.0 AppleWebKit/537.36 (KHTML, like Gecko; compatible; ClaudeBot/1.0; [email protected])"
216.73.216.76 - - [15/Jul/2025:15:30:56 +0000] "GET /shopdetail/33428372 HTTP/1.1" 404 13147 "-" "Mozilla/5.0 AppleWebKit/537.36 (KHTML, like Gecko; compatible; ClaudeBot/1.0; [email protected])"
66.249.73.128 - - [15/Jul/2025:15:30:57 +0000] "GET /?f=25826234141490&mod=1ebdf1f3&uri=shared.php%3Fid%3D861969-886%26name%3Diper+giocattoli+2022+volantino HTTP/1.1" 200 19012 "-" "Mozilla/5.0 (Linux; Android 6.0.1; Nexus 5X Build/MMB29P) AppleWebKit/537.36 (KHTML, like Gecko) Chrome/137.0.7151.103 Mobile Safari/537.36 (compatible; Googlebot/2.1; +http://www.google.com/bot.html)"
216.73.216.76 - - [15/Jul/2025:15:30:59 +0000] "GET /shopdetail/33401064 HTTP/1.1" 404 13147 "-" "Mozilla/5.0 AppleWebKit/537.36 (KHTML, like Gecko; compatible; ClaudeBot/1.0; [email protected])"
216.73.216.76 - - [15/Jul/2025:15:31:02 +0000] "GET /shopdetail/154130720 HTTP/1.1" 404 13147 "-" "Mozilla/5.0 AppleWebKit/537.36 (KHTML, like Gecko; compatible; ClaudeBot/1.0; [email protected])"
216.73.216.76 - - [15/Jul/2025:15:31:05 +0000] "GET /shopdetail/33341552 HTTP/1.1" 404 13147 "-" "Mozilla/5.0 AppleWebKit/537.36 (KHTML, like Gecko; compatible; ClaudeBot/1.0; [email protected])"
216.73.216.76 - - [15/Jul/2025:15:31:08 +0000] "GET /shopdetail/153322668 HTTP/1.1" 404 13147 "-" "Mozilla/5.0 AppleWebKit/537.36 (KHTML, like Gecko; compatible; ClaudeBot/1.0; [email protected])"
216.73.216.76 - - [15/Jul/2025:15:31:11 +0000] "GET /shopdetail/153542016 HTTP/1.1" 404 13147 "-" "Mozilla/5.0 AppleWebKit/537.36 (KHTML, like Gecko; compatible; ClaudeBot/1.0; [email protected])"
216.73.216.76 - - [15/Jul/2025:15:31:14 +0000] "GET /shopdetail/153377812 HTTP/1.1" 404 13147 "-" "Mozilla/5.0 AppleWebKit/537.36 (KHTML, like Gecko; compatible; ClaudeBot/1.0; [email protected])"
216.73.216.76 - - [15/Jul/2025:15:31:17 +0000] "GET /shopdetail/153516756 HTTP/1.1" 404 13147 "-" "Mozilla/5.0 AppleWebKit/537.36 (KHTML, like Gecko; compatible; ClaudeBot/1.0; [email protected])"
216.73.216.76 - - [15/Jul/2025:15:32:12 +0000] "GET /shopdetail/34095552 HTTP/1.1" 404 13147 "-" "Mozilla/5.0 AppleWebKit/537.36 (KHTML, like Gecko; compatible; ClaudeBot/1.0; [email protected])"
216.73.216.76 - - [15/Jul/2025:15:32:15 +0000] "GET /shopdetail/153447280 HTTP/1.1" 404 13147 "-" "Mozilla/5.0 AppleWebKit/537.36 (KHTML, like Gecko; compatible; ClaudeBot/1.0; [email protected])"
216.73.216.76 - - [15/Jul/2025:15:32:18 +0000] "GET /shopdetail/153695164 HTTP/1.1" 404 13147 "-" "Mozilla/5.0 AppleWebKit/537.36 (KHTML, like Gecko; compatible; ClaudeBot/1.0; [email protected])"
216.73.216.76 - - [15/Jul/2025:15:32:21 +0000] "GET /shopdetail/33277536 HTTP/1.1" 404 13147 "-" "Mozilla/5.0 AppleWebKit/537.36 (KHTML, like Gecko; compatible; ClaudeBot/1.0; [email protected])"
216.73.216.76 - - [15/Jul/2025:15:32:24 +0000] "GET /shopdetail/153567404 HTTP/1.1" 404 13147 "-" "Mozilla/5.0 AppleWebKit/537.36 (KHTML, like Gecko; compatible; ClaudeBot/1.0; [email protected])"
216.73.216.76 - - [15/Jul/2025:15:32:27 +0000] "GET /shopdetail/153586104 HTTP/1.1" 404 13147 "-" "Mozilla/5.0 AppleWebKit/537.36 (KHTML, like Gecko; compatible; ClaudeBot/1.0; [email protected])"
216.73.216.76 - - [15/Jul/2025:15:32:30 +0000] "GET /shopdetail/153441692 HTTP/1.1" 404 13147 "-" "Mozilla/5.0 AppleWebKit/537.36 (KHTML, like Gecko; compatible; ClaudeBot/1.0; [email protected])"
216.73.216.76 - - [15/Jul/2025:15:32:33 +0000] "GET /shopdetail/153486872 HTTP/1.1" 404 13147 "-" "Mozilla/5.0 AppleWebKit/537.36 (KHTML, like Gecko; compatible; ClaudeBot/1.0; [email protected])"
216.73.216.76 - - [15/Jul/2025:15:32:36 +0000] "GET /shopdetail/153515536 HTTP/1.1" 404 13147 "-" "Mozilla/5.0 AppleWebKit/537.36 (KHTML, like Gecko; compatible; ClaudeBot/1.0; [email protected])"
216.73.216.76 - - [15/Jul/2025:15:32:39 +0000] "GET /shopdetail/153532052 HTTP/1.1" 404 13147 "-" "Mozilla/5.0 AppleWebKit/537.36 (KHTML, like Gecko; compatible; ClaudeBot/1.0; [email protected])"
216.73.216.76 - - [15/Jul/2025:15:32:42 +0000] "GET /shopdetail/33436280 HTTP/1.1" 404 13147 "-" "Mozilla/5.0 AppleWebKit/537.36 (KHTML, like Gecko; compatible; ClaudeBot/1.0; [email protected])"
216.73.216.76 - - [15/Jul/2025:15:32:45 +0000] "GET /shopdetail/153581736 HTTP/1.1" 404 13147 "-" "Mozilla/5.0 AppleWebKit/537.36 (KHTML, like Gecko; compatible; ClaudeBot/1.0; [email protected])"
216.73.216.76 - - [15/Jul/2025:15:32:48 +0000] "GET /shopdetail/153387768 HTTP/1.1" 404 13147 "-" "Mozilla/5.0 AppleWebKit/537.36 (KHTML, like Gecko; compatible; ClaudeBot/1.0; [email protected])"
66.249.73.128 - - [15/Jul/2025:15:32:50 +0000] "GET /?f=25829737111490&mod=66075d44&uri=info.php%3Fid%3D862086-887%26name%3Dstyletread+shoes HTTP/1.1" 200 18988 "-" "Mozilla/5.0 (Linux; Android 6.0.1; Nexus 5X Build/MMB29P) AppleWebKit/537.36 (KHTML, like Gecko) Chrome/137.0.7151.103 Mobile Safari/537.36 (compatible; Googlebot/2.1; +http://www.google.com/bot.html)"
216.73.216.76 - - [15/Jul/2025:15:32:51 +0000] "GET /shopdetail/153640284 HTTP/1.1" 404 13147 "-" "Mozilla/5.0 AppleWebKit/537.36 (KHTML, like Gecko; compatible; ClaudeBot/1.0; [email protected])"
216.73.216.76 - - [15/Jul/2025:15:32:54 +0000] "GET /shopdetail/33797856 HTTP/1.1" 404 13147 "-" "Mozilla/5.0 AppleWebKit/537.36 (KHTML, like Gecko; compatible; ClaudeBot/1.0; [email protected])"
216.73.216.76 - - [15/Jul/2025:15:32:57 +0000] "GET /shopdetail/34031408 HTTP/1.1" 404 13147 "-" "Mozilla/5.0 AppleWebKit/537.36 (KHTML, like Gecko; compatible; ClaudeBot/1.0; [email protected])"
66.249.73.129 - - [15/Jul/2025:15:33:00 +0000] "POST /get-message-notify HTTP/1.1" 200 18000 "https://onlycnc.com.au/?f=25829737111490&mod=66075d44&uri=info.php%3Fid%3D862086-887%26name%3Dstyletread+shoes" "Mozilla/5.0 (Linux; Android 6.0.1; Nexus 5X Build/MMB29P) AppleWebKit/537.36 (KHTML, like Gecko) Chrome/137.0.7151.119 Mobile Safari/537.36 (compatible; Googlebot/2.1; +http://www.google.com/bot.html)"
216.73.216.76 - - [15/Jul/2025:15:33:33 +0000] "GET /shopdetail/33484736 HTTP/1.1" 404 13147 "-" "Mozilla/5.0 AppleWebKit/537.36 (KHTML, like Gecko; compatible; ClaudeBot/1.0; [email protected])"
216.73.216.76 - - [15/Jul/2025:15:33:36 +0000] "GET /shopdetail/153588416 HTTP/1.1" 404 13147 "-" "Mozilla/5.0 AppleWebKit/537.36 (KHTML, like Gecko; compatible; ClaudeBot/1.0; [email protected])"
216.73.216.76 - - [15/Jul/2025:15:33:39 +0000] "GET /shopdetail/153521124 HTTP/1.1" 404 13147 "-" "Mozilla/5.0 AppleWebKit/537.36 (KHTML, like Gecko; compatible; ClaudeBot/1.0; [email protected])"
216.73.216.76 - - [15/Jul/2025:15:33:42 +0000] "GET /shopdetail/34097736 HTTP/1.1" 404 13147 "-" "Mozilla/5.0 AppleWebKit/537.36 (KHTML, like Gecko; compatible; ClaudeBot/1.0; [email protected])"
216.73.216.76 - - [15/Jul/2025:15:33:45 +0000] "GET /shopdetail/33493608 HTTP/1.1" 404 13147 "-" "Mozilla/5.0 AppleWebKit/537.36 (KHTML, like Gecko; compatible; ClaudeBot/1.0; [email protected])"
216.73.216.76 - - [15/Jul/2025:15:33:48 +0000] "GET /shopdetail/33757044 HTTP/1.1" 404 13147 "-" "Mozilla/5.0 AppleWebKit/537.36 (KHTML, like Gecko; compatible; ClaudeBot/1.0; [email protected])"
216.73.216.76 - - [15/Jul/2025:15:33:51 +0000] "GET /shopdetail/33537568 HTTP/1.1" 404 13147 "-" "Mozilla/5.0 AppleWebKit/537.36 (KHTML, like Gecko; compatible; ClaudeBot/1.0; [email protected])"
216.73.216.76 - - [15/Jul/2025:15:33:54 +0000] "GET /shopdetail/153483724 HTTP/1.1" 404 13147 "-" "Mozilla/5.0 AppleWebKit/537.36 (KHTML, like Gecko; compatible; ClaudeBot/1.0; [email protected])"
216.73.216.76 - - [15/Jul/2025:15:33:57 +0000] "GET /shopdetail/33654408 HTTP/1.1" 404 13147 "-" "Mozilla/5.0 AppleWebKit/537.36 (KHTML, like Gecko; compatible; ClaudeBot/1.0; [email protected])"
66.249.73.128 - - [15/Jul/2025:15:33:57 +0000] "GET /?f=98052408051490&mod=adc3548f&uri=info.php?shopdetail/61069208 HTTP/1.1" 200 19344 "-" "Mozilla/5.0 (Linux; Android 6.0.1; Nexus 5X Build/MMB29P) AppleWebKit/537.36 (KHTML, like Gecko) Chrome/137.0.7151.103 Mobile Safari/537.36 (compatible; Googlebot/2.1; +http://www.google.com/bot.html)"
216.73.216.76 - - [15/Jul/2025:15:34:00 +0000] "GET /shopdetail/33657812 HTTP/1.1" 404 13147 "-" "Mozilla/5.0 AppleWebKit/537.36 (KHTML, like Gecko; compatible; ClaudeBot/1.0; [email protected])"
66.249.73.132 - - [15/Jul/2025:15:34:01 +0000] "GET /?f=98052408051490&mod=adc3548f&uri=info.php?shopdetail/61068380 HTTP/1.1" 200 18438 "-" "Mozilla/5.0 (Linux; Android 6.0.1; Nexus 5X Build/MMB29P) AppleWebKit/537.36 (KHTML, like Gecko) Chrome/137.0.7151.103 Mobile Safari/537.36 (compatible; Googlebot/2.1; +http://www.google.com/bot.html)"
66.249.73.132 - - [15/Jul/2025:15:34:02 +0000] "POST /get-message-notify HTTP/1.1" 200 18000 "https://onlycnc.com.au/?f=98052408051490&mod=adc3548f&uri=info.php?shopdetail/61069208" "Mozilla/5.0 (Linux; Android 6.0.1; Nexus 5X Build/MMB29P) AppleWebKit/537.36 (KHTML, like Gecko) Chrome/137.0.7151.119 Mobile Safari/537.36 (compatible; Googlebot/2.1; +http://www.google.com/bot.html)"
66.249.73.132 - - [15/Jul/2025:15:34:03 +0000] "GET /?f=98052408051490&mod=adc3548f&uri=info.php?shopdetail/61125708 HTTP/1.1" 200 19259 "-" "Mozilla/5.0 (Linux; Android 6.0.1; Nexus 5X Build/MMB29P) AppleWebKit/537.36 (KHTML, like Gecko) Chrome/137.0.7151.103 Mobile Safari/537.36 (compatible; Googlebot/2.1; +http://www.google.com/bot.html)"
216.73.216.76 - - [15/Jul/2025:15:34:03 +0000] "GET /shopdetail/33584932 HTTP/1.1" 404 13147 "-" "Mozilla/5.0 AppleWebKit/537.36 (KHTML, like Gecko; compatible; ClaudeBot/1.0; [email protected])"
216.73.216.76 - - [15/Jul/2025:15:34:06 +0000] "GET /shopdetail/33591748 HTTP/1.1" 404 13147 "-" "Mozilla/5.0 AppleWebKit/537.36 (KHTML, like Gecko; compatible; ClaudeBot/1.0; [email protected])"
66.249.73.132 - - [15/Jul/2025:15:34:09 +0000] "POST /get-message-notify HTTP/1.1" 200 18000 "https://onlycnc.com.au/?f=98052408051490&mod=adc3548f&uri=info.php?shopdetail/61068380" "Mozilla/5.0 (Linux; Android 6.0.1; Nexus 5X Build/MMB29P) AppleWebKit/537.36 (KHTML, like Gecko) Chrome/137.0.7151.119 Mobile Safari/537.36 (compatible; Googlebot/2.1; +http://www.google.com/bot.html)"
216.73.216.76 - - [15/Jul/2025:15:34:09 +0000] "GET /shopdetail/33684292 HTTP/1.1" 404 13147 "-" "Mozilla/5.0 AppleWebKit/537.36 (KHTML, like Gecko; compatible; ClaudeBot/1.0; [email protected])"
216.73.216.76 - - [15/Jul/2025:15:34:12 +0000] "GET /shopdetail/154119792 HTTP/1.1" 404 13147 "-" "Mozilla/5.0 AppleWebKit/537.36 (KHTML, like Gecko; compatible; ClaudeBot/1.0; [email protected])"
216.73.216.76 - - [15/Jul/2025:15:34:15 +0000] "GET /shopdetail/153608080 HTTP/1.1" 404 13147 "-" "Mozilla/5.0 AppleWebKit/537.36 (KHTML, like Gecko; compatible; ClaudeBot/1.0; [email protected])"
66.249.73.132 - - [15/Jul/2025:15:34:15 +0000] "GET /?f=98052408051490&mod=adc3548f&uri=info.php?shopdetail/61063876 HTTP/1.1" 200 19444 "-" "Mozilla/5.0 (Linux; Android 6.0.1; Nexus 5X Build/MMB29P) AppleWebKit/537.36 (KHTML, like Gecko) Chrome/137.0.7151.103 Mobile Safari/537.36 (compatible; Googlebot/2.1; +http://www.google.com/bot.html)"
66.249.73.132 - - [15/Jul/2025:15:34:17 +0000] "GET /?f=98052408051490&mod=adc3548f&uri=info.php?shopdetail/61127892 HTTP/1.1" 200 18547 "-" "Mozilla/5.0 (Linux; Android 6.0.1; Nexus 5X Build/MMB29P) AppleWebKit/537.36 (KHTML, like Gecko) Chrome/137.0.7151.103 Mobile Safari/537.36 (compatible; Googlebot/2.1; +http://www.google.com/bot.html)"
216.73.216.76 - - [15/Jul/2025:15:34:18 +0000] "GET /shopdetail/154055912 HTTP/1.1" 404 13147 "-" "Mozilla/5.0 AppleWebKit/537.36 (KHTML, like Gecko; compatible; ClaudeBot/1.0; [email protected])"
66.249.73.132 - - [15/Jul/2025:15:34:19 +0000] "GET /?f=98052408051490&mod=adc3548f&uri=info.php?shopdetail/61064840 HTTP/1.1" 200 19492 "-" "Mozilla/5.0 (Linux; Android 6.0.1; Nexus 5X Build/MMB29P) AppleWebKit/537.36 (KHTML, like Gecko) Chrome/137.0.7151.103 Mobile Safari/537.36 (compatible; Googlebot/2.1; +http://www.google.com/bot.html)"
66.249.73.132 - - [15/Jul/2025:15:34:20 +0000] "GET /?f=98052408051490&mod=adc3548f&uri=info.php?shopdetail/61066060 HTTP/1.1" 200 18908 "-" "Mozilla/5.0 (Linux; Android 6.0.1; Nexus 5X Build/MMB29P) AppleWebKit/537.36 (KHTML, like Gecko) Chrome/137.0.7151.103 Mobile Safari/537.36 (compatible; Googlebot/2.1; +http://www.google.com/bot.html)"
66.249.73.132 - - [15/Jul/2025:15:34:22 +0000] "GET /?f=98052408051490&mod=adc3548f&uri=info.php?shopdetail/61062656 HTTP/1.1" 200 18718 "-" "Mozilla/5.0 (Linux; Android 6.0.1; Nexus 5X Build/MMB29P) AppleWebKit/537.36 (KHTML, like Gecko) Chrome/137.0.7151.103 Mobile Safari/537.36 (compatible; Googlebot/2.1; +http://www.google.com/bot.html)"
66.249.73.132 - - [15/Jul/2025:15:34:26 +0000] "GET /?f=101688014051490&mod=02ddce85&uri=category-info.php%3Fid%3D3393620-155%26name%3Ddodocool+mini+speaker HTTP/1.1" 200 19041 "-" "Mozilla/5.0 (Linux; Android 6.0.1; Nexus 5X Build/MMB29P) AppleWebKit/537.36 (KHTML, like Gecko) Chrome/137.0.7151.103 Mobile Safari/537.36 (compatible; Googlebot/2.1; +http://www.google.com/bot.html)"
66.249.73.132 - - [15/Jul/2025:15:34:26 +0000] "GET /?f=31839980031490&mod=243facb2&uri=blog.php?shopdetail/58150248 HTTP/1.1" 200 19193 "-" "Mozilla/5.0 (Linux; Android 6.0.1; Nexus 5X Build/MMB29P) AppleWebKit/537.36 (KHTML, like Gecko) Chrome/137.0.7151.103 Mobile Safari/537.36 (compatible; Googlebot/2.1; +http://www.google.com/bot.html)"
66.249.73.132 - - [15/Jul/2025:15:34:26 +0000] "GET /?f=98052408051490&mod=adc3548f&uri=info.php?shopdetail/61122296 HTTP/1.1" 200 19382 "-" "Mozilla/5.0 (Linux; Android 6.0.1; Nexus 5X Build/MMB29P) AppleWebKit/537.36 (KHTML, like Gecko) Chrome/137.0.7151.103 Mobile Safari/537.36 (compatible; Googlebot/2.1; +http://www.google.com/bot.html)"
66.249.73.132 - - [15/Jul/2025:15:34:27 +0000] "GET /?f=97932024091490&mod=4367fac1&uri=goods.php%3Fid%3D3268250-287%26name%3Dcanon+6d+picture+quality HTTP/1.1" 200 19005 "-" "Mozilla/5.0 (Linux; Android 6.0.1; Nexus 5X Build/MMB29P) AppleWebKit/537.36 (KHTML, like Gecko) Chrome/137.0.7151.103 Mobile Safari/537.36 (compatible; GoogleOther)"
66.249.73.132 - - [15/Jul/2025:15:34:28 +0000] "GET /?f=98052408051490&mod=adc3548f&uri=info.php?shopdetail/61067024 HTTP/1.1" 200 19320 "-" "Mozilla/5.0 (Linux; Android 6.0.1; Nexus 5X Build/MMB29P) AppleWebKit/537.36 (KHTML, like Gecko) Chrome/137.0.7151.103 Mobile Safari/537.36 (compatible; Googlebot/2.1; +http://www.google.com/bot.html)"
66.249.73.132 - - [15/Jul/2025:15:34:29 +0000] "POST /get-message-notify HTTP/1.1" 200 18000 "https://onlycnc.com.au/?f=98052408051490&mod=adc3548f&uri=info.php?shopdetail/61122296" "Mozilla/5.0 (Linux; Android 6.0.1; Nexus 5X Build/MMB29P) AppleWebKit/537.36 (KHTML, like Gecko) Chrome/137.0.7151.119 Mobile Safari/537.36 (compatible; Googlebot/2.1; +http://www.google.com/bot.html)"
66.249.73.132 - - [15/Jul/2025:15:34:29 +0000] "GET /?f=98052408051490&mod=adc3548f&uri=info.php?shopdetail/61074932 HTTP/1.1" 200 18947 "-" "Mozilla/5.0 (Linux; Android 6.0.1; Nexus 5X Build/MMB29P) AppleWebKit/537.36 (KHTML, like Gecko) Chrome/137.0.7151.103 Mobile Safari/537.36 (compatible; Googlebot/2.1; +http://www.google.com/bot.html)"
66.249.73.128 - - [15/Jul/2025:15:34:32 +0000] "GET /?f=54673458051490&mod=e939d0b7&uri=brands.php?shopdetail/3244484 HTTP/1.1" 200 19490 "-" "Mozilla/5.0 (Linux; Android 6.0.1; Nexus 5X Build/MMB29P) AppleWebKit/537.36 (KHTML, like Gecko) Chrome/137.0.7151.103 Mobile Safari/537.36 (compatible; Googlebot/2.1; +http://www.google.com/bot.html)"
66.249.73.132 - - [15/Jul/2025:15:34:34 +0000] "GET /?f=98052408051490&mod=adc3548f&uri=info.php?shopdetail/61128856 HTTP/1.1" 200 19095 "-" "Mozilla/5.0 (Linux; Android 6.0.1; Nexus 5X Build/MMB29P) AppleWebKit/537.36 (KHTML, like Gecko) Chrome/137.0.7151.103 Mobile Safari/537.36 (compatible; Googlebot/2.1; +http://www.google.com/bot.html)"
66.249.73.128 - - [15/Jul/2025:15:34:35 +0000] "GET /?f=54673458051490&mod=e939d0b7&uri=brands.php?shopdetail/3246668 HTTP/1.1" 200 19363 "-" "Mozilla/5.0 (Linux; Android 6.0.1; Nexus 5X Build/MMB29P) AppleWebKit/537.36 (KHTML, like Gecko) Chrome/137.0.7151.103 Mobile Safari/537.36 (compatible; Googlebot/2.1; +http://www.google.com/bot.html)"
66.249.73.128 - - [15/Jul/2025:15:34:40 +0000] "GET /?f=54673458051490&mod=e939d0b7&uri=brands.php?shopdetail/3247632 HTTP/1.1" 200 18601 "-" "Mozilla/5.0 (Linux; Android 6.0.1; Nexus 5X Build/MMB29P) AppleWebKit/537.36 (KHTML, like Gecko) Chrome/137.0.7151.103 Mobile Safari/537.36 (compatible; Googlebot/2.1; +http://www.google.com/bot.html)"
66.249.73.128 - - [15/Jul/2025:15:34:42 +0000] "GET /?f=54673338031490&mod=e939d0b7&uri=pin.php?hobby/boardgame/index.html HTTP/1.1" 200 19297 "-" "Mozilla/5.0 (Linux; Android 6.0.1; Nexus 5X Build/MMB29P) AppleWebKit/537.36 (KHTML, like Gecko) Chrome/137.0.7151.103 Mobile Safari/537.36 (compatible; Googlebot/2.1; +http://www.google.com/bot.html)"
66.249.73.128 - - [15/Jul/2025:15:34:42 +0000] "GET /?f=54672138011490&mod=e939d0b7&uri=dp.php?shopdetail/3253356 HTTP/1.1" 200 18544 "-" "Mozilla/5.0 (Linux; Android 6.0.1; Nexus 5X Build/MMB29P) AppleWebKit/537.36 (KHTML, like Gecko) Chrome/137.0.7151.103 Mobile Safari/537.36 (compatible; Googlebot/2.1; +http://www.google.com/bot.html)"
66.249.73.128 - - [15/Jul/2025:15:34:44 +0000] "GET /?f=54672138011490&mod=e939d0b7&uri=dp.php?%3Fid%3D1824460-985%26name%3Dtie+my+shoe+laces HTTP/1.1" 200 18983 "-" "Mozilla/5.0 (Linux; Android 6.0.1; Nexus 5X Build/MMB29P) AppleWebKit/537.36 (KHTML, like Gecko) Chrome/137.0.7151.103 Mobile Safari/537.36 (compatible; Googlebot/2.1; +http://www.google.com/bot.html)"
66.249.73.132 - - [15/Jul/2025:15:34:50 +0000] "GET /?f=9990369051490&mod=676207dd&uri=article.php?toiawase HTTP/1.1" 200 19179 "-" "Mozilla/5.0 (Linux; Android 6.0.1; Nexus 5X Build/MMB29P) AppleWebKit/537.36 (KHTML, like Gecko) Chrome/137.0.7151.103 Mobile Safari/537.36 (compatible; Googlebot/2.1; +http://www.google.com/bot.html)"
66.249.73.128 - - [15/Jul/2025:15:34:51 +0000] "GET /?f=54672138011490&mod=e939d0b7&uri=dp.php?shopdetail/3258816 HTTP/1.1" 200 18444 "-" "Mozilla/5.0 (Linux; Android 6.0.1; Nexus 5X Build/MMB29P) AppleWebKit/537.36 (KHTML, like Gecko) Chrome/137.0.7151.103 Mobile Safari/537.36 (compatible; Googlebot/2.1; +http://www.google.com/bot.html)"
66.249.73.132 - - [15/Jul/2025:15:34:52 +0000] "GET /?f=9990369051490&mod=676207dd&uri=article.php?shopdetail/3261964 HTTP/1.1" 200 18232 "-" "Mozilla/5.0 (Linux; Android 6.0.1; Nexus 5X Build/MMB29P) AppleWebKit/537.36 (KHTML, like Gecko) Chrome/137.0.7151.103 Mobile Safari/537.36 (compatible; Googlebot/2.1; +http://www.google.com/bot.html)"
66.249.73.128 - - [15/Jul/2025:15:34:56 +0000] "GET /?f=9990369051490&mod=676207dd&uri=article.php?feature/akihabara_main/index.html HTTP/1.1" 200 19273 "-" "Mozilla/5.0 (Linux; Android 6.0.1; Nexus 5X Build/MMB29P) AppleWebKit/537.36 (KHTML, like Gecko) Chrome/137.0.7151.103 Mobile Safari/537.36 (compatible; Googlebot/2.1; +http://www.google.com/bot.html)"
216.73.216.76 - - [15/Jul/2025:15:34:58 +0000] "GET /shopdetail/33426188 HTTP/1.1" 404 13147 "-" "Mozilla/5.0 AppleWebKit/537.36 (KHTML, like Gecko; compatible; ClaudeBot/1.0; [email protected])"
66.249.73.128 - - [15/Jul/2025:15:34:59 +0000] "GET /?f=9990369051490&mod=676207dd&uri=article.php?shopdetail/3251036 HTTP/1.1" 200 18590 "-" "Mozilla/5.0 (Linux; Android 6.0.1; Nexus 5X Build/MMB29P) AppleWebKit/537.36 (KHTML, like Gecko) Chrome/137.0.7151.103 Mobile Safari/537.36 (compatible; Googlebot/2.1; +http://www.google.com/bot.html)"
216.73.216.76 - - [15/Jul/2025:15:35:01 +0000] "GET /shopdetail/154150640 HTTP/1.1" 404 13147 "-" "Mozilla/5.0 AppleWebKit/537.36 (KHTML, like Gecko; compatible; ClaudeBot/1.0; [email protected])"
66.249.73.129 - - [15/Jul/2025:15:35:02 +0000] "GET /?f=9990369051490&mod=676207dd&uri=article.php?shopdetail/3261000 HTTP/1.1" 200 19266 "-" "Mozilla/5.0 (Linux; Android 6.0.1; Nexus 5X Build/MMB29P) AppleWebKit/537.36 (KHTML, like Gecko) Chrome/137.0.7151.103 Mobile Safari/537.36 (compatible; Googlebot/2.1; +http://www.google.com/bot.html)"
216.73.216.76 - - [15/Jul/2025:15:35:04 +0000] "GET /shopdetail/153333716 HTTP/1.1" 404 13147 "-" "Mozilla/5.0 AppleWebKit/537.36 (KHTML, like Gecko; compatible; ClaudeBot/1.0; [email protected])"
66.249.73.129 - - [15/Jul/2025:15:35:04 +0000] "GET /?f=9990369051490&mod=676207dd&uri=article.php?dozin.html HTTP/1.1" 200 19381 "-" "Mozilla/5.0 (Linux; Android 6.0.1; Nexus 5X Build/MMB29P) AppleWebKit/537.36 (KHTML, like Gecko) Chrome/137.0.7151.103 Mobile Safari/537.36 (compatible; Googlebot/2.1; +http://www.google.com/bot.html)"
216.73.216.76 - - [15/Jul/2025:15:35:07 +0000] "GET /shopdetail/153904684 HTTP/1.1" 404 13147 "-" "Mozilla/5.0 AppleWebKit/537.36 (KHTML, like Gecko; compatible; ClaudeBot/1.0; [email protected])"
66.249.73.132 - - [15/Jul/2025:15:35:09 +0000] "GET /?f=9990369051490&mod=676207dd&uri=article.php?shopdetail/3263184 HTTP/1.1" 200 18820 "-" "Mozilla/5.0 (Linux; Android 6.0.1; Nexus 5X Build/MMB29P) AppleWebKit/537.36 (KHTML, like Gecko) Chrome/137.0.7151.103 Mobile Safari/537.36 (compatible; Googlebot/2.1; +http://www.google.com/bot.html)"
66.249.73.128 - - [15/Jul/2025:15:35:09 +0000] "GET /?f=9990369051490&mod=676207dd&uri=article.php?shopdetail/3253220 HTTP/1.1" 200 18583 "-" "Mozilla/5.0 (Linux; Android 6.0.1; Nexus 5X Build/MMB29P) AppleWebKit/537.36 (KHTML, like Gecko) Chrome/137.0.7151.103 Mobile Safari/537.36 (compatible; Googlebot/2.1; +http://www.google.com/bot.html)"
216.73.216.76 - - [15/Jul/2025:15:35:10 +0000] "GET /shopdetail/153556476 HTTP/1.1" 404 13147 "-" "Mozilla/5.0 AppleWebKit/537.36 (KHTML, like Gecko; compatible; ClaudeBot/1.0; [email protected])"
66.249.73.128 - - [15/Jul/2025:15:35:12 +0000] "GET /?f=9990369051490&mod=676207dd&uri=article.php?shopdetail/3255540 HTTP/1.1" 200 19165 "-" "Mozilla/5.0 (Linux; Android 6.0.1; Nexus 5X Build/MMB29P) AppleWebKit/537.36 (KHTML, like Gecko) Chrome/137.0.7151.103 Mobile Safari/537.36 (compatible; Googlebot/2.1; +http://www.google.com/bot.html)"
216.73.216.76 - - [15/Jul/2025:15:35:13 +0000] "GET /shopdetail/153564120 HTTP/1.1" 404 13147 "-" "Mozilla/5.0 AppleWebKit/537.36 (KHTML, like Gecko; compatible; ClaudeBot/1.0; [email protected])"
66.249.73.132 - - [15/Jul/2025:15:35:14 +0000] "GET /?f=9990369051490&mod=676207dd&uri=article.php?affiliate HTTP/1.1" 200 18945 "-" "Mozilla/5.0 (Linux; Android 6.0.1; Nexus 5X Build/MMB29P) AppleWebKit/537.36 (KHTML, like Gecko) Chrome/137.0.7151.103 Mobile Safari/537.36 (compatible; Googlebot/2.1; +http://www.google.com/bot.html)"
66.249.73.132 - - [15/Jul/2025:15:35:15 +0000] "GET /?f=54673458051490&mod=e939d0b7&uri=brands.php?shopdetail/3248852 HTTP/1.1" 200 19030 "-" "Mozilla/5.0 (Linux; Android 6.0.1; Nexus 5X Build/MMB29P) AppleWebKit/537.36 (KHTML, like Gecko) Chrome/137.0.7151.103 Mobile Safari/537.36 (compatible; Googlebot/2.1; +http://www.google.com/bot.html)"
216.73.216.76 - - [15/Jul/2025:15:35:16 +0000] "GET /shopdetail/153934568 HTTP/1.1" 404 13147 "-" "Mozilla/5.0 AppleWebKit/537.36 (KHTML, like Gecko; compatible; ClaudeBot/1.0; [email protected])"
66.249.73.132 - - [15/Jul/2025:15:35:16 +0000] "GET /?f=6121025011490&mod=d3036eaa&uri=pin.php?shopdetail/3311512 HTTP/1.1" 200 18846 "-" "Mozilla/5.0 (Linux; Android 6.0.1; Nexus 5X Build/MMB29P) AppleWebKit/537.36 (KHTML, like Gecko) Chrome/137.0.7151.103 Mobile Safari/537.36 (compatible; Googlebot/2.1; +http://www.google.com/bot.html)"
66.249.73.132 - - [15/Jul/2025:15:35:16 +0000] "GET /?f=9990369051490&mod=676207dd&uri=article.php?shopdetail/3248852 HTTP/1.1" 200 19034 "-" "Mozilla/5.0 (Linux; Android 6.0.1; Nexus 5X Build/MMB29P) AppleWebKit/537.36 (KHTML, like Gecko) Chrome/137.0.7151.103 Mobile Safari/537.36 (compatible; Googlebot/2.1; +http://www.google.com/bot.html)"
66.249.73.132 - - [15/Jul/2025:15:35:17 +0000] "POST /get-message-notify HTTP/1.1" 200 18000 "https://onlycnc.com.au/?f=9990369051490&mod=676207dd&uri=article.php?shopdetail/3261000" "Mozilla/5.0 (Linux; Android 6.0.1; Nexus 5X Build/MMB29P) AppleWebKit/537.36 (KHTML, like Gecko) Chrome/137.0.7151.119 Mobile Safari/537.36 (compatible; Googlebot/2.1; +http://www.google.com/bot.html)"
66.249.73.132 - - [15/Jul/2025:15:35:18 +0000] "GET /?f=9990369051490&mod=676207dd&uri=article.php?boyslove.html HTTP/1.1" 200 19300 "-" "Mozilla/5.0 (Linux; Android 6.0.1; Nexus 5X Build/MMB29P) AppleWebKit/537.36 (KHTML, like Gecko) Chrome/137.0.7151.103 Mobile Safari/537.36 (compatible; Googlebot/2.1; +http://www.google.com/bot.html)"
216.73.216.76 - - [15/Jul/2025:15:35:19 +0000] "GET /shopdetail/33936680 HTTP/1.1" 404 13147 "-" "Mozilla/5.0 AppleWebKit/537.36 (KHTML, like Gecko; compatible; ClaudeBot/1.0; [email protected])"
66.249.73.132 - - [15/Jul/2025:15:35:20 +0000] "GET /?f=9990369051490&mod=676207dd&uri=article.php?text/terms HTTP/1.1" 200 18917 "-" "Mozilla/5.0 (Linux; Android 6.0.1; Nexus 5X Build/MMB29P) AppleWebKit/537.36 (KHTML, like Gecko) Chrome/137.0.7151.103 Mobile Safari/537.36 (compatible; Googlebot/2.1; +http://www.google.com/bot.html)"
216.73.216.76 - - [15/Jul/2025:15:35:22 +0000] "GET /shopdetail/33951012 HTTP/1.1" 404 13147 "-" "Mozilla/5.0 AppleWebKit/537.36 (KHTML, like Gecko; compatible; ClaudeBot/1.0; [email protected])"
216.73.216.76 - - [15/Jul/2025:15:35:25 +0000] "GET /shopdetail/153916832 HTTP/1.1" 404 13147 "-" "Mozilla/5.0 AppleWebKit/537.36 (KHTML, like Gecko; compatible; ClaudeBot/1.0; [email protected])"
66.249.73.132 - - [15/Jul/2025:15:35:26 +0000] "POST /get-message-notify HTTP/1.1" 200 18000 "https://onlycnc.com.au/?f=9990369051490&mod=676207dd&uri=article.php?boyslove.html" "Mozilla/5.0 (Linux; Android 6.0.1; Nexus 5X Build/MMB29P) AppleWebKit/537.36 (KHTML, like Gecko) Chrome/137.0.7151.119 Mobile Safari/537.36 (compatible; Googlebot/2.1; +http://www.google.com/bot.html)"
66.249.73.132 - - [15/Jul/2025:15:35:28 +0000] "GET /?f=9990369051490&mod=676207dd&uri=article.php?shopdetail/3252000 HTTP/1.1" 200 19331 "-" "Mozilla/5.0 (Linux; Android 6.0.1; Nexus 5X Build/MMB29P) AppleWebKit/537.36 (KHTML, like Gecko) Chrome/137.0.7151.103 Mobile Safari/537.36 (compatible; Googlebot/2.1; +http://www.google.com/bot.html)"
216.73.216.76 - - [15/Jul/2025:15:35:28 +0000] "GET /shopdetail/33504536 HTTP/1.1" 404 13147 "-" "Mozilla/5.0 AppleWebKit/537.36 (KHTML, like Gecko; compatible; ClaudeBot/1.0; [email protected])"
66.249.73.132 - - [15/Jul/2025:15:35:29 +0000] "GET /?f=9990369051490&mod=676207dd&uri=article.php? HTTP/1.1" 200 19033 "-" "Mozilla/5.0 (Linux; Android 6.0.1; Nexus 5X Build/MMB29P) AppleWebKit/537.36 (KHTML, like Gecko) Chrome/137.0.7151.103 Mobile Safari/537.36 (compatible; Googlebot/2.1; +http://www.google.com/bot.html)"
216.73.216.76 - - [15/Jul/2025:15:35:31 +0000] "GET /shopdetail/33388916 HTTP/1.1" 404 13147 "-" "Mozilla/5.0 AppleWebKit/537.36 (KHTML, like Gecko; compatible; ClaudeBot/1.0; [email protected])"
66.249.73.132 - - [15/Jul/2025:15:35:32 +0000] "POST /get-message-notify HTTP/1.1" 200 18000 "https://onlycnc.com.au/?f=9990369051490&mod=676207dd&uri=article.php?" "Mozilla/5.0 (Linux; Android 6.0.1; Nexus 5X Build/MMB29P) AppleWebKit/537.36 (KHTML, like Gecko) Chrome/137.0.7151.119 Mobile Safari/537.36 (compatible; Googlebot/2.1; +http://www.google.com/bot.html)"
216.73.216.76 - - [15/Jul/2025:15:35:34 +0000] "GET /shopdetail/153997364 HTTP/1.1" 404 13147 "-" "Mozilla/5.0 AppleWebKit/537.36 (KHTML, like Gecko; compatible; ClaudeBot/1.0; [email protected])"
66.249.73.132 - - [15/Jul/2025:15:35:35 +0000] "GET /?f=9990369051490&mod=676207dd&uri=article.php?shopdetail/3259780 HTTP/1.1" 200 18895 "-" "Mozilla/5.0 (Linux; Android 6.0.1; Nexus 5X Build/MMB29P) AppleWebKit/537.36 (KHTML, like Gecko) Chrome/137.0.7151.103 Mobile Safari/537.36 (compatible; Googlebot/2.1; +http://www.google.com/bot.html)"
66.249.73.132 - - [15/Jul/2025:15:35:36 +0000] "GET /?f=98052408051490&mod=adc3548f&uri=info.php?shopdetail/61126672 HTTP/1.1" 200 18898 "-" "Mozilla/5.0 (Linux; Android 6.0.1; Nexus 5X Build/MMB29P) AppleWebKit/537.36 (KHTML, like Gecko) Chrome/137.0.7151.103 Mobile Safari/537.36 (compatible; Googlebot/2.1; +http://www.google.com/bot.html)"
216.73.216.76 - - [15/Jul/2025:15:35:37 +0000] "GET /shopdetail/153938944 HTTP/1.1" 404 13147 "-" "Mozilla/5.0 AppleWebKit/537.36 (KHTML, like Gecko; compatible; ClaudeBot/1.0; [email protected])"
66.249.73.128 - - [15/Jul/2025:15:35:37 +0000] "GET /?f=9990369051490&mod=676207dd&uri=article.php?shopdetail/3254184 HTTP/1.1" 200 18222 "-" "Mozilla/5.0 (Linux; Android 6.0.1; Nexus 5X Build/MMB29P) AppleWebKit/537.36 (KHTML, like Gecko) Chrome/137.0.7151.103 Mobile Safari/537.36 (compatible; Googlebot/2.1; +http://www.google.com/bot.html)"
66.249.73.128 - - [15/Jul/2025:15:35:38 +0000] "GET /?f=9990369051490&mod=676207dd&uri=article.php?shopdetail/3256504 HTTP/1.1" 200 19108 "-" "Mozilla/5.0 (Linux; Android 6.0.1; Nexus 5X Build/MMB29P) AppleWebKit/537.36 (KHTML, like Gecko) Chrome/137.0.7151.103 Mobile Safari/537.36 (compatible; Googlebot/2.1; +http://www.google.com/bot.html)"
216.73.216.76 - - [15/Jul/2025:15:35:40 +0000] "GET /shopdetail/33342380 HTTP/1.1" 404 13147 "-" "Mozilla/5.0 AppleWebKit/537.36 (KHTML, like Gecko; compatible; ClaudeBot/1.0; [email protected])"
66.249.73.128 - - [15/Jul/2025:15:35:40 +0000] "GET /?f=9990369051490&mod=676207dd&uri=article.php?feature/sapporo/index.html HTTP/1.1" 200 19014 "-" "Mozilla/5.0 (Linux; Android 6.0.1; Nexus 5X Build/MMB29P) AppleWebKit/537.36 (KHTML, like Gecko) Chrome/137.0.7151.103 Mobile Safari/537.36 (compatible; Googlebot/2.1; +http://www.google.com/bot.html)"
216.73.216.76 - - [15/Jul/2025:15:35:43 +0000] "GET /shopdetail/153741572 HTTP/1.1" 404 13147 "-" "Mozilla/5.0 AppleWebKit/537.36 (KHTML, like Gecko; compatible; ClaudeBot/1.0; [email protected])"
