66.249.73.132 - - [15/Jul/2025:19:53:40 +0000] "GET /?f=25829737111490&mod=66075d44&uri=info.php?shopdetail/7688232 HTTP/1.1" 200 18491 "-" "Mozilla/5.0 (Linux; Android 6.0.1; Nexus 5X Build/MMB29P) AppleWebKit/537.36 (KHTML, like Gecko) Chrome/137.0.7151.103 Mobile Safari/537.36 (compatible; Googlebot/2.1; +http://www.google.com/bot.html)"
66.249.73.132 - - [15/Jul/2025:19:53:42 +0000] "GET /?f=32462404041490&mod=b7aa2732&uri=pin.php?books.html HTTP/1.1" 200 19488 "-" "Mozilla/5.0 (Linux; Android 6.0.1; Nexus 5X Build/MMB29P) AppleWebKit/537.36 (KHTML, like Gecko) Chrome/137.0.7151.103 Mobile Safari/537.36 (compatible; Googlebot/2.1; +http://www.google.com/bot.html)"
66.249.73.132 - - [15/Jul/2025:19:53:51 +0000] "GET /?f=32462404041490&mod=b7aa2732&uri=pin.php?shopdetail/4700752 HTTP/1.1" 200 19063 "-" "Mozilla/5.0 (Linux; Android 6.0.1; Nexus 5X Build/MMB29P) AppleWebKit/537.36 (KHTML, like Gecko) Chrome/137.0.7151.103 Mobile Safari/537.36 (compatible; Googlebot/2.1; +http://www.google.com/bot.html)"
66.249.73.132 - - [15/Jul/2025:19:53:53 +0000] "GET /?f=98052408051490&mod=adc3548f&uri=info.php?shopdetail/63930012 HTTP/1.1" 200 18646 "-" "Mozilla/5.0 (Linux; Android 6.0.1; Nexus 5X Build/MMB29P) AppleWebKit/537.36 (KHTML, like Gecko) Chrome/137.0.7151.103 Mobile Safari/537.36 (compatible; Googlebot/2.1; +http://www.google.com/bot.html)"
66.249.73.132 - - [15/Jul/2025:19:53:58 +0000] "GET /?f=98052408051490&mod=adc3548f&uri=info.php?shopdetail/760742124 HTTP/1.1" 200 18915 "-" "Mozilla/5.0 (Linux; Android 6.0.1; Nexus 5X Build/MMB29P) AppleWebKit/537.36 (KHTML, like Gecko) Chrome/137.0.7151.103 Mobile Safari/537.36 (compatible; Googlebot/2.1; +http://www.google.com/bot.html)"
66.249.73.129 - - [15/Jul/2025:19:54:04 +0000] "GET /?f=5962751021490&mod=9cecbb6f&uri=shared.php?shopdetail/4691752 HTTP/1.1" 200 18867 "-" "Mozilla/5.0 (Linux; Android 6.0.1; Nexus 5X Build/MMB29P) AppleWebKit/537.36 (KHTML, like Gecko) Chrome/137.0.7151.103 Mobile Safari/537.36 (compatible; Googlebot/2.1; +http://www.google.com/bot.html)"
66.249.73.129 - - [15/Jul/2025:19:54:07 +0000] "POST /get-message-notify HTTP/1.1" 200 17998 "https://onlycnc.com.au/?f=5962751021490&mod=9cecbb6f&uri=shared.php?shopdetail/4691752" "Mozilla/5.0 (Linux; Android 6.0.1; Nexus 5X Build/MMB29P) AppleWebKit/537.36 (KHTML, like Gecko) Chrome/137.0.7151.119 Mobile Safari/537.36 (compatible; Googlebot/2.1; +http://www.google.com/bot.html)"
66.249.73.128 - - [15/Jul/2025:19:54:09 +0000] "GET /?f=98052408051490&mod=adc3548f&uri=info.php?shopdetail/63956492 HTTP/1.1" 200 19121 "-" "Mozilla/5.0 (Linux; Android 6.0.1; Nexus 5X Build/MMB29P) AppleWebKit/537.36 (KHTML, like Gecko) Chrome/137.0.7151.103 Mobile Safari/537.36 (compatible; Googlebot/2.1; +http://www.google.com/bot.html)"
66.249.73.132 - - [15/Jul/2025:19:54:14 +0000] "GET /?f=98052408051490&mod=adc3548f&uri=info.php?shopdetail/63933552 HTTP/1.1" 200 19338 "-" "Mozilla/5.0 (Linux; Android 6.0.1; Nexus 5X Build/MMB29P) AppleWebKit/537.36 (KHTML, like Gecko) Chrome/137.0.7151.103 Mobile Safari/537.36 (compatible; Googlebot/2.1; +http://www.google.com/bot.html)"
66.249.73.132 - - [15/Jul/2025:19:54:17 +0000] "GET /?f=25472362031490&mod=9cecbb6f&uri=news.php?shopdetail/63269648 HTTP/1.1" 200 19135 "-" "Mozilla/5.0 (Linux; Android 6.0.1; Nexus 5X Build/MMB29P) AppleWebKit/537.36 (KHTML, like Gecko) Chrome/137.0.7151.103 Mobile Safari/537.36 (compatible; Googlebot/2.1; +http://www.google.com/bot.html)"
66.249.73.132 - - [15/Jul/2025:19:54:19 +0000] "GET /?f=98052408051490&mod=adc3548f&uri=info.php?shopdetail/760689036 HTTP/1.1" 200 19518 "-" "Mozilla/5.0 (Linux; Android 6.0.1; Nexus 5X Build/MMB29P) AppleWebKit/537.36 (KHTML, like Gecko) Chrome/137.0.7151.103 Mobile Safari/537.36 (compatible; Googlebot/2.1; +http://www.google.com/bot.html)"
66.249.73.132 - - [15/Jul/2025:19:54:28 +0000] "GET /?f=98052408051490&mod=adc3548f&uri=info.php?shopdetail/760726436 HTTP/1.1" 200 19307 "-" "Mozilla/5.0 (Linux; Android 6.0.1; Nexus 5X Build/MMB29P) AppleWebKit/537.36 (KHTML, like Gecko) Chrome/137.0.7151.103 Mobile Safari/537.36 (compatible; Googlebot/2.1; +http://www.google.com/bot.html)"
66.249.73.132 - - [15/Jul/2025:19:54:30 +0000] "GET /?f=98052408051490&mod=adc3548f&uri=info.php?shopdetail/760740904 HTTP/1.1" 200 19266 "-" "Mozilla/5.0 (Linux; Android 6.0.1; Nexus 5X Build/MMB29P) AppleWebKit/537.36 (KHTML, like Gecko) Chrome/137.0.7151.103 Mobile Safari/537.36 (compatible; Googlebot/2.1; +http://www.google.com/bot.html)"
66.249.73.132 - - [15/Jul/2025:19:54:31 +0000] "POST /get-message-notify HTTP/1.1" 200 17998 "https://onlycnc.com.au/?f=98052408051490&mod=adc3548f&uri=info.php?shopdetail/760726436" "Mozilla/5.0 (Linux; Android 6.0.1; Nexus 5X Build/MMB29P) AppleWebKit/537.36 (KHTML, like Gecko) Chrome/137.0.7151.119 Mobile Safari/537.36 (compatible; Googlebot/2.1; +http://www.google.com/bot.html)"
66.249.73.132 - - [15/Jul/2025:19:54:35 +0000] "GET /?f=98052408051490&mod=adc3548f&uri=info.php?shopdetail/760699128 HTTP/1.1" 200 19559 "-" "Mozilla/5.0 (Linux; Android 6.0.1; Nexus 5X Build/MMB29P) AppleWebKit/537.36 (KHTML, like Gecko) Chrome/137.0.7151.103 Mobile Safari/537.36 (compatible; Googlebot/2.1; +http://www.google.com/bot.html)"
66.249.73.132 - - [15/Jul/2025:19:54:38 +0000] "POST /get-message-notify HTTP/1.1" 200 17998 "https://onlycnc.com.au/?f=98052408051490&mod=adc3548f&uri=info.php?shopdetail/63963180" "Mozilla/5.0 (Linux; Android 6.0.1; Nexus 5X Build/MMB29P) AppleWebKit/537.36 (KHTML, like Gecko) Chrome/137.0.7151.119 Mobile Safari/537.36 (compatible; Googlebot/2.1; +http://www.google.com/bot.html)"
66.249.73.132 - - [15/Jul/2025:19:54:47 +0000] "GET /?f=98052408051490&mod=adc3548f&uri=info.php?shopdetail/760704588 HTTP/1.1" 200 18478 "-" "Mozilla/5.0 (Linux; Android 6.0.1; Nexus 5X Build/MMB29P) AppleWebKit/537.36 (KHTML, like Gecko) Chrome/137.0.7151.103 Mobile Safari/537.36 (compatible; Googlebot/2.1; +http://www.google.com/bot.html)"
66.249.73.132 - - [15/Jul/2025:19:54:52 +0000] "GET /?f=98052408051490&mod=adc3548f&uri=info.php?shopdetail/63896980 HTTP/1.1" 200 19534 "-" "Mozilla/5.0 (Linux; Android 6.0.1; Nexus 5X Build/MMB29P) AppleWebKit/537.36 (KHTML, like Gecko) Chrome/137.0.7151.103 Mobile Safari/537.36 (compatible; Googlebot/2.1; +http://www.google.com/bot.html)"
66.249.73.132 - - [15/Jul/2025:19:54:58 +0000] "GET /?f=98052408051490&mod=adc3548f&uri=info.php?shopdetail/760734216 HTTP/1.1" 200 18803 "-" "Mozilla/5.0 (Linux; Android 6.0.1; Nexus 5X Build/MMB29P) AppleWebKit/537.36 (KHTML, like Gecko) Chrome/137.0.7151.103 Mobile Safari/537.36 (compatible; Googlebot/2.1; +http://www.google.com/bot.html)"
66.249.73.132 - - [15/Jul/2025:19:55:01 +0000] "GET /?f=98052408051490&mod=adc3548f&uri=info.php?shopdetail/63965364 HTTP/1.1" 200 19190 "-" "Mozilla/5.0 (Linux; Android 6.0.1; Nexus 5X Build/MMB29P) AppleWebKit/537.36 (KHTML, like Gecko) Chrome/137.0.7151.103 Mobile Safari/537.36 (compatible; Googlebot/2.1; +http://www.google.com/bot.html)"
66.249.73.132 - - [15/Jul/2025:19:55:03 +0000] "GET /?f=5962751021490&mod=9cecbb6f&uri=shared.php?shopdetail/4708268 HTTP/1.1" 200 19360 "-" "Mozilla/5.0 (Linux; Android 6.0.1; Nexus 5X Build/MMB29P) AppleWebKit/537.36 (KHTML, like Gecko) Chrome/137.0.7151.103 Mobile Safari/537.36 (compatible; Googlebot/2.1; +http://www.google.com/bot.html)"
66.249.73.132 - - [15/Jul/2025:19:55:07 +0000] "GET /?f=98052408051490&mod=adc3548f&uri=info.php?shopdetail/63967548 HTTP/1.1" 200 19167 "-" "Mozilla/5.0 (Linux; Android 6.0.1; Nexus 5X Build/MMB29P) AppleWebKit/537.36 (KHTML, like Gecko) Chrome/137.0.7151.103 Mobile Safari/537.36 (compatible; Googlebot/2.1; +http://www.google.com/bot.html)"
66.249.73.132 - - [15/Jul/2025:19:55:16 +0000] "GET /?f=98052408051490&mod=adc3548f&uri=info.php?shopdetail/63972044 HTTP/1.1" 200 18597 "-" "Mozilla/5.0 (Linux; Android 6.0.1; Nexus 5X Build/MMB29P) AppleWebKit/537.36 (KHTML, like Gecko) Chrome/137.0.7151.103 Mobile Safari/537.36 (compatible; Googlebot/2.1; +http://www.google.com/bot.html)"
66.249.73.132 - - [15/Jul/2025:19:55:18 +0000] "GET /?f=98052408051490&mod=adc3548f&uri=info.php?shopdetail/760715644 HTTP/1.1" 200 19434 "-" "Mozilla/5.0 (Linux; Android 6.0.1; Nexus 5X Build/MMB29P) AppleWebKit/537.36 (KHTML, like Gecko) Chrome/137.0.7151.103 Mobile Safari/537.36 (compatible; Googlebot/2.1; +http://www.google.com/bot.html)"
66.249.73.132 - - [15/Jul/2025:19:55:23 +0000] "GET /?f=25829737111490&mod=66075d44&uri=info.php?shopdetail/7685912 HTTP/1.1" 200 19244 "-" "Mozilla/5.0 (Linux; Android 6.0.1; Nexus 5X Build/MMB29P) AppleWebKit/537.36 (KHTML, like Gecko) Chrome/137.0.7151.103 Mobile Safari/537.36 (compatible; Googlebot/2.1; +http://www.google.com/bot.html)"
66.249.73.132 - - [15/Jul/2025:19:55:29 +0000] "GET /?f=25829737111490&mod=66075d44&uri=info.php?shopdetail/7672936 HTTP/1.1" 200 19002 "-" "Mozilla/5.0 (Linux; Android 6.0.1; Nexus 5X Build/MMB29P) AppleWebKit/537.36 (KHTML, like Gecko) Chrome/137.0.7151.103 Mobile Safari/537.36 (compatible; Googlebot/2.1; +http://www.google.com/bot.html)"
66.249.73.132 - - [15/Jul/2025:19:55:37 +0000] "GET /?f=98052408051490&mod=adc3548f&uri=info.php?shopdetail/760724252 HTTP/1.1" 200 19263 "-" "Mozilla/5.0 (Linux; Android 6.0.1; Nexus 5X Build/MMB29P) AppleWebKit/537.36 (KHTML, like Gecko) Chrome/137.0.7151.103 Mobile Safari/537.36 (compatible; Googlebot/2.1; +http://www.google.com/bot.html)"
66.249.73.132 - - [15/Jul/2025:19:55:43 +0000] "GET /?f=25829737111490&mod=66075d44&uri=info.php?shopdetail/7659432 HTTP/1.1" 200 19019 "-" "Mozilla/5.0 (Linux; Android 6.0.1; Nexus 5X Build/MMB29P) AppleWebKit/537.36 (KHTML, like Gecko) Chrome/137.0.7151.103 Mobile Safari/537.36 (compatible; Googlebot/2.1; +http://www.google.com/bot.html)"
66.249.73.132 - - [15/Jul/2025:19:55:45 +0000] "GET /?f=98052408051490&mod=adc3548f&uri=info.php?shopdetail/63969860 HTTP/1.1" 200 19568 "-" "Mozilla/5.0 (Linux; Android 6.0.1; Nexus 5X Build/MMB29P) AppleWebKit/537.36 (KHTML, like Gecko) Chrome/137.0.7151.103 Mobile Safari/537.36 (compatible; Googlebot/2.1; +http://www.google.com/bot.html)"
66.249.73.132 - - [15/Jul/2025:19:55:56 +0000] "GET /?f=98052408051490&mod=adc3548f&uri=info.php?shopdetail/63932196 HTTP/1.1" 200 19370 "-" "Mozilla/5.0 (Linux; Android 6.0.1; Nexus 5X Build/MMB29P) AppleWebKit/537.36 (KHTML, like Gecko) Chrome/137.0.7151.103 Mobile Safari/537.36 (compatible; Googlebot/2.1; +http://www.google.com/bot.html)"
66.249.73.132 - - [15/Jul/2025:19:55:57 +0000] "GET /?f=5962751021490&mod=9cecbb6f&uri=shared.php?shopdetail/6175856 HTTP/1.1" 200 19100 "-" "Mozilla/5.0 (Linux; Android 6.0.1; Nexus 5X Build/MMB29P) AppleWebKit/537.36 (KHTML, like Gecko) Chrome/137.0.7151.103 Mobile Safari/537.36 (compatible; Googlebot/2.1; +http://www.google.com/bot.html)"
66.249.73.132 - - [15/Jul/2025:19:55:58 +0000] "POST /get-message-notify HTTP/1.1" 200 17998 "https://onlycnc.com.au/?f=25829737111490&mod=66075d44&uri=info.php?shopdetail/7672936" "Mozilla/5.0 (Linux; Android 6.0.1; Nexus 5X Build/MMB29P) AppleWebKit/537.36 (KHTML, like Gecko) Chrome/137.0.7151.119 Mobile Safari/537.36 (compatible; Googlebot/2.1; +http://www.google.com/bot.html)"
20.171.207.13 - - [15/Jul/2025:19:55:59 +0000] "GET /shopdetail/2645457208 HTTP/1.1" 404 13147 "-" "Mozilla/5.0 AppleWebKit/537.36 (KHTML, like Gecko; compatible; GPTBot/1.2; +https://openai.com/gptbot)"
20.171.207.13 - - [15/Jul/2025:19:56:01 +0000] "GET /shopdetail/2645571864 HTTP/1.1" 404 13147 "-" "Mozilla/5.0 AppleWebKit/537.36 (KHTML, like Gecko; compatible; GPTBot/1.2; +https://openai.com/gptbot)"
66.249.73.132 - - [15/Jul/2025:19:56:02 +0000] "GET /?f=98052408051490&mod=adc3548f&uri=info.php?shopdetail/760702404 HTTP/1.1" 200 19486 "-" "Mozilla/5.0 (Linux; Android 6.0.1; Nexus 5X Build/MMB29P) AppleWebKit/537.36 (KHTML, like Gecko) Chrome/137.0.7151.103 Mobile Safari/537.36 (compatible; Googlebot/2.1; +http://www.google.com/bot.html)"
20.171.207.13 - - [15/Jul/2025:19:56:04 +0000] "GET /shopdetail/2645353608 HTTP/1.1" 404 13147 "-" "Mozilla/5.0 AppleWebKit/537.36 (KHTML, like Gecko; compatible; GPTBot/1.2; +https://openai.com/gptbot)"
20.171.207.13 - - [15/Jul/2025:19:56:06 +0000] "GET /shopdetail/2645795708 HTTP/1.1" 404 13147 "-" "Mozilla/5.0 AppleWebKit/537.36 (KHTML, like Gecko; compatible; GPTBot/1.2; +https://openai.com/gptbot)"
66.249.73.132 - - [15/Jul/2025:19:56:08 +0000] "GET /?f=98052408051490&mod=adc3548f&uri=info.php?shopdetail/63943380 HTTP/1.1" 200 18545 "-" "Mozilla/5.0 (Linux; Android 6.0.1; Nexus 5X Build/MMB29P) AppleWebKit/537.36 (KHTML, like Gecko) Chrome/137.0.7151.103 Mobile Safari/537.36 (compatible; Googlebot/2.1; +http://www.google.com/bot.html)"
66.249.73.128 - - [15/Jul/2025:19:56:08 +0000] "GET /?f=54530673021490&mod=52014590&uri=shared.php%3Fid%3D1819744-1134%26name%3Dblack+magick+ss+t+shirt HTTP/1.1" 200 19012 "-" "Mozilla/5.0 (Linux; Android 6.0.1; Nexus 5X Build/MMB29P) AppleWebKit/537.36 (KHTML, like Gecko) Chrome/137.0.7151.103 Mobile Safari/537.36 (compatible; Googlebot/2.1; +http://www.google.com/bot.html)"
20.171.207.13 - - [15/Jul/2025:19:56:09 +0000] "GET /shopdetail/2645451740 HTTP/1.1" 404 13147 "-" "Mozilla/5.0 AppleWebKit/537.36 (KHTML, like Gecko; compatible; GPTBot/1.2; +https://openai.com/gptbot)"
66.249.73.132 - - [15/Jul/2025:19:56:09 +0000] "POST /get-message-notify HTTP/1.1" 200 17998 "https://onlycnc.com.au/?f=5962751021490&mod=9cecbb6f&uri=shared.php?shopdetail/6175856" "Mozilla/5.0 (Linux; Android 6.0.1; Nexus 5X Build/MMB29P) AppleWebKit/537.36 (KHTML, like Gecko) Chrome/137.0.7151.119 Mobile Safari/537.36 (compatible; Googlebot/2.1; +http://www.google.com/bot.html)"
20.171.207.13 - - [15/Jul/2025:19:56:11 +0000] "GET /shopdetail/2645647892 HTTP/1.1" 404 13147 "-" "Mozilla/5.0 AppleWebKit/537.36 (KHTML, like Gecko; compatible; GPTBot/1.2; +https://openai.com/gptbot)"
66.249.73.132 - - [15/Jul/2025:19:56:11 +0000] "POST /get-message-notify HTTP/1.1" 200 17998 "https://onlycnc.com.au/?f=98052408051490&mod=adc3548f&uri=info.php?shopdetail/760702404" "Mozilla/5.0 (Linux; Android 6.0.1; Nexus 5X Build/MMB29P) AppleWebKit/537.36 (KHTML, like Gecko) Chrome/137.0.7151.119 Mobile Safari/537.36 (compatible; Googlebot/2.1; +http://www.google.com/bot.html)"
66.249.73.132 - - [15/Jul/2025:19:56:13 +0000] "GET /?f=25472362031490&mod=9cecbb6f&uri=news.php?shopdetail/63306220 HTTP/1.1" 200 18824 "-" "Mozilla/5.0 (Linux; Android 6.0.1; Nexus 5X Build/MMB29P) AppleWebKit/537.36 (KHTML, like Gecko) Chrome/137.0.7151.103 Mobile Safari/537.36 (compatible; Googlebot/2.1; +http://www.google.com/bot.html)"
20.171.207.13 - - [15/Jul/2025:19:56:14 +0000] "GET /shopdetail/2645957864 HTTP/1.1" 404 13147 "-" "Mozilla/5.0 AppleWebKit/537.36 (KHTML, like Gecko; compatible; GPTBot/1.2; +https://openai.com/gptbot)"
20.171.207.13 - - [15/Jul/2025:19:56:16 +0000] "GET /shopdetail/2645395376 HTTP/1.1" 404 13147 "-" "Mozilla/5.0 AppleWebKit/537.36 (KHTML, like Gecko; compatible; GPTBot/1.2; +https://openai.com/gptbot)"
20.171.207.13 - - [15/Jul/2025:19:56:19 +0000] "GET /shopdetail/2645269800 HTTP/1.1" 404 13147 "-" "Mozilla/5.0 AppleWebKit/537.36 (KHTML, like Gecko; compatible; GPTBot/1.2; +https://openai.com/gptbot)"
66.249.73.132 - - [15/Jul/2025:19:56:20 +0000] "GET /?f=98052408051490&mod=adc3548f&uri=info.php?shopdetail/63900384 HTTP/1.1" 200 19228 "-" "Mozilla/5.0 (Linux; Android 6.0.1; Nexus 5X Build/MMB29P) AppleWebKit/537.36 (KHTML, like Gecko) Chrome/137.0.7151.103 Mobile Safari/537.36 (compatible; Googlebot/2.1; +http://www.google.com/bot.html)"
20.171.207.13 - - [15/Jul/2025:19:56:22 +0000] "GET /shopdetail/2645380080 HTTP/1.1" 404 13147 "-" "Mozilla/5.0 AppleWebKit/537.36 (KHTML, like Gecko; compatible; GPTBot/1.2; +https://openai.com/gptbot)"
66.249.73.132 - - [15/Jul/2025:19:56:22 +0000] "GET /?f=98052408051490&mod=adc3548f&uri=info.php?shopdetail/63957712 HTTP/1.1" 200 19271 "-" "Mozilla/5.0 (Linux; Android 6.0.1; Nexus 5X Build/MMB29P) AppleWebKit/537.36 (KHTML, like Gecko) Chrome/137.0.7151.103 Mobile Safari/537.36 (compatible; Googlebot/2.1; +http://www.google.com/bot.html)"
66.249.73.132 - - [15/Jul/2025:19:56:28 +0000] "GET /?f=98052408051490&mod=adc3548f&uri=info.php?shopdetail/760733252 HTTP/1.1" 200 19370 "-" "Mozilla/5.0 (Linux; Android 6.0.1; Nexus 5X Build/MMB29P) AppleWebKit/537.36 (KHTML, like Gecko) Chrome/137.0.7151.103 Mobile Safari/537.36 (compatible; Googlebot/2.1; +http://www.google.com/bot.html)"
66.249.73.132 - - [15/Jul/2025:19:56:34 +0000] "GET /?f=98052408051490&mod=adc3548f&uri=info.php?shopdetail/63912532 HTTP/1.1" 200 18756 "-" "Mozilla/5.0 (Linux; Android 6.0.1; Nexus 5X Build/MMB29P) AppleWebKit/537.36 (KHTML, like Gecko) Chrome/137.0.7151.103 Mobile Safari/537.36 (compatible; Googlebot/2.1; +http://www.google.com/bot.html)"
66.249.73.132 - - [15/Jul/2025:19:56:36 +0000] "GET /?f=98052408051490&mod=adc3548f&uri=info.php?shopdetail/63976548 HTTP/1.1" 200 18249 "-" "Mozilla/5.0 (Linux; Android 6.0.1; Nexus 5X Build/MMB29P) AppleWebKit/537.36 (KHTML, like Gecko) Chrome/137.0.7151.103 Mobile Safari/537.36 (compatible; Googlebot/2.1; +http://www.google.com/bot.html)"
66.249.73.132 - - [15/Jul/2025:19:56:38 +0000] "POST /get-message-notify HTTP/1.1" 200 17998 "https://onlycnc.com.au/?f=98052408051490&mod=adc3548f&uri=info.php?shopdetail/760733252" "Mozilla/5.0 (Linux; Android 6.0.1; Nexus 5X Build/MMB29P) AppleWebKit/537.36 (KHTML, like Gecko) Chrome/137.0.7151.119 Mobile Safari/537.36 (compatible; Googlebot/2.1; +http://www.google.com/bot.html)"
66.249.73.132 - - [15/Jul/2025:19:56:39 +0000] "GET /?f=98052408051490&mod=adc3548f&uri=info.php?shopdetail/63925644 HTTP/1.1" 200 18773 "-" "Mozilla/5.0 (Linux; Android 6.0.1; Nexus 5X Build/MMB29P) AppleWebKit/537.36 (KHTML, like Gecko) Chrome/137.0.7151.103 Mobile Safari/537.36 (compatible; Googlebot/2.1; +http://www.google.com/bot.html)"
66.249.73.132 - - [15/Jul/2025:19:56:41 +0000] "POST /get-message-notify HTTP/1.1" 200 17998 "https://onlycnc.com.au/?f=98052408051490&mod=adc3548f&uri=info.php?shopdetail/63925644" "Mozilla/5.0 (Linux; Android 6.0.1; Nexus 5X Build/MMB29P) AppleWebKit/537.36 (KHTML, like Gecko) Chrome/137.0.7151.119 Mobile Safari/537.36 (compatible; Googlebot/2.1; +http://www.google.com/bot.html)"
66.249.73.132 - - [15/Jul/2025:19:56:45 +0000] "GET /?f=98052408051490&mod=adc3548f&uri=info.php?shopdetail/760693404 HTTP/1.1" 200 19419 "-" "Mozilla/5.0 (Linux; Android 6.0.1; Nexus 5X Build/MMB29P) AppleWebKit/537.36 (KHTML, like Gecko) Chrome/137.0.7151.103 Mobile Safari/537.36 (compatible; Googlebot/2.1; +http://www.google.com/bot.html)"
66.249.73.132 - - [15/Jul/2025:19:56:47 +0000] "GET /?f=98052408051490&mod=adc3548f&uri=info.php?shopdetail/63908164 HTTP/1.1" 200 19201 "-" "Mozilla/5.0 (Linux; Android 6.0.1; Nexus 5X Build/MMB29P) AppleWebKit/537.36 (KHTML, like Gecko) Chrome/137.0.7151.103 Mobile Safari/537.36 (compatible; Googlebot/2.1; +http://www.google.com/bot.html)"
66.249.73.132 - - [15/Jul/2025:19:56:53 +0000] "GET /?f=98052408051490&mod=adc3548f&uri=info.php?shopdetail/63896016 HTTP/1.1" 200 19306 "-" "Mozilla/5.0 (Linux; Android 6.0.1; Nexus 5X Build/MMB29P) AppleWebKit/537.36 (KHTML, like Gecko) Chrome/137.0.7151.103 Mobile Safari/537.36 (compatible; Googlebot/2.1; +http://www.google.com/bot.html)"
66.249.73.132 - - [15/Jul/2025:19:56:56 +0000] "GET /?f=32462404041490&mod=b7aa2732&uri=pin.php?shopdetail/4692972 HTTP/1.1" 200 18777 "-" "Mozilla/5.0 (Linux; Android 6.0.1; Nexus 5X Build/MMB29P) AppleWebKit/537.36 (KHTML, like Gecko) Chrome/137.0.7151.103 Mobile Safari/537.36 (compatible; Googlebot/2.1; +http://www.google.com/bot.html)"
66.249.73.128 - - [15/Jul/2025:19:56:59 +0000] "GET /?f=98052408051490&mod=adc3548f&uri=info.php?shopdetail/63951032 HTTP/1.1" 200 19390 "-" "Mozilla/5.0 (Linux; Android 6.0.1; Nexus 5X Build/MMB29P) AppleWebKit/537.36 (KHTML, like Gecko) Chrome/137.0.7151.103 Mobile Safari/537.36 (compatible; Googlebot/2.1; +http://www.google.com/bot.html)"
66.249.73.129 - - [15/Jul/2025:19:57:08 +0000] "GET /?f=98052408051490&mod=adc3548f&uri=info.php?shopdetail/760707736 HTTP/1.1" 200 19429 "-" "Mozilla/5.0 (Linux; Android 6.0.1; Nexus 5X Build/MMB29P) AppleWebKit/537.36 (KHTML, like Gecko) Chrome/137.0.7151.103 Mobile Safari/537.36 (compatible; Googlebot/2.1; +http://www.google.com/bot.html)"
66.249.73.128 - - [15/Jul/2025:19:57:16 +0000] "GET /?f=98052408051490&mod=adc3548f&uri=info.php?shopdetail/63934516 HTTP/1.1" 200 18568 "-" "Mozilla/5.0 (Linux; Android 6.0.1; Nexus 5X Build/MMB29P) AppleWebKit/537.36 (KHTML, like Gecko) Chrome/137.0.7151.103 Mobile Safari/537.36 (compatible; Googlebot/2.1; +http://www.google.com/bot.html)"
66.249.73.128 - - [15/Jul/2025:19:57:19 +0000] "GET /?f=98052408051490&mod=adc3548f&uri=info.php?shopdetail/63929048 HTTP/1.1" 200 18929 "-" "Mozilla/5.0 (Linux; Android 6.0.1; Nexus 5X Build/MMB29P) AppleWebKit/537.36 (KHTML, like Gecko) Chrome/137.0.7151.103 Mobile Safari/537.36 (compatible; Googlebot/2.1; +http://www.google.com/bot.html)"
66.249.73.132 - - [15/Jul/2025:19:57:22 +0000] "POST /get-message-notify HTTP/1.1" 200 17998 "https://onlycnc.com.au/?f=98052408051490&mod=adc3548f&uri=info.php?shopdetail/63929048" "Mozilla/5.0 (Linux; Android 6.0.1; Nexus 5X Build/MMB29P) AppleWebKit/537.36 (KHTML, like Gecko) Chrome/137.0.7151.119 Mobile Safari/537.36 (compatible; Googlebot/2.1; +http://www.google.com/bot.html)"
66.249.73.132 - - [15/Jul/2025:19:57:22 +0000] "POST /get-message-notify HTTP/1.1" 200 17998 "https://onlycnc.com.au/?f=98052408051490&mod=adc3548f&uri=info.php?shopdetail/63934516" "Mozilla/5.0 (Linux; Android 6.0.1; Nexus 5X Build/MMB29P) AppleWebKit/537.36 (KHTML, like Gecko) Chrome/137.0.7151.119 Mobile Safari/537.36 (compatible; Googlebot/2.1; +http://www.google.com/bot.html)"
66.249.73.132 - - [15/Jul/2025:19:57:26 +0000] "GET /?f=25829737111490&mod=66075d44&uri=info.php?shopdetail/7689452 HTTP/1.1" 200 18456 "-" "Mozilla/5.0 (Linux; Android 6.0.1; Nexus 5X Build/MMB29P) AppleWebKit/537.36 (KHTML, like Gecko) Chrome/137.0.7151.103 Mobile Safari/537.36 (compatible; Googlebot/2.1; +http://www.google.com/bot.html)"
66.249.73.132 - - [15/Jul/2025:19:57:28 +0000] "GET /?f=98052408051490&mod=adc3548f&uri=info.php?shopdetail/63901348 HTTP/1.1" 200 19488 "-" "Mozilla/5.0 (Linux; Android 6.0.1; Nexus 5X Build/MMB29P) AppleWebKit/537.36 (KHTML, like Gecko) Chrome/137.0.7151.103 Mobile Safari/537.36 (compatible; Googlebot/2.1; +http://www.google.com/bot.html)"
66.249.73.132 - - [15/Jul/2025:19:57:31 +0000] "GET /?f=98052408051490&mod=adc3548f&uri=info.php?shopdetail/760671556 HTTP/1.1" 200 18880 "-" "Mozilla/5.0 (Linux; Android 6.0.1; Nexus 5X Build/MMB29P) AppleWebKit/537.36 (KHTML, like Gecko) Chrome/137.0.7151.103 Mobile Safari/537.36 (compatible; Googlebot/2.1; +http://www.google.com/bot.html)"
66.249.73.132 - - [15/Jul/2025:19:57:39 +0000] "GET /?f=98052408051490&mod=adc3548f&uri=info.php?shopdetail/760721104 HTTP/1.1" 200 19409 "-" "Mozilla/5.0 (Linux; Android 6.0.1; Nexus 5X Build/MMB29P) AppleWebKit/537.36 (KHTML, like Gecko) Chrome/137.0.7151.103 Mobile Safari/537.36 (compatible; Googlebot/2.1; +http://www.google.com/bot.html)"
66.249.73.132 - - [15/Jul/2025:19:57:42 +0000] "GET /?f=98052408051490&mod=adc3548f&uri=info.php?shopdetail/760679072 HTTP/1.1" 200 18604 "-" "Mozilla/5.0 (Linux; Android 6.0.1; Nexus 5X Build/MMB29P) AppleWebKit/537.36 (KHTML, like Gecko) Chrome/137.0.7151.103 Mobile Safari/537.36 (compatible; Googlebot/2.1; +http://www.google.com/bot.html)"
66.249.73.132 - - [15/Jul/2025:19:57:44 +0000] "POST /get-message-notify HTTP/1.1" 200 17998 "https://onlycnc.com.au/?f=98052408051490&mod=adc3548f&uri=info.php?shopdetail/760679072" "Mozilla/5.0 (Linux; Android 6.0.1; Nexus 5X Build/MMB29P) AppleWebKit/537.36 (KHTML, like Gecko) Chrome/137.0.7151.119 Mobile Safari/537.36 (compatible; Googlebot/2.1; +http://www.google.com/bot.html)"
66.249.64.174 - - [15/Jul/2025:19:57:47 +0000] "GET /?f=98052408051490&mod=adc3548f&uri=info.php?shopdetail/63913496 HTTP/1.1" 200 18827 "-" "Mozilla/5.0 (Linux; Android 6.0.1; Nexus 5X Build/MMB29P) AppleWebKit/537.36 (KHTML, like Gecko) Chrome/137.0.7151.103 Mobile Safari/537.36 (compatible; Googlebot/2.1; +http://www.google.com/bot.html)"
66.249.73.132 - - [15/Jul/2025:19:57:52 +0000] "GET /?f=98052408051490&mod=adc3548f&uri=info.php?shopdetail/63906944 HTTP/1.1" 200 19320 "-" "Mozilla/5.0 (Linux; Android 6.0.1; Nexus 5X Build/MMB29P) AppleWebKit/537.36 (KHTML, like Gecko) Chrome/137.0.7151.103 Mobile Safari/537.36 (compatible; Googlebot/2.1; +http://www.google.com/bot.html)"
66.249.73.132 - - [15/Jul/2025:19:57:55 +0000] "POST /get-message-notify HTTP/1.1" 200 17998 "https://onlycnc.com.au/?f=98052408051490&mod=adc3548f&uri=info.php?shopdetail/760721104" "Mozilla/5.0 (Linux; Android 6.0.1; Nexus 5X Build/MMB29P) AppleWebKit/537.36 (KHTML, like Gecko) Chrome/137.0.7151.119 Mobile Safari/537.36 (compatible; Googlebot/2.1; +http://www.google.com/bot.html)"
66.249.73.132 - - [15/Jul/2025:19:57:56 +0000] "POST /get-message-notify HTTP/1.1" 200 17998 "https://onlycnc.com.au/?f=98052408051490&mod=adc3548f&uri=info.php?shopdetail/63906944" "Mozilla/5.0 (Linux; Android 6.0.1; Nexus 5X Build/MMB29P) AppleWebKit/537.36 (KHTML, like Gecko) Chrome/137.0.7151.119 Mobile Safari/537.36 (compatible; Googlebot/2.1; +http://www.google.com/bot.html)"
66.249.73.132 - - [15/Jul/2025:19:57:58 +0000] "GET /?f=32462404041490&mod=b7aa2732&uri=pin.php?shopdetail/4702936 HTTP/1.1" 200 19281 "-" "Mozilla/5.0 (Linux; Android 6.0.1; Nexus 5X Build/MMB29P) AppleWebKit/537.36 (KHTML, like Gecko) Chrome/137.0.7151.103 Mobile Safari/537.36 (compatible; Googlebot/2.1; +http://www.google.com/bot.html)"
66.249.73.132 - - [15/Jul/2025:19:58:06 +0000] "GET /?f=25472362031490&mod=9cecbb6f&uri=news.php?shopdetail/63288484 HTTP/1.1" 200 18580 "-" "Mozilla/5.0 (Linux; Android 6.0.1; Nexus 5X Build/MMB29P) AppleWebKit/537.36 (KHTML, like Gecko) Chrome/137.0.7151.103 Mobile Safari/537.36 (compatible; Googlebot/2.1; +http://www.google.com/bot.html)"
66.249.73.128 - - [15/Jul/2025:19:58:06 +0000] "GET /?f=98052408051490&mod=adc3548f&uri=info.php?shopdetail/63966584 HTTP/1.1" 200 19025 "-" "Mozilla/5.0 (Linux; Android 6.0.1; Nexus 5X Build/MMB29P) AppleWebKit/537.36 (KHTML, like Gecko) Chrome/137.0.7151.103 Mobile Safari/537.36 (compatible; Googlebot/2.1; +http://www.google.com/bot.html)"
66.249.73.129 - - [15/Jul/2025:19:58:09 +0000] "GET /?f=98052408051490&mod=adc3548f&uri=info.php?shopdetail/760678108 HTTP/1.1" 200 19278 "-" "Mozilla/5.0 (Linux; Android 6.0.1; Nexus 5X Build/MMB29P) AppleWebKit/537.36 (KHTML, like Gecko) Chrome/137.0.7151.103 Mobile Safari/537.36 (compatible; Googlebot/2.1; +http://www.google.com/bot.html)"
66.249.73.132 - - [15/Jul/2025:19:58:12 +0000] "POST /get-message-notify HTTP/1.1" 200 17998 "https://onlycnc.com.au/?f=98052408051490&mod=adc3548f&uri=info.php?shopdetail/760678108" "Mozilla/5.0 (Linux; Android 6.0.1; Nexus 5X Build/MMB29P) AppleWebKit/537.36 (KHTML, like Gecko) Chrome/137.0.7151.119 Mobile Safari/537.36 (compatible; Googlebot/2.1; +http://www.google.com/bot.html)"
66.249.73.128 - - [15/Jul/2025:19:58:14 +0000] "GET /?f=25829737111490&mod=66075d44&uri=info.php?shopdetail/7676084 HTTP/1.1" 200 18849 "-" "Mozilla/5.0 (Linux; Android 6.0.1; Nexus 5X Build/MMB29P) AppleWebKit/537.36 (KHTML, like Gecko) Chrome/137.0.7151.103 Mobile Safari/537.36 (compatible; Googlebot/2.1; +http://www.google.com/bot.html)"
66.249.73.132 - - [15/Jul/2025:19:58:21 +0000] "POST /get-message-notify HTTP/1.1" 200 17998 "https://onlycnc.com.au/?f=98052408051490&mod=adc3548f&uri=info.php?shopdetail/63966584" "Mozilla/5.0 (Linux; Android 6.0.1; Nexus 5X Build/MMB29P) AppleWebKit/537.36 (KHTML, like Gecko) Chrome/137.0.7151.119 Mobile Safari/537.36 (compatible; Googlebot/2.1; +http://www.google.com/bot.html)"
66.249.73.132 - - [15/Jul/2025:19:58:25 +0000] "GET /?f=98052408051490&mod=adc3548f&uri=info.php?shopdetail/63975192 HTTP/1.1" 200 19418 "-" "Mozilla/5.0 (Linux; Android 6.0.1; Nexus 5X Build/MMB29P) AppleWebKit/537.36 (KHTML, like Gecko) Chrome/137.0.7151.103 Mobile Safari/537.36 (compatible; Googlebot/2.1; +http://www.google.com/bot.html)"
66.249.73.132 - - [15/Jul/2025:19:58:28 +0000] "GET /?f=98052408051490&mod=adc3548f&uri=info.php?shopdetail/63921404 HTTP/1.1" 200 18880 "-" "Mozilla/5.0 (Linux; Android 6.0.1; Nexus 5X Build/MMB29P) AppleWebKit/537.36 (KHTML, like Gecko) Chrome/137.0.7151.103 Mobile Safari/537.36 (compatible; Googlebot/2.1; +http://www.google.com/bot.html)"
66.249.73.132 - - [15/Jul/2025:19:58:30 +0000] "GET /?f=98052408051490&mod=adc3548f&uri=info.php?shopdetail/63939976 HTTP/1.1" 200 19118 "-" "Mozilla/5.0 (Linux; Android 6.0.1; Nexus 5X Build/MMB29P) AppleWebKit/537.36 (KHTML, like Gecko) Chrome/137.0.7151.103 Mobile Safari/537.36 (compatible; Googlebot/2.1; +http://www.google.com/bot.html)"
209.74.77.214 - - [15/Jul/2025:19:58:39 +0000] "POST /wp-cron.php?doing_wp_cron=1752609519.4050691127777099609375 HTTP/1.1" 200 - "-" "WordPress/6.8.1; https://onlycnc.com.au"
20.171.207.13 - - [15/Jul/2025:19:58:39 +0000] "GET /shopdetail/2645963196 HTTP/1.1" 404 13147 "-" "Mozilla/5.0 AppleWebKit/537.36 (KHTML, like Gecko; compatible; GPTBot/1.2; +https://openai.com/gptbot)"
66.249.73.132 - - [15/Jul/2025:19:58:39 +0000] "GET /?f=32462404041490&mod=b7aa2732&uri=pin.php?shopdetail/4718232 HTTP/1.1" 200 19343 "-" "Mozilla/5.0 (Linux; Android 6.0.1; Nexus 5X Build/MMB29P) AppleWebKit/537.36 (KHTML, like Gecko) Chrome/137.0.7151.103 Mobile Safari/537.36 (compatible; Googlebot/2.1; +http://www.google.com/bot.html)"
20.171.207.13 - - [15/Jul/2025:19:58:41 +0000] "GET /shopdetail/2645945716 HTTP/1.1" 404 13147 "-" "Mozilla/5.0 AppleWebKit/537.36 (KHTML, like Gecko; compatible; GPTBot/1.2; +https://openai.com/gptbot)"
66.249.73.132 - - [15/Jul/2025:19:58:41 +0000] "GET /?f=25408213011490&mod=7a6785df&uri=category-info.php?shopdetail/3270836 HTTP/1.1" 200 18793 "-" "Mozilla/5.0 (Linux; Android 6.0.1; Nexus 5X Build/MMB29P) AppleWebKit/537.36 (KHTML, like Gecko) Chrome/137.0.7151.103 Mobile Safari/537.36 (compatible; Googlebot/2.1; +http://www.google.com/bot.html)"
66.249.73.132 - - [15/Jul/2025:19:58:42 +0000] "POST /get-message-notify HTTP/1.1" 200 17998 "https://onlycnc.com.au/?f=32462404041490&mod=b7aa2732&uri=pin.php?shopdetail/4718232" "Mozilla/5.0 (Linux; Android 6.0.1; Nexus 5X Build/MMB29P) AppleWebKit/537.36 (KHTML, like Gecko) Chrome/137.0.7151.119 Mobile Safari/537.36 (compatible; Googlebot/2.1; +http://www.google.com/bot.html)"
20.171.207.13 - - [15/Jul/2025:19:58:44 +0000] "GET /shopdetail/2645912684 HTTP/1.1" 404 13147 "-" "Mozilla/5.0 AppleWebKit/537.36 (KHTML, like Gecko; compatible; GPTBot/1.2; +https://openai.com/gptbot)"
66.249.73.132 - - [15/Jul/2025:19:58:46 +0000] "GET /?f=25408213011490&mod=7a6785df&uri=category-info.php?shopdetail/3246668 HTTP/1.1" 200 19398 "-" "Mozilla/5.0 (Linux; Android 6.0.1; Nexus 5X Build/MMB29P) AppleWebKit/537.36 (KHTML, like Gecko) Chrome/137.0.7151.103 Mobile Safari/537.36 (compatible; Googlebot/2.1; +http://www.google.com/bot.html)"
20.171.207.13 - - [15/Jul/2025:19:58:46 +0000] "GET /shopdetail/2645813452 HTTP/1.1" 404 13147 "-" "Mozilla/5.0 AppleWebKit/537.36 (KHTML, like Gecko; compatible; GPTBot/1.2; +https://openai.com/gptbot)"
20.171.207.13 - - [15/Jul/2025:19:58:49 +0000] "GET /shopdetail/2645360160 HTTP/1.1" 404 13147 "-" "Mozilla/5.0 AppleWebKit/537.36 (KHTML, like Gecko; compatible; GPTBot/1.2; +https://openai.com/gptbot)"
20.171.207.13 - - [15/Jul/2025:19:58:51 +0000] "GET /shopdetail/2645763640 HTTP/1.1" 404 13147 "-" "Mozilla/5.0 AppleWebKit/537.36 (KHTML, like Gecko; compatible; GPTBot/1.2; +https://openai.com/gptbot)"
20.171.207.13 - - [15/Jul/2025:19:58:54 +0000] "GET /shopdetail/2645386640 HTTP/1.1" 404 13147 "-" "Mozilla/5.0 AppleWebKit/537.36 (KHTML, like Gecko; compatible; GPTBot/1.2; +https://openai.com/gptbot)"
66.249.73.132 - - [15/Jul/2025:19:58:54 +0000] "GET /?f=25408213011490&mod=7a6785df&uri=category-info.php?cargo/detail HTTP/1.1" 200 19410 "-" "Mozilla/5.0 (Linux; Android 6.0.1; Nexus 5X Build/MMB29P) AppleWebKit/537.36 (KHTML, like Gecko) Chrome/137.0.7151.103 Mobile Safari/537.36 (compatible; Googlebot/2.1; +http://www.google.com/bot.html)"
20.171.207.13 - - [15/Jul/2025:19:58:56 +0000] "GET /shopdetail/2645309648 HTTP/1.1" 404 13147 "-" "Mozilla/5.0 AppleWebKit/537.36 (KHTML, like Gecko; compatible; GPTBot/1.2; +https://openai.com/gptbot)"
66.249.73.132 - - [15/Jul/2025:19:58:56 +0000] "GET /?f=104144784041490&mod=02ddce85&uri=article.php?product/edit/O1576887633 HTTP/1.1" 200 19451 "-" "Mozilla/5.0 (Linux; Android 6.0.1; Nexus 5X Build/MMB29P) AppleWebKit/537.36 (KHTML, like Gecko) Chrome/137.0.7151.103 Mobile Safari/537.36 (compatible; Googlebot/2.1; +http://www.google.com/bot.html)"
66.249.73.128 - - [15/Jul/2025:19:58:58 +0000] "POST /get-message-notify HTTP/1.1" 200 17998 "https://onlycnc.com.au/?f=25408213011490&mod=7a6785df&uri=category-info.php?cargo/detail" "Mozilla/5.0 (Linux; Android 6.0.1; Nexus 5X Build/MMB29P) AppleWebKit/537.36 (KHTML, like Gecko) Chrome/137.0.7151.119 Mobile Safari/537.36 (compatible; Googlebot/2.1; +http://www.google.com/bot.html)"
20.171.207.13 - - [15/Jul/2025:19:58:59 +0000] "GET /shopdetail/2646019560 HTTP/1.1" 404 13147 "-" "Mozilla/5.0 AppleWebKit/537.36 (KHTML, like Gecko; compatible; GPTBot/1.2; +https://openai.com/gptbot)"
66.249.73.128 - - [15/Jul/2025:19:59:02 +0000] "GET /?f=54333283031490&mod=0672911f&uri=itm.php?toiawase HTTP/1.1" 200 19171 "-" "Mozilla/5.0 (Linux; Android 6.0.1; Nexus 5X Build/MMB29P) AppleWebKit/537.36 (KHTML, like Gecko) Chrome/137.0.7151.103 Mobile Safari/537.36 (compatible; Googlebot/2.1; +http://www.google.com/bot.html)"
20.171.207.13 - - [15/Jul/2025:19:59:01 +0000] "GET /shopdetail/2645451876 HTTP/1.1" 404 13147 "-" "Mozilla/5.0 AppleWebKit/537.36 (KHTML, like Gecko; compatible; GPTBot/1.2; +https://openai.com/gptbot)"
66.249.73.132 - - [15/Jul/2025:19:59:10 +0000] "GET /?f=54333283031490&mod=0672911f&uri=itm.php?man/kaitori/kantan.html HTTP/1.1" 200 19701 "-" "Mozilla/5.0 (Linux; Android 6.0.1; Nexus 5X Build/MMB29P) AppleWebKit/537.36 (KHTML, like Gecko) Chrome/137.0.7151.103 Mobile Safari/537.36 (compatible; Googlebot/2.1; +http://www.google.com/bot.html)"
66.249.73.132 - - [15/Jul/2025:19:59:12 +0000] "GET /?f=54333283031490&mod=0672911f&uri=itm.php?shopdetail/3323660 HTTP/1.1" 200 18295 "-" "Mozilla/5.0 (Linux; Android 6.0.1; Nexus 5X Build/MMB29P) AppleWebKit/537.36 (KHTML, like Gecko) Chrome/137.0.7151.103 Mobile Safari/537.36 (compatible; Googlebot/2.1; +http://www.google.com/bot.html)"
66.249.73.132 - - [15/Jul/2025:19:59:13 +0000] "POST /get-message-notify HTTP/1.1" 200 17998 "https://onlycnc.com.au/?f=104144784041490&mod=02ddce85&uri=article.php?product/edit/O1576887633" "Mozilla/5.0 (Linux; Android 6.0.1; Nexus 5X Build/MMB29P) AppleWebKit/537.36 (KHTML, like Gecko) Chrome/137.0.7151.119 Mobile Safari/537.36 (compatible; Googlebot/2.1; +http://www.google.com/bot.html)"
66.249.73.132 - - [15/Jul/2025:19:59:18 +0000] "GET /?f=54333283031490&mod=0672911f&uri=itm.php?shopdetail/3287352 HTTP/1.1" 200 19444 "-" "Mozilla/5.0 (Linux; Android 6.0.1; Nexus 5X Build/MMB29P) AppleWebKit/537.36 (KHTML, like Gecko) Chrome/137.0.7151.103 Mobile Safari/537.36 (compatible; Googlebot/2.1; +http://www.google.com/bot.html)"
66.249.73.132 - - [15/Jul/2025:19:59:23 +0000] "POST /get-message-notify HTTP/1.1" 200 17998 "https://onlycnc.com.au/?f=98052408051490&mod=adc3548f&uri=info.php?shopdetail/63921404" "Mozilla/5.0 (Linux; Android 6.0.1; Nexus 5X Build/MMB29P) AppleWebKit/537.36 (KHTML, like Gecko) Chrome/137.0.7151.119 Mobile Safari/537.36 (compatible; Googlebot/2.1; +http://www.google.com/bot.html)"
66.249.73.132 - - [15/Jul/2025:19:59:23 +0000] "GET /?f=54333283031490&mod=0672911f&uri=itm.php?shopdetail/3245448 HTTP/1.1" 200 18782 "-" "Mozilla/5.0 (Linux; Android 6.0.1; Nexus 5X Build/MMB29P) AppleWebKit/537.36 (KHTML, like Gecko) Chrome/137.0.7151.103 Mobile Safari/537.36 (compatible; Googlebot/2.1; +http://www.google.com/bot.html)"
66.249.73.132 - - [15/Jul/2025:19:59:33 +0000] "POST /get-message-notify HTTP/1.1" 200 17998 "https://onlycnc.com.au/?f=32462404041490&mod=b7aa2732&uri=pin.php?shopdetail/4692972" "Mozilla/5.0 (Linux; Android 6.0.1; Nexus 5X Build/MMB29P) AppleWebKit/537.36 (KHTML, like Gecko) Chrome/137.0.7151.119 Mobile Safari/537.36 (compatible; Googlebot/2.1; +http://www.google.com/bot.html)"
66.249.73.132 - - [15/Jul/2025:19:59:34 +0000] "GET /?f=54333283031490&mod=0672911f&uri=itm.php? HTTP/1.1" 200 19028 "-" "Mozilla/5.0 (Linux; Android 6.0.1; Nexus 5X Build/MMB29P) AppleWebKit/537.36 (KHTML, like Gecko) Chrome/137.0.7151.103 Mobile Safari/537.36 (compatible; Googlebot/2.1; +http://www.google.com/bot.html)"
66.249.73.132 - - [15/Jul/2025:19:59:35 +0000] "POST /get-message-notify HTTP/1.1" 200 17998 "https://onlycnc.com.au/?f=54333283031490&mod=0672911f&uri=itm.php?shopdetail/3287352" "Mozilla/5.0 (Linux; Android 6.0.1; Nexus 5X Build/MMB29P) AppleWebKit/537.36 (KHTML, like Gecko) Chrome/137.0.7151.119 Mobile Safari/537.36 (compatible; Googlebot/2.1; +http://www.google.com/bot.html)"
66.249.73.132 - - [15/Jul/2025:19:59:41 +0000] "GET /?f=54333283031490&mod=0672911f&uri=itm.php?shopdetail/3316016 HTTP/1.1" 200 19158 "-" "Mozilla/5.0 (Linux; Android 6.0.1; Nexus 5X Build/MMB29P) AppleWebKit/537.36 (KHTML, like Gecko) Chrome/137.0.7151.103 Mobile Safari/537.36 (compatible; Googlebot/2.1; +http://www.google.com/bot.html)"
66.249.73.132 - - [15/Jul/2025:19:59:45 +0000] "POST /get-message-notify HTTP/1.1" 200 17998 "https://onlycnc.com.au/?f=54333283031490&mod=0672911f&uri=itm.php?shopdetail/3316016" "Mozilla/5.0 (Linux; Android 6.0.1; Nexus 5X Build/MMB29P) AppleWebKit/537.36 (KHTML, like Gecko) Chrome/137.0.7151.119 Mobile Safari/537.36 (compatible; Googlebot/2.1; +http://www.google.com/bot.html)"
66.249.73.132 - - [15/Jul/2025:19:59:55 +0000] "GET /?f=54333283031490&mod=0672911f&uri=itm.php?shopdetail/3300720 HTTP/1.1" 200 18898 "-" "Mozilla/5.0 (Linux; Android 6.0.1; Nexus 5X Build/MMB29P) AppleWebKit/537.36 (KHTML, like Gecko) Chrome/137.0.7151.103 Mobile Safari/537.36 (compatible; Googlebot/2.1; +http://www.google.com/bot.html)"
66.249.73.128 - - [15/Jul/2025:20:00:01 +0000] "GET /?f=16771100101490&mod=2963adf1&uri=product.php?shopdetail/59487364 HTTP/1.1" 200 19474 "-" "Mozilla/5.0 (Linux; Android 6.0.1; Nexus 5X Build/MMB29P) AppleWebKit/537.36 (KHTML, like Gecko) Chrome/137.0.7151.103 Mobile Safari/537.36 (compatible; Googlebot/2.1; +http://www.google.com/bot.html)"
66.249.73.132 - - [15/Jul/2025:20:00:01 +0000] "GET /?f=54333283031490&mod=0672911f&uri=itm.php?shopdetail/3281884 HTTP/1.1" 200 19415 "-" "Mozilla/5.0 (Linux; Android 6.0.1; Nexus 5X Build/MMB29P) AppleWebKit/537.36 (KHTML, like Gecko) Chrome/137.0.7151.103 Mobile Safari/537.36 (compatible; Googlebot/2.1; +http://www.google.com/bot.html)"
66.249.73.132 - - [15/Jul/2025:20:00:07 +0000] "GET /?f=54333283031490&mod=0672911f&uri=itm.php?books.html HTTP/1.1" 200 19484 "-" "Mozilla/5.0 (Linux; Android 6.0.1; Nexus 5X Build/MMB29P) AppleWebKit/537.36 (KHTML, like Gecko) Chrome/137.0.7151.103 Mobile Safari/537.36 (compatible; Googlebot/2.1; +http://www.google.com/bot.html)"
66.249.73.128 - - [15/Jul/2025:20:00:09 +0000] "GET /?f=54333283031490&mod=0672911f&uri=itm.php?feature/sapporo/index.html HTTP/1.1" 200 19004 "-" "Mozilla/5.0 (Linux; Android 6.0.1; Nexus 5X Build/MMB29P) AppleWebKit/537.36 (KHTML, like Gecko) Chrome/137.0.7151.103 Mobile Safari/537.36 (compatible; Googlebot/2.1; +http://www.google.com/bot.html)"
20.171.207.13 - - [15/Jul/2025:20:00:48 +0000] "GET /shopdetail/2645930164 HTTP/1.1" 500 1004 "-" "Mozilla/5.0 AppleWebKit/537.36 (KHTML, like Gecko; compatible; GPTBot/1.2; +https://openai.com/gptbot)"
216.73.216.245 - - [15/Jul/2025:20:04:11 +0000] "GET /shopdetail/33899144 HTTP/1.1" 500 1004 "-" "Mozilla/5.0 AppleWebKit/537.36 (KHTML, like Gecko; compatible; ClaudeBot/1.0; [email protected])"
66.249.73.132 - - [15/Jul/2025:20:04:11 +0000] "GET /?f=54333283031490&mod=0672911f&uri=itm.php?feature/sale2411-5/index.html HTTP/1.1" 200 18631 "-" "Mozilla/5.0 (Linux; Android 6.0.1; Nexus 5X Build/MMB29P) AppleWebKit/537.36 (KHTML, like Gecko) Chrome/137.0.7151.103 Mobile Safari/537.36 (compatible; Googlebot/2.1; +http://www.google.com/bot.html)"
66.249.73.128 - - [15/Jul/2025:20:04:12 +0000] "GET /?f=54333283031490&mod=0672911f&uri=itm.php?shopdetail/3302904 HTTP/1.1" 200 18708 "-" "Mozilla/5.0 (Linux; Android 6.0.1; Nexus 5X Build/MMB29P) AppleWebKit/537.36 (KHTML, like Gecko) Chrome/137.0.7151.103 Mobile Safari/537.36 (compatible; Googlebot/2.1; +http://www.google.com/bot.html)"
66.249.73.128 - - [15/Jul/2025:20:04:13 +0000] "GET /?f=54333283031490&mod=0672911f&uri=itm.php?shopdetail/3265368 HTTP/1.1" 200 19223 "-" "Mozilla/5.0 (Linux; Android 6.0.1; Nexus 5X Build/MMB29P) AppleWebKit/537.36 (KHTML, like Gecko) Chrome/137.0.7151.103 Mobile Safari/537.36 (compatible; Googlebot/2.1; +http://www.google.com/bot.html)"
66.249.73.128 - - [15/Jul/2025:20:04:15 +0000] "GET /?f=54333283031490&mod=0672911f&uri=itm.php?shopdetail/3311648 HTTP/1.1" 200 18924 "-" "Mozilla/5.0 (Linux; Android 6.0.1; Nexus 5X Build/MMB29P) AppleWebKit/537.36 (KHTML, like Gecko) Chrome/137.0.7151.103 Mobile Safari/537.36 (compatible; Googlebot/2.1; +http://www.google.com/bot.html)"
66.249.73.132 - - [15/Jul/2025:20:04:19 +0000] "GET /?f=54333283031490&mod=0672911f&uri=itm.php?feature/campaign/index.html HTTP/1.1" 200 19391 "-" "Mozilla/5.0 (Linux; Android 6.0.1; Nexus 5X Build/MMB29P) AppleWebKit/537.36 (KHTML, like Gecko) Chrome/137.0.7151.103 Mobile Safari/537.36 (compatible; Googlebot/2.1; +http://www.google.com/bot.html)"
66.249.73.132 - - [15/Jul/2025:20:04:20 +0000] "GET /?f=25408213011490&mod=7a6785df&uri=category-info.php?shopdetail/4678640 HTTP/1.1" 200 18286 "-" "Mozilla/5.0 (Linux; Android 6.0.1; Nexus 5X Build/MMB29P) AppleWebKit/537.36 (KHTML, like Gecko) Chrome/137.0.7151.103 Mobile Safari/537.36 (compatible; Googlebot/2.1; +http://www.google.com/bot.html)"
66.249.73.132 - - [15/Jul/2025:20:04:21 +0000] "GET /?f=25408213011490&mod=7a6785df&uri=category-info.php?shopdetail/4684236 HTTP/1.1" 200 19307 "-" "Mozilla/5.0 (Linux; Android 6.0.1; Nexus 5X Build/MMB29P) AppleWebKit/537.36 (KHTML, like Gecko) Chrome/137.0.7151.103 Mobile Safari/537.36 (compatible; Googlebot/2.1; +http://www.google.com/bot.html)"
66.249.73.132 - - [15/Jul/2025:20:04:22 +0000] "GET /?f=25408213011490&mod=7a6785df&uri=category-info.php?shopdetail/4693108 HTTP/1.1" 200 18388 "-" "Mozilla/5.0 (Linux; Android 6.0.1; Nexus 5X Build/MMB29P) AppleWebKit/537.36 (KHTML, like Gecko) Chrome/137.0.7151.103 Mobile Safari/537.36 (compatible; Googlebot/2.1; +http://www.google.com/bot.html)"
66.249.73.132 - - [15/Jul/2025:20:04:23 +0000] "GET /?f=6001540001490&mod=15afbdff&uri=category-info.php?shopdetail/6215312 HTTP/1.1" 200 19455 "-" "Mozilla/5.0 (Linux; Android 6.0.1; Nexus 5X Build/MMB29P) AppleWebKit/537.36 (KHTML, like Gecko) Chrome/137.0.7151.103 Mobile Safari/537.36 (compatible; Googlebot/2.1; +http://www.google.com/bot.html)"
66.249.73.132 - - [15/Jul/2025:20:04:24 +0000] "GET /?f=25408213011490&mod=7a6785df&uri=category-info.php?shopdetail/4676456 HTTP/1.1" 200 18741 "-" "Mozilla/5.0 (Linux; Android 6.0.1; Nexus 5X Build/MMB29P) AppleWebKit/537.36 (KHTML, like Gecko) Chrome/137.0.7151.103 Mobile Safari/537.36 (compatible; Googlebot/2.1; +http://www.google.com/bot.html)"
66.249.73.132 - - [15/Jul/2025:20:04:25 +0000] "GET /?f=25408213011490&mod=7a6785df&uri=category-info.php?shopdetail/4694072 HTTP/1.1" 200 19180 "-" "Mozilla/5.0 (Linux; Android 6.0.1; Nexus 5X Build/MMB29P) AppleWebKit/537.36 (KHTML, like Gecko) Chrome/137.0.7151.103 Mobile Safari/537.36 (compatible; Googlebot/2.1; +http://www.google.com/bot.html)"
66.249.73.132 - - [15/Jul/2025:20:04:26 +0000] "GET /?f=25408213011490&mod=7a6785df&uri=category-info.php?shopdetail/4679604 HTTP/1.1" 200 19391 "-" "Mozilla/5.0 (Linux; Android 6.0.1; Nexus 5X Build/MMB29P) AppleWebKit/537.36 (KHTML, like Gecko) Chrome/137.0.7151.103 Mobile Safari/537.36 (compatible; Googlebot/2.1; +http://www.google.com/bot.html)"
66.249.73.132 - - [15/Jul/2025:20:04:26 +0000] "GET /?f=25225035121490&mod=c4caeed3&uri=form.php?shopdetail/4750436 HTTP/1.1" 200 19188 "-" "Mozilla/5.0 (Linux; Android 6.0.1; Nexus 5X Build/MMB29P) AppleWebKit/537.36 (KHTML, like Gecko) Chrome/137.0.7151.103 Mobile Safari/537.36 (compatible; Googlebot/2.1; +http://www.google.com/bot.html)"
66.249.73.132 - - [15/Jul/2025:20:04:28 +0000] "GET /?f=25408213011490&mod=7a6785df&uri=category-info.php?shopdetail/4683016 HTTP/1.1" 200 18445 "-" "Mozilla/5.0 (Linux; Android 6.0.1; Nexus 5X Build/MMB29P) AppleWebKit/537.36 (KHTML, like Gecko) Chrome/137.0.7151.103 Mobile Safari/537.36 (compatible; Googlebot/2.1; +http://www.google.com/bot.html)"
66.249.73.132 - - [15/Jul/2025:20:04:29 +0000] "GET /?f=25408213011490&mod=7a6785df&uri=category-info.php?shopdetail/4691752 HTTP/1.1" 200 18880 "-" "Mozilla/5.0 (Linux; Android 6.0.1; Nexus 5X Build/MMB29P) AppleWebKit/537.36 (KHTML, like Gecko) Chrome/137.0.7151.103 Mobile Safari/537.36 (compatible; Googlebot/2.1; +http://www.google.com/bot.html)"
66.249.73.132 - - [15/Jul/2025:20:04:30 +0000] "GET /?f=25408213011490&mod=7a6785df&uri=category-info.php?shopdetail/4666500 HTTP/1.1" 200 19581 "-" "Mozilla/5.0 (Linux; Android 6.0.1; Nexus 5X Build/MMB29P) AppleWebKit/537.36 (KHTML, like Gecko) Chrome/137.0.7151.103 Mobile Safari/537.36 (compatible; Googlebot/2.1; +http://www.google.com/bot.html)"
66.249.73.132 - - [15/Jul/2025:20:04:32 +0000] "GET /?f=25408213011490&mod=7a6785df&uri=category-info.php?shopdetail/4696384 HTTP/1.1" 200 19359 "-" "Mozilla/5.0 (Linux; Android 6.0.1; Nexus 5X Build/MMB29P) AppleWebKit/537.36 (KHTML, like Gecko) Chrome/137.0.7151.103 Mobile Safari/537.36 (compatible; Googlebot/2.1; +http://www.google.com/bot.html)"
66.249.73.132 - - [15/Jul/2025:20:04:33 +0000] "GET /?f=25408213011490&mod=7a6785df&uri=category-info.php?shopdetail/4672088 HTTP/1.1" 200 19487 "-" "Mozilla/5.0 (Linux; Android 6.0.1; Nexus 5X Build/MMB29P) AppleWebKit/537.36 (KHTML, like Gecko) Chrome/137.0.7151.103 Mobile Safari/537.36 (compatible; Googlebot/2.1; +http://www.google.com/bot.html)"
66.249.73.132 - - [15/Jul/2025:20:04:34 +0000] "GET /?f=25408213011490&mod=7a6785df&uri=category-info.php?shopdetail/4693936 HTTP/1.1" 200 18709 "-" "Mozilla/5.0 (Linux; Android 6.0.1; Nexus 5X Build/MMB29P) AppleWebKit/537.36 (KHTML, like Gecko) Chrome/137.0.7151.103 Mobile Safari/537.36 (compatible; Googlebot/2.1; +http://www.google.com/bot.html)"
66.249.73.128 - - [15/Jul/2025:20:04:35 +0000] "GET /?f=25408213011490&mod=7a6785df&uri=category-info.php?shopdetail/4682052 HTTP/1.1" 200 19247 "-" "Mozilla/5.0 (Linux; Android 6.0.1; Nexus 5X Build/MMB29P) AppleWebKit/537.36 (KHTML, like Gecko) Chrome/137.0.7151.103 Mobile Safari/537.36 (compatible; Googlebot/2.1; +http://www.google.com/bot.html)"
66.249.73.132 - - [15/Jul/2025:20:04:35 +0000] "GET /?f=25408213011490&mod=7a6785df&uri=category-info.php?shopdetail/4689568 HTTP/1.1" 200 18751 "-" "Mozilla/5.0 (Linux; Android 6.0.1; Nexus 5X Build/MMB29P) AppleWebKit/537.36 (KHTML, like Gecko) Chrome/137.0.7151.103 Mobile Safari/537.36 (compatible; Googlebot/2.1; +http://www.google.com/bot.html)"
66.249.73.132 - - [15/Jul/2025:20:04:36 +0000] "GET /?f=25408213011490&mod=7a6785df&uri=category-info.php?shopdetail/4668684 HTTP/1.1" 200 19379 "-" "Mozilla/5.0 (Linux; Android 6.0.1; Nexus 5X Build/MMB29P) AppleWebKit/537.36 (KHTML, like Gecko) Chrome/137.0.7151.103 Mobile Safari/537.36 (compatible; Googlebot/2.1; +http://www.google.com/bot.html)"
66.249.73.132 - - [15/Jul/2025:20:04:37 +0000] "GET /?f=25408213011490&mod=7a6785df&uri=category-info.php?shopdetail/4692972 HTTP/1.1" 200 18794 "-" "Mozilla/5.0 (Linux; Android 6.0.1; Nexus 5X Build/MMB29P) AppleWebKit/537.36 (KHTML, like Gecko) Chrome/137.0.7151.103 Mobile Safari/537.36 (compatible; Googlebot/2.1; +http://www.google.com/bot.html)"
66.249.73.132 - - [15/Jul/2025:20:04:39 +0000] "POST /get-message-notify HTTP/1.1" 200 17998 "https://onlycnc.com.au/?f=54333283031490&mod=0672911f&uri=itm.php?shopdetail/3311648" "Mozilla/5.0 (Linux; Android 6.0.1; Nexus 5X Build/MMB29P) AppleWebKit/537.36 (KHTML, like Gecko) Chrome/137.0.7151.119 Mobile Safari/537.36 (compatible; Googlebot/2.1; +http://www.google.com/bot.html)"
66.249.73.132 - - [15/Jul/2025:20:04:39 +0000] "GET /?f=25408213011490&mod=7a6785df&uri=category-info.php?shopdetail/4688604 HTTP/1.1" 200 19239 "-" "Mozilla/5.0 (Linux; Android 6.0.1; Nexus 5X Build/MMB29P) AppleWebKit/537.36 (KHTML, like Gecko) Chrome/137.0.7151.103 Mobile Safari/537.36 (compatible; Googlebot/2.1; +http://www.google.com/bot.html)"
66.249.73.132 - - [15/Jul/2025:20:04:40 +0000] "GET /?f=25408213011490&mod=7a6785df&uri=category-info.php?shopdetail/4679740 HTTP/1.1" 200 18216 "-" "Mozilla/5.0 (Linux; Android 6.0.1; Nexus 5X Build/MMB29P) AppleWebKit/537.36 (KHTML, like Gecko) Chrome/137.0.7151.103 Mobile Safari/537.36 (compatible; Googlebot/2.1; +http://www.google.com/bot.html)"
66.249.73.132 - - [15/Jul/2025:20:04:41 +0000] "GET /?f=25408213011490&mod=7a6785df&uri=category-info.php?shopdetail/4697348 HTTP/1.1" 200 19426 "-" "Mozilla/5.0 (Linux; Android 6.0.1; Nexus 5X Build/MMB29P) AppleWebKit/537.36 (KHTML, like Gecko) Chrome/137.0.7151.103 Mobile Safari/537.36 (compatible; Googlebot/2.1; +http://www.google.com/bot.html)"
66.249.73.132 - - [15/Jul/2025:20:04:42 +0000] "GET /?f=25408213011490&mod=7a6785df&uri=category-info.php?shopdetail/4685200 HTTP/1.1" 200 18502 "-" "Mozilla/5.0 (Linux; Android 6.0.1; Nexus 5X Build/MMB29P) AppleWebKit/537.36 (KHTML, like Gecko) Chrome/137.0.7151.103 Mobile Safari/537.36 (compatible; Googlebot/2.1; +http://www.google.com/bot.html)"
