66.249.73.132 - - [15/Jul/2025:18:07:44 +0000] "GET /?f=40054793071490&mod=0e98aeeb&uri=shared.php?shopdetail/3309328 HTTP/1.1" 200 19478 "-" "Mozilla/5.0 (Linux; Android 6.0.1; Nexus 5X Build/MMB29P) AppleWebKit/537.36 (KHTML, like Gecko) Chrome/137.0.7151.103 Mobile Safari/537.36 (compatible; Googlebot/2.1; +http://www.google.com/bot.html)"
66.249.73.132 - - [15/Jul/2025:18:07:47 +0000] "POST /get-message-notify HTTP/1.1" 200 17998 "https://onlycnc.com.au/?f=5962751021490&mod=9cecbb6f&uri=shared.php?shopdetail/3282020" "Mozilla/5.0 (Linux; Android 6.0.1; Nexus 5X Build/MMB29P) AppleWebKit/537.36 (KHTML, like Gecko) Chrome/137.0.7151.119 Mobile Safari/537.36 (compatible; Googlebot/2.1; +http://www.google.com/bot.html)"
66.249.73.132 - - [15/Jul/2025:18:07:51 +0000] "GET /?f=5962751021490&mod=9cecbb6f&uri=shared.php?shopdetail/3308364 HTTP/1.1" 200 19259 "-" "Mozilla/5.0 (Linux; Android 6.0.1; Nexus 5X Build/MMB29P) AppleWebKit/537.36 (KHTML, like Gecko) Chrome/137.0.7151.103 Mobile Safari/537.36 (compatible; Googlebot/2.1; +http://www.google.com/bot.html)"
66.249.73.132 - - [15/Jul/2025:18:07:52 +0000] "GET /?f=16771100101490&mod=2963adf1&uri=product.php?shopdetail/3309328 HTTP/1.1" 200 19476 "-" "Mozilla/5.0 (Linux; Android 6.0.1; Nexus 5X Build/MMB29P) AppleWebKit/537.36 (KHTML, like Gecko) Chrome/137.0.7151.103 Mobile Safari/537.36 (compatible; Googlebot/2.1; +http://www.google.com/bot.html)"
66.249.73.128 - - [15/Jul/2025:18:07:57 +0000] "GET /?f=16771100101490&mod=2963adf1&uri=product.php?events/ HTTP/1.1" 200 18772 "-" "Mozilla/5.0 (Linux; Android 6.0.1; Nexus 5X Build/MMB29P) AppleWebKit/537.36 (KHTML, like Gecko) Chrome/137.0.7151.103 Mobile Safari/537.36 (compatible; Googlebot/2.1; +http://www.google.com/bot.html)"
66.249.73.132 - - [15/Jul/2025:18:07:57 +0000] "GET /?f=5962751021490&mod=9cecbb6f&uri=shared.php?feature/campaign/index.html HTTP/1.1" 200 19398 "-" "Mozilla/5.0 (Linux; Android 6.0.1; Nexus 5X Build/MMB29P) AppleWebKit/537.36 (KHTML, like Gecko) Chrome/137.0.7151.103 Mobile Safari/537.36 (compatible; Googlebot/2.1; +http://www.google.com/bot.html)"
66.249.73.129 - - [15/Jul/2025:18:08:02 +0000] "GET /?f=5962751021490&mod=9cecbb6f&uri=shared.php?shopdetail/3268652 HTTP/1.1" 200 19154 "-" "Mozilla/5.0 (Linux; Android 6.0.1; Nexus 5X Build/MMB29P) AppleWebKit/537.36 (KHTML, like Gecko) Chrome/137.0.7151.103 Mobile Safari/537.36 (compatible; Googlebot/2.1; +http://www.google.com/bot.html)"
66.249.73.128 - - [15/Jul/2025:18:08:05 +0000] "GET /?f=5962751021490&mod=9cecbb6f&uri=shared.php?shopdetail/3287352 HTTP/1.1" 200 19480 "-" "Mozilla/5.0 (Linux; Android 6.0.1; Nexus 5X Build/MMB29P) AppleWebKit/537.36 (KHTML, like Gecko) Chrome/137.0.7151.103 Mobile Safari/537.36 (compatible; Googlebot/2.1; +http://www.google.com/bot.html)"
66.249.73.128 - - [15/Jul/2025:18:08:07 +0000] "POST /get-message-notify HTTP/1.1" 200 17998 "https://onlycnc.com.au/?f=5962751021490&mod=9cecbb6f&uri=shared.php?shopdetail/3303868" "Mozilla/5.0 (Linux; Android 6.0.1; Nexus 5X Build/MMB29P) AppleWebKit/537.36 (KHTML, like Gecko) Chrome/137.0.7151.119 Mobile Safari/537.36 (compatible; Googlebot/2.1; +http://www.google.com/bot.html)"
66.249.73.132 - - [15/Jul/2025:18:08:11 +0000] "POST /get-message-notify HTTP/1.1" 200 17998 "https://onlycnc.com.au/?f=5962751021490&mod=9cecbb6f&uri=shared.php?feature/campaign/index.html" "Mozilla/5.0 (Linux; Android 6.0.1; Nexus 5X Build/MMB29P) AppleWebKit/537.36 (KHTML, like Gecko) Chrome/137.0.7151.119 Mobile Safari/537.36 (compatible; Googlebot/2.1; +http://www.google.com/bot.html)"
66.249.73.132 - - [15/Jul/2025:18:08:11 +0000] "POST /get-message-notify HTTP/1.1" 200 17998 "https://onlycnc.com.au/?f=5962751021490&mod=9cecbb6f&uri=shared.php?dozin.html" "Mozilla/5.0 (Linux; Android 6.0.1; Nexus 5X Build/MMB29P) AppleWebKit/537.36 (KHTML, like Gecko) Chrome/137.0.7151.119 Mobile Safari/537.36 (compatible; Googlebot/2.1; +http://www.google.com/bot.html)"
216.73.216.76 - - [15/Jul/2025:18:08:12 +0000] "GET /shopdetail/33600484 HTTP/1.1" 404 13147 "-" "Mozilla/5.0 AppleWebKit/537.36 (KHTML, like Gecko; compatible; ClaudeBot/1.0; [email protected])"
66.249.73.132 - - [15/Jul/2025:18:08:13 +0000] "GET /?f=5962751021490&mod=9cecbb6f&uri=shared.php?shopdetail/3245448 HTTP/1.1" 200 18785 "-" "Mozilla/5.0 (Linux; Android 6.0.1; Nexus 5X Build/MMB29P) AppleWebKit/537.36 (KHTML, like Gecko) Chrome/137.0.7151.103 Mobile Safari/537.36 (compatible; Googlebot/2.1; +http://www.google.com/bot.html)"
66.249.73.132 - - [15/Jul/2025:18:08:14 +0000] "GET /?f=16771100101490&mod=2963adf1&uri=product.php?cargo/detail HTTP/1.1" 200 19399 "-" "Mozilla/5.0 (Linux; Android 6.0.1; Nexus 5X Build/MMB29P) AppleWebKit/537.36 (KHTML, like Gecko) Chrome/137.0.7151.103 Mobile Safari/537.36 (compatible; Googlebot/2.1; +http://www.google.com/bot.html)"
216.73.216.76 - - [15/Jul/2025:18:08:15 +0000] "GET /shopdetail/33563084 HTTP/1.1" 404 13147 "-" "Mozilla/5.0 AppleWebKit/537.36 (KHTML, like Gecko; compatible; ClaudeBot/1.0; [email protected])"
66.249.73.132 - - [15/Jul/2025:18:08:16 +0000] "GET /?f=5962751021490&mod=9cecbb6f&uri=shared.php?shopdetail/3253356 HTTP/1.1" 200 18558 "-" "Mozilla/5.0 (Linux; Android 6.0.1; Nexus 5X Build/MMB29P) AppleWebKit/537.36 (KHTML, like Gecko) Chrome/137.0.7151.103 Mobile Safari/537.36 (compatible; Googlebot/2.1; +http://www.google.com/bot.html)"
216.73.216.76 - - [15/Jul/2025:18:08:18 +0000] "GET /shopdetail/33298556 HTTP/1.1" 404 13147 "-" "Mozilla/5.0 AppleWebKit/537.36 (KHTML, like Gecko; compatible; ClaudeBot/1.0; [email protected])"
66.249.73.132 - - [15/Jul/2025:18:08:19 +0000] "POST /get-message-notify HTTP/1.1" 200 17998 "https://onlycnc.com.au/?f=5962751021490&mod=9cecbb6f&uri=shared.php?shopdetail/3253356" "Mozilla/5.0 (Linux; Android 6.0.1; Nexus 5X Build/MMB29P) AppleWebKit/537.36 (KHTML, like Gecko) Chrome/137.0.7151.119 Mobile Safari/537.36 (compatible; Googlebot/2.1; +http://www.google.com/bot.html)"
216.73.216.76 - - [15/Jul/2025:18:08:21 +0000] "GET /shopdetail/153718496 HTTP/1.1" 404 13147 "-" "Mozilla/5.0 AppleWebKit/537.36 (KHTML, like Gecko; compatible; ClaudeBot/1.0; [email protected])"
66.249.73.132 - - [15/Jul/2025:18:08:22 +0000] "GET /?f=5962751021490&mod=9cecbb6f&uri=shared.php?shopdetail/3255540 HTTP/1.1" 200 19157 "-" "Mozilla/5.0 (Linux; Android 6.0.1; Nexus 5X Build/MMB29P) AppleWebKit/537.36 (KHTML, like Gecko) Chrome/137.0.7151.103 Mobile Safari/537.36 (compatible; Googlebot/2.1; +http://www.google.com/bot.html)"
216.73.216.76 - - [15/Jul/2025:18:08:24 +0000] "GET /shopdetail/33533200 HTTP/1.1" 404 13147 "-" "Mozilla/5.0 AppleWebKit/537.36 (KHTML, like Gecko; compatible; ClaudeBot/1.0; [email protected])"
66.249.73.132 - - [15/Jul/2025:18:08:25 +0000] "POST /get-message-notify HTTP/1.1" 200 17998 "https://onlycnc.com.au/?f=16771100101490&mod=2963adf1&uri=product.php?shopdetail/3309328" "Mozilla/5.0 (Linux; Android 6.0.1; Nexus 5X Build/MMB29P) AppleWebKit/537.36 (KHTML, like Gecko) Chrome/137.0.7151.119 Mobile Safari/537.36 (compatible; Googlebot/2.1; +http://www.google.com/bot.html)"
216.73.216.76 - - [15/Jul/2025:18:08:27 +0000] "GET /shopdetail/33917016 HTTP/1.1" 404 13147 "-" "Mozilla/5.0 AppleWebKit/537.36 (KHTML, like Gecko; compatible; ClaudeBot/1.0; [email protected])"
66.249.73.132 - - [15/Jul/2025:18:08:28 +0000] "GET /?f=5962751021490&mod=9cecbb6f&uri=shared.php?shopdetail/3311512 HTTP/1.1" 200 18860 "-" "Mozilla/5.0 (Linux; Android 6.0.1; Nexus 5X Build/MMB29P) AppleWebKit/537.36 (KHTML, like Gecko) Chrome/137.0.7151.103 Mobile Safari/537.36 (compatible; Googlebot/2.1; +http://www.google.com/bot.html)"
216.73.216.76 - - [15/Jul/2025:18:08:30 +0000] "GET /shopdetail/154129756 HTTP/1.1" 404 13147 "-" "Mozilla/5.0 AppleWebKit/537.36 (KHTML, like Gecko; compatible; ClaudeBot/1.0; [email protected])"
66.249.73.132 - - [15/Jul/2025:18:08:32 +0000] "GET /?f=5962751021490&mod=9cecbb6f&uri=shared.php?shopdetail/3282984 HTTP/1.1" 200 19145 "-" "Mozilla/5.0 (Linux; Android 6.0.1; Nexus 5X Build/MMB29P) AppleWebKit/537.36 (KHTML, like Gecko) Chrome/137.0.7151.103 Mobile Safari/537.36 (compatible; Googlebot/2.1; +http://www.google.com/bot.html)"
66.249.73.132 - - [15/Jul/2025:18:08:32 +0000] "GET /?f=5962751021490&mod=9cecbb6f&uri=shared.php?recruit HTTP/1.1" 200 19299 "-" "Mozilla/5.0 (Linux; Android 6.0.1; Nexus 5X Build/MMB29P) AppleWebKit/537.36 (KHTML, like Gecko) Chrome/137.0.7151.103 Mobile Safari/537.36 (compatible; Googlebot/2.1; +http://www.google.com/bot.html)"
216.73.216.76 - - [15/Jul/2025:18:08:33 +0000] "GET /shopdetail/34033592 HTTP/1.1" 404 13147 "-" "Mozilla/5.0 AppleWebKit/537.36 (KHTML, like Gecko; compatible; ClaudeBot/1.0; [email protected])"
66.249.73.132 - - [15/Jul/2025:18:08:33 +0000] "GET /?f=16771100101490&mod=2963adf1&uri=product.php?man/kaitori/ansin.html HTTP/1.1" 200 18770 "-" "Mozilla/5.0 (Linux; Android 6.0.1; Nexus 5X Build/MMB29P) AppleWebKit/537.36 (KHTML, like Gecko) Chrome/137.0.7151.103 Mobile Safari/537.36 (compatible; Googlebot/2.1; +http://www.google.com/bot.html)"
216.73.216.76 - - [15/Jul/2025:18:08:36 +0000] "GET /shopdetail/154167156 HTTP/1.1" 404 13147 "-" "Mozilla/5.0 AppleWebKit/537.36 (KHTML, like Gecko; compatible; ClaudeBot/1.0; [email protected])"
66.249.73.128 - - [15/Jul/2025:18:08:38 +0000] "POST /get-message-notify HTTP/1.1" 200 17998 "https://onlycnc.com.au/?f=16771100101490&mod=2963adf1&uri=product.php?man/kaitori/ansin.html" "Mozilla/5.0 (Linux; Android 6.0.1; Nexus 5X Build/MMB29P) AppleWebKit/537.36 (KHTML, like Gecko) Chrome/137.0.7151.119 Mobile Safari/537.36 (compatible; Googlebot/2.1; +http://www.google.com/bot.html)"
216.73.216.76 - - [15/Jul/2025:18:08:39 +0000] "GET /shopdetail/154147236 HTTP/1.1" 404 13147 "-" "Mozilla/5.0 AppleWebKit/537.36 (KHTML, like Gecko; compatible; ClaudeBot/1.0; [email protected])"
66.249.73.128 - - [15/Jul/2025:18:08:40 +0000] "GET /?f=5962751021490&mod=9cecbb6f&uri=shared.php?shopdetail/3323660 HTTP/1.1" 200 18308 "-" "Mozilla/5.0 (Linux; Android 6.0.1; Nexus 5X Build/MMB29P) AppleWebKit/537.36 (KHTML, like Gecko) Chrome/137.0.7151.103 Mobile Safari/537.36 (compatible; Googlebot/2.1; +http://www.google.com/bot.html)"
66.249.73.128 - - [15/Jul/2025:18:08:41 +0000] "POST /get-message-notify HTTP/1.1" 200 17998 "https://onlycnc.com.au/?f=5962751021490&mod=9cecbb6f&uri=shared.php?shopdetail/3287352" "Mozilla/5.0 (Linux; Android 6.0.1; Nexus 5X Build/MMB29P) AppleWebKit/537.36 (KHTML, like Gecko) Chrome/137.0.7151.119 Mobile Safari/537.36 (compatible; Googlebot/2.1; +http://www.google.com/bot.html)"
216.73.216.76 - - [15/Jul/2025:18:08:42 +0000] "GET /shopdetail/33318348 HTTP/1.1" 404 13147 "-" "Mozilla/5.0 AppleWebKit/537.36 (KHTML, like Gecko; compatible; ClaudeBot/1.0; [email protected])"
66.249.73.132 - - [15/Jul/2025:18:08:42 +0000] "GET /?f=5962751021490&mod=9cecbb6f&uri=shared.php?feature/yokohama_maruicity/index.html HTTP/1.1" 200 19164 "-" "Mozilla/5.0 (Linux; Android 6.0.1; Nexus 5X Build/MMB29P) AppleWebKit/537.36 (KHTML, like Gecko) Chrome/137.0.7151.103 Mobile Safari/537.36 (compatible; Googlebot/2.1; +http://www.google.com/bot.html)"
216.73.216.76 - - [15/Jul/2025:18:08:45 +0000] "GET /shopdetail/33330496 HTTP/1.1" 404 13147 "-" "Mozilla/5.0 AppleWebKit/537.36 (KHTML, like Gecko; compatible; ClaudeBot/1.0; [email protected])"
66.249.73.132 - - [15/Jul/2025:18:08:47 +0000] "POST /get-message-notify HTTP/1.1" 200 17998 "https://onlycnc.com.au/?f=5962751021490&mod=9cecbb6f&uri=shared.php?shopdetail/3282984" "Mozilla/5.0 (Linux; Android 6.0.1; Nexus 5X Build/MMB29P) AppleWebKit/537.36 (KHTML, like Gecko) Chrome/137.0.7151.119 Mobile Safari/537.36 (compatible; Googlebot/2.1; +http://www.google.com/bot.html)"
216.73.216.76 - - [15/Jul/2025:18:08:48 +0000] "GET /shopdetail/154141904 HTTP/1.1" 404 13147 "-" "Mozilla/5.0 AppleWebKit/537.36 (KHTML, like Gecko; compatible; ClaudeBot/1.0; [email protected])"
66.249.73.132 - - [15/Jul/2025:18:08:50 +0000] "GET /?f=5962751021490&mod=9cecbb6f&uri=shared.php?shopdetail/3296352 HTTP/1.1" 200 19105 "-" "Mozilla/5.0 (Linux; Android 6.0.1; Nexus 5X Build/MMB29P) AppleWebKit/537.36 (KHTML, like Gecko) Chrome/137.0.7151.103 Mobile Safari/537.36 (compatible; Googlebot/2.1; +http://www.google.com/bot.html)"
216.73.216.76 - - [15/Jul/2025:18:08:51 +0000] "GET /shopdetail/33513272 HTTP/1.1" 404 13147 "-" "Mozilla/5.0 AppleWebKit/537.36 (KHTML, like Gecko; compatible; ClaudeBot/1.0; [email protected])"
66.249.73.128 - - [15/Jul/2025:18:08:53 +0000] "GET /?f=5962751021490&mod=9cecbb6f&uri=shared.php?shopdetail/3277516 HTTP/1.1" 200 19162 "-" "Mozilla/5.0 (Linux; Android 6.0.1; Nexus 5X Build/MMB29P) AppleWebKit/537.36 (KHTML, like Gecko) Chrome/137.0.7151.103 Mobile Safari/537.36 (compatible; Googlebot/2.1; +http://www.google.com/bot.html)"
216.73.216.76 - - [15/Jul/2025:18:08:54 +0000] "GET /shopdetail/33758272 HTTP/1.1" 404 13147 "-" "Mozilla/5.0 AppleWebKit/537.36 (KHTML, like Gecko; compatible; ClaudeBot/1.0; [email protected])"
66.249.73.128 - - [15/Jul/2025:18:08:55 +0000] "GET /?f=40054793071490&mod=0e98aeeb&uri=shared.php?kaden.html HTTP/1.1" 200 19174 "-" "Mozilla/5.0 (Linux; Android 6.0.1; Nexus 5X Build/MMB29P) AppleWebKit/537.36 (KHTML, like Gecko) Chrome/137.0.7151.103 Mobile Safari/537.36 (compatible; Googlebot/2.1; +http://www.google.com/bot.html)"
66.249.73.132 - - [15/Jul/2025:18:08:58 +0000] "GET /?f=5962751021490&mod=9cecbb6f&uri=shared.php?shopdetail/3294996 HTTP/1.1" 200 19232 "-" "Mozilla/5.0 (Linux; Android 6.0.1; Nexus 5X Build/MMB29P) AppleWebKit/537.36 (KHTML, like Gecko) Chrome/137.0.7151.103 Mobile Safari/537.36 (compatible; Googlebot/2.1; +http://www.google.com/bot.html)"
66.249.73.129 - - [15/Jul/2025:18:09:03 +0000] "GET /?f=5962751021490&mod=9cecbb6f&uri=shared.php?shopdetail/3321476 HTTP/1.1" 200 18439 "-" "Mozilla/5.0 (Linux; Android 6.0.1; Nexus 5X Build/MMB29P) AppleWebKit/537.36 (KHTML, like Gecko) Chrome/137.0.7151.103 Mobile Safari/537.36 (compatible; Googlebot/2.1; +http://www.google.com/bot.html)"
66.249.73.132 - - [15/Jul/2025:18:09:07 +0000] "POST /get-message-notify HTTP/1.1" 200 17998 "https://onlycnc.com.au/?f=5962751021490&mod=9cecbb6f&uri=shared.php?shopdetail/3277516" "Mozilla/5.0 (Linux; Android 6.0.1; Nexus 5X Build/MMB29P) AppleWebKit/537.36 (KHTML, like Gecko) Chrome/137.0.7151.119 Mobile Safari/537.36 (compatible; Googlebot/2.1; +http://www.google.com/bot.html)"
66.249.73.132 - - [15/Jul/2025:18:09:11 +0000] "GET /?f=5962751021490&mod=9cecbb6f&uri=shared.php?shopdetail/3297316 HTTP/1.1" 200 18809 "-" "Mozilla/5.0 (Linux; Android 6.0.1; Nexus 5X Build/MMB29P) AppleWebKit/537.36 (KHTML, like Gecko) Chrome/137.0.7151.103 Mobile Safari/537.36 (compatible; Googlebot/2.1; +http://www.google.com/bot.html)"
66.249.73.132 - - [15/Jul/2025:18:09:14 +0000] "POST /get-message-notify HTTP/1.1" 200 17998 "https://onlycnc.com.au/?f=5962751021490&mod=9cecbb6f&uri=shared.php?shopdetail/3297316" "Mozilla/5.0 (Linux; Android 6.0.1; Nexus 5X Build/MMB29P) AppleWebKit/537.36 (KHTML, like Gecko) Chrome/137.0.7151.119 Mobile Safari/537.36 (compatible; Googlebot/2.1; +http://www.google.com/bot.html)"
66.249.73.132 - - [15/Jul/2025:18:09:14 +0000] "GET /?f=5962751021490&mod=9cecbb6f&uri=shared.php?shopdetail/3272056 HTTP/1.1" 200 18352 "-" "Mozilla/5.0 (Linux; Android 6.0.1; Nexus 5X Build/MMB29P) AppleWebKit/537.36 (KHTML, like Gecko) Chrome/137.0.7151.103 Mobile Safari/537.36 (compatible; Googlebot/2.1; +http://www.google.com/bot.html)"
66.249.73.132 - - [15/Jul/2025:18:09:16 +0000] "POST /get-message-notify HTTP/1.1" 200 17998 "https://onlycnc.com.au/?f=5962751021490&mod=9cecbb6f&uri=shared.php?shopdetail/3321476" "Mozilla/5.0 (Linux; Android 6.0.1; Nexus 5X Build/MMB29P) AppleWebKit/537.36 (KHTML, like Gecko) Chrome/137.0.7151.119 Mobile Safari/537.36 (compatible; Googlebot/2.1; +http://www.google.com/bot.html)"
66.249.73.132 - - [15/Jul/2025:18:09:22 +0000] "GET /?f=16771100101490&mod=2963adf1&uri=product.php?shopdetail/3318200 HTTP/1.1" 200 18158 "-" "Mozilla/5.0 (Linux; Android 6.0.1; Nexus 5X Build/MMB29P) AppleWebKit/537.36 (KHTML, like Gecko) Chrome/137.0.7151.103 Mobile Safari/537.36 (compatible; Googlebot/2.1; +http://www.google.com/bot.html)"
66.249.73.132 - - [15/Jul/2025:18:09:23 +0000] "GET /?f=86473165051490&mod=8e7035e0&uri=search.php?shopdetail/57490848 HTTP/1.1" 200 18741 "-" "Mozilla/5.0 (Linux; Android 6.0.1; Nexus 5X Build/MMB29P) AppleWebKit/537.36 (KHTML, like Gecko) Chrome/137.0.7151.103 Mobile Safari/537.36 (compatible; Googlebot/2.1; +http://www.google.com/bot.html)"
66.249.73.132 - - [15/Jul/2025:18:09:23 +0000] "GET /?f=5962751021490&mod=9cecbb6f&uri=shared.php?shopdetail/3290628 HTTP/1.1" 200 19015 "-" "Mozilla/5.0 (Linux; Android 6.0.1; Nexus 5X Build/MMB29P) AppleWebKit/537.36 (KHTML, like Gecko) Chrome/137.0.7151.103 Mobile Safari/537.36 (compatible; Googlebot/2.1; +http://www.google.com/bot.html)"
66.249.73.132 - - [15/Jul/2025:18:09:24 +0000] "GET /?f=6121025011490&mod=d3036eaa&uri=pin.php?shopdetail/4731600 HTTP/1.1" 200 18570 "-" "Mozilla/5.0 (Linux; Android 6.0.1; Nexus 5X Build/MMB29P) AppleWebKit/537.36 (KHTML, like Gecko) Chrome/137.0.7151.103 Mobile Safari/537.36 (compatible; Googlebot/2.1; +http://www.google.com/bot.html)"
66.249.73.132 - - [15/Jul/2025:18:09:25 +0000] "GET /?f=5962751021490&mod=9cecbb6f&uri=shared.php?feature/osu_main/index.html HTTP/1.1" 200 18815 "-" "Mozilla/5.0 (Linux; Android 6.0.1; Nexus 5X Build/MMB29P) AppleWebKit/537.36 (KHTML, like Gecko) Chrome/137.0.7151.103 Mobile Safari/537.36 (compatible; Googlebot/2.1; +http://www.google.com/bot.html)"
66.249.73.132 - - [15/Jul/2025:18:09:27 +0000] "GET /?f=40054793071490&mod=0e98aeeb&uri=shared.php?cargo/detail HTTP/1.1" 200 19400 "-" "Mozilla/5.0 (Linux; Android 6.0.1; Nexus 5X Build/MMB29P) AppleWebKit/537.36 (KHTML, like Gecko) Chrome/137.0.7151.103 Mobile Safari/537.36 (compatible; Googlebot/2.1; +http://www.google.com/bot.html)"
66.249.73.132 - - [15/Jul/2025:18:09:30 +0000] "GET /?f=5962751021490&mod=9cecbb6f&uri=shared.php?feature/akihabara_main/index.html HTTP/1.1" 200 19267 "-" "Mozilla/5.0 (Linux; Android 6.0.1; Nexus 5X Build/MMB29P) AppleWebKit/537.36 (KHTML, like Gecko) Chrome/137.0.7151.103 Mobile Safari/537.36 (compatible; Googlebot/2.1; +http://www.google.com/bot.html)"
66.249.73.132 - - [15/Jul/2025:18:09:36 +0000] "GET /?f=5962751021490&mod=9cecbb6f&uri=shared.php?shopdetail/3316016 HTTP/1.1" 200 19162 "-" "Mozilla/5.0 (Linux; Android 6.0.1; Nexus 5X Build/MMB29P) AppleWebKit/537.36 (KHTML, like Gecko) Chrome/137.0.7151.103 Mobile Safari/537.36 (compatible; Googlebot/2.1; +http://www.google.com/bot.html)"
216.73.216.76 - - [15/Jul/2025:18:09:40 +0000] "GET /shopdetail/33300612 HTTP/1.1" 404 13147 "-" "Mozilla/5.0 AppleWebKit/537.36 (KHTML, like Gecko; compatible; ClaudeBot/1.0; [email protected])"
66.249.73.132 - - [15/Jul/2025:18:09:43 +0000] "GET /?f=5962751021490&mod=9cecbb6f&uri=shared.php?man/customer_guide HTTP/1.1" 200 19161 "-" "Mozilla/5.0 (Linux; Android 6.0.1; Nexus 5X Build/MMB29P) AppleWebKit/537.36 (KHTML, like Gecko) Chrome/137.0.7151.103 Mobile Safari/537.36 (compatible; Googlebot/2.1; +http://www.google.com/bot.html)"
216.73.216.76 - - [15/Jul/2025:18:09:43 +0000] "GET /shopdetail/154114204 HTTP/1.1" 404 13147 "-" "Mozilla/5.0 AppleWebKit/537.36 (KHTML, like Gecko; compatible; ClaudeBot/1.0; [email protected])"
66.249.73.132 - - [15/Jul/2025:18:09:43 +0000] "GET /?f=40054793071490&mod=0e98aeeb&uri=shared.php?shopdetail/3321476 HTTP/1.1" 200 18441 "-" "Mozilla/5.0 (Linux; Android 6.0.1; Nexus 5X Build/MMB29P) AppleWebKit/537.36 (KHTML, like Gecko) Chrome/137.0.7151.103 Mobile Safari/537.36 (compatible; Googlebot/2.1; +http://www.google.com/bot.html)"
66.249.73.132 - - [15/Jul/2025:18:09:44 +0000] "GET /?f=25225035121490&mod=c4caeed3&uri=form.php%3Fid%3D841915-235%26name%3Dblusenjacke+h%26m HTTP/1.1" 200 18995 "-" "Mozilla/5.0 (Linux; Android 6.0.1; Nexus 5X Build/MMB29P) AppleWebKit/537.36 (KHTML, like Gecko) Chrome/137.0.7151.103 Mobile Safari/537.36 (compatible; Googlebot/2.1; +http://www.google.com/bot.html)"
66.249.73.132 - - [15/Jul/2025:18:09:45 +0000] "POST /get-message-notify HTTP/1.1" 200 17998 "https://onlycnc.com.au/?f=5962751021490&mod=9cecbb6f&uri=shared.php?shopdetail/3272056" "Mozilla/5.0 (Linux; Android 6.0.1; Nexus 5X Build/MMB29P) AppleWebKit/537.36 (KHTML, like Gecko) Chrome/137.0.7151.119 Mobile Safari/537.36 (compatible; Googlebot/2.1; +http://www.google.com/bot.html)"
66.249.73.132 - - [15/Jul/2025:18:09:46 +0000] "GET /?f=5962751021490&mod=9cecbb6f&uri=shared.php?shopdetail/3259780 HTTP/1.1" 200 18889 "-" "Mozilla/5.0 (Linux; Android 6.0.1; Nexus 5X Build/MMB29P) AppleWebKit/537.36 (KHTML, like Gecko) Chrome/137.0.7151.103 Mobile Safari/537.36 (compatible; Googlebot/2.1; +http://www.google.com/bot.html)"
216.73.216.76 - - [15/Jul/2025:18:09:46 +0000] "GET /shopdetail/33316164 HTTP/1.1" 404 13147 "-" "Mozilla/5.0 AppleWebKit/537.36 (KHTML, like Gecko; compatible; ClaudeBot/1.0; [email protected])"
66.249.73.132 - - [15/Jul/2025:18:09:48 +0000] "POST /get-message-notify HTTP/1.1" 200 17998 "https://onlycnc.com.au/?f=40054793071490&mod=0e98aeeb&uri=shared.php?kaden.html" "Mozilla/5.0 (Linux; Android 6.0.1; Nexus 5X Build/MMB29P) AppleWebKit/537.36 (KHTML, like Gecko) Chrome/137.0.7151.119 Mobile Safari/537.36 (compatible; Googlebot/2.1; +http://www.google.com/bot.html)"
66.249.73.132 - - [15/Jul/2025:18:09:49 +0000] "GET /?f=16771100101490&mod=2963adf1&uri=product.php?shopdetail/3317236 HTTP/1.1" 200 19178 "-" "Mozilla/5.0 (Linux; Android 6.0.1; Nexus 5X Build/MMB29P) AppleWebKit/537.36 (KHTML, like Gecko) Chrome/137.0.7151.103 Mobile Safari/537.36 (compatible; Googlebot/2.1; +http://www.google.com/bot.html)"
216.73.216.76 - - [15/Jul/2025:18:09:49 +0000] "GET /shopdetail/33831988 HTTP/1.1" 404 13147 "-" "Mozilla/5.0 AppleWebKit/537.36 (KHTML, like Gecko; compatible; ClaudeBot/1.0; [email protected])"
216.73.216.76 - - [15/Jul/2025:18:09:52 +0000] "GET /shopdetail/34108792 HTTP/1.1" 404 13147 "-" "Mozilla/5.0 AppleWebKit/537.36 (KHTML, like Gecko; compatible; ClaudeBot/1.0; [email protected])"
66.249.73.132 - - [15/Jul/2025:18:09:54 +0000] "GET /?f=5962751021490&mod=9cecbb6f&uri=shared.php?hobby/nuigurumi/nuigurumi.html HTTP/1.1" 200 18730 "-" "Mozilla/5.0 (Linux; Android 6.0.1; Nexus 5X Build/MMB29P) AppleWebKit/537.36 (KHTML, like Gecko) Chrome/137.0.7151.103 Mobile Safari/537.36 (compatible; Googlebot/2.1; +http://www.google.com/bot.html)"
216.73.216.76 - - [15/Jul/2025:18:09:55 +0000] "GET /shopdetail/153723000 HTTP/1.1" 404 13147 "-" "Mozilla/5.0 AppleWebKit/537.36 (KHTML, like Gecko; compatible; ClaudeBot/1.0; [email protected])"
66.249.73.128 - - [15/Jul/2025:18:09:57 +0000] "GET /?f=5962751021490&mod=9cecbb6f&uri=shared.php?kaden.html HTTP/1.1" 200 19175 "-" "Mozilla/5.0 (Linux; Android 6.0.1; Nexus 5X Build/MMB29P) AppleWebKit/537.36 (KHTML, like Gecko) Chrome/137.0.7151.103 Mobile Safari/537.36 (compatible; Googlebot/2.1; +http://www.google.com/bot.html)"
216.73.216.76 - - [15/Jul/2025:18:09:58 +0000] "GET /shopdetail/33910200 HTTP/1.1" 404 13147 "-" "Mozilla/5.0 AppleWebKit/537.36 (KHTML, like Gecko; compatible; ClaudeBot/1.0; [email protected])"
216.73.216.76 - - [15/Jul/2025:18:10:01 +0000] "GET /shopdetail/34100884 HTTP/1.1" 404 13147 "-" "Mozilla/5.0 AppleWebKit/537.36 (KHTML, like Gecko; compatible; ClaudeBot/1.0; [email protected])"
66.249.73.132 - - [15/Jul/2025:18:10:02 +0000] "GET /?f=5962751021490&mod=9cecbb6f&uri=shared.php?shopdetail/3247632 HTTP/1.1" 200 18599 "-" "Mozilla/5.0 (Linux; Android 6.0.1; Nexus 5X Build/MMB29P) AppleWebKit/537.36 (KHTML, like Gecko) Chrome/137.0.7151.103 Mobile Safari/537.36 (compatible; Googlebot/2.1; +http://www.google.com/bot.html)"
216.73.216.76 - - [15/Jul/2025:18:10:04 +0000] "GET /shopdetail/33788028 HTTP/1.1" 404 13147 "-" "Mozilla/5.0 AppleWebKit/537.36 (KHTML, like Gecko; compatible; ClaudeBot/1.0; [email protected])"
216.73.216.76 - - [15/Jul/2025:18:10:07 +0000] "GET /shopdetail/33345792 HTTP/1.1" 404 13147 "-" "Mozilla/5.0 AppleWebKit/537.36 (KHTML, like Gecko; compatible; ClaudeBot/1.0; [email protected])"
216.73.216.76 - - [15/Jul/2025:18:10:10 +0000] "GET /shopdetail/154140548 HTTP/1.1" 404 13147 "-" "Mozilla/5.0 AppleWebKit/537.36 (KHTML, like Gecko; compatible; ClaudeBot/1.0; [email protected])"
66.249.73.128 - - [15/Jul/2025:18:10:10 +0000] "GET /?f=16771100101490&mod=2963adf1&uri=product.php?shopdetail/3245448 HTTP/1.1" 200 18788 "-" "Mozilla/5.0 (Linux; Android 6.0.1; Nexus 5X Build/MMB29P) AppleWebKit/537.36 (KHTML, like Gecko) Chrome/137.0.7151.103 Mobile Safari/537.36 (compatible; Googlebot/2.1; +http://www.google.com/bot.html)"
66.249.73.128 - - [15/Jul/2025:18:10:10 +0000] "GET /?f=16771100101490&mod=2963adf1&uri=product.php?shopdetail/3269872 HTTP/1.1" 200 18830 "-" "Mozilla/5.0 (Linux; Android 6.0.1; Nexus 5X Build/MMB29P) AppleWebKit/537.36 (KHTML, like Gecko) Chrome/137.0.7151.103 Mobile Safari/537.36 (compatible; Googlebot/2.1; +http://www.google.com/bot.html)"
66.249.73.132 - - [15/Jul/2025:18:10:11 +0000] "GET /?f=5962751021490&mod=9cecbb6f&uri=shared.php?shopdetail/3291848 HTTP/1.1" 200 18315 "-" "Mozilla/5.0 (Linux; Android 6.0.1; Nexus 5X Build/MMB29P) AppleWebKit/537.36 (KHTML, like Gecko) Chrome/137.0.7151.103 Mobile Safari/537.36 (compatible; Googlebot/2.1; +http://www.google.com/bot.html)"
216.73.216.76 - - [15/Jul/2025:18:10:13 +0000] "GET /shopdetail/33328184 HTTP/1.1" 404 13147 "-" "Mozilla/5.0 AppleWebKit/537.36 (KHTML, like Gecko; compatible; ClaudeBot/1.0; [email protected])"
66.249.73.132 - - [15/Jul/2025:18:10:16 +0000] "GET /?f=5962751021490&mod=9cecbb6f&uri=shared.php?shopdetail/3319420 HTTP/1.1" 200 18866 "-" "Mozilla/5.0 (Linux; Android 6.0.1; Nexus 5X Build/MMB29P) AppleWebKit/537.36 (KHTML, like Gecko) Chrome/137.0.7151.103 Mobile Safari/537.36 (compatible; Googlebot/2.1; +http://www.google.com/bot.html)"
216.73.216.76 - - [15/Jul/2025:18:10:16 +0000] "GET /shopdetail/33931348 HTTP/1.1" 404 13147 "-" "Mozilla/5.0 AppleWebKit/537.36 (KHTML, like Gecko; compatible; ClaudeBot/1.0; [email protected])"
216.73.216.76 - - [15/Jul/2025:18:10:19 +0000] "GET /shopdetail/33399844 HTTP/1.1" 404 13147 "-" "Mozilla/5.0 AppleWebKit/537.36 (KHTML, like Gecko; compatible; ClaudeBot/1.0; [email protected])"
66.249.73.132 - - [15/Jul/2025:18:10:22 +0000] "GET /?f=5962751021490&mod=9cecbb6f&uri=shared.php?hobby.html HTTP/1.1" 200 19599 "-" "Mozilla/5.0 (Linux; Android 6.0.1; Nexus 5X Build/MMB29P) AppleWebKit/537.36 (KHTML, like Gecko) Chrome/137.0.7151.103 Mobile Safari/537.36 (compatible; Googlebot/2.1; +http://www.google.com/bot.html)"
216.73.216.76 - - [15/Jul/2025:18:10:22 +0000] "GET /shopdetail/34105388 HTTP/1.1" 404 13147 "-" "Mozilla/5.0 AppleWebKit/537.36 (KHTML, like Gecko; compatible; ClaudeBot/1.0; [email protected])"
66.249.73.132 - - [15/Jul/2025:18:10:24 +0000] "GET /?f=5962751021490&mod=9cecbb6f&uri=shared.php?shopdetail/3306180 HTTP/1.1" 200 18775 "-" "Mozilla/5.0 (Linux; Android 6.0.1; Nexus 5X Build/MMB29P) AppleWebKit/537.36 (KHTML, like Gecko) Chrome/137.0.7151.103 Mobile Safari/537.36 (compatible; Googlebot/2.1; +http://www.google.com/bot.html)"
66.249.73.132 - - [15/Jul/2025:18:10:25 +0000] "POST /get-message-notify HTTP/1.1" 200 17998 "https://onlycnc.com.au/?f=5962751021490&mod=9cecbb6f&uri=shared.php?shopdetail/3290628" "Mozilla/5.0 (Linux; Android 6.0.1; Nexus 5X Build/MMB29P) AppleWebKit/537.36 (KHTML, like Gecko) Chrome/137.0.7151.119 Mobile Safari/537.36 (compatible; Googlebot/2.1; +http://www.google.com/bot.html)"
66.249.73.132 - - [15/Jul/2025:18:10:27 +0000] "GET /?f=16771100101490&mod=2963adf1&uri=product.php?shopdetail/3276296 HTTP/1.1" 200 18674 "-" "Mozilla/5.0 (Linux; Android 6.0.1; Nexus 5X Build/MMB29P) AppleWebKit/537.36 (KHTML, like Gecko) Chrome/137.0.7151.103 Mobile Safari/537.36 (compatible; Googlebot/2.1; +http://www.google.com/bot.html)"
66.249.73.132 - - [15/Jul/2025:18:10:28 +0000] "GET /?f=5962751021490&mod=9cecbb6f&uri=shared.php?toreka/toreka_menu.html HTTP/1.1" 200 19512 "-" "Mozilla/5.0 (Linux; Android 6.0.1; Nexus 5X Build/MMB29P) AppleWebKit/537.36 (KHTML, like Gecko) Chrome/137.0.7151.103 Mobile Safari/537.36 (compatible; Googlebot/2.1; +http://www.google.com/bot.html)"
66.249.73.132 - - [15/Jul/2025:18:10:34 +0000] "GET /?f=5962751021490&mod=9cecbb6f&uri=shared.php?product_archives HTTP/1.1" 200 18714 "-" "Mozilla/5.0 (Linux; Android 6.0.1; Nexus 5X Build/MMB29P) AppleWebKit/537.36 (KHTML, like Gecko) Chrome/137.0.7151.103 Mobile Safari/537.36 (compatible; Googlebot/2.1; +http://www.google.com/bot.html)"
66.249.73.132 - - [15/Jul/2025:18:10:39 +0000] "GET /?f=5962751021490&mod=9cecbb6f&uri=shared.php?feature/sapporo/index.html HTTP/1.1" 200 19005 "-" "Mozilla/5.0 (Linux; Android 6.0.1; Nexus 5X Build/MMB29P) AppleWebKit/537.36 (KHTML, like Gecko) Chrome/137.0.7151.103 Mobile Safari/537.36 (compatible; Googlebot/2.1; +http://www.google.com/bot.html)"
66.249.73.132 - - [15/Jul/2025:18:10:44 +0000] "GET /?f=5962751021490&mod=9cecbb6f&uri=shared.php?shopdetail/3276296 HTTP/1.1" 200 18676 "-" "Mozilla/5.0 (Linux; Android 6.0.1; Nexus 5X Build/MMB29P) AppleWebKit/537.36 (KHTML, like Gecko) Chrome/137.0.7151.103 Mobile Safari/537.36 (compatible; Googlebot/2.1; +http://www.google.com/bot.html)"
66.249.73.132 - - [15/Jul/2025:18:10:52 +0000] "GET /?f=5962751021490&mod=9cecbb6f&uri=shared.php?shopdetail/3267552 HTTP/1.1" 200 18579 "-" "Mozilla/5.0 (Linux; Android 6.0.1; Nexus 5X Build/MMB29P) AppleWebKit/537.36 (KHTML, like Gecko) Chrome/137.0.7151.103 Mobile Safari/537.36 (compatible; Googlebot/2.1; +http://www.google.com/bot.html)"
66.249.73.132 - - [15/Jul/2025:18:10:53 +0000] "POST /get-message-notify HTTP/1.1" 200 17998 "https://onlycnc.com.au/?f=5962751021490&mod=9cecbb6f&uri=shared.php?feature/sapporo/index.html" "Mozilla/5.0 (Linux; Android 6.0.1; Nexus 5X Build/MMB29P) AppleWebKit/537.36 (KHTML, like Gecko) Chrome/137.0.7151.119 Mobile Safari/537.36 (compatible; Googlebot/2.1; +http://www.google.com/bot.html)"
66.249.73.129 - - [15/Jul/2025:18:11:01 +0000] "GET /?f=40054793071490&mod=0e98aeeb&uri=shared.php?shopdetail/3275332 HTTP/1.1" 200 19217 "-" "Mozilla/5.0 (Linux; Android 6.0.1; Nexus 5X Build/MMB29P) AppleWebKit/537.36 (KHTML, like Gecko) Chrome/137.0.7151.103 Mobile Safari/537.36 (compatible; Googlebot/2.1; +http://www.google.com/bot.html)"
66.249.73.132 - - [15/Jul/2025:18:11:01 +0000] "GET /?f=5962751021490&mod=9cecbb6f&uri=shared.php?shopdetail/3264148 HTTP/1.1" 200 18911 "-" "Mozilla/5.0 (Linux; Android 6.0.1; Nexus 5X Build/MMB29P) AppleWebKit/537.36 (KHTML, like Gecko) Chrome/137.0.7151.103 Mobile Safari/537.36 (compatible; Googlebot/2.1; +http://www.google.com/bot.html)"
66.249.73.129 - - [15/Jul/2025:18:11:05 +0000] "GET /?f=5962751021490&mod=9cecbb6f&uri=shared.php?feature/index.html HTTP/1.1" 200 19460 "-" "Mozilla/5.0 (Linux; Android 6.0.1; Nexus 5X Build/MMB29P) AppleWebKit/537.36 (KHTML, like Gecko) Chrome/137.0.7151.103 Mobile Safari/537.36 (compatible; Googlebot/2.1; +http://www.google.com/bot.html)"
66.249.73.128 - - [15/Jul/2025:18:11:09 +0000] "POST /get-message-notify HTTP/1.1" 200 17998 "https://onlycnc.com.au/?f=16771100101490&mod=2963adf1&uri=product.php?shopdetail/3318200" "Mozilla/5.0 (Linux; Android 6.0.1; Nexus 5X Build/MMB29P) AppleWebKit/537.36 (KHTML, like Gecko) Chrome/137.0.7151.119 Mobile Safari/537.36 (compatible; Googlebot/2.1; +http://www.google.com/bot.html)"
66.249.73.128 - - [15/Jul/2025:18:11:11 +0000] "GET /?f=40054793071490&mod=0e98aeeb&uri=shared.php?shopdetail/3317236 HTTP/1.1" 200 19180 "-" "Mozilla/5.0 (Linux; Android 6.0.1; Nexus 5X Build/MMB29P) AppleWebKit/537.36 (KHTML, like Gecko) Chrome/137.0.7151.103 Mobile Safari/537.36 (compatible; Googlebot/2.1; +http://www.google.com/bot.html)"
66.249.73.132 - - [15/Jul/2025:18:11:11 +0000] "GET /?f=5962751021490&mod=9cecbb6f&uri=shared.php?man/kaitori/kantan.html HTTP/1.1" 200 19710 "-" "Mozilla/5.0 (Linux; Android 6.0.1; Nexus 5X Build/MMB29P) AppleWebKit/537.36 (KHTML, like Gecko) Chrome/137.0.7151.103 Mobile Safari/537.36 (compatible; Googlebot/2.1; +http://www.google.com/bot.html)"
66.249.73.132 - - [15/Jul/2025:18:11:16 +0000] "GET /?f=5962751021490&mod=9cecbb6f&uri=shared.php?shopdetail/3249816 HTTP/1.1" 200 19481 "-" "Mozilla/5.0 (Linux; Android 6.0.1; Nexus 5X Build/MMB29P) AppleWebKit/537.36 (KHTML, like Gecko) Chrome/137.0.7151.103 Mobile Safari/537.36 (compatible; Googlebot/2.1; +http://www.google.com/bot.html)"
216.73.216.76 - - [15/Jul/2025:18:11:17 +0000] "GET /shopdetail/33658776 HTTP/1.1" 404 13147 "-" "Mozilla/5.0 AppleWebKit/537.36 (KHTML, like Gecko; compatible; ClaudeBot/1.0; [email protected])"
66.249.73.132 - - [15/Jul/2025:18:11:17 +0000] "GET /?f=25472362031490&mod=9cecbb6f&uri=news.php?shopdetail/3252000 HTTP/1.1" 200 19319 "-" "Mozilla/5.0 (Linux; Android 6.0.1; Nexus 5X Build/MMB29P) AppleWebKit/537.36 (KHTML, like Gecko) Chrome/137.0.7151.103 Mobile Safari/537.36 (compatible; Googlebot/2.1; +http://www.google.com/bot.html)"
66.249.73.132 - - [15/Jul/2025:18:11:18 +0000] "GET /?f=32124684031490&mod=798b4516&uri=dp.php%3Fid%3D1072208-330%26name%3Dbest+fly+tying+hooks HTTP/1.1" 200 18989 "-" "Mozilla/5.0 (Linux; Android 6.0.1; Nexus 5X Build/MMB29P) AppleWebKit/537.36 (KHTML, like Gecko) Chrome/137.0.7151.103 Mobile Safari/537.36 (compatible; Googlebot/2.1; +http://www.google.com/bot.html)"
216.73.216.76 - - [15/Jul/2025:18:11:20 +0000] "GET /shopdetail/33927808 HTTP/1.1" 404 13147 "-" "Mozilla/5.0 AppleWebKit/537.36 (KHTML, like Gecko; compatible; ClaudeBot/1.0; [email protected])"
66.249.73.132 - - [15/Jul/2025:18:11:22 +0000] "GET /?f=5962751021490&mod=9cecbb6f&uri=shared.php?shopdetail/3253220 HTTP/1.1" 200 18577 "-" "Mozilla/5.0 (Linux; Android 6.0.1; Nexus 5X Build/MMB29P) AppleWebKit/537.36 (KHTML, like Gecko) Chrome/137.0.7151.103 Mobile Safari/537.36 (compatible; Googlebot/2.1; +http://www.google.com/bot.html)"
66.249.73.132 - - [15/Jul/2025:18:11:22 +0000] "GET /?f=25472362031490&mod=9cecbb6f&uri=news.php?feature/honten/index.html HTTP/1.1" 200 18634 "-" "Mozilla/5.0 (Linux; Android 6.0.1; Nexus 5X Build/MMB29P) AppleWebKit/537.36 (KHTML, like Gecko) Chrome/137.0.7151.103 Mobile Safari/537.36 (compatible; Googlebot/2.1; +http://www.google.com/bot.html)"
216.73.216.76 - - [15/Jul/2025:18:11:23 +0000] "GET /shopdetail/153317200 HTTP/1.1" 404 13147 "-" "Mozilla/5.0 AppleWebKit/537.36 (KHTML, like Gecko; compatible; ClaudeBot/1.0; [email protected])"
216.73.216.76 - - [15/Jul/2025:18:11:26 +0000] "GET /shopdetail/154138492 HTTP/1.1" 404 13147 "-" "Mozilla/5.0 AppleWebKit/537.36 (KHTML, like Gecko; compatible; ClaudeBot/1.0; [email protected])"
66.249.73.132 - - [15/Jul/2025:18:11:27 +0000] "POST /get-message-notify HTTP/1.1" 200 17998 "https://onlycnc.com.au/?f=5962751021490&mod=9cecbb6f&uri=shared.php?feature/index.html" "Mozilla/5.0 (Linux; Android 6.0.1; Nexus 5X Build/MMB29P) AppleWebKit/537.36 (KHTML, like Gecko) Chrome/137.0.7151.119 Mobile Safari/537.36 (compatible; Googlebot/2.1; +http://www.google.com/bot.html)"
66.249.73.132 - - [15/Jul/2025:18:11:27 +0000] "GET /?f=5962751021490&mod=9cecbb6f&uri=shared.php?pcmypage HTTP/1.1" 200 19478 "-" "Mozilla/5.0 (Linux; Android 6.0.1; Nexus 5X Build/MMB29P) AppleWebKit/537.36 (KHTML, like Gecko) Chrome/137.0.7151.103 Mobile Safari/537.36 (compatible; Googlebot/2.1; +http://www.google.com/bot.html)"
66.249.73.132 - - [15/Jul/2025:18:11:28 +0000] "GET /?f=40054793071490&mod=0e98aeeb&uri=shared.php?shopdetail/3282848 HTTP/1.1" 200 19489 "-" "Mozilla/5.0 (Linux; Android 6.0.1; Nexus 5X Build/MMB29P) AppleWebKit/537.36 (KHTML, like Gecko) Chrome/137.0.7151.103 Mobile Safari/537.36 (compatible; Googlebot/2.1; +http://www.google.com/bot.html)"
216.73.216.76 - - [15/Jul/2025:18:11:29 +0000] "GET /shopdetail/154117608 HTTP/1.1" 404 13147 "-" "Mozilla/5.0 AppleWebKit/537.36 (KHTML, like Gecko; compatible; ClaudeBot/1.0; [email protected])"
66.249.73.132 - - [15/Jul/2025:18:11:30 +0000] "POST /get-message-notify HTTP/1.1" 200 17998 "https://onlycnc.com.au/?f=5962751021490&mod=9cecbb6f&uri=shared.php?pcmypage" "Mozilla/5.0 (Linux; Android 6.0.1; Nexus 5X Build/MMB29P) AppleWebKit/537.36 (KHTML, like Gecko) Chrome/137.0.7151.119 Mobile Safari/537.36 (compatible; Googlebot/2.1; +http://www.google.com/bot.html)"
66.249.73.132 - - [15/Jul/2025:18:11:30 +0000] "GET /?f=5962751021490&mod=9cecbb6f&uri=shared.php?shopdetail/3263184 HTTP/1.1" 200 18814 "-" "Mozilla/5.0 (Linux; Android 6.0.1; Nexus 5X Build/MMB29P) AppleWebKit/537.36 (KHTML, like Gecko) Chrome/137.0.7151.103 Mobile Safari/537.36 (compatible; Googlebot/2.1; +http://www.google.com/bot.html)"
66.249.73.128 - - [15/Jul/2025:18:11:31 +0000] "GET /?f=13155621021490&mod=0fbadcbe&uri=search.php?product/edit/O172520668 HTTP/1.1" 200 18323 "-" "Mozilla/5.0 (Linux; Android 6.0.1; Nexus 5X Build/MMB29P) AppleWebKit/537.36 (KHTML, like Gecko) Chrome/137.0.7151.103 Mobile Safari/537.36 (compatible; Googlebot/2.1; +http://www.google.com/bot.html)"
216.73.216.76 - - [15/Jul/2025:18:11:32 +0000] "GET /shopdetail/33415396 HTTP/1.1" 404 13147 "-" "Mozilla/5.0 AppleWebKit/537.36 (KHTML, like Gecko; compatible; ClaudeBot/1.0; [email protected])"
216.73.216.76 - - [15/Jul/2025:18:11:35 +0000] "GET /shopdetail/153616952 HTTP/1.1" 404 13147 "-" "Mozilla/5.0 AppleWebKit/537.36 (KHTML, like Gecko; compatible; ClaudeBot/1.0; [email protected])"
66.249.73.132 - - [15/Jul/2025:18:11:35 +0000] "GET /?f=5962751021490&mod=9cecbb6f&uri=shared.php?shopdetail/3325844 HTTP/1.1" 200 19134 "-" "Mozilla/5.0 (Linux; Android 6.0.1; Nexus 5X Build/MMB29P) AppleWebKit/537.36 (KHTML, like Gecko) Chrome/137.0.7151.103 Mobile Safari/537.36 (compatible; Googlebot/2.1; +http://www.google.com/bot.html)"
66.249.73.128 - - [15/Jul/2025:18:11:37 +0000] "GET /?f=32131284131490&mod=28fda3e1&uri=us.php%3Fid%3D1072428-102%26name%3Dploprof+titanium HTTP/1.1" 200 18980 "-" "Mozilla/5.0 (Linux; Android 6.0.1; Nexus 5X Build/MMB29P) AppleWebKit/537.36 (KHTML, like Gecko) Chrome/137.0.7151.103 Mobile Safari/537.36 (compatible; Googlebot/2.1; +http://www.google.com/bot.html)"
216.73.216.76 - - [15/Jul/2025:18:11:38 +0000] "GET /shopdetail/34104288 HTTP/1.1" 404 13147 "-" "Mozilla/5.0 AppleWebKit/537.36 (KHTML, like Gecko; compatible; ClaudeBot/1.0; [email protected])"
216.73.216.76 - - [15/Jul/2025:18:11:41 +0000] "GET /shopdetail/154118572 HTTP/1.1" 404 13147 "-" "Mozilla/5.0 AppleWebKit/537.36 (KHTML, like Gecko; compatible; ClaudeBot/1.0; [email protected])"
216.73.216.76 - - [15/Jul/2025:18:11:44 +0000] "GET /shopdetail/33653444 HTTP/1.1" 404 13147 "-" "Mozilla/5.0 AppleWebKit/537.36 (KHTML, like Gecko; compatible; ClaudeBot/1.0; [email protected])"
66.249.73.132 - - [15/Jul/2025:18:11:44 +0000] "GET /?f=16771100101490&mod=2963adf1&uri=product.php?shopdetail/3284204 HTTP/1.1" 200 18785 "-" "Mozilla/5.0 (Linux; Android 6.0.1; Nexus 5X Build/MMB29P) AppleWebKit/537.36 (KHTML, like Gecko) Chrome/137.0.7151.103 Mobile Safari/537.36 (compatible; Googlebot/2.1; +http://www.google.com/bot.html)"
66.249.73.132 - - [15/Jul/2025:18:11:44 +0000] "GET /?f=5962751021490&mod=9cecbb6f&uri=shared.php?%3Fid%3D199117-344%26name%3Dlumberjack+shoes+official+site HTTP/1.1" 200 19019 "-" "Mozilla/5.0 (Linux; Android 6.0.1; Nexus 5X Build/MMB29P) AppleWebKit/537.36 (KHTML, like Gecko) Chrome/137.0.7151.103 Mobile Safari/537.36 (compatible; Googlebot/2.1; +http://www.google.com/bot.html)"
216.73.216.76 - - [15/Jul/2025:18:11:47 +0000] "GET /shopdetail/33527604 HTTP/1.1" 404 13147 "-" "Mozilla/5.0 AppleWebKit/537.36 (KHTML, like Gecko; compatible; ClaudeBot/1.0; [email protected])"
66.249.73.128 - - [15/Jul/2025:18:11:47 +0000] "GET /?f=5962751021490&mod=9cecbb6f&uri=shared.php?shopdetail/3292812 HTTP/1.1" 200 19311 "-" "Mozilla/5.0 (Linux; Android 6.0.1; Nexus 5X Build/MMB29P) AppleWebKit/537.36 (KHTML, like Gecko) Chrome/137.0.7151.103 Mobile Safari/537.36 (compatible; Googlebot/2.1; +http://www.google.com/bot.html)"
216.73.216.76 - - [15/Jul/2025:18:11:50 +0000] "GET /shopdetail/153747160 HTTP/1.1" 404 13147 "-" "Mozilla/5.0 AppleWebKit/537.36 (KHTML, like Gecko; compatible; ClaudeBot/1.0; [email protected])"
216.73.216.76 - - [15/Jul/2025:18:11:53 +0000] "GET /shopdetail/154068888 HTTP/1.1" 404 13147 "-" "Mozilla/5.0 AppleWebKit/537.36 (KHTML, like Gecko; compatible; ClaudeBot/1.0; [email protected])"
216.73.216.76 - - [15/Jul/2025:18:11:56 +0000] "GET /shopdetail/154169340 HTTP/1.1" 404 13147 "-" "Mozilla/5.0 AppleWebKit/537.36 (KHTML, like Gecko; compatible; ClaudeBot/1.0; [email protected])"
216.73.216.76 - - [15/Jul/2025:18:11:59 +0000] "GET /shopdetail/154126352 HTTP/1.1" 404 13147 "-" "Mozilla/5.0 AppleWebKit/537.36 (KHTML, like Gecko; compatible; ClaudeBot/1.0; [email protected])"
66.249.73.128 - - [15/Jul/2025:18:12:02 +0000] "GET /?f=5962751021490&mod=9cecbb6f&uri=shared.php?shopdetail/3318200 HTTP/1.1" 200 18158 "-" "Mozilla/5.0 (Linux; Android 6.0.1; Nexus 5X Build/MMB29P) AppleWebKit/537.36 (KHTML, like Gecko) Chrome/137.0.7151.103 Mobile Safari/537.36 (compatible; Googlebot/2.1; +http://www.google.com/bot.html)"
66.249.73.132 - - [15/Jul/2025:18:12:07 +0000] "GET /?f=5962751021490&mod=9cecbb6f&uri=shared.php?shopdetail/3297180 HTTP/1.1" 200 19401 "-" "Mozilla/5.0 (Linux; Android 6.0.1; Nexus 5X Build/MMB29P) AppleWebKit/537.36 (KHTML, like Gecko) Chrome/137.0.7151.103 Mobile Safari/537.36 (compatible; Googlebot/2.1; +http://www.google.com/bot.html)"
66.249.73.128 - - [15/Jul/2025:18:12:10 +0000] "GET /?f=5962751021490&mod=9cecbb6f&uri=shared.php?boyslove.html HTTP/1.1" 200 19296 "-" "Mozilla/5.0 (Linux; Android 6.0.1; Nexus 5X Build/MMB29P) AppleWebKit/537.36 (KHTML, like Gecko) Chrome/137.0.7151.103 Mobile Safari/537.36 (compatible; Googlebot/2.1; +http://www.google.com/bot.html)"
66.249.73.132 - - [15/Jul/2025:18:12:13 +0000] "GET /?f=5962751021490&mod=9cecbb6f&uri=shared.php?feature/shoplist-friendly/index.html HTTP/1.1" 200 19184 "-" "Mozilla/5.0 (Linux; Android 6.0.1; Nexus 5X Build/MMB29P) AppleWebKit/537.36 (KHTML, like Gecko) Chrome/137.0.7151.103 Mobile Safari/537.36 (compatible; Googlebot/2.1; +http://www.google.com/bot.html)"
66.249.73.132 - - [15/Jul/2025:18:12:14 +0000] "POST /get-message-notify HTTP/1.1" 200 17998 "https://onlycnc.com.au/?f=5962751021490&mod=9cecbb6f&uri=shared.php?shopdetail/3297180" "Mozilla/5.0 (Linux; Android 6.0.1; Nexus 5X Build/MMB29P) AppleWebKit/537.36 (KHTML, like Gecko) Chrome/137.0.7151.119 Mobile Safari/537.36 (compatible; Googlebot/2.1; +http://www.google.com/bot.html)"
66.249.73.132 - - [15/Jul/2025:18:12:15 +0000] "GET /?f=5962751021490&mod=9cecbb6f&uri=shared.php?man/kaitori/ansin.html HTTP/1.1" 200 18772 "-" "Mozilla/5.0 (Linux; Android 6.0.1; Nexus 5X Build/MMB29P) AppleWebKit/537.36 (KHTML, like Gecko) Chrome/137.0.7151.103 Mobile Safari/537.36 (compatible; Googlebot/2.1; +http://www.google.com/bot.html)"
66.249.73.132 - - [15/Jul/2025:18:12:18 +0000] "POST /get-message-notify HTTP/1.1" 200 17998 "https://onlycnc.com.au/?f=5962751021490&mod=9cecbb6f&uri=shared.php?shopdetail/3292812" "Mozilla/5.0 (Linux; Android 6.0.1; Nexus 5X Build/MMB29P) AppleWebKit/537.36 (KHTML, like Gecko) Chrome/137.0.7151.119 Mobile Safari/537.36 (compatible; Googlebot/2.1; +http://www.google.com/bot.html)"
66.249.73.132 - - [15/Jul/2025:18:12:18 +0000] "GET /?f=5962751021490&mod=9cecbb6f&uri=shared.php?avsoft.html HTTP/1.1" 200 19375 "-" "Mozilla/5.0 (Linux; Android 6.0.1; Nexus 5X Build/MMB29P) AppleWebKit/537.36 (KHTML, like Gecko) Chrome/137.0.7151.103 Mobile Safari/537.36 (compatible; Googlebot/2.1; +http://www.google.com/bot.html)"
66.249.73.132 - - [15/Jul/2025:18:12:21 +0000] "GET /?f=5962751021490&mod=9cecbb6f&uri=shared.php?shopdetail/3246668 HTTP/1.1" 200 19363 "-" "Mozilla/5.0 (Linux; Android 6.0.1; Nexus 5X Build/MMB29P) AppleWebKit/537.36 (KHTML, like Gecko) Chrome/137.0.7151.103 Mobile Safari/537.36 (compatible; Googlebot/2.1; +http://www.google.com/bot.html)"
66.249.73.132 - - [15/Jul/2025:18:12:29 +0000] "GET /?f=5962751021490&mod=9cecbb6f&uri=shared.php?shopdetail/3285168 HTTP/1.1" 200 18937 "-" "Mozilla/5.0 (Linux; Android 6.0.1; Nexus 5X Build/MMB29P) AppleWebKit/537.36 (KHTML, like Gecko) Chrome/137.0.7151.103 Mobile Safari/537.36 (compatible; Googlebot/2.1; +http://www.google.com/bot.html)"
66.249.73.132 - - [15/Jul/2025:18:12:29 +0000] "POST /get-message-notify HTTP/1.1" 200 17998 "https://onlycnc.com.au/?f=32131284131490&mod=28fda3e1&uri=us.php%3Fid%3D1072428-102%26name%3Dploprof+titanium" "Mozilla/5.0 (Linux; Android 6.0.1; Nexus 5X Build/MMB29P) AppleWebKit/537.36 (KHTML, like Gecko) Chrome/137.0.7151.119 Mobile Safari/537.36 (compatible; Googlebot/2.1; +http://www.google.com/bot.html)"
66.249.73.132 - - [15/Jul/2025:18:12:31 +0000] "GET /?f=5962751021490&mod=9cecbb6f&uri=shared.php?shopdetail/3269872 HTTP/1.1" 200 18824 "-" "Mozilla/5.0 (Linux; Android 6.0.1; Nexus 5X Build/MMB29P) AppleWebKit/537.36 (KHTML, like Gecko) Chrome/137.0.7151.103 Mobile Safari/537.36 (compatible; Googlebot/2.1; +http://www.google.com/bot.html)"
66.249.73.132 - - [15/Jul/2025:18:12:36 +0000] "GET /?f=5962751021490&mod=9cecbb6f&uri=shared.php?feature/utsunomiya/index.html HTTP/1.1" 200 19509 "-" "Mozilla/5.0 (Linux; Android 6.0.1; Nexus 5X Build/MMB29P) AppleWebKit/537.36 (KHTML, like Gecko) Chrome/137.0.7151.103 Mobile Safari/537.36 (compatible; Googlebot/2.1; +http://www.google.com/bot.html)"
66.249.73.132 - - [15/Jul/2025:18:12:41 +0000] "GET /?f=5962751021490&mod=9cecbb6f&uri=shared.php?shopdetail/3282848 HTTP/1.1" 200 19483 "-" "Mozilla/5.0 (Linux; Android 6.0.1; Nexus 5X Build/MMB29P) AppleWebKit/537.36 (KHTML, like Gecko) Chrome/137.0.7151.103 Mobile Safari/537.36 (compatible; Googlebot/2.1; +http://www.google.com/bot.html)"
66.249.73.132 - - [15/Jul/2025:18:12:43 +0000] "GET /?f=16771100101490&mod=2963adf1&uri=product.php?shopdetail/3316016 HTTP/1.1" 200 19158 "-" "Mozilla/5.0 (Linux; Android 6.0.1; Nexus 5X Build/MMB29P) AppleWebKit/537.36 (KHTML, like Gecko) Chrome/137.0.7151.103 Mobile Safari/537.36 (compatible; Googlebot/2.1; +http://www.google.com/bot.html)"
66.249.73.132 - - [15/Jul/2025:18:12:43 +0000] "POST /get-message-notify HTTP/1.1" 200 17998 "https://onlycnc.com.au/?f=5962751021490&mod=9cecbb6f&uri=shared.php?shopdetail/3285168" "Mozilla/5.0 (Linux; Android 6.0.1; Nexus 5X Build/MMB29P) AppleWebKit/537.36 (KHTML, like Gecko) Chrome/137.0.7151.119 Mobile Safari/537.36 (compatible; Googlebot/2.1; +http://www.google.com/bot.html)"
66.249.73.128 - - [15/Jul/2025:18:12:49 +0000] "GET /?f=5962751021490&mod=9cecbb6f&uri=shared.php?feature/shoplist/index.html HTTP/1.1" 200 19669 "-" "Mozilla/5.0 (Linux; Android 6.0.1; Nexus 5X Build/MMB29P) AppleWebKit/537.36 (KHTML, like Gecko) Chrome/137.0.7151.103 Mobile Safari/537.36 (compatible; Googlebot/2.1; +http://www.google.com/bot.html)"
66.249.73.132 - - [15/Jul/2025:18:12:52 +0000] "GET /?f=5962751021490&mod=9cecbb6f&uri=shared.php?shopdetail/3268516 HTTP/1.1" 200 19267 "-" "Mozilla/5.0 (Linux; Android 6.0.1; Nexus 5X Build/MMB29P) AppleWebKit/537.36 (KHTML, like Gecko) Chrome/137.0.7151.103 Mobile Safari/537.36 (compatible; Googlebot/2.1; +http://www.google.com/bot.html)"
216.73.216.76 - - [15/Jul/2025:18:12:55 +0000] "GET /shopdetail/33297200 HTTP/1.1" 404 13147 "-" "Mozilla/5.0 AppleWebKit/537.36 (KHTML, like Gecko; compatible; ClaudeBot/1.0; [email protected])"
216.73.216.76 - - [15/Jul/2025:18:12:58 +0000] "GET /shopdetail/33335828 HTTP/1.1" 404 13147 "-" "Mozilla/5.0 AppleWebKit/537.36 (KHTML, like Gecko; compatible; ClaudeBot/1.0; [email protected])"
216.73.216.76 - - [15/Jul/2025:18:13:01 +0000] "GET /shopdetail/154140684 HTTP/1.1" 404 13147 "-" "Mozilla/5.0 AppleWebKit/537.36 (KHTML, like Gecko; compatible; ClaudeBot/1.0; [email protected])"
216.73.216.76 - - [15/Jul/2025:18:13:04 +0000] "GET /shopdetail/153738160 HTTP/1.1" 404 13147 "-" "Mozilla/5.0 AppleWebKit/537.36 (KHTML, like Gecko; compatible; ClaudeBot/1.0; [email protected])"
216.73.216.76 - - [15/Jul/2025:18:13:07 +0000] "GET /shopdetail/153502424 HTTP/1.1" 404 13147 "-" "Mozilla/5.0 AppleWebKit/537.36 (KHTML, like Gecko; compatible; ClaudeBot/1.0; [email protected])"
216.73.216.76 - - [15/Jul/2025:18:13:10 +0000] "GET /shopdetail/33988412 HTTP/1.1" 404 13147 "-" "Mozilla/5.0 AppleWebKit/537.36 (KHTML, like Gecko; compatible; ClaudeBot/1.0; [email protected])"
216.73.216.76 - - [15/Jul/2025:18:13:13 +0000] "GET /shopdetail/153366884 HTTP/1.1" 404 13147 "-" "Mozilla/5.0 AppleWebKit/537.36 (KHTML, like Gecko; compatible; ClaudeBot/1.0; [email protected])"
216.73.216.76 - - [15/Jul/2025:18:13:16 +0000] "GET /shopdetail/33817520 HTTP/1.1" 404 13147 "-" "Mozilla/5.0 AppleWebKit/537.36 (KHTML, like Gecko; compatible; ClaudeBot/1.0; [email protected])"
216.73.216.76 - - [15/Jul/2025:18:13:19 +0000] "GET /shopdetail/153361160 HTTP/1.1" 404 13147 "-" "Mozilla/5.0 AppleWebKit/537.36 (KHTML, like Gecko; compatible; ClaudeBot/1.0; [email protected])"
92.112.180.148 - - [15/Jul/2025:18:13:21 +0000] "GET /?f=31755434111490&mod=ab88830c&uri=us.php%3Fid%3D1059884-462%26name%3Dxbox+live+gold+monthly+price HTTP/1.1" 301 - "-" "Mozilla/5.0 (Macintosh; Intel Mac OS X 10_15_7) AppleWebKit/537.36 (KHTML, like Gecko) Chrome/98.0.4758.141 YaBrowser/22.3.3.865 Yowser/2.5 Safari/537.36"
92.112.180.148 - - [15/Jul/2025:18:13:22 +0000] "GET /?f=31755434111490&mod=ab88830c&uri=us.php%3Fid%3D1059884-462%26name%3Dxbox%20live%20gold%20monthly%20price HTTP/1.1" 200 21189 "https://onlycnc.com.au/?f=31755434111490&mod=ab88830c&uri=us.php%3Fid%3D1059884-462%26name%3Dxbox+live+gold+monthly+price" "Mozilla/5.0 (Macintosh; Intel Mac OS X 10_15_7) AppleWebKit/537.36 (KHTML, like Gecko) Chrome/98.0.4758.141 YaBrowser/22.3.3.865 Yowser/2.5 Safari/537.36"
216.73.216.76 - - [15/Jul/2025:18:13:22 +0000] "GET /shopdetail/153903720 HTTP/1.1" 404 13147 "-" "Mozilla/5.0 AppleWebKit/537.36 (KHTML, like Gecko; compatible; ClaudeBot/1.0; [email protected])"
