66.249.73.128 - - [15/Jul/2025:15:35:43 +0000] "GET /?f=9990369051490&mod=676207dd&uri=article.php?shopdetail/3254320 HTTP/1.1" 200 18847 "-" "Mozilla/5.0 (Linux; Android 6.0.1; Nexus 5X Build/MMB29P) AppleWebKit/537.36 (KHTML, like Gecko) Chrome/137.0.7151.103 Mobile Safari/537.36 (compatible; Googlebot/2.1; +http://www.google.com/bot.html)"
66.249.73.132 - - [15/Jul/2025:15:35:44 +0000] "POST /get-message-notify HTTP/1.1" 200 18000 "https://onlycnc.com.au/?f=9990369051490&mod=676207dd&uri=article.php?shopdetail/3255540" "Mozilla/5.0 (Linux; Android 6.0.1; Nexus 5X Build/MMB29P) AppleWebKit/537.36 (KHTML, like Gecko) Chrome/137.0.7151.119 Mobile Safari/537.36 (compatible; Googlebot/2.1; +http://www.google.com/bot.html)"
66.249.73.128 - - [15/Jul/2025:15:35:45 +0000] "GET /?f=31986317131490&mod=d3036eaa&uri=category-info.php%3Fid%3D1067587-208%26name%3Dnikon+full+hd+camera HTTP/1.1" 200 19017 "-" "Mozilla/5.0 (Linux; Android 6.0.1; Nexus 5X Build/MMB29P) AppleWebKit/537.36 (KHTML, like Gecko) Chrome/137.0.7151.103 Mobile Safari/537.36 (compatible; GoogleOther)"
66.249.73.132 - - [15/Jul/2025:15:35:46 +0000] "GET /?f=9990369051490&mod=676207dd&uri=article.php?shopdetail/3247632 HTTP/1.1" 200 18604 "-" "Mozilla/5.0 (Linux; Android 6.0.1; Nexus 5X Build/MMB29P) AppleWebKit/537.36 (KHTML, like Gecko) Chrome/137.0.7151.103 Mobile Safari/537.36 (compatible; Googlebot/2.1; +http://www.google.com/bot.html)"
66.249.73.132 - - [15/Jul/2025:15:35:52 +0000] "GET /?f=9990369051490&mod=676207dd&uri=article.php?product_archives HTTP/1.1" 200 18709 "-" "Mozilla/5.0 (Linux; Android 6.0.1; Nexus 5X Build/MMB29P) AppleWebKit/537.36 (KHTML, like Gecko) Chrome/137.0.7151.103 Mobile Safari/537.36 (compatible; Googlebot/2.1; +http://www.google.com/bot.html)"
66.249.73.132 - - [15/Jul/2025:15:35:52 +0000] "POST /get-message-notify HTTP/1.1" 200 18000 "https://onlycnc.com.au/?f=9990369051490&mod=676207dd&uri=article.php?shopdetail/3247632" "Mozilla/5.0 (Linux; Android 6.0.1; Nexus 5X Build/MMB29P) AppleWebKit/537.36 (KHTML, like Gecko) Chrome/137.0.7151.119 Mobile Safari/537.36 (compatible; Googlebot/2.1; +http://www.google.com/bot.html)"
66.249.73.128 - - [15/Jul/2025:15:35:56 +0000] "GET /?f=9990369051490&mod=676207dd&uri=article.php?feature/utsunomiya/index.html HTTP/1.1" 200 19509 "-" "Mozilla/5.0 (Linux; Android 6.0.1; Nexus 5X Build/MMB29P) AppleWebKit/537.36 (KHTML, like Gecko) Chrome/137.0.7151.103 Mobile Safari/537.36 (compatible; Googlebot/2.1; +http://www.google.com/bot.html)"
66.249.73.128 - - [15/Jul/2025:15:35:57 +0000] "GET /?f=9990369051490&mod=676207dd&uri=article.php?recruit HTTP/1.1" 200 19308 "-" "Mozilla/5.0 (Linux; Android 6.0.1; Nexus 5X Build/MMB29P) AppleWebKit/537.36 (KHTML, like Gecko) Chrome/137.0.7151.103 Mobile Safari/537.36 (compatible; Googlebot/2.1; +http://www.google.com/bot.html)"
66.249.73.128 - - [15/Jul/2025:15:35:59 +0000] "GET /?f=54303804041490&mod=77bea4fd&uri=article.php?shopdetail/4728196 HTTP/1.1" 200 18424 "-" "Mozilla/5.0 (Linux; Android 6.0.1; Nexus 5X Build/MMB29P) AppleWebKit/537.36 (KHTML, like Gecko) Chrome/137.0.7151.103 Mobile Safari/537.36 (compatible; Googlebot/2.1; +http://www.google.com/bot.html)"
66.249.73.129 - - [15/Jul/2025:15:36:02 +0000] "GET /?f=6121025011490&mod=d3036eaa&uri=pin.php?pcmypage HTTP/1.1" 200 19474 "-" "Mozilla/5.0 (Linux; Android 6.0.1; Nexus 5X Build/MMB29P) AppleWebKit/537.36 (KHTML, like Gecko) Chrome/137.0.7151.103 Mobile Safari/537.36 (compatible; Googlebot/2.1; +http://www.google.com/bot.html)"
66.249.73.128 - - [15/Jul/2025:15:36:03 +0000] "POST /get-message-notify HTTP/1.1" 200 18000 "https://onlycnc.com.au/?f=54303804041490&mod=77bea4fd&uri=article.php?shopdetail/4728196" "Mozilla/5.0 (Linux; Android 6.0.1; Nexus 5X Build/MMB29P) AppleWebKit/537.36 (KHTML, like Gecko) Chrome/137.0.7151.119 Mobile Safari/537.36 (compatible; Googlebot/2.1; +http://www.google.com/bot.html)"
66.249.73.129 - - [15/Jul/2025:15:36:05 +0000] "GET /?f=6121025011490&mod=d3036eaa&uri=pin.php?shopdetail/3321476 HTTP/1.1" 200 18423 "-" "Mozilla/5.0 (Linux; Android 6.0.1; Nexus 5X Build/MMB29P) AppleWebKit/537.36 (KHTML, like Gecko) Chrome/137.0.7151.103 Mobile Safari/537.36 (compatible; Googlebot/2.1; +http://www.google.com/bot.html)"
216.73.216.76 - - [15/Jul/2025:15:36:10 +0000] "GET /shopdetail/153769144 HTTP/1.1" 404 13147 "-" "Mozilla/5.0 AppleWebKit/537.36 (KHTML, like Gecko; compatible; ClaudeBot/1.0; [email protected])"
216.73.216.76 - - [15/Jul/2025:15:36:14 +0000] "GET /shopdetail/33483644 HTTP/1.1" 404 13147 "-" "Mozilla/5.0 AppleWebKit/537.36 (KHTML, like Gecko; compatible; ClaudeBot/1.0; [email protected])"
216.73.216.76 - - [15/Jul/2025:15:36:16 +0000] "GET /shopdetail/33416360 HTTP/1.1" 404 13147 "-" "Mozilla/5.0 AppleWebKit/537.36 (KHTML, like Gecko; compatible; ClaudeBot/1.0; [email protected])"
66.249.73.132 - - [15/Jul/2025:15:36:17 +0000] "POST /get-message-notify HTTP/1.1" 200 18000 "https://onlycnc.com.au/?f=9990369051490&mod=676207dd&uri=article.php?feature/utsunomiya/index.html" "Mozilla/5.0 (Linux; Android 6.0.1; Nexus 5X Build/MMB29P) AppleWebKit/537.36 (KHTML, like Gecko) Chrome/137.0.7151.119 Mobile Safari/537.36 (compatible; Googlebot/2.1; +http://www.google.com/bot.html)"
66.249.73.128 - - [15/Jul/2025:15:36:18 +0000] "POST /get-message-notify HTTP/1.1" 200 18000 "https://onlycnc.com.au/?f=9990369051490&mod=676207dd&uri=article.php?product_archives" "Mozilla/5.0 (Linux; Android 6.0.1; Nexus 5X Build/MMB29P) AppleWebKit/537.36 (KHTML, like Gecko) Chrome/137.0.7151.119 Mobile Safari/537.36 (compatible; Googlebot/2.1; +http://www.google.com/bot.html)"
216.73.216.76 - - [15/Jul/2025:15:36:19 +0000] "GET /shopdetail/153996400 HTTP/1.1" 404 13147 "-" "Mozilla/5.0 AppleWebKit/537.36 (KHTML, like Gecko; compatible; ClaudeBot/1.0; [email protected])"
66.249.73.128 - - [15/Jul/2025:15:36:20 +0000] "GET /?f=6121025011490&mod=d3036eaa&uri=pin.php?shopdetail/3317236 HTTP/1.1" 200 19161 "-" "Mozilla/5.0 (Linux; Android 6.0.1; Nexus 5X Build/MMB29P) AppleWebKit/537.36 (KHTML, like Gecko) Chrome/137.0.7151.103 Mobile Safari/537.36 (compatible; Googlebot/2.1; +http://www.google.com/bot.html)"
66.249.73.128 - - [15/Jul/2025:15:36:20 +0000] "GET /?f=6121025011490&mod=d3036eaa&uri=pin.php?shopdetail/3303868 HTTP/1.1" 200 19595 "-" "Mozilla/5.0 (Linux; Android 6.0.1; Nexus 5X Build/MMB29P) AppleWebKit/537.36 (KHTML, like Gecko) Chrome/137.0.7151.103 Mobile Safari/537.36 (compatible; Googlebot/2.1; +http://www.google.com/bot.html)"
216.73.216.76 - - [15/Jul/2025:15:36:22 +0000] "GET /shopdetail/33864056 HTTP/1.1" 404 13147 "-" "Mozilla/5.0 AppleWebKit/537.36 (KHTML, like Gecko; compatible; ClaudeBot/1.0; [email protected])"
66.249.73.132 - - [15/Jul/2025:15:36:25 +0000] "POST /get-message-notify HTTP/1.1" 200 18000 "https://onlycnc.com.au/?f=6121025011490&mod=d3036eaa&uri=pin.php?shopdetail/3303868" "Mozilla/5.0 (Linux; Android 6.0.1; Nexus 5X Build/MMB29P) AppleWebKit/537.36 (KHTML, like Gecko) Chrome/137.0.7151.119 Mobile Safari/537.36 (compatible; Googlebot/2.1; +http://www.google.com/bot.html)"
216.73.216.76 - - [15/Jul/2025:15:36:25 +0000] "GET /shopdetail/33361344 HTTP/1.1" 404 13147 "-" "Mozilla/5.0 AppleWebKit/537.36 (KHTML, like Gecko; compatible; ClaudeBot/1.0; [email protected])"
66.249.73.132 - - [15/Jul/2025:15:36:26 +0000] "GET /?f=6121025011490&mod=d3036eaa&uri=pin.php?shopdetail/3315052 HTTP/1.1" 200 18638 "-" "Mozilla/5.0 (Linux; Android 6.0.1; Nexus 5X Build/MMB29P) AppleWebKit/537.36 (KHTML, like Gecko) Chrome/137.0.7151.103 Mobile Safari/537.36 (compatible; Googlebot/2.1; +http://www.google.com/bot.html)"
66.249.73.132 - - [15/Jul/2025:15:36:27 +0000] "GET /?f=6121025011490&mod=d3036eaa&uri=pin.php?cd.html HTTP/1.1" 200 18821 "-" "Mozilla/5.0 (Linux; Android 6.0.1; Nexus 5X Build/MMB29P) AppleWebKit/537.36 (KHTML, like Gecko) Chrome/137.0.7151.103 Mobile Safari/537.36 (compatible; Googlebot/2.1; +http://www.google.com/bot.html)"
216.73.216.76 - - [15/Jul/2025:15:36:28 +0000] "GET /shopdetail/153489056 HTTP/1.1" 404 13147 "-" "Mozilla/5.0 AppleWebKit/537.36 (KHTML, like Gecko; compatible; ClaudeBot/1.0; [email protected])"
66.249.73.132 - - [15/Jul/2025:15:36:30 +0000] "POST /get-message-notify HTTP/1.1" 200 18000 "https://onlycnc.com.au/?f=98052408051490&mod=adc3548f&uri=info.php?shopdetail/61126672" "Mozilla/5.0 (Linux; Android 6.0.1; Nexus 5X Build/MMB29P) AppleWebKit/537.36 (KHTML, like Gecko) Chrome/137.0.7151.119 Mobile Safari/537.36 (compatible; Googlebot/2.1; +http://www.google.com/bot.html)"
66.249.73.132 - - [15/Jul/2025:15:36:31 +0000] "GET /?f=6121025011490&mod=d3036eaa&uri=pin.php?shopdetail/3325844 HTTP/1.1" 200 19120 "-" "Mozilla/5.0 (Linux; Android 6.0.1; Nexus 5X Build/MMB29P) AppleWebKit/537.36 (KHTML, like Gecko) Chrome/137.0.7151.103 Mobile Safari/537.36 (compatible; Googlebot/2.1; +http://www.google.com/bot.html)"
216.73.216.76 - - [15/Jul/2025:15:36:31 +0000] "GET /shopdetail/153528904 HTTP/1.1" 404 13147 "-" "Mozilla/5.0 AppleWebKit/537.36 (KHTML, like Gecko; compatible; ClaudeBot/1.0; [email protected])"
216.73.216.76 - - [15/Jul/2025:15:36:34 +0000] "GET /shopdetail/153763676 HTTP/1.1" 404 13147 "-" "Mozilla/5.0 AppleWebKit/537.36 (KHTML, like Gecko; compatible; ClaudeBot/1.0; [email protected])"
216.73.216.76 - - [15/Jul/2025:15:36:37 +0000] "GET /shopdetail/153947680 HTTP/1.1" 404 13147 "-" "Mozilla/5.0 AppleWebKit/537.36 (KHTML, like Gecko; compatible; ClaudeBot/1.0; [email protected])"
66.249.73.132 - - [15/Jul/2025:15:36:37 +0000] "GET /?f=6121025011490&mod=d3036eaa&uri=pin.php?shopdetail/3318200 HTTP/1.1" 200 18144 "-" "Mozilla/5.0 (Linux; Android 6.0.1; Nexus 5X Build/MMB29P) AppleWebKit/537.36 (KHTML, like Gecko) Chrome/137.0.7151.103 Mobile Safari/537.36 (compatible; Googlebot/2.1; +http://www.google.com/bot.html)"
66.249.73.132 - - [15/Jul/2025:15:36:37 +0000] "GET /?f=6150485081490&mod=fc09bc72&uri=shared.php%3Fid%3D205384-351%26name%3Ddior+b22+solde HTTP/1.1" 200 18995 "-" "Mozilla/5.0 (Linux; Android 6.0.1; Nexus 5X Build/MMB29P) AppleWebKit/537.36 (KHTML, like Gecko) Chrome/137.0.7151.103 Mobile Safari/537.36 (compatible; Googlebot/2.1; +http://www.google.com/bot.html)"
216.73.216.76 - - [15/Jul/2025:15:36:40 +0000] "GET /shopdetail/33796636 HTTP/1.1" 404 13147 "-" "Mozilla/5.0 AppleWebKit/537.36 (KHTML, like Gecko; compatible; ClaudeBot/1.0; [email protected])"
66.249.73.132 - - [15/Jul/2025:15:36:43 +0000] "GET /?f=6121025011490&mod=d3036eaa&uri=pin.php?shopdetail/3307144 HTTP/1.1" 200 19335 "-" "Mozilla/5.0 (Linux; Android 6.0.1; Nexus 5X Build/MMB29P) AppleWebKit/537.36 (KHTML, like Gecko) Chrome/137.0.7151.103 Mobile Safari/537.36 (compatible; Googlebot/2.1; +http://www.google.com/bot.html)"
216.73.216.76 - - [15/Jul/2025:15:36:43 +0000] "GET /shopdetail/153880652 HTTP/1.1" 404 13147 "-" "Mozilla/5.0 AppleWebKit/537.36 (KHTML, like Gecko; compatible; ClaudeBot/1.0; [email protected])"
66.249.73.132 - - [15/Jul/2025:15:36:43 +0000] "GET /?f=54673458051490&mod=e939d0b7&uri=brands.php?shopdetail/3245448 HTTP/1.1" 200 18788 "-" "Mozilla/5.0 (Linux; Android 6.0.1; Nexus 5X Build/MMB29P) AppleWebKit/537.36 (KHTML, like Gecko) Chrome/137.0.7151.103 Mobile Safari/537.36 (compatible; Googlebot/2.1; +http://www.google.com/bot.html)"
66.249.73.132 - - [15/Jul/2025:15:36:44 +0000] "GET /?f=6121025011490&mod=d3036eaa&uri=pin.php?cargo/detail HTTP/1.1" 200 19388 "-" "Mozilla/5.0 (Linux; Android 6.0.1; Nexus 5X Build/MMB29P) AppleWebKit/537.36 (KHTML, like Gecko) Chrome/137.0.7151.103 Mobile Safari/537.36 (compatible; Googlebot/2.1; +http://www.google.com/bot.html)"
66.249.73.132 - - [15/Jul/2025:15:36:44 +0000] "GET /?f=6121025011490&mod=d3036eaa&uri=pin.php?man/kaitori/kaitoritop.html HTTP/1.1" 200 18866 "-" "Mozilla/5.0 (Linux; Android 6.0.1; Nexus 5X Build/MMB29P) AppleWebKit/537.36 (KHTML, like Gecko) Chrome/137.0.7151.103 Mobile Safari/537.36 (compatible; Googlebot/2.1; +http://www.google.com/bot.html)"
216.73.216.76 - - [15/Jul/2025:15:36:46 +0000] "GET /shopdetail/33578380 HTTP/1.1" 404 13147 "-" "Mozilla/5.0 AppleWebKit/537.36 (KHTML, like Gecko; compatible; ClaudeBot/1.0; [email protected])"
66.249.73.132 - - [15/Jul/2025:15:36:47 +0000] "GET /?f=6121025011490&mod=d3036eaa&uri=pin.php?avsoft.html HTTP/1.1" 200 19367 "-" "Mozilla/5.0 (Linux; Android 6.0.1; Nexus 5X Build/MMB29P) AppleWebKit/537.36 (KHTML, like Gecko) Chrome/137.0.7151.103 Mobile Safari/537.36 (compatible; Googlebot/2.1; +http://www.google.com/bot.html)"
66.249.73.128 - - [15/Jul/2025:15:36:49 +0000] "GET /?f=6121025011490&mod=d3036eaa&uri=pin.php?shopdetail/3319420 HTTP/1.1" 200 18853 "-" "Mozilla/5.0 (Linux; Android 6.0.1; Nexus 5X Build/MMB29P) AppleWebKit/537.36 (KHTML, like Gecko) Chrome/137.0.7151.103 Mobile Safari/537.36 (compatible; Googlebot/2.1; +http://www.google.com/bot.html)"
216.73.216.76 - - [15/Jul/2025:15:36:49 +0000] "GET /shopdetail/33465908 HTTP/1.1" 404 13147 "-" "Mozilla/5.0 AppleWebKit/537.36 (KHTML, like Gecko; compatible; ClaudeBot/1.0; [email protected])"
66.249.73.128 - - [15/Jul/2025:15:36:50 +0000] "GET /?f=6121025011490&mod=d3036eaa&uri=pin.php?shopdetail/3316016 HTTP/1.1" 200 19146 "-" "Mozilla/5.0 (Linux; Android 6.0.1; Nexus 5X Build/MMB29P) AppleWebKit/537.36 (KHTML, like Gecko) Chrome/137.0.7151.103 Mobile Safari/537.36 (compatible; Googlebot/2.1; +http://www.google.com/bot.html)"
216.73.216.76 - - [15/Jul/2025:15:36:52 +0000] "GET /shopdetail/153988492 HTTP/1.1" 404 13147 "-" "Mozilla/5.0 AppleWebKit/537.36 (KHTML, like Gecko; compatible; ClaudeBot/1.0; [email protected])"
66.249.73.128 - - [15/Jul/2025:15:36:52 +0000] "GET /?f=6121025011490&mod=d3036eaa&uri=pin.php?feature/idol/gradol.html HTTP/1.1" 200 19359 "-" "Mozilla/5.0 (Linux; Android 6.0.1; Nexus 5X Build/MMB29P) AppleWebKit/537.36 (KHTML, like Gecko) Chrome/137.0.7151.103 Mobile Safari/537.36 (compatible; Googlebot/2.1; +http://www.google.com/bot.html)"
216.73.216.76 - - [15/Jul/2025:15:36:55 +0000] "GET /shopdetail/33268536 HTTP/1.1" 404 13147 "-" "Mozilla/5.0 AppleWebKit/537.36 (KHTML, like Gecko; compatible; ClaudeBot/1.0; [email protected])"
66.249.73.128 - - [15/Jul/2025:15:36:58 +0000] "GET /?f=6121025011490&mod=d3036eaa&uri=pin.php?shopdetail/3320512 HTTP/1.1" 200 18793 "-" "Mozilla/5.0 (Linux; Android 6.0.1; Nexus 5X Build/MMB29P) AppleWebKit/537.36 (KHTML, like Gecko) Chrome/137.0.7151.103 Mobile Safari/537.36 (compatible; Googlebot/2.1; +http://www.google.com/bot.html)"
66.249.73.132 - - [15/Jul/2025:15:37:01 +0000] "POST /get-message-notify HTTP/1.1" 200 18000 "https://onlycnc.com.au/?f=6121025011490&mod=d3036eaa&uri=pin.php?shopdetail/3320512" "Mozilla/5.0 (Linux; Android 6.0.1; Nexus 5X Build/MMB29P) AppleWebKit/537.36 (KHTML, like Gecko) Chrome/137.0.7151.119 Mobile Safari/537.36 (compatible; Googlebot/2.1; +http://www.google.com/bot.html)"
66.249.73.132 - - [15/Jul/2025:15:37:03 +0000] "GET /?f=65468629051490&mod=4367fac1&uri=brands.php%3Fid%3D2184734-287%26name%3Dcompact+tripod+for+travel HTTP/1.1" 200 19006 "-" "Mozilla/5.0 (Linux; Android 6.0.1; Nexus 5X Build/MMB29P) AppleWebKit/537.36 (KHTML, like Gecko) Chrome/137.0.7151.103 Mobile Safari/537.36 (compatible; GoogleOther)"
66.249.73.132 - - [15/Jul/2025:15:37:09 +0000] "GET /?f=6121025011490&mod=d3036eaa&uri=pin.php?shopdetail/3323660 HTTP/1.1" 200 18294 "-" "Mozilla/5.0 (Linux; Android 6.0.1; Nexus 5X Build/MMB29P) AppleWebKit/537.36 (KHTML, like Gecko) Chrome/137.0.7151.103 Mobile Safari/537.36 (compatible; Googlebot/2.1; +http://www.google.com/bot.html)"
66.249.73.132 - - [15/Jul/2025:15:37:11 +0000] "GET /?f=6121025011490&mod=d3036eaa&uri=pin.php?shopdetail/3322696 HTTP/1.1" 200 18924 "-" "Mozilla/5.0 (Linux; Android 6.0.1; Nexus 5X Build/MMB29P) AppleWebKit/537.36 (KHTML, like Gecko) Chrome/137.0.7151.103 Mobile Safari/537.36 (compatible; Googlebot/2.1; +http://www.google.com/bot.html)"
66.249.73.132 - - [15/Jul/2025:15:37:17 +0000] "GET /?f=6121025011490&mod=d3036eaa&uri=pin.php?shopdetail/3313832 HTTP/1.1" 200 18802 "-" "Mozilla/5.0 (Linux; Android 6.0.1; Nexus 5X Build/MMB29P) AppleWebKit/537.36 (KHTML, like Gecko) Chrome/137.0.7151.103 Mobile Safari/537.36 (compatible; Googlebot/2.1; +http://www.google.com/bot.html)"
66.249.73.132 - - [15/Jul/2025:15:37:21 +0000] "GET /?f=6121025011490&mod=d3036eaa&uri=pin.php?shopdetail/3311648 HTTP/1.1" 200 18912 "-" "Mozilla/5.0 (Linux; Android 6.0.1; Nexus 5X Build/MMB29P) AppleWebKit/537.36 (KHTML, like Gecko) Chrome/137.0.7151.103 Mobile Safari/537.36 (compatible; Googlebot/2.1; +http://www.google.com/bot.html)"
66.249.73.132 - - [15/Jul/2025:15:37:22 +0000] "GET /?f=6121025011490&mod=d3036eaa&uri=pin.php?shopdetail/3310548 HTTP/1.1" 200 19077 "-" "Mozilla/5.0 (Linux; Android 6.0.1; Nexus 5X Build/MMB29P) AppleWebKit/537.36 (KHTML, like Gecko) Chrome/137.0.7151.103 Mobile Safari/537.36 (compatible; Googlebot/2.1; +http://www.google.com/bot.html)"
66.249.73.132 - - [15/Jul/2025:15:37:24 +0000] "GET /?f=6121025011490&mod=d3036eaa&uri=pin.php?shopdetail/3312868 HTTP/1.1" 200 19227 "-" "Mozilla/5.0 (Linux; Android 6.0.1; Nexus 5X Build/MMB29P) AppleWebKit/537.36 (KHTML, like Gecko) Chrome/137.0.7151.103 Mobile Safari/537.36 (compatible; Googlebot/2.1; +http://www.google.com/bot.html)"
216.73.216.76 - - [15/Jul/2025:15:37:25 +0000] "GET /shopdetail/33874848 HTTP/1.1" 404 13147 "-" "Mozilla/5.0 AppleWebKit/537.36 (KHTML, like Gecko; compatible; ClaudeBot/1.0; [email protected])"
66.249.73.132 - - [15/Jul/2025:15:37:27 +0000] "POST /get-message-notify HTTP/1.1" 200 18000 "https://onlycnc.com.au/?f=6121025011490&mod=d3036eaa&uri=pin.php?shopdetail/3312868" "Mozilla/5.0 (Linux; Android 6.0.1; Nexus 5X Build/MMB29P) AppleWebKit/537.36 (KHTML, like Gecko) Chrome/137.0.7151.119 Mobile Safari/537.36 (compatible; Googlebot/2.1; +http://www.google.com/bot.html)"
216.73.216.76 - - [15/Jul/2025:15:37:27 +0000] "GET /shopdetail/153552108 HTTP/1.1" 404 13147 "-" "Mozilla/5.0 AppleWebKit/537.36 (KHTML, like Gecko; compatible; ClaudeBot/1.0; [email protected])"
216.73.216.76 - - [15/Jul/2025:15:37:30 +0000] "GET /shopdetail/153527684 HTTP/1.1" 404 13147 "-" "Mozilla/5.0 AppleWebKit/537.36 (KHTML, like Gecko; compatible; ClaudeBot/1.0; [email protected])"
66.249.73.132 - - [15/Jul/2025:15:37:31 +0000] "POST /get-message-notify HTTP/1.1" 200 18000 "https://onlycnc.com.au/?f=6121025011490&mod=d3036eaa&uri=pin.php?shopdetail/3311648" "Mozilla/5.0 (Linux; Android 6.0.1; Nexus 5X Build/MMB29P) AppleWebKit/537.36 (KHTML, like Gecko) Chrome/137.0.7151.119 Mobile Safari/537.36 (compatible; Googlebot/2.1; +http://www.google.com/bot.html)"
66.249.73.132 - - [15/Jul/2025:15:37:33 +0000] "GET /?f=6121025011490&mod=d3036eaa&uri=pin.php?shopdetail/3310684 HTTP/1.1" 200 19222 "-" "Mozilla/5.0 (Linux; Android 6.0.1; Nexus 5X Build/MMB29P) AppleWebKit/537.36 (KHTML, like Gecko) Chrome/137.0.7151.103 Mobile Safari/537.36 (compatible; Googlebot/2.1; +http://www.google.com/bot.html)"
66.249.73.132 - - [15/Jul/2025:15:37:34 +0000] "GET /?f=6121025011490&mod=d3036eaa&uri=pin.php?shopdetail/3308364 HTTP/1.1" 200 19241 "-" "Mozilla/5.0 (Linux; Android 6.0.1; Nexus 5X Build/MMB29P) AppleWebKit/537.36 (KHTML, like Gecko) Chrome/137.0.7151.103 Mobile Safari/537.36 (compatible; Googlebot/2.1; +http://www.google.com/bot.html)"
216.73.216.76 - - [15/Jul/2025:15:37:33 +0000] "GET /shopdetail/154095368 HTTP/1.1" 404 13147 "-" "Mozilla/5.0 AppleWebKit/537.36 (KHTML, like Gecko; compatible; ClaudeBot/1.0; [email protected])"
216.73.216.76 - - [15/Jul/2025:15:37:36 +0000] "GET /shopdetail/153519904 HTTP/1.1" 404 13147 "-" "Mozilla/5.0 AppleWebKit/537.36 (KHTML, like Gecko; compatible; ClaudeBot/1.0; [email protected])"
66.249.73.132 - - [15/Jul/2025:15:37:37 +0000] "POST /get-message-notify HTTP/1.1" 200 18000 "https://onlycnc.com.au/?f=6121025011490&mod=d3036eaa&uri=pin.php?shopdetail/3308364" "Mozilla/5.0 (Linux; Android 6.0.1; Nexus 5X Build/MMB29P) AppleWebKit/537.36 (KHTML, like Gecko) Chrome/137.0.7151.119 Mobile Safari/537.36 (compatible; Googlebot/2.1; +http://www.google.com/bot.html)"
66.249.73.132 - - [15/Jul/2025:15:37:38 +0000] "POST /get-message-notify HTTP/1.1" 200 18000 "https://onlycnc.com.au/?f=6150485081490&mod=fc09bc72&uri=shared.php%3Fid%3D205384-351%26name%3Ddior+b22+solde" "Mozilla/5.0 (Linux; Android 6.0.1; Nexus 5X Build/MMB29P) AppleWebKit/537.36 (KHTML, like Gecko) Chrome/137.0.7151.119 Mobile Safari/537.36 (compatible; Googlebot/2.1; +http://www.google.com/bot.html)"
66.249.73.132 - - [15/Jul/2025:15:37:38 +0000] "GET /?f=9990369051490&mod=676207dd&uri=article.php?feature/shoplist/index.html HTTP/1.1" 200 19669 "-" "Mozilla/5.0 (Linux; Android 6.0.1; Nexus 5X Build/MMB29P) AppleWebKit/537.36 (KHTML, like Gecko) Chrome/137.0.7151.103 Mobile Safari/537.36 (compatible; Googlebot/2.1; +http://www.google.com/bot.html)"
216.73.216.76 - - [15/Jul/2025:15:37:39 +0000] "GET /shopdetail/153392144 HTTP/1.1" 404 13147 "-" "Mozilla/5.0 AppleWebKit/537.36 (KHTML, like Gecko; compatible; ClaudeBot/1.0; [email protected])"
216.73.216.76 - - [15/Jul/2025:15:37:42 +0000] "GET /shopdetail/33611412 HTTP/1.1" 404 13147 "-" "Mozilla/5.0 AppleWebKit/537.36 (KHTML, like Gecko; compatible; ClaudeBot/1.0; [email protected])"
66.249.73.128 - - [15/Jul/2025:15:37:43 +0000] "GET /?f=9990369051490&mod=676207dd&uri=article.php?feature/omiya_marui/index.html HTTP/1.1" 200 19515 "-" "Mozilla/5.0 (Linux; Android 6.0.1; Nexus 5X Build/MMB29P) AppleWebKit/537.36 (KHTML, like Gecko) Chrome/137.0.7151.103 Mobile Safari/537.36 (compatible; Googlebot/2.1; +http://www.google.com/bot.html)"
66.249.73.128 - - [15/Jul/2025:15:37:44 +0000] "GET /?f=6121025011490&mod=d3036eaa&uri=pin.php?feature/campaign/index.html HTTP/1.1" 200 19397 "-" "Mozilla/5.0 (Linux; Android 6.0.1; Nexus 5X Build/MMB29P) AppleWebKit/537.36 (KHTML, like Gecko) Chrome/137.0.7151.103 Mobile Safari/537.36 (compatible; Googlebot/2.1; +http://www.google.com/bot.html)"
66.249.73.132 - - [15/Jul/2025:15:37:45 +0000] "POST /get-message-notify HTTP/1.1" 200 18000 "https://onlycnc.com.au/?f=6121025011490&mod=d3036eaa&uri=pin.php?shopdetail/3310548" "Mozilla/5.0 (Linux; Android 6.0.1; Nexus 5X Build/MMB29P) AppleWebKit/537.36 (KHTML, like Gecko) Chrome/137.0.7151.119 Mobile Safari/537.36 (compatible; Googlebot/2.1; +http://www.google.com/bot.html)"
216.73.216.76 - - [15/Jul/2025:15:37:45 +0000] "GET /shopdetail/153813360 HTTP/1.1" 404 13147 "-" "Mozilla/5.0 AppleWebKit/537.36 (KHTML, like Gecko; compatible; ClaudeBot/1.0; [email protected])"
216.73.216.76 - - [15/Jul/2025:15:37:48 +0000] "GET /shopdetail/33404212 HTTP/1.1" 404 13147 "-" "Mozilla/5.0 AppleWebKit/537.36 (KHTML, like Gecko; compatible; ClaudeBot/1.0; [email protected])"
66.249.73.128 - - [15/Jul/2025:15:37:48 +0000] "GET /?f=9990369051490&mod=676207dd&uri=article.php?feature/eposcard/index.html HTTP/1.1" 200 19368 "-" "Mozilla/5.0 (Linux; Android 6.0.1; Nexus 5X Build/MMB29P) AppleWebKit/537.36 (KHTML, like Gecko) Chrome/137.0.7151.103 Mobile Safari/537.36 (compatible; Googlebot/2.1; +http://www.google.com/bot.html)"
66.249.73.128 - - [15/Jul/2025:15:37:50 +0000] "GET /?f=9990369051490&mod=676207dd&uri=article.php?events/ HTTP/1.1" 200 18780 "-" "Mozilla/5.0 (Linux; Android 6.0.1; Nexus 5X Build/MMB29P) AppleWebKit/537.36 (KHTML, like Gecko) Chrome/137.0.7151.103 Mobile Safari/537.36 (compatible; Googlebot/2.1; +http://www.google.com/bot.html)"
216.73.216.76 - - [15/Jul/2025:15:37:51 +0000] "GET /shopdetail/153946716 HTTP/1.1" 404 13147 "-" "Mozilla/5.0 AppleWebKit/537.36 (KHTML, like Gecko; compatible; ClaudeBot/1.0; [email protected])"
66.249.73.132 - - [15/Jul/2025:15:37:52 +0000] "POST /get-message-notify HTTP/1.1" 200 18000 "https://onlycnc.com.au/?f=9990369051490&mod=676207dd&uri=article.php?events/" "Mozilla/5.0 (Linux; Android 6.0.1; Nexus 5X Build/MMB29P) AppleWebKit/537.36 (KHTML, like Gecko) Chrome/137.0.7151.119 Mobile Safari/537.36 (compatible; Googlebot/2.1; +http://www.google.com/bot.html)"
66.249.73.128 - - [15/Jul/2025:15:37:52 +0000] "POST /get-message-notify HTTP/1.1" 200 18000 "https://onlycnc.com.au/?f=6121025011490&mod=d3036eaa&uri=pin.php?feature/idol/gradol.html" "Mozilla/5.0 (Linux; Android 6.0.1; Nexus 5X Build/MMB29P) AppleWebKit/537.36 (KHTML, like Gecko) Chrome/137.0.7151.119 Mobile Safari/537.36 (compatible; Googlebot/2.1; +http://www.google.com/bot.html)"
216.73.216.76 - - [15/Jul/2025:15:37:55 +0000] "GET /shopdetail/153967736 HTTP/1.1" 404 13147 "-" "Mozilla/5.0 AppleWebKit/537.36 (KHTML, like Gecko; compatible; ClaudeBot/1.0; [email protected])"
66.249.73.128 - - [15/Jul/2025:15:37:56 +0000] "GET /?f=9990369051490&mod=676207dd&uri=article.php?shopdetail/3243264 HTTP/1.1" 200 19307 "-" "Mozilla/5.0 (Linux; Android 6.0.1; Nexus 5X Build/MMB29P) AppleWebKit/537.36 (KHTML, like Gecko) Chrome/137.0.7151.103 Mobile Safari/537.36 (compatible; Googlebot/2.1; +http://www.google.com/bot.html)"
216.73.216.76 - - [15/Jul/2025:15:37:57 +0000] "GET /shopdetail/153673316 HTTP/1.1" 404 13147 "-" "Mozilla/5.0 AppleWebKit/537.36 (KHTML, like Gecko; compatible; ClaudeBot/1.0; [email protected])"
66.249.73.128 - - [15/Jul/2025:15:37:58 +0000] "POST /get-message-notify HTTP/1.1" 200 18000 "https://onlycnc.com.au/?f=9990369051490&mod=676207dd&uri=article.php?shopdetail/3243264" "Mozilla/5.0 (Linux; Android 6.0.1; Nexus 5X Build/MMB29P) AppleWebKit/537.36 (KHTML, like Gecko) Chrome/137.0.7151.119 Mobile Safari/537.36 (compatible; Googlebot/2.1; +http://www.google.com/bot.html)"
216.73.216.76 - - [15/Jul/2025:15:38:00 +0000] "GET /shopdetail/33971896 HTTP/1.1" 404 13147 "-" "Mozilla/5.0 AppleWebKit/537.36 (KHTML, like Gecko; compatible; ClaudeBot/1.0; [email protected])"
66.249.73.128 - - [15/Jul/2025:15:38:02 +0000] "GET /?f=9990369051490&mod=676207dd&uri=article.php?man/kaitori/kantan.html HTTP/1.1" 200 19714 "-" "Mozilla/5.0 (Linux; Android 6.0.1; Nexus 5X Build/MMB29P) AppleWebKit/537.36 (KHTML, like Gecko) Chrome/137.0.7151.103 Mobile Safari/537.36 (compatible; Googlebot/2.1; +http://www.google.com/bot.html)"
216.73.216.76 - - [15/Jul/2025:15:38:03 +0000] "GET /shopdetail/33637892 HTTP/1.1" 404 13147 "-" "Mozilla/5.0 AppleWebKit/537.36 (KHTML, like Gecko; compatible; ClaudeBot/1.0; [email protected])"
66.249.73.128 - - [15/Jul/2025:15:38:06 +0000] "GET /?f=9990369051490&mod=676207dd&uri=article.php?product/edit/O3804054459 HTTP/1.1" 200 19345 "-" "Mozilla/5.0 (Linux; Android 6.0.1; Nexus 5X Build/MMB29P) AppleWebKit/537.36 (KHTML, like Gecko) Chrome/137.0.7151.103 Mobile Safari/537.36 (compatible; Googlebot/2.1; +http://www.google.com/bot.html)"
216.73.216.76 - - [15/Jul/2025:15:38:06 +0000] "GET /shopdetail/153776788 HTTP/1.1" 404 13147 "-" "Mozilla/5.0 AppleWebKit/537.36 (KHTML, like Gecko; compatible; ClaudeBot/1.0; [email protected])"
66.249.73.128 - - [15/Jul/2025:15:38:07 +0000] "GET /?f=9990369051490&mod=676207dd&uri=article.php?%3Fid%3D333592-454%26name%3Dnerf+delta+trooper+gun HTTP/1.1" 200 19010 "-" "Mozilla/5.0 (Linux; Android 6.0.1; Nexus 5X Build/MMB29P) AppleWebKit/537.36 (KHTML, like Gecko) Chrome/137.0.7151.103 Mobile Safari/537.36 (compatible; Googlebot/2.1; +http://www.google.com/bot.html)"
216.73.216.76 - - [15/Jul/2025:15:38:09 +0000] "GET /shopdetail/33373364 HTTP/1.1" 404 13147 "-" "Mozilla/5.0 AppleWebKit/537.36 (KHTML, like Gecko; compatible; ClaudeBot/1.0; [email protected])"
66.249.73.132 - - [15/Jul/2025:15:38:11 +0000] "GET /?f=9990369051490&mod=676207dd&uri=article.php?pcmypage/ HTTP/1.1" 200 19481 "-" "Mozilla/5.0 (Linux; Android 6.0.1; Nexus 5X Build/MMB29P) AppleWebKit/537.36 (KHTML, like Gecko) Chrome/137.0.7151.103 Mobile Safari/537.36 (compatible; Googlebot/2.1; +http://www.google.com/bot.html)"
66.249.73.132 - - [15/Jul/2025:15:38:13 +0000] "GET /?f=9990369051490&mod=676207dd&uri=article.php?feature/sale2411-5/index.html HTTP/1.1" 200 18642 "-" "Mozilla/5.0 (Linux; Android 6.0.1; Nexus 5X Build/MMB29P) AppleWebKit/537.36 (KHTML, like Gecko) Chrome/137.0.7151.103 Mobile Safari/537.36 (compatible; Googlebot/2.1; +http://www.google.com/bot.html)"
66.249.73.132 - - [15/Jul/2025:15:38:16 +0000] "GET /?f=9990369051490&mod=676207dd&uri=article.php?man/customer_guide HTTP/1.1" 200 19161 "-" "Mozilla/5.0 (Linux; Android 6.0.1; Nexus 5X Build/MMB29P) AppleWebKit/537.36 (KHTML, like Gecko) Chrome/137.0.7151.103 Mobile Safari/537.36 (compatible; Googlebot/2.1; +http://www.google.com/bot.html)"
66.249.73.132 - - [15/Jul/2025:15:38:18 +0000] "GET /?f=54845695041490&mod=f9beb1e8&uri=search.php%3Fid%3D1830247-37%26name%3Dduffle+bag+sporttasche HTTP/1.1" 200 19001 "-" "Mozilla/5.0 (Linux; Android 6.0.1; Nexus 5X Build/MMB29P) AppleWebKit/537.36 (KHTML, like Gecko) Chrome/137.0.7151.103 Mobile Safari/537.36 (compatible; Googlebot/2.1; +http://www.google.com/bot.html)"
66.249.73.132 - - [15/Jul/2025:15:38:19 +0000] "POST /get-message-notify HTTP/1.1" 200 18000 "https://onlycnc.com.au/?f=9990369051490&mod=676207dd&uri=article.php?man/customer_guide" "Mozilla/5.0 (Linux; Android 6.0.1; Nexus 5X Build/MMB29P) AppleWebKit/537.36 (KHTML, like Gecko) Chrome/137.0.7151.119 Mobile Safari/537.36 (compatible; Googlebot/2.1; +http://www.google.com/bot.html)"
66.249.73.132 - - [15/Jul/2025:15:38:20 +0000] "POST /get-message-notify HTTP/1.1" 200 18000 "https://onlycnc.com.au/?f=9990369051490&mod=676207dd&uri=article.php?product/edit/O3804054459" "Mozilla/5.0 (Linux; Android 6.0.1; Nexus 5X Build/MMB29P) AppleWebKit/537.36 (KHTML, like Gecko) Chrome/137.0.7151.119 Mobile Safari/537.36 (compatible; Googlebot/2.1; +http://www.google.com/bot.html)"
66.249.73.132 - - [15/Jul/2025:15:38:20 +0000] "POST /get-message-notify HTTP/1.1" 200 18000 "https://onlycnc.com.au/?f=54845695041490&mod=f9beb1e8&uri=search.php%3Fid%3D1830247-37%26name%3Dduffle+bag+sporttasche" "Mozilla/5.0 (Linux; Android 6.0.1; Nexus 5X Build/MMB29P) AppleWebKit/537.36 (KHTML, like Gecko) Chrome/137.0.7151.119 Mobile Safari/537.36 (compatible; Googlebot/2.1; +http://www.google.com/bot.html)"
66.249.73.132 - - [15/Jul/2025:15:38:21 +0000] "GET /?f=31989317081490&mod=d3036eaa&uri=info.php%3Fid%3D1067687-208%26name%3Dmeike+extension+tubes+nikon HTTP/1.1" 200 19009 "-" "Mozilla/5.0 (Linux; Android 6.0.1; Nexus 5X Build/MMB29P) AppleWebKit/537.36 (KHTML, like Gecko) Chrome/137.0.7151.103 Mobile Safari/537.36 (compatible; GoogleOther)"
66.249.73.132 - - [15/Jul/2025:15:38:22 +0000] "GET /?f=54845275001490&mod=d48da244&uri=us.php%3Fid%3D1830233-800%26name%3Djersey+camisa+mujer HTTP/1.1" 200 18984 "-" "Mozilla/5.0 (Linux; Android 6.0.1; Nexus 5X Build/MMB29P) AppleWebKit/537.36 (KHTML, like Gecko) Chrome/137.0.7151.103 Mobile Safari/537.36 (compatible; Googlebot/2.1; +http://www.google.com/bot.html)"
66.249.73.132 - - [15/Jul/2025:15:38:28 +0000] "GET /?f=6145085031490&mod=fc09bc72&uri=category-info.php%3Fid%3D205204-351%26name%3Dbasket+montante+dc+shoes HTTP/1.1" 200 19022 "-" "Mozilla/5.0 (Linux; Android 6.0.1; Nexus 5X Build/MMB29P) AppleWebKit/537.36 (KHTML, like Gecko) Chrome/137.0.7151.103 Mobile Safari/537.36 (compatible; Googlebot/2.1; +http://www.google.com/bot.html)"
216.73.216.76 - - [15/Jul/2025:15:38:46 +0000] "GET /shopdetail/153799992 HTTP/1.1" 404 13147 "-" "Mozilla/5.0 AppleWebKit/537.36 (KHTML, like Gecko; compatible; ClaudeBot/1.0; [email protected])"
216.73.216.76 - - [15/Jul/2025:15:38:49 +0000] "GET /shopdetail/153354736 HTTP/1.1" 404 13147 "-" "Mozilla/5.0 AppleWebKit/537.36 (KHTML, like Gecko; compatible; ClaudeBot/1.0; [email protected])"
216.73.216.76 - - [15/Jul/2025:15:38:52 +0000] "GET /shopdetail/33990860 HTTP/1.1" 404 13147 "-" "Mozilla/5.0 AppleWebKit/537.36 (KHTML, like Gecko; compatible; ClaudeBot/1.0; [email protected])"
216.73.216.76 - - [15/Jul/2025:15:38:55 +0000] "GET /shopdetail/33544384 HTTP/1.1" 404 13147 "-" "Mozilla/5.0 AppleWebKit/537.36 (KHTML, like Gecko; compatible; ClaudeBot/1.0; [email protected])"
216.73.216.76 - - [15/Jul/2025:15:38:58 +0000] "GET /shopdetail/33356712 HTTP/1.1" 404 13147 "-" "Mozilla/5.0 AppleWebKit/537.36 (KHTML, like Gecko; compatible; ClaudeBot/1.0; [email protected])"
66.249.73.128 - - [15/Jul/2025:15:39:01 +0000] "POST /get-message-notify HTTP/1.1" 200 18000 "https://onlycnc.com.au/?f=9990369051490&mod=676207dd&uri=article.php?shopdetail/3254184" "Mozilla/5.0 (Linux; Android 6.0.1; Nexus 5X Build/MMB29P) AppleWebKit/537.36 (KHTML, like Gecko) Chrome/137.0.7151.119 Mobile Safari/537.36 (compatible; Googlebot/2.1; +http://www.google.com/bot.html)"
216.73.216.76 - - [15/Jul/2025:15:39:01 +0000] "GET /shopdetail/153415212 HTTP/1.1" 404 13147 "-" "Mozilla/5.0 AppleWebKit/537.36 (KHTML, like Gecko; compatible; ClaudeBot/1.0; [email protected])"
216.73.216.76 - - [15/Jul/2025:15:39:04 +0000] "GET /shopdetail/153649020 HTTP/1.1" 404 13147 "-" "Mozilla/5.0 AppleWebKit/537.36 (KHTML, like Gecko; compatible; ClaudeBot/1.0; [email protected])"
216.73.216.76 - - [15/Jul/2025:15:39:07 +0000] "GET /shopdetail/154033672 HTTP/1.1" 404 13147 "-" "Mozilla/5.0 AppleWebKit/537.36 (KHTML, like Gecko; compatible; ClaudeBot/1.0; [email protected])"
216.73.216.76 - - [15/Jul/2025:15:39:10 +0000] "GET /shopdetail/153602620 HTTP/1.1" 404 13147 "-" "Mozilla/5.0 AppleWebKit/537.36 (KHTML, like Gecko; compatible; ClaudeBot/1.0; [email protected])"
216.73.216.76 - - [15/Jul/2025:15:39:13 +0000] "GET /shopdetail/33752676 HTTP/1.1" 404 13147 "-" "Mozilla/5.0 AppleWebKit/537.36 (KHTML, like Gecko; compatible; ClaudeBot/1.0; [email protected])"
216.73.216.76 - - [15/Jul/2025:15:39:16 +0000] "GET /shopdetail/33647984 HTTP/1.1" 404 13147 "-" "Mozilla/5.0 AppleWebKit/537.36 (KHTML, like Gecko; compatible; ClaudeBot/1.0; [email protected])"
216.73.216.76 - - [15/Jul/2025:15:39:19 +0000] "GET /shopdetail/153926796 HTTP/1.1" 404 13147 "-" "Mozilla/5.0 AppleWebKit/537.36 (KHTML, like Gecko; compatible; ClaudeBot/1.0; [email protected])"
216.73.216.76 - - [15/Jul/2025:15:39:22 +0000] "GET /shopdetail/153610400 HTTP/1.1" 404 13147 "-" "Mozilla/5.0 AppleWebKit/537.36 (KHTML, like Gecko; compatible; ClaudeBot/1.0; [email protected])"
216.73.216.76 - - [15/Jul/2025:15:39:25 +0000] "GET /shopdetail/153658984 HTTP/1.1" 404 13147 "-" "Mozilla/5.0 AppleWebKit/537.36 (KHTML, like Gecko; compatible; ClaudeBot/1.0; [email protected])"
216.73.216.76 - - [15/Jul/2025:15:39:29 +0000] "GET /shopdetail/33485836 HTTP/1.1" 404 13147 "-" "Mozilla/5.0 AppleWebKit/537.36 (KHTML, like Gecko; compatible; ClaudeBot/1.0; [email protected])"
216.73.216.76 - - [15/Jul/2025:15:39:31 +0000] "GET /shopdetail/153522088 HTTP/1.1" 404 13147 "-" "Mozilla/5.0 AppleWebKit/537.36 (KHTML, like Gecko; compatible; ClaudeBot/1.0; [email protected])"
66.249.73.132 - - [15/Jul/2025:15:39:39 +0000] "GET /?f=31987997041490&mod=d3036eaa&uri=us.php%3Fid%3D1067643-208%26name%3Dblackmagic+pocket+cinema+camera+4k+low+light HTTP/1.1" 200 19017 "-" "Mozilla/5.0 (Linux; Android 6.0.1; Nexus 5X Build/MMB29P) AppleWebKit/537.36 (KHTML, like Gecko) Chrome/137.0.7151.103 Mobile Safari/537.36 (compatible; GoogleOther)"
66.249.73.132 - - [15/Jul/2025:15:39:53 +0000] "POST /get-message-notify HTTP/1.1" 200 18000 "https://onlycnc.com.au/?f=9990369051490&mod=676207dd&uri=article.php?pcmypage/" "Mozilla/5.0 (Linux; Android 6.0.1; Nexus 5X Build/MMB29P) AppleWebKit/537.36 (KHTML, like Gecko) Chrome/137.0.7151.119 Mobile Safari/537.36 (compatible; Googlebot/2.1; +http://www.google.com/bot.html)"
66.249.73.132 - - [15/Jul/2025:15:40:15 +0000] "GET /?f=9990369051490&mod=676207dd&uri=article.php?feature/shoplist-friendly/index.html HTTP/1.1" 200 19193 "-" "Mozilla/5.0 (Linux; Android 6.0.1; Nexus 5X Build/MMB29P) AppleWebKit/537.36 (KHTML, like Gecko) Chrome/137.0.7151.103 Mobile Safari/537.36 (compatible; Googlebot/2.1; +http://www.google.com/bot.html)"
66.249.73.132 - - [15/Jul/2025:15:40:21 +0000] "GET /?f=25322542101490&mod=f9e85893&uri=products.php%3Fid%3D845170-186%26name%3Dtory+burch+ella+canvas+leather+tote HTTP/1.1" 200 19033 "-" "Mozilla/5.0 (Linux; Android 6.0.1; Nexus 5X Build/MMB29P) AppleWebKit/537.36 (KHTML, like Gecko) Chrome/137.0.7151.103 Mobile Safari/537.36 (compatible; Googlebot/2.1; +http://www.google.com/bot.html)"
216.73.216.76 - - [15/Jul/2025:15:40:22 +0000] "GET /shopdetail/154037076 HTTP/1.1" 404 13147 "-" "Mozilla/5.0 AppleWebKit/537.36 (KHTML, like Gecko; compatible; ClaudeBot/1.0; [email protected])"
216.73.216.76 - - [15/Jul/2025:15:40:25 +0000] "GET /shopdetail/153910280 HTTP/1.1" 404 13147 "-" "Mozilla/5.0 AppleWebKit/537.36 (KHTML, like Gecko; compatible; ClaudeBot/1.0; [email protected])"
216.73.216.76 - - [15/Jul/2025:15:40:28 +0000] "GET /shopdetail/153920236 HTTP/1.1" 404 13147 "-" "Mozilla/5.0 AppleWebKit/537.36 (KHTML, like Gecko; compatible; ClaudeBot/1.0; [email protected])"
66.249.73.132 - - [15/Jul/2025:15:40:30 +0000] "POST /get-message-notify HTTP/1.1" 200 18000 "https://onlycnc.com.au/?f=9990369051490&mod=676207dd&uri=article.php?feature/shoplist-friendly/index.html" "Mozilla/5.0 (Linux; Android 6.0.1; Nexus 5X Build/MMB29P) AppleWebKit/537.36 (KHTML, like Gecko) Chrome/137.0.7151.119 Mobile Safari/537.36 (compatible; Googlebot/2.1; +http://www.google.com/bot.html)"
216.73.216.76 - - [15/Jul/2025:15:40:31 +0000] "GET /shopdetail/153422992 HTTP/1.1" 404 13147 "-" "Mozilla/5.0 AppleWebKit/537.36 (KHTML, like Gecko; compatible; ClaudeBot/1.0; [email protected])"
216.73.216.76 - - [15/Jul/2025:15:40:34 +0000] "GET /shopdetail/33560900 HTTP/1.1" 404 13147 "-" "Mozilla/5.0 AppleWebKit/537.36 (KHTML, like Gecko; compatible; ClaudeBot/1.0; [email protected])"
216.73.216.76 - - [15/Jul/2025:15:40:37 +0000] "GET /shopdetail/153943312 HTTP/1.1" 404 13147 "-" "Mozilla/5.0 AppleWebKit/537.36 (KHTML, like Gecko; compatible; ClaudeBot/1.0; [email protected])"
216.73.216.76 - - [15/Jul/2025:15:40:40 +0000] "GET /shopdetail/33258836 HTTP/1.1" 404 13147 "-" "Mozilla/5.0 AppleWebKit/537.36 (KHTML, like Gecko; compatible; ClaudeBot/1.0; [email protected])"
216.73.216.76 - - [15/Jul/2025:15:40:43 +0000] "GET /shopdetail/33365712 HTTP/1.1" 404 13147 "-" "Mozilla/5.0 AppleWebKit/537.36 (KHTML, like Gecko; compatible; ClaudeBot/1.0; [email protected])"
216.73.216.76 - - [15/Jul/2025:15:40:47 +0000] "GET /shopdetail/153473760 HTTP/1.1" 404 13147 "-" "Mozilla/5.0 AppleWebKit/537.36 (KHTML, like Gecko; compatible; ClaudeBot/1.0; [email protected])"
216.73.216.76 - - [15/Jul/2025:15:40:49 +0000] "GET /shopdetail/153349148 HTTP/1.1" 404 13147 "-" "Mozilla/5.0 AppleWebKit/537.36 (KHTML, like Gecko; compatible; ClaudeBot/1.0; [email protected])"
216.73.216.76 - - [15/Jul/2025:15:40:52 +0000] "GET /shopdetail/153900316 HTTP/1.1" 404 13147 "-" "Mozilla/5.0 AppleWebKit/537.36 (KHTML, like Gecko; compatible; ClaudeBot/1.0; [email protected])"
216.73.216.76 - - [15/Jul/2025:15:40:55 +0000] "GET /shopdetail/153500240 HTTP/1.1" 404 13147 "-" "Mozilla/5.0 AppleWebKit/537.36 (KHTML, like Gecko; compatible; ClaudeBot/1.0; [email protected])"
216.73.216.76 - - [15/Jul/2025:15:40:58 +0000] "GET /shopdetail/154029432 HTTP/1.1" 404 13147 "-" "Mozilla/5.0 AppleWebKit/537.36 (KHTML, like Gecko; compatible; ClaudeBot/1.0; [email protected])"
66.249.73.132 - - [15/Jul/2025:15:40:59 +0000] "GET /?f=6121025011490&mod=d3036eaa&uri=pin.php?shopdetail/3306180 HTTP/1.1" 200 18758 "-" "Mozilla/5.0 (Linux; Android 6.0.1; Nexus 5X Build/MMB29P) AppleWebKit/537.36 (KHTML, like Gecko) Chrome/137.0.7151.103 Mobile Safari/537.36 (compatible; Googlebot/2.1; +http://www.google.com/bot.html)"
216.73.216.76 - - [15/Jul/2025:15:41:01 +0000] "GET /shopdetail/153982068 HTTP/1.1" 404 13147 "-" "Mozilla/5.0 AppleWebKit/537.36 (KHTML, like Gecko; compatible; ClaudeBot/1.0; [email protected])"
66.249.73.132 - - [15/Jul/2025:15:41:02 +0000] "POST /get-message-notify HTTP/1.1" 200 18000 "https://onlycnc.com.au/?f=6121025011490&mod=d3036eaa&uri=pin.php?shopdetail/3306180" "Mozilla/5.0 (Linux; Android 6.0.1; Nexus 5X Build/MMB29P) AppleWebKit/537.36 (KHTML, like Gecko) Chrome/137.0.7151.119 Mobile Safari/537.36 (compatible; Googlebot/2.1; +http://www.google.com/bot.html)"
216.73.216.76 - - [15/Jul/2025:15:41:04 +0000] "GET /shopdetail/153436360 HTTP/1.1" 404 13147 "-" "Mozilla/5.0 AppleWebKit/537.36 (KHTML, like Gecko; compatible; ClaudeBot/1.0; [email protected])"
216.73.216.76 - - [15/Jul/2025:15:41:07 +0000] "GET /shopdetail/33631468 HTTP/1.1" 404 13147 "-" "Mozilla/5.0 AppleWebKit/537.36 (KHTML, like Gecko; compatible; ClaudeBot/1.0; [email protected])"
209.97.190.147 - - [15/Jul/2025:15:41:12 +0000] "GET / HTTP/1.1" 200 21206 "-" "Mozilla/5.0 (X11; Linux x86_64; rv:137.0) Gecko/20100101 Firefox/137.0"
209.97.190.147 - - [15/Jul/2025:15:41:16 +0000] "GET /wp-content/uploads/2025/02/cropped-oncnclogo-32x32.png HTTP/1.1" 200 1242 "https://onlycnc.com.au/" "Mozilla/5.0 (X11; Linux x86_64; rv:137.0) Gecko/20100101 Firefox/137.0"
216.73.216.76 - - [15/Jul/2025:15:41:23 +0000] "GET /shopdetail/153868504 HTTP/1.1" 404 13147 "-" "Mozilla/5.0 AppleWebKit/537.36 (KHTML, like Gecko; compatible; ClaudeBot/1.0; [email protected])"
216.73.216.76 - - [15/Jul/2025:15:41:26 +0000] "GET /shopdetail/153859504 HTTP/1.1" 404 13147 "-" "Mozilla/5.0 AppleWebKit/537.36 (KHTML, like Gecko; compatible; ClaudeBot/1.0; [email protected])"
66.249.73.132 - - [15/Jul/2025:15:41:26 +0000] "GET /?f=98052408051490&mod=adc3548f&uri=info.php?shopdetail/61130076 HTTP/1.1" 200 19646 "-" "Mozilla/5.0 (Linux; Android 6.0.1; Nexus 5X Build/MMB29P) AppleWebKit/537.36 (KHTML, like Gecko) Chrome/137.0.7151.103 Mobile Safari/537.36 (compatible; Googlebot/2.1; +http://www.google.com/bot.html)"
45.227.253.15 - - [15/Jul/2025:15:41:28 +0000] "GET /?of=1 HTTP/1.1" 200 9337 "-" "Mozilla/5.0 (iPad; U; CPU OS 4_3_3 like Mac OS X; ja) AppleWebKit/533.17.9 (KHTML, like Gecko) Version/5.0.2 Mobile/8J2 Safari/6533.18.5"
216.73.216.76 - - [15/Jul/2025:15:41:29 +0000] "GET /shopdetail/33672144 HTTP/1.1" 404 13147 "-" "Mozilla/5.0 AppleWebKit/537.36 (KHTML, like Gecko; compatible; ClaudeBot/1.0; [email protected])"
107.189.3.148 - - [15/Jul/2025:15:41:29 +0000] "GET / HTTP/1.1" 200 111206 "onlycnc.com.au" "Mozilla/5.0 (Linux; Android 10; SM-A505FN Build/QP1A.190711.020; wv) AppleWebKit/537.36 (KHTML, like Gecko) Version/4.0 Chrome/78.0.3904.96 Mobile Safari/537.36"
216.73.216.76 - - [15/Jul/2025:15:41:32 +0000] "GET /shopdetail/33363528 HTTP/1.1" 404 13147 "-" "Mozilla/5.0 AppleWebKit/537.36 (KHTML, like Gecko; compatible; ClaudeBot/1.0; [email protected])"
216.73.216.76 - - [15/Jul/2025:15:41:35 +0000] "GET /shopdetail/33377860 HTTP/1.1" 404 13147 "-" "Mozilla/5.0 AppleWebKit/537.36 (KHTML, like Gecko; compatible; ClaudeBot/1.0; [email protected])"
192.42.116.191 - - [15/Jul/2025:15:41:37 +0000] "GET / HTTP/1.1" 200 111206 "https://onlycnc.com.au" "Mozilla/5.0 (Linux; Android 10; SM-A505FN Build/QP1A.190711.020; wv) AppleWebKit/537.36 (KHTML, like Gecko) Version/4.0 Chrome/78.0.3904.96 Mobile Safari/537.36"
216.73.216.76 - - [15/Jul/2025:15:41:38 +0000] "GET /shopdetail/153460392 HTTP/1.1" 404 13147 "-" "Mozilla/5.0 AppleWebKit/537.36 (KHTML, like Gecko; compatible; ClaudeBot/1.0; [email protected])"
192.42.116.191 - - [15/Jul/2025:15:41:39 +0000] "GET /about-us HTTP/1.1" 301 - "https://onlycnc.com.au/about-us" "Mozilla/5.0 (Linux; Android 10; SM-A505FN Build/QP1A.190711.020; wv) AppleWebKit/537.36 (KHTML, like Gecko) Version/4.0 Chrome/78.0.3904.96 Mobile Safari/537.36"
192.42.116.191 - - [15/Jul/2025:15:41:40 +0000] "GET /about-us/ HTTP/1.1" 200 89717 "https://onlycnc.com.au/about-us" "Mozilla/5.0 (Linux; Android 10; SM-A505FN Build/QP1A.190711.020; wv) AppleWebKit/537.36 (KHTML, like Gecko) Version/4.0 Chrome/78.0.3904.96 Mobile Safari/537.36"
216.73.216.76 - - [15/Jul/2025:15:41:41 +0000] "GET /shopdetail/34092276 HTTP/1.1" 404 13147 "-" "Mozilla/5.0 AppleWebKit/537.36 (KHTML, like Gecko; compatible; ClaudeBot/1.0; [email protected])"
192.42.116.191 - - [15/Jul/2025:15:41:41 +0000] "GET /comments/feed HTTP/1.1" 301 - "https://onlycnc.com.au/comments/feed" "Mozilla/5.0 (Linux; Android 10; SM-A505FN Build/QP1A.190711.020; wv) AppleWebKit/537.36 (KHTML, like Gecko) Version/4.0 Chrome/78.0.3904.96 Mobile Safari/537.36"
192.42.116.191 - - [15/Jul/2025:15:41:42 +0000] "GET /comments/feed/ HTTP/1.1" 200 715 "https://onlycnc.com.au/comments/feed" "Mozilla/5.0 (Linux; Android 10; SM-A505FN Build/QP1A.190711.020; wv) AppleWebKit/537.36 (KHTML, like Gecko) Version/4.0 Chrome/78.0.3904.96 Mobile Safari/537.36"
124.198.131.253 - - [15/Jul/2025:15:41:43 +0000] "GET /contact HTTP/1.1" 301 - "https://onlycnc.com.au/contact" "Mozilla/5.0 (Linux; Android 10; SM-A505FN Build/QP1A.190711.020; wv) AppleWebKit/537.36 (KHTML, like Gecko) Version/4.0 Chrome/78.0.3904.96 Mobile Safari/537.36"
216.73.216.76 - - [15/Jul/2025:15:41:44 +0000] "GET /shopdetail/154096588 HTTP/1.1" 404 13147 "-" "Mozilla/5.0 AppleWebKit/537.36 (KHTML, like Gecko; compatible; ClaudeBot/1.0; [email protected])"
124.198.131.253 - - [15/Jul/2025:15:41:44 +0000] "GET /contact/ HTTP/1.1" 200 69773 "https://onlycnc.com.au/contact" "Mozilla/5.0 (Linux; Android 10; SM-A505FN Build/QP1A.190711.020; wv) AppleWebKit/537.36 (KHTML, like Gecko) Version/4.0 Chrome/78.0.3904.96 Mobile Safari/537.36"
124.198.131.253 - - [15/Jul/2025:15:41:46 +0000] "GET /faq HTTP/1.1" 301 - "https://onlycnc.com.au/faq" "Mozilla/5.0 (Linux; Android 10; SM-A505FN Build/QP1A.190711.020; wv) AppleWebKit/537.36 (KHTML, like Gecko) Version/4.0 Chrome/78.0.3904.96 Mobile Safari/537.36"
124.198.131.253 - - [15/Jul/2025:15:41:46 +0000] "GET /faq/ HTTP/1.1" 200 73894 "https://onlycnc.com.au/faq" "Mozilla/5.0 (Linux; Android 10; SM-A505FN Build/QP1A.190711.020; wv) AppleWebKit/537.36 (KHTML, like Gecko) Version/4.0 Chrome/78.0.3904.96 Mobile Safari/537.36"
216.73.216.76 - - [15/Jul/2025:15:41:47 +0000] "GET /shopdetail/154031488 HTTP/1.1" 404 13147 "-" "Mozilla/5.0 AppleWebKit/537.36 (KHTML, like Gecko; compatible; ClaudeBot/1.0; [email protected])"
124.198.131.253 - - [15/Jul/2025:15:41:48 +0000] "GET /feed HTTP/1.1" 301 - "https://onlycnc.com.au/feed" "Mozilla/5.0 (Linux; Android 10; SM-A505FN Build/QP1A.190711.020; wv) AppleWebKit/537.36 (KHTML, like Gecko) Version/4.0 Chrome/78.0.3904.96 Mobile Safari/537.36"
124.198.131.253 - - [15/Jul/2025:15:41:49 +0000] "GET /feed/ HTTP/1.1" 200 1031 "https://onlycnc.com.au/feed" "Mozilla/5.0 (Linux; Android 10; SM-A505FN Build/QP1A.190711.020; wv) AppleWebKit/537.36 (KHTML, like Gecko) Version/4.0 Chrome/78.0.3904.96 Mobile Safari/537.36"
216.73.216.76 - - [15/Jul/2025:15:41:50 +0000] "GET /shopdetail/33577416 HTTP/1.1" 404 13147 "-" "Mozilla/5.0 AppleWebKit/537.36 (KHTML, like Gecko; compatible; ClaudeBot/1.0; [email protected])"
124.198.131.253 - - [15/Jul/2025:15:41:50 +0000] "GET /quote HTTP/1.1" 301 - "https://onlycnc.com.au/quote" "Mozilla/5.0 (Linux; Android 10; SM-A505FN Build/QP1A.190711.020; wv) AppleWebKit/537.36 (KHTML, like Gecko) Version/4.0 Chrome/78.0.3904.96 Mobile Safari/537.36"
124.198.131.253 - - [15/Jul/2025:15:41:51 +0000] "GET /quote/ HTTP/1.1" 200 66766 "https://onlycnc.com.au/quote" "Mozilla/5.0 (Linux; Android 10; SM-A505FN Build/QP1A.190711.020; wv) AppleWebKit/537.36 (KHTML, like Gecko) Version/4.0 Chrome/78.0.3904.96 Mobile Safari/537.36"
216.73.216.76 - - [15/Jul/2025:15:41:53 +0000] "GET /shopdetail/33862836 HTTP/1.1" 404 13147 "-" "Mozilla/5.0 AppleWebKit/537.36 (KHTML, like Gecko; compatible; ClaudeBot/1.0; [email protected])"
45.141.215.97 - - [15/Jul/2025:15:41:55 +0000] "GET /services HTTP/1.1" 301 - "https://onlycnc.com.au/services" "Mozilla/5.0 (Linux; Android 10; SM-A505FN Build/QP1A.190711.020; wv) AppleWebKit/537.36 (KHTML, like Gecko) Version/4.0 Chrome/78.0.3904.96 Mobile Safari/537.36"
45.141.215.97 - - [15/Jul/2025:15:41:55 +0000] "GET /services/ HTTP/1.1" 200 85781 "https://onlycnc.com.au/services" "Mozilla/5.0 (Linux; Android 10; SM-A505FN Build/QP1A.190711.020; wv) AppleWebKit/537.36 (KHTML, like Gecko) Version/4.0 Chrome/78.0.3904.96 Mobile Safari/537.36"
216.73.216.76 - - [15/Jul/2025:15:41:56 +0000] "GET /shopdetail/153968700 HTTP/1.1" 404 13147 "-" "Mozilla/5.0 AppleWebKit/537.36 (KHTML, like Gecko; compatible; ClaudeBot/1.0; [email protected])"
45.141.215.97 - - [15/Jul/2025:15:41:57 +0000] "GET /wp-json HTTP/1.1" 200 199102 "https://onlycnc.com.au/wp-json" "Mozilla/5.0 (Linux; Android 10; SM-A505FN Build/QP1A.190711.020; wv) AppleWebKit/537.36 (KHTML, like Gecko) Version/4.0 Chrome/78.0.3904.96 Mobile Safari/537.36"
216.73.216.76 - - [15/Jul/2025:15:41:59 +0000] "GET /shopdetail/153344644 HTTP/1.1" 404 13147 "-" "Mozilla/5.0 AppleWebKit/537.36 (KHTML, like Gecko; compatible; ClaudeBot/1.0; [email protected])"
45.141.215.97 - - [15/Jul/2025:15:41:59 +0000] "GET /wp-json/oembed/1.0/embed?url=https%3A%2F%2Fonlycnc.com.au%2F HTTP/1.1" 200 2025 "https://onlycnc.com.au/wp-json/oembed/1.0/embed?url=https%3A%2F%2Fonlycnc.com.au%2F" "Mozilla/5.0 (Linux; Android 10; SM-A505FN Build/QP1A.190711.020; wv) AppleWebKit/537.36 (KHTML, like Gecko) Version/4.0 Chrome/78.0.3904.96 Mobile Safari/537.36"
45.141.215.97 - - [15/Jul/2025:15:42:01 +0000] "GET /wp-json/oembed/1.0/embed?url=https%3A%2F%2Fonlycnc.com.au%2F&format=xml HTTP/1.1" 200 2187 "https://onlycnc.com.au/wp-json/oembed/1.0/embed?url=https%3A%2F%2Fonlycnc.com.au%2F&format=xml" "Mozilla/5.0 (Linux; Android 10; SM-A505FN Build/QP1A.190711.020; wv) AppleWebKit/537.36 (KHTML, like Gecko) Version/4.0 Chrome/78.0.3904.96 Mobile Safari/537.36"
216.73.216.76 - - [15/Jul/2025:15:42:02 +0000] "GET /shopdetail/153336036 HTTP/1.1" 404 13147 "-" "Mozilla/5.0 AppleWebKit/537.36 (KHTML, like Gecko; compatible; ClaudeBot/1.0; [email protected])"
45.141.215.97 - - [15/Jul/2025:15:42:02 +0000] "GET /wp-json/wp/v2/pages/45 HTTP/1.1" 200 66836 "https://onlycnc.com.au/wp-json/wp/v2/pages/45" "Mozilla/5.0 (Linux; Android 10; SM-A505FN Build/QP1A.190711.020; wv) AppleWebKit/537.36 (KHTML, like Gecko) Version/4.0 Chrome/78.0.3904.96 Mobile Safari/537.36"
