66.249.65.202 - - [14/Jul/2025:14:14:46 +0000] "GET /item/food12025288/ HTTP/1.1" 200 39843 "-" "Mozilla/5.0 (Linux; Android 6.0.1; Nexus 5X Build/MMB29P) AppleWebKit/537.36 (KHTML, like Gecko) Chrome/137.0.7151.103 Mobile Safari/537.36 (compatible; GoogleOther)"
66.249.65.203 - - [14/Jul/2025:14:14:51 +0000] "GET /item/sugar11480216/ HTTP/1.1" 200 39818 "-" "Mozilla/5.0 (Linux; Android 6.0.1; Nexus 5X Build/MMB29P) AppleWebKit/537.36 (KHTML, like Gecko) Chrome/137.0.7151.103 Mobile Safari/537.36 (compatible; GoogleOther)"
66.249.65.202 - - [14/Jul/2025:14:14:57 +0000] "GET /item/mock12019864/ HTTP/1.1" 200 39715 "-" "Mozilla/5.0 (Linux; Android 6.0.1; Nexus 5X Build/MMB29P) AppleWebKit/537.36 (KHTML, like Gecko) Chrome/137.0.7151.103 Mobile Safari/537.36 (compatible; GoogleOther)"
66.249.65.203 - - [14/Jul/2025:14:15:03 +0000] "GET /item/multi50718724/ HTTP/1.1" 200 39899 "-" "Mozilla/5.0 (Linux; Android 6.0.1; Nexus 5X Build/MMB29P) AppleWebKit/537.36 (KHTML, like Gecko) Chrome/137.0.7151.103 Mobile Safari/537.36 (compatible; GoogleOther)"
66.249.65.203 - - [14/Jul/2025:14:15:09 +0000] "GET /item/guilt60438429/ HTTP/1.1" 200 39907 "-" "Mozilla/5.0 (Linux; Android 6.0.1; Nexus 5X Build/MMB29P) AppleWebKit/537.36 (KHTML, like Gecko) Chrome/137.0.7151.103 Mobile Safari/537.36 (compatible; GoogleOther)"
66.249.65.202 - - [14/Jul/2025:14:15:14 +0000] "GET /item/ineff61463525/ HTTP/1.1" 200 40695 "-" "Mozilla/5.0 (Linux; Android 6.0.1; Nexus 5X Build/MMB29P) AppleWebKit/537.36 (KHTML, like Gecko) Chrome/137.0.7151.103 Mobile Safari/537.36 (compatible; GoogleOther)"
66.249.65.202 - - [14/Jul/2025:14:15:18 +0000] "POST /get-message-notify HTTP/1.1" 200 40306 "http://abl.academy/item/sugar11480216/" "Mozilla/5.0 (Linux; Android 6.0.1; Nexus 5X Build/MMB29P) AppleWebKit/537.36 (KHTML, like Gecko) Chrome/137.0.7151.119 Mobile Safari/537.36 (compatible; Googlebot/2.1; +http://www.google.com/bot.html)"
66.249.65.202 - - [14/Jul/2025:14:15:20 +0000] "GET /item/advan10793552/ HTTP/1.1" 200 40887 "-" "Mozilla/5.0 (Linux; Android 6.0.1; Nexus 5X Build/MMB29P) AppleWebKit/537.36 (KHTML, like Gecko) Chrome/137.0.7151.103 Mobile Safari/537.36 (compatible; GoogleOther)"
66.249.65.202 - - [14/Jul/2025:14:15:26 +0000] "GET /item/pose41650179/ HTTP/1.1" 200 40473 "-" "Mozilla/5.0 (Linux; Android 6.0.1; Nexus 5X Build/MMB29P) AppleWebKit/537.36 (KHTML, like Gecko) Chrome/137.0.7151.103 Mobile Safari/537.36 (compatible; GoogleOther)"
66.249.65.202 - - [14/Jul/2025:14:15:31 +0000] "GET /item/cousi82952719/ HTTP/1.1" 200 39824 "-" "Mozilla/5.0 (Linux; Android 6.0.1; Nexus 5X Build/MMB29P) AppleWebKit/537.36 (KHTML, like Gecko) Chrome/137.0.7151.103 Mobile Safari/537.36 (compatible; GoogleOther)"
66.249.65.202 - - [14/Jul/2025:14:15:34 +0000] "POST /get-message-notify HTTP/1.1" 200 40362 "http://abl.academy/item/scrum21703985/" "Mozilla/5.0 (Linux; Android 6.0.1; Nexus 5X Build/MMB29P) AppleWebKit/537.36 (KHTML, like Gecko) Chrome/137.0.7151.119 Mobile Safari/537.36 (compatible; Googlebot/2.1; +http://www.google.com/bot.html)"
66.249.65.202 - - [14/Jul/2025:14:15:37 +0000] "GET /item/airli52560636/ HTTP/1.1" 200 40330 "-" "Mozilla/5.0 (Linux; Android 6.0.1; Nexus 5X Build/MMB29P) AppleWebKit/537.36 (KHTML, like Gecko) Chrome/137.0.7151.103 Mobile Safari/537.36 (compatible; GoogleOther)"
66.249.65.202 - - [14/Jul/2025:14:15:43 +0000] "GET /item/rewar21662273/ HTTP/1.1" 200 40039 "-" "Mozilla/5.0 (Linux; Android 6.0.1; Nexus 5X Build/MMB29P) AppleWebKit/537.36 (KHTML, like Gecko) Chrome/137.0.7151.103 Mobile Safari/537.36 (compatible; GoogleOther)"
66.249.65.202 - - [14/Jul/2025:14:15:54 +0000] "GET /item/oh21439521/ HTTP/1.1" 200 39784 "-" "Mozilla/5.0 (Linux; Android 6.0.1; Nexus 5X Build/MMB29P) AppleWebKit/537.36 (KHTML, like Gecko) Chrome/137.0.7151.103 Mobile Safari/537.36 (compatible; GoogleOther)"
66.249.65.202 - - [14/Jul/2025:14:16:00 +0000] "GET /item/china82489111/ HTTP/1.1" 200 41633 "-" "Mozilla/5.0 (Linux; Android 6.0.1; Nexus 5X Build/MMB29P) AppleWebKit/537.36 (KHTML, like Gecko) Chrome/137.0.7151.103 Mobile Safari/537.36 (compatible; GoogleOther)"
66.249.65.203 - - [14/Jul/2025:14:16:06 +0000] "GET /item/ugly31528578/ HTTP/1.1" 200 40003 "-" "Mozilla/5.0 (Linux; Android 6.0.1; Nexus 5X Build/MMB29P) AppleWebKit/537.36 (KHTML, like Gecko) Chrome/137.0.7151.103 Mobile Safari/537.36 (compatible; GoogleOther)"
66.249.65.202 - - [14/Jul/2025:14:16:10 +0000] "POST /get-message-notify HTTP/1.1" 200 40321 "http://abl.academy/item/advan10793552/" "Mozilla/5.0 (Linux; Android 6.0.1; Nexus 5X Build/MMB29P) AppleWebKit/537.36 (KHTML, like Gecko) Chrome/137.0.7151.119 Mobile Safari/537.36 (compatible; Googlebot/2.1; +http://www.google.com/bot.html)"
66.249.65.202 - - [14/Jul/2025:14:16:12 +0000] "GET /item/sympt41862219/ HTTP/1.1" 200 39864 "-" "Mozilla/5.0 (Linux; Android 6.0.1; Nexus 5X Build/MMB29P) AppleWebKit/537.36 (KHTML, like Gecko) Chrome/137.0.7151.103 Mobile Safari/537.36 (compatible; GoogleOther)"
66.249.65.202 - - [14/Jul/2025:14:16:17 +0000] "GET /item/conse70113918/ HTTP/1.1" 200 39719 "-" "Mozilla/5.0 (Linux; Android 6.0.1; Nexus 5X Build/MMB29P) AppleWebKit/537.36 (KHTML, like Gecko) Chrome/137.0.7151.103 Mobile Safari/537.36 (compatible; GoogleOther)"
66.249.65.202 - - [14/Jul/2025:14:16:25 +0000] "GET /item/overf61578269/ HTTP/1.1" 200 40048 "-" "Mozilla/5.0 (Linux; Android 6.0.1; Nexus 5X Build/MMB29P) AppleWebKit/537.36 (KHTML, like Gecko) Chrome/137.0.7151.103 Mobile Safari/537.36 (compatible; GoogleOther)"
66.249.65.202 - - [14/Jul/2025:14:16:27 +0000] "POST /get-message-notify HTTP/1.1" 200 40254 "http://abl.academy/item/china82489111/" "Mozilla/5.0 (Linux; Android 6.0.1; Nexus 5X Build/MMB29P) AppleWebKit/537.36 (KHTML, like Gecko) Chrome/137.0.7151.119 Mobile Safari/537.36 (compatible; Googlebot/2.1; +http://www.google.com/bot.html)"
66.249.65.202 - - [14/Jul/2025:14:16:31 +0000] "GET /item/metho71648446/ HTTP/1.1" 200 40039 "-" "Mozilla/5.0 (Linux; Android 6.0.1; Nexus 5X Build/MMB29P) AppleWebKit/537.36 (KHTML, like Gecko) Chrome/137.0.7151.103 Mobile Safari/537.36 (compatible; GoogleOther)"
66.249.65.202 - - [14/Jul/2025:14:16:37 +0000] "GET /item/diale51759164/ HTTP/1.1" 200 39964 "-" "Mozilla/5.0 (Linux; Android 6.0.1; Nexus 5X Build/MMB29P) AppleWebKit/537.36 (KHTML, like Gecko) Chrome/137.0.7151.103 Mobile Safari/537.36 (compatible; GoogleOther)"
66.249.65.202 - - [14/Jul/2025:14:16:42 +0000] "GET /item/viola30549930/ HTTP/1.1" 200 40538 "-" "Mozilla/5.0 (Linux; Android 6.0.1; Nexus 5X Build/MMB29P) AppleWebKit/537.36 (KHTML, like Gecko) Chrome/137.0.7151.103 Mobile Safari/537.36 (compatible; GoogleOther)"
66.249.65.202 - - [14/Jul/2025:14:16:48 +0000] "GET /item/bulk71602454/ HTTP/1.1" 200 39862 "-" "Mozilla/5.0 (Linux; Android 6.0.1; Nexus 5X Build/MMB29P) AppleWebKit/537.36 (KHTML, like Gecko) Chrome/137.0.7151.103 Mobile Safari/537.36 (compatible; GoogleOther)"
66.249.65.202 - - [14/Jul/2025:14:16:54 +0000] "GET /item/dying51058732/ HTTP/1.1" 200 40056 "-" "Mozilla/5.0 (Linux; Android 6.0.1; Nexus 5X Build/MMB29P) AppleWebKit/537.36 (KHTML, like Gecko) Chrome/137.0.7151.103 Mobile Safari/537.36 (compatible; GoogleOther)"
66.249.65.203 - - [14/Jul/2025:14:17:00 +0000] "GET /item/gun20324713/ HTTP/1.1" 200 39941 "-" "Mozilla/5.0 (Linux; Android 6.0.1; Nexus 5X Build/MMB29P) AppleWebKit/537.36 (KHTML, like Gecko) Chrome/137.0.7151.103 Mobile Safari/537.36 (compatible; GoogleOther)"
66.249.65.203 - - [14/Jul/2025:14:17:05 +0000] "GET /item/morni52277028/ HTTP/1.1" 200 39928 "-" "Mozilla/5.0 (Linux; Android 6.0.1; Nexus 5X Build/MMB29P) AppleWebKit/537.36 (KHTML, like Gecko) Chrome/137.0.7151.103 Mobile Safari/537.36 (compatible; GoogleOther)"
66.249.65.202 - - [14/Jul/2025:14:17:11 +0000] "GET /item/rap31587882/ HTTP/1.1" 200 40416 "-" "Mozilla/5.0 (Linux; Android 6.0.1; Nexus 5X Build/MMB29P) AppleWebKit/537.36 (KHTML, like Gecko) Chrome/137.0.7151.103 Mobile Safari/537.36 (compatible; GoogleOther)"
66.249.65.202 - - [14/Jul/2025:14:17:17 +0000] "GET /item/estab42561731/ HTTP/1.1" 200 39792 "-" "Mozilla/5.0 (Linux; Android 6.0.1; Nexus 5X Build/MMB29P) AppleWebKit/537.36 (KHTML, like Gecko) Chrome/137.0.7151.103 Mobile Safari/537.36 (compatible; GoogleOther)"
66.249.65.202 - - [14/Jul/2025:14:17:22 +0000] "GET /item/karen61255989/ HTTP/1.1" 200 39870 "-" "Mozilla/5.0 (Linux; Android 6.0.1; Nexus 5X Build/MMB29P) AppleWebKit/537.36 (KHTML, like Gecko) Chrome/137.0.7151.103 Mobile Safari/537.36 (compatible; GoogleOther)"
66.249.65.202 - - [14/Jul/2025:14:17:28 +0000] "GET /item/witne22574145/ HTTP/1.1" 200 41188 "-" "Mozilla/5.0 (Linux; Android 6.0.1; Nexus 5X Build/MMB29P) AppleWebKit/537.36 (KHTML, like Gecko) Chrome/137.0.7151.103 Mobile Safari/537.36 (compatible; GoogleOther)"
66.249.65.202 - - [14/Jul/2025:14:17:34 +0000] "GET /item/lay22565081/ HTTP/1.1" 200 40236 "-" "Mozilla/5.0 (Linux; Android 6.0.1; Nexus 5X Build/MMB29P) AppleWebKit/537.36 (KHTML, like Gecko) Chrome/137.0.7151.103 Mobile Safari/537.36 (compatible; GoogleOther)"
66.249.65.202 - - [14/Jul/2025:14:17:40 +0000] "GET /item/nurse10304544/ HTTP/1.1" 200 40026 "-" "Mozilla/5.0 (Linux; Android 6.0.1; Nexus 5X Build/MMB29P) AppleWebKit/537.36 (KHTML, like Gecko) Chrome/137.0.7151.103 Mobile Safari/537.36 (compatible; GoogleOther)"
66.249.65.202 - - [14/Jul/2025:14:17:51 +0000] "GET /item/leadi51571468/ HTTP/1.1" 200 39970 "-" "Mozilla/5.0 (Linux; Android 6.0.1; Nexus 5X Build/MMB29P) AppleWebKit/537.36 (KHTML, like Gecko) Chrome/137.0.7151.103 Mobile Safari/537.36 (compatible; GoogleOther)"
66.249.65.202 - - [14/Jul/2025:14:17:57 +0000] "POST /get-message-notify HTTP/1.1" 200 40356 "http://abl.academy/item/empha80122311/" "Mozilla/5.0 (Linux; Android 6.0.1; Nexus 5X Build/MMB29P) AppleWebKit/537.36 (KHTML, like Gecko) Chrome/137.0.7151.119 Mobile Safari/537.36 (compatible; Googlebot/2.1; +http://www.google.com/bot.html)"
66.249.65.202 - - [14/Jul/2025:14:17:58 +0000] "GET /item/repre62245453/ HTTP/1.1" 200 40388 "-" "Mozilla/5.0 (Linux; Android 6.0.1; Nexus 5X Build/MMB29P) AppleWebKit/537.36 (KHTML, like Gecko) Chrome/137.0.7151.103 Mobile Safari/537.36 (compatible; GoogleOther)"
66.249.65.204 - - [14/Jul/2025:14:18:04 +0000] "GET /item/dike71703958/ HTTP/1.1" 200 40951 "-" "Mozilla/5.0 (Linux; Android 6.0.1; Nexus 5X Build/MMB29P) AppleWebKit/537.36 (KHTML, like Gecko) Chrome/137.0.7151.103 Mobile Safari/537.36 (compatible; GoogleOther)"
66.249.65.202 - - [14/Jul/2025:14:18:10 +0000] "GET /item/task41741171/ HTTP/1.1" 200 39757 "-" "Mozilla/5.0 (Linux; Android 6.0.1; Nexus 5X Build/MMB29P) AppleWebKit/537.36 (KHTML, like Gecko) Chrome/137.0.7151.103 Mobile Safari/537.36 (compatible; GoogleOther)"
66.249.65.203 - - [14/Jul/2025:14:18:11 +0000] "POST /get-message-notify HTTP/1.1" 200 40424 "http://abl.academy/item/style61757653/" "Mozilla/5.0 (Linux; Android 6.0.1; Nexus 5X Build/MMB29P) AppleWebKit/537.36 (KHTML, like Gecko) Chrome/137.0.7151.119 Mobile Safari/537.36 (compatible; Googlebot/2.1; +http://www.google.com/bot.html)"
66.249.65.202 - - [14/Jul/2025:14:18:14 +0000] "POST /get-message-notify HTTP/1.1" 200 40379 "http://abl.academy/item/dike71703958/" "Mozilla/5.0 (Linux; Android 6.0.1; Nexus 5X Build/MMB29P) AppleWebKit/537.36 (KHTML, like Gecko) Chrome/137.0.7151.119 Mobile Safari/537.36 (compatible; Googlebot/2.1; +http://www.google.com/bot.html)"
66.249.65.202 - - [14/Jul/2025:14:18:16 +0000] "GET /item/tool82056999/ HTTP/1.1" 200 39958 "-" "Mozilla/5.0 (Linux; Android 6.0.1; Nexus 5X Build/MMB29P) AppleWebKit/537.36 (KHTML, like Gecko) Chrome/137.0.7151.103 Mobile Safari/537.36 (compatible; GoogleOther)"
66.249.65.202 - - [14/Jul/2025:14:18:21 +0000] "GET /item/onlin12357504/ HTTP/1.1" 200 40457 "-" "Mozilla/5.0 (Linux; Android 6.0.1; Nexus 5X Build/MMB29P) AppleWebKit/537.36 (KHTML, like Gecko) Chrome/137.0.7151.103 Mobile Safari/537.36 (compatible; GoogleOther)"
66.249.65.202 - - [14/Jul/2025:14:18:28 +0000] "GET /item/all20564921/ HTTP/1.1" 200 40088 "-" "Mozilla/5.0 (Linux; Android 6.0.1; Nexus 5X Build/MMB29P) AppleWebKit/537.36 (KHTML, like Gecko) Chrome/137.0.7151.103 Mobile Safari/537.36 (compatible; GoogleOther)"
66.249.65.202 - - [14/Jul/2025:14:18:33 +0000] "GET /item/stain40547187/ HTTP/1.1" 200 39959 "-" "Mozilla/5.0 (Linux; Android 6.0.1; Nexus 5X Build/MMB29P) AppleWebKit/537.36 (KHTML, like Gecko) Chrome/137.0.7151.103 Mobile Safari/537.36 (compatible; GoogleOther)"
66.249.65.202 - - [14/Jul/2025:14:18:39 +0000] "GET /item/corre20152841/ HTTP/1.1" 200 40528 "-" "Mozilla/5.0 (Linux; Android 6.0.1; Nexus 5X Build/MMB29P) AppleWebKit/537.36 (KHTML, like Gecko) Chrome/137.0.7151.103 Mobile Safari/537.36 (compatible; GoogleOther)"
66.249.65.202 - - [14/Jul/2025:14:18:45 +0000] "GET /item/incor42290515/ HTTP/1.1" 200 40659 "-" "Mozilla/5.0 (Linux; Android 6.0.1; Nexus 5X Build/MMB29P) AppleWebKit/537.36 (KHTML, like Gecko) Chrome/137.0.7151.103 Mobile Safari/537.36 (compatible; GoogleOther)"
66.249.65.202 - - [14/Jul/2025:14:18:51 +0000] "GET /item/invis40723347/ HTTP/1.1" 200 40283 "-" "Mozilla/5.0 (Linux; Android 6.0.1; Nexus 5X Build/MMB29P) AppleWebKit/537.36 (KHTML, like Gecko) Chrome/137.0.7151.103 Mobile Safari/537.36 (compatible; GoogleOther)"
66.249.65.203 - - [14/Jul/2025:14:18:56 +0000] "GET /item/crazy31892666/ HTTP/1.1" 200 40159 "-" "Mozilla/5.0 (Linux; Android 6.0.1; Nexus 5X Build/MMB29P) AppleWebKit/537.36 (KHTML, like Gecko) Chrome/137.0.7151.103 Mobile Safari/537.36 (compatible; GoogleOther)"
66.249.65.202 - - [14/Jul/2025:14:18:58 +0000] "POST /get-message-notify HTTP/1.1" 200 40253 "http://abl.academy/item/bulk71602454/" "Mozilla/5.0 (Linux; Android 6.0.1; Nexus 5X Build/MMB29P) AppleWebKit/537.36 (KHTML, like Gecko) Chrome/137.0.7151.119 Mobile Safari/537.36 (compatible; Googlebot/2.1; +http://www.google.com/bot.html)"
66.249.65.203 - - [14/Jul/2025:14:19:02 +0000] "GET /item/stabl80974455/ HTTP/1.1" 200 40527 "-" "Mozilla/5.0 (Linux; Android 6.0.1; Nexus 5X Build/MMB29P) AppleWebKit/537.36 (KHTML, like Gecko) Chrome/137.0.7151.103 Mobile Safari/537.36 (compatible; GoogleOther)"
66.249.65.203 - - [14/Jul/2025:14:19:08 +0000] "GET /item/enoug10357104/ HTTP/1.1" 200 40334 "-" "Mozilla/5.0 (Linux; Android 6.0.1; Nexus 5X Build/MMB29P) AppleWebKit/537.36 (KHTML, like Gecko) Chrome/137.0.7151.103 Mobile Safari/537.36 (compatible; GoogleOther)"
66.249.65.202 - - [14/Jul/2025:14:19:13 +0000] "GET /item/stead72769998/ HTTP/1.1" 200 40825 "-" "Mozilla/5.0 (Linux; Android 6.0.1; Nexus 5X Build/MMB29P) AppleWebKit/537.36 (KHTML, like Gecko) Chrome/137.0.7151.103 Mobile Safari/537.36 (compatible; GoogleOther)"
66.249.65.202 - - [14/Jul/2025:14:19:19 +0000] "GET /item/brick32426866/ HTTP/1.1" 200 39770 "-" "Mozilla/5.0 (Linux; Android 6.0.1; Nexus 5X Build/MMB29P) AppleWebKit/537.36 (KHTML, like Gecko) Chrome/137.0.7151.103 Mobile Safari/537.36 (compatible; GoogleOther)"
66.249.65.202 - - [14/Jul/2025:14:19:25 +0000] "GET /item/dispo21414985/ HTTP/1.1" 200 39979 "-" "Mozilla/5.0 (Linux; Android 6.0.1; Nexus 5X Build/MMB29P) AppleWebKit/537.36 (KHTML, like Gecko) Chrome/137.0.7151.103 Mobile Safari/537.36 (compatible; GoogleOther)"
66.249.65.202 - - [14/Jul/2025:14:19:30 +0000] "GET /item/zeal41903915/ HTTP/1.1" 200 40340 "-" "Mozilla/5.0 (Linux; Android 6.0.1; Nexus 5X Build/MMB29P) AppleWebKit/537.36 (KHTML, like Gecko) Chrome/137.0.7151.103 Mobile Safari/537.36 (compatible; GoogleOther)"
66.249.65.202 - - [14/Jul/2025:14:19:36 +0000] "GET /item/blame11934376/ HTTP/1.1" 200 40472 "-" "Mozilla/5.0 (Linux; Android 6.0.1; Nexus 5X Build/MMB29P) AppleWebKit/537.36 (KHTML, like Gecko) Chrome/137.0.7151.103 Mobile Safari/537.36 (compatible; GoogleOther)"
66.249.65.202 - - [14/Jul/2025:14:19:37 +0000] "POST /get-message-notify HTTP/1.1" 200 40260 "http://abl.academy/item/brick32426866/" "Mozilla/5.0 (Linux; Android 6.0.1; Nexus 5X Build/MMB29P) AppleWebKit/537.36 (KHTML, like Gecko) Chrome/137.0.7151.119 Mobile Safari/537.36 (compatible; Googlebot/2.1; +http://www.google.com/bot.html)"
66.249.65.202 - - [14/Jul/2025:14:19:42 +0000] "GET /item/shrie31594930/ HTTP/1.1" 200 39918 "-" "Mozilla/5.0 (Linux; Android 6.0.1; Nexus 5X Build/MMB29P) AppleWebKit/537.36 (KHTML, like Gecko) Chrome/137.0.7151.103 Mobile Safari/537.36 (compatible; GoogleOther)"
66.249.65.202 - - [14/Jul/2025:14:19:48 +0000] "GET /item/willi21347545/ HTTP/1.1" 200 40108 "-" "Mozilla/5.0 (Linux; Android 6.0.1; Nexus 5X Build/MMB29P) AppleWebKit/537.36 (KHTML, like Gecko) Chrome/137.0.7151.103 Mobile Safari/537.36 (compatible; GoogleOther)"
66.249.65.202 - - [14/Jul/2025:14:19:53 +0000] "GET /item/lab42284883/ HTTP/1.1" 200 39987 "-" "Mozilla/5.0 (Linux; Android 6.0.1; Nexus 5X Build/MMB29P) AppleWebKit/537.36 (KHTML, like Gecko) Chrome/137.0.7151.103 Mobile Safari/537.36 (compatible; GoogleOther)"
66.249.65.203 - - [14/Jul/2025:14:20:00 +0000] "GET /item/case21373649/ HTTP/1.1" 200 41401 "-" "Mozilla/5.0 (Linux; Android 6.0.1; Nexus 5X Build/MMB29P) AppleWebKit/537.36 (KHTML, like Gecko) Chrome/137.0.7151.103 Mobile Safari/537.36 (compatible; GoogleOther)"
66.249.65.203 - - [14/Jul/2025:14:20:06 +0000] "GET /item/chin51602964/ HTTP/1.1" 200 40547 "-" "Mozilla/5.0 (Linux; Android 6.0.1; Nexus 5X Build/MMB29P) AppleWebKit/537.36 (KHTML, like Gecko) Chrome/137.0.7151.103 Mobile Safari/537.36 (compatible; GoogleOther)"
66.249.65.202 - - [14/Jul/2025:14:20:11 +0000] "GET /item/cargo52119204/ HTTP/1.1" 200 39990 "-" "Mozilla/5.0 (Linux; Android 6.0.1; Nexus 5X Build/MMB29P) AppleWebKit/537.36 (KHTML, like Gecko) Chrome/137.0.7151.103 Mobile Safari/537.36 (compatible; GoogleOther)"
154.195.148.197 - - [14/Jul/2025:14:20:13 +0000] "GET /lms-wordpress-plugin/ HTTP/1.0" 200 69372 "http://abl.academy/lms-wordpress-plugin/" "Mozilla/5.0 (Windows NT 10.0; Win64; x64) AppleWebKit/537.36 (KHTML, like Gecko) Chrome/129.0.0.0 Safari/537.36"
154.195.148.197 - - [14/Jul/2025:14:20:14 +0000] "POST /wp-comments-post.php HTTP/1.0" 302 - "http://abl.academy/lms-wordpress-plugin/" "Mozilla/5.0 (Windows NT 10.0; Win64; x64) AppleWebKit/537.36 (KHTML, like Gecko) Chrome/129.0.0.0 Safari/537.36"
66.249.65.202 - - [14/Jul/2025:14:20:17 +0000] "GET /item/lodge31066314/ HTTP/1.1" 200 40378 "-" "Mozilla/5.0 (Linux; Android 6.0.1; Nexus 5X Build/MMB29P) AppleWebKit/537.36 (KHTML, like Gecko) Chrome/137.0.7151.103 Mobile Safari/537.36 (compatible; GoogleOther)"
66.249.65.202 - - [14/Jul/2025:14:20:23 +0000] "GET /item/convi71653942/ HTTP/1.1" 200 40235 "-" "Mozilla/5.0 (Linux; Android 6.0.1; Nexus 5X Build/MMB29P) AppleWebKit/537.36 (KHTML, like Gecko) Chrome/137.0.7151.103 Mobile Safari/537.36 (compatible; GoogleOther)"
66.249.65.202 - - [14/Jul/2025:14:20:29 +0000] "GET /item/hill21077105/ HTTP/1.1" 200 39747 "-" "Mozilla/5.0 (Linux; Android 6.0.1; Nexus 5X Build/MMB29P) AppleWebKit/537.36 (KHTML, like Gecko) Chrome/137.0.7151.103 Mobile Safari/537.36 (compatible; GoogleOther)"
66.249.65.202 - - [14/Jul/2025:14:20:34 +0000] "GET /item/ultim51930388/ HTTP/1.1" 200 40195 "-" "Mozilla/5.0 (Linux; Android 6.0.1; Nexus 5X Build/MMB29P) AppleWebKit/537.36 (KHTML, like Gecko) Chrome/137.0.7151.103 Mobile Safari/537.36 (compatible; GoogleOther)"
66.249.65.202 - - [14/Jul/2025:14:20:35 +0000] "POST /get-message-notify HTTP/1.1" 200 40357 "http://abl.academy/item/guara62770405/" "Mozilla/5.0 (Linux; Android 6.0.1; Nexus 5X Build/MMB29P) AppleWebKit/537.36 (KHTML, like Gecko) Chrome/137.0.7151.119 Mobile Safari/537.36 (compatible; Googlebot/2.1; +http://www.google.com/bot.html)"
66.249.65.202 - - [14/Jul/2025:14:20:42 +0000] "GET /item/fair51989068/ HTTP/1.1" 200 40042 "-" "Mozilla/5.0 (Linux; Android 6.0.1; Nexus 5X Build/MMB29P) AppleWebKit/537.36 (KHTML, like Gecko) Chrome/137.0.7151.103 Mobile Safari/537.36 (compatible; GoogleOther)"
66.249.65.202 - - [14/Jul/2025:14:20:48 +0000] "GET /item/cheer80261095/ HTTP/1.1" 200 40373 "-" "Mozilla/5.0 (Linux; Android 6.0.1; Nexus 5X Build/MMB29P) AppleWebKit/537.36 (KHTML, like Gecko) Chrome/137.0.7151.103 Mobile Safari/537.36 (compatible; GoogleOther)"
66.249.65.202 - - [14/Jul/2025:14:20:53 +0000] "GET /item/captu81287271/ HTTP/1.1" 200 40157 "-" "Mozilla/5.0 (Linux; Android 6.0.1; Nexus 5X Build/MMB29P) AppleWebKit/537.36 (KHTML, like Gecko) Chrome/137.0.7151.103 Mobile Safari/537.36 (compatible; GoogleOther)"
66.249.65.203 - - [14/Jul/2025:14:20:59 +0000] "GET /item/exces32358378/ HTTP/1.1" 200 40129 "-" "Mozilla/5.0 (Linux; Android 6.0.1; Nexus 5X Build/MMB29P) AppleWebKit/537.36 (KHTML, like Gecko) Chrome/137.0.7151.103 Mobile Safari/537.36 (compatible; GoogleOther)"
66.249.65.204 - - [14/Jul/2025:14:21:05 +0000] "GET /item/headq22565913/ HTTP/1.1" 200 40450 "-" "Mozilla/5.0 (Linux; Android 6.0.1; Nexus 5X Build/MMB29P) AppleWebKit/537.36 (KHTML, like Gecko) Chrome/137.0.7151.103 Mobile Safari/537.36 (compatible; GoogleOther)"
66.249.65.203 - - [14/Jul/2025:14:21:11 +0000] "GET /item/dange62328853/ HTTP/1.1" 200 41029 "-" "Mozilla/5.0 (Linux; Android 6.0.1; Nexus 5X Build/MMB29P) AppleWebKit/537.36 (KHTML, like Gecko) Chrome/137.0.7151.103 Mobile Safari/537.36 (compatible; GoogleOther)"
66.249.65.202 - - [14/Jul/2025:14:21:16 +0000] "GET /item/affai31471250/ HTTP/1.1" 200 40236 "-" "Mozilla/5.0 (Linux; Android 6.0.1; Nexus 5X Build/MMB29P) AppleWebKit/537.36 (KHTML, like Gecko) Chrome/137.0.7151.103 Mobile Safari/537.36 (compatible; GoogleOther)"
66.249.65.202 - - [14/Jul/2025:14:21:41 +0000] "GET /item/highw11814984/ HTTP/1.1" 200 39682 "-" "Mozilla/5.0 (Linux; Android 6.0.1; Nexus 5X Build/MMB29P) AppleWebKit/537.36 (KHTML, like Gecko) Chrome/137.0.7151.103 Mobile Safari/537.36 (compatible; GoogleOther)"
66.249.65.202 - - [14/Jul/2025:14:21:46 +0000] "GET /item/attem31565466/ HTTP/1.1" 200 39947 "-" "Mozilla/5.0 (Linux; Android 6.0.1; Nexus 5X Build/MMB29P) AppleWebKit/537.36 (KHTML, like Gecko) Chrome/137.0.7151.103 Mobile Safari/537.36 (compatible; GoogleOther)"
66.249.65.202 - - [14/Jul/2025:14:21:52 +0000] "GET /item/decis82085191/ HTTP/1.1" 200 39744 "-" "Mozilla/5.0 (Linux; Android 6.0.1; Nexus 5X Build/MMB29P) AppleWebKit/537.36 (KHTML, like Gecko) Chrome/137.0.7151.103 Mobile Safari/537.36 (compatible; GoogleOther)"
66.249.65.202 - - [14/Jul/2025:14:21:53 +0000] "POST /get-message-notify HTTP/1.1" 200 40379 "http://abl.academy/item/charm82318887/" "Mozilla/5.0 (Linux; Android 6.0.1; Nexus 5X Build/MMB29P) AppleWebKit/537.36 (KHTML, like Gecko) Chrome/137.0.7151.119 Mobile Safari/537.36 (compatible; Googlebot/2.1; +http://www.google.com/bot.html)"
66.249.65.203 - - [14/Jul/2025:14:23:22 +0000] "GET /item/capab51261932/ HTTP/1.1" 200 39752 "-" "Mozilla/5.0 (Linux; Android 6.0.1; Nexus 5X Build/MMB29P) AppleWebKit/537.36 (KHTML, like Gecko) Chrome/137.0.7151.103 Mobile Safari/537.36 (compatible; GoogleOther)"
66.249.65.202 - - [14/Jul/2025:14:23:28 +0000] "POST /get-message-notify HTTP/1.1" 200 40282 "http://abl.academy/item/dispo21414985/" "Mozilla/5.0 (Linux; Android 6.0.1; Nexus 5X Build/MMB29P) AppleWebKit/537.36 (KHTML, like Gecko) Chrome/137.0.7151.119 Mobile Safari/537.36 (compatible; Googlebot/2.1; +http://www.google.com/bot.html)"
66.249.65.202 - - [14/Jul/2025:14:23:54 +0000] "POST /get-message-notify HTTP/1.1" 200 40421 "http://abl.academy/item/obsta60533821/" "Mozilla/5.0 (Linux; Android 6.0.1; Nexus 5X Build/MMB29P) AppleWebKit/537.36 (KHTML, like Gecko) Chrome/137.0.7151.119 Mobile Safari/537.36 (compatible; Googlebot/2.1; +http://www.google.com/bot.html)"
66.249.65.204 - - [14/Jul/2025:14:25:21 +0000] "GET /item/log70795406/ HTTP/1.1" 200 39997 "-" "Mozilla/5.0 (Linux; Android 6.0.1; Nexus 5X Build/MMB29P) AppleWebKit/537.36 (KHTML, like Gecko) Chrome/137.0.7151.103 Mobile Safari/537.36 (compatible; GoogleOther)"
66.249.65.203 - - [14/Jul/2025:14:26:22 +0000] "POST /get-message-notify HTTP/1.1" 200 40330 "http://abl.academy/item/provi32572194/" "Mozilla/5.0 (Linux; Android 6.0.1; Nexus 5X Build/MMB29P) AppleWebKit/537.36 (KHTML, like Gecko) Chrome/137.0.7151.119 Mobile Safari/537.36 (compatible; Googlebot/2.1; +http://www.google.com/bot.html)"
66.249.65.203 - - [14/Jul/2025:14:29:18 +0000] "GET /item/extre62006525/ HTTP/1.1" 200 40610 "-" "Mozilla/5.0 (Linux; Android 6.0.1; Nexus 5X Build/MMB29P) AppleWebKit/537.36 (KHTML, like Gecko) Chrome/137.0.7151.103 Mobile Safari/537.36 (compatible; GoogleOther)"
66.249.65.204 - - [14/Jul/2025:14:31:01 +0000] "POST /get-message-notify HTTP/1.1" 200 40309 "http://abl.academy/item/radic51426252/" "Mozilla/5.0 (Linux; Android 6.0.1; Nexus 5X Build/MMB29P) AppleWebKit/537.36 (KHTML, like Gecko) Chrome/137.0.7151.119 Mobile Safari/537.36 (compatible; Googlebot/2.1; +http://www.google.com/bot.html)"
66.249.65.203 - - [14/Jul/2025:14:33:06 +0000] "GET /item/postp41931507/ HTTP/1.1" 200 41082 "-" "Mozilla/5.0 (Linux; Android 6.0.1; Nexus 5X Build/MMB29P) AppleWebKit/537.36 (KHTML, like Gecko) Chrome/137.0.7151.103 Mobile Safari/537.36 (compatible; GoogleOther)"
66.249.65.202 - - [14/Jul/2025:14:33:28 +0000] "GET /item/arise82146855/ HTTP/1.1" 200 40128 "-" "Mozilla/5.0 (Linux; Android 6.0.1; Nexus 5X Build/MMB29P) AppleWebKit/537.36 (KHTML, like Gecko) Chrome/137.0.7151.103 Mobile Safari/537.36 (compatible; GoogleOther)"
66.249.65.202 - - [14/Jul/2025:14:33:39 +0000] "GET /item/amaze12202040/ HTTP/1.1" 200 40257 "-" "Mozilla/5.0 (Linux; Android 6.0.1; Nexus 5X Build/MMB29P) AppleWebKit/537.36 (KHTML, like Gecko) Chrome/137.0.7151.103 Mobile Safari/537.36 (compatible; GoogleOther)"
66.249.65.202 - - [14/Jul/2025:14:33:57 +0000] "GET /item/vesse32083266/ HTTP/1.1" 200 39893 "-" "Mozilla/5.0 (Linux; Android 6.0.1; Nexus 5X Build/MMB29P) AppleWebKit/537.36 (KHTML, like Gecko) Chrome/137.0.7151.103 Mobile Safari/537.36 (compatible; GoogleOther)"
66.249.65.203 - - [14/Jul/2025:14:34:28 +0000] "POST /get-message-notify HTTP/1.1" 200 40375 "http://abl.academy/item/vesse32083266/" "Mozilla/5.0 (Linux; Android 6.0.1; Nexus 5X Build/MMB29P) AppleWebKit/537.36 (KHTML, like Gecko) Chrome/137.0.7151.119 Mobile Safari/537.36 (compatible; Googlebot/2.1; +http://www.google.com/bot.html)"
66.249.65.203 - - [14/Jul/2025:14:34:45 +0000] "GET /item/pillo61315597/ HTTP/1.1" 200 40050 "-" "Mozilla/5.0 (Linux; Android 6.0.1; Nexus 5X Build/MMB29P) AppleWebKit/537.36 (KHTML, like Gecko) Chrome/137.0.7151.103 Mobile Safari/537.36 (compatible; GoogleOther)"
66.249.65.202 - - [14/Jul/2025:14:34:52 +0000] "GET /item/prote11156840/ HTTP/1.1" 200 40063 "-" "Mozilla/5.0 (Linux; Android 6.0.1; Nexus 5X Build/MMB29P) AppleWebKit/537.36 (KHTML, like Gecko) Chrome/137.0.7151.103 Mobile Safari/537.36 (compatible; GoogleOther)"
66.249.65.203 - - [14/Jul/2025:14:35:34 +0000] "GET /item/nine20356897/ HTTP/1.1" 200 39835 "-" "Mozilla/5.0 (Linux; Android 6.0.1; Nexus 5X Build/MMB29P) AppleWebKit/537.36 (KHTML, like Gecko) Chrome/137.0.7151.103 Mobile Safari/537.36 (compatible; GoogleOther)"
66.249.65.203 - - [14/Jul/2025:14:36:19 +0000] "POST /get-message-notify HTTP/1.1" 200 40343 "http://abl.academy/item/guara62770405/" "Mozilla/5.0 (Linux; Android 6.0.1; Nexus 5X Build/MMB29P) AppleWebKit/537.36 (KHTML, like Gecko) Chrome/137.0.7151.119 Mobile Safari/537.36 (compatible; Googlebot/2.1; +http://www.google.com/bot.html)"
66.249.65.204 - - [14/Jul/2025:14:37:32 +0000] "GET /item/title82919703/ HTTP/1.1" 200 40061 "-" "Mozilla/5.0 (Linux; Android 6.0.1; Nexus 5X Build/MMB29P) AppleWebKit/537.36 (KHTML, like Gecko) Chrome/137.0.7151.103 Mobile Safari/537.36 (compatible; GoogleOther)"
66.249.65.202 - - [14/Jul/2025:14:38:36 +0000] "GET /item/chaos60575669/ HTTP/1.1" 200 40561 "-" "Mozilla/5.0 (Linux; Android 6.0.1; Nexus 5X Build/MMB29P) AppleWebKit/537.36 (KHTML, like Gecko) Chrome/137.0.7151.103 Mobile Safari/537.36 (compatible; GoogleOther)"
66.249.65.202 - - [14/Jul/2025:14:38:45 +0000] "POST /get-message-notify HTTP/1.1" 200 40360 "http://abl.academy/item/chaos60575669/" "Mozilla/5.0 (Linux; Android 6.0.1; Nexus 5X Build/MMB29P) AppleWebKit/537.36 (KHTML, like Gecko) Chrome/137.0.7151.119 Mobile Safari/537.36 (compatible; Googlebot/2.1; +http://www.google.com/bot.html)"
66.249.65.204 - - [14/Jul/2025:14:41:10 +0000] "GET /item/lump62882613/ HTTP/1.1" 200 40567 "-" "Mozilla/5.0 (Linux; Android 6.0.1; Nexus 5X Build/MMB29P) AppleWebKit/537.36 (KHTML, like Gecko) Chrome/137.0.7151.103 Mobile Safari/537.36 (compatible; GoogleOther)"
114.96.103.33 - - [14/Jul/2025:14:41:34 +0000] "GET / HTTP/1.1" 301 - "-" "Mozilla/5.0 (iPhone; CPU iPhone OS 13_2_3 like Mac OS X) AppleWebKit/605.1.15 (KHTML, like Gecko) Version/13.0.3 Mobile/15E148 Safari/604.1"
66.249.65.204 - - [14/Jul/2025:14:43:09 +0000] "GET /item/chris12864768/ HTTP/1.1" 200 40337 "-" "Mozilla/5.0 (Linux; Android 6.0.1; Nexus 5X Build/MMB29P) AppleWebKit/537.36 (KHTML, like Gecko) Chrome/137.0.7151.103 Mobile Safari/537.36 (compatible; GoogleOther)"
66.249.65.203 - - [14/Jul/2025:14:45:08 +0000] "GET /item/gende80598095/ HTTP/1.1" 200 40263 "-" "Mozilla/5.0 (Linux; Android 6.0.1; Nexus 5X Build/MMB29P) AppleWebKit/537.36 (KHTML, like Gecko) Chrome/137.0.7151.103 Mobile Safari/537.36 (compatible; GoogleOther)"
66.249.65.204 - - [14/Jul/2025:14:47:07 +0000] "GET /item/ban21186209/ HTTP/1.1" 200 40367 "-" "Mozilla/5.0 (Linux; Android 6.0.1; Nexus 5X Build/MMB29P) AppleWebKit/537.36 (KHTML, like Gecko) Chrome/137.0.7151.103 Mobile Safari/537.36 (compatible; GoogleOther)"
66.249.65.204 - - [14/Jul/2025:14:49:05 +0000] "GET /item/sophi60693853/ HTTP/1.1" 200 39788 "-" "Mozilla/5.0 (Linux; Android 6.0.1; Nexus 5X Build/MMB29P) AppleWebKit/537.36 (KHTML, like Gecko) Chrome/137.0.7151.103 Mobile Safari/537.36 (compatible; GoogleOther)"
66.249.65.203 - - [14/Jul/2025:14:51:05 +0000] "GET /item/pork52564828/ HTTP/1.1" 200 40206 "-" "Mozilla/5.0 (Linux; Android 6.0.1; Nexus 5X Build/MMB29P) AppleWebKit/537.36 (KHTML, like Gecko) Chrome/137.0.7151.103 Mobile Safari/537.36 (compatible; GoogleOther)"
66.249.65.202 - - [14/Jul/2025:14:55:21 +0000] "GET /item/contr61736797/ HTTP/1.1" 200 40095 "-" "Mozilla/5.0 (Linux; Android 6.0.1; Nexus 5X Build/MMB29P) AppleWebKit/537.36 (KHTML, like Gecko) Chrome/137.0.7151.103 Mobile Safari/537.36 (compatible; GoogleOther)"
5.255.231.27 - - [14/Jul/2025:14:59:30 +0000] "GET /robots.txt HTTP/1.1" 200 285 "-" "Mozilla/5.0 (compatible; YandexBot/3.0; +http://yandex.com/bots)"
5.255.231.98 - - [14/Jul/2025:14:59:31 +0000] "GET /shopdetail/469772049 HTTP/1.1" 404 9561 "-" "Mozilla/5.0 (compatible; YandexBot/3.0; +http://yandex.com/bots)"
66.249.65.204 - - [14/Jul/2025:14:59:38 +0000] "GET /item/volca82211079/ HTTP/1.1" 200 40111 "-" "Mozilla/5.0 (Linux; Android 6.0.1; Nexus 5X Build/MMB29P) AppleWebKit/537.36 (KHTML, like Gecko) Chrome/137.0.7151.103 Mobile Safari/537.36 (compatible; GoogleOther)"
209.74.77.214 - - [14/Jul/2025:15:01:48 +0000] "POST /wp-cron.php?doing_wp_cron=1752505308.4374959468841552734375 HTTP/1.1" 200 - "-" "WordPress/6.8.1; https://abl.academy"
87.250.224.235 - - [14/Jul/2025:15:01:47 +0000] "GET /shadow.php?shopdetail/59474749 HTTP/1.1" 404 9562 "-" "Mozilla/5.0 (compatible; YandexBot/3.0; +http://yandex.com/bots)"
66.249.65.204 - - [14/Jul/2025:15:02:50 +0000] "GET /item/bloss22391297/ HTTP/1.1" 200 40085 "-" "Mozilla/5.0 (Linux; Android 6.0.1; Nexus 5X Build/MMB29P) AppleWebKit/537.36 (KHTML, like Gecko) Chrome/137.0.7151.103 Mobile Safari/537.36 (compatible; GoogleOther)"
66.249.65.204 - - [14/Jul/2025:15:03:30 +0000] "GET /item/steam62268085/ HTTP/1.1" 200 41253 "-" "Mozilla/5.0 (Linux; Android 6.0.1; Nexus 5X Build/MMB29P) AppleWebKit/537.36 (KHTML, like Gecko) Chrome/137.0.7151.103 Mobile Safari/537.36 (compatible; GoogleOther)"
66.249.65.204 - - [14/Jul/2025:15:04:02 +0000] "GET /item/desce50342636/ HTTP/1.1" 200 40334 "-" "Mozilla/5.0 (Linux; Android 6.0.1; Nexus 5X Build/MMB29P) AppleWebKit/537.36 (KHTML, like Gecko) Chrome/137.0.7151.103 Mobile Safari/537.36 (compatible; GoogleOther)"
66.249.65.202 - - [14/Jul/2025:15:04:31 +0000] "GET /item/accou10418952/ HTTP/1.1" 200 39905 "-" "Mozilla/5.0 (Linux; Android 6.0.1; Nexus 5X Build/MMB29P) AppleWebKit/537.36 (KHTML, like Gecko) Chrome/137.0.7151.103 Mobile Safari/537.36 (compatible; GoogleOther)"
66.249.65.202 - - [14/Jul/2025:15:04:51 +0000] "GET /item/veget71448182/ HTTP/1.1" 200 39854 "-" "Mozilla/5.0 (Linux; Android 6.0.1; Nexus 5X Build/MMB29P) AppleWebKit/537.36 (KHTML, like Gecko) Chrome/137.0.7151.103 Mobile Safari/537.36 (compatible; GoogleOther)"
209.74.77.214 - - [14/Jul/2025:15:05:25 +0000] "POST /wp-cron.php?doing_wp_cron=1752505525.7177689075469970703125 HTTP/1.1" 200 - "-" "WordPress/6.8.1; https://abl.academy"
115.77.137.16 - - [14/Jul/2025:15:05:24 +0000] "GET /wp-json/wp/v2/posts HTTP/1.1" 200 3414 "-" "Mozilla/5.0 (Windows NT 10.0; Win64; x64) AppleWebKit/537.36 (KHTML, like Gecko) Chrome/120.0.0.0 Safari/537.36"
66.249.65.203 - - [14/Jul/2025:15:06:12 +0000] "GET /item/tale51948524/ HTTP/1.1" 200 39968 "-" "Mozilla/5.0 (Linux; Android 6.0.1; Nexus 5X Build/MMB29P) AppleWebKit/537.36 (KHTML, like Gecko) Chrome/137.0.7151.103 Mobile Safari/537.36 (compatible; GoogleOther)"
66.249.65.202 - - [14/Jul/2025:15:06:52 +0000] "GET /item/londo31229314/ HTTP/1.1" 200 39985 "-" "Mozilla/5.0 (Linux; Android 6.0.1; Nexus 5X Build/MMB29P) AppleWebKit/537.36 (KHTML, like Gecko) Chrome/137.0.7151.103 Mobile Safari/537.36 (compatible; GoogleOther)"
66.249.65.203 - - [14/Jul/2025:15:07:33 +0000] "GET /item/pract51928924/ HTTP/1.1" 200 39815 "-" "Mozilla/5.0 (Linux; Android 6.0.1; Nexus 5X Build/MMB29P) AppleWebKit/537.36 (KHTML, like Gecko) Chrome/137.0.7151.103 Mobile Safari/537.36 (compatible; GoogleOther)"
66.249.65.203 - - [14/Jul/2025:15:07:48 +0000] "POST /get-message-notify HTTP/1.1" 200 40311 "http://abl.academy/item/londo31229314/" "Mozilla/5.0 (Linux; Android 6.0.1; Nexus 5X Build/MMB29P) AppleWebKit/537.36 (KHTML, like Gecko) Chrome/137.0.7151.119 Mobile Safari/537.36 (compatible; Googlebot/2.1; +http://www.google.com/bot.html)"
66.249.65.204 - - [14/Jul/2025:15:09:33 +0000] "GET /item/frequ70118526/ HTTP/1.1" 200 41098 "-" "Mozilla/5.0 (Linux; Android 6.0.1; Nexus 5X Build/MMB29P) AppleWebKit/537.36 (KHTML, like Gecko) Chrome/137.0.7151.103 Mobile Safari/537.36 (compatible; GoogleOther)"
66.249.65.204 - - [14/Jul/2025:15:10:13 +0000] "GET /item/trian11527232/ HTTP/1.1" 200 41405 "-" "Mozilla/5.0 (Linux; Android 6.0.1; Nexus 5X Build/MMB29P) AppleWebKit/537.36 (KHTML, like Gecko) Chrome/137.0.7151.103 Mobile Safari/537.36 (compatible; GoogleOther)"
66.249.65.204 - - [14/Jul/2025:15:11:34 +0000] "GET /item/spill62667069/ HTTP/1.1" 200 41286 "-" "Mozilla/5.0 (Linux; Android 6.0.1; Nexus 5X Build/MMB29P) AppleWebKit/537.36 (KHTML, like Gecko) Chrome/137.0.7151.103 Mobile Safari/537.36 (compatible; GoogleOther)"
209.74.77.214 - - [14/Jul/2025:15:12:08 +0000] "POST /wp-cron.php?doing_wp_cron=1752505928.0925559997558593750000 HTTP/1.1" 200 - "-" "WordPress/6.8.1; https://abl.academy"
62.84.98.145 - - [14/Jul/2025:15:12:06 +0000] "GET / HTTP/1.0" 301 - "http://abl.academy/" "Mozilla/5.0 (Windows NT 10.0; Win64; x64) AppleWebKit/537.36 (KHTML, like Gecko) Chrome/131.0.0.0 Safari/537.36 Avast/131.0.0.0"
66.249.65.203 - - [14/Jul/2025:15:13:37 +0000] "GET /item/dream51529732/ HTTP/1.1" 200 40186 "-" "Mozilla/5.0 (Linux; Android 6.0.1; Nexus 5X Build/MMB29P) AppleWebKit/537.36 (KHTML, like Gecko) Chrome/137.0.7151.103 Mobile Safari/537.36 (compatible; GoogleOther)"
66.249.65.204 - - [14/Jul/2025:15:14:15 +0000] "GET /item/prono11292624/ HTTP/1.1" 200 40155 "-" "Mozilla/5.0 (Linux; Android 6.0.1; Nexus 5X Build/MMB29P) AppleWebKit/537.36 (KHTML, like Gecko) Chrome/137.0.7151.103 Mobile Safari/537.36 (compatible; GoogleOther)"
66.249.65.202 - - [14/Jul/2025:15:15:00 +0000] "GET /item/strik52883788/ HTTP/1.1" 200 40079 "-" "Mozilla/5.0 (Linux; Android 6.0.1; Nexus 5X Build/MMB29P) AppleWebKit/537.36 (KHTML, like Gecko) Chrome/137.0.7151.103 Mobile Safari/537.36 (compatible; GoogleOther)"
66.249.65.202 - - [14/Jul/2025:15:15:36 +0000] "GET /item/clini22869905/ HTTP/1.1" 200 40201 "-" "Mozilla/5.0 (Linux; Android 6.0.1; Nexus 5X Build/MMB29P) AppleWebKit/537.36 (KHTML, like Gecko) Chrome/137.0.7151.103 Mobile Safari/537.36 (compatible; GoogleOther)"
66.249.65.202 - - [14/Jul/2025:15:16:57 +0000] "GET /item/tail80012007/ HTTP/1.1" 200 39848 "-" "Mozilla/5.0 (Linux; Android 6.0.1; Nexus 5X Build/MMB29P) AppleWebKit/537.36 (KHTML, like Gecko) Chrome/137.0.7151.103 Mobile Safari/537.36 (compatible; GoogleOther)"
66.249.65.203 - - [14/Jul/2025:15:21:38 +0000] "GET /item/imagi72940454/ HTTP/1.1" 200 40146 "-" "Mozilla/5.0 (Linux; Android 6.0.1; Nexus 5X Build/MMB29P) AppleWebKit/537.36 (KHTML, like Gecko) Chrome/137.0.7151.103 Mobile Safari/537.36 (compatible; GoogleOther)"
66.249.65.204 - - [14/Jul/2025:15:22:19 +0000] "GET /item/cause42324203/ HTTP/1.1" 200 40903 "-" "Mozilla/5.0 (Linux; Android 6.0.1; Nexus 5X Build/MMB29P) AppleWebKit/537.36 (KHTML, like Gecko) Chrome/137.0.7151.103 Mobile Safari/537.36 (compatible; GoogleOther)"
66.249.65.203 - - [14/Jul/2025:15:32:50 +0000] "GET /item/seemi62534005/ HTTP/1.1" 200 40104 "-" "Mozilla/5.0 (Linux; Android 6.0.1; Nexus 5X Build/MMB29P) AppleWebKit/537.36 (KHTML, like Gecko) Chrome/137.0.7151.103 Mobile Safari/537.36 (compatible; GoogleOther)"
66.249.65.203 - - [14/Jul/2025:15:37:32 +0000] "GET /item/frict42179483/ HTTP/1.1" 200 40246 "-" "Mozilla/5.0 (Linux; Android 6.0.1; Nexus 5X Build/MMB29P) AppleWebKit/537.36 (KHTML, like Gecko) Chrome/137.0.7151.103 Mobile Safari/537.36 (compatible; GoogleOther)"
209.74.77.214 - - [14/Jul/2025:15:46:31 +0000] "POST /wp-cron.php?doing_wp_cron=1752507990.9890971183776855468750 HTTP/1.1" 200 - "-" "WordPress/6.8.1; https://abl.academy"
4.43.184.114 - - [14/Jul/2025:15:46:30 +0000] "GET / HTTP/1.0" 301 - "-" "Mozilla/4.0 (compatible; MSIE 6.0; Windows NT 5.1; SV1; .NET CLR 1.1.4322; .NET CLR 2.0.50728)"
66.249.65.203 - - [14/Jul/2025:15:46:46 +0000] "GET /item/sunri81527671/ HTTP/1.1" 200 39793 "-" "Mozilla/5.0 (Linux; Android 6.0.1; Nexus 5X Build/MMB29P) AppleWebKit/537.36 (KHTML, like Gecko) Chrome/137.0.7151.103 Mobile Safari/537.36 (compatible; GoogleOther)"
66.249.65.203 - - [14/Jul/2025:15:47:37 +0000] "GET /item/dumpl52356612/ HTTP/1.1" 200 39879 "-" "Mozilla/5.0 (Linux; Android 6.0.1; Nexus 5X Build/MMB29P) AppleWebKit/537.36 (KHTML, like Gecko) Chrome/137.0.7151.103 Mobile Safari/537.36 (compatible; GoogleOther)"
66.249.65.202 - - [14/Jul/2025:15:51:09 +0000] "GET /item/sent61139917/ HTTP/1.1" 200 40097 "-" "Mozilla/5.0 (Linux; Android 6.0.1; Nexus 5X Build/MMB29P) AppleWebKit/537.36 (KHTML, like Gecko) Chrome/137.0.7151.103 Mobile Safari/537.36 (compatible; GoogleOther)"
66.249.65.202 - - [14/Jul/2025:15:53:01 +0000] "POST /get-message-notify HTTP/1.1" 200 40312 "http://abl.academy/item/sent61139917/" "Mozilla/5.0 (Linux; Android 6.0.1; Nexus 5X Build/MMB29P) AppleWebKit/537.36 (KHTML, like Gecko) Chrome/137.0.7151.119 Mobile Safari/537.36 (compatible; Googlebot/2.1; +http://www.google.com/bot.html)"
66.249.65.204 - - [14/Jul/2025:15:55:11 +0000] "POST /get-message-notify HTTP/1.1" 200 40316 "http://abl.academy/item/frict42179483/" "Mozilla/5.0 (Linux; Android 6.0.1; Nexus 5X Build/MMB29P) AppleWebKit/537.36 (KHTML, like Gecko) Chrome/137.0.7151.119 Mobile Safari/537.36 (compatible; Googlebot/2.1; +http://www.google.com/bot.html)"
66.249.65.203 - - [14/Jul/2025:15:55:21 +0000] "GET /item/fight42085739/ HTTP/1.1" 200 39905 "-" "Mozilla/5.0 (Linux; Android 6.0.1; Nexus 5X Build/MMB29P) AppleWebKit/537.36 (KHTML, like Gecko) Chrome/137.0.7151.103 Mobile Safari/537.36 (compatible; GoogleOther)"
66.249.65.204 - - [14/Jul/2025:15:59:38 +0000] "GET /item/suck51402572/ HTTP/1.1" 200 40696 "-" "Mozilla/5.0 (Linux; Android 6.0.1; Nexus 5X Build/MMB29P) AppleWebKit/537.36 (KHTML, like Gecko) Chrome/137.0.7151.103 Mobile Safari/537.36 (compatible; GoogleOther)"
87.250.224.23 - - [14/Jul/2025:16:13:27 +0000] "GET /robots.txt HTTP/1.1" 200 285 "-" "Mozilla/5.0 (compatible; YandexBot/3.0; +http://yandex.com/bots)"
209.74.77.214 - - [14/Jul/2025:16:13:29 +0000] "POST /wp-cron.php?doing_wp_cron=1752509609.7865850925445556640625 HTTP/1.1" 200 - "-" "WordPress/6.8.1; https://abl.academy"
5.255.231.35 - - [14/Jul/2025:16:13:27 +0000] "GET /shopdetail/548267849 HTTP/1.1" 404 9561 "-" "Mozilla/5.0 (compatible; YandexBot/3.0; +http://yandex.com/bots)"
209.74.77.214 - - [14/Jul/2025:16:19:08 +0000] "POST /wp-cron.php?doing_wp_cron=1752509948.0522680282592773437500 HTTP/1.1" 200 - "-" "WordPress/6.8.1; https://abl.academy"
42.83.147.54 - - [14/Jul/2025:16:19:06 +0000] "GET / HTTP/1.1" 301 - "-" "Mozilla/5.0 (Windows NT 6.1; Win64; x64) AppleWebKit/537.36 (KHTML, like Gecko)Chrome/74.0.3729.169 Safari/537.36"
66.249.65.202 - - [14/Jul/2025:16:25:54 +0000] "GET /item/ago21797097/ HTTP/1.1" 200 40009 "-" "Mozilla/5.0 (Linux; Android 6.0.1; Nexus 5X Build/MMB29P) AppleWebKit/537.36 (KHTML, like Gecko) Chrome/137.0.7151.103 Mobile Safari/537.36 (compatible; GoogleOther)"
66.249.65.203 - - [14/Jul/2025:16:31:16 +0000] "GET /item/oh21087521/ HTTP/1.1" 200 40459 "-" "Mozilla/5.0 (Linux; Android 6.0.1; Nexus 5X Build/MMB29P) AppleWebKit/537.36 (KHTML, like Gecko) Chrome/137.0.7151.103 Mobile Safari/537.36 (compatible; GoogleOther)"
66.249.65.203 - - [14/Jul/2025:16:33:25 +0000] "GET /item/overl20718417/ HTTP/1.1" 200 40141 "-" "Mozilla/5.0 (Linux; Android 6.0.1; Nexus 5X Build/MMB29P) AppleWebKit/537.36 (KHTML, like Gecko) Chrome/137.0.7151.103 Mobile Safari/537.36 (compatible; GoogleOther)"
66.249.65.202 - - [14/Jul/2025:16:33:59 +0000] "GET /item/hallw42093715/ HTTP/1.1" 200 39916 "-" "Mozilla/5.0 (Linux; Android 6.0.1; Nexus 5X Build/MMB29P) AppleWebKit/537.36 (KHTML, like Gecko) Chrome/137.0.7151.103 Mobile Safari/537.36 (compatible; GoogleOther)"
209.74.77.214 - - [14/Jul/2025:16:45:55 +0000] "POST /wp-cron.php?doing_wp_cron=1752511555.3646919727325439453125 HTTP/1.1" 200 - "-" "WordPress/6.8.1; https://abl.academy"
205.210.31.60 - - [14/Jul/2025:16:45:53 +0000] "GET / HTTP/1.1" 301 - "-" "-"
209.74.77.214 - - [14/Jul/2025:17:07:34 +0000] "POST /wp-cron.php?doing_wp_cron=1752512854.6191720962524414062500 HTTP/1.1" 200 - "-" "WordPress/6.8.1; https://abl.academy"
157.66.56.52 - - [14/Jul/2025:17:07:33 +0000] "GET /sftp-config.json HTTP/1.1" 404 9562 "-" "Mozilla/5.0 (Macintosh; Intel Mac OS X 10.15; rv:77.0) Gecko/20100101 Firefox/77.0"
157.66.56.52 - - [14/Jul/2025:17:07:38 +0000] "GET /.vscode/sftp.json HTTP/1.1" 404 9562 "-" "Mozilla/5.0 (Macintosh; Intel Mac OS X 10.15; rv:77.0) Gecko/20100101 Firefox/77.0"
5.255.231.88 - - [14/Jul/2025:17:12:45 +0000] "GET /robots.txt HTTP/1.1" 200 285 "-" "Mozilla/5.0 (compatible; YandexBot/3.0; +http://yandex.com/bots)"
95.108.213.136 - - [14/Jul/2025:17:12:46 +0000] "GET /shopdetail/13643149 HTTP/1.1" 404 9561 "-" "Mozilla/5.0 (compatible; YandexBot/3.0; +http://yandex.com/bots)"
62.84.98.145 - - [14/Jul/2025:17:32:37 +0000] "GET / HTTP/1.0" 301 - "http://abl.academy/" "Mozilla/5.0 (Windows NT 10.0; Win64; x64) AppleWebKit/537.36 (KHTML, like Gecko) Chrome/129.0.0.0 Safari/537.36"
66.249.65.202 - - [14/Jul/2025:17:33:03 +0000] "GET /item/saddl71571342/ HTTP/1.1" 200 41276 "-" "Mozilla/5.0 (Linux; Android 6.0.1; Nexus 5X Build/MMB29P) AppleWebKit/537.36 (KHTML, like Gecko) Chrome/137.0.7151.103 Mobile Safari/537.36 (compatible; GoogleOther)"
209.74.77.214 - - [14/Jul/2025:17:44:15 +0000] "POST /wp-cron.php?doing_wp_cron=1752515055.5403969287872314453125 HTTP/1.1" 200 - "-" "WordPress/6.8.1; https://abl.academy"
212.34.141.234 - - [14/Jul/2025:17:44:14 +0000] "GET /lms-wordpress-plugin/ HTTP/1.0" 200 69372 "http://abl.academy/lms-wordpress-plugin/" "Mozilla/5.0 (Windows NT 10.0; Win64; x64) AppleWebKit/537.36 (KHTML, like Gecko) Chrome/129.0.0.0 Safari/537.36"
212.34.141.234 - - [14/Jul/2025:17:44:16 +0000] "POST /wp-comments-post.php HTTP/1.0" 302 - "http://abl.academy/lms-wordpress-plugin/" "Mozilla/5.0 (Windows NT 10.0; Win64; x64) AppleWebKit/537.36 (KHTML, like Gecko) Chrome/129.0.0.0 Safari/537.36"
209.74.77.214 - - [14/Jul/2025:17:47:05 +0000] "POST /wp-cron.php?doing_wp_cron=1752515225.5532069206237792968750 HTTP/1.1" 200 - "-" "WordPress/6.8.1; https://abl.academy"
91.84.111.146 - - [14/Jul/2025:17:47:04 +0000] "GET /lms-wordpress-plugin/ HTTP/1.0" 200 69372 "http://abl.academy/lms-wordpress-plugin/" "Mozilla/5.0 (Windows NT 10.0; Win64; x64) AppleWebKit/537.36 (KHTML, like Gecko) Chrome/131.0.0.0 Safari/537.36 Avast/131.0.0.0"
91.84.111.146 - - [14/Jul/2025:17:47:06 +0000] "POST /wp-comments-post.php HTTP/1.0" 302 - "http://abl.academy/lms-wordpress-plugin/" "Mozilla/5.0 (Windows NT 10.0; Win64; x64) AppleWebKit/537.36 (KHTML, like Gecko) Chrome/131.0.0.0 Safari/537.36 Avast/131.0.0.0"
209.74.77.214 - - [14/Jul/2025:17:51:19 +0000] "POST /wp-cron.php?doing_wp_cron=1752515479.6439700126647949218750 HTTP/1.1" 200 - "-" "WordPress/6.8.1; https://abl.academy"
154.196.49.84 - - [14/Jul/2025:17:51:17 +0000] "GET /lms-wordpress-plugin/ HTTP/1.0" 200 69372 "http://abl.academy/lms-wordpress-plugin/" "Mozilla/5.0 (Windows NT 10.0; Win64; x64) AppleWebKit/537.36 (KHTML, like Gecko) Chrome/131.0.0.0 Safari/537.36"
154.196.49.84 - - [14/Jul/2025:17:51:20 +0000] "POST /wp-comments-post.php HTTP/1.0" 302 - "http://abl.academy/lms-wordpress-plugin/" "Mozilla/5.0 (Windows NT 10.0; Win64; x64) AppleWebKit/537.36 (KHTML, like Gecko) Chrome/131.0.0.0 Safari/537.36"
45.138.16.130 - - [14/Jul/2025:17:51:41 +0000] "GET / HTTP/1.1" 301 - "-" "Mozlila/5.0 (Linux; Android 7.0; SM-G892A Bulid/NRD90M; wv) AppleWebKit/537.36 (KHTML, like Gecko) Version/4.0 Chrome/60.0.3112.107 Moblie Safari/537.36"
45.138.16.130 - - [14/Jul/2025:17:51:41 +0000] "POST /wp-plain.php HTTP/1.1" 404 44343 "www.google.com" "Mozilla/5.0 (Linux; Android 7.0; SM-G892A Bulid/NRD90M; wv) AppleWebKit/537.36 (KHTML, like Gecko) Version/4.0 Chrome/60.0.3112.107 Moblie Safari/537.36"
45.138.16.130 - - [14/Jul/2025:17:51:41 +0000] "GET /wp-content/themes/seotheme/db.php?u HTTP/1.1" 404 44349 "www.google.com" "Mozlila/5.0 (Linux; Android 7.0; SM-G892A Bulid/NRD90M; wv) AppleWebKit/537.36 (KHTML, like Gecko) Version/4.0 Chrome/60.0.3112.107 Moblie Safari/537.36"
45.138.16.130 - - [14/Jul/2025:17:51:41 +0000] "POST /ALFA_DATA/alfacgiapi/perl.alfa HTTP/1.1" 404 44272 "www.google.com" "Mozlila/5.0 (Linux; Android 7.0; SM-G892A Bulid/NRD90M; wv) AppleWebKit/537.36 (KHTML, like Gecko) Version/4.0 Chrome/60.0.3112.107 Moblie Safari/537.36"
45.138.16.130 - - [14/Jul/2025:17:51:41 +0000] "GET /wp-content/plugins/fix/up.php HTTP/1.1" 404 44343 "-" "Mozilla/5.0 (Windows NT 10.0; Win64; x64) AppleWebKit/537.36 (KHTML, like Gecko) Chrome/85.0.4183.102 Safari/537.36"
45.138.16.130 - - [14/Jul/2025:17:51:42 +0000] "GET /wpuetgzp.php?Fox=d3wL7 HTTP/1.1" 404 44343 "www.google.com" "Mozilla/5.0 (Linux; Android 7.0; SM-G892A Bulid/NRD90M; wv) AppleWebKit/537.36 (KHTML, like Gecko) Version/4.0 Chrome/60.0.3112.107 Moblie Safari/537.36"
45.138.16.130 - - [14/Jul/2025:17:51:43 +0000] "POST /alfacgiapi/perl.alfa HTTP/1.1" 404 44272 "www.google.com" "Mozlila/5.0 (Linux; Android 7.0; SM-G892A Bulid/NRD90M; wv) AppleWebKit/537.36 (KHTML, like Gecko) Version/4.0 Chrome/60.0.3112.107 Moblie Safari/537.36"
209.74.77.214 - - [14/Jul/2025:18:21:20 +0000] "POST /wp-cron.php?doing_wp_cron=1752517280.7386460304260253906250 HTTP/1.1" 200 - "-" "WordPress/6.8.1; https://abl.academy"
43.153.96.79 - - [14/Jul/2025:18:21:18 +0000] "GET / HTTP/1.1" 301 - "-" "Mozilla/5.0 (iPhone; CPU iPhone OS 13_2_3 like Mac OS X) AppleWebKit/605.1.15 (KHTML, like Gecko) Version/13.0.3 Mobile/15E148 Safari/604.1"
66.249.65.202 - - [14/Jul/2025:18:21:46 +0000] "GET /item/gin41395979/ HTTP/1.1" 200 39979 "-" "Mozilla/5.0 (Linux; Android 6.0.1; Nexus 5X Build/MMB29P) AppleWebKit/537.36 (KHTML, like Gecko) Chrome/137.0.7151.103 Mobile Safari/537.36 (compatible; GoogleOther)"
5.255.231.153 - - [14/Jul/2025:18:28:57 +0000] "GET /robots.txt HTTP/1.1" 200 285 "-" "Mozilla/5.0 (compatible; YandexBot/3.0; +http://yandex.com/bots)"
209.74.77.214 - - [14/Jul/2025:18:29:00 +0000] "POST /wp-cron.php?doing_wp_cron=1752517740.2770419120788574218750 HTTP/1.1" 200 - "-" "WordPress/6.8.1; https://abl.academy"
87.250.224.125 - - [14/Jul/2025:18:28:58 +0000] "GET /shopdetail/402507949 HTTP/1.1" 404 9561 "-" "Mozilla/5.0 (compatible; YandexBot/3.0; +http://yandex.com/bots)"
66.249.65.204 - - [14/Jul/2025:18:30:27 +0000] "GET /item/leadi51571468/ HTTP/1.1" 200 39989 "-" "Mozilla/5.0 (Linux; Android 6.0.1; Nexus 5X Build/MMB29P) AppleWebKit/537.36 (KHTML, like Gecko) Chrome/137.0.7151.103 Mobile Safari/537.36 (compatible; Googlebot/2.1; +http://www.google.com/bot.html)"
66.249.65.203 - - [14/Jul/2025:18:30:42 +0000] "GET /item/relea72962342/ HTTP/1.1" 200 40009 "-" "Mozilla/5.0 (Linux; Android 6.0.1; Nexus 5X Build/MMB29P) AppleWebKit/537.36 (KHTML, like Gecko) Chrome/137.0.7151.103 Mobile Safari/537.36 (compatible; Googlebot/2.1; +http://www.google.com/bot.html)"
66.249.65.202 - - [14/Jul/2025:18:30:57 +0000] "GET /item/signa51129828/ HTTP/1.1" 200 40076 "-" "Mozilla/5.0 (Linux; Android 6.0.1; Nexus 5X Build/MMB29P) AppleWebKit/537.36 (KHTML, like Gecko) Chrome/137.0.7151.103 Mobile Safari/537.36 (compatible; Googlebot/2.1; +http://www.google.com/bot.html)"
66.249.65.204 - - [14/Jul/2025:18:31:11 +0000] "GET /item/zone80242967/ HTTP/1.1" 200 40702 "-" "Mozilla/5.0 (Linux; Android 6.0.1; Nexus 5X Build/MMB29P) AppleWebKit/537.36 (KHTML, like Gecko) Chrome/137.0.7151.103 Mobile Safari/537.36 (compatible; Googlebot/2.1; +http://www.google.com/bot.html)"
209.74.77.214 - - [14/Jul/2025:18:46:57 +0000] "POST /wp-cron.php?doing_wp_cron=1752518817.0145480632781982421875 HTTP/1.1" 200 - "-" "WordPress/6.8.1; https://abl.academy"
49.51.253.26 - - [14/Jul/2025:18:46:55 +0000] "GET / HTTP/1.1" 301 - "-" "Mozilla/5.0 (iPhone; CPU iPhone OS 13_2_3 like Mac OS X) AppleWebKit/605.1.15 (KHTML, like Gecko) Version/13.0.3 Mobile/15E148 Safari/604.1"
