66.249.65.199 - - [14/Jul/2025:13:15:52 +0000] "GET /kaden.html HTTP/1.1" 200 40369 "-" "Mozilla/5.0 (Linux; Android 6.0.1; Nexus 5X Build/MMB29P) AppleWebKit/537.36 (KHTML, like Gecko) Chrome/137.0.7151.103 Mobile Safari/537.36 (compatible; Googlebot/2.1; +http://www.google.com/bot.html)"
5.255.231.195 - - [14/Jul/2025:13:15:52 +0000] "GET /item/beach61353133/ HTTP/1.1" 404 9553 "-" "Mozilla/5.0 (compatible; YandexBot/3.0; +http://yandex.com/bots)"
209.74.77.214 - - [14/Jul/2025:13:16:06 +0000] "POST /wp-cron.php?doing_wp_cron=1752498966.0111360549926757812500 HTTP/1.1" 200 - "-" "WordPress/6.8.1; https://abl.academy"
213.180.203.217 - - [14/Jul/2025:13:16:05 +0000] "GET /item/air10744680/ HTTP/1.1" 404 9553 "-" "Mozilla/5.0 (compatible; YandexBot/3.0; +http://yandex.com/bots)"
209.74.77.214 - - [14/Jul/2025:13:16:22 +0000] "POST /wp-cron.php?doing_wp_cron=1752498982.9802908897399902343750 HTTP/1.1" 200 - "-" "WordPress/6.8.1; https://abl.academy"
5.255.231.33 - - [14/Jul/2025:13:16:22 +0000] "GET /item/desig51345364/ HTTP/1.1" 404 9553 "-" "Mozilla/5.0 (compatible; YandexBot/3.0; +http://yandex.com/bots)"
87.250.224.4 - - [14/Jul/2025:13:16:23 +0000] "GET /item/sake82695391/ HTTP/1.1" 404 9553 "-" "Mozilla/5.0 (compatible; YandexBot/3.0; +http://yandex.com/bots)"
87.250.224.8 - - [14/Jul/2025:13:16:29 +0000] "GET /item/chip72213446/ HTTP/1.1" 404 9553 "-" "Mozilla/5.0 (compatible; YandexBot/3.0; +http://yandex.com/bots) AppleWebKit/537.36 (KHTML, like Gecko) Chrome/108.0.0.0"
87.250.224.247 - - [14/Jul/2025:13:16:38 +0000] "GET /item/britt31215538/ HTTP/1.1" 404 9553 "-" "Mozilla/5.0 (compatible; YandexBot/3.0; +http://yandex.com/bots)"
213.180.203.73 - - [14/Jul/2025:13:16:51 +0000] "GET /item/mecha31406218/ HTTP/1.1" 404 9553 "-" "Mozilla/5.0 (compatible; YandexBot/3.0; +http://yandex.com/bots)"
209.74.77.214 - - [14/Jul/2025:13:16:57 +0000] "POST /wp-cron.php?doing_wp_cron=1752499017.0608038902282714843750 HTTP/1.1" 200 - "-" "WordPress/6.8.1; https://abl.academy"
95.108.213.124 - - [14/Jul/2025:13:16:56 +0000] "GET /item/tone32850658/ HTTP/1.1" 404 9553 "-" "Mozilla/5.0 (compatible; YandexBot/3.0; +http://yandex.com/bots)"
209.74.77.214 - - [14/Jul/2025:13:17:33 +0000] "POST /wp-cron.php?doing_wp_cron=1752499052.9893290996551513671875 HTTP/1.1" 200 - "-" "WordPress/6.8.1; https://abl.academy"
213.180.203.172 - - [14/Jul/2025:13:17:32 +0000] "GET /item/hale42559843/ HTTP/1.1" 404 9553 "-" "Mozilla/5.0 (compatible; YandexBot/3.0; +http://yandex.com/bots)"
209.74.77.214 - - [14/Jul/2025:13:18:48 +0000] "POST /wp-cron.php?doing_wp_cron=1752499128.5329720973968505859375 HTTP/1.1" 200 - "-" "WordPress/6.8.1; https://abl.academy"
87.250.224.15 - - [14/Jul/2025:13:18:47 +0000] "GET /item/body32104818/ HTTP/1.1" 404 9553 "-" "Mozilla/5.0 (compatible; YandexBot/3.0; +http://yandex.com/bots)"
209.74.77.214 - - [14/Jul/2025:13:19:17 +0000] "POST /wp-cron.php?doing_wp_cron=1752499157.4143838882446289062500 HTTP/1.1" 200 - "-" "WordPress/6.8.1; https://abl.academy"
43.157.95.131 - - [14/Jul/2025:13:19:17 +0000] "GET /product/bag-fabric/ HTTP/1.1" 200 30150 "-" "Mozilla/5.0 (iPhone; CPU iPhone OS 13_2_3 like Mac OS X) AppleWebKit/605.1.15 (KHTML, like Gecko) Version/13.0.3 Mobile/15E148 Safari/604.1"
213.180.203.97 - - [14/Jul/2025:13:19:17 +0000] "GET /item/wet72080062/ HTTP/1.1" 404 9553 "-" "Mozilla/5.0 (compatible; YandexBot/3.0; +http://yandex.com/bots)"
213.180.203.98 - - [14/Jul/2025:13:19:40 +0000] "GET /item/choic81388143/ HTTP/1.1" 404 9553 "-" "Mozilla/5.0 (compatible; YandexBot/3.0; +http://yandex.com/bots)"
213.180.203.200 - - [14/Jul/2025:13:19:42 +0000] "GET /item/dishw22786297/ HTTP/1.1" 404 9553 "-" "Mozilla/5.0 (compatible; YandexBot/3.0; +http://yandex.com/bots)"
209.74.77.214 - - [14/Jul/2025:13:20:10 +0000] "POST /wp-cron.php?doing_wp_cron=1752499210.4050469398498535156250 HTTP/1.1" 200 - "-" "WordPress/6.8.1; https://abl.academy"
213.180.203.191 - - [14/Jul/2025:13:20:10 +0000] "GET /item/teal21591897/ HTTP/1.1" 404 9553 "-" "Mozilla/5.0 (compatible; YandexBot/3.0; +http://yandex.com/bots)"
139.59.41.32 - - [14/Jul/2025:13:21:18 +0000] "GET / HTTP/1.1" 200 9696 "-" "Mozilla/5.0 (X11; Linux x86_64) AppleWebKit/537.36 (KHTML, like Gecko) Chrome/137.0.0.0 Safari/537.36"
139.59.41.32 - - [14/Jul/2025:13:21:24 +0000] "GET /wp-content/uploads/2024/06/cropped-ABL-Favicon-32x32.png HTTP/1.1" 200 696 "https://abl.academy/" "Mozilla/5.0 (X11; Linux x86_64) AppleWebKit/537.36 (KHTML, like Gecko) Chrome/137.0.0.0 Safari/537.36"
54.78.115.243 - - [14/Jul/2025:13:21:29 +0000] "POST /xmlrpc.php HTTP/1.1" 200 403 "-" "Mozilla/5.0 (Windows NT 10.0; Win64; x64) AppleWebKit/537.36 (KHTML, like Gecko) Chrome/90.0.4430.93 Safari/537.36"
91.121.36.122 - - [14/Jul/2025:13:21:35 +0000] "POST /xmlrpc.php HTTP/1.1" 200 403 "-" "Mozilla/5.0 (Windows NT 10.0; Win64; x64) AppleWebKit/537.36 (KHTML, like Gecko) Chrome/63.0.3239.132 Safari/537.36"
54.78.115.243 - - [14/Jul/2025:13:21:35 +0000] "POST /xmlrpc.php HTTP/1.1" 200 403 "-" "Mozilla/5.0 (Linux; Android 10; LM-X420) AppleWebKit/537.36 (KHTML, like Gecko) Chrome/91.0.4472.114 Mobile Safari/537.36"
77.55.253.213 - - [14/Jul/2025:13:21:39 +0000] "POST /xmlrpc.php HTTP/1.1" 200 403 "-" "Mozilla/5.0 (Windows NT 10.0; Win64; x64; rv:88.0) Gecko/20100101 Firefox/88.0"
213.180.203.16 - - [14/Jul/2025:13:21:40 +0000] "GET /item/serb70827918/ HTTP/1.1" 404 9552 "-" "Mozilla/5.0 (compatible; YandexBot/3.0; +http://yandex.com/bots)"
176.88.119.194 - - [14/Jul/2025:13:21:48 +0000] "POST /xmlrpc.php HTTP/1.1" 200 403 "-" "Mozilla/5.0 (Windows; U; Windows NT 5.1; en-US; rv:1.7.5) Gecko/20041107 Firefox/1.0"
62.72.46.56 - - [14/Jul/2025:13:21:54 +0000] "POST /xmlrpc.php HTTP/1.1" 200 403 "-" "Mozilla/5.0 (Windows; U; Windows NT 5.1; en-US; rv:1.7.12) Gecko/20050915 Firefox/1.0.7"
209.74.77.214 - - [14/Jul/2025:13:22:07 +0000] "POST /wp-cron.php?doing_wp_cron=1752499327.0054581165313720703125 HTTP/1.1" 200 - "-" "WordPress/6.8.1; https://abl.academy"
5.255.231.195 - - [14/Jul/2025:13:22:06 +0000] "GET /item/socio62079813/ HTTP/1.1" 404 9553 "-" "Mozilla/5.0 (compatible; YandexBot/3.0; +http://yandex.com/bots)"
54.78.115.243 - - [14/Jul/2025:13:22:08 +0000] "POST /xmlrpc.php HTTP/1.1" 200 403 "-" "Mozilla/5.0 (Windows NT 10.0; Win64; x64) AppleWebKit/537.36 (KHTML, like Gecko) Chrome/84.0.4147.135 Safari/537.36"
209.74.77.214 - - [14/Jul/2025:13:22:13 +0000] "POST /wp-cron.php?doing_wp_cron=1752499333.0644600391387939453125 HTTP/1.1" 200 - "-" "WordPress/6.8.1; https://abl.academy"
213.180.203.217 - - [14/Jul/2025:13:22:12 +0000] "GET /item/gray50574836/ HTTP/1.1" 404 9553 "-" "Mozilla/5.0 (compatible; YandexBot/3.0; +http://yandex.com/bots)"
54.78.115.243 - - [14/Jul/2025:13:22:21 +0000] "POST /xmlrpc.php HTTP/1.1" 200 403 "-" "Mozilla/5.0 (Windows NT 10.0; Win64; x64) AppleWebKit/537.36 (KHTML, like Gecko) Chrome/80.0.3987.149 Safari/537.36"
5.255.231.33 - - [14/Jul/2025:13:22:47 +0000] "GET /item/faint51766740/ HTTP/1.1" 404 9553 "-" "Mozilla/5.0 (compatible; YandexBot/3.0; +http://yandex.com/bots)"
87.250.224.4 - - [14/Jul/2025:13:22:51 +0000] "GET /item/preve32557114/ HTTP/1.1" 404 9553 "-" "Mozilla/5.0 (compatible; YandexBot/3.0; +http://yandex.com/bots)"
209.74.77.214 - - [14/Jul/2025:13:23:13 +0000] "POST /wp-cron.php?doing_wp_cron=1752499393.0983700752258300781250 HTTP/1.1" 200 - "-" "WordPress/6.8.1; https://abl.academy"
87.250.224.8 - - [14/Jul/2025:13:23:13 +0000] "GET /item/hills60866957/ HTTP/1.1" 404 9553 "-" "Mozilla/5.0 (compatible; YandexBot/3.0; +http://yandex.com/bots)"
87.250.224.247 - - [14/Jul/2025:13:23:39 +0000] "GET /item/rap32743882/ HTTP/1.1" 404 9553 "-" "Mozilla/5.0 (compatible; YandexBot/3.0; +http://yandex.com/bots)"
213.180.203.73 - - [14/Jul/2025:13:23:41 +0000] "GET /item/sea81668759/ HTTP/1.1" 404 9553 "-" "Mozilla/5.0 (compatible; YandexBot/3.0; +http://yandex.com/bots)"
209.74.77.214 - - [14/Jul/2025:13:23:58 +0000] "POST /wp-cron.php?doing_wp_cron=1752499438.7034060955047607421875 HTTP/1.1" 200 - "-" "WordPress/6.8.1; https://abl.academy"
95.108.213.124 - - [14/Jul/2025:13:23:58 +0000] "GET /item/inven42620275/ HTTP/1.1" 404 9553 "-" "Mozilla/5.0 (compatible; YandexBot/3.0; +http://yandex.com/bots)"
209.74.77.214 - - [14/Jul/2025:13:24:23 +0000] "POST /wp-cron.php?doing_wp_cron=1752499463.2393438816070556640625 HTTP/1.1" 200 - "-" "WordPress/6.8.1; https://abl.academy"
213.180.203.172 - - [14/Jul/2025:13:24:23 +0000] "GET /item/level60600573/ HTTP/1.1" 404 9553 "-" "Mozilla/5.0 (compatible; YandexBot/3.0; +http://yandex.com/bots)"
87.250.224.15 - - [14/Jul/2025:13:24:24 +0000] "GET /item/third62397221/ HTTP/1.1" 404 9552 "-" "Mozilla/5.0 (compatible; YandexBot/3.0; +http://yandex.com/bots)"
213.180.203.97 - - [14/Jul/2025:13:24:36 +0000] "GET /item/oppre82650799/ HTTP/1.1" 404 9553 "-" "Mozilla/5.0 (compatible; YandexBot/3.0; +http://yandex.com/bots) AppleWebKit/537.36 (KHTML, like Gecko) Chrome/108.0.0.0"
209.74.77.214 - - [14/Jul/2025:13:25:14 +0000] "POST /wp-cron.php?doing_wp_cron=1752499514.6868250370025634765625 HTTP/1.1" 200 - "-" "WordPress/6.8.1; https://abl.academy"
213.180.203.98 - - [14/Jul/2025:13:25:13 +0000] "GET /item/amate10091720/ HTTP/1.1" 404 9553 "-" "Mozilla/5.0 (compatible; YandexBot/3.0; +http://yandex.com/bots)"
213.180.203.200 - - [14/Jul/2025:13:25:19 +0000] "GET /item/equat61219213/ HTTP/1.1" 404 9553 "-" "Mozilla/5.0 (compatible; YandexBot/3.0; +http://yandex.com/bots) AppleWebKit/537.36 (KHTML, like Gecko) Chrome/108.0.0.0"
213.180.203.191 - - [14/Jul/2025:13:25:28 +0000] "GET /item/heave70928966/ HTTP/1.1" 404 9553 "-" "Mozilla/5.0 (compatible; YandexBot/3.0; +http://yandex.com/bots)"
209.74.77.214 - - [14/Jul/2025:13:26:01 +0000] "POST /wp-cron.php?doing_wp_cron=1752499561.7177319526672363281250 HTTP/1.1" 200 - "-" "WordPress/6.8.1; https://abl.academy"
213.180.203.16 - - [14/Jul/2025:13:26:00 +0000] "GET /item/beach61353133/ HTTP/1.1" 404 9553 "-" "Mozilla/5.0 (compatible; YandexBot/3.0; +http://yandex.com/bots)"
209.74.77.214 - - [14/Jul/2025:13:26:15 +0000] "POST /wp-cron.php?doing_wp_cron=1752499575.8826720714569091796875 HTTP/1.1" 200 - "-" "WordPress/6.8.1; https://abl.academy"
5.255.231.195 - - [14/Jul/2025:13:26:15 +0000] "GET /item/youth82698479/ HTTP/1.1" 404 9553 "-" "Mozilla/5.0 (compatible; YandexBot/3.0; +http://yandex.com/bots)"
209.74.77.214 - - [14/Jul/2025:13:26:57 +0000] "POST /wp-cron.php?doing_wp_cron=1752499617.7534470558166503906250 HTTP/1.1" 200 - "-" "WordPress/6.8.1; https://abl.academy"
5.255.231.33 - - [14/Jul/2025:13:26:56 +0000] "GET /item/buy20533761/ HTTP/1.1" 404 9553 "-" "Mozilla/5.0 (compatible; YandexBot/3.0; +http://yandex.com/bots)"
213.180.203.217 - - [14/Jul/2025:13:26:56 +0000] "GET /item/burde30894042/ HTTP/1.1" 404 9553 "-" "Mozilla/5.0 (compatible; YandexBot/3.0; +http://yandex.com/bots)"
209.74.77.214 - - [14/Jul/2025:13:27:39 +0000] "POST /wp-cron.php?doing_wp_cron=1752499659.3417921066284179687500 HTTP/1.1" 200 - "-" "WordPress/6.8.1; https://abl.academy"
87.250.224.4 - - [14/Jul/2025:13:27:37 +0000] "GET /item/disco30196082/ HTTP/1.1" 404 9553 "-" "Mozilla/5.0 (compatible; YandexBot/3.0; +http://yandex.com/bots)"
209.74.77.214 - - [14/Jul/2025:13:28:00 +0000] "POST /wp-cron.php?doing_wp_cron=1752499680.0489370822906494140625 HTTP/1.1" 200 - "-" "WordPress/6.8.1; https://abl.academy"
87.250.224.8 - - [14/Jul/2025:13:27:59 +0000] "GET /item/date52892756/ HTTP/1.1" 404 9553 "-" "Mozilla/5.0 (compatible; YandexBot/3.0; +http://yandex.com/bots)"
87.250.224.247 - - [14/Jul/2025:13:28:09 +0000] "GET /item/sake82695391/ HTTP/1.1" 404 9553 "-" "Mozilla/5.0 (compatible; YandexBot/3.0; +http://yandex.com/bots)"
51.222.253.4 - - [14/Jul/2025:13:29:07 +0000] "GET /sitemapa.xml HTTP/1.1" 200 11950 "-" "Mozilla/5.0 (compatible; AhrefsBot/7.0; +http://ahrefs.com/robot/)"
209.74.77.214 - - [14/Jul/2025:13:29:25 +0000] "POST /wp-cron.php?doing_wp_cron=1752499765.0229771137237548828125 HTTP/1.1" 200 - "-" "WordPress/6.8.1; https://abl.academy"
213.180.203.73 - - [14/Jul/2025:13:29:24 +0000] "GET /item/gallo42599355/ HTTP/1.1" 404 9553 "-" "Mozilla/5.0 (compatible; YandexBot/3.0; +http://yandex.com/bots)"
95.108.213.124 - - [14/Jul/2025:13:29:32 +0000] "GET /item/socie10172192/ HTTP/1.1" 404 9553 "-" "Mozilla/5.0 (compatible; YandexBot/3.0; +http://yandex.com/bots)"
213.180.203.172 - - [14/Jul/2025:13:29:40 +0000] "GET /item/panel71050742/ HTTP/1.1" 404 9553 "-" "Mozilla/5.0 (compatible; YandexBot/3.0; +http://yandex.com/bots)"
87.250.224.15 - - [14/Jul/2025:13:29:43 +0000] "GET /item/push22380697/ HTTP/1.1" 404 9553 "-" "Mozilla/5.0 (compatible; YandexBot/3.0; +http://yandex.com/bots)"
213.180.203.97 - - [14/Jul/2025:13:29:43 +0000] "GET /item/his81088319/ HTTP/1.1" 404 9553 "-" "Mozilla/5.0 (compatible; YandexBot/3.0; +http://yandex.com/bots)"
213.180.203.98 - - [14/Jul/2025:13:29:51 +0000] "GET /item/dag61371941/ HTTP/1.1" 404 9553 "-" "Mozilla/5.0 (compatible; YandexBot/3.0; +http://yandex.com/bots)"
209.74.77.214 - - [14/Jul/2025:13:30:25 +0000] "POST /wp-cron.php?doing_wp_cron=1752499825.6812250614166259765625 HTTP/1.1" 200 - "-" "WordPress/6.8.1; https://abl.academy"
213.180.203.200 - - [14/Jul/2025:13:30:24 +0000] "GET /item/teles31895234/ HTTP/1.1" 404 9553 "-" "Mozilla/5.0 (compatible; YandexBot/3.0; +http://yandex.com/bots)"
213.180.203.191 - - [14/Jul/2025:13:30:35 +0000] "GET /item/by80633151/ HTTP/1.1" 404 9553 "-" "Mozilla/5.0 (compatible; YandexBot/3.0; +http://yandex.com/bots)"
209.74.77.214 - - [14/Jul/2025:13:30:56 +0000] "POST /wp-cron.php?doing_wp_cron=1752499856.3301649093627929687500 HTTP/1.1" 200 - "-" "WordPress/6.8.1; https://abl.academy"
213.180.203.16 - - [14/Jul/2025:13:30:56 +0000] "GET /item/parce62694869/ HTTP/1.1" 404 9553 "-" "Mozilla/5.0 (compatible; YandexBot/3.0; +http://yandex.com/bots)"
5.255.231.195 - - [14/Jul/2025:13:31:11 +0000] "GET /item/praye61011677/ HTTP/1.1" 404 9553 "-" "Mozilla/5.0 (compatible; YandexBot/3.0; +http://yandex.com/bots)"
209.74.77.214 - - [14/Jul/2025:13:31:24 +0000] "POST /wp-cron.php?doing_wp_cron=1752499884.3422179222106933593750 HTTP/1.1" 200 - "-" "WordPress/6.8.1; https://abl.academy"
213.180.203.217 - - [14/Jul/2025:13:31:24 +0000] "GET /item/youth82698479/ HTTP/1.1" 404 9553 "-" "Mozilla/5.0 (compatible; YandexBot/3.0; +http://yandex.com/bots)"
43.153.204.189 - - [14/Jul/2025:13:31:49 +0000] "GET /product/cup-crown-pattern/feed/ HTTP/1.1" 200 438 "-" "Mozilla/5.0 (iPhone; CPU iPhone OS 13_2_3 like Mac OS X) AppleWebKit/605.1.15 (KHTML, like Gecko) Version/13.0.3 Mobile/15E148 Safari/604.1"
209.74.77.214 - - [14/Jul/2025:13:32:23 +0000] "POST /wp-cron.php?doing_wp_cron=1752499943.2683789730072021484375 HTTP/1.1" 200 - "-" "WordPress/6.8.1; https://abl.academy"
5.255.231.33 - - [14/Jul/2025:13:32:21 +0000] "GET /item/writi82799727/ HTTP/1.1" 404 9553 "-" "Mozilla/5.0 (compatible; YandexBot/3.0; +http://yandex.com/bots)"
87.250.224.4 - - [14/Jul/2025:13:32:36 +0000] "GET /item/snack21934081/ HTTP/1.1" 404 9553 "-" "Mozilla/5.0 (compatible; YandexBot/3.0; +http://yandex.com/bots)"
87.250.224.8 - - [14/Jul/2025:13:32:41 +0000] "GET /item/veter10671368/ HTTP/1.1" 404 9553 "-" "Mozilla/5.0 (compatible; YandexBot/3.0; +http://yandex.com/bots)"
87.250.224.247 - - [14/Jul/2025:13:32:53 +0000] "GET /item/alloc81347687/ HTTP/1.1" 404 9553 "-" "Mozilla/5.0 (compatible; YandexBot/3.0; +http://yandex.com/bots)"
209.74.77.214 - - [14/Jul/2025:13:32:56 +0000] "POST /wp-cron.php?doing_wp_cron=1752499976.9775741100311279296875 HTTP/1.1" 200 - "-" "WordPress/6.8.1; https://abl.academy"
213.180.203.73 - - [14/Jul/2025:13:32:56 +0000] "GET /item/choco21056977/ HTTP/1.1" 404 9553 "-" "Mozilla/5.0 (compatible; YandexBot/3.0; +http://yandex.com/bots)"
209.74.77.214 - - [14/Jul/2025:13:33:12 +0000] "POST /wp-cron.php?doing_wp_cron=1752499992.0143239498138427734375 HTTP/1.1" 200 - "-" "WordPress/6.8.1; https://abl.academy"
95.108.213.124 - - [14/Jul/2025:13:33:11 +0000] "GET /item/weath61548333/ HTTP/1.1" 404 9553 "-" "Mozilla/5.0 (compatible; YandexBot/3.0; +http://yandex.com/bots)"
213.180.203.172 - - [14/Jul/2025:13:33:17 +0000] "GET /item/halt61663581/ HTTP/1.1" 404 9553 "-" "Mozilla/5.0 (compatible; YandexBot/3.0; +http://yandex.com/bots)"
209.74.77.214 - - [14/Jul/2025:13:34:01 +0000] "POST /wp-cron.php?doing_wp_cron=1752500041.4203889369964599609375 HTTP/1.1" 200 - "-" "WordPress/6.8.1; https://abl.academy"
87.250.224.15 - - [14/Jul/2025:13:33:59 +0000] "GET /item/brook50594508/ HTTP/1.1" 404 9553 "-" "Mozilla/5.0 (compatible; YandexBot/3.0; +http://yandex.com/bots)"
209.74.77.214 - - [14/Jul/2025:13:34:15 +0000] "POST /wp-cron.php?doing_wp_cron=1752500055.1159720420837402343750 HTTP/1.1" 200 - "-" "WordPress/6.8.1; https://abl.academy"
213.180.203.97 - - [14/Jul/2025:13:34:15 +0000] "GET /item/coke41640083/ HTTP/1.1" 404 9553 "-" "Mozilla/5.0 (compatible; YandexBot/3.0; +http://yandex.com/bots)"
213.180.203.98 - - [14/Jul/2025:13:34:30 +0000] "GET /item/ball62269037/ HTTP/1.1" 404 9553 "-" "Mozilla/5.0 (compatible; YandexBot/3.0; +http://yandex.com/bots)"
209.74.77.214 - - [14/Jul/2025:13:35:46 +0000] "POST /wp-cron.php?doing_wp_cron=1752500146.6049809455871582031250 HTTP/1.1" 200 - "-" "WordPress/6.8.1; https://abl.academy"
213.180.203.200 - - [14/Jul/2025:13:35:45 +0000] "GET /item/chip72213446/ HTTP/1.1" 404 9553 "-" "Mozilla/5.0 (compatible; YandexBot/3.0; +http://yandex.com/bots) AppleWebKit/537.36 (KHTML, like Gecko) Chrome/108.0.0.0"
209.74.77.214 - - [14/Jul/2025:13:36:29 +0000] "POST /wp-cron.php?doing_wp_cron=1752500189.1310949325561523437500 HTTP/1.1" 200 - "-" "WordPress/6.8.1; https://abl.academy"
213.180.203.191 - - [14/Jul/2025:13:36:27 +0000] "GET /item/list52840620/ HTTP/1.1" 404 9553 "-" "Mozilla/5.0 (compatible; YandexBot/3.0; +http://yandex.com/bots) AppleWebKit/537.36 (KHTML, like Gecko) Chrome/108.0.0.0"
209.74.77.214 - - [14/Jul/2025:13:37:14 +0000] "POST /wp-cron.php?doing_wp_cron=1752500234.2232630252838134765625 HTTP/1.1" 200 - "-" "WordPress/6.8.1; https://abl.academy"
213.180.203.16 - - [14/Jul/2025:13:37:12 +0000] "GET /item/hale42559843/ HTTP/1.1" 404 9553 "-" "Mozilla/5.0 (compatible; YandexBot/3.0; +http://yandex.com/bots)"
5.255.231.195 - - [14/Jul/2025:13:37:46 +0000] "GET /item/histo40884619/ HTTP/1.1" 404 9553 "-" "Mozilla/5.0 (compatible; YandexBot/3.0; +http://yandex.com/bots) AppleWebKit/537.36 (KHTML, like Gecko) Chrome/108.0.0.0"
209.74.77.214 - - [14/Jul/2025:13:38:01 +0000] "POST /wp-cron.php?doing_wp_cron=1752500281.9466118812561035156250 HTTP/1.1" 200 - "-" "WordPress/6.8.1; https://abl.academy"
213.180.203.217 - - [14/Jul/2025:13:38:01 +0000] "GET /item/pilla30655178/ HTTP/1.1" 404 9553 "-" "Mozilla/5.0 (compatible; YandexBot/3.0; +http://yandex.com/bots)"
209.74.77.214 - - [14/Jul/2025:13:38:23 +0000] "POST /wp-cron.php?doing_wp_cron=1752500303.9374139308929443359375 HTTP/1.1" 200 - "-" "WordPress/6.8.1; https://abl.academy"
5.255.231.33 - - [14/Jul/2025:13:38:23 +0000] "GET /item/green12588832/ HTTP/1.1" 404 9553 "-" "Mozilla/5.0 (compatible; YandexBot/3.0; +http://yandex.com/bots)"
87.250.224.4 - - [14/Jul/2025:13:38:28 +0000] "GET /item/park52832540/ HTTP/1.1" 404 9553 "-" "Mozilla/5.0 (compatible; YandexBot/3.0; +http://yandex.com/bots)"
87.250.224.8 - - [14/Jul/2025:13:38:32 +0000] "GET /item/arran30842130/ HTTP/1.1" 404 9553 "-" "Mozilla/5.0 (compatible; YandexBot/3.0; +http://yandex.com/bots) AppleWebKit/537.36 (KHTML, like Gecko) Chrome/108.0.0.0"
209.74.77.214 - - [14/Jul/2025:13:39:02 +0000] "POST /wp-cron.php?doing_wp_cron=1752500342.1143620014190673828125 HTTP/1.1" 200 - "-" "WordPress/6.8.1; https://abl.academy"
87.250.224.247 - - [14/Jul/2025:13:39:01 +0000] "GET /item/insec80953599/ HTTP/1.1" 404 9553 "-" "Mozilla/5.0 (compatible; YandexBot/3.0; +http://yandex.com/bots)"
209.74.77.214 - - [14/Jul/2025:13:39:14 +0000] "POST /wp-cron.php?doing_wp_cron=1752500354.0503969192504882812500 HTTP/1.1" 200 - "-" "WordPress/6.8.1; https://abl.academy"
213.180.203.73 - - [14/Jul/2025:13:39:13 +0000] "GET /item/dag61371941/ HTTP/1.1" 404 9553 "-" "Mozilla/5.0 (compatible; YandexBot/3.0; +http://yandex.com/bots)"
95.108.213.124 - - [14/Jul/2025:13:39:38 +0000] "GET /item/panel71050742/ HTTP/1.1" 404 9552 "-" "Mozilla/5.0 (compatible; YandexBot/3.0; +http://yandex.com/bots)"
213.180.203.172 - - [14/Jul/2025:13:39:51 +0000] "GET /item/picky62074285/ HTTP/1.1" 404 9553 "-" "Mozilla/5.0 (compatible; YandexBot/3.0; +http://yandex.com/bots)"
209.74.77.214 - - [14/Jul/2025:13:40:18 +0000] "POST /wp-cron.php?doing_wp_cron=1752500418.3497889041900634765625 HTTP/1.1" 200 - "-" "WordPress/6.8.1; https://abl.academy"
43.166.255.122 - - [14/Jul/2025:13:40:18 +0000] "GET /product/princely-pencil/ HTTP/1.1" 200 30056 "-" "Mozilla/5.0 (iPhone; CPU iPhone OS 13_2_3 like Mac OS X) AppleWebKit/605.1.15 (KHTML, like Gecko) Version/13.0.3 Mobile/15E148 Safari/604.1"
87.250.224.15 - - [14/Jul/2025:13:40:33 +0000] "GET /item/air12044680/ HTTP/1.1" 404 9553 "-" "Mozilla/5.0 (compatible; YandexBot/3.0; +http://yandex.com/bots)"
213.180.203.97 - - [14/Jul/2025:13:40:40 +0000] "GET /item/popco82545583/ HTTP/1.1" 404 9552 "-" "Mozilla/5.0 (compatible; YandexBot/3.0; +http://yandex.com/bots)"
209.74.77.214 - - [14/Jul/2025:13:41:35 +0000] "POST /wp-cron.php?doing_wp_cron=1752500495.5813500881195068359375 HTTP/1.1" 200 - "-" "WordPress/6.8.1; https://abl.academy"
213.180.203.98 - - [14/Jul/2025:13:41:34 +0000] "GET /item/sea81668759/ HTTP/1.1" 404 9553 "-" "Mozilla/5.0 (compatible; YandexBot/3.0; +http://yandex.com/bots)"
209.74.77.214 - - [14/Jul/2025:13:42:58 +0000] "POST /wp-cron.php?doing_wp_cron=1752500578.2205970287322998046875 HTTP/1.1" 200 - "-" "WordPress/6.8.1; https://abl.academy"
213.180.203.200 - - [14/Jul/2025:13:42:56 +0000] "GET /item/dug72663942/ HTTP/1.1" 404 9553 "-" "Mozilla/5.0 (compatible; YandexBot/3.0; +http://yandex.com/bots)"
209.74.77.214 - - [14/Jul/2025:13:44:18 +0000] "POST /wp-cron.php?doing_wp_cron=1752500658.2922890186309814453125 HTTP/1.1" 200 - "-" "WordPress/6.8.1; https://abl.academy"
213.180.203.191 - - [14/Jul/2025:13:44:16 +0000] "GET /item/attri51226356/ HTTP/1.1" 404 9553 "-" "Mozilla/5.0 (compatible; YandexBot/3.0; +http://yandex.com/bots)"
213.180.203.16 - - [14/Jul/2025:13:44:35 +0000] "GET /item/rap32743882/ HTTP/1.1" 404 9553 "-" "Mozilla/5.0 (compatible; YandexBot/3.0; +http://yandex.com/bots)"
209.74.77.214 - - [14/Jul/2025:13:45:02 +0000] "POST /wp-cron.php?doing_wp_cron=1752500702.4759609699249267578125 HTTP/1.1" 200 - "-" "WordPress/6.8.1; https://abl.academy"
5.255.231.195 - - [14/Jul/2025:13:45:02 +0000] "GET /item/beef40056723/ HTTP/1.1" 404 9553 "-" "Mozilla/5.0 (compatible; YandexBot/3.0; +http://yandex.com/bots)"
213.180.203.217 - - [14/Jul/2025:13:45:02 +0000] "GET /item/britt31215538/ HTTP/1.1" 404 9553 "-" "Mozilla/5.0 (compatible; YandexBot/3.0; +http://yandex.com/bots)"
209.74.77.214 - - [14/Jul/2025:13:45:33 +0000] "POST /wp-cron.php?doing_wp_cron=1752500733.1224830150604248046875 HTTP/1.1" 200 - "-" "WordPress/6.8.1; https://abl.academy"
5.255.231.33 - - [14/Jul/2025:13:45:32 +0000] "GET /item/post41660403/ HTTP/1.1" 404 9553 "-" "Mozilla/5.0 (compatible; YandexBot/3.0; +http://yandex.com/bots)"
87.250.224.4 - - [14/Jul/2025:13:45:54 +0000] "GET /item/her82928151/ HTTP/1.1" 404 9553 "-" "Mozilla/5.0 (compatible; YandexBot/3.0; +http://yandex.com/bots)"
209.74.77.214 - - [14/Jul/2025:13:46:09 +0000] "POST /wp-cron.php?doing_wp_cron=1752500769.1143651008605957031250 HTTP/1.1" 200 - "-" "WordPress/6.8.1; https://abl.academy"
87.250.224.8 - - [14/Jul/2025:13:46:09 +0000] "GET /item/alloc81347687/ HTTP/1.1" 404 9553 "-" "Mozilla/5.0 (compatible; YandexBot/3.0; +http://yandex.com/bots)"
87.250.224.247 - - [14/Jul/2025:13:46:10 +0000] "GET /item/ackno20658225/ HTTP/1.1" 404 9553 "-" "Mozilla/5.0 (compatible; YandexBot/3.0; +http://yandex.com/bots)"
209.74.77.214 - - [14/Jul/2025:13:46:41 +0000] "POST /wp-cron.php?doing_wp_cron=1752500801.1941609382629394531250 HTTP/1.1" 200 - "-" "WordPress/6.8.1; https://abl.academy"
213.180.203.73 - - [14/Jul/2025:13:46:41 +0000] "GET /item/park52832540/ HTTP/1.1" 404 9553 "-" "Mozilla/5.0 (compatible; YandexBot/3.0; +http://yandex.com/bots)"
95.108.213.124 - - [14/Jul/2025:13:46:49 +0000] "GET /item/grace10826656/ HTTP/1.1" 404 9553 "-" "Mozilla/5.0 (compatible; YandexBot/3.0; +http://yandex.com/bots)"
209.74.77.214 - - [14/Jul/2025:13:47:03 +0000] "POST /wp-cron.php?doing_wp_cron=1752500823.2299640178680419921875 HTTP/1.1" 200 - "-" "WordPress/6.8.1; https://abl.academy"
213.180.203.172 - - [14/Jul/2025:13:47:03 +0000] "GET /item/pluge12727984/ HTTP/1.1" 404 9553 "-" "Mozilla/5.0 (compatible; YandexBot/3.0; +http://yandex.com/bots)"
209.74.77.214 - - [14/Jul/2025:13:47:39 +0000] "POST /wp-cron.php?doing_wp_cron=1752500859.6552460193634033203125 HTTP/1.1" 200 - "-" "WordPress/6.8.1; https://abl.academy"
87.250.224.15 - - [14/Jul/2025:13:47:38 +0000] "GET /item/bible30987338/ HTTP/1.1" 404 9553 "-" "Mozilla/5.0 (compatible; YandexBot/3.0; +http://yandex.com/bots)"
213.180.203.97 - - [14/Jul/2025:13:47:43 +0000] "GET /item/serb70827918/ HTTP/1.1" 404 9553 "-" "Mozilla/5.0 (compatible; YandexBot/3.0; +http://yandex.com/bots)"
209.74.77.214 - - [14/Jul/2025:13:49:14 +0000] "POST /wp-cron.php?doing_wp_cron=1752500954.2224020957946777343750 HTTP/1.1" 200 - "-" "WordPress/6.8.1; https://abl.academy"
213.180.203.98 - - [14/Jul/2025:13:49:12 +0000] "GET /item/octob72101126/ HTTP/1.1" 404 9553 "-" "Mozilla/5.0 (compatible; YandexBot/3.0; +http://yandex.com/bots)"
209.74.77.214 - - [14/Jul/2025:13:50:22 +0000] "POST /wp-cron.php?doing_wp_cron=1752501022.4038109779357910156250 HTTP/1.1" 200 - "-" "WordPress/6.8.1; https://abl.academy"
213.180.203.200 - - [14/Jul/2025:13:50:20 +0000] "GET /item/span32063370/ HTTP/1.1" 404 9553 "-" "Mozilla/5.0 (compatible; YandexBot/3.0; +http://yandex.com/bots)"
213.180.203.191 - - [14/Jul/2025:13:50:42 +0000] "GET /item/feast41358627/ HTTP/1.1" 404 9553 "-" "Mozilla/5.0 (compatible; YandexBot/3.0; +http://yandex.com/bots)"
209.74.77.214 - - [14/Jul/2025:13:51:01 +0000] "POST /wp-cron.php?doing_wp_cron=1752501061.1051299571990966796875 HTTP/1.1" 200 - "-" "WordPress/6.8.1; https://abl.academy"
213.180.203.16 - - [14/Jul/2025:13:51:00 +0000] "GET /item/youth82698479/ HTTP/1.1" 404 9553 "-" "Mozilla/5.0 (compatible; YandexBot/3.0; +http://yandex.com/bots)"
43.159.145.153 - - [14/Jul/2025:13:51:02 +0000] "GET /product/wood-postcard/feed/ HTTP/1.1" 200 443 "-" "Mozilla/5.0 (iPhone; CPU iPhone OS 13_2_3 like Mac OS X) AppleWebKit/605.1.15 (KHTML, like Gecko) Version/13.0.3 Mobile/15E148 Safari/604.1"
209.74.77.214 - - [14/Jul/2025:13:51:49 +0000] "POST /wp-cron.php?doing_wp_cron=1752501109.4849328994750976562500 HTTP/1.1" 200 - "-" "WordPress/6.8.1; https://abl.academy"
5.255.231.195 - - [14/Jul/2025:13:51:48 +0000] "GET /item/buy20533761/ HTTP/1.1" 404 9553 "-" "Mozilla/5.0 (compatible; YandexBot/3.0; +http://yandex.com/bots)"
209.74.77.214 - - [14/Jul/2025:13:53:39 +0000] "POST /wp-cron.php?doing_wp_cron=1752501219.1287429332733154296875 HTTP/1.1" 200 - "-" "WordPress/6.8.1; https://abl.academy"
213.180.203.217 - - [14/Jul/2025:13:53:38 +0000] "GET /item/greet20953121/ HTTP/1.1" 404 9553 "-" "Mozilla/5.0 (compatible; YandexBot/3.0; +http://yandex.com/bots)"
5.255.231.33 - - [14/Jul/2025:13:53:46 +0000] "GET /item/bruis22498689/ HTTP/1.1" 404 9553 "-" "Mozilla/5.0 (compatible; YandexBot/3.0; +http://yandex.com/bots)"
209.74.77.214 - - [14/Jul/2025:13:53:57 +0000] "POST /wp-cron.php?doing_wp_cron=1752501237.7963829040527343750000 HTTP/1.1" 200 - "-" "WordPress/6.8.1; https://abl.academy"
87.250.224.4 - - [14/Jul/2025:13:53:57 +0000] "GET /item/cabba71636838/ HTTP/1.1" 404 9553 "-" "Mozilla/5.0 (compatible; YandexBot/3.0; +http://yandex.com/bots)"
209.74.77.214 - - [14/Jul/2025:13:55:11 +0000] "POST /wp-cron.php?doing_wp_cron=1752501311.7200300693511962890625 HTTP/1.1" 200 - "-" "WordPress/6.8.1; https://abl.academy"
87.250.224.8 - - [14/Jul/2025:13:55:10 +0000] "GET /item/teles31895234/ HTTP/1.1" 404 9553 "-" "Mozilla/5.0 (compatible; YandexBot/3.0; +http://yandex.com/bots)"
209.74.77.214 - - [14/Jul/2025:13:55:34 +0000] "POST /wp-cron.php?doing_wp_cron=1752501334.4594581127166748046875 HTTP/1.1" 200 - "-" "WordPress/6.8.1; https://abl.academy"
87.250.224.247 - - [14/Jul/2025:13:55:34 +0000] "GET /item/move12012416/ HTTP/1.1" 404 9553 "-" "Mozilla/5.0 (compatible; YandexBot/3.0; +http://yandex.com/bots)"
209.74.77.214 - - [14/Jul/2025:13:57:41 +0000] "POST /wp-cron.php?doing_wp_cron=1752501460.9921329021453857421875 HTTP/1.1" 200 - "-" "WordPress/6.8.1; https://abl.academy"
213.180.203.73 - - [14/Jul/2025:13:57:40 +0000] "GET /item/cousi82644719/ HTTP/1.1" 404 9553 "-" "Mozilla/5.0 (compatible; YandexBot/3.0; +http://yandex.com/bots)"
95.108.213.124 - - [14/Jul/2025:13:57:54 +0000] "GET /item/body32104818/ HTTP/1.1" 404 9553 "-" "Mozilla/5.0 (compatible; YandexBot/3.0; +http://yandex.com/bots)"
209.74.77.214 - - [14/Jul/2025:13:58:23 +0000] "POST /wp-cron.php?doing_wp_cron=1752501503.2360930442810058593750 HTTP/1.1" 200 - "-" "WordPress/6.8.1; https://abl.academy"
213.180.203.172 - - [14/Jul/2025:13:58:23 +0000] "GET /item/picky62074285/ HTTP/1.1" 404 9553 "-" "Mozilla/5.0 (compatible; YandexBot/3.0; +http://yandex.com/bots)"
87.250.224.15 - - [14/Jul/2025:13:58:40 +0000] "GET /item/by80633151/ HTTP/1.1" 404 9553 "-" "Mozilla/5.0 (compatible; YandexBot/3.0; +http://yandex.com/bots)"
209.74.77.214 - - [14/Jul/2025:13:59:15 +0000] "POST /wp-cron.php?doing_wp_cron=1752501555.8098099231719970703125 HTTP/1.1" 200 - "-" "WordPress/6.8.1; https://abl.academy"
213.180.203.97 - - [14/Jul/2025:13:59:15 +0000] "GET /item/slipp70097758/ HTTP/1.1" 404 9553 "-" "Mozilla/5.0 (compatible; YandexBot/3.0; +http://yandex.com/bots)"
209.74.77.214 - - [14/Jul/2025:14:00:11 +0000] "POST /wp-cron.php?doing_wp_cron=1752501611.4339220523834228515625 HTTP/1.1" 200 - "-" "WordPress/6.8.1; https://abl.academy"
213.180.203.98 - - [14/Jul/2025:14:00:11 +0000] "GET /item/amate10091720/ HTTP/1.1" 404 9553 "-" "Mozilla/5.0 (compatible; YandexBot/3.0; +http://yandex.com/bots)"
209.74.77.214 - - [14/Jul/2025:14:00:12 +0000] "POST /wp-cron.php?doing_wp_cron=1752501612.9121370315551757812500 HTTP/1.1" 200 - "-" "WordPress/6.8.1; https://abl.academy"
213.180.203.200 - - [14/Jul/2025:14:00:12 +0000] "GET /item/bible30987338/ HTTP/1.1" 404 9553 "-" "Mozilla/5.0 (compatible; YandexBot/3.0; +http://yandex.com/bots)"
213.180.203.191 - - [14/Jul/2025:14:00:44 +0000] "GET /item/greet20953121/ HTTP/1.1" 404 9553 "-" "Mozilla/5.0 (compatible; YandexBot/3.0; +http://yandex.com/bots)"
213.180.203.16 - - [14/Jul/2025:14:00:49 +0000] "GET /item/lawye12514672/ HTTP/1.1" 404 9553 "-" "Mozilla/5.0 (compatible; YandexBot/3.0; +http://yandex.com/bots)"
209.74.77.214 - - [14/Jul/2025:14:01:16 +0000] "POST /wp-cron.php?doing_wp_cron=1752501676.0307290554046630859375 HTTP/1.1" 200 - "-" "WordPress/6.8.1; https://abl.academy"
5.255.231.195 - - [14/Jul/2025:14:01:15 +0000] "GET /item/gallo42599355/ HTTP/1.1" 404 9553 "-" "Mozilla/5.0 (compatible; YandexBot/3.0; +http://yandex.com/bots)"
209.74.77.214 - - [14/Jul/2025:14:01:55 +0000] "POST /wp-cron.php?doing_wp_cron=1752501715.5421540737152099609375 HTTP/1.1" 200 - "-" "WordPress/6.8.1; https://abl.academy"
213.180.203.217 - - [14/Jul/2025:14:01:55 +0000] "GET /item/lip12538696/ HTTP/1.1" 404 9553 "-" "Mozilla/5.0 (compatible; YandexBot/3.0; +http://yandex.com/bots)"
209.74.77.214 - - [14/Jul/2025:14:04:17 +0000] "POST /wp-cron.php?doing_wp_cron=1752501857.2401530742645263671875 HTTP/1.1" 200 - "-" "WordPress/6.8.1; https://abl.academy"
5.255.231.33 - - [14/Jul/2025:14:04:17 +0000] "GET /item/green12588832/ HTTP/1.1" 404 9553 "-" "Mozilla/5.0 (compatible; YandexBot/3.0; +http://yandex.com/bots)"
87.250.224.4 - - [14/Jul/2025:14:04:44 +0000] "GET /item/picky62074285/ HTTP/1.1" 404 9553 "-" "Mozilla/5.0 (compatible; YandexBot/3.0; +http://yandex.com/bots)"
209.74.77.214 - - [14/Jul/2025:14:05:23 +0000] "POST /wp-cron.php?doing_wp_cron=1752501923.8574540615081787109375 HTTP/1.1" 200 - "-" "WordPress/6.8.1; https://abl.academy"
87.250.224.8 - - [14/Jul/2025:14:05:23 +0000] "GET /item/writi82799727/ HTTP/1.1" 404 9553 "-" "Mozilla/5.0 (compatible; YandexBot/3.0; +http://yandex.com/bots)"
87.250.224.247 - - [14/Jul/2025:14:05:48 +0000] "GET /item/pluge12727984/ HTTP/1.1" 404 9553 "-" "Mozilla/5.0 (compatible; YandexBot/3.0; +http://yandex.com/bots)"
209.74.77.214 - - [14/Jul/2025:14:07:38 +0000] "POST /wp-cron.php?doing_wp_cron=1752502058.0361289978027343750000 HTTP/1.1" 200 - "-" "WordPress/6.8.1; https://abl.academy"
213.180.203.73 - - [14/Jul/2025:14:07:37 +0000] "GET /item/alloc81347687/ HTTP/1.1" 404 9553 "-" "Mozilla/5.0 (compatible; YandexBot/3.0; +http://yandex.com/bots)"
95.108.213.124 - - [14/Jul/2025:14:07:54 +0000] "GET /item/awry70463822/ HTTP/1.1" 404 9553 "-" "Mozilla/5.0 (compatible; YandexBot/3.0; +http://yandex.com/bots)"
209.74.77.214 - - [14/Jul/2025:14:08:53 +0000] "POST /wp-cron.php?doing_wp_cron=1752502133.7287440299987792968750 HTTP/1.1" 200 - "-" "WordPress/6.8.1; https://abl.academy"
213.180.203.172 - - [14/Jul/2025:14:08:53 +0000] "GET /item/beach61353133/ HTTP/1.1" 404 9553 "-" "Mozilla/5.0 (compatible; YandexBot/3.0; +http://yandex.com/bots)"
209.74.77.214 - - [14/Jul/2025:14:10:39 +0000] "POST /wp-cron.php?doing_wp_cron=1752502239.8605239391326904296875 HTTP/1.1" 200 - "-" "WordPress/6.8.1; https://abl.academy"
87.250.224.15 - - [14/Jul/2025:14:10:39 +0000] "GET /item/advic30912922/ HTTP/1.1" 404 9553 "-" "Mozilla/5.0 (compatible; YandexBot/3.0; +http://yandex.com/bots)"
213.180.203.97 - - [14/Jul/2025:14:10:44 +0000] "GET /item/index82250975/ HTTP/1.1" 404 9553 "-" "Mozilla/5.0 (compatible; YandexBot/3.0; +http://yandex.com/bots)"
209.74.77.214 - - [14/Jul/2025:14:11:36 +0000] "POST /wp-cron.php?doing_wp_cron=1752502296.4074699878692626953125 HTTP/1.1" 200 - "-" "WordPress/6.8.1; https://abl.academy"
213.180.203.98 - - [14/Jul/2025:14:11:36 +0000] "GET /item/choco21056977/ HTTP/1.1" 404 9553 "-" "Mozilla/5.0 (compatible; YandexBot/3.0; +http://yandex.com/bots)"
209.74.77.214 - - [14/Jul/2025:14:11:57 +0000] "POST /wp-cron.php?doing_wp_cron=1752502317.9128880500793457031250 HTTP/1.1" 200 - "-" "WordPress/6.8.1; https://abl.academy"
213.180.203.200 - - [14/Jul/2025:14:11:57 +0000] "GET /item/praye61011677/ HTTP/1.1" 404 9553 "-" "Mozilla/5.0 (compatible; YandexBot/3.0; +http://yandex.com/bots)"
209.74.77.214 - - [14/Jul/2025:14:13:16 +0000] "POST /wp-cron.php?doing_wp_cron=1752502396.0407710075378417968750 HTTP/1.1" 200 - "-" "WordPress/6.8.1; https://abl.academy"
213.180.203.191 - - [14/Jul/2025:14:13:15 +0000] "GET /item/span32063370/ HTTP/1.1" 404 9553 "-" "Mozilla/5.0 (compatible; YandexBot/3.0; +http://yandex.com/bots)"
209.74.77.214 - - [14/Jul/2025:14:15:02 +0000] "POST /wp-cron.php?doing_wp_cron=1752502502.3075439929962158203125 HTTP/1.1" 200 - "-" "WordPress/6.8.1; https://abl.academy"
213.180.203.16 - - [14/Jul/2025:14:15:02 +0000] "GET /item/rap32743882/ HTTP/1.1" 404 9553 "-" "Mozilla/5.0 (compatible; YandexBot/3.0; +http://yandex.com/bots)"
209.74.77.214 - - [14/Jul/2025:14:15:49 +0000] "POST /wp-cron.php?doing_wp_cron=1752502549.3215770721435546875000 HTTP/1.1" 200 - "-" "WordPress/6.8.1; https://abl.academy"
5.255.231.195 - - [14/Jul/2025:14:15:49 +0000] "GET /item/appoi50485428/ HTTP/1.1" 404 9553 "-" "Mozilla/5.0 (compatible; YandexBot/3.0; +http://yandex.com/bots)"
209.74.77.214 - - [14/Jul/2025:14:18:54 +0000] "POST /wp-cron.php?doing_wp_cron=1752502734.0870480537414550781250 HTTP/1.1" 200 - "-" "WordPress/6.8.1; https://abl.academy"
213.180.203.217 - - [14/Jul/2025:14:18:53 +0000] "GET /item/praye61011677/ HTTP/1.1" 404 9553 "-" "Mozilla/5.0 (compatible; YandexBot/3.0; +http://yandex.com/bots)"
209.74.77.214 - - [14/Jul/2025:14:19:32 +0000] "POST /wp-cron.php?doing_wp_cron=1752502772.0810220241546630859375 HTTP/1.1" 200 - "-" "WordPress/6.8.1; https://abl.academy"
5.255.231.33 - - [14/Jul/2025:14:19:31 +0000] "GET /item/deliv42122155/ HTTP/1.1" 404 9553 "-" "Mozilla/5.0 (compatible; YandexBot/3.0; +http://yandex.com/bots)"
209.74.77.214 - - [14/Jul/2025:14:20:12 +0000] "POST /wp-cron.php?doing_wp_cron=1752502812.1692640781402587890625 HTTP/1.1" 200 - "-" "WordPress/6.8.1; https://abl.academy"
87.250.224.4 - - [14/Jul/2025:14:20:12 +0000] "GET /item/beef40056723/ HTTP/1.1" 404 9553 "-" "Mozilla/5.0 (compatible; YandexBot/3.0; +http://yandex.com/bots)"
154.195.148.197 - - [14/Jul/2025:14:20:15 +0000] "GET /lms-wordpress-plugin/?unapproved=5796&moderation-hash=712315afff2314dd86680715b16138e1 HTTP/1.0" 200 69487 "https://abl.academy/lms-wordpress-plugin/?unapproved=5796&moderation-hash=712315afff2314dd86680715b16138e1#comment-5796" "Mozilla/5.0 (Windows NT 10.0; Win64; x64) AppleWebKit/537.36 (KHTML, like Gecko) Chrome/129.0.0.0 Safari/537.36"
209.74.77.214 - - [14/Jul/2025:14:21:29 +0000] "POST /wp-cron.php?doing_wp_cron=1752502889.2404680252075195312500 HTTP/1.1" 200 - "-" "WordPress/6.8.1; https://abl.academy"
87.250.224.8 - - [14/Jul/2025:14:21:29 +0000] "GET /item/sea81668759/ HTTP/1.1" 404 9553 "-" "Mozilla/5.0 (compatible; YandexBot/3.0; +http://yandex.com/bots)"
209.74.77.214 - - [14/Jul/2025:14:21:58 +0000] "POST /wp-cron.php?doing_wp_cron=1752502918.3370559215545654296875 HTTP/1.1" 200 - "-" "WordPress/6.8.1; https://abl.academy"
87.250.224.247 - - [14/Jul/2025:14:21:58 +0000] "GET /item/choic81388143/ HTTP/1.1" 404 9553 "-" "Mozilla/5.0 (compatible; YandexBot/3.0; +http://yandex.com/bots)"
209.74.77.214 - - [14/Jul/2025:14:23:04 +0000] "POST /wp-cron.php?doing_wp_cron=1752502984.7626869678497314453125 HTTP/1.1" 200 - "-" "WordPress/6.8.1; https://abl.academy"
213.180.203.73 - - [14/Jul/2025:14:23:03 +0000] "GET /item/slipp70097758/ HTTP/1.1" 404 9553 "-" "Mozilla/5.0 (compatible; YandexBot/3.0; +http://yandex.com/bots)"
209.74.77.214 - - [14/Jul/2025:14:23:48 +0000] "POST /wp-cron.php?doing_wp_cron=1752503028.6893639564514160156250 HTTP/1.1" 200 - "-" "WordPress/6.8.1; https://abl.academy"
93.183.124.212 - - [14/Jul/2025:14:23:48 +0000] "GET /lms-wordpress-plugin/?unapproved=5796&moderation-hash=712315afff2314dd86680715b16138e1 HTTP/1.0" 200 69487 "-" "Mozilla/5.0 (Windows NT 6.3; Win64; x64) AppleWebKit/537.36 (KHTML, like Gecko) Chrome/75.0.3770.100 Safari/537.36"
66.249.65.199 - - [14/Jul/2025:14:24:10 +0000] "GET /wp-content/uploads/2022/04/product-11-300x300.png HTTP/1.1" 304 - "-" "Googlebot-Image/1.0"
209.74.77.214 - - [14/Jul/2025:14:24:22 +0000] "POST /wp-cron.php?doing_wp_cron=1752503062.0178329944610595703125 HTTP/1.1" 200 - "-" "WordPress/6.8.1; https://abl.academy"
95.108.213.124 - - [14/Jul/2025:14:24:21 +0000] "GET /item/post41660403/ HTTP/1.1" 404 9553 "-" "Mozilla/5.0 (compatible; YandexBot/3.0; +http://yandex.com/bots)"
213.180.203.172 - - [14/Jul/2025:14:24:33 +0000] "GET /item/snack21934081/ HTTP/1.1" 404 9553 "-" "Mozilla/5.0 (compatible; YandexBot/3.0; +http://yandex.com/bots)"
87.250.224.15 - - [14/Jul/2025:14:24:34 +0000] "GET /item/brook50594508/ HTTP/1.1" 404 9553 "-" "Mozilla/5.0 (compatible; YandexBot/3.0; +http://yandex.com/bots)"
209.74.77.214 - - [14/Jul/2025:14:25:01 +0000] "POST /wp-cron.php?doing_wp_cron=1752503101.1101939678192138671875 HTTP/1.1" 200 - "-" "WordPress/6.8.1; https://abl.academy"
213.180.203.97 - - [14/Jul/2025:14:25:00 +0000] "GET /item/deliv42122155/ HTTP/1.1" 404 9553 "-" "Mozilla/5.0 (compatible; YandexBot/3.0; +http://yandex.com/bots)"
66.249.65.198 - - [14/Jul/2025:14:26:11 +0000] "GET /shopdetail/566775149 HTTP/1.1" 200 39839 "-" "Mozilla/5.0 (Linux; Android 6.0.1; Nexus 5X Build/MMB29P) AppleWebKit/537.36 (KHTML, like Gecko) Chrome/137.0.7151.103 Mobile Safari/537.36 (compatible; Googlebot/2.1; +http://www.google.com/bot.html)"
209.74.77.214 - - [14/Jul/2025:14:26:45 +0000] "POST /wp-cron.php?doing_wp_cron=1752503205.1577019691467285156250 HTTP/1.1" 200 - "-" "WordPress/6.8.1; https://abl.academy"
213.180.203.98 - - [14/Jul/2025:14:26:44 +0000] "GET /item/twice51288700/ HTTP/1.1" 404 9553 "-" "Mozilla/5.0 (compatible; YandexBot/3.0; +http://yandex.com/bots)"
209.74.77.214 - - [14/Jul/2025:14:27:49 +0000] "POST /wp-cron.php?doing_wp_cron=1752503269.6616520881652832031250 HTTP/1.1" 200 - "-" "WordPress/6.8.1; https://abl.academy"
213.180.203.200 - - [14/Jul/2025:14:27:48 +0000] "GET /item/coke41640083/ HTTP/1.1" 404 9553 "-" "Mozilla/5.0 (compatible; YandexBot/3.0; +http://yandex.com/bots)"
209.74.77.214 - - [14/Jul/2025:14:28:43 +0000] "POST /wp-cron.php?doing_wp_cron=1752503323.7599980831146240234375 HTTP/1.1" 200 - "-" "WordPress/6.8.1; https://abl.academy"
213.180.203.191 - - [14/Jul/2025:14:28:42 +0000] "GET /item/move12012416/ HTTP/1.1" 404 9553 "-" "Mozilla/5.0 (compatible; YandexBot/3.0; +http://yandex.com/bots)"
209.74.77.214 - - [14/Jul/2025:14:29:17 +0000] "POST /wp-cron.php?doing_wp_cron=1752503357.2678689956665039062500 HTTP/1.1" 200 - "-" "WordPress/6.8.1; https://abl.academy"
213.180.203.16 - - [14/Jul/2025:14:29:15 +0000] "GET /item/anxie32499170/ HTTP/1.1" 404 9553 "-" "Mozilla/5.0 (compatible; YandexBot/3.0; +http://yandex.com/bots)"
209.74.77.214 - - [14/Jul/2025:14:31:13 +0000] "POST /wp-cron.php?doing_wp_cron=1752503473.5001590251922607421875 HTTP/1.1" 200 - "-" "WordPress/6.8.1; https://abl.academy"
5.255.231.195 - - [14/Jul/2025:14:31:12 +0000] "GET /item/praye61011677/ HTTP/1.1" 404 9553 "-" "Mozilla/5.0 (compatible; YandexBot/3.0; +http://yandex.com/bots)"
213.180.203.217 - - [14/Jul/2025:14:31:37 +0000] "GET /item/multi50958724/ HTTP/1.1" 404 9553 "-" "Mozilla/5.0 (compatible; YandexBot/3.0; +http://yandex.com/bots) AppleWebKit/537.36 (KHTML, like Gecko) Chrome/108.0.0.0"
209.74.77.214 - - [14/Jul/2025:14:32:17 +0000] "POST /wp-cron.php?doing_wp_cron=1752503537.5645439624786376953125 HTTP/1.1" 200 - "-" "WordPress/6.8.1; https://abl.academy"
5.255.231.33 - - [14/Jul/2025:14:32:16 +0000] "GET /item/partn61917701/ HTTP/1.1" 404 9553 "-" "Mozilla/5.0 (compatible; YandexBot/3.0; +http://yandex.com/bots)"
87.250.224.4 - - [14/Jul/2025:14:32:33 +0000] "GET /item/borin31941266/ HTTP/1.1" 404 9552 "-" "Mozilla/5.0 (compatible; YandexBot/3.0; +http://yandex.com/bots)"
209.74.77.214 - - [14/Jul/2025:14:33:58 +0000] "POST /wp-cron.php?doing_wp_cron=1752503638.9183568954467773437500 HTTP/1.1" 200 - "-" "WordPress/6.8.1; https://abl.academy"
37.139.53.124 - - [14/Jul/2025:14:33:57 +0000] "GET /lms-wordpress-plugin/ HTTP/1.0" 200 69398 "https://abl.academy/lms-wordpress-plugin/" "Mozilla/5.0 (Windows NT 10.0; Win64; x64) AppleWebKit/537.36 (KHTML, like Gecko) Chrome/131.0.0.0 Safari/537.36 Avast/131.0.0.0"
87.250.224.8 - - [14/Jul/2025:14:33:59 +0000] "GET /item/beef40056723/ HTTP/1.1" 404 9553 "-" "Mozilla/5.0 (compatible; YandexBot/3.0; +http://yandex.com/bots)"
37.139.53.124 - - [14/Jul/2025:14:34:00 +0000] "POST /wp-comments-post.php HTTP/1.0" 302 - "https://abl.academy/lms-wordpress-plugin/" "Mozilla/5.0 (Windows NT 10.0; Win64; x64) AppleWebKit/537.36 (KHTML, like Gecko) Chrome/131.0.0.0 Safari/537.36 Avast/131.0.0.0"
37.139.53.124 - - [14/Jul/2025:14:34:01 +0000] "GET /lms-wordpress-plugin/?unapproved=5797&moderation-hash=185d25ff86cf7ae7aacca0a6d5b4627a HTTP/1.0" 200 69487 "https://abl.academy/lms-wordpress-plugin/?unapproved=5797&moderation-hash=185d25ff86cf7ae7aacca0a6d5b4627a#comment-5797" "Mozilla/5.0 (Windows NT 10.0; Win64; x64) AppleWebKit/537.36 (KHTML, like Gecko) Chrome/131.0.0.0 Safari/537.36 Avast/131.0.0.0"
209.74.77.214 - - [14/Jul/2025:14:35:04 +0000] "POST /wp-cron.php?doing_wp_cron=1752503704.4902119636535644531250 HTTP/1.1" 200 - "-" "WordPress/6.8.1; https://abl.academy"
87.250.224.247 - - [14/Jul/2025:14:35:04 +0000] "GET /item/picky62074285/ HTTP/1.1" 404 9553 "-" "Mozilla/5.0 (compatible; YandexBot/3.0; +http://yandex.com/bots)"
209.74.77.214 - - [14/Jul/2025:14:35:22 +0000] "POST /wp-cron.php?doing_wp_cron=1752503722.9500260353088378906250 HTTP/1.1" 200 - "-" "WordPress/6.8.1; https://abl.academy"
37.139.53.124 - - [14/Jul/2025:14:35:22 +0000] "GET /lms-wordpress-plugin/?unapproved=5797&moderation-hash=185d25ff86cf7ae7aacca0a6d5b4627a HTTP/1.0" 200 69487 "-" "Mozilla/5.0 (Windows NT 6.3; Win64; x64) AppleWebKit/537.36 (KHTML, like Gecko) Chrome/75.0.3770.100 Safari/537.36"
213.180.203.73 - - [14/Jul/2025:14:35:23 +0000] "GET /item/brief12622936/ HTTP/1.1" 404 9553 "-" "Mozilla/5.0 (compatible; YandexBot/3.0; +http://yandex.com/bots)"
95.108.213.124 - - [14/Jul/2025:14:35:32 +0000] "GET /item/green12588832/ HTTP/1.1" 404 9553 "-" "Mozilla/5.0 (compatible; YandexBot/3.0; +http://yandex.com/bots)"
213.180.203.172 - - [14/Jul/2025:14:35:34 +0000] "GET /item/inten62705285/ HTTP/1.1" 404 9552 "-" "Mozilla/5.0 (compatible; YandexBot/3.0; +http://yandex.com/bots)"
209.74.77.214 - - [14/Jul/2025:14:37:05 +0000] "POST /wp-cron.php?doing_wp_cron=1752503825.0217099189758300781250 HTTP/1.1" 200 - "-" "WordPress/6.8.1; https://abl.academy"
87.250.224.15 - - [14/Jul/2025:14:37:03 +0000] "GET /item/inner41422787/ HTTP/1.1" 404 9553 "-" "Mozilla/5.0 (compatible; YandexBot/3.0; +http://yandex.com/bots)"
209.74.77.214 - - [14/Jul/2025:14:37:37 +0000] "POST /wp-cron.php?doing_wp_cron=1752503857.1852850914001464843750 HTTP/1.1" 200 - "-" "WordPress/6.8.1; https://abl.academy"
213.180.203.97 - - [14/Jul/2025:14:37:37 +0000] "GET /item/chip72213446/ HTTP/1.1" 404 9552 "-" "Mozilla/5.0 (compatible; YandexBot/3.0; +http://yandex.com/bots) AppleWebKit/537.36 (KHTML, like Gecko) Chrome/108.0.0.0"
209.74.77.214 - - [14/Jul/2025:14:38:57 +0000] "POST /wp-cron.php?doing_wp_cron=1752503937.6177508831024169921875 HTTP/1.1" 200 - "-" "WordPress/6.8.1; https://abl.academy"
213.180.203.98 - - [14/Jul/2025:14:38:56 +0000] "GET /item/seem32856618/ HTTP/1.1" 404 9553 "-" "Mozilla/5.0 (compatible; YandexBot/3.0; +http://yandex.com/bots)"
209.74.77.214 - - [14/Jul/2025:14:39:43 +0000] "POST /wp-cron.php?doing_wp_cron=1752503983.3209030628204345703125 HTTP/1.1" 200 - "-" "WordPress/6.8.1; https://abl.academy"
37.139.53.124 - - [14/Jul/2025:14:39:41 +0000] "GET /lms-wordpress-plugin/ HTTP/1.0" 200 69398 "https://abl.academy/lms-wordpress-plugin/" "Mozilla/5.0 (Windows NT 10.0; Win64; x64) AppleWebKit/537.36 (KHTML, like Gecko) Chrome/131.0.0.0 Safari/537.36 Avast/131.0.0.0"
37.139.53.124 - - [14/Jul/2025:14:39:44 +0000] "GET /blog/ HTTP/1.0" 200 78628 "https://abl.academy/blog/" "Mozilla/5.0 (Windows NT 10.0; Win64; x64) AppleWebKit/537.36 (KHTML, like Gecko) Chrome/131.0.0.0 Safari/537.36 Avast/131.0.0.0"
37.139.53.124 - - [14/Jul/2025:14:39:45 +0000] "GET /category/blog/ HTTP/1.0" 200 74038 "https://abl.academy/category/blog/" "Mozilla/5.0 (Windows NT 10.0; Win64; x64) AppleWebKit/537.36 (KHTML, like Gecko) Chrome/131.0.0.0 Safari/537.36 Avast/131.0.0.0"
213.180.203.200 - - [14/Jul/2025:14:39:48 +0000] "GET /item/borin31941266/ HTTP/1.1" 404 9553 "-" "Mozilla/5.0 (compatible; YandexBot/3.0; +http://yandex.com/bots)"
209.74.77.214 - - [14/Jul/2025:14:41:21 +0000] "POST /wp-cron.php?doing_wp_cron=1752504081.9084150791168212890625 HTTP/1.1" 200 - "-" "WordPress/6.8.1; https://abl.academy"
213.180.203.191 - - [14/Jul/2025:14:41:20 +0000] "GET /item/partn61917701/ HTTP/1.1" 404 9553 "-" "Mozilla/5.0 (compatible; YandexBot/3.0; +http://yandex.com/bots)"
114.96.103.33 - - [14/Jul/2025:14:41:35 +0000] "GET / HTTP/1.1" 200 9696 "http://abl.academy" "Mozilla/5.0 (iPhone; CPU iPhone OS 13_2_3 like Mac OS X) AppleWebKit/605.1.15 (KHTML, like Gecko) Version/13.0.3 Mobile/15E148 Safari/604.1"
66.249.65.197 - - [14/Jul/2025:14:41:57 +0000] "GET /shopdetail/308675049 HTTP/1.1" 200 39913 "-" "Mozilla/5.0 (Linux; Android 6.0.1; Nexus 5X Build/MMB29P) AppleWebKit/537.36 (KHTML, like Gecko) Chrome/137.0.7151.103 Mobile Safari/537.36 (compatible; Googlebot/2.1; +http://www.google.com/bot.html)"
209.74.77.214 - - [14/Jul/2025:14:43:28 +0000] "POST /wp-cron.php?doing_wp_cron=1752504208.1608810424804687500000 HTTP/1.1" 200 - "-" "WordPress/6.8.1; https://abl.academy"
213.180.203.16 - - [14/Jul/2025:14:43:27 +0000] "GET /item/chest61413293/ HTTP/1.1" 404 9553 "-" "Mozilla/5.0 (compatible; YandexBot/3.0; +http://yandex.com/bots)"
209.74.77.214 - - [14/Jul/2025:14:43:56 +0000] "POST /wp-cron.php?doing_wp_cron=1752504236.7255148887634277343750 HTTP/1.1" 200 - "-" "WordPress/6.8.1; https://abl.academy"
5.255.231.195 - - [14/Jul/2025:14:43:56 +0000] "GET /item/mecha31406218/ HTTP/1.1" 404 9553 "-" "Mozilla/5.0 (compatible; YandexBot/3.0; +http://yandex.com/bots)"
209.74.77.214 - - [14/Jul/2025:14:45:36 +0000] "POST /wp-cron.php?doing_wp_cron=1752504336.2821819782257080078125 HTTP/1.1" 200 - "-" "WordPress/6.8.1; https://abl.academy"
213.180.203.217 - - [14/Jul/2025:14:45:35 +0000] "GET /item/inten62705285/ HTTP/1.1" 404 9553 "-" "Mozilla/5.0 (compatible; YandexBot/3.0; +http://yandex.com/bots)"
209.74.77.214 - - [14/Jul/2025:14:46:05 +0000] "POST /wp-cron.php?doing_wp_cron=1752504365.9203538894653320312500 HTTP/1.1" 200 - "-" "WordPress/6.8.1; https://abl.academy"
5.255.231.33 - - [14/Jul/2025:14:46:05 +0000] "GET /item/brook50594508/ HTTP/1.1" 404 9553 "-" "Mozilla/5.0 (compatible; YandexBot/3.0; +http://yandex.com/bots)"
209.74.77.214 - - [14/Jul/2025:14:48:09 +0000] "POST /wp-cron.php?doing_wp_cron=1752504489.3961679935455322265625 HTTP/1.1" 200 - "-" "WordPress/6.8.1; https://abl.academy"
87.250.224.4 - - [14/Jul/2025:14:48:07 +0000] "GET /item/sake82695391/ HTTP/1.1" 404 9553 "-" "Mozilla/5.0 (compatible; YandexBot/3.0; +http://yandex.com/bots)"
209.74.77.214 - - [14/Jul/2025:14:49:17 +0000] "POST /wp-cron.php?doing_wp_cron=1752504557.0784389972686767578125 HTTP/1.1" 200 - "-" "WordPress/6.8.1; https://abl.academy"
87.250.224.8 - - [14/Jul/2025:14:49:16 +0000] "GET /item/appoi50485428/ HTTP/1.1" 404 9553 "-" "Mozilla/5.0 (compatible; YandexBot/3.0; +http://yandex.com/bots)"
209.74.77.214 - - [14/Jul/2025:14:50:52 +0000] "POST /wp-cron.php?doing_wp_cron=1752504652.7150430679321289062500 HTTP/1.1" 200 - "-" "WordPress/6.8.1; https://abl.academy"
