66.249.65.199 - - [14/Jul/2025:22:21:59 +0000] "GET /shopdetail/537172849 HTTP/1.1" 200 39771 "-" "Mozilla/5.0 (Linux; Android 6.0.1; Nexus 5X Build/MMB29P) AppleWebKit/537.36 (KHTML, like Gecko) Chrome/137.0.7151.103 Mobile Safari/537.36 (compatible; Googlebot/2.1; +http://www.google.com/bot.html)"
66.249.65.197 - - [14/Jul/2025:22:22:08 +0000] "GET /shopdetail/344806649 HTTP/1.1" 200 40085 "-" "Mozilla/5.0 (compatible; Googlebot/2.1; +http://www.google.com/bot.html)"
66.249.65.197 - - [14/Jul/2025:22:24:07 +0000] "GET /shopdetail/544797349 HTTP/1.1" 200 39926 "-" "Mozilla/5.0 (Linux; Android 6.0.1; Nexus 5X Build/MMB29P) AppleWebKit/537.36 (KHTML, like Gecko) Chrome/137.0.7151.103 Mobile Safari/537.36 (compatible; Googlebot/2.1; +http://www.google.com/bot.html)"
66.249.65.197 - - [14/Jul/2025:22:26:50 +0000] "GET /shopdetail/271899149 HTTP/1.1" 200 40387 "-" "Mozilla/5.0 (Linux; Android 6.0.1; Nexus 5X Build/MMB29P) AppleWebKit/537.36 (KHTML, like Gecko) Chrome/137.0.7151.103 Mobile Safari/537.36 (compatible; Googlebot/2.1; +http://www.google.com/bot.html)"
66.249.65.199 - - [14/Jul/2025:22:27:48 +0000] "GET /shopdetail/65687449 HTTP/1.1" 200 39849 "-" "Mozilla/5.0 (compatible; Googlebot/2.1; +http://www.google.com/bot.html)"
66.249.65.197 - - [14/Jul/2025:22:28:10 +0000] "GET /shopdetail/200232249 HTTP/1.1" 200 40266 "-" "Mozilla/5.0 (compatible; Googlebot/2.1; +http://www.google.com/bot.html)"
66.249.65.198 - - [14/Jul/2025:22:29:56 +0000] "GET /shopdetail/431603949 HTTP/1.1" 200 40184 "-" "Mozilla/5.0 (compatible; Googlebot/2.1; +http://www.google.com/bot.html)"
66.249.65.197 - - [14/Jul/2025:22:31:02 +0000] "GET /shopdetail/227869249 HTTP/1.1" 200 40536 "-" "Mozilla/5.0 (Linux; Android 6.0.1; Nexus 5X Build/MMB29P) AppleWebKit/537.36 (KHTML, like Gecko) Chrome/137.0.7151.103 Mobile Safari/537.36 (compatible; Googlebot/2.1; +http://www.google.com/bot.html)"
66.249.65.199 - - [14/Jul/2025:22:33:14 +0000] "GET /shopdetail/141033149 HTTP/1.1" 200 39985 "-" "Mozilla/5.0 (compatible; Googlebot/2.1; +http://www.google.com/bot.html)"
66.249.65.199 - - [14/Jul/2025:22:34:27 +0000] "GET /shopdetail/326929949 HTTP/1.1" 200 39825 "-" "Mozilla/5.0 (Linux; Android 6.0.1; Nexus 5X Build/MMB29P) AppleWebKit/537.36 (KHTML, like Gecko) Chrome/137.0.7151.103 Mobile Safari/537.36 (compatible; Googlebot/2.1; +http://www.google.com/bot.html)"
66.249.65.198 - - [14/Jul/2025:22:36:31 +0000] "GET /shopdetail/54791749 HTTP/1.1" 200 40736 "-" "Mozilla/5.0 (compatible; Googlebot/2.1; +http://www.google.com/bot.html)"
66.249.65.197 - - [14/Jul/2025:22:36:49 +0000] "GET /shopdetail/125321149 HTTP/1.1" 200 39780 "-" "Mozilla/5.0 (Linux; Android 6.0.1; Nexus 5X Build/MMB29P) AppleWebKit/537.36 (KHTML, like Gecko) Chrome/137.0.7151.103 Mobile Safari/537.36 (compatible; Googlebot/2.1; +http://www.google.com/bot.html)"
209.74.77.214 - - [14/Jul/2025:22:36:54 +0000] "POST /wp-cron.php?doing_wp_cron=1752532614.8971240520477294921875 HTTP/1.1" 200 - "-" "WordPress/6.8.1; https://abl.academy"
185.209.28.113 - - [14/Jul/2025:22:36:53 +0000] "GET /lms-wordpress-plugin/?unapproved=5810&moderation-hash=50380a85272f18e49d0436ce59b0d34f HTTP/1.0" 200 69487 "-" "Mozilla/5.0 (Windows NT 6.3; Win64; x64) AppleWebKit/537.36 (KHTML, like Gecko) Chrome/75.0.3770.100 Safari/537.36"
66.249.65.199 - - [14/Jul/2025:22:39:02 +0000] "GET /shopdetail/234036449 HTTP/1.1" 200 40318 "-" "Mozilla/5.0 (compatible; Googlebot/2.1; +http://www.google.com/bot.html)"
209.74.77.214 - - [14/Jul/2025:22:39:06 +0000] "POST /wp-cron.php?doing_wp_cron=1752532746.8305099010467529296875 HTTP/1.1" 200 - "-" "WordPress/6.8.1; https://abl.academy"
209.74.77.214 - - [14/Jul/2025:22:39:06 +0000] "POST /wp-cron.php?doing_wp_cron=1752532746.8305099010467529296875 HTTP/1.1" 200 - "-" "WordPress/6.8.1; https://abl.academy"
167.99.83.119 - - [14/Jul/2025:22:39:05 +0000] "GET /.env.save HTTP/1.1" 404 44363 "-" "Mozilla/5.0 (X11; Linux x86_64)"
167.99.83.119 - - [14/Jul/2025:22:39:05 +0000] "GET /.env HTTP/1.1" 404 44363 "-" "Mozilla/5.0 (X11; Linux x86_64)"
209.74.77.214 - - [14/Jul/2025:22:39:16 +0000] "POST /wp-cron.php?doing_wp_cron=1752532756.2833859920501708984375 HTTP/1.1" 200 - "-" "WordPress/6.8.1; https://abl.academy"
91.84.111.146 - - [14/Jul/2025:22:39:16 +0000] "GET /lms-wordpress-plugin/ HTTP/1.0" 200 69398 "https://abl.academy/lms-wordpress-plugin/" "Mozilla/5.0 (Windows NT 10.0; Win64; x64) AppleWebKit/537.36 (KHTML, like Gecko) Chrome/131.0.0.0 Safari/537.36"
91.84.111.146 - - [14/Jul/2025:22:39:17 +0000] "POST /wp-comments-post.php HTTP/1.0" 302 - "https://abl.academy/lms-wordpress-plugin/" "Mozilla/5.0 (Windows NT 10.0; Win64; x64) AppleWebKit/537.36 (KHTML, like Gecko) Chrome/131.0.0.0 Safari/537.36"
91.84.111.146 - - [14/Jul/2025:22:39:17 +0000] "GET /lms-wordpress-plugin/?unapproved=5821&moderation-hash=f8f8a45b0bb900b2f54ffbdf6c611694 HTTP/1.0" 200 69487 "https://abl.academy/lms-wordpress-plugin/?unapproved=5821&moderation-hash=f8f8a45b0bb900b2f54ffbdf6c611694#comment-5821" "Mozilla/5.0 (Windows NT 10.0; Win64; x64) AppleWebKit/537.36 (KHTML, like Gecko) Chrome/131.0.0.0 Safari/537.36"
66.249.65.197 - - [14/Jul/2025:22:39:32 +0000] "GET /shopdetail/352580849 HTTP/1.1" 200 39924 "-" "Mozilla/5.0 (Linux; Android 6.0.1; Nexus 5X Build/MMB29P) AppleWebKit/537.36 (KHTML, like Gecko) Chrome/137.0.7151.103 Mobile Safari/537.36 (compatible; Googlebot/2.1; +http://www.google.com/bot.html)"
212.34.141.234 - - [14/Jul/2025:22:39:44 +0000] "GET /lms-wordpress-plugin/ HTTP/1.0" 200 69398 "https://abl.academy/lms-wordpress-plugin/" "Mozilla/5.0 (Windows NT 10.0; Win64; x64) AppleWebKit/537.36 (KHTML, like Gecko) Chrome/131.0.0.0 Safari/537.36 Avast/131.0.0.0"
212.34.141.234 - - [14/Jul/2025:22:39:45 +0000] "POST /wp-comments-post.php HTTP/1.0" 302 - "https://abl.academy/lms-wordpress-plugin/" "Mozilla/5.0 (Windows NT 10.0; Win64; x64) AppleWebKit/537.36 (KHTML, like Gecko) Chrome/131.0.0.0 Safari/537.36 Avast/131.0.0.0"
212.34.141.234 - - [14/Jul/2025:22:39:46 +0000] "GET /lms-wordpress-plugin/?unapproved=5822&moderation-hash=ea9182f70441b9aa3fed1fa3d822795d HTTP/1.0" 200 69487 "https://abl.academy/lms-wordpress-plugin/?unapproved=5822&moderation-hash=ea9182f70441b9aa3fed1fa3d822795d#comment-5822" "Mozilla/5.0 (Windows NT 10.0; Win64; x64) AppleWebKit/537.36 (KHTML, like Gecko) Chrome/131.0.0.0 Safari/537.36 Avast/131.0.0.0"
66.249.65.197 - - [14/Jul/2025:22:40:34 +0000] "GET /shopdetail/330186749 HTTP/1.1" 200 40119 "-" "Mozilla/5.0 (compatible; Googlebot/2.1; +http://www.google.com/bot.html)"
209.74.77.214 - - [14/Jul/2025:22:41:13 +0000] "POST /wp-cron.php?doing_wp_cron=1752532873.1047329902648925781250 HTTP/1.1" 200 - "-" "WordPress/6.8.1; https://abl.academy"
54.235.125.129 - - [14/Jul/2025:22:41:11 +0000] "GET /courses/test/lessons/lesson-34/ HTTP/1.1" 200 32742 "-" "Mozilla/5.0 AppleWebKit/537.36 (KHTML, like Gecko; compatible; Amazonbot/0.1; +https://developer.amazon.com/support/amazonbot) Chrome/119.0.6045.214 Safari/537.36"
52.45.15.233 - - [14/Jul/2025:22:41:15 +0000] "GET /courses/test/lessons/lesson-33/ HTTP/1.1" 200 32743 "-" "Mozilla/5.0 AppleWebKit/537.36 (KHTML, like Gecko; compatible; Amazonbot/0.1; +https://developer.amazon.com/support/amazonbot) Chrome/119.0.6045.214 Safari/537.36"
66.249.65.199 - - [14/Jul/2025:22:44:18 +0000] "GET /product-category/postcard/ HTTP/1.1" 200 40245 "-" "Mozilla/5.0 (Linux; Android 6.0.1; Nexus 5X Build/MMB29P) AppleWebKit/537.36 (KHTML, like Gecko) Chrome/137.0.7151.103 Mobile Safari/537.36 (compatible; Googlebot/2.1; +http://www.google.com/bot.html)"
209.74.77.214 - - [14/Jul/2025:22:46:19 +0000] "POST /wp-cron.php?doing_wp_cron=1752533179.0098569393157958984375 HTTP/1.1" 200 - "-" "WordPress/6.8.1; https://abl.academy"
31.128.76.130 - - [14/Jul/2025:22:46:17 +0000] "GET /lms-wordpress-plugin/ HTTP/1.0" 200 69398 "https://abl.academy/lms-wordpress-plugin/" "Mozilla/5.0 (Windows NT 10.0; Win64; x64) AppleWebKit/537.36 (KHTML, like Gecko) Chrome/129.0.0.0 Safari/537.36"
209.74.77.214 - - [14/Jul/2025:22:46:57 +0000] "POST /wp-cron.php?doing_wp_cron=1752533217.5620660781860351562500 HTTP/1.1" 200 - "-" "WordPress/6.8.1; https://abl.academy"
155.94.155.60 - - [14/Jul/2025:22:46:56 +0000] "POST /wp-login.php?action=register HTTP/1.1" 302 - "-" "-"
155.94.155.60 - - [14/Jul/2025:22:46:58 +0000] "POST /wp-login.php?action=register HTTP/1.1" 302 - "-" "-"
155.94.155.60 - - [14/Jul/2025:22:46:59 +0000] "POST /wp-login.php?action=register HTTP/1.1" 302 - "-" "-"
155.94.155.60 - - [14/Jul/2025:22:47:00 +0000] "POST /wp-login.php?action=register HTTP/1.1" 302 - "-" "-"
155.94.155.60 - - [14/Jul/2025:22:47:01 +0000] "POST /wp-login.php?action=register HTTP/1.1" 302 - "-" "-"
155.94.155.60 - - [14/Jul/2025:22:47:02 +0000] "POST /wp-login.php?action=register HTTP/1.1" 302 - "-" "-"
155.94.155.60 - - [14/Jul/2025:22:47:02 +0000] "POST /wp-login.php?action=register HTTP/1.1" 302 - "-" "-"
155.94.155.60 - - [14/Jul/2025:22:47:03 +0000] "POST /wp-login.php?action=register HTTP/1.1" 302 - "-" "-"
155.94.155.60 - - [14/Jul/2025:22:47:04 +0000] "POST /wp-login.php?action=register HTTP/1.1" 302 - "-" "-"
155.94.155.60 - - [14/Jul/2025:22:47:05 +0000] "POST /wp-login.php?action=register HTTP/1.1" 302 - "-" "-"
155.94.155.60 - - [14/Jul/2025:22:47:06 +0000] "POST /wp-login.php?action=register HTTP/1.1" 302 - "-" "-"
155.94.155.60 - - [14/Jul/2025:22:47:07 +0000] "POST /wp-login.php?action=register HTTP/1.1" 302 - "-" "-"
155.94.155.60 - - [14/Jul/2025:22:47:08 +0000] "POST /wp-login.php?action=register HTTP/1.1" 302 - "-" "-"
155.94.155.60 - - [14/Jul/2025:22:47:09 +0000] "POST /wp-login.php?action=register HTTP/1.1" 302 - "-" "-"
155.94.155.60 - - [14/Jul/2025:22:47:09 +0000] "POST /wp-login.php?action=register HTTP/1.1" 302 - "-" "-"
155.94.155.60 - - [14/Jul/2025:22:47:10 +0000] "POST /wp-login.php?action=register HTTP/1.1" 302 - "-" "-"
155.94.155.60 - - [14/Jul/2025:22:47:11 +0000] "POST /wp-login.php?action=register HTTP/1.1" 302 - "-" "-"
209.74.77.214 - - [14/Jul/2025:22:47:12 +0000] "POST /wp-cron.php?doing_wp_cron=1752533232.5106639862060546875000 HTTP/1.1" 200 - "-" "WordPress/6.8.1; https://abl.academy"
155.94.155.60 - - [14/Jul/2025:22:47:12 +0000] "POST /wp-login.php?action=register HTTP/1.1" 302 - "-" "-"
155.94.155.60 - - [14/Jul/2025:22:47:13 +0000] "POST /wp-login.php?action=register HTTP/1.1" 302 - "-" "-"
155.94.155.60 - - [14/Jul/2025:22:47:14 +0000] "POST /wp-login.php?action=register HTTP/1.1" 302 - "-" "-"
155.94.155.60 - - [14/Jul/2025:22:47:15 +0000] "POST /wp-login.php?action=register HTTP/1.1" 302 - "-" "-"
155.94.155.60 - - [14/Jul/2025:22:47:15 +0000] "POST /wp-login.php?action=register HTTP/1.1" 302 - "-" "-"
155.94.155.60 - - [14/Jul/2025:22:47:16 +0000] "POST /wp-login.php?action=register HTTP/1.1" 302 - "-" "-"
155.94.155.60 - - [14/Jul/2025:22:47:17 +0000] "POST /wp-login.php?action=register HTTP/1.1" 302 - "-" "-"
155.94.155.60 - - [14/Jul/2025:22:47:18 +0000] "POST /wp-login.php?action=register HTTP/1.1" 302 - "-" "-"
155.94.155.60 - - [14/Jul/2025:22:47:19 +0000] "POST /wp-login.php?action=register HTTP/1.1" 302 - "-" "-"
155.94.155.60 - - [14/Jul/2025:22:47:20 +0000] "POST /wp-login.php?action=register HTTP/1.1" 302 - "-" "-"
155.94.155.60 - - [14/Jul/2025:22:47:21 +0000] "POST /wp-login.php?action=register HTTP/1.1" 302 - "-" "-"
155.94.155.60 - - [14/Jul/2025:22:47:21 +0000] "POST /wp-login.php?action=register HTTP/1.1" 302 - "-" "-"
155.94.155.60 - - [14/Jul/2025:22:47:22 +0000] "POST /wp-login.php?action=register HTTP/1.1" 302 - "-" "-"
155.94.155.60 - - [14/Jul/2025:22:47:23 +0000] "POST /wp-login.php?action=register HTTP/1.1" 302 - "-" "-"
155.94.155.60 - - [14/Jul/2025:22:47:24 +0000] "POST /wp-login.php?action=register HTTP/1.1" 302 - "-" "-"
155.94.155.60 - - [14/Jul/2025:22:47:25 +0000] "POST /wp-login.php?action=register HTTP/1.1" 302 - "-" "-"
155.94.155.60 - - [14/Jul/2025:22:47:26 +0000] "POST /wp-login.php?action=register HTTP/1.1" 302 - "-" "-"
155.94.155.60 - - [14/Jul/2025:22:47:26 +0000] "POST /wp-login.php?action=register HTTP/1.1" 302 - "-" "-"
155.94.155.60 - - [14/Jul/2025:22:47:27 +0000] "POST /wp-login.php?action=register HTTP/1.1" 302 - "-" "-"
155.94.155.60 - - [14/Jul/2025:22:47:28 +0000] "POST /wp-login.php?action=register HTTP/1.1" 302 - "-" "-"
155.94.155.60 - - [14/Jul/2025:22:47:29 +0000] "POST /wp-login.php?action=register HTTP/1.1" 302 - "-" "-"
155.94.155.60 - - [14/Jul/2025:22:47:30 +0000] "POST /wp-login.php?action=register HTTP/1.1" 302 - "-" "-"
155.94.155.60 - - [14/Jul/2025:22:47:31 +0000] "POST /wp-login.php?action=register HTTP/1.1" 302 - "-" "-"
155.94.155.60 - - [14/Jul/2025:22:47:31 +0000] "POST /wp-login.php?action=register HTTP/1.1" 302 - "-" "-"
155.94.155.60 - - [14/Jul/2025:22:47:32 +0000] "POST /wp-login.php?action=register HTTP/1.1" 302 - "-" "-"
155.94.155.60 - - [14/Jul/2025:22:47:33 +0000] "POST /wp-login.php?action=register HTTP/1.1" 302 - "-" "-"
155.94.155.60 - - [14/Jul/2025:22:47:34 +0000] "POST /wp-login.php?action=register HTTP/1.1" 302 - "-" "-"
155.94.155.60 - - [14/Jul/2025:22:47:35 +0000] "POST /wp-login.php?action=register HTTP/1.1" 302 - "-" "-"
155.94.155.60 - - [14/Jul/2025:22:47:36 +0000] "POST /wp-login.php?action=register HTTP/1.1" 302 - "-" "-"
155.94.155.60 - - [14/Jul/2025:22:47:37 +0000] "POST /wp-login.php?action=register HTTP/1.1" 302 - "-" "-"
155.94.155.60 - - [14/Jul/2025:22:47:38 +0000] "POST /wp-login.php?action=register HTTP/1.1" 302 - "-" "-"
155.94.155.60 - - [14/Jul/2025:22:47:38 +0000] "POST /wp-login.php?action=register HTTP/1.1" 302 - "-" "-"
155.94.155.60 - - [14/Jul/2025:22:47:39 +0000] "POST /wp-login.php?action=register HTTP/1.1" 302 - "-" "-"
155.94.155.60 - - [14/Jul/2025:22:47:40 +0000] "POST /wp-login.php?action=register HTTP/1.1" 302 - "-" "-"
155.94.155.60 - - [14/Jul/2025:22:47:41 +0000] "POST /wp-login.php?action=register HTTP/1.1" 302 - "-" "-"
155.94.155.60 - - [14/Jul/2025:22:47:42 +0000] "POST /wp-login.php?action=register HTTP/1.1" 302 - "-" "-"
155.94.155.60 - - [14/Jul/2025:22:47:43 +0000] "POST /wp-login.php?action=register HTTP/1.1" 302 - "-" "-"
155.94.155.60 - - [14/Jul/2025:22:47:44 +0000] "POST /wp-login.php?action=register HTTP/1.1" 302 - "-" "-"
155.94.155.60 - - [14/Jul/2025:22:47:44 +0000] "POST /wp-login.php?action=register HTTP/1.1" 302 - "-" "-"
155.94.155.60 - - [14/Jul/2025:22:47:45 +0000] "POST /wp-login.php?action=register HTTP/1.1" 302 - "-" "-"
155.94.155.60 - - [14/Jul/2025:22:47:46 +0000] "POST /wp-login.php?action=register HTTP/1.1" 302 - "-" "-"
155.94.155.60 - - [14/Jul/2025:22:47:47 +0000] "POST /wp-login.php?action=register HTTP/1.1" 302 - "-" "-"
155.94.155.60 - - [14/Jul/2025:22:47:48 +0000] "POST /wp-login.php?action=register HTTP/1.1" 302 - "-" "-"
155.94.155.60 - - [14/Jul/2025:22:47:49 +0000] "POST /wp-login.php?action=register HTTP/1.1" 302 - "-" "-"
155.94.155.60 - - [14/Jul/2025:22:47:50 +0000] "POST /wp-login.php?action=register HTTP/1.1" 302 - "-" "-"
155.94.155.60 - - [14/Jul/2025:22:47:50 +0000] "POST /wp-login.php?action=register HTTP/1.1" 302 - "-" "-"
155.94.155.60 - - [14/Jul/2025:22:47:51 +0000] "POST /wp-login.php?action=register HTTP/1.1" 302 - "-" "-"
155.94.155.60 - - [14/Jul/2025:22:47:52 +0000] "POST /wp-login.php?action=register HTTP/1.1" 302 - "-" "-"
155.94.155.60 - - [14/Jul/2025:22:47:53 +0000] "POST /wp-login.php?action=register HTTP/1.1" 302 - "-" "-"
155.94.155.60 - - [14/Jul/2025:22:47:54 +0000] "POST /wp-login.php?action=register HTTP/1.1" 302 - "-" "-"
209.74.77.214 - - [14/Jul/2025:22:47:55 +0000] "POST /wp-cron.php?doing_wp_cron=1752533275.2544438838958740234375 HTTP/1.1" 200 - "-" "WordPress/6.8.1; https://abl.academy"
155.94.155.60 - - [14/Jul/2025:22:47:55 +0000] "POST /wp-login.php?action=register HTTP/1.1" 302 - "-" "-"
155.94.155.60 - - [14/Jul/2025:22:47:56 +0000] "POST /wp-login.php?action=register HTTP/1.1" 302 - "-" "-"
155.94.155.60 - - [14/Jul/2025:22:47:56 +0000] "POST /wp-login.php?action=register HTTP/1.1" 302 - "-" "-"
155.94.155.60 - - [14/Jul/2025:22:47:57 +0000] "POST /wp-login.php?action=register HTTP/1.1" 302 - "-" "-"
155.94.155.60 - - [14/Jul/2025:22:47:58 +0000] "POST /wp-login.php?action=register HTTP/1.1" 302 - "-" "-"
155.94.155.60 - - [14/Jul/2025:22:47:59 +0000] "POST /wp-login.php?action=register HTTP/1.1" 302 - "-" "-"
155.94.155.60 - - [14/Jul/2025:22:48:00 +0000] "POST /wp-login.php?action=register HTTP/1.1" 302 - "-" "-"
155.94.155.60 - - [14/Jul/2025:22:48:01 +0000] "POST /wp-login.php?action=register HTTP/1.1" 302 - "-" "-"
155.94.155.60 - - [14/Jul/2025:22:48:01 +0000] "POST /wp-login.php?action=register HTTP/1.1" 302 - "-" "-"
155.94.155.60 - - [14/Jul/2025:22:48:03 +0000] "POST /wp-login.php?action=register HTTP/1.1" 302 - "-" "-"
155.94.155.60 - - [14/Jul/2025:22:48:04 +0000] "POST /wp-login.php?action=register HTTP/1.1" 302 - "-" "-"
155.94.155.60 - - [14/Jul/2025:22:48:04 +0000] "POST /wp-login.php?action=register HTTP/1.1" 302 - "-" "-"
155.94.155.60 - - [14/Jul/2025:22:48:05 +0000] "POST /wp-login.php?action=register HTTP/1.1" 302 - "-" "-"
155.94.155.60 - - [14/Jul/2025:22:48:06 +0000] "POST /wp-login.php?action=register HTTP/1.1" 302 - "-" "-"
155.94.155.60 - - [14/Jul/2025:22:48:07 +0000] "POST /wp-login.php?action=register HTTP/1.1" 302 - "-" "-"
66.249.65.197 - - [14/Jul/2025:22:49:27 +0000] "GET /shopdetail/154374649 HTTP/1.1" 200 40264 "-" "Mozilla/5.0 (Linux; Android 6.0.1; Nexus 5X Build/MMB29P) AppleWebKit/537.36 (KHTML, like Gecko) Chrome/137.0.7151.103 Mobile Safari/537.36 (compatible; Googlebot/2.1; +http://www.google.com/bot.html)"
209.74.77.214 - - [14/Jul/2025:22:50:53 +0000] "POST /wp-cron.php?doing_wp_cron=1752533453.5660629272460937500000 HTTP/1.1" 200 - "-" "WordPress/6.8.1; https://abl.academy"
185.209.28.113 - - [14/Jul/2025:22:50:52 +0000] "GET /lms-wordpress-plugin/?unapproved=5814&moderation-hash=1d6283c2e47f0b4a3a451c89dee0ab60 HTTP/1.0" 200 69487 "-" "Mozilla/5.0 (Windows NT 6.3; Win64; x64) AppleWebKit/537.36 (KHTML, like Gecko) Chrome/75.0.3770.100 Safari/537.36"
66.249.65.198 - - [14/Jul/2025:22:56:08 +0000] "GET /shopdetail/39346149 HTTP/1.1" 200 39905 "-" "Mozilla/5.0 (Linux; Android 6.0.1; Nexus 5X Build/MMB29P) AppleWebKit/537.36 (KHTML, like Gecko) Chrome/137.0.7151.103 Mobile Safari/537.36 (compatible; Googlebot/2.1; +http://www.google.com/bot.html)"
209.74.77.214 - - [14/Jul/2025:22:56:33 +0000] "POST /wp-cron.php?doing_wp_cron=1752533793.5554499626159667968750 HTTP/1.1" 200 - "-" "WordPress/6.8.1; https://abl.academy"
185.209.28.113 - - [14/Jul/2025:22:56:32 +0000] "GET /lms-wordpress-plugin/?unapproved=5819&moderation-hash=911828f33450bbe19b31e2834d513a2e HTTP/1.0" 200 69487 "-" "Mozilla/5.0 (Windows NT 6.3; Win64; x64) AppleWebKit/537.36 (KHTML, like Gecko) Chrome/75.0.3770.100 Safari/537.36"
66.249.65.197 - - [14/Jul/2025:22:57:08 +0000] "GET /shopdetail/589482849 HTTP/1.1" 200 39857 "-" "Mozilla/5.0 (Linux; Android 6.0.1; Nexus 5X Build/MMB29P) AppleWebKit/537.36 (KHTML, like Gecko) Chrome/137.0.7151.103 Mobile Safari/537.36 (compatible; Googlebot/2.1; +http://www.google.com/bot.html)"
66.249.65.197 - - [14/Jul/2025:23:00:13 +0000] "GET /shopdetail/345935749 HTTP/1.1" 200 39759 "-" "Mozilla/5.0 (compatible; Googlebot/2.1; +http://www.google.com/bot.html)"
66.249.65.198 - - [14/Jul/2025:23:00:41 +0000] "GET /shopdetail/115507349 HTTP/1.1" 200 40777 "-" "Mozilla/5.0 (Linux; Android 6.0.1; Nexus 5X Build/MMB29P) AppleWebKit/537.36 (KHTML, like Gecko) Chrome/137.0.7151.103 Mobile Safari/537.36 (compatible; Googlebot/2.1; +http://www.google.com/bot.html)"
66.249.65.198 - - [14/Jul/2025:23:02:22 +0000] "GET /shopdetail/6856149 HTTP/1.1" 200 39810 "-" "Mozilla/5.0 (compatible; Googlebot/2.1; +http://www.google.com/bot.html)"
66.249.65.198 - - [14/Jul/2025:23:08:12 +0000] "GET /shopdetail/85573349 HTTP/1.1" 200 40470 "-" "Mozilla/5.0 (Linux; Android 6.0.1; Nexus 5X Build/MMB29P) AppleWebKit/537.36 (KHTML, like Gecko) Chrome/137.0.7151.103 Mobile Safari/537.36 (compatible; Googlebot/2.1; +http://www.google.com/bot.html)"
209.74.77.214 - - [14/Jul/2025:23:08:45 +0000] "POST /wp-cron.php?doing_wp_cron=1752534525.0104100704193115234375 HTTP/1.1" 200 - "-" "WordPress/6.8.1; https://abl.academy"
3.211.105.134 - - [14/Jul/2025:23:08:43 +0000] "GET /course-category/teaching-online/ HTTP/1.1" 200 15188 "-" "Mozilla/5.0 AppleWebKit/537.36 (KHTML, like Gecko; compatible; Amazonbot/0.1; +https://developer.amazon.com/support/amazonbot) Chrome/119.0.6045.214 Safari/537.36"
66.249.65.197 - - [14/Jul/2025:23:10:51 +0000] "GET /shopdetail/358348249 HTTP/1.1" 200 40366 "-" "Mozilla/5.0 (Linux; Android 6.0.1; Nexus 5X Build/MMB29P) AppleWebKit/537.36 (KHTML, like Gecko) Chrome/137.0.7151.103 Mobile Safari/537.36 (compatible; Googlebot/2.1; +http://www.google.com/bot.html)"
66.249.65.198 - - [14/Jul/2025:23:11:50 +0000] "GET /shopdetail/150546049 HTTP/1.1" 200 40836 "-" "Mozilla/5.0 (Linux; Android 6.0.1; Nexus 5X Build/MMB29P) AppleWebKit/537.36 (KHTML, like Gecko) Chrome/137.0.7151.103 Mobile Safari/537.36 (compatible; Googlebot/2.1; +http://www.google.com/bot.html)"
209.74.77.214 - - [14/Jul/2025:23:11:55 +0000] "POST /wp-cron.php?doing_wp_cron=1752534715.2604238986968994140625 HTTP/1.1" 200 - "-" "WordPress/6.8.1; https://abl.academy"
209.74.77.214 - - [14/Jul/2025:23:11:55 +0000] "POST /wp-cron.php?doing_wp_cron=1752534715.2604238986968994140625 HTTP/1.1" 200 - "-" "WordPress/6.8.1; https://abl.academy"
212.34.137.118 - - [14/Jul/2025:23:11:53 +0000] "GET /lms-wordpress-plugin/ HTTP/1.0" 200 69398 "https://abl.academy/lms-wordpress-plugin/" "Mozilla/5.0 (Windows NT 10.0; Win64; x64) AppleWebKit/537.36 (KHTML, like Gecko) Chrome/131.0.0.0 Safari/537.36"
212.34.137.118 - - [14/Jul/2025:23:11:54 +0000] "GET /lms-wordpress-plugin/ HTTP/1.0" 200 69398 "https://abl.academy/lms-wordpress-plugin/" "Mozilla/5.0 (Windows NT 10.0; Win64; x64) AppleWebKit/537.36 (KHTML, like Gecko) Chrome/130.0.0.0 Safari/537.36 CCleaner/130.0.0.0"
209.74.77.214 - - [14/Jul/2025:23:11:56 +0000] "POST /wp-cron.php?doing_wp_cron=1752534716.4670119285583496093750 HTTP/1.1" 200 - "-" "WordPress/6.8.1; https://abl.academy"
212.34.137.118 - - [14/Jul/2025:23:11:56 +0000] "POST /wp-comments-post.php HTTP/1.0" 302 - "https://abl.academy/lms-wordpress-plugin/" "Mozilla/5.0 (Windows NT 10.0; Win64; x64) AppleWebKit/537.36 (KHTML, like Gecko) Chrome/131.0.0.0 Safari/537.36"
212.34.137.118 - - [14/Jul/2025:23:11:56 +0000] "POST /wp-comments-post.php HTTP/1.0" 429 2586 "https://abl.academy/lms-wordpress-plugin/" "Mozilla/5.0 (Windows NT 10.0; Win64; x64) AppleWebKit/537.36 (KHTML, like Gecko) Chrome/130.0.0.0 Safari/537.36 CCleaner/130.0.0.0"
212.34.137.118 - - [14/Jul/2025:23:11:57 +0000] "GET /lms-wordpress-plugin/?unapproved=5823&moderation-hash=9de8190600c0718a277baae89cd52208 HTTP/1.0" 200 69487 "https://abl.academy/lms-wordpress-plugin/?unapproved=5823&moderation-hash=9de8190600c0718a277baae89cd52208#comment-5823" "Mozilla/5.0 (Windows NT 10.0; Win64; x64) AppleWebKit/537.36 (KHTML, like Gecko) Chrome/131.0.0.0 Safari/537.36"
66.249.65.198 - - [14/Jul/2025:23:16:51 +0000] "GET /shopdetail/60170949 HTTP/1.1" 200 40178 "-" "Mozilla/5.0 (compatible; Googlebot/2.1; +http://www.google.com/bot.html)"
66.249.65.197 - - [14/Jul/2025:23:20:04 +0000] "GET /shopdetail/78327749 HTTP/1.1" 200 40088 "-" "Mozilla/5.0 (compatible; Googlebot/2.1; +http://www.google.com/bot.html)"
66.249.65.199 - - [14/Jul/2025:23:21:13 +0000] "GET /shopdetail/358088149 HTTP/1.1" 200 39776 "-" "Mozilla/5.0 (compatible; Googlebot/2.1; +http://www.google.com/bot.html)"
66.249.65.197 - - [14/Jul/2025:23:22:21 +0000] "GET /shopdetail/246602349 HTTP/1.1" 200 40205 "-" "Mozilla/5.0 (Linux; Android 6.0.1; Nexus 5X Build/MMB29P) AppleWebKit/537.36 (KHTML, like Gecko) Chrome/137.0.7151.103 Mobile Safari/537.36 (compatible; Googlebot/2.1; +http://www.google.com/bot.html)"
66.249.65.197 - - [14/Jul/2025:23:31:06 +0000] "GET /shopdetail/279373649 HTTP/1.1" 200 40677 "-" "Mozilla/5.0 (Linux; Android 6.0.1; Nexus 5X Build/MMB29P) AppleWebKit/537.36 (KHTML, like Gecko) Chrome/137.0.7151.103 Mobile Safari/537.36 (compatible; Googlebot/2.1; +http://www.google.com/bot.html)"
66.249.65.197 - - [14/Jul/2025:23:34:17 +0000] "GET /shopdetail/133476449 HTTP/1.1" 200 39814 "-" "Mozilla/5.0 (Linux; Android 6.0.1; Nexus 5X Build/MMB29P) AppleWebKit/537.36 (KHTML, like Gecko) Chrome/137.0.7151.103 Mobile Safari/537.36 (compatible; Googlebot/2.1; +http://www.google.com/bot.html)"
66.249.65.199 - - [14/Jul/2025:23:35:01 +0000] "GET /shopdetail/356376349 HTTP/1.1" 200 40265 "-" "Mozilla/5.0 (Linux; Android 6.0.1; Nexus 5X Build/MMB29P) AppleWebKit/537.36 (KHTML, like Gecko) Chrome/137.0.7151.103 Mobile Safari/537.36 (compatible; Googlebot/2.1; +http://www.google.com/bot.html)"
66.249.65.197 - - [14/Jul/2025:23:35:10 +0000] "GET /shopdetail/418190849 HTTP/1.1" 200 39887 "-" "Mozilla/5.0 (Linux; Android 6.0.1; Nexus 5X Build/MMB29P) AppleWebKit/537.36 (KHTML, like Gecko) Chrome/137.0.7151.103 Mobile Safari/537.36 (compatible; Googlebot/2.1; +http://www.google.com/bot.html)"
66.249.65.197 - - [14/Jul/2025:23:35:27 +0000] "GET /shopdetail/550720449 HTTP/1.1" 200 40315 "-" "Mozilla/5.0 (compatible; Googlebot/2.1; +http://www.google.com/bot.html)"
66.249.65.198 - - [14/Jul/2025:23:38:29 +0000] "GET /shopdetail/14131749 HTTP/1.1" 200 40239 "-" "Mozilla/5.0 (Linux; Android 6.0.1; Nexus 5X Build/MMB29P) AppleWebKit/537.36 (KHTML, like Gecko) Chrome/137.0.7151.103 Mobile Safari/537.36 (compatible; Googlebot/2.1; +http://www.google.com/bot.html)"
66.249.65.198 - - [14/Jul/2025:23:39:00 +0000] "GET /shopdetail/93138049 HTTP/1.1" 200 39901 "-" "Mozilla/5.0 (compatible; Googlebot/2.1; +http://www.google.com/bot.html)"
66.249.65.197 - - [14/Jul/2025:23:39:11 +0000] "GET /shopdetail/167421049 HTTP/1.1" 200 39899 "-" "Mozilla/5.0 (compatible; Googlebot/2.1; +http://www.google.com/bot.html)"
66.249.65.197 - - [14/Jul/2025:23:40:41 +0000] "GET /shopdetail/375981349 HTTP/1.1" 200 39972 "-" "Mozilla/5.0 (Linux; Android 6.0.1; Nexus 5X Build/MMB29P) AppleWebKit/537.36 (KHTML, like Gecko) Chrome/137.0.7151.103 Mobile Safari/537.36 (compatible; Googlebot/2.1; +http://www.google.com/bot.html)"
66.249.65.197 - - [14/Jul/2025:23:41:14 +0000] "GET /pcmypage?callback=product%2Fdetail%2F76865016 HTTP/1.1" 200 40031 "-" "Mozilla/5.0 (Linux; Android 6.0.1; Nexus 5X Build/MMB29P) AppleWebKit/537.36 (KHTML, like Gecko) Chrome/137.0.7151.103 Mobile Safari/537.36 (compatible; Googlebot/2.1; +http://www.google.com/bot.html)"
66.249.65.198 - - [14/Jul/2025:23:41:19 +0000] "POST /get-message-notify HTTP/1.1" 200 40324 "https://abl.academy/pcmypage?callback=product%2Fdetail%2F76865016" "Mozilla/5.0 (Linux; Android 6.0.1; Nexus 5X Build/MMB29P) AppleWebKit/537.36 (KHTML, like Gecko) Chrome/137.0.7151.119 Mobile Safari/537.36 (compatible; Googlebot/2.1; +http://www.google.com/bot.html)"
66.249.65.197 - - [14/Jul/2025:23:41:35 +0000] "POST /get-message-notify HTTP/1.1" 200 40377 "https://abl.academy/shopdetail/375981349" "Mozilla/5.0 (Linux; Android 6.0.1; Nexus 5X Build/MMB29P) AppleWebKit/537.36 (KHTML, like Gecko) Chrome/137.0.7151.119 Mobile Safari/537.36 (compatible; Googlebot/2.1; +http://www.google.com/bot.html)"
66.249.65.197 - - [14/Jul/2025:23:45:12 +0000] "GET /product-category/culinary/?add-to-cart=144 HTTP/1.1" 200 39913 "-" "Mozilla/5.0 (Linux; Android 6.0.1; Nexus 5X Build/MMB29P) AppleWebKit/537.36 (KHTML, like Gecko) Chrome/137.0.7151.103 Mobile Safari/537.36 (compatible; Googlebot/2.1; +http://www.google.com/bot.html)"
66.249.65.197 - - [14/Jul/2025:23:45:30 +0000] "GET /shopdetail/3469949 HTTP/1.1" 200 39898 "-" "Mozilla/5.0 (compatible; Googlebot/2.1; +http://www.google.com/bot.html)"
66.249.65.197 - - [14/Jul/2025:23:45:41 +0000] "GET /shopdetail/274674049 HTTP/1.1" 200 40300 "-" "Mozilla/5.0 (Linux; Android 6.0.1; Nexus 5X Build/MMB29P) AppleWebKit/537.36 (KHTML, like Gecko) Chrome/137.0.7151.103 Mobile Safari/537.36 (compatible; Googlebot/2.1; +http://www.google.com/bot.html)"
66.249.65.198 - - [14/Jul/2025:23:47:23 +0000] "GET /shopdetail/534858649 HTTP/1.1" 200 40873 "-" "Mozilla/5.0 (compatible; Googlebot/2.1; +http://www.google.com/bot.html)"
66.249.65.198 - - [14/Jul/2025:23:52:06 +0000] "GET /shopdetail/296018549 HTTP/1.1" 200 40344 "-" "Mozilla/5.0 (Linux; Android 6.0.1; Nexus 5X Build/MMB29P) AppleWebKit/537.36 (KHTML, like Gecko) Chrome/137.0.7151.103 Mobile Safari/537.36 (compatible; Googlebot/2.1; +http://www.google.com/bot.html)"
113.141.91.58 - - [14/Jul/2025:23:52:08 +0000] "GET / HTTP/1.1" 200 9696 "http://www.abl.academy" "Mozilla/5.0 (iPhone; CPU iPhone OS 13_2_3 like Mac OS X) AppleWebKit/605.1.15 (KHTML, like Gecko) Version/13.0.3 Mobile/15E148 Safari/604.1"
66.249.65.198 - - [14/Jul/2025:23:56:54 +0000] "GET /shopdetail/507493249 HTTP/1.1" 200 41053 "-" "Mozilla/5.0 (compatible; Googlebot/2.1; +http://www.google.com/bot.html)"
66.249.65.198 - - [14/Jul/2025:23:59:00 +0000] "GET /shopdetail/559396949 HTTP/1.1" 200 40798 "-" "Mozilla/5.0 (Linux; Android 6.0.1; Nexus 5X Build/MMB29P) AppleWebKit/537.36 (KHTML, like Gecko) Chrome/137.0.7151.103 Mobile Safari/537.36 (compatible; Googlebot/2.1; +http://www.google.com/bot.html)"
87.250.224.209 - - [14/Jul/2025:23:59:05 +0000] "GET /robots.txt HTTP/1.1" 200 285 "-" "Mozilla/5.0 (compatible; YandexBot/3.0; +http://yandex.com/bots)"
209.74.77.214 - - [14/Jul/2025:23:59:08 +0000] "POST /wp-cron.php?doing_wp_cron=1752537548.3554010391235351562500 HTTP/1.1" 200 - "-" "WordPress/6.8.1; https://abl.academy"
213.180.203.181 - - [14/Jul/2025:23:59:07 +0000] "GET /product/wood-postcard/ HTTP/1.1" 200 29782 "-" "Mozilla/5.0 (compatible; YandexBot/3.0; +http://yandex.com/bots)"
66.249.65.197 - - [15/Jul/2025:00:02:40 +0000] "GET /shopdetail/373460549 HTTP/1.1" 200 40003 "-" "Mozilla/5.0 (compatible; Googlebot/2.1; +http://www.google.com/bot.html)"
66.249.65.197 - - [15/Jul/2025:00:09:10 +0000] "GET /shopdetail/119008549 HTTP/1.1" 200 39858 "-" "Mozilla/5.0 (Linux; Android 6.0.1; Nexus 5X Build/MMB29P) AppleWebKit/537.36 (KHTML, like Gecko) Chrome/137.0.7151.103 Mobile Safari/537.36 (compatible; Googlebot/2.1; +http://www.google.com/bot.html)"
209.74.77.214 - - [15/Jul/2025:00:14:34 +0000] "POST /wp-cron.php?doing_wp_cron=1752538474.1304221153259277343750 HTTP/1.1" 200 - "-" "WordPress/6.8.1; https://abl.academy"
49.206.232.123 - - [15/Jul/2025:00:14:32 +0000] "POST /xmlrpc.php HTTP/1.1" 200 403 "-" "Mozilla/5.0 (Windows NT 6.1; Win64; x64; rv:25.0) Gecko/20100101 Firefox/29.0"
65.21.78.112 - - [15/Jul/2025:00:14:39 +0000] "POST /xmlrpc.php HTTP/1.1" 200 403 "-" "Mozilla/5.0 (Windows NT 10.0; Win64; x64) AppleWebKit/537.36 (KHTML, like Gecko) Chrome/88.0.4324.104 Safari/537.36"
198.54.114.36 - - [15/Jul/2025:00:14:41 +0000] "POST /xmlrpc.php HTTP/1.1" 200 403 "-" "Mozilla/5.0 (Windows NT 10.0; Win64; x64; rv:67.0) Gecko/20100101 Firefox/67.0"
81.70.217.125 - - [15/Jul/2025:00:14:45 +0000] "POST /xmlrpc.php HTTP/1.1" 200 403 "-" "Mozilla/5.0 (X11; Linux x86_64) AppleWebKit/537.36 (KHTML, like Gecko) Chrome/44.0.2403.157 Safari/537.36"
209.74.77.214 - - [15/Jul/2025:00:15:16 +0000] "POST /wp-cron.php?doing_wp_cron=1752538516.8214681148529052734375 HTTP/1.1" 200 - "-" "WordPress/6.8.1; https://abl.academy"
45.117.81.155 - - [15/Jul/2025:00:15:16 +0000] "POST /xmlrpc.php HTTP/1.1" 200 403 "-" "Mozilla/5.0 (Windows NT 10.0; Win64; x64; rv:66.0) Gecko/20100101 Firefox/66.0"
81.70.217.125 - - [15/Jul/2025:00:15:20 +0000] "POST /xmlrpc.php HTTP/1.1" 200 403 "-" "Mozilla/5.0 (Linux; Android 10; LM-Q710(FGN)) AppleWebKit/537.36 (KHTML, like Gecko) Chrome/91.0.4472.114 Mobile Safari/537.36"
45.117.81.155 - - [15/Jul/2025:00:15:25 +0000] "POST /xmlrpc.php HTTP/1.1" 200 403 "-" "Mozilla/5.0 (X11; Linux x86_64) AppleWebKit/537.36 (KHTML, like Gecko) Chrome/44.0.2403.157 Safari/537.36"
8.219.232.173 - - [15/Jul/2025:00:15:32 +0000] "POST /xmlrpc.php HTTP/1.1" 200 403 "-" "Mozilla/5.0 (Windows NT 10.0; Win64; x64; rv:85.0) Gecko/20100101 Firefox/85.0"
94.103.185.72 - - [15/Jul/2025:00:15:40 +0000] "POST /xmlrpc.php HTTP/1.1" 200 403 "-" "Mozilla/5.0 (Windows NT 5.1) AppleWebKit/537.36 (KHTML, like Gecko) Chrome/46.0.2490.71 Safari/537.36"
66.249.65.197 - - [15/Jul/2025:00:15:57 +0000] "GET /shopdetail/361458449 HTTP/1.1" 200 39810 "-" "Mozilla/5.0 (Linux; Android 6.0.1; Nexus 5X Build/MMB29P) AppleWebKit/537.36 (KHTML, like Gecko) Chrome/137.0.7151.103 Mobile Safari/537.36 (compatible; Googlebot/2.1; +http://www.google.com/bot.html)"
66.249.65.197 - - [15/Jul/2025:00:17:57 +0000] "GET /shopdetail/21933549 HTTP/1.1" 200 40541 "-" "Mozilla/5.0 (Linux; Android 6.0.1; Nexus 5X Build/MMB29P) AppleWebKit/537.36 (KHTML, like Gecko) Chrome/137.0.7151.103 Mobile Safari/537.36 (compatible; Googlebot/2.1; +http://www.google.com/bot.html)"
101.109.137.169 - - [15/Jul/2025:00:23:16 +0000] "POST /wp-comments-post.php HTTP/1.1" 302 - "-" "Mozilla/5.0 (Windows NT 10.0; Win64; x64) AppleWebKit/537.36 (KHTML, like Gecko) Chrome/120.0.0.0 Safari/537.36"
101.109.137.169 - - [15/Jul/2025:00:23:42 +0000] "POST /wp-comments-post.php HTTP/1.1" 302 - "-" "Mozilla/5.0 (Windows NT 10.0; Win64; x64) AppleWebKit/537.36 (KHTML, like Gecko) Chrome/120.0.0.0 Safari/537.36"
209.74.77.214 - - [15/Jul/2025:00:24:07 +0000] "POST /wp-cron.php?doing_wp_cron=1752539047.5567369461059570312500 HTTP/1.1" 200 - "-" "WordPress/6.8.1; https://abl.academy"
101.109.137.169 - - [15/Jul/2025:00:24:07 +0000] "POST /wp-comments-post.php HTTP/1.1" 302 - "-" "Mozilla/5.0 (Windows NT 10.0; Win64; x64) AppleWebKit/537.36 (KHTML, like Gecko) Chrome/120.0.0.0 Safari/537.36"
209.74.77.214 - - [15/Jul/2025:00:24:32 +0000] "POST /wp-cron.php?doing_wp_cron=1752539072.5731289386749267578125 HTTP/1.1" 200 - "-" "WordPress/6.8.1; https://abl.academy"
101.109.137.169 - - [15/Jul/2025:00:24:32 +0000] "POST /wp-comments-post.php HTTP/1.1" 302 - "-" "Mozilla/5.0 (Windows NT 10.0; Win64; x64) AppleWebKit/537.36 (KHTML, like Gecko) Chrome/120.0.0.0 Safari/537.36"
209.74.77.214 - - [15/Jul/2025:00:24:58 +0000] "POST /wp-cron.php?doing_wp_cron=1752539098.3670558929443359375000 HTTP/1.1" 200 - "-" "WordPress/6.8.1; https://abl.academy"
101.109.137.169 - - [15/Jul/2025:00:24:58 +0000] "POST /wp-comments-post.php HTTP/1.1" 302 - "-" "Mozilla/5.0 (Windows NT 10.0; Win64; x64) AppleWebKit/537.36 (KHTML, like Gecko) Chrome/120.0.0.0 Safari/537.36"
209.74.77.214 - - [15/Jul/2025:00:25:24 +0000] "POST /wp-cron.php?doing_wp_cron=1752539124.3446040153503417968750 HTTP/1.1" 200 - "-" "WordPress/6.8.1; https://abl.academy"
101.109.137.169 - - [15/Jul/2025:00:25:24 +0000] "POST /wp-comments-post.php HTTP/1.1" 302 - "-" "Mozilla/5.0 (Windows NT 10.0; Win64; x64) AppleWebKit/537.36 (KHTML, like Gecko) Chrome/120.0.0.0 Safari/537.36"
101.109.137.169 - - [15/Jul/2025:00:25:48 +0000] "POST /wp-comments-post.php HTTP/1.1" 302 - "-" "Mozilla/5.0 (Windows NT 10.0; Win64; x64) AppleWebKit/537.36 (KHTML, like Gecko) Chrome/120.0.0.0 Safari/537.36"
66.249.65.197 - - [15/Jul/2025:00:26:01 +0000] "GET /shopdetail/343513349 HTTP/1.1" 200 41231 "-" "Mozilla/5.0 (compatible; Googlebot/2.1; +http://www.google.com/bot.html)"
209.74.77.214 - - [15/Jul/2025:00:26:13 +0000] "POST /wp-cron.php?doing_wp_cron=1752539173.8253960609436035156250 HTTP/1.1" 200 - "-" "WordPress/6.8.1; https://abl.academy"
101.109.137.169 - - [15/Jul/2025:00:26:13 +0000] "POST /wp-comments-post.php HTTP/1.1" 302 - "-" "Mozilla/5.0 (Windows NT 10.0; Win64; x64) AppleWebKit/537.36 (KHTML, like Gecko) Chrome/120.0.0.0 Safari/537.36"
66.249.65.197 - - [15/Jul/2025:00:27:07 +0000] "GET /shopdetail/518153349 HTTP/1.1" 200 40305 "-" "Mozilla/5.0 (Linux; Android 6.0.1; Nexus 5X Build/MMB29P) AppleWebKit/537.36 (KHTML, like Gecko) Chrome/137.0.7151.103 Mobile Safari/537.36 (compatible; Googlebot/2.1; +http://www.google.com/bot.html)"
66.249.65.198 - - [15/Jul/2025:00:29:14 +0000] "GET /shopdetail/225343249 HTTP/1.1" 200 39918 "-" "Mozilla/5.0 (compatible; Googlebot/2.1; +http://www.google.com/bot.html)"
66.249.65.197 - - [15/Jul/2025:00:31:59 +0000] "GET /shopdetail/312054549 HTTP/1.1" 200 40030 "-" "Mozilla/5.0 (compatible; Googlebot/2.1; +http://www.google.com/bot.html)"
66.249.65.199 - - [15/Jul/2025:00:32:13 +0000] "GET /shopdetail/78790149 HTTP/1.1" 200 40223 "-" "Mozilla/5.0 (compatible; Googlebot/2.1; +http://www.google.com/bot.html)"
66.249.65.197 - - [15/Jul/2025:00:32:47 +0000] "GET /shopdetail/515700149 HTTP/1.1" 200 40673 "-" "Mozilla/5.0 (compatible; Googlebot/2.1; +http://www.google.com/bot.html)"
66.249.65.197 - - [15/Jul/2025:00:34:50 +0000] "GET /shopdetail/226069349 HTTP/1.1" 200 40097 "-" "Mozilla/5.0 (Linux; Android 6.0.1; Nexus 5X Build/MMB29P) AppleWebKit/537.36 (KHTML, like Gecko) Chrome/137.0.7151.103 Mobile Safari/537.36 (compatible; Googlebot/2.1; +http://www.google.com/bot.html)"
66.249.65.197 - - [15/Jul/2025:00:35:38 +0000] "GET /shopdetail/50813049 HTTP/1.1" 200 40107 "-" "Mozilla/5.0 (compatible; Googlebot/2.1; +http://www.google.com/bot.html)"
66.249.65.197 - - [15/Jul/2025:00:35:52 +0000] "GET /shopdetail/566648349 HTTP/1.1" 200 39873 "-" "Mozilla/5.0 (Linux; Android 6.0.1; Nexus 5X Build/MMB29P) AppleWebKit/537.36 (KHTML, like Gecko) Chrome/137.0.7151.103 Mobile Safari/537.36 (compatible; Googlebot/2.1; +http://www.google.com/bot.html)"
66.249.65.197 - - [15/Jul/2025:00:36:26 +0000] "GET /shopdetail/325047249 HTTP/1.1" 200 39985 "-" "Mozilla/5.0 (Linux; Android 6.0.1; Nexus 5X Build/MMB29P) AppleWebKit/537.36 (KHTML, like Gecko) Chrome/137.0.7151.103 Mobile Safari/537.36 (compatible; Googlebot/2.1; +http://www.google.com/bot.html)"
66.249.65.197 - - [15/Jul/2025:00:36:56 +0000] "GET /shopdetail/468668049 HTTP/1.1" 200 40738 "-" "Mozilla/5.0 (compatible; Googlebot/2.1; +http://www.google.com/bot.html)"
66.249.65.198 - - [15/Jul/2025:00:39:28 +0000] "GET /shopdetail/373532649 HTTP/1.1" 200 40996 "-" "Mozilla/5.0 (compatible; Googlebot/2.1; +http://www.google.com/bot.html)"
66.249.65.197 - - [15/Jul/2025:00:54:38 +0000] "GET /shopdetail/40142349 HTTP/1.1" 200 39996 "-" "Mozilla/5.0 (Linux; Android 6.0.1; Nexus 5X Build/MMB29P) AppleWebKit/537.36 (KHTML, like Gecko) Chrome/137.0.7151.103 Mobile Safari/537.36 (compatible; Googlebot/2.1; +http://www.google.com/bot.html)"
66.249.65.199 - - [15/Jul/2025:01:07:06 +0000] "GET /shopdetail/546832349 HTTP/1.1" 200 40061 "-" "Mozilla/5.0 (compatible; Googlebot/2.1; +http://www.google.com/bot.html)"
66.249.65.197 - - [15/Jul/2025:01:11:57 +0000] "GET /shopdetail/167898649 HTTP/1.1" 200 40377 "-" "Mozilla/5.0 (Linux; Android 6.0.1; Nexus 5X Build/MMB29P) AppleWebKit/537.36 (KHTML, like Gecko) Chrome/137.0.7151.103 Mobile Safari/537.36 (compatible; Googlebot/2.1; +http://www.google.com/bot.html)"
66.249.65.197 - - [15/Jul/2025:01:14:35 +0000] "GET /shopdetail/558767849 HTTP/1.1" 200 40455 "-" "Mozilla/5.0 (compatible; Googlebot/2.1; +http://www.google.com/bot.html)"
66.249.65.197 - - [15/Jul/2025:01:16:44 +0000] "GET /shopdetail/13781449 HTTP/1.1" 200 40015 "-" "Mozilla/5.0 (Linux; Android 6.0.1; Nexus 5X Build/MMB29P) AppleWebKit/537.36 (KHTML, like Gecko) Chrome/137.0.7151.103 Mobile Safari/537.36 (compatible; Googlebot/2.1; +http://www.google.com/bot.html)"
66.249.65.198 - - [15/Jul/2025:01:19:11 +0000] "GET /shopdetail/271347349 HTTP/1.1" 200 40035 "-" "Mozilla/5.0 (Linux; Android 6.0.1; Nexus 5X Build/MMB29P) AppleWebKit/537.36 (KHTML, like Gecko) Chrome/137.0.7151.103 Mobile Safari/537.36 (compatible; Googlebot/2.1; +http://www.google.com/bot.html)"
66.249.65.199 - - [15/Jul/2025:01:20:14 +0000] "GET /shopdetail/143280949 HTTP/1.1" 200 40222 "-" "Mozilla/5.0 (Linux; Android 6.0.1; Nexus 5X Build/MMB29P) AppleWebKit/537.36 (KHTML, like Gecko) Chrome/137.0.7151.103 Mobile Safari/537.36 (compatible; Googlebot/2.1; +http://www.google.com/bot.html)"
66.249.65.199 - - [15/Jul/2025:01:22:03 +0000] "GET /shopdetail/427873849 HTTP/1.1" 200 40602 "-" "Mozilla/5.0 (Linux; Android 6.0.1; Nexus 5X Build/MMB29P) AppleWebKit/537.36 (KHTML, like Gecko) Chrome/137.0.7151.103 Mobile Safari/537.36 (compatible; Googlebot/2.1; +http://www.google.com/bot.html)"
66.249.65.197 - - [15/Jul/2025:01:23:08 +0000] "GET /shopdetail/382253949 HTTP/1.1" 200 40181 "-" "Mozilla/5.0 (compatible; Googlebot/2.1; +http://www.google.com/bot.html)"
66.249.65.197 - - [15/Jul/2025:01:25:26 +0000] "GET /shopdetail/64020849 HTTP/1.1" 200 41235 "-" "Mozilla/5.0 (Linux; Android 6.0.1; Nexus 5X Build/MMB29P) AppleWebKit/537.36 (KHTML, like Gecko) Chrome/137.0.7151.103 Mobile Safari/537.36 (compatible; Googlebot/2.1; +http://www.google.com/bot.html)"
66.249.65.197 - - [15/Jul/2025:01:28:48 +0000] "GET /shopdetail/334930549 HTTP/1.1" 200 39778 "-" "Mozilla/5.0 (Linux; Android 6.0.1; Nexus 5X Build/MMB29P) AppleWebKit/537.36 (KHTML, like Gecko) Chrome/137.0.7151.103 Mobile Safari/537.36 (compatible; Googlebot/2.1; +http://www.google.com/bot.html)"
66.249.65.198 - - [15/Jul/2025:01:29:58 +0000] "GET /shopdetail/14425649 HTTP/1.1" 200 40021 "-" "Mozilla/5.0 (Linux; Android 6.0.1; Nexus 5X Build/MMB29P) AppleWebKit/537.36 (KHTML, like Gecko) Chrome/137.0.7151.103 Mobile Safari/537.36 (compatible; Googlebot/2.1; +http://www.google.com/bot.html)"
66.249.65.197 - - [15/Jul/2025:01:35:36 +0000] "GET /shopdetail/497026749 HTTP/1.1" 200 40082 "-" "Mozilla/5.0 (Linux; Android 6.0.1; Nexus 5X Build/MMB29P) AppleWebKit/537.36 (KHTML, like Gecko) Chrome/137.0.7151.103 Mobile Safari/537.36 (compatible; Googlebot/2.1; +http://www.google.com/bot.html)"
66.249.65.197 - - [15/Jul/2025:01:36:49 +0000] "GET /shopdetail/106576449 HTTP/1.1" 200 40429 "-" "Mozilla/5.0 (compatible; Googlebot/2.1; +http://www.google.com/bot.html)"
66.249.65.198 - - [15/Jul/2025:01:37:31 +0000] "GET /shopdetail/13535349 HTTP/1.1" 200 40145 "-" "Mozilla/5.0 (Linux; Android 6.0.1; Nexus 5X Build/MMB29P) AppleWebKit/537.36 (KHTML, like Gecko) Chrome/137.0.7151.103 Mobile Safari/537.36 (compatible; Googlebot/2.1; +http://www.google.com/bot.html)"
209.74.77.214 - - [15/Jul/2025:01:39:42 +0000] "POST /wp-cron.php?doing_wp_cron=1752543582.5003900527954101562500 HTTP/1.1" 200 - "-" "WordPress/6.8.1; https://abl.academy"
141.95.4.134 - - [15/Jul/2025:01:39:41 +0000] "GET /blog-verify HTTP/1.1" 404 44363 "-" "Mozilla/5.0 (Windows NT 10.0; Win64; x64) AppleWebKit/537.36 (KHTML, like Gecko) Chrome/127.0.0.0 Safari/537.36"
141.95.4.134 - - [15/Jul/2025:01:39:41 +0000] "GET /?wordpress_x_core=check HTTP/1.1" 200 44687 "-" "Mozilla/5.0 (Windows NT 10.0; Win64; x64) AppleWebKit/537.36 (KHTML, like Gecko) Chrome/127.0.0.0 Safari/537.36"
66.249.65.198 - - [15/Jul/2025:01:40:09 +0000] "GET /shopdetail/17233449 HTTP/1.1" 200 40147 "-" "Mozilla/5.0 (compatible; Googlebot/2.1; +http://www.google.com/bot.html)"
66.249.65.197 - - [15/Jul/2025:01:40:21 +0000] "GET /shopdetail/136993049 HTTP/1.1" 200 39941 "-" "Mozilla/5.0 (compatible; Googlebot/2.1; +http://www.google.com/bot.html)"
66.249.65.197 - - [15/Jul/2025:01:44:40 +0000] "GET /shopdetail/191797149 HTTP/1.1" 200 40056 "-" "Mozilla/5.0 (Linux; Android 6.0.1; Nexus 5X Build/MMB29P) AppleWebKit/537.36 (KHTML, like Gecko) Chrome/137.0.7151.103 Mobile Safari/537.36 (compatible; Googlebot/2.1; +http://www.google.com/bot.html)"
66.249.65.197 - - [15/Jul/2025:01:45:52 +0000] "GET /shopdetail/300061249 HTTP/1.1" 200 40631 "-" "Mozilla/5.0 (Linux; Android 6.0.1; Nexus 5X Build/MMB29P) AppleWebKit/537.36 (KHTML, like Gecko) Chrome/137.0.7151.103 Mobile Safari/537.36 (compatible; Googlebot/2.1; +http://www.google.com/bot.html)"
66.249.65.197 - - [15/Jul/2025:01:45:57 +0000] "GET /shopdetail/255579249 HTTP/1.1" 200 41105 "-" "Mozilla/5.0 (compatible; Googlebot/2.1; +http://www.google.com/bot.html)"
66.249.65.197 - - [15/Jul/2025:01:46:50 +0000] "GET /shopdetail/436060049 HTTP/1.1" 200 39759 "-" "Mozilla/5.0 (compatible; Googlebot/2.1; +http://www.google.com/bot.html)"
209.74.77.214 - - [15/Jul/2025:01:50:46 +0000] "POST /wp-cron.php?doing_wp_cron=1752544246.4655160903930664062500 HTTP/1.1" 200 - "-" "WordPress/6.8.1; https://abl.academy"
185.232.69.129 - - [15/Jul/2025:01:50:45 +0000] "GET /lms-wordpress-plugin/ HTTP/1.0" 200 69398 "https://abl.academy/lms-wordpress-plugin/" "Mozilla/5.0 (Windows NT 10.0; Win64; x64) AppleWebKit/537.36 (KHTML, like Gecko) Chrome/130.0.0.0 Safari/537.36 CCleaner/130.0.0.0"
185.232.69.129 - - [15/Jul/2025:01:50:47 +0000] "GET /blog/ HTTP/1.0" 200 78628 "https://abl.academy/blog/" "Mozilla/5.0 (Windows NT 10.0; Win64; x64) AppleWebKit/537.36 (KHTML, like Gecko) Chrome/130.0.0.0 Safari/537.36 CCleaner/130.0.0.0"
185.232.69.129 - - [15/Jul/2025:01:50:48 +0000] "GET /category/blog/ HTTP/1.0" 200 74038 "https://abl.academy/category/blog/" "Mozilla/5.0 (Windows NT 10.0; Win64; x64) AppleWebKit/537.36 (KHTML, like Gecko) Chrome/130.0.0.0 Safari/537.36 CCleaner/130.0.0.0"
209.74.77.214 - - [15/Jul/2025:01:53:44 +0000] "POST /wp-cron.php?doing_wp_cron=1752544424.3450129032135009765625 HTTP/1.1" 200 - "-" "WordPress/6.8.1; https://abl.academy"
134.17.14.12 - - [15/Jul/2025:01:53:43 +0000] "POST /geju.php HTTP/1.1" 404 9553 "-" "Mozilla/4.0 (compatible; MSIE 6.0; Windows NT 5.1; SV1)"
66.249.65.197 - - [15/Jul/2025:01:55:45 +0000] "GET /shopdetail/452744749 HTTP/1.1" 200 39828 "-" "Mozilla/5.0 (Linux; Android 6.0.1; Nexus 5X Build/MMB29P) AppleWebKit/537.36 (KHTML, like Gecko) Chrome/137.0.7151.103 Mobile Safari/537.36 (compatible; Googlebot/2.1; +http://www.google.com/bot.html)"
66.249.65.197 - - [15/Jul/2025:01:56:35 +0000] "GET /shopdetail/138225049 HTTP/1.1" 200 40199 "-" "Mozilla/5.0 (compatible; Googlebot/2.1; +http://www.google.com/bot.html)"
66.249.65.197 - - [15/Jul/2025:02:00:21 +0000] "GET /shopdetail/483234149 HTTP/1.1" 200 40692 "-" "Mozilla/5.0 (Linux; Android 6.0.1; Nexus 5X Build/MMB29P) AppleWebKit/537.36 (KHTML, like Gecko) Chrome/137.0.7151.103 Mobile Safari/537.36 (compatible; Googlebot/2.1; +http://www.google.com/bot.html)"
66.249.65.197 - - [15/Jul/2025:02:03:50 +0000] "GET /shopdetail/542427549 HTTP/1.1" 200 39961 "-" "Mozilla/5.0 (compatible; Googlebot/2.1; +http://www.google.com/bot.html)"
66.249.65.197 - - [15/Jul/2025:02:04:29 +0000] "GET /shopdetail/169971149 HTTP/1.1" 200 40910 "-" "Mozilla/5.0 (compatible; Googlebot/2.1; +http://www.google.com/bot.html)"
66.249.65.197 - - [15/Jul/2025:02:06:10 +0000] "GET /shopdetail/8398449 HTTP/1.1" 200 40467 "-" "Mozilla/5.0 (Linux; Android 6.0.1; Nexus 5X Build/MMB29P) AppleWebKit/537.36 (KHTML, like Gecko) Chrome/137.0.7151.103 Mobile Safari/537.36 (compatible; Googlebot/2.1; +http://www.google.com/bot.html)"
66.249.65.197 - - [15/Jul/2025:02:07:03 +0000] "GET /shopdetail/173480649 HTTP/1.1" 200 39910 "-" "Mozilla/5.0 (compatible; Googlebot/2.1; +http://www.google.com/bot.html)"
154.196.30.215 - - [15/Jul/2025:02:08:27 +0000] "GET /lms-wordpress-plugin/?unapproved=5832&moderation-hash=eed902dc9e46cb972effadb722fbc42d HTTP/1.0" 200 69487 "https://abl.academy/lms-wordpress-plugin/?unapproved=5832&moderation-hash=eed902dc9e46cb972effadb722fbc42d#comment-5832" "Mozilla/5.0 (Windows NT 10.0; Win64; x64) AppleWebKit/537.36 (KHTML, like Gecko) Chrome/131.0.0.0 Safari/537.36"
66.249.65.197 - - [15/Jul/2025:02:14:53 +0000] "GET /shopdetail/316482449 HTTP/1.1" 200 40244 "-" "Mozilla/5.0 (Linux; Android 6.0.1; Nexus 5X Build/MMB29P) AppleWebKit/537.36 (KHTML, like Gecko) Chrome/137.0.7151.103 Mobile Safari/537.36 (compatible; Googlebot/2.1; +http://www.google.com/bot.html)"
66.249.65.197 - - [15/Jul/2025:02:19:36 +0000] "GET /shopdetail/428325149 HTTP/1.1" 200 40764 "-" "Mozilla/5.0 (compatible; Googlebot/2.1; +http://www.google.com/bot.html)"
66.249.65.197 - - [15/Jul/2025:02:20:36 +0000] "GET /shopdetail/218444849 HTTP/1.1" 200 39826 "-" "Mozilla/5.0 (Linux; Android 6.0.1; Nexus 5X Build/MMB29P) AppleWebKit/537.36 (KHTML, like Gecko) Chrome/137.0.7151.103 Mobile Safari/537.36 (compatible; Googlebot/2.1; +http://www.google.com/bot.html)"
85.208.96.198 - - [15/Jul/2025:02:21:23 +0000] "GET /robots.txt HTTP/1.1" 200 114 "-" "Mozilla/5.0 (compatible; SemrushBot/7~bl; +http://www.semrush.com/bot.html)"
209.74.77.214 - - [15/Jul/2025:02:21:24 +0000] "POST /wp-cron.php?doing_wp_cron=1752546084.1621260643005371093750 HTTP/1.1" 200 - "-" "WordPress/6.8.1; https://abl.academy"
85.208.96.205 - - [15/Jul/2025:02:21:23 +0000] "GET /lp-checkout/ HTTP/1.1" 200 9716 "-" "Mozilla/5.0 (compatible; SemrushBot/7~bl; +http://www.semrush.com/bot.html)"
209.74.77.214 - - [15/Jul/2025:02:22:14 +0000] "POST /wp-cron.php?doing_wp_cron=1752546134.4004149436950683593750 HTTP/1.1" 200 - "-" "WordPress/6.8.1; https://abl.academy"
85.208.96.204 - - [15/Jul/2025:02:22:14 +0000] "GET /course-tag/tutorial/ HTTP/1.1" 200 15167 "-" "Mozilla/5.0 (compatible; SemrushBot/7~bl; +http://www.semrush.com/bot.html)"
66.249.65.198 - - [15/Jul/2025:02:22:20 +0000] "GET /shopdetail/362938449 HTTP/1.1" 200 40263 "-" "Mozilla/5.0 (compatible; Googlebot/2.1; +http://www.google.com/bot.html)"
66.249.65.197 - - [15/Jul/2025:02:22:57 +0000] "GET /shopdetail/278381249 HTTP/1.1" 200 39816 "-" "Mozilla/5.0 (Linux; Android 6.0.1; Nexus 5X Build/MMB29P) AppleWebKit/537.36 (KHTML, like Gecko) Chrome/137.0.7151.103 Mobile Safari/537.36 (compatible; Googlebot/2.1; +http://www.google.com/bot.html)"
66.249.65.197 - - [15/Jul/2025:02:24:18 +0000] "GET /shopdetail/199907649 HTTP/1.1" 200 39961 "-" "Mozilla/5.0 (Linux; Android 6.0.1; Nexus 5X Build/MMB29P) AppleWebKit/537.36 (KHTML, like Gecko) Chrome/137.0.7151.103 Mobile Safari/537.36 (compatible; Googlebot/2.1; +http://www.google.com/bot.html)"
66.249.65.197 - - [15/Jul/2025:02:26:50 +0000] "GET /shopdetail/%3Ctable%20id= HTTP/1.1" 200 39835 "-" "Googlebot-Image/1.0"
43.166.136.24 - - [15/Jul/2025:02:30:55 +0000] "GET / HTTP/1.1" 200 9695 "http://abl.academy" "Mozilla/5.0 (iPhone; CPU iPhone OS 13_2_3 like Mac OS X) AppleWebKit/605.1.15 (KHTML, like Gecko) Version/13.0.3 Mobile/15E148 Safari/604.1"
