87.250.224.247 - - [14/Jul/2025:14:50:51 +0000] "GET /item/god42141075/ HTTP/1.1" 404 9553 "-" "Mozilla/5.0 (compatible; YandexBot/3.0; +http://yandex.com/bots)"
209.74.77.214 - - [14/Jul/2025:14:52:05 +0000] "POST /wp-cron.php?doing_wp_cron=1752504725.3091249465942382812500 HTTP/1.1" 200 - "-" "WordPress/6.8.1; https://abl.academy"
213.180.203.73 - - [14/Jul/2025:14:52:03 +0000] "GET /item/chip72213446/ HTTP/1.1" 404 9553 "-" "Mozilla/5.0 (compatible; YandexBot/3.0; +http://yandex.com/bots) AppleWebKit/537.36 (KHTML, like Gecko) Chrome/108.0.0.0"
209.74.77.214 - - [14/Jul/2025:14:52:45 +0000] "POST /wp-cron.php?doing_wp_cron=1752504765.9649770259857177734375 HTTP/1.1" 200 - "-" "WordPress/6.8.1; https://abl.academy"
95.108.213.124 - - [14/Jul/2025:14:52:44 +0000] "GET /item/sea81668759/ HTTP/1.1" 404 9553 "-" "Mozilla/5.0 (compatible; YandexBot/3.0; +http://yandex.com/bots)"
209.74.77.214 - - [14/Jul/2025:14:53:40 +0000] "POST /wp-cron.php?doing_wp_cron=1752504820.4331591129302978515625 HTTP/1.1" 200 - "-" "WordPress/6.8.1; https://abl.academy"
213.180.203.172 - - [14/Jul/2025:14:53:39 +0000] "GET /item/snack21934081/ HTTP/1.1" 404 9553 "-" "Mozilla/5.0 (compatible; YandexBot/3.0; +http://yandex.com/bots)"
209.74.77.214 - - [14/Jul/2025:14:54:46 +0000] "POST /wp-cron.php?doing_wp_cron=1752504886.5177218914031982421875 HTTP/1.1" 200 - "-" "WordPress/6.8.1; https://abl.academy"
87.250.224.15 - - [14/Jul/2025:14:54:45 +0000] "GET /item/partn61917701/ HTTP/1.1" 404 9553 "-" "Mozilla/5.0 (compatible; YandexBot/3.0; +http://yandex.com/bots)"
209.74.77.214 - - [14/Jul/2025:14:55:31 +0000] "POST /wp-cron.php?doing_wp_cron=1752504931.2004830837249755859375 HTTP/1.1" 200 - "-" "WordPress/6.8.1; https://abl.academy"
213.180.203.97 - - [14/Jul/2025:14:55:30 +0000] "GET /item/her82928151/ HTTP/1.1" 404 9553 "-" "Mozilla/5.0 (compatible; YandexBot/3.0; +http://yandex.com/bots)"
209.74.77.214 - - [14/Jul/2025:14:56:14 +0000] "POST /wp-cron.php?doing_wp_cron=1752504974.1975901126861572265625 HTTP/1.1" 200 - "-" "WordPress/6.8.1; https://abl.academy"
213.180.203.98 - - [14/Jul/2025:14:56:12 +0000] "GET /item/bruis22498689/ HTTP/1.1" 404 9553 "-" "Mozilla/5.0 (compatible; YandexBot/3.0; +http://yandex.com/bots)"
209.74.77.214 - - [14/Jul/2025:14:57:25 +0000] "POST /wp-cron.php?doing_wp_cron=1752505045.2902600765228271484375 HTTP/1.1" 200 - "-" "WordPress/6.8.1; https://abl.academy"
213.180.203.200 - - [14/Jul/2025:14:57:23 +0000] "GET /item/borin31941266/ HTTP/1.1" 404 9553 "-" "Mozilla/5.0 (compatible; YandexBot/3.0; +http://yandex.com/bots)"
213.180.203.191 - - [14/Jul/2025:14:57:30 +0000] "GET /item/choic81388143/ HTTP/1.1" 404 9553 "-" "Mozilla/5.0 (compatible; YandexBot/3.0; +http://yandex.com/bots)"
209.74.77.214 - - [14/Jul/2025:14:59:06 +0000] "POST /wp-cron.php?doing_wp_cron=1752505146.4754090309143066406250 HTTP/1.1" 200 - "-" "WordPress/6.8.1; https://abl.academy"
213.180.203.16 - - [14/Jul/2025:14:59:05 +0000] "GET /item/burde30894042/ HTTP/1.1" 404 9553 "-" "Mozilla/5.0 (compatible; YandexBot/3.0; +http://yandex.com/bots)"
209.74.77.214 - - [14/Jul/2025:14:59:18 +0000] "POST /wp-cron.php?doing_wp_cron=1752505158.0926849842071533203125 HTTP/1.1" 200 - "-" "WordPress/6.8.1; https://abl.academy"
5.255.231.195 - - [14/Jul/2025:14:59:17 +0000] "GET /item/appoi50485428/ HTTP/1.1" 404 9553 "-" "Mozilla/5.0 (compatible; YandexBot/3.0; +http://yandex.com/bots)"
209.74.77.214 - - [14/Jul/2025:15:00:34 +0000] "POST /wp-cron.php?doing_wp_cron=1752505234.7762260437011718750000 HTTP/1.1" 200 - "-" "WordPress/6.8.1; https://abl.academy"
213.180.203.217 - - [14/Jul/2025:15:00:33 +0000] "GET /item/partn61917701/ HTTP/1.1" 404 9553 "-" "Mozilla/5.0 (compatible; YandexBot/3.0; +http://yandex.com/bots)"
209.74.77.214 - - [14/Jul/2025:15:03:41 +0000] "POST /wp-cron.php?doing_wp_cron=1752505421.3094151020050048828125 HTTP/1.1" 200 - "-" "WordPress/6.8.1; https://abl.academy"
84.54.44.30 - - [14/Jul/2025:15:03:40 +0000] "GET /lms-wordpress-plugin/ HTTP/1.0" 200 69398 "https://abl.academy/lms-wordpress-plugin/" "Mozilla/5.0 (Windows NT 10.0; Win64; x64) AppleWebKit/537.36 (KHTML, like Gecko) Chrome/131.0.0.0 Safari/537.36"
84.54.44.30 - - [14/Jul/2025:15:03:43 +0000] "POST /wp-comments-post.php HTTP/1.0" 302 - "https://abl.academy/lms-wordpress-plugin/" "Mozilla/5.0 (Windows NT 10.0; Win64; x64) AppleWebKit/537.36 (KHTML, like Gecko) Chrome/131.0.0.0 Safari/537.36"
84.54.44.30 - - [14/Jul/2025:15:03:44 +0000] "GET /lms-wordpress-plugin/?unapproved=5798&moderation-hash=6fea72d1b88b19be1247803cd644d885 HTTP/1.0" 200 69487 "https://abl.academy/lms-wordpress-plugin/?unapproved=5798&moderation-hash=6fea72d1b88b19be1247803cd644d885#comment-5798" "Mozilla/5.0 (Windows NT 10.0; Win64; x64) AppleWebKit/537.36 (KHTML, like Gecko) Chrome/131.0.0.0 Safari/537.36"
115.77.137.16 - - [14/Jul/2025:15:05:28 +0000] "POST /wp-comments-post.php HTTP/1.1" 302 - "-" "Mozilla/5.0 (Windows NT 10.0; Win64; x64) AppleWebKit/537.36 (KHTML, like Gecko) Chrome/120.0.0.0 Safari/537.36"
115.77.137.16 - - [14/Jul/2025:15:05:54 +0000] "POST /wp-comments-post.php HTTP/1.1" 302 - "-" "Mozilla/5.0 (Windows NT 10.0; Win64; x64) AppleWebKit/537.36 (KHTML, like Gecko) Chrome/120.0.0.0 Safari/537.36"
209.74.77.214 - - [14/Jul/2025:15:06:00 +0000] "POST /wp-cron.php?doing_wp_cron=1752505560.2963809967041015625000 HTTP/1.1" 200 - "-" "WordPress/6.8.1; https://abl.academy"
115.77.137.16 - - [14/Jul/2025:15:06:00 +0000] "POST /wp-comments-post.php HTTP/1.1" 429 1107 "-" "Mozilla/5.0 (Windows NT 10.0; Win64; x64) AppleWebKit/537.36 (KHTML, like Gecko) Chrome/120.0.0.0 Safari/537.36"
209.74.77.214 - - [14/Jul/2025:15:06:25 +0000] "POST /wp-cron.php?doing_wp_cron=1752505585.3520960807800292968750 HTTP/1.1" 200 - "-" "WordPress/6.8.1; https://abl.academy"
115.77.137.16 - - [14/Jul/2025:15:06:25 +0000] "POST /wp-comments-post.php HTTP/1.1" 302 - "-" "Mozilla/5.0 (Windows NT 10.0; Win64; x64) AppleWebKit/537.36 (KHTML, like Gecko) Chrome/120.0.0.0 Safari/537.36"
115.77.137.16 - - [14/Jul/2025:15:06:45 +0000] "POST /wp-comments-post.php HTTP/1.1" 302 - "-" "Mozilla/5.0 (Windows NT 10.0; Win64; x64) AppleWebKit/537.36 (KHTML, like Gecko) Chrome/120.0.0.0 Safari/537.36"
209.74.77.214 - - [14/Jul/2025:15:07:08 +0000] "POST /wp-cron.php?doing_wp_cron=1752505628.6470429897308349609375 HTTP/1.1" 200 - "-" "WordPress/6.8.1; https://abl.academy"
115.77.137.16 - - [14/Jul/2025:15:07:08 +0000] "POST /wp-comments-post.php HTTP/1.1" 302 - "-" "Mozilla/5.0 (Windows NT 10.0; Win64; x64) AppleWebKit/537.36 (KHTML, like Gecko) Chrome/120.0.0.0 Safari/537.36"
95.108.213.177 - - [14/Jul/2025:15:07:31 +0000] "GET /robots.txt HTTP/1.1" 200 285 "-" "Mozilla/5.0 (compatible; YandexBot/3.0; +http://yandex.com/bots)"
209.74.77.214 - - [14/Jul/2025:15:07:32 +0000] "POST /wp-cron.php?doing_wp_cron=1752505652.6167299747467041015625 HTTP/1.1" 200 - "-" "WordPress/6.8.1; https://abl.academy"
87.250.224.76 - - [14/Jul/2025:15:07:32 +0000] "GET /item/sake82695391/ HTTP/1.1" 404 9553 "-" "Mozilla/5.0 (compatible; YandexBot/3.0; +http://yandex.com/bots)"
209.74.77.214 - - [14/Jul/2025:15:09:34 +0000] "POST /wp-cron.php?doing_wp_cron=1752505774.5666120052337646484375 HTTP/1.1" 200 - "-" "WordPress/6.8.1; https://abl.academy"
213.180.203.228 - - [14/Jul/2025:15:09:33 +0000] "GET /item/serb70827918/ HTTP/1.1" 404 9553 "-" "Mozilla/5.0 (compatible; YandexBot/3.0; +http://yandex.com/bots)"
62.84.98.145 - - [14/Jul/2025:15:12:08 +0000] "GET / HTTP/1.0" 200 44661 "https://abl.academy/" "Mozilla/5.0 (Windows NT 10.0; Win64; x64) AppleWebKit/537.36 (KHTML, like Gecko) Chrome/131.0.0.0 Safari/537.36 Avast/131.0.0.0"
62.84.98.145 - - [14/Jul/2025:15:12:10 +0000] "GET /blog/ HTTP/1.0" 200 78628 "https://abl.academy/blog/" "Mozilla/5.0 (Windows NT 10.0; Win64; x64) AppleWebKit/537.36 (KHTML, like Gecko) Chrome/131.0.0.0 Safari/537.36 Avast/131.0.0.0"
62.84.98.145 - - [14/Jul/2025:15:12:11 +0000] "GET /category/blog/ HTTP/1.0" 200 74038 "https://abl.academy/category/blog/" "Mozilla/5.0 (Windows NT 10.0; Win64; x64) AppleWebKit/537.36 (KHTML, like Gecko) Chrome/131.0.0.0 Safari/537.36 Avast/131.0.0.0"
209.74.77.214 - - [14/Jul/2025:15:12:13 +0000] "POST /wp-cron.php?doing_wp_cron=1752505933.0286900997161865234375 HTTP/1.1" 200 - "-" "WordPress/6.8.1; https://abl.academy"
62.84.98.145 - - [14/Jul/2025:15:12:12 +0000] "GET /lms-wordpress-plugin/ HTTP/1.0" 200 69398 "https://abl.academy/lms-wordpress-plugin/" "Mozilla/5.0 (Windows NT 10.0; Win64; x64) AppleWebKit/537.36 (KHTML, like Gecko) Chrome/131.0.0.0 Safari/537.36 Avast/131.0.0.0"
62.84.98.145 - - [14/Jul/2025:15:12:14 +0000] "POST /wp-comments-post.php HTTP/1.0" 302 - "https://abl.academy/lms-wordpress-plugin/" "Mozilla/5.0 (Windows NT 10.0; Win64; x64) AppleWebKit/537.36 (KHTML, like Gecko) Chrome/131.0.0.0 Safari/537.36 Avast/131.0.0.0"
62.84.98.145 - - [14/Jul/2025:15:12:15 +0000] "GET /lms-wordpress-plugin/?unapproved=5804&moderation-hash=06f251b3fff630d039a4cb355acf1891 HTTP/1.0" 200 69487 "https://abl.academy/lms-wordpress-plugin/?unapproved=5804&moderation-hash=06f251b3fff630d039a4cb355acf1891#comment-5804" "Mozilla/5.0 (Windows NT 10.0; Win64; x64) AppleWebKit/537.36 (KHTML, like Gecko) Chrome/131.0.0.0 Safari/537.36 Avast/131.0.0.0"
209.74.77.214 - - [14/Jul/2025:15:15:06 +0000] "POST /wp-cron.php?doing_wp_cron=1752506106.7266249656677246093750 HTTP/1.1" 200 - "-" "WordPress/6.8.1; https://abl.academy"
213.180.203.75 - - [14/Jul/2025:15:15:05 +0000] "GET /item/borin31941266/ HTTP/1.1" 404 9553 "-" "Mozilla/5.0 (compatible; YandexBot/3.0; +http://yandex.com/bots)"
209.74.77.214 - - [14/Jul/2025:15:18:53 +0000] "POST /wp-cron.php?doing_wp_cron=1752506333.4708590507507324218750 HTTP/1.1" 200 - "-" "WordPress/6.8.1; https://abl.academy"
213.180.203.38 - - [14/Jul/2025:15:18:51 +0000] "GET /item/inten62705285/ HTTP/1.1" 404 9553 "-" "Mozilla/5.0 (compatible; YandexBot/3.0; +http://yandex.com/bots)"
213.180.203.137 - - [14/Jul/2025:15:19:53 +0000] "GET /robots.txt HTTP/1.1" 200 285 "-" "Mozilla/5.0 (compatible; YandexBot/3.0; +http://yandex.com/bots)"
209.74.77.214 - - [14/Jul/2025:15:24:32 +0000] "POST /wp-cron.php?doing_wp_cron=1752506672.5565490722656250000000 HTTP/1.1" 200 - "-" "WordPress/6.8.1; https://abl.academy"
87.250.224.130 - - [14/Jul/2025:15:24:30 +0000] "GET /item/veloc62271637/ HTTP/1.1" 404 9553 "-" "Mozilla/5.0 (compatible; YandexBot/3.0; +http://yandex.com/bots)"
213.180.203.164 - - [14/Jul/2025:15:25:19 +0000] "GET /robots.txt HTTP/1.1" 200 285 "-" "Mozilla/5.0 (compatible; YandexBot/3.0; +http://yandex.com/bots)"
95.108.213.115 - - [14/Jul/2025:15:25:43 +0000] "GET /robots.txt HTTP/1.1" 200 285 "-" "Mozilla/5.0 (compatible; YandexBot/3.0; +http://yandex.com/bots)"
209.74.77.214 - - [14/Jul/2025:15:29:19 +0000] "POST /wp-cron.php?doing_wp_cron=1752506959.3954501152038574218750 HTTP/1.1" 200 - "-" "WordPress/6.8.1; https://abl.academy"
213.180.203.225 - - [14/Jul/2025:15:29:17 +0000] "GET /item/inner41422787/ HTTP/1.1" 404 9553 "-" "Mozilla/5.0 (compatible; YandexBot/3.0; +http://yandex.com/bots)"
87.250.224.207 - - [14/Jul/2025:15:29:53 +0000] "GET /item/airpo61160725/ HTTP/1.1" 404 9553 "-" "Mozilla/5.0 (compatible; YandexBot/3.0; +http://yandex.com/bots)"
66.249.65.199 - - [14/Jul/2025:15:44:37 +0000] "GET /shopdetail/410428749 HTTP/1.1" 200 39824 "-" "Mozilla/5.0 (compatible; Googlebot/2.1; +http://www.google.com/bot.html)"
66.249.65.197 - - [14/Jul/2025:15:46:20 +0000] "GET /shopdetail/187112449 HTTP/1.1" 200 39810 "-" "Mozilla/5.0 (Linux; Android 6.0.1; Nexus 5X Build/MMB29P) AppleWebKit/537.36 (KHTML, like Gecko) Chrome/137.0.7151.103 Mobile Safari/537.36 (compatible; Googlebot/2.1; +http://www.google.com/bot.html)"
4.43.184.114 - - [14/Jul/2025:15:46:31 +0000] "GET / HTTP/1.0" 200 44661 "-" "Mozilla/4.0 (compatible; MSIE 6.0; Windows NT 5.1; SV1; .NET CLR 1.1.4322; .NET CLR 2.0.50728)"
66.249.65.197 - - [14/Jul/2025:15:49:20 +0000] "GET /shopdetail/212027349 HTTP/1.1" 200 39647 "-" "Mozilla/5.0 (compatible; Googlebot/2.1; +http://www.google.com/bot.html)"
66.249.65.199 - - [14/Jul/2025:15:50:18 +0000] "GET /shopdetail/377923449 HTTP/1.1" 200 40354 "-" "Mozilla/5.0 (compatible; Googlebot/2.1; +http://www.google.com/bot.html)"
66.249.65.198 - - [14/Jul/2025:15:51:33 +0000] "GET /shopdetail/456981149 HTTP/1.1" 200 40109 "-" "Mozilla/5.0 (compatible; Googlebot/2.1; +http://www.google.com/bot.html)"
66.249.65.197 - - [14/Jul/2025:15:53:16 +0000] "GET /shopdetail/556446849 HTTP/1.1" 200 39945 "-" "Mozilla/5.0 (Linux; Android 6.0.1; Nexus 5X Build/MMB29P) AppleWebKit/537.36 (KHTML, like Gecko) Chrome/137.0.7151.103 Mobile Safari/537.36 (compatible; Googlebot/2.1; +http://www.google.com/bot.html)"
66.249.65.197 - - [14/Jul/2025:15:53:41 +0000] "GET /shopdetail/538533749 HTTP/1.1" 200 40183 "-" "Mozilla/5.0 (compatible; Googlebot/2.1; +http://www.google.com/bot.html)"
66.249.65.197 - - [14/Jul/2025:16:03:25 +0000] "GET /shopdetail/556262849 HTTP/1.1" 200 40029 "-" "Mozilla/5.0 (compatible; Googlebot/2.1; +http://www.google.com/bot.html)"
66.249.65.197 - - [14/Jul/2025:16:08:12 +0000] "GET /shopdetail/211002449 HTTP/1.1" 200 39837 "-" "Mozilla/5.0 (Linux; Android 6.0.1; Nexus 5X Build/MMB29P) AppleWebKit/537.36 (KHTML, like Gecko) Chrome/137.0.7151.103 Mobile Safari/537.36 (compatible; Googlebot/2.1; +http://www.google.com/bot.html)"
66.249.65.199 - - [14/Jul/2025:16:10:32 +0000] "GET /shopdetail/418325849 HTTP/1.1" 200 40205 "-" "Mozilla/5.0 (compatible; Googlebot/2.1; +http://www.google.com/bot.html)"
66.249.65.198 - - [14/Jul/2025:16:12:45 +0000] "GET /shopdetail/285874949 HTTP/1.1" 200 40389 "-" "Mozilla/5.0 (compatible; Googlebot/2.1; +http://www.google.com/bot.html)"
66.249.65.198 - - [14/Jul/2025:16:14:36 +0000] "GET /shopdetail/574517349 HTTP/1.1" 200 39928 "-" "Mozilla/5.0 (compatible; Googlebot/2.1; +http://www.google.com/bot.html)"
66.249.65.197 - - [14/Jul/2025:16:14:47 +0000] "GET /shopdetail/547222149 HTTP/1.1" 200 40140 "-" "Mozilla/5.0 (compatible; Googlebot/2.1; +http://www.google.com/bot.html)"
66.249.65.197 - - [14/Jul/2025:16:15:17 +0000] "GET /shopdetail/379354449 HTTP/1.1" 200 40017 "-" "Mozilla/5.0 (Linux; Android 6.0.1; Nexus 5X Build/MMB29P) AppleWebKit/537.36 (KHTML, like Gecko) Chrome/137.0.7151.103 Mobile Safari/537.36 (compatible; Googlebot/2.1; +http://www.google.com/bot.html)"
42.83.147.54 - - [14/Jul/2025:16:19:08 +0000] "GET / HTTP/1.1" 200 9695 "-" "Mozilla/5.0 (Windows NT 6.1; Win64; x64) AppleWebKit/537.36 (KHTML, like Gecko)Chrome/74.0.3729.169 Safari/537.36"
42.83.147.54 - - [14/Jul/2025:16:19:09 +0000] "GET / HTTP/1.1" 200 9695 "-" "Mozilla/5.0 (Windows NT 6.1; Win64; x64) AppleWebKit/537.36 (KHTML, like Gecko)Chrome/74.0.3729.169 Safari/537.36"
66.249.65.197 - - [14/Jul/2025:16:19:50 +0000] "GET /shopdetail/279783349 HTTP/1.1" 200 40404 "-" "Mozilla/5.0 (Linux; Android 6.0.1; Nexus 5X Build/MMB29P) AppleWebKit/537.36 (KHTML, like Gecko) Chrome/137.0.7151.103 Mobile Safari/537.36 (compatible; Googlebot/2.1; +http://www.google.com/bot.html)"
66.249.65.198 - - [14/Jul/2025:16:22:51 +0000] "GET /shopdetail/494037149 HTTP/1.1" 200 40389 "-" "Mozilla/5.0 (Linux; Android 6.0.1; Nexus 5X Build/MMB29P) AppleWebKit/537.36 (KHTML, like Gecko) Chrome/137.0.7151.103 Mobile Safari/537.36 (compatible; Googlebot/2.1; +http://www.google.com/bot.html)"
66.249.65.199 - - [14/Jul/2025:16:22:53 +0000] "GET /shopdetail/494037149 HTTP/1.1" 200 40435 "-" "Mozilla/5.0 (compatible; Googlebot/2.1; +http://www.google.com/bot.html)"
66.249.65.199 - - [14/Jul/2025:16:29:44 +0000] "GET /shopdetail/212604749 HTTP/1.1" 200 40807 "-" "Mozilla/5.0 (compatible; Googlebot/2.1; +http://www.google.com/bot.html)"
66.249.65.199 - - [14/Jul/2025:16:30:58 +0000] "GET /shopdetail/37012949 HTTP/1.1" 200 39829 "-" "Mozilla/5.0 (compatible; Googlebot/2.1; +http://www.google.com/bot.html)"
157.55.39.9 - - [14/Jul/2025:16:32:04 +0000] "GET /sitemaps.xml HTTP/1.1" 200 10620 "-" "Mozilla/5.0 AppleWebKit/537.36 (KHTML, like Gecko; compatible; bingbot/2.0; +http://www.bing.com/bingbot.htm) Chrome/116.0.1938.76 Safari/537.36"
66.249.65.197 - - [14/Jul/2025:16:32:37 +0000] "GET /shopdetail/478030549 HTTP/1.1" 200 40190 "-" "Mozilla/5.0 (compatible; Googlebot/2.1; +http://www.google.com/bot.html)"
66.249.65.198 - - [14/Jul/2025:16:33:34 +0000] "GET /shopdetail/468348049 HTTP/1.1" 200 40070 "-" "Mozilla/5.0 (Linux; Android 6.0.1; Nexus 5X Build/MMB29P) AppleWebKit/537.36 (KHTML, like Gecko) Chrome/137.0.7151.103 Mobile Safari/537.36 (compatible; Googlebot/2.1; +http://www.google.com/bot.html)"
66.249.65.197 - - [14/Jul/2025:16:34:26 +0000] "POST /get-message-notify HTTP/1.1" 200 40245 "https://abl.academy/shopdetail/566775149" "Mozilla/5.0 (Linux; Android 6.0.1; Nexus 5X Build/MMB29P) AppleWebKit/537.36 (KHTML, like Gecko) Chrome/137.0.7151.119 Mobile Safari/537.36 (compatible; Googlebot/2.1; +http://www.google.com/bot.html)"
205.210.31.60 - - [14/Jul/2025:16:45:55 +0000] "GET / HTTP/1.1" 200 44661 "http://209.74.77.214:80/" "-"
66.249.65.197 - - [14/Jul/2025:16:47:07 +0000] "GET /shopdetail/182128549 HTTP/1.1" 200 41435 "-" "Mozilla/5.0 (compatible; Googlebot/2.1; +http://www.google.com/bot.html)"
66.249.65.199 - - [14/Jul/2025:16:48:38 +0000] "GET /shopdetail/222517249 HTTP/1.1" 200 40100 "-" "Mozilla/5.0 (compatible; Googlebot/2.1; +http://www.google.com/bot.html)"
209.74.77.214 - - [14/Jul/2025:16:50:15 +0000] "POST /wp-cron.php?doing_wp_cron=1752511815.1392459869384765625000 HTTP/1.1" 200 - "-" "WordPress/6.8.1; https://abl.academy"
95.108.213.150 - - [14/Jul/2025:16:50:13 +0000] "GET /item/choic81388143/ HTTP/1.1" 404 9553 "-" "Mozilla/5.0 (compatible; YandexBot/3.0; +http://yandex.com/bots)"
209.74.77.214 - - [14/Jul/2025:16:54:43 +0000] "POST /wp-cron.php?doing_wp_cron=1752512083.6456379890441894531250 HTTP/1.1" 200 - "-" "WordPress/6.8.1; https://abl.academy"
185.231.153.163 - - [14/Jul/2025:16:54:42 +0000] "GET /lms-wordpress-plugin/?unapproved=5732&moderation-hash=01bb9a30dca4822d285634397cd7db70 HTTP/1.0" 200 69487 "-" "Mozilla/5.0 (Windows NT 6.3; Win64; x64) AppleWebKit/537.36 (KHTML, like Gecko) Chrome/75.0.3770.100 Safari/537.36"
213.180.203.142 - - [14/Jul/2025:16:54:56 +0000] "GET /robots.txt HTTP/1.1" 200 285 "-" "Mozilla/5.0 (compatible; YandexBot/3.0; +http://yandex.com/bots)"
209.74.77.214 - - [14/Jul/2025:16:54:57 +0000] "POST /wp-cron.php?doing_wp_cron=1752512097.4889008998870849609375 HTTP/1.1" 200 - "-" "WordPress/6.8.1; https://abl.academy"
213.180.203.190 - - [14/Jul/2025:16:54:57 +0000] "GET /item/inten62705285/ HTTP/1.1" 404 9553 "-" "Mozilla/5.0 (compatible; YandexBot/3.0; +http://yandex.com/bots)"
66.249.65.199 - - [14/Jul/2025:16:57:54 +0000] "GET /shopdetail/368635849 HTTP/1.1" 200 40705 "-" "Mozilla/5.0 (Linux; Android 6.0.1; Nexus 5X Build/MMB29P) AppleWebKit/537.36 (KHTML, like Gecko) Chrome/137.0.7151.103 Mobile Safari/537.36 (compatible; Googlebot/2.1; +http://www.google.com/bot.html)"
66.249.65.198 - - [14/Jul/2025:16:58:18 +0000] "GET /shopdetail/32443049 HTTP/1.1" 200 40089 "-" "Mozilla/5.0 (Linux; Android 6.0.1; Nexus 5X Build/MMB29P) AppleWebKit/537.36 (KHTML, like Gecko) Chrome/137.0.7151.103 Mobile Safari/537.36 (compatible; Googlebot/2.1; +http://www.google.com/bot.html)"
66.249.65.198 - - [14/Jul/2025:16:59:10 +0000] "GET /shopdetail/194048349 HTTP/1.1" 200 39922 "-" "Mozilla/5.0 (compatible; Googlebot/2.1; +http://www.google.com/bot.html)"
66.249.65.197 - - [14/Jul/2025:17:03:01 +0000] "GET /shopdetail/426245449 HTTP/1.1" 200 39840 "-" "Mozilla/5.0 (compatible; Googlebot/2.1; +http://www.google.com/bot.html)"
66.249.65.198 - - [14/Jul/2025:17:07:02 +0000] "GET /shopdetail/255341649 HTTP/1.1" 200 40293 "-" "Mozilla/5.0 (Linux; Android 6.0.1; Nexus 5X Build/MMB29P) AppleWebKit/537.36 (KHTML, like Gecko) Chrome/137.0.7151.103 Mobile Safari/537.36 (compatible; Googlebot/2.1; +http://www.google.com/bot.html)"
66.249.65.199 - - [14/Jul/2025:17:09:08 +0000] "GET /shopdetail/283482949 HTTP/1.1" 200 39836 "-" "Mozilla/5.0 (Linux; Android 6.0.1; Nexus 5X Build/MMB29P) AppleWebKit/537.36 (KHTML, like Gecko) Chrome/137.0.7151.103 Mobile Safari/537.36 (compatible; Googlebot/2.1; +http://www.google.com/bot.html)"
66.249.65.197 - - [14/Jul/2025:17:10:03 +0000] "GET /shopdetail/528567049 HTTP/1.1" 200 40100 "-" "Mozilla/5.0 (Linux; Android 6.0.1; Nexus 5X Build/MMB29P) AppleWebKit/537.36 (KHTML, like Gecko) Chrome/137.0.7151.103 Mobile Safari/537.36 (compatible; Googlebot/2.1; +http://www.google.com/bot.html)"
209.74.77.214 - - [14/Jul/2025:17:12:04 +0000] "POST /wp-cron.php?doing_wp_cron=1752513124.0084660053253173828125 HTTP/1.1" 200 - "-" "WordPress/6.8.1; https://abl.academy"
212.34.147.142 - - [14/Jul/2025:17:12:02 +0000] "GET /lms-wordpress-plugin/ HTTP/1.0" 200 69398 "https://abl.academy/lms-wordpress-plugin/" "Mozilla/5.0 (Windows NT 10.0; Win64; x64) AppleWebKit/537.36 (KHTML, like Gecko) Chrome/129.0.0.0 Safari/537.36"
212.34.147.142 - - [14/Jul/2025:17:12:05 +0000] "POST /wp-comments-post.php HTTP/1.0" 302 - "https://abl.academy/lms-wordpress-plugin/" "Mozilla/5.0 (Windows NT 10.0; Win64; x64) AppleWebKit/537.36 (KHTML, like Gecko) Chrome/129.0.0.0 Safari/537.36"
212.34.147.142 - - [14/Jul/2025:17:12:05 +0000] "GET /lms-wordpress-plugin/?unapproved=5805&moderation-hash=358cf33ca66843b8e5231f71fdc4f57e HTTP/1.0" 200 69487 "https://abl.academy/lms-wordpress-plugin/?unapproved=5805&moderation-hash=358cf33ca66843b8e5231f71fdc4f57e#comment-5805" "Mozilla/5.0 (Windows NT 10.0; Win64; x64) AppleWebKit/537.36 (KHTML, like Gecko) Chrome/129.0.0.0 Safari/537.36"
209.74.77.214 - - [14/Jul/2025:17:12:44 +0000] "POST /wp-cron.php?doing_wp_cron=1752513164.0204849243164062500000 HTTP/1.1" 200 - "-" "WordPress/6.8.1; https://abl.academy"
77.68.64.31 - - [14/Jul/2025:17:12:42 +0000] "POST /xmlrpc.php HTTP/1.1" 200 403 "-" "Mozilla/5.0 (Windows NT 10.0; Win64; x64) AppleWebKit/537.36 (KHTML, like Gecko) Chrome/67.0.3396.99 Safari/537.36"
52.55.206.244 - - [14/Jul/2025:17:12:44 +0000] "POST /xmlrpc.php HTTP/1.1" 200 403 "-" "Mozilla/5.0 (Windows NT 6.1; WOW64; rv:38.0) Gecko/20100101 Firefox/38.0"
198.54.114.26 - - [14/Jul/2025:17:12:45 +0000] "POST /xmlrpc.php HTTP/1.1" 200 403 "-" "Mozilla/5.0 (Windows NT 10.0; Win64; x64) AppleWebKit/537.36 (KHTML, like Gecko) Chrome/91.0.4472.114 Safari/537.36"
209.74.77.214 - - [14/Jul/2025:17:13:04 +0000] "POST /wp-cron.php?doing_wp_cron=1752513184.2802689075469970703125 HTTP/1.1" 200 - "-" "WordPress/6.8.1; https://abl.academy"
49.206.232.123 - - [14/Jul/2025:17:13:04 +0000] "POST /xmlrpc.php HTTP/1.1" 200 403 "-" "Mozilla/5.0 (Linux; Android 10; SM-G960U) AppleWebKit/537.36 (KHTML, like Gecko) Chrome/91.0.4472.114 Mobile Safari/537.36"
198.54.114.36 - - [14/Jul/2025:17:13:08 +0000] "POST /xmlrpc.php HTTP/1.1" 200 403 "-" "Mozilla/5.0 (Windows NT 6.2; Win64; x64) AppleWebKit/537.36 (KHTML, like Gecko) Chrome/60.0.3112.90 Safari/537.36"
209.74.77.214 - - [14/Jul/2025:17:13:18 +0000] "POST /wp-cron.php?doing_wp_cron=1752513198.5334320068359375000000 HTTP/1.1" 200 - "-" "WordPress/6.8.1; https://abl.academy"
67.205.25.215 - - [14/Jul/2025:17:13:18 +0000] "POST /xmlrpc.php HTTP/1.1" 200 403 "-" "Mozilla/5.0 (Windows NT 6.3; Win64; x64; rv:73.0) Gecko/20100101 Firefox/73.0"
8.217.1.112 - - [14/Jul/2025:17:13:19 +0000] "POST /xmlrpc.php HTTP/1.1" 200 403 "-" "Mozilla/5.0 (Windows NT 10.0; Win64; x64) AppleWebKit/537.36 (KHTML, like Gecko) Chrome/70.0.3538.102 Safari/537.36"
120.55.63.243 - - [14/Jul/2025:17:13:26 +0000] "POST /xmlrpc.php HTTP/1.1" 200 403 "-" "Mozilla/5.0 (Windows NT 10.0; Win64; x64; rv:84.0) Gecko/20100101 Firefox/84.0"
209.74.77.214 - - [14/Jul/2025:17:13:29 +0000] "POST /wp-cron.php?doing_wp_cron=1752513209.0211720466613769531250 HTTP/1.1" 200 - "-" "WordPress/6.8.1; https://abl.academy"
52.55.206.244 - - [14/Jul/2025:17:13:28 +0000] "POST /xmlrpc.php HTTP/1.1" 200 403 "-" "Mozilla/5.0 (Windows NT 10.0; Win64; x64) AppleWebKit/537.36 (KHTML, like Gecko) Chrome/70.0.3538.102 Safari/537.36"
52.55.206.244 - - [14/Jul/2025:17:13:35 +0000] "POST /xmlrpc.php HTTP/1.1" 200 403 "-" "Mozilla/5.0 (X11; Ubuntu; Linux i686; rv:24.0) Gecko/20100101 Firefox/24.0"
94.103.185.72 - - [14/Jul/2025:17:13:37 +0000] "POST /xmlrpc.php HTTP/1.1" 200 403 "-" "Mozilla/5.0 (Windows NT 10.0; Win64; x64) AppleWebKit/537.36 (KHTML, like Gecko) Chrome/90.0.4430.212 Safari/537.36"
5.255.231.33 - - [14/Jul/2025:17:14:09 +0000] "GET /robots.txt HTTP/1.1" 200 285 "-" "Mozilla/5.0 (compatible; YandexBot/3.0; +http://yandex.com/bots)"
213.180.203.231 - - [14/Jul/2025:17:14:39 +0000] "GET /robots.txt HTTP/1.1" 200 285 "-" "Mozilla/5.0 (compatible; YandexBot/3.0; +http://yandex.com/bots)"
209.74.77.214 - - [14/Jul/2025:17:14:41 +0000] "POST /wp-cron.php?doing_wp_cron=1752513281.7321360111236572265625 HTTP/1.1" 200 - "-" "WordPress/6.8.1; https://abl.academy"
213.180.203.99 - - [14/Jul/2025:17:14:40 +0000] "GET /item/by80633151/ HTTP/1.1" 404 9553 "-" "Mozilla/5.0 (compatible; YandexBot/3.0; +http://yandex.com/bots)"
66.249.65.198 - - [14/Jul/2025:17:14:53 +0000] "GET /shopdetail/40672849 HTTP/1.1" 200 40398 "-" "Mozilla/5.0 (compatible; Googlebot/2.1; +http://www.google.com/bot.html)"
66.249.65.197 - - [14/Jul/2025:17:20:53 +0000] "GET /shopdetail/190909549 HTTP/1.1" 200 39910 "-" "Mozilla/5.0 (Linux; Android 6.0.1; Nexus 5X Build/MMB29P) AppleWebKit/537.36 (KHTML, like Gecko) Chrome/137.0.7151.103 Mobile Safari/537.36 (compatible; Googlebot/2.1; +http://www.google.com/bot.html)"
66.249.65.198 - - [14/Jul/2025:17:24:29 +0000] "GET /shopdetail/585458249 HTTP/1.1" 200 40682 "-" "Mozilla/5.0 (compatible; Googlebot/2.1; +http://www.google.com/bot.html)"
66.249.65.197 - - [14/Jul/2025:17:24:38 +0000] "GET /shopdetail/206702349 HTTP/1.1" 200 39762 "-" "Mozilla/5.0 (Linux; Android 6.0.1; Nexus 5X Build/MMB29P) AppleWebKit/537.36 (KHTML, like Gecko) Chrome/137.0.7151.103 Mobile Safari/537.36 (compatible; Googlebot/2.1; +http://www.google.com/bot.html)"
66.249.65.197 - - [14/Jul/2025:17:25:00 +0000] "GET /shopdetail/129577649 HTTP/1.1" 200 40119 "-" "Mozilla/5.0 (Linux; Android 6.0.1; Nexus 5X Build/MMB29P) AppleWebKit/537.36 (KHTML, like Gecko) Chrome/137.0.7151.103 Mobile Safari/537.36 (compatible; Googlebot/2.1; +http://www.google.com/bot.html)"
66.249.65.197 - - [14/Jul/2025:17:26:49 +0000] "GET /shopdetail/467379049 HTTP/1.1" 200 39927 "-" "Mozilla/5.0 (compatible; Googlebot/2.1; +http://www.google.com/bot.html)"
66.249.65.197 - - [14/Jul/2025:17:27:50 +0000] "GET /shopdetail/464774149 HTTP/1.1" 200 40102 "-" "Mozilla/5.0 (Linux; Android 6.0.1; Nexus 5X Build/MMB29P) AppleWebKit/537.36 (KHTML, like Gecko) Chrome/137.0.7151.103 Mobile Safari/537.36 (compatible; Googlebot/2.1; +http://www.google.com/bot.html)"
66.249.65.197 - - [14/Jul/2025:17:28:26 +0000] "GET /shopdetail/505846149 HTTP/1.1" 200 39966 "-" "Mozilla/5.0 (Linux; Android 6.0.1; Nexus 5X Build/MMB29P) AppleWebKit/537.36 (KHTML, like Gecko) Chrome/137.0.7151.103 Mobile Safari/537.36 (compatible; Googlebot/2.1; +http://www.google.com/bot.html)"
207.46.13.86 - - [14/Jul/2025:17:30:26 +0000] "GET /sitemaps.xml HTTP/1.1" 200 12369 "-" "Mozilla/5.0 AppleWebKit/537.36 (KHTML, like Gecko; compatible; bingbot/2.0; +http://www.bing.com/bingbot.htm) Chrome/116.0.1938.76 Safari/537.36"
66.249.65.199 - - [14/Jul/2025:17:30:38 +0000] "GET /shopdetail/189881549 HTTP/1.1" 200 41034 "-" "Mozilla/5.0 (Linux; Android 6.0.1; Nexus 5X Build/MMB29P) AppleWebKit/537.36 (KHTML, like Gecko) Chrome/137.0.7151.103 Mobile Safari/537.36 (compatible; Googlebot/2.1; +http://www.google.com/bot.html)"
209.74.77.214 - - [14/Jul/2025:17:32:17 +0000] "POST /wp-cron.php?doing_wp_cron=1752514337.7524271011352539062500 HTTP/1.1" 200 - "-" "WordPress/6.8.1; https://abl.academy"
44.194.139.149 - - [14/Jul/2025:17:32:15 +0000] "GET /courses/test/lessons/lesson-64/ HTTP/1.1" 200 32738 "-" "Mozilla/5.0 AppleWebKit/537.36 (KHTML, like Gecko; compatible; Amazonbot/0.1; +https://developer.amazon.com/support/amazonbot) Chrome/119.0.6045.214 Safari/537.36"
34.236.41.241 - - [14/Jul/2025:17:32:19 +0000] "GET /product-category/culinary/ HTTP/1.1" 200 28204 "-" "Mozilla/5.0 AppleWebKit/537.36 (KHTML, like Gecko; compatible; Amazonbot/0.1; +https://developer.amazon.com/support/amazonbot) Chrome/119.0.6045.214 Safari/537.36"
184.72.84.154 - - [14/Jul/2025:17:32:23 +0000] "GET /courses/test/lessons/lesson-2/ HTTP/1.1" 200 32741 "-" "Mozilla/5.0 AppleWebKit/537.36 (KHTML, like Gecko; compatible; Amazonbot/0.1; +https://developer.amazon.com/support/amazonbot) Chrome/119.0.6045.214 Safari/537.36"
66.249.65.199 - - [14/Jul/2025:17:32:36 +0000] "GET /shopdetail/431056249 HTTP/1.1" 200 40109 "-" "Mozilla/5.0 (Linux; Android 6.0.1; Nexus 5X Build/MMB29P) AppleWebKit/537.36 (KHTML, like Gecko) Chrome/137.0.7151.103 Mobile Safari/537.36 (compatible; Googlebot/2.1; +http://www.google.com/bot.html)"
62.84.98.145 - - [14/Jul/2025:17:32:38 +0000] "GET / HTTP/1.0" 200 44661 "https://abl.academy/" "Mozilla/5.0 (Windows NT 10.0; Win64; x64) AppleWebKit/537.36 (KHTML, like Gecko) Chrome/129.0.0.0 Safari/537.36"
62.84.98.145 - - [14/Jul/2025:17:32:39 +0000] "GET /blog/ HTTP/1.0" 200 78628 "https://abl.academy/blog/" "Mozilla/5.0 (Windows NT 10.0; Win64; x64) AppleWebKit/537.36 (KHTML, like Gecko) Chrome/129.0.0.0 Safari/537.36"
62.84.98.145 - - [14/Jul/2025:17:32:41 +0000] "GET /category/blog/ HTTP/1.0" 200 74038 "https://abl.academy/category/blog/" "Mozilla/5.0 (Windows NT 10.0; Win64; x64) AppleWebKit/537.36 (KHTML, like Gecko) Chrome/129.0.0.0 Safari/537.36"
62.84.98.145 - - [14/Jul/2025:17:32:42 +0000] "GET /lms-wordpress-plugin/ HTTP/1.0" 200 69398 "https://abl.academy/lms-wordpress-plugin/" "Mozilla/5.0 (Windows NT 10.0; Win64; x64) AppleWebKit/537.36 (KHTML, like Gecko) Chrome/129.0.0.0 Safari/537.36"
62.84.98.145 - - [14/Jul/2025:17:32:43 +0000] "POST /wp-comments-post.php HTTP/1.0" 302 - "https://abl.academy/lms-wordpress-plugin/" "Mozilla/5.0 (Windows NT 10.0; Win64; x64) AppleWebKit/537.36 (KHTML, like Gecko) Chrome/129.0.0.0 Safari/537.36"
62.84.98.145 - - [14/Jul/2025:17:32:45 +0000] "GET /lms-wordpress-plugin/?unapproved=5806&moderation-hash=0446873bd3fa123f3caf38f1132041db HTTP/1.0" 200 69487 "https://abl.academy/lms-wordpress-plugin/?unapproved=5806&moderation-hash=0446873bd3fa123f3caf38f1132041db#comment-5806" "Mozilla/5.0 (Windows NT 10.0; Win64; x64) AppleWebKit/537.36 (KHTML, like Gecko) Chrome/129.0.0.0 Safari/537.36"
66.249.65.197 - - [14/Jul/2025:17:33:43 +0000] "GET /shopdetail/483771749 HTTP/1.1" 200 39860 "-" "Mozilla/5.0 (compatible; Googlebot/2.1; +http://www.google.com/bot.html)"
66.249.65.197 - - [14/Jul/2025:17:34:00 +0000] "GET /shopdetail/487394949 HTTP/1.1" 200 39940 "-" "Mozilla/5.0 (Linux; Android 6.0.1; Nexus 5X Build/MMB29P) AppleWebKit/537.36 (KHTML, like Gecko) Chrome/137.0.7151.103 Mobile Safari/537.36 (compatible; Googlebot/2.1; +http://www.google.com/bot.html)"
87.250.224.251 - - [14/Jul/2025:17:37:49 +0000] "GET /robots.txt HTTP/1.1" 200 285 "-" "Mozilla/5.0 (compatible; YandexBot/3.0; +http://yandex.com/bots)"
209.74.77.214 - - [14/Jul/2025:17:37:52 +0000] "POST /wp-cron.php?doing_wp_cron=1752514672.3584489822387695312500 HTTP/1.1" 200 - "-" "WordPress/6.8.1; https://abl.academy"
5.255.231.27 - - [14/Jul/2025:17:37:50 +0000] "GET /item/sake82695391/ HTTP/1.1" 404 9553 "-" "Mozilla/5.0 (compatible; YandexBot/3.0; +http://yandex.com/bots)"
209.74.77.214 - - [14/Jul/2025:17:38:15 +0000] "POST /wp-cron.php?doing_wp_cron=1752514695.6424310207366943359375 HTTP/1.1" 200 - "-" "WordPress/6.8.1; https://abl.academy"
185.231.153.163 - - [14/Jul/2025:17:38:15 +0000] "GET /lms-wordpress-plugin/ HTTP/1.0" 200 69398 "https://abl.academy/lms-wordpress-plugin/" "Mozilla/5.0 (Windows NT 10.0; Win64; x64) AppleWebKit/537.36 (KHTML, like Gecko) Chrome/131.0.0.0 Safari/537.36 Avast/131.0.0.0"
185.231.153.163 - - [14/Jul/2025:17:38:15 +0000] "GET /lms-wordpress-plugin/ HTTP/1.0" 200 69398 "https://abl.academy/lms-wordpress-plugin/" "Mozilla/5.0 (Windows NT 10.0; Win64; x64) AppleWebKit/537.36 (KHTML, like Gecko) Chrome/129.0.0.0 Safari/537.36"
185.231.153.163 - - [14/Jul/2025:17:38:17 +0000] "POST /wp-comments-post.php HTTP/1.0" 429 2586 "https://abl.academy/lms-wordpress-plugin/" "Mozilla/5.0 (Windows NT 10.0; Win64; x64) AppleWebKit/537.36 (KHTML, like Gecko) Chrome/131.0.0.0 Safari/537.36 Avast/131.0.0.0"
185.231.153.163 - - [14/Jul/2025:17:38:17 +0000] "POST /wp-comments-post.php HTTP/1.0" 302 - "https://abl.academy/lms-wordpress-plugin/" "Mozilla/5.0 (Windows NT 10.0; Win64; x64) AppleWebKit/537.36 (KHTML, like Gecko) Chrome/129.0.0.0 Safari/537.36"
185.231.153.163 - - [14/Jul/2025:17:38:18 +0000] "GET /lms-wordpress-plugin/?unapproved=5807&moderation-hash=05bead5bb2fa37e7c82d51b85ea25ad6 HTTP/1.0" 200 69487 "https://abl.academy/lms-wordpress-plugin/?unapproved=5807&moderation-hash=05bead5bb2fa37e7c82d51b85ea25ad6#comment-5807" "Mozilla/5.0 (Windows NT 10.0; Win64; x64) AppleWebKit/537.36 (KHTML, like Gecko) Chrome/129.0.0.0 Safari/537.36"
66.249.65.197 - - [14/Jul/2025:17:42:27 +0000] "GET /product-category/culinary/?add-to-cart=145 HTTP/1.1" 200 39955 "-" "Mozilla/5.0 (Linux; Android 6.0.1; Nexus 5X Build/MMB29P) AppleWebKit/537.36 (KHTML, like Gecko) Chrome/137.0.7151.103 Mobile Safari/537.36 (compatible; Googlebot/2.1; +http://www.google.com/bot.html)"
66.249.65.199 - - [14/Jul/2025:17:43:57 +0000] "GET /shopdetail/385574949 HTTP/1.1" 200 40381 "-" "Mozilla/5.0 (compatible; Googlebot/2.1; +http://www.google.com/bot.html)"
212.34.141.234 - - [14/Jul/2025:17:44:16 +0000] "GET /lms-wordpress-plugin/?unapproved=5808&moderation-hash=3414bcc2e05e976b042269e525df24bf HTTP/1.0" 200 69487 "https://abl.academy/lms-wordpress-plugin/?unapproved=5808&moderation-hash=3414bcc2e05e976b042269e525df24bf#comment-5808" "Mozilla/5.0 (Windows NT 10.0; Win64; x64) AppleWebKit/537.36 (KHTML, like Gecko) Chrome/129.0.0.0 Safari/537.36"
66.249.65.199 - - [14/Jul/2025:17:46:17 +0000] "GET /shopdetail/104521149 HTTP/1.1" 200 40899 "-" "Mozilla/5.0 (compatible; Googlebot/2.1; +http://www.google.com/bot.html)"
91.84.111.146 - - [14/Jul/2025:17:47:06 +0000] "GET /lms-wordpress-plugin/?unapproved=5809&moderation-hash=0cf58f90e344aeac218aa60dda8411c9 HTTP/1.0" 200 69487 "https://abl.academy/lms-wordpress-plugin/?unapproved=5809&moderation-hash=0cf58f90e344aeac218aa60dda8411c9#comment-5809" "Mozilla/5.0 (Windows NT 10.0; Win64; x64) AppleWebKit/537.36 (KHTML, like Gecko) Chrome/131.0.0.0 Safari/537.36 Avast/131.0.0.0"
40.77.167.255 - - [14/Jul/2025:17:47:54 +0000] "GET /sitemap.xml HTTP/1.1" 200 200 "-" "Mozilla/5.0 AppleWebKit/537.36 (KHTML, like Gecko; compatible; bingbot/2.0; +http://www.bing.com/bingbot.htm) Chrome/116.0.1938.76 Safari/537.36"
154.196.49.84 - - [14/Jul/2025:17:51:21 +0000] "GET /lms-wordpress-plugin/?unapproved=5810&moderation-hash=50380a85272f18e49d0436ce59b0d34f HTTP/1.0" 200 69487 "https://abl.academy/lms-wordpress-plugin/?unapproved=5810&moderation-hash=50380a85272f18e49d0436ce59b0d34f#comment-5810" "Mozilla/5.0 (Windows NT 10.0; Win64; x64) AppleWebKit/537.36 (KHTML, like Gecko) Chrome/131.0.0.0 Safari/537.36"
45.138.16.130 - - [14/Jul/2025:17:51:43 +0000] "GET / HTTP/1.1" 200 44661 "-" "Mozlila/5.0 (Linux; Android 7.0; SM-G892A Bulid/NRD90M; wv) AppleWebKit/537.36 (KHTML, like Gecko) Version/4.0 Chrome/60.0.3112.107 Moblie Safari/537.36"
45.138.16.130 - - [14/Jul/2025:17:51:43 +0000] "GET /wp-content/themes/seotheme/db.php?u HTTP/1.1" 404 44369 "www.google.com" "Mozlila/5.0 (Linux; Android 7.0; SM-G892A Bulid/NRD90M; wv) AppleWebKit/537.36 (KHTML, like Gecko) Version/4.0 Chrome/60.0.3112.107 Moblie Safari/537.36"
45.138.16.130 - - [14/Jul/2025:17:51:44 +0000] "GET /wp-content/plugins/apikey/apikey.php?test=hello HTTP/1.1" 404 44377 "-" "Mozlila/5.0 (Linux; Android 7.0; SM-G892A Bulid/NRD90M; wv) AppleWebKit/537.36 (KHTML, like Gecko) Version/4.0 Chrome/60.0.3112.107 Moblie Safari/537.36"
45.138.16.130 - - [14/Jul/2025:17:51:46 +0000] "POST /wp-plain.php HTTP/1.1" 404 44363 "www.google.com" "Mozilla/5.0 (Linux; Android 7.0; SM-G892A Bulid/NRD90M; wv) AppleWebKit/537.36 (KHTML, like Gecko) Version/4.0 Chrome/60.0.3112.107 Moblie Safari/537.36"
45.138.16.130 - - [14/Jul/2025:17:51:47 +0000] "GET /plugins/content/apismtp/apismtp.php?test=hello HTTP/1.1" 404 44377 "-" "Mozlila/5.0 (Linux; Android 7.0; SM-G892A Bulid/NRD90M; wv) AppleWebKit/537.36 (KHTML, like Gecko) Version/4.0 Chrome/60.0.3112.107 Moblie Safari/537.36"
66.249.65.197 - - [14/Jul/2025:17:55:08 +0000] "GET /shopdetail/139884749 HTTP/1.1" 200 39977 "-" "Mozilla/5.0 (Linux; Android 6.0.1; Nexus 5X Build/MMB29P) AppleWebKit/537.36 (KHTML, like Gecko) Chrome/137.0.7151.103 Mobile Safari/537.36 (compatible; Googlebot/2.1; +http://www.google.com/bot.html)"
45.138.16.130 - - [14/Jul/2025:17:51:49 +0000] "GET /wp-content/plugins/apikey/apikey.php.suspected?test=hello HTTP/1.1" 500 2508 "-" "Mozlila/5.0 (Linux; Android 7.0; SM-G892A Bulid/NRD90M; wv) AppleWebKit/537.36 (KHTML, like Gecko) Version/4.0 Chrome/60.0.3112.107 Moblie Safari/537.36"
66.249.65.197 - - [14/Jul/2025:17:56:05 +0000] "GET /shopdetail/138167549 HTTP/1.1" 200 39953 "-" "Mozilla/5.0 (Linux; Android 6.0.1; Nexus 5X Build/MMB29P) AppleWebKit/537.36 (KHTML, like Gecko) Chrome/137.0.7151.103 Mobile Safari/537.36 (compatible; Googlebot/2.1; +http://www.google.com/bot.html)"
66.249.65.199 - - [14/Jul/2025:18:01:54 +0000] "GET /shopdetail/561769849 HTTP/1.1" 200 40071 "-" "Mozilla/5.0 (compatible; Googlebot/2.1; +http://www.google.com/bot.html)"
66.249.65.198 - - [14/Jul/2025:18:02:37 +0000] "GET /shopdetail/563155649 HTTP/1.1" 200 40490 "-" "Mozilla/5.0 (compatible; Googlebot/2.1; +http://www.google.com/bot.html)"
66.249.65.198 - - [14/Jul/2025:18:05:29 +0000] "GET /shopdetail/503685949 HTTP/1.1" 200 39864 "-" "Mozilla/5.0 (Linux; Android 6.0.1; Nexus 5X Build/MMB29P) AppleWebKit/537.36 (KHTML, like Gecko) Chrome/137.0.7151.103 Mobile Safari/537.36 (compatible; Googlebot/2.1; +http://www.google.com/bot.html)"
66.249.65.199 - - [14/Jul/2025:18:08:56 +0000] "GET /shopdetail/120394849 HTTP/1.1" 200 40116 "-" "Mozilla/5.0 (compatible; Googlebot/2.1; +http://www.google.com/bot.html)"
66.249.65.197 - - [14/Jul/2025:18:09:22 +0000] "GET /shopdetail/78165049 HTTP/1.1" 200 39836 "-" "Mozilla/5.0 (compatible; Googlebot/2.1; +http://www.google.com/bot.html)"
66.249.65.197 - - [14/Jul/2025:18:11:20 +0000] "GET /shopdetail/351311549 HTTP/1.1" 200 39991 "-" "Mozilla/5.0 (compatible; Googlebot/2.1; +http://www.google.com/bot.html)"
66.249.65.198 - - [14/Jul/2025:18:16:46 +0000] "GET /shopdetail/444697049 HTTP/1.1" 200 40217 "-" "Mozilla/5.0 (Linux; Android 6.0.1; Nexus 5X Build/MMB29P) AppleWebKit/537.36 (KHTML, like Gecko) Chrome/137.0.7151.103 Mobile Safari/537.36 (compatible; Googlebot/2.1; +http://www.google.com/bot.html)"
66.249.65.199 - - [14/Jul/2025:18:17:32 +0000] "GET /shopdetail/338593749 HTTP/1.1" 200 40468 "-" "Mozilla/5.0 (Linux; Android 6.0.1; Nexus 5X Build/MMB29P) AppleWebKit/537.36 (KHTML, like Gecko) Chrome/137.0.7151.103 Mobile Safari/537.36 (compatible; Googlebot/2.1; +http://www.google.com/bot.html)"
43.153.96.79 - - [14/Jul/2025:18:21:21 +0000] "GET / HTTP/1.1" 200 9696 "http://abl.academy" "Mozilla/5.0 (iPhone; CPU iPhone OS 13_2_3 like Mac OS X) AppleWebKit/605.1.15 (KHTML, like Gecko) Version/13.0.3 Mobile/15E148 Safari/604.1"
66.249.65.197 - - [14/Jul/2025:18:21:53 +0000] "GET /shopdetail/344663549 HTTP/1.1" 200 39751 "-" "Mozilla/5.0 (compatible; Googlebot/2.1; +http://www.google.com/bot.html)"
66.249.65.197 - - [14/Jul/2025:18:25:56 +0000] "GET /shopdetail/61759649 HTTP/1.1" 200 40491 "-" "Mozilla/5.0 (Linux; Android 6.0.1; Nexus 5X Build/MMB29P) AppleWebKit/537.36 (KHTML, like Gecko) Chrome/137.0.7151.103 Mobile Safari/537.36 (compatible; Googlebot/2.1; +http://www.google.com/bot.html)"
66.249.65.197 - - [14/Jul/2025:18:29:25 +0000] "GET /shopdetail/247228549 HTTP/1.1" 200 39872 "-" "Mozilla/5.0 (compatible; Googlebot/2.1; +http://www.google.com/bot.html)"
66.249.65.198 - - [14/Jul/2025:18:31:29 +0000] "GET /courses/online-course-creation-secrets/ HTTP/1.1" 200 39941 "-" "Mozilla/5.0 (Linux; Android 6.0.1; Nexus 5X Build/MMB29P) AppleWebKit/537.36 (KHTML, like Gecko) Chrome/137.0.7151.103 Mobile Safari/537.36 (compatible; Googlebot/2.1; +http://www.google.com/bot.html)"
66.249.65.197 - - [14/Jul/2025:18:31:44 +0000] "GET /shopdetail/206348249 HTTP/1.1" 200 39973 "-" "Mozilla/5.0 (Linux; Android 6.0.1; Nexus 5X Build/MMB29P) AppleWebKit/537.36 (KHTML, like Gecko) Chrome/137.0.7151.103 Mobile Safari/537.36 (compatible; Googlebot/2.1; +http://www.google.com/bot.html)"
66.249.65.198 - - [14/Jul/2025:18:32:19 +0000] "GET /shopdetail/102262049 HTTP/1.1" 200 39881 "-" "Mozilla/5.0 (Linux; Android 6.0.1; Nexus 5X Build/MMB29P) AppleWebKit/537.36 (KHTML, like Gecko) Chrome/137.0.7151.103 Mobile Safari/537.36 (compatible; Googlebot/2.1; +http://www.google.com/bot.html)"
66.249.65.197 - - [14/Jul/2025:18:32:24 +0000] "GET /shopdetail/394034149 HTTP/1.1" 200 40032 "-" "Mozilla/5.0 (Linux; Android 6.0.1; Nexus 5X Build/MMB29P) AppleWebKit/537.36 (KHTML, like Gecko) Chrome/137.0.7151.103 Mobile Safari/537.36 (compatible; Googlebot/2.1; +http://www.google.com/bot.html)"
66.249.65.197 - - [14/Jul/2025:18:32:45 +0000] "GET /shopdetail/139692649 HTTP/1.1" 200 40673 "-" "Mozilla/5.0 (Linux; Android 6.0.1; Nexus 5X Build/MMB29P) AppleWebKit/537.36 (KHTML, like Gecko) Chrome/137.0.7151.103 Mobile Safari/537.36 (compatible; Googlebot/2.1; +http://www.google.com/bot.html)"
66.249.65.198 - - [14/Jul/2025:18:34:24 +0000] "GET /shopdetail/466390649 HTTP/1.1" 200 40078 "-" "Mozilla/5.0 (Linux; Android 6.0.1; Nexus 5X Build/MMB29P) AppleWebKit/537.36 (KHTML, like Gecko) Chrome/137.0.7151.103 Mobile Safari/537.36 (compatible; Googlebot/2.1; +http://www.google.com/bot.html)"
66.249.65.199 - - [14/Jul/2025:18:35:22 +0000] "GET /shopdetail/24118349 HTTP/1.1" 200 41081 "-" "Mozilla/5.0 (compatible; Googlebot/2.1; +http://www.google.com/bot.html)"
209.74.77.214 - - [14/Jul/2025:18:36:13 +0000] "POST /wp-cron.php?doing_wp_cron=1752518173.7597448825836181640625 HTTP/1.1" 200 - "-" "WordPress/6.8.1; https://abl.academy"
124.156.226.179 - - [14/Jul/2025:18:36:12 +0000] "GET /become-a-teacher/ HTTP/1.1" 200 10875 "-" "Mozilla/5.0 (iPhone; CPU iPhone OS 13_2_3 like Mac OS X) AppleWebKit/605.1.15 (KHTML, like Gecko) Version/13.0.3 Mobile/15E148 Safari/604.1"
66.249.65.198 - - [14/Jul/2025:18:36:57 +0000] "GET /shopdetail/118463749 HTTP/1.1" 200 39875 "-" "Mozilla/5.0 (compatible; Googlebot/2.1; +http://www.google.com/bot.html)"
66.249.65.198 - - [14/Jul/2025:18:38:01 +0000] "GET /shopdetail/229881149 HTTP/1.1" 200 40077 "-" "Mozilla/5.0 (Linux; Android 6.0.1; Nexus 5X Build/MMB29P) AppleWebKit/537.36 (KHTML, like Gecko) Chrome/137.0.7151.103 Mobile Safari/537.36 (compatible; Googlebot/2.1; +http://www.google.com/bot.html)"
209.74.77.214 - - [14/Jul/2025:18:40:35 +0000] "POST /wp-cron.php?doing_wp_cron=1752518435.2312650680541992187500 HTTP/1.1" 200 - "-" "WordPress/6.8.1; https://abl.academy"
154.196.30.215 - - [14/Jul/2025:18:40:33 +0000] "GET /lms-wordpress-plugin/ HTTP/1.0" 200 69398 "https://abl.academy/lms-wordpress-plugin/" "Mozilla/5.0 (Windows NT 10.0; Win64; x64) AppleWebKit/537.36 (KHTML, like Gecko) Chrome/130.0.0.0 Safari/537.36 CCleaner/130.0.0.0"
154.196.30.215 - - [14/Jul/2025:18:40:36 +0000] "POST /wp-comments-post.php HTTP/1.0" 302 - "https://abl.academy/lms-wordpress-plugin/" "Mozilla/5.0 (Windows NT 10.0; Win64; x64) AppleWebKit/537.36 (KHTML, like Gecko) Chrome/130.0.0.0 Safari/537.36 CCleaner/130.0.0.0"
154.196.30.215 - - [14/Jul/2025:18:40:37 +0000] "GET /lms-wordpress-plugin/?unapproved=5811&moderation-hash=93026d60196a1d157399f7e947a4f164 HTTP/1.0" 200 69487 "https://abl.academy/lms-wordpress-plugin/?unapproved=5811&moderation-hash=93026d60196a1d157399f7e947a4f164#comment-5811" "Mozilla/5.0 (Windows NT 10.0; Win64; x64) AppleWebKit/537.36 (KHTML, like Gecko) Chrome/130.0.0.0 Safari/537.36 CCleaner/130.0.0.0"
66.249.65.198 - - [14/Jul/2025:18:45:50 +0000] "GET /shopdetail/179554249 HTTP/1.1" 200 40688 "-" "Mozilla/5.0 (Linux; Android 6.0.1; Nexus 5X Build/MMB29P) AppleWebKit/537.36 (KHTML, like Gecko) Chrome/137.0.7151.103 Mobile Safari/537.36 (compatible; Googlebot/2.1; +http://www.google.com/bot.html)"
209.74.77.214 - - [14/Jul/2025:18:46:18 +0000] "POST /wp-cron.php?doing_wp_cron=1752518778.6130599975585937500000 HTTP/1.1" 200 - "-" "WordPress/6.8.1; https://abl.academy"
43.159.128.247 - - [14/Jul/2025:18:46:17 +0000] "GET /contact/ HTTP/1.1" 200 10136 "-" "Mozilla/5.0 (iPhone; CPU iPhone OS 13_2_3 like Mac OS X) AppleWebKit/605.1.15 (KHTML, like Gecko) Version/13.0.3 Mobile/15E148 Safari/604.1"
49.51.253.26 - - [14/Jul/2025:18:46:57 +0000] "GET / HTTP/1.1" 200 9696 "http://www.abl.academy" "Mozilla/5.0 (iPhone; CPU iPhone OS 13_2_3 like Mac OS X) AppleWebKit/605.1.15 (KHTML, like Gecko) Version/13.0.3 Mobile/15E148 Safari/604.1"
66.249.65.198 - - [14/Jul/2025:18:50:06 +0000] "GET /shopdetail/343818549 HTTP/1.1" 200 40147 "-" "Mozilla/5.0 (compatible; Googlebot/2.1; +http://www.google.com/bot.html)"
95.108.213.244 - - [14/Jul/2025:18:50:41 +0000] "GET /robots.txt HTTP/1.1" 200 285 "-" "Mozilla/5.0 (compatible; YandexBot/3.0; +http://yandex.com/bots)"
66.249.65.197 - - [14/Jul/2025:18:50:42 +0000] "GET /shopdetail/190343749 HTTP/1.1" 200 39880 "-" "Mozilla/5.0 (compatible; Googlebot/2.1; +http://www.google.com/bot.html)"
209.74.77.214 - - [14/Jul/2025:18:50:43 +0000] "POST /wp-cron.php?doing_wp_cron=1752519043.7830069065093994140625 HTTP/1.1" 200 - "-" "WordPress/6.8.1; https://abl.academy"
213.180.203.64 - - [14/Jul/2025:18:50:42 +0000] "GET /item/praye60283677/ HTTP/1.1" 404 9553 "-" "Mozilla/5.0 (compatible; YandexBot/3.0; +http://yandex.com/bots)"
66.249.65.197 - - [14/Jul/2025:18:52:25 +0000] "GET /shopdetail/534627849 HTTP/1.1" 200 40833 "-" "Mozilla/5.0 (Linux; Android 6.0.1; Nexus 5X Build/MMB29P) AppleWebKit/537.36 (KHTML, like Gecko) Chrome/137.0.7151.103 Mobile Safari/537.36 (compatible; Googlebot/2.1; +http://www.google.com/bot.html)"
66.249.65.197 - - [14/Jul/2025:18:56:08 +0000] "GET /shopdetail/138581549 HTTP/1.1" 200 40658 "-" "Mozilla/5.0 (compatible; Googlebot/2.1; +http://www.google.com/bot.html)"
66.249.65.198 - - [14/Jul/2025:18:56:19 +0000] "GET /shopdetail/475560849 HTTP/1.1" 200 39937 "-" "Mozilla/5.0 (Linux; Android 6.0.1; Nexus 5X Build/MMB29P) AppleWebKit/537.36 (KHTML, like Gecko) Chrome/137.0.7151.103 Mobile Safari/537.36 (compatible; Googlebot/2.1; +http://www.google.com/bot.html)"
209.74.77.214 - - [14/Jul/2025:19:01:53 +0000] "POST /wp-cron.php?doing_wp_cron=1752519713.9743149280548095703125 HTTP/1.1" 200 - "-" "WordPress/6.8.1; https://abl.academy"
37.113.10.101 - - [14/Jul/2025:19:01:52 +0000] "GET /lms-wordpress-plugin/?unapproved=1115&moderation-hash=4602c5b115b042bfdc1dfec42cb8e7f4 HTTP/1.0" 200 69487 "https://abl.academy/lms-wordpress-plugin/?unapproved=1115&moderation-hash=4602c5b115b042bfdc1dfec42cb8e7f4#comment-1115" "Mozilla/5.0 (Windows NT 6.1; WOW64) AppleWebKit/537.36 (KHTML, like Gecko) Chrome/103.0.0.0 Safari/537.36"
209.74.77.214 - - [14/Jul/2025:19:01:55 +0000] "POST /wp-cron.php?doing_wp_cron=1752519715.3332040309906005859375 HTTP/1.1" 200 - "-" "WordPress/6.8.1; https://abl.academy"
37.113.10.101 - - [14/Jul/2025:19:01:55 +0000] "POST /wp-comments-post.php HTTP/1.0" 302 - "https://abl.academy/lms-wordpress-plugin/?unapproved=1115&moderation-hash=4602c5b115b042bfdc1dfec42cb8e7f4#comment-1115" "Mozilla/5.0 (Windows NT 6.1; WOW64) AppleWebKit/537.36 (KHTML, like Gecko) Chrome/103.0.0.0 Safari/537.36"
37.113.10.101 - - [14/Jul/2025:19:01:56 +0000] "GET /lms-wordpress-plugin/?unapproved=5812&moderation-hash=e628295edf677d22e1ab1e68a84bcd99 HTTP/1.0" 200 69487 "https://abl.academy/lms-wordpress-plugin/?unapproved=5812&moderation-hash=e628295edf677d22e1ab1e68a84bcd99#comment-5812" "Mozilla/5.0 (Windows NT 6.1; WOW64) AppleWebKit/537.36 (KHTML, like Gecko) Chrome/103.0.0.0 Safari/537.36"
209.74.77.214 - - [14/Jul/2025:19:03:43 +0000] "POST /wp-cron.php?doing_wp_cron=1752519823.2891180515289306640625 HTTP/1.1" 200 - "-" "WordPress/6.8.1; https://abl.academy"
43.154.250.181 - - [14/Jul/2025:19:03:41 +0000] "GET /portfolio-masonry/ HTTP/1.1" 200 10482 "-" "Mozilla/5.0 (iPhone; CPU iPhone OS 13_2_3 like Mac OS X) AppleWebKit/605.1.15 (KHTML, like Gecko) Version/13.0.3 Mobile/15E148 Safari/604.1"
66.249.65.199 - - [14/Jul/2025:19:04:05 +0000] "GET /shopdetail/461366349 HTTP/1.1" 200 40072 "-" "Mozilla/5.0 (compatible; Googlebot/2.1; +http://www.google.com/bot.html)"
5.255.231.190 - - [14/Jul/2025:19:07:31 +0000] "GET /robots.txt HTTP/1.1" 200 285 "-" "Mozilla/5.0 (compatible; YandexBot/3.0; +http://yandex.com/bots)"
209.74.77.214 - - [14/Jul/2025:19:08:43 +0000] "POST /wp-cron.php?doing_wp_cron=1752520123.9010241031646728515625 HTTP/1.1" 200 - "-" "WordPress/6.8.1; https://abl.academy"
43.173.1.69 - - [14/Jul/2025:19:08:42 +0000] "GET /about-us/ HTTP/1.1" 200 10854 "-" "Mozilla/5.0 (iPhone; CPU iPhone OS 13_2_3 like Mac OS X) AppleWebKit/605.1.15 (KHTML, like Gecko) Version/13.0.3 Mobile/15E148 Safari/604.1"
66.249.65.198 - - [14/Jul/2025:19:11:10 +0000] "GET /shopdetail/533361349 HTTP/1.1" 200 40203 "-" "Mozilla/5.0 (compatible; Googlebot/2.1; +http://www.google.com/bot.html)"
154.54.249.207 - - [14/Jul/2025:19:12:09 +0000] "GET /robots.txt HTTP/1.1" 200 114 "-" "Mozilla/5.0 (compatible; Barkrowler/0.9; +https://babbar.tech/crawler)"
66.249.65.198 - - [14/Jul/2025:19:12:09 +0000] "GET /shopdetail/182273249 HTTP/1.1" 200 40950 "-" "Mozilla/5.0 (Linux; Android 6.0.1; Nexus 5X Build/MMB29P) AppleWebKit/537.36 (KHTML, like Gecko) Chrome/137.0.7151.103 Mobile Safari/537.36 (compatible; Googlebot/2.1; +http://www.google.com/bot.html)"
209.74.77.214 - - [14/Jul/2025:19:12:25 +0000] "POST /wp-cron.php?doing_wp_cron=1752520345.4715878963470458984375 HTTP/1.1" 200 - "-" "WordPress/6.8.1; https://abl.academy"
