196.251.66.105 - - [14/Jul/2025:21:03:24 +0000] "GET /wp-includes/blocks/site-logo/index.php HTTP/1.1" 301 - "https://www.google.com" "Mozilla/5.0 (Linux; Android 7.0; SM-G892A Build/NRD90M; wv) AppleWebKit/537.36 (KHTML, Gecko) Version/4.0 Chrome/60.0.3112.107 Mobile Safari/537.36"
196.251.66.105 - - [14/Jul/2025:21:03:24 +0000] "GET /wp-includes/blocks/site-logo/ HTTP/1.1" 404 9553 "https://www.google.com" "Mozilla/5.0 (Linux; Android 7.0; SM-G892A Build/NRD90M; wv) AppleWebKit/537.36 (KHTML, Gecko) Version/4.0 Chrome/60.0.3112.107 Mobile Safari/537.36"
196.251.66.105 - - [14/Jul/2025:21:03:26 +0000] "GET /wp-includes/blocks/site-tagline/index.php HTTP/1.1" 301 - "https://www.google.com" "Mozilla/5.0 (Linux; Android 7.0; SM-G892A Build/NRD90M; wv) AppleWebKit/537.36 (KHTML, Gecko) Version/4.0 Chrome/60.0.3112.107 Mobile Safari/537.36"
196.251.66.105 - - [14/Jul/2025:21:03:28 +0000] "GET /wp-includes/blocks/site-tagline/ HTTP/1.1" 404 9553 "https://www.google.com" "Mozilla/5.0 (Linux; Android 7.0; SM-G892A Build/NRD90M; wv) AppleWebKit/537.36 (KHTML, Gecko) Version/4.0 Chrome/60.0.3112.107 Mobile Safari/537.36"
196.251.66.105 - - [14/Jul/2025:21:03:32 +0000] "GET /wp-includes/blocks/site-title/index.php HTTP/1.1" 301 - "https://www.google.com" "Mozilla/5.0 (Linux; Android 7.0; SM-G892A Build/NRD90M; wv) AppleWebKit/537.36 (KHTML, Gecko) Version/4.0 Chrome/60.0.3112.107 Mobile Safari/537.36"
196.251.66.105 - - [14/Jul/2025:21:03:32 +0000] "GET /wp-includes/blocks/site-title/ HTTP/1.1" 404 9553 "https://www.google.com" "Mozilla/5.0 (Linux; Android 7.0; SM-G892A Build/NRD90M; wv) AppleWebKit/537.36 (KHTML, Gecko) Version/4.0 Chrome/60.0.3112.107 Mobile Safari/537.36"
196.251.66.105 - - [14/Jul/2025:21:03:35 +0000] "GET /wp-includes/blocks/social-link/index.php HTTP/1.1" 301 - "https://www.google.com" "Mozilla/5.0 (Linux; Android 7.0; SM-G892A Build/NRD90M; wv) AppleWebKit/537.36 (KHTML, Gecko) Version/4.0 Chrome/60.0.3112.107 Mobile Safari/537.36"
196.251.66.105 - - [14/Jul/2025:21:03:35 +0000] "GET /wp-includes/blocks/social-link/ HTTP/1.1" 404 9553 "https://www.google.com" "Mozilla/5.0 (Linux; Android 7.0; SM-G892A Build/NRD90M; wv) AppleWebKit/537.36 (KHTML, Gecko) Version/4.0 Chrome/60.0.3112.107 Mobile Safari/537.36"
196.251.66.105 - - [14/Jul/2025:21:03:37 +0000] "GET /wp-includes/pomo/index.php HTTP/1.1" 301 - "https://www.google.com" "Mozilla/5.0 (Linux; Android 7.0; SM-G892A Build/NRD90M; wv) AppleWebKit/537.36 (KHTML, Gecko) Version/4.0 Chrome/60.0.3112.107 Mobile Safari/537.36"
196.251.66.105 - - [14/Jul/2025:21:03:37 +0000] "GET /wp-includes/pomo/ HTTP/1.1" 404 9553 "https://www.google.com" "Mozilla/5.0 (Linux; Android 7.0; SM-G892A Build/NRD90M; wv) AppleWebKit/537.36 (KHTML, Gecko) Version/4.0 Chrome/60.0.3112.107 Mobile Safari/537.36"
66.249.65.198 - - [14/Jul/2025:21:03:37 +0000] "GET /shopdetail/34753149 HTTP/1.1" 200 40223 "-" "Mozilla/5.0 (compatible; Googlebot/2.1; +http://www.google.com/bot.html)"
196.251.66.105 - - [14/Jul/2025:21:03:41 +0000] "GET /wp-includes/Requests/library/index.php HTTP/1.1" 301 - "https://www.google.com" "Mozilla/5.0 (Linux; Android 7.0; SM-G892A Build/NRD90M; wv) AppleWebKit/537.36 (KHTML, Gecko) Version/4.0 Chrome/60.0.3112.107 Mobile Safari/537.36"
196.251.66.105 - - [14/Jul/2025:21:03:41 +0000] "GET /wp-includes/Requests/library/ HTTP/1.1" 404 9553 "https://www.google.com" "Mozilla/5.0 (Linux; Android 7.0; SM-G892A Build/NRD90M; wv) AppleWebKit/537.36 (KHTML, Gecko) Version/4.0 Chrome/60.0.3112.107 Mobile Safari/537.36"
196.251.66.105 - - [14/Jul/2025:21:03:47 +0000] "GET /wp-includes/blocks/navigation-link/index.php HTTP/1.1" 301 - "https://www.google.com" "Mozilla/5.0 (Linux; Android 7.0; SM-G892A Build/NRD90M; wv) AppleWebKit/537.36 (KHTML, Gecko) Version/4.0 Chrome/60.0.3112.107 Mobile Safari/537.36"
196.251.66.105 - - [14/Jul/2025:21:03:48 +0000] "GET /wp-includes/blocks/navigation-link/ HTTP/1.1" 404 9553 "https://www.google.com" "Mozilla/5.0 (Linux; Android 7.0; SM-G892A Build/NRD90M; wv) AppleWebKit/537.36 (KHTML, Gecko) Version/4.0 Chrome/60.0.3112.107 Mobile Safari/537.36"
196.251.66.105 - - [14/Jul/2025:21:03:49 +0000] "GET /wp-includes/Requests/src/Exception/index.php HTTP/1.1" 301 - "https://www.google.com" "Mozilla/5.0 (Linux; Android 7.0; SM-G892A Build/NRD90M; wv) AppleWebKit/537.36 (KHTML, Gecko) Version/4.0 Chrome/60.0.3112.107 Mobile Safari/537.36"
196.251.66.105 - - [14/Jul/2025:21:03:49 +0000] "GET /wp-includes/Requests/src/Exception/ HTTP/1.1" 404 9553 "https://www.google.com" "Mozilla/5.0 (Linux; Android 7.0; SM-G892A Build/NRD90M; wv) AppleWebKit/537.36 (KHTML, Gecko) Version/4.0 Chrome/60.0.3112.107 Mobile Safari/537.36"
196.251.66.105 - - [14/Jul/2025:21:03:54 +0000] "GET /wp-includes/css/dist/index.php HTTP/1.1" 301 - "https://www.google.com" "Mozilla/5.0 (Linux; Android 7.0; SM-G892A Build/NRD90M; wv) AppleWebKit/537.36 (KHTML, Gecko) Version/4.0 Chrome/60.0.3112.107 Mobile Safari/537.36"
196.251.66.105 - - [14/Jul/2025:21:03:54 +0000] "GET /wp-includes/css/dist/ HTTP/1.1" 404 9553 "https://www.google.com" "Mozilla/5.0 (Linux; Android 7.0; SM-G892A Build/NRD90M; wv) AppleWebKit/537.36 (KHTML, Gecko) Version/4.0 Chrome/60.0.3112.107 Mobile Safari/537.36"
209.74.77.214 - - [14/Jul/2025:21:04:00 +0000] "POST /wp-cron.php?doing_wp_cron=1752527040.4289560317993164062500 HTTP/1.1" 200 - "-" "WordPress/6.8.1; https://abl.academy"
196.251.66.105 - - [14/Jul/2025:21:04:00 +0000] "GET /wp-includes/blocks/comment-date/index.php HTTP/1.1" 301 - "https://www.google.com" "Mozilla/5.0 (Linux; Android 7.0; SM-G892A Build/NRD90M; wv) AppleWebKit/537.36 (KHTML, Gecko) Version/4.0 Chrome/60.0.3112.107 Mobile Safari/537.36"
196.251.66.105 - - [14/Jul/2025:21:04:00 +0000] "GET /wp-includes/blocks/comment-date/ HTTP/1.1" 404 9553 "https://www.google.com" "Mozilla/5.0 (Linux; Android 7.0; SM-G892A Build/NRD90M; wv) AppleWebKit/537.36 (KHTML, Gecko) Version/4.0 Chrome/60.0.3112.107 Mobile Safari/537.36"
196.251.66.105 - - [14/Jul/2025:21:04:01 +0000] "GET /wp-includes/blocks/social-links/index.php HTTP/1.1" 301 - "https://www.google.com" "Mozilla/5.0 (Linux; Android 7.0; SM-G892A Build/NRD90M; wv) AppleWebKit/537.36 (KHTML, Gecko) Version/4.0 Chrome/60.0.3112.107 Mobile Safari/537.36"
196.251.66.105 - - [14/Jul/2025:21:04:02 +0000] "GET /wp-includes/blocks/social-links/ HTTP/1.1" 404 9553 "https://www.google.com" "Mozilla/5.0 (Linux; Android 7.0; SM-G892A Build/NRD90M; wv) AppleWebKit/537.36 (KHTML, Gecko) Version/4.0 Chrome/60.0.3112.107 Mobile Safari/537.36"
196.251.66.105 - - [14/Jul/2025:21:04:05 +0000] "GET /wp-includes/blocks/spacer/index.php HTTP/1.1" 301 - "https://www.google.com" "Mozilla/5.0 (Linux; Android 7.0; SM-G892A Build/NRD90M; wv) AppleWebKit/537.36 (KHTML, Gecko) Version/4.0 Chrome/60.0.3112.107 Mobile Safari/537.36"
196.251.66.105 - - [14/Jul/2025:21:04:07 +0000] "GET /wp-includes/blocks/spacer/ HTTP/1.1" 404 9553 "https://www.google.com" "Mozilla/5.0 (Linux; Android 7.0; SM-G892A Build/NRD90M; wv) AppleWebKit/537.36 (KHTML, Gecko) Version/4.0 Chrome/60.0.3112.107 Mobile Safari/537.36"
196.251.66.105 - - [14/Jul/2025:21:04:10 +0000] "GET /wp-includes/blocks/table/index.php HTTP/1.1" 301 - "https://www.google.com" "Mozilla/5.0 (Linux; Android 7.0; SM-G892A Build/NRD90M; wv) AppleWebKit/537.36 (KHTML, Gecko) Version/4.0 Chrome/60.0.3112.107 Mobile Safari/537.36"
196.251.66.105 - - [14/Jul/2025:21:04:10 +0000] "GET /wp-includes/blocks/table/ HTTP/1.1" 404 9553 "https://www.google.com" "Mozilla/5.0 (Linux; Android 7.0; SM-G892A Build/NRD90M; wv) AppleWebKit/537.36 (KHTML, Gecko) Version/4.0 Chrome/60.0.3112.107 Mobile Safari/537.36"
209.74.77.214 - - [14/Jul/2025:21:04:15 +0000] "POST /wp-cron.php?doing_wp_cron=1752527055.1977539062500000000000 HTTP/1.1" 200 - "-" "WordPress/6.8.1; https://abl.academy"
196.251.66.105 - - [14/Jul/2025:21:04:15 +0000] "GET /wp-includes/blocks/tag-cloud/index.php HTTP/1.1" 301 - "https://www.google.com" "Mozilla/5.0 (Linux; Android 7.0; SM-G892A Build/NRD90M; wv) AppleWebKit/537.36 (KHTML, Gecko) Version/4.0 Chrome/60.0.3112.107 Mobile Safari/537.36"
196.251.66.105 - - [14/Jul/2025:21:04:15 +0000] "GET /wp-includes/blocks/tag-cloud/ HTTP/1.1" 404 9553 "https://www.google.com" "Mozilla/5.0 (Linux; Android 7.0; SM-G892A Build/NRD90M; wv) AppleWebKit/537.36 (KHTML, Gecko) Version/4.0 Chrome/60.0.3112.107 Mobile Safari/537.36"
196.251.66.105 - - [14/Jul/2025:21:04:16 +0000] "GET /wp-includes/blocks/text-columns/index.php HTTP/1.1" 301 - "https://www.google.com" "Mozilla/5.0 (Linux; Android 7.0; SM-G892A Build/NRD90M; wv) AppleWebKit/537.36 (KHTML, Gecko) Version/4.0 Chrome/60.0.3112.107 Mobile Safari/537.36"
196.251.66.105 - - [14/Jul/2025:21:04:17 +0000] "GET /wp-includes/blocks/text-columns/ HTTP/1.1" 404 9553 "https://www.google.com" "Mozilla/5.0 (Linux; Android 7.0; SM-G892A Build/NRD90M; wv) AppleWebKit/537.36 (KHTML, Gecko) Version/4.0 Chrome/60.0.3112.107 Mobile Safari/537.36"
196.251.66.105 - - [14/Jul/2025:21:04:20 +0000] "GET /wp-includes/blocks/verse/index.php HTTP/1.1" 301 - "https://www.google.com" "Mozilla/5.0 (Linux; Android 7.0; SM-G892A Build/NRD90M; wv) AppleWebKit/537.36 (KHTML, Gecko) Version/4.0 Chrome/60.0.3112.107 Mobile Safari/537.36"
196.251.66.105 - - [14/Jul/2025:21:04:22 +0000] "GET /wp-includes/blocks/verse/ HTTP/1.1" 404 9553 "https://www.google.com" "Mozilla/5.0 (Linux; Android 7.0; SM-G892A Build/NRD90M; wv) AppleWebKit/537.36 (KHTML, Gecko) Version/4.0 Chrome/60.0.3112.107 Mobile Safari/537.36"
196.251.66.105 - - [14/Jul/2025:21:04:24 +0000] "GET /wp-includes/blocks/video/index.php HTTP/1.1" 301 - "https://www.google.com" "Mozilla/5.0 (Linux; Android 7.0; SM-G892A Build/NRD90M; wv) AppleWebKit/537.36 (KHTML, Gecko) Version/4.0 Chrome/60.0.3112.107 Mobile Safari/537.36"
196.251.66.105 - - [14/Jul/2025:21:04:25 +0000] "GET /wp-includes/blocks/video/ HTTP/1.1" 404 9553 "https://www.google.com" "Mozilla/5.0 (Linux; Android 7.0; SM-G892A Build/NRD90M; wv) AppleWebKit/537.36 (KHTML, Gecko) Version/4.0 Chrome/60.0.3112.107 Mobile Safari/537.36"
196.251.66.105 - - [14/Jul/2025:21:04:29 +0000] "GET /wp-includes/certificates/index.php HTTP/1.1" 301 - "https://www.google.com" "Mozilla/5.0 (Linux; Android 7.0; SM-G892A Build/NRD90M; wv) AppleWebKit/537.36 (KHTML, Gecko) Version/4.0 Chrome/60.0.3112.107 Mobile Safari/537.36"
196.251.66.105 - - [14/Jul/2025:21:04:30 +0000] "GET /wp-includes/certificates/ HTTP/1.1" 404 9553 "https://www.google.com" "Mozilla/5.0 (Linux; Android 7.0; SM-G892A Build/NRD90M; wv) AppleWebKit/537.36 (KHTML, Gecko) Version/4.0 Chrome/60.0.3112.107 Mobile Safari/537.36"
196.251.66.105 - - [14/Jul/2025:21:04:39 +0000] "GET /wp-includes/css/index.php HTTP/1.1" 301 - "https://www.google.com" "Mozilla/5.0 (Linux; Android 7.0; SM-G892A Build/NRD90M; wv) AppleWebKit/537.36 (KHTML, Gecko) Version/4.0 Chrome/60.0.3112.107 Mobile Safari/537.36"
196.251.66.105 - - [14/Jul/2025:21:04:41 +0000] "GET /wp-includes/css/ HTTP/1.1" 404 9553 "https://www.google.com" "Mozilla/5.0 (Linux; Android 7.0; SM-G892A Build/NRD90M; wv) AppleWebKit/537.36 (KHTML, Gecko) Version/4.0 Chrome/60.0.3112.107 Mobile Safari/537.36"
196.251.66.105 - - [14/Jul/2025:21:04:48 +0000] "GET /wp-includes/css/dist/block-directory/index.php HTTP/1.1" 301 - "https://www.google.com" "Mozilla/5.0 (Linux; Android 7.0; SM-G892A Build/NRD90M; wv) AppleWebKit/537.36 (KHTML, Gecko) Version/4.0 Chrome/60.0.3112.107 Mobile Safari/537.36"
196.251.66.105 - - [14/Jul/2025:21:04:49 +0000] "GET /wp-includes/css/dist/block-directory/ HTTP/1.1" 404 9553 "https://www.google.com" "Mozilla/5.0 (Linux; Android 7.0; SM-G892A Build/NRD90M; wv) AppleWebKit/537.36 (KHTML, Gecko) Version/4.0 Chrome/60.0.3112.107 Mobile Safari/537.36"
196.251.66.105 - - [14/Jul/2025:21:04:54 +0000] "GET /wp-includes/css/dist/components/index.php HTTP/1.1" 301 - "https://www.google.com" "Mozilla/5.0 (Linux; Android 7.0; SM-G892A Build/NRD90M; wv) AppleWebKit/537.36 (KHTML, Gecko) Version/4.0 Chrome/60.0.3112.107 Mobile Safari/537.36"
196.251.66.105 - - [14/Jul/2025:21:04:54 +0000] "GET /wp-includes/css/dist/components/ HTTP/1.1" 404 9553 "https://www.google.com" "Mozilla/5.0 (Linux; Android 7.0; SM-G892A Build/NRD90M; wv) AppleWebKit/537.36 (KHTML, Gecko) Version/4.0 Chrome/60.0.3112.107 Mobile Safari/537.36"
209.74.77.214 - - [14/Jul/2025:21:05:00 +0000] "POST /wp-cron.php?doing_wp_cron=1752527100.7816779613494873046875 HTTP/1.1" 200 - "-" "WordPress/6.8.1; https://abl.academy"
196.251.66.105 - - [14/Jul/2025:21:05:00 +0000] "GET /wp-includes/css/dist/customize-widgets/index.php HTTP/1.1" 301 - "https://www.google.com" "Mozilla/5.0 (Linux; Android 7.0; SM-G892A Build/NRD90M; wv) AppleWebKit/537.36 (KHTML, Gecko) Version/4.0 Chrome/60.0.3112.107 Mobile Safari/537.36"
196.251.66.105 - - [14/Jul/2025:21:05:00 +0000] "GET /wp-includes/css/dist/customize-widgets/ HTTP/1.1" 404 9552 "https://www.google.com" "Mozilla/5.0 (Linux; Android 7.0; SM-G892A Build/NRD90M; wv) AppleWebKit/537.36 (KHTML, Gecko) Version/4.0 Chrome/60.0.3112.107 Mobile Safari/537.36"
196.251.66.105 - - [14/Jul/2025:21:05:04 +0000] "GET /wp-includes/css/dist/list-reusable-blocks/index.php HTTP/1.1" 301 - "https://www.google.com" "Mozilla/5.0 (Linux; Android 7.0; SM-G892A Build/NRD90M; wv) AppleWebKit/537.36 (KHTML, Gecko) Version/4.0 Chrome/60.0.3112.107 Mobile Safari/537.36"
196.251.66.105 - - [14/Jul/2025:21:05:05 +0000] "GET /wp-includes/css/dist/list-reusable-blocks/ HTTP/1.1" 404 9551 "https://www.google.com" "Mozilla/5.0 (Linux; Android 7.0; SM-G892A Build/NRD90M; wv) AppleWebKit/537.36 (KHTML, Gecko) Version/4.0 Chrome/60.0.3112.107 Mobile Safari/537.36"
196.251.66.105 - - [14/Jul/2025:21:05:12 +0000] "GET /wp-includes/css/dist/nux/index.php HTTP/1.1" 301 - "https://www.google.com" "Mozilla/5.0 (Linux; Android 7.0; SM-G892A Build/NRD90M; wv) AppleWebKit/537.36 (KHTML, Gecko) Version/4.0 Chrome/60.0.3112.107 Mobile Safari/537.36"
196.251.66.105 - - [14/Jul/2025:21:05:13 +0000] "GET /wp-includes/css/dist/nux/ HTTP/1.1" 404 9552 "https://www.google.com" "Mozilla/5.0 (Linux; Android 7.0; SM-G892A Build/NRD90M; wv) AppleWebKit/537.36 (KHTML, Gecko) Version/4.0 Chrome/60.0.3112.107 Mobile Safari/537.36"
196.251.66.105 - - [14/Jul/2025:21:05:19 +0000] "GET /wp-includes/css/dist/edit-post/index.php HTTP/1.1" 301 - "https://www.google.com" "Mozilla/5.0 (Linux; Android 7.0; SM-G892A Build/NRD90M; wv) AppleWebKit/537.36 (KHTML, Gecko) Version/4.0 Chrome/60.0.3112.107 Mobile Safari/537.36"
196.251.66.105 - - [14/Jul/2025:21:05:20 +0000] "GET /wp-includes/css/dist/edit-post/ HTTP/1.1" 404 9552 "https://www.google.com" "Mozilla/5.0 (Linux; Android 7.0; SM-G892A Build/NRD90M; wv) AppleWebKit/537.36 (KHTML, Gecko) Version/4.0 Chrome/60.0.3112.107 Mobile Safari/537.36"
196.251.66.105 - - [14/Jul/2025:21:05:21 +0000] "GET /wp-includes/css/dist/edit-widgets/index.php HTTP/1.1" 301 - "https://www.google.com" "Mozilla/5.0 (Linux; Android 7.0; SM-G892A Build/NRD90M; wv) AppleWebKit/537.36 (KHTML, Gecko) Version/4.0 Chrome/60.0.3112.107 Mobile Safari/537.36"
196.251.66.105 - - [14/Jul/2025:21:05:22 +0000] "GET /wp-includes/css/dist/edit-widgets/ HTTP/1.1" 404 9552 "https://www.google.com" "Mozilla/5.0 (Linux; Android 7.0; SM-G892A Build/NRD90M; wv) AppleWebKit/537.36 (KHTML, Gecko) Version/4.0 Chrome/60.0.3112.107 Mobile Safari/537.36"
196.251.66.105 - - [14/Jul/2025:21:05:26 +0000] "GET /wp-includes/css/dist/editor/index.php HTTP/1.1" 301 - "https://www.google.com" "Mozilla/5.0 (Linux; Android 7.0; SM-G892A Build/NRD90M; wv) AppleWebKit/537.36 (KHTML, Gecko) Version/4.0 Chrome/60.0.3112.107 Mobile Safari/537.36"
196.251.66.105 - - [14/Jul/2025:21:05:26 +0000] "GET /wp-includes/css/dist/editor/ HTTP/1.1" 404 9552 "https://www.google.com" "Mozilla/5.0 (Linux; Android 7.0; SM-G892A Build/NRD90M; wv) AppleWebKit/537.36 (KHTML, Gecko) Version/4.0 Chrome/60.0.3112.107 Mobile Safari/537.36"
196.251.66.105 - - [14/Jul/2025:21:05:29 +0000] "GET /wp-includes/css/dist/format-library/index.php HTTP/1.1" 301 - "https://www.google.com" "Mozilla/5.0 (Linux; Android 7.0; SM-G892A Build/NRD90M; wv) AppleWebKit/537.36 (KHTML, Gecko) Version/4.0 Chrome/60.0.3112.107 Mobile Safari/537.36"
196.251.66.105 - - [14/Jul/2025:21:05:29 +0000] "GET /wp-includes/css/dist/format-library/ HTTP/1.1" 404 9552 "https://www.google.com" "Mozilla/5.0 (Linux; Android 7.0; SM-G892A Build/NRD90M; wv) AppleWebKit/537.36 (KHTML, Gecko) Version/4.0 Chrome/60.0.3112.107 Mobile Safari/537.36"
196.251.66.105 - - [14/Jul/2025:21:05:35 +0000] "GET /wp-includes/css/dist/reusable-blocks/index.php HTTP/1.1" 301 - "https://www.google.com" "Mozilla/5.0 (Linux; Android 7.0; SM-G892A Build/NRD90M; wv) AppleWebKit/537.36 (KHTML, Gecko) Version/4.0 Chrome/60.0.3112.107 Mobile Safari/537.36"
196.251.66.105 - - [14/Jul/2025:21:05:36 +0000] "GET /wp-includes/css/dist/reusable-blocks/ HTTP/1.1" 404 9553 "https://www.google.com" "Mozilla/5.0 (Linux; Android 7.0; SM-G892A Build/NRD90M; wv) AppleWebKit/537.36 (KHTML, Gecko) Version/4.0 Chrome/60.0.3112.107 Mobile Safari/537.36"
196.251.66.105 - - [14/Jul/2025:21:05:39 +0000] "GET /wp-includes/css/dist/widgets/index.php HTTP/1.1" 301 - "https://www.google.com" "Mozilla/5.0 (Linux; Android 7.0; SM-G892A Build/NRD90M; wv) AppleWebKit/537.36 (KHTML, Gecko) Version/4.0 Chrome/60.0.3112.107 Mobile Safari/537.36"
196.251.66.105 - - [14/Jul/2025:21:05:39 +0000] "GET /wp-includes/css/dist/widgets/ HTTP/1.1" 404 9552 "https://www.google.com" "Mozilla/5.0 (Linux; Android 7.0; SM-G892A Build/NRD90M; wv) AppleWebKit/537.36 (KHTML, Gecko) Version/4.0 Chrome/60.0.3112.107 Mobile Safari/537.36"
196.251.66.105 - - [14/Jul/2025:21:05:43 +0000] "GET /wp-includes/customize/index.php HTTP/1.1" 301 - "https://www.google.com" "Mozilla/5.0 (Linux; Android 7.0; SM-G892A Build/NRD90M; wv) AppleWebKit/537.36 (KHTML, Gecko) Version/4.0 Chrome/60.0.3112.107 Mobile Safari/537.36"
196.251.66.105 - - [14/Jul/2025:21:05:43 +0000] "GET /wp-includes/customize/ HTTP/1.1" 404 9553 "https://www.google.com" "Mozilla/5.0 (Linux; Android 7.0; SM-G892A Build/NRD90M; wv) AppleWebKit/537.36 (KHTML, Gecko) Version/4.0 Chrome/60.0.3112.107 Mobile Safari/537.36"
196.251.66.105 - - [14/Jul/2025:21:05:46 +0000] "GET /wp-includes/fonts/index.php HTTP/1.1" 301 - "https://www.google.com" "Mozilla/5.0 (Linux; Android 7.0; SM-G892A Build/NRD90M; wv) AppleWebKit/537.36 (KHTML, Gecko) Version/4.0 Chrome/60.0.3112.107 Mobile Safari/537.36"
196.251.66.105 - - [14/Jul/2025:21:05:46 +0000] "GET /wp-includes/fonts/ HTTP/1.1" 404 9553 "https://www.google.com" "Mozilla/5.0 (Linux; Android 7.0; SM-G892A Build/NRD90M; wv) AppleWebKit/537.36 (KHTML, Gecko) Version/4.0 Chrome/60.0.3112.107 Mobile Safari/537.36"
196.251.66.105 - - [14/Jul/2025:21:05:52 +0000] "GET /wp-includes/images/index.php HTTP/1.1" 301 - "https://www.google.com" "Mozilla/5.0 (Linux; Android 7.0; SM-G892A Build/NRD90M; wv) AppleWebKit/537.36 (KHTML, Gecko) Version/4.0 Chrome/60.0.3112.107 Mobile Safari/537.36"
196.251.66.105 - - [14/Jul/2025:21:05:52 +0000] "GET /wp-includes/images/ HTTP/1.1" 404 9552 "https://www.google.com" "Mozilla/5.0 (Linux; Android 7.0; SM-G892A Build/NRD90M; wv) AppleWebKit/537.36 (KHTML, Gecko) Version/4.0 Chrome/60.0.3112.107 Mobile Safari/537.36"
196.251.66.105 - - [14/Jul/2025:21:05:54 +0000] "GET /wp-includes/images/crystal/index.php HTTP/1.1" 301 - "https://www.google.com" "Mozilla/5.0 (Linux; Android 7.0; SM-G892A Build/NRD90M; wv) AppleWebKit/537.36 (KHTML, Gecko) Version/4.0 Chrome/60.0.3112.107 Mobile Safari/537.36"
196.251.66.105 - - [14/Jul/2025:21:05:54 +0000] "GET /wp-includes/images/crystal/ HTTP/1.1" 404 9553 "https://www.google.com" "Mozilla/5.0 (Linux; Android 7.0; SM-G892A Build/NRD90M; wv) AppleWebKit/537.36 (KHTML, Gecko) Version/4.0 Chrome/60.0.3112.107 Mobile Safari/537.36"
209.74.77.214 - - [14/Jul/2025:21:05:57 +0000] "POST /wp-cron.php?doing_wp_cron=1752527157.3652470111846923828125 HTTP/1.1" 200 - "-" "WordPress/6.8.1; https://abl.academy"
196.251.66.105 - - [14/Jul/2025:21:05:57 +0000] "GET /wp-includes/images/media/index.php HTTP/1.1" 301 - "https://www.google.com" "Mozilla/5.0 (Linux; Android 7.0; SM-G892A Build/NRD90M; wv) AppleWebKit/537.36 (KHTML, Gecko) Version/4.0 Chrome/60.0.3112.107 Mobile Safari/537.36"
196.251.66.105 - - [14/Jul/2025:21:05:57 +0000] "GET /wp-includes/images/media/ HTTP/1.1" 404 9553 "https://www.google.com" "Mozilla/5.0 (Linux; Android 7.0; SM-G892A Build/NRD90M; wv) AppleWebKit/537.36 (KHTML, Gecko) Version/4.0 Chrome/60.0.3112.107 Mobile Safari/537.36"
196.251.66.105 - - [14/Jul/2025:21:06:01 +0000] "GET /wp-includes/images/smilies/index.php HTTP/1.1" 301 - "https://www.google.com" "Mozilla/5.0 (Linux; Android 7.0; SM-G892A Build/NRD90M; wv) AppleWebKit/537.36 (KHTML, Gecko) Version/4.0 Chrome/60.0.3112.107 Mobile Safari/537.36"
196.251.66.105 - - [14/Jul/2025:21:06:01 +0000] "GET /wp-includes/images/smilies/ HTTP/1.1" 404 9553 "https://www.google.com" "Mozilla/5.0 (Linux; Android 7.0; SM-G892A Build/NRD90M; wv) AppleWebKit/537.36 (KHTML, Gecko) Version/4.0 Chrome/60.0.3112.107 Mobile Safari/537.36"
196.251.66.105 - - [14/Jul/2025:21:06:09 +0000] "GET /wp-includes/images/wlw/index.php HTTP/1.1" 301 - "https://www.google.com" "Mozilla/5.0 (Linux; Android 7.0; SM-G892A Build/NRD90M; wv) AppleWebKit/537.36 (KHTML, Gecko) Version/4.0 Chrome/60.0.3112.107 Mobile Safari/537.36"
196.251.66.105 - - [14/Jul/2025:21:06:10 +0000] "GET /wp-includes/images/wlw/ HTTP/1.1" 404 9553 "https://www.google.com" "Mozilla/5.0 (Linux; Android 7.0; SM-G892A Build/NRD90M; wv) AppleWebKit/537.36 (KHTML, Gecko) Version/4.0 Chrome/60.0.3112.107 Mobile Safari/537.36"
209.74.77.214 - - [14/Jul/2025:21:06:14 +0000] "POST /wp-cron.php?doing_wp_cron=1752527174.9615390300750732421875 HTTP/1.1" 200 - "-" "WordPress/6.8.1; https://abl.academy"
196.251.66.105 - - [14/Jul/2025:21:06:14 +0000] "GET /wp-includes/js/index.php HTTP/1.1" 301 - "https://www.google.com" "Mozilla/5.0 (Linux; Android 7.0; SM-G892A Build/NRD90M; wv) AppleWebKit/537.36 (KHTML, Gecko) Version/4.0 Chrome/60.0.3112.107 Mobile Safari/537.36"
196.251.66.105 - - [14/Jul/2025:21:06:15 +0000] "GET /wp-includes/js/ HTTP/1.1" 404 9553 "https://www.google.com" "Mozilla/5.0 (Linux; Android 7.0; SM-G892A Build/NRD90M; wv) AppleWebKit/537.36 (KHTML, Gecko) Version/4.0 Chrome/60.0.3112.107 Mobile Safari/537.36"
196.251.66.105 - - [14/Jul/2025:21:06:17 +0000] "GET /wp-includes/js/codemirror/index.php HTTP/1.1" 301 - "https://www.google.com" "Mozilla/5.0 (Linux; Android 7.0; SM-G892A Build/NRD90M; wv) AppleWebKit/537.36 (KHTML, Gecko) Version/4.0 Chrome/60.0.3112.107 Mobile Safari/537.36"
196.251.66.105 - - [14/Jul/2025:21:06:17 +0000] "GET /wp-includes/js/codemirror/ HTTP/1.1" 404 9553 "https://www.google.com" "Mozilla/5.0 (Linux; Android 7.0; SM-G892A Build/NRD90M; wv) AppleWebKit/537.36 (KHTML, Gecko) Version/4.0 Chrome/60.0.3112.107 Mobile Safari/537.36"
196.251.66.105 - - [14/Jul/2025:21:06:19 +0000] "GET /wp-includes/js/crop/index.php HTTP/1.1" 301 - "https://www.google.com" "Mozilla/5.0 (Linux; Android 7.0; SM-G892A Build/NRD90M; wv) AppleWebKit/537.36 (KHTML, Gecko) Version/4.0 Chrome/60.0.3112.107 Mobile Safari/537.36"
196.251.66.105 - - [14/Jul/2025:21:06:23 +0000] "GET /wp-includes/js/crop/ HTTP/1.1" 404 9553 "https://www.google.com" "Mozilla/5.0 (Linux; Android 7.0; SM-G892A Build/NRD90M; wv) AppleWebKit/537.36 (KHTML, Gecko) Version/4.0 Chrome/60.0.3112.107 Mobile Safari/537.36"
196.251.66.105 - - [14/Jul/2025:21:06:27 +0000] "GET /wp-includes/js/dist/index.php HTTP/1.1" 301 - "https://www.google.com" "Mozilla/5.0 (Linux; Android 7.0; SM-G892A Build/NRD90M; wv) AppleWebKit/537.36 (KHTML, Gecko) Version/4.0 Chrome/60.0.3112.107 Mobile Safari/537.36"
196.251.66.105 - - [14/Jul/2025:21:06:27 +0000] "GET /wp-includes/js/dist/ HTTP/1.1" 404 9553 "https://www.google.com" "Mozilla/5.0 (Linux; Android 7.0; SM-G892A Build/NRD90M; wv) AppleWebKit/537.36 (KHTML, Gecko) Version/4.0 Chrome/60.0.3112.107 Mobile Safari/537.36"
196.251.66.105 - - [14/Jul/2025:21:06:31 +0000] "GET /wp-includes/js/dist/vendor/index.php HTTP/1.1" 301 - "https://www.google.com" "Mozilla/5.0 (Linux; Android 7.0; SM-G892A Build/NRD90M; wv) AppleWebKit/537.36 (KHTML, Gecko) Version/4.0 Chrome/60.0.3112.107 Mobile Safari/537.36"
196.251.66.105 - - [14/Jul/2025:21:06:31 +0000] "GET /wp-includes/js/dist/vendor/ HTTP/1.1" 404 9553 "https://www.google.com" "Mozilla/5.0 (Linux; Android 7.0; SM-G892A Build/NRD90M; wv) AppleWebKit/537.36 (KHTML, Gecko) Version/4.0 Chrome/60.0.3112.107 Mobile Safari/537.36"
196.251.66.105 - - [14/Jul/2025:21:06:36 +0000] "GET /wp-includes/js/imgareaselect/index.php HTTP/1.1" 301 - "https://www.google.com" "Mozilla/5.0 (Linux; Android 7.0; SM-G892A Build/NRD90M; wv) AppleWebKit/537.36 (KHTML, Gecko) Version/4.0 Chrome/60.0.3112.107 Mobile Safari/537.36"
196.251.66.105 - - [14/Jul/2025:21:06:37 +0000] "GET /wp-includes/js/imgareaselect/ HTTP/1.1" 404 9553 "https://www.google.com" "Mozilla/5.0 (Linux; Android 7.0; SM-G892A Build/NRD90M; wv) AppleWebKit/537.36 (KHTML, Gecko) Version/4.0 Chrome/60.0.3112.107 Mobile Safari/537.36"
196.251.66.105 - - [14/Jul/2025:21:06:39 +0000] "GET /wp-includes/js/jcrop/index.php HTTP/1.1" 301 - "https://www.google.com" "Mozilla/5.0 (Linux; Android 7.0; SM-G892A Build/NRD90M; wv) AppleWebKit/537.36 (KHTML, Gecko) Version/4.0 Chrome/60.0.3112.107 Mobile Safari/537.36"
196.251.66.105 - - [14/Jul/2025:21:06:40 +0000] "GET /wp-includes/js/jcrop/ HTTP/1.1" 404 9553 "https://www.google.com" "Mozilla/5.0 (Linux; Android 7.0; SM-G892A Build/NRD90M; wv) AppleWebKit/537.36 (KHTML, Gecko) Version/4.0 Chrome/60.0.3112.107 Mobile Safari/537.36"
209.74.77.214 - - [14/Jul/2025:21:06:59 +0000] "POST /wp-cron.php?doing_wp_cron=1752527219.8715779781341552734375 HTTP/1.1" 200 - "-" "WordPress/6.8.1; https://abl.academy"
196.251.66.105 - - [14/Jul/2025:21:06:59 +0000] "GET /wp-includes/js/jquery/index.php HTTP/1.1" 301 - "https://www.google.com" "Mozilla/5.0 (Linux; Android 7.0; SM-G892A Build/NRD90M; wv) AppleWebKit/537.36 (KHTML, Gecko) Version/4.0 Chrome/60.0.3112.107 Mobile Safari/537.36"
196.251.66.105 - - [14/Jul/2025:21:07:00 +0000] "GET /wp-includes/js/jquery/ HTTP/1.1" 404 9553 "https://www.google.com" "Mozilla/5.0 (Linux; Android 7.0; SM-G892A Build/NRD90M; wv) AppleWebKit/537.36 (KHTML, Gecko) Version/4.0 Chrome/60.0.3112.107 Mobile Safari/537.36"
196.251.66.105 - - [14/Jul/2025:21:07:08 +0000] "GET /wp-includes/js/jquery/ui/index.php HTTP/1.1" 301 - "https://www.google.com" "Mozilla/5.0 (Linux; Android 7.0; SM-G892A Build/NRD90M; wv) AppleWebKit/537.36 (KHTML, Gecko) Version/4.0 Chrome/60.0.3112.107 Mobile Safari/537.36"
196.251.66.105 - - [14/Jul/2025:21:07:09 +0000] "GET /wp-includes/js/jquery/ui/ HTTP/1.1" 404 9553 "https://www.google.com" "Mozilla/5.0 (Linux; Android 7.0; SM-G892A Build/NRD90M; wv) AppleWebKit/537.36 (KHTML, Gecko) Version/4.0 Chrome/60.0.3112.107 Mobile Safari/537.36"
209.74.77.214 - - [14/Jul/2025:21:07:14 +0000] "POST /wp-cron.php?doing_wp_cron=1752527234.4220368862152099609375 HTTP/1.1" 200 - "-" "WordPress/6.8.1; https://abl.academy"
196.251.66.105 - - [14/Jul/2025:21:07:14 +0000] "GET /wp-includes/js/mediaelement/index.php HTTP/1.1" 301 - "https://www.google.com" "Mozilla/5.0 (Linux; Android 7.0; SM-G892A Build/NRD90M; wv) AppleWebKit/537.36 (KHTML, Gecko) Version/4.0 Chrome/60.0.3112.107 Mobile Safari/537.36"
196.251.66.105 - - [14/Jul/2025:21:07:15 +0000] "GET /wp-includes/js/mediaelement/ HTTP/1.1" 404 9553 "https://www.google.com" "Mozilla/5.0 (Linux; Android 7.0; SM-G892A Build/NRD90M; wv) AppleWebKit/537.36 (KHTML, Gecko) Version/4.0 Chrome/60.0.3112.107 Mobile Safari/537.36"
196.251.66.105 - - [14/Jul/2025:21:07:16 +0000] "GET /wp-includes/js/mediaelement/renderers/index.php HTTP/1.1" 301 - "https://www.google.com" "Mozilla/5.0 (Linux; Android 7.0; SM-G892A Build/NRD90M; wv) AppleWebKit/537.36 (KHTML, Gecko) Version/4.0 Chrome/60.0.3112.107 Mobile Safari/537.36"
196.251.66.105 - - [14/Jul/2025:21:07:17 +0000] "GET /wp-includes/js/mediaelement/renderers/ HTTP/1.1" 404 9553 "https://www.google.com" "Mozilla/5.0 (Linux; Android 7.0; SM-G892A Build/NRD90M; wv) AppleWebKit/537.36 (KHTML, Gecko) Version/4.0 Chrome/60.0.3112.107 Mobile Safari/537.36"
196.251.66.105 - - [14/Jul/2025:21:07:24 +0000] "GET /wp-includes/js/plupload/index.php HTTP/1.1" 301 - "https://www.google.com" "Mozilla/5.0 (Linux; Android 7.0; SM-G892A Build/NRD90M; wv) AppleWebKit/537.36 (KHTML, Gecko) Version/4.0 Chrome/60.0.3112.107 Mobile Safari/537.36"
196.251.66.105 - - [14/Jul/2025:21:07:24 +0000] "GET /wp-includes/js/plupload/ HTTP/1.1" 404 9553 "https://www.google.com" "Mozilla/5.0 (Linux; Android 7.0; SM-G892A Build/NRD90M; wv) AppleWebKit/537.36 (KHTML, Gecko) Version/4.0 Chrome/60.0.3112.107 Mobile Safari/537.36"
196.251.66.105 - - [14/Jul/2025:21:07:26 +0000] "GET /wp-includes/interactivity-api/index.php HTTP/1.1" 301 - "https://www.google.com" "Mozilla/5.0 (Linux; Android 7.0; SM-G892A Build/NRD90M; wv) AppleWebKit/537.36 (KHTML, Gecko) Version/4.0 Chrome/60.0.3112.107 Mobile Safari/537.36"
196.251.66.105 - - [14/Jul/2025:21:07:28 +0000] "GET /wp-includes/interactivity-api/ HTTP/1.1" 404 9553 "https://www.google.com" "Mozilla/5.0 (Linux; Android 7.0; SM-G892A Build/NRD90M; wv) AppleWebKit/537.36 (KHTML, Gecko) Version/4.0 Chrome/60.0.3112.107 Mobile Safari/537.36"
196.251.66.105 - - [14/Jul/2025:21:07:30 +0000] "GET /wp-includes/js/swfupload/index.php HTTP/1.1" 301 - "https://www.google.com" "Mozilla/5.0 (Linux; Android 7.0; SM-G892A Build/NRD90M; wv) AppleWebKit/537.36 (KHTML, Gecko) Version/4.0 Chrome/60.0.3112.107 Mobile Safari/537.36"
196.251.66.105 - - [14/Jul/2025:21:07:31 +0000] "GET /wp-includes/js/swfupload/ HTTP/1.1" 404 9553 "https://www.google.com" "Mozilla/5.0 (Linux; Android 7.0; SM-G892A Build/NRD90M; wv) AppleWebKit/537.36 (KHTML, Gecko) Version/4.0 Chrome/60.0.3112.107 Mobile Safari/537.36"
196.251.66.105 - - [14/Jul/2025:21:07:42 +0000] "GET /wp-includes/js/thickbox/index.php HTTP/1.1" 301 - "https://www.google.com" "Mozilla/5.0 (Linux; Android 7.0; SM-G892A Build/NRD90M; wv) AppleWebKit/537.36 (KHTML, Gecko) Version/4.0 Chrome/60.0.3112.107 Mobile Safari/537.36"
196.251.66.105 - - [14/Jul/2025:21:07:43 +0000] "GET /wp-includes/js/thickbox/ HTTP/1.1" 404 9553 "https://www.google.com" "Mozilla/5.0 (Linux; Android 7.0; SM-G892A Build/NRD90M; wv) AppleWebKit/537.36 (KHTML, Gecko) Version/4.0 Chrome/60.0.3112.107 Mobile Safari/537.36"
196.251.66.105 - - [14/Jul/2025:21:07:46 +0000] "GET /wp-includes/js/tinymce/index.php HTTP/1.1" 301 - "https://www.google.com" "Mozilla/5.0 (Linux; Android 7.0; SM-G892A Build/NRD90M; wv) AppleWebKit/537.36 (KHTML, Gecko) Version/4.0 Chrome/60.0.3112.107 Mobile Safari/537.36"
196.251.66.105 - - [14/Jul/2025:21:07:46 +0000] "GET /wp-includes/js/tinymce/ HTTP/1.1" 404 9553 "https://www.google.com" "Mozilla/5.0 (Linux; Android 7.0; SM-G892A Build/NRD90M; wv) AppleWebKit/537.36 (KHTML, Gecko) Version/4.0 Chrome/60.0.3112.107 Mobile Safari/537.36"
196.251.66.105 - - [14/Jul/2025:21:07:49 +0000] "GET /wp-includes/js/tinymce/langs/index.php HTTP/1.1" 301 - "https://www.google.com" "Mozilla/5.0 (Linux; Android 7.0; SM-G892A Build/NRD90M; wv) AppleWebKit/537.36 (KHTML, Gecko) Version/4.0 Chrome/60.0.3112.107 Mobile Safari/537.36"
196.251.66.105 - - [14/Jul/2025:21:07:50 +0000] "GET /wp-includes/js/tinymce/langs/ HTTP/1.1" 404 9553 "https://www.google.com" "Mozilla/5.0 (Linux; Android 7.0; SM-G892A Build/NRD90M; wv) AppleWebKit/537.36 (KHTML, Gecko) Version/4.0 Chrome/60.0.3112.107 Mobile Safari/537.36"
66.249.65.197 - - [14/Jul/2025:21:07:52 +0000] "GET /shopdetail/262520249 HTTP/1.1" 200 39990 "-" "Mozilla/5.0 (Linux; Android 6.0.1; Nexus 5X Build/MMB29P) AppleWebKit/537.36 (KHTML, like Gecko) Chrome/137.0.7151.103 Mobile Safari/537.36 (compatible; Googlebot/2.1; +http://www.google.com/bot.html)"
209.74.77.214 - - [14/Jul/2025:21:08:28 +0000] "POST /wp-cron.php?doing_wp_cron=1752527308.0354409217834472656250 HTTP/1.1" 200 - "-" "WordPress/6.8.1; https://abl.academy"
196.251.66.105 - - [14/Jul/2025:21:08:27 +0000] "GET /wp-includes/sodium_compat/src/Core32/SecretStream/index.php HTTP/1.1" 301 - "https://www.google.com" "Mozilla/5.0 (Linux; Android 7.0; SM-G892A Build/NRD90M; wv) AppleWebKit/537.36 (KHTML, Gecko) Version/4.0 Chrome/60.0.3112.107 Mobile Safari/537.36"
196.251.66.105 - - [14/Jul/2025:21:08:28 +0000] "GET /wp-includes/sodium_compat/src/Core32/SecretStream/ HTTP/1.1" 404 9553 "https://www.google.com" "Mozilla/5.0 (Linux; Android 7.0; SM-G892A Build/NRD90M; wv) AppleWebKit/537.36 (KHTML, Gecko) Version/4.0 Chrome/60.0.3112.107 Mobile Safari/537.36"
196.251.66.105 - - [14/Jul/2025:21:08:30 +0000] "GET /wp-includes/js/tinymce/plugins/charmap/index.php HTTP/1.1" 301 - "https://www.google.com" "Mozilla/5.0 (Linux; Android 7.0; SM-G892A Build/NRD90M; wv) AppleWebKit/537.36 (KHTML, Gecko) Version/4.0 Chrome/60.0.3112.107 Mobile Safari/537.36"
196.251.66.105 - - [14/Jul/2025:21:08:30 +0000] "GET /wp-includes/js/tinymce/plugins/charmap/ HTTP/1.1" 404 9553 "https://www.google.com" "Mozilla/5.0 (Linux; Android 7.0; SM-G892A Build/NRD90M; wv) AppleWebKit/537.36 (KHTML, Gecko) Version/4.0 Chrome/60.0.3112.107 Mobile Safari/537.36"
196.251.66.105 - - [14/Jul/2025:21:08:32 +0000] "GET /wp-includes/css/dist/patterns/index.php HTTP/1.1" 301 - "https://www.google.com" "Mozilla/5.0 (Linux; Android 7.0; SM-G892A Build/NRD90M; wv) AppleWebKit/537.36 (KHTML, Gecko) Version/4.0 Chrome/60.0.3112.107 Mobile Safari/537.36"
196.251.66.105 - - [14/Jul/2025:21:08:32 +0000] "GET /wp-includes/css/dist/patterns/ HTTP/1.1" 404 9553 "https://www.google.com" "Mozilla/5.0 (Linux; Android 7.0; SM-G892A Build/NRD90M; wv) AppleWebKit/537.36 (KHTML, Gecko) Version/4.0 Chrome/60.0.3112.107 Mobile Safari/537.36"
196.251.66.105 - - [14/Jul/2025:21:08:33 +0000] "GET /wp-includes/rest-api/search/index.php HTTP/1.1" 301 - "https://www.google.com" "Mozilla/5.0 (Linux; Android 7.0; SM-G892A Build/NRD90M; wv) AppleWebKit/537.36 (KHTML, Gecko) Version/4.0 Chrome/60.0.3112.107 Mobile Safari/537.36"
196.251.66.105 - - [14/Jul/2025:21:08:34 +0000] "GET /wp-includes/rest-api/search/ HTTP/1.1" 404 9553 "https://www.google.com" "Mozilla/5.0 (Linux; Android 7.0; SM-G892A Build/NRD90M; wv) AppleWebKit/537.36 (KHTML, Gecko) Version/4.0 Chrome/60.0.3112.107 Mobile Safari/537.36"
196.251.66.105 - - [14/Jul/2025:21:08:36 +0000] "GET /wp-includes/js/tinymce/plugins/image/index.php HTTP/1.1" 301 - "https://www.google.com" "Mozilla/5.0 (Linux; Android 7.0; SM-G892A Build/NRD90M; wv) AppleWebKit/537.36 (KHTML, Gecko) Version/4.0 Chrome/60.0.3112.107 Mobile Safari/537.36"
196.251.66.105 - - [14/Jul/2025:21:08:37 +0000] "GET /wp-includes/js/tinymce/plugins/image/ HTTP/1.1" 404 9553 "https://www.google.com" "Mozilla/5.0 (Linux; Android 7.0; SM-G892A Build/NRD90M; wv) AppleWebKit/537.36 (KHTML, Gecko) Version/4.0 Chrome/60.0.3112.107 Mobile Safari/537.36"
196.251.66.105 - - [14/Jul/2025:21:08:42 +0000] "GET /wp-includes/js/tinymce/plugins/hr/index.php HTTP/1.1" 301 - "https://www.google.com" "Mozilla/5.0 (Linux; Android 7.0; SM-G892A Build/NRD90M; wv) AppleWebKit/537.36 (KHTML, Gecko) Version/4.0 Chrome/60.0.3112.107 Mobile Safari/537.36"
196.251.66.105 - - [14/Jul/2025:21:08:42 +0000] "GET /wp-includes/js/tinymce/plugins/hr/ HTTP/1.1" 404 9553 "https://www.google.com" "Mozilla/5.0 (Linux; Android 7.0; SM-G892A Build/NRD90M; wv) AppleWebKit/537.36 (KHTML, Gecko) Version/4.0 Chrome/60.0.3112.107 Mobile Safari/537.36"
196.251.66.105 - - [14/Jul/2025:21:08:49 +0000] "GET /wp-includes/js/tinymce/plugins/fullscreen/index.php HTTP/1.1" 301 - "https://www.google.com" "Mozilla/5.0 (Linux; Android 7.0; SM-G892A Build/NRD90M; wv) AppleWebKit/537.36 (KHTML, Gecko) Version/4.0 Chrome/60.0.3112.107 Mobile Safari/537.36"
196.251.66.105 - - [14/Jul/2025:21:08:49 +0000] "GET /wp-includes/js/tinymce/plugins/fullscreen/ HTTP/1.1" 404 9553 "https://www.google.com" "Mozilla/5.0 (Linux; Android 7.0; SM-G892A Build/NRD90M; wv) AppleWebKit/537.36 (KHTML, Gecko) Version/4.0 Chrome/60.0.3112.107 Mobile Safari/537.36"
196.251.66.105 - - [14/Jul/2025:21:08:52 +0000] "GET /wp-includes/widgets/dir/index.php HTTP/1.1" 301 - "https://www.google.com" "Mozilla/5.0 (Linux; Android 7.0; SM-G892A Build/NRD90M; wv) AppleWebKit/537.36 (KHTML, Gecko) Version/4.0 Chrome/60.0.3112.107 Mobile Safari/537.36"
196.251.66.105 - - [14/Jul/2025:21:08:53 +0000] "GET /wp-includes/widgets/dir/ HTTP/1.1" 404 9553 "https://www.google.com" "Mozilla/5.0 (Linux; Android 7.0; SM-G892A Build/NRD90M; wv) AppleWebKit/537.36 (KHTML, Gecko) Version/4.0 Chrome/60.0.3112.107 Mobile Safari/537.36"
209.74.77.214 - - [14/Jul/2025:21:08:55 +0000] "POST /wp-cron.php?doing_wp_cron=1752527335.6013278961181640625000 HTTP/1.1" 200 - "-" "WordPress/6.8.1; https://abl.academy"
196.251.66.105 - - [14/Jul/2025:21:08:55 +0000] "GET /wp-includes/Requests/src/Exception/Http/index.php HTTP/1.1" 301 - "https://www.google.com" "Mozilla/5.0 (Linux; Android 7.0; SM-G892A Build/NRD90M; wv) AppleWebKit/537.36 (KHTML, Gecko) Version/4.0 Chrome/60.0.3112.107 Mobile Safari/537.36"
196.251.66.105 - - [14/Jul/2025:21:08:55 +0000] "GET /wp-includes/Requests/src/Exception/Http/ HTTP/1.1" 404 9553 "https://www.google.com" "Mozilla/5.0 (Linux; Android 7.0; SM-G892A Build/NRD90M; wv) AppleWebKit/537.36 (KHTML, Gecko) Version/4.0 Chrome/60.0.3112.107 Mobile Safari/537.36"
66.249.65.197 - - [14/Jul/2025:21:09:10 +0000] "GET /shopdetail/363888849 HTTP/1.1" 200 39889 "-" "Mozilla/5.0 (compatible; Googlebot/2.1; +http://www.google.com/bot.html)"
209.74.77.214 - - [14/Jul/2025:21:13:47 +0000] "POST /wp-cron.php?doing_wp_cron=1752527627.4140150547027587890625 HTTP/1.1" 200 - "-" "WordPress/6.8.1; https://abl.academy"
65.21.78.112 - - [14/Jul/2025:21:13:45 +0000] "POST /xmlrpc.php HTTP/1.1" 200 403 "-" "Mozilla/5.0 (Windows NT 6.2; Win64; x64) AppleWebKit/537.36 (KHTML, like Gecko) Chrome/60.0.3112.90 Safari/537.36"
152.32.215.135 - - [14/Jul/2025:21:13:49 +0000] "POST /xmlrpc.php HTTP/1.1" 200 403 "-" "Mozilla/5.0 (Windows NT 10.0; Win64; x64) AppleWebKit/537.36 (KHTML, like Gecko) Chrome/80.0.3987.163 Safari/537.36"
103.15.233.86 - - [14/Jul/2025:21:13:52 +0000] "POST /xmlrpc.php HTTP/1.1" 200 403 "-" "Mozilla/5.0 (Windows NT 6.1; WOW64; rv:44.0) Gecko/20100101 Firefox/44.0"
124.221.32.182 - - [14/Jul/2025:21:13:52 +0000] "POST /xmlrpc.php HTTP/1.1" 200 403 "-" "Mozilla/5.0 (Windows NT 10.0; Win64; x64; rv:85.0) Gecko/20100101 Firefox/85.0"
209.74.77.214 - - [14/Jul/2025:21:13:57 +0000] "POST /wp-cron.php?doing_wp_cron=1752527637.7348968982696533203125 HTTP/1.1" 200 - "-" "WordPress/6.8.1; https://abl.academy"
49.206.232.123 - - [14/Jul/2025:21:13:57 +0000] "POST /xmlrpc.php HTTP/1.1" 200 403 "-" "Mozilla/5.0 (Windows NT 6.1; Win64; x64) AppleWebKit/537.36 (KHTML, like Gecko) Chrome/60.0.3112.90 Safari/537.36"
209.74.77.214 - - [14/Jul/2025:21:14:23 +0000] "POST /wp-cron.php?doing_wp_cron=1752527663.8072910308837890625000 HTTP/1.1" 200 - "-" "WordPress/6.8.1; https://abl.academy"
120.55.63.243 - - [14/Jul/2025:21:14:23 +0000] "POST /xmlrpc.php HTTP/1.1" 200 403 "-" "Mozilla/5.0 (Windows NT 6.0; rv:34.0) Gecko/20100101 Firefox/34.0"
167.99.77.140 - - [14/Jul/2025:21:14:24 +0000] "POST /xmlrpc.php HTTP/1.1" 200 403 "-" "Mozilla/5.0 (Windows NT 10.0; Win64; x64) AppleWebKit/537.36 (KHTML, like Gecko) Chrome/89.0.4389.90 Safari/537.36"
119.96.196.179 - - [14/Jul/2025:21:14:42 +0000] "POST /xmlrpc.php HTTP/1.1" 200 403 "-" "Mozilla/5.0 (Linux; Android 10; SM-N960U) AppleWebKit/537.36 (KHTML, like Gecko) Chrome/91.0.4472.114 Mobile Safari/537.36"
173.236.193.44 - - [14/Jul/2025:21:14:42 +0000] "POST /xmlrpc.php HTTP/1.1" 200 403 "-" "Mozilla/5.0 (Windows NT 5.1; rv:36.0) Gecko/20100101 Firefox/36.0"
66.249.65.198 - - [14/Jul/2025:21:16:45 +0000] "GET /shopdetail/20701649 HTTP/1.1" 200 40170 "-" "Mozilla/5.0 (Linux; Android 6.0.1; Nexus 5X Build/MMB29P) AppleWebKit/537.36 (KHTML, like Gecko) Chrome/137.0.7151.103 Mobile Safari/537.36 (compatible; Googlebot/2.1; +http://www.google.com/bot.html)"
209.74.77.214 - - [14/Jul/2025:21:18:07 +0000] "POST /wp-cron.php?doing_wp_cron=1752527887.7599370479583740234375 HTTP/1.1" 200 - "-" "WordPress/6.8.1; https://abl.academy"
185.157.214.50 - - [14/Jul/2025:21:18:06 +0000] "GET /lms-wordpress-plugin/ HTTP/1.0" 200 69398 "https://abl.academy/lms-wordpress-plugin/" "Mozilla/5.0 (Windows NT 10.0; Win64; x64) AppleWebKit/537.36 (KHTML, like Gecko) Chrome/131.0.0.0 Safari/537.36 Avast/131.0.0.0"
185.157.214.50 - - [14/Jul/2025:21:18:08 +0000] "POST /wp-comments-post.php HTTP/1.0" 302 - "https://abl.academy/lms-wordpress-plugin/" "Mozilla/5.0 (Windows NT 10.0; Win64; x64) AppleWebKit/537.36 (KHTML, like Gecko) Chrome/131.0.0.0 Safari/537.36 Avast/131.0.0.0"
185.157.214.50 - - [14/Jul/2025:21:18:09 +0000] "GET /lms-wordpress-plugin/?unapproved=5817&moderation-hash=1024f7294cca0d1fd4172a78c9f7ed6e HTTP/1.0" 200 69487 "https://abl.academy/lms-wordpress-plugin/?unapproved=5817&moderation-hash=1024f7294cca0d1fd4172a78c9f7ed6e#comment-5817" "Mozilla/5.0 (Windows NT 10.0; Win64; x64) AppleWebKit/537.36 (KHTML, like Gecko) Chrome/131.0.0.0 Safari/537.36 Avast/131.0.0.0"
66.249.65.197 - - [14/Jul/2025:21:20:02 +0000] "GET /shopdetail/59781049 HTTP/1.1" 200 41069 "-" "Mozilla/5.0 (compatible; Googlebot/2.1; +http://www.google.com/bot.html)"
66.249.65.199 - - [14/Jul/2025:21:22:18 +0000] "GET /shopdetail/525061749 HTTP/1.1" 200 40005 "-" "Mozilla/5.0 (Linux; Android 6.0.1; Nexus 5X Build/MMB29P) AppleWebKit/537.36 (KHTML, like Gecko) Chrome/137.0.7151.103 Mobile Safari/537.36 (compatible; Googlebot/2.1; +http://www.google.com/bot.html)"
209.74.77.214 - - [14/Jul/2025:21:22:28 +0000] "POST /wp-cron.php?doing_wp_cron=1752528148.5648219585418701171875 HTTP/1.1" 200 - "-" "WordPress/6.8.1; https://abl.academy"
98.82.63.147 - - [14/Jul/2025:21:22:27 +0000] "GET /courses/test/lessons/lesson-17/ HTTP/1.1" 200 32745 "-" "Mozilla/5.0 AppleWebKit/537.36 (KHTML, like Gecko; compatible; Amazonbot/0.1; +https://developer.amazon.com/support/amazonbot) Chrome/119.0.6045.214 Safari/537.36"
34.233.219.155 - - [14/Jul/2025:21:22:31 +0000] "GET /courses/test/lessons/lesson-68/ HTTP/1.1" 200 32736 "-" "Mozilla/5.0 AppleWebKit/537.36 (KHTML, like Gecko; compatible; Amazonbot/0.1; +https://developer.amazon.com/support/amazonbot) Chrome/119.0.6045.214 Safari/537.36"
35.169.240.53 - - [14/Jul/2025:21:22:35 +0000] "GET /courses/test/lessons/lesson-5/ HTTP/1.1" 200 32742 "-" "Mozilla/5.0 AppleWebKit/537.36 (KHTML, like Gecko; compatible; Amazonbot/0.1; +https://developer.amazon.com/support/amazonbot) Chrome/119.0.6045.214 Safari/537.36"
52.2.191.202 - - [14/Jul/2025:21:22:39 +0000] "GET /courses/test/lessons/lesson-73/ HTTP/1.1" 200 32736 "-" "Mozilla/5.0 AppleWebKit/537.36 (KHTML, like Gecko; compatible; Amazonbot/0.1; +https://developer.amazon.com/support/amazonbot) Chrome/119.0.6045.214 Safari/537.36"
66.249.65.198 - - [14/Jul/2025:21:25:51 +0000] "GET /shopdetail/129655749 HTTP/1.1" 200 39886 "-" "Mozilla/5.0 (Linux; Android 6.0.1; Nexus 5X Build/MMB29P) AppleWebKit/537.36 (KHTML, like Gecko) Chrome/137.0.7151.103 Mobile Safari/537.36 (compatible; Googlebot/2.1; +http://www.google.com/bot.html)"
66.249.65.198 - - [14/Jul/2025:21:27:52 +0000] "GET /shopdetail/489631649 HTTP/1.1" 200 40414 "-" "Mozilla/5.0 (compatible; Googlebot/2.1; +http://www.google.com/bot.html)"
66.249.65.198 - - [14/Jul/2025:21:31:55 +0000] "GET /shopdetail/278930649 HTTP/1.1" 200 40156 "-" "Mozilla/5.0 (Linux; Android 6.0.1; Nexus 5X Build/MMB29P) AppleWebKit/537.36 (KHTML, like Gecko) Chrome/137.0.7151.103 Mobile Safari/537.36 (compatible; Googlebot/2.1; +http://www.google.com/bot.html)"
66.249.65.199 - - [14/Jul/2025:21:32:18 +0000] "GET /shopdetail/96747449 HTTP/1.1" 200 40135 "-" "Mozilla/5.0 (compatible; Googlebot/2.1; +http://www.google.com/bot.html)"
209.74.77.214 - - [14/Jul/2025:21:32:39 +0000] "POST /wp-cron.php?doing_wp_cron=1752528759.3541309833526611328125 HTTP/1.1" 200 - "-" "WordPress/6.8.1; https://abl.academy"
209.74.77.214 - - [14/Jul/2025:21:32:39 +0000] "POST /wp-cron.php?doing_wp_cron=1752528759.3541309833526611328125 HTTP/1.1" 200 - "-" "WordPress/6.8.1; https://abl.academy"
195.200.28.152 - - [14/Jul/2025:21:32:38 +0000] "GET /lms-wordpress-plugin/ HTTP/1.0" 200 69398 "https://abl.academy/lms-wordpress-plugin/" "Mozilla/5.0 (Windows NT 10.0; Win64; x64) AppleWebKit/537.36 (KHTML, like Gecko) Chrome/129.0.0.0 Safari/537.36"
195.200.28.152 - - [14/Jul/2025:21:32:38 +0000] "GET /lms-wordpress-plugin/ HTTP/1.0" 200 69398 "https://abl.academy/lms-wordpress-plugin/" "Mozilla/5.0 (Windows NT 10.0; Win64; x64) AppleWebKit/537.36 (KHTML, like Gecko) Chrome/129.0.0.0 Safari/537.36"
195.200.28.152 - - [14/Jul/2025:21:32:40 +0000] "POST /wp-comments-post.php HTTP/1.0" 429 2586 "https://abl.academy/lms-wordpress-plugin/" "Mozilla/5.0 (Windows NT 10.0; Win64; x64) AppleWebKit/537.36 (KHTML, like Gecko) Chrome/129.0.0.0 Safari/537.36"
195.200.28.152 - - [14/Jul/2025:21:32:40 +0000] "POST /wp-comments-post.php HTTP/1.0" 302 - "https://abl.academy/lms-wordpress-plugin/" "Mozilla/5.0 (Windows NT 10.0; Win64; x64) AppleWebKit/537.36 (KHTML, like Gecko) Chrome/129.0.0.0 Safari/537.36"
195.200.28.152 - - [14/Jul/2025:21:32:41 +0000] "GET /lms-wordpress-plugin/?unapproved=5818&moderation-hash=4316e275d9b7e74dc852ae3601b10011 HTTP/1.0" 200 69487 "https://abl.academy/lms-wordpress-plugin/?unapproved=5818&moderation-hash=4316e275d9b7e74dc852ae3601b10011#comment-5818" "Mozilla/5.0 (Windows NT 10.0; Win64; x64) AppleWebKit/537.36 (KHTML, like Gecko) Chrome/129.0.0.0 Safari/537.36"
66.249.65.197 - - [14/Jul/2025:21:36:24 +0000] "GET /shopdetail/324965349 HTTP/1.1" 200 40367 "-" "Mozilla/5.0 (compatible; Googlebot/2.1; +http://www.google.com/bot.html)"
66.249.65.198 - - [14/Jul/2025:21:38:17 +0000] "GET /shopdetail/417331349 HTTP/1.1" 200 40237 "-" "Mozilla/5.0 (compatible; Googlebot/2.1; +http://www.google.com/bot.html)"
154.196.49.84 - - [14/Jul/2025:21:42:11 +0000] "GET /lms-wordpress-plugin/?unapproved=5819&moderation-hash=911828f33450bbe19b31e2834d513a2e HTTP/1.0" 200 69487 "https://abl.academy/lms-wordpress-plugin/?unapproved=5819&moderation-hash=911828f33450bbe19b31e2834d513a2e#comment-5819" "Mozilla/5.0 (Windows NT 10.0; Win64; x64) AppleWebKit/537.36 (KHTML, like Gecko) Chrome/130.0.0.0 Safari/537.36"
66.249.65.199 - - [14/Jul/2025:21:45:16 +0000] "GET /shopdetail/502925049 HTTP/1.1" 200 40638 "-" "Mozilla/5.0 (compatible; Googlebot/2.1; +http://www.google.com/bot.html)"
66.249.65.198 - - [14/Jul/2025:21:46:24 +0000] "GET /shopdetail/335781849 HTTP/1.1" 200 40109 "-" "Mozilla/5.0 (compatible; Googlebot/2.1; +http://www.google.com/bot.html)"
66.249.65.198 - - [14/Jul/2025:22:00:10 +0000] "GET /shopdetail/414275549 HTTP/1.1" 200 40448 "-" "Mozilla/5.0 (compatible; Googlebot/2.1; +http://www.google.com/bot.html)"
66.249.65.198 - - [14/Jul/2025:22:01:41 +0000] "GET /shopdetail/202774849 HTTP/1.1" 200 40117 "-" "Mozilla/5.0 (Linux; Android 6.0.1; Nexus 5X Build/MMB29P) AppleWebKit/537.36 (KHTML, like Gecko) Chrome/137.0.7151.103 Mobile Safari/537.36 (compatible; Googlebot/2.1; +http://www.google.com/bot.html)"
209.74.77.214 - - [14/Jul/2025:22:04:34 +0000] "POST /wp-cron.php?doing_wp_cron=1752530674.7900500297546386718750 HTTP/1.1" 200 - "-" "WordPress/6.8.1; https://abl.academy"
154.196.88.194 - - [14/Jul/2025:22:04:33 +0000] "GET /lms-wordpress-plugin/ HTTP/1.0" 200 69398 "https://abl.academy/lms-wordpress-plugin/" "Mozilla/5.0 (Windows NT 10.0; Win64; x64) AppleWebKit/537.36 (KHTML, like Gecko) Chrome/131.0.0.0 Safari/537.36 Avast/131.0.0.0"
154.196.88.194 - - [14/Jul/2025:22:04:36 +0000] "POST /wp-comments-post.php HTTP/1.0" 302 - "https://abl.academy/lms-wordpress-plugin/" "Mozilla/5.0 (Windows NT 10.0; Win64; x64) AppleWebKit/537.36 (KHTML, like Gecko) Chrome/131.0.0.0 Safari/537.36 Avast/131.0.0.0"
154.196.88.194 - - [14/Jul/2025:22:04:37 +0000] "GET /lms-wordpress-plugin/?unapproved=5820&moderation-hash=beae1d5ef28db4f73a1c72beceb369c0 HTTP/1.0" 200 69487 "https://abl.academy/lms-wordpress-plugin/?unapproved=5820&moderation-hash=beae1d5ef28db4f73a1c72beceb369c0#comment-5820" "Mozilla/5.0 (Windows NT 10.0; Win64; x64) AppleWebKit/537.36 (KHTML, like Gecko) Chrome/131.0.0.0 Safari/537.36 Avast/131.0.0.0"
66.249.65.197 - - [14/Jul/2025:22:05:51 +0000] "GET /shopdetail/164799149 HTTP/1.1" 200 40455 "-" "Mozilla/5.0 (compatible; Googlebot/2.1; +http://www.google.com/bot.html)"
66.249.65.197 - - [14/Jul/2025:22:06:54 +0000] "GET /shopdetail/553031849 HTTP/1.1" 200 39979 "-" "Mozilla/5.0 (Linux; Android 6.0.1; Nexus 5X Build/MMB29P) AppleWebKit/537.36 (KHTML, like Gecko) Chrome/137.0.7151.103 Mobile Safari/537.36 (compatible; Googlebot/2.1; +http://www.google.com/bot.html)"
66.249.65.199 - - [14/Jul/2025:22:08:10 +0000] "GET /shopdetail/148816949 HTTP/1.1" 200 40406 "-" "Mozilla/5.0 (Linux; Android 6.0.1; Nexus 5X Build/MMB29P) AppleWebKit/537.36 (KHTML, like Gecko) Chrome/137.0.7151.103 Mobile Safari/537.36 (compatible; Googlebot/2.1; +http://www.google.com/bot.html)"
66.249.65.197 - - [14/Jul/2025:22:18:28 +0000] "GET /shopdetail/560583249 HTTP/1.1" 200 39723 "-" "Mozilla/5.0 (Linux; Android 6.0.1; Nexus 5X Build/MMB29P) AppleWebKit/537.36 (KHTML, like Gecko) Chrome/137.0.7151.103 Mobile Safari/537.36 (compatible; Googlebot/2.1; +http://www.google.com/bot.html)"
66.249.65.198 - - [14/Jul/2025:22:18:31 +0000] "GET /shopdetail/560583249 HTTP/1.1" 200 39878 "-" "Mozilla/5.0 (compatible; Googlebot/2.1; +http://www.google.com/bot.html)"
66.249.65.197 - - [14/Jul/2025:22:20:30 +0000] "GET /shopdetail/480880649 HTTP/1.1" 200 39854 "-" "Mozilla/5.0 (Linux; Android 6.0.1; Nexus 5X Build/MMB29P) AppleWebKit/537.36 (KHTML, like Gecko) Chrome/137.0.7151.103 Mobile Safari/537.36 (compatible; Googlebot/2.1; +http://www.google.com/bot.html)"
