217.113.194.249 - - [14/Jul/2025:19:12:24 +0000] "GET / HTTP/1.1" 200 9696 "-" "Mozilla/5.0 (compatible; Barkrowler/0.9; +https://babbar.tech/crawler)"
217.113.194.145 - - [14/Jul/2025:19:12:42 +0000] "GET /blog/ HTTP/1.1" 200 13520 "-" "Mozilla/5.0 (compatible; Barkrowler/0.9; +https://babbar.tech/crawler)"
209.74.77.214 - - [14/Jul/2025:19:12:58 +0000] "POST /wp-cron.php?doing_wp_cron=1752520378.2052319049835205078125 HTTP/1.1" 200 - "-" "WordPress/6.8.1; https://abl.academy"
154.54.249.207 - - [14/Jul/2025:19:12:58 +0000] "GET /gallery/ HTTP/1.1" 200 9964 "-" "Mozilla/5.0 (compatible; Barkrowler/0.9; +https://babbar.tech/crawler)"
185.157.214.50 - - [14/Jul/2025:19:12:59 +0000] "GET /lms-wordpress-plugin/ HTTP/1.0" 200 69398 "https://abl.academy/lms-wordpress-plugin/" "Mozilla/5.0 (Windows NT 10.0; Win64; x64) AppleWebKit/537.36 (KHTML, like Gecko) Chrome/129.0.0.0 Safari/537.36"
185.157.214.50 - - [14/Jul/2025:19:13:00 +0000] "POST /wp-comments-post.php HTTP/1.0" 302 - "https://abl.academy/lms-wordpress-plugin/" "Mozilla/5.0 (Windows NT 10.0; Win64; x64) AppleWebKit/537.36 (KHTML, like Gecko) Chrome/129.0.0.0 Safari/537.36"
185.157.214.50 - - [14/Jul/2025:19:13:01 +0000] "GET /lms-wordpress-plugin/?unapproved=5813&moderation-hash=c7e051cafcf9a04f231995611ab28029 HTTP/1.0" 200 69487 "https://abl.academy/lms-wordpress-plugin/?unapproved=5813&moderation-hash=c7e051cafcf9a04f231995611ab28029#comment-5813" "Mozilla/5.0 (Windows NT 10.0; Win64; x64) AppleWebKit/537.36 (KHTML, like Gecko) Chrome/129.0.0.0 Safari/537.36"
209.74.77.214 - - [14/Jul/2025:19:13:14 +0000] "POST /wp-cron.php?doing_wp_cron=1752520394.1749179363250732421875 HTTP/1.1" 200 - "-" "WordPress/6.8.1; https://abl.academy"
217.113.194.142 - - [14/Jul/2025:19:13:14 +0000] "GET /faqs/ HTTP/1.1" 200 10973 "-" "Mozilla/5.0 (compatible; Barkrowler/0.9; +https://babbar.tech/crawler)"
217.113.194.151 - - [14/Jul/2025:19:13:29 +0000] "GET /learning/ HTTP/1.1" 200 15076 "-" "Mozilla/5.0 (compatible; Barkrowler/0.9; +https://babbar.tech/crawler)"
217.113.194.145 - - [14/Jul/2025:19:13:47 +0000] "GET /courses/ HTTP/1.1" 200 15027 "-" "Mozilla/5.0 (compatible; Barkrowler/0.9; +https://babbar.tech/crawler)"
209.74.77.214 - - [14/Jul/2025:19:14:05 +0000] "POST /wp-cron.php?doing_wp_cron=1752520445.7121250629425048828125 HTTP/1.1" 200 - "-" "WordPress/6.8.1; https://abl.academy"
217.113.194.142 - - [14/Jul/2025:19:14:05 +0000] "GET /presentation/ HTTP/1.1" 200 15051 "-" "Mozilla/5.0 (compatible; Barkrowler/0.9; +https://babbar.tech/crawler)"
209.74.77.214 - - [14/Jul/2025:19:14:24 +0000] "POST /wp-cron.php?doing_wp_cron=1752520464.9302070140838623046875 HTTP/1.1" 200 - "-" "WordPress/6.8.1; https://abl.academy"
217.113.194.147 - - [14/Jul/2025:19:14:24 +0000] "GET /shop/page/2/ HTTP/1.1" 200 28730 "-" "Mozilla/5.0 (compatible; Barkrowler/0.9; +https://babbar.tech/crawler)"
217.113.194.145 - - [14/Jul/2025:19:14:44 +0000] "GET /reading/ HTTP/1.1" 200 14514 "-" "Mozilla/5.0 (compatible; Barkrowler/0.9; +https://babbar.tech/crawler)"
209.74.77.214 - - [14/Jul/2025:19:15:01 +0000] "POST /wp-cron.php?doing_wp_cron=1752520501.0085659027099609375000 HTTP/1.1" 200 - "-" "WordPress/6.8.1; https://abl.academy"
217.113.194.142 - - [14/Jul/2025:19:15:00 +0000] "GET /tag/course/ HTTP/1.1" 200 12908 "-" "Mozilla/5.0 (compatible; Barkrowler/0.9; +https://babbar.tech/crawler)"
209.74.77.214 - - [14/Jul/2025:19:15:17 +0000] "POST /wp-cron.php?doing_wp_cron=1752520517.5027029514312744140625 HTTP/1.1" 200 - "-" "WordPress/6.8.1; https://abl.academy"
217.113.194.142 - - [14/Jul/2025:19:15:17 +0000] "GET /tag/designer/ HTTP/1.1" 200 13202 "-" "Mozilla/5.0 (compatible; Barkrowler/0.9; +https://babbar.tech/crawler)"
43.153.15.51 - - [14/Jul/2025:19:15:30 +0000] "GET /wp-json/oembed/1.0/embed?url=https%3A%2F%2Fabl.academy%2Fbecome-a-teacher%2F&format=xml HTTP/1.1" 200 1110 "-" "Mozilla/5.0 (iPhone; CPU iPhone OS 13_2_3 like Mac OS X) AppleWebKit/605.1.15 (KHTML, like Gecko) Version/13.0.3 Mobile/15E148 Safari/604.1"
217.113.194.145 - - [14/Jul/2025:19:15:33 +0000] "GET /tag/wordpress/ HTTP/1.1" 200 12942 "-" "Mozilla/5.0 (compatible; Barkrowler/0.9; +https://babbar.tech/crawler)"
217.113.194.143 - - [14/Jul/2025:19:15:49 +0000] "GET /category/business/feed/ HTTP/1.1" 200 2379 "-" "Mozilla/5.0 (compatible; Barkrowler/0.9; +https://babbar.tech/crawler)"
209.74.77.214 - - [14/Jul/2025:19:16:05 +0000] "POST /wp-cron.php?doing_wp_cron=1752520565.5784959793090820312500 HTTP/1.1" 200 - "-" "WordPress/6.8.1; https://abl.academy"
217.113.194.150 - - [14/Jul/2025:19:16:05 +0000] "GET /product/karton/ HTTP/1.1" 200 30331 "-" "Mozilla/5.0 (compatible; Barkrowler/0.9; +https://babbar.tech/crawler)"
209.74.77.214 - - [14/Jul/2025:19:16:21 +0000] "POST /wp-cron.php?doing_wp_cron=1752520581.9693689346313476562500 HTTP/1.1" 200 - "-" "WordPress/6.8.1; https://abl.academy"
154.54.249.207 - - [14/Jul/2025:19:16:21 +0000] "GET /product/luggage-tag/ HTTP/1.1" 200 30311 "-" "Mozilla/5.0 (compatible; Barkrowler/0.9; +https://babbar.tech/crawler)"
217.113.194.143 - - [14/Jul/2025:19:16:38 +0000] "GET /product/bracelet/ HTTP/1.1" 200 30104 "-" "Mozilla/5.0 (compatible; Barkrowler/0.9; +https://babbar.tech/crawler)"
217.113.194.146 - - [14/Jul/2025:19:16:54 +0000] "GET /product-category/uncategorized/ HTTP/1.1" 200 25963 "-" "Mozilla/5.0 (compatible; Barkrowler/0.9; +https://babbar.tech/crawler)"
209.74.77.214 - - [14/Jul/2025:19:17:11 +0000] "POST /wp-cron.php?doing_wp_cron=1752520631.1340301036834716796875 HTTP/1.1" 200 - "-" "WordPress/6.8.1; https://abl.academy"
217.113.194.145 - - [14/Jul/2025:19:17:11 +0000] "GET /tag/thimpress/ HTTP/1.1" 200 13372 "-" "Mozilla/5.0 (compatible; Barkrowler/0.9; +https://babbar.tech/crawler)"
66.249.65.198 - - [14/Jul/2025:19:17:14 +0000] "GET /shopdetail/474109249 HTTP/1.1" 200 39854 "-" "Mozilla/5.0 (Linux; Android 6.0.1; Nexus 5X Build/MMB29P) AppleWebKit/537.36 (KHTML, like Gecko) Chrome/137.0.7151.103 Mobile Safari/537.36 (compatible; Googlebot/2.1; +http://www.google.com/bot.html)"
209.74.77.214 - - [14/Jul/2025:19:17:26 +0000] "POST /wp-cron.php?doing_wp_cron=1752520646.7726891040802001953125 HTTP/1.1" 200 - "-" "WordPress/6.8.1; https://abl.academy"
217.113.194.142 - - [14/Jul/2025:19:17:26 +0000] "GET /product/keychains/ HTTP/1.1" 200 30653 "-" "Mozilla/5.0 (compatible; Barkrowler/0.9; +https://babbar.tech/crawler)"
217.113.194.144 - - [14/Jul/2025:19:17:42 +0000] "GET /product/wood-postcard/ HTTP/1.1" 200 29782 "-" "Mozilla/5.0 (compatible; Barkrowler/0.9; +https://babbar.tech/crawler)"
209.74.77.214 - - [14/Jul/2025:19:17:58 +0000] "POST /wp-cron.php?doing_wp_cron=1752520678.7274999618530273437500 HTTP/1.1" 200 - "-" "WordPress/6.8.1; https://abl.academy"
217.113.194.151 - - [14/Jul/2025:19:17:58 +0000] "GET /product/daham/ HTTP/1.1" 200 30162 "-" "Mozilla/5.0 (compatible; Barkrowler/0.9; +https://babbar.tech/crawler)"
209.74.77.214 - - [14/Jul/2025:19:18:15 +0000] "POST /wp-cron.php?doing_wp_cron=1752520695.8016409873962402343750 HTTP/1.1" 200 - "-" "WordPress/6.8.1; https://abl.academy"
217.113.194.143 - - [14/Jul/2025:19:18:15 +0000] "GET /author/abl/page/2/ HTTP/1.1" 200 13263 "-" "Mozilla/5.0 (compatible; Barkrowler/0.9; +https://babbar.tech/crawler)"
154.54.249.207 - - [14/Jul/2025:19:18:31 +0000] "GET /online-learning-glossary/ HTTP/1.1" 200 14529 "-" "Mozilla/5.0 (compatible; Barkrowler/0.9; +https://babbar.tech/crawler)"
217.113.194.144 - - [14/Jul/2025:19:18:47 +0000] "GET /life-is-good/ HTTP/1.1" 200 15079 "-" "Mozilla/5.0 (compatible; Barkrowler/0.9; +https://babbar.tech/crawler)"
209.74.77.214 - - [14/Jul/2025:19:19:03 +0000] "POST /wp-cron.php?doing_wp_cron=1752520743.4390830993652343750000 HTTP/1.1" 200 - "-" "WordPress/6.8.1; https://abl.academy"
217.113.194.149 - - [14/Jul/2025:19:19:03 +0000] "GET /product-category/accessories/ HTTP/1.1" 200 28695 "-" "Mozilla/5.0 (compatible; Barkrowler/0.9; +https://babbar.tech/crawler)"
209.74.77.214 - - [14/Jul/2025:19:19:20 +0000] "POST /wp-cron.php?doing_wp_cron=1752520760.3536009788513183593750 HTTP/1.1" 200 - "-" "WordPress/6.8.1; https://abl.academy"
217.113.194.144 - - [14/Jul/2025:19:19:20 +0000] "GET /product-category/postcard/ HTTP/1.1" 200 27630 "-" "Mozilla/5.0 (compatible; Barkrowler/0.9; +https://babbar.tech/crawler)"
217.113.194.148 - - [14/Jul/2025:19:19:36 +0000] "GET /product-category/cookware/ HTTP/1.1" 200 27859 "-" "Mozilla/5.0 (compatible; Barkrowler/0.9; +https://babbar.tech/crawler)"
217.113.194.143 - - [14/Jul/2025:19:19:52 +0000] "GET /product/bag-fabric/ HTTP/1.1" 200 30046 "-" "Mozilla/5.0 (compatible; Barkrowler/0.9; +https://babbar.tech/crawler)"
209.74.77.214 - - [14/Jul/2025:19:20:08 +0000] "POST /wp-cron.php?doing_wp_cron=1752520808.7633879184722900390625 HTTP/1.1" 200 - "-" "WordPress/6.8.1; https://abl.academy"
217.113.194.151 - - [14/Jul/2025:19:20:08 +0000] "GET /relaxing-after-work/ HTTP/1.1" 200 15120 "-" "Mozilla/5.0 (compatible; Barkrowler/0.9; +https://babbar.tech/crawler)"
66.249.65.199 - - [14/Jul/2025:19:20:24 +0000] "GET /shopdetail/491160649 HTTP/1.1" 200 40401 "-" "Mozilla/5.0 (compatible; Googlebot/2.1; +http://www.google.com/bot.html)"
209.74.77.214 - - [14/Jul/2025:19:20:25 +0000] "POST /wp-cron.php?doing_wp_cron=1752520825.6450541019439697265625 HTTP/1.1" 200 - "-" "WordPress/6.8.1; https://abl.academy"
217.113.194.149 - - [14/Jul/2025:19:20:25 +0000] "GET /product-category/culinary/ HTTP/1.1" 200 28204 "-" "Mozilla/5.0 (compatible; Barkrowler/0.9; +https://babbar.tech/crawler)"
184.73.239.35 - - [14/Jul/2025:19:20:35 +0000] "GET /courses/test/lessons/lesson-75/ HTTP/1.1" 200 32740 "-" "Mozilla/5.0 AppleWebKit/537.36 (KHTML, like Gecko; compatible; Amazonbot/0.1; +https://developer.amazon.com/support/amazonbot) Chrome/119.0.6045.214 Safari/537.36"
54.197.82.195 - - [14/Jul/2025:19:20:39 +0000] "GET /courses/test/quizzes/quiz-3/ HTTP/1.1" 200 32872 "-" "Mozilla/5.0 AppleWebKit/537.36 (KHTML, like Gecko; compatible; Amazonbot/0.1; +https://developer.amazon.com/support/amazonbot) Chrome/119.0.6045.214 Safari/537.36"
217.113.194.151 - - [14/Jul/2025:19:20:41 +0000] "GET /product/princely-pencil/ HTTP/1.1" 200 30136 "-" "Mozilla/5.0 (compatible; Barkrowler/0.9; +https://babbar.tech/crawler)"
44.216.172.204 - - [14/Jul/2025:19:20:43 +0000] "GET /product-category/cookware/ HTTP/1.1" 200 27859 "-" "Mozilla/5.0 AppleWebKit/537.36 (KHTML, like Gecko; compatible; Amazonbot/0.1; +https://developer.amazon.com/support/amazonbot) Chrome/119.0.6045.214 Safari/537.36"
3.231.193.38 - - [14/Jul/2025:19:20:47 +0000] "GET /product/cup-princely-break/ HTTP/1.1" 200 30189 "-" "Mozilla/5.0 AppleWebKit/537.36 (KHTML, like Gecko; compatible; Amazonbot/0.1; +https://developer.amazon.com/support/amazonbot) Chrome/119.0.6045.214 Safari/537.36"
98.84.131.195 - - [14/Jul/2025:19:20:51 +0000] "GET /courses/accelerate-your-course-creation-speed/ HTTP/1.1" 200 32933 "-" "Mozilla/5.0 AppleWebKit/537.36 (KHTML, like Gecko; compatible; Amazonbot/0.1; +https://developer.amazon.com/support/amazonbot) Chrome/119.0.6045.214 Safari/537.36"
209.74.77.214 - - [14/Jul/2025:19:20:56 +0000] "POST /wp-cron.php?doing_wp_cron=1752520856.3843851089477539062500 HTTP/1.1" 200 - "-" "WordPress/6.8.1; https://abl.academy"
23.21.119.232 - - [14/Jul/2025:19:20:56 +0000] "GET /courses/how-to-teach-an-online-course/ HTTP/1.1" 200 33310 "-" "Mozilla/5.0 AppleWebKit/537.36 (KHTML, like Gecko; compatible; Amazonbot/0.1; +https://developer.amazon.com/support/amazonbot) Chrome/119.0.6045.214 Safari/537.36"
217.113.194.150 - - [14/Jul/2025:19:20:57 +0000] "GET /portfolio-masonry-2/ HTTP/1.1" 200 10989 "-" "Mozilla/5.0 (compatible; Barkrowler/0.9; +https://babbar.tech/crawler)"
209.74.77.214 - - [14/Jul/2025:19:21:15 +0000] "POST /wp-cron.php?doing_wp_cron=1752520875.6254179477691650390625 HTTP/1.1" 200 - "-" "WordPress/6.8.1; https://abl.academy"
217.113.194.147 - - [14/Jul/2025:19:21:15 +0000] "GET /product/fursten-hutchen/ HTTP/1.1" 200 30194 "-" "Mozilla/5.0 (compatible; Barkrowler/0.9; +https://babbar.tech/crawler)"
209.74.77.214 - - [14/Jul/2025:19:21:32 +0000] "POST /wp-cron.php?doing_wp_cron=1752520892.6381580829620361328125 HTTP/1.1" 200 - "-" "WordPress/6.8.1; https://abl.academy"
217.113.194.146 - - [14/Jul/2025:19:21:32 +0000] "GET /why-you-should-read-every-day/ HTTP/1.1" 200 15109 "-" "Mozilla/5.0 (compatible; Barkrowler/0.9; +https://babbar.tech/crawler)"
217.113.194.147 - - [14/Jul/2025:19:21:49 +0000] "GET /tips-to-succeed-in-an-online-course/ HTTP/1.1" 200 15069 "-" "Mozilla/5.0 (compatible; Barkrowler/0.9; +https://babbar.tech/crawler)"
209.74.77.214 - - [14/Jul/2025:19:22:05 +0000] "POST /wp-cron.php?doing_wp_cron=1752520925.1993091106414794921875 HTTP/1.1" 200 - "-" "WordPress/6.8.1; https://abl.academy"
217.113.194.151 - - [14/Jul/2025:19:22:05 +0000] "GET /product/cup-crown-pattern/ HTTP/1.1" 200 30126 "-" "Mozilla/5.0 (compatible; Barkrowler/0.9; +https://babbar.tech/crawler)"
209.74.77.214 - - [14/Jul/2025:19:22:21 +0000] "POST /wp-cron.php?doing_wp_cron=1752520941.0878899097442626953125 HTTP/1.1" 200 - "-" "WordPress/6.8.1; https://abl.academy"
217.113.194.145 - - [14/Jul/2025:19:22:21 +0000] "GET /product/cup-princely-break/ HTTP/1.1" 200 30177 "-" "Mozilla/5.0 (compatible; Barkrowler/0.9; +https://babbar.tech/crawler)"
217.113.194.142 - - [14/Jul/2025:19:22:37 +0000] "GET /product/klappkarte-kreuzstich/ HTTP/1.1" 200 29827 "-" "Mozilla/5.0 (compatible; Barkrowler/0.9; +https://babbar.tech/crawler)"
209.74.77.214 - - [14/Jul/2025:19:25:20 +0000] "POST /wp-cron.php?doing_wp_cron=1752521120.5264940261840820312500 HTTP/1.1" 200 - "-" "WordPress/6.8.1; https://abl.academy"
162.62.213.165 - - [14/Jul/2025:19:25:19 +0000] "GET /become-a-teacher/ HTTP/1.1" 200 10875 "-" "Mozilla/5.0 (iPhone; CPU iPhone OS 13_2_3 like Mac OS X) AppleWebKit/605.1.15 (KHTML, like Gecko) Version/13.0.3 Mobile/15E148 Safari/604.1"
66.249.65.199 - - [14/Jul/2025:19:25:29 +0000] "GET /shopdetail/357997649 HTTP/1.1" 200 40354 "-" "Mozilla/5.0 (compatible; Googlebot/2.1; +http://www.google.com/bot.html)"
66.249.65.198 - - [14/Jul/2025:19:27:53 +0000] "GET /shopdetail/553865949 HTTP/1.1" 200 39809 "-" "Mozilla/5.0 (Linux; Android 6.0.1; Nexus 5X Build/MMB29P) AppleWebKit/537.36 (KHTML, like Gecko) Chrome/137.0.7151.103 Mobile Safari/537.36 (compatible; Googlebot/2.1; +http://www.google.com/bot.html)"
66.249.65.197 - - [14/Jul/2025:19:30:06 +0000] "GET /shopdetail/447370549 HTTP/1.1" 200 41131 "-" "Mozilla/5.0 (compatible; Googlebot/2.1; +http://www.google.com/bot.html)"
66.249.65.199 - - [14/Jul/2025:19:31:09 +0000] "GET /shopdetail/394034149 HTTP/1.1" 200 40129 "-" "Mozilla/5.0 (Linux; Android 6.0.1; Nexus 5X Build/MMB29P) AppleWebKit/537.36 (KHTML, like Gecko) Chrome/137.0.7151.103 Mobile Safari/537.36 (compatible; Googlebot/2.1; +http://www.google.com/bot.html)"
66.249.65.198 - - [14/Jul/2025:19:37:46 +0000] "GET /shopdetail/327360049 HTTP/1.1" 200 40046 "-" "Mozilla/5.0 (compatible; Googlebot/2.1; +http://www.google.com/bot.html)"
66.249.65.198 - - [14/Jul/2025:19:38:58 +0000] "GET /shopdetail/225335549 HTTP/1.1" 200 39971 "-" "Mozilla/5.0 (Linux; Android 6.0.1; Nexus 5X Build/MMB29P) AppleWebKit/537.36 (KHTML, like Gecko) Chrome/137.0.7151.103 Mobile Safari/537.36 (compatible; Googlebot/2.1; +http://www.google.com/bot.html)"
209.74.77.214 - - [14/Jul/2025:19:39:24 +0000] "POST /wp-cron.php?doing_wp_cron=1752521964.3090789318084716796875 HTTP/1.1" 200 - "-" "WordPress/6.8.1; https://abl.academy"
43.165.189.110 - - [14/Jul/2025:19:39:23 +0000] "GET /wp-json/oembed/1.0/embed?url=https%3A%2F%2Fabl.academy%2Fbecome-a-teacher%2F HTTP/1.1" 200 1072 "-" "Mozilla/5.0 (iPhone; CPU iPhone OS 13_2_3 like Mac OS X) AppleWebKit/605.1.15 (KHTML, like Gecko) Version/13.0.3 Mobile/15E148 Safari/604.1"
66.249.65.198 - - [14/Jul/2025:19:41:16 +0000] "GET /shopdetail/491883449 HTTP/1.1" 200 40297 "-" "Mozilla/5.0 (compatible; Googlebot/2.1; +http://www.google.com/bot.html)"
66.249.65.197 - - [14/Jul/2025:19:41:20 +0000] "GET /shopdetail/335576249 HTTP/1.1" 200 40410 "-" "Mozilla/5.0 (compatible; Googlebot/2.1; +http://www.google.com/bot.html)"
209.74.77.214 - - [14/Jul/2025:19:44:33 +0000] "POST /wp-cron.php?doing_wp_cron=1752522273.1924350261688232421875 HTTP/1.1" 200 - "-" "WordPress/6.8.1; https://abl.academy"
43.167.232.38 - - [14/Jul/2025:19:44:31 +0000] "GET /?p=87 HTTP/1.1" 301 - "-" "Mozilla/5.0 (iPhone; CPU iPhone OS 13_2_3 like Mac OS X) AppleWebKit/605.1.15 (KHTML, like Gecko) Version/13.0.3 Mobile/15E148 Safari/604.1"
43.167.232.38 - - [14/Jul/2025:19:44:37 +0000] "GET /contact/ HTTP/1.1" 200 10136 "https://abl.academy/?p=87" "Mozilla/5.0 (iPhone; CPU iPhone OS 13_2_3 like Mac OS X) AppleWebKit/605.1.15 (KHTML, like Gecko) Version/13.0.3 Mobile/15E148 Safari/604.1"
66.249.65.198 - - [14/Jul/2025:19:45:15 +0000] "GET /shopdetail/570265349 HTTP/1.1" 200 40118 "-" "Mozilla/5.0 (compatible; Googlebot/2.1; +http://www.google.com/bot.html)"
87.250.224.20 - - [14/Jul/2025:19:50:22 +0000] "GET /robots.txt HTTP/1.1" 200 285 "-" "Mozilla/5.0 (compatible; YandexBot/3.0; +http://yandex.com/bots)"
209.74.77.214 - - [14/Jul/2025:19:50:24 +0000] "POST /wp-cron.php?doing_wp_cron=1752522624.6918320655822753906250 HTTP/1.1" 200 - "-" "WordPress/6.8.1; https://abl.academy"
213.180.203.120 - - [14/Jul/2025:19:50:23 +0000] "GET /item/pollu80545319/ HTTP/1.1" 404 9553 "-" "Mozilla/5.0 (compatible; YandexBot/3.0; +http://yandex.com/bots)"
209.74.77.214 - - [14/Jul/2025:19:51:59 +0000] "POST /wp-cron.php?doing_wp_cron=1752522719.5547640323638916015625 HTTP/1.1" 200 - "-" "WordPress/6.8.1; https://abl.academy"
134.17.14.12 - - [14/Jul/2025:19:51:58 +0000] "GET /wp-content/plugins/ht-contactform/readme.txt HTTP/1.1" 404 9553 "-" "Mozilla/4.0 (compatible; MSIE 6.0; Windows NT 5.1; SV1)"
66.249.65.197 - - [14/Jul/2025:19:52:40 +0000] "GET /shopdetail/190191949 HTTP/1.1" 200 40688 "-" "Mozilla/5.0 (compatible; Googlebot/2.1; +http://www.google.com/bot.html)"
209.74.77.214 - - [14/Jul/2025:19:55:15 +0000] "POST /wp-cron.php?doing_wp_cron=1752522915.7478909492492675781250 HTTP/1.1" 200 - "-" "WordPress/6.8.1; https://abl.academy"
162.62.231.139 - - [14/Jul/2025:19:55:14 +0000] "GET /wp-json/oembed/1.0/embed?url=https%3A%2F%2Fabl.academy%2Fportfolio-masonry%2F&format=xml HTTP/1.1" 200 1110 "-" "Mozilla/5.0 (iPhone; CPU iPhone OS 13_2_3 like Mac OS X) AppleWebKit/605.1.15 (KHTML, like Gecko) Version/13.0.3 Mobile/15E148 Safari/604.1"
209.74.77.214 - - [14/Jul/2025:19:56:36 +0000] "POST /wp-cron.php?doing_wp_cron=1752522996.2813930511474609375000 HTTP/1.1" 200 - "-" "WordPress/6.8.1; https://abl.academy"
212.115.49.247 - - [14/Jul/2025:19:56:34 +0000] "GET /lms-wordpress-plugin/ HTTP/1.0" 200 69398 "https://abl.academy/lms-wordpress-plugin/" "Mozilla/5.0 (Windows NT 10.0; Win64; x64) AppleWebKit/537.36 (KHTML, like Gecko) Chrome/130.0.0.0 Safari/537.36"
212.115.49.247 - - [14/Jul/2025:19:56:37 +0000] "POST /wp-comments-post.php HTTP/1.0" 200 2597 "https://abl.academy/lms-wordpress-plugin/" "Mozilla/5.0 (Windows NT 10.0; Win64; x64) AppleWebKit/537.36 (KHTML, like Gecko) Chrome/130.0.0.0 Safari/537.36"
212.115.49.247 - - [14/Jul/2025:19:56:38 +0000] "GET /lms-wordpress-plugin/ HTTP/1.0" 200 69398 "https://abl.academy/lms-wordpress-plugin/" "Mozilla/5.0 (Windows NT 10.0; Win64; x64) AppleWebKit/537.36 (KHTML, like Gecko) Chrome/130.0.0.0 Safari/537.36"
5.255.231.119 - - [14/Jul/2025:19:56:44 +0000] "GET /item/cup70828382/ HTTP/1.1" 404 9554 "-" "Mozilla/5.0 (compatible; YandexBot/3.0; +http://yandex.com/bots)"
66.249.65.197 - - [14/Jul/2025:19:57:43 +0000] "GET /shopdetail/327714749 HTTP/1.1" 200 40048 "-" "Mozilla/5.0 (compatible; Googlebot/2.1; +http://www.google.com/bot.html)"
154.196.49.84 - - [14/Jul/2025:19:58:39 +0000] "GET /lms-wordpress-plugin/?unapproved=5814&moderation-hash=1d6283c2e47f0b4a3a451c89dee0ab60 HTTP/1.0" 200 69487 "https://abl.academy/lms-wordpress-plugin/?unapproved=5814&moderation-hash=1d6283c2e47f0b4a3a451c89dee0ab60#comment-5814" "Mozilla/5.0 (Windows NT 10.0; Win64; x64) AppleWebKit/537.36 (KHTML, like Gecko) Chrome/131.0.0.0 Safari/537.36 Avast/131.0.0.0"
66.249.65.197 - - [14/Jul/2025:20:00:02 +0000] "GET /shopdetail/145293149 HTTP/1.1" 200 41075 "-" "Mozilla/5.0 (compatible; Googlebot/2.1; +http://www.google.com/bot.html)"
66.249.65.199 - - [14/Jul/2025:20:01:01 +0000] "GET /shopdetail/45314749 HTTP/1.1" 200 39978 "-" "Mozilla/5.0 (compatible; Googlebot/2.1; +http://www.google.com/bot.html)"
66.249.65.197 - - [14/Jul/2025:20:03:58 +0000] "GET /shopdetail/473069849 HTTP/1.1" 200 39902 "-" "Mozilla/5.0 (compatible; Googlebot/2.1; +http://www.google.com/bot.html)"
185.191.171.15 - - [14/Jul/2025:20:06:17 +0000] "GET /robots.txt HTTP/1.1" 200 114 "-" "Mozilla/5.0 (compatible; SemrushBot/7~bl; +http://www.semrush.com/bot.html)"
209.74.77.214 - - [14/Jul/2025:20:06:18 +0000] "POST /wp-cron.php?doing_wp_cron=1752523578.8367490768432617187500 HTTP/1.1" 200 - "-" "WordPress/6.8.1; https://abl.academy"
185.191.171.3 - - [14/Jul/2025:20:06:18 +0000] "GET /contact/ HTTP/1.1" 200 10136 "-" "Mozilla/5.0 (compatible; SemrushBot/7~bl; +http://www.semrush.com/bot.html)"
66.249.65.198 - - [14/Jul/2025:20:08:22 +0000] "GET /shopdetail/4104249 HTTP/1.1" 200 39947 "-" "Mozilla/5.0 (Linux; Android 6.0.1; Nexus 5X Build/MMB29P) AppleWebKit/537.36 (KHTML, like Gecko) Chrome/137.0.7151.103 Mobile Safari/537.36 (compatible; Googlebot/2.1; +http://www.google.com/bot.html)"
209.74.77.214 - - [14/Jul/2025:20:10:03 +0000] "POST /wp-cron.php?doing_wp_cron=1752523803.5293259620666503906250 HTTP/1.1" 200 - "-" "WordPress/6.8.1; https://abl.academy"
43.135.172.89 - - [14/Jul/2025:20:10:02 +0000] "GET /wp-json/oembed/1.0/embed?url=https%3A%2F%2Fabl.academy%2Fportfolio-masonry%2F HTTP/1.1" 200 1075 "-" "Mozilla/5.0 (iPhone; CPU iPhone OS 13_2_3 like Mac OS X) AppleWebKit/605.1.15 (KHTML, like Gecko) Version/13.0.3 Mobile/15E148 Safari/604.1"
209.74.77.214 - - [14/Jul/2025:20:19:38 +0000] "POST /wp-cron.php?doing_wp_cron=1752524378.3500709533691406250000 HTTP/1.1" 200 - "-" "WordPress/6.8.1; https://abl.academy"
170.106.179.68 - - [14/Jul/2025:20:19:37 +0000] "GET /become-a-teacher/embed/ HTTP/1.1" 200 6294 "-" "Mozilla/5.0 (iPhone; CPU iPhone OS 13_2_3 like Mac OS X) AppleWebKit/605.1.15 (KHTML, like Gecko) Version/13.0.3 Mobile/15E148 Safari/604.1"
66.249.65.197 - - [14/Jul/2025:20:21:11 +0000] "GET /shopdetail/347295349 HTTP/1.1" 200 39952 "-" "Mozilla/5.0 (compatible; Googlebot/2.1; +http://www.google.com/bot.html)"
66.249.65.197 - - [14/Jul/2025:20:21:45 +0000] "GET /shopdetail/18209749 HTTP/1.1" 200 40264 "-" "Mozilla/5.0 (Linux; Android 6.0.1; Nexus 5X Build/MMB29P) AppleWebKit/537.36 (KHTML, like Gecko) Chrome/137.0.7151.103 Mobile Safari/537.36 (compatible; Googlebot/2.1; +http://www.google.com/bot.html)"
66.249.65.198 - - [14/Jul/2025:20:22:02 +0000] "GET /shopdetail/279800049 HTTP/1.1" 200 40046 "-" "Mozilla/5.0 (Linux; Android 6.0.1; Nexus 5X Build/MMB29P) AppleWebKit/537.36 (KHTML, like Gecko) Chrome/137.0.7151.103 Mobile Safari/537.36 (compatible; Googlebot/2.1; +http://www.google.com/bot.html)"
66.249.65.197 - - [14/Jul/2025:20:22:57 +0000] "GET /shopdetail/341196349 HTTP/1.1" 200 41235 "-" "Mozilla/5.0 (compatible; Googlebot/2.1; +http://www.google.com/bot.html)"
66.249.65.197 - - [14/Jul/2025:20:24:50 +0000] "GET /wp-content/uploads/2022/04/product-7-300x300.png HTTP/1.1" 304 - "-" "Googlebot-Image/1.0"
196.251.83.156 - - [14/Jul/2025:20:26:25 +0000] "GET / HTTP/1.1" 200 44661 "-" "Mozilla/5.0 (Windows NT 10.0; Win64; x64) AppleWebKit/537.36 (KHTML, like Gecko) Chrome/89.0.4389.114 Safari/537.36"
196.251.83.156 - - [14/Jul/2025:20:26:26 +0000] "GET //wp-includes/wlwmanifest.xml HTTP/1.1" 200 90512 "-" "Mozilla/5.0 (Windows NT 10.0; Win64; x64) AppleWebKit/537.36 (KHTML, like Gecko) Chrome/89.0.4389.114 Safari/537.36"
196.251.83.156 - - [14/Jul/2025:20:26:27 +0000] "GET //xmlrpc.php?rsd HTTP/1.1" 200 780 "-" "Mozilla/5.0 (Windows NT 10.0; Win64; x64) AppleWebKit/537.36 (KHTML, like Gecko) Chrome/89.0.4389.114 Safari/537.36"
196.251.83.156 - - [14/Jul/2025:20:26:27 +0000] "GET //?author=1 HTTP/1.1" 301 - "-" "Mozilla/5.0 (Windows NT 10.0; Win64; x64) AppleWebKit/537.36 (KHTML, like Gecko) Chrome/89.0.4389.114 Safari/537.36"
196.251.83.156 - - [14/Jul/2025:20:26:27 +0000] "GET //?author=2 HTTP/1.1" 301 - "-" "Mozilla/5.0 (Windows NT 10.0; Win64; x64) AppleWebKit/537.36 (KHTML, like Gecko) Chrome/89.0.4389.114 Safari/537.36"
196.251.83.156 - - [14/Jul/2025:20:26:28 +0000] "GET //?author=3 HTTP/1.1" 301 - "-" "Mozilla/5.0 (Windows NT 10.0; Win64; x64) AppleWebKit/537.36 (KHTML, like Gecko) Chrome/89.0.4389.114 Safari/537.36"
196.251.83.156 - - [14/Jul/2025:20:26:28 +0000] "GET //wp-json/wp/v2/users/ HTTP/1.1" 200 1523 "-" "Mozilla/5.0 (Windows NT 10.0; Win64; x64) AppleWebKit/537.36 (KHTML, like Gecko) Chrome/89.0.4389.114 Safari/537.36"
196.251.83.156 - - [14/Jul/2025:20:26:28 +0000] "POST //xmlrpc.php HTTP/1.1" 200 403 "-" "Mozilla/5.0 (Windows NT 10.0; Win64; x64) AppleWebKit/537.36 (KHTML, like Gecko) Chrome/89.0.4389.114 Safari/537.36"
196.251.83.156 - - [14/Jul/2025:20:26:29 +0000] "POST //xmlrpc.php HTTP/1.1" 200 403 "-" "Mozilla/5.0 (Windows NT 10.0; Win64; x64) AppleWebKit/537.36 (KHTML, like Gecko) Chrome/89.0.4389.114 Safari/537.36"
196.251.83.156 - - [14/Jul/2025:20:26:30 +0000] "POST //xmlrpc.php HTTP/1.1" 200 401 "-" "Mozilla/5.0 (Windows NT 10.0; Win64; x64) AppleWebKit/537.36 (KHTML, like Gecko) Chrome/89.0.4389.114 Safari/537.36"
196.251.83.156 - - [14/Jul/2025:20:26:31 +0000] "POST //xmlrpc.php HTTP/1.1" 200 401 "-" "Mozilla/5.0 (Windows NT 10.0; Win64; x64) AppleWebKit/537.36 (KHTML, like Gecko) Chrome/89.0.4389.114 Safari/537.36"
196.251.83.156 - - [14/Jul/2025:20:26:32 +0000] "POST //xmlrpc.php HTTP/1.1" 200 403 "-" "Mozilla/5.0 (Windows NT 10.0; Win64; x64) AppleWebKit/537.36 (KHTML, like Gecko) Chrome/89.0.4389.114 Safari/537.36"
196.251.83.156 - - [14/Jul/2025:20:26:33 +0000] "POST //xmlrpc.php HTTP/1.1" 200 401 "-" "Mozilla/5.0 (Windows NT 10.0; Win64; x64) AppleWebKit/537.36 (KHTML, like Gecko) Chrome/89.0.4389.114 Safari/537.36"
196.251.83.156 - - [14/Jul/2025:20:26:34 +0000] "POST //xmlrpc.php HTTP/1.1" 200 401 "-" "Mozilla/5.0 (Windows NT 10.0; Win64; x64) AppleWebKit/537.36 (KHTML, like Gecko) Chrome/89.0.4389.114 Safari/537.36"
196.251.83.156 - - [14/Jul/2025:20:26:34 +0000] "POST //xmlrpc.php HTTP/1.1" 200 401 "-" "Mozilla/5.0 (Windows NT 10.0; Win64; x64) AppleWebKit/537.36 (KHTML, like Gecko) Chrome/89.0.4389.114 Safari/537.36"
196.251.83.156 - - [14/Jul/2025:20:26:35 +0000] "POST //xmlrpc.php HTTP/1.1" 200 401 "-" "Mozilla/5.0 (Windows NT 10.0; Win64; x64) AppleWebKit/537.36 (KHTML, like Gecko) Chrome/89.0.4389.114 Safari/537.36"
196.251.83.156 - - [14/Jul/2025:20:26:36 +0000] "POST //xmlrpc.php HTTP/1.1" 200 401 "-" "Mozilla/5.0 (Windows NT 10.0; Win64; x64) AppleWebKit/537.36 (KHTML, like Gecko) Chrome/89.0.4389.114 Safari/537.36"
196.251.83.156 - - [14/Jul/2025:20:26:37 +0000] "POST //xmlrpc.php HTTP/1.1" 200 401 "-" "Mozilla/5.0 (Windows NT 10.0; Win64; x64) AppleWebKit/537.36 (KHTML, like Gecko) Chrome/89.0.4389.114 Safari/537.36"
196.251.83.156 - - [14/Jul/2025:20:26:38 +0000] "POST //xmlrpc.php HTTP/1.1" 200 401 "-" "Mozilla/5.0 (Windows NT 10.0; Win64; x64) AppleWebKit/537.36 (KHTML, like Gecko) Chrome/89.0.4389.114 Safari/537.36"
196.251.83.156 - - [14/Jul/2025:20:26:39 +0000] "POST //xmlrpc.php HTTP/1.1" 200 401 "-" "Mozilla/5.0 (Windows NT 10.0; Win64; x64) AppleWebKit/537.36 (KHTML, like Gecko) Chrome/89.0.4389.114 Safari/537.36"
196.251.83.156 - - [14/Jul/2025:20:26:40 +0000] "POST //xmlrpc.php HTTP/1.1" 200 401 "-" "Mozilla/5.0 (Windows NT 10.0; Win64; x64) AppleWebKit/537.36 (KHTML, like Gecko) Chrome/89.0.4389.114 Safari/537.36"
196.251.83.156 - - [14/Jul/2025:20:26:41 +0000] "POST //xmlrpc.php HTTP/1.1" 200 401 "-" "Mozilla/5.0 (Windows NT 10.0; Win64; x64) AppleWebKit/537.36 (KHTML, like Gecko) Chrome/89.0.4389.114 Safari/537.36"
196.251.83.156 - - [14/Jul/2025:20:26:42 +0000] "POST //xmlrpc.php HTTP/1.1" 200 401 "-" "Mozilla/5.0 (Windows NT 10.0; Win64; x64) AppleWebKit/537.36 (KHTML, like Gecko) Chrome/89.0.4389.114 Safari/537.36"
196.251.83.156 - - [14/Jul/2025:20:26:42 +0000] "POST //xmlrpc.php HTTP/1.1" 200 401 "-" "Mozilla/5.0 (Windows NT 10.0; Win64; x64) AppleWebKit/537.36 (KHTML, like Gecko) Chrome/89.0.4389.114 Safari/537.36"
196.251.83.156 - - [14/Jul/2025:20:26:43 +0000] "POST //xmlrpc.php HTTP/1.1" 200 401 "-" "Mozilla/5.0 (Windows NT 10.0; Win64; x64) AppleWebKit/537.36 (KHTML, like Gecko) Chrome/89.0.4389.114 Safari/537.36"
196.251.83.156 - - [14/Jul/2025:20:26:44 +0000] "POST //xmlrpc.php HTTP/1.1" 200 401 "-" "Mozilla/5.0 (Windows NT 10.0; Win64; x64) AppleWebKit/537.36 (KHTML, like Gecko) Chrome/89.0.4389.114 Safari/537.36"
196.251.83.156 - - [14/Jul/2025:20:26:45 +0000] "POST //xmlrpc.php HTTP/1.1" 200 401 "-" "Mozilla/5.0 (Windows NT 10.0; Win64; x64) AppleWebKit/537.36 (KHTML, like Gecko) Chrome/89.0.4389.114 Safari/537.36"
196.251.83.156 - - [14/Jul/2025:20:26:46 +0000] "POST //xmlrpc.php HTTP/1.1" 200 401 "-" "Mozilla/5.0 (Windows NT 10.0; Win64; x64) AppleWebKit/537.36 (KHTML, like Gecko) Chrome/89.0.4389.114 Safari/537.36"
196.251.83.156 - - [14/Jul/2025:20:26:47 +0000] "POST //xmlrpc.php HTTP/1.1" 200 401 "-" "Mozilla/5.0 (Windows NT 10.0; Win64; x64) AppleWebKit/537.36 (KHTML, like Gecko) Chrome/89.0.4389.114 Safari/537.36"
196.251.83.156 - - [14/Jul/2025:20:26:48 +0000] "POST //xmlrpc.php HTTP/1.1" 200 401 "-" "Mozilla/5.0 (Windows NT 10.0; Win64; x64) AppleWebKit/537.36 (KHTML, like Gecko) Chrome/89.0.4389.114 Safari/537.36"
196.251.83.156 - - [14/Jul/2025:20:26:49 +0000] "POST //xmlrpc.php HTTP/1.1" 200 401 "-" "Mozilla/5.0 (Windows NT 10.0; Win64; x64) AppleWebKit/537.36 (KHTML, like Gecko) Chrome/89.0.4389.114 Safari/537.36"
196.251.83.156 - - [14/Jul/2025:20:26:49 +0000] "POST //xmlrpc.php HTTP/1.1" 200 401 "-" "Mozilla/5.0 (Windows NT 10.0; Win64; x64) AppleWebKit/537.36 (KHTML, like Gecko) Chrome/89.0.4389.114 Safari/537.36"
196.251.83.156 - - [14/Jul/2025:20:26:50 +0000] "POST //xmlrpc.php HTTP/1.1" 200 401 "-" "Mozilla/5.0 (Windows NT 10.0; Win64; x64) AppleWebKit/537.36 (KHTML, like Gecko) Chrome/89.0.4389.114 Safari/537.36"
196.251.83.156 - - [14/Jul/2025:20:26:51 +0000] "POST //xmlrpc.php HTTP/1.1" 200 401 "-" "Mozilla/5.0 (Windows NT 10.0; Win64; x64) AppleWebKit/537.36 (KHTML, like Gecko) Chrome/89.0.4389.114 Safari/537.36"
196.251.83.156 - - [14/Jul/2025:20:26:52 +0000] "POST //xmlrpc.php HTTP/1.1" 200 401 "-" "Mozilla/5.0 (Windows NT 10.0; Win64; x64) AppleWebKit/537.36 (KHTML, like Gecko) Chrome/89.0.4389.114 Safari/537.36"
196.251.83.156 - - [14/Jul/2025:20:26:53 +0000] "POST //xmlrpc.php HTTP/1.1" 200 401 "-" "Mozilla/5.0 (Windows NT 10.0; Win64; x64) AppleWebKit/537.36 (KHTML, like Gecko) Chrome/89.0.4389.114 Safari/537.36"
196.251.83.156 - - [14/Jul/2025:20:26:54 +0000] "POST //xmlrpc.php HTTP/1.1" 200 401 "-" "Mozilla/5.0 (Windows NT 10.0; Win64; x64) AppleWebKit/537.36 (KHTML, like Gecko) Chrome/89.0.4389.114 Safari/537.36"
209.74.77.214 - - [14/Jul/2025:20:26:55 +0000] "POST /wp-cron.php?doing_wp_cron=1752524815.5415990352630615234375 HTTP/1.1" 200 - "-" "WordPress/6.8.1; https://abl.academy"
196.251.83.156 - - [14/Jul/2025:20:26:55 +0000] "POST //xmlrpc.php HTTP/1.1" 200 401 "-" "Mozilla/5.0 (Windows NT 10.0; Win64; x64) AppleWebKit/537.36 (KHTML, like Gecko) Chrome/89.0.4389.114 Safari/537.36"
196.251.83.156 - - [14/Jul/2025:20:26:56 +0000] "POST //xmlrpc.php HTTP/1.1" 200 401 "-" "Mozilla/5.0 (Windows NT 10.0; Win64; x64) AppleWebKit/537.36 (KHTML, like Gecko) Chrome/89.0.4389.114 Safari/537.36"
196.251.83.156 - - [14/Jul/2025:20:26:57 +0000] "POST //xmlrpc.php HTTP/1.1" 200 401 "-" "Mozilla/5.0 (Windows NT 10.0; Win64; x64) AppleWebKit/537.36 (KHTML, like Gecko) Chrome/89.0.4389.114 Safari/537.36"
196.251.83.156 - - [14/Jul/2025:20:26:58 +0000] "POST //xmlrpc.php HTTP/1.1" 200 401 "-" "Mozilla/5.0 (Windows NT 10.0; Win64; x64) AppleWebKit/537.36 (KHTML, like Gecko) Chrome/89.0.4389.114 Safari/537.36"
196.251.83.156 - - [14/Jul/2025:20:26:59 +0000] "POST //xmlrpc.php HTTP/1.1" 200 401 "-" "Mozilla/5.0 (Windows NT 10.0; Win64; x64) AppleWebKit/537.36 (KHTML, like Gecko) Chrome/89.0.4389.114 Safari/537.36"
196.251.83.156 - - [14/Jul/2025:20:27:00 +0000] "POST //xmlrpc.php HTTP/1.1" 200 401 "-" "Mozilla/5.0 (Windows NT 10.0; Win64; x64) AppleWebKit/537.36 (KHTML, like Gecko) Chrome/89.0.4389.114 Safari/537.36"
209.74.77.214 - - [14/Jul/2025:20:27:51 +0000] "POST /wp-cron.php?doing_wp_cron=1752524871.7248680591583251953125 HTTP/1.1" 200 - "-" "WordPress/6.8.1; https://abl.academy"
170.106.192.208 - - [14/Jul/2025:20:27:51 +0000] "GET /wp-login.php HTTP/1.1" 200 2033 "-" "Mozilla/5.0 (iPhone; CPU iPhone OS 13_2_3 like Mac OS X) AppleWebKit/605.1.15 (KHTML, like Gecko) Version/13.0.3 Mobile/15E148 Safari/604.1"
66.249.65.197 - - [14/Jul/2025:20:28:39 +0000] "GET /shopdetail/162501849 HTTP/1.1" 200 40346 "-" "Mozilla/5.0 (Linux; Android 6.0.1; Nexus 5X Build/MMB29P) AppleWebKit/537.36 (KHTML, like Gecko) Chrome/137.0.7151.103 Mobile Safari/537.36 (compatible; Googlebot/2.1; +http://www.google.com/bot.html)"
66.249.65.199 - - [14/Jul/2025:20:31:04 +0000] "GET /shopdetail/85816249 HTTP/1.1" 200 41331 "-" "Mozilla/5.0 (compatible; Googlebot/2.1; +http://www.google.com/bot.html)"
87.106.176.66 - - [14/Jul/2025:20:33:26 +0000] "GET / HTTP/1.1" 200 9696 "-" "Mozilla/5.0 (Windows NT 10.0; Win64; x64) AppleWebKit/537.36 (KHTML, like Gecko) Chrome/58.0.3029.110 Safari/537.36"
66.249.65.198 - - [14/Jul/2025:20:34:14 +0000] "GET /shopdetail/459805749 HTTP/1.1" 200 40061 "-" "Mozilla/5.0 (compatible; Googlebot/2.1; +http://www.google.com/bot.html)"
209.74.77.214 - - [14/Jul/2025:20:36:09 +0000] "POST /wp-cron.php?doing_wp_cron=1752525369.0858399868011474609375 HTTP/1.1" 200 - "-" "WordPress/6.8.1; https://abl.academy"
170.106.192.3 - - [14/Jul/2025:20:36:08 +0000] "GET /wp-json/oembed/1.0/embed?url=https%3A%2F%2Fabl.academy%2Fcontact%2F&format=xml HTTP/1.1" 200 1097 "-" "Mozilla/5.0 (iPhone; CPU iPhone OS 13_2_3 like Mac OS X) AppleWebKit/605.1.15 (KHTML, like Gecko) Version/13.0.3 Mobile/15E148 Safari/604.1"
66.249.65.197 - - [14/Jul/2025:20:38:53 +0000] "GET /shopdetail/431161749 HTTP/1.1" 200 40385 "-" "Mozilla/5.0 (Linux; Android 6.0.1; Nexus 5X Build/MMB29P) AppleWebKit/537.36 (KHTML, like Gecko) Chrome/137.0.7151.103 Mobile Safari/537.36 (compatible; Googlebot/2.1; +http://www.google.com/bot.html)"
209.74.77.214 - - [14/Jul/2025:20:38:54 +0000] "POST /wp-cron.php?doing_wp_cron=1752525534.3073790073394775390625 HTTP/1.1" 200 - "-" "WordPress/6.8.1; https://abl.academy"
62.113.116.213 - - [14/Jul/2025:20:38:52 +0000] "GET /lms-wordpress-plugin/ HTTP/1.0" 200 69398 "https://abl.academy/lms-wordpress-plugin/" "Mozilla/5.0 (Windows NT 6.1; Win64; x64) AppleWebKit/537.36 (KHTML, like Gecko) Chrome/103.0.5060.114 Safari/537.36"
209.74.77.214 - - [14/Jul/2025:20:38:55 +0000] "POST /wp-cron.php?doing_wp_cron=1752525535.6100521087646484375000 HTTP/1.1" 200 - "-" "WordPress/6.8.1; https://abl.academy"
62.113.116.213 - - [14/Jul/2025:20:38:55 +0000] "POST /wp-comments-post.php HTTP/1.0" 302 - "https://abl.academy/lms-wordpress-plugin/" "Mozilla/5.0 (Windows NT 6.1; Win64; x64) AppleWebKit/537.36 (KHTML, like Gecko) Chrome/103.0.5060.114 Safari/537.36"
62.113.116.213 - - [14/Jul/2025:20:38:56 +0000] "GET /lms-wordpress-plugin/?unapproved=5815&moderation-hash=be662d07ed57df8e0813883c21473553 HTTP/1.0" 200 69487 "https://abl.academy/lms-wordpress-plugin/?unapproved=5815&moderation-hash=be662d07ed57df8e0813883c21473553#comment-5815" "Mozilla/5.0 (Windows NT 6.1; Win64; x64) AppleWebKit/537.36 (KHTML, like Gecko) Chrome/103.0.5060.114 Safari/537.36"
66.249.65.198 - - [14/Jul/2025:20:39:20 +0000] "GET /shopdetail/367677649 HTTP/1.1" 200 40199 "-" "Mozilla/5.0 (compatible; Googlebot/2.1; +http://www.google.com/bot.html)"
209.74.77.214 - - [14/Jul/2025:20:43:31 +0000] "POST /wp-cron.php?doing_wp_cron=1752525811.0575239658355712890625 HTTP/1.1" 200 - "-" "WordPress/6.8.1; https://abl.academy"
195.26.225.132 - - [14/Jul/2025:20:43:30 +0000] "GET /lms-wordpress-plugin/ HTTP/1.0" 200 69398 "https://abl.academy/lms-wordpress-plugin/" "Mozilla/5.0 (Windows NT 10.0; Win64; x64) AppleWebKit/537.36 (KHTML, like Gecko) Chrome/131.0.0.0 Safari/537.36"
195.26.225.132 - - [14/Jul/2025:20:43:32 +0000] "POST /wp-comments-post.php HTTP/1.0" 302 - "https://abl.academy/lms-wordpress-plugin/" "Mozilla/5.0 (Windows NT 10.0; Win64; x64) AppleWebKit/537.36 (KHTML, like Gecko) Chrome/131.0.0.0 Safari/537.36"
195.26.225.132 - - [14/Jul/2025:20:43:32 +0000] "GET /lms-wordpress-plugin/?unapproved=5816&moderation-hash=ae3cec72917501f6b0e1c301b762e8f5 HTTP/1.0" 200 69487 "https://abl.academy/lms-wordpress-plugin/?unapproved=5816&moderation-hash=ae3cec72917501f6b0e1c301b762e8f5#comment-5816" "Mozilla/5.0 (Windows NT 10.0; Win64; x64) AppleWebKit/537.36 (KHTML, like Gecko) Chrome/131.0.0.0 Safari/537.36"
209.74.77.214 - - [14/Jul/2025:20:45:47 +0000] "POST /wp-cron.php?doing_wp_cron=1752525947.0277860164642333984375 HTTP/1.1" 200 - "-" "WordPress/6.8.1; https://abl.academy"
43.135.172.89 - - [14/Jul/2025:20:45:46 +0000] "GET /wp-json/oembed/1.0/embed?url=https%3A%2F%2Fabl.academy%2Fcontact%2F HTTP/1.1" 200 1061 "-" "Mozilla/5.0 (iPhone; CPU iPhone OS 13_2_3 like Mac OS X) AppleWebKit/605.1.15 (KHTML, like Gecko) Version/13.0.3 Mobile/15E148 Safari/604.1"
66.249.65.197 - - [14/Jul/2025:20:47:27 +0000] "GET /shopdetail/437228249 HTTP/1.1" 200 40126 "-" "Mozilla/5.0 (Linux; Android 6.0.1; Nexus 5X Build/MMB29P) AppleWebKit/537.36 (KHTML, like Gecko) Chrome/137.0.7151.103 Mobile Safari/537.36 (compatible; Googlebot/2.1; +http://www.google.com/bot.html)"
66.249.65.198 - - [14/Jul/2025:20:48:14 +0000] "GET /shopdetail/260214549 HTTP/1.1" 200 39781 "-" "Mozilla/5.0 (compatible; Googlebot/2.1; +http://www.google.com/bot.html)"
66.249.65.197 - - [14/Jul/2025:20:48:37 +0000] "GET /shopdetail/431791249 HTTP/1.1" 200 40497 "-" "Mozilla/5.0 (Linux; Android 6.0.1; Nexus 5X Build/MMB29P) AppleWebKit/537.36 (KHTML, like Gecko) Chrome/137.0.7151.103 Mobile Safari/537.36 (compatible; Googlebot/2.1; +http://www.google.com/bot.html)"
66.249.65.197 - - [14/Jul/2025:20:49:43 +0000] "GET /shopdetail/252559449 HTTP/1.1" 200 39945 "-" "Mozilla/5.0 (Linux; Android 6.0.1; Nexus 5X Build/MMB29P) AppleWebKit/537.36 (KHTML, like Gecko) Chrome/137.0.7151.103 Mobile Safari/537.36 (compatible; Googlebot/2.1; +http://www.google.com/bot.html)"
66.249.65.197 - - [14/Jul/2025:20:53:00 +0000] "GET /shopdetail/475078449 HTTP/1.1" 200 40578 "-" "Mozilla/5.0 (compatible; Googlebot/2.1; +http://www.google.com/bot.html)"
66.249.65.198 - - [14/Jul/2025:20:53:27 +0000] "GET /shopdetail/444570349 HTTP/1.1" 200 40050 "-" "Mozilla/5.0 (compatible; Googlebot/2.1; +http://www.google.com/bot.html)"
114.80.36.40 - - [14/Jul/2025:20:53:45 +0000] "GET / HTTP/1.1" 200 9696 "http://abl.academy" "Mozilla/5.0 (iPhone; CPU iPhone OS 13_2_3 like Mac OS X) AppleWebKit/605.1.15 (KHTML, like Gecko) Version/13.0.3 Mobile/15E148 Safari/604.1"
209.74.77.214 - - [14/Jul/2025:20:54:43 +0000] "POST /wp-cron.php?doing_wp_cron=1752526483.4313709735870361328125 HTTP/1.1" 200 - "-" "WordPress/6.8.1; https://abl.academy"
43.157.148.38 - - [14/Jul/2025:20:54:43 +0000] "GET /portfolio-masonry/embed/ HTTP/1.1" 200 6257 "-" "Mozilla/5.0 (iPhone; CPU iPhone OS 13_2_3 like Mac OS X) AppleWebKit/605.1.15 (KHTML, like Gecko) Version/13.0.3 Mobile/15E148 Safari/604.1"
209.74.77.214 - - [14/Jul/2025:20:55:44 +0000] "POST /wp-cron.php?doing_wp_cron=1752526544.7899041175842285156250 HTTP/1.1" 200 - "-" "WordPress/6.8.1; https://abl.academy"
196.251.66.105 - - [14/Jul/2025:20:55:43 +0000] "GET /a.php HTTP/1.1" 404 9554 "https://www.google.com" "Mozilla/5.0 (Linux; Android 7.0; SM-G892A Build/NRD90M; wv) AppleWebKit/537.36 (KHTML, Gecko) Version/4.0 Chrome/60.0.3112.107 Mobile Safari/537.36"
196.251.66.105 - - [14/Jul/2025:20:55:49 +0000] "GET /uploaded_script.php HTTP/1.1" 404 9553 "https://www.google.com" "Mozilla/5.0 (Linux; Android 7.0; SM-G892A Build/NRD90M; wv) AppleWebKit/537.36 (KHTML, Gecko) Version/4.0 Chrome/60.0.3112.107 Mobile Safari/537.36"
196.251.66.105 - - [14/Jul/2025:20:55:54 +0000] "GET /wp-admin/maint/fie.php HTTP/1.1" 404 9554 "https://www.google.com" "Mozilla/5.0 (Linux; Android 7.0; SM-G892A Build/NRD90M; wv) AppleWebKit/537.36 (KHTML, Gecko) Version/4.0 Chrome/60.0.3112.107 Mobile Safari/537.36"
196.251.66.105 - - [14/Jul/2025:20:55:56 +0000] "GET /wp-content/index.php HTTP/1.1" 200 - "https://www.google.com" "Mozilla/5.0 (Linux; Android 7.0; SM-G892A Build/NRD90M; wv) AppleWebKit/537.36 (KHTML, Gecko) Version/4.0 Chrome/60.0.3112.107 Mobile Safari/537.36"
209.74.77.214 - - [14/Jul/2025:20:55:59 +0000] "POST /wp-cron.php?doing_wp_cron=1752526559.4517209529876708984375 HTTP/1.1" 200 - "-" "WordPress/6.8.1; https://abl.academy"
196.251.66.105 - - [14/Jul/2025:20:55:59 +0000] "GET /wp-content/plugins/fix/up.php HTTP/1.1" 404 9553 "https://www.google.com" "Mozilla/5.0 (Linux; Android 7.0; SM-G892A Build/NRD90M; wv) AppleWebKit/537.36 (KHTML, Gecko) Version/4.0 Chrome/60.0.3112.107 Mobile Safari/537.36"
196.251.66.105 - - [14/Jul/2025:20:56:02 +0000] "GET /autoload_classmap.php HTTP/1.1" 404 9553 "https://www.google.com" "Mozilla/5.0 (Linux; Android 7.0; SM-G892A Build/NRD90M; wv) AppleWebKit/537.36 (KHTML, Gecko) Version/4.0 Chrome/60.0.3112.107 Mobile Safari/537.36"
196.251.66.105 - - [14/Jul/2025:20:56:04 +0000] "GET /wp-content/plugins/pwnd/pwnd.php HTTP/1.1" 404 9553 "https://www.google.com" "Mozilla/5.0 (Linux; Android 7.0; SM-G892A Build/NRD90M; wv) AppleWebKit/537.36 (KHTML, Gecko) Version/4.0 Chrome/60.0.3112.107 Mobile Safari/537.36"
196.251.66.105 - - [14/Jul/2025:20:56:09 +0000] "GET /wp-content/plugins/pwnd-1/pwnd.php HTTP/1.1" 404 9553 "https://www.google.com" "Mozilla/5.0 (Linux; Android 7.0; SM-G892A Build/NRD90M; wv) AppleWebKit/537.36 (KHTML, Gecko) Version/4.0 Chrome/60.0.3112.107 Mobile Safari/537.36"
209.74.77.214 - - [14/Jul/2025:20:56:12 +0000] "POST /wp-cron.php?doing_wp_cron=1752526572.6874740123748779296875 HTTP/1.1" 200 - "-" "WordPress/6.8.1; https://abl.academy"
196.251.66.105 - - [14/Jul/2025:20:56:12 +0000] "GET /wp-content/plugins/simple/simple.php HTTP/1.1" 404 9553 "https://www.google.com" "Mozilla/5.0 (Linux; Android 7.0; SM-G892A Build/NRD90M; wv) AppleWebKit/537.36 (KHTML, Gecko) Version/4.0 Chrome/60.0.3112.107 Mobile Safari/537.36"
196.251.66.105 - - [14/Jul/2025:20:56:17 +0000] "GET /worksec.php HTTP/1.1" 404 9553 "https://www.google.com" "Mozilla/5.0 (Linux; Android 7.0; SM-G892A Build/NRD90M; wv) AppleWebKit/537.36 (KHTML, Gecko) Version/4.0 Chrome/60.0.3112.107 Mobile Safari/537.36"
196.251.66.105 - - [14/Jul/2025:20:56:24 +0000] "GET /wp-content/worksec.php HTTP/1.1" 404 9553 "https://www.google.com" "Mozilla/5.0 (Linux; Android 7.0; SM-G892A Build/NRD90M; wv) AppleWebKit/537.36 (KHTML, Gecko) Version/4.0 Chrome/60.0.3112.107 Mobile Safari/537.36"
196.251.66.105 - - [14/Jul/2025:20:56:26 +0000] "GET /wp-content/cache/index.php HTTP/1.1" 301 - "https://www.google.com" "Mozilla/5.0 (Linux; Android 7.0; SM-G892A Build/NRD90M; wv) AppleWebKit/537.36 (KHTML, Gecko) Version/4.0 Chrome/60.0.3112.107 Mobile Safari/537.36"
196.251.66.105 - - [14/Jul/2025:20:56:27 +0000] "GET /wp-content/cache/ HTTP/1.1" 404 9553 "https://www.google.com" "Mozilla/5.0 (Linux; Android 7.0; SM-G892A Build/NRD90M; wv) AppleWebKit/537.36 (KHTML, Gecko) Version/4.0 Chrome/60.0.3112.107 Mobile Safari/537.36"
196.251.66.105 - - [14/Jul/2025:20:56:32 +0000] "GET /wp-content/index.php HTTP/1.1" 200 - "https://www.google.com" "Mozilla/5.0 (Linux; Android 7.0; SM-G892A Build/NRD90M; wv) AppleWebKit/537.36 (KHTML, Gecko) Version/4.0 Chrome/60.0.3112.107 Mobile Safari/537.36"
196.251.66.105 - - [14/Jul/2025:20:56:44 +0000] "GET /wp-content/languages/index.php HTTP/1.1" 301 - "https://www.google.com" "Mozilla/5.0 (Linux; Android 7.0; SM-G892A Build/NRD90M; wv) AppleWebKit/537.36 (KHTML, Gecko) Version/4.0 Chrome/60.0.3112.107 Mobile Safari/537.36"
196.251.66.105 - - [14/Jul/2025:20:56:44 +0000] "GET /wp-content/languages/ HTTP/1.1" 404 9554 "https://www.google.com" "Mozilla/5.0 (Linux; Android 7.0; SM-G892A Build/NRD90M; wv) AppleWebKit/537.36 (KHTML, Gecko) Version/4.0 Chrome/60.0.3112.107 Mobile Safari/537.36"
196.251.66.105 - - [14/Jul/2025:20:56:50 +0000] "GET /wp-content/plugins/index.php HTTP/1.1" 301 - "https://www.google.com" "Mozilla/5.0 (Linux; Android 7.0; SM-G892A Build/NRD90M; wv) AppleWebKit/537.36 (KHTML, Gecko) Version/4.0 Chrome/60.0.3112.107 Mobile Safari/537.36"
196.251.66.105 - - [14/Jul/2025:20:56:50 +0000] "GET /wp-content/plugins/ HTTP/1.1" 404 9553 "https://www.google.com" "Mozilla/5.0 (Linux; Android 7.0; SM-G892A Build/NRD90M; wv) AppleWebKit/537.36 (KHTML, Gecko) Version/4.0 Chrome/60.0.3112.107 Mobile Safari/537.36"
196.251.66.105 - - [14/Jul/2025:20:56:53 +0000] "GET /wp-content/themes/index.php HTTP/1.1" 301 - "https://www.google.com" "Mozilla/5.0 (Linux; Android 7.0; SM-G892A Build/NRD90M; wv) AppleWebKit/537.36 (KHTML, Gecko) Version/4.0 Chrome/60.0.3112.107 Mobile Safari/537.36"
196.251.66.105 - - [14/Jul/2025:20:56:53 +0000] "GET /wp-content/themes/ HTTP/1.1" 404 9554 "https://www.google.com" "Mozilla/5.0 (Linux; Android 7.0; SM-G892A Build/NRD90M; wv) AppleWebKit/537.36 (KHTML, Gecko) Version/4.0 Chrome/60.0.3112.107 Mobile Safari/537.36"
209.74.77.214 - - [14/Jul/2025:20:56:55 +0000] "POST /wp-cron.php?doing_wp_cron=1752526615.8994181156158447265625 HTTP/1.1" 200 - "-" "WordPress/6.8.1; https://abl.academy"
196.251.66.105 - - [14/Jul/2025:20:56:55 +0000] "GET /wp-content/upgrade/index.php HTTP/1.1" 301 - "https://www.google.com" "Mozilla/5.0 (Linux; Android 7.0; SM-G892A Build/NRD90M; wv) AppleWebKit/537.36 (KHTML, Gecko) Version/4.0 Chrome/60.0.3112.107 Mobile Safari/537.36"
196.251.66.105 - - [14/Jul/2025:20:56:56 +0000] "GET /wp-content/upgrade/ HTTP/1.1" 404 9553 "https://www.google.com" "Mozilla/5.0 (Linux; Android 7.0; SM-G892A Build/NRD90M; wv) AppleWebKit/537.36 (KHTML, Gecko) Version/4.0 Chrome/60.0.3112.107 Mobile Safari/537.36"
196.251.66.105 - - [14/Jul/2025:20:57:03 +0000] "GET /wp-content/uploads/index.php HTTP/1.1" 301 - "https://www.google.com" "Mozilla/5.0 (Linux; Android 7.0; SM-G892A Build/NRD90M; wv) AppleWebKit/537.36 (KHTML, Gecko) Version/4.0 Chrome/60.0.3112.107 Mobile Safari/537.36"
196.251.66.105 - - [14/Jul/2025:20:57:03 +0000] "GET /wp-content/uploads/ HTTP/1.1" 404 9553 "https://www.google.com" "Mozilla/5.0 (Linux; Android 7.0; SM-G892A Build/NRD90M; wv) AppleWebKit/537.36 (KHTML, Gecko) Version/4.0 Chrome/60.0.3112.107 Mobile Safari/537.36"
196.251.66.105 - - [14/Jul/2025:20:57:10 +0000] "GET /wp-admin/index.php HTTP/1.1" 302 - "https://www.google.com" "Mozilla/5.0 (Linux; Android 7.0; SM-G892A Build/NRD90M; wv) AppleWebKit/537.36 (KHTML, Gecko) Version/4.0 Chrome/60.0.3112.107 Mobile Safari/537.36"
196.251.66.105 - - [14/Jul/2025:20:57:10 +0000] "GET /wp-login.php?redirect_to=https%3A%2F%2Fabl.academy%2Fwp-admin%2Findex.php&reauth=1 HTTP/1.1" 200 2037 "https://www.google.com" "Mozilla/5.0 (Linux; Android 7.0; SM-G892A Build/NRD90M; wv) AppleWebKit/537.36 (KHTML, Gecko) Version/4.0 Chrome/60.0.3112.107 Mobile Safari/537.36"
209.74.77.214 - - [14/Jul/2025:20:57:12 +0000] "POST /wp-cron.php?doing_wp_cron=1752526632.3889141082763671875000 HTTP/1.1" 200 - "-" "WordPress/6.8.1; https://abl.academy"
196.251.66.105 - - [14/Jul/2025:20:57:12 +0000] "GET /wp-admin/css/index.php HTTP/1.1" 301 - "https://www.google.com" "Mozilla/5.0 (Linux; Android 7.0; SM-G892A Build/NRD90M; wv) AppleWebKit/537.36 (KHTML, Gecko) Version/4.0 Chrome/60.0.3112.107 Mobile Safari/537.36"
196.251.66.105 - - [14/Jul/2025:20:57:12 +0000] "GET /wp-admin/css/ HTTP/1.1" 404 9553 "https://www.google.com" "Mozilla/5.0 (Linux; Android 7.0; SM-G892A Build/NRD90M; wv) AppleWebKit/537.36 (KHTML, Gecko) Version/4.0 Chrome/60.0.3112.107 Mobile Safari/537.36"
196.251.66.105 - - [14/Jul/2025:20:57:16 +0000] "GET /wp-admin/images/index.php HTTP/1.1" 301 - "https://www.google.com" "Mozilla/5.0 (Linux; Android 7.0; SM-G892A Build/NRD90M; wv) AppleWebKit/537.36 (KHTML, Gecko) Version/4.0 Chrome/60.0.3112.107 Mobile Safari/537.36"
196.251.66.105 - - [14/Jul/2025:20:57:16 +0000] "GET /wp-admin/images/ HTTP/1.1" 404 9553 "https://www.google.com" "Mozilla/5.0 (Linux; Android 7.0; SM-G892A Build/NRD90M; wv) AppleWebKit/537.36 (KHTML, Gecko) Version/4.0 Chrome/60.0.3112.107 Mobile Safari/537.36"
196.251.66.105 - - [14/Jul/2025:20:57:18 +0000] "GET /wp-admin/includes/index.php HTTP/1.1" 301 - "https://www.google.com" "Mozilla/5.0 (Linux; Android 7.0; SM-G892A Build/NRD90M; wv) AppleWebKit/537.36 (KHTML, Gecko) Version/4.0 Chrome/60.0.3112.107 Mobile Safari/537.36"
196.251.66.105 - - [14/Jul/2025:20:57:19 +0000] "GET /wp-admin/includes/ HTTP/1.1" 404 9553 "https://www.google.com" "Mozilla/5.0 (Linux; Android 7.0; SM-G892A Build/NRD90M; wv) AppleWebKit/537.36 (KHTML, Gecko) Version/4.0 Chrome/60.0.3112.107 Mobile Safari/537.36"
196.251.66.105 - - [14/Jul/2025:20:57:21 +0000] "GET /wp-admin/js/index.php HTTP/1.1" 301 - "https://www.google.com" "Mozilla/5.0 (Linux; Android 7.0; SM-G892A Build/NRD90M; wv) AppleWebKit/537.36 (KHTML, Gecko) Version/4.0 Chrome/60.0.3112.107 Mobile Safari/537.36"
196.251.66.105 - - [14/Jul/2025:20:57:22 +0000] "GET /wp-admin/js/ HTTP/1.1" 404 9553 "https://www.google.com" "Mozilla/5.0 (Linux; Android 7.0; SM-G892A Build/NRD90M; wv) AppleWebKit/537.36 (KHTML, Gecko) Version/4.0 Chrome/60.0.3112.107 Mobile Safari/537.36"
196.251.66.105 - - [14/Jul/2025:20:57:24 +0000] "GET /wp-admin/maint/index.php HTTP/1.1" 301 - "https://www.google.com" "Mozilla/5.0 (Linux; Android 7.0; SM-G892A Build/NRD90M; wv) AppleWebKit/537.36 (KHTML, Gecko) Version/4.0 Chrome/60.0.3112.107 Mobile Safari/537.36"
