213.180.203.43 - - [14/Jul/2025:12:33:28 +0000] "GET /item/partn61917701/ HTTP/1.1" 404 9552 "-" "Mozilla/5.0 (compatible; YandexBot/3.0; +http://yandex.com/bots)"
209.74.77.214 - - [14/Jul/2025:12:33:58 +0000] "POST /wp-cron.php?doing_wp_cron=1752496438.9655079841613769531250 HTTP/1.1" 200 - "-" "WordPress/6.8.1; https://abl.academy"
213.180.203.244 - - [14/Jul/2025:12:33:58 +0000] "GET /item/apply31858394/ HTTP/1.1" 404 9553 "-" "Mozilla/5.0 (compatible; YandexBot/3.0; +http://yandex.com/bots)"
209.74.77.214 - - [14/Jul/2025:12:34:16 +0000] "POST /wp-cron.php?doing_wp_cron=1752496456.9417109489440917968750 HTTP/1.1" 200 - "-" "WordPress/6.8.1; https://abl.academy"
213.180.203.188 - - [14/Jul/2025:12:34:16 +0000] "GET /item/expre31900066/ HTTP/1.1" 404 9553 "-" "Mozilla/5.0 (compatible; YandexBot/3.0; +http://yandex.com/bots)"
95.108.213.115 - - [14/Jul/2025:12:34:20 +0000] "GET /item/gramm50868948/ HTTP/1.1" 404 9553 "-" "Mozilla/5.0 (compatible; YandexBot/3.0; +http://yandex.com/bots)"
213.180.203.202 - - [14/Jul/2025:12:34:37 +0000] "GET /item/techn22064473/ HTTP/1.1" 404 9553 "-" "Mozilla/5.0 (compatible; YandexBot/3.0; +http://yandex.com/bots)"
213.180.203.153 - - [14/Jul/2025:12:34:40 +0000] "GET /item/trans52604548/ HTTP/1.1" 404 9553 "-" "Mozilla/5.0 (compatible; YandexBot/3.0; +http://yandex.com/bots)"
87.250.224.87 - - [14/Jul/2025:12:34:48 +0000] "GET /item/guida71007046/ HTTP/1.1" 404 9553 "-" "Mozilla/5.0 (compatible; YandexBot/3.0; +http://yandex.com/bots)"
95.108.213.166 - - [14/Jul/2025:12:34:51 +0000] "GET /item/file40586755/ HTTP/1.1" 404 9553 "-" "Mozilla/5.0 (compatible; YandexBot/3.0; +http://yandex.com/bots)"
209.74.77.214 - - [14/Jul/2025:12:35:11 +0000] "POST /wp-cron.php?doing_wp_cron=1752496511.4500229358673095703125 HTTP/1.1" 200 - "-" "WordPress/6.8.1; https://abl.academy"
95.108.213.142 - - [14/Jul/2025:12:35:11 +0000] "GET /item/homel50469692/ HTTP/1.1" 404 9553 "-" "Mozilla/5.0 (compatible; YandexBot/3.0; +http://yandex.com/bots) AppleWebKit/537.36 (KHTML, like Gecko) Chrome/108.0.0.0"
209.74.77.214 - - [14/Jul/2025:12:35:19 +0000] "POST /wp-cron.php?doing_wp_cron=1752496519.9804999828338623046875 HTTP/1.1" 200 - "-" "WordPress/6.8.1; https://abl.academy"
87.250.224.12 - - [14/Jul/2025:12:35:19 +0000] "GET /item/owner42128195/ HTTP/1.1" 404 9553 "-" "Mozilla/5.0 (compatible; YandexBot/3.0; +http://yandex.com/bots) AppleWebKit/537.36 (KHTML, like Gecko) Chrome/108.0.0.0"
87.250.224.24 - - [14/Jul/2025:12:35:20 +0000] "GET /item/porri42593659/ HTTP/1.1" 404 9553 "-" "Mozilla/5.0 (compatible; YandexBot/3.0; +http://yandex.com/bots)"
213.180.203.121 - - [14/Jul/2025:12:35:34 +0000] "GET /item/buy20533761/ HTTP/1.1" 404 9553 "-" "Mozilla/5.0 (compatible; YandexBot/3.0; +http://yandex.com/bots)"
87.250.224.215 - - [14/Jul/2025:12:35:38 +0000] "GET /item/asian70816790/ HTTP/1.1" 404 9553 "-" "Mozilla/5.0 (compatible; YandexBot/3.0; +http://yandex.com/bots)"
209.74.77.214 - - [14/Jul/2025:12:36:13 +0000] "POST /wp-cron.php?doing_wp_cron=1752496573.8421690464019775390625 HTTP/1.1" 200 - "-" "WordPress/6.8.1; https://abl.academy"
213.180.203.86 - - [14/Jul/2025:12:36:12 +0000] "GET /item/war50820556/ HTTP/1.1" 404 9552 "-" "Mozilla/5.0 (compatible; YandexBot/3.0; +http://yandex.com/bots)"
95.108.213.107 - - [14/Jul/2025:12:36:21 +0000] "GET /item/visit51044204/ HTTP/1.1" 404 9553 "-" "Mozilla/5.0 (compatible; YandexBot/3.0; +http://yandex.com/bots)"
213.180.203.244 - - [14/Jul/2025:12:36:38 +0000] "GET /item/grate52262500/ HTTP/1.1" 404 9553 "-" "Mozilla/5.0 (compatible; YandexBot/3.0; +http://yandex.com/bots)"
213.180.203.43 - - [14/Jul/2025:12:36:38 +0000] "GET /item/inten62705285/ HTTP/1.1" 404 9553 "-" "Mozilla/5.0 (compatible; YandexBot/3.0; +http://yandex.com/bots)"
209.74.77.214 - - [14/Jul/2025:12:36:58 +0000] "POST /wp-cron.php?doing_wp_cron=1752496618.7941439151763916015625 HTTP/1.1" 200 - "-" "WordPress/6.8.1; https://abl.academy"
162.62.213.187 - - [14/Jul/2025:12:36:58 +0000] "GET /xmlrpc.php HTTP/1.1" 405 60 "-" "Mozilla/5.0 (iPhone; CPU iPhone OS 13_2_3 like Mac OS X) AppleWebKit/605.1.15 (KHTML, like Gecko) Version/13.0.3 Mobile/15E148 Safari/604.1"
209.74.77.214 - - [14/Jul/2025:12:38:11 +0000] "POST /wp-cron.php?doing_wp_cron=1752496691.9008510112762451171875 HTTP/1.1" 200 - "-" "WordPress/6.8.1; https://abl.academy"
209.74.77.214 - - [14/Jul/2025:12:38:11 +0000] "POST /wp-cron.php?doing_wp_cron=1752496691.9008510112762451171875 HTTP/1.1" 200 - "-" "WordPress/6.8.1; https://abl.academy"
213.180.203.188 - - [14/Jul/2025:12:38:10 +0000] "GET /item/grow62338949/ HTTP/1.1" 404 9553 "-" "Mozilla/5.0 (compatible; YandexBot/3.0; +http://yandex.com/bots)"
95.108.213.115 - - [14/Jul/2025:12:38:11 +0000] "GET /item/stere61434293/ HTTP/1.1" 404 9553 "-" "Mozilla/5.0 (compatible; YandexBot/3.0; +http://yandex.com/bots)"
213.180.203.202 - - [14/Jul/2025:12:38:13 +0000] "GET /item/spark61770749/ HTTP/1.1" 404 9552 "-" "Mozilla/5.0 (compatible; YandexBot/3.0; +http://yandex.com/bots)"
213.180.203.153 - - [14/Jul/2025:12:38:34 +0000] "GET /item/dare30153018/ HTTP/1.1" 404 9553 "-" "Mozilla/5.0 (compatible; YandexBot/3.0; +http://yandex.com/bots)"
87.250.224.87 - - [14/Jul/2025:12:38:37 +0000] "GET /item/canal81730847/ HTTP/1.1" 404 9553 "-" "Mozilla/5.0 (compatible; YandexBot/3.0; +http://yandex.com/bots) AppleWebKit/537.36 (KHTML, like Gecko) Chrome/108.0.0.0"
95.108.213.166 - - [14/Jul/2025:12:38:49 +0000] "GET /item/spare61765445/ HTTP/1.1" 404 9553 "-" "Mozilla/5.0 (compatible; YandexBot/3.0; +http://yandex.com/bots)"
209.74.77.214 - - [14/Jul/2025:12:38:58 +0000] "POST /wp-cron.php?doing_wp_cron=1752496738.5245909690856933593750 HTTP/1.1" 200 - "-" "WordPress/6.8.1; https://abl.academy"
95.108.213.142 - - [14/Jul/2025:12:38:58 +0000] "GET /item/bush40421363/ HTTP/1.1" 404 9553 "-" "Mozilla/5.0 (compatible; YandexBot/3.0; +http://yandex.com/bots)"
95.108.213.2 - - [14/Jul/2025:12:39:52 +0000] "GET /robots.txt HTTP/1.1" 200 285 "-" "Mozilla/5.0 (compatible; YandexBot/3.0; +http://yandex.com/bots)"
209.74.77.214 - - [14/Jul/2025:12:39:54 +0000] "POST /wp-cron.php?doing_wp_cron=1752496794.5145399570465087890625 HTTP/1.1" 200 - "-" "WordPress/6.8.1; https://abl.academy"
95.108.213.1 - - [14/Jul/2025:12:39:53 +0000] "GET /item/kit82475935/ HTTP/1.1" 404 9553 "-" "Mozilla/5.0 (compatible; YandexBot/3.0; +http://yandex.com/bots)"
87.250.224.12 - - [14/Jul/2025:12:39:53 +0000] "GET /item/kit82475935/ HTTP/1.1" 404 9553 "-" "Mozilla/5.0 (compatible; YandexBot/3.0; +http://yandex.com/bots)"
209.74.77.214 - - [14/Jul/2025:12:39:59 +0000] "POST /wp-cron.php?doing_wp_cron=1752496799.4311149120330810546875 HTTP/1.1" 200 - "-" "WordPress/6.8.1; https://abl.academy"
87.250.224.24 - - [14/Jul/2025:12:39:59 +0000] "GET /item/eight21028241/ HTTP/1.1" 404 9553 "-" "Mozilla/5.0 (compatible; YandexBot/3.0; +http://yandex.com/bots)"
213.180.203.121 - - [14/Jul/2025:12:40:02 +0000] "GET /item/gallo41315355/ HTTP/1.1" 404 9552 "-" "Mozilla/5.0 (compatible; YandexBot/3.0; +http://yandex.com/bots)"
209.74.77.214 - - [14/Jul/2025:12:40:18 +0000] "POST /wp-cron.php?doing_wp_cron=1752496818.0330090522766113281250 HTTP/1.1" 200 - "-" "WordPress/6.8.1; https://abl.academy"
87.250.224.215 - - [14/Jul/2025:12:40:17 +0000] "GET /item/suit82285655/ HTTP/1.1" 404 9553 "-" "Mozilla/5.0 (compatible; YandexBot/3.0; +http://yandex.com/bots)"
213.180.203.86 - - [14/Jul/2025:12:40:17 +0000] "GET /item/monst50933796/ HTTP/1.1" 404 9553 "-" "Mozilla/5.0 (compatible; YandexBot/3.0; +http://yandex.com/bots)"
95.108.213.107 - - [14/Jul/2025:12:40:35 +0000] "GET /item/picky62074285/ HTTP/1.1" 404 9553 "-" "Mozilla/5.0 (compatible; YandexBot/3.0; +http://yandex.com/bots)"
213.180.203.43 - - [14/Jul/2025:12:40:36 +0000] "GET /item/abrup30974442/ HTTP/1.1" 404 9553 "-" "Mozilla/5.0 (compatible; YandexBot/3.0; +http://yandex.com/bots) AppleWebKit/537.36 (KHTML, like Gecko) Chrome/108.0.0.0"
213.180.203.188 - - [14/Jul/2025:12:40:50 +0000] "GET /item/preve32557114/ HTTP/1.1" 404 9553 "-" "Mozilla/5.0 (compatible; YandexBot/3.0; +http://yandex.com/bots)"
213.180.203.244 - - [14/Jul/2025:12:40:50 +0000] "GET /item/barga42050131/ HTTP/1.1" 404 9553 "-" "Mozilla/5.0 (compatible; YandexBot/3.0; +http://yandex.com/bots)"
95.108.213.115 - - [14/Jul/2025:12:40:52 +0000] "GET /item/serie61131301/ HTTP/1.1" 404 9553 "-" "Mozilla/5.0 (compatible; YandexBot/3.0; +http://yandex.com/bots)"
209.74.77.214 - - [14/Jul/2025:12:40:55 +0000] "POST /wp-cron.php?doing_wp_cron=1752496855.3206930160522460937500 HTTP/1.1" 200 - "-" "WordPress/6.8.1; https://abl.academy"
213.180.203.202 - - [14/Jul/2025:12:40:55 +0000] "GET /item/burde30894042/ HTTP/1.1" 404 9553 "-" "Mozilla/5.0 (compatible; YandexBot/3.0; +http://yandex.com/bots)"
213.180.203.153 - - [14/Jul/2025:12:41:02 +0000] "GET /item/hones62064821/ HTTP/1.1" 404 9552 "-" "Mozilla/5.0 (compatible; YandexBot/3.0; +http://yandex.com/bots)"
87.250.224.87 - - [14/Jul/2025:12:41:02 +0000] "GET /item/score70045302/ HTTP/1.1" 404 9553 "-" "Mozilla/5.0 (compatible; YandexBot/3.0; +http://yandex.com/bots)"
209.74.77.214 - - [14/Jul/2025:12:41:25 +0000] "POST /wp-cron.php?doing_wp_cron=1752496885.2622120380401611328125 HTTP/1.1" 200 - "-" "WordPress/6.8.1; https://abl.academy"
95.108.213.166 - - [14/Jul/2025:12:41:25 +0000] "GET /item/resig41610275/ HTTP/1.1" 404 9553 "-" "Mozilla/5.0 (compatible; YandexBot/3.0; +http://yandex.com/bots)"
209.74.77.214 - - [14/Jul/2025:12:42:01 +0000] "POST /wp-cron.php?doing_wp_cron=1752496921.1412239074707031250000 HTTP/1.1" 200 - "-" "WordPress/6.8.1; https://abl.academy"
95.108.213.142 - - [14/Jul/2025:12:41:59 +0000] "GET /item/goat30044690/ HTTP/1.1" 404 9552 "-" "Mozilla/5.0 (compatible; YandexBot/3.0; +http://yandex.com/bots)"
209.74.77.214 - - [14/Jul/2025:12:42:18 +0000] "POST /wp-cron.php?doing_wp_cron=1752496938.2361741065979003906250 HTTP/1.1" 200 - "-" "WordPress/6.8.1; https://abl.academy"
87.250.224.12 - - [14/Jul/2025:12:42:18 +0000] "GET /item/brave80076079/ HTTP/1.1" 404 9553 "-" "Mozilla/5.0 (compatible; YandexBot/3.0; +http://yandex.com/bots)"
87.250.224.24 - - [14/Jul/2025:12:42:32 +0000] "GET /item/liner42930619/ HTTP/1.1" 404 9553 "-" "Mozilla/5.0 (compatible; YandexBot/3.0; +http://yandex.com/bots)"
213.180.203.121 - - [14/Jul/2025:12:42:36 +0000] "GET /item/workm61314629/ HTTP/1.1" 404 9553 "-" "Mozilla/5.0 (compatible; YandexBot/3.0; +http://yandex.com/bots)"
87.250.224.215 - - [14/Jul/2025:12:42:36 +0000] "GET /item/air12044680/ HTTP/1.1" 404 9553 "-" "Mozilla/5.0 (compatible; YandexBot/3.0; +http://yandex.com/bots)"
209.74.77.214 - - [14/Jul/2025:12:43:06 +0000] "POST /wp-cron.php?doing_wp_cron=1752496986.4707129001617431640625 HTTP/1.1" 200 - "-" "WordPress/6.8.1; https://abl.academy"
213.180.203.86 - - [14/Jul/2025:12:43:06 +0000] "GET /item/raise82688799/ HTTP/1.1" 404 9553 "-" "Mozilla/5.0 (compatible; YandexBot/3.0; +http://yandex.com/bots)"
209.74.77.214 - - [14/Jul/2025:12:43:31 +0000] "POST /wp-cron.php?doing_wp_cron=1752497011.3239159584045410156250 HTTP/1.1" 200 - "-" "WordPress/6.8.1; https://abl.academy"
95.108.213.107 - - [14/Jul/2025:12:43:31 +0000] "GET /item/findi42186611/ HTTP/1.1" 404 9552 "-" "Mozilla/5.0 (compatible; YandexBot/3.0; +http://yandex.com/bots)"
213.180.203.43 - - [14/Jul/2025:12:43:32 +0000] "GET /item/campa80710319/ HTTP/1.1" 404 9552 "-" "Mozilla/5.0 (compatible; YandexBot/3.0; +http://yandex.com/bots)"
209.74.77.214 - - [14/Jul/2025:12:44:01 +0000] "POST /wp-cron.php?doing_wp_cron=1752497041.0326960086822509765625 HTTP/1.1" 200 - "-" "WordPress/6.8.1; https://abl.academy"
213.180.203.244 - - [14/Jul/2025:12:44:00 +0000] "GET /item/geome11355360/ HTTP/1.1" 404 9553 "-" "Mozilla/5.0 (compatible; YandexBot/3.0; +http://yandex.com/bots)"
209.74.77.214 - - [14/Jul/2025:12:44:25 +0000] "POST /wp-cron.php?doing_wp_cron=1752497065.9034280776977539062500 HTTP/1.1" 200 - "-" "WordPress/6.8.1; https://abl.academy"
213.180.203.188 - - [14/Jul/2025:12:44:25 +0000] "GET /item/gray50574836/ HTTP/1.1" 404 9553 "-" "Mozilla/5.0 (compatible; YandexBot/3.0; +http://yandex.com/bots)"
95.108.213.115 - - [14/Jul/2025:12:44:45 +0000] "GET /item/seem32856618/ HTTP/1.1" 404 9553 "-" "Mozilla/5.0 (compatible; YandexBot/3.0; +http://yandex.com/bots)"
213.180.203.202 - - [14/Jul/2025:12:44:46 +0000] "GET /item/consc12022136/ HTTP/1.1" 404 9553 "-" "Mozilla/5.0 (compatible; YandexBot/3.0; +http://yandex.com/bots)"
213.180.203.153 - - [14/Jul/2025:12:44:47 +0000] "GET /item/cafe81295143/ HTTP/1.1" 404 9553 "-" "Mozilla/5.0 (compatible; YandexBot/3.0; +http://yandex.com/bots)"
209.74.77.214 - - [14/Jul/2025:12:44:57 +0000] "POST /wp-cron.php?doing_wp_cron=1752497097.6264119148254394531250 HTTP/1.1" 200 - "-" "WordPress/6.8.1; https://abl.academy"
87.250.224.87 - - [14/Jul/2025:12:44:57 +0000] "GET /item/sugge22348737/ HTTP/1.1" 404 9553 "-" "Mozilla/5.0 (compatible; YandexBot/3.0; +http://yandex.com/bots)"
209.74.77.214 - - [14/Jul/2025:12:45:20 +0000] "POST /wp-cron.php?doing_wp_cron=1752497120.5562510490417480468750 HTTP/1.1" 200 - "-" "WordPress/6.8.1; https://abl.academy"
95.108.213.166 - - [14/Jul/2025:12:45:20 +0000] "GET /item/manuf50042300/ HTTP/1.1" 404 9553 "-" "Mozilla/5.0 (compatible; YandexBot/3.0; +http://yandex.com/bots)"
95.108.213.142 - - [14/Jul/2025:12:45:33 +0000] "GET /item/augus61820205/ HTTP/1.1" 404 9553 "-" "Mozilla/5.0 (compatible; YandexBot/3.0; +http://yandex.com/bots)"
87.250.224.12 - - [14/Jul/2025:12:45:35 +0000] "GET /item/excla10735088/ HTTP/1.1" 404 9553 "-" "Mozilla/5.0 (compatible; YandexBot/3.0; +http://yandex.com/bots)"
87.250.224.24 - - [14/Jul/2025:12:45:43 +0000] "GET /item/enjoy11508792/ HTTP/1.1" 404 9553 "-" "Mozilla/5.0 (compatible; YandexBot/3.0; +http://yandex.com/bots)"
213.180.203.121 - - [14/Jul/2025:12:45:51 +0000] "GET /item/docum10389352/ HTTP/1.1" 404 9553 "-" "Mozilla/5.0 (compatible; YandexBot/3.0; +http://yandex.com/bots)"
87.250.224.215 - - [14/Jul/2025:12:45:54 +0000] "GET /item/furio82994687/ HTTP/1.1" 404 9553 "-" "Mozilla/5.0 (compatible; YandexBot/3.0; +http://yandex.com/bots)"
209.74.77.214 - - [14/Jul/2025:12:45:56 +0000] "POST /wp-cron.php?doing_wp_cron=1752497156.3197729587554931640625 HTTP/1.1" 200 - "-" "WordPress/6.8.1; https://abl.academy"
213.180.203.86 - - [14/Jul/2025:12:45:56 +0000] "GET /item/ball62269037/ HTTP/1.1" 404 9553 "-" "Mozilla/5.0 (compatible; YandexBot/3.0; +http://yandex.com/bots)"
95.108.213.107 - - [14/Jul/2025:12:46:05 +0000] "GET /item/parce60366869/ HTTP/1.1" 404 9553 "-" "Mozilla/5.0 (compatible; YandexBot/3.0; +http://yandex.com/bots)"
209.74.77.214 - - [14/Jul/2025:12:46:22 +0000] "POST /wp-cron.php?doing_wp_cron=1752497181.9920690059661865234375 HTTP/1.1" 200 - "-" "WordPress/6.8.1; https://abl.academy"
213.180.203.43 - - [14/Jul/2025:12:46:21 +0000] "GET /item/speec80813207/ HTTP/1.1" 404 9553 "-" "Mozilla/5.0 (compatible; YandexBot/3.0; +http://yandex.com/bots)"
213.180.203.244 - - [14/Jul/2025:12:46:32 +0000] "GET /item/heigh21056129/ HTTP/1.1" 404 9553 "-" "Mozilla/5.0 (compatible; YandexBot/3.0; +http://yandex.com/bots)"
49.51.252.146 - - [14/Jul/2025:12:46:36 +0000] "GET /shop/feed/ HTTP/1.1" 200 2363 "-" "Mozilla/5.0 (iPhone; CPU iPhone OS 13_2_3 like Mac OS X) AppleWebKit/605.1.15 (KHTML, like Gecko) Version/13.0.3 Mobile/15E148 Safari/604.1"
213.180.203.188 - - [14/Jul/2025:12:46:40 +0000] "GET /item/guide80922295/ HTTP/1.1" 404 9553 "-" "Mozilla/5.0 (compatible; YandexBot/3.0; +http://yandex.com/bots)"
95.108.213.115 - - [14/Jul/2025:12:46:41 +0000] "GET /item/europ41896131/ HTTP/1.1" 404 9553 "-" "Mozilla/5.0 (compatible; YandexBot/3.0; +http://yandex.com/bots) AppleWebKit/537.36 (KHTML, like Gecko) Chrome/108.0.0.0"
213.180.203.202 - - [14/Jul/2025:12:46:41 +0000] "GET /item/soar41413923/ HTTP/1.1" 404 9553 "-" "Mozilla/5.0 (compatible; YandexBot/3.0; +http://yandex.com/bots)"
213.180.203.153 - - [14/Jul/2025:12:46:47 +0000] "GET /item/third60277221/ HTTP/1.1" 404 9553 "-" "Mozilla/5.0 (compatible; YandexBot/3.0; +http://yandex.com/bots)"
87.250.224.87 - - [14/Jul/2025:12:46:49 +0000] "GET /item/lost40981531/ HTTP/1.1" 404 9553 "-" "Mozilla/5.0 (compatible; YandexBot/3.0; +http://yandex.com/bots)"
95.108.213.166 - - [14/Jul/2025:12:46:54 +0000] "GET /item/sausa61052365/ HTTP/1.1" 404 9553 "-" "Mozilla/5.0 (compatible; YandexBot/3.0; +http://yandex.com/bots) AppleWebKit/537.36 (KHTML, like Gecko) Chrome/108.0.0.0"
209.74.77.214 - - [14/Jul/2025:12:47:08 +0000] "POST /wp-cron.php?doing_wp_cron=1752497228.1521079540252685546875 HTTP/1.1" 200 - "-" "WordPress/6.8.1; https://abl.academy"
95.108.213.142 - - [14/Jul/2025:12:47:08 +0000] "GET /item/nonse60722653/ HTTP/1.1" 404 9553 "-" "Mozilla/5.0 (compatible; YandexBot/3.0; +http://yandex.com/bots)"
209.74.77.214 - - [14/Jul/2025:12:47:16 +0000] "POST /wp-cron.php?doing_wp_cron=1752497236.1327500343322753906250 HTTP/1.1" 200 - "-" "WordPress/6.8.1; https://abl.academy"
87.250.224.12 - - [14/Jul/2025:12:47:16 +0000] "GET /item/vivid80407295/ HTTP/1.1" 404 9553 "-" "Mozilla/5.0 (compatible; YandexBot/3.0; +http://yandex.com/bots)"
87.250.224.24 - - [14/Jul/2025:12:47:16 +0000] "GET /item/gover11845088/ HTTP/1.1" 404 9553 "-" "Mozilla/5.0 (compatible; YandexBot/3.0; +http://yandex.com/bots)"
213.180.203.121 - - [14/Jul/2025:12:47:24 +0000] "GET /item/rap32743882/ HTTP/1.1" 404 9553 "-" "Mozilla/5.0 (compatible; YandexBot/3.0; +http://yandex.com/bots)"
66.249.65.198 - - [14/Jul/2025:12:47:27 +0000] "GET /shopdetail/508282849 HTTP/1.1" 200 39773 "-" "Mozilla/5.0 (Linux; Android 6.0.1; Nexus 5X Build/MMB29P) AppleWebKit/537.36 (KHTML, like Gecko) Chrome/137.0.7151.103 Mobile Safari/537.36 (compatible; Googlebot/2.1; +http://www.google.com/bot.html)"
87.250.224.215 - - [14/Jul/2025:12:47:43 +0000] "GET /item/speec81617207/ HTTP/1.1" 404 9553 "-" "Mozilla/5.0 (compatible; YandexBot/3.0; +http://yandex.com/bots)"
213.180.203.86 - - [14/Jul/2025:12:47:44 +0000] "GET /item/yeste50676916/ HTTP/1.1" 404 9553 "-" "Mozilla/5.0 (compatible; YandexBot/3.0; +http://yandex.com/bots)"
209.74.77.214 - - [14/Jul/2025:12:47:59 +0000] "POST /wp-cron.php?doing_wp_cron=1752497279.7541399002075195312500 HTTP/1.1" 200 - "-" "WordPress/6.8.1; https://abl.academy"
95.108.213.107 - - [14/Jul/2025:12:47:59 +0000] "GET /item/wet72080062/ HTTP/1.1" 404 9553 "-" "Mozilla/5.0 (compatible; YandexBot/3.0; +http://yandex.com/bots)"
213.180.203.43 - - [14/Jul/2025:12:48:09 +0000] "GET /item/sake82695391/ HTTP/1.1" 404 9552 "-" "Mozilla/5.0 (compatible; YandexBot/3.0; +http://yandex.com/bots)"
209.74.77.214 - - [14/Jul/2025:12:48:39 +0000] "POST /wp-cron.php?doing_wp_cron=1752497319.3231570720672607421875 HTTP/1.1" 200 - "-" "WordPress/6.8.1; https://abl.academy"
213.180.203.244 - - [14/Jul/2025:12:48:39 +0000] "GET /item/rust71803382/ HTTP/1.1" 404 9553 "-" "Mozilla/5.0 (compatible; YandexBot/3.0; +http://yandex.com/bots)"
213.180.203.188 - - [14/Jul/2025:12:48:40 +0000] "GET /item/abuse70942158/ HTTP/1.1" 404 9553 "-" "Mozilla/5.0 (compatible; YandexBot/3.0; +http://yandex.com/bots)"
95.108.213.115 - - [14/Jul/2025:12:48:48 +0000] "GET /item/body32104818/ HTTP/1.1" 404 9552 "-" "Mozilla/5.0 (compatible; YandexBot/3.0; +http://yandex.com/bots)"
213.180.203.202 - - [14/Jul/2025:12:48:49 +0000] "GET /item/nucle71982558/ HTTP/1.1" 404 9553 "-" "Mozilla/5.0 (compatible; YandexBot/3.0; +http://yandex.com/bots)"
209.74.77.214 - - [14/Jul/2025:12:48:56 +0000] "POST /wp-cron.php?doing_wp_cron=1752497336.7686889171600341796875 HTTP/1.1" 200 - "-" "WordPress/6.8.1; https://abl.academy"
213.180.203.153 - - [14/Jul/2025:12:48:56 +0000] "GET /item/crimi40931203/ HTTP/1.1" 404 9553 "-" "Mozilla/5.0 (compatible; YandexBot/3.0; +http://yandex.com/bots)"
209.74.77.214 - - [14/Jul/2025:12:49:39 +0000] "POST /wp-cron.php?doing_wp_cron=1752497379.0224039554595947265625 HTTP/1.1" 200 - "-" "WordPress/6.8.1; https://abl.academy"
87.250.224.87 - - [14/Jul/2025:12:49:37 +0000] "GET /item/gallo41315355/ HTTP/1.1" 404 9553 "-" "Mozilla/5.0 (compatible; YandexBot/3.0; +http://yandex.com/bots)"
95.108.213.166 - - [14/Jul/2025:12:49:39 +0000] "GET /item/jury42794843/ HTTP/1.1" 404 9553 "-" "Mozilla/5.0 (compatible; YandexBot/3.0; +http://yandex.com/bots)"
95.108.213.142 - - [14/Jul/2025:12:49:40 +0000] "GET /item/liner42930619/ HTTP/1.1" 404 9552 "-" "Mozilla/5.0 (compatible; YandexBot/3.0; +http://yandex.com/bots)"
66.249.65.198 - - [14/Jul/2025:12:50:14 +0000] "GET /shopdetail/582752749 HTTP/1.1" 200 40213 "-" "Mozilla/5.0 (Linux; Android 6.0.1; Nexus 5X Build/MMB29P) AppleWebKit/537.36 (KHTML, like Gecko) Chrome/137.0.7151.103 Mobile Safari/537.36 (compatible; Googlebot/2.1; +http://www.google.com/bot.html)"
209.74.77.214 - - [14/Jul/2025:12:50:28 +0000] "POST /wp-cron.php?doing_wp_cron=1752497428.9582319259643554687500 HTTP/1.1" 200 - "-" "WordPress/6.8.1; https://abl.academy"
87.250.224.12 - - [14/Jul/2025:12:50:27 +0000] "GET /item/tea22925113/ HTTP/1.1" 404 9552 "-" "Mozilla/5.0 (compatible; YandexBot/3.0; +http://yandex.com/bots)"
66.249.65.198 - - [14/Jul/2025:12:50:48 +0000] "GET /shopdetail/17840049 HTTP/1.1" 200 40506 "-" "Mozilla/5.0 (Linux; Android 6.0.1; Nexus 5X Build/MMB29P) AppleWebKit/537.36 (KHTML, like Gecko) Chrome/137.0.7151.103 Mobile Safari/537.36 (compatible; Googlebot/2.1; +http://www.google.com/bot.html)"
209.74.77.214 - - [14/Jul/2025:12:51:08 +0000] "POST /wp-cron.php?doing_wp_cron=1752497467.9963479042053222656250 HTTP/1.1" 200 - "-" "WordPress/6.8.1; https://abl.academy"
87.250.224.24 - - [14/Jul/2025:12:51:07 +0000] "GET /item/oxyge11079712/ HTTP/1.1" 404 9553 "-" "Mozilla/5.0 (compatible; YandexBot/3.0; +http://yandex.com/bots)"
209.74.77.214 - - [14/Jul/2025:12:51:17 +0000] "POST /wp-cron.php?doing_wp_cron=1752497477.3640480041503906250000 HTTP/1.1" 200 - "-" "WordPress/6.8.1; https://abl.academy"
213.180.203.121 - - [14/Jul/2025:12:51:17 +0000] "GET /item/enter51925308/ HTTP/1.1" 404 9553 "-" "Mozilla/5.0 (compatible; YandexBot/3.0; +http://yandex.com/bots)"
87.250.224.215 - - [14/Jul/2025:12:51:49 +0000] "GET /item/shoe70452326/ HTTP/1.1" 404 9552 "-" "Mozilla/5.0 (compatible; YandexBot/3.0; +http://yandex.com/bots)"
209.74.77.214 - - [14/Jul/2025:12:51:55 +0000] "POST /wp-cron.php?doing_wp_cron=1752497515.6872758865356445312500 HTTP/1.1" 200 - "-" "WordPress/6.8.1; https://abl.academy"
213.180.203.86 - - [14/Jul/2025:12:51:55 +0000] "GET /item/mist51734620/ HTTP/1.1" 404 9553 "-" "Mozilla/5.0 (compatible; YandexBot/3.0; +http://yandex.com/bots)"
95.108.213.107 - - [14/Jul/2025:12:51:56 +0000] "GET /item/postg60302205/ HTTP/1.1" 404 9553 "-" "Mozilla/5.0 (compatible; YandexBot/3.0; +http://yandex.com/bots)"
209.74.77.214 - - [14/Jul/2025:12:52:19 +0000] "POST /wp-cron.php?doing_wp_cron=1752497539.4888091087341308593750 HTTP/1.1" 200 - "-" "WordPress/6.8.1; https://abl.academy"
213.180.203.43 - - [14/Jul/2025:12:52:19 +0000] "GET /item/praye61011677/ HTTP/1.1" 404 9552 "-" "Mozilla/5.0 (compatible; YandexBot/3.0; +http://yandex.com/bots)"
213.180.203.188 - - [14/Jul/2025:12:52:19 +0000] "GET /item/preve32557114/ HTTP/1.1" 404 9552 "-" "Mozilla/5.0 (compatible; YandexBot/3.0; +http://yandex.com/bots)"
213.180.203.244 - - [14/Jul/2025:12:52:20 +0000] "GET /item/mode61899149/ HTTP/1.1" 404 9552 "-" "Mozilla/5.0 (compatible; YandexBot/3.0; +http://yandex.com/bots)"
95.108.213.115 - - [14/Jul/2025:12:52:26 +0000] "GET /item/airpo61160725/ HTTP/1.1" 404 9553 "-" "Mozilla/5.0 (compatible; YandexBot/3.0; +http://yandex.com/bots)"
213.180.203.202 - - [14/Jul/2025:12:52:32 +0000] "GET /item/costu31801714/ HTTP/1.1" 404 9552 "-" "Mozilla/5.0 (compatible; YandexBot/3.0; +http://yandex.com/bots)"
213.180.203.153 - - [14/Jul/2025:12:52:39 +0000] "GET /item/elsew41551299/ HTTP/1.1" 404 9552 "-" "Mozilla/5.0 (compatible; YandexBot/3.0; +http://yandex.com/bots)"
66.249.65.198 - - [14/Jul/2025:12:52:51 +0000] "GET /shopdetail/399550049 HTTP/1.1" 200 40747 "-" "Mozilla/5.0 (Linux; Android 6.0.1; Nexus 5X Build/MMB29P) AppleWebKit/537.36 (KHTML, like Gecko) Chrome/137.0.7151.103 Mobile Safari/537.36 (compatible; Googlebot/2.1; +http://www.google.com/bot.html)"
209.74.77.214 - - [14/Jul/2025:12:52:59 +0000] "POST /wp-cron.php?doing_wp_cron=1752497579.0403211116790771484375 HTTP/1.1" 200 - "-" "WordPress/6.8.1; https://abl.academy"
87.250.224.87 - - [14/Jul/2025:12:52:58 +0000] "GET /item/tyre42875547/ HTTP/1.1" 404 9552 "-" "Mozilla/5.0 (compatible; YandexBot/3.0; +http://yandex.com/bots)"
209.74.77.214 - - [14/Jul/2025:12:53:23 +0000] "POST /wp-cron.php?doing_wp_cron=1752497603.4482541084289550781250 HTTP/1.1" 200 - "-" "WordPress/6.8.1; https://abl.academy"
95.108.213.166 - - [14/Jul/2025:12:53:23 +0000] "GET /item/ford30175970/ HTTP/1.1" 404 9552 "-" "Mozilla/5.0 (compatible; YandexBot/3.0; +http://yandex.com/bots)"
95.108.213.142 - - [14/Jul/2025:12:53:25 +0000] "GET /item/visit51044204/ HTTP/1.1" 404 9553 "-" "Mozilla/5.0 (compatible; YandexBot/3.0; +http://yandex.com/bots)"
87.250.224.12 - - [14/Jul/2025:12:53:40 +0000] "GET /item/god42141075/ HTTP/1.1" 404 9553 "-" "Mozilla/5.0 (compatible; YandexBot/3.0; +http://yandex.com/bots)"
209.74.77.214 - - [14/Jul/2025:12:54:22 +0000] "POST /wp-cron.php?doing_wp_cron=1752497662.5773019790649414062500 HTTP/1.1" 200 - "-" "WordPress/6.8.1; https://abl.academy"
87.250.224.24 - - [14/Jul/2025:12:54:21 +0000] "GET /item/eager22370753/ HTTP/1.1" 404 9553 "-" "Mozilla/5.0 (compatible; YandexBot/3.0; +http://yandex.com/bots)"
213.180.203.121 - - [14/Jul/2025:12:54:43 +0000] "GET /item/lovel81980527/ HTTP/1.1" 404 9553 "-" "Mozilla/5.0 (compatible; YandexBot/3.0; +http://yandex.com/bots)"
87.250.224.215 - - [14/Jul/2025:12:54:46 +0000] "GET /item/yoghu32925666/ HTTP/1.1" 404 9553 "-" "Mozilla/5.0 (compatible; YandexBot/3.0; +http://yandex.com/bots)"
66.249.65.199 - - [14/Jul/2025:12:55:00 +0000] "GET /shopdetail/553009449 HTTP/1.1" 200 39755 "-" "Mozilla/5.0 (Linux; Android 6.0.1; Nexus 5X Build/MMB29P) AppleWebKit/537.36 (KHTML, like Gecko) Chrome/137.0.7151.103 Mobile Safari/537.36 (compatible; Googlebot/2.1; +http://www.google.com/bot.html)"
209.74.77.214 - - [14/Jul/2025:12:55:20 +0000] "POST /wp-cron.php?doing_wp_cron=1752497720.9775691032409667968750 HTTP/1.1" 200 - "-" "WordPress/6.8.1; https://abl.academy"
213.180.203.86 - - [14/Jul/2025:12:55:20 +0000] "GET /item/permi72381462/ HTTP/1.1" 404 9553 "-" "Mozilla/5.0 (compatible; YandexBot/3.0; +http://yandex.com/bots)"
95.108.213.107 - - [14/Jul/2025:12:55:52 +0000] "GET /item/teleg50359508/ HTTP/1.1" 404 9553 "-" "Mozilla/5.0 (compatible; YandexBot/3.0; +http://yandex.com/bots) AppleWebKit/537.36 (KHTML, like Gecko) Chrome/108.0.0.0"
209.74.77.214 - - [14/Jul/2025:12:56:03 +0000] "POST /wp-cron.php?doing_wp_cron=1752497763.3864820003509521484375 HTTP/1.1" 200 - "-" "WordPress/6.8.1; https://abl.academy"
213.180.203.43 - - [14/Jul/2025:12:56:03 +0000] "GET /item/liner42930619/ HTTP/1.1" 404 9553 "-" "Mozilla/5.0 (compatible; YandexBot/3.0; +http://yandex.com/bots)"
213.180.203.244 - - [14/Jul/2025:12:56:04 +0000] "GET /item/propo51818364/ HTTP/1.1" 404 9553 "-" "Mozilla/5.0 (compatible; YandexBot/3.0; +http://yandex.com/bots)"
213.180.203.188 - - [14/Jul/2025:12:56:04 +0000] "GET /item/finan21974369/ HTTP/1.1" 404 9553 "-" "Mozilla/5.0 (compatible; YandexBot/3.0; +http://yandex.com/bots)"
209.74.77.214 - - [14/Jul/2025:12:56:31 +0000] "POST /wp-cron.php?doing_wp_cron=1752497791.3573129177093505859375 HTTP/1.1" 200 - "-" "WordPress/6.8.1; https://abl.academy"
95.108.213.115 - - [14/Jul/2025:12:56:31 +0000] "GET /item/litte50988604/ HTTP/1.1" 404 9553 "-" "Mozilla/5.0 (compatible; YandexBot/3.0; +http://yandex.com/bots)"
213.180.203.202 - - [14/Jul/2025:12:56:38 +0000] "GET /item/blend62475349/ HTTP/1.1" 404 9553 "-" "Mozilla/5.0 (compatible; YandexBot/3.0; +http://yandex.com/bots)"
87.250.224.87 - - [14/Jul/2025:12:56:44 +0000] "GET /item/flush62266797/ HTTP/1.1" 404 9553 "-" "Mozilla/5.0 (compatible; YandexBot/3.0; +http://yandex.com/bots)"
213.180.203.153 - - [14/Jul/2025:12:56:45 +0000] "GET /item/recog20622577/ HTTP/1.1" 404 9553 "-" "Mozilla/5.0 (compatible; YandexBot/3.0; +http://yandex.com/bots)"
95.108.213.166 - - [14/Jul/2025:12:56:47 +0000] "GET /item/meat72812886/ HTTP/1.1" 404 9553 "-" "Mozilla/5.0 (compatible; YandexBot/3.0; +http://yandex.com/bots)"
209.74.77.214 - - [14/Jul/2025:12:57:35 +0000] "POST /wp-cron.php?doing_wp_cron=1752497855.3678009510040283203125 HTTP/1.1" 200 - "-" "WordPress/6.8.1; https://abl.academy"
95.108.213.142 - - [14/Jul/2025:12:57:33 +0000] "GET /item/breez20126849/ HTTP/1.1" 404 9553 "-" "Mozilla/5.0 (compatible; YandexBot/3.0; +http://yandex.com/bots)"
87.250.224.12 - - [14/Jul/2025:12:57:40 +0000] "GET /item/dig70885454/ HTTP/1.1" 404 9553 "-" "Mozilla/5.0 (compatible; YandexBot/3.0; +http://yandex.com/bots)"
87.250.224.24 - - [14/Jul/2025:12:57:46 +0000] "GET /item/cafe81295143/ HTTP/1.1" 404 9553 "-" "Mozilla/5.0 (compatible; YandexBot/3.0; +http://yandex.com/bots)"
209.74.77.214 - - [14/Jul/2025:12:57:56 +0000] "POST /wp-cron.php?doing_wp_cron=1752497876.1795120239257812500000 HTTP/1.1" 200 - "-" "WordPress/6.8.1; https://abl.academy"
213.180.203.121 - - [14/Jul/2025:12:57:56 +0000] "GET /item/lorry42854523/ HTTP/1.1" 404 9553 "-" "Mozilla/5.0 (compatible; YandexBot/3.0; +http://yandex.com/bots)"
87.250.224.215 - - [14/Jul/2025:12:58:00 +0000] "GET /item/monst50933796/ HTTP/1.1" 404 9553 "-" "Mozilla/5.0 (compatible; YandexBot/3.0; +http://yandex.com/bots)"
209.74.77.214 - - [14/Jul/2025:12:58:23 +0000] "POST /wp-cron.php?doing_wp_cron=1752497903.1453828811645507812500 HTTP/1.1" 200 - "-" "WordPress/6.8.1; https://abl.academy"
213.180.203.86 - - [14/Jul/2025:12:58:23 +0000] "GET /item/slipp70097758/ HTTP/1.1" 404 9553 "-" "Mozilla/5.0 (compatible; YandexBot/3.0; +http://yandex.com/bots)"
95.108.213.107 - - [14/Jul/2025:12:58:24 +0000] "GET /item/gover11845088/ HTTP/1.1" 404 9553 "-" "Mozilla/5.0 (compatible; YandexBot/3.0; +http://yandex.com/bots)"
213.180.203.43 - - [14/Jul/2025:12:58:37 +0000] "GET /item/youth82698479/ HTTP/1.1" 404 9553 "-" "Mozilla/5.0 (compatible; YandexBot/3.0; +http://yandex.com/bots)"
213.180.203.244 - - [14/Jul/2025:12:58:52 +0000] "GET /item/decor42442411/ HTTP/1.1" 404 9553 "-" "Mozilla/5.0 (compatible; YandexBot/3.0; +http://yandex.com/bots)"
209.74.77.214 - - [14/Jul/2025:12:59:00 +0000] "POST /wp-cron.php?doing_wp_cron=1752497940.4544930458068847656250 HTTP/1.1" 200 - "-" "WordPress/6.8.1; https://abl.academy"
213.180.203.188 - - [14/Jul/2025:12:59:00 +0000] "GET /item/amazi31193762/ HTTP/1.1" 404 9552 "-" "Mozilla/5.0 (compatible; YandexBot/3.0; +http://yandex.com/bots)"
209.74.77.214 - - [14/Jul/2025:12:59:48 +0000] "POST /wp-cron.php?doing_wp_cron=1752497988.2616748809814453125000 HTTP/1.1" 200 - "-" "WordPress/6.8.1; https://abl.academy"
95.108.213.115 - - [14/Jul/2025:12:59:46 +0000] "GET /item/deadl51426220/ HTTP/1.1" 404 9553 "-" "Mozilla/5.0 (compatible; YandexBot/3.0; +http://yandex.com/bots)"
209.74.77.214 - - [14/Jul/2025:13:00:03 +0000] "POST /wp-cron.php?doing_wp_cron=1752498003.9837799072265625000000 HTTP/1.1" 200 - "-" "WordPress/6.8.1; https://abl.academy"
213.180.203.202 - - [14/Jul/2025:13:00:03 +0000] "GET /item/trans52604548/ HTTP/1.1" 404 9553 "-" "Mozilla/5.0 (compatible; YandexBot/3.0; +http://yandex.com/bots)"
209.74.77.214 - - [14/Jul/2025:13:00:46 +0000] "POST /wp-cron.php?doing_wp_cron=1752498046.8518509864807128906250 HTTP/1.1" 200 - "-" "WordPress/6.8.1; https://abl.academy"
170.106.179.68 - - [14/Jul/2025:13:00:45 +0000] "GET /product/karton/feed/ HTTP/1.1" 200 434 "-" "Mozilla/5.0 (iPhone; CPU iPhone OS 13_2_3 like Mac OS X) AppleWebKit/605.1.15 (KHTML, like Gecko) Version/13.0.3 Mobile/15E148 Safari/604.1"
209.74.77.214 - - [14/Jul/2025:13:01:13 +0000] "POST /wp-cron.php?doing_wp_cron=1752498073.2941939830780029296875 HTTP/1.1" 200 - "-" "WordPress/6.8.1; https://abl.academy"
213.180.203.153 - - [14/Jul/2025:13:01:13 +0000] "GET /item/next32092730/ HTTP/1.1" 404 9553 "-" "Mozilla/5.0 (compatible; YandexBot/3.0; +http://yandex.com/bots)"
195.200.31.16 - - [14/Jul/2025:13:01:23 +0000] "GET /lms-wordpress-plugin/ HTTP/1.0" 200 69398 "https://abl.academy/lms-wordpress-plugin/" "Mozilla/5.0 (Windows NT 10.0; Win64; x64) AppleWebKit/537.36 (KHTML, like Gecko) Chrome/131.0.0.0 Safari/537.36"
195.200.31.16 - - [14/Jul/2025:13:01:24 +0000] "POST /wp-comments-post.php HTTP/1.0" 302 - "https://abl.academy/lms-wordpress-plugin/" "Mozilla/5.0 (Windows NT 10.0; Win64; x64) AppleWebKit/537.36 (KHTML, like Gecko) Chrome/131.0.0.0 Safari/537.36"
195.200.31.16 - - [14/Jul/2025:13:01:25 +0000] "GET /lms-wordpress-plugin/?unapproved=5793&moderation-hash=5608bf94ef09187888d9349c2451fdd3 HTTP/1.0" 200 69487 "https://abl.academy/lms-wordpress-plugin/?unapproved=5793&moderation-hash=5608bf94ef09187888d9349c2451fdd3#comment-5793" "Mozilla/5.0 (Windows NT 10.0; Win64; x64) AppleWebKit/537.36 (KHTML, like Gecko) Chrome/131.0.0.0 Safari/537.36"
87.250.224.87 - - [14/Jul/2025:13:01:26 +0000] "GET /item/prope31732602/ HTTP/1.1" 404 9553 "-" "Mozilla/5.0 (compatible; YandexBot/3.0; +http://yandex.com/bots)"
95.108.213.166 - - [14/Jul/2025:13:01:31 +0000] "GET /item/am10629688/ HTTP/1.1" 404 9553 "-" "Mozilla/5.0 (compatible; YandexBot/3.0; +http://yandex.com/bots)"
209.74.77.214 - - [14/Jul/2025:13:02:27 +0000] "POST /wp-cron.php?doing_wp_cron=1752498147.8999280929565429687500 HTTP/1.1" 200 - "-" "WordPress/6.8.1; https://abl.academy"
95.108.213.142 - - [14/Jul/2025:13:02:26 +0000] "GET /item/prove81328095/ HTTP/1.1" 404 9553 "-" "Mozilla/5.0 (compatible; YandexBot/3.0; +http://yandex.com/bots)"
87.250.224.12 - - [14/Jul/2025:13:02:44 +0000] "GET /item/wear71597782/ HTTP/1.1" 404 9553 "-" "Mozilla/5.0 (compatible; YandexBot/3.0; +http://yandex.com/bots)"
209.74.77.214 - - [14/Jul/2025:13:03:51 +0000] "POST /wp-cron.php?doing_wp_cron=1752498231.5653910636901855468750 HTTP/1.1" 200 - "-" "WordPress/6.8.1; https://abl.academy"
87.250.224.24 - - [14/Jul/2025:13:03:50 +0000] "GET /item/bruis22498689/ HTTP/1.1" 404 9553 "-" "Mozilla/5.0 (compatible; YandexBot/3.0; +http://yandex.com/bots)"
185.245.104.241 - - [14/Jul/2025:13:03:53 +0000] "GET /lms-wordpress-plugin/ HTTP/1.0" 200 69398 "https://abl.academy/lms-wordpress-plugin/" "Mozilla/5.0 (Windows NT 10.0; Win64; x64) AppleWebKit/537.36 (KHTML, like Gecko) Chrome/103.0.0.0 Safari/537.36 Herring/95.1.8810.11"
185.245.104.241 - - [14/Jul/2025:13:03:54 +0000] "POST /wp-comments-post.php HTTP/1.0" 302 - "https://abl.academy/lms-wordpress-plugin/" "Mozilla/5.0 (Windows NT 10.0; Win64; x64) AppleWebKit/537.36 (KHTML, like Gecko) Chrome/103.0.0.0 Safari/537.36 Herring/95.1.8810.11"
209.74.77.214 - - [14/Jul/2025:13:03:55 +0000] "POST /wp-cron.php?doing_wp_cron=1752498235.3989169597625732421875 HTTP/1.1" 200 - "-" "WordPress/6.8.1; https://abl.academy"
185.245.104.241 - - [14/Jul/2025:13:03:55 +0000] "GET /lms-wordpress-plugin/?unapproved=5794&moderation-hash=29ecfaa53dc890d5aac2cb355baa7531 HTTP/1.0" 200 69487 "https://abl.academy/lms-wordpress-plugin/?unapproved=5794&moderation-hash=29ecfaa53dc890d5aac2cb355baa7531#comment-5794" "Mozilla/5.0 (Windows NT 10.0; Win64; x64) AppleWebKit/537.36 (KHTML, like Gecko) Chrome/103.0.0.0 Safari/537.36 Herring/95.1.8810.11"
209.74.77.214 - - [14/Jul/2025:13:04:32 +0000] "POST /wp-cron.php?doing_wp_cron=1752498272.1765680313110351562500 HTTP/1.1" 200 - "-" "WordPress/6.8.1; https://abl.academy"
213.180.203.121 - - [14/Jul/2025:13:04:31 +0000] "GET /item/disho42910379/ HTTP/1.1" 404 9553 "-" "Mozilla/5.0 (compatible; YandexBot/3.0; +http://yandex.com/bots)"
94.103.88.177 - - [14/Jul/2025:13:04:30 +0000] "GET /lms-wordpress-plugin/ HTTP/1.0" 200 69398 "https://abl.academy/lms-wordpress-plugin/" "Mozilla/5.0 (Windows NT 10.0; Win64; x64) AppleWebKit/537.36 (KHTML, like Gecko) Chrome/130.0.0.0 Safari/537.36"
94.103.88.177 - - [14/Jul/2025:13:04:33 +0000] "POST /wp-comments-post.php HTTP/1.0" 302 - "https://abl.academy/lms-wordpress-plugin/" "Mozilla/5.0 (Windows NT 10.0; Win64; x64) AppleWebKit/537.36 (KHTML, like Gecko) Chrome/130.0.0.0 Safari/537.36"
94.103.88.177 - - [14/Jul/2025:13:04:34 +0000] "GET /lms-wordpress-plugin/?unapproved=5795&moderation-hash=10d676f7a38e253a853407eeab588ebc HTTP/1.0" 200 69487 "https://abl.academy/lms-wordpress-plugin/?unapproved=5795&moderation-hash=10d676f7a38e253a853407eeab588ebc#comment-5795" "Mozilla/5.0 (Windows NT 10.0; Win64; x64) AppleWebKit/537.36 (KHTML, like Gecko) Chrome/130.0.0.0 Safari/537.36"
209.74.77.214 - - [14/Jul/2025:13:05:02 +0000] "POST /wp-cron.php?doing_wp_cron=1752498302.1668028831481933593750 HTTP/1.1" 200 - "-" "WordPress/6.8.1; https://abl.academy"
87.250.224.215 - - [14/Jul/2025:13:05:02 +0000] "GET /item/cept11999920/ HTTP/1.1" 404 9553 "-" "Mozilla/5.0 (compatible; YandexBot/3.0; +http://yandex.com/bots)"
209.74.77.214 - - [14/Jul/2025:13:05:15 +0000] "POST /wp-cron.php?doing_wp_cron=1752498315.1948070526123046875000 HTTP/1.1" 200 - "-" "WordPress/6.8.1; https://abl.academy"
213.180.203.86 - - [14/Jul/2025:13:05:15 +0000] "GET /item/snack21934081/ HTTP/1.1" 404 9553 "-" "Mozilla/5.0 (compatible; YandexBot/3.0; +http://yandex.com/bots)"
209.74.77.214 - - [14/Jul/2025:13:06:13 +0000] "POST /wp-cron.php?doing_wp_cron=1752498373.5567080974578857421875 HTTP/1.1" 200 - "-" "WordPress/6.8.1; https://abl.academy"
95.108.213.107 - - [14/Jul/2025:13:06:12 +0000] "GET /item/grasp60951133/ HTTP/1.1" 404 9553 "-" "Mozilla/5.0 (compatible; YandexBot/3.0; +http://yandex.com/bots) AppleWebKit/537.36 (KHTML, like Gecko) Chrome/108.0.0.0"
213.180.203.43 - - [14/Jul/2025:13:06:42 +0000] "GET /item/is61409717/ HTTP/1.1" 404 9553 "-" "Mozilla/5.0 (compatible; YandexBot/3.0; +http://yandex.com/bots)"
213.180.203.244 - - [14/Jul/2025:13:06:43 +0000] "GET /item/enter51925308/ HTTP/1.1" 404 9553 "-" "Mozilla/5.0 (compatible; YandexBot/3.0; +http://yandex.com/bots)"
209.74.77.214 - - [14/Jul/2025:13:06:56 +0000] "POST /wp-cron.php?doing_wp_cron=1752498416.0288290977478027343750 HTTP/1.1" 200 - "-" "WordPress/6.8.1; https://abl.academy"
213.180.203.188 - - [14/Jul/2025:13:06:55 +0000] "GET /item/elsew41551299/ HTTP/1.1" 404 9553 "-" "Mozilla/5.0 (compatible; YandexBot/3.0; +http://yandex.com/bots)"
95.108.213.115 - - [14/Jul/2025:13:06:59 +0000] "GET /item/bible32411338/ HTTP/1.1" 404 9553 "-" "Mozilla/5.0 (compatible; YandexBot/3.0; +http://yandex.com/bots)"
213.180.203.202 - - [14/Jul/2025:13:07:08 +0000] "GET /item/mist51734620/ HTTP/1.1" 404 9553 "-" "Mozilla/5.0 (compatible; YandexBot/3.0; +http://yandex.com/bots)"
213.180.203.153 - - [14/Jul/2025:13:07:10 +0000] "GET /item/bible31279338/ HTTP/1.1" 404 9553 "-" "Mozilla/5.0 (compatible; YandexBot/3.0; +http://yandex.com/bots)"
209.74.77.214 - - [14/Jul/2025:13:07:29 +0000] "POST /wp-cron.php?doing_wp_cron=1752498449.3580279350280761718750 HTTP/1.1" 200 - "-" "WordPress/6.8.1; https://abl.academy"
87.250.224.87 - - [14/Jul/2025:13:07:29 +0000] "GET /item/scan10495456/ HTTP/1.1" 404 9553 "-" "Mozilla/5.0 (compatible; YandexBot/3.0; +http://yandex.com/bots)"
95.108.213.166 - - [14/Jul/2025:13:07:44 +0000] "GET /item/numbe82736287/ HTTP/1.1" 404 9553 "-" "Mozilla/5.0 (compatible; YandexBot/3.0; +http://yandex.com/bots)"
209.74.77.214 - - [14/Jul/2025:13:09:32 +0000] "POST /wp-cron.php?doing_wp_cron=1752498572.4740619659423828125000 HTTP/1.1" 200 - "-" "WordPress/6.8.1; https://abl.academy"
95.108.213.142 - - [14/Jul/2025:13:09:31 +0000] "GET /item/milit21838329/ HTTP/1.1" 404 9553 "-" "Mozilla/5.0 (compatible; YandexBot/3.0; +http://yandex.com/bots)"
87.250.224.12 - - [14/Jul/2025:13:09:44 +0000] "GET /item/wise61785021/ HTTP/1.1" 404 9553 "-" "Mozilla/5.0 (compatible; YandexBot/3.0; +http://yandex.com/bots)"
87.250.224.24 - - [14/Jul/2025:13:09:50 +0000] "GET /item/celeb40660971/ HTTP/1.1" 404 9553 "-" "Mozilla/5.0 (compatible; YandexBot/3.0; +http://yandex.com/bots)"
209.74.77.214 - - [14/Jul/2025:13:10:29 +0000] "POST /wp-cron.php?doing_wp_cron=1752498629.3219931125640869140625 HTTP/1.1" 200 - "-" "WordPress/6.8.1; https://abl.academy"
213.180.203.121 - - [14/Jul/2025:13:10:28 +0000] "GET /item/oppre82650799/ HTTP/1.1" 404 9553 "-" "Mozilla/5.0 (compatible; YandexBot/3.0; +http://yandex.com/bots) AppleWebKit/537.36 (KHTML, like Gecko) Chrome/108.0.0.0"
87.250.224.215 - - [14/Jul/2025:13:10:41 +0000] "GET /item/chest61413293/ HTTP/1.1" 404 9553 "-" "Mozilla/5.0 (compatible; YandexBot/3.0; +http://yandex.com/bots)"
209.74.77.214 - - [14/Jul/2025:13:11:04 +0000] "POST /wp-cron.php?doing_wp_cron=1752498664.5729091167449951171875 HTTP/1.1" 200 - "-" "WordPress/6.8.1; https://abl.academy"
170.106.181.163 - - [14/Jul/2025:13:11:04 +0000] "GET /product/daham/ HTTP/1.1" 200 30127 "-" "Mozilla/5.0 (iPhone; CPU iPhone OS 13_2_3 like Mac OS X) AppleWebKit/605.1.15 (KHTML, like Gecko) Version/13.0.3 Mobile/15E148 Safari/604.1"
209.74.77.214 - - [14/Jul/2025:13:11:16 +0000] "POST /wp-cron.php?doing_wp_cron=1752498676.0161969661712646484375 HTTP/1.1" 200 - "-" "WordPress/6.8.1; https://abl.academy"
213.180.203.86 - - [14/Jul/2025:13:11:15 +0000] "GET /item/teal21591897/ HTTP/1.1" 404 9552 "-" "Mozilla/5.0 (compatible; YandexBot/3.0; +http://yandex.com/bots)"
95.108.213.107 - - [14/Jul/2025:13:11:50 +0000] "GET /item/boat10872000/ HTTP/1.1" 404 9553 "-" "Mozilla/5.0 (compatible; YandexBot/3.0; +http://yandex.com/bots) AppleWebKit/537.36 (KHTML, like Gecko) Chrome/108.0.0.0"
209.74.77.214 - - [14/Jul/2025:13:11:58 +0000] "POST /wp-cron.php?doing_wp_cron=1752498718.9582259654998779296875 HTTP/1.1" 200 - "-" "WordPress/6.8.1; https://abl.academy"
213.180.203.43 - - [14/Jul/2025:13:11:58 +0000] "GET /item/presc61026125/ HTTP/1.1" 404 9553 "-" "Mozilla/5.0 (compatible; YandexBot/3.0; +http://yandex.com/bots) AppleWebKit/537.36 (KHTML, like Gecko) Chrome/108.0.0.0"
110.249.202.178 - - [14/Jul/2025:13:12:11 +0000] "GET / HTTP/1.1" 200 9696 "-" "Mozilla/5.0 (Linux; Android 5.0) AppleWebKit/537.36 (KHTML, like Gecko) Mobile Safari/537.36 (compatible; Bytespider; https://zhanzhang.toutiao.com/)"
110.249.202.178 - - [14/Jul/2025:13:12:11 +0000] "GET /wp-content/themes/eduma/assets/css/thim-ekits-icons.min.css?ver=5.5.8 HTTP/1.1" 200 10395 "https://abl.academy/" "Mozilla/5.0 (Linux; Android 5.0) AppleWebKit/537.36 (KHTML, like Gecko) Mobile Safari/537.36 (compatible; Bytespider; https://zhanzhang.toutiao.com/)"
110.249.202.178 - - [14/Jul/2025:13:12:11 +0000] "GET /wp-content/themes/eduma/assets/css/all.min.css?ver=5.5.8 HTTP/1.1" 200 12790 "https://abl.academy/" "Mozilla/5.0 (Linux; Android 5.0) AppleWebKit/537.36 (KHTML, like Gecko) Mobile Safari/537.36 (compatible; Bytespider; https://zhanzhang.toutiao.com/)"
110.249.202.180 - - [14/Jul/2025:13:12:12 +0000] "GET /wp-content/themes/eduma/assets/css/v4-shims.min.css?ver=5.5.8 HTTP/1.1" 200 4228 "https://abl.academy/" "Mozilla/5.0 (Linux; Android 5.0) AppleWebKit/537.36 (KHTML, like Gecko) Mobile Safari/537.36 (compatible; Bytespider; https://zhanzhang.toutiao.com/)"
110.249.202.177 - - [14/Jul/2025:13:12:12 +0000] "GET /wp-includes/css/dist/block-library/style.min.css?ver=6.8.1 HTTP/1.1" 200 15323 "https://abl.academy/" "Mozilla/5.0 (Linux; Android 5.0) AppleWebKit/537.36 (KHTML, like Gecko) Mobile Safari/537.36 (compatible; Bytespider; https://zhanzhang.toutiao.com/)"
110.249.202.175 - - [14/Jul/2025:13:12:12 +0000] "GET /wp-content/plugins/learnpress/assets/css/widgets.min.css?ver=4.2.8.7.4 HTTP/1.1" 200 4619 "https://abl.academy/" "Mozilla/5.0 (Linux; Android 5.0) AppleWebKit/537.36 (KHTML, like Gecko) Mobile Safari/537.36 (compatible; Bytespider; https://zhanzhang.toutiao.com/)"
110.249.202.181 - - [14/Jul/2025:13:12:12 +0000] "GET /wp-content/plugins/woocommerce/assets/css/brands.css?ver=9.9.5 HTTP/1.1" 200 684 "https://abl.academy/" "Mozilla/5.0 (Linux; Android 5.0) AppleWebKit/537.36 (KHTML, like Gecko) Mobile Safari/537.36 (compatible; Bytespider; https://zhanzhang.toutiao.com/)"
110.249.202.179 - - [14/Jul/2025:13:12:12 +0000] "GET /wp-includes/js/jquery/jquery-migrate.min.js?ver=3.4.1 HTTP/1.1" 200 4872 "https://abl.academy/" "Mozilla/5.0 (Linux; Android 5.0) AppleWebKit/537.36 (KHTML, like Gecko) Mobile Safari/537.36 (compatible; Bytespider; https://zhanzhang.toutiao.com/)"
110.249.202.178 - - [14/Jul/2025:13:12:12 +0000] "GET /wp-content/themes/eduma/style.css?ver=5.5.8 HTTP/1.1" 200 104917 "https://abl.academy/" "Mozilla/5.0 (Linux; Android 5.0) AppleWebKit/537.36 (KHTML, like Gecko) Mobile Safari/537.36 (compatible; Bytespider; https://zhanzhang.toutiao.com/)"
110.249.202.180 - - [14/Jul/2025:13:12:12 +0000] "GET /wp-includes/js/jquery/jquery.min.js?ver=3.7.1 HTTP/1.1" 200 30368 "https://abl.academy/" "Mozilla/5.0 (Linux; Android 5.0) AppleWebKit/537.36 (KHTML, like Gecko) Mobile Safari/537.36 (compatible; Bytespider; https://zhanzhang.toutiao.com/)"
110.249.202.178 - - [14/Jul/2025:13:12:12 +0000] "GET /wp-content/plugins/woocommerce/assets/client/blocks/wc-blocks.css?ver=wc-9.9.5 HTTP/1.1" 200 2575 "https://abl.academy/" "Mozilla/5.0 (Linux; Android 5.0) AppleWebKit/537.36 (KHTML, like Gecko) Mobile Safari/537.36 (compatible; Bytespider; https://zhanzhang.toutiao.com/)"
110.249.202.180 - - [14/Jul/2025:13:12:13 +0000] "GET /wp-content/plugins/woocommerce/assets/js/sourcebuster/sourcebuster.min.js?ver=9.9.5 HTTP/1.1" 200 4807 "https://abl.academy/" "Mozilla/5.0 (Linux; Android 5.0) AppleWebKit/537.36 (KHTML, like Gecko) Mobile Safari/537.36 (compatible; Bytespider; https://zhanzhang.toutiao.com/)"
110.249.202.177 - - [14/Jul/2025:13:12:13 +0000] "GET /wp-content/themes/eduma/assets/js/thim-scripts.min.js?ver=5.5.8 HTTP/1.1" 200 9207 "https://abl.academy/" "Mozilla/5.0 (Linux; Android 5.0) AppleWebKit/537.36 (KHTML, like Gecko) Mobile Safari/537.36 (compatible; Bytespider; https://zhanzhang.toutiao.com/)"
110.249.202.175 - - [14/Jul/2025:13:12:13 +0000] "GET /wp-content/plugins/woocommerce/assets/js/frontend/order-attribution.min.js?ver=9.9.5 HTTP/1.1" 200 1128 "https://abl.academy/" "Mozilla/5.0 (Linux; Android 5.0) AppleWebKit/537.36 (KHTML, like Gecko) Mobile Safari/537.36 (compatible; Bytespider; https://zhanzhang.toutiao.com/)"
110.249.202.179 - - [14/Jul/2025:13:12:13 +0000] "GET /wp-includes/js/imagesloaded.min.js?ver=5.0.0 HTTP/1.1" 200 1803 "https://abl.academy/" "Mozilla/5.0 (Linux; Android 5.0) AppleWebKit/537.36 (KHTML, like Gecko) Mobile Safari/537.36 (compatible; Bytespider; https://zhanzhang.toutiao.com/)"
110.249.202.181 - - [14/Jul/2025:13:12:13 +0000] "GET /wp-content/themes/eduma/assets/js/main.min.js?ver=5.5.8 HTTP/1.1" 200 21197 "https://abl.academy/" "Mozilla/5.0 (Linux; Android 5.0) AppleWebKit/537.36 (KHTML, like Gecko) Mobile Safari/537.36 (compatible; Bytespider; https://zhanzhang.toutiao.com/)"
110.249.202.178 - - [14/Jul/2025:13:12:13 +0000] "GET /wp-content/plugins/woocommerce/assets/js/frontend/add-to-cart.min.js?ver=9.9.5 HTTP/1.1" 200 1368 "https://abl.academy/" "Mozilla/5.0 (Linux; Android 5.0) AppleWebKit/537.36 (KHTML, like Gecko) Mobile Safari/537.36 (compatible; Bytespider; https://zhanzhang.toutiao.com/)"
110.249.202.180 - - [14/Jul/2025:13:12:13 +0000] "GET /wp-content/uploads/2024/06/Untitled-design2white.png HTTP/1.1" 206 500 "https://abl.academy/" "Mozilla/5.0 (Linux; Android 5.0) AppleWebKit/537.36 (KHTML, like Gecko) Mobile Safari/537.36 (compatible; Bytespider; https://zhanzhang.toutiao.com/)"
110.249.202.177 - - [14/Jul/2025:13:12:13 +0000] "GET /wp-content/uploads/2022/11/Eduma-cover-banner-17.jpg HTTP/1.1" 206 500 "https://abl.academy/" "Mozilla/5.0 (Linux; Android 5.0) AppleWebKit/537.36 (KHTML, like Gecko) Mobile Safari/537.36 (compatible; Bytespider; https://zhanzhang.toutiao.com/)"
110.249.202.180 - - [14/Jul/2025:13:12:13 +0000] "GET /wp-content/plugins/woocommerce/assets/js/jquery-blockui/jquery.blockUI.min.js?ver=2.7.0-wc.9.9.5 HTTP/1.1" 200 3537 "https://abl.academy/" "Mozilla/5.0 (Linux; Android 5.0) AppleWebKit/537.36 (KHTML, like Gecko) Mobile Safari/537.36 (compatible; Bytespider; https://zhanzhang.toutiao.com/)"
110.249.202.178 - - [14/Jul/2025:13:12:13 +0000] "GET /wp-content/plugins/learnpress/assets/js/dist/loadAJAX.min.js?ver=4.2.8.7.4 HTTP/1.1" 200 1613 "https://abl.academy/" "Mozilla/5.0 (Linux; Android 5.0) AppleWebKit/537.36 (KHTML, like Gecko) Mobile Safari/537.36 (compatible; Bytespider; https://zhanzhang.toutiao.com/)"
209.74.77.214 - - [14/Jul/2025:13:13:20 +0000] "POST /wp-cron.php?doing_wp_cron=1752498800.8433001041412353515625 HTTP/1.1" 200 - "-" "WordPress/6.8.1; https://abl.academy"
213.180.203.244 - - [14/Jul/2025:13:13:19 +0000] "GET /item/affec41265883/ HTTP/1.1" 404 9553 "-" "Mozilla/5.0 (compatible; YandexBot/3.0; +http://yandex.com/bots)"
213.180.203.188 - - [14/Jul/2025:13:13:24 +0000] "GET /item/whale61389157/ HTTP/1.1" 404 9553 "-" "Mozilla/5.0 (compatible; YandexBot/3.0; +http://yandex.com/bots)"
213.180.203.200 - - [14/Jul/2025:13:14:10 +0000] "GET /robots.txt HTTP/1.1" 200 285 "-" "Mozilla/5.0 (compatible; YandexBot/3.0; +http://yandex.com/bots)"
209.74.77.214 - - [14/Jul/2025:13:14:12 +0000] "POST /wp-cron.php?doing_wp_cron=1752498852.1836349964141845703125 HTTP/1.1" 200 - "-" "WordPress/6.8.1; https://abl.academy"
213.180.203.191 - - [14/Jul/2025:13:14:10 +0000] "GET /item/shun62171893/ HTTP/1.1" 404 9553 "-" "Mozilla/5.0 (compatible; YandexBot/3.0; +http://yandex.com/bots)"
95.108.213.243 - - [14/Jul/2025:13:14:37 +0000] "GET /robots.txt HTTP/1.1" 200 285 "-" "Mozilla/5.0 (compatible; YandexBot/3.0; +http://yandex.com/bots)"
213.180.203.6 - - [14/Jul/2025:13:14:37 +0000] "GET /item/mist51734620/ HTTP/1.1" 404 9553 "-" "Mozilla/5.0 (compatible; YandexBot/3.0; +http://yandex.com/bots)"
209.74.77.214 - - [14/Jul/2025:13:15:22 +0000] "POST /wp-cron.php?doing_wp_cron=1752498922.8463909626007080078125 HTTP/1.1" 200 - "-" "WordPress/6.8.1; https://abl.academy"
213.180.203.16 - - [14/Jul/2025:13:15:21 +0000] "GET /item/artic41948475/ HTTP/1.1" 404 9553 "-" "Mozilla/5.0 (compatible; YandexBot/3.0; +http://yandex.com/bots)"
