66.249.74.130 - - [12/Jul/2025:18:28:12 +0000] "GET /?y=5386605061940&mod=da960bb5&uri=dp.php%3Fid%3D179830-270%26name%3Dmicro+ball+pen HTTP/1.1" 200 21483 "-" "Mozilla/5.0 (Linux; Android 6.0.1; Nexus 5X Build/MMB29P) AppleWebKit/537.36 (KHTML, like Gecko) Chrome/137.0.7151.103 Mobile Safari/537.36 (compatible; Googlebot/2.1; +http://www.google.com/bot.html)"
66.249.74.130 - - [12/Jul/2025:18:28:16 +0000] "GET /?y=89042863011940&mod=84106259&uri=shared.php%3Fid%3D2971501-219%26name%3Donline+solar+water+heater HTTP/1.1" 200 22449 "-" "Mozilla/5.0 (Linux; Android 6.0.1; Nexus 5X Build/MMB29P) AppleWebKit/537.36 (KHTML, like Gecko) Chrome/137.0.7151.103 Mobile Safari/537.36 (compatible; Googlebot/2.1; +http://www.google.com/bot.html)"
170.39.218.50 - - [12/Jul/2025:18:32:02 +0000] "GET /wp-includes/js/jquery/jquery.min.js?ver=3.7.1 HTTP/1.1" 200 30368 "-" "Mozilla/5.0 (Macintosh; Intel Mac OS X 10_15_7) AppleWebKit/537.36 Chrome/120.0.0.0"
66.249.74.132 - - [12/Jul/2025:18:58:44 +0000] "GET /?y=48964323051940&mod=75a380a0&uri=shop.php%3Fid%3D1634035-187%26name%3Dtamilrockers+money+heist HTTP/1.1" 200 21543 "-" "Mozilla/5.0 (Linux; Android 6.0.1; Nexus 5X Build/MMB29P) AppleWebKit/537.36 (KHTML, like Gecko) Chrome/137.0.7151.103 Mobile Safari/537.36 (compatible; Googlebot/2.1; +http://www.google.com/bot.html)"
66.249.74.130 - - [12/Jul/2025:18:58:47 +0000] "GET /?y=5704496071940&mod=45624715&uri=dp.php%3Fid%3D190471-333%26name%3Deight+metal+kada HTTP/1.1" 200 22050 "-" "Mozilla/5.0 (Linux; Android 6.0.1; Nexus 5X Build/MMB29P) AppleWebKit/537.36 (KHTML, like Gecko) Chrome/137.0.7151.103 Mobile Safari/537.36 (compatible; Googlebot/2.1; +http://www.google.com/bot.html)"
66.249.74.131 - - [12/Jul/2025:19:02:23 +0000] "GET /?y=64555930081940&mod=539c2943&uri=products.php%3Fid%3D2154280-294%26name%3Dgold+payal+design HTTP/1.1" 200 20791 "-" "Mozilla/5.0 (Linux; Android 6.0.1; Nexus 5X Build/MMB29P) AppleWebKit/537.36 (KHTML, like Gecko) Chrome/137.0.7151.103 Mobile Safari/537.36 (compatible; Googlebot/2.1; +http://www.google.com/bot.html)"
66.249.74.131 - - [12/Jul/2025:19:03:24 +0000] "GET /?y=5335299101940&mod=ca50333d&uri=us.php%3Fid%3D178118-318%26name%3Dasics+a+buen+precio HTTP/1.1" 200 20819 "-" "Mozilla/5.0 (Linux; Android 6.0.1; Nexus 5X Build/MMB29P) AppleWebKit/537.36 (KHTML, like Gecko) Chrome/137.0.7151.103 Mobile Safari/537.36 (compatible; Googlebot/2.1; +http://www.google.com/bot.html)"
66.249.74.130 - - [12/Jul/2025:19:03:37 +0000] "POST /get-message-notify HTTP/1.1" 200 21782 "https://akaventures.com.au/?y=5335299101940&mod=ca50333d&uri=us.php%3Fid%3D178118-318%26name%3Dasics+a+buen+precio" "Mozilla/5.0 (Linux; Android 6.0.1; Nexus 5X Build/MMB29P) AppleWebKit/537.36 (KHTML, like Gecko) Chrome/137.0.7151.119 Mobile Safari/537.36 (compatible; Googlebot/2.1; +http://www.google.com/bot.html)"
66.249.74.132 - - [12/Jul/2025:19:05:02 +0000] "GET /?y=5344119041940&mod=ca50333d&uri=pin.php%3Fid%3D178412-318%26name%3Dzapatillas+adidas+nemeziz+negras HTTP/1.1" 200 21903 "-" "Mozilla/5.0 (Linux; Android 6.0.1; Nexus 5X Build/MMB29P) AppleWebKit/537.36 (KHTML, like Gecko) Chrome/137.0.7151.103 Mobile Safari/537.36 (compatible; Googlebot/2.1; +http://www.google.com/bot.html)"
167.99.209.44 - - [12/Jul/2025:19:09:25 +0000] "GET / HTTP/1.1" 301 - "-" "Mozilla/5.0 (X11; Linux x86_64) AppleWebKit/537.36 (KHTML, like Gecko) Chrome/137.0.0.0 Safari/537.36"
167.99.209.44 - - [12/Jul/2025:19:09:29 +0000] "GET /favicon.ico HTTP/1.1" 302 - "https://mail.akaventures.com.au/" "Mozilla/5.0 (X11; Linux x86_64) AppleWebKit/537.36 (KHTML, like Gecko) Chrome/137.0.0.0 Safari/537.36"
66.249.74.130 - - [12/Jul/2025:19:40:55 +0000] "GET /?y=89038063001940&mod=84106259&uri=product.php%3Fid%3D2971341-219%26name%3Dpowerful+car+heater HTTP/1.1" 200 22157 "-" "Mozilla/5.0 (Linux; Android 6.0.1; Nexus 5X Build/MMB29P) AppleWebKit/537.36 (KHTML, like Gecko) Chrome/137.0.7151.103 Mobile Safari/537.36 (compatible; Googlebot/2.1; +http://www.google.com/bot.html)"
66.249.74.131 - - [12/Jul/2025:19:43:55 +0000] "GET /?y=48595413021940&mod=db3d2070&uri=shop.php%3Fid%3D1621730-586%26name%3Dpoli+vetement+velo HTTP/1.1" 200 20963 "-" "Mozilla/5.0 (Linux; Android 6.0.1; Nexus 5X Build/MMB29P) AppleWebKit/537.36 (KHTML, like Gecko) Chrome/137.0.7151.103 Mobile Safari/537.36 (compatible; Googlebot/2.1; +http://www.google.com/bot.html)"
66.249.74.131 - - [12/Jul/2025:19:44:24 +0000] "GET /?y=5212002081940&mod=75a380a0&uri=blog.php%3Fid%3D173996-187%26name%3Dharry+potter+and+the+philosopher%27s+stone+free HTTP/1.1" 200 21975 "-" "Mozilla/5.0 (Linux; Android 6.0.1; Nexus 5X Build/MMB29P) AppleWebKit/537.36 (KHTML, like Gecko) Chrome/137.0.7151.103 Mobile Safari/537.36 (compatible; Googlebot/2.1; +http://www.google.com/bot.html)"
66.249.74.131 - - [12/Jul/2025:19:46:55 +0000] "GET /?y=5886275031940&mod=c9c346f0&uri=info.php%3Fid%3D196567-155%26name%3Djl+woofer HTTP/1.1" 200 22010 "-" "Mozilla/5.0 (Linux; Android 6.0.1; Nexus 5X Build/MMB29P) AppleWebKit/537.36 (KHTML, like Gecko) Chrome/137.0.7151.103 Mobile Safari/537.36 (compatible; Googlebot/2.1; +http://www.google.com/bot.html)"
66.249.74.130 - - [12/Jul/2025:19:49:58 +0000] "GET /?y=5887025081940&mod=c9c346f0&uri=article.php%3Fid%3D196592-155%26name%3Dmarley+get+up+stand+up+speaker HTTP/1.1" 200 21685 "-" "Mozilla/5.0 (Linux; Android 6.0.1; Nexus 5X Build/MMB29P) AppleWebKit/537.36 (KHTML, like Gecko) Chrome/137.0.7151.103 Mobile Safari/537.36 (compatible; Googlebot/2.1; +http://www.google.com/bot.html)"
66.249.74.131 - - [12/Jul/2025:19:50:25 +0000] "GET /?y=5330259031940&mod=ca50333d&uri=products.php%3Fid%3D177950-318%26name%3Dzapatos+adidas+mujer+baratos HTTP/1.1" 200 20235 "-" "Mozilla/5.0 (Linux; Android 6.0.1; Nexus 5X Build/MMB29P) AppleWebKit/537.36 (KHTML, like Gecko) Chrome/137.0.7151.103 Mobile Safari/537.36 (compatible; Googlebot/2.1; +http://www.google.com/bot.html)"
66.249.74.130 - - [12/Jul/2025:19:50:30 +0000] "POST /get-message-notify HTTP/1.1" 200 21776 "https://akaventures.com.au/?y=5330259031940&mod=ca50333d&uri=products.php%3Fid%3D177950-318%26name%3Dzapatos+adidas+mujer+baratos" "Mozilla/5.0 (Linux; Android 6.0.1; Nexus 5X Build/MMB29P) AppleWebKit/537.36 (KHTML, like Gecko) Chrome/137.0.7151.119 Mobile Safari/537.36 (compatible; Googlebot/2.1; +http://www.google.com/bot.html)"
66.249.74.131 - - [12/Jul/2025:19:53:31 +0000] "GET /?y=5173541091940&mod=c9c346f0&uri=goods.php%3Fid%3D172709-155%26name%3Dgoogle+hub+door+lock HTTP/1.1" 200 22433 "-" "Mozilla/5.0 (Linux; Android 6.0.1; Nexus 5X Build/MMB29P) AppleWebKit/537.36 (KHTML, like Gecko) Chrome/137.0.7151.103 Mobile Safari/537.36 (compatible; Googlebot/2.1; +http://www.google.com/bot.html)"
66.249.74.132 - - [12/Jul/2025:19:56:23 +0000] "GET /?y=5345139081940&mod=ca50333d&uri=news.php%3Fid%3D178446-318%26name%3Dzapatos+adidas+blancos+2017 HTTP/1.1" 200 20965 "-" "Mozilla/5.0 (Linux; Android 6.0.1; Nexus 5X Build/MMB29P) AppleWebKit/537.36 (KHTML, like Gecko) Chrome/137.0.7151.103 Mobile Safari/537.36 (compatible; Googlebot/2.1; +http://www.google.com/bot.html)"
66.249.74.131 - - [12/Jul/2025:19:56:28 +0000] "POST /get-message-notify HTTP/1.1" 200 21777 "https://akaventures.com.au/?y=5345139081940&mod=ca50333d&uri=news.php%3Fid%3D178446-318%26name%3Dzapatos+adidas+blancos+2017" "Mozilla/5.0 (Linux; Android 6.0.1; Nexus 5X Build/MMB29P) AppleWebKit/537.36 (KHTML, like Gecko) Chrome/137.0.7151.119 Mobile Safari/537.36 (compatible; Googlebot/2.1; +http://www.google.com/bot.html)"
66.249.74.132 - - [12/Jul/2025:19:57:14 +0000] "GET /?y=5173121031940&mod=c9c346f0&uri=article.php%3Fid%3D172695-155%26name%3Dsonos+play+watt+power HTTP/1.1" 200 22244 "-" "Mozilla/5.0 (Linux; Android 6.0.1; Nexus 5X Build/MMB29P) AppleWebKit/537.36 (KHTML, like Gecko) Chrome/137.0.7151.103 Mobile Safari/537.36 (compatible; Googlebot/2.1; +http://www.google.com/bot.html)"
66.249.74.131 - - [12/Jul/2025:19:57:19 +0000] "POST /get-message-notify HTTP/1.1" 200 21794 "https://akaventures.com.au/?y=5173121031940&mod=c9c346f0&uri=article.php%3Fid%3D172695-155%26name%3Dsonos+play+watt+power" "Mozilla/5.0 (Linux; Android 6.0.1; Nexus 5X Build/MMB29P) AppleWebKit/537.36 (KHTML, like Gecko) Chrome/137.0.7151.119 Mobile Safari/537.36 (compatible; Googlebot/2.1; +http://www.google.com/bot.html)"
66.249.74.132 - - [12/Jul/2025:20:02:23 +0000] "GET /?y=5326059021940&mod=ca50333d&uri=blog.php%3Fid%3D177810-318%26name%3D21+asics HTTP/1.1" 200 21556 "-" "Mozilla/5.0 (Linux; Android 6.0.1; Nexus 5X Build/MMB29P) AppleWebKit/537.36 (KHTML, like Gecko) Chrome/137.0.7151.103 Mobile Safari/537.36 (compatible; Googlebot/2.1; +http://www.google.com/bot.html)"
184.73.239.35 - - [12/Jul/2025:20:10:46 +0000] "GET /robots.txt HTTP/1.1" 200 87 "-" "Mozilla/5.0 AppleWebKit/537.36 (KHTML, like Gecko; compatible; Amazonbot/0.1; +https://developer.amazon.com/support/amazonbot) Chrome/119.0.6045.214 Safari/537.36"
209.74.77.214 - - [12/Jul/2025:20:10:48 +0000] "POST /wp-cron.php?doing_wp_cron=1752351048.1846439838409423828125 HTTP/1.1" 200 - "-" "WordPress/6.8.1; https://akaventures.com.au"
52.204.253.129 - - [12/Jul/2025:20:10:46 +0000] "GET / HTTP/1.1" 200 21826 "-" "Mozilla/5.0 AppleWebKit/537.36 (KHTML, like Gecko; compatible; Amazonbot/0.1; +https://developer.amazon.com/support/amazonbot) Chrome/119.0.6045.214 Safari/537.36"
209.74.77.214 - - [12/Jul/2025:20:12:27 +0000] "POST /wp-cron.php?doing_wp_cron=1752351147.8626270294189453125000 HTTP/1.1" 200 - "-" "WordPress/6.8.1; https://akaventures.com.au"
68.221.75.31 - - [12/Jul/2025:20:12:26 +0000] "GET /?mod=f18398f8&uri=dp.php?id%3D186989-332%26name%3Da+paan+wala+babu+sambalpuri&y=5601080041940 HTTP/1.1" 301 - "-" "Mozilla/5.0 AppleWebKit/537.36 (KHTML, like Gecko); compatible; ChatGPT-User/1.0; +https://openai.com/bot"
68.221.75.31 - - [12/Jul/2025:20:12:28 +0000] "GET /?mod=f18398f8&uri=dp.php?id%3D186989-332%26name%3Da%20paan%20wala%20babu%20sambalpuri&y=5601080041940 HTTP/1.1" 301 - "-" "Mozilla/5.0 AppleWebKit/537.36 (KHTML, like Gecko); compatible; ChatGPT-User/1.0; +https://openai.com/bot"
4.227.36.20 - - [12/Jul/2025:20:13:16 +0000] "GET /robots.txt HTTP/1.1" 200 87 "-" "Mozilla/5.0 AppleWebKit/537.36 (KHTML, like Gecko; compatible; GPTBot/1.2; +https://openai.com/gptbot)"
209.74.77.214 - - [12/Jul/2025:20:13:18 +0000] "POST /wp-cron.php?doing_wp_cron=1752351198.3156049251556396484375 HTTP/1.1" 200 - "-" "WordPress/6.8.1; https://akaventures.com.au"
20.171.123.78 - - [12/Jul/2025:20:13:17 +0000] "GET /?mod=f18398f8&uri=dp.php%3Fid%3D186989-332%26name%3Da+paan+wala+babu+sambalpuri&y=5601080041940 HTTP/1.1" 301 - "-" "Mozilla/5.0 (Macintosh; Intel Mac OS X 10_15_7) AppleWebKit/537.36 (KHTML, like Gecko) Chrome/131.0.0.0 Safari/537.36; compatible; OAI-SearchBot/1.0; +https://openai.com/searchbot"
20.171.123.78 - - [12/Jul/2025:20:13:18 +0000] "GET /?mod=f18398f8&uri=dp.php%3Fid%3D186989-332%26name%3Da%20paan%20wala%20babu%20sambalpuri&y=5601080041940 HTTP/1.1" 200 21826 "-" "Mozilla/5.0 (Macintosh; Intel Mac OS X 10_15_7) AppleWebKit/537.36 (KHTML, like Gecko) Chrome/131.0.0.0 Safari/537.36; compatible; OAI-SearchBot/1.0; +https://openai.com/searchbot"
69.171.249.8 - - [12/Jul/2025:20:22:24 +0000] "GET /robots.txt HTTP/1.1" 200 72 "-" "facebookexternalhit/1.1 (+http://www.facebook.com/externalhit_uatext.php)"
66.249.74.130 - - [12/Jul/2025:20:55:43 +0000] "GET /?y=5720511051940&mod=ed6e6434&uri=info.php%3Fid%3D191023-334%26name%3Dbarrister+babu+november+2021 HTTP/1.1" 200 21915 "-" "Mozilla/5.0 (Linux; Android 6.0.1; Nexus 5X Build/MMB29P) AppleWebKit/537.36 (KHTML, like Gecko) Chrome/137.0.7151.103 Mobile Safari/537.36 (compatible; Googlebot/2.1; +http://www.google.com/bot.html)"
66.249.74.130 - - [12/Jul/2025:21:08:35 +0000] "GET /?y=5397105061940&mod=da960bb5&uri=search.php%3Fid%3D180180-270%26name%3Dpainters+ultra+fine+paint+pens HTTP/1.1" 200 21907 "-" "Mozilla/5.0 (Linux; Android 6.0.1; Nexus 5X Build/MMB29P) AppleWebKit/537.36 (KHTML, like Gecko) Chrome/137.0.7151.103 Mobile Safari/537.36 (compatible; Googlebot/2.1; +http://www.google.com/bot.html)"
66.249.74.132 - - [12/Jul/2025:21:08:37 +0000] "POST /get-message-notify HTTP/1.1" 200 21762 "https://akaventures.com.au/?y=5397105061940&mod=da960bb5&uri=search.php%3Fid%3D180180-270%26name%3Dpainters+ultra+fine+paint+pens" "Mozilla/5.0 AppleWebKit/537.36 (KHTML, like Gecko; compatible; Googlebot/2.1; +http://www.google.com/bot.html) Chrome/137.0.7151.119 Safari/537.36"
66.249.74.130 - - [12/Jul/2025:21:08:46 +0000] "POST /get-message-notify HTTP/1.1" 200 21772 "https://akaventures.com.au/?y=5397105061940&mod=da960bb5&uri=search.php%3Fid%3D180180-270%26name%3Dpainters+ultra+fine+paint+pens" "Mozilla/5.0 (Linux; Android 6.0.1; Nexus 5X Build/MMB29P) AppleWebKit/537.36 (KHTML, like Gecko) Chrome/137.0.7151.119 Mobile Safari/537.36 (compatible; Googlebot/2.1; +http://www.google.com/bot.html)"
209.74.77.214 - - [12/Jul/2025:21:09:24 +0000] "POST /wp-cron.php?doing_wp_cron=1752354564.6593160629272460937500 HTTP/1.1" 200 - "-" "WordPress/6.8.1; https://akaventures.com.au"
40.84.221.227 - - [12/Jul/2025:21:09:23 +0000] "GET /?mod=1731592a&uri=product.php?id%3D174851-44%26name%3Dsneaker+waschmaschine+welches+programm&y=5237361071940 HTTP/1.1" 301 - "-" "Mozilla/5.0 AppleWebKit/537.36 (KHTML, like Gecko); compatible; ChatGPT-User/1.0; +https://openai.com/bot"
40.84.221.227 - - [12/Jul/2025:21:09:24 +0000] "GET /?mod=1731592a&uri=product.php?id%3D174851-44%26name%3Dsneaker%20waschmaschine%20welches%20programm&y=5237361071940 HTTP/1.1" 301 - "-" "Mozilla/5.0 AppleWebKit/537.36 (KHTML, like Gecko); compatible; ChatGPT-User/1.0; +https://openai.com/bot"
66.249.74.130 - - [12/Jul/2025:21:14:41 +0000] "GET /?y=5278125031940&mod=539c2943&uri=dp.php%3Fid%3D176212-294%26name%3Droxy+jacenko+engagement+ring HTTP/1.1" 200 20382 "-" "Mozilla/5.0 (Linux; Android 6.0.1; Nexus 5X Build/MMB29P) AppleWebKit/537.36 (KHTML, like Gecko) Chrome/137.0.7151.103 Mobile Safari/537.36 (compatible; Googlebot/2.1; +http://www.google.com/bot.html)"
66.249.74.131 - - [12/Jul/2025:21:15:07 +0000] "POST /get-message-notify HTTP/1.1" 200 21771 "https://akaventures.com.au/?y=5278125031940&mod=539c2943&uri=dp.php%3Fid%3D176212-294%26name%3Droxy+jacenko+engagement+ring" "Mozilla/5.0 (Linux; Android 6.0.1; Nexus 5X Build/MMB29P) AppleWebKit/537.36 (KHTML, like Gecko) Chrome/137.0.7151.119 Mobile Safari/537.36 (compatible; Googlebot/2.1; +http://www.google.com/bot.html)"
66.249.74.130 - - [12/Jul/2025:21:15:50 +0000] "GET /?y=5172341051940&mod=c9c346f0&uri=news.php%3Fid%3D172669-155%26name%3Dnew+sonos HTTP/1.1" 200 22160 "-" "Mozilla/5.0 (Linux; Android 6.0.1; Nexus 5X Build/MMB29P) AppleWebKit/537.36 (KHTML, like Gecko) Chrome/137.0.7151.103 Mobile Safari/537.36 (compatible; Googlebot/2.1; +http://www.google.com/bot.html)"
66.249.74.132 - - [12/Jul/2025:21:19:19 +0000] "GET /?y=5401305111940&mod=84106259&uri=article.php%3Fid%3D180320-219%26name%3Dservicing+a+heat+pump HTTP/1.1" 200 21422 "-" "Mozilla/5.0 (Linux; Android 6.0.1; Nexus 5X Build/MMB29P) AppleWebKit/537.36 (KHTML, like Gecko) Chrome/137.0.7151.103 Mobile Safari/537.36 (compatible; Googlebot/2.1; +http://www.google.com/bot.html)"
66.249.74.130 - - [12/Jul/2025:21:19:33 +0000] "POST /get-message-notify HTTP/1.1" 200 21793 "https://akaventures.com.au/?y=5401305111940&mod=84106259&uri=article.php%3Fid%3D180320-219%26name%3Dservicing+a+heat+pump" "Mozilla/5.0 (Linux; Android 6.0.1; Nexus 5X Build/MMB29P) AppleWebKit/537.36 (KHTML, like Gecko) Chrome/137.0.7151.119 Mobile Safari/537.36 (compatible; Googlebot/2.1; +http://www.google.com/bot.html)"
66.249.74.132 - - [12/Jul/2025:21:20:47 +0000] "GET /?y=5402625061940&mod=aef546f2&uri=shop.php%3Fid%3D180364-64%26name%3Doculus+quest HTTP/1.1" 200 21700 "-" "Mozilla/5.0 (Linux; Android 6.0.1; Nexus 5X Build/MMB29P) AppleWebKit/537.36 (KHTML, like Gecko) Chrome/137.0.7151.103 Mobile Safari/537.36 (compatible; Googlebot/2.1; +http://www.google.com/bot.html)"
66.249.74.132 - - [12/Jul/2025:21:22:13 +0000] "GET /?y=36158414041940&mod=c9c346f0&uri=itm.php%3Fid%3D1206820-155%26name%3Dway+speaker+switch+with+volume+control HTTP/1.1" 200 21921 "-" "Mozilla/5.0 (Linux; Android 6.0.1; Nexus 5X Build/MMB29P) AppleWebKit/537.36 (KHTML, like Gecko) Chrome/137.0.7151.103 Mobile Safari/537.36 (compatible; Googlebot/2.1; +http://www.google.com/bot.html)"
66.249.74.131 - - [12/Jul/2025:21:25:14 +0000] "GET /?y=5171741071940&mod=c9c346f0&uri=shared.php%3Fid%3D172649-155%26name%3Dsmart+plug+for+google+mini HTTP/1.1" 200 21954 "-" "Mozilla/5.0 (Linux; Android 6.0.1; Nexus 5X Build/MMB29P) AppleWebKit/537.36 (KHTML, like Gecko) Chrome/137.0.7151.103 Mobile Safari/537.36 (compatible; Googlebot/2.1; +http://www.google.com/bot.html)"
66.249.74.132 - - [12/Jul/2025:21:26:25 +0000] "GET /?y=86516676071940&mod=adf8d7f8&uri=news.php%3Fid%3D2887193-39%26name%3Dtall+square+table+and+chairs HTTP/1.1" 200 21829 "-" "Mozilla/5.0 (Linux; Android 6.0.1; Nexus 5X Build/MMB29P) AppleWebKit/537.36 (KHTML, like Gecko) Chrome/137.0.7151.103 Mobile Safari/537.36 (compatible; Googlebot/2.1; +http://www.google.com/bot.html)"
66.249.74.131 - - [12/Jul/2025:21:26:53 +0000] "GET /?y=5277045001940&mod=539c2943&uri=news.php%3Fid%3D176176-294%26name%3Durmi+mangalsutra HTTP/1.1" 200 21065 "-" "Mozilla/5.0 (Linux; Android 6.0.1; Nexus 5X Build/MMB29P) AppleWebKit/537.36 (KHTML, like Gecko) Chrome/137.0.7151.103 Mobile Safari/537.36 (compatible; Googlebot/2.1; +http://www.google.com/bot.html)"
66.249.74.132 - - [12/Jul/2025:21:28:24 +0000] "GET /?y=5303774031940&mod=b9959873&uri=goods.php%3Fid%3D177067-317%26name%3Dmens+red+suede+pumas HTTP/1.1" 200 21896 "-" "Mozilla/5.0 (Linux; Android 6.0.1; Nexus 5X Build/MMB29P) AppleWebKit/537.36 (KHTML, like Gecko) Chrome/137.0.7151.103 Mobile Safari/537.36 (compatible; Googlebot/2.1; +http://www.google.com/bot.html)"
66.249.74.131 - - [12/Jul/2025:21:28:44 +0000] "POST /get-message-notify HTTP/1.1" 200 21772 "https://akaventures.com.au/?y=5303774031940&mod=b9959873&uri=goods.php%3Fid%3D177067-317%26name%3Dmens+red+suede+pumas" "Mozilla/5.0 (Linux; Android 6.0.1; Nexus 5X Build/MMB29P) AppleWebKit/537.36 (KHTML, like Gecko) Chrome/137.0.7151.119 Mobile Safari/537.36 (compatible; Googlebot/2.1; +http://www.google.com/bot.html)"
66.249.74.131 - - [12/Jul/2025:21:31:33 +0000] "GET /?y=5168667121940&mod=c9c346f0&uri=form.php%3Fid%3D172546-155%26name%3Dsmart+speaker+for+music HTTP/1.1" 200 21482 "-" "Mozilla/5.0 (Linux; Android 6.0.1; Nexus 5X Build/MMB29P) AppleWebKit/537.36 (KHTML, like Gecko) Chrome/137.0.7151.103 Mobile Safari/537.36 (compatible; Googlebot/2.1; +http://www.google.com/bot.html)"
66.249.74.130 - - [12/Jul/2025:21:31:37 +0000] "POST /get-message-notify HTTP/1.1" 200 21774 "https://akaventures.com.au/?y=5168667121940&mod=c9c346f0&uri=form.php%3Fid%3D172546-155%26name%3Dsmart+speaker+for+music" "Mozilla/5.0 (Linux; Android 6.0.1; Nexus 5X Build/MMB29P) AppleWebKit/537.36 (KHTML, like Gecko) Chrome/137.0.7151.119 Mobile Safari/537.36 (compatible; Googlebot/2.1; +http://www.google.com/bot.html)"
66.249.74.132 - - [12/Jul/2025:21:39:06 +0000] "GET /?y=5208848031940&mod=8875c52a&uri=info.php%3Fid%3D173889-299%26name%3Dblue+off+the+shoulder+bodycon+dress HTTP/1.1" 200 20718 "-" "Mozilla/5.0 (Linux; Android 6.0.1; Nexus 5X Build/MMB29P) AppleWebKit/537.36 (KHTML, like Gecko) Chrome/137.0.7151.103 Mobile Safari/537.36 (compatible; Googlebot/2.1; +http://www.google.com/bot.html)"
209.74.77.214 - - [12/Jul/2025:21:58:08 +0000] "POST /wp-cron.php?doing_wp_cron=1752357488.2052381038665771484375 HTTP/1.1" 200 - "-" "WordPress/6.8.1; https://akaventures.com.au"
209.74.77.214 - - [12/Jul/2025:21:58:08 +0000] "POST /wp-cron.php?doing_wp_cron=1752357488.2052381038665771484375 HTTP/1.1" 200 - "-" "WordPress/6.8.1; https://akaventures.com.au"
39.103.152.223 - - [12/Jul/2025:21:58:07 +0000] "GET / HTTP/1.1" 301 - "-" "Mozilla/5.0 (Windows NT 10.0; Win64; x64) AppleWebKit/537.36 (KHTML, like Gecko) Chrome/91.0.4472.124 Safari/537.36"
39.103.152.223 - - [12/Jul/2025:21:58:07 +0000] "GET / HTTP/1.1" 200 21827 "-" "Mozilla/5.0 (Windows NT 10.0; Win64; x64) AppleWebKit/537.36 (KHTML, like Gecko) Chrome/91.0.4472.124 Safari/537.36"
209.74.77.214 - - [12/Jul/2025:21:58:09 +0000] "POST /wp-cron.php?doing_wp_cron=1752357489.1938760280609130859375 HTTP/1.1" 200 - "-" "WordPress/6.8.1; https://akaventures.com.au"
39.103.152.223 - - [12/Jul/2025:21:58:09 +0000] "GET / HTTP/1.1" 200 21827 "-" "Mozilla/5.0 (Windows NT 10.0; Win64; x64) AppleWebKit/537.36 (KHTML, like Gecko) Chrome/91.0.4472.124 Safari/537.36"
39.103.152.223 - - [12/Jul/2025:21:58:09 +0000] "GET / HTTP/1.1" 200 21827 "-" "Mozilla/5.0 (Windows NT 10.0; Win64; x64) AppleWebKit/537.36 (KHTML, like Gecko) Chrome/91.0.4472.124 Safari/537.36"
39.103.152.223 - - [12/Jul/2025:21:58:09 +0000] "GET / HTTP/1.1" 200 21827 "-" "Mozilla/5.0 (Windows NT 10.0; Win64; x64) AppleWebKit/537.36 (KHTML, like Gecko) Chrome/91.0.4472.124 Safari/537.36"
39.103.152.223 - - [12/Jul/2025:21:58:10 +0000] "GET / HTTP/1.1" 200 21827 "-" "Mozilla/5.0 (Windows NT 10.0; Win64; x64) AppleWebKit/537.36 (KHTML, like Gecko) Chrome/91.0.4472.124 Safari/537.36"
185.241.208.99 - - [12/Jul/2025:22:01:29 +0000] "GET / HTTP/1.1" 200 145763 "-" "-"
185.241.208.99 - - [12/Jul/2025:22:01:31 +0000] "GET /wp-admin/install.php HTTP/1.1" 404 61390 "-" "-"
185.241.208.99 - - [12/Jul/2025:22:01:32 +0000] "GET /wp-admin/setup-config.php HTTP/1.1" 409 2665 "-" "-"
66.249.74.131 - - [12/Jul/2025:22:08:55 +0000] "GET /?y=5719624011940&mod=ed6e6434&uri=info.php%3Fid%3D190993-334%26name%3Dskam+s2+e5 HTTP/1.1" 200 21587 "-" "Mozilla/5.0 (Linux; Android 6.0.1; Nexus 5X Build/MMB29P) AppleWebKit/537.36 (KHTML, like Gecko) Chrome/137.0.7151.103 Mobile Safari/537.36 (compatible; Googlebot/2.1; +http://www.google.com/bot.html)"
66.249.74.130 - - [12/Jul/2025:22:09:00 +0000] "POST /get-message-notify HTTP/1.1" 200 21792 "https://akaventures.com.au/?y=5719624011940&mod=ed6e6434&uri=info.php%3Fid%3D190993-334%26name%3Dskam+s2+e5" "Mozilla/5.0 (Linux; Android 6.0.1; Nexus 5X Build/MMB29P) AppleWebKit/537.36 (KHTML, like Gecko) Chrome/137.0.7151.119 Mobile Safari/537.36 (compatible; Googlebot/2.1; +http://www.google.com/bot.html)"
66.249.74.131 - - [12/Jul/2025:22:09:02 +0000] "GET /?y=5718945111940&mod=ed6e6434&uri=us.php%3Fid%3D190969-334%26name%3Dbarrister+babu+barrister+babu HTTP/1.1" 200 21693 "-" "Mozilla/5.0 (Linux; Android 6.0.1; Nexus 5X Build/MMB29P) AppleWebKit/537.36 (KHTML, like Gecko) Chrome/137.0.7151.103 Mobile Safari/537.36 (compatible; Googlebot/2.1; +http://www.google.com/bot.html)"
66.249.74.131 - - [12/Jul/2025:22:09:09 +0000] "GET /?y=5718885091940&mod=ed6e6434&uri=goods.php%3Fid%3D190967-334%26name%3Duzalo+the+latest HTTP/1.1" 200 21431 "-" "Mozilla/5.0 (Linux; Android 6.0.1; Nexus 5X Build/MMB29P) AppleWebKit/537.36 (KHTML, like Gecko) Chrome/137.0.7151.103 Mobile Safari/537.36 (compatible; Googlebot/2.1; +http://www.google.com/bot.html)"
66.249.74.131 - - [12/Jul/2025:22:09:11 +0000] "GET /?y=5719515031940&mod=ed6e6434&uri=products.php%3Fid%3D190989-334%26name%3Diniya+iru+malargal+in+zee5+app HTTP/1.1" 200 22715 "-" "Mozilla/5.0 (Linux; Android 6.0.1; Nexus 5X Build/MMB29P) AppleWebKit/537.36 (KHTML, like Gecko) Chrome/137.0.7151.103 Mobile Safari/537.36 (compatible; Googlebot/2.1; +http://www.google.com/bot.html)"
66.249.74.130 - - [12/Jul/2025:22:09:14 +0000] "GET /?y=5717709051940&mod=ed6e6434&uri=search.php%3Fid%3D190925-334%26name%3Dbe+with+you+2021+eng+sub HTTP/1.1" 200 22173 "-" "Mozilla/5.0 (Linux; Android 6.0.1; Nexus 5X Build/MMB29P) AppleWebKit/537.36 (KHTML, like Gecko) Chrome/137.0.7151.103 Mobile Safari/537.36 (compatible; Googlebot/2.1; +http://www.google.com/bot.html)"
66.249.74.130 - - [12/Jul/2025:22:09:24 +0000] "GET /?y=5719744031940&mod=ed6e6434&uri=news.php%3Fid%3D190997-334%26name%3Dzee5+olimayamana+ethirkaalam HTTP/1.1" 200 21676 "-" "Mozilla/5.0 (Linux; Android 6.0.1; Nexus 5X Build/MMB29P) AppleWebKit/537.36 (KHTML, like Gecko) Chrome/137.0.7151.103 Mobile Safari/537.36 (compatible; Googlebot/2.1; +http://www.google.com/bot.html)"
66.249.74.132 - - [12/Jul/2025:22:10:04 +0000] "POST /get-message-notify HTTP/1.1" 200 21782 "https://akaventures.com.au/?y=5719744031940&mod=ed6e6434&uri=news.php%3Fid%3D190997-334%26name%3Dzee5+olimayamana+ethirkaalam" "Mozilla/5.0 (Linux; Android 6.0.1; Nexus 5X Build/MMB29P) AppleWebKit/537.36 (KHTML, like Gecko) Chrome/137.0.7151.119 Mobile Safari/537.36 (compatible; Googlebot/2.1; +http://www.google.com/bot.html)"
66.249.74.130 - - [12/Jul/2025:22:11:57 +0000] "GET /?y=35569234061940&mod=a8a5d22a&uri=blog.php%3Fid%3D1187164-96%26name%3Dyoda+smart+watch HTTP/1.1" 200 22094 "-" "Mozilla/5.0 (Linux; Android 6.0.1; Nexus 5X Build/MMB29P) AppleWebKit/537.36 (KHTML, like Gecko) Chrome/137.0.7151.103 Mobile Safari/537.36 (compatible; Googlebot/2.1; +http://www.google.com/bot.html)"
66.249.74.131 - - [12/Jul/2025:22:12:33 +0000] "POST /get-message-notify HTTP/1.1" 200 21767 "https://akaventures.com.au/?y=35569234061940&mod=a8a5d22a&uri=blog.php%3Fid%3D1187164-96%26name%3Dyoda+smart+watch" "Mozilla/5.0 (Linux; Android 6.0.1; Nexus 5X Build/MMB29P) AppleWebKit/537.36 (KHTML, like Gecko) Chrome/137.0.7151.119 Mobile Safari/537.36 (compatible; Googlebot/2.1; +http://www.google.com/bot.html)"
66.249.74.130 - - [12/Jul/2025:22:20:57 +0000] "GET /?y=5186816021940&mod=32f79142&uri=blog.php%3Fid%3D173152-139%26name%3Dcard+holder+armani HTTP/1.1" 200 21864 "-" "Mozilla/5.0 (Linux; Android 6.0.1; Nexus 5X Build/MMB29P) AppleWebKit/537.36 (KHTML, like Gecko) Chrome/137.0.7151.103 Mobile Safari/537.36 (compatible; Googlebot/2.1; +http://www.google.com/bot.html)"
66.249.74.131 - - [12/Jul/2025:22:29:57 +0000] "GET /?y=5187326131940&mod=32f79142&uri=search.php%3Fid%3D173169-139%26name%3Darmani+mens+card+holder HTTP/1.1" 200 21953 "-" "Mozilla/5.0 (Linux; Android 6.0.1; Nexus 5X Build/MMB29P) AppleWebKit/537.36 (KHTML, like Gecko) Chrome/137.0.7151.103 Mobile Safari/537.36 (compatible; Googlebot/2.1; +http://www.google.com/bot.html)"
66.249.74.132 - - [12/Jul/2025:22:52:27 +0000] "GET /?y=5342109011940&mod=ca50333d&uri=info.php%3Fid%3D178345-318%26name%3Dzapatos+adidas+tenis HTTP/1.1" 200 20810 "-" "Mozilla/5.0 (Linux; Android 6.0.1; Nexus 5X Build/MMB29P) AppleWebKit/537.36 (KHTML, like Gecko) Chrome/137.0.7151.103 Mobile Safari/537.36 (compatible; Googlebot/2.1; +http://www.google.com/bot.html)"
66.249.74.130 - - [12/Jul/2025:22:52:52 +0000] "POST /get-message-notify HTTP/1.1" 200 21789 "https://akaventures.com.au/?y=5342109011940&mod=ca50333d&uri=info.php%3Fid%3D178345-318%26name%3Dzapatos+adidas+tenis" "Mozilla/5.0 (Linux; Android 6.0.1; Nexus 5X Build/MMB29P) AppleWebKit/537.36 (KHTML, like Gecko) Chrome/137.0.7151.119 Mobile Safari/537.36 (compatible; Googlebot/2.1; +http://www.google.com/bot.html)"
209.74.77.214 - - [12/Jul/2025:22:56:23 +0000] "POST /wp-cron.php?doing_wp_cron=1752360983.3083369731903076171875 HTTP/1.1" 200 - "-" "WordPress/6.8.1; https://akaventures.com.au"
134.209.224.161 - - [12/Jul/2025:22:56:21 +0000] "GET /?y=5648551001940&mod=c20cbf08&uri=brands.php%3Fid%3D188605-315%26name%3Ddeutsche+uhren+microbrands HTTP/1.1" 301 - "-" "Mozilla/5.0 (Linux; Android 9; ASUS_I005DA Build/PI; wv) AppleWebKit/537.36 (KHTML, like Gecko) Version/4.0 Chrome/133.0.6943.122 Mobile"
134.209.224.161 - - [12/Jul/2025:22:56:23 +0000] "GET /?y=5648551001940&mod=c20cbf08&uri=brands.php%3Fid%3D188605-315%26name%3Ddeutsche%20uhren%20microbrands HTTP/1.1" 200 21827 "https://akaventures.com.au/?y=5648551001940&mod=c20cbf08&uri=brands.php%3Fid%3D188605-315%26name%3Ddeutsche+uhren+microbrands" "Mozilla/5.0 (Linux; Android 9; ASUS_I005DA Build/PI; wv) AppleWebKit/537.36 (KHTML, like Gecko) Version/4.0 Chrome/133.0.6943.122 Mobile"
134.209.224.161 - - [12/Jul/2025:22:56:24 +0000] "GET /?mod=c20cbf08&uri=brands.php%3Fid%3D188605-315%26name%3Ddeutsche+uhren+microbrands&y=5648551001940&y=%27 HTTP/1.1" 301 - "-" "Mozilla/5.0 (Linux; Android 9; ASUS_I005DA Build/PI; wv) AppleWebKit/537.36 (KHTML, like Gecko) Version/4.0 Chrome/133.0.6943.122 Mobile"
134.209.224.161 - - [12/Jul/2025:22:56:25 +0000] "GET /?mod=c20cbf08&mod=&uri=brands.php%3Fid%3D188605-315%26name%3Ddeutsche+uhren+microbrands&y=5648551001940 HTTP/1.1" 301 - "-" "Mozilla/5.0 (Linux; Android 9; ASUS_I005DA Build/PI; wv) AppleWebKit/537.36 (KHTML, like Gecko) Version/4.0 Chrome/133.0.6943.122 Mobile"
134.209.224.161 - - [12/Jul/2025:22:56:24 +0000] "GET /.env HTTP/1.1" 404 13226 "-" "Mozilla/5.0 (Linux; Android 9; ASUS_I005DA Build/PI; wv) AppleWebKit/537.36 (KHTML, like Gecko) Version/4.0 Chrome/133.0.6943.122 Mobile"
134.209.224.161 - - [12/Jul/2025:22:56:24 +0000] "GET /adminer.php HTTP/1.1" 404 13226 "-" "Mozilla/5.0 (Linux; Android 9; ASUS_I005DA Build/PI; wv) AppleWebKit/537.36 (KHTML, like Gecko) Version/4.0 Chrome/133.0.6943.122 Mobile"
134.209.224.161 - - [12/Jul/2025:22:56:24 +0000] "GET /?mod=c20cbf08&uri=brands.php%3Fid%3D188605-315%26name%3Ddeutsche+uhren+microbrands&y=5648551001940&y=..%252F..%252F..%252F..%252F..%252F..%252F..%252F..%252F..%252Fetc%252Fpasswd HTTP/1.1" 301 - "-" "Mozilla/5.0 (Linux; Android 9; ASUS_I005DA Build/PI; wv) AppleWebKit/537.36 (KHTML, like Gecko) Version/4.0 Chrome/133.0.6943.122 Mobile"
134.209.224.161 - - [12/Jul/2025:22:56:24 +0000] "GET /?mod=c20cbf08&uri=brands.php%3Fid%3D188605-315%26name%3Ddeutsche+uhren+microbrands&y=%3Cscript%3Ealert%28%27XSS%27%29%3C%2Fscript%3E HTTP/1.1" 301 - "-" "Mozilla/5.0 (Linux; Android 9; ASUS_I005DA Build/PI; wv) AppleWebKit/537.36 (KHTML, like Gecko) Version/4.0 Chrome/133.0.6943.122 Mobile"
134.209.224.161 - - [12/Jul/2025:22:56:25 +0000] "GET /?mod=c20cbf08&uri=brands.php%3Fid%3D188605-315%26name%3Ddeutsche%20uhren%20microbrands&y=%27 HTTP/1.1" 200 21827 "https://akaventures.com.au/?mod=c20cbf08&uri=brands.php%3Fid%3D188605-315%26name%3Ddeutsche+uhren+microbrands&y=5648551001940&y=%27" "Mozilla/5.0 (Linux; Android 9; ASUS_I005DA Build/PI; wv) AppleWebKit/537.36 (KHTML, like Gecko) Version/4.0 Chrome/133.0.6943.122 Mobile"
134.209.224.161 - - [12/Jul/2025:22:56:25 +0000] "GET /?mod&uri=brands.php%3Fid%3D188605-315%26name%3Ddeutsche%20uhren%20microbrands&y=5648551001940 HTTP/1.1" 200 21827 "https://akaventures.com.au/?mod=c20cbf08&mod=&uri=brands.php%3Fid%3D188605-315%26name%3Ddeutsche+uhren+microbrands&y=5648551001940" "Mozilla/5.0 (Linux; Android 9; ASUS_I005DA Build/PI; wv) AppleWebKit/537.36 (KHTML, like Gecko) Version/4.0 Chrome/133.0.6943.122 Mobile"
134.209.224.161 - - [12/Jul/2025:22:56:25 +0000] "GET /?mod=c20cbf08&uri=brands.php%3Fid%3D188605-315%26name%3Ddeutsche%20uhren%20microbrands&y=..%252F..%252F..%252F..%252F..%252F..%252F..%252F..%252F..%252Fetc%252Fpasswd HTTP/1.1" 200 21827 "https://akaventures.com.au/?mod=c20cbf08&uri=brands.php%3Fid%3D188605-315%26name%3Ddeutsche+uhren+microbrands&y=5648551001940&y=..%252F..%252F..%252F..%252F..%252F..%252F..%252F..%252F..%252Fetc%252Fpasswd" "Mozilla/5.0 (Linux; Android 9; ASUS_I005DA Build/PI; wv) AppleWebKit/537.36 (KHTML, like Gecko) Version/4.0 Chrome/133.0.6943.122 Mobile"
134.209.224.161 - - [12/Jul/2025:22:56:25 +0000] "GET /?mod=c20cbf08&uri=brands.php%3Fid%3D188605-315%26name%3Ddeutsche%20uhren%20microbrands&y=%3Cscript%3Ealert%28%27XSS%27%29%3C%2Fscript%3E HTTP/1.1" 200 21827 "https://akaventures.com.au/?mod=c20cbf08&uri=brands.php%3Fid%3D188605-315%26name%3Ddeutsche+uhren+microbrands&y=%3Cscript%3Ealert%28%27XSS%27%29%3C%2Fscript%3E" "Mozilla/5.0 (Linux; Android 9; ASUS_I005DA Build/PI; wv) AppleWebKit/537.36 (KHTML, like Gecko) Version/4.0 Chrome/133.0.6943.122 Mobile"
134.209.224.161 - - [12/Jul/2025:22:56:26 +0000] "GET /?mod=c20cbf08&mod=%27&uri=brands.php%3Fid%3D188605-315%26name%3Ddeutsche+uhren+microbrands&y=5648551001940 HTTP/1.1" 301 - "-" "Mozilla/5.0 (Linux; Android 9; ASUS_I005DA Build/PI; wv) AppleWebKit/537.36 (KHTML, like Gecko) Version/4.0 Chrome/133.0.6943.122 Mobile"
134.209.224.161 - - [12/Jul/2025:22:56:26 +0000] "GET /?mod=c20cbf08&uri=brands.php%3Fid%3D188605-315%26name%3Ddeutsche+uhren+microbrands&uri=&y=5648551001940 HTTP/1.1" 301 - "-" "Mozilla/5.0 (Linux; Android 9; ASUS_I005DA Build/PI; wv) AppleWebKit/537.36 (KHTML, like Gecko) Version/4.0 Chrome/133.0.6943.122 Mobile"
134.209.224.161 - - [12/Jul/2025:22:56:26 +0000] "GET /?mod=c20cbf08&mod=..%252F..%252F..%252F..%252F..%252F..%252F..%252F..%252F..%252Fetc%252Fpasswd&uri=brands.php%3Fid%3D188605-315%26name%3Ddeutsche+uhren+microbrands&y=5648551001940 HTTP/1.1" 301 - "-" "Mozilla/5.0 (Linux; Android 9; ASUS_I005DA Build/PI; wv) AppleWebKit/537.36 (KHTML, like Gecko) Version/4.0 Chrome/133.0.6943.122 Mobile"
134.209.224.161 - - [12/Jul/2025:22:56:26 +0000] "GET /?mod=%3Cscript%3Ealert%28%27XSS%27%29%3C%2Fscript%3E&uri=brands.php%3Fid%3D188605-315%26name%3Ddeutsche+uhren+microbrands&y=5648551001940 HTTP/1.1" 301 - "-" "Mozilla/5.0 (Linux; Android 9; ASUS_I005DA Build/PI; wv) AppleWebKit/537.36 (KHTML, like Gecko) Version/4.0 Chrome/133.0.6943.122 Mobile"
134.209.224.161 - - [12/Jul/2025:22:56:27 +0000] "GET /?mod=..%252F..%252F..%252F..%252F..%252F..%252F..%252F..%252F..%252Fetc%252Fpasswd&uri=brands.php%3Fid%3D188605-315%26name%3Ddeutsche%20uhren%20microbrands&y=5648551001940 HTTP/1.1" 200 21827 "https://akaventures.com.au/?mod=c20cbf08&mod=..%252F..%252F..%252F..%252F..%252F..%252F..%252F..%252F..%252Fetc%252Fpasswd&uri=brands.php%3Fid%3D188605-315%26name%3Ddeutsche+uhren+microbrands&y=5648551001940" "Mozilla/5.0 (Linux; Android 9; ASUS_I005DA Build/PI; wv) AppleWebKit/537.36 (KHTML, like Gecko) Version/4.0 Chrome/133.0.6943.122 Mobile"
134.209.224.161 - - [12/Jul/2025:22:56:27 +0000] "GET /?mod=c20cbf08&uri&y=5648551001940 HTTP/1.1" 200 21827 "https://akaventures.com.au/?mod=c20cbf08&uri=brands.php%3Fid%3D188605-315%26name%3Ddeutsche+uhren+microbrands&uri=&y=5648551001940" "Mozilla/5.0 (Linux; Android 9; ASUS_I005DA Build/PI; wv) AppleWebKit/537.36 (KHTML, like Gecko) Version/4.0 Chrome/133.0.6943.122 Mobile"
134.209.224.161 - - [12/Jul/2025:22:56:27 +0000] "GET /?mod=%27&uri=brands.php%3Fid%3D188605-315%26name%3Ddeutsche%20uhren%20microbrands&y=5648551001940 HTTP/1.1" 200 21827 "https://akaventures.com.au/?mod=c20cbf08&mod=%27&uri=brands.php%3Fid%3D188605-315%26name%3Ddeutsche+uhren+microbrands&y=5648551001940" "Mozilla/5.0 (Linux; Android 9; ASUS_I005DA Build/PI; wv) AppleWebKit/537.36 (KHTML, like Gecko) Version/4.0 Chrome/133.0.6943.122 Mobile"
134.209.224.161 - - [12/Jul/2025:22:56:27 +0000] "GET /?mod=%3Cscript%3Ealert%28%27XSS%27%29%3C%2Fscript%3E&uri=brands.php%3Fid%3D188605-315%26name%3Ddeutsche%20uhren%20microbrands&y=5648551001940 HTTP/1.1" 200 21827 "https://akaventures.com.au/?mod=%3Cscript%3Ealert%28%27XSS%27%29%3C%2Fscript%3E&uri=brands.php%3Fid%3D188605-315%26name%3Ddeutsche+uhren+microbrands&y=5648551001940" "Mozilla/5.0 (Linux; Android 9; ASUS_I005DA Build/PI; wv) AppleWebKit/537.36 (KHTML, like Gecko) Version/4.0 Chrome/133.0.6943.122 Mobile"
134.209.224.161 - - [12/Jul/2025:22:56:28 +0000] "GET /?mod=c20cbf08&uri=brands.php%3Fid%3D188605-315%26name%3Ddeutsche+uhren+microbrands&uri=..%252F..%252F..%252F..%252F..%252F..%252F..%252F..%252F..%252Fetc%252Fpasswd&y=5648551001940 HTTP/1.1" 301 - "-" "Mozilla/5.0 (Linux; Android 9; ASUS_I005DA Build/PI; wv) AppleWebKit/537.36 (KHTML, like Gecko) Version/4.0 Chrome/133.0.6943.122 Mobile"
134.209.224.161 - - [12/Jul/2025:22:56:28 +0000] "GET /?mod=c20cbf08&uri=brands.php%3Fid%3D188605-315%26name%3Ddeutsche+uhren+microbrands&y=5648551001940&y= HTTP/1.1" 301 - "-" "Mozilla/5.0 (Linux; Android 9; ASUS_I005DA Build/PI; wv) AppleWebKit/537.36 (KHTML, like Gecko) Version/4.0 Chrome/133.0.6943.122 Mobile"
134.209.224.161 - - [12/Jul/2025:22:56:28 +0000] "GET /?mod=c20cbf08&uri=brands.php%3Fid%3D188605-315%26name%3Ddeutsche+uhren+microbrands&uri=%27&y=5648551001940 HTTP/1.1" 301 - "-" "Mozilla/5.0 (Linux; Android 9; ASUS_I005DA Build/PI; wv) AppleWebKit/537.36 (KHTML, like Gecko) Version/4.0 Chrome/133.0.6943.122 Mobile"
134.209.224.161 - - [12/Jul/2025:22:56:28 +0000] "GET /?mod=c20cbf08&uri=%3Cscript%3Ealert%28%27XSS%27%29%3C%2Fscript%3E&y=5648551001940 HTTP/1.1" 200 21827 "-" "Mozilla/5.0 (Linux; Android 9; ASUS_I005DA Build/PI; wv) AppleWebKit/537.36 (KHTML, like Gecko) Version/4.0 Chrome/133.0.6943.122 Mobile"
134.209.224.161 - - [12/Jul/2025:22:56:28 +0000] "GET /?mod=c20cbf08&uri=brands.php%3Fid%3D188605-315%26name%3Ddeutsche%20uhren%20microbrands&y HTTP/1.1" 200 21827 "https://akaventures.com.au/?mod=c20cbf08&uri=brands.php%3Fid%3D188605-315%26name%3Ddeutsche+uhren+microbrands&y=5648551001940&y=" "Mozilla/5.0 (Linux; Android 9; ASUS_I005DA Build/PI; wv) AppleWebKit/537.36 (KHTML, like Gecko) Version/4.0 Chrome/133.0.6943.122 Mobile"
134.209.224.161 - - [12/Jul/2025:22:56:28 +0000] "GET /?mod=c20cbf08&uri=%27&y=5648551001940 HTTP/1.1" 200 21827 "https://akaventures.com.au/?mod=c20cbf08&uri=brands.php%3Fid%3D188605-315%26name%3Ddeutsche+uhren+microbrands&uri=%27&y=5648551001940" "Mozilla/5.0 (Linux; Android 9; ASUS_I005DA Build/PI; wv) AppleWebKit/537.36 (KHTML, like Gecko) Version/4.0 Chrome/133.0.6943.122 Mobile"
134.209.224.161 - - [12/Jul/2025:22:56:28 +0000] "GET /?mod=c20cbf08&uri=..%252F..%252F..%252F..%252F..%252F..%252F..%252F..%252F..%252Fetc%252Fpasswd&y=5648551001940 HTTP/1.1" 200 21827 "https://akaventures.com.au/?mod=c20cbf08&uri=brands.php%3Fid%3D188605-315%26name%3Ddeutsche+uhren+microbrands&uri=..%252F..%252F..%252F..%252F..%252F..%252F..%252F..%252F..%252Fetc%252Fpasswd&y=5648551001940" "Mozilla/5.0 (Linux; Android 9; ASUS_I005DA Build/PI; wv) AppleWebKit/537.36 (KHTML, like Gecko) Version/4.0 Chrome/133.0.6943.122 Mobile"
134.209.224.161 - - [12/Jul/2025:22:56:29 +0000] "GET /?mod=%27&uri=%27&y=%27 HTTP/1.1" 200 21827 "-" "Mozilla/5.0 (Linux; Android 9; ASUS_I005DA Build/PI; wv) AppleWebKit/537.36 (KHTML, like Gecko) Version/4.0 Chrome/133.0.6943.122 Mobile"
134.209.224.161 - - [12/Jul/2025:22:56:30 +0000] "GET /?mod=c20cbf08&uri=brands.php%3Fid%3D188605-315%26name%3Ddeutsche+uhren+microbrands&y=5648551001940%27 HTTP/1.1" 301 - "-" "Mozilla/5.0 (Linux; Android 9; ASUS_I005DA Build/PI; wv) AppleWebKit/537.36 (KHTML, like Gecko) Version/4.0 Chrome/133.0.6943.122 Mobile"
134.209.224.161 - - [12/Jul/2025:22:56:31 +0000] "GET /?mod=c20cbf08&uri=brands.php%3Fid%3D188605-315%26name%3Ddeutsche%20uhren%20microbrands&y=5648551001940%27 HTTP/1.1" 200 21827 "https://akaventures.com.au/?mod=c20cbf08&uri=brands.php%3Fid%3D188605-315%26name%3Ddeutsche+uhren+microbrands&y=5648551001940%27" "Mozilla/5.0 (Linux; Android 9; ASUS_I005DA Build/PI; wv) AppleWebKit/537.36 (KHTML, like Gecko) Version/4.0 Chrome/133.0.6943.122 Mobile"
134.209.224.161 - - [12/Jul/2025:22:56:32 +0000] "GET /?mod=c20cbf08%27&uri=brands.php%3Fid%3D188605-315%26name%3Ddeutsche+uhren+microbrands&y=5648551001940 HTTP/1.1" 301 - "-" "Mozilla/5.0 (Linux; Android 9; ASUS_I005DA Build/PI; wv) AppleWebKit/537.36 (KHTML, like Gecko) Version/4.0 Chrome/133.0.6943.122 Mobile"
134.209.224.161 - - [12/Jul/2025:22:56:32 +0000] "GET /?mod=c20cbf08%27&uri=brands.php%3Fid%3D188605-315%26name%3Ddeutsche%20uhren%20microbrands&y=5648551001940 HTTP/1.1" 200 21827 "https://akaventures.com.au/?mod=c20cbf08%27&uri=brands.php%3Fid%3D188605-315%26name%3Ddeutsche+uhren+microbrands&y=5648551001940" "Mozilla/5.0 (Linux; Android 9; ASUS_I005DA Build/PI; wv) AppleWebKit/537.36 (KHTML, like Gecko) Version/4.0 Chrome/133.0.6943.122 Mobile"
134.209.224.161 - - [12/Jul/2025:22:56:33 +0000] "GET /?mod=c20cbf08&uri=brands.php%3Fid%3D188605-315%26name%3Ddeutsche+uhren+microbrands%27&y=5648551001940 HTTP/1.1" 301 - "-" "Mozilla/5.0 (Linux; Android 9; ASUS_I005DA Build/PI; wv) AppleWebKit/537.36 (KHTML, like Gecko) Version/4.0 Chrome/133.0.6943.122 Mobile"
134.209.224.161 - - [12/Jul/2025:22:56:34 +0000] "GET /?mod=c20cbf08&uri=brands.php%3Fid%3D188605-315%26name%3Ddeutsche%20uhren%20microbrands%27&y=5648551001940 HTTP/1.1" 200 21827 "https://akaventures.com.au/?mod=c20cbf08&uri=brands.php%3Fid%3D188605-315%26name%3Ddeutsche+uhren+microbrands%27&y=5648551001940" "Mozilla/5.0 (Linux; Android 9; ASUS_I005DA Build/PI; wv) AppleWebKit/537.36 (KHTML, like Gecko) Version/4.0 Chrome/133.0.6943.122 Mobile"
66.249.74.131 - - [12/Jul/2025:23:01:28 +0000] "GET /?y=5294204001940&mod=b9959873&uri=info.php%3Fid%3D176748-317%26name%3Dbalenciaga+type+s HTTP/1.1" 200 22112 "-" "Mozilla/5.0 (Linux; Android 6.0.1; Nexus 5X Build/MMB29P) AppleWebKit/537.36 (KHTML, like Gecko) Chrome/137.0.7151.103 Mobile Safari/537.36 (compatible; Googlebot/2.1; +http://www.google.com/bot.html)"
173.208.198.210 - - [12/Jul/2025:23:36:59 +0000] "GET /?testPage HTTP/1.1" 200 21827 "-" "Mozilla/5.0 (Windows NT 10.0; Win64; x64) AppleWebKit/537.36 (KHTML, like Gecko) Chrome/125.0.0.0 Safari/537.36"
66.249.74.130 - - [12/Jul/2025:23:41:33 +0000] "GET /?y=5246702061940&mod=db07748a&uri=us.php%3Fid%3D175164-314%26name%3Donly+lange+strickjacke HTTP/1.1" 200 21709 "-" "Mozilla/5.0 (Linux; Android 6.0.1; Nexus 5X Build/MMB29P) AppleWebKit/537.36 (KHTML, like Gecko) Chrome/137.0.7151.103 Mobile Safari/537.36 (compatible; Googlebot/2.1; +http://www.google.com/bot.html)"
66.249.74.131 - - [12/Jul/2025:23:41:44 +0000] "POST /get-message-notify HTTP/1.1" 200 21774 "https://akaventures.com.au/?y=5246702061940&mod=db07748a&uri=us.php%3Fid%3D175164-314%26name%3Donly+lange+strickjacke" "Mozilla/5.0 (Linux; Android 6.0.1; Nexus 5X Build/MMB29P) AppleWebKit/537.36 (KHTML, like Gecko) Chrome/137.0.7151.119 Mobile Safari/537.36 (compatible; Googlebot/2.1; +http://www.google.com/bot.html)"
209.74.77.214 - - [13/Jul/2025:00:08:21 +0000] "POST /wp-cron.php?doing_wp_cron=1752365301.0222671031951904296875 HTTP/1.1" 200 - "-" "WordPress/6.8.1; https://akaventures.com.au"
20.161.75.216 - - [13/Jul/2025:00:08:19 +0000] "GET /?mod=75a380a0&uri=info.php?id%3D3698400-187%26name%3Dseiko+srpe+55&y=110819483001940 HTTP/1.1" 301 - "-" "Mozilla/5.0 AppleWebKit/537.36 (KHTML, like Gecko); compatible; ChatGPT-User/1.0; +https://openai.com/bot"
20.161.75.216 - - [13/Jul/2025:00:08:21 +0000] "GET /?mod=75a380a0&uri=info.php?id%3D3698400-187%26name%3Dseiko%20srpe%2055&y=110819483001940 HTTP/1.1" 301 - "-" "Mozilla/5.0 AppleWebKit/537.36 (KHTML, like Gecko); compatible; ChatGPT-User/1.0; +https://openai.com/bot"
209.74.77.214 - - [13/Jul/2025:00:10:14 +0000] "POST /wp-cron.php?doing_wp_cron=1752365414.4875209331512451171875 HTTP/1.1" 200 - "-" "WordPress/6.8.1; https://akaventures.com.au"
172.182.194.147 - - [13/Jul/2025:00:10:13 +0000] "GET /?mod=75a380a0&uri=info.php%3Fid%3D3698400-187%26name%3Dseiko+srpe+55&y=110819483001940 HTTP/1.1" 301 - "-" "Mozilla/5.0 (Macintosh; Intel Mac OS X 10_15_7) AppleWebKit/537.36 (KHTML, like Gecko) Chrome/131.0.0.0 Safari/537.36; compatible; OAI-SearchBot/1.0; +https://openai.com/searchbot"
172.182.194.147 - - [13/Jul/2025:00:10:14 +0000] "GET /?mod=75a380a0&uri=info.php%3Fid%3D3698400-187%26name%3Dseiko%20srpe%2055&y=110819483001940 HTTP/1.1" 200 21825 "-" "Mozilla/5.0 (Macintosh; Intel Mac OS X 10_15_7) AppleWebKit/537.36 (KHTML, like Gecko) Chrome/131.0.0.0 Safari/537.36; compatible; OAI-SearchBot/1.0; +https://openai.com/searchbot"
209.74.77.214 - - [13/Jul/2025:00:33:52 +0000] "POST /wp-cron.php?doing_wp_cron=1752366832.9395239353179931640625 HTTP/1.1" 200 - "-" "WordPress/6.8.1; https://akaventures.com.au"
169.224.121.47 - - [13/Jul/2025:00:33:51 +0000] "GET /?y=%27nvOpzp;%20AND%201=1%20OR%20(%3C%27%22%3EiKO)),&mod=%27nvOpzp;%20AND%201=1%20OR%20(%3C%27%22%3EiKO)),&uri=%27nvOpzp;%20AND%201=1%20OR%20(%3C%27%22%3EiKO)), HTTP/1.1" 301 - "-" "-"
169.224.121.47 - - [13/Jul/2025:00:33:53 +0000] "GET /?y=%27nvOpzp%3B%20AND%201%3D1%20OR%20%28%3C%27%22%3EiKO%29%29%2C&mod=%27nvOpzp%3B%20AND%201%3D1%20OR%20%28%3C%27%22%3EiKO%29%29%2C&uri=%27nvOpzp%3B%20AND%201%3D1%20OR%20%28%3C%27%22%3EiKO%29%29%2C HTTP/1.1" 200 21826 "https://akaventures.com.au/?y=%27nvOpzp;%20AND%201=1%20OR%20(%3C%27%22%3EiKO)),&mod=%27nvOpzp;%20AND%201=1%20OR%20(%3C%27%22%3EiKO)),&uri=%27nvOpzp;%20AND%201=1%20OR%20(%3C%27%22%3EiKO))," "-"
66.249.74.130 - - [13/Jul/2025:01:07:34 +0000] "GET /?y=5290004101940&mod=54eb5510&uri=news.php%3Fid%3D176608-144%26name%3Dted+baker+unicorn+dress HTTP/1.1" 200 21300 "-" "Mozilla/5.0 (Linux; Android 6.0.1; Nexus 5X Build/MMB29P) AppleWebKit/537.36 (KHTML, like Gecko) Chrome/137.0.7151.103 Mobile Safari/537.36 (compatible; Googlebot/2.1; +http://www.google.com/bot.html)"
66.249.74.131 - - [13/Jul/2025:01:16:28 +0000] "GET /?y=36148754001940&mod=c9c346f0&uri=form.php%3Fid%3D1206498-155%26name%3Dlow+profile+ceiling+speakers HTTP/1.1" 200 22168 "-" "Mozilla/5.0 (Linux; Android 6.0.1; Nexus 5X Build/MMB29P) AppleWebKit/537.36 (KHTML, like Gecko) Chrome/137.0.7151.103 Mobile Safari/537.36 (compatible; Googlebot/2.1; +http://www.google.com/bot.html)"
66.249.74.132 - - [13/Jul/2025:01:21:26 +0000] "GET /?y=44601306051940&mod=d23a0a28&uri=form.php%3Fid%3D1488489-739%26name%3D4x+reading+glasses HTTP/1.1" 200 22164 "-" "Mozilla/5.0 (Linux; Android 6.0.1; Nexus 5X Build/MMB29P) AppleWebKit/537.36 (KHTML, like Gecko) Chrome/137.0.7151.103 Mobile Safari/537.36 (compatible; Googlebot/2.1; +http://www.google.com/bot.html)"
66.249.74.130 - - [13/Jul/2025:01:25:28 +0000] "GET /?y=44435835081940&mod=c9c346f0&uri=goods.php%3Fid%3D1482968-155%26name%3Dklipsch+quintet+wall+mount HTTP/1.1" 200 21643 "-" "Mozilla/5.0 (Linux; Android 6.0.1; Nexus 5X Build/MMB29P) AppleWebKit/537.36 (KHTML, like Gecko) Chrome/137.0.7151.103 Mobile Safari/537.36 (compatible; Googlebot/2.1; +http://www.google.com/bot.html)"
209.74.77.214 - - [13/Jul/2025:01:35:12 +0000] "POST /wp-cron.php?doing_wp_cron=1752370512.7499370574951171875000 HTTP/1.1" 200 - "-" "WordPress/6.8.1; https://akaventures.com.au"
172.213.11.147 - - [13/Jul/2025:01:35:10 +0000] "GET /?mod=5d55e7c1&uri=shared.php?id%3D193361-57%26name%3Djbl+infinity+glide+510+review&y=5790235011940 HTTP/1.1" 301 - "-" "Mozilla/5.0 AppleWebKit/537.36 (KHTML, like Gecko); compatible; ChatGPT-User/1.0; +https://openai.com/bot"
172.213.11.147 - - [13/Jul/2025:01:35:12 +0000] "GET /?mod=5d55e7c1&uri=shared.php?id%3D193361-57%26name%3Djbl%20infinity%20glide%20510%20review&y=5790235011940 HTTP/1.1" 301 - "-" "Mozilla/5.0 AppleWebKit/537.36 (KHTML, like Gecko); compatible; ChatGPT-User/1.0; +https://openai.com/bot"
104.210.140.134 - - [13/Jul/2025:01:35:40 +0000] "GET /robots.txt HTTP/1.1" 200 87 "-" "Mozilla/5.0 (Macintosh; Intel Mac OS X 10_15_7) AppleWebKit/537.36 (KHTML, like Gecko) Chrome/131.0.0.0 Safari/537.36; compatible; OAI-SearchBot/1.0; +https://openai.com/searchbot"
209.74.77.214 - - [13/Jul/2025:01:37:49 +0000] "POST /wp-cron.php?doing_wp_cron=1752370669.3511190414428710937500 HTTP/1.1" 200 - "-" "WordPress/6.8.1; https://akaventures.com.au"
20.171.123.65 - - [13/Jul/2025:01:37:47 +0000] "GET /?mod=5d55e7c1&uri=shared.php%3Fid%3D193361-57%26name%3Djbl+infinity+glide+510+review&y=5790235011940 HTTP/1.1" 301 - "-" "Mozilla/5.0 (Macintosh; Intel Mac OS X 10_15_7) AppleWebKit/537.36 (KHTML, like Gecko) Chrome/131.0.0.0 Safari/537.36; compatible; OAI-SearchBot/1.0; +https://openai.com/searchbot"
20.171.123.65 - - [13/Jul/2025:01:37:49 +0000] "GET /?mod=5d55e7c1&uri=shared.php%3Fid%3D193361-57%26name%3Djbl%20infinity%20glide%20510%20review&y=5790235011940 HTTP/1.1" 200 21826 "-" "Mozilla/5.0 (Macintosh; Intel Mac OS X 10_15_7) AppleWebKit/537.36 (KHTML, like Gecko) Chrome/131.0.0.0 Safari/537.36; compatible; OAI-SearchBot/1.0; +https://openai.com/searchbot"
66.249.74.131 - - [13/Jul/2025:01:50:00 +0000] "GET /?y=5201899011940&mod=32f79142&uri=pin.php%3Fid%3D173655-139%26name%3Dpink+sequin+lips+jumper HTTP/1.1" 200 21032 "-" "Mozilla/5.0 (Linux; Android 6.0.1; Nexus 5X Build/MMB29P) AppleWebKit/537.36 (KHTML, like Gecko) Chrome/137.0.7151.103 Mobile Safari/537.36 (compatible; Googlebot/2.1; +http://www.google.com/bot.html)"
66.249.74.132 - - [13/Jul/2025:01:55:21 +0000] "GET /?y=44819231031940&mod=a205ed56&uri=goods.php%3Fid%3D1495757-449%26name%3Dparker+knoll+penshurst+chair+cover HTTP/1.1" 200 21549 "-" "Mozilla/5.0 (Linux; Android 6.0.1; Nexus 5X Build/MMB29P) AppleWebKit/537.36 (KHTML, like Gecko) Chrome/137.0.7151.103 Mobile Safari/537.36 (compatible; Googlebot/2.1; +http://www.google.com/bot.html)"
66.249.74.130 - - [13/Jul/2025:01:55:20 +0000] "GET /?y=36268651011940&mod=19b29d1c&uri=itm.php%3Fid%3D1210495-213%26name%3Dcal%C3%83%C2%A7a+pantalona+alfaiataria HTTP/1.1" 200 21817 "-" "Mozilla/5.0 (Linux; Android 6.0.1; Nexus 5X Build/MMB29P) AppleWebKit/537.36 (KHTML, like Gecko) Chrome/137.0.7151.103 Mobile Safari/537.36 (compatible; Googlebot/2.1; +http://www.google.com/bot.html)"
66.249.74.131 - - [13/Jul/2025:01:55:24 +0000] "POST /get-message-notify HTTP/1.1" 200 21790 "https://akaventures.com.au/?y=36268651011940&mod=19b29d1c&uri=itm.php%3Fid%3D1210495-213%26name%3Dcal%C3%83%C2%A7a+pantalona+alfaiataria" "Mozilla/5.0 (Linux; Android 6.0.1; Nexus 5X Build/MMB29P) AppleWebKit/537.36 (KHTML, like Gecko) Chrome/137.0.7151.119 Mobile Safari/537.36 (compatible; Googlebot/2.1; +http://www.google.com/bot.html)"
66.249.74.131 - - [13/Jul/2025:01:55:54 +0000] "GET /?y=36264241001940&mod=19b29d1c&uri=info.php%3Fid%3D1210348-213%26name%3Desporte+fino+feminino+jeans HTTP/1.1" 200 22020 "-" "Mozilla/5.0 (Linux; Android 6.0.1; Nexus 5X Build/MMB29P) AppleWebKit/537.36 (KHTML, like Gecko) Chrome/137.0.7151.103 Mobile Safari/537.36 (compatible; Googlebot/2.1; +http://www.google.com/bot.html)"
66.249.74.131 - - [13/Jul/2025:01:55:55 +0000] "GET /?y=5869599061940&mod=68b7007a&uri=category-info.php%3Fid%3D196010-341%26name%3Dmaquina+de+hacer+jugos HTTP/1.1" 200 21898 "-" "Mozilla/5.0 (Linux; Android 6.0.1; Nexus 5X Build/MMB29P) AppleWebKit/537.36 (KHTML, like Gecko) Chrome/137.0.7151.103 Mobile Safari/537.36 (compatible; Googlebot/2.1; +http://www.google.com/bot.html)"
