66.249.74.132 - - [12/Jul/2025:12:57:05 +0000] "GET /?y=5963741081940&mod=43542e3a&uri=search.php%3Fid%3D199150-344%26name%3Dshoe+size+18+in+eu HTTP/1.1" 200 21048 "-" "Mozilla/5.0 (Linux; Android 6.0.1; Nexus 5X Build/MMB29P) AppleWebKit/537.36 (KHTML, like Gecko) Chrome/137.0.7151.103 Mobile Safari/537.36 (compatible; Googlebot/2.1; +http://www.google.com/bot.html)"
66.249.74.131 - - [12/Jul/2025:12:57:10 +0000] "GET /?y=5278965011940&mod=539c2943&uri=us.php%3Fid%3D176240-294%26name%3Dtiffany+and+co+elle+woods+necklace HTTP/1.1" 200 21347 "-" "Mozilla/5.0 (Linux; Android 6.0.1; Nexus 5X Build/MMB29P) AppleWebKit/537.36 (KHTML, like Gecko) Chrome/137.0.7151.103 Mobile Safari/537.36 (compatible; Googlebot/2.1; +http://www.google.com/bot.html)"
66.249.74.130 - - [12/Jul/2025:12:57:10 +0000] "GET /?y=36155054081940&mod=c9c346f0&uri=news.php%3Fid%3D1206708-155%26name%3Dbest+kicker+speakers+for+bass HTTP/1.1" 200 21384 "-" "Mozilla/5.0 (Linux; Android 6.0.1; Nexus 5X Build/MMB29P) AppleWebKit/537.36 (KHTML, like Gecko) Chrome/137.0.7151.103 Mobile Safari/537.36 (compatible; Googlebot/2.1; +http://www.google.com/bot.html)"
66.249.74.131 - - [12/Jul/2025:12:57:13 +0000] "GET /?y=35410764061940&mod=c9c346f0&uri=form.php%3Fid%3D1181876-155%26name%3Dpeerless+tweeter HTTP/1.1" 200 21562 "-" "Mozilla/5.0 (Linux; Android 6.0.1; Nexus 5X Build/MMB29P) AppleWebKit/537.36 (KHTML, like Gecko) Chrome/137.0.7151.103 Mobile Safari/537.36 (compatible; Googlebot/2.1; +http://www.google.com/bot.html)"
66.249.74.130 - - [12/Jul/2025:12:57:18 +0000] "GET /?y=5242766021940&mod=889b262e&uri=us.php%3Fid%3D175032-312%26name%3Dmascarillas+munich+mujer HTTP/1.1" 200 21025 "-" "Mozilla/5.0 (Linux; Android 6.0.1; Nexus 5X Build/MMB29P) AppleWebKit/537.36 (KHTML, like Gecko) Chrome/137.0.7151.103 Mobile Safari/537.36 (compatible; Googlebot/2.1; +http://www.google.com/bot.html)"
66.249.74.130 - - [12/Jul/2025:12:57:18 +0000] "GET /?y=50061434021940&mod=b9959873&uri=info.php%3Fid%3D1670638-317%26name%3Dmacys+womens+slip+on+shoes HTTP/1.1" 200 21438 "-" "Mozilla/5.0 (Linux; Android 6.0.1; Nexus 5X Build/MMB29P) AppleWebKit/537.36 (KHTML, like Gecko) Chrome/137.0.7151.103 Mobile Safari/537.36 (compatible; Googlebot/2.1; +http://www.google.com/bot.html)"
66.249.74.130 - - [12/Jul/2025:12:57:19 +0000] "GET /?y=24832052031940&mod=c9c346f0&uri=brands.php%3Fid%3D828805-155%26name%3Dalexa+speaker+sonos HTTP/1.1" 200 22007 "-" "Mozilla/5.0 (Linux; Android 6.0.1; Nexus 5X Build/MMB29P) AppleWebKit/537.36 (KHTML, like Gecko) Chrome/137.0.7151.103 Mobile Safari/537.36 (compatible; Googlebot/2.1; +http://www.google.com/bot.html)"
66.249.74.130 - - [12/Jul/2025:12:57:21 +0000] "POST /get-message-notify HTTP/1.1" 200 21802 "https://akaventures.com.au/?y=5242766021940&mod=889b262e&uri=us.php%3Fid%3D175032-312%26name%3Dmascarillas+munich+mujer" "Mozilla/5.0 (Linux; Android 6.0.1; Nexus 5X Build/MMB29P) AppleWebKit/537.36 (KHTML, like Gecko) Chrome/137.0.7151.119 Mobile Safari/537.36 (compatible; Googlebot/2.1; +http://www.google.com/bot.html)"
66.249.74.130 - - [12/Jul/2025:12:57:24 +0000] "GET /?y=5585292081940&mod=576de785&uri=dp.php%3Fid%3D186458-330%26name%3Decobee+thermal+protect HTTP/1.1" 200 22026 "-" "Mozilla/5.0 (Linux; Android 6.0.1; Nexus 5X Build/MMB29P) AppleWebKit/537.36 (KHTML, like Gecko) Chrome/137.0.7151.103 Mobile Safari/537.36 (compatible; Googlebot/2.1; +http://www.google.com/bot.html)"
66.249.74.130 - - [12/Jul/2025:12:57:25 +0000] "GET /?y=5581932001940&mod=576de785&uri=blog.php%3Fid%3D186346-330%26name%3Ddrayton+trv4+body HTTP/1.1" 200 21854 "-" "Mozilla/5.0 (Linux; Android 6.0.1; Nexus 5X Build/MMB29P) AppleWebKit/537.36 (KHTML, like Gecko) Chrome/137.0.7151.103 Mobile Safari/537.36 (compatible; Googlebot/2.1; +http://www.google.com/bot.html)"
66.249.74.130 - - [12/Jul/2025:12:57:28 +0000] "GET /?y=5365466061940&mod=7d0bbf7a&uri=us.php%3Fid%3D179125-322%26name%3Dasko+d1706 HTTP/1.1" 200 20856 "-" "Mozilla/5.0 (Linux; Android 6.0.1; Nexus 5X Build/MMB29P) AppleWebKit/537.36 (KHTML, like Gecko) Chrome/137.0.7151.103 Mobile Safari/537.36 (compatible; Googlebot/2.1; +http://www.google.com/bot.html)"
66.249.74.130 - - [12/Jul/2025:12:57:31 +0000] "GET /?y=5287664061940&mod=b9959873&uri=form.php%3Fid%3D176530-317%26name%3Dred+lv+air+forces HTTP/1.1" 200 21992 "-" "Mozilla/5.0 (Linux; Android 6.0.1; Nexus 5X Build/MMB29P) AppleWebKit/537.36 (KHTML, like Gecko) Chrome/137.0.7151.103 Mobile Safari/537.36 (compatible; Googlebot/2.1; +http://www.google.com/bot.html)"
66.249.74.130 - - [12/Jul/2025:12:57:34 +0000] "GET /?y=5489864011940&mod=3c50daca&uri=goods.php%3Fid%3D183274-328%26name%3Dherrenschuhe+think HTTP/1.1" 200 22335 "-" "Mozilla/5.0 (Linux; Android 6.0.1; Nexus 5X Build/MMB29P) AppleWebKit/537.36 (KHTML, like Gecko) Chrome/137.0.7151.103 Mobile Safari/537.36 (compatible; Googlebot/2.1; +http://www.google.com/bot.html)"
66.249.74.131 - - [12/Jul/2025:12:58:09 +0000] "POST /get-message-notify HTTP/1.1" 200 21765 "https://akaventures.com.au/?y=5287664061940&mod=b9959873&uri=form.php%3Fid%3D176530-317%26name%3Dred+lv+air+forces" "Mozilla/5.0 (Linux; Android 6.0.1; Nexus 5X Build/MMB29P) AppleWebKit/537.36 (KHTML, like Gecko) Chrome/137.0.7151.119 Mobile Safari/537.36 (compatible; Googlebot/2.1; +http://www.google.com/bot.html)"
66.249.74.130 - - [12/Jul/2025:12:58:19 +0000] "GET /?y=5319639051940&mod=ca50333d&uri=us.php%3Fid%3D177596-318%26name%3Dzapatillas+adidas+originals+doradas HTTP/1.1" 200 20477 "-" "Mozilla/5.0 (Linux; Android 6.0.1; Nexus 5X Build/MMB29P) AppleWebKit/537.36 (KHTML, like Gecko) Chrome/137.0.7151.103 Mobile Safari/537.36 (compatible; Googlebot/2.1; +http://www.google.com/bot.html)"
66.249.74.130 - - [12/Jul/2025:12:58:21 +0000] "GET /pcmypage?callback=/product%2Fdetail%2F119856634032940 HTTP/1.1" 200 20158 "-" "Mozilla/5.0 (Linux; Android 6.0.1; Nexus 5X Build/MMB29P) AppleWebKit/537.36 (KHTML, like Gecko) Chrome/137.0.7151.103 Mobile Safari/537.36 (compatible; Googlebot/2.1; +http://www.google.com/bot.html)"
66.249.74.131 - - [12/Jul/2025:12:58:23 +0000] "GET /cd.html HTTP/1.1" 200 21523 "-" "Mozilla/5.0 (Linux; Android 6.0.1; Nexus 5X Build/MMB29P) AppleWebKit/537.36 (KHTML, like Gecko) Chrome/137.0.7151.103 Mobile Safari/537.36 (compatible; Googlebot/2.1; +http://www.google.com/bot.html)"
66.249.74.130 - - [12/Jul/2025:12:58:29 +0000] "GET /pcsp.html HTTP/1.1" 200 21528 "-" "Mozilla/5.0 (Linux; Android 6.0.1; Nexus 5X Build/MMB29P) AppleWebKit/537.36 (KHTML, like Gecko) Chrome/137.0.7151.103 Mobile Safari/537.36 (compatible; Googlebot/2.1; +http://www.google.com/bot.html)"
66.249.74.130 - - [12/Jul/2025:12:58:30 +0000] "GET /recruit HTTP/1.1" 200 21717 "-" "Mozilla/5.0 (Linux; Android 6.0.1; Nexus 5X Build/MMB29P) AppleWebKit/537.36 (KHTML, like Gecko) Chrome/137.0.7151.103 Mobile Safari/537.36 (compatible; Googlebot/2.1; +http://www.google.com/bot.html)"
66.249.74.130 - - [12/Jul/2025:12:58:32 +0000] "GET /pcmypage HTTP/1.1" 200 22242 "-" "Mozilla/5.0 (Linux; Android 6.0.1; Nexus 5X Build/MMB29P) AppleWebKit/537.36 (KHTML, like Gecko) Chrome/137.0.7151.103 Mobile Safari/537.36 (compatible; Googlebot/2.1; +http://www.google.com/bot.html)"
66.249.74.130 - - [12/Jul/2025:12:58:33 +0000] "GET /books.html HTTP/1.1" 200 21365 "-" "Mozilla/5.0 (Linux; Android 6.0.1; Nexus 5X Build/MMB29P) AppleWebKit/537.36 (KHTML, like Gecko) Chrome/137.0.7151.103 Mobile Safari/537.36 (compatible; Googlebot/2.1; +http://www.google.com/bot.html)"
66.249.74.130 - - [12/Jul/2025:12:58:36 +0000] "GET /events/ HTTP/1.1" 200 21843 "-" "Mozilla/5.0 (Linux; Android 6.0.1; Nexus 5X Build/MMB29P) AppleWebKit/537.36 (KHTML, like Gecko) Chrome/137.0.7151.103 Mobile Safari/537.36 (compatible; Googlebot/2.1; +http://www.google.com/bot.html)"
66.249.74.130 - - [12/Jul/2025:12:58:45 +0000] "POST /get-message-notify HTTP/1.1" 200 21788 "https://akaventures.com.au/?y=5585292081940&mod=576de785&uri=dp.php%3Fid%3D186458-330%26name%3Decobee+thermal+protect" "Mozilla/5.0 (Linux; Android 6.0.1; Nexus 5X Build/MMB29P) AppleWebKit/537.36 (KHTML, like Gecko) Chrome/137.0.7151.119 Mobile Safari/537.36 (compatible; Googlebot/2.1; +http://www.google.com/bot.html)"
66.249.74.130 - - [12/Jul/2025:12:58:57 +0000] "GET /?y=5359362121940&mod=99d86f4e&uri=form.php%3Fid%3D178921-323%26name%3D30+oz+rambler HTTP/1.1" 200 20901 "-" "Mozilla/5.0 (Linux; Android 6.0.1; Nexus 5X Build/MMB29P) AppleWebKit/537.36 (KHTML, like Gecko) Chrome/137.0.7151.103 Mobile Safari/537.36 (compatible; Googlebot/2.1; +http://www.google.com/bot.html)"
66.249.74.130 - - [12/Jul/2025:12:58:59 +0000] "POST /get-message-notify HTTP/1.1" 200 21771 "https://akaventures.com.au/?y=5359362121940&mod=99d86f4e&uri=form.php%3Fid%3D178921-323%26name%3D30+oz+rambler" "Mozilla/5.0 (Linux; Android 6.0.1; Nexus 5X Build/MMB29P) AppleWebKit/537.36 (KHTML, like Gecko) Chrome/137.0.7151.119 Mobile Safari/537.36 (compatible; Googlebot/2.1; +http://www.google.com/bot.html)"
66.249.74.132 - - [12/Jul/2025:12:59:18 +0000] "POST /get-message-notify HTTP/1.1" 200 21776 "https://akaventures.com.au/?y=5319639051940&mod=ca50333d&uri=us.php%3Fid%3D177596-318%26name%3Dzapatillas+adidas+originals+doradas" "Mozilla/5.0 (Linux; Android 6.0.1; Nexus 5X Build/MMB29P) AppleWebKit/537.36 (KHTML, like Gecko) Chrome/137.0.7151.119 Mobile Safari/537.36 (compatible; Googlebot/2.1; +http://www.google.com/bot.html)"
66.249.74.130 - - [12/Jul/2025:12:59:22 +0000] "GET /?y=5187266011940&mod=32f79142&uri=category-info.php%3Fid%3D173167-139%26name%3Dribbed+wrap+cardigan HTTP/1.1" 200 21353 "-" "Mozilla/5.0 (Linux; Android 6.0.1; Nexus 5X Build/MMB29P) AppleWebKit/537.36 (KHTML, like Gecko) Chrome/137.0.7151.103 Mobile Safari/537.36 (compatible; Googlebot/2.1; +http://www.google.com/bot.html)"
66.249.74.130 - - [12/Jul/2025:13:00:36 +0000] "GET /?y=104125215031940&mod=c9c346f0&uri=products.php%3Fid%3D3474981-155%26name%3Dyamaha+dbr+15+price HTTP/1.1" 200 22029 "-" "Mozilla/5.0 (Linux; Android 6.0.1; Nexus 5X Build/MMB29P) AppleWebKit/537.36 (KHTML, like Gecko) Chrome/137.0.7151.103 Mobile Safari/537.36 (compatible; Googlebot/2.1; +http://www.google.com/bot.html)"
66.249.74.130 - - [12/Jul/2025:13:01:09 +0000] "GET /?y=119684773001940&mod=ea422b28&uri=itm.php%3Fid%3D3994246-484%26name%3Dmen%27s+swimwear HTTP/1.1" 200 21450 "-" "Mozilla/5.0 (Linux; Android 6.0.1; Nexus 5X Build/MMB29P) AppleWebKit/537.36 (KHTML, like Gecko) Chrome/137.0.7151.103 Mobile Safari/537.36 (compatible; Googlebot/2.1; +http://www.google.com/bot.html)"
66.249.74.130 - - [12/Jul/2025:13:01:49 +0000] "GET /?y=119106629061940&mod=e6aff32c&uri=dp.php%3Fid%3D3974961-433%26name%3Dsteve+madden+bow+slides HTTP/1.1" 200 21618 "-" "Mozilla/5.0 (Linux; Android 6.0.1; Nexus 5X Build/MMB29P) AppleWebKit/537.36 (KHTML, like Gecko) Chrome/137.0.7151.103 Mobile Safari/537.36 (compatible; Googlebot/2.1; +http://www.google.com/bot.html)"
66.249.74.130 - - [12/Jul/2025:13:03:52 +0000] "GET /?y=5309534041940&mod=b9959873&uri=shared.php%3Fid%3D177259-317%26name%3Dugg+boots+sale+40 HTTP/1.1" 200 21756 "-" "Mozilla/5.0 (Linux; Android 6.0.1; Nexus 5X Build/MMB29P) AppleWebKit/537.36 (KHTML, like Gecko) Chrome/137.0.7151.103 Mobile Safari/537.36 (compatible; Googlebot/2.1; +http://www.google.com/bot.html)"
66.249.74.132 - - [12/Jul/2025:13:04:01 +0000] "GET /?y=5308574021940&mod=b9959873&uri=shared.php%3Fid%3D177227-317%26name%3Dnike+air+baby+shoes HTTP/1.1" 200 21923 "-" "Mozilla/5.0 (Linux; Android 6.0.1; Nexus 5X Build/MMB29P) AppleWebKit/537.36 (KHTML, like Gecko) Chrome/137.0.7151.103 Mobile Safari/537.36 (compatible; Googlebot/2.1; +http://www.google.com/bot.html)"
66.249.74.130 - - [12/Jul/2025:13:04:05 +0000] "POST /get-message-notify HTTP/1.1" 200 21786 "https://akaventures.com.au/?y=5309534041940&mod=b9959873&uri=shared.php%3Fid%3D177259-317%26name%3Dugg+boots+sale+40" "Mozilla/5.0 (Linux; Android 6.0.1; Nexus 5X Build/MMB29P) AppleWebKit/537.36 (KHTML, like Gecko) Chrome/137.0.7151.119 Mobile Safari/537.36 (compatible; Googlebot/2.1; +http://www.google.com/bot.html)"
173.208.198.210 - - [12/Jul/2025:13:04:14 +0000] "GET /?testPage HTTP/1.1" 200 21827 "-" "Mozilla/5.0 (Windows NT 10.0; Win64; x64) AppleWebKit/537.36 (KHTML, like Gecko) Chrome/125.0.0.0 Safari/537.36"
66.249.74.130 - - [12/Jul/2025:13:04:16 +0000] "GET /?y=5308814101940&mod=b9959873&uri=search.php%3Fid%3D177235-317%26name%3Dbaby+dinosaur+slippers HTTP/1.1" 200 21376 "-" "Mozilla/5.0 (Linux; Android 6.0.1; Nexus 5X Build/MMB29P) AppleWebKit/537.36 (KHTML, like Gecko) Chrome/137.0.7151.103 Mobile Safari/537.36 (compatible; Googlebot/2.1; +http://www.google.com/bot.html)"
66.249.74.132 - - [12/Jul/2025:13:06:14 +0000] "GET /?y=5305934041940&mod=b9959873&uri=search.php%3Fid%3D177139-317%26name%3Dair+max+95+v+97 HTTP/1.1" 200 21435 "-" "Mozilla/5.0 (Linux; Android 6.0.1; Nexus 5X Build/MMB29P) AppleWebKit/537.36 (KHTML, like Gecko) Chrome/137.0.7151.103 Mobile Safari/537.36 (compatible; Googlebot/2.1; +http://www.google.com/bot.html)"
66.249.74.131 - - [12/Jul/2025:13:06:14 +0000] "POST /get-message-notify HTTP/1.1" 200 21771 "https://akaventures.com.au/?y=5308574021940&mod=b9959873&uri=shared.php%3Fid%3D177227-317%26name%3Dnike+air+baby+shoes" "Mozilla/5.0 (Linux; Android 6.0.1; Nexus 5X Build/MMB29P) AppleWebKit/537.36 (KHTML, like Gecko) Chrome/137.0.7151.119 Mobile Safari/537.36 (compatible; Googlebot/2.1; +http://www.google.com/bot.html)"
66.249.74.132 - - [12/Jul/2025:13:06:15 +0000] "GET /?y=5310494011940&mod=b9959873&uri=info.php%3Fid%3D177291-317%26name%3Deqt+running HTTP/1.1" 200 22106 "-" "Mozilla/5.0 (Linux; Android 6.0.1; Nexus 5X Build/MMB29P) AppleWebKit/537.36 (KHTML, like Gecko) Chrome/137.0.7151.103 Mobile Safari/537.36 (compatible; Googlebot/2.1; +http://www.google.com/bot.html)"
66.249.74.130 - - [12/Jul/2025:13:07:10 +0000] "GET /game.html HTTP/1.1" 200 22410 "-" "Mozilla/5.0 (Linux; Android 6.0.1; Nexus 5X Build/MMB29P) AppleWebKit/537.36 (KHTML, like Gecko) Chrome/137.0.7151.103 Mobile Safari/537.36 (compatible; Googlebot/2.1; +http://www.google.com/bot.html)"
66.249.74.132 - - [12/Jul/2025:13:07:12 +0000] "GET /toiawase HTTP/1.1" 200 22402 "-" "Mozilla/5.0 (Linux; Android 6.0.1; Nexus 5X Build/MMB29P) AppleWebKit/537.36 (KHTML, like Gecko) Chrome/137.0.7151.103 Mobile Safari/537.36 (compatible; Googlebot/2.1; +http://www.google.com/bot.html)"
66.249.74.131 - - [12/Jul/2025:13:07:18 +0000] "GET /kaden.html HTTP/1.1" 200 21260 "-" "Mozilla/5.0 (Linux; Android 6.0.1; Nexus 5X Build/MMB29P) AppleWebKit/537.36 (KHTML, like Gecko) Chrome/137.0.7151.103 Mobile Safari/537.36 (compatible; Googlebot/2.1; +http://www.google.com/bot.html)"
66.249.74.130 - - [12/Jul/2025:13:07:21 +0000] "GET /dozin.html HTTP/1.1" 200 22213 "-" "Mozilla/5.0 (Linux; Android 6.0.1; Nexus 5X Build/MMB29P) AppleWebKit/537.36 (KHTML, like Gecko) Chrome/137.0.7151.103 Mobile Safari/537.36 (compatible; Googlebot/2.1; +http://www.google.com/bot.html)"
66.249.74.130 - - [12/Jul/2025:13:07:25 +0000] "GET /avsoft.html HTTP/1.1" 200 20605 "-" "Mozilla/5.0 (Linux; Android 6.0.1; Nexus 5X Build/MMB29P) AppleWebKit/537.36 (KHTML, like Gecko) Chrome/137.0.7151.103 Mobile Safari/537.36 (compatible; Googlebot/2.1; +http://www.google.com/bot.html)"
66.249.74.130 - - [12/Jul/2025:13:07:27 +0000] "GET /hobby.html HTTP/1.1" 200 21793 "-" "Mozilla/5.0 (Linux; Android 6.0.1; Nexus 5X Build/MMB29P) AppleWebKit/537.36 (KHTML, like Gecko) Chrome/137.0.7151.103 Mobile Safari/537.36 (compatible; Googlebot/2.1; +http://www.google.com/bot.html)"
66.249.74.130 - - [12/Jul/2025:13:07:31 +0000] "GET /corporate HTTP/1.1" 200 22433 "-" "Mozilla/5.0 (Linux; Android 6.0.1; Nexus 5X Build/MMB29P) AppleWebKit/537.36 (KHTML, like Gecko) Chrome/137.0.7151.103 Mobile Safari/537.36 (compatible; Googlebot/2.1; +http://www.google.com/bot.html)"
66.249.74.130 - - [12/Jul/2025:13:07:32 +0000] "GET /vintagegame.html HTTP/1.1" 200 20467 "-" "Mozilla/5.0 (Linux; Android 6.0.1; Nexus 5X Build/MMB29P) AppleWebKit/537.36 (KHTML, like Gecko) Chrome/137.0.7151.103 Mobile Safari/537.36 (compatible; Googlebot/2.1; +http://www.google.com/bot.html)"
209.74.77.214 - - [12/Jul/2025:13:07:38 +0000] "POST /wp-cron.php?doing_wp_cron=1752325658.0907149314880371093750 HTTP/1.1" 200 - "-" "WordPress/6.8.1; https://akaventures.com.au"
141.95.4.134 - - [12/Jul/2025:13:07:37 +0000] "GET /wp-content/plugins/WordPressCore/include.php HTTP/1.1" 404 61497 "-" "Mozilla/5.0 (Windows NT 10.0; Win64; x64) AppleWebKit/537.36 (KHTML, like Gecko) Chrome/127.0.0.0 Safari/537.36"
66.249.74.130 - - [12/Jul/2025:13:07:39 +0000] "GET /affiliate HTTP/1.1" 200 20783 "-" "Mozilla/5.0 (Linux; Android 6.0.1; Nexus 5X Build/MMB29P) AppleWebKit/537.36 (KHTML, like Gecko) Chrome/137.0.7151.103 Mobile Safari/537.36 (compatible; Googlebot/2.1; +http://www.google.com/bot.html)"
66.249.74.130 - - [12/Jul/2025:13:07:41 +0000] "GET /product_archives HTTP/1.1" 200 20895 "-" "Mozilla/5.0 (Linux; Android 6.0.1; Nexus 5X Build/MMB29P) AppleWebKit/537.36 (KHTML, like Gecko) Chrome/137.0.7151.103 Mobile Safari/537.36 (compatible; Googlebot/2.1; +http://www.google.com/bot.html)"
66.249.74.130 - - [12/Jul/2025:13:07:43 +0000] "GET /boyslove.html HTTP/1.1" 200 21002 "-" "Mozilla/5.0 (Linux; Android 6.0.1; Nexus 5X Build/MMB29P) AppleWebKit/537.36 (KHTML, like Gecko) Chrome/137.0.7151.103 Mobile Safari/537.36 (compatible; Googlebot/2.1; +http://www.google.com/bot.html)"
66.249.74.130 - - [12/Jul/2025:13:07:53 +0000] "GET /man/customer_guide HTTP/1.1" 200 21863 "-" "Mozilla/5.0 (Linux; Android 6.0.1; Nexus 5X Build/MMB29P) AppleWebKit/537.36 (KHTML, like Gecko) Chrome/137.0.7151.103 Mobile Safari/537.36 (compatible; Googlebot/2.1; +http://www.google.com/bot.html)"
66.249.74.130 - - [12/Jul/2025:13:07:56 +0000] "GET /toreka/goods_menu.html HTTP/1.1" 200 22055 "-" "Mozilla/5.0 (Linux; Android 6.0.1; Nexus 5X Build/MMB29P) AppleWebKit/537.36 (KHTML, like Gecko) Chrome/137.0.7151.103 Mobile Safari/537.36 (compatible; Googlebot/2.1; +http://www.google.com/bot.html)"
209.74.77.214 - - [12/Jul/2025:13:07:57 +0000] "POST /wp-cron.php?doing_wp_cron=1752325677.7900118827819824218750 HTTP/1.1" 200 - "-" "WordPress/6.8.1; https://akaventures.com.au"
141.95.4.134 - - [12/Jul/2025:13:07:57 +0000] "GET /wp-content/plugins/HelloDollyV2/hello_dolly_v2.php HTTP/1.1" 404 61497 "-" "Mozilla/5.0 (Windows NT 10.0; Win64; x64) AppleWebKit/537.36 (KHTML, like Gecko) Chrome/127.0.0.0 Safari/537.36"
66.249.74.132 - - [12/Jul/2025:13:08:04 +0000] "GET /?y=5364214091940&mod=7d0bbf7a&uri=products.php%3Fid%3D179083-322%26name%3Dkitchenaid+354+dishwasher HTTP/1.1" 200 21362 "-" "Mozilla/5.0 (Linux; Android 6.0.1; Nexus 5X Build/MMB29P) AppleWebKit/537.36 (KHTML, like Gecko) Chrome/137.0.7151.103 Mobile Safari/537.36 (compatible; Googlebot/2.1; +http://www.google.com/bot.html)"
66.249.74.132 - - [12/Jul/2025:13:08:08 +0000] "GET /cargo/detail HTTP/1.1" 200 22090 "-" "Mozilla/5.0 (Linux; Android 6.0.1; Nexus 5X Build/MMB29P) AppleWebKit/537.36 (KHTML, like Gecko) Chrome/137.0.7151.103 Mobile Safari/537.36 (compatible; Googlebot/2.1; +http://www.google.com/bot.html)"
66.249.74.131 - - [12/Jul/2025:13:08:18 +0000] "GET /?y=5662461071940&mod=52564811&uri=us.php%3Fid%3D189069-308%26name%3Dnasa+hoodie+bershka HTTP/1.1" 200 22069 "-" "Mozilla/5.0 (Linux; Android 6.0.1; Nexus 5X Build/MMB29P) AppleWebKit/537.36 (KHTML, like Gecko) Chrome/137.0.7151.103 Mobile Safari/537.36 (compatible; Googlebot/2.1; +http://www.google.com/bot.html)"
66.249.74.132 - - [12/Jul/2025:13:09:18 +0000] "GET /?y=5681580051940&mod=5d55e7c1&uri=blog.php%3Fid%3D189707-57%26name%3Dgalaxy+buds+live+leather+case HTTP/1.1" 200 21806 "-" "Mozilla/5.0 (Linux; Android 6.0.1; Nexus 5X Build/MMB29P) AppleWebKit/537.36 (KHTML, like Gecko) Chrome/137.0.7151.103 Mobile Safari/537.36 (compatible; Googlebot/2.1; +http://www.google.com/bot.html)"
66.249.74.131 - - [12/Jul/2025:13:09:51 +0000] "GET /?y=5265525041940&mod=539c2943&uri=info.php%3Fid%3D175792-294%26name%3Dbest+anniversary+jewelry+gifts+for+her HTTP/1.1" 200 21608 "-" "Mozilla/5.0 (Linux; Android 6.0.1; Nexus 5X Build/MMB29P) AppleWebKit/537.36 (KHTML, like Gecko) Chrome/137.0.7151.103 Mobile Safari/537.36 (compatible; Googlebot/2.1; +http://www.google.com/bot.html)"
66.249.74.131 - - [12/Jul/2025:13:09:55 +0000] "GET /?y=5367624031940&mod=01bfa6f2&uri=search.php%3Fid%3D179197-321%26name%3Dhotels+near+me+that+accept+pets HTTP/1.1" 200 20859 "-" "Mozilla/5.0 (Linux; Android 6.0.1; Nexus 5X Build/MMB29P) AppleWebKit/537.36 (KHTML, like Gecko) Chrome/137.0.7151.103 Mobile Safari/537.36 (compatible; Googlebot/2.1; +http://www.google.com/bot.html)"
66.249.74.130 - - [12/Jul/2025:13:09:57 +0000] "POST /get-message-notify HTTP/1.1" 200 21782 "https://akaventures.com.au/?y=5367624031940&mod=01bfa6f2&uri=search.php%3Fid%3D179197-321%26name%3Dhotels+near+me+that+accept+pets" "Mozilla/5.0 (Linux; Android 6.0.1; Nexus 5X Build/MMB29P) AppleWebKit/537.36 (KHTML, like Gecko) Chrome/137.0.7151.119 Mobile Safari/537.36 (compatible; Googlebot/2.1; +http://www.google.com/bot.html)"
66.249.74.132 - - [12/Jul/2025:13:10:02 +0000] "POST /get-message-notify HTTP/1.1" 200 21772 "https://akaventures.com.au/?y=5265525041940&mod=539c2943&uri=info.php%3Fid%3D175792-294%26name%3Dbest+anniversary+jewelry+gifts+for+her" "Mozilla/5.0 (Linux; Android 6.0.1; Nexus 5X Build/MMB29P) AppleWebKit/537.36 (KHTML, like Gecko) Chrome/137.0.7151.119 Mobile Safari/537.36 (compatible; Googlebot/2.1; +http://www.google.com/bot.html)"
209.74.77.214 - - [12/Jul/2025:13:11:47 +0000] "POST /wp-cron.php?doing_wp_cron=1752325907.6701478958129882812500 HTTP/1.1" 200 - "-" "WordPress/6.8.1; https://akaventures.com.au"
94.247.172.129 - - [12/Jul/2025:13:11:46 +0000] "GET / HTTP/1.1" 301 - "-" "Mozilla/5.0 (Macintosh; Intel Mac OS X 10_9_2)"
94.247.172.129 - - [12/Jul/2025:13:11:48 +0000] "GET / HTTP/1.1" 200 21827 "-" "Mozilla/5.0 (Macintosh; Intel Mac OS X 10_9_2)"
66.249.74.131 - - [12/Jul/2025:13:12:14 +0000] "GET /?y=48469154031940&mod=e608f271&uri=form.php%3Fid%3D1617521-584%26name%3D2018+specialized+turbo+levo+comp+specs HTTP/1.1" 200 22221 "-" "Mozilla/5.0 (Linux; Android 6.0.1; Nexus 5X Build/MMB29P) AppleWebKit/537.36 (KHTML, like Gecko) Chrome/137.0.7151.103 Mobile Safari/537.36 (compatible; Googlebot/2.1; +http://www.google.com/bot.html)"
66.249.74.131 - - [12/Jul/2025:13:12:28 +0000] "GET /?y=35398627021940&mod=c9c346f0&uri=brands.php%3Fid%3D1181471-155%26name%3Dpsytech+mini+boost HTTP/1.1" 200 22017 "-" "Mozilla/5.0 (Linux; Android 6.0.1; Nexus 5X Build/MMB29P) AppleWebKit/537.36 (KHTML, like Gecko) Chrome/137.0.7151.103 Mobile Safari/537.36 (compatible; Googlebot/2.1; +http://www.google.com/bot.html)"
66.249.74.132 - - [12/Jul/2025:13:13:36 +0000] "POST /get-message-notify HTTP/1.1" 200 21779 "https://akaventures.com.au/toiawase" "Mozilla/5.0 (Linux; Android 6.0.1; Nexus 5X Build/MMB29P) AppleWebKit/537.36 (KHTML, like Gecko) Chrome/137.0.7151.119 Mobile Safari/537.36 (compatible; Googlebot/2.1; +http://www.google.com/bot.html)"
66.249.74.130 - - [12/Jul/2025:13:14:32 +0000] "GET /?y=5263365021940&mod=539c2943&uri=dp.php%3Fid%3D175720-294%26name%3Daesthetic+clay+rings HTTP/1.1" 200 21551 "-" "Mozilla/5.0 (Linux; Android 6.0.1; Nexus 5X Build/MMB29P) AppleWebKit/537.36 (KHTML, like Gecko) Chrome/137.0.7151.103 Mobile Safari/537.36 (compatible; Googlebot/2.1; +http://www.google.com/bot.html)"
66.249.74.131 - - [12/Jul/2025:13:14:38 +0000] "POST /get-message-notify HTTP/1.1" 200 21783 "https://akaventures.com.au/?y=5263365021940&mod=539c2943&uri=dp.php%3Fid%3D175720-294%26name%3Daesthetic+clay+rings" "Mozilla/5.0 (Linux; Android 6.0.1; Nexus 5X Build/MMB29P) AppleWebKit/537.36 (KHTML, like Gecko) Chrome/137.0.7151.119 Mobile Safari/537.36 (compatible; Googlebot/2.1; +http://www.google.com/bot.html)"
66.249.74.132 - - [12/Jul/2025:13:15:02 +0000] "GET /?y=119724643071940&mod=f23b0156&uri=shared.php%3Fid%3D3995575-539%26name%3Dairpod+news HTTP/1.1" 200 20760 "-" "Mozilla/5.0 (Linux; Android 6.0.1; Nexus 5X Build/MMB29P) AppleWebKit/537.36 (KHTML, like Gecko) Chrome/137.0.7151.103 Mobile Safari/537.36 (compatible; Googlebot/2.1; +http://www.google.com/bot.html)"
66.249.74.132 - - [12/Jul/2025:13:17:10 +0000] "GET /?y=5570934021940&mod=576de785&uri=shop.php%3Fid%3D185978-330%26name%3D12+volt+digital+thermostat HTTP/1.1" 200 21968 "-" "Mozilla/5.0 (Linux; Android 6.0.1; Nexus 5X Build/MMB29P) AppleWebKit/537.36 (KHTML, like Gecko) Chrome/137.0.7151.103 Mobile Safari/537.36 (compatible; Googlebot/2.1; +http://www.google.com/bot.html)"
66.249.74.131 - - [12/Jul/2025:13:17:36 +0000] "GET /?y=5277945021940&mod=539c2943&uri=search.php%3Fid%3D176206-294%26name%3Dfirst+year+anniversary+jewelry HTTP/1.1" 200 21871 "-" "Mozilla/5.0 (Linux; Android 6.0.1; Nexus 5X Build/MMB29P) AppleWebKit/537.36 (KHTML, like Gecko) Chrome/137.0.7151.103 Mobile Safari/537.36 (compatible; Googlebot/2.1; +http://www.google.com/bot.html)"
66.249.74.131 - - [12/Jul/2025:13:19:04 +0000] "GET /?y=5344899001940&mod=01bfa6f2&uri=category-info.php%3Fid%3D178438-321%26name%3Dpakistani+bully+x HTTP/1.1" 200 20780 "-" "Mozilla/5.0 (Linux; Android 6.0.1; Nexus 5X Build/MMB29P) AppleWebKit/537.36 (KHTML, like Gecko) Chrome/137.0.7151.103 Mobile Safari/537.36 (compatible; Googlebot/2.1; +http://www.google.com/bot.html)"
66.249.74.132 - - [12/Jul/2025:13:20:04 +0000] "GET /?y=5344179061940&mod=ca50333d&uri=news.php%3Fid%3D178414-318%26name%3Dzapatillas+adidas+urbanas+2015 HTTP/1.1" 200 20873 "-" "Mozilla/5.0 (Linux; Android 6.0.1; Nexus 5X Build/MMB29P) AppleWebKit/537.36 (KHTML, like Gecko) Chrome/137.0.7151.103 Mobile Safari/537.36 (compatible; Googlebot/2.1; +http://www.google.com/bot.html)"
66.249.74.131 - - [12/Jul/2025:13:20:10 +0000] "GET /?y=5297564041940&mod=b9959873&uri=product.php%3Fid%3D176860-317%26name%3Dchildrens+shoe+sale+clarks HTTP/1.1" 200 21864 "-" "Mozilla/5.0 (Linux; Android 6.0.1; Nexus 5X Build/MMB29P) AppleWebKit/537.36 (KHTML, like Gecko) Chrome/137.0.7151.103 Mobile Safari/537.36 (compatible; Googlebot/2.1; +http://www.google.com/bot.html)"
66.249.74.130 - - [12/Jul/2025:13:20:12 +0000] "GET /?y=5569504081940&mod=e58bdc60&uri=blog.php%3Fid%3D185930-220%26name%3Dpainted+star+jeans HTTP/1.1" 200 21628 "-" "Mozilla/5.0 (Linux; Android 6.0.1; Nexus 5X Build/MMB29P) AppleWebKit/537.36 (KHTML, like Gecko) Chrome/137.0.7151.103 Mobile Safari/537.36 (compatible; Googlebot/2.1; +http://www.google.com/bot.html)"
66.249.74.130 - - [12/Jul/2025:13:20:20 +0000] "POST /get-message-notify HTTP/1.1" 200 21767 "https://akaventures.com.au/?y=5297564041940&mod=b9959873&uri=product.php%3Fid%3D176860-317%26name%3Dchildrens+shoe+sale+clarks" "Mozilla/5.0 (Linux; Android 6.0.1; Nexus 5X Build/MMB29P) AppleWebKit/537.36 (KHTML, like Gecko) Chrome/137.0.7151.119 Mobile Safari/537.36 (compatible; Googlebot/2.1; +http://www.google.com/bot.html)"
66.249.74.130 - - [12/Jul/2025:13:22:44 +0000] "GET /?y=5295674031940&mod=b9959873&uri=shop.php%3Fid%3D176797-317%26name%3Dcasual+dress+shoes+with+arch+support HTTP/1.1" 200 22531 "-" "Mozilla/5.0 (Linux; Android 6.0.1; Nexus 5X Build/MMB29P) AppleWebKit/537.36 (KHTML, like Gecko) Chrome/137.0.7151.103 Mobile Safari/537.36 (compatible; Googlebot/2.1; +http://www.google.com/bot.html)"
66.249.74.130 - - [12/Jul/2025:13:23:41 +0000] "GET /?y=5398785081940&mod=da960bb5&uri=dp.php%3Fid%3D180236-270%26name%3Davanti+pens HTTP/1.1" 200 21674 "-" "Mozilla/5.0 (Linux; Android 6.0.1; Nexus 5X Build/MMB29P) AppleWebKit/537.36 (KHTML, like Gecko) Chrome/137.0.7151.103 Mobile Safari/537.36 (compatible; Googlebot/2.1; +http://www.google.com/bot.html)"
66.249.74.130 - - [12/Jul/2025:13:23:45 +0000] "POST /get-message-notify HTTP/1.1" 200 21785 "https://akaventures.com.au/?y=5398785081940&mod=da960bb5&uri=dp.php%3Fid%3D180236-270%26name%3Davanti+pens" "Mozilla/5.0 (Linux; Android 6.0.1; Nexus 5X Build/MMB29P) AppleWebKit/537.36 (KHTML, like Gecko) Chrome/137.0.7151.119 Mobile Safari/537.36 (compatible; Googlebot/2.1; +http://www.google.com/bot.html)"
66.249.74.132 - - [12/Jul/2025:13:24:52 +0000] "GET /?y=5462772011940&mod=2a7391fb&uri=article.php%3Fid%3D182370-327%26name%3Dreebok+npc+mujer HTTP/1.1" 200 22242 "-" "Mozilla/5.0 (Linux; Android 6.0.1; Nexus 5X Build/MMB29P) AppleWebKit/537.36 (KHTML, like Gecko) Chrome/137.0.7151.103 Mobile Safari/537.36 (compatible; Googlebot/2.1; +http://www.google.com/bot.html)"
66.249.74.131 - - [12/Jul/2025:13:24:58 +0000] "GET /?y=5574844021940&mod=dc19fa59&uri=article.php%3Fid%3D186109-331%26name%3Dnike+with+beads+in+the+heel HTTP/1.1" 200 22244 "-" "Mozilla/5.0 (Linux; Android 6.0.1; Nexus 5X Build/MMB29P) AppleWebKit/537.36 (KHTML, like Gecko) Chrome/137.0.7151.103 Mobile Safari/537.36 (compatible; Googlebot/2.1; +http://www.google.com/bot.html)"
66.249.74.130 - - [12/Jul/2025:13:25:16 +0000] "POST /get-message-notify HTTP/1.1" 200 21771 "https://akaventures.com.au/?y=5462772011940&mod=2a7391fb&uri=article.php%3Fid%3D182370-327%26name%3Dreebok+npc+mujer" "Mozilla/5.0 (Linux; Android 6.0.1; Nexus 5X Build/MMB29P) AppleWebKit/537.36 (KHTML, like Gecko) Chrome/137.0.7151.119 Mobile Safari/537.36 (compatible; Googlebot/2.1; +http://www.google.com/bot.html)"
66.249.74.130 - - [12/Jul/2025:13:25:18 +0000] "GET /?y=5151706001940&mod=b6622e4e&uri=form.php%3Fid%3D171980-311%26name%3Dcookieswirlc+omg+dolls HTTP/1.1" 200 20674 "-" "Mozilla/5.0 (Linux; Android 6.0.1; Nexus 5X Build/MMB29P) AppleWebKit/537.36 (KHTML, like Gecko) Chrome/137.0.7151.103 Mobile Safari/537.36 (compatible; Googlebot/2.1; +http://www.google.com/bot.html)"
66.249.74.131 - - [12/Jul/2025:13:28:10 +0000] "POST /get-message-notify HTTP/1.1" 200 21775 "https://akaventures.com.au/?y=5295674031940&mod=b9959873&uri=shop.php%3Fid%3D176797-317%26name%3Dcasual+dress+shoes+with+arch+support" "Mozilla/5.0 (Linux; Android 6.0.1; Nexus 5X Build/MMB29P) AppleWebKit/537.36 (KHTML, like Gecko) Chrome/137.0.7151.119 Mobile Safari/537.36 (compatible; Googlebot/2.1; +http://www.google.com/bot.html)"
66.249.74.132 - - [12/Jul/2025:13:52:14 +0000] "GET /?y=9335095041940&mod=c87579e7&uri=search.php%3Fid%3D311694-92%26name%3Dblack+butler+season+episode+english+sub+funimation HTTP/1.1" 200 22105 "-" "Mozilla/5.0 (Linux; Android 6.0.1; Nexus 5X Build/MMB29P) AppleWebKit/537.36 (KHTML, like Gecko) Chrome/137.0.7151.103 Mobile Safari/537.36 (compatible; Googlebot/2.1; +http://www.google.com/bot.html)"
66.249.74.131 - - [12/Jul/2025:14:23:42 +0000] "GET /?y=5209421031940&mod=32f79142&uri=us.php%3Fid%3D173909-139%26name%3Dlogo+giorgio+armani HTTP/1.1" 200 21635 "-" "Mozilla/5.0 (Linux; Android 6.0.1; Nexus 5X Build/MMB29P) AppleWebKit/537.36 (KHTML, like Gecko) Chrome/137.0.7151.103 Mobile Safari/537.36 (compatible; Googlebot/2.1; +http://www.google.com/bot.html)"
173.252.87.112 - - [12/Jul/2025:14:25:44 +0000] "GET /robots.txt HTTP/1.1" 200 72 "-" "facebookexternalhit/1.1 (+http://www.facebook.com/externalhit_uatext.php)"
173.252.87.1 - - [12/Jul/2025:14:25:45 +0000] "GET / HTTP/1.1" 200 145763 "-" "facebookexternalhit/1.1 (+http://www.facebook.com/externalhit_uatext.php)"
66.220.149.23 - - [12/Jul/2025:14:25:55 +0000] "GET /?fbclid=IwZXh0bgNhZW0CMTEAAR7_aklr6wY7cxr34GE4-b40bXJL63jqJwxg7eg50Vf3wXQ2dy15Yxe2wOJTfw_aem_andTC4cD49QhS4QODiEptA HTTP/1.1" 200 21826 "-" "Mozilla/5.0 (X11; Linux x86_64) AppleWebKit/537.36 (KHTML, like Gecko) Chrome/138.0.0.0 Safari/537.36"
66.220.149.3 - - [12/Jul/2025:14:25:57 +0000] "GET /wp-content/plugins/leadconnector/public/css/lc-public.css?ver=3.0.10.1 HTTP/1.1" 200 106 "https://akaventures.com.au/?fbclid=IwZXh0bgNhZW0CMTEAAR7_aklr6wY7cxr34GE4-b40bXJL63jqJwxg7eg50Vf3wXQ2dy15Yxe2wOJTfw_aem_andTC4cD49QhS4QODiEptA" "Mozilla/5.0 (X11; Linux x86_64) AppleWebKit/537.36 (KHTML, like Gecko) Chrome/138.0.0.0 Safari/537.36"
66.220.149.14 - - [12/Jul/2025:14:25:57 +0000] "GET /wp-content/plugins/metform/public/assets/lib/cute-alert/style.css?ver=4.0.1 HTTP/1.1" 200 1225 "https://akaventures.com.au/?fbclid=IwZXh0bgNhZW0CMTEAAR7_aklr6wY7cxr34GE4-b40bXJL63jqJwxg7eg50Vf3wXQ2dy15Yxe2wOJTfw_aem_andTC4cD49QhS4QODiEptA" "Mozilla/5.0 (X11; Linux x86_64) AppleWebKit/537.36 (KHTML, like Gecko) Chrome/138.0.0.0 Safari/537.36"
66.220.149.29 - - [12/Jul/2025:14:25:57 +0000] "GET /wp-includes/css/dashicons.min.css?ver=6.8.1 HTTP/1.1" 200 35730 "https://akaventures.com.au/?fbclid=IwZXh0bgNhZW0CMTEAAR7_aklr6wY7cxr34GE4-b40bXJL63jqJwxg7eg50Vf3wXQ2dy15Yxe2wOJTfw_aem_andTC4cD49QhS4QODiEptA" "Mozilla/5.0 (X11; Linux x86_64) AppleWebKit/537.36 (KHTML, like Gecko) Chrome/138.0.0.0 Safari/537.36"
66.220.149.7 - - [12/Jul/2025:14:25:58 +0000] "GET /wp-content/plugins/metform/public/assets/css/text-editor.css?ver=4.0.1 HTTP/1.1" 200 3545 "https://akaventures.com.au/?fbclid=IwZXh0bgNhZW0CMTEAAR7_aklr6wY7cxr34GE4-b40bXJL63jqJwxg7eg50Vf3wXQ2dy15Yxe2wOJTfw_aem_andTC4cD49QhS4QODiEptA" "Mozilla/5.0 (X11; Linux x86_64) AppleWebKit/537.36 (KHTML, like Gecko) Chrome/138.0.0.0 Safari/537.36"
66.220.149.14 - - [12/Jul/2025:14:25:58 +0000] "GET /wp-content/themes/hello-elementor/assets/css/reset.css?ver=3.4.4 HTTP/1.1" 200 1792 "https://akaventures.com.au/?fbclid=IwZXh0bgNhZW0CMTEAAR7_aklr6wY7cxr34GE4-b40bXJL63jqJwxg7eg50Vf3wXQ2dy15Yxe2wOJTfw_aem_andTC4cD49QhS4QODiEptA" "Mozilla/5.0 (X11; Linux x86_64) AppleWebKit/537.36 (KHTML, like Gecko) Chrome/138.0.0.0 Safari/537.36"
66.220.149.22 - - [12/Jul/2025:14:25:58 +0000] "GET /wp-content/themes/hello-elementor/assets/css/theme.css?ver=3.4.4 HTTP/1.1" 200 1271 "https://akaventures.com.au/?fbclid=IwZXh0bgNhZW0CMTEAAR7_aklr6wY7cxr34GE4-b40bXJL63jqJwxg7eg50Vf3wXQ2dy15Yxe2wOJTfw_aem_andTC4cD49QhS4QODiEptA" "Mozilla/5.0 (X11; Linux x86_64) AppleWebKit/537.36 (KHTML, like Gecko) Chrome/138.0.0.0 Safari/537.36"
66.220.149.11 - - [12/Jul/2025:14:26:02 +0000] "GET /wp-content/themes/hello-elementor/assets/css/header-footer.css?ver=3.4.4 HTTP/1.1" 200 1423 "https://akaventures.com.au/?fbclid=IwZXh0bgNhZW0CMTEAAR7_aklr6wY7cxr34GE4-b40bXJL63jqJwxg7eg50Vf3wXQ2dy15Yxe2wOJTfw_aem_andTC4cD49QhS4QODiEptA" "Mozilla/5.0 (X11; Linux x86_64) AppleWebKit/537.36 (KHTML, like Gecko) Chrome/138.0.0.0 Safari/537.36"
66.220.149.10 - - [12/Jul/2025:14:26:02 +0000] "GET /wp-content/plugins/elementor/assets/css/frontend.min.css?ver=3.30.1 HTTP/1.1" 200 7117 "https://akaventures.com.au/?fbclid=IwZXh0bgNhZW0CMTEAAR7_aklr6wY7cxr34GE4-b40bXJL63jqJwxg7eg50Vf3wXQ2dy15Yxe2wOJTfw_aem_andTC4cD49QhS4QODiEptA" "Mozilla/5.0 (X11; Linux x86_64) AppleWebKit/537.36 (KHTML, like Gecko) Chrome/138.0.0.0 Safari/537.36"
66.220.149.11 - - [12/Jul/2025:14:26:02 +0000] "GET /wp-content/uploads/elementor/css/post-15.css?ver=1751950904 HTTP/1.1" 200 1695 "https://akaventures.com.au/?fbclid=IwZXh0bgNhZW0CMTEAAR7_aklr6wY7cxr34GE4-b40bXJL63jqJwxg7eg50Vf3wXQ2dy15Yxe2wOJTfw_aem_andTC4cD49QhS4QODiEptA" "Mozilla/5.0 (X11; Linux x86_64) AppleWebKit/537.36 (KHTML, like Gecko) Chrome/138.0.0.0 Safari/537.36"
66.220.149.11 - - [12/Jul/2025:14:26:02 +0000] "GET /wp-content/plugins/elementor/assets/css/widget-image.min.css?ver=3.30.1 HTTP/1.1" 200 164 "https://akaventures.com.au/?fbclid=IwZXh0bgNhZW0CMTEAAR7_aklr6wY7cxr34GE4-b40bXJL63jqJwxg7eg50Vf3wXQ2dy15Yxe2wOJTfw_aem_andTC4cD49QhS4QODiEptA" "Mozilla/5.0 (X11; Linux x86_64) AppleWebKit/537.36 (KHTML, like Gecko) Chrome/138.0.0.0 Safari/537.36"
66.220.149.10 - - [12/Jul/2025:14:26:02 +0000] "GET /wp-content/plugins/metform/public/assets/css/metform-ui.css?ver=4.0.1 HTTP/1.1" 200 15416 "https://akaventures.com.au/?fbclid=IwZXh0bgNhZW0CMTEAAR7_aklr6wY7cxr34GE4-b40bXJL63jqJwxg7eg50Vf3wXQ2dy15Yxe2wOJTfw_aem_andTC4cD49QhS4QODiEptA" "Mozilla/5.0 (X11; Linux x86_64) AppleWebKit/537.36 (KHTML, like Gecko) Chrome/138.0.0.0 Safari/537.36"
66.220.149.10 - - [12/Jul/2025:14:26:02 +0000] "GET /wp-content/plugins/metform/public/assets/css/style.css?ver=4.0.1 HTTP/1.1" 200 4763 "https://akaventures.com.au/?fbclid=IwZXh0bgNhZW0CMTEAAR7_aklr6wY7cxr34GE4-b40bXJL63jqJwxg7eg50Vf3wXQ2dy15Yxe2wOJTfw_aem_andTC4cD49QhS4QODiEptA" "Mozilla/5.0 (X11; Linux x86_64) AppleWebKit/537.36 (KHTML, like Gecko) Chrome/138.0.0.0 Safari/537.36"
66.220.149.11 - - [12/Jul/2025:14:26:02 +0000] "GET /wp-content/plugins/elementor/assets/css/widget-icon-list.min.css?ver=3.30.1 HTTP/1.1" 200 1068 "https://akaventures.com.au/?fbclid=IwZXh0bgNhZW0CMTEAAR7_aklr6wY7cxr34GE4-b40bXJL63jqJwxg7eg50Vf3wXQ2dy15Yxe2wOJTfw_aem_andTC4cD49QhS4QODiEptA" "Mozilla/5.0 (X11; Linux x86_64) AppleWebKit/537.36 (KHTML, like Gecko) Chrome/138.0.0.0 Safari/537.36"
66.220.149.10 - - [12/Jul/2025:14:26:02 +0000] "GET /wp-content/plugins/elementor/assets/css/widget-heading.min.css?ver=3.30.1 HTTP/1.1" 200 188 "https://akaventures.com.au/?fbclid=IwZXh0bgNhZW0CMTEAAR7_aklr6wY7cxr34GE4-b40bXJL63jqJwxg7eg50Vf3wXQ2dy15Yxe2wOJTfw_aem_andTC4cD49QhS4QODiEptA" "Mozilla/5.0 (X11; Linux x86_64) AppleWebKit/537.36 (KHTML, like Gecko) Chrome/138.0.0.0 Safari/537.36"
66.220.149.11 - - [12/Jul/2025:14:26:02 +0000] "GET /wp-content/plugins/elementor/assets/lib/animations/styles/e-animation-float.min.css?ver=3.30.1 HTTP/1.1" 200 139 "https://akaventures.com.au/?fbclid=IwZXh0bgNhZW0CMTEAAR7_aklr6wY7cxr34GE4-b40bXJL63jqJwxg7eg50Vf3wXQ2dy15Yxe2wOJTfw_aem_andTC4cD49QhS4QODiEptA" "Mozilla/5.0 (X11; Linux x86_64) AppleWebKit/537.36 (KHTML, like Gecko) Chrome/138.0.0.0 Safari/537.36"
66.220.149.10 - - [12/Jul/2025:14:26:02 +0000] "GET /wp-content/plugins/elementor/assets/lib/animations/styles/fadeIn.min.css?ver=3.30.1 HTTP/1.1" 200 79 "https://akaventures.com.au/?fbclid=IwZXh0bgNhZW0CMTEAAR7_aklr6wY7cxr34GE4-b40bXJL63jqJwxg7eg50Vf3wXQ2dy15Yxe2wOJTfw_aem_andTC4cD49QhS4QODiEptA" "Mozilla/5.0 (X11; Linux x86_64) AppleWebKit/537.36 (KHTML, like Gecko) Chrome/138.0.0.0 Safari/537.36"
66.220.149.10 - - [12/Jul/2025:14:26:03 +0000] "GET /wp-content/plugins/elementor/assets/css/widget-social-icons.min.css?ver=3.30.1 HTTP/1.1" 200 1170 "https://akaventures.com.au/?fbclid=IwZXh0bgNhZW0CMTEAAR7_aklr6wY7cxr34GE4-b40bXJL63jqJwxg7eg50Vf3wXQ2dy15Yxe2wOJTfw_aem_andTC4cD49QhS4QODiEptA" "Mozilla/5.0 (X11; Linux x86_64) AppleWebKit/537.36 (KHTML, like Gecko) Chrome/138.0.0.0 Safari/537.36"
66.220.149.10 - - [12/Jul/2025:14:26:03 +0000] "GET /wp-content/plugins/elementor/assets/css/conditionals/apple-webkit.min.css?ver=3.30.1 HTTP/1.1" 200 557 "https://akaventures.com.au/?fbclid=IwZXh0bgNhZW0CMTEAAR7_aklr6wY7cxr34GE4-b40bXJL63jqJwxg7eg50Vf3wXQ2dy15Yxe2wOJTfw_aem_andTC4cD49QhS4QODiEptA" "Mozilla/5.0 (X11; Linux x86_64) AppleWebKit/537.36 (KHTML, like Gecko) Chrome/138.0.0.0 Safari/537.36"
66.220.149.10 - - [12/Jul/2025:14:26:03 +0000] "GET /wp-content/plugins/elementor/assets/css/widget-divider.min.css?ver=3.30.1 HTTP/1.1" 200 771 "https://akaventures.com.au/?fbclid=IwZXh0bgNhZW0CMTEAAR7_aklr6wY7cxr34GE4-b40bXJL63jqJwxg7eg50Vf3wXQ2dy15Yxe2wOJTfw_aem_andTC4cD49QhS4QODiEptA" "Mozilla/5.0 (X11; Linux x86_64) AppleWebKit/537.36 (KHTML, like Gecko) Chrome/138.0.0.0 Safari/537.36"
66.220.149.22 - - [12/Jul/2025:14:26:03 +0000] "GET /wp-content/plugins/elementor/assets/lib/animations/styles/e-animation-bob.min.css?ver=3.30.1 HTTP/1.1" 200 236 "https://akaventures.com.au/?fbclid=IwZXh0bgNhZW0CMTEAAR7_aklr6wY7cxr34GE4-b40bXJL63jqJwxg7eg50Vf3wXQ2dy15Yxe2wOJTfw_aem_andTC4cD49QhS4QODiEptA" "Mozilla/5.0 (X11; Linux x86_64) AppleWebKit/537.36 (KHTML, like Gecko) Chrome/138.0.0.0 Safari/537.36"
66.220.149.10 - - [12/Jul/2025:14:26:03 +0000] "GET /wp-content/plugins/elementor/assets/css/widget-image-box.min.css?ver=3.30.1 HTTP/1.1" 200 380 "https://akaventures.com.au/?fbclid=IwZXh0bgNhZW0CMTEAAR7_aklr6wY7cxr34GE4-b40bXJL63jqJwxg7eg50Vf3wXQ2dy15Yxe2wOJTfw_aem_andTC4cD49QhS4QODiEptA" "Mozilla/5.0 (X11; Linux x86_64) AppleWebKit/537.36 (KHTML, like Gecko) Chrome/138.0.0.0 Safari/537.36"
66.220.149.116 - - [12/Jul/2025:14:26:03 +0000] "GET /wp-content/plugins/elementor/assets/lib/animations/styles/fadeInUp.min.css?ver=3.30.1 HTTP/1.1" 200 117 "https://akaventures.com.au/?fbclid=IwZXh0bgNhZW0CMTEAAR7_aklr6wY7cxr34GE4-b40bXJL63jqJwxg7eg50Vf3wXQ2dy15Yxe2wOJTfw_aem_andTC4cD49QhS4QODiEptA" "Mozilla/5.0 (X11; Linux x86_64) AppleWebKit/537.36 (KHTML, like Gecko) Chrome/138.0.0.0 Safari/537.36"
66.220.149.10 - - [12/Jul/2025:14:26:03 +0000] "GET /wp-content/plugins/elementor/assets/lib/animations/styles/fadeInRight.min.css?ver=3.30.1 HTTP/1.1" 200 120 "https://akaventures.com.au/?fbclid=IwZXh0bgNhZW0CMTEAAR7_aklr6wY7cxr34GE4-b40bXJL63jqJwxg7eg50Vf3wXQ2dy15Yxe2wOJTfw_aem_andTC4cD49QhS4QODiEptA" "Mozilla/5.0 (X11; Linux x86_64) AppleWebKit/537.36 (KHTML, like Gecko) Chrome/138.0.0.0 Safari/537.36"
66.220.149.22 - - [12/Jul/2025:14:26:03 +0000] "GET /wp-content/plugins/elementor/assets/lib/animations/styles/fadeInLeft.min.css?ver=3.30.1 HTTP/1.1" 200 120 "https://akaventures.com.au/?fbclid=IwZXh0bgNhZW0CMTEAAR7_aklr6wY7cxr34GE4-b40bXJL63jqJwxg7eg50Vf3wXQ2dy15Yxe2wOJTfw_aem_andTC4cD49QhS4QODiEptA" "Mozilla/5.0 (X11; Linux x86_64) AppleWebKit/537.36 (KHTML, like Gecko) Chrome/138.0.0.0 Safari/537.36"
66.220.149.116 - - [12/Jul/2025:14:26:04 +0000] "GET /wp-content/plugins/elementor/assets/lib/animations/styles/e-animation-shrink.min.css?ver=3.30.1 HTTP/1.1" 200 118 "https://akaventures.com.au/?fbclid=IwZXh0bgNhZW0CMTEAAR7_aklr6wY7cxr34GE4-b40bXJL63jqJwxg7eg50Vf3wXQ2dy15Yxe2wOJTfw_aem_andTC4cD49QhS4QODiEptA" "Mozilla/5.0 (X11; Linux x86_64) AppleWebKit/537.36 (KHTML, like Gecko) Chrome/138.0.0.0 Safari/537.36"
66.220.149.10 - - [12/Jul/2025:14:26:04 +0000] "GET /wp-content/plugins/elementor/assets/css/widget-google_maps.min.css?ver=3.30.1 HTTP/1.1" 200 163 "https://akaventures.com.au/?fbclid=IwZXh0bgNhZW0CMTEAAR7_aklr6wY7cxr34GE4-b40bXJL63jqJwxg7eg50Vf3wXQ2dy15Yxe2wOJTfw_aem_andTC4cD49QhS4QODiEptA" "Mozilla/5.0 (X11; Linux x86_64) AppleWebKit/537.36 (KHTML, like Gecko) Chrome/138.0.0.0 Safari/537.36"
66.220.149.22 - - [12/Jul/2025:14:26:04 +0000] "GET /wp-content/plugins/elementor/assets/css/widget-testimonial.min.css?ver=3.30.1 HTTP/1.1" 200 378 "https://akaventures.com.au/?fbclid=IwZXh0bgNhZW0CMTEAAR7_aklr6wY7cxr34GE4-b40bXJL63jqJwxg7eg50Vf3wXQ2dy15Yxe2wOJTfw_aem_andTC4cD49QhS4QODiEptA" "Mozilla/5.0 (X11; Linux x86_64) AppleWebKit/537.36 (KHTML, like Gecko) Chrome/138.0.0.0 Safari/537.36"
66.220.149.10 - - [12/Jul/2025:14:26:04 +0000] "GET /wp-content/uploads/elementor/css/post-119.css?ver=1751961265 HTTP/1.1" 200 9581 "https://akaventures.com.au/?fbclid=IwZXh0bgNhZW0CMTEAAR7_aklr6wY7cxr34GE4-b40bXJL63jqJwxg7eg50Vf3wXQ2dy15Yxe2wOJTfw_aem_andTC4cD49QhS4QODiEptA" "Mozilla/5.0 (X11; Linux x86_64) AppleWebKit/537.36 (KHTML, like Gecko) Chrome/138.0.0.0 Safari/537.36"
66.220.149.22 - - [12/Jul/2025:14:26:04 +0000] "GET /wp-content/uploads/elementor/css/post-121.css?ver=1751950904 HTTP/1.1" 200 1704 "https://akaventures.com.au/?fbclid=IwZXh0bgNhZW0CMTEAAR7_aklr6wY7cxr34GE4-b40bXJL63jqJwxg7eg50Vf3wXQ2dy15Yxe2wOJTfw_aem_andTC4cD49QhS4QODiEptA" "Mozilla/5.0 (X11; Linux x86_64) AppleWebKit/537.36 (KHTML, like Gecko) Chrome/138.0.0.0 Safari/537.36"
66.220.149.116 - - [12/Jul/2025:14:26:04 +0000] "GET /wp-content/uploads/elementor/css/post-123.css?ver=1751950904 HTTP/1.1" 200 1988 "https://akaventures.com.au/?fbclid=IwZXh0bgNhZW0CMTEAAR7_aklr6wY7cxr34GE4-b40bXJL63jqJwxg7eg50Vf3wXQ2dy15Yxe2wOJTfw_aem_andTC4cD49QhS4QODiEptA" "Mozilla/5.0 (X11; Linux x86_64) AppleWebKit/537.36 (KHTML, like Gecko) Chrome/138.0.0.0 Safari/537.36"
66.220.149.10 - - [12/Jul/2025:14:26:04 +0000] "GET /wp-content/uploads/elementor/google-fonts/css/playfairdisplay.css?ver=1742274537 HTTP/1.1" 200 816 "https://akaventures.com.au/?fbclid=IwZXh0bgNhZW0CMTEAAR7_aklr6wY7cxr34GE4-b40bXJL63jqJwxg7eg50Vf3wXQ2dy15Yxe2wOJTfw_aem_andTC4cD49QhS4QODiEptA" "Mozilla/5.0 (X11; Linux x86_64) AppleWebKit/537.36 (KHTML, like Gecko) Chrome/138.0.0.0 Safari/537.36"
66.220.149.22 - - [12/Jul/2025:14:26:04 +0000] "GET /wp-content/plugins/elementskit-lite/widgets/init/assets/css/responsive.css?ver=3.5.4 HTTP/1.1" 200 3161 "https://akaventures.com.au/?fbclid=IwZXh0bgNhZW0CMTEAAR7_aklr6wY7cxr34GE4-b40bXJL63jqJwxg7eg50Vf3wXQ2dy15Yxe2wOJTfw_aem_andTC4cD49QhS4QODiEptA" "Mozilla/5.0 (X11; Linux x86_64) AppleWebKit/537.36 (KHTML, like Gecko) Chrome/138.0.0.0 Safari/537.36"
66.220.149.116 - - [12/Jul/2025:14:26:04 +0000] "GET /wp-content/plugins/elementskit-lite/widgets/init/assets/css/widget-styles.css?ver=3.5.4 HTTP/1.1" 200 51553 "https://akaventures.com.au/?fbclid=IwZXh0bgNhZW0CMTEAAR7_aklr6wY7cxr34GE4-b40bXJL63jqJwxg7eg50Vf3wXQ2dy15Yxe2wOJTfw_aem_andTC4cD49QhS4QODiEptA" "Mozilla/5.0 (X11; Linux x86_64) AppleWebKit/537.36 (KHTML, like Gecko) Chrome/138.0.0.0 Safari/537.36"
66.220.149.116 - - [12/Jul/2025:14:26:05 +0000] "GET /wp-content/uploads/elementor/google-fonts/css/barlow.css?ver=1742274543 HTTP/1.1" 200 901 "https://akaventures.com.au/?fbclid=IwZXh0bgNhZW0CMTEAAR7_aklr6wY7cxr34GE4-b40bXJL63jqJwxg7eg50Vf3wXQ2dy15Yxe2wOJTfw_aem_andTC4cD49QhS4QODiEptA" "Mozilla/5.0 (X11; Linux x86_64) AppleWebKit/537.36 (KHTML, like Gecko) Chrome/138.0.0.0 Safari/537.36"
66.220.149.10 - - [12/Jul/2025:14:26:05 +0000] "GET /wp-content/uploads/elementor/google-fonts/css/dmserifdisplay.css?ver=1742317692 HTTP/1.1" 200 455 "https://akaventures.com.au/?fbclid=IwZXh0bgNhZW0CMTEAAR7_aklr6wY7cxr34GE4-b40bXJL63jqJwxg7eg50Vf3wXQ2dy15Yxe2wOJTfw_aem_andTC4cD49QhS4QODiEptA" "Mozilla/5.0 (X11; Linux x86_64) AppleWebKit/537.36 (KHTML, like Gecko) Chrome/138.0.0.0 Safari/537.36"
66.220.149.22 - - [12/Jul/2025:14:26:05 +0000] "GET /wp-content/uploads/elementor/google-fonts/css/roboto.css?ver=1742274564 HTTP/1.1" 200 2868 "https://akaventures.com.au/?fbclid=IwZXh0bgNhZW0CMTEAAR7_aklr6wY7cxr34GE4-b40bXJL63jqJwxg7eg50Vf3wXQ2dy15Yxe2wOJTfw_aem_andTC4cD49QhS4QODiEptA" "Mozilla/5.0 (X11; Linux x86_64) AppleWebKit/537.36 (KHTML, like Gecko) Chrome/138.0.0.0 Safari/537.36"
66.220.149.22 - - [12/Jul/2025:14:26:06 +0000] "GET /wp-includes/js/jquery/jquery.min.js?ver=3.7.1 HTTP/1.1" 200 30368 "https://akaventures.com.au/?fbclid=IwZXh0bgNhZW0CMTEAAR7_aklr6wY7cxr34GE4-b40bXJL63jqJwxg7eg50Vf3wXQ2dy15Yxe2wOJTfw_aem_andTC4cD49QhS4QODiEptA" "Mozilla/5.0 (X11; Linux x86_64) AppleWebKit/537.36 (KHTML, like Gecko) Chrome/138.0.0.0 Safari/537.36"
66.220.149.10 - - [12/Jul/2025:14:26:06 +0000] "GET /wp-includes/js/jquery/jquery-migrate.min.js?ver=3.4.1 HTTP/1.1" 200 4872 "https://akaventures.com.au/?fbclid=IwZXh0bgNhZW0CMTEAAR7_aklr6wY7cxr34GE4-b40bXJL63jqJwxg7eg50Vf3wXQ2dy15Yxe2wOJTfw_aem_andTC4cD49QhS4QODiEptA" "Mozilla/5.0 (X11; Linux x86_64) AppleWebKit/537.36 (KHTML, like Gecko) Chrome/138.0.0.0 Safari/537.36"
66.220.149.10 - - [12/Jul/2025:14:26:06 +0000] "GET /wp-content/plugins/leadconnector/public/js/lc-public.js?ver=3.0.10.1 HTTP/1.1" 200 1322 "https://akaventures.com.au/?fbclid=IwZXh0bgNhZW0CMTEAAR7_aklr6wY7cxr34GE4-b40bXJL63jqJwxg7eg50Vf3wXQ2dy15Yxe2wOJTfw_aem_andTC4cD49QhS4QODiEptA" "Mozilla/5.0 (X11; Linux x86_64) AppleWebKit/537.36 (KHTML, like Gecko) Chrome/138.0.0.0 Safari/537.36"
66.220.149.22 - - [12/Jul/2025:14:26:06 +0000] "GET /wp-content/uploads/2024/12/dferUntitled-design.jpg HTTP/1.1" 200 80041 "https://akaventures.com.au/?fbclid=IwZXh0bgNhZW0CMTEAAR7_aklr6wY7cxr34GE4-b40bXJL63jqJwxg7eg50Vf3wXQ2dy15Yxe2wOJTfw_aem_andTC4cD49QhS4QODiEptA" "Mozilla/5.0 (X11; Linux x86_64) AppleWebKit/537.36 (KHTML, like Gecko) Chrome/138.0.0.0 Safari/537.36"
66.220.149.116 - - [12/Jul/2025:14:26:06 +0000] "GET /wp-content/uploads/2024/11/LOGO-1.png HTTP/1.1" 200 5055 "https://akaventures.com.au/?fbclid=IwZXh0bgNhZW0CMTEAAR7_aklr6wY7cxr34GE4-b40bXJL63jqJwxg7eg50Vf3wXQ2dy15Yxe2wOJTfw_aem_andTC4cD49QhS4QODiEptA" "Mozilla/5.0 (X11; Linux x86_64) AppleWebKit/537.36 (KHTML, like Gecko) Chrome/138.0.0.0 Safari/537.36"
66.220.149.19 - - [12/Jul/2025:14:26:06 +0000] "GET /wp-content/uploads/2024/11/banner-image-2.png HTTP/1.1" 200 136273 "https://akaventures.com.au/?fbclid=IwZXh0bgNhZW0CMTEAAR7_aklr6wY7cxr34GE4-b40bXJL63jqJwxg7eg50Vf3wXQ2dy15Yxe2wOJTfw_aem_andTC4cD49QhS4QODiEptA" "Mozilla/5.0 (X11; Linux x86_64) AppleWebKit/537.36 (KHTML, like Gecko) Chrome/138.0.0.0 Safari/537.36"
66.220.149.19 - - [12/Jul/2025:14:26:07 +0000] "GET /wp-content/plugins/elementor/assets/lib/font-awesome/css/all.min.css?ver=3.30.1 HTTP/1.1" 200 12869 "https://akaventures.com.au/?fbclid=IwZXh0bgNhZW0CMTEAAR7_aklr6wY7cxr34GE4-b40bXJL63jqJwxg7eg50Vf3wXQ2dy15Yxe2wOJTfw_aem_andTC4cD49QhS4QODiEptA" "Mozilla/5.0 (X11; Linux x86_64) AppleWebKit/537.36 (KHTML, like Gecko) Chrome/138.0.0.0 Safari/537.36"
66.220.149.22 - - [12/Jul/2025:14:26:07 +0000] "GET /wp-content/uploads/2024/11/AB_high_strength_concrete_mock-up-copy.webp HTTP/1.1" 200 21619 "https://akaventures.com.au/?fbclid=IwZXh0bgNhZW0CMTEAAR7_aklr6wY7cxr34GE4-b40bXJL63jqJwxg7eg50Vf3wXQ2dy15Yxe2wOJTfw_aem_andTC4cD49QhS4QODiEptA" "Mozilla/5.0 (X11; Linux x86_64) AppleWebKit/537.36 (KHTML, like Gecko) Chrome/138.0.0.0 Safari/537.36"
66.220.149.22 - - [12/Jul/2025:14:26:07 +0000] "GET /wp-content/uploads/2024/11/Deformed-Bars.png HTTP/1.1" 200 74355 "https://akaventures.com.au/?fbclid=IwZXh0bgNhZW0CMTEAAR7_aklr6wY7cxr34GE4-b40bXJL63jqJwxg7eg50Vf3wXQ2dy15Yxe2wOJTfw_aem_andTC4cD49QhS4QODiEptA" "Mozilla/5.0 (X11; Linux x86_64) AppleWebKit/537.36 (KHTML, like Gecko) Chrome/138.0.0.0 Safari/537.36"
66.220.149.22 - - [12/Jul/2025:14:26:07 +0000] "GET /wp-content/plugins/elementor/assets/lib/font-awesome/css/v4-shims.min.css?ver=3.30.1 HTTP/1.1" 200 4229 "https://akaventures.com.au/?fbclid=IwZXh0bgNhZW0CMTEAAR7_aklr6wY7cxr34GE4-b40bXJL63jqJwxg7eg50Vf3wXQ2dy15Yxe2wOJTfw_aem_andTC4cD49QhS4QODiEptA" "Mozilla/5.0 (X11; Linux x86_64) AppleWebKit/537.36 (KHTML, like Gecko) Chrome/138.0.0.0 Safari/537.36"
66.220.149.19 - - [12/Jul/2025:14:26:07 +0000] "GET /wp-content/plugins/elementskit-lite/modules/elementskit-icon-pack/assets/css/ekiticons.css?ver=3.5.4 HTTP/1.1" 200 13134 "https://akaventures.com.au/?fbclid=IwZXh0bgNhZW0CMTEAAR7_aklr6wY7cxr34GE4-b40bXJL63jqJwxg7eg50Vf3wXQ2dy15Yxe2wOJTfw_aem_andTC4cD49QhS4QODiEptA" "Mozilla/5.0 (X11; Linux x86_64) AppleWebKit/537.36 (KHTML, like Gecko) Chrome/138.0.0.0 Safari/537.36"
