66.249.74.132 - - [13/Jul/2025:01:56:36 +0000] "GET /?y=59102217071940&mod=c9c346f0&uri=dp.php%3Fid%3D1972275-155%26name%3Dconnect+speakers+to+tv+without+receiver HTTP/1.1" 200 21599 "-" "Mozilla/5.0 (Linux; Android 6.0.1; Nexus 5X Build/MMB29P) AppleWebKit/537.36 (KHTML, like Gecko) Chrome/137.0.7151.103 Mobile Safari/537.36 (compatible; Googlebot/2.1; +http://www.google.com/bot.html)"
66.249.74.130 - - [13/Jul/2025:01:56:38 +0000] "POST /get-message-notify HTTP/1.1" 200 21772 "https://akaventures.com.au/?y=36264241001940&mod=19b29d1c&uri=info.php%3Fid%3D1210348-213%26name%3Desporte+fino+feminino+jeans" "Mozilla/5.0 (Linux; Android 6.0.1; Nexus 5X Build/MMB29P) AppleWebKit/537.36 (KHTML, like Gecko) Chrome/137.0.7151.119 Mobile Safari/537.36 (compatible; Googlebot/2.1; +http://www.google.com/bot.html)"
66.249.74.131 - - [13/Jul/2025:01:56:43 +0000] "POST /get-message-notify HTTP/1.1" 200 21775 "https://akaventures.com.au/?y=59102217071940&mod=c9c346f0&uri=dp.php%3Fid%3D1972275-155%26name%3Dconnect+speakers+to+tv+without+receiver" "Mozilla/5.0 (Linux; Android 6.0.1; Nexus 5X Build/MMB29P) AppleWebKit/537.36 (KHTML, like Gecko) Chrome/137.0.7151.119 Mobile Safari/537.36 (compatible; Googlebot/2.1; +http://www.google.com/bot.html)"
66.249.74.130 - - [13/Jul/2025:01:56:57 +0000] "GET /?y=36263611011940&mod=19b29d1c&uri=product.php%3Fid%3D1210327-213%26name%3Dcal%C3%83%C2%A7a+rasgada+skinny HTTP/1.1" 200 22542 "-" "Mozilla/5.0 (Linux; Android 6.0.1; Nexus 5X Build/MMB29P) AppleWebKit/537.36 (KHTML, like Gecko) Chrome/137.0.7151.103 Mobile Safari/537.36 (compatible; Googlebot/2.1; +http://www.google.com/bot.html)"
66.249.74.132 - - [13/Jul/2025:01:57:18 +0000] "GET /?y=36151454001940&mod=c9c346f0&uri=product.php%3Fid%3D1206588-155%26name%3Dfocal+midrange HTTP/1.1" 200 22332 "-" "Mozilla/5.0 (Linux; Android 6.0.1; Nexus 5X Build/MMB29P) AppleWebKit/537.36 (KHTML, like Gecko) Chrome/137.0.7151.103 Mobile Safari/537.36 (compatible; Googlebot/2.1; +http://www.google.com/bot.html)"
66.249.74.130 - - [13/Jul/2025:01:57:41 +0000] "GET /?y=36263401041940&mod=19b29d1c&uri=blog.php%3Fid%3D1210320-213%26name%3Dpantalona+alfaiataria HTTP/1.1" 200 21884 "-" "Mozilla/5.0 (Linux; Android 6.0.1; Nexus 5X Build/MMB29P) AppleWebKit/537.36 (KHTML, like Gecko) Chrome/137.0.7151.103 Mobile Safari/537.36 (compatible; Googlebot/2.1; +http://www.google.com/bot.html)"
66.249.74.130 - - [13/Jul/2025:01:58:25 +0000] "GET /?y=109575199081940&mod=47751950&uri=search.php%3Fid%3D3656865-776%26name%3Dprozis+mochila+ultraligera HTTP/1.1" 200 22370 "-" "Mozilla/5.0 (Linux; Android 6.0.1; Nexus 5X Build/MMB29P) AppleWebKit/537.36 (KHTML, like Gecko) Chrome/137.0.7151.103 Mobile Safari/537.36 (compatible; Googlebot/2.1; +http://www.google.com/bot.html)"
66.249.74.130 - - [13/Jul/2025:01:58:47 +0000] "GET /?y=36269911031940&mod=19b29d1c&uri=shared.php%3Fid%3D1210537-213%26name%3Dmom+jeans+lady+rock HTTP/1.1" 200 22462 "-" "Mozilla/5.0 (Linux; Android 6.0.1; Nexus 5X Build/MMB29P) AppleWebKit/537.36 (KHTML, like Gecko) Chrome/137.0.7151.103 Mobile Safari/537.36 (compatible; Googlebot/2.1; +http://www.google.com/bot.html)"
66.249.74.130 - - [13/Jul/2025:01:58:47 +0000] "GET /?y=44817080011940&mod=48581dab&uri=blog.php%3Fid%3D1495685-1206%26name%3Dgraduation+men%27s+dress+code HTTP/1.1" 200 21493 "-" "Mozilla/5.0 (Linux; Android 6.0.1; Nexus 5X Build/MMB29P) AppleWebKit/537.36 (KHTML, like Gecko) Chrome/137.0.7151.103 Mobile Safari/537.36 (compatible; Googlebot/2.1; +http://www.google.com/bot.html)"
66.249.74.130 - - [13/Jul/2025:01:58:58 +0000] "GET /?y=36264661081940&mod=19b29d1c&uri=shared.php%3Fid%3D1210362-213%26name%3Dcalcinhas+de+compressao HTTP/1.1" 200 22321 "-" "Mozilla/5.0 (Linux; Android 6.0.1; Nexus 5X Build/MMB29P) AppleWebKit/537.36 (KHTML, like Gecko) Chrome/137.0.7151.103 Mobile Safari/537.36 (compatible; Googlebot/2.1; +http://www.google.com/bot.html)"
66.249.74.130 - - [13/Jul/2025:01:59:26 +0000] "GET /?y=36265711011940&mod=19b29d1c&uri=goods.php%3Fid%3D1210397-213%26name%3Dcal%C3%83%C2%A7a+legging+cirre+infantil HTTP/1.1" 200 22086 "-" "Mozilla/5.0 (Linux; Android 6.0.1; Nexus 5X Build/MMB29P) AppleWebKit/537.36 (KHTML, like Gecko) Chrome/137.0.7151.103 Mobile Safari/537.36 (compatible; Googlebot/2.1; +http://www.google.com/bot.html)"
66.249.74.130 - - [13/Jul/2025:01:59:38 +0000] "POST /get-message-notify HTTP/1.1" 200 21774 "https://akaventures.com.au/?y=36264661081940&mod=19b29d1c&uri=shared.php%3Fid%3D1210362-213%26name%3Dcalcinhas+de+compressao" "Mozilla/5.0 (Linux; Android 6.0.1; Nexus 5X Build/MMB29P) AppleWebKit/537.36 (KHTML, like Gecko) Chrome/137.0.7151.119 Mobile Safari/537.36 (compatible; Googlebot/2.1; +http://www.google.com/bot.html)"
66.249.74.130 - - [13/Jul/2025:01:59:45 +0000] "GET /?y=36215169001940&mod=c481e57d&uri=article.php%3Fid%3D1208712-893%26name%3Dretro+earrings+1950s HTTP/1.1" 200 21323 "-" "Mozilla/5.0 (Linux; Android 6.0.1; Nexus 5X Build/MMB29P) AppleWebKit/537.36 (KHTML, like Gecko) Chrome/137.0.7151.103 Mobile Safari/537.36 (compatible; Googlebot/2.1; +http://www.google.com/bot.html)"
66.249.74.130 - - [13/Jul/2025:01:59:53 +0000] "POST /get-message-notify HTTP/1.1" 200 21787 "https://akaventures.com.au/?y=36215169001940&mod=c481e57d&uri=article.php%3Fid%3D1208712-893%26name%3Dretro+earrings+1950s" "Mozilla/5.0 (Linux; Android 6.0.1; Nexus 5X Build/MMB29P) AppleWebKit/537.36 (KHTML, like Gecko) Chrome/137.0.7151.119 Mobile Safari/537.36 (compatible; Googlebot/2.1; +http://www.google.com/bot.html)"
66.249.74.130 - - [13/Jul/2025:02:00:09 +0000] "GET /?y=36265921001940&mod=19b29d1c&uri=shared.php%3Fid%3D1210404-213%26name%3Dcal%C3%83%C2%A7a+taper HTTP/1.1" 200 22465 "-" "Mozilla/5.0 (Linux; Android 6.0.1; Nexus 5X Build/MMB29P) AppleWebKit/537.36 (KHTML, like Gecko) Chrome/137.0.7151.103 Mobile Safari/537.36 (compatible; Googlebot/2.1; +http://www.google.com/bot.html)"
66.249.74.131 - - [13/Jul/2025:02:00:40 +0000] "GET /?y=36263191051940&mod=19b29d1c&uri=search.php%3Fid%3D1210313-213%26name%3Dcal%C3%83%C2%A7a+bailarina+azul+marinho HTTP/1.1" 200 22438 "-" "Mozilla/5.0 (Linux; Android 6.0.1; Nexus 5X Build/MMB29P) AppleWebKit/537.36 (KHTML, like Gecko) Chrome/137.0.7151.103 Mobile Safari/537.36 (compatible; Googlebot/2.1; +http://www.google.com/bot.html)"
66.249.74.130 - - [13/Jul/2025:02:00:54 +0000] "GET /?y=36269281021940&mod=19b29d1c&uri=info.php%3Fid%3D1210516-213%26name%3Dcal%C3%83%C2%A7a+legging+azul+marinho+infantil HTTP/1.1" 200 22054 "-" "Mozilla/5.0 (Linux; Android 6.0.1; Nexus 5X Build/MMB29P) AppleWebKit/537.36 (KHTML, like Gecko) Chrome/137.0.7151.103 Mobile Safari/537.36 (compatible; Googlebot/2.1; +http://www.google.com/bot.html)"
66.249.74.131 - - [13/Jul/2025:02:01:05 +0000] "GET /?y=36268231021940&mod=19b29d1c&uri=goods.php%3Fid%3D1210481-213%26name%3Dtipos+de+cal%C3%83%C2%A7a+rasgada HTTP/1.1" 200 22765 "-" "Mozilla/5.0 (Linux; Android 6.0.1; Nexus 5X Build/MMB29P) AppleWebKit/537.36 (KHTML, like Gecko) Chrome/137.0.7151.103 Mobile Safari/537.36 (compatible; Googlebot/2.1; +http://www.google.com/bot.html)"
66.249.74.130 - - [13/Jul/2025:02:01:24 +0000] "POST /get-message-notify HTTP/1.1" 200 21778 "https://akaventures.com.au/?y=36269281021940&mod=19b29d1c&uri=info.php%3Fid%3D1210516-213%26name%3Dcal%C3%83%C2%A7a+legging+azul+marinho+infantil" "Mozilla/5.0 (Linux; Android 6.0.1; Nexus 5X Build/MMB29P) AppleWebKit/537.36 (KHTML, like Gecko) Chrome/137.0.7151.119 Mobile Safari/537.36 (compatible; Googlebot/2.1; +http://www.google.com/bot.html)"
66.249.74.130 - - [13/Jul/2025:02:01:26 +0000] "GET /?y=36270541021940&mod=19b29d1c&uri=brands.php%3Fid%3D1210558-213%26name%3Dbebela+jeans+atacado HTTP/1.1" 200 22531 "-" "Mozilla/5.0 (Linux; Android 6.0.1; Nexus 5X Build/MMB29P) AppleWebKit/537.36 (KHTML, like Gecko) Chrome/137.0.7151.103 Mobile Safari/537.36 (compatible; Googlebot/2.1; +http://www.google.com/bot.html)"
66.249.74.130 - - [13/Jul/2025:02:01:53 +0000] "GET /?y=36266551011940&mod=018a1b6c&uri=blog.php%3Fid%3D1210425-100%26name%3Dwatch+faces+honor+band+ios HTTP/1.1" 200 22108 "-" "Mozilla/5.0 (Linux; Android 6.0.1; Nexus 5X Build/MMB29P) AppleWebKit/537.36 (KHTML, like Gecko) Chrome/137.0.7151.103 Mobile Safari/537.36 (compatible; Googlebot/2.1; +http://www.google.com/bot.html)"
66.249.74.132 - - [13/Jul/2025:02:02:25 +0000] "GET /?y=36158534041940&mod=c9c346f0&uri=goods.php%3Fid%3D1206824-155%26name%3Dtop+of+the+line+subwoofers HTTP/1.1" 200 22137 "-" "Mozilla/5.0 (Linux; Android 6.0.1; Nexus 5X Build/MMB29P) AppleWebKit/537.36 (KHTML, like Gecko) Chrome/137.0.7151.103 Mobile Safari/537.36 (compatible; Googlebot/2.1; +http://www.google.com/bot.html)"
66.249.74.131 - - [13/Jul/2025:02:02:37 +0000] "POST /get-message-notify HTTP/1.1" 200 21779 "https://akaventures.com.au/?y=36158534041940&mod=c9c346f0&uri=goods.php%3Fid%3D1206824-155%26name%3Dtop+of+the+line+subwoofers" "Mozilla/5.0 (Linux; Android 6.0.1; Nexus 5X Build/MMB29P) AppleWebKit/537.36 (KHTML, like Gecko) Chrome/137.0.7151.119 Mobile Safari/537.36 (compatible; Googlebot/2.1; +http://www.google.com/bot.html)"
66.249.74.130 - - [13/Jul/2025:02:02:44 +0000] "GET /?y=36271801011940&mod=19b29d1c&uri=products.php%3Fid%3D1210600-213%26name%3Dcal%C3%83%C2%A7a+e+blazer+alfaiataria HTTP/1.1" 200 23019 "-" "Mozilla/5.0 (Linux; Android 6.0.1; Nexus 5X Build/MMB29P) AppleWebKit/537.36 (KHTML, like Gecko) Chrome/137.0.7151.103 Mobile Safari/537.36 (compatible; Googlebot/2.1; +http://www.google.com/bot.html)"
209.74.77.214 - - [13/Jul/2025:02:03:14 +0000] "POST /wp-cron.php?doing_wp_cron=1752372194.1035299301147460937500 HTTP/1.1" 200 - "-" "WordPress/6.8.1; https://akaventures.com.au"
162.120.187.225 - - [13/Jul/2025:02:03:13 +0000] "GET /?y=5226042031940&mod=75a380a0&uri=news.php%3Fid%3D174473-187%26name%3Dpinoy1tv+teleserye HTTP/1.1" 200 194 "https://www.google.com/" "Mozilla/5.0 (Windows NT 10.0; Win64; x64) AppleWebKit/537.36 (KHTML, like Gecko) Chrome/138.0.0.0 Safari/537.36"
66.249.93.231 - - [13/Jul/2025:02:03:13 +0000] "GET /.well-known/traffic-advice HTTP/1.1" 404 13227 "-" "Chrome Privacy Preserving Prefetch Proxy"
66.249.74.131 - - [13/Jul/2025:02:03:15 +0000] "GET /?y=36268861081940&mod=19b29d1c&uri=form.php%3Fid%3D1210502-213%26name%3Dcalca+pantacourt+jeans+renner HTTP/1.1" 200 21951 "-" "Mozilla/5.0 (Linux; Android 6.0.1; Nexus 5X Build/MMB29P) AppleWebKit/537.36 (KHTML, like Gecko) Chrome/137.0.7151.103 Mobile Safari/537.36 (compatible; Googlebot/2.1; +http://www.google.com/bot.html)"
66.249.74.130 - - [13/Jul/2025:02:03:19 +0000] "POST /get-message-notify HTTP/1.1" 200 21779 "https://akaventures.com.au/?y=36268861081940&mod=19b29d1c&uri=form.php%3Fid%3D1210502-213%26name%3Dcalca+pantacourt+jeans+renner" "Mozilla/5.0 (Linux; Android 6.0.1; Nexus 5X Build/MMB29P) AppleWebKit/537.36 (KHTML, like Gecko) Chrome/137.0.7151.119 Mobile Safari/537.36 (compatible; Googlebot/2.1; +http://www.google.com/bot.html)"
66.249.74.130 - - [13/Jul/2025:02:03:38 +0000] "GET /?y=36267391041940&mod=19b29d1c&uri=category-info.php%3Fid%3D1210453-213%26name%3Dcal%C3%83%C2%A7a+jeans+com+elastico+na+cintura+infantil HTTP/1.1" 200 21672 "-" "Mozilla/5.0 (Linux; Android 6.0.1; Nexus 5X Build/MMB29P) AppleWebKit/537.36 (KHTML, like Gecko) Chrome/137.0.7151.103 Mobile Safari/537.36 (compatible; Googlebot/2.1; +http://www.google.com/bot.html)"
66.249.74.130 - - [13/Jul/2025:02:03:42 +0000] "POST /get-message-notify HTTP/1.1" 200 21782 "https://akaventures.com.au/?y=36270541021940&mod=19b29d1c&uri=brands.php%3Fid%3D1210558-213%26name%3Dbebela+jeans+atacado" "Mozilla/5.0 (Linux; Android 6.0.1; Nexus 5X Build/MMB29P) AppleWebKit/537.36 (KHTML, like Gecko) Chrome/137.0.7151.119 Mobile Safari/537.36 (compatible; Googlebot/2.1; +http://www.google.com/bot.html)"
66.249.74.130 - - [13/Jul/2025:02:04:09 +0000] "GET /?y=36269491051940&mod=19b29d1c&uri=blog.php%3Fid%3D1210523-213%26name%3Dmodelo+de+cal%C3%83%C2%A7a+disco HTTP/1.1" 200 22215 "-" "Mozilla/5.0 (Linux; Android 6.0.1; Nexus 5X Build/MMB29P) AppleWebKit/537.36 (KHTML, like Gecko) Chrome/137.0.7151.103 Mobile Safari/537.36 (compatible; Googlebot/2.1; +http://www.google.com/bot.html)"
66.249.74.131 - - [13/Jul/2025:02:04:56 +0000] "GET /?y=36151424051940&mod=c9c346f0&uri=shop.php%3Fid%3D1206587-155%26name%3Dfocal+6x8+car+speakers HTTP/1.1" 200 22292 "-" "Mozilla/5.0 (Linux; Android 6.0.1; Nexus 5X Build/MMB29P) AppleWebKit/537.36 (KHTML, like Gecko) Chrome/137.0.7151.103 Mobile Safari/537.36 (compatible; Googlebot/2.1; +http://www.google.com/bot.html)"
66.249.74.132 - - [13/Jul/2025:02:05:18 +0000] "GET /?y=36265291031940&mod=19b29d1c&uri=search.php%3Fid%3D1210383-213%26name%3Dcal%C3%83%C2%A7a+cinza+alfaiataria HTTP/1.1" 200 21895 "-" "Mozilla/5.0 (Linux; Android 6.0.1; Nexus 5X Build/MMB29P) AppleWebKit/537.36 (KHTML, like Gecko) Chrome/137.0.7151.103 Mobile Safari/537.36 (compatible; Googlebot/2.1; +http://www.google.com/bot.html)"
66.249.74.130 - - [13/Jul/2025:02:05:24 +0000] "POST /get-message-notify HTTP/1.1" 200 21789 "https://akaventures.com.au/?y=36265291031940&mod=19b29d1c&uri=search.php%3Fid%3D1210383-213%26name%3Dcal%C3%83%C2%A7a+cinza+alfaiataria" "Mozilla/5.0 (Linux; Android 6.0.1; Nexus 5X Build/MMB29P) AppleWebKit/537.36 (KHTML, like Gecko) Chrome/137.0.7151.119 Mobile Safari/537.36 (compatible; Googlebot/2.1; +http://www.google.com/bot.html)"
66.249.74.132 - - [13/Jul/2025:02:06:23 +0000] "GET /?y=60402877051940&mod=c9c346f0&uri=search.php%3Fid%3D2015705-155%26name%3Dcurrys+samsung+sound+bar HTTP/1.1" 200 21590 "-" "Mozilla/5.0 (Linux; Android 6.0.1; Nexus 5X Build/MMB29P) AppleWebKit/537.36 (KHTML, like Gecko) Chrome/137.0.7151.103 Mobile Safari/537.36 (compatible; Googlebot/2.1; +http://www.google.com/bot.html)"
66.249.74.131 - - [13/Jul/2025:02:06:43 +0000] "GET /?y=5207143061940&mod=32f79142&uri=article.php%3Fid%3D173831-139%26name%3Dea1041+emporio+armani+glasses HTTP/1.1" 200 20592 "-" "Mozilla/5.0 (Linux; Android 6.0.1; Nexus 5X Build/MMB29P) AppleWebKit/537.36 (KHTML, like Gecko) Chrome/137.0.7151.103 Mobile Safari/537.36 (compatible; Googlebot/2.1; +http://www.google.com/bot.html)"
66.249.74.131 - - [13/Jul/2025:02:07:04 +0000] "GET /?y=5874828061940&mod=68b7007a&uri=itm.php%3Fid%3D196185-341%26name%3Dray+ban+gafas+piloto HTTP/1.1" 200 21741 "-" "Mozilla/5.0 (Linux; Android 6.0.1; Nexus 5X Build/MMB29P) AppleWebKit/537.36 (KHTML, like Gecko) Chrome/137.0.7151.103 Mobile Safari/537.36 (compatible; Googlebot/2.1; +http://www.google.com/bot.html)"
66.249.74.131 - - [13/Jul/2025:02:07:04 +0000] "GET /?y=5238531131940&mod=75a380a0&uri=brands.php%3Fid%3D174890-187%26name%3Dairtel+plan+for+ipl HTTP/1.1" 200 21896 "-" "Mozilla/5.0 (Linux; Android 6.0.1; Nexus 5X Build/MMB29P) AppleWebKit/537.36 (KHTML, like Gecko) Chrome/137.0.7151.103 Mobile Safari/537.36 (compatible; Googlebot/2.1; +http://www.google.com/bot.html)"
66.249.74.130 - - [13/Jul/2025:02:07:12 +0000] "POST /get-message-notify HTTP/1.1" 200 21780 "https://akaventures.com.au/?y=5238531131940&mod=75a380a0&uri=brands.php%3Fid%3D174890-187%26name%3Dairtel+plan+for+ipl" "Mozilla/5.0 (Linux; Android 6.0.1; Nexus 5X Build/MMB29P) AppleWebKit/537.36 (KHTML, like Gecko) Chrome/137.0.7151.119 Mobile Safari/537.36 (compatible; Googlebot/2.1; +http://www.google.com/bot.html)"
66.249.74.130 - - [13/Jul/2025:02:07:33 +0000] "GET /?y=5867057011940&mod=68b7007a&uri=pin.php%3Fid%3D195925-341%26name%3Dgivenchy+gentleman+tradicional HTTP/1.1" 200 22036 "-" "Mozilla/5.0 (Linux; Android 6.0.1; Nexus 5X Build/MMB29P) AppleWebKit/537.36 (KHTML, like Gecko) Chrome/137.0.7151.103 Mobile Safari/537.36 (compatible; Googlebot/2.1; +http://www.google.com/bot.html)"
66.249.74.130 - - [13/Jul/2025:02:07:54 +0000] "GET /?y=5682120001940&mod=52564811&uri=news.php%3Fid%3D189725-308%26name%3Dgucci+logo+print+hooded+sweatshirt HTTP/1.1" 200 21935 "-" "Mozilla/5.0 (Linux; Android 6.0.1; Nexus 5X Build/MMB29P) AppleWebKit/537.36 (KHTML, like Gecko) Chrome/137.0.7151.103 Mobile Safari/537.36 (compatible; Googlebot/2.1; +http://www.google.com/bot.html)"
66.249.74.130 - - [13/Jul/2025:02:08:12 +0000] "POST /get-message-notify HTTP/1.1" 200 21772 "https://akaventures.com.au/?y=5682120001940&mod=52564811&uri=news.php%3Fid%3D189725-308%26name%3Dgucci+logo+print+hooded+sweatshirt" "Mozilla/5.0 (Linux; Android 6.0.1; Nexus 5X Build/MMB29P) AppleWebKit/537.36 (KHTML, like Gecko) Chrome/137.0.7151.119 Mobile Safari/537.36 (compatible; Googlebot/2.1; +http://www.google.com/bot.html)"
66.249.74.130 - - [13/Jul/2025:02:08:21 +0000] "GET /?y=5867207061940&mod=68b7007a&uri=itm.php%3Fid%3D195930-341%26name%3Dmasajes+en+mitras+centro HTTP/1.1" 200 22119 "-" "Mozilla/5.0 (Linux; Android 6.0.1; Nexus 5X Build/MMB29P) AppleWebKit/537.36 (KHTML, like Gecko) Chrome/137.0.7151.103 Mobile Safari/537.36 (compatible; Googlebot/2.1; +http://www.google.com/bot.html)"
66.249.74.130 - - [13/Jul/2025:02:08:44 +0000] "GET /?y=5860660031940&mod=68b7007a&uri=dp.php%3Fid%3D195711-341%26name%3Dmejor+perfume+mont+blanc HTTP/1.1" 200 22453 "-" "Mozilla/5.0 (Linux; Android 6.0.1; Nexus 5X Build/MMB29P) AppleWebKit/537.36 (KHTML, like Gecko) Chrome/137.0.7151.103 Mobile Safari/537.36 (compatible; Googlebot/2.1; +http://www.google.com/bot.html)"
66.249.74.130 - - [13/Jul/2025:02:08:44 +0000] "GET /?y=36261301061940&mod=19b29d1c&uri=blog.php%3Fid%3D1210250-213%26name%3Dcal%C3%83%C2%A7a+legging+jeans+para+bebe HTTP/1.1" 200 22222 "-" "Mozilla/5.0 (Linux; Android 6.0.1; Nexus 5X Build/MMB29P) AppleWebKit/537.36 (KHTML, like Gecko) Chrome/137.0.7151.103 Mobile Safari/537.36 (compatible; Googlebot/2.1; +http://www.google.com/bot.html)"
66.249.74.130 - - [13/Jul/2025:02:08:53 +0000] "POST /get-message-notify HTTP/1.1" 200 21759 "https://akaventures.com.au/?y=5860660031940&mod=68b7007a&uri=dp.php%3Fid%3D195711-341%26name%3Dmejor+perfume+mont+blanc" "Mozilla/5.0 (Linux; Android 6.0.1; Nexus 5X Build/MMB29P) AppleWebKit/537.36 (KHTML, like Gecko) Chrome/137.0.7151.119 Mobile Safari/537.36 (compatible; Googlebot/2.1; +http://www.google.com/bot.html)"
66.249.74.130 - - [13/Jul/2025:02:09:10 +0000] "POST /get-message-notify HTTP/1.1" 200 21772 "https://akaventures.com.au/?y=36261301061940&mod=19b29d1c&uri=blog.php%3Fid%3D1210250-213%26name%3Dcal%C3%83%C2%A7a+legging+jeans+para+bebe" "Mozilla/5.0 (Linux; Android 6.0.1; Nexus 5X Build/MMB29P) AppleWebKit/537.36 (KHTML, like Gecko) Chrome/137.0.7151.119 Mobile Safari/537.36 (compatible; Googlebot/2.1; +http://www.google.com/bot.html)"
66.249.74.131 - - [13/Jul/2025:02:09:15 +0000] "GET /?y=5842731141940&mod=c76359a4&uri=pin.php%3Fid%3D195113-338%26name%3Dzapatos+under+armour+para+mujer+xl HTTP/1.1" 200 21135 "-" "Mozilla/5.0 (Linux; Android 6.0.1; Nexus 5X Build/MMB29P) AppleWebKit/537.36 (KHTML, like Gecko) Chrome/137.0.7151.103 Mobile Safari/537.36 (compatible; Googlebot/2.1; +http://www.google.com/bot.html)"
66.249.74.130 - - [13/Jul/2025:02:09:34 +0000] "GET /?y=5684100061940&mod=45624715&uri=blog.php%3Fid%3D189791-333%26name%3Dgold+sets+in+20+grams HTTP/1.1" 200 20614 "-" "Mozilla/5.0 (Linux; Android 6.0.1; Nexus 5X Build/MMB29P) AppleWebKit/537.36 (KHTML, like Gecko) Chrome/137.0.7151.103 Mobile Safari/537.36 (compatible; Googlebot/2.1; +http://www.google.com/bot.html)"
66.249.74.130 - - [13/Jul/2025:02:09:45 +0000] "GET /?y=36266341041940&mod=19b29d1c&uri=news.php%3Fid%3D1210418-213%26name%3Dcal%C3%83%C2%A7a+xadrez+preta+e+branca+masculina HTTP/1.1" 200 22664 "-" "Mozilla/5.0 (Linux; Android 6.0.1; Nexus 5X Build/MMB29P) AppleWebKit/537.36 (KHTML, like Gecko) Chrome/137.0.7151.103 Mobile Safari/537.36 (compatible; Googlebot/2.1; +http://www.google.com/bot.html)"
66.249.74.132 - - [13/Jul/2025:02:10:00 +0000] "GET /?y=44814758031940&mod=67d94050&uri=pin.php%3Fid%3D1495607-1213%26name%3Dlunette+gucci+2019+femme HTTP/1.1" 200 21568 "-" "Mozilla/5.0 (Linux; Android 6.0.1; Nexus 5X Build/MMB29P) AppleWebKit/537.36 (KHTML, like Gecko) Chrome/137.0.7151.103 Mobile Safari/537.36 (compatible; Googlebot/2.1; +http://www.google.com/bot.html)"
66.249.74.130 - - [13/Jul/2025:02:10:26 +0000] "GET /?y=44817800011940&mod=a205ed56&uri=info.php%3Fid%3D1495709-449%26name%3Dpapasan+chair+straps HTTP/1.1" 200 22026 "-" "Mozilla/5.0 (Linux; Android 6.0.1; Nexus 5X Build/MMB29P) AppleWebKit/537.36 (KHTML, like Gecko) Chrome/137.0.7151.103 Mobile Safari/537.36 (compatible; Googlebot/2.1; +http://www.google.com/bot.html)"
66.249.74.130 - - [13/Jul/2025:02:10:59 +0000] "GET /?y=44817440031940&mod=a205ed56&uri=category-info.php%3Fid%3D1495697-449%26name%3Dzempire+roco+lounger+chair+v2 HTTP/1.1" 200 22769 "-" "Mozilla/5.0 (Linux; Android 6.0.1; Nexus 5X Build/MMB29P) AppleWebKit/537.36 (KHTML, like Gecko) Chrome/137.0.7151.103 Mobile Safari/537.36 (compatible; Googlebot/2.1; +http://www.google.com/bot.html)"
66.249.74.130 - - [13/Jul/2025:02:11:03 +0000] "POST /get-message-notify HTTP/1.1" 200 21773 "https://akaventures.com.au/?y=44814758031940&mod=67d94050&uri=pin.php%3Fid%3D1495607-1213%26name%3Dlunette+gucci+2019+femme" "Mozilla/5.0 (Linux; Android 6.0.1; Nexus 5X Build/MMB29P) AppleWebKit/537.36 (KHTML, like Gecko) Chrome/137.0.7151.119 Mobile Safari/537.36 (compatible; Googlebot/2.1; +http://www.google.com/bot.html)"
66.249.74.130 - - [13/Jul/2025:02:11:23 +0000] "GET /?y=44815118001940&mod=67d94050&uri=dp.php%3Fid%3D1495619-1213%26name%3Dray+ban+femme+vue+ronde HTTP/1.1" 200 21466 "-" "Mozilla/5.0 (Linux; Android 6.0.1; Nexus 5X Build/MMB29P) AppleWebKit/537.36 (KHTML, like Gecko) Chrome/137.0.7151.103 Mobile Safari/537.36 (compatible; Googlebot/2.1; +http://www.google.com/bot.html)"
66.249.74.130 - - [13/Jul/2025:02:11:44 +0000] "GET /?y=44814218101940&mod=48581dab&uri=brands.php%3Fid%3D1495589-1206%26name%3Dhigh+quality+dress+material HTTP/1.1" 200 21022 "-" "Mozilla/5.0 (Linux; Android 6.0.1; Nexus 5X Build/MMB29P) AppleWebKit/537.36 (KHTML, like Gecko) Chrome/137.0.7151.103 Mobile Safari/537.36 (compatible; Googlebot/2.1; +http://www.google.com/bot.html)"
66.249.74.132 - - [13/Jul/2025:02:12:12 +0000] "GET /?y=44815478071940&mod=67d94050&uri=article.php%3Fid%3D1495631-1213%26name%3Dlunette+de+soleil+femme+tendance+2018 HTTP/1.1" 200 20514 "-" "Mozilla/5.0 (Linux; Android 6.0.1; Nexus 5X Build/MMB29P) AppleWebKit/537.36 (KHTML, like Gecko) Chrome/137.0.7151.103 Mobile Safari/537.36 (compatible; Googlebot/2.1; +http://www.google.com/bot.html)"
66.249.74.131 - - [13/Jul/2025:02:12:52 +0000] "POST /get-message-notify HTTP/1.1" 200 21781 "https://akaventures.com.au/?y=36271801011940&mod=19b29d1c&uri=products.php%3Fid%3D1210600-213%26name%3Dcal%C3%83%C2%A7a+e+blazer+alfaiataria" "Mozilla/5.0 (Linux; Android 6.0.1; Nexus 5X Build/MMB29P) AppleWebKit/537.36 (KHTML, like Gecko) Chrome/137.0.7151.119 Mobile Safari/537.36 (compatible; Googlebot/2.1; +http://www.google.com/bot.html)"
66.249.74.130 - - [13/Jul/2025:02:13:45 +0000] "GET /?y=5169837011940&mod=c9c346f0&uri=us.php%3Fid%3D172585-155%26name%3Ddali+zensor+spec HTTP/1.1" 200 22338 "-" "Mozilla/5.0 (Linux; Android 6.0.1; Nexus 5X Build/MMB29P) AppleWebKit/537.36 (KHTML, like Gecko) Chrome/137.0.7151.103 Mobile Safari/537.36 (compatible; Googlebot/2.1; +http://www.google.com/bot.html)"
66.249.74.130 - - [13/Jul/2025:02:13:54 +0000] "GET /?y=36264031071940&mod=19b29d1c&uri=info.php%3Fid%3D1210341-213%26name%3Dcal%C3%83%C2%A7as+da+patoge+para+revenda HTTP/1.1" 200 21775 "-" "Mozilla/5.0 (Linux; Android 6.0.1; Nexus 5X Build/MMB29P) AppleWebKit/537.36 (KHTML, like Gecko) Chrome/137.0.7151.103 Mobile Safari/537.36 (compatible; Googlebot/2.1; +http://www.google.com/bot.html)"
209.74.77.214 - - [13/Jul/2025:02:17:45 +0000] "POST /wp-cron.php?doing_wp_cron=1752373065.7856020927429199218750 HTTP/1.1" 200 - "-" "WordPress/6.8.1; https://akaventures.com.au"
198.37.121.58 - - [13/Jul/2025:02:17:44 +0000] "GET /?y=5347950021940&mod=01bfa6f2&uri=form.php%3Fid%3D178540-321%26name%3Daustralian+shepherd+blue+heeler+mix+temperament HTTP/1.1" 301 - "-" "Mozilla/5.0 (Windows NT 10.0; Win64; x64) AppleWebKit/537.36 (KHTML, like Gecko) Chrome/131.0.0.0 Safari/537.36"
104.252.92.4 - - [13/Jul/2025:02:17:47 +0000] "GET /?y=5347950021940&mod=01bfa6f2&uri=form.php%3Fid%3D178540-321%26name%3Daustralian%20shepherd%20blue%20heeler%20mix%20temperament HTTP/1.1" 200 21826 "-" "Mozilla/5.0 (Windows NT 10.0; Win64; x64) AppleWebKit/537.36 (KHTML, like Gecko) Chrome/131.0.0.0 Safari/537.36"
66.249.74.132 - - [13/Jul/2025:02:17:49 +0000] "GET /?y=5239835121940&mod=75a380a0&uri=info.php%3Fid%3D174934-187%26name%3Dyts+official+bollywood HTTP/1.1" 200 21191 "-" "Mozilla/5.0 (Linux; Android 6.0.1; Nexus 5X Build/MMB29P) AppleWebKit/537.36 (KHTML, like Gecko) Chrome/137.0.7151.103 Mobile Safari/537.36 (compatible; Googlebot/2.1; +http://www.google.com/bot.html)"
66.249.74.130 - - [13/Jul/2025:02:18:27 +0000] "POST /get-message-notify HTTP/1.1" 200 21777 "https://akaventures.com.au/?y=5239835121940&mod=75a380a0&uri=info.php%3Fid%3D174934-187%26name%3Dyts+official+bollywood" "Mozilla/5.0 (Linux; Android 6.0.1; Nexus 5X Build/MMB29P) AppleWebKit/537.36 (KHTML, like Gecko) Chrome/137.0.7151.119 Mobile Safari/537.36 (compatible; Googlebot/2.1; +http://www.google.com/bot.html)"
66.249.74.132 - - [13/Jul/2025:02:22:02 +0000] "GET /?y=5306204041940&mod=f775ec26&uri=article.php%3Fid%3D177148-145%26name%3Dcape+cod+yellow+sweatshirt HTTP/1.1" 200 21234 "-" "Mozilla/5.0 (Linux; Android 6.0.1; Nexus 5X Build/MMB29P) AppleWebKit/537.36 (KHTML, like Gecko) Chrome/137.0.7151.103 Mobile Safari/537.36 (compatible; Googlebot/2.1; +http://www.google.com/bot.html)"
66.249.74.130 - - [13/Jul/2025:02:22:06 +0000] "POST /get-message-notify HTTP/1.1" 200 21782 "https://akaventures.com.au/?y=5306204041940&mod=f775ec26&uri=article.php%3Fid%3D177148-145%26name%3Dcape+cod+yellow+sweatshirt" "Mozilla/5.0 (Linux; Android 6.0.1; Nexus 5X Build/MMB29P) AppleWebKit/537.36 (KHTML, like Gecko) Chrome/137.0.7151.119 Mobile Safari/537.36 (compatible; Googlebot/2.1; +http://www.google.com/bot.html)"
66.249.74.131 - - [13/Jul/2025:02:22:34 +0000] "GET /?y=36261931021940&mod=19b29d1c&uri=blog.php%3Fid%3D1210271-213%26name%3Dlegging+estilo+jeans HTTP/1.1" 200 22654 "-" "Mozilla/5.0 (Linux; Android 6.0.1; Nexus 5X Build/MMB29P) AppleWebKit/537.36 (KHTML, like Gecko) Chrome/137.0.7151.103 Mobile Safari/537.36 (compatible; Googlebot/2.1; +http://www.google.com/bot.html)"
66.249.74.130 - - [13/Jul/2025:02:22:38 +0000] "POST /get-message-notify HTTP/1.1" 200 21771 "https://akaventures.com.au/?y=36261931021940&mod=19b29d1c&uri=blog.php%3Fid%3D1210271-213%26name%3Dlegging+estilo+jeans" "Mozilla/5.0 (Linux; Android 6.0.1; Nexus 5X Build/MMB29P) AppleWebKit/537.36 (KHTML, like Gecko) Chrome/137.0.7151.119 Mobile Safari/537.36 (compatible; Googlebot/2.1; +http://www.google.com/bot.html)"
66.249.74.131 - - [13/Jul/2025:02:24:23 +0000] "GET /?y=36265501041940&mod=19b29d1c&uri=itm.php%3Fid%3D1210390-213%26name%3Dlegging+k2b+montaria HTTP/1.1" 200 22294 "-" "Mozilla/5.0 (Linux; Android 6.0.1; Nexus 5X Build/MMB29P) AppleWebKit/537.36 (KHTML, like Gecko) Chrome/137.0.7151.103 Mobile Safari/537.36 (compatible; Googlebot/2.1; +http://www.google.com/bot.html)"
162.120.188.225 - - [13/Jul/2025:02:27:38 +0000] "GET /?y=5226042031940&mod=75a380a0&uri=news.php%3Fid%3D174473-187%26name%3Dpinoy1tv+teleserye HTTP/1.1" 200 194 "https://www.google.com/" "Mozilla/5.0 (Windows NT 10.0; Win64; x64) AppleWebKit/537.36 (KHTML, like Gecko) Chrome/138.0.0.0 Safari/537.36"
66.249.74.131 - - [13/Jul/2025:02:27:39 +0000] "GET /?y=26792678001940&mod=19b29d1c&uri=itm.php%3Fid%3D894211-213%26name%3Dloja+verbo+jeans HTTP/1.1" 200 22348 "-" "Mozilla/5.0 (Linux; Android 6.0.1; Nexus 5X Build/MMB29P) AppleWebKit/537.36 (KHTML, like Gecko) Chrome/137.0.7151.103 Mobile Safari/537.36 (compatible; Googlebot/2.1; +http://www.google.com/bot.html)"
66.249.74.131 - - [13/Jul/2025:02:30:46 +0000] "GET /?y=5680611041940&mod=52564811&uri=blog.php%3Fid%3D189674-308%26name%3Dhooded+velour+tracksuit HTTP/1.1" 200 22732 "-" "Mozilla/5.0 (Linux; Android 6.0.1; Nexus 5X Build/MMB29P) AppleWebKit/537.36 (KHTML, like Gecko) Chrome/137.0.7151.103 Mobile Safari/537.36 (compatible; Googlebot/2.1; +http://www.google.com/bot.html)"
4.227.36.20 - - [13/Jul/2025:02:33:19 +0000] "GET /robots.txt HTTP/1.1" 200 87 "-" "Mozilla/5.0 AppleWebKit/537.36 (KHTML, like Gecko; compatible; GPTBot/1.2; +https://openai.com/gptbot)"
20.171.207.177 - - [13/Jul/2025:02:33:21 +0000] "GET /sitemap.xml HTTP/1.1" 200 67066 "-" "Mozilla/5.0 AppleWebKit/537.36 (KHTML, like Gecko; compatible; GPTBot/1.2; +https://openai.com/gptbot)"
66.249.74.132 - - [13/Jul/2025:02:35:28 +0000] "GET /?y=36406152021940&mod=cdf1e288&uri=shared.php%3Fid%3D1215094-21%26name%3Dadidas+t+shirt+streifen+damen HTTP/1.1" 200 20926 "-" "Mozilla/5.0 (Linux; Android 6.0.1; Nexus 5X Build/MMB29P) AppleWebKit/537.36 (KHTML, like Gecko) Chrome/137.0.7151.103 Mobile Safari/537.36 (compatible; Googlebot/2.1; +http://www.google.com/bot.html)"
66.249.74.131 - - [13/Jul/2025:02:35:28 +0000] "GET /?y=44938343011940&mod=aefc383b&uri=goods.php%3Fid%3D1499737-464%26name%3Dsandisk+ultra+3d+ssd+500gb+review HTTP/1.1" 200 21652 "-" "Mozilla/5.0 (Linux; Android 6.0.1; Nexus 5X Build/MMB29P) AppleWebKit/537.36 (KHTML, like Gecko) Chrome/137.0.7151.103 Mobile Safari/537.36 (compatible; Googlebot/2.1; +http://www.google.com/bot.html)"
66.249.74.131 - - [13/Jul/2025:02:36:06 +0000] "POST /get-message-notify HTTP/1.1" 200 21773 "https://akaventures.com.au/?y=44938343011940&mod=aefc383b&uri=goods.php%3Fid%3D1499737-464%26name%3Dsandisk+ultra+3d+ssd+500gb+review" "Mozilla/5.0 (Linux; Android 6.0.1; Nexus 5X Build/MMB29P) AppleWebKit/537.36 (KHTML, like Gecko) Chrome/137.0.7151.119 Mobile Safari/537.36 (compatible; Googlebot/2.1; +http://www.google.com/bot.html)"
66.249.74.132 - - [13/Jul/2025:02:37:26 +0000] "GET /?y=5480532031940&mod=234c7ac2&uri=itm.php%3Fid%3D182962-326%26name%3Djoyas+louis+vuitton HTTP/1.1" 200 21775 "-" "Mozilla/5.0 (Linux; Android 6.0.1; Nexus 5X Build/MMB29P) AppleWebKit/537.36 (KHTML, like Gecko) Chrome/137.0.7151.103 Mobile Safari/537.36 (compatible; Googlebot/2.1; +http://www.google.com/bot.html)"
66.249.74.130 - - [13/Jul/2025:02:37:51 +0000] "POST /get-message-notify HTTP/1.1" 200 21767 "https://akaventures.com.au/?y=5480532031940&mod=234c7ac2&uri=itm.php%3Fid%3D182962-326%26name%3Djoyas+louis+vuitton" "Mozilla/5.0 (Linux; Android 6.0.1; Nexus 5X Build/MMB29P) AppleWebKit/537.36 (KHTML, like Gecko) Chrome/137.0.7151.119 Mobile Safari/537.36 (compatible; Googlebot/2.1; +http://www.google.com/bot.html)"
66.249.74.132 - - [13/Jul/2025:02:39:26 +0000] "GET /?y=5941181021940&mod=43542e3a&uri=dp.php%3Fid%3D198398-344%26name%3Drst+paragon+boots HTTP/1.1" 200 21548 "-" "Mozilla/5.0 (Linux; Android 6.0.1; Nexus 5X Build/MMB29P) AppleWebKit/537.36 (KHTML, like Gecko) Chrome/137.0.7151.103 Mobile Safari/537.36 (compatible; Googlebot/2.1; +http://www.google.com/bot.html)"
Page not found – Hello World !