Current File : /home/kelaby89/access-logs/akaventures.com.au.sixpack.studio-ssl_log
66.249.74.130 - - [12/Jul/2025:12:13:44 +0000] "POST /get-message-notify HTTP/1.1" 200 21782 "https://akaventures.com.au/?y=5208146041940&mod=32f79142&uri=dp.php%3Fid%3D173865-139%26name%3Dgiorgio+armani+symbol" "Mozilla/5.0 (Linux; Android 6.0.1; Nexus 5X Build/MMB29P) AppleWebKit/537.36 (KHTML, like Gecko) Chrome/137.0.7151.119 Mobile Safari/537.36 (compatible; Googlebot/2.1; +http://www.google.com/bot.html)"
66.249.74.130 - - [12/Jul/2025:12:13:48 +0000] "GET /?y=5355222001940&mod=7d0bbf7a&uri=itm.php%3Fid%3D178783-322%26name%3Dpg8080i HTTP/1.1" 200 20922 "-" "Mozilla/5.0 (Linux; Android 6.0.1; Nexus 5X Build/MMB29P) AppleWebKit/537.36 (KHTML, like Gecko) Chrome/137.0.7151.103 Mobile Safari/537.36 (compatible; Googlebot/2.1; +http://www.google.com/bot.html)"
66.249.74.130 - - [12/Jul/2025:12:13:48 +0000] "GET /?y=5534974071940&mod=20877bef&uri=product.php%3Fid%3D184779-310%26name%3Dati+7800 HTTP/1.1" 200 21520 "-" "Mozilla/5.0 (Linux; Android 6.0.1; Nexus 5X Build/MMB29P) AppleWebKit/537.36 (KHTML, like Gecko) Chrome/137.0.7151.103 Mobile Safari/537.36 (compatible; Googlebot/2.1; +http://www.google.com/bot.html)"
66.249.74.132 - - [12/Jul/2025:12:14:30 +0000] "GET /?y=5285175031940&mod=539c2943&uri=brands.php%3Fid%3D176447-294%26name%3D14+inch+chain+men HTTP/1.1" 200 22138 "-" "Mozilla/5.0 (Linux; Android 6.0.1; Nexus 5X Build/MMB29P) AppleWebKit/537.36 (KHTML, like Gecko) Chrome/137.0.7151.103 Mobile Safari/537.36 (compatible; Googlebot/2.1; +http://www.google.com/bot.html)"
66.249.74.130 - - [12/Jul/2025:12:14:31 +0000] "GET /?y=5534884081940&mod=20877bef&uri=itm.php%3Fid%3D184776-310%26name%3Dwhich+1660+to+buy HTTP/1.1" 200 21570 "-" "Mozilla/5.0 (Linux; Android 6.0.1; Nexus 5X Build/MMB29P) AppleWebKit/537.36 (KHTML, like Gecko) Chrome/137.0.7151.103 Mobile Safari/537.36 (compatible; Googlebot/2.1; +http://www.google.com/bot.html)"
66.249.74.130 - - [12/Jul/2025:12:14:59 +0000] "GET /?y=5277225081940&mod=539c2943&uri=us.php%3Fid%3D176182-294%26name%3Dmegan+fox+engagement HTTP/1.1" 200 20981 "-" "Mozilla/5.0 (Linux; Android 6.0.1; Nexus 5X Build/MMB29P) AppleWebKit/537.36 (KHTML, like Gecko) Chrome/137.0.7151.103 Mobile Safari/537.36 (compatible; Googlebot/2.1; +http://www.google.com/bot.html)"
66.249.74.131 - - [12/Jul/2025:12:14:59 +0000] "GET /?y=5569084001940&mod=e58bdc60&uri=shared.php%3Fid%3D185916-220%26name%3Ddynamite+blazer+dress HTTP/1.1" 200 21863 "-" "Mozilla/5.0 (Linux; Android 6.0.1; Nexus 5X Build/MMB29P) AppleWebKit/537.36 (KHTML, like Gecko) Chrome/137.0.7151.103 Mobile Safari/537.36 (compatible; Googlebot/2.1; +http://www.google.com/bot.html)"
66.249.74.130 - - [12/Jul/2025:12:15:37 +0000] "GET /?y=5295254051940&mod=f775ec26&uri=news.php%3Fid%3D176783-145%26name%3Dblack+white+and+yellow+hoodie HTTP/1.1" 200 22404 "-" "Mozilla/5.0 (Linux; Android 6.0.1; Nexus 5X Build/MMB29P) AppleWebKit/537.36 (KHTML, like Gecko) Chrome/137.0.7151.103 Mobile Safari/537.36 (compatible; Googlebot/2.1; +http://www.google.com/bot.html)"
66.249.74.130 - - [12/Jul/2025:12:15:55 +0000] "GET /?y=5396175011940&mod=da960bb5&uri=pin.php%3Fid%3D180149-270%26name%3Dblack+box+staedtler HTTP/1.1" 200 21706 "-" "Mozilla/5.0 (Linux; Android 6.0.1; Nexus 5X Build/MMB29P) AppleWebKit/537.36 (KHTML, like Gecko) Chrome/137.0.7151.103 Mobile Safari/537.36 (compatible; Googlebot/2.1; +http://www.google.com/bot.html)"
66.249.74.130 - - [12/Jul/2025:12:16:16 +0000] "GET /?y=5294624021940&mod=539c2943&uri=goods.php%3Fid%3D176762-294%26name%3Dgold+ring+under+10000+rs HTTP/1.1" 200 21856 "-" "Mozilla/5.0 (Linux; Android 6.0.1; Nexus 5X Build/MMB29P) AppleWebKit/537.36 (KHTML, like Gecko) Chrome/137.0.7151.103 Mobile Safari/537.36 (compatible; Googlebot/2.1; +http://www.google.com/bot.html)"
66.249.74.131 - - [12/Jul/2025:12:16:19 +0000] "POST /get-message-notify HTTP/1.1" 200 21776 "https://akaventures.com.au/?y=5294624021940&mod=539c2943&uri=goods.php%3Fid%3D176762-294%26name%3Dgold+ring+under+10000+rs" "Mozilla/5.0 (Linux; Android 6.0.1; Nexus 5X Build/MMB29P) AppleWebKit/537.36 (KHTML, like Gecko) Chrome/137.0.7151.119 Mobile Safari/537.36 (compatible; Googlebot/2.1; +http://www.google.com/bot.html)"
66.249.74.131 - - [12/Jul/2025:12:16:45 +0000] "GET /?y=5414385001940&mod=503e7dbb&uri=article.php%3Fid%3D180756-87%26name%3Dpower+cord+for+blink+camera HTTP/1.1" 200 22211 "-" "Mozilla/5.0 (Linux; Android 6.0.1; Nexus 5X Build/MMB29P) AppleWebKit/537.36 (KHTML, like Gecko) Chrome/137.0.7151.103 Mobile Safari/537.36 (compatible; Googlebot/2.1; +http://www.google.com/bot.html)"
66.249.74.132 - - [12/Jul/2025:12:17:10 +0000] "GET /?y=5571774021940&mod=dc19fa59&uri=itm.php%3Fid%3D186006-331%26name%3Dnike+joyride+dual+run+cd4365 HTTP/1.1" 200 20861 "-" "Mozilla/5.0 (Linux; Android 6.0.1; Nexus 5X Build/MMB29P) AppleWebKit/537.36 (KHTML, like Gecko) Chrome/137.0.7151.103 Mobile Safari/537.36 (compatible; Googlebot/2.1; +http://www.google.com/bot.html)"
66.249.74.131 - - [12/Jul/2025:12:17:28 +0000] "GET /?y=5272905061940&mod=539c2943&uri=blog.php%3Fid%3D176038-294%26name%3Dgraduated+link+necklace+tiffany HTTP/1.1" 200 20945 "-" "Mozilla/5.0 (Linux; Android 6.0.1; Nexus 5X Build/MMB29P) AppleWebKit/537.36 (KHTML, like Gecko) Chrome/137.0.7151.103 Mobile Safari/537.36 (compatible; Googlebot/2.1; +http://www.google.com/bot.html)"
66.249.74.131 - - [12/Jul/2025:12:17:31 +0000] "POST /get-message-notify HTTP/1.1" 200 21786 "https://akaventures.com.au/?y=5272905061940&mod=539c2943&uri=blog.php%3Fid%3D176038-294%26name%3Dgraduated+link+necklace+tiffany" "Mozilla/5.0 (Linux; Android 6.0.1; Nexus 5X Build/MMB29P) AppleWebKit/537.36 (KHTML, like Gecko) Chrome/137.0.7151.119 Mobile Safari/537.36 (compatible; Googlebot/2.1; +http://www.google.com/bot.html)"
66.249.74.130 - - [12/Jul/2025:12:17:48 +0000] "GET /?y=5250537021940&mod=cdf1e288&uri=brands.php%3Fid%3D175292-21%26name%3Dadizero+adios+pro+2021 HTTP/1.1" 200 21625 "-" "Mozilla/5.0 (Linux; Android 6.0.1; Nexus 5X Build/MMB29P) AppleWebKit/537.36 (KHTML, like Gecko) Chrome/137.0.7151.103 Mobile Safari/537.36 (compatible; Googlebot/2.1; +http://www.google.com/bot.html)"
66.249.74.131 - - [12/Jul/2025:12:18:05 +0000] "GET /?y=5329839021940&mod=ca50333d&uri=info.php%3Fid%3D177936-318%26name%3Dzapatos+con+alas+adidas HTTP/1.1" 200 20758 "-" "Mozilla/5.0 (Linux; Android 6.0.1; Nexus 5X Build/MMB29P) AppleWebKit/537.36 (KHTML, like Gecko) Chrome/137.0.7151.103 Mobile Safari/537.36 (compatible; Googlebot/2.1; +http://www.google.com/bot.html)"
66.249.74.131 - - [12/Jul/2025:12:18:29 +0000] "GET /?y=5186426031940&mod=32f79142&uri=products.php%3Fid%3D173139-139%26name%3Dmens+striped+knit+sweater HTTP/1.1" 200 22233 "-" "Mozilla/5.0 (Linux; Android 6.0.1; Nexus 5X Build/MMB29P) AppleWebKit/537.36 (KHTML, like Gecko) Chrome/137.0.7151.103 Mobile Safari/537.36 (compatible; Googlebot/2.1; +http://www.google.com/bot.html)"
66.249.74.130 - - [12/Jul/2025:12:18:32 +0000] "GET /?y=5473962031940&mod=234c7ac2&uri=product.php%3Fid%3D182743-326%26name%3Dlouis+vuitton+calzado HTTP/1.1" 200 21100 "-" "Mozilla/5.0 (Linux; Android 6.0.1; Nexus 5X Build/MMB29P) AppleWebKit/537.36 (KHTML, like Gecko) Chrome/137.0.7151.103 Mobile Safari/537.36 (compatible; Googlebot/2.1; +http://www.google.com/bot.html)"
66.249.74.130 - - [12/Jul/2025:12:18:57 +0000] "GET /?y=5182376041940&mod=32f79142&uri=info.php%3Fid%3D173004-139%26name%3Dchunky+cardigan+petite HTTP/1.1" 200 21255 "-" "Mozilla/5.0 (Linux; Android 6.0.1; Nexus 5X Build/MMB29P) AppleWebKit/537.36 (KHTML, like Gecko) Chrome/137.0.7151.103 Mobile Safari/537.36 (compatible; Googlebot/2.1; +http://www.google.com/bot.html)"
66.249.74.130 - - [12/Jul/2025:12:18:57 +0000] "GET /?y=5238141091940&mod=229754d7&uri=brands.php%3Fid%3D174877-22%26name%3Dcartier+damenuhr+santos+gebraucht HTTP/1.1" 200 21721 "-" "Mozilla/5.0 (Linux; Android 6.0.1; Nexus 5X Build/MMB29P) AppleWebKit/537.36 (KHTML, like Gecko) Chrome/137.0.7151.103 Mobile Safari/537.36 (compatible; Googlebot/2.1; +http://www.google.com/bot.html)"
66.249.74.130 - - [12/Jul/2025:12:19:10 +0000] "POST /get-message-notify HTTP/1.1" 200 21772 "https://akaventures.com.au/?y=5186426031940&mod=32f79142&uri=products.php%3Fid%3D173139-139%26name%3Dmens+striped+knit+sweater" "Mozilla/5.0 (Linux; Android 6.0.1; Nexus 5X Build/MMB29P) AppleWebKit/537.36 (KHTML, like Gecko) Chrome/137.0.7151.119 Mobile Safari/537.36 (compatible; Googlebot/2.1; +http://www.google.com/bot.html)"
66.249.74.130 - - [12/Jul/2025:12:19:27 +0000] "GET /?y=5691540031940&mod=52564811&uri=info.php%3Fid%3D190039-308%26name%3Dkidshype HTTP/1.1" 200 21849 "-" "Mozilla/5.0 (Linux; Android 6.0.1; Nexus 5X Build/MMB29P) AppleWebKit/537.36 (KHTML, like Gecko) Chrome/137.0.7151.103 Mobile Safari/537.36 (compatible; Googlebot/2.1; +http://www.google.com/bot.html)"
66.249.74.131 - - [12/Jul/2025:12:19:28 +0000] "POST /get-message-notify HTTP/1.1" 200 21787 "https://akaventures.com.au/?y=5182376041940&mod=32f79142&uri=info.php%3Fid%3D173004-139%26name%3Dchunky+cardigan+petite" "Mozilla/5.0 (Linux; Android 6.0.1; Nexus 5X Build/MMB29P) AppleWebKit/537.36 (KHTML, like Gecko) Chrome/137.0.7151.119 Mobile Safari/537.36 (compatible; Googlebot/2.1; +http://www.google.com/bot.html)"
66.249.74.130 - - [12/Jul/2025:12:19:56 +0000] "POST /get-message-notify HTTP/1.1" 200 21769 "https://akaventures.com.au/?y=5238141091940&mod=229754d7&uri=brands.php%3Fid%3D174877-22%26name%3Dcartier+damenuhr+santos+gebraucht" "Mozilla/5.0 (Linux; Android 6.0.1; Nexus 5X Build/MMB29P) AppleWebKit/537.36 (KHTML, like Gecko) Chrome/137.0.7151.119 Mobile Safari/537.36 (compatible; Googlebot/2.1; +http://www.google.com/bot.html)"
116.203.60.150 - - [12/Jul/2025:12:19:59 +0000] "GET / HTTP/1.1" 200 21827 "-" "SeobilityBot (SEO Tool; https://www.seobility.net/sites/bot.html)"
66.249.74.130 - - [12/Jul/2025:12:20:09 +0000] "GET /?y=5288534071940&mod=539c2943&uri=shared.php%3Fid%3D176559-294%26name%3Dmotyachi+nath+designs HTTP/1.1" 200 21142 "-" "Mozilla/5.0 (Linux; Android 6.0.1; Nexus 5X Build/MMB29P) AppleWebKit/537.36 (KHTML, like Gecko) Chrome/137.0.7151.103 Mobile Safari/537.36 (compatible; Googlebot/2.1; +http://www.google.com/bot.html)"
66.249.74.131 - - [12/Jul/2025:12:20:13 +0000] "GET /?y=5886365001940&mod=c9c346f0&uri=info.php%3Fid%3D196570-155%26name%3Dditton+33+speakers HTTP/1.1" 200 22183 "-" "Mozilla/5.0 (Linux; Android 6.0.1; Nexus 5X Build/MMB29P) AppleWebKit/537.36 (KHTML, like Gecko) Chrome/137.0.7151.103 Mobile Safari/537.36 (compatible; Googlebot/2.1; +http://www.google.com/bot.html)"
66.249.74.130 - - [12/Jul/2025:12:20:16 +0000] "GET /?y=5200339011940&mod=32f79142&uri=shop.php%3Fid%3D173603-139%26name%3Darmani+reading+glasses+frames HTTP/1.1" 200 20746 "-" "Mozilla/5.0 (Linux; Android 6.0.1; Nexus 5X Build/MMB29P) AppleWebKit/537.36 (KHTML, like Gecko) Chrome/137.0.7151.103 Mobile Safari/537.36 (compatible; Googlebot/2.1; +http://www.google.com/bot.html)"
66.249.74.130 - - [12/Jul/2025:12:20:36 +0000] "POST /get-message-notify HTTP/1.1" 200 21767 "https://akaventures.com.au/?y=5200339011940&mod=32f79142&uri=shop.php%3Fid%3D173603-139%26name%3Darmani+reading+glasses+frames" "Mozilla/5.0 (Linux; Android 6.0.1; Nexus 5X Build/MMB29P) AppleWebKit/537.36 (KHTML, like Gecko) Chrome/137.0.7151.119 Mobile Safari/537.36 (compatible; Googlebot/2.1; +http://www.google.com/bot.html)"
66.249.74.131 - - [12/Jul/2025:12:21:04 +0000] "GET /?y=24276172021940&mod=c9c346f0&uri=info.php%3Fid%3D810268-155%26name%3Djbl+615+price HTTP/1.1" 200 22190 "-" "Mozilla/5.0 (Linux; Android 6.0.1; Nexus 5X Build/MMB29P) AppleWebKit/537.36 (KHTML, like Gecko) Chrome/137.0.7151.103 Mobile Safari/537.36 (compatible; Googlebot/2.1; +http://www.google.com/bot.html)"
66.249.74.130 - - [12/Jul/2025:12:21:09 +0000] "GET /?y=117431851061940&mod=5d55e7c1&uri=itm.php%3Fid%3D3919100-57%26name%3Dbose+wave+music+system+with+bluetooth HTTP/1.1" 200 22309 "-" "Mozilla/5.0 (Linux; Android 6.0.1; Nexus 5X Build/MMB29P) AppleWebKit/537.36 (KHTML, like Gecko) Chrome/137.0.7151.103 Mobile Safari/537.36 (compatible; Googlebot/2.1; +http://www.google.com/bot.html)"
66.249.74.130 - - [12/Jul/2025:12:21:14 +0000] "POST /get-message-notify HTTP/1.1" 200 21784 "https://akaventures.com.au/?y=24276172021940&mod=c9c346f0&uri=info.php%3Fid%3D810268-155%26name%3Djbl+615+price" "Mozilla/5.0 (Linux; Android 6.0.1; Nexus 5X Build/MMB29P) AppleWebKit/537.36 (KHTML, like Gecko) Chrome/137.0.7151.119 Mobile Safari/537.36 (compatible; Googlebot/2.1; +http://www.google.com/bot.html)"
66.249.74.130 - - [12/Jul/2025:12:21:39 +0000] "GET /?y=5414625061940&mod=84106259&uri=blog.php%3Fid%3D180764-219%26name%3Dgas+furnace+btu+for+square+footage HTTP/1.1" 200 21682 "-" "Mozilla/5.0 (Linux; Android 6.0.1; Nexus 5X Build/MMB29P) AppleWebKit/537.36 (KHTML, like Gecko) Chrome/137.0.7151.103 Mobile Safari/537.36 (compatible; Googlebot/2.1; +http://www.google.com/bot.html)"
66.249.74.130 - - [12/Jul/2025:12:22:13 +0000] "GET /?y=5171561011940&mod=c9c346f0&uri=blog.php%3Fid%3D172643-155%26name%3Dqsc+k12+tote+bag HTTP/1.1" 200 21573 "-" "Mozilla/5.0 (Linux; Android 6.0.1; Nexus 5X Build/MMB29P) AppleWebKit/537.36 (KHTML, like Gecko) Chrome/137.0.7151.103 Mobile Safari/537.36 (compatible; Googlebot/2.1; +http://www.google.com/bot.html)"
66.249.74.130 - - [12/Jul/2025:12:22:20 +0000] "POST /get-message-notify HTTP/1.1" 200 21782 "https://akaventures.com.au/?y=5171561011940&mod=c9c346f0&uri=blog.php%3Fid%3D172643-155%26name%3Dqsc+k12+tote+bag" "Mozilla/5.0 (Linux; Android 6.0.1; Nexus 5X Build/MMB29P) AppleWebKit/537.36 (KHTML, like Gecko) Chrome/137.0.7151.119 Mobile Safari/537.36 (compatible; Googlebot/2.1; +http://www.google.com/bot.html)"
66.249.74.131 - - [12/Jul/2025:12:22:23 +0000] "GET /?y=5473932021940&mod=234c7ac2&uri=itm.php%3Fid%3D182742-326%26name%3Didylle+blossom HTTP/1.1" 200 21680 "-" "Mozilla/5.0 (Linux; Android 6.0.1; Nexus 5X Build/MMB29P) AppleWebKit/537.36 (KHTML, like Gecko) Chrome/137.0.7151.103 Mobile Safari/537.36 (compatible; Googlebot/2.1; +http://www.google.com/bot.html)"
66.249.74.130 - - [12/Jul/2025:12:22:47 +0000] "GET /?y=36152504011940&mod=c9c346f0&uri=goods.php%3Fid%3D1206623-155%26name%3Dspeakercraft+aim8 HTTP/1.1" 200 21919 "-" "Mozilla/5.0 (Linux; Android 6.0.1; Nexus 5X Build/MMB29P) AppleWebKit/537.36 (KHTML, like Gecko) Chrome/137.0.7151.103 Mobile Safari/537.36 (compatible; Googlebot/2.1; +http://www.google.com/bot.html)"
66.249.74.130 - - [12/Jul/2025:12:22:52 +0000] "POST /get-message-notify HTTP/1.1" 200 21774 "https://akaventures.com.au/?y=36152504011940&mod=c9c346f0&uri=goods.php%3Fid%3D1206623-155%26name%3Dspeakercraft+aim8" "Mozilla/5.0 (Linux; Android 6.0.1; Nexus 5X Build/MMB29P) AppleWebKit/537.36 (KHTML, like Gecko) Chrome/137.0.7151.119 Mobile Safari/537.36 (compatible; Googlebot/2.1; +http://www.google.com/bot.html)"
66.249.74.130 - - [12/Jul/2025:12:23:13 +0000] "GET /?y=102913105041940&mod=234c7ac2&uri=info.php%3Fid%3D3434505-326%26name%3Dvince+camuto+botines HTTP/1.1" 200 22279 "-" "Mozilla/5.0 (Linux; Android 6.0.1; Nexus 5X Build/MMB29P) AppleWebKit/537.36 (KHTML, like Gecko) Chrome/137.0.7151.103 Mobile Safari/537.36 (compatible; Googlebot/2.1; +http://www.google.com/bot.html)"
66.249.74.130 - - [12/Jul/2025:12:23:26 +0000] "GET /?y=44716495001940&mod=eb0ae6e3&uri=us.php%3Fid%3D1492330-524%26name%3Ddarth+maul+jordans+release+date HTTP/1.1" 200 21924 "-" "Mozilla/5.0 (Linux; Android 6.0.1; Nexus 5X Build/MMB29P) AppleWebKit/537.36 (KHTML, like Gecko) Chrome/137.0.7151.103 Mobile Safari/537.36 (compatible; Googlebot/2.1; +http://www.google.com/bot.html)"
66.249.74.130 - - [12/Jul/2025:12:23:23 +0000] "GET /?y=44611206031940&mod=d23a0a28&uri=product.php%3Fid%3D1488819-739%26name%3Dpencil+reading+glasses HTTP/1.1" 200 22371 "-" "Mozilla/5.0 (Linux; Android 6.0.1; Nexus 5X Build/MMB29P) AppleWebKit/537.36 (KHTML, like Gecko) Chrome/137.0.7151.103 Mobile Safari/537.36 (compatible; Googlebot/2.1; +http://www.google.com/bot.html)"
66.249.74.130 - - [12/Jul/2025:12:23:32 +0000] "POST /get-message-notify HTTP/1.1" 200 21778 "https://akaventures.com.au/?y=102913105041940&mod=234c7ac2&uri=info.php%3Fid%3D3434505-326%26name%3Dvince+camuto+botines" "Mozilla/5.0 (Linux; Android 6.0.1; Nexus 5X Build/MMB29P) AppleWebKit/537.36 (KHTML, like Gecko) Chrome/137.0.7151.119 Mobile Safari/537.36 (compatible; Googlebot/2.1; +http://www.google.com/bot.html)"
66.249.74.130 - - [12/Jul/2025:12:23:36 +0000] "GET /?y=5243366061940&mod=db07748a&uri=blog.php%3Fid%3D175052-314%26name%3Dschwarze+kurze+strickjacke+damen HTTP/1.1" 200 21266 "-" "Mozilla/5.0 (Linux; Android 6.0.1; Nexus 5X Build/MMB29P) AppleWebKit/537.36 (KHTML, like Gecko) Chrome/137.0.7151.103 Mobile Safari/537.36 (compatible; Googlebot/2.1; +http://www.google.com/bot.html)"
66.249.74.130 - - [12/Jul/2025:12:24:09 +0000] "POST /get-message-notify HTTP/1.1" 200 21782 "https://akaventures.com.au/?y=44716495001940&mod=eb0ae6e3&uri=us.php%3Fid%3D1492330-524%26name%3Ddarth+maul+jordans+release+date" "Mozilla/5.0 (Linux; Android 6.0.1; Nexus 5X Build/MMB29P) AppleWebKit/537.36 (KHTML, like Gecko) Chrome/137.0.7151.119 Mobile Safari/537.36 (compatible; Googlebot/2.1; +http://www.google.com/bot.html)"
66.249.74.131 - - [12/Jul/2025:12:25:29 +0000] "GET /?y=5234424071940&mod=229754d7&uri=shop.php%3Fid%3D174753-22%26name%3Dballon+bleu+42mm+cartier HTTP/1.1" 200 21499 "-" "Mozilla/5.0 (Linux; Android 6.0.1; Nexus 5X Build/MMB29P) AppleWebKit/537.36 (KHTML, like Gecko) Chrome/137.0.7151.103 Mobile Safari/537.36 (compatible; Googlebot/2.1; +http://www.google.com/bot.html)"
66.249.74.130 - - [12/Jul/2025:12:25:31 +0000] "GET /?y=109414556021940&mod=d7c3f8de&uri=dp.php%3Fid%3D3651506-186%26name%3Ddkny+sullivan+crossbody HTTP/1.1" 200 22383 "-" "Mozilla/5.0 (Linux; Android 6.0.1; Nexus 5X Build/MMB29P) AppleWebKit/537.36 (KHTML, like Gecko) Chrome/137.0.7151.103 Mobile Safari/537.36 (compatible; Googlebot/2.1; +http://www.google.com/bot.html)"
66.249.74.131 - - [12/Jul/2025:12:25:32 +0000] "GET /?y=5295104081940&mod=b9959873&uri=search.php%3Fid%3D176778-317%26name%3Dred+nike+tennis HTTP/1.1" 200 21683 "-" "Mozilla/5.0 (Linux; Android 6.0.1; Nexus 5X Build/MMB29P) AppleWebKit/537.36 (KHTML, like Gecko) Chrome/137.0.7151.103 Mobile Safari/537.36 (compatible; Googlebot/2.1; +http://www.google.com/bot.html)"
66.249.74.131 - - [12/Jul/2025:12:25:34 +0000] "GET /?y=109409696001940&mod=09f553f3&uri=info.php%3Fid%3D3651344-600%26name%3Dapple+watch+support+iphone HTTP/1.1" 200 22534 "-" "Mozilla/5.0 (Linux; Android 6.0.1; Nexus 5X Build/MMB29P) AppleWebKit/537.36 (KHTML, like Gecko) Chrome/137.0.7151.103 Mobile Safari/537.36 (compatible; Googlebot/2.1; +http://www.google.com/bot.html)"
66.249.74.130 - - [12/Jul/2025:12:25:49 +0000] "GET /?y=5361072071940&mod=7d0bbf7a&uri=blog.php%3Fid%3D178978-322%26name%3Dkitchenaid+kdte204dss HTTP/1.1" 200 20835 "-" "Mozilla/5.0 (Linux; Android 6.0.1; Nexus 5X Build/MMB29P) AppleWebKit/537.36 (KHTML, like Gecko) Chrome/137.0.7151.103 Mobile Safari/537.36 (compatible; Googlebot/2.1; +http://www.google.com/bot.html)"
66.249.74.131 - - [12/Jul/2025:12:29:00 +0000] "GET /?y=109415276021940&mod=d7c3f8de&uri=shop.php%3Fid%3D3651530-186%26name%3Dtory+burch+blue+tote+bag HTTP/1.1" 200 22013 "-" "Mozilla/5.0 (Linux; Android 6.0.1; Nexus 5X Build/MMB29P) AppleWebKit/537.36 (KHTML, like Gecko) Chrome/137.0.7151.103 Mobile Safari/537.36 (compatible; Googlebot/2.1; +http://www.google.com/bot.html)"
66.249.74.130 - - [12/Jul/2025:12:29:03 +0000] "GET /?y=5392635001940&mod=da960bb5&uri=pin.php%3Fid%3D180031-270%26name%3Dtriplus+fineliner+mm HTTP/1.1" 200 20996 "-" "Mozilla/5.0 (Linux; Android 6.0.1; Nexus 5X Build/MMB29P) AppleWebKit/537.36 (KHTML, like Gecko) Chrome/137.0.7151.103 Mobile Safari/537.36 (compatible; Googlebot/2.1; +http://www.google.com/bot.html)"
66.249.74.131 - - [12/Jul/2025:12:29:06 +0000] "GET /?y=5389785001940&mod=da960bb5&uri=form.php%3Fid%3D179936-270%26name%3Dpaper+mate+profile+b+black HTTP/1.1" 200 21426 "-" "Mozilla/5.0 (Linux; Android 6.0.1; Nexus 5X Build/MMB29P) AppleWebKit/537.36 (KHTML, like Gecko) Chrome/137.0.7151.103 Mobile Safari/537.36 (compatible; Googlebot/2.1; +http://www.google.com/bot.html)"
66.249.74.130 - - [12/Jul/2025:12:29:11 +0000] "GET /?y=5188496051940&mod=32f79142&uri=shop.php%3Fid%3D173208-139%26name%3Darmami+jeans HTTP/1.1" 200 20875 "-" "Mozilla/5.0 (Linux; Android 6.0.1; Nexus 5X Build/MMB29P) AppleWebKit/537.36 (KHTML, like Gecko) Chrome/137.0.7151.103 Mobile Safari/537.36 (compatible; Googlebot/2.1; +http://www.google.com/bot.html)"
66.249.74.130 - - [12/Jul/2025:12:29:14 +0000] "GET /?y=5295584141940&mod=b9959873&uri=form.php%3Fid%3D176794-317%26name%3Dskechers+m+fit HTTP/1.1" 200 21166 "-" "Mozilla/5.0 (Linux; Android 6.0.1; Nexus 5X Build/MMB29P) AppleWebKit/537.36 (KHTML, like Gecko) Chrome/137.0.7151.103 Mobile Safari/537.36 (compatible; Googlebot/2.1; +http://www.google.com/bot.html)"
66.249.74.130 - - [12/Jul/2025:12:29:18 +0000] "GET /?y=5201359021940&mod=32f79142&uri=pin.php%3Fid%3D173637-139%26name%3Dmens+grey+marl+hoodie HTTP/1.1" 200 22255 "-" "Mozilla/5.0 (Linux; Android 6.0.1; Nexus 5X Build/MMB29P) AppleWebKit/537.36 (KHTML, like Gecko) Chrome/137.0.7151.103 Mobile Safari/537.36 (compatible; Googlebot/2.1; +http://www.google.com/bot.html)"
66.249.74.130 - - [12/Jul/2025:12:29:20 +0000] "GET /?y=109368288091940&mod=edb446b6&uri=shared.php%3Fid%3D3649963-59%26name%3Dle+venere+di+berenice HTTP/1.1" 200 21789 "-" "Mozilla/5.0 (Linux; Android 6.0.1; Nexus 5X Build/MMB29P) AppleWebKit/537.36 (KHTML, like Gecko) Chrome/137.0.7151.103 Mobile Safari/537.36 (compatible; Googlebot/2.1; +http://www.google.com/bot.html)"
66.249.74.130 - - [12/Jul/2025:12:29:20 +0000] "POST /get-message-notify HTTP/1.1" 200 21776 "https://akaventures.com.au/?y=5201359021940&mod=32f79142&uri=pin.php%3Fid%3D173637-139%26name%3Dmens+grey+marl+hoodie" "Mozilla/5.0 AppleWebKit/537.36 (KHTML, like Gecko; compatible; Googlebot/2.1; +http://www.google.com/bot.html) Chrome/137.0.7151.119 Safari/537.36"
66.249.74.130 - - [12/Jul/2025:12:29:23 +0000] "GET /?y=21293782071940&mod=b9959873&uri=search.php%3Fid%3D710783-317%26name%3Dugg+infant+bixbee+bootie HTTP/1.1" 200 21804 "-" "Mozilla/5.0 (Linux; Android 6.0.1; Nexus 5X Build/MMB29P) AppleWebKit/537.36 (KHTML, like Gecko) Chrome/137.0.7151.103 Mobile Safari/537.36 (compatible; Googlebot/2.1; +http://www.google.com/bot.html)"
66.249.74.130 - - [12/Jul/2025:12:29:26 +0000] "GET /?y=109362722011940&mod=edb446b6&uri=products.php%3Fid%3D3649777-59%26name%3Dgonna+tulle+celeste+bambina HTTP/1.1" 200 22604 "-" "Mozilla/5.0 (Linux; Android 6.0.1; Nexus 5X Build/MMB29P) AppleWebKit/537.36 (KHTML, like Gecko) Chrome/137.0.7151.103 Mobile Safari/537.36 (compatible; Googlebot/2.1; +http://www.google.com/bot.html)"
66.249.74.130 - - [12/Jul/2025:12:29:29 +0000] "GET /?y=5664501021940&mod=52564811&uri=products.php%3Fid%3D189137-308%26name%3Dcrewneck+sweatshirt+design HTTP/1.1" 200 22783 "-" "Mozilla/5.0 (Linux; Android 6.0.1; Nexus 5X Build/MMB29P) AppleWebKit/537.36 (KHTML, like Gecko) Chrome/137.0.7151.103 Mobile Safari/537.36 (compatible; Googlebot/2.1; +http://www.google.com/bot.html)"
66.249.74.130 - - [12/Jul/2025:12:29:36 +0000] "POST /get-message-notify HTTP/1.1" 200 21769 "https://akaventures.com.au/?y=5664501021940&mod=52564811&uri=products.php%3Fid%3D189137-308%26name%3Dcrewneck+sweatshirt+design" "Mozilla/5.0 (Linux; Android 6.0.1; Nexus 5X Build/MMB29P) AppleWebKit/537.36 (KHTML, like Gecko) Chrome/137.0.7151.119 Mobile Safari/537.36 (compatible; Googlebot/2.1; +http://www.google.com/bot.html)"
66.249.74.130 - - [12/Jul/2025:12:29:34 +0000] "GET /?y=5262915031940&mod=c20cbf08&uri=product.php%3Fid%3D175705-315%26name%3Dholzkern+schmuck+armband HTTP/1.1" 200 22076 "-" "Mozilla/5.0 (Linux; Android 6.0.1; Nexus 5X Build/MMB29P) AppleWebKit/537.36 (KHTML, like Gecko) Chrome/137.0.7151.103 Mobile Safari/537.36 (compatible; Googlebot/2.1; +http://www.google.com/bot.html)"
66.249.74.130 - - [12/Jul/2025:12:29:31 +0000] "GET /?y=5263965031940&mod=c20cbf08&uri=products.php%3Fid%3D175740-315%26name%3Du+boat+uhr+u1001 HTTP/1.1" 200 21697 "-" "Mozilla/5.0 (Linux; Android 6.0.1; Nexus 5X Build/MMB29P) AppleWebKit/537.36 (KHTML, like Gecko) Chrome/137.0.7151.103 Mobile Safari/537.36 (compatible; Googlebot/2.1; +http://www.google.com/bot.html)"
66.249.74.130 - - [12/Jul/2025:12:29:39 +0000] "GET /?y=5311364011940&mod=b9959873&uri=itm.php%3Fid%3D177320-317%26name%3Duggs+70+percent+off HTTP/1.1" 200 21596 "-" "Mozilla/5.0 (Linux; Android 6.0.1; Nexus 5X Build/MMB29P) AppleWebKit/537.36 (KHTML, like Gecko) Chrome/137.0.7151.103 Mobile Safari/537.36 (compatible; Googlebot/2.1; +http://www.google.com/bot.html)"
66.249.74.130 - - [12/Jul/2025:12:29:40 +0000] "GET /?y=5368344121940&mod=01bfa6f2&uri=us.php%3Fid%3D179221-321%26name%3Dshort+hair+low+maintenance+dogs HTTP/1.1" 200 21735 "-" "Mozilla/5.0 (Linux; Android 6.0.1; Nexus 5X Build/MMB29P) AppleWebKit/537.36 (KHTML, like Gecko) Chrome/137.0.7151.103 Mobile Safari/537.36 (compatible; Googlebot/2.1; +http://www.google.com/bot.html)"
66.249.74.130 - - [12/Jul/2025:12:29:43 +0000] "GET /?y=5358282061940&mod=01bfa6f2&uri=shop.php%3Fid%3D178885-321%26name%3Dvetco+on+montano HTTP/1.1" 200 20790 "-" "Mozilla/5.0 (Linux; Android 6.0.1; Nexus 5X Build/MMB29P) AppleWebKit/537.36 (KHTML, like Gecko) Chrome/137.0.7151.103 Mobile Safari/537.36 (compatible; Googlebot/2.1; +http://www.google.com/bot.html)"
66.249.74.131 - - [12/Jul/2025:12:29:48 +0000] "GET /?y=5365826031940&mod=7d0bbf7a&uri=itm.php%3Fid%3D179137-322%26name%3Dbest+2018+dishwasher HTTP/1.1" 200 22335 "-" "Mozilla/5.0 (Linux; Android 6.0.1; Nexus 5X Build/MMB29P) AppleWebKit/537.36 (KHTML, like Gecko) Chrome/137.0.7151.103 Mobile Safari/537.36 (compatible; Googlebot/2.1; +http://www.google.com/bot.html)"
66.249.74.131 - - [12/Jul/2025:12:30:30 +0000] "GET /?y=8660293051940&mod=b9959873&uri=search.php%3Fid%3D289185-317%26name%3Dskechers+relaxed+fit+mens+uk HTTP/1.1" 200 22385 "-" "Mozilla/5.0 (Linux; Android 6.0.1; Nexus 5X Build/MMB29P) AppleWebKit/537.36 (KHTML, like Gecko) Chrome/137.0.7151.103 Mobile Safari/537.36 (compatible; Googlebot/2.1; +http://www.google.com/bot.html)"
66.249.74.131 - - [12/Jul/2025:12:30:59 +0000] "GET /?y=109364577031940&mod=edb446b6&uri=dp.php%3Fid%3D3649839-59%26name%3Dtosca+sposa HTTP/1.1" 200 22099 "-" "Mozilla/5.0 (Linux; Android 6.0.1; Nexus 5X Build/MMB29P) AppleWebKit/537.36 (KHTML, like Gecko) Chrome/137.0.7151.103 Mobile Safari/537.36 (compatible; Googlebot/2.1; +http://www.google.com/bot.html)"
66.249.74.130 - - [12/Jul/2025:12:31:05 +0000] "POST /get-message-notify HTTP/1.1" 200 21778 "https://akaventures.com.au/?y=109364577031940&mod=edb446b6&uri=dp.php%3Fid%3D3649839-59%26name%3Dtosca+sposa" "Mozilla/5.0 (Linux; Android 6.0.1; Nexus 5X Build/MMB29P) AppleWebKit/537.36 (KHTML, like Gecko) Chrome/137.0.7151.119 Mobile Safari/537.36 (compatible; Googlebot/2.1; +http://www.google.com/bot.html)"
66.249.74.130 - - [12/Jul/2025:12:31:22 +0000] "GET /?y=5299994051940&mod=b9959873&uri=dp.php%3Fid%3D176941-317%26name%3Dair+force+ones+in+black HTTP/1.1" 200 21691 "-" "Mozilla/5.0 (Linux; Android 6.0.1; Nexus 5X Build/MMB29P) AppleWebKit/537.36 (KHTML, like Gecko) Chrome/137.0.7151.103 Mobile Safari/537.36 (compatible; Googlebot/2.1; +http://www.google.com/bot.html)"
66.249.74.131 - - [12/Jul/2025:12:32:58 +0000] "GET /?y=5484102061940&mod=234c7ac2&uri=products.php%3Fid%3D183081-326%26name%3Danillo+louis+vuitton+hombre HTTP/1.1" 200 20430 "-" "Mozilla/5.0 (Linux; Android 6.0.1; Nexus 5X Build/MMB29P) AppleWebKit/537.36 (KHTML, like Gecko) Chrome/137.0.7151.103 Mobile Safari/537.36 (compatible; Googlebot/2.1; +http://www.google.com/bot.html)"
66.249.74.131 - - [12/Jul/2025:12:34:55 +0000] "GET /?y=5304824011940&mod=b9959873&uri=products.php%3Fid%3D177102-317%26name%3Dinfant+keens HTTP/1.1" 200 21747 "-" "Mozilla/5.0 (Linux; Android 6.0.1; Nexus 5X Build/MMB29P) AppleWebKit/537.36 (KHTML, like Gecko) Chrome/137.0.7151.103 Mobile Safari/537.36 (compatible; Googlebot/2.1; +http://www.google.com/bot.html)"
66.249.74.132 - - [12/Jul/2025:12:35:03 +0000] "GET /?y=5297264101940&mod=b9959873&uri=blog.php%3Fid%3D176850-317%26name%3Dskechers+air+tennis+shoes HTTP/1.1" 200 21748 "-" "Mozilla/5.0 (Linux; Android 6.0.1; Nexus 5X Build/MMB29P) AppleWebKit/537.36 (KHTML, like Gecko) Chrome/137.0.7151.103 Mobile Safari/537.36 (compatible; Googlebot/2.1; +http://www.google.com/bot.html)"
66.249.74.130 - - [12/Jul/2025:12:35:06 +0000] "GET /?y=109414646051940&mod=e6aff32c&uri=info.php%3Fid%3D3651509-433%26name%3Dsnow+and+hiking+boots HTTP/1.1" 200 22250 "-" "Mozilla/5.0 (Linux; Android 6.0.1; Nexus 5X Build/MMB29P) AppleWebKit/537.36 (KHTML, like Gecko) Chrome/137.0.7151.103 Mobile Safari/537.36 (compatible; Googlebot/2.1; +http://www.google.com/bot.html)"
66.249.74.131 - - [12/Jul/2025:12:35:12 +0000] "GET /?y=5206129031940&mod=32f79142&uri=form.php%3Fid%3D173796-139%26name%3Dgiorgio+armani+logo+font HTTP/1.1" 200 22100 "-" "Mozilla/5.0 (Linux; Android 6.0.1; Nexus 5X Build/MMB29P) AppleWebKit/537.36 (KHTML, like Gecko) Chrome/137.0.7151.103 Mobile Safari/537.36 (compatible; Googlebot/2.1; +http://www.google.com/bot.html)"
66.249.74.130 - - [12/Jul/2025:12:35:19 +0000] "GET /?y=109416446051940&mod=d7c3f8de&uri=form.php%3Fid%3D3651569-186%26name%3Dtory+burch+fleming+distressed+bag HTTP/1.1" 200 21424 "-" "Mozilla/5.0 (Linux; Android 6.0.1; Nexus 5X Build/MMB29P) AppleWebKit/537.36 (KHTML, like Gecko) Chrome/137.0.7151.103 Mobile Safari/537.36 (compatible; Googlebot/2.1; +http://www.google.com/bot.html)"
66.249.74.130 - - [12/Jul/2025:12:35:30 +0000] "GET /?y=5670801021940&mod=52564811&uri=search.php%3Fid%3D189347-308%26name%3Dchampion+black+pullover HTTP/1.1" 200 22598 "-" "Mozilla/5.0 (Linux; Android 6.0.1; Nexus 5X Build/MMB29P) AppleWebKit/537.36 (KHTML, like Gecko) Chrome/137.0.7151.103 Mobile Safari/537.36 (compatible; Googlebot/2.1; +http://www.google.com/bot.html)"
66.249.74.130 - - [12/Jul/2025:12:35:32 +0000] "POST /get-message-notify HTTP/1.1" 200 21779 "https://akaventures.com.au/?y=5670801021940&mod=52564811&uri=search.php%3Fid%3D189347-308%26name%3Dchampion+black+pullover" "Mozilla/5.0 (Linux; Android 6.0.1; Nexus 5X Build/MMB29P) AppleWebKit/537.36 (KHTML, like Gecko) Chrome/137.0.7151.119 Mobile Safari/537.36 (compatible; Googlebot/2.1; +http://www.google.com/bot.html)"
66.249.74.130 - - [12/Jul/2025:12:35:33 +0000] "GET /?y=119578244061940&mod=c20cbf08&uri=info.php%3Fid%3D3990692-315%26name%3Dbreitling+haifischarmband+blau HTTP/1.1" 200 21620 "-" "Mozilla/5.0 (Linux; Android 6.0.1; Nexus 5X Build/MMB29P) AppleWebKit/537.36 (KHTML, like Gecko) Chrome/137.0.7151.103 Mobile Safari/537.36 (compatible; Googlebot/2.1; +http://www.google.com/bot.html)"
66.249.74.130 - - [12/Jul/2025:12:35:36 +0000] "POST /get-message-notify HTTP/1.1" 200 21785 "https://akaventures.com.au/?y=119578244061940&mod=c20cbf08&uri=info.php%3Fid%3D3990692-315%26name%3Dbreitling+haifischarmband+blau" "Mozilla/5.0 (Linux; Android 6.0.1; Nexus 5X Build/MMB29P) AppleWebKit/537.36 (KHTML, like Gecko) Chrome/137.0.7151.119 Mobile Safari/537.36 (compatible; Googlebot/2.1; +http://www.google.com/bot.html)"
66.249.74.130 - - [12/Jul/2025:12:35:37 +0000] "GET /?y=117752001021940&mod=c20cbf08&uri=article.php%3Fid%3D3929781-315%26name%3Darmani+uhr+mit+gravur HTTP/1.1" 200 22254 "-" "Mozilla/5.0 (Linux; Android 6.0.1; Nexus 5X Build/MMB29P) AppleWebKit/537.36 (KHTML, like Gecko) Chrome/137.0.7151.103 Mobile Safari/537.36 (compatible; Googlebot/2.1; +http://www.google.com/bot.html)"
66.249.74.130 - - [12/Jul/2025:12:35:43 +0000] "GET /?y=5363502001940&mod=7d0bbf7a&uri=goods.php%3Fid%3D179059-322%26name%3Dkitchenaid+kdpe234gps0 HTTP/1.1" 200 20506 "-" "Mozilla/5.0 (Linux; Android 6.0.1; Nexus 5X Build/MMB29P) AppleWebKit/537.36 (KHTML, like Gecko) Chrome/137.0.7151.103 Mobile Safari/537.36 (compatible; Googlebot/2.1; +http://www.google.com/bot.html)"
66.249.74.130 - - [12/Jul/2025:12:35:53 +0000] "GET /?y=119114429071940&mod=525e2777&uri=info.php%3Fid%3D3975221-1433%26name%3Dadidas+cq2406 HTTP/1.1" 200 20896 "-" "Mozilla/5.0 (Linux; Android 6.0.1; Nexus 5X Build/MMB29P) AppleWebKit/537.36 (KHTML, like Gecko) Chrome/137.0.7151.103 Mobile Safari/537.36 (compatible; Googlebot/2.1; +http://www.google.com/bot.html)"
66.249.74.130 - - [12/Jul/2025:12:36:01 +0000] "GET /?y=119590090041940&mod=c20cbf08&uri=us.php%3Fid%3D3991088-315%26name%3Dastron+uhr+vergoldet HTTP/1.1" 200 22238 "-" "Mozilla/5.0 (Linux; Android 6.0.1; Nexus 5X Build/MMB29P) AppleWebKit/537.36 (KHTML, like Gecko) Chrome/137.0.7151.103 Mobile Safari/537.36 (compatible; Googlebot/2.1; +http://www.google.com/bot.html)"
66.249.74.130 - - [12/Jul/2025:12:36:08 +0000] "GET /?y=5365646031940&mod=01bfa6f2&uri=news.php%3Fid%3D179131-321%26name%3Dadopt+a+pet+yorkie HTTP/1.1" 200 22083 "-" "Mozilla/5.0 (Linux; Android 6.0.1; Nexus 5X Build/MMB29P) AppleWebKit/537.36 (KHTML, like Gecko) Chrome/137.0.7151.103 Mobile Safari/537.36 (compatible; Googlebot/2.1; +http://www.google.com/bot.html)"
66.249.74.131 - - [12/Jul/2025:12:36:12 +0000] "GET /?y=99282531061940&mod=c9c346f0&uri=pin.php%3Fid%3D3313312-155%26name%3Dalexa+enabled+ceiling+speakers HTTP/1.1" 200 22086 "-" "Mozilla/5.0 (Linux; Android 6.0.1; Nexus 5X Build/MMB29P) AppleWebKit/537.36 (KHTML, like Gecko) Chrome/137.0.7151.103 Mobile Safari/537.36 (compatible; Googlebot/2.1; +http://www.google.com/bot.html)"
66.249.74.130 - - [12/Jul/2025:12:37:04 +0000] "GET /?y=107355760051940&mod=c9c346f0&uri=info.php%3Fid%3D3582812-155%26name%3Dbl+flip+portable+bluetooth+speaker HTTP/1.1" 200 21784 "-" "Mozilla/5.0 (Linux; Android 6.0.1; Nexus 5X Build/MMB29P) AppleWebKit/537.36 (KHTML, like Gecko) Chrome/137.0.7151.103 Mobile Safari/537.36 (compatible; Googlebot/2.1; +http://www.google.com/bot.html)"
66.249.74.130 - - [12/Jul/2025:12:38:18 +0000] "GET /?y=5302724041940&mod=b9959873&uri=goods.php%3Fid%3D177032-317%26name%3Dbrooks+cascadia+hiking+shoes HTTP/1.1" 200 21395 "-" "Mozilla/5.0 (Linux; Android 6.0.1; Nexus 5X Build/MMB29P) AppleWebKit/537.36 (KHTML, like Gecko) Chrome/137.0.7151.103 Mobile Safari/537.36 (compatible; Googlebot/2.1; +http://www.google.com/bot.html)"
66.249.74.130 - - [12/Jul/2025:12:38:55 +0000] "GET /?y=5486382051940&mod=234c7ac2&uri=shared.php%3Fid%3D183157-326%26name%3Dlouis+vuitton+go+0118 HTTP/1.1" 200 21158 "-" "Mozilla/5.0 (Linux; Android 6.0.1; Nexus 5X Build/MMB29P) AppleWebKit/537.36 (KHTML, like Gecko) Chrome/137.0.7151.103 Mobile Safari/537.36 (compatible; Googlebot/2.1; +http://www.google.com/bot.html)"
66.249.74.131 - - [12/Jul/2025:12:39:02 +0000] "GET /?y=86628193021940&mod=e85d902e&uri=goods.php%3Fid%3D2890914-404%26name%3Dt+shirt+a+manica+corta+uomo HTTP/1.1" 200 21820 "-" "Mozilla/5.0 (Linux; Android 6.0.1; Nexus 5X Build/MMB29P) AppleWebKit/537.36 (KHTML, like Gecko) Chrome/137.0.7151.103 Mobile Safari/537.36 (compatible; Googlebot/2.1; +http://www.google.com/bot.html)"
66.249.74.130 - - [12/Jul/2025:12:39:08 +0000] "POST /get-message-notify HTTP/1.1" 200 21780 "https://akaventures.com.au/?y=86628193021940&mod=e85d902e&uri=goods.php%3Fid%3D2890914-404%26name%3Dt+shirt+a+manica+corta+uomo" "Mozilla/5.0 (Linux; Android 6.0.1; Nexus 5X Build/MMB29P) AppleWebKit/537.36 (KHTML, like Gecko) Chrome/137.0.7151.119 Mobile Safari/537.36 (compatible; Googlebot/2.1; +http://www.google.com/bot.html)"
66.249.74.130 - - [12/Jul/2025:12:39:12 +0000] "GET /?y=5417745001940&mod=84106259&uri=news.php%3Fid%3D180868-219%26name%3Deasy+heat+tape HTTP/1.1" 200 22198 "-" "Mozilla/5.0 (Linux; Android 6.0.1; Nexus 5X Build/MMB29P) AppleWebKit/537.36 (KHTML, like Gecko) Chrome/137.0.7151.103 Mobile Safari/537.36 (compatible; Googlebot/2.1; +http://www.google.com/bot.html)"
66.249.74.130 - - [12/Jul/2025:12:39:14 +0000] "POST /get-message-notify HTTP/1.1" 200 21781 "https://akaventures.com.au/?y=5417745001940&mod=84106259&uri=news.php%3Fid%3D180868-219%26name%3Deasy+heat+tape" "Mozilla/5.0 AppleWebKit/537.36 (KHTML, like Gecko; compatible; Googlebot/2.1; +http://www.google.com/bot.html) Chrome/137.0.7151.119 Safari/537.36"
66.249.74.132 - - [12/Jul/2025:12:40:48 +0000] "GET /?y=5604118041940&mod=f18398f8&uri=products.php%3Fid%3D187095-332%26name%3Dmr+smart+glasses HTTP/1.1" 200 22677 "-" "Mozilla/5.0 (Linux; Android 6.0.1; Nexus 5X Build/MMB29P) AppleWebKit/537.36 (KHTML, like Gecko) Chrome/137.0.7151.103 Mobile Safari/537.36 (compatible; Googlebot/2.1; +http://www.google.com/bot.html)"
66.249.74.130 - - [12/Jul/2025:12:41:08 +0000] "GET /?y=116497029021940&mod=5d55e7c1&uri=pin.php%3Fid%3D3887916-57%26name%3Dpulsar+buds+review+2020 HTTP/1.1" 200 22279 "-" "Mozilla/5.0 (Linux; Android 6.0.1; Nexus 5X Build/MMB29P) AppleWebKit/537.36 (KHTML, like Gecko) Chrome/137.0.7151.103 Mobile Safari/537.36 (compatible; Googlebot/2.1; +http://www.google.com/bot.html)"
66.249.74.130 - - [12/Jul/2025:12:41:20 +0000] "GET /?y=109371073071940&mod=5d55e7c1&uri=dp.php%3Fid%3D3650056-57%26name%3Dbig+ben+headphones HTTP/1.1" 200 21973 "-" "Mozilla/5.0 (Linux; Android 6.0.1; Nexus 5X Build/MMB29P) AppleWebKit/537.36 (KHTML, like Gecko) Chrome/137.0.7151.103 Mobile Safari/537.36 (compatible; Googlebot/2.1; +http://www.google.com/bot.html)"
66.249.74.130 - - [12/Jul/2025:12:41:22 +0000] "POST /get-message-notify HTTP/1.1" 200 21765 "https://akaventures.com.au/?y=116497029021940&mod=5d55e7c1&uri=pin.php%3Fid%3D3887916-57%26name%3Dpulsar+buds+review+2020" "Mozilla/5.0 (Linux; Android 6.0.1; Nexus 5X Build/MMB29P) AppleWebKit/537.36 (KHTML, like Gecko) Chrome/137.0.7151.119 Mobile Safari/537.36 (compatible; Googlebot/2.1; +http://www.google.com/bot.html)"
66.249.74.131 - - [12/Jul/2025:12:41:22 +0000] "POST /get-message-notify HTTP/1.1" 200 21764 "https://akaventures.com.au/?y=109371073071940&mod=5d55e7c1&uri=dp.php%3Fid%3D3650056-57%26name%3Dbig+ben+headphones" "Mozilla/5.0 (Linux; Android 6.0.1; Nexus 5X Build/MMB29P) AppleWebKit/537.36 (KHTML, like Gecko) Chrome/137.0.7151.119 Mobile Safari/537.36 (compatible; Googlebot/2.1; +http://www.google.com/bot.html)"
66.249.74.130 - - [12/Jul/2025:12:41:34 +0000] "GET /?y=5361342031940&mod=7d0bbf7a&uri=products.php%3Fid%3D178987-322%26name%3Dlongest+lasting+dishwasher HTTP/1.1" 200 20992 "-" "Mozilla/5.0 (Linux; Android 6.0.1; Nexus 5X Build/MMB29P) AppleWebKit/537.36 (KHTML, like Gecko) Chrome/137.0.7151.103 Mobile Safari/537.36 (compatible; Googlebot/2.1; +http://www.google.com/bot.html)"
66.249.74.130 - - [12/Jul/2025:12:41:39 +0000] "POST /get-message-notify HTTP/1.1" 200 21771 "https://akaventures.com.au/?y=5361342031940&mod=7d0bbf7a&uri=products.php%3Fid%3D178987-322%26name%3Dlongest+lasting+dishwasher" "Mozilla/5.0 (Linux; Android 6.0.1; Nexus 5X Build/MMB29P) AppleWebKit/537.36 (KHTML, like Gecko) Chrome/137.0.7151.119 Mobile Safari/537.36 (compatible; Googlebot/2.1; +http://www.google.com/bot.html)"
66.249.74.130 - - [12/Jul/2025:12:41:49 +0000] "GET /?y=5393985001940&mod=da960bb5&uri=article.php%3Fid%3D180076-270%26name%3Ddry+erase+marker+drawings HTTP/1.1" 200 21533 "-" "Mozilla/5.0 (Linux; Android 6.0.1; Nexus 5X Build/MMB29P) AppleWebKit/537.36 (KHTML, like Gecko) Chrome/137.0.7151.103 Mobile Safari/537.36 (compatible; Googlebot/2.1; +http://www.google.com/bot.html)"
66.249.74.132 - - [12/Jul/2025:12:42:04 +0000] "GET /?y=5304584001940&mod=b9959873&uri=news.php%3Fid%3D177094-317%26name%3Dcheap+childrens+uggs+boots+sale HTTP/1.1" 200 21932 "-" "Mozilla/5.0 (Linux; Android 6.0.1; Nexus 5X Build/MMB29P) AppleWebKit/537.36 (KHTML, like Gecko) Chrome/137.0.7151.103 Mobile Safari/537.36 (compatible; Googlebot/2.1; +http://www.google.com/bot.html)"
66.249.74.131 - - [12/Jul/2025:12:43:22 +0000] "GET /?y=5231439071940&mod=75a380a0&uri=us.php%3Fid%3D174653-187%26name%3Dcinevood+website HTTP/1.1" 200 21576 "-" "Mozilla/5.0 (Linux; Android 6.0.1; Nexus 5X Build/MMB29P) AppleWebKit/537.36 (KHTML, like Gecko) Chrome/137.0.7151.103 Mobile Safari/537.36 (compatible; Googlebot/2.1; +http://www.google.com/bot.html)"
66.249.74.130 - - [12/Jul/2025:12:43:26 +0000] "GET /?y=109414736021940&mod=d7c3f8de&uri=info.php%3Fid%3D3651512-186%26name%3Dgucci+green+leather+dionysus+bag HTTP/1.1" 200 22658 "-" "Mozilla/5.0 (Linux; Android 6.0.1; Nexus 5X Build/MMB29P) AppleWebKit/537.36 (KHTML, like Gecko) Chrome/137.0.7151.103 Mobile Safari/537.36 (compatible; Googlebot/2.1; +http://www.google.com/bot.html)"
66.249.74.130 - - [12/Jul/2025:12:43:49 +0000] "POST /get-message-notify HTTP/1.1" 200 21778 "https://akaventures.com.au/?y=5231439071940&mod=75a380a0&uri=us.php%3Fid%3D174653-187%26name%3Dcinevood+website" "Mozilla/5.0 (Linux; Android 6.0.1; Nexus 5X Build/MMB29P) AppleWebKit/537.36 (KHTML, like Gecko) Chrome/137.0.7151.119 Mobile Safari/537.36 (compatible; Googlebot/2.1; +http://www.google.com/bot.html)"
66.249.74.130 - - [12/Jul/2025:12:43:56 +0000] "GET /?y=24279532041940&mod=c9c346f0&uri=itm.php%3Fid%3D810380-155%26name%3Dharman+hkts HTTP/1.1" 200 22268 "-" "Mozilla/5.0 (Linux; Android 6.0.1; Nexus 5X Build/MMB29P) AppleWebKit/537.36 (KHTML, like Gecko) Chrome/137.0.7151.103 Mobile Safari/537.36 (compatible; Googlebot/2.1; +http://www.google.com/bot.html)"
66.249.74.131 - - [12/Jul/2025:12:44:14 +0000] "GET /?y=47400171031940&mod=423971c5&uri=dp.php%3Fid%3D1581857-1018%26name%3Dwhite+gold+rings+for+girl HTTP/1.1" 200 21798 "-" "Mozilla/5.0 (Linux; Android 6.0.1; Nexus 5X Build/MMB29P) AppleWebKit/537.36 (KHTML, like Gecko) Chrome/137.0.7151.103 Mobile Safari/537.36 (compatible; Googlebot/2.1; +http://www.google.com/bot.html)"
66.249.74.130 - - [12/Jul/2025:12:45:21 +0000] "GET /?y=5153656001940&mod=c9c346f0&uri=news.php%3Fid%3D172045-155%26name%3Dfree+mini+google+home+spotify HTTP/1.1" 200 22587 "-" "Mozilla/5.0 (Linux; Android 6.0.1; Nexus 5X Build/MMB29P) AppleWebKit/537.36 (KHTML, like Gecko) Chrome/137.0.7151.103 Mobile Safari/537.36 (compatible; Googlebot/2.1; +http://www.google.com/bot.html)"
66.249.74.131 - - [12/Jul/2025:12:45:35 +0000] "GET /?y=5293784041940&mod=f775ec26&uri=category-info.php%3Fid%3D176734-145%26name%3Dyellow+comfort+colors+crewneck HTTP/1.1" 200 21700 "-" "Mozilla/5.0 (Linux; Android 6.0.1; Nexus 5X Build/MMB29P) AppleWebKit/537.36 (KHTML, like Gecko) Chrome/137.0.7151.103 Mobile Safari/537.36 (compatible; Googlebot/2.1; +http://www.google.com/bot.html)"
66.249.74.132 - - [12/Jul/2025:12:46:35 +0000] "GET /?y=5307284001940&mod=b9959873&uri=dp.php%3Fid%3D177184-317%26name%3Dchildrens+vans+sale HTTP/1.1" 200 21689 "-" "Mozilla/5.0 (Linux; Android 6.0.1; Nexus 5X Build/MMB29P) AppleWebKit/537.36 (KHTML, like Gecko) Chrome/137.0.7151.103 Mobile Safari/537.36 (compatible; Googlebot/2.1; +http://www.google.com/bot.html)"
66.249.74.132 - - [12/Jul/2025:12:47:10 +0000] "POST /get-message-notify HTTP/1.1" 200 21777 "https://akaventures.com.au/?y=5307284001940&mod=b9959873&uri=dp.php%3Fid%3D177184-317%26name%3Dchildrens+vans+sale" "Mozilla/5.0 (Linux; Android 6.0.1; Nexus 5X Build/MMB29P) AppleWebKit/537.36 (KHTML, like Gecko) Chrome/137.0.7151.119 Mobile Safari/537.36 (compatible; Googlebot/2.1; +http://www.google.com/bot.html)"
66.249.74.130 - - [12/Jul/2025:12:47:50 +0000] "GET /?y=5414865001940&mod=306708aa&uri=itm.php%3Fid%3D180772-208%26name%3Dfujifilm+sp3+printer HTTP/1.1" 200 21991 "-" "Mozilla/5.0 (Linux; Android 6.0.1; Nexus 5X Build/MMB29P) AppleWebKit/537.36 (KHTML, like Gecko) Chrome/137.0.7151.103 Mobile Safari/537.36 (compatible; Googlebot/2.1; +http://www.google.com/bot.html)"
66.249.74.131 - - [12/Jul/2025:12:47:53 +0000] "POST /get-message-notify HTTP/1.1" 200 21775 "https://akaventures.com.au/?y=5414865001940&mod=306708aa&uri=itm.php%3Fid%3D180772-208%26name%3Dfujifilm+sp3+printer" "Mozilla/5.0 (Linux; Android 6.0.1; Nexus 5X Build/MMB29P) AppleWebKit/537.36 (KHTML, like Gecko) Chrome/137.0.7151.119 Mobile Safari/537.36 (compatible; Googlebot/2.1; +http://www.google.com/bot.html)"
66.249.74.130 - - [12/Jul/2025:12:48:17 +0000] "GET /?y=5278545001940&mod=539c2943&uri=shared.php%3Fid%3D176226-294%26name%3Dtiffanys+choker HTTP/1.1" 200 21241 "-" "Mozilla/5.0 (Linux; Android 6.0.1; Nexus 5X Build/MMB29P) AppleWebKit/537.36 (KHTML, like Gecko) Chrome/137.0.7151.103 Mobile Safari/537.36 (compatible; Googlebot/2.1; +http://www.google.com/bot.html)"
66.249.74.131 - - [12/Jul/2025:12:48:39 +0000] "GET /?y=5168547081940&mod=c9c346f0&uri=shop.php%3Fid%3D172542-155%26name%3Dlg+oled+with+google+assistant HTTP/1.1" 200 21916 "-" "Mozilla/5.0 (Linux; Android 6.0.1; Nexus 5X Build/MMB29P) AppleWebKit/537.36 (KHTML, like Gecko) Chrome/137.0.7151.103 Mobile Safari/537.36 (compatible; Googlebot/2.1; +http://www.google.com/bot.html)"
66.249.74.130 - - [12/Jul/2025:12:48:44 +0000] "POST /get-message-notify HTTP/1.1" 200 21772 "https://akaventures.com.au/?y=5168547081940&mod=c9c346f0&uri=shop.php%3Fid%3D172542-155%26name%3Dlg+oled+with+google+assistant" "Mozilla/5.0 (Linux; Android 6.0.1; Nexus 5X Build/MMB29P) AppleWebKit/537.36 (KHTML, like Gecko) Chrome/137.0.7151.119 Mobile Safari/537.36 (compatible; Googlebot/2.1; +http://www.google.com/bot.html)"
66.249.74.130 - - [12/Jul/2025:12:50:02 +0000] "GET /?y=5199349021940&mod=32f79142&uri=us.php%3Fid%3D173570-139%26name%3Dcable+dog+sweater HTTP/1.1" 200 21309 "-" "Mozilla/5.0 (Linux; Android 6.0.1; Nexus 5X Build/MMB29P) AppleWebKit/537.36 (KHTML, like Gecko) Chrome/137.0.7151.103 Mobile Safari/537.36 (compatible; Googlebot/2.1; +http://www.google.com/bot.html)"
66.249.74.131 - - [12/Jul/2025:12:50:28 +0000] "GET /?y=5411505021940&mod=503e7dbb&uri=search.php%3Fid%3D180660-87%26name%3Dsecurity+camera+cable+ends HTTP/1.1" 200 22361 "-" "Mozilla/5.0 (Linux; Android 6.0.1; Nexus 5X Build/MMB29P) AppleWebKit/537.36 (KHTML, like Gecko) Chrome/137.0.7151.103 Mobile Safari/537.36 (compatible; Googlebot/2.1; +http://www.google.com/bot.html)"
66.249.74.131 - - [12/Jul/2025:12:52:14 +0000] "GET /?y=5951561011940&mod=43542e3a&uri=goods.php%3Fid%3D198744-344%26name%3Dair+max+roundel HTTP/1.1" 200 21719 "-" "Mozilla/5.0 (Linux; Android 6.0.1; Nexus 5X Build/MMB29P) AppleWebKit/537.36 (KHTML, like Gecko) Chrome/137.0.7151.103 Mobile Safari/537.36 (compatible; Googlebot/2.1; +http://www.google.com/bot.html)"
66.249.74.131 - - [12/Jul/2025:12:52:15 +0000] "GET /?y=4738231031940&mod=539c2943&uri=itm.php%3Fid%3D158142-294%26name%3Dwire+spiral+maker HTTP/1.1" 200 21887 "-" "Mozilla/5.0 (Linux; Android 6.0.1; Nexus 5X Build/MMB29P) AppleWebKit/537.36 (KHTML, like Gecko) Chrome/137.0.7151.103 Mobile Safari/537.36 (compatible; Googlebot/2.1; +http://www.google.com/bot.html)"
66.249.74.131 - - [12/Jul/2025:12:52:42 +0000] "GET /?y=5345581031940&mod=7d0bbf7a&uri=goods.php%3Fid%3D178461-322%26name%3Dw10476359a HTTP/1.1" 200 21672 "-" "Mozilla/5.0 (Linux; Android 6.0.1; Nexus 5X Build/MMB29P) AppleWebKit/537.36 (KHTML, like Gecko) Chrome/137.0.7151.103 Mobile Safari/537.36 (compatible; Googlebot/2.1; +http://www.google.com/bot.html)"
66.249.74.131 - - [12/Jul/2025:12:54:28 +0000] "GET /?y=5308634031940&mod=54eb5510&uri=brands.php%3Fid%3D177229-144%26name%3Dmacys+summer+maxi+dresses HTTP/1.1" 200 21375 "-" "Mozilla/5.0 (Linux; Android 6.0.1; Nexus 5X Build/MMB29P) AppleWebKit/537.36 (KHTML, like Gecko) Chrome/137.0.7151.103 Mobile Safari/537.36 (compatible; Googlebot/2.1; +http://www.google.com/bot.html)"
66.249.74.131 - - [12/Jul/2025:12:54:55 +0000] "GET /?y=5205619031940&mod=32f79142&uri=form.php%3Fid%3D173779-139%26name%3Dmanufactured+by+simin+t+spa HTTP/1.1" 200 21273 "-" "Mozilla/5.0 (Linux; Android 6.0.1; Nexus 5X Build/MMB29P) AppleWebKit/537.36 (KHTML, like Gecko) Chrome/137.0.7151.103 Mobile Safari/537.36 (compatible; Googlebot/2.1; +http://www.google.com/bot.html)"
66.249.74.130 - - [12/Jul/2025:12:55:03 +0000] "POST /get-message-notify HTTP/1.1" 200 21784 "https://akaventures.com.au/?y=5205619031940&mod=32f79142&uri=form.php%3Fid%3D173779-139%26name%3Dmanufactured+by+simin+t+spa" "Mozilla/5.0 (Linux; Android 6.0.1; Nexus 5X Build/MMB29P) AppleWebKit/537.36 (KHTML, like Gecko) Chrome/137.0.7151.119 Mobile Safari/537.36 (compatible; Googlebot/2.1; +http://www.google.com/bot.html)"
66.249.74.132 - - [12/Jul/2025:12:56:41 +0000] "GET /?y=5664681031940&mod=52564811&uri=shared.php%3Fid%3D189143-308%26name%3Dcalvin+klein+all+over+logo+sweatshirt HTTP/1.1" 200 22445 "-" "Mozilla/5.0 (Linux; Android 6.0.1; Nexus 5X Build/MMB29P) AppleWebKit/537.36 (KHTML, like Gecko) Chrome/137.0.7151.103 Mobile Safari/537.36 (compatible; Googlebot/2.1; +http://www.google.com/bot.html)"
66.249.74.130 - - [12/Jul/2025:12:56:57 +0000] "GET /?y=5303294011940&mod=b9959873&uri=products.php%3Fid%3D177051-317%26name%3Dreebok+classic+triple+white HTTP/1.1" 200 22238 "-" "Mozilla/5.0 (Linux; Android 6.0.1; Nexus 5X Build/MMB29P) AppleWebKit/537.36 (KHTML, like Gecko) Chrome/137.0.7151.103 Mobile Safari/537.36 (compatible; Googlebot/2.1; +http://www.google.com/bot.html)"
66.249.74.130 - - [12/Jul/2025:12:57:02 +0000] "GET /?y=5305454031940&mod=b9959873&uri=search.php%3Fid%3D177123-317%26name%3Djordan+black+white+pink HTTP/1.1" 200 21655 "-" "Mozilla/5.0 (Linux; Android 6.0.1; Nexus 5X Build/MMB29P) AppleWebKit/537.36 (KHTML, like Gecko) Chrome/137.0.7151.103 Mobile Safari/537.36 (compatible; Googlebot/2.1; +http://www.google.com/bot.html)"
66.249.74.132 - - [12/Jul/2025:12:57:03 +0000] "POST /get-message-notify HTTP/1.1" 200 21773 "https://akaventures.com.au/?y=5303294011940&mod=b9959873&uri=products.php%3Fid%3D177051-317%26name%3Dreebok+classic+triple+white" "Mozilla/5.0 (Linux; Android 6.0.1; Nexus 5X Build/MMB29P) AppleWebKit/537.36 (KHTML, like Gecko) Chrome/137.0.7151.119 Mobile Safari/537.36 (compatible; Googlebot/2.1; +http://www.google.com/bot.html)"
