66.220.149.22 - - [12/Jul/2025:14:26:07 +0000] "GET /wp-content/plugins/metform/public/assets/lib/cute-alert/cute-alert.js?ver=4.0.1 HTTP/1.1" 200 1177 "https://akaventures.com.au/?fbclid=IwZXh0bgNhZW0CMTEAAR7_aklr6wY7cxr34GE4-b40bXJL63jqJwxg7eg50Vf3wXQ2dy15Yxe2wOJTfw_aem_andTC4cD49QhS4QODiEptA" "Mozilla/5.0 (X11; Linux x86_64) AppleWebKit/537.36 (KHTML, like Gecko) Chrome/138.0.0.0 Safari/537.36"
66.220.149.19 - - [12/Jul/2025:14:26:08 +0000] "GET /wp-content/themes/hello-elementor/assets/js/hello-frontend.js?ver=3.4.4 HTTP/1.1" 200 553 "https://akaventures.com.au/?fbclid=IwZXh0bgNhZW0CMTEAAR7_aklr6wY7cxr34GE4-b40bXJL63jqJwxg7eg50Vf3wXQ2dy15Yxe2wOJTfw_aem_andTC4cD49QhS4QODiEptA" "Mozilla/5.0 (X11; Linux x86_64) AppleWebKit/537.36 (KHTML, like Gecko) Chrome/138.0.0.0 Safari/537.36"
66.220.149.22 - - [12/Jul/2025:14:26:08 +0000] "GET /wp-content/plugins/elementor/assets/js/webpack.runtime.min.js?ver=3.30.1 HTTP/1.1" 200 2516 "https://akaventures.com.au/?fbclid=IwZXh0bgNhZW0CMTEAAR7_aklr6wY7cxr34GE4-b40bXJL63jqJwxg7eg50Vf3wXQ2dy15Yxe2wOJTfw_aem_andTC4cD49QhS4QODiEptA" "Mozilla/5.0 (X11; Linux x86_64) AppleWebKit/537.36 (KHTML, like Gecko) Chrome/138.0.0.0 Safari/537.36"
66.220.149.116 - - [12/Jul/2025:14:26:08 +0000] "GET /wp-content/plugins/elementor/assets/js/frontend-modules.min.js?ver=3.30.1 HTTP/1.1" 200 14814 "https://akaventures.com.au/?fbclid=IwZXh0bgNhZW0CMTEAAR7_aklr6wY7cxr34GE4-b40bXJL63jqJwxg7eg50Vf3wXQ2dy15Yxe2wOJTfw_aem_andTC4cD49QhS4QODiEptA" "Mozilla/5.0 (X11; Linux x86_64) AppleWebKit/537.36 (KHTML, like Gecko) Chrome/138.0.0.0 Safari/537.36"
66.220.149.22 - - [12/Jul/2025:14:26:08 +0000] "GET /wp-includes/js/jquery/ui/core.min.js?ver=1.13.3 HTTP/1.1" 200 7106 "https://akaventures.com.au/?fbclid=IwZXh0bgNhZW0CMTEAAR7_aklr6wY7cxr34GE4-b40bXJL63jqJwxg7eg50Vf3wXQ2dy15Yxe2wOJTfw_aem_andTC4cD49QhS4QODiEptA" "Mozilla/5.0 (X11; Linux x86_64) AppleWebKit/537.36 (KHTML, like Gecko) Chrome/138.0.0.0 Safari/537.36"
66.220.149.22 - - [12/Jul/2025:14:26:08 +0000] "GET /wp-content/plugins/elementor/assets/js/frontend.min.js?ver=3.30.1 HTTP/1.1" 200 10594 "https://akaventures.com.au/?fbclid=IwZXh0bgNhZW0CMTEAAR7_aklr6wY7cxr34GE4-b40bXJL63jqJwxg7eg50Vf3wXQ2dy15Yxe2wOJTfw_aem_andTC4cD49QhS4QODiEptA" "Mozilla/5.0 (X11; Linux x86_64) AppleWebKit/537.36 (KHTML, like Gecko) Chrome/138.0.0.0 Safari/537.36"
66.220.149.116 - - [12/Jul/2025:14:26:08 +0000] "GET /wp-content/plugins/metform/public/assets/js/htm.js?ver=4.0.1 HTTP/1.1" 200 675 "https://akaventures.com.au/?fbclid=IwZXh0bgNhZW0CMTEAAR7_aklr6wY7cxr34GE4-b40bXJL63jqJwxg7eg50Vf3wXQ2dy15Yxe2wOJTfw_aem_andTC4cD49QhS4QODiEptA" "Mozilla/5.0 (X11; Linux x86_64) AppleWebKit/537.36 (KHTML, like Gecko) Chrome/138.0.0.0 Safari/537.36"
66.220.149.22 - - [12/Jul/2025:14:26:08 +0000] "GET /wp-includes/js/dist/vendor/react.min.js?ver=18.3.1.1 HTTP/1.1" 200 4165 "https://akaventures.com.au/?fbclid=IwZXh0bgNhZW0CMTEAAR7_aklr6wY7cxr34GE4-b40bXJL63jqJwxg7eg50Vf3wXQ2dy15Yxe2wOJTfw_aem_andTC4cD49QhS4QODiEptA" "Mozilla/5.0 (X11; Linux x86_64) AppleWebKit/537.36 (KHTML, like Gecko) Chrome/138.0.0.0 Safari/537.36"
66.220.149.116 - - [12/Jul/2025:14:26:08 +0000] "GET /wp-includes/js/dist/vendor/react-dom.min.js?ver=18.3.1.1 HTTP/1.1" 200 41888 "https://akaventures.com.au/?fbclid=IwZXh0bgNhZW0CMTEAAR7_aklr6wY7cxr34GE4-b40bXJL63jqJwxg7eg50Vf3wXQ2dy15Yxe2wOJTfw_aem_andTC4cD49QhS4QODiEptA" "Mozilla/5.0 (X11; Linux x86_64) AppleWebKit/537.36 (KHTML, like Gecko) Chrome/138.0.0.0 Safari/537.36"
66.220.149.22 - - [12/Jul/2025:14:26:08 +0000] "GET /wp-includes/js/dist/escape-html.min.js?ver=6561a406d2d232a6fbd2 HTTP/1.1" 200 532 "https://akaventures.com.au/?fbclid=IwZXh0bgNhZW0CMTEAAR7_aklr6wY7cxr34GE4-b40bXJL63jqJwxg7eg50Vf3wXQ2dy15Yxe2wOJTfw_aem_andTC4cD49QhS4QODiEptA" "Mozilla/5.0 (X11; Linux x86_64) AppleWebKit/537.36 (KHTML, like Gecko) Chrome/138.0.0.0 Safari/537.36"
66.220.149.116 - - [12/Jul/2025:14:26:08 +0000] "GET /wp-includes/js/dist/element.min.js?ver=a4eeeadd23c0d7ab1d2d HTTP/1.1" 200 4937 "https://akaventures.com.au/?fbclid=IwZXh0bgNhZW0CMTEAAR7_aklr6wY7cxr34GE4-b40bXJL63jqJwxg7eg50Vf3wXQ2dy15Yxe2wOJTfw_aem_andTC4cD49QhS4QODiEptA" "Mozilla/5.0 (X11; Linux x86_64) AppleWebKit/537.36 (KHTML, like Gecko) Chrome/138.0.0.0 Safari/537.36"
66.220.149.116 - - [12/Jul/2025:14:26:09 +0000] "GET /wp-content/plugins/metform/public/assets/js/app.js?ver=4.0.1 HTTP/1.1" 200 159169 "https://akaventures.com.au/?fbclid=IwZXh0bgNhZW0CMTEAAR7_aklr6wY7cxr34GE4-b40bXJL63jqJwxg7eg50Vf3wXQ2dy15Yxe2wOJTfw_aem_andTC4cD49QhS4QODiEptA" "Mozilla/5.0 (X11; Linux x86_64) AppleWebKit/537.36 (KHTML, like Gecko) Chrome/138.0.0.0 Safari/537.36"
66.220.149.116 - - [12/Jul/2025:14:26:09 +0000] "GET /wp-content/plugins/elementskit-lite/libs/framework/assets/js/frontend-script.js?ver=3.5.4 HTTP/1.1" 200 40 "https://akaventures.com.au/?fbclid=IwZXh0bgNhZW0CMTEAAR7_aklr6wY7cxr34GE4-b40bXJL63jqJwxg7eg50Vf3wXQ2dy15Yxe2wOJTfw_aem_andTC4cD49QhS4QODiEptA" "Mozilla/5.0 (X11; Linux x86_64) AppleWebKit/537.36 (KHTML, like Gecko) Chrome/138.0.0.0 Safari/537.36"
66.220.149.14 - - [12/Jul/2025:14:26:09 +0000] "GET /wp-content/plugins/elementskit-lite/widgets/init/assets/js/widget-scripts.js?ver=3.5.4 HTTP/1.1" 200 41596 "https://akaventures.com.au/?fbclid=IwZXh0bgNhZW0CMTEAAR7_aklr6wY7cxr34GE4-b40bXJL63jqJwxg7eg50Vf3wXQ2dy15Yxe2wOJTfw_aem_andTC4cD49QhS4QODiEptA" "Mozilla/5.0 (X11; Linux x86_64) AppleWebKit/537.36 (KHTML, like Gecko) Chrome/138.0.0.0 Safari/537.36"
66.220.149.14 - - [12/Jul/2025:14:26:09 +0000] "GET /wp-content/plugins/elementor/assets/lib/font-awesome/js/v4-shims.min.js?ver=3.30.1 HTTP/1.1" 200 4209 "https://akaventures.com.au/?fbclid=IwZXh0bgNhZW0CMTEAAR7_aklr6wY7cxr34GE4-b40bXJL63jqJwxg7eg50Vf3wXQ2dy15Yxe2wOJTfw_aem_andTC4cD49QhS4QODiEptA" "Mozilla/5.0 (X11; Linux x86_64) AppleWebKit/537.36 (KHTML, like Gecko) Chrome/138.0.0.0 Safari/537.36"
66.220.149.14 - - [12/Jul/2025:14:26:09 +0000] "GET /wp-content/plugins/elementor-pro/assets/js/webpack-pro.runtime.min.js?ver=3.28.3 HTTP/1.1" 200 2858 "https://akaventures.com.au/?fbclid=IwZXh0bgNhZW0CMTEAAR7_aklr6wY7cxr34GE4-b40bXJL63jqJwxg7eg50Vf3wXQ2dy15Yxe2wOJTfw_aem_andTC4cD49QhS4QODiEptA" "Mozilla/5.0 (X11; Linux x86_64) AppleWebKit/537.36 (KHTML, like Gecko) Chrome/138.0.0.0 Safari/537.36"
66.220.149.116 - - [12/Jul/2025:14:26:10 +0000] "GET /wp-includes/js/dist/hooks.min.js?ver=4d63a3d491d11ffd8ac6 HTTP/1.1" 200 1648 "https://akaventures.com.au/?fbclid=IwZXh0bgNhZW0CMTEAAR7_aklr6wY7cxr34GE4-b40bXJL63jqJwxg7eg50Vf3wXQ2dy15Yxe2wOJTfw_aem_andTC4cD49QhS4QODiEptA" "Mozilla/5.0 (X11; Linux x86_64) AppleWebKit/537.36 (KHTML, like Gecko) Chrome/138.0.0.0 Safari/537.36"
66.220.149.9 - - [12/Jul/2025:14:26:10 +0000] "GET /wp-includes/js/dist/i18n.min.js?ver=5e580eb46a90c2b997e6 HTTP/1.1" 200 3667 "https://akaventures.com.au/?fbclid=IwZXh0bgNhZW0CMTEAAR7_aklr6wY7cxr34GE4-b40bXJL63jqJwxg7eg50Vf3wXQ2dy15Yxe2wOJTfw_aem_andTC4cD49QhS4QODiEptA" "Mozilla/5.0 (X11; Linux x86_64) AppleWebKit/537.36 (KHTML, like Gecko) Chrome/138.0.0.0 Safari/537.36"
66.220.149.9 - - [12/Jul/2025:14:26:10 +0000] "GET /wp-content/plugins/elementor-pro/assets/js/frontend.min.js?ver=3.28.3 HTTP/1.1" 200 6510 "https://akaventures.com.au/?fbclid=IwZXh0bgNhZW0CMTEAAR7_aklr6wY7cxr34GE4-b40bXJL63jqJwxg7eg50Vf3wXQ2dy15Yxe2wOJTfw_aem_andTC4cD49QhS4QODiEptA" "Mozilla/5.0 (X11; Linux x86_64) AppleWebKit/537.36 (KHTML, like Gecko) Chrome/138.0.0.0 Safari/537.36"
66.220.149.116 - - [12/Jul/2025:14:26:10 +0000] "GET /wp-content/plugins/elementor-pro/assets/js/elements-handlers.min.js?ver=3.28.3 HTTP/1.1" 200 10701 "https://akaventures.com.au/?fbclid=IwZXh0bgNhZW0CMTEAAR7_aklr6wY7cxr34GE4-b40bXJL63jqJwxg7eg50Vf3wXQ2dy15Yxe2wOJTfw_aem_andTC4cD49QhS4QODiEptA" "Mozilla/5.0 (X11; Linux x86_64) AppleWebKit/537.36 (KHTML, like Gecko) Chrome/138.0.0.0 Safari/537.36"
66.220.149.14 - - [12/Jul/2025:14:26:10 +0000] "GET /wp-content/plugins/elementskit-lite/widgets/init/assets/js/animate-circle.min.js?ver=3.5.4 HTTP/1.1" 200 451 "https://akaventures.com.au/?fbclid=IwZXh0bgNhZW0CMTEAAR7_aklr6wY7cxr34GE4-b40bXJL63jqJwxg7eg50Vf3wXQ2dy15Yxe2wOJTfw_aem_andTC4cD49QhS4QODiEptA" "Mozilla/5.0 (X11; Linux x86_64) AppleWebKit/537.36 (KHTML, like Gecko) Chrome/138.0.0.0 Safari/537.36"
66.220.149.116 - - [12/Jul/2025:14:26:10 +0000] "GET /wp-content/plugins/elementskit-lite/widgets/init/assets/js/elementor.js?ver=3.5.4 HTTP/1.1" 200 5600 "https://akaventures.com.au/?fbclid=IwZXh0bgNhZW0CMTEAAR7_aklr6wY7cxr34GE4-b40bXJL63jqJwxg7eg50Vf3wXQ2dy15Yxe2wOJTfw_aem_andTC4cD49QhS4QODiEptA" "Mozilla/5.0 (X11; Linux x86_64) AppleWebKit/537.36 (KHTML, like Gecko) Chrome/138.0.0.0 Safari/537.36"
66.220.149.116 - - [12/Jul/2025:14:26:10 +0000] "GET /wp-content/uploads/2024/11/yjgyUntitled-design.png HTTP/1.1" 200 7017 "https://akaventures.com.au/?fbclid=IwZXh0bgNhZW0CMTEAAR7_aklr6wY7cxr34GE4-b40bXJL63jqJwxg7eg50Vf3wXQ2dy15Yxe2wOJTfw_aem_andTC4cD49QhS4QODiEptA" "Mozilla/5.0 (X11; Linux x86_64) AppleWebKit/537.36 (KHTML, like Gecko) Chrome/138.0.0.0 Safari/537.36"
66.220.149.14 - - [12/Jul/2025:14:26:10 +0000] "GET /wp-content/uploads/2024/11/iuyUntitled-design.png HTTP/1.1" 200 127232 "https://akaventures.com.au/?fbclid=IwZXh0bgNhZW0CMTEAAR7_aklr6wY7cxr34GE4-b40bXJL63jqJwxg7eg50Vf3wXQ2dy15Yxe2wOJTfw_aem_andTC4cD49QhS4QODiEptA" "Mozilla/5.0 (X11; Linux x86_64) AppleWebKit/537.36 (KHTML, like Gecko) Chrome/138.0.0.0 Safari/537.36"
66.220.149.116 - - [12/Jul/2025:14:26:10 +0000] "GET /wp-content/uploads/2024/11/servicres-design-element.png HTTP/1.1" 200 5581 "https://akaventures.com.au/?fbclid=IwZXh0bgNhZW0CMTEAAR7_aklr6wY7cxr34GE4-b40bXJL63jqJwxg7eg50Vf3wXQ2dy15Yxe2wOJTfw_aem_andTC4cD49QhS4QODiEptA" "Mozilla/5.0 (X11; Linux x86_64) AppleWebKit/537.36 (KHTML, like Gecko) Chrome/138.0.0.0 Safari/537.36"
209.74.77.214 - - [12/Jul/2025:14:26:11 +0000] "POST /wp-cron.php?doing_wp_cron=1752330371.3389859199523925781250 HTTP/1.1" 200 - "-" "WordPress/6.8.1; https://akaventures.com.au"
66.220.149.116 - - [12/Jul/2025:14:26:11 +0000] "POST /wp-json/metform/v1/forms/views/1876 HTTP/1.1" 200 - "https://akaventures.com.au/?fbclid=IwZXh0bgNhZW0CMTEAAR7_aklr6wY7cxr34GE4-b40bXJL63jqJwxg7eg50Vf3wXQ2dy15Yxe2wOJTfw_aem_andTC4cD49QhS4QODiEptA" "Mozilla/5.0 (X11; Linux x86_64) AppleWebKit/537.36 (KHTML, like Gecko) Chrome/138.0.0.0 Safari/537.36"
66.220.149.14 - - [12/Jul/2025:14:26:11 +0000] "GET /wp-content/uploads/elementor/google-fonts/fonts/barlow-7chpv4kjgogqm7e_dms5.woff2 HTTP/1.1" 200 21167 "https://akaventures.com.au/wp-content/uploads/elementor/google-fonts/css/barlow.css?ver=1742274543" "Mozilla/5.0 (X11; Linux x86_64) AppleWebKit/537.36 (KHTML, like Gecko) Chrome/138.0.0.0 Safari/537.36"
66.220.149.9 - - [12/Jul/2025:14:26:11 +0000] "GET /wp-content/uploads/elementor/google-fonts/fonts/barlow-7chqv4kjgogqm7e3_-gs51os.woff2 HTTP/1.1" 200 20983 "https://akaventures.com.au/wp-content/uploads/elementor/google-fonts/css/barlow.css?ver=1742274543" "Mozilla/5.0 (X11; Linux x86_64) AppleWebKit/537.36 (KHTML, like Gecko) Chrome/138.0.0.0 Safari/537.36"
66.220.149.116 - - [12/Jul/2025:14:26:11 +0000] "GET /wp-content/plugins/elementskit-lite/modules/elementskit-icon-pack/assets/fonts/elementskit.woff?y24e1e HTTP/1.1" 200 251549 "https://akaventures.com.au/wp-content/plugins/elementskit-lite/modules/elementskit-icon-pack/assets/css/ekiticons.css?ver=3.5.4" "Mozilla/5.0 (X11; Linux x86_64) AppleWebKit/537.36 (KHTML, like Gecko) Chrome/138.0.0.0 Safari/537.36"
66.220.149.9 - - [12/Jul/2025:14:26:11 +0000] "GET /wp-content/uploads/elementor/google-fonts/fonts/playfairdisplay-nufid-vyszvivyub_rj3ij__anpxdtzyga.woff2 HTTP/1.1" 200 38289 "https://akaventures.com.au/wp-content/uploads/elementor/google-fonts/css/playfairdisplay.css?ver=1742274537" "Mozilla/5.0 (X11; Linux x86_64) AppleWebKit/537.36 (KHTML, like Gecko) Chrome/138.0.0.0 Safari/537.36"
66.220.149.14 - - [12/Jul/2025:14:26:11 +0000] "GET /wp-content/uploads/elementor/google-fonts/fonts/barlow-7chqv4kjgogqm7e3p-ks51os.woff2 HTTP/1.1" 200 21015 "https://akaventures.com.au/wp-content/uploads/elementor/google-fonts/css/barlow.css?ver=1742274543" "Mozilla/5.0 (X11; Linux x86_64) AppleWebKit/537.36 (KHTML, like Gecko) Chrome/138.0.0.0 Safari/537.36"
66.220.149.116 - - [12/Jul/2025:14:26:11 +0000] "GET /wp-content/plugins/elementor/assets/lib/font-awesome/webfonts/fa-solid-900.woff2 HTTP/1.1" 200 78099 "https://akaventures.com.au/wp-content/plugins/elementor/assets/lib/font-awesome/css/all.min.css?ver=3.30.1" "Mozilla/5.0 (X11; Linux x86_64) AppleWebKit/537.36 (KHTML, like Gecko) Chrome/138.0.0.0 Safari/537.36"
66.220.149.9 - - [12/Jul/2025:14:26:11 +0000] "GET /wp-content/uploads/2024/11/banner-left-shape.jpg HTTP/1.1" 200 37741 "https://akaventures.com.au/wp-content/uploads/elementor/css/post-119.css?ver=1751961265" "Mozilla/5.0 (X11; Linux x86_64) AppleWebKit/537.36 (KHTML, like Gecko) Chrome/138.0.0.0 Safari/537.36"
66.220.149.116 - - [12/Jul/2025:14:26:11 +0000] "GET /wp-content/uploads/elementor/google-fonts/fonts/roboto-kfo7cnqeu92fr1me7ksn66agldtyluama3yuba.woff2 HTTP/1.1" 200 40156 "https://akaventures.com.au/wp-content/uploads/elementor/google-fonts/css/roboto.css?ver=1742274564" "Mozilla/5.0 (X11; Linux x86_64) AppleWebKit/537.36 (KHTML, like Gecko) Chrome/138.0.0.0 Safari/537.36"
66.220.149.116 - - [12/Jul/2025:14:26:12 +0000] "GET /wp-content/uploads/2024/11/projects-image-1.jpg HTTP/1.1" 200 84425 "https://akaventures.com.au/?fbclid=IwZXh0bgNhZW0CMTEAAR7_aklr6wY7cxr34GE4-b40bXJL63jqJwxg7eg50Vf3wXQ2dy15Yxe2wOJTfw_aem_andTC4cD49QhS4QODiEptA" "Mozilla/5.0 (X11; Linux x86_64) AppleWebKit/537.36 (KHTML, like Gecko) Chrome/138.0.0.0 Safari/537.36"
66.220.149.9 - - [12/Jul/2025:14:26:12 +0000] "GET /wp-content/uploads/2024/11/about-us-right-image.png HTTP/1.1" 200 157875 "https://akaventures.com.au/?fbclid=IwZXh0bgNhZW0CMTEAAR7_aklr6wY7cxr34GE4-b40bXJL63jqJwxg7eg50Vf3wXQ2dy15Yxe2wOJTfw_aem_andTC4cD49QhS4QODiEptA" "Mozilla/5.0 (X11; Linux x86_64) AppleWebKit/537.36 (KHTML, like Gecko) Chrome/138.0.0.0 Safari/537.36"
66.220.149.116 - - [12/Jul/2025:14:26:12 +0000] "GET /wp-content/uploads/2024/11/projects-image-2.jpg HTTP/1.1" 200 87069 "https://akaventures.com.au/?fbclid=IwZXh0bgNhZW0CMTEAAR7_aklr6wY7cxr34GE4-b40bXJL63jqJwxg7eg50Vf3wXQ2dy15Yxe2wOJTfw_aem_andTC4cD49QhS4QODiEptA" "Mozilla/5.0 (X11; Linux x86_64) AppleWebKit/537.36 (KHTML, like Gecko) Chrome/138.0.0.0 Safari/537.36"
66.220.149.116 - - [12/Jul/2025:14:26:12 +0000] "GET /wp-content/uploads/2024/11/projects-image-3.jpg HTTP/1.1" 200 114076 "https://akaventures.com.au/?fbclid=IwZXh0bgNhZW0CMTEAAR7_aklr6wY7cxr34GE4-b40bXJL63jqJwxg7eg50Vf3wXQ2dy15Yxe2wOJTfw_aem_andTC4cD49QhS4QODiEptA" "Mozilla/5.0 (X11; Linux x86_64) AppleWebKit/537.36 (KHTML, like Gecko) Chrome/138.0.0.0 Safari/537.36"
66.220.149.9 - - [12/Jul/2025:14:26:12 +0000] "GET /wp-content/uploads/2024/11/work-process.jpg HTTP/1.1" 200 73312 "https://akaventures.com.au/?fbclid=IwZXh0bgNhZW0CMTEAAR7_aklr6wY7cxr34GE4-b40bXJL63jqJwxg7eg50Vf3wXQ2dy15Yxe2wOJTfw_aem_andTC4cD49QhS4QODiEptA" "Mozilla/5.0 (X11; Linux x86_64) AppleWebKit/537.36 (KHTML, like Gecko) Chrome/138.0.0.0 Safari/537.36"
66.220.149.116 - - [12/Jul/2025:14:26:12 +0000] "GET /wp-content/uploads/2024/11/dotted-line.jpg HTTP/1.1" 200 1804 "https://akaventures.com.au/?fbclid=IwZXh0bgNhZW0CMTEAAR7_aklr6wY7cxr34GE4-b40bXJL63jqJwxg7eg50Vf3wXQ2dy15Yxe2wOJTfw_aem_andTC4cD49QhS4QODiEptA" "Mozilla/5.0 (X11; Linux x86_64) AppleWebKit/537.36 (KHTML, like Gecko) Chrome/138.0.0.0 Safari/537.36"
66.220.149.116 - - [12/Jul/2025:14:26:12 +0000] "GET /wp-content/uploads/2024/11/logo-1.jpg HTTP/1.1" 200 6107 "https://akaventures.com.au/?fbclid=IwZXh0bgNhZW0CMTEAAR7_aklr6wY7cxr34GE4-b40bXJL63jqJwxg7eg50Vf3wXQ2dy15Yxe2wOJTfw_aem_andTC4cD49QhS4QODiEptA" "Mozilla/5.0 (X11; Linux x86_64) AppleWebKit/537.36 (KHTML, like Gecko) Chrome/138.0.0.0 Safari/537.36"
66.220.149.9 - - [12/Jul/2025:14:26:12 +0000] "GET /wp-content/uploads/2024/11/logo-2.jpg HTTP/1.1" 200 5245 "https://akaventures.com.au/?fbclid=IwZXh0bgNhZW0CMTEAAR7_aklr6wY7cxr34GE4-b40bXJL63jqJwxg7eg50Vf3wXQ2dy15Yxe2wOJTfw_aem_andTC4cD49QhS4QODiEptA" "Mozilla/5.0 (X11; Linux x86_64) AppleWebKit/537.36 (KHTML, like Gecko) Chrome/138.0.0.0 Safari/537.36"
66.220.149.116 - - [12/Jul/2025:14:26:13 +0000] "GET /wp-content/uploads/2024/11/logo-3.jpg HTTP/1.1" 200 4464 "https://akaventures.com.au/?fbclid=IwZXh0bgNhZW0CMTEAAR7_aklr6wY7cxr34GE4-b40bXJL63jqJwxg7eg50Vf3wXQ2dy15Yxe2wOJTfw_aem_andTC4cD49QhS4QODiEptA" "Mozilla/5.0 (X11; Linux x86_64) AppleWebKit/537.36 (KHTML, like Gecko) Chrome/138.0.0.0 Safari/537.36"
66.220.149.116 - - [12/Jul/2025:14:26:13 +0000] "GET /wp-content/uploads/2024/11/logo-4.jpg HTTP/1.1" 200 5198 "https://akaventures.com.au/?fbclid=IwZXh0bgNhZW0CMTEAAR7_aklr6wY7cxr34GE4-b40bXJL63jqJwxg7eg50Vf3wXQ2dy15Yxe2wOJTfw_aem_andTC4cD49QhS4QODiEptA" "Mozilla/5.0 (X11; Linux x86_64) AppleWebKit/537.36 (KHTML, like Gecko) Chrome/138.0.0.0 Safari/537.36"
66.220.149.116 - - [12/Jul/2025:14:26:13 +0000] "GET /wp-content/uploads/2024/11/team-1.jpg HTTP/1.1" 200 33286 "https://akaventures.com.au/?fbclid=IwZXh0bgNhZW0CMTEAAR7_aklr6wY7cxr34GE4-b40bXJL63jqJwxg7eg50Vf3wXQ2dy15Yxe2wOJTfw_aem_andTC4cD49QhS4QODiEptA" "Mozilla/5.0 (X11; Linux x86_64) AppleWebKit/537.36 (KHTML, like Gecko) Chrome/138.0.0.0 Safari/537.36"
66.220.149.116 - - [12/Jul/2025:14:26:13 +0000] "GET /wp-content/uploads/2024/11/team-3.jpg HTTP/1.1" 200 30812 "https://akaventures.com.au/?fbclid=IwZXh0bgNhZW0CMTEAAR7_aklr6wY7cxr34GE4-b40bXJL63jqJwxg7eg50Vf3wXQ2dy15Yxe2wOJTfw_aem_andTC4cD49QhS4QODiEptA" "Mozilla/5.0 (X11; Linux x86_64) AppleWebKit/537.36 (KHTML, like Gecko) Chrome/138.0.0.0 Safari/537.36"
66.220.149.112 - - [12/Jul/2025:14:26:13 +0000] "GET /wp-content/uploads/2024/11/team-2.jpg HTTP/1.1" 200 45991 "https://akaventures.com.au/?fbclid=IwZXh0bgNhZW0CMTEAAR7_aklr6wY7cxr34GE4-b40bXJL63jqJwxg7eg50Vf3wXQ2dy15Yxe2wOJTfw_aem_andTC4cD49QhS4QODiEptA" "Mozilla/5.0 (X11; Linux x86_64) AppleWebKit/537.36 (KHTML, like Gecko) Chrome/138.0.0.0 Safari/537.36"
66.220.149.112 - - [12/Jul/2025:14:26:13 +0000] "GET /wp-content/uploads/2024/11/testimonial-backgroud.jpg HTTP/1.1" 200 2616 "https://akaventures.com.au/?fbclid=IwZXh0bgNhZW0CMTEAAR7_aklr6wY7cxr34GE4-b40bXJL63jqJwxg7eg50Vf3wXQ2dy15Yxe2wOJTfw_aem_andTC4cD49QhS4QODiEptA" "Mozilla/5.0 (X11; Linux x86_64) AppleWebKit/537.36 (KHTML, like Gecko) Chrome/138.0.0.0 Safari/537.36"
66.220.149.112 - - [12/Jul/2025:14:26:14 +0000] "GET /wp-content/uploads/2024/11/testimonial-image.png HTTP/1.1" 200 248244 "https://akaventures.com.au/?fbclid=IwZXh0bgNhZW0CMTEAAR7_aklr6wY7cxr34GE4-b40bXJL63jqJwxg7eg50Vf3wXQ2dy15Yxe2wOJTfw_aem_andTC4cD49QhS4QODiEptA" "Mozilla/5.0 (X11; Linux x86_64) AppleWebKit/537.36 (KHTML, like Gecko) Chrome/138.0.0.0 Safari/537.36"
66.220.149.116 - - [12/Jul/2025:14:26:14 +0000] "GET /wp-content/uploads/2024/11/testimonial-person.png HTTP/1.1" 200 7093 "https://akaventures.com.au/?fbclid=IwZXh0bgNhZW0CMTEAAR7_aklr6wY7cxr34GE4-b40bXJL63jqJwxg7eg50Vf3wXQ2dy15Yxe2wOJTfw_aem_andTC4cD49QhS4QODiEptA" "Mozilla/5.0 (X11; Linux x86_64) AppleWebKit/537.36 (KHTML, like Gecko) Chrome/138.0.0.0 Safari/537.36"
66.220.149.116 - - [12/Jul/2025:14:26:14 +0000] "GET /wp-includes/js/wp-emoji-release.min.js?ver=6.8.1 HTTP/1.1" 200 5166 "https://akaventures.com.au/?fbclid=IwZXh0bgNhZW0CMTEAAR7_aklr6wY7cxr34GE4-b40bXJL63jqJwxg7eg50Vf3wXQ2dy15Yxe2wOJTfw_aem_andTC4cD49QhS4QODiEptA" "Mozilla/5.0 (X11; Linux x86_64) AppleWebKit/537.36 (KHTML, like Gecko) Chrome/138.0.0.0 Safari/537.36"
66.220.149.116 - - [12/Jul/2025:14:26:14 +0000] "GET /wp-content/uploads/2024/11/about-usbackground-rectangle.png HTTP/1.1" 200 210 "https://akaventures.com.au/wp-content/uploads/elementor/css/post-119.css?ver=1751961265" "Mozilla/5.0 (X11; Linux x86_64) AppleWebKit/537.36 (KHTML, like Gecko) Chrome/138.0.0.0 Safari/537.36"
66.220.149.116 - - [12/Jul/2025:14:26:14 +0000] "GET /wp-content/uploads/2024/11/about-us-design-elemenent.png HTTP/1.1" 200 37399 "https://akaventures.com.au/wp-content/uploads/elementor/css/post-119.css?ver=1751961265" "Mozilla/5.0 (X11; Linux x86_64) AppleWebKit/537.36 (KHTML, like Gecko) Chrome/138.0.0.0 Safari/537.36"
66.220.149.112 - - [12/Jul/2025:14:26:14 +0000] "GET /wp-content/uploads/2024/11/work-design.png HTTP/1.1" 200 10148 "https://akaventures.com.au/wp-content/uploads/elementor/css/post-119.css?ver=1751961265" "Mozilla/5.0 (X11; Linux x86_64) AppleWebKit/537.36 (KHTML, like Gecko) Chrome/138.0.0.0 Safari/537.36"
66.220.149.112 - - [12/Jul/2025:14:26:16 +0000] "GET /wp-content/uploads/2024/11/get-started-right-design-element.png HTTP/1.1" 200 7296 "https://akaventures.com.au/wp-content/uploads/elementor/css/post-119.css?ver=1751961265" "Mozilla/5.0 (X11; Linux x86_64) AppleWebKit/537.36 (KHTML, like Gecko) Chrome/138.0.0.0 Safari/537.36"
66.220.149.112 - - [12/Jul/2025:14:26:16 +0000] "GET /wp-content/uploads/2024/11/get-started-left-design-element.png HTTP/1.1" 200 7051 "https://akaventures.com.au/wp-content/uploads/elementor/css/post-119.css?ver=1751961265" "Mozilla/5.0 (X11; Linux x86_64) AppleWebKit/537.36 (KHTML, like Gecko) Chrome/138.0.0.0 Safari/537.36"
66.220.149.116 - - [12/Jul/2025:14:26:16 +0000] "GET /wp-content/uploads/2024/11/footer-background.png HTTP/1.1" 200 27939 "https://akaventures.com.au/wp-content/uploads/elementor/css/post-123.css?ver=1751950904" "Mozilla/5.0 (X11; Linux x86_64) AppleWebKit/537.36 (KHTML, like Gecko) Chrome/138.0.0.0 Safari/537.36"
66.220.149.116 - - [12/Jul/2025:14:26:16 +0000] "GET /wp-content/plugins/elementor/assets/js/section-frontend-handlers.d85ab872da118940910d.bundle.min.js HTTP/1.1" 200 298 "https://akaventures.com.au/?fbclid=IwZXh0bgNhZW0CMTEAAR7_aklr6wY7cxr34GE4-b40bXJL63jqJwxg7eg50Vf3wXQ2dy15Yxe2wOJTfw_aem_andTC4cD49QhS4QODiEptA" "Mozilla/5.0 (X11; Linux x86_64) AppleWebKit/537.36 (KHTML, like Gecko) Chrome/138.0.0.0 Safari/537.36"
66.220.149.23 - - [12/Jul/2025:14:26:17 +0000] "GET /wp-content/plugins/elementor/assets/js/shared-frontend-handlers.30dc2f9c080845a413a6.bundle.min.js HTTP/1.1" 200 2680 "https://akaventures.com.au/?fbclid=IwZXh0bgNhZW0CMTEAAR7_aklr6wY7cxr34GE4-b40bXJL63jqJwxg7eg50Vf3wXQ2dy15Yxe2wOJTfw_aem_andTC4cD49QhS4QODiEptA" "Mozilla/5.0 (X11; Linux x86_64) AppleWebKit/537.36 (KHTML, like Gecko) Chrome/138.0.0.0 Safari/537.36"
66.220.149.24 - - [12/Jul/2025:14:26:17 +0000] "GET /wp-content/plugins/elementor/assets/js/text-editor.c084ef86600b6f11690d.bundle.min.js HTTP/1.1" 200 684 "https://akaventures.com.au/?fbclid=IwZXh0bgNhZW0CMTEAAR7_aklr6wY7cxr34GE4-b40bXJL63jqJwxg7eg50Vf3wXQ2dy15Yxe2wOJTfw_aem_andTC4cD49QhS4QODiEptA" "Mozilla/5.0 (X11; Linux x86_64) AppleWebKit/537.36 (KHTML, like Gecko) Chrome/138.0.0.0 Safari/537.36"
66.220.149.22 - - [12/Jul/2025:14:26:19 +0000] "GET /wp-content/uploads/2024/11/cropped-AKA-32x32.png HTTP/1.1" 200 506 "https://akaventures.com.au/?fbclid=IwZXh0bgNhZW0CMTEAAR7_aklr6wY7cxr34GE4-b40bXJL63jqJwxg7eg50Vf3wXQ2dy15Yxe2wOJTfw_aem_andTC4cD49QhS4QODiEptA" "Mozilla/5.0 (X11; Linux x86_64) AppleWebKit/537.36 (KHTML, like Gecko) Chrome/138.0.0.0 Safari/537.36"
69.171.251.114 - - [12/Jul/2025:14:26:53 +0000] "GET /wp-content/uploads/2024/12/dferUntitled-design.jpg HTTP/1.1" 200 80041 "-" "facebookexternalhit/1.1 (+http://www.facebook.com/externalhit_uatext.php)"
69.171.251.8 - - [12/Jul/2025:14:26:53 +0000] "GET /wp-content/uploads/2024/11/servicres-design-element.png HTTP/1.1" 200 5581 "-" "facebookexternalhit/1.1 (+http://www.facebook.com/externalhit_uatext.php)"
69.171.251.114 - - [12/Jul/2025:14:26:54 +0000] "GET /wp-content/uploads/2024/11/work-process.jpg HTTP/1.1" 200 73312 "-" "facebookexternalhit/1.1 (+http://www.facebook.com/externalhit_uatext.php)"
69.171.251.4 - - [12/Jul/2025:14:26:54 +0000] "GET /wp-content/uploads/2024/11/yjgyUntitled-design.png HTTP/1.1" 200 7017 "-" "facebookexternalhit/1.1 (+http://www.facebook.com/externalhit_uatext.php)"
69.171.251.113 - - [12/Jul/2025:14:26:54 +0000] "GET /wp-content/uploads/2024/11/iuyUntitled-design.png HTTP/1.1" 200 127232 "-" "facebookexternalhit/1.1 (+http://www.facebook.com/externalhit_uatext.php)"
69.171.251.113 - - [12/Jul/2025:14:26:54 +0000] "GET /wp-content/uploads/2024/11/banner-image-2.png HTTP/1.1" 200 136273 "-" "facebookexternalhit/1.1 (+http://www.facebook.com/externalhit_uatext.php)"
69.171.251.113 - - [12/Jul/2025:14:26:54 +0000] "GET /wp-content/uploads/2024/11/dotted-line.jpg HTTP/1.1" 200 1804 "-" "facebookexternalhit/1.1 (+http://www.facebook.com/externalhit_uatext.php)"
69.171.251.3 - - [12/Jul/2025:14:26:54 +0000] "GET /wp-content/uploads/2024/11/AB_high_strength_concrete_mock-up-copy.webp HTTP/1.1" 200 21638 "-" "facebookexternalhit/1.1 (+http://www.facebook.com/externalhit_uatext.php)"
69.171.251.8 - - [12/Jul/2025:14:26:55 +0000] "GET /wp-content/uploads/2024/11/Deformed-Bars.png HTTP/1.1" 200 74355 "-" "facebookexternalhit/1.1 (+http://www.facebook.com/externalhit_uatext.php)"
69.171.251.3 - - [12/Jul/2025:14:26:55 +0000] "GET /wp-content/uploads/2024/11/about-us-right-image.png HTTP/1.1" 200 157875 "-" "facebookexternalhit/1.1 (+http://www.facebook.com/externalhit_uatext.php)"
69.171.234.4 - - [12/Jul/2025:14:27:12 +0000] "GET /wp-content/uploads/2024/11/banner-image-2.png HTTP/1.1" 200 136273 "-" "facebookexternalhit/1.1 (+http://www.facebook.com/externalhit_uatext.php)"
69.171.234.113 - - [12/Jul/2025:14:27:35 +0000] "GET /wp-content/uploads/2024/11/yjgyUntitled-design.png HTTP/1.1" 200 7017 "-" "facebookexternalhit/1.1 (+http://www.facebook.com/externalhit_uatext.php)"
69.171.234.8 - - [12/Jul/2025:14:27:40 +0000] "GET /wp-content/uploads/2024/11/servicres-design-element.png HTTP/1.1" 200 5581 "-" "facebookexternalhit/1.1 (+http://www.facebook.com/externalhit_uatext.php)"
69.171.234.6 - - [12/Jul/2025:14:28:17 +0000] "GET /wp-content/uploads/2024/11/AB_high_strength_concrete_mock-up-copy.webp HTTP/1.1" 200 21638 "-" "facebookexternalhit/1.1 (+http://www.facebook.com/externalhit_uatext.php)"
173.252.95.21 - - [12/Jul/2025:14:28:24 +0000] "GET /wp-content/uploads/2024/11/about-us-right-image.png HTTP/1.1" 200 157875 "-" "facebookexternalhit/1.1 (+http://www.facebook.com/externalhit_uatext.php)"
173.252.127.26 - - [12/Jul/2025:14:29:00 +0000] "GET /wp-content/uploads/2024/12/dferUntitled-design.jpg HTTP/1.1" 200 80041 "-" "facebookexternalhit/1.1 (+http://www.facebook.com/externalhit_uatext.php)"
173.252.95.16 - - [12/Jul/2025:14:29:00 +0000] "GET /wp-content/uploads/2024/11/iuyUntitled-design.png HTTP/1.1" 200 127232 "-" "facebookexternalhit/1.1 (+http://www.facebook.com/externalhit_uatext.php)"
69.171.251.115 - - [12/Jul/2025:14:29:06 +0000] "GET /wp-content/uploads/2024/11/about-us-right-image.png HTTP/1.1" 200 157875 "-" "facebookexternalhit/1.1 (+http://www.facebook.com/externalhit_uatext.php)"
69.171.251.3 - - [12/Jul/2025:14:29:15 +0000] "GET /wp-content/uploads/2024/11/iuyUntitled-design.png HTTP/1.1" 200 127232 "-" "facebookexternalhit/1.1 (+http://www.facebook.com/externalhit_uatext.php)"
69.171.251.3 - - [12/Jul/2025:14:29:31 +0000] "GET /wp-content/uploads/2024/11/Deformed-Bars.png HTTP/1.1" 200 74355 "-" "facebookexternalhit/1.1 (+http://www.facebook.com/externalhit_uatext.php)"
31.13.127.12 - - [12/Jul/2025:14:30:14 +0000] "GET /wp-content/uploads/2024/11/work-process.jpg HTTP/1.1" 200 73312 "-" "facebookexternalhit/1.1 (+http://www.facebook.com/externalhit_uatext.php)"
69.171.251.10 - - [12/Jul/2025:14:31:12 +0000] "GET /wp-content/uploads/2024/11/servicres-design-element.png HTTP/1.1" 200 5581 "-" "facebookexternalhit/1.1 (+http://www.facebook.com/externalhit_uatext.php)"
69.171.251.3 - - [12/Jul/2025:14:32:48 +0000] "GET /wp-content/uploads/2024/11/servicres-design-element.png HTTP/1.1" 200 5581 "-" "facebookexternalhit/1.1 (+http://www.facebook.com/externalhit_uatext.php)"
209.74.77.214 - - [12/Jul/2025:14:52:54 +0000] "POST /wp-cron.php?doing_wp_cron=1752331974.0488131046295166015625 HTTP/1.1" 200 - "-" "WordPress/6.8.1; https://akaventures.com.au"
162.142.125.195 - - [12/Jul/2025:14:52:52 +0000] "GET / HTTP/1.1" 200 21826 "-" "Mozilla/5.0 (compatible; CensysInspect/1.1; +https://about.censys.io/)"
66.249.74.130 - - [12/Jul/2025:14:54:05 +0000] "GET /?y=119590960011940&mod=c20cbf08&uri=itm.php%3Fid%3D3991117-315%26name%3Dcarbon+uhr HTTP/1.1" 200 21983 "-" "Mozilla/5.0 (Linux; Android 6.0.1; Nexus 5X Build/MMB29P) AppleWebKit/537.36 (KHTML, like Gecko) Chrome/137.0.7151.103 Mobile Safari/537.36 (compatible; Googlebot/2.1; +http://www.google.com/bot.html)"
170.39.218.50 - - [12/Jul/2025:15:35:05 +0000] "GET /wp-includes/js/dist/escape-html.min.js?ver=6561a406d2d232a6fbd2 HTTP/1.1" 200 532 "-" "Mozilla/5.0 (Windows NT 10.0; Win64; x64) AppleWebKit/537.36 Chrome/121.0.0.0"
66.249.74.131 - - [12/Jul/2025:15:40:50 +0000] "GET /?y=5480052001940&mod=234c7ac2&uri=blog.php%3Fid%3D182946-326%26name%3Dzapatos+m%C3%83%C2%A1s+altos HTTP/1.1" 200 21417 "-" "Mozilla/5.0 (Linux; Android 6.0.1; Nexus 5X Build/MMB29P) AppleWebKit/537.36 (KHTML, like Gecko) Chrome/137.0.7151.103 Mobile Safari/537.36 (compatible; Googlebot/2.1; +http://www.google.com/bot.html)"
66.249.74.130 - - [12/Jul/2025:15:41:40 +0000] "POST /get-message-notify HTTP/1.1" 200 21776 "https://akaventures.com.au/?y=5480052001940&mod=234c7ac2&uri=blog.php%3Fid%3D182946-326%26name%3Dzapatos+m%C3%83%C2%A1s+altos" "Mozilla/5.0 (Linux; Android 6.0.1; Nexus 5X Build/MMB29P) AppleWebKit/537.36 (KHTML, like Gecko) Chrome/137.0.7151.119 Mobile Safari/537.36 (compatible; Googlebot/2.1; +http://www.google.com/bot.html)"
66.249.74.132 - - [12/Jul/2025:15:43:11 +0000] "GET /?y=5179827061940&mod=c9c346f0&uri=pin.php%3Fid%3D172919-155%26name%3Dsonos+hay+review HTTP/1.1" 200 21898 "-" "Mozilla/5.0 (Linux; Android 6.0.1; Nexus 5X Build/MMB29P) AppleWebKit/537.36 (KHTML, like Gecko) Chrome/137.0.7151.103 Mobile Safari/537.36 (compatible; Googlebot/2.1; +http://www.google.com/bot.html)"
66.249.74.130 - - [12/Jul/2025:15:43:15 +0000] "POST /get-message-notify HTTP/1.1" 200 21773 "https://akaventures.com.au/?y=5179827061940&mod=c9c346f0&uri=pin.php%3Fid%3D172919-155%26name%3Dsonos+hay+review" "Mozilla/5.0 (Linux; Android 6.0.1; Nexus 5X Build/MMB29P) AppleWebKit/537.36 (KHTML, like Gecko) Chrome/137.0.7151.119 Mobile Safari/537.36 (compatible; Googlebot/2.1; +http://www.google.com/bot.html)"
66.249.74.130 - - [12/Jul/2025:15:44:37 +0000] "GET /?y=5403945041940&mod=306708aa&uri=form.php%3Fid%3D180408-208%26name%3Dinstax+printer+square HTTP/1.1" 200 20942 "-" "Mozilla/5.0 (Linux; Android 6.0.1; Nexus 5X Build/MMB29P) AppleWebKit/537.36 (KHTML, like Gecko) Chrome/137.0.7151.103 Mobile Safari/537.36 (compatible; Googlebot/2.1; +http://www.google.com/bot.html)"
66.249.74.130 - - [12/Jul/2025:15:44:45 +0000] "POST /get-message-notify HTTP/1.1" 200 21769 "https://akaventures.com.au/?y=5403945041940&mod=306708aa&uri=form.php%3Fid%3D180408-208%26name%3Dinstax+printer+square" "Mozilla/5.0 (Linux; Android 6.0.1; Nexus 5X Build/MMB29P) AppleWebKit/537.36 (KHTML, like Gecko) Chrome/137.0.7151.119 Mobile Safari/537.36 (compatible; Googlebot/2.1; +http://www.google.com/bot.html)"
66.249.74.132 - - [12/Jul/2025:15:45:27 +0000] "GET /?y=5201929131940&mod=32f79142&uri=products.php%3Fid%3D173656-139%26name%3Darmani+exchange+white+long+sleeve+shirt HTTP/1.1" 200 21323 "-" "Mozilla/5.0 (Linux; Android 6.0.1; Nexus 5X Build/MMB29P) AppleWebKit/537.36 (KHTML, like Gecko) Chrome/137.0.7151.103 Mobile Safari/537.36 (compatible; Googlebot/2.1; +http://www.google.com/bot.html)"
66.249.74.131 - - [12/Jul/2025:15:47:26 +0000] "GET /?y=35582166021940&mod=ffe10e9c&uri=article.php%3Fid%3D1187596-123%26name%3Dcadre+vtt+lexon HTTP/1.1" 200 21431 "-" "Mozilla/5.0 (Linux; Android 6.0.1; Nexus 5X Build/MMB29P) AppleWebKit/537.36 (KHTML, like Gecko) Chrome/137.0.7151.103 Mobile Safari/537.36 (compatible; Googlebot/2.1; +http://www.google.com/bot.html)"
66.249.74.131 - - [12/Jul/2025:15:47:48 +0000] "GET /?y=5171801091940&mod=c9c346f0&uri=form.php%3Fid%3D172651-155%26name%3Dsmart+plug+socket+google+home HTTP/1.1" 200 21760 "-" "Mozilla/5.0 (Linux; Android 6.0.1; Nexus 5X Build/MMB29P) AppleWebKit/537.36 (KHTML, like Gecko) Chrome/137.0.7151.103 Mobile Safari/537.36 (compatible; Googlebot/2.1; +http://www.google.com/bot.html)"
66.249.74.130 - - [12/Jul/2025:15:48:25 +0000] "GET /?y=5665041001940&mod=52564811&uri=product.php%3Fid%3D189155-308%26name%3Dvans+checkered+jumper HTTP/1.1" 200 22355 "-" "Mozilla/5.0 (Linux; Android 6.0.1; Nexus 5X Build/MMB29P) AppleWebKit/537.36 (KHTML, like Gecko) Chrome/137.0.7151.103 Mobile Safari/537.36 (compatible; Googlebot/2.1; +http://www.google.com/bot.html)"
66.249.74.132 - - [12/Jul/2025:15:48:28 +0000] "POST /get-message-notify HTTP/1.1" 200 21792 "https://akaventures.com.au/?y=5665041001940&mod=52564811&uri=product.php%3Fid%3D189155-308%26name%3Dvans+checkered+jumper" "Mozilla/5.0 (Linux; Android 6.0.1; Nexus 5X Build/MMB29P) AppleWebKit/537.36 (KHTML, like Gecko) Chrome/137.0.7151.119 Mobile Safari/537.36 (compatible; Googlebot/2.1; +http://www.google.com/bot.html)"
66.249.74.130 - - [12/Jul/2025:15:50:17 +0000] "GET /?y=5390685061940&mod=da960bb5&uri=dp.php%3Fid%3D179966-270%26name%3Dstaedtler+marsmatic+700 HTTP/1.1" 200 21818 "-" "Mozilla/5.0 (Linux; Android 6.0.1; Nexus 5X Build/MMB29P) AppleWebKit/537.36 (KHTML, like Gecko) Chrome/137.0.7151.103 Mobile Safari/537.36 (compatible; Googlebot/2.1; +http://www.google.com/bot.html)"
66.249.74.131 - - [12/Jul/2025:15:50:20 +0000] "POST /get-message-notify HTTP/1.1" 200 21780 "https://akaventures.com.au/?y=5390685061940&mod=da960bb5&uri=dp.php%3Fid%3D179966-270%26name%3Dstaedtler+marsmatic+700" "Mozilla/5.0 (Linux; Android 6.0.1; Nexus 5X Build/MMB29P) AppleWebKit/537.36 (KHTML, like Gecko) Chrome/137.0.7151.119 Mobile Safari/537.36 (compatible; Googlebot/2.1; +http://www.google.com/bot.html)"
66.249.74.131 - - [12/Jul/2025:15:50:26 +0000] "GET /?y=5393085001940&mod=da960bb5&uri=info.php%3Fid%3D180046-270%26name%3Dnew+pen+f HTTP/1.1" 200 21666 "-" "Mozilla/5.0 (Linux; Android 6.0.1; Nexus 5X Build/MMB29P) AppleWebKit/537.36 (KHTML, like Gecko) Chrome/137.0.7151.103 Mobile Safari/537.36 (compatible; Googlebot/2.1; +http://www.google.com/bot.html)"
66.249.74.131 - - [12/Jul/2025:15:52:26 +0000] "GET /?y=5169987061940&mod=c9c346f0&uri=article.php%3Fid%3D172590-155%26name%3Ddash+tower+speakers HTTP/1.1" 200 21909 "-" "Mozilla/5.0 (Linux; Android 6.0.1; Nexus 5X Build/MMB29P) AppleWebKit/537.36 (KHTML, like Gecko) Chrome/137.0.7151.103 Mobile Safari/537.36 (compatible; Googlebot/2.1; +http://www.google.com/bot.html)"
66.249.74.132 - - [12/Jul/2025:15:53:04 +0000] "GET /?y=5335569051940&mod=ca50333d&uri=category-info.php%3Fid%3D178127-318%26name%3Dzapatillas+adidas+lunares HTTP/1.1" 200 21006 "-" "Mozilla/5.0 (Linux; Android 6.0.1; Nexus 5X Build/MMB29P) AppleWebKit/537.36 (KHTML, like Gecko) Chrome/137.0.7151.103 Mobile Safari/537.36 (compatible; Googlebot/2.1; +http://www.google.com/bot.html)"
66.249.74.131 - - [12/Jul/2025:15:54:38 +0000] "GET /?y=5172491001940&mod=c9c346f0&uri=news.php%3Fid%3D172674-155%26name%3Dgoogle+home+integrated+devices HTTP/1.1" 200 22197 "-" "Mozilla/5.0 (Linux; Android 6.0.1; Nexus 5X Build/MMB29P) AppleWebKit/537.36 (KHTML, like Gecko) Chrome/137.0.7151.103 Mobile Safari/537.36 (compatible; Googlebot/2.1; +http://www.google.com/bot.html)"
66.249.74.132 - - [12/Jul/2025:15:55:53 +0000] "GET /?y=5186606041940&mod=c9c346f0&uri=shared.php%3Fid%3D173145-155%26name%3Dspotify+free+google+home+mini HTTP/1.1" 200 21486 "-" "Mozilla/5.0 (Linux; Android 6.0.1; Nexus 5X Build/MMB29P) AppleWebKit/537.36 (KHTML, like Gecko) Chrome/137.0.7151.103 Mobile Safari/537.36 (compatible; Googlebot/2.1; +http://www.google.com/bot.html)"
66.249.74.130 - - [12/Jul/2025:15:56:17 +0000] "POST /get-message-notify HTTP/1.1" 200 21782 "https://akaventures.com.au/?y=5186606041940&mod=c9c346f0&uri=shared.php%3Fid%3D173145-155%26name%3Dspotify+free+google+home+mini" "Mozilla/5.0 (Linux; Android 6.0.1; Nexus 5X Build/MMB29P) AppleWebKit/537.36 (KHTML, like Gecko) Chrome/137.0.7151.119 Mobile Safari/537.36 (compatible; Googlebot/2.1; +http://www.google.com/bot.html)"
66.249.74.131 - - [12/Jul/2025:15:58:43 +0000] "GET /?y=5831226021940&mod=87bd028b&uri=product.php%3Fid%3D194729-340%26name%3Damazon+usa+zapatos+vans HTTP/1.1" 200 21192 "-" "Mozilla/5.0 (Linux; Android 6.0.1; Nexus 5X Build/MMB29P) AppleWebKit/537.36 (KHTML, like Gecko) Chrome/137.0.7151.103 Mobile Safari/537.36 (compatible; Googlebot/2.1; +http://www.google.com/bot.html)"
66.249.74.131 - - [12/Jul/2025:15:59:00 +0000] "POST /get-message-notify HTTP/1.1" 200 21775 "https://akaventures.com.au/?y=5831226021940&mod=87bd028b&uri=product.php%3Fid%3D194729-340%26name%3Damazon+usa+zapatos+vans" "Mozilla/5.0 (Linux; Android 6.0.1; Nexus 5X Build/MMB29P) AppleWebKit/537.36 (KHTML, like Gecko) Chrome/137.0.7151.119 Mobile Safari/537.36 (compatible; Googlebot/2.1; +http://www.google.com/bot.html)"
66.249.74.130 - - [12/Jul/2025:16:01:35 +0000] "GET /?y=5299184001940&mod=b9959873&uri=article.php%3Fid%3D176914-317%26name%3D97+university+red HTTP/1.1" 200 21284 "-" "Mozilla/5.0 (Linux; Android 6.0.1; Nexus 5X Build/MMB29P) AppleWebKit/537.36 (KHTML, like Gecko) Chrome/137.0.7151.103 Mobile Safari/537.36 (compatible; Googlebot/2.1; +http://www.google.com/bot.html)"
66.249.74.131 - - [12/Jul/2025:16:01:34 +0000] "GET /?y=5733439001940&mod=ed6e6434&uri=product.php%3Fid%3D191467-334%26name%3Dmovierulz+vt+telugu HTTP/1.1" 200 22144 "-" "Mozilla/5.0 (Linux; Android 6.0.1; Nexus 5X Build/MMB29P) AppleWebKit/537.36 (KHTML, like Gecko) Chrome/137.0.7151.103 Mobile Safari/537.36 (compatible; Googlebot/2.1; +http://www.google.com/bot.html)"
66.249.74.130 - - [12/Jul/2025:16:01:38 +0000] "POST /get-message-notify HTTP/1.1" 200 21777 "https://akaventures.com.au/?y=5299184001940&mod=b9959873&uri=article.php%3Fid%3D176914-317%26name%3D97+university+red" "Mozilla/5.0 (Linux; Android 6.0.1; Nexus 5X Build/MMB29P) AppleWebKit/537.36 (KHTML, like Gecko) Chrome/137.0.7151.119 Mobile Safari/537.36 (compatible; Googlebot/2.1; +http://www.google.com/bot.html)"
66.249.74.130 - - [12/Jul/2025:16:02:46 +0000] "GET /?y=5282475041940&mod=539c2943&uri=search.php%3Fid%3D176357-294%26name%3Damanda+seyfried+engagement+ring HTTP/1.1" 200 21719 "-" "Mozilla/5.0 (Linux; Android 6.0.1; Nexus 5X Build/MMB29P) AppleWebKit/537.36 (KHTML, like Gecko) Chrome/137.0.7151.103 Mobile Safari/537.36 (compatible; Googlebot/2.1; +http://www.google.com/bot.html)"
66.249.74.130 - - [12/Jul/2025:16:10:00 +0000] "GET /?y=5445582011940&mod=ce5193a0&uri=shop.php%3Fid%3D181797-60%26name%3Dcamicia+rossa+bimba HTTP/1.1" 200 22462 "-" "Mozilla/5.0 (Linux; Android 6.0.1; Nexus 5X Build/MMB29P) AppleWebKit/537.36 (KHTML, like Gecko) Chrome/137.0.7151.103 Mobile Safari/537.36 (compatible; Googlebot/2.1; +http://www.google.com/bot.html)"
66.249.74.130 - - [12/Jul/2025:16:10:15 +0000] "POST /get-message-notify HTTP/1.1" 200 21791 "https://akaventures.com.au/?y=5445582011940&mod=ce5193a0&uri=shop.php%3Fid%3D181797-60%26name%3Dcamicia+rossa+bimba" "Mozilla/5.0 (Linux; Android 6.0.1; Nexus 5X Build/MMB29P) AppleWebKit/537.36 (KHTML, like Gecko) Chrome/137.0.7151.119 Mobile Safari/537.36 (compatible; Googlebot/2.1; +http://www.google.com/bot.html)"
66.249.74.130 - - [12/Jul/2025:16:10:50 +0000] "GET /?y=5158155051940&mod=c9c346f0&uri=brands.php%3Fid%3D172195-155%26name%3Dsonos+one+connections HTTP/1.1" 200 21966 "-" "Mozilla/5.0 (Linux; Android 6.0.1; Nexus 5X Build/MMB29P) AppleWebKit/537.36 (KHTML, like Gecko) Chrome/137.0.7151.103 Mobile Safari/537.36 (compatible; Googlebot/2.1; +http://www.google.com/bot.html)"
66.249.74.130 - - [12/Jul/2025:16:14:29 +0000] "GET /?y=5393745001940&mod=da960bb5&uri=shared.php%3Fid%3D180068-270%26name%3Dg2+ultra+fine+pens HTTP/1.1" 200 21610 "-" "Mozilla/5.0 (Linux; Android 6.0.1; Nexus 5X Build/MMB29P) AppleWebKit/537.36 (KHTML, like Gecko) Chrome/137.0.7151.103 Mobile Safari/537.36 (compatible; Googlebot/2.1; +http://www.google.com/bot.html)"
45.138.16.105 - - [12/Jul/2025:16:11:41 +0000] "GET / HTTP/1.1" 200 145763 "-" "-"
66.249.74.130 - - [12/Jul/2025:16:14:34 +0000] "POST /get-message-notify HTTP/1.1" 200 21778 "https://akaventures.com.au/?y=5393745001940&mod=da960bb5&uri=shared.php%3Fid%3D180068-270%26name%3Dg2+ultra+fine+pens" "Mozilla/5.0 (Linux; Android 6.0.1; Nexus 5X Build/MMB29P) AppleWebKit/537.36 (KHTML, like Gecko) Chrome/137.0.7151.119 Mobile Safari/537.36 (compatible; Googlebot/2.1; +http://www.google.com/bot.html)"
66.249.74.130 - - [12/Jul/2025:16:14:34 +0000] "GET /?y=5150956051940&mod=5d55e7c1&uri=news.php%3Fid%3D171955-57%26name%3Dconnect+samsung+earbuds+to+iphone HTTP/1.1" 200 20885 "-" "Mozilla/5.0 (Linux; Android 6.0.1; Nexus 5X Build/MMB29P) AppleWebKit/537.36 (KHTML, like Gecko) Chrome/137.0.7151.103 Mobile Safari/537.36 (compatible; Googlebot/2.1; +http://www.google.com/bot.html)"
66.249.74.131 - - [12/Jul/2025:16:14:35 +0000] "GET /?y=5153206021940&mod=c9c346f0&uri=blog.php%3Fid%3D172030-155%26name%3Dmagnasphere+speakers HTTP/1.1" 200 22291 "-" "Mozilla/5.0 (Linux; Android 6.0.1; Nexus 5X Build/MMB29P) AppleWebKit/537.36 (KHTML, like Gecko) Chrome/137.0.7151.103 Mobile Safari/537.36 (compatible; Googlebot/2.1; +http://www.google.com/bot.html)"
66.249.74.131 - - [12/Jul/2025:16:14:37 +0000] "POST /get-message-notify HTTP/1.1" 200 21775 "https://akaventures.com.au/?y=5153206021940&mod=c9c346f0&uri=blog.php%3Fid%3D172030-155%26name%3Dmagnasphere+speakers" "Mozilla/5.0 (Linux; Android 6.0.1; Nexus 5X Build/MMB29P) AppleWebKit/537.36 (KHTML, like Gecko) Chrome/137.0.7151.119 Mobile Safari/537.36 (compatible; Googlebot/2.1; +http://www.google.com/bot.html)"
66.249.74.131 - - [12/Jul/2025:16:15:11 +0000] "GET /?y=5282715011940&mod=539c2943&uri=form.php%3Fid%3D176365-294%26name%3D923+silver+ring+value HTTP/1.1" 200 22019 "-" "Mozilla/5.0 (Linux; Android 6.0.1; Nexus 5X Build/MMB29P) AppleWebKit/537.36 (KHTML, like Gecko) Chrome/137.0.7151.103 Mobile Safari/537.36 (compatible; Googlebot/2.1; +http://www.google.com/bot.html)"
66.249.74.131 - - [12/Jul/2025:16:15:21 +0000] "POST /get-message-notify HTTP/1.1" 200 21779 "https://akaventures.com.au/?y=5282715011940&mod=539c2943&uri=form.php%3Fid%3D176365-294%26name%3D923+silver+ring+value" "Mozilla/5.0 (Linux; Android 6.0.1; Nexus 5X Build/MMB29P) AppleWebKit/537.36 (KHTML, like Gecko) Chrome/137.0.7151.119 Mobile Safari/537.36 (compatible; Googlebot/2.1; +http://www.google.com/bot.html)"
66.249.74.130 - - [12/Jul/2025:16:15:53 +0000] "GET /?y=5452962031940&mod=edb446b6&uri=dp.php%3Fid%3D182043-59%26name%3Dvestiti+di+carnevale+super+eroine HTTP/1.1" 200 21523 "-" "Mozilla/5.0 (Linux; Android 6.0.1; Nexus 5X Build/MMB29P) AppleWebKit/537.36 (KHTML, like Gecko) Chrome/137.0.7151.103 Mobile Safari/537.36 (compatible; Googlebot/2.1; +http://www.google.com/bot.html)"
66.249.74.131 - - [12/Jul/2025:16:18:17 +0000] "GET /?y=5235981051940&mod=889b262e&uri=info.php%3Fid%3D174805-312%26name%3Drebajas+nike+mujer+el+corte+ingles HTTP/1.1" 200 21290 "-" "Mozilla/5.0 (Linux; Android 6.0.1; Nexus 5X Build/MMB29P) AppleWebKit/537.36 (KHTML, like Gecko) Chrome/137.0.7151.103 Mobile Safari/537.36 (compatible; Googlebot/2.1; +http://www.google.com/bot.html)"
66.249.74.130 - - [12/Jul/2025:16:18:27 +0000] "GET /?y=5696577011940&mod=45624715&uri=article.php%3Fid%3D190207-333%26name%3Dgold+earrings+prouds HTTP/1.1" 200 22330 "-" "Mozilla/5.0 (Linux; Android 6.0.1; Nexus 5X Build/MMB29P) AppleWebKit/537.36 (KHTML, like Gecko) Chrome/137.0.7151.103 Mobile Safari/537.36 (compatible; Googlebot/2.1; +http://www.google.com/bot.html)"
66.249.74.130 - - [12/Jul/2025:16:20:30 +0000] "GET /?y=5393115051940&mod=da960bb5&uri=news.php%3Fid%3D180047-270%26name%3Dfine+carbure HTTP/1.1" 200 22422 "-" "Mozilla/5.0 (Linux; Android 6.0.1; Nexus 5X Build/MMB29P) AppleWebKit/537.36 (KHTML, like Gecko) Chrome/137.0.7151.103 Mobile Safari/537.36 (compatible; Googlebot/2.1; +http://www.google.com/bot.html)"
66.249.74.132 - - [12/Jul/2025:16:21:16 +0000] "GET /?y=5685870021940&mod=45624715&uri=product.php%3Fid%3D189850-333%26name%3Dfox+valley+mall+pandora HTTP/1.1" 200 20630 "-" "Mozilla/5.0 (Linux; Android 6.0.1; Nexus 5X Build/MMB29P) AppleWebKit/537.36 (KHTML, like Gecko) Chrome/137.0.7151.103 Mobile Safari/537.36 (compatible; Googlebot/2.1; +http://www.google.com/bot.html)"
66.249.74.131 - - [12/Jul/2025:16:21:23 +0000] "GET /?y=5291264071940&mod=b9959873&uri=dp.php%3Fid%3D176650-317%26name%3Dair+forces+with+red+nike+sign HTTP/1.1" 200 21366 "-" "Mozilla/5.0 (Linux; Android 6.0.1; Nexus 5X Build/MMB29P) AppleWebKit/537.36 (KHTML, like Gecko) Chrome/137.0.7151.103 Mobile Safari/537.36 (compatible; Googlebot/2.1; +http://www.google.com/bot.html)"
66.249.74.130 - - [12/Jul/2025:16:21:27 +0000] "POST /get-message-notify HTTP/1.1" 200 21773 "https://akaventures.com.au/?y=5685870021940&mod=45624715&uri=product.php%3Fid%3D189850-333%26name%3Dfox+valley+mall+pandora" "Mozilla/5.0 (Linux; Android 6.0.1; Nexus 5X Build/MMB29P) AppleWebKit/537.36 (KHTML, like Gecko) Chrome/137.0.7151.119 Mobile Safari/537.36 (compatible; Googlebot/2.1; +http://www.google.com/bot.html)"
66.249.74.132 - - [12/Jul/2025:16:24:06 +0000] "GET /?y=5241596001940&mod=cdf1e288&uri=article.php%3Fid%3D174993-21%26name%3Dadidas+terrex+agravic+tech+pro+trail HTTP/1.1" 200 22504 "-" "Mozilla/5.0 (Linux; Android 6.0.1; Nexus 5X Build/MMB29P) AppleWebKit/537.36 (KHTML, like Gecko) Chrome/137.0.7151.103 Mobile Safari/537.36 (compatible; Googlebot/2.1; +http://www.google.com/bot.html)"
66.249.74.131 - - [12/Jul/2025:16:24:06 +0000] "GET /?y=5655501001940&mod=52564811&uri=pin.php%3Fid%3D188837-308%26name%3Dmelanie+martinez+composition+tour+hoodie HTTP/1.1" 200 22337 "-" "Mozilla/5.0 (Linux; Android 6.0.1; Nexus 5X Build/MMB29P) AppleWebKit/537.36 (KHTML, like Gecko) Chrome/137.0.7151.103 Mobile Safari/537.36 (compatible; Googlebot/2.1; +http://www.google.com/bot.html)"
66.249.74.131 - - [12/Jul/2025:16:26:54 +0000] "GET /?y=35569765041940&mod=9365fb98&uri=form.php%3Fid%3D1187182-806%26name%3Dcommes+de+garcon+converse+saks+fifth+avenue HTTP/1.1" 200 21291 "-" "Mozilla/5.0 (Linux; Android 6.0.1; Nexus 5X Build/MMB29P) AppleWebKit/537.36 (KHTML, like Gecko) Chrome/137.0.7151.103 Mobile Safari/537.36 (compatible; Googlebot/2.1; +http://www.google.com/bot.html)"
66.249.74.131 - - [12/Jul/2025:16:27:36 +0000] "GET /?y=5284755051940&mod=539c2943&uri=article.php%3Fid%3D176433-294%26name%3Ddakota+johnson+wedding+ring HTTP/1.1" 200 21677 "-" "Mozilla/5.0 (Linux; Android 6.0.1; Nexus 5X Build/MMB29P) AppleWebKit/537.36 (KHTML, like Gecko) Chrome/137.0.7151.103 Mobile Safari/537.36 (compatible; Googlebot/2.1; +http://www.google.com/bot.html)"
66.249.74.131 - - [12/Jul/2025:16:27:48 +0000] "GET /?y=5388585001940&mod=da960bb5&uri=us.php%3Fid%3D179896-270%26name%3Drorito+fanta+glide+refill HTTP/1.1" 200 22029 "-" "Mozilla/5.0 (Linux; Android 6.0.1; Nexus 5X Build/MMB29P) AppleWebKit/537.36 (KHTML, like Gecko) Chrome/137.0.7151.103 Mobile Safari/537.36 (compatible; Googlebot/2.1; +http://www.google.com/bot.html)"
66.249.74.130 - - [12/Jul/2025:16:29:44 +0000] "GET /?y=5694267141940&mod=45624715&uri=info.php%3Fid%3D190130-333%26name%3Dsilver+engagement+ring+for+him HTTP/1.1" 200 21639 "-" "Mozilla/5.0 (Linux; Android 6.0.1; Nexus 5X Build/MMB29P) AppleWebKit/537.36 (KHTML, like Gecko) Chrome/137.0.7151.103 Mobile Safari/537.36 (compatible; Googlebot/2.1; +http://www.google.com/bot.html)"
66.249.74.130 - - [12/Jul/2025:16:32:32 +0000] "GET /?y=5650351051940&mod=c20cbf08&uri=shared.php%3Fid%3D188665-315%26name%3Darmband+f%C3%83%C2%BCr+skagen+armbanduhr HTTP/1.1" 200 20865 "-" "Mozilla/5.0 (Linux; Android 6.0.1; Nexus 5X Build/MMB29P) AppleWebKit/537.36 (KHTML, like Gecko) Chrome/137.0.7151.103 Mobile Safari/537.36 (compatible; Googlebot/2.1; +http://www.google.com/bot.html)"
66.249.74.131 - - [12/Jul/2025:16:32:42 +0000] "GET /?y=5297984041940&mod=b9959873&uri=dp.php%3Fid%3D176874-317%26name%3Dtan+brogues+sale HTTP/1.1" 200 21542 "-" "Mozilla/5.0 (Linux; Android 6.0.1; Nexus 5X Build/MMB29P) AppleWebKit/537.36 (KHTML, like Gecko) Chrome/137.0.7151.103 Mobile Safari/537.36 (compatible; Googlebot/2.1; +http://www.google.com/bot.html)"
66.249.74.130 - - [12/Jul/2025:16:34:55 +0000] "GET /?y=5391855051940&mod=da960bb5&uri=products.php%3Fid%3D180005-270%26name%3Dschmidt+megaline+4889 HTTP/1.1" 200 21460 "-" "Mozilla/5.0 (Linux; Android 6.0.1; Nexus 5X Build/MMB29P) AppleWebKit/537.36 (KHTML, like Gecko) Chrome/137.0.7151.103 Mobile Safari/537.36 (compatible; Googlebot/2.1; +http://www.google.com/bot.html)"
66.249.74.131 - - [12/Jul/2025:16:35:24 +0000] "GET /?y=5172401091940&mod=c9c346f0&uri=itm.php%3Fid%3D172671-155%26name%3Dconnect+sonos+to+wifi+extender HTTP/1.1" 200 21767 "-" "Mozilla/5.0 (Linux; Android 6.0.1; Nexus 5X Build/MMB29P) AppleWebKit/537.36 (KHTML, like Gecko) Chrome/137.0.7151.103 Mobile Safari/537.36 (compatible; Googlebot/2.1; +http://www.google.com/bot.html)"
66.249.74.132 - - [12/Jul/2025:16:35:27 +0000] "POST /get-message-notify HTTP/1.1" 200 21772 "https://akaventures.com.au/?y=5172401091940&mod=c9c346f0&uri=itm.php%3Fid%3D172671-155%26name%3Dconnect+sonos+to+wifi+extender" "Mozilla/5.0 (Linux; Android 6.0.1; Nexus 5X Build/MMB29P) AppleWebKit/537.36 (KHTML, like Gecko) Chrome/137.0.7151.119 Mobile Safari/537.36 (compatible; Googlebot/2.1; +http://www.google.com/bot.html)"
66.249.74.131 - - [12/Jul/2025:16:36:54 +0000] "GET /?y=44608806091940&mod=d23a0a28&uri=brands.php%3Fid%3D1488739-739%26name%3Dreading+glasses+with+case HTTP/1.1" 200 21823 "-" "Mozilla/5.0 (Linux; Android 6.0.1; Nexus 5X Build/MMB29P) AppleWebKit/537.36 (KHTML, like Gecko) Chrome/137.0.7151.103 Mobile Safari/537.36 (compatible; Googlebot/2.1; +http://www.google.com/bot.html)"
