66.249.74.132 - - [12/Jul/2025:16:37:01 +0000] "POST /get-message-notify HTTP/1.1" 200 21783 "https://akaventures.com.au/?y=44608806091940&mod=d23a0a28&uri=brands.php%3Fid%3D1488739-739%26name%3Dreading+glasses+with+case" "Mozilla/5.0 AppleWebKit/537.36 (KHTML, like Gecko; compatible; Googlebot/2.1; +http://www.google.com/bot.html) Chrome/137.0.7151.119 Safari/537.36"
66.249.74.131 - - [12/Jul/2025:16:37:03 +0000] "GET /?y=5645819001940&mod=c20cbf08&uri=info.php%3Fid%3D188512-315%26name%3Dmaurice+lacroix+aktion HTTP/1.1" 200 21571 "-" "Mozilla/5.0 (Linux; Android 6.0.1; Nexus 5X Build/MMB29P) AppleWebKit/537.36 (KHTML, like Gecko) Chrome/137.0.7151.103 Mobile Safari/537.36 (compatible; Googlebot/2.1; +http://www.google.com/bot.html)"
66.249.74.131 - - [12/Jul/2025:16:37:16 +0000] "POST /get-message-notify HTTP/1.1" 200 21787 "https://akaventures.com.au/?y=44608806091940&mod=d23a0a28&uri=brands.php%3Fid%3D1488739-739%26name%3Dreading+glasses+with+case" "Mozilla/5.0 (Linux; Android 6.0.1; Nexus 5X Build/MMB29P) AppleWebKit/537.36 (KHTML, like Gecko) Chrome/137.0.7151.119 Mobile Safari/537.36 (compatible; Googlebot/2.1; +http://www.google.com/bot.html)"
66.249.74.130 - - [12/Jul/2025:16:37:33 +0000] "GET /?y=94685183031940&mod=4720b2ef&uri=us.php%3Fid%3D3159874-634%26name%3Dliu+jo+scarpe+saldi HTTP/1.1" 200 20535 "-" "Mozilla/5.0 (Linux; Android 6.0.1; Nexus 5X Build/MMB29P) AppleWebKit/537.36 (KHTML, like Gecko) Chrome/137.0.7151.103 Mobile Safari/537.36 (compatible; Googlebot/2.1; +http://www.google.com/bot.html)"
66.249.74.130 - - [12/Jul/2025:16:37:43 +0000] "POST /get-message-notify HTTP/1.1" 200 21790 "https://akaventures.com.au/?y=94685183031940&mod=4720b2ef&uri=us.php%3Fid%3D3159874-634%26name%3Dliu+jo+scarpe+saldi" "Mozilla/5.0 (Linux; Android 6.0.1; Nexus 5X Build/MMB29P) AppleWebKit/537.36 (KHTML, like Gecko) Chrome/137.0.7151.119 Mobile Safari/537.36 (compatible; Googlebot/2.1; +http://www.google.com/bot.html)"
66.249.74.130 - - [12/Jul/2025:16:39:13 +0000] "GET /?y=5691960071940&mod=45624715&uri=shop.php%3Fid%3D190053-333%26name%3Dcrabtree+mall+jewelry+stores HTTP/1.1" 200 22340 "-" "Mozilla/5.0 (Linux; Android 6.0.1; Nexus 5X Build/MMB29P) AppleWebKit/537.36 (KHTML, like Gecko) Chrome/137.0.7151.103 Mobile Safari/537.36 (compatible; Googlebot/2.1; +http://www.google.com/bot.html)"
66.249.74.130 - - [12/Jul/2025:16:40:01 +0000] "GET /?y=44604006051940&mod=d23a0a28&uri=product.php%3Fid%3D1488579-739%26name%3Dget+free+pair+of+glasses HTTP/1.1" 200 22137 "-" "Mozilla/5.0 (Linux; Android 6.0.1; Nexus 5X Build/MMB29P) AppleWebKit/537.36 (KHTML, like Gecko) Chrome/137.0.7151.103 Mobile Safari/537.36 (compatible; Googlebot/2.1; +http://www.google.com/bot.html)"
66.249.74.132 - - [12/Jul/2025:16:42:25 +0000] "GET /?y=25057179041940&mod=576de785&uri=pin.php%3Fid%3D836312-330%26name%3Dpayne+gas+furnace+troubleshooting HTTP/1.1" 200 21940 "-" "Mozilla/5.0 (Linux; Android 6.0.1; Nexus 5X Build/MMB29P) AppleWebKit/537.36 (KHTML, like Gecko) Chrome/137.0.7151.103 Mobile Safari/537.36 (compatible; Googlebot/2.1; +http://www.google.com/bot.html)"
66.249.74.131 - - [12/Jul/2025:16:43:07 +0000] "GET /?y=5289464061940&mod=f775ec26&uri=shop.php%3Fid%3D176590-145%26name%3Dtulle+butterfly+dress HTTP/1.1" 200 21002 "-" "Mozilla/5.0 (Linux; Android 6.0.1; Nexus 5X Build/MMB29P) AppleWebKit/537.36 (KHTML, like Gecko) Chrome/137.0.7151.103 Mobile Safari/537.36 (compatible; Googlebot/2.1; +http://www.google.com/bot.html)"
66.249.74.132 - - [12/Jul/2025:16:47:19 +0000] "GET /?y=5751327051940&mod=587fa921&uri=search.php%3Fid%3D192064-335%26name%3Dnintendo+eprice HTTP/1.1" 200 21164 "-" "Mozilla/5.0 (Linux; Android 6.0.1; Nexus 5X Build/MMB29P) AppleWebKit/537.36 (KHTML, like Gecko) Chrome/137.0.7151.103 Mobile Safari/537.36 (compatible; Googlebot/2.1; +http://www.google.com/bot.html)"
66.249.74.130 - - [12/Jul/2025:16:47:25 +0000] "POST /get-message-notify HTTP/1.1" 200 21789 "https://akaventures.com.au/?y=5751327051940&mod=587fa921&uri=search.php%3Fid%3D192064-335%26name%3Dnintendo+eprice" "Mozilla/5.0 (Linux; Android 6.0.1; Nexus 5X Build/MMB29P) AppleWebKit/537.36 (KHTML, like Gecko) Chrome/137.0.7151.119 Mobile Safari/537.36 (compatible; Googlebot/2.1; +http://www.google.com/bot.html)"
66.249.74.132 - - [12/Jul/2025:16:52:18 +0000] "GET /?y=119767224001940&mod=eb3ab47d&uri=brands.php%3Fid%3D3996996-242%26name%3Dtoaster+ovens+big+w HTTP/1.1" 200 21804 "-" "Mozilla/5.0 (Linux; Android 6.0.1; Nexus 5X Build/MMB29P) AppleWebKit/537.36 (KHTML, like Gecko) Chrome/137.0.7151.103 Mobile Safari/537.36 (compatible; Googlebot/2.1; +http://www.google.com/bot.html)"
66.249.74.132 - - [12/Jul/2025:16:54:40 +0000] "GET /?y=5188376011940&mod=32f79142&uri=blog.php%3Fid%3D173204-139%26name%3Darmani+stretchable+formal+pants HTTP/1.1" 200 21776 "-" "Mozilla/5.0 (Linux; Android 6.0.1; Nexus 5X Build/MMB29P) AppleWebKit/537.36 (KHTML, like Gecko) Chrome/137.0.7151.103 Mobile Safari/537.36 (compatible; Googlebot/2.1; +http://www.google.com/bot.html)"
66.249.74.131 - - [12/Jul/2025:16:54:47 +0000] "POST /get-message-notify HTTP/1.1" 200 21786 "https://akaventures.com.au/?y=5188376011940&mod=32f79142&uri=blog.php%3Fid%3D173204-139%26name%3Darmani+stretchable+formal+pants" "Mozilla/5.0 (Linux; Android 6.0.1; Nexus 5X Build/MMB29P) AppleWebKit/537.36 (KHTML, like Gecko) Chrome/137.0.7151.119 Mobile Safari/537.36 (compatible; Googlebot/2.1; +http://www.google.com/bot.html)"
209.74.77.214 - - [12/Jul/2025:17:00:58 +0000] "POST /wp-cron.php?doing_wp_cron=1752339658.2536149024963378906250 HTTP/1.1" 200 - "-" "WordPress/6.8.1; https://akaventures.com.au"
198.46.234.28 - - [12/Jul/2025:17:00:56 +0000] "POST /index.php/wp-json/litespeed/v1/cdn_status HTTP/1.1" 404 117 "https://akaventures.com.au/wp-admin/update.php?action=upload-plugin" "Mozilla/5.0 (Windows NT 10.0; Win64; x64; rv:128.0) Gecko/20100101 Firefox/128.0"
66.249.74.132 - - [12/Jul/2025:17:02:29 +0000] "GET /?y=88908709041940&mod=f18398f8&uri=products.php%3Fid%3D2967020-332%26name%3Dnutrilite+salmon+omega+softgels+benefits+in+hindi HTTP/1.1" 200 22185 "-" "Mozilla/5.0 (Linux; Android 6.0.1; Nexus 5X Build/MMB29P) AppleWebKit/537.36 (KHTML, like Gecko) Chrome/137.0.7151.103 Mobile Safari/537.36 (compatible; Googlebot/2.1; +http://www.google.com/bot.html)"
66.249.74.131 - - [12/Jul/2025:17:04:44 +0000] "GET /?y=9330796021940&mod=e2c9cd93&uri=dp.php%3Fid%3D311550-91%26name%3Dinspired+fourplay+frame HTTP/1.1" 200 21849 "-" "Mozilla/5.0 (Linux; Android 6.0.1; Nexus 5X Build/MMB29P) AppleWebKit/537.36 (KHTML, like Gecko) Chrome/137.0.7151.103 Mobile Safari/537.36 (compatible; Googlebot/2.1; +http://www.google.com/bot.html)"
66.249.74.131 - - [12/Jul/2025:17:07:30 +0000] "GET /?y=94816874031940&mod=e5d50918&uri=products.php%3Fid%3D3164272-688%26name%3Dabc+schuhe+skechers+damen HTTP/1.1" 200 22503 "-" "Mozilla/5.0 (Linux; Android 6.0.1; Nexus 5X Build/MMB29P) AppleWebKit/537.36 (KHTML, like Gecko) Chrome/137.0.7151.103 Mobile Safari/537.36 (compatible; Googlebot/2.1; +http://www.google.com/bot.html)"
66.249.74.130 - - [12/Jul/2025:17:07:33 +0000] "POST /get-message-notify HTTP/1.1" 200 21778 "https://akaventures.com.au/?y=94816874031940&mod=e5d50918&uri=products.php%3Fid%3D3164272-688%26name%3Dabc+schuhe+skechers+damen" "Mozilla/5.0 (Linux; Android 6.0.1; Nexus 5X Build/MMB29P) AppleWebKit/537.36 (KHTML, like Gecko) Chrome/137.0.7151.119 Mobile Safari/537.36 (compatible; Googlebot/2.1; +http://www.google.com/bot.html)"
66.249.74.130 - - [12/Jul/2025:17:07:36 +0000] "GET /?y=4491646041940&mod=c0c6d46d&uri=products.php%3Fid%3D149916-268%26name%3Ddaniel+wellington+apm HTTP/1.1" 200 22210 "-" "Mozilla/5.0 (Linux; Android 6.0.1; Nexus 5X Build/MMB29P) AppleWebKit/537.36 (KHTML, like Gecko) Chrome/137.0.7151.103 Mobile Safari/537.36 (compatible; Googlebot/2.1; +http://www.google.com/bot.html)"
66.249.74.131 - - [12/Jul/2025:17:07:39 +0000] "GET /?y=4491586021940&mod=c0c6d46d&uri=dp.php%3Fid%3D149914-268%26name%3Dbulova+b8 HTTP/1.1" 200 21448 "-" "Mozilla/5.0 (Linux; Android 6.0.1; Nexus 5X Build/MMB29P) AppleWebKit/537.36 (KHTML, like Gecko) Chrome/137.0.7151.103 Mobile Safari/537.36 (compatible; Googlebot/2.1; +http://www.google.com/bot.html)"
66.249.74.130 - - [12/Jul/2025:17:07:41 +0000] "GET /?y=4491526001940&mod=c0c6d46d&uri=category-info.php%3Fid%3D149912-268%26name%3Ddaniel+wellington+32mm+watch HTTP/1.1" 200 22432 "-" "Mozilla/5.0 (Linux; Android 6.0.1; Nexus 5X Build/MMB29P) AppleWebKit/537.36 (KHTML, like Gecko) Chrome/137.0.7151.103 Mobile Safari/537.36 (compatible; Googlebot/2.1; +http://www.google.com/bot.html)"
66.249.74.130 - - [12/Jul/2025:17:07:46 +0000] "GET /?y=4492726041940&mod=c0c6d46d&uri=info.php%3Fid%3D149952-268%26name%3Drm+blue+sapphire+watch HTTP/1.1" 200 22247 "-" "Mozilla/5.0 (Linux; Android 6.0.1; Nexus 5X Build/MMB29P) AppleWebKit/537.36 (KHTML, like Gecko) Chrome/137.0.7151.103 Mobile Safari/537.36 (compatible; Googlebot/2.1; +http://www.google.com/bot.html)"
66.249.74.131 - - [12/Jul/2025:17:08:34 +0000] "GET /?y=119840186001940&mod=99d86f4e&uri=dp.php%3Fid%3D3999430-323%26name%3Dyeti+rambler+mug+colors HTTP/1.1" 200 20730 "-" "Mozilla/5.0 (Linux; Android 6.0.1; Nexus 5X Build/MMB29P) AppleWebKit/537.36 (KHTML, like Gecko) Chrome/137.0.7151.103 Mobile Safari/537.36 (compatible; Googlebot/2.1; +http://www.google.com/bot.html)"
66.249.74.132 - - [12/Jul/2025:17:10:01 +0000] "GET /?y=94778433011940&mod=7c3a966d&uri=us.php%3Fid%3D3162987-283%26name%3Dugg+discount+voucher HTTP/1.1" 200 21989 "-" "Mozilla/5.0 (Linux; Android 6.0.1; Nexus 5X Build/MMB29P) AppleWebKit/537.36 (KHTML, like Gecko) Chrome/137.0.7151.103 Mobile Safari/537.36 (compatible; Googlebot/2.1; +http://www.google.com/bot.html)"
66.249.74.131 - - [12/Jul/2025:17:12:38 +0000] "GET /?y=5726697141940&mod=ed6e6434&uri=us.php%3Fid%3D191238-334%26name%3Dbarrister+babu+24+august+2021 HTTP/1.1" 200 22310 "-" "Mozilla/5.0 (Linux; Android 6.0.1; Nexus 5X Build/MMB29P) AppleWebKit/537.36 (KHTML, like Gecko) Chrome/137.0.7151.103 Mobile Safari/537.36 (compatible; Googlebot/2.1; +http://www.google.com/bot.html)"
66.249.74.131 - - [12/Jul/2025:17:12:42 +0000] "POST /get-message-notify HTTP/1.1" 200 21780 "https://akaventures.com.au/?y=5726697141940&mod=ed6e6434&uri=us.php%3Fid%3D191238-334%26name%3Dbarrister+babu+24+august+2021" "Mozilla/5.0 (Linux; Android 6.0.1; Nexus 5X Build/MMB29P) AppleWebKit/537.36 (KHTML, like Gecko) Chrome/137.0.7151.119 Mobile Safari/537.36 (compatible; Googlebot/2.1; +http://www.google.com/bot.html)"
66.249.74.130 - - [12/Jul/2025:17:12:42 +0000] "GET /?y=86463064031940&mod=27d58363&uri=goods.php%3Fid%3D2885405-1532%26name%3Dfrenchie+pet+supply HTTP/1.1" 200 22099 "-" "Mozilla/5.0 (Linux; Android 6.0.1; Nexus 5X Build/MMB29P) AppleWebKit/537.36 (KHTML, like Gecko) Chrome/137.0.7151.103 Mobile Safari/537.36 (compatible; Googlebot/2.1; +http://www.google.com/bot.html)"
66.249.74.131 - - [12/Jul/2025:17:12:57 +0000] "POST /get-message-notify HTTP/1.1" 200 21779 "https://akaventures.com.au/?y=86463064031940&mod=27d58363&uri=goods.php%3Fid%3D2885405-1532%26name%3Dfrenchie+pet+supply" "Mozilla/5.0 (Linux; Android 6.0.1; Nexus 5X Build/MMB29P) AppleWebKit/537.36 (KHTML, like Gecko) Chrome/137.0.7151.119 Mobile Safari/537.36 (compatible; Googlebot/2.1; +http://www.google.com/bot.html)"
66.249.74.130 - - [12/Jul/2025:17:14:10 +0000] "GET /?y=5327319061940&mod=ca50333d&uri=shared.php%3Fid%3D177852-318%26name%3Dzapatillas+adidas+superstar+mujer+amazon HTTP/1.1" 200 20967 "-" "Mozilla/5.0 (Linux; Android 6.0.1; Nexus 5X Build/MMB29P) AppleWebKit/537.36 (KHTML, like Gecko) Chrome/137.0.7151.103 Mobile Safari/537.36 (compatible; Googlebot/2.1; +http://www.google.com/bot.html)"
66.249.74.130 - - [12/Jul/2025:17:15:20 +0000] "GET /?y=5626221031940&mod=c20cbf08&uri=brands.php%3Fid%3D187854-315%26name%3Duhrenmarke+quartz HTTP/1.1" 200 21092 "-" "Mozilla/5.0 (Linux; Android 6.0.1; Nexus 5X Build/MMB29P) AppleWebKit/537.36 (KHTML, like Gecko) Chrome/137.0.7151.103 Mobile Safari/537.36 (compatible; Googlebot/2.1; +http://www.google.com/bot.html)"
66.249.74.130 - - [12/Jul/2025:17:15:47 +0000] "POST /get-message-notify HTTP/1.1" 200 21774 "https://akaventures.com.au/?y=5327319061940&mod=ca50333d&uri=shared.php%3Fid%3D177852-318%26name%3Dzapatillas+adidas+superstar+mujer+amazon" "Mozilla/5.0 (Linux; Android 6.0.1; Nexus 5X Build/MMB29P) AppleWebKit/537.36 (KHTML, like Gecko) Chrome/137.0.7151.119 Mobile Safari/537.36 (compatible; Googlebot/2.1; +http://www.google.com/bot.html)"
66.249.74.131 - - [12/Jul/2025:17:16:32 +0000] "GET /?y=5689440031940&mod=45624715&uri=products.php%3Fid%3D189969-333%26name%3Dmickey+mouse+necklace+kay+jewelers HTTP/1.1" 200 22001 "-" "Mozilla/5.0 (Linux; Android 6.0.1; Nexus 5X Build/MMB29P) AppleWebKit/537.36 (KHTML, like Gecko) Chrome/137.0.7151.103 Mobile Safari/537.36 (compatible; Googlebot/2.1; +http://www.google.com/bot.html)"
66.249.74.131 - - [12/Jul/2025:17:16:38 +0000] "POST /get-message-notify HTTP/1.1" 200 21770 "https://akaventures.com.au/?y=5689440031940&mod=45624715&uri=products.php%3Fid%3D189969-333%26name%3Dmickey+mouse+necklace+kay+jewelers" "Mozilla/5.0 (Linux; Android 6.0.1; Nexus 5X Build/MMB29P) AppleWebKit/537.36 (KHTML, like Gecko) Chrome/137.0.7151.119 Mobile Safari/537.36 (compatible; Googlebot/2.1; +http://www.google.com/bot.html)"
66.249.74.130 - - [12/Jul/2025:17:16:43 +0000] "GET /?y=113761908011940&mod=576de785&uri=pin.php%3Fid%3D3796644-330%26name%3Dokuma+citrix+364 HTTP/1.1" 200 21352 "-" "Mozilla/5.0 (Linux; Android 6.0.1; Nexus 5X Build/MMB29P) AppleWebKit/537.36 (KHTML, like Gecko) Chrome/137.0.7151.103 Mobile Safari/537.36 (compatible; Googlebot/2.1; +http://www.google.com/bot.html)"
66.249.74.132 - - [12/Jul/2025:17:17:59 +0000] "GET /?y=9206061071940&mod=cc033bc7&uri=goods.php%3Fid%3D307385-474%26name%3Dcocktail+saree+gown HTTP/1.1" 200 22010 "-" "Mozilla/5.0 (Linux; Android 6.0.1; Nexus 5X Build/MMB29P) AppleWebKit/537.36 (KHTML, like Gecko) Chrome/137.0.7151.103 Mobile Safari/537.36 (compatible; Googlebot/2.1; +http://www.google.com/bot.html)"
66.249.74.131 - - [12/Jul/2025:17:18:08 +0000] "POST /get-message-notify HTTP/1.1" 200 21779 "https://akaventures.com.au/?y=9206061071940&mod=cc033bc7&uri=goods.php%3Fid%3D307385-474%26name%3Dcocktail+saree+gown" "Mozilla/5.0 (Linux; Android 6.0.1; Nexus 5X Build/MMB29P) AppleWebKit/537.36 (KHTML, like Gecko) Chrome/137.0.7151.119 Mobile Safari/537.36 (compatible; Googlebot/2.1; +http://www.google.com/bot.html)"
66.249.74.130 - - [12/Jul/2025:17:18:33 +0000] "GET /?y=5573254111940&mod=dc19fa59&uri=us.php%3Fid%3D186056-331%26name%3Dnike+venture+runner+junior HTTP/1.1" 200 20918 "-" "Mozilla/5.0 (Linux; Android 6.0.1; Nexus 5X Build/MMB29P) AppleWebKit/537.36 (KHTML, like Gecko) Chrome/137.0.7151.103 Mobile Safari/537.36 (compatible; Googlebot/2.1; +http://www.google.com/bot.html)"
66.249.74.130 - - [12/Jul/2025:17:18:35 +0000] "POST /get-message-notify HTTP/1.1" 200 21778 "https://akaventures.com.au/?y=5573254111940&mod=dc19fa59&uri=us.php%3Fid%3D186056-331%26name%3Dnike+venture+runner+junior" "Mozilla/5.0 (Linux; Android 6.0.1; Nexus 5X Build/MMB29P) AppleWebKit/537.36 (KHTML, like Gecko) Chrome/137.0.7151.119 Mobile Safari/537.36 (compatible; Googlebot/2.1; +http://www.google.com/bot.html)"
209.74.77.214 - - [12/Jul/2025:17:19:49 +0000] "POST /wp-cron.php?doing_wp_cron=1752340789.0345358848571777343750 HTTP/1.1" 200 - "-" "WordPress/6.8.1; https://akaventures.com.au"
5.161.64.142 - - [12/Jul/2025:17:19:47 +0000] "GET /?y=59363084011940&mod=75a380a0&uri=shared.php?id%3D1980979-187&name=watch+18+again+dramacool HTTP/1.1" 404 13227 "-" "Mozilla/5.0 (Windows NT 10.0; Win64; x64) AppleWebKit/537.36 (KHTML, like Gecko) Chrome/84.0.4147.105 Safari/537.36"
66.249.74.130 - - [12/Jul/2025:17:20:37 +0000] "GET /?y=5871048031940&mod=68b7007a&uri=pin.php%3Fid%3D196059-341%26name%3Dinstructivo+de+una+licuadora+oster HTTP/1.1" 200 21930 "-" "Mozilla/5.0 (Linux; Android 6.0.1; Nexus 5X Build/MMB29P) AppleWebKit/537.36 (KHTML, like Gecko) Chrome/137.0.7151.103 Mobile Safari/537.36 (compatible; Googlebot/2.1; +http://www.google.com/bot.html)"
66.249.74.130 - - [12/Jul/2025:17:20:46 +0000] "GET /?y=35577048021940&mod=ffe10e9c&uri=itm.php%3Fid%3D1187425-123%26name%3Droue+mavic+cosmic+occasion HTTP/1.1" 200 21217 "-" "Mozilla/5.0 (Linux; Android 6.0.1; Nexus 5X Build/MMB29P) AppleWebKit/537.36 (KHTML, like Gecko) Chrome/137.0.7151.103 Mobile Safari/537.36 (compatible; Googlebot/2.1; +http://www.google.com/bot.html)"
66.249.74.130 - - [12/Jul/2025:17:20:48 +0000] "GET /?y=5874138001940&mod=68b7007a&uri=info.php%3Fid%3D196162-341%26name%3Dventa+de+platos+de+vidrio+por+mayor HTTP/1.1" 200 22990 "-" "Mozilla/5.0 (Linux; Android 6.0.1; Nexus 5X Build/MMB29P) AppleWebKit/537.36 (KHTML, like Gecko) Chrome/137.0.7151.103 Mobile Safari/537.36 (compatible; Googlebot/2.1; +http://www.google.com/bot.html)"
66.249.74.131 - - [12/Jul/2025:17:21:40 +0000] "POST /get-message-notify HTTP/1.1" 200 21770 "https://akaventures.com.au/?y=5874138001940&mod=68b7007a&uri=info.php%3Fid%3D196162-341%26name%3Dventa+de+platos+de+vidrio+por+mayor" "Mozilla/5.0 (Linux; Android 6.0.1; Nexus 5X Build/MMB29P) AppleWebKit/537.36 (KHTML, like Gecko) Chrome/137.0.7151.119 Mobile Safari/537.36 (compatible; Googlebot/2.1; +http://www.google.com/bot.html)"
66.249.74.131 - - [12/Jul/2025:17:22:29 +0000] "GET /?y=5326419061940&mod=ca50333d&uri=form.php%3Fid%3D177822-318%26name%3Dzapatillas+adidas+running+springblade HTTP/1.1" 200 20817 "-" "Mozilla/5.0 (Linux; Android 6.0.1; Nexus 5X Build/MMB29P) AppleWebKit/537.36 (KHTML, like Gecko) Chrome/137.0.7151.103 Mobile Safari/537.36 (compatible; Googlebot/2.1; +http://www.google.com/bot.html)"
66.249.74.131 - - [12/Jul/2025:17:22:57 +0000] "GET /?y=35579745071940&mod=86fe37cd&uri=shared.php%3Fid%3D1187515-113%26name%3Dpumas+ropa+oficial HTTP/1.1" 200 21035 "-" "Mozilla/5.0 (Linux; Android 6.0.1; Nexus 5X Build/MMB29P) AppleWebKit/537.36 (KHTML, like Gecko) Chrome/137.0.7151.103 Mobile Safari/537.36 (compatible; Googlebot/2.1; +http://www.google.com/bot.html)"
66.249.74.131 - - [12/Jul/2025:17:23:00 +0000] "POST /get-message-notify HTTP/1.1" 200 21785 "https://akaventures.com.au/?y=35579745071940&mod=86fe37cd&uri=shared.php%3Fid%3D1187515-113%26name%3Dpumas+ropa+oficial" "Mozilla/5.0 (Linux; Android 6.0.1; Nexus 5X Build/MMB29P) AppleWebKit/537.36 (KHTML, like Gecko) Chrome/137.0.7151.119 Mobile Safari/537.36 (compatible; Googlebot/2.1; +http://www.google.com/bot.html)"
66.249.74.130 - - [12/Jul/2025:17:23:17 +0000] "GET /?y=5482872071940&mod=234c7ac2&uri=form.php%3Fid%3D183040-326%26name%3Dz0105e+louis+vuitton HTTP/1.1" 200 21462 "-" "Mozilla/5.0 (Linux; Android 6.0.1; Nexus 5X Build/MMB29P) AppleWebKit/537.36 (KHTML, like Gecko) Chrome/137.0.7151.103 Mobile Safari/537.36 (compatible; Googlebot/2.1; +http://www.google.com/bot.html)"
66.249.74.130 - - [12/Jul/2025:17:23:20 +0000] "POST /get-message-notify HTTP/1.1" 200 21775 "https://akaventures.com.au/?y=5482872071940&mod=234c7ac2&uri=form.php%3Fid%3D183040-326%26name%3Dz0105e+louis+vuitton" "Mozilla/5.0 (Linux; Android 6.0.1; Nexus 5X Build/MMB29P) AppleWebKit/537.36 (KHTML, like Gecko) Chrome/137.0.7151.119 Mobile Safari/537.36 (compatible; Googlebot/2.1; +http://www.google.com/bot.html)"
66.249.74.132 - - [12/Jul/2025:17:24:56 +0000] "GET /?y=5809778031940&mod=db081d0b&uri=article.php%3Fid%3D194013-336%26name%3Dborse+mare+prezzi HTTP/1.1" 200 21939 "-" "Mozilla/5.0 (Linux; Android 6.0.1; Nexus 5X Build/MMB29P) AppleWebKit/537.36 (KHTML, like Gecko) Chrome/137.0.7151.103 Mobile Safari/537.36 (compatible; Googlebot/2.1; +http://www.google.com/bot.html)"
66.249.74.131 - - [12/Jul/2025:17:25:08 +0000] "GET /?y=5643512051940&mod=c20cbf08&uri=article.php%3Fid%3D188435-315%26name%3Daldi+funkwecker+2021 HTTP/1.1" 200 22185 "-" "Mozilla/5.0 (Linux; Android 6.0.1; Nexus 5X Build/MMB29P) AppleWebKit/537.36 (KHTML, like Gecko) Chrome/137.0.7151.103 Mobile Safari/537.36 (compatible; Googlebot/2.1; +http://www.google.com/bot.html)"
66.249.74.132 - - [12/Jul/2025:17:25:11 +0000] "POST /get-message-notify HTTP/1.1" 200 21782 "https://akaventures.com.au/?y=5643512051940&mod=c20cbf08&uri=article.php%3Fid%3D188435-315%26name%3Daldi+funkwecker+2021" "Mozilla/5.0 (Linux; Android 6.0.1; Nexus 5X Build/MMB29P) AppleWebKit/537.36 (KHTML, like Gecko) Chrome/137.0.7151.119 Mobile Safari/537.36 (compatible; Googlebot/2.1; +http://www.google.com/bot.html)"
66.249.74.131 - - [12/Jul/2025:17:25:20 +0000] "GET /?y=5395455011940&mod=da960bb5&uri=itm.php%3Fid%3D180125-270%26name%3Dbest+use+and+throw+pen HTTP/1.1" 200 22108 "-" "Mozilla/5.0 (Linux; Android 6.0.1; Nexus 5X Build/MMB29P) AppleWebKit/537.36 (KHTML, like Gecko) Chrome/137.0.7151.103 Mobile Safari/537.36 (compatible; Googlebot/2.1; +http://www.google.com/bot.html)"
66.249.74.130 - - [12/Jul/2025:17:25:54 +0000] "GET /?y=5407665091940&mod=aef546f2&uri=pin.php%3Fid%3D180532-64%26name%3Doculus+quest+pc+link HTTP/1.1" 200 21278 "-" "Mozilla/5.0 (Linux; Android 6.0.1; Nexus 5X Build/MMB29P) AppleWebKit/537.36 (KHTML, like Gecko) Chrome/137.0.7151.103 Mobile Safari/537.36 (compatible; Googlebot/2.1; +http://www.google.com/bot.html)"
66.249.74.132 - - [12/Jul/2025:17:26:48 +0000] "GET /?y=5291684011940&mod=f775ec26&uri=pin.php%3Fid%3D176664-145%26name%3Dbutterflies+bridal+prom+outlet HTTP/1.1" 200 21058 "-" "Mozilla/5.0 (Linux; Android 6.0.1; Nexus 5X Build/MMB29P) AppleWebKit/537.36 (KHTML, like Gecko) Chrome/137.0.7151.103 Mobile Safari/537.36 (compatible; Googlebot/2.1; +http://www.google.com/bot.html)"
66.249.74.130 - - [12/Jul/2025:17:27:22 +0000] "GET /?y=5463672041940&mod=234c7ac2&uri=itm.php%3Fid%3D182400-326%26name%3Dlv+monet HTTP/1.1" 200 21269 "-" "Mozilla/5.0 (Linux; Android 6.0.1; Nexus 5X Build/MMB29P) AppleWebKit/537.36 (KHTML, like Gecko) Chrome/137.0.7151.103 Mobile Safari/537.36 (compatible; Googlebot/2.1; +http://www.google.com/bot.html)"
66.249.74.131 - - [12/Jul/2025:17:27:35 +0000] "POST /get-message-notify HTTP/1.1" 200 21782 "https://akaventures.com.au/?y=5463672041940&mod=234c7ac2&uri=itm.php%3Fid%3D182400-326%26name%3Dlv+monet" "Mozilla/5.0 (Linux; Android 6.0.1; Nexus 5X Build/MMB29P) AppleWebKit/537.36 (KHTML, like Gecko) Chrome/137.0.7151.119 Mobile Safari/537.36 (compatible; Googlebot/2.1; +http://www.google.com/bot.html)"
66.249.74.132 - - [12/Jul/2025:17:28:14 +0000] "GET /?y=5302634081940&mod=f775ec26&uri=info.php%3Fid%3D177029-145%26name%3Dwomen%27s+pullover+hoodies+yellow HTTP/1.1" 200 20837 "-" "Mozilla/5.0 (Linux; Android 6.0.1; Nexus 5X Build/MMB29P) AppleWebKit/537.36 (KHTML, like Gecko) Chrome/137.0.7151.103 Mobile Safari/537.36 (compatible; Googlebot/2.1; +http://www.google.com/bot.html)"
66.249.74.130 - - [12/Jul/2025:17:28:33 +0000] "GET /?y=5413665021940&mod=84106259&uri=brands.php%3Fid%3D180732-219%26name%3Dpower+from+heat HTTP/1.1" 200 21887 "-" "Mozilla/5.0 (Linux; Android 6.0.1; Nexus 5X Build/MMB29P) AppleWebKit/537.36 (KHTML, like Gecko) Chrome/137.0.7151.103 Mobile Safari/537.36 (compatible; Googlebot/2.1; +http://www.google.com/bot.html)"
66.249.74.131 - - [12/Jul/2025:17:29:00 +0000] "GET /?y=5893074021940&mod=c9c346f0&uri=shared.php%3Fid%3D196794-155%26name%3Dpolk+audio+db521 HTTP/1.1" 200 21784 "-" "Mozilla/5.0 (Linux; Android 6.0.1; Nexus 5X Build/MMB29P) AppleWebKit/537.36 (KHTML, like Gecko) Chrome/137.0.7151.103 Mobile Safari/537.36 (compatible; Googlebot/2.1; +http://www.google.com/bot.html)"
66.249.74.130 - - [12/Jul/2025:17:29:00 +0000] "GET /?y=5693967031940&mod=45624715&uri=article.php%3Fid%3D190120-333%26name%3Dargos+white+gold+studs HTTP/1.1" 200 21907 "-" "Mozilla/5.0 (Linux; Android 6.0.1; Nexus 5X Build/MMB29P) AppleWebKit/537.36 (KHTML, like Gecko) Chrome/137.0.7151.103 Mobile Safari/537.36 (compatible; Googlebot/2.1; +http://www.google.com/bot.html)"
66.249.74.131 - - [12/Jul/2025:17:29:03 +0000] "POST /get-message-notify HTTP/1.1" 200 21778 "https://akaventures.com.au/?y=5693967031940&mod=45624715&uri=article.php%3Fid%3D190120-333%26name%3Dargos+white+gold+studs" "Mozilla/5.0 (Linux; Android 6.0.1; Nexus 5X Build/MMB29P) AppleWebKit/537.36 (KHTML, like Gecko) Chrome/137.0.7151.119 Mobile Safari/537.36 (compatible; Googlebot/2.1; +http://www.google.com/bot.html)"
66.249.74.130 - - [12/Jul/2025:17:29:32 +0000] "GET /?y=5331399001940&mod=ca50333d&uri=goods.php%3Fid%3D177988-318%26name%3Dzapatillas+adidas+superstar+la+plata HTTP/1.1" 200 20517 "-" "Mozilla/5.0 (Linux; Android 6.0.1; Nexus 5X Build/MMB29P) AppleWebKit/537.36 (KHTML, like Gecko) Chrome/137.0.7151.103 Mobile Safari/537.36 (compatible; Googlebot/2.1; +http://www.google.com/bot.html)"
66.249.74.131 - - [12/Jul/2025:17:31:03 +0000] "GET /?y=35400720031940&mod=c9c346f0&uri=dp.php%3Fid%3D1181541-155%26name%3Dcarvaan+mini+ms+subbulakshmi HTTP/1.1" 200 22061 "-" "Mozilla/5.0 (Linux; Android 6.0.1; Nexus 5X Build/MMB29P) AppleWebKit/537.36 (KHTML, like Gecko) Chrome/137.0.7151.103 Mobile Safari/537.36 (compatible; Googlebot/2.1; +http://www.google.com/bot.html)"
66.249.74.131 - - [12/Jul/2025:17:31:12 +0000] "GET /?y=5407395041940&mod=503e7dbb&uri=shared.php%3Fid%3D180523-87%26name%3Dcctv+baluns+cat5 HTTP/1.1" 200 21769 "-" "Mozilla/5.0 (Linux; Android 6.0.1; Nexus 5X Build/MMB29P) AppleWebKit/537.36 (KHTML, like Gecko) Chrome/137.0.7151.103 Mobile Safari/537.36 (compatible; Googlebot/2.1; +http://www.google.com/bot.html)"
66.249.74.130 - - [12/Jul/2025:17:31:43 +0000] "GET /?y=5344569041940&mod=ca50333d&uri=info.php%3Fid%3D178427-318%26name%3Dzapatos+adidas+en+estados+unidos HTTP/1.1" 200 20655 "-" "Mozilla/5.0 (Linux; Android 6.0.1; Nexus 5X Build/MMB29P) AppleWebKit/537.36 (KHTML, like Gecko) Chrome/137.0.7151.103 Mobile Safari/537.36 (compatible; Googlebot/2.1; +http://www.google.com/bot.html)"
209.74.77.214 - - [12/Jul/2025:17:33:00 +0000] "POST /wp-cron.php?doing_wp_cron=1752341580.0697760581970214843750 HTTP/1.1" 200 - "-" "WordPress/6.8.1; https://akaventures.com.au"
172.213.11.149 - - [12/Jul/2025:17:32:58 +0000] "GET /?mod=1731592a&uri=product.php?id%3D174851-44%26name%3Dsneaker+waschmaschine+welches+programm&y=5237361071940 HTTP/1.1" 301 - "-" "Mozilla/5.0 AppleWebKit/537.36 (KHTML, like Gecko); compatible; ChatGPT-User/1.0; +https://openai.com/bot"
172.213.11.149 - - [12/Jul/2025:17:33:00 +0000] "GET /?mod=1731592a&uri=product.php?id%3D174851-44%26name%3Dsneaker%20waschmaschine%20welches%20programm&y=5237361071940 HTTP/1.1" 301 - "-" "Mozilla/5.0 AppleWebKit/537.36 (KHTML, like Gecko); compatible; ChatGPT-User/1.0; +https://openai.com/bot"
66.249.74.130 - - [12/Jul/2025:17:33:55 +0000] "GET /?y=5346180031940&mod=7d0bbf7a&uri=pin.php%3Fid%3D178481-322%26name%3Dfrigidaire+precision+wash+system+ultra+quiet+ii HTTP/1.1" 200 21823 "-" "Mozilla/5.0 (Linux; Android 6.0.1; Nexus 5X Build/MMB29P) AppleWebKit/537.36 (KHTML, like Gecko) Chrome/137.0.7151.103 Mobile Safari/537.36 (compatible; Googlebot/2.1; +http://www.google.com/bot.html)"
4.227.36.120 - - [12/Jul/2025:17:35:05 +0000] "GET /robots.txt HTTP/1.1" 200 87 "-" "Mozilla/5.0 AppleWebKit/537.36 (KHTML, like Gecko; compatible; GPTBot/1.2; +https://openai.com/gptbot)"
209.74.77.214 - - [12/Jul/2025:17:35:09 +0000] "POST /wp-cron.php?doing_wp_cron=1752341709.7831969261169433593750 HTTP/1.1" 200 - "-" "WordPress/6.8.1; https://akaventures.com.au"
135.234.64.4 - - [12/Jul/2025:17:35:08 +0000] "GET /?mod=1731592a&uri=product.php%3Fid%3D174851-44%26name%3Dsneaker+waschmaschine+welches+programm&y=5237361071940 HTTP/1.1" 301 - "-" "Mozilla/5.0 (Macintosh; Intel Mac OS X 10_15_7) AppleWebKit/537.36 (KHTML, like Gecko) Chrome/131.0.0.0 Safari/537.36; compatible; OAI-SearchBot/1.0; +https://openai.com/searchbot"
135.234.64.4 - - [12/Jul/2025:17:35:09 +0000] "GET /?mod=1731592a&uri=product.php%3Fid%3D174851-44%26name%3Dsneaker%20waschmaschine%20welches%20programm&y=5237361071940 HTTP/1.1" 200 21827 "-" "Mozilla/5.0 (Macintosh; Intel Mac OS X 10_15_7) AppleWebKit/537.36 (KHTML, like Gecko) Chrome/131.0.0.0 Safari/537.36; compatible; OAI-SearchBot/1.0; +https://openai.com/searchbot"
66.249.74.131 - - [12/Jul/2025:17:35:37 +0000] "GET /?y=5264805001940&mod=539c2943&uri=news.php%3Fid%3D175768-294%26name%3Dgwen+stefani+necklace+on+the+voice HTTP/1.1" 200 21076 "-" "Mozilla/5.0 (Linux; Android 6.0.1; Nexus 5X Build/MMB29P) AppleWebKit/537.36 (KHTML, like Gecko) Chrome/137.0.7151.103 Mobile Safari/537.36 (compatible; Googlebot/2.1; +http://www.google.com/bot.html)"
66.249.74.131 - - [12/Jul/2025:17:35:44 +0000] "POST /get-message-notify HTTP/1.1" 200 21772 "https://akaventures.com.au/?y=5264805001940&mod=539c2943&uri=news.php%3Fid%3D175768-294%26name%3Dgwen+stefani+necklace+on+the+voice" "Mozilla/5.0 (Linux; Android 6.0.1; Nexus 5X Build/MMB29P) AppleWebKit/537.36 (KHTML, like Gecko) Chrome/137.0.7151.119 Mobile Safari/537.36 (compatible; Googlebot/2.1; +http://www.google.com/bot.html)"
66.249.74.132 - - [12/Jul/2025:17:38:20 +0000] "GET /?y=5329389091940&mod=ca50333d&uri=form.php%3Fid%3D177921-318%26name%3Dzapatos+adidas+x18 HTTP/1.1" 200 20676 "-" "Mozilla/5.0 (Linux; Android 6.0.1; Nexus 5X Build/MMB29P) AppleWebKit/537.36 (KHTML, like Gecko) Chrome/137.0.7151.103 Mobile Safari/537.36 (compatible; Googlebot/2.1; +http://www.google.com/bot.html)"
66.249.74.132 - - [12/Jul/2025:17:40:30 +0000] "GET /?y=5311694031940&mod=b9959873&uri=brands.php%3Fid%3D177331-317%26name%3Drelaxed+skechers HTTP/1.1" 200 21446 "-" "Mozilla/5.0 (Linux; Android 6.0.1; Nexus 5X Build/MMB29P) AppleWebKit/537.36 (KHTML, like Gecko) Chrome/137.0.7151.103 Mobile Safari/537.36 (compatible; Googlebot/2.1; +http://www.google.com/bot.html)"
66.249.74.132 - - [12/Jul/2025:17:41:48 +0000] "GET /?y=5699187021940&mod=45624715&uri=goods.php%3Fid%3D190294-333%26name%3Daventura+mall+jewelry+stores HTTP/1.1" 200 21771 "-" "Mozilla/5.0 (Linux; Android 6.0.1; Nexus 5X Build/MMB29P) AppleWebKit/537.36 (KHTML, like Gecko) Chrome/137.0.7151.103 Mobile Safari/537.36 (compatible; Googlebot/2.1; +http://www.google.com/bot.html)"
66.249.74.131 - - [12/Jul/2025:17:42:03 +0000] "POST /get-message-notify HTTP/1.1" 200 21773 "https://akaventures.com.au/?y=5699187021940&mod=45624715&uri=goods.php%3Fid%3D190294-333%26name%3Daventura+mall+jewelry+stores" "Mozilla/5.0 (Linux; Android 6.0.1; Nexus 5X Build/MMB29P) AppleWebKit/537.36 (KHTML, like Gecko) Chrome/137.0.7151.119 Mobile Safari/537.36 (compatible; Googlebot/2.1; +http://www.google.com/bot.html)"
66.249.74.130 - - [12/Jul/2025:17:42:42 +0000] "GET /?y=5353512041940&mod=01bfa6f2&uri=blog.php%3Fid%3D178726-321%26name%3Dbest+k9+training+schools HTTP/1.1" 200 21483 "-" "Mozilla/5.0 (Linux; Android 6.0.1; Nexus 5X Build/MMB29P) AppleWebKit/537.36 (KHTML, like Gecko) Chrome/137.0.7151.103 Mobile Safari/537.36 (compatible; Googlebot/2.1; +http://www.google.com/bot.html)"
66.249.74.132 - - [12/Jul/2025:17:44:26 +0000] "GET /?y=5405085021940&mod=da960bb5&uri=dp.php%3Fid%3D180446-270%26name%3Dlightwish+alcohol+markers HTTP/1.1" 200 21821 "-" "Mozilla/5.0 (Linux; Android 6.0.1; Nexus 5X Build/MMB29P) AppleWebKit/537.36 (KHTML, like Gecko) Chrome/137.0.7151.103 Mobile Safari/537.36 (compatible; Googlebot/2.1; +http://www.google.com/bot.html)"
66.249.74.132 - - [12/Jul/2025:17:44:30 +0000] "POST /get-message-notify HTTP/1.1" 200 21781 "https://akaventures.com.au/?y=5405085021940&mod=da960bb5&uri=dp.php%3Fid%3D180446-270%26name%3Dlightwish+alcohol+markers" "Mozilla/5.0 (Linux; Android 6.0.1; Nexus 5X Build/MMB29P) AppleWebKit/537.36 (KHTML, like Gecko) Chrome/137.0.7151.119 Mobile Safari/537.36 (compatible; Googlebot/2.1; +http://www.google.com/bot.html)"
66.249.74.131 - - [12/Jul/2025:17:44:56 +0000] "GET /?y=5174891041940&mod=c9c346f0&uri=shared.php%3Fid%3D172754-155%26name%3Dgoogle+mesh+best+buy HTTP/1.1" 200 22369 "-" "Mozilla/5.0 (Linux; Android 6.0.1; Nexus 5X Build/MMB29P) AppleWebKit/537.36 (KHTML, like Gecko) Chrome/137.0.7151.103 Mobile Safari/537.36 (compatible; Googlebot/2.1; +http://www.google.com/bot.html)"
66.249.74.131 - - [12/Jul/2025:17:44:59 +0000] "POST /get-message-notify HTTP/1.1" 200 21769 "https://akaventures.com.au/?y=5174891041940&mod=c9c346f0&uri=shared.php%3Fid%3D172754-155%26name%3Dgoogle+mesh+best+buy" "Mozilla/5.0 (Linux; Android 6.0.1; Nexus 5X Build/MMB29P) AppleWebKit/537.36 (KHTML, like Gecko) Chrome/137.0.7151.119 Mobile Safari/537.36 (compatible; Googlebot/2.1; +http://www.google.com/bot.html)"
66.249.74.131 - - [12/Jul/2025:17:47:05 +0000] "GET /?y=5175941031940&mod=c9c346f0&uri=shared.php%3Fid%3D172789-155%26name%3Dhome+hubs+that+work+with+alexa HTTP/1.1" 200 22298 "-" "Mozilla/5.0 (Linux; Android 6.0.1; Nexus 5X Build/MMB29P) AppleWebKit/537.36 (KHTML, like Gecko) Chrome/137.0.7151.103 Mobile Safari/537.36 (compatible; Googlebot/2.1; +http://www.google.com/bot.html)"
66.249.74.130 - - [12/Jul/2025:17:47:05 +0000] "GET /?y=5336709041940&mod=c53015e8&uri=blog.php%3Fid%3D178165-320%26name%3Dskechers+industrial HTTP/1.1" 200 20846 "-" "Mozilla/5.0 (Linux; Android 6.0.1; Nexus 5X Build/MMB29P) AppleWebKit/537.36 (KHTML, like Gecko) Chrome/137.0.7151.103 Mobile Safari/537.36 (compatible; Googlebot/2.1; +http://www.google.com/bot.html)"
66.249.74.130 - - [12/Jul/2025:17:47:20 +0000] "POST /get-message-notify HTTP/1.1" 200 21782 "https://akaventures.com.au/?y=5336709041940&mod=c53015e8&uri=blog.php%3Fid%3D178165-320%26name%3Dskechers+industrial" "Mozilla/5.0 (Linux; Android 6.0.1; Nexus 5X Build/MMB29P) AppleWebKit/537.36 (KHTML, like Gecko) Chrome/137.0.7151.119 Mobile Safari/537.36 (compatible; Googlebot/2.1; +http://www.google.com/bot.html)"
66.249.74.132 - - [12/Jul/2025:17:49:19 +0000] "GET /?y=5298914011940&mod=b9959873&uri=shared.php%3Fid%3D176905-317%26name%3Dskechers+men%27s+65494+boat+shoes HTTP/1.1" 200 21734 "-" "Mozilla/5.0 (Linux; Android 6.0.1; Nexus 5X Build/MMB29P) AppleWebKit/537.36 (KHTML, like Gecko) Chrome/137.0.7151.103 Mobile Safari/537.36 (compatible; Googlebot/2.1; +http://www.google.com/bot.html)"
66.249.74.130 - - [12/Jul/2025:17:49:27 +0000] "GET /?y=5688090021940&mod=45624715&uri=us.php%3Fid%3D189924-333%26name%3Dwomen%27s+double+row+diamond+wedding+band HTTP/1.1" 200 22528 "-" "Mozilla/5.0 (Linux; Android 6.0.1; Nexus 5X Build/MMB29P) AppleWebKit/537.36 (KHTML, like Gecko) Chrome/137.0.7151.103 Mobile Safari/537.36 (compatible; Googlebot/2.1; +http://www.google.com/bot.html)"
66.249.74.130 - - [12/Jul/2025:17:49:45 +0000] "GET /?y=5337909091940&mod=ca50333d&uri=search.php%3Fid%3D178205-318%26name%3Dzapatillas+adidas+gazelle+beige HTTP/1.1" 200 20809 "-" "Mozilla/5.0 (Linux; Android 6.0.1; Nexus 5X Build/MMB29P) AppleWebKit/537.36 (KHTML, like Gecko) Chrome/137.0.7151.103 Mobile Safari/537.36 (compatible; Googlebot/2.1; +http://www.google.com/bot.html)"
66.249.74.130 - - [12/Jul/2025:17:49:50 +0000] "POST /get-message-notify HTTP/1.1" 200 21779 "https://akaventures.com.au/?y=5337909091940&mod=ca50333d&uri=search.php%3Fid%3D178205-318%26name%3Dzapatillas+adidas+gazelle+beige" "Mozilla/5.0 (Linux; Android 6.0.1; Nexus 5X Build/MMB29P) AppleWebKit/537.36 (KHTML, like Gecko) Chrome/137.0.7151.119 Mobile Safari/537.36 (compatible; Googlebot/2.1; +http://www.google.com/bot.html)"
66.249.74.130 - - [12/Jul/2025:17:51:30 +0000] "GET /?y=5168127001940&mod=c9c346f0&uri=article.php%3Fid%3D172528-155%26name%3Doberon+vs+zensor HTTP/1.1" 200 22543 "-" "Mozilla/5.0 (Linux; Android 6.0.1; Nexus 5X Build/MMB29P) AppleWebKit/537.36 (KHTML, like Gecko) Chrome/137.0.7151.103 Mobile Safari/537.36 (compatible; Googlebot/2.1; +http://www.google.com/bot.html)"
66.249.74.132 - - [12/Jul/2025:17:52:23 +0000] "GET /?y=5248982021940&mod=1731592a&uri=category-info.php%3Fid%3D175240-44%26name%3Dlacoste+schuhe+damen+otto HTTP/1.1" 200 21422 "-" "Mozilla/5.0 (Linux; Android 6.0.1; Nexus 5X Build/MMB29P) AppleWebKit/537.36 (KHTML, like Gecko) Chrome/137.0.7151.103 Mobile Safari/537.36 (compatible; Googlebot/2.1; +http://www.google.com/bot.html)"
66.249.74.131 - - [12/Jul/2025:17:52:40 +0000] "POST /get-message-notify HTTP/1.1" 200 21780 "https://akaventures.com.au/?y=5248982021940&mod=1731592a&uri=category-info.php%3Fid%3D175240-44%26name%3Dlacoste+schuhe+damen+otto" "Mozilla/5.0 (Linux; Android 6.0.1; Nexus 5X Build/MMB29P) AppleWebKit/537.36 (KHTML, like Gecko) Chrome/137.0.7151.119 Mobile Safari/537.36 (compatible; Googlebot/2.1; +http://www.google.com/bot.html)"
66.249.74.130 - - [12/Jul/2025:17:53:10 +0000] "GET /?y=44733291021940&mod=3ea1e71a&uri=search.php%3Fid%3D1492890-1186%26name%3Dbob+dylan+t+shirts+forever+21 HTTP/1.1" 200 20749 "-" "Mozilla/5.0 (Linux; Android 6.0.1; Nexus 5X Build/MMB29P) AppleWebKit/537.36 (KHTML, like Gecko) Chrome/137.0.7151.103 Mobile Safari/537.36 (compatible; Googlebot/2.1; +http://www.google.com/bot.html)"
66.249.74.131 - - [12/Jul/2025:17:53:13 +0000] "POST /get-message-notify HTTP/1.1" 200 21779 "https://akaventures.com.au/?y=44733291021940&mod=3ea1e71a&uri=search.php%3Fid%3D1492890-1186%26name%3Dbob+dylan+t+shirts+forever+21" "Mozilla/5.0 (Linux; Android 6.0.1; Nexus 5X Build/MMB29P) AppleWebKit/537.36 (KHTML, like Gecko) Chrome/137.0.7151.119 Mobile Safari/537.36 (compatible; Googlebot/2.1; +http://www.google.com/bot.html)"
66.249.74.131 - - [12/Jul/2025:17:53:32 +0000] "GET /?y=5185586031940&mod=c9c346f0&uri=search.php%3Fid%3D173111-155%26name%3Dolx+tower+speakers HTTP/1.1" 200 22147 "-" "Mozilla/5.0 (Linux; Android 6.0.1; Nexus 5X Build/MMB29P) AppleWebKit/537.36 (KHTML, like Gecko) Chrome/137.0.7151.103 Mobile Safari/537.36 (compatible; Googlebot/2.1; +http://www.google.com/bot.html)"
66.249.74.130 - - [12/Jul/2025:17:53:43 +0000] "POST /get-message-notify HTTP/1.1" 200 21773 "https://akaventures.com.au/?y=5185586031940&mod=c9c346f0&uri=search.php%3Fid%3D173111-155%26name%3Dolx+tower+speakers" "Mozilla/5.0 (Linux; Android 6.0.1; Nexus 5X Build/MMB29P) AppleWebKit/537.36 (KHTML, like Gecko) Chrome/137.0.7151.119 Mobile Safari/537.36 (compatible; Googlebot/2.1; +http://www.google.com/bot.html)"
66.249.74.132 - - [12/Jul/2025:17:55:03 +0000] "GET /?y=5407185001940&mod=aef546f2&uri=dp.php%3Fid%3D180516-64%26name%3Dhtc+vive+focus HTTP/1.1" 200 22072 "-" "Mozilla/5.0 (Linux; Android 6.0.1; Nexus 5X Build/MMB29P) AppleWebKit/537.36 (KHTML, like Gecko) Chrome/137.0.7151.103 Mobile Safari/537.36 (compatible; Googlebot/2.1; +http://www.google.com/bot.html)"
66.249.74.130 - - [12/Jul/2025:17:55:14 +0000] "POST /get-message-notify HTTP/1.1" 200 21784 "https://akaventures.com.au/?y=5407185001940&mod=aef546f2&uri=dp.php%3Fid%3D180516-64%26name%3Dhtc+vive+focus" "Mozilla/5.0 (Linux; Android 6.0.1; Nexus 5X Build/MMB29P) AppleWebKit/537.36 (KHTML, like Gecko) Chrome/137.0.7151.119 Mobile Safari/537.36 (compatible; Googlebot/2.1; +http://www.google.com/bot.html)"
66.249.74.132 - - [12/Jul/2025:17:57:38 +0000] "GET /?y=44614806141940&mod=cf9f1b4f&uri=form.php%3Fid%3D1488939-387%26name%3Dbest+sandbag+weight HTTP/1.1" 200 21940 "-" "Mozilla/5.0 (Linux; Android 6.0.1; Nexus 5X Build/MMB29P) AppleWebKit/537.36 (KHTML, like Gecko) Chrome/137.0.7151.103 Mobile Safari/537.36 (compatible; Googlebot/2.1; +http://www.google.com/bot.html)"
66.249.74.132 - - [12/Jul/2025:17:57:41 +0000] "GET /?y=5179797041940&mod=c9c346f0&uri=goods.php%3Fid%3D172918-155%26name%3Dlenovo+display+vs+google+hub HTTP/1.1" 200 22031 "-" "Mozilla/5.0 (Linux; Android 6.0.1; Nexus 5X Build/MMB29P) AppleWebKit/537.36 (KHTML, like Gecko) Chrome/137.0.7151.103 Mobile Safari/537.36 (compatible; Googlebot/2.1; +http://www.google.com/bot.html)"
66.249.74.130 - - [12/Jul/2025:17:58:38 +0000] "GET /?y=5831694021940&mod=16755a59&uri=article.php%3Fid%3D194745-339%26name%3Dburberry+dress+nordstrom+rack HTTP/1.1" 200 21310 "-" "Mozilla/5.0 (Linux; Android 6.0.1; Nexus 5X Build/MMB29P) AppleWebKit/537.36 (KHTML, like Gecko) Chrome/137.0.7151.103 Mobile Safari/537.36 (compatible; Googlebot/2.1; +http://www.google.com/bot.html)"
66.249.74.130 - - [12/Jul/2025:18:00:19 +0000] "GET /?y=5636427091940&mod=c20cbf08&uri=info.php%3Fid%3D188197-315%26name%3Djunghans+mega+solar+armbanduhr HTTP/1.1" 200 20988 "-" "Mozilla/5.0 (Linux; Android 6.0.1; Nexus 5X Build/MMB29P) AppleWebKit/537.36 (KHTML, like Gecko) Chrome/137.0.7151.103 Mobile Safari/537.36 (compatible; Googlebot/2.1; +http://www.google.com/bot.html)"
66.249.74.130 - - [12/Jul/2025:18:00:25 +0000] "POST /get-message-notify HTTP/1.1" 200 21772 "https://akaventures.com.au/?y=5636427091940&mod=c20cbf08&uri=info.php%3Fid%3D188197-315%26name%3Djunghans+mega+solar+armbanduhr" "Mozilla/5.0 (Linux; Android 6.0.1; Nexus 5X Build/MMB29P) AppleWebKit/537.36 (KHTML, like Gecko) Chrome/137.0.7151.119 Mobile Safari/537.36 (compatible; Googlebot/2.1; +http://www.google.com/bot.html)"
66.249.74.130 - - [12/Jul/2025:18:01:44 +0000] "GET /?y=5185856061940&mod=32f79142&uri=goods.php%3Fid%3D173120-139%26name%3Dcape+poncho+sweater HTTP/1.1" 200 22240 "-" "Mozilla/5.0 (Linux; Android 6.0.1; Nexus 5X Build/MMB29P) AppleWebKit/537.36 (KHTML, like Gecko) Chrome/137.0.7151.103 Mobile Safari/537.36 (compatible; Googlebot/2.1; +http://www.google.com/bot.html)"
66.249.74.130 - - [12/Jul/2025:18:02:58 +0000] "GET /?y=44596206031940&mod=d23a0a28&uri=category-info.php%3Fid%3D1488319-739%26name%3Dcopper+frame+glasses HTTP/1.1" 200 22176 "-" "Mozilla/5.0 (Linux; Android 6.0.1; Nexus 5X Build/MMB29P) AppleWebKit/537.36 (KHTML, like Gecko) Chrome/137.0.7151.103 Mobile Safari/537.36 (compatible; Googlebot/2.1; +http://www.google.com/bot.html)"
66.249.74.132 - - [12/Jul/2025:18:05:39 +0000] "GET /?y=5329299041940&mod=ca50333d&uri=shop.php%3Fid%3D177918-318%26name%3Dzapatillas+adidas+neo+para+mujer HTTP/1.1" 200 20819 "-" "Mozilla/5.0 (Linux; Android 6.0.1; Nexus 5X Build/MMB29P) AppleWebKit/537.36 (KHTML, like Gecko) Chrome/137.0.7151.103 Mobile Safari/537.36 (compatible; Googlebot/2.1; +http://www.google.com/bot.html)"
66.249.74.130 - - [12/Jul/2025:18:05:50 +0000] "GET /?y=5156146041940&mod=c9c346f0&uri=brands.php%3Fid%3D172128-155%26name%3Dmemphis+audio+tweeters HTTP/1.1" 200 22237 "-" "Mozilla/5.0 (Linux; Android 6.0.1; Nexus 5X Build/MMB29P) AppleWebKit/537.36 (KHTML, like Gecko) Chrome/137.0.7151.103 Mobile Safari/537.36 (compatible; Googlebot/2.1; +http://www.google.com/bot.html)"
66.249.74.131 - - [12/Jul/2025:18:05:53 +0000] "POST /get-message-notify HTTP/1.1" 200 21780 "https://akaventures.com.au/?y=5156146041940&mod=c9c346f0&uri=brands.php%3Fid%3D172128-155%26name%3Dmemphis+audio+tweeters" "Mozilla/5.0 (Linux; Android 6.0.1; Nexus 5X Build/MMB29P) AppleWebKit/537.36 (KHTML, like Gecko) Chrome/137.0.7151.119 Mobile Safari/537.36 (compatible; Googlebot/2.1; +http://www.google.com/bot.html)"
66.249.74.132 - - [12/Jul/2025:18:08:16 +0000] "GET /?y=5183606041940&mod=c9c346f0&uri=category-info.php%3Fid%3D173045-155%26name%3Dbose+st300+manual HTTP/1.1" 200 22484 "-" "Mozilla/5.0 (Linux; Android 6.0.1; Nexus 5X Build/MMB29P) AppleWebKit/537.36 (KHTML, like Gecko) Chrome/137.0.7151.103 Mobile Safari/537.36 (compatible; Googlebot/2.1; +http://www.google.com/bot.html)"
66.249.74.130 - - [12/Jul/2025:18:09:54 +0000] "GET /?y=5283915051940&mod=539c2943&uri=pin.php%3Fid%3D176405-294%26name%3Dopen+hoop+earrings+silver HTTP/1.1" 200 22270 "-" "Mozilla/5.0 (Linux; Android 6.0.1; Nexus 5X Build/MMB29P) AppleWebKit/537.36 (KHTML, like Gecko) Chrome/137.0.7151.103 Mobile Safari/537.36 (compatible; Googlebot/2.1; +http://www.google.com/bot.html)"
66.249.74.130 - - [12/Jul/2025:18:10:55 +0000] "GET /?y=5176991061940&mod=c9c346f0&uri=form.php%3Fid%3D172824-155%26name%3Dbose+300+bundle HTTP/1.1" 200 21907 "-" "Mozilla/5.0 (Linux; Android 6.0.1; Nexus 5X Build/MMB29P) AppleWebKit/537.36 (KHTML, like Gecko) Chrome/137.0.7151.103 Mobile Safari/537.36 (compatible; Googlebot/2.1; +http://www.google.com/bot.html)"
66.249.74.132 - - [12/Jul/2025:18:11:05 +0000] "POST /get-message-notify HTTP/1.1" 200 21769 "https://akaventures.com.au/?y=5176991061940&mod=c9c346f0&uri=form.php%3Fid%3D172824-155%26name%3Dbose+300+bundle" "Mozilla/5.0 (Linux; Android 6.0.1; Nexus 5X Build/MMB29P) AppleWebKit/537.36 (KHTML, like Gecko) Chrome/137.0.7151.119 Mobile Safari/537.36 (compatible; Googlebot/2.1; +http://www.google.com/bot.html)"
66.249.74.131 - - [12/Jul/2025:18:13:34 +0000] "GET /?y=5293244021940&mod=b9959873&uri=search.php%3Fid%3D176716-317%26name%3Dmens+nike+tennis+shoes+on+sale HTTP/1.1" 200 21804 "-" "Mozilla/5.0 (Linux; Android 6.0.1; Nexus 5X Build/MMB29P) AppleWebKit/537.36 (KHTML, like Gecko) Chrome/137.0.7151.103 Mobile Safari/537.36 (compatible; Googlebot/2.1; +http://www.google.com/bot.html)"
66.249.74.131 - - [12/Jul/2025:18:13:46 +0000] "POST /get-message-notify HTTP/1.1" 200 21777 "https://akaventures.com.au/?y=5293244021940&mod=b9959873&uri=search.php%3Fid%3D176716-317%26name%3Dmens+nike+tennis+shoes+on+sale" "Mozilla/5.0 (Linux; Android 6.0.1; Nexus 5X Build/MMB29P) AppleWebKit/537.36 (KHTML, like Gecko) Chrome/137.0.7151.119 Mobile Safari/537.36 (compatible; Googlebot/2.1; +http://www.google.com/bot.html)"
66.249.74.130 - - [12/Jul/2025:18:13:59 +0000] "GET /?y=5283705101940&mod=539c2943&uri=info.php%3Fid%3D176398-294%26name%3Dliz+uy+engagement+ring HTTP/1.1" 200 21427 "-" "Mozilla/5.0 (Linux; Android 6.0.1; Nexus 5X Build/MMB29P) AppleWebKit/537.36 (KHTML, like Gecko) Chrome/137.0.7151.103 Mobile Safari/537.36 (compatible; Googlebot/2.1; +http://www.google.com/bot.html)"
66.249.74.130 - - [12/Jul/2025:18:14:08 +0000] "POST /get-message-notify HTTP/1.1" 200 21775 "https://akaventures.com.au/?y=5283705101940&mod=539c2943&uri=info.php%3Fid%3D176398-294%26name%3Dliz+uy+engagement+ring" "Mozilla/5.0 (Linux; Android 6.0.1; Nexus 5X Build/MMB29P) AppleWebKit/537.36 (KHTML, like Gecko) Chrome/137.0.7151.119 Mobile Safari/537.36 (compatible; Googlebot/2.1; +http://www.google.com/bot.html)"
66.249.74.131 - - [12/Jul/2025:18:16:13 +0000] "GET /?y=5169777091940&mod=c9c346f0&uri=form.php%3Fid%3D172583-155%26name%3Dtower+pa+system HTTP/1.1" 200 21866 "-" "Mozilla/5.0 (Linux; Android 6.0.1; Nexus 5X Build/MMB29P) AppleWebKit/537.36 (KHTML, like Gecko) Chrome/137.0.7151.103 Mobile Safari/537.36 (compatible; Googlebot/2.1; +http://www.google.com/bot.html)"
66.249.74.131 - - [12/Jul/2025:18:17:04 +0000] "GET /?y=61155215091940&mod=32f79142&uri=blog.php%3Fid%3D2040799-139%26name%3Dskull+hoodie+bad+bunny HTTP/1.1" 200 21157 "-" "Mozilla/5.0 (Linux; Android 6.0.1; Nexus 5X Build/MMB29P) AppleWebKit/537.36 (KHTML, like Gecko) Chrome/137.0.7151.103 Mobile Safari/537.36 (compatible; Googlebot/2.1; +http://www.google.com/bot.html)"
66.249.74.132 - - [12/Jul/2025:18:18:05 +0000] "GET /?y=5287694081940&mod=b9959873&uri=itm.php%3Fid%3D176531-317%26name%3Dair+force+107+black HTTP/1.1" 200 21570 "-" "Mozilla/5.0 (Linux; Android 6.0.1; Nexus 5X Build/MMB29P) AppleWebKit/537.36 (KHTML, like Gecko) Chrome/137.0.7151.103 Mobile Safari/537.36 (compatible; Googlebot/2.1; +http://www.google.com/bot.html)"
66.249.74.132 - - [12/Jul/2025:18:19:38 +0000] "GET /?y=5876148031940&mod=68b7007a&uri=pin.php%3Fid%3D196229-341%26name%3D212+vip+black+hombre+fragrantica HTTP/1.1" 200 21400 "-" "Mozilla/5.0 (Linux; Android 6.0.1; Nexus 5X Build/MMB29P) AppleWebKit/537.36 (KHTML, like Gecko) Chrome/137.0.7151.103 Mobile Safari/537.36 (compatible; Googlebot/2.1; +http://www.google.com/bot.html)"
66.249.74.130 - - [12/Jul/2025:18:19:44 +0000] "POST /get-message-notify HTTP/1.1" 200 21782 "https://akaventures.com.au/?y=5876148031940&mod=68b7007a&uri=pin.php%3Fid%3D196229-341%26name%3D212+vip+black+hombre+fragrantica" "Mozilla/5.0 (Linux; Android 6.0.1; Nexus 5X Build/MMB29P) AppleWebKit/537.36 (KHTML, like Gecko) Chrome/137.0.7151.119 Mobile Safari/537.36 (compatible; Googlebot/2.1; +http://www.google.com/bot.html)"
66.249.74.132 - - [12/Jul/2025:18:22:11 +0000] "GET /?y=35415504001940&mod=c9c346f0&uri=brands.php%3Fid%3D1182034-155%26name%3Dgoogle+home+and+iheartradio HTTP/1.1" 200 21854 "-" "Mozilla/5.0 (Linux; Android 6.0.1; Nexus 5X Build/MMB29P) AppleWebKit/537.36 (KHTML, like Gecko) Chrome/137.0.7151.103 Mobile Safari/537.36 (compatible; Googlebot/2.1; +http://www.google.com/bot.html)"
66.249.74.130 - - [12/Jul/2025:18:22:29 +0000] "GET /?y=5527054011940&mod=20877bef&uri=goods.php%3Fid%3D184515-310%26name%3Dnvidia+tesla+laptop HTTP/1.1" 200 21882 "-" "Mozilla/5.0 (Linux; Android 6.0.1; Nexus 5X Build/MMB29P) AppleWebKit/537.36 (KHTML, like Gecko) Chrome/137.0.7151.103 Mobile Safari/537.36 (compatible; Googlebot/2.1; +http://www.google.com/bot.html)"
66.249.74.130 - - [12/Jul/2025:18:25:20 +0000] "GET /?y=5390115031940&mod=da960bb5&uri=news.php%3Fid%3D179947-270%26name%3Dcross+bailey+ballpoint+pen HTTP/1.1" 200 21711 "-" "Mozilla/5.0 (Linux; Android 6.0.1; Nexus 5X Build/MMB29P) AppleWebKit/537.36 (KHTML, like Gecko) Chrome/137.0.7151.103 Mobile Safari/537.36 (compatible; Googlebot/2.1; +http://www.google.com/bot.html)"
66.249.74.131 - - [12/Jul/2025:18:25:51 +0000] "POST /get-message-notify HTTP/1.1" 200 21778 "https://akaventures.com.au/?y=5390115031940&mod=da960bb5&uri=news.php%3Fid%3D179947-270%26name%3Dcross+bailey+ballpoint+pen" "Mozilla/5.0 (Linux; Android 6.0.1; Nexus 5X Build/MMB29P) AppleWebKit/537.36 (KHTML, like Gecko) Chrome/137.0.7151.119 Mobile Safari/537.36 (compatible; Googlebot/2.1; +http://www.google.com/bot.html)"
66.249.74.130 - - [12/Jul/2025:18:26:17 +0000] "GET /?y=5172641091940&mod=c9c346f0&uri=us.php%3Fid%3D172679-155%26name%3Dsonos+one+gen2+review HTTP/1.1" 200 21556 "-" "Mozilla/5.0 (Linux; Android 6.0.1; Nexus 5X Build/MMB29P) AppleWebKit/537.36 (KHTML, like Gecko) Chrome/137.0.7151.103 Mobile Safari/537.36 (compatible; Googlebot/2.1; +http://www.google.com/bot.html)"
66.249.74.130 - - [12/Jul/2025:18:26:20 +0000] "POST /get-message-notify HTTP/1.1" 200 21771 "https://akaventures.com.au/?y=5172641091940&mod=c9c346f0&uri=us.php%3Fid%3D172679-155%26name%3Dsonos+one+gen2+review" "Mozilla/5.0 (Linux; Android 6.0.1; Nexus 5X Build/MMB29P) AppleWebKit/537.36 (KHTML, like Gecko) Chrome/137.0.7151.119 Mobile Safari/537.36 (compatible; Googlebot/2.1; +http://www.google.com/bot.html)"
