54.36.148.70 - - [15/Jul/2025:16:15:10 +0000] "GET /shopbrand/177488701.htm HTTP/1.1" 404 20339 "-" "Mozilla/5.0 (compatible; AhrefsBot/7.0; +http://ahrefs.com/robot/)"
66.249.65.166 - - [15/Jul/2025:16:15:18 +0000] "GET /?k=93977340041900&mod=0bb3498d&uri=us.php?shopbrand/252140.htm HTTP/1.1" 200 20330 "-" "Mozilla/5.0 (Linux; Android 6.0.1; Nexus 5X Build/MMB29P) AppleWebKit/537.36 (KHTML, like Gecko) Chrome/137.0.7151.103 Mobile Safari/537.36 (compatible; Googlebot/2.1; +http://www.google.com/bot.html)"
66.249.65.164 - - [15/Jul/2025:16:15:28 +0000] "POST /get-message-notify HTTP/1.1" 200 19555 "https://alalamy.com.au/?k=93977340041900&mod=0bb3498d&uri=us.php?shopbrand/252140.htm" "Mozilla/5.0 (Linux; Android 6.0.1; Nexus 5X Build/MMB29P) AppleWebKit/537.36 (KHTML, like Gecko) Chrome/137.0.7151.119 Mobile Safari/537.36 (compatible; Googlebot/2.1; +http://www.google.com/bot.html)"
66.249.65.165 - - [15/Jul/2025:16:17:00 +0000] "POST /get-message-notify HTTP/1.1" 200 19555 "https://alalamy.com.au/?k=6574825071900&mod=7a51ab26&uri=news.php?product/edit/A2559473257" "Mozilla/5.0 (Linux; Android 6.0.1; Nexus 5X Build/MMB29P) AppleWebKit/537.36 (KHTML, like Gecko) Chrome/137.0.7151.119 Mobile Safari/537.36 (compatible; Googlebot/2.1; +http://www.google.com/bot.html)"
66.249.65.164 - - [15/Jul/2025:16:17:13 +0000] "GET /?k=27925992021900&mod=962ebbfe&uri=pin.php?shopbrand/249501.htm HTTP/1.1" 200 18747 "-" "Mozilla/5.0 (Linux; Android 6.0.1; Nexus 5X Build/MMB29P) AppleWebKit/537.36 (KHTML, like Gecko) Chrome/137.0.7151.103 Mobile Safari/537.36 (compatible; Googlebot/2.1; +http://www.google.com/bot.html)"
66.249.65.164 - - [15/Jul/2025:16:17:33 +0000] "GET /?k=6725435031900&mod=de3358ca&uri=brands.php?toreka/goods_menu.html HTTP/1.1" 200 20207 "-" "Mozilla/5.0 (Linux; Android 6.0.1; Nexus 5X Build/MMB29P) AppleWebKit/537.36 (KHTML, like Gecko) Chrome/137.0.7151.103 Mobile Safari/537.36 (compatible; Googlebot/2.1; +http://www.google.com/bot.html)"
66.249.65.164 - - [15/Jul/2025:16:18:02 +0000] "GET /?k=6574525121900&mod=f4d1f9e7&uri=shop.php?product/edit/A563748546 HTTP/1.1" 200 19090 "-" "Mozilla/5.0 (Linux; Android 6.0.1; Nexus 5X Build/MMB29P) AppleWebKit/537.36 (KHTML, like Gecko) Chrome/137.0.7151.103 Mobile Safari/537.36 (compatible; Googlebot/2.1; +http://www.google.com/bot.html)"
209.74.77.214 - - [15/Jul/2025:16:18:41 +0000] "POST /wp-cron.php?doing_wp_cron=1752596321.8694779872894287109375 HTTP/1.1" 200 - "-" "WordPress/6.8.1; https://alalamy.com.au"
54.36.149.68 - - [15/Jul/2025:16:18:40 +0000] "GET /shopbrand/177498693.htm HTTP/1.1" 404 20340 "-" "Mozilla/5.0 (compatible; AhrefsBot/7.0; +http://ahrefs.com/robot/)"
209.74.77.214 - - [15/Jul/2025:16:18:42 +0000] "POST /wp-admin/admin-ajax.php?action=async_litespeed&nonce=Z2nTzIbPKDsiHhY6UIxfM5TIeze5bYMl&litespeed_type=imgoptm HTTP/1.1" 200 21 "-" "WordPress/6.8.1; https://alalamy.com.au"
66.249.65.164 - - [15/Jul/2025:16:19:23 +0000] "GET /?k=119396807021900&mod=960b0b80&uri=category-info.php?shopbrand/241743.htm HTTP/1.1" 200 19331 "-" "Mozilla/5.0 (Linux; Android 6.0.1; Nexus 5X Build/MMB29P) AppleWebKit/537.36 (KHTML, like Gecko) Chrome/137.0.7151.103 Mobile Safari/537.36 (compatible; Googlebot/2.1; +http://www.google.com/bot.html)"
66.249.65.165 - - [15/Jul/2025:16:19:53 +0000] "GET /?k=6574825071900&mod=7a51ab26&uri=news.php?events/ HTTP/1.1" 200 20176 "-" "Mozilla/5.0 (Linux; Android 6.0.1; Nexus 5X Build/MMB29P) AppleWebKit/537.36 (KHTML, like Gecko) Chrome/137.0.7151.103 Mobile Safari/537.36 (compatible; Googlebot/2.1; +http://www.google.com/bot.html)"
66.249.65.166 - - [15/Jul/2025:16:20:58 +0000] "GET /?k=7305481021900&mod=1177967c&uri=shop.php?shopbrand/252980.htm HTTP/1.1" 200 19326 "-" "Mozilla/5.0 (Linux; Android 6.0.1; Nexus 5X Build/MMB29P) AppleWebKit/537.36 (KHTML, like Gecko) Chrome/137.0.7151.103 Mobile Safari/537.36 (compatible; Googlebot/2.1; +http://www.google.com/bot.html)"
66.249.65.165 - - [15/Jul/2025:16:21:20 +0000] "GET /?k=7305481021900&mod=1177967c&uri=shop.php?shopbrand/253119.htm HTTP/1.1" 200 19142 "-" "Mozilla/5.0 (Linux; Android 6.0.1; Nexus 5X Build/MMB29P) AppleWebKit/537.36 (KHTML, like Gecko) Chrome/137.0.7151.103 Mobile Safari/537.36 (compatible; Googlebot/2.1; +http://www.google.com/bot.html)"
209.74.77.214 - - [15/Jul/2025:16:22:02 +0000] "POST /wp-cron.php?doing_wp_cron=1752596522.4056360721588134765625 HTTP/1.1" 200 - "-" "WordPress/6.8.1; https://alalamy.com.au"
54.36.149.2 - - [15/Jul/2025:16:22:01 +0000] "GET /shopbrand/177515230.htm HTTP/1.1" 404 20339 "-" "Mozilla/5.0 (compatible; AhrefsBot/7.0; +http://ahrefs.com/robot/)"
209.74.77.214 - - [15/Jul/2025:16:22:02 +0000] "POST /wp-admin/admin-ajax.php?action=async_litespeed&nonce=TQHp5TFZ3GzGLiMY258GYXlLq1Tfqy1T&litespeed_type=imgoptm HTTP/1.1" 200 21 "-" "WordPress/6.8.1; https://alalamy.com.au"
66.249.65.166 - - [15/Jul/2025:16:23:53 +0000] "GET /?k=52681701041900&mod=0afe1037&uri=us.php%3Fid%3D1758040-345%26name%3Dvestidos+tejidos+a+crochet+para+bautizo HTTP/1.1" 200 19626 "-" "Mozilla/5.0 (Linux; Android 6.0.1; Nexus 5X Build/MMB29P) AppleWebKit/537.36 (KHTML, like Gecko) Chrome/137.0.7151.103 Mobile Safari/537.36 (compatible; Googlebot/2.1; +http://www.google.com/bot.html)"
66.249.65.166 - - [15/Jul/2025:16:24:30 +0000] "GET /?k=27925992021900&mod=962ebbfe&uri=pin.php?feature/sapporo/index.html HTTP/1.1" 200 19754 "-" "Mozilla/5.0 (Linux; Android 6.0.1; Nexus 5X Build/MMB29P) AppleWebKit/537.36 (KHTML, like Gecko) Chrome/137.0.7151.103 Mobile Safari/537.36 (compatible; Googlebot/2.1; +http://www.google.com/bot.html)"
66.249.65.164 - - [15/Jul/2025:16:24:36 +0000] "GET /?k=7181032081900&mod=4d383d5c&uri=news.php%3Fid%3D239820-234%26name%3Dmammut+fleecejacke+innominata+herren HTTP/1.1" 200 19626 "-" "Mozilla/5.0 (Linux; Android 6.0.1; Nexus 5X Build/MMB29P) AppleWebKit/537.36 (KHTML, like Gecko) Chrome/137.0.7151.103 Mobile Safari/537.36 (compatible; Googlebot/2.1; +http://www.google.com/bot.html)"
66.249.65.164 - - [15/Jul/2025:16:24:40 +0000] "POST /get-message-notify HTTP/1.1" 200 19555 "https://alalamy.com.au/?k=7181032081900&mod=4d383d5c&uri=news.php%3Fid%3D239820-234%26name%3Dmammut+fleecejacke+innominata+herren" "Mozilla/5.0 (Linux; Android 6.0.1; Nexus 5X Build/MMB29P) AppleWebKit/537.36 (KHTML, like Gecko) Chrome/137.0.7151.119 Mobile Safari/537.36 (compatible; Googlebot/2.1; +http://www.google.com/bot.html)"
209.74.77.214 - - [15/Jul/2025:16:25:31 +0000] "POST /wp-cron.php?doing_wp_cron=1752596731.6051139831542968750000 HTTP/1.1" 200 - "-" "WordPress/6.8.1; https://alalamy.com.au"
54.36.149.3 - - [15/Jul/2025:16:25:31 +0000] "GET /shopbrand/177515389.htm HTTP/1.1" 404 20339 "-" "Mozilla/5.0 (compatible; AhrefsBot/7.0; +http://ahrefs.com/robot/)"
209.74.77.214 - - [15/Jul/2025:16:25:31 +0000] "POST /wp-admin/admin-ajax.php?action=async_litespeed&nonce=iZHEqezIz63kSCib8zoaHFpUzlgeq3E7&litespeed_type=imgoptm HTTP/1.1" 200 21 "-" "WordPress/6.8.1; https://alalamy.com.au"
57.141.2.21 - - [15/Jul/2025:16:26:22 +0000] "GET /sitemap.xml HTTP/1.1" 200 163409 "-" "meta-externalagent/1.1 (+https://developers.facebook.com/docs/sharing/webmasters/crawler)"
66.249.65.166 - - [15/Jul/2025:16:26:42 +0000] "GET /?k=6724235081900&mod=26bcbaf7&uri=category-info.php?feature/honten/index.html HTTP/1.1" 200 19574 "-" "Mozilla/5.0 (Linux; Android 6.0.1; Nexus 5X Build/MMB29P) AppleWebKit/537.36 (KHTML, like Gecko) Chrome/137.0.7151.103 Mobile Safari/537.36 (compatible; Googlebot/2.1; +http://www.google.com/bot.html)"
66.249.65.165 - - [15/Jul/2025:16:26:52 +0000] "POST /get-message-notify HTTP/1.1" 200 19555 "https://alalamy.com.au/shopbrand/212602450.htm" "Mozilla/5.0 (Linux; Android 6.0.1; Nexus 5X Build/MMB29P) AppleWebKit/537.36 (KHTML, like Gecko) Chrome/137.0.7151.119 Mobile Safari/537.36 (compatible; Googlebot/2.1; +http://www.google.com/bot.html)"
66.249.65.165 - - [15/Jul/2025:16:26:53 +0000] "GET /?k=7182292101900&mod=4d383d5c&uri=goods.php?shopbrand/8477173.htm HTTP/1.1" 200 21037 "-" "Mozilla/5.0 (Linux; Android 6.0.1; Nexus 5X Build/MMB29P) AppleWebKit/537.36 (KHTML, like Gecko) Chrome/137.0.7151.103 Mobile Safari/537.36 (compatible; Googlebot/2.1; +http://www.google.com/bot.html)"
66.249.65.165 - - [15/Jul/2025:16:26:54 +0000] "GET /?k=39148549031900&mod=74b846eb&uri=goods.php%3Fid%3D1306585-349%26name%3Dalliance+argent+martel%C3%83%C2%A9 HTTP/1.1" 200 19662 "-" "Mozilla/5.0 (Linux; Android 6.0.1; Nexus 5X Build/MMB29P) AppleWebKit/537.36 (KHTML, like Gecko) Chrome/137.0.7151.103 Mobile Safari/537.36 (compatible; Googlebot/2.1; +http://www.google.com/bot.html)"
66.249.65.164 - - [15/Jul/2025:16:26:57 +0000] "GET /?k=39228553041900&mod=5b826e3d&uri=pin.php%3Fid%3D1309256-1137%26name%3Dnike+headband+on+head HTTP/1.1" 200 19604 "-" "Mozilla/5.0 (Linux; Android 6.0.1; Nexus 5X Build/MMB29P) AppleWebKit/537.36 (KHTML, like Gecko) Chrome/137.0.7151.103 Mobile Safari/537.36 (compatible; Googlebot/2.1; +http://www.google.com/bot.html)"
66.249.65.164 - - [15/Jul/2025:16:27:00 +0000] "GET /?k=39233773001900&mod=5b826e3d&uri=pin.php%3Fid%3D1309430-1137%26name%3Dnike+tieable+headbands HTTP/1.1" 200 19606 "-" "Mozilla/5.0 (Linux; Android 6.0.1; Nexus 5X Build/MMB29P) AppleWebKit/537.36 (KHTML, like Gecko) Chrome/137.0.7151.103 Mobile Safari/537.36 (compatible; Googlebot/2.1; +http://www.google.com/bot.html)"
66.249.65.164 - - [15/Jul/2025:16:27:06 +0000] "GET /?k=39237373001900&mod=9f98b5d1&uri=us.php%3Fid%3D1309550-1136%26name%3Dnike+force+is+female+shirt HTTP/1.1" 200 19612 "-" "Mozilla/5.0 (Linux; Android 6.0.1; Nexus 5X Build/MMB29P) AppleWebKit/537.36 (KHTML, like Gecko) Chrome/137.0.7151.103 Mobile Safari/537.36 (compatible; Googlebot/2.1; +http://www.google.com/bot.html)"
66.249.65.164 - - [15/Jul/2025:16:27:10 +0000] "GET /?k=39227293041900&mod=9f98b5d1&uri=dp.php%3Fid%3D1309214-1136%26name%3Dnike+training+club+laptop HTTP/1.1" 200 19612 "-" "Mozilla/5.0 (Linux; Android 6.0.1; Nexus 5X Build/MMB29P) AppleWebKit/537.36 (KHTML, like Gecko) Chrome/137.0.7151.103 Mobile Safari/537.36 (compatible; Googlebot/2.1; +http://www.google.com/bot.html)"
66.249.65.164 - - [15/Jul/2025:16:27:15 +0000] "POST /get-message-notify HTTP/1.1" 200 19555 "https://alalamy.com.au/?k=39227293041900&mod=9f98b5d1&uri=dp.php%3Fid%3D1309214-1136%26name%3Dnike+training+club+laptop" "Mozilla/5.0 (Linux; Android 6.0.1; Nexus 5X Build/MMB29P) AppleWebKit/537.36 (KHTML, like Gecko) Chrome/137.0.7151.119 Mobile Safari/537.36 (compatible; Googlebot/2.1; +http://www.google.com/bot.html)"
66.249.65.164 - - [15/Jul/2025:16:27:27 +0000] "GET /?k=39235393041900&mod=5b826e3d&uri=form.php%3Fid%3D1309484-1137%26name%3Dnike+hr+jobs HTTP/1.1" 200 19594 "-" "Mozilla/5.0 (Linux; Android 6.0.1; Nexus 5X Build/MMB29P) AppleWebKit/537.36 (KHTML, like Gecko) Chrome/137.0.7151.103 Mobile Safari/537.36 (compatible; Googlebot/2.1; +http://www.google.com/bot.html)"
66.249.65.164 - - [15/Jul/2025:16:27:31 +0000] "GET /?k=39232693061900&mod=5b826e3d&uri=news.php%3Fid%3D1309394-1137%26name%3Dnike+biz+careers HTTP/1.1" 200 19601 "-" "Mozilla/5.0 (Linux; Android 6.0.1; Nexus 5X Build/MMB29P) AppleWebKit/537.36 (KHTML, like Gecko) Chrome/137.0.7151.103 Mobile Safari/537.36 (compatible; Googlebot/2.1; +http://www.google.com/bot.html)"
66.249.65.164 - - [15/Jul/2025:16:27:32 +0000] "GET /?k=39233053011900&mod=5b826e3d&uri=article.php%3Fid%3D1309406-1137%26name%3Dnike+temporary+jobs HTTP/1.1" 200 19637 "-" "Mozilla/5.0 (Linux; Android 6.0.1; Nexus 5X Build/MMB29P) AppleWebKit/537.36 (KHTML, like Gecko) Chrome/137.0.7151.103 Mobile Safari/537.36 (compatible; Googlebot/2.1; +http://www.google.com/bot.html)"
66.249.65.164 - - [15/Jul/2025:16:27:34 +0000] "GET /?k=7114905011900&mod=46489c17&uri=pin.php%3Fid%3D237613-44%26name%3Dsunlu+rainbow HTTP/1.1" 200 19588 "-" "Mozilla/5.0 (Linux; Android 6.0.1; Nexus 5X Build/MMB29P) AppleWebKit/537.36 (KHTML, like Gecko) Chrome/137.0.7151.103 Mobile Safari/537.36 (compatible; Googlebot/2.1; +http://www.google.com/bot.html)"
66.249.65.164 - - [15/Jul/2025:16:27:35 +0000] "GET /?k=92530581031900&mod=ff51fb7a&uri=pin.php%3Fid%3D3087916-344%26name%3Dlebron+james+kareem+abdul+jabbar HTTP/1.1" 200 19618 "-" "Mozilla/5.0 (Linux; Android 6.0.1; Nexus 5X Build/MMB29P) AppleWebKit/537.36 (KHTML, like Gecko) Chrome/137.0.7151.103 Mobile Safari/537.36 (compatible; Googlebot/2.1; +http://www.google.com/bot.html)"
66.249.65.164 - - [15/Jul/2025:16:27:35 +0000] "POST /get-message-notify HTTP/1.1" 200 19555 "https://alalamy.com.au/?k=6724235081900&mod=26bcbaf7&uri=category-info.php?feature/honten/index.html" "Mozilla/5.0 (Linux; Android 6.0.1; Nexus 5X Build/MMB29P) AppleWebKit/537.36 (KHTML, like Gecko) Chrome/137.0.7151.119 Mobile Safari/537.36 (compatible; Googlebot/2.1; +http://www.google.com/bot.html)"
66.249.65.164 - - [15/Jul/2025:16:27:39 +0000] "GET /?k=6034442011900&mod=56a5739a&uri=brands.php%3Fid%3D201511-347%26name%3Dsweat+a+capuche+fourr%C3%83%C2%A9+femme HTTP/1.1" 200 19663 "-" "Mozilla/5.0 (Linux; Android 6.0.1; Nexus 5X Build/MMB29P) AppleWebKit/537.36 (KHTML, like Gecko) Chrome/137.0.7151.103 Mobile Safari/537.36 (compatible; Googlebot/2.1; +http://www.google.com/bot.html)"
66.249.65.164 - - [15/Jul/2025:16:27:46 +0000] "GET /?k=119453102061900&mod=b9b993f4&uri=pin.php%3Fid%3D3986516-387%26name%3Dtwo+dumbbell+workout+at+home HTTP/1.1" 200 19618 "-" "Mozilla/5.0 (Linux; Android 6.0.1; Nexus 5X Build/MMB29P) AppleWebKit/537.36 (KHTML, like Gecko) Chrome/137.0.7151.103 Mobile Safari/537.36 (compatible; Googlebot/2.1; +http://www.google.com/bot.html)"
66.249.65.164 - - [15/Jul/2025:16:27:47 +0000] "GET /?k=5977535031900&mod=0afe1037&uri=product.php%3Fid%3D199611-345%26name%3Dvestidos+cortos+en+liz+minelli HTTP/1.1" 200 19641 "-" "Mozilla/5.0 (Linux; Android 6.0.1; Nexus 5X Build/MMB29P) AppleWebKit/537.36 (KHTML, like Gecko) Chrome/137.0.7151.103 Mobile Safari/537.36 (compatible; Googlebot/2.1; +http://www.google.com/bot.html)"
66.249.65.164 - - [15/Jul/2025:16:27:54 +0000] "GET /?k=6048984061900&mod=56a5739a&uri=shared.php%3Fid%3D201996-347%26name%3Dpull+homme+tbs HTTP/1.1" 200 19588 "-" "Mozilla/5.0 (Linux; Android 6.0.1; Nexus 5X Build/MMB29P) AppleWebKit/537.36 (KHTML, like Gecko) Chrome/137.0.7151.103 Mobile Safari/537.36 (compatible; Googlebot/2.1; +http://www.google.com/bot.html)"
209.74.77.214 - - [15/Jul/2025:16:28:48 +0000] "POST /wp-cron.php?doing_wp_cron=1752596927.9998340606689453125000 HTTP/1.1" 200 - "-" "WordPress/6.8.1; https://alalamy.com.au"
54.36.149.3 - - [15/Jul/2025:16:28:46 +0000] "GET /shopbrand/177515804.htm HTTP/1.1" 404 20340 "-" "Mozilla/5.0 (compatible; AhrefsBot/7.0; +http://ahrefs.com/robot/)"
209.74.77.214 - - [15/Jul/2025:16:28:48 +0000] "POST /wp-admin/admin-ajax.php?action=async_litespeed&nonce=tqPjjOJqgeq3cHZgOtDGqMxYwvPiUXZ8&litespeed_type=imgoptm HTTP/1.1" 200 21 "-" "WordPress/6.8.1; https://alalamy.com.au"
66.249.65.166 - - [15/Jul/2025:16:29:07 +0000] "GET /?k=104446206001900&mod=ff51fb7a&uri=shared.php%3Fid%3D3485688-344%26name%3Dd%27s+shoe+warehouse HTTP/1.1" 200 19643 "-" "Mozilla/5.0 (Linux; Android 6.0.1; Nexus 5X Build/MMB29P) AppleWebKit/537.36 (KHTML, like Gecko) Chrome/137.0.7151.103 Mobile Safari/537.36 (compatible; Googlebot/2.1; +http://www.google.com/bot.html)"
66.249.65.165 - - [15/Jul/2025:16:29:07 +0000] "GET /?k=39236293041900&mod=5b826e3d&uri=shared.php%3Fid%3D1309514-1137%26name%3Dforest+green+nike+hat HTTP/1.1" 200 19644 "-" "Mozilla/5.0 (Linux; Android 6.0.1; Nexus 5X Build/MMB29P) AppleWebKit/537.36 (KHTML, like Gecko) Chrome/137.0.7151.103 Mobile Safari/537.36 (compatible; Googlebot/2.1; +http://www.google.com/bot.html)"
66.249.65.166 - - [15/Jul/2025:16:29:07 +0000] "GET /?k=27925992021900&mod=962ebbfe&uri=pin.php?shopbrand/241842.htm HTTP/1.1" 200 19264 "-" "Mozilla/5.0 (Linux; Android 6.0.1; Nexus 5X Build/MMB29P) AppleWebKit/537.36 (KHTML, like Gecko) Chrome/137.0.7151.103 Mobile Safari/537.36 (compatible; Googlebot/2.1; +http://www.google.com/bot.html)"
66.249.65.164 - - [15/Jul/2025:16:29:09 +0000] "GET /?k=39229273001900&mod=5b826e3d&uri=shared.php%3Fid%3D1309280-1137%26name%3Dgreen+nike+tie+headband HTTP/1.1" 200 19645 "-" "Mozilla/5.0 (Linux; Android 6.0.1; Nexus 5X Build/MMB29P) AppleWebKit/537.36 (KHTML, like Gecko) Chrome/137.0.7151.103 Mobile Safari/537.36 (compatible; Googlebot/2.1; +http://www.google.com/bot.html)"
66.249.65.164 - - [15/Jul/2025:16:29:10 +0000] "POST /get-message-notify HTTP/1.1" 200 19555 "https://alalamy.com.au/?k=27925992021900&mod=962ebbfe&uri=pin.php?shopbrand/241842.htm" "Mozilla/5.0 (Linux; Android 6.0.1; Nexus 5X Build/MMB29P) AppleWebKit/537.36 (KHTML, like Gecko) Chrome/137.0.7151.119 Mobile Safari/537.36 (compatible; Googlebot/2.1; +http://www.google.com/bot.html)"
66.249.65.164 - - [15/Jul/2025:16:29:15 +0000] "POST /get-message-notify HTTP/1.1" 200 19555 "https://alalamy.com.au/?k=39236293041900&mod=5b826e3d&uri=shared.php%3Fid%3D1309514-1137%26name%3Dforest+green+nike+hat" "Mozilla/5.0 (Linux; Android 6.0.1; Nexus 5X Build/MMB29P) AppleWebKit/537.36 (KHTML, like Gecko) Chrome/137.0.7151.119 Mobile Safari/537.36 (compatible; Googlebot/2.1; +http://www.google.com/bot.html)"
66.249.65.164 - - [15/Jul/2025:16:29:20 +0000] "GET /?k=39232513001900&mod=9f98b5d1&uri=dp.php%3Fid%3D1309388-1136%26name%3Dstarboy+t+shirt+nike HTTP/1.1" 200 19604 "-" "Mozilla/5.0 (Linux; Android 6.0.1; Nexus 5X Build/MMB29P) AppleWebKit/537.36 (KHTML, like Gecko) Chrome/137.0.7151.103 Mobile Safari/537.36 (compatible; Googlebot/2.1; +http://www.google.com/bot.html)"
66.249.65.164 - - [15/Jul/2025:16:29:22 +0000] "GET /?k=39239893041900&mod=5b826e3d&uri=news.php%3Fid%3D1309634-1137%26name%3Dnike+job+postings HTTP/1.1" 200 19602 "-" "Mozilla/5.0 (Linux; Android 6.0.1; Nexus 5X Build/MMB29P) AppleWebKit/537.36 (KHTML, like Gecko) Chrome/137.0.7151.103 Mobile Safari/537.36 (compatible; Googlebot/2.1; +http://www.google.com/bot.html)"
66.249.65.164 - - [15/Jul/2025:16:29:23 +0000] "GET /?k=39132812001900&mod=da6ea774&uri=products.php%3Fid%3D1306060-35%26name%3Dmvvk2+macbook+pro HTTP/1.1" 200 19622 "-" "Mozilla/5.0 (Linux; Android 6.0.1; Nexus 5X Build/MMB29P) AppleWebKit/537.36 (KHTML, like Gecko) Chrome/137.0.7151.103 Mobile Safari/537.36 (compatible; Googlebot/2.1; +http://www.google.com/bot.html)"
66.249.65.164 - - [15/Jul/2025:16:29:30 +0000] "GET /?k=39237913041900&mod=5b826e3d&uri=brands.php%3Fid%3D1309568-1137%26name%3Dnike+factory+store+hiring HTTP/1.1" 200 19640 "-" "Mozilla/5.0 (Linux; Android 6.0.1; Nexus 5X Build/MMB29P) AppleWebKit/537.36 (KHTML, like Gecko) Chrome/137.0.7151.103 Mobile Safari/537.36 (compatible; Googlebot/2.1; +http://www.google.com/bot.html)"
66.249.65.164 - - [15/Jul/2025:16:29:31 +0000] "GET /?k=93074330031900&mod=da6ea774&uri=shared.php%3Fid%3D3106058-35%26name%3Dexternal+ssd+case+usb HTTP/1.1" 200 19631 "-" "Mozilla/5.0 (Linux; Android 6.0.1; Nexus 5X Build/MMB29P) AppleWebKit/537.36 (KHTML, like Gecko) Chrome/137.0.7151.103 Mobile Safari/537.36 (compatible; Googlebot/2.1; +http://www.google.com/bot.html)"
66.249.65.164 - - [15/Jul/2025:16:29:35 +0000] "GET /?k=39226933041900&mod=9f98b5d1&uri=goods.php%3Fid%3D1309202-1136%26name%3Dkobe+long+sleeve+shirt HTTP/1.1" 200 19615 "-" "Mozilla/5.0 (Linux; Android 6.0.1; Nexus 5X Build/MMB29P) AppleWebKit/537.36 (KHTML, like Gecko) Chrome/137.0.7151.103 Mobile Safari/537.36 (compatible; Googlebot/2.1; +http://www.google.com/bot.html)"
66.249.65.164 - - [15/Jul/2025:16:29:40 +0000] "GET /?k=39156443091900&mod=74b846eb&uri=product.php%3Fid%3D1306849-349%26name%3Dbague+de+promesse+2021 HTTP/1.1" 200 19637 "-" "Mozilla/5.0 (Linux; Android 6.0.1; Nexus 5X Build/MMB29P) AppleWebKit/537.36 (KHTML, like Gecko) Chrome/137.0.7151.103 Mobile Safari/537.36 (compatible; Googlebot/2.1; +http://www.google.com/bot.html)"
66.249.65.164 - - [15/Jul/2025:16:29:44 +0000] "GET /?k=39230893041900&mod=5b826e3d&uri=itm.php%3Fid%3D1309334-1137%26name%3Ddhl+nike+careers HTTP/1.1" 200 19599 "-" "Mozilla/5.0 (Linux; Android 6.0.1; Nexus 5X Build/MMB29P) AppleWebKit/537.36 (KHTML, like Gecko) Chrome/137.0.7151.103 Mobile Safari/537.36 (compatible; Googlebot/2.1; +http://www.google.com/bot.html)"
66.249.65.164 - - [15/Jul/2025:16:29:45 +0000] "GET /?k=39234133061900&mod=5b826e3d&uri=us.php%3Fid%3D1309442-1137%26name%3Dnike+beanie+blue HTTP/1.1" 200 19596 "-" "Mozilla/5.0 (Linux; Android 6.0.1; Nexus 5X Build/MMB29P) AppleWebKit/537.36 (KHTML, like Gecko) Chrome/137.0.7151.103 Mobile Safari/537.36 (compatible; Googlebot/2.1; +http://www.google.com/bot.html)"
66.249.65.164 - - [15/Jul/2025:16:29:49 +0000] "GET /?k=39231073101900&mod=5b826e3d&uri=category-info.php%3Fid%3D1309340-1137%26name%3Dnike+pg+hat HTTP/1.1" 200 19671 "-" "Mozilla/5.0 (Linux; Android 6.0.1; Nexus 5X Build/MMB29P) AppleWebKit/537.36 (KHTML, like Gecko) Chrome/137.0.7151.103 Mobile Safari/537.36 (compatible; Googlebot/2.1; +http://www.google.com/bot.html)"
66.249.65.164 - - [15/Jul/2025:16:29:51 +0000] "GET /?k=75319282061900&mod=da6ea774&uri=goods.php%3Fid%3D2513446-35%26name%3Dbest+motherboard+for+ryzen+5600x HTTP/1.1" 200 19646 "-" "Mozilla/5.0 (Linux; Android 6.0.1; Nexus 5X Build/MMB29P) AppleWebKit/537.36 (KHTML, like Gecko) Chrome/137.0.7151.103 Mobile Safari/537.36 (compatible; Googlebot/2.1; +http://www.google.com/bot.html)"
66.249.65.164 - - [15/Jul/2025:16:29:55 +0000] "GET /?k=39238633021900&mod=5b826e3d&uri=article.php%3Fid%3D1309592-1137%26name%3Dnike+product+development+jobs HTTP/1.1" 200 19652 "-" "Mozilla/5.0 (Linux; Android 6.0.1; Nexus 5X Build/MMB29P) AppleWebKit/537.36 (KHTML, like Gecko) Chrome/137.0.7151.103 Mobile Safari/537.36 (compatible; Googlebot/2.1; +http://www.google.com/bot.html)"
66.249.65.164 - - [15/Jul/2025:16:29:59 +0000] "GET /?k=7129743011900&mod=46489c17&uri=search.php%3Fid%3D238108-44%26name%3Dbadeschuhe+fila HTTP/1.1" 200 19583 "-" "Mozilla/5.0 (Linux; Android 6.0.1; Nexus 5X Build/MMB29P) AppleWebKit/537.36 (KHTML, like Gecko) Chrome/137.0.7151.103 Mobile Safari/537.36 (compatible; Googlebot/2.1; +http://www.google.com/bot.html)"
66.249.65.165 - - [15/Jul/2025:16:30:00 +0000] "GET /?k=118566928011900&mod=ff51fb7a&uri=us.php%3Fid%3D3956959-344%26name%3Ddonald+pliner+shoes+price HTTP/1.1" 200 19599 "-" "Mozilla/5.0 (Linux; Android 6.0.1; Nexus 5X Build/MMB29P) AppleWebKit/537.36 (KHTML, like Gecko) Chrome/137.0.7151.103 Mobile Safari/537.36 (compatible; Googlebot/2.1; +http://www.google.com/bot.html)"
66.249.65.165 - - [15/Jul/2025:16:30:01 +0000] "POST /get-message-notify HTTP/1.1" 200 19555 "https://alalamy.com.au/?k=75319282061900&mod=da6ea774&uri=goods.php%3Fid%3D2513446-35%26name%3Dbest+motherboard+for+ryzen+5600x" "Mozilla/5.0 (Linux; Android 6.0.1; Nexus 5X Build/MMB29P) AppleWebKit/537.36 (KHTML, like Gecko) Chrome/137.0.7151.119 Mobile Safari/537.36 (compatible; Googlebot/2.1; +http://www.google.com/bot.html)"
66.249.65.164 - - [15/Jul/2025:16:30:04 +0000] "POST /get-message-notify HTTP/1.1" 200 19555 "https://alalamy.com.au/?k=118566928011900&mod=ff51fb7a&uri=us.php%3Fid%3D3956959-344%26name%3Ddonald+pliner+shoes+price" "Mozilla/5.0 (Linux; Android 6.0.1; Nexus 5X Build/MMB29P) AppleWebKit/537.36 (KHTML, like Gecko) Chrome/137.0.7151.119 Mobile Safari/537.36 (compatible; Googlebot/2.1; +http://www.google.com/bot.html)"
66.249.65.164 - - [15/Jul/2025:16:30:07 +0000] "GET /?k=118584298101900&mod=ff51fb7a&uri=article.php%3Fid%3D3957538-344%26name%3Dgianvito+rossi+praline+pumps HTTP/1.1" 200 19653 "-" "Mozilla/5.0 (Linux; Android 6.0.1; Nexus 5X Build/MMB29P) AppleWebKit/537.36 (KHTML, like Gecko) Chrome/137.0.7151.103 Mobile Safari/537.36 (compatible; Googlebot/2.1; +http://www.google.com/bot.html)"
66.249.65.164 - - [15/Jul/2025:16:30:11 +0000] "GET /?k=6011649031900&mod=c7b203a9&uri=products.php%3Fid%3D200751-330%26name%3Dhot+and+cold+water+mixing HTTP/1.1" 200 19637 "-" "Mozilla/5.0 (Linux; Android 6.0.1; Nexus 5X Build/MMB29P) AppleWebKit/537.36 (KHTML, like Gecko) Chrome/137.0.7151.103 Mobile Safari/537.36 (compatible; Googlebot/2.1; +http://www.google.com/bot.html)"
66.249.65.164 - - [15/Jul/2025:16:30:18 +0000] "GET /?k=111685390081900&mod=ff51fb7a&uri=us.php%3Fid%3D3727316-344%26name%3Dclot+x+nike+air+max+haven HTTP/1.1" 200 19612 "-" "Mozilla/5.0 (Linux; Android 6.0.1; Nexus 5X Build/MMB29P) AppleWebKit/537.36 (KHTML, like Gecko) Chrome/137.0.7151.103 Mobile Safari/537.36 (compatible; Googlebot/2.1; +http://www.google.com/bot.html)"
66.249.65.164 - - [15/Jul/2025:16:30:23 +0000] "POST /get-message-notify HTTP/1.1" 200 19555 "https://alalamy.com.au/?k=39132812001900&mod=da6ea774&uri=products.php%3Fid%3D1306060-35%26name%3Dmvvk2+macbook+pro" "Mozilla/5.0 (Linux; Android 6.0.1; Nexus 5X Build/MMB29P) AppleWebKit/537.36 (KHTML, like Gecko) Chrome/137.0.7151.119 Mobile Safari/537.36 (compatible; Googlebot/2.1; +http://www.google.com/bot.html)"
66.249.65.164 - - [15/Jul/2025:16:30:24 +0000] "GET /?k=102363526021900&mod=ff51fb7a&uri=form.php%3Fid%3D3416160-344%26name%3Diron+ranger+on+feet HTTP/1.1" 200 19602 "-" "Mozilla/5.0 (Linux; Android 6.0.1; Nexus 5X Build/MMB29P) AppleWebKit/537.36 (KHTML, like Gecko) Chrome/137.0.7151.103 Mobile Safari/537.36 (compatible; Googlebot/2.1; +http://www.google.com/bot.html)"
66.249.65.164 - - [15/Jul/2025:16:30:25 +0000] "POST /get-message-notify HTTP/1.1" 200 19555 "https://alalamy.com.au/?k=7129743011900&mod=46489c17&uri=search.php%3Fid%3D238108-44%26name%3Dbadeschuhe+fila" "Mozilla/5.0 (Linux; Android 6.0.1; Nexus 5X Build/MMB29P) AppleWebKit/537.36 (KHTML, like Gecko) Chrome/137.0.7151.119 Mobile Safari/537.36 (compatible; Googlebot/2.1; +http://www.google.com/bot.html)"
66.249.65.164 - - [15/Jul/2025:16:30:26 +0000] "GET /?k=7377169121900&mod=078fbc1d&uri=category-info.php%3Fid%3D246379-408%26name%3Dpopular+crew+neck+sweatshirts HTTP/1.1" 200 19674 "-" "Mozilla/5.0 (Linux; Android 6.0.1; Nexus 5X Build/MMB29P) AppleWebKit/537.36 (KHTML, like Gecko) Chrome/137.0.7151.103 Mobile Safari/537.36 (compatible; Googlebot/2.1; +http://www.google.com/bot.html)"
66.249.65.164 - - [15/Jul/2025:16:30:27 +0000] "POST /get-message-notify HTTP/1.1" 200 19555 "https://alalamy.com.au/?k=102363526021900&mod=ff51fb7a&uri=form.php%3Fid%3D3416160-344%26name%3Diron+ranger+on+feet" "Mozilla/5.0 (Linux; Android 6.0.1; Nexus 5X Build/MMB29P) AppleWebKit/537.36 (KHTML, like Gecko) Chrome/137.0.7151.119 Mobile Safari/537.36 (compatible; Googlebot/2.1; +http://www.google.com/bot.html)"
209.74.77.214 - - [15/Jul/2025:16:32:20 +0000] "POST /wp-cron.php?doing_wp_cron=1752597140.9276299476623535156250 HTTP/1.1" 200 - "-" "WordPress/6.8.1; https://alalamy.com.au"
54.36.148.227 - - [15/Jul/2025:16:32:19 +0000] "GET /shopbrand/177515911.htm HTTP/1.1" 404 20339 "-" "Mozilla/5.0 (compatible; AhrefsBot/7.0; +http://ahrefs.com/robot/)"
209.74.77.214 - - [15/Jul/2025:16:32:21 +0000] "POST /wp-admin/admin-ajax.php?action=async_litespeed&nonce=51XjeUAOa4I9ZmjHvVKeggkd8K2JuWxy&litespeed_type=imgoptm HTTP/1.1" 200 21 "-" "WordPress/6.8.1; https://alalamy.com.au"
66.249.65.164 - - [15/Jul/2025:16:32:43 +0000] "GET /?k=6000280031900&mod=c7b203a9&uri=form.php%3Fid%3D200371-330%26name%3Dpowerbait+dip HTTP/1.1" 200 19584 "-" "Mozilla/5.0 (Linux; Android 6.0.1; Nexus 5X Build/MMB29P) AppleWebKit/537.36 (KHTML, like Gecko) Chrome/137.0.7151.103 Mobile Safari/537.36 (compatible; Googlebot/2.1; +http://www.google.com/bot.html)"
66.249.65.164 - - [15/Jul/2025:16:32:58 +0000] "POST /get-message-notify HTTP/1.1" 200 19555 "https://alalamy.com.au/?k=6000280031900&mod=c7b203a9&uri=form.php%3Fid%3D200371-330%26name%3Dpowerbait+dip" "Mozilla/5.0 (Linux; Android 6.0.1; Nexus 5X Build/MMB29P) AppleWebKit/537.36 (KHTML, like Gecko) Chrome/137.0.7151.119 Mobile Safari/537.36 (compatible; Googlebot/2.1; +http://www.google.com/bot.html)"
66.249.65.165 - - [15/Jul/2025:16:32:59 +0000] "GET /?k=27925992021900&mod=962ebbfe&uri=pin.php?shopbrand/242714.htm HTTP/1.1" 200 20483 "-" "Mozilla/5.0 (Linux; Android 6.0.1; Nexus 5X Build/MMB29P) AppleWebKit/537.36 (KHTML, like Gecko) Chrome/137.0.7151.103 Mobile Safari/537.36 (compatible; Googlebot/2.1; +http://www.google.com/bot.html)"
66.249.65.164 - - [15/Jul/2025:16:33:30 +0000] "POST /get-message-notify HTTP/1.1" 200 19555 "https://alalamy.com.au/?k=39233773001900&mod=5b826e3d&uri=pin.php%3Fid%3D1309430-1137%26name%3Dnike+tieable+headbands" "Mozilla/5.0 (Linux; Android 6.0.1; Nexus 5X Build/MMB29P) AppleWebKit/537.36 (KHTML, like Gecko) Chrome/137.0.7151.119 Mobile Safari/537.36 (compatible; Googlebot/2.1; +http://www.google.com/bot.html)"
66.249.65.165 - - [15/Jul/2025:16:33:48 +0000] "GET /?k=25284171041900&mod=861288f2&uri=form.php%3Fid%3D843888-403%26name%3Dsneakers+f%C3%83%C2%BCr+breite+f%C3%83%C2%BC%C3%83%C2%9Fe+damen HTTP/1.1" 200 19677 "-" "Mozilla/5.0 (Linux; Android 6.0.1; Nexus 5X Build/MMB29P) AppleWebKit/537.36 (KHTML, like Gecko) Chrome/137.0.7151.103 Mobile Safari/537.36 (compatible; Googlebot/2.1; +http://www.google.com/bot.html)"
66.249.65.166 - - [15/Jul/2025:16:34:31 +0000] "GET /?k=7182292101900&mod=4d383d5c&uri=goods.php?shopbrand/8473440.htm HTTP/1.1" 200 19951 "-" "Mozilla/5.0 (Linux; Android 6.0.1; Nexus 5X Build/MMB29P) AppleWebKit/537.36 (KHTML, like Gecko) Chrome/137.0.7151.103 Mobile Safari/537.36 (compatible; Googlebot/2.1; +http://www.google.com/bot.html)"
66.249.65.165 - - [15/Jul/2025:16:34:32 +0000] "GET /?k=39228913041900&mod=9f98b5d1&uri=product.php%3Fid%3D1309268-1136%26name%3Dnike+baby+tshirt HTTP/1.1" 200 19630 "-" "Mozilla/5.0 (Linux; Android 6.0.1; Nexus 5X Build/MMB29P) AppleWebKit/537.36 (KHTML, like Gecko) Chrome/137.0.7151.103 Mobile Safari/537.36 (compatible; Googlebot/2.1; +http://www.google.com/bot.html)"
66.249.65.165 - - [15/Jul/2025:16:34:34 +0000] "GET /?k=39227473041900&mod=9f98b5d1&uri=info.php%3Fid%3D1309220-1136%26name%3Dfoot+locker+mens+air+force+ones HTTP/1.1" 200 19623 "-" "Mozilla/5.0 (Linux; Android 6.0.1; Nexus 5X Build/MMB29P) AppleWebKit/537.36 (KHTML, like Gecko) Chrome/137.0.7151.103 Mobile Safari/537.36 (compatible; Googlebot/2.1; +http://www.google.com/bot.html)"
66.249.65.165 - - [15/Jul/2025:16:34:35 +0000] "GET /?k=39230353041900&mod=9f98b5d1&uri=dp.php%3Fid%3D1309316-1136%26name%3Dnike+fit+app+android HTTP/1.1" 200 19602 "-" "Mozilla/5.0 (Linux; Android 6.0.1; Nexus 5X Build/MMB29P) AppleWebKit/537.36 (KHTML, like Gecko) Chrome/137.0.7151.103 Mobile Safari/537.36 (compatible; Googlebot/2.1; +http://www.google.com/bot.html)"
66.249.65.164 - - [15/Jul/2025:16:34:36 +0000] "GET /?k=25827824031900&mod=861288f2&uri=us.php%3Fid%3D862022-403%26name%3Dmisolin+hausschuhe HTTP/1.1" 200 19591 "-" "Mozilla/5.0 (Linux; Android 6.0.1; Nexus 5X Build/MMB29P) AppleWebKit/537.36 (KHTML, like Gecko) Chrome/137.0.7151.103 Mobile Safari/537.36 (compatible; Googlebot/2.1; +http://www.google.com/bot.html)"
66.249.65.164 - - [15/Jul/2025:16:34:38 +0000] "POST /get-message-notify HTTP/1.1" 200 19555 "https://alalamy.com.au/?k=25827824031900&mod=861288f2&uri=us.php%3Fid%3D862022-403%26name%3Dmisolin+hausschuhe" "Mozilla/5.0 (Linux; Android 6.0.1; Nexus 5X Build/MMB29P) AppleWebKit/537.36 (KHTML, like Gecko) Chrome/137.0.7151.119 Mobile Safari/537.36 (compatible; Googlebot/2.1; +http://www.google.com/bot.html)"
66.249.65.164 - - [15/Jul/2025:16:34:39 +0000] "GET /?k=39227113041900&mod=9f98b5d1&uri=shared.php%3Fid%3D1309208-1136%26name%3Dair+force+270+fit HTTP/1.1" 200 19604 "-" "Mozilla/5.0 (Linux; Android 6.0.1; Nexus 5X Build/MMB29P) AppleWebKit/537.36 (KHTML, like Gecko) Chrome/137.0.7151.103 Mobile Safari/537.36 (compatible; Googlebot/2.1; +http://www.google.com/bot.html)"
66.249.65.164 - - [15/Jul/2025:16:34:41 +0000] "GET /?k=39228013021900&mod=9f98b5d1&uri=goods.php%3Fid%3D1309238-1136%26name%3Dinstant+karma+frank+ocean+shirt HTTP/1.1" 200 19650 "-" "Mozilla/5.0 (Linux; Android 6.0.1; Nexus 5X Build/MMB29P) AppleWebKit/537.36 (KHTML, like Gecko) Chrome/137.0.7151.103 Mobile Safari/537.36 (compatible; Googlebot/2.1; +http://www.google.com/bot.html)"
66.249.65.164 - - [15/Jul/2025:16:34:42 +0000] "GET /?k=39233233071900&mod=5b826e3d&uri=brands.php%3Fid%3D1309412-1137%26name%3Dnike+near+me+hiring HTTP/1.1" 200 19632 "-" "Mozilla/5.0 (Linux; Android 6.0.1; Nexus 5X Build/MMB29P) AppleWebKit/537.36 (KHTML, like Gecko) Chrome/137.0.7151.103 Mobile Safari/537.36 (compatible; Googlebot/2.1; +http://www.google.com/bot.html)"
66.249.65.164 - - [15/Jul/2025:16:34:47 +0000] "GET /?k=39180186011900&mod=ea6a24f1&uri=goods.php%3Fid%3D1307641-1135%26name%3Dcheap+elsa+and+anna+dolls HTTP/1.1" 200 19611 "-" "Mozilla/5.0 (Linux; Android 6.0.1; Nexus 5X Build/MMB29P) AppleWebKit/537.36 (KHTML, like Gecko) Chrome/137.0.7151.103 Mobile Safari/537.36 (compatible; Googlebot/2.1; +http://www.google.com/bot.html)"
66.249.65.164 - - [15/Jul/2025:16:34:48 +0000] "GET /?k=39234853041900&mod=5b826e3d&uri=brands.php%3Fid%3D1309466-1137%26name%3Dnike+headband+cost HTTP/1.1" 200 19610 "-" "Mozilla/5.0 (Linux; Android 6.0.1; Nexus 5X Build/MMB29P) AppleWebKit/537.36 (KHTML, like Gecko) Chrome/137.0.7151.103 Mobile Safari/537.36 (compatible; Googlebot/2.1; +http://www.google.com/bot.html)"
66.249.65.164 - - [15/Jul/2025:16:34:50 +0000] "GET /?k=39233953061900&mod=9f98b5d1&uri=product.php%3Fid%3D1309436-1136%26name%3Dnike+metcon+4xd+chalkboard HTTP/1.1" 200 19643 "-" "Mozilla/5.0 (Linux; Android 6.0.1; Nexus 5X Build/MMB29P) AppleWebKit/537.36 (KHTML, like Gecko) Chrome/137.0.7151.103 Mobile Safari/537.36 (compatible; Googlebot/2.1; +http://www.google.com/bot.html)"
66.249.65.164 - - [15/Jul/2025:16:34:53 +0000] "GET /?k=39230533061900&mod=9f98b5d1&uri=pin.php%3Fid%3D1309322-1136%26name%3Draptors+nike+championship+shirt HTTP/1.1" 200 19623 "-" "Mozilla/5.0 (Linux; Android 6.0.1; Nexus 5X Build/MMB29P) AppleWebKit/537.36 (KHTML, like Gecko) Chrome/137.0.7151.103 Mobile Safari/537.36 (compatible; Googlebot/2.1; +http://www.google.com/bot.html)"
66.249.65.164 - - [15/Jul/2025:16:34:56 +0000] "GET /?k=39228193001900&mod=5b826e3d&uri=us.php%3Fid%3D1309244-1137%26name%3Dnike+club+america+jacket HTTP/1.1" 200 19605 "-" "Mozilla/5.0 (Linux; Android 6.0.1; Nexus 5X Build/MMB29P) AppleWebKit/537.36 (KHTML, like Gecko) Chrome/137.0.7151.103 Mobile Safari/537.36 (compatible; Googlebot/2.1; +http://www.google.com/bot.html)"
66.249.65.164 - - [15/Jul/2025:16:34:59 +0000] "POST /get-message-notify HTTP/1.1" 200 19555 "https://alalamy.com.au/?k=39228193001900&mod=5b826e3d&uri=us.php%3Fid%3D1309244-1137%26name%3Dnike+club+america+jacket" "Mozilla/5.0 (Linux; Android 6.0.1; Nexus 5X Build/MMB29P) AppleWebKit/537.36 (KHTML, like Gecko) Chrome/137.0.7151.119 Mobile Safari/537.36 (compatible; Googlebot/2.1; +http://www.google.com/bot.html)"
66.249.65.165 - - [15/Jul/2025:16:34:59 +0000] "POST /get-message-notify HTTP/1.1" 200 19555 "https://alalamy.com.au/?k=39227473041900&mod=9f98b5d1&uri=info.php%3Fid%3D1309220-1136%26name%3Dfoot+locker+mens+air+force+ones" "Mozilla/5.0 (Linux; Android 6.0.1; Nexus 5X Build/MMB29P) AppleWebKit/537.36 (KHTML, like Gecko) Chrome/137.0.7151.119 Mobile Safari/537.36 (compatible; Googlebot/2.1; +http://www.google.com/bot.html)"
66.249.65.164 - - [15/Jul/2025:16:35:01 +0000] "GET /?k=39231973061900&mod=5b826e3d&uri=goods.php%3Fid%3D1309370-1137%26name%3Dred+nike+headband HTTP/1.1" 200 19606 "-" "Mozilla/5.0 (Linux; Android 6.0.1; Nexus 5X Build/MMB29P) AppleWebKit/537.36 (KHTML, like Gecko) Chrome/137.0.7151.103 Mobile Safari/537.36 (compatible; Googlebot/2.1; +http://www.google.com/bot.html)"
66.249.65.164 - - [15/Jul/2025:16:35:03 +0000] "GET /?k=39235033021900&mod=9f98b5d1&uri=itm.php%3Fid%3D1309472-1136%26name%3Dlucky+charms+t+shirt+nike HTTP/1.1" 200 19617 "-" "Mozilla/5.0 (Linux; Android 6.0.1; Nexus 5X Build/MMB29P) AppleWebKit/537.36 (KHTML, like Gecko) Chrome/137.0.7151.103 Mobile Safari/537.36 (compatible; Googlebot/2.1; +http://www.google.com/bot.html)"
66.249.65.164 - - [15/Jul/2025:16:35:07 +0000] "GET /?k=39237733021900&mod=5b826e3d&uri=info.php%3Fid%3D1309562-1137%26name%3Dblack+nike+headband HTTP/1.1" 200 19603 "-" "Mozilla/5.0 (Linux; Android 6.0.1; Nexus 5X Build/MMB29P) AppleWebKit/537.36 (KHTML, like Gecko) Chrome/137.0.7151.103 Mobile Safari/537.36 (compatible; Googlebot/2.1; +http://www.google.com/bot.html)"
66.249.65.164 - - [15/Jul/2025:16:35:09 +0000] "POST /get-message-notify HTTP/1.1" 200 19555 "https://alalamy.com.au/?k=39237733021900&mod=5b826e3d&uri=info.php%3Fid%3D1309562-1137%26name%3Dblack+nike+headband" "Mozilla/5.0 (Linux; Android 6.0.1; Nexus 5X Build/MMB29P) AppleWebKit/537.36 (KHTML, like Gecko) Chrome/137.0.7151.119 Mobile Safari/537.36 (compatible; Googlebot/2.1; +http://www.google.com/bot.html)"
66.249.65.164 - - [15/Jul/2025:16:35:14 +0000] "GET /?k=39237013061900&mod=5b826e3d&uri=product.php%3Fid%3D1309538-1137%26name%3Dnike+hiring+part+time HTTP/1.1" 200 19635 "-" "Mozilla/5.0 (Linux; Android 6.0.1; Nexus 5X Build/MMB29P) AppleWebKit/537.36 (KHTML, like Gecko) Chrome/137.0.7151.103 Mobile Safari/537.36 (compatible; Googlebot/2.1; +http://www.google.com/bot.html)"
66.249.65.164 - - [15/Jul/2025:16:35:15 +0000] "GET /?k=98453265031900&mod=da6ea774&uri=pin.php%3Fid%3D3285643-35%26name%3Dteclast+laptop+f6+plus HTTP/1.1" 200 19602 "-" "Mozilla/5.0 (Linux; Android 6.0.1; Nexus 5X Build/MMB29P) AppleWebKit/537.36 (KHTML, like Gecko) Chrome/137.0.7151.103 Mobile Safari/537.36 (compatible; Googlebot/2.1; +http://www.google.com/bot.html)"
66.249.65.164 - - [15/Jul/2025:16:35:27 +0000] "GET /?k=39229093041900&mod=5b826e3d&uri=us.php%3Fid%3D1309274-1137%26name%3Droger+federer+rf+cap HTTP/1.1" 200 19601 "-" "Mozilla/5.0 (Linux; Android 6.0.1; Nexus 5X Build/MMB29P) AppleWebKit/537.36 (KHTML, like Gecko) Chrome/137.0.7151.103 Mobile Safari/537.36 (compatible; Googlebot/2.1; +http://www.google.com/bot.html)"
66.249.65.164 - - [15/Jul/2025:16:35:28 +0000] "GET /?k=93086478031900&mod=da6ea774&uri=pin.php%3Fid%3D3106463-35%26name%3Dssd+raid+case HTTP/1.1" 200 19596 "-" "Mozilla/5.0 (Linux; Android 6.0.1; Nexus 5X Build/MMB29P) AppleWebKit/537.36 (KHTML, like Gecko) Chrome/137.0.7151.103 Mobile Safari/537.36 (compatible; Googlebot/2.1; +http://www.google.com/bot.html)"
66.249.65.164 - - [15/Jul/2025:16:35:30 +0000] "GET /?k=39228373061900&mod=5b826e3d&uri=products.php%3Fid%3D1309250-1137%26name%3Dnike+factory+careers HTTP/1.1" 200 19636 "-" "Mozilla/5.0 (Linux; Android 6.0.1; Nexus 5X Build/MMB29P) AppleWebKit/537.36 (KHTML, like Gecko) Chrome/137.0.7151.103 Mobile Safari/537.36 (compatible; Googlebot/2.1; +http://www.google.com/bot.html)"
66.249.65.164 - - [15/Jul/2025:16:35:31 +0000] "GET /?k=39239173001900&mod=5b826e3d&uri=itm.php%3Fid%3D1309610-1137%26name%3Dnike+finance+manager HTTP/1.1" 200 19606 "-" "Mozilla/5.0 (Linux; Android 6.0.1; Nexus 5X Build/MMB29P) AppleWebKit/537.36 (KHTML, like Gecko) Chrome/137.0.7151.103 Mobile Safari/537.36 (compatible; Googlebot/2.1; +http://www.google.com/bot.html)"
66.249.65.164 - - [15/Jul/2025:16:35:33 +0000] "GET /?k=39238273101900&mod=5b826e3d&uri=form.php%3Fid%3D1309580-1137%26name%3Dnike+remote+jobs HTTP/1.1" 200 19600 "-" "Mozilla/5.0 (Linux; Android 6.0.1; Nexus 5X Build/MMB29P) AppleWebKit/537.36 (KHTML, like Gecko) Chrome/137.0.7151.103 Mobile Safari/537.36 (compatible; Googlebot/2.1; +http://www.google.com/bot.html)"
66.249.65.164 - - [15/Jul/2025:16:35:34 +0000] "GET /?k=75303237111900&mod=da6ea774&uri=article.php%3Fid%3D2512911-35%26name%3Dnzxt+kraken+x52+amd+bracket HTTP/1.1" 200 19650 "-" "Mozilla/5.0 (Linux; Android 6.0.1; Nexus 5X Build/MMB29P) AppleWebKit/537.36 (KHTML, like Gecko) Chrome/137.0.7151.103 Mobile Safari/537.36 (compatible; Googlebot/2.1; +http://www.google.com/bot.html)"
209.74.77.214 - - [15/Jul/2025:16:35:35 +0000] "POST /wp-cron.php?doing_wp_cron=1752597335.2353410720825195312500 HTTP/1.1" 200 - "-" "WordPress/6.8.1; https://alalamy.com.au"
54.36.148.234 - - [15/Jul/2025:16:35:33 +0000] "GET /shopbrand/177516201.htm HTTP/1.1" 404 20339 "-" "Mozilla/5.0 (compatible; AhrefsBot/7.0; +http://ahrefs.com/robot/)"
209.74.77.214 - - [15/Jul/2025:16:35:35 +0000] "POST /wp-admin/admin-ajax.php?action=async_litespeed&nonce=dNSeV1FKoL888mj2TK8xWWVXVFA6lcBn&litespeed_type=imgoptm HTTP/1.1" 200 21 "-" "WordPress/6.8.1; https://alalamy.com.au"
66.249.65.164 - - [15/Jul/2025:16:35:35 +0000] "POST /get-message-notify HTTP/1.1" 200 19555 "https://alalamy.com.au/?k=39228373061900&mod=5b826e3d&uri=products.php%3Fid%3D1309250-1137%26name%3Dnike+factory+careers" "Mozilla/5.0 (Linux; Android 6.0.1; Nexus 5X Build/MMB29P) AppleWebKit/537.36 (KHTML, like Gecko) Chrome/137.0.7151.119 Mobile Safari/537.36 (compatible; Googlebot/2.1; +http://www.google.com/bot.html)"
66.249.65.164 - - [15/Jul/2025:16:35:36 +0000] "GET /?k=39235753061900&mod=5b826e3d&uri=news.php%3Fid%3D1309496-1137%26name%3Dnike+innovation+jobs HTTP/1.1" 200 19605 "-" "Mozilla/5.0 (Linux; Android 6.0.1; Nexus 5X Build/MMB29P) AppleWebKit/537.36 (KHTML, like Gecko) Chrome/137.0.7151.103 Mobile Safari/537.36 (compatible; Googlebot/2.1; +http://www.google.com/bot.html)"
66.249.65.164 - - [15/Jul/2025:16:35:39 +0000] "GET /?k=7114635021900&mod=46489c17&uri=dp.php%3Fid%3D237604-44%26name%3Dfilamento+pla+wood HTTP/1.1" 200 19591 "-" "Mozilla/5.0 (Linux; Android 6.0.1; Nexus 5X Build/MMB29P) AppleWebKit/537.36 (KHTML, like Gecko) Chrome/137.0.7151.103 Mobile Safari/537.36 (compatible; Googlebot/2.1; +http://www.google.com/bot.html)"
66.249.65.164 - - [15/Jul/2025:16:35:42 +0000] "POST /get-message-notify HTTP/1.1" 200 19555 "https://alalamy.com.au/?k=7114635021900&mod=46489c17&uri=dp.php%3Fid%3D237604-44%26name%3Dfilamento+pla+wood" "Mozilla/5.0 (Linux; Android 6.0.1; Nexus 5X Build/MMB29P) AppleWebKit/537.36 (KHTML, like Gecko) Chrome/137.0.7151.119 Mobile Safari/537.36 (compatible; Googlebot/2.1; +http://www.google.com/bot.html)"
66.249.65.164 - - [15/Jul/2025:16:35:44 +0000] "GET /?k=5966171011900&mod=ff51fb7a&uri=news.php%3Fid%3D199231-344%26name%3Dzapatos+shoes+zain+saidin HTTP/1.1" 200 19605 "-" "Mozilla/5.0 (Linux; Android 6.0.1; Nexus 5X Build/MMB29P) AppleWebKit/537.36 (KHTML, like Gecko) Chrome/137.0.7151.103 Mobile Safari/537.36 (compatible; Googlebot/2.1; +http://www.google.com/bot.html)"
66.249.65.164 - - [15/Jul/2025:16:35:46 +0000] "GET /?k=5988899081900&mod=0afe1037&uri=brands.php%3Fid%3D199991-345%26name%3Dpantalon+estampado+ancho HTTP/1.1" 200 19602 "-" "Mozilla/5.0 (Linux; Android 6.0.1; Nexus 5X Build/MMB29P) AppleWebKit/537.36 (KHTML, like Gecko) Chrome/137.0.7151.103 Mobile Safari/537.36 (compatible; Googlebot/2.1; +http://www.google.com/bot.html)"
66.249.65.165 - - [15/Jul/2025:16:35:50 +0000] "GET /?k=5954771081900&mod=ff51fb7a&uri=category-info.php%3Fid%3D198851-344%26name%3Dwidest+trainers HTTP/1.1" 200 19650 "-" "Mozilla/5.0 (Linux; Android 6.0.1; Nexus 5X Build/MMB29P) AppleWebKit/537.36 (KHTML, like Gecko) Chrome/137.0.7151.103 Mobile Safari/537.36 (compatible; Googlebot/2.1; +http://www.google.com/bot.html)"
66.249.65.164 - - [15/Jul/2025:16:35:50 +0000] "GET /?k=6668395061900&mod=ead6d4ad&uri=article.php?feature/omiya_marui/index.html HTTP/1.1" 200 19344 "-" "Mozilla/5.0 (Linux; Android 6.0.1; Nexus 5X Build/MMB29P) AppleWebKit/537.36 (KHTML, like Gecko) Chrome/137.0.7151.103 Mobile Safari/537.36 (compatible; Googlebot/2.1; +http://www.google.com/bot.html)"
66.249.65.164 - - [15/Jul/2025:16:35:54 +0000] "GET /?k=111672239041900&mod=ff51fb7a&uri=pin.php%3Fid%3D3726877-344%26name%3Dsaucony+made+in+china HTTP/1.1" 200 19606 "-" "Mozilla/5.0 (Linux; Android 6.0.1; Nexus 5X Build/MMB29P) AppleWebKit/537.36 (KHTML, like Gecko) Chrome/137.0.7151.103 Mobile Safari/537.36 (compatible; Googlebot/2.1; +http://www.google.com/bot.html)"
66.249.65.165 - - [15/Jul/2025:16:35:58 +0000] "GET /?k=6057185011900&mod=74b846eb&uri=us.php%3Fid%3D202271-349%26name%3Dnettoyer+une+chaine+en+argent+noircie HTTP/1.1" 200 19618 "-" "Mozilla/5.0 (Linux; Android 6.0.1; Nexus 5X Build/MMB29P) AppleWebKit/537.36 (KHTML, like Gecko) Chrome/137.0.7151.103 Mobile Safari/537.36 (compatible; Googlebot/2.1; +http://www.google.com/bot.html)"
66.249.65.165 - - [15/Jul/2025:16:36:02 +0000] "GET /?k=6045834031900&mod=56a5739a&uri=goods.php%3Fid%3D201891-347%26name%3Dsport+2000+sweat+femme HTTP/1.1" 200 19603 "-" "Mozilla/5.0 (Linux; Android 6.0.1; Nexus 5X Build/MMB29P) AppleWebKit/537.36 (KHTML, like Gecko) Chrome/137.0.7151.103 Mobile Safari/537.36 (compatible; Googlebot/2.1; +http://www.google.com/bot.html)"
66.249.65.165 - - [15/Jul/2025:16:36:04 +0000] "GET /?k=7469473111900&mod=c5b86fa9&uri=product.php%3Fid%3D249464-141%26name%3Dvestido+verde+con+zapatos+fucsia HTTP/1.1" 200 19646 "-" "Mozilla/5.0 (Linux; Android 6.0.1; Nexus 5X Build/MMB29P) AppleWebKit/537.36 (KHTML, like Gecko) Chrome/137.0.7151.103 Mobile Safari/537.36 (compatible; Googlebot/2.1; +http://www.google.com/bot.html)"
66.249.65.164 - - [15/Jul/2025:16:36:09 +0000] "GET /?k=6676185021900&mod=ead6d4ad&uri=product.php%3Fid%3D222970-374%26name%3Dpantalon+fuseau+avec+sous+pied HTTP/1.1" 200 19644 "-" "Mozilla/5.0 (compatible; Googlebot/2.1; +http://www.google.com/bot.html)"
209.74.77.214 - - [15/Jul/2025:16:37:03 +0000] "POST /wp-cron.php?doing_wp_cron=1752597423.1657879352569580078125 HTTP/1.1" 200 - "-" "WordPress/6.8.1; https://alalamy.com.au"
54.36.148.252 - - [15/Jul/2025:16:37:01 +0000] "GET /shopbrand/177516360.htm HTTP/1.1" 404 20340 "-" "Mozilla/5.0 (compatible; AhrefsBot/7.0; +http://ahrefs.com/robot/)"
209.74.77.214 - - [15/Jul/2025:16:37:03 +0000] "POST /wp-admin/admin-ajax.php?action=async_litespeed&nonce=q4hP88RdDV4J0zYDWDz8qWvc3lueIrkN&litespeed_type=imgoptm HTTP/1.1" 200 21 "-" "WordPress/6.8.1; https://alalamy.com.au"
209.74.77.214 - - [15/Jul/2025:16:38:39 +0000] "POST /wp-cron.php?doing_wp_cron=1752597519.4438300132751464843750 HTTP/1.1" 200 - "-" "WordPress/6.8.1; https://alalamy.com.au"
54.36.149.9 - - [15/Jul/2025:16:38:37 +0000] "GET /shopbrand/177516626.htm HTTP/1.1" 404 20340 "-" "Mozilla/5.0 (compatible; AhrefsBot/7.0; +http://ahrefs.com/robot/)"
209.74.77.214 - - [15/Jul/2025:16:38:39 +0000] "POST /wp-admin/admin-ajax.php?action=async_litespeed&nonce=6SteHxezvivrstmegWASphnXiwQ0hCG1&litespeed_type=imgoptm HTTP/1.1" 200 21 "-" "WordPress/6.8.1; https://alalamy.com.au"
66.249.65.166 - - [15/Jul/2025:16:39:13 +0000] "GET /?k=39229813031900&mod=5b826e3d&uri=form.php%3Fid%3D1309298-1137%26name%3Dnike+patta+coach+jacket HTTP/1.1" 200 19604 "-" "Mozilla/5.0 (Linux; Android 6.0.1; Nexus 5X Build/MMB29P) AppleWebKit/537.36 (KHTML, like Gecko) Chrome/137.0.7151.103 Mobile Safari/537.36 (compatible; Googlebot/2.1; +http://www.google.com/bot.html)"
66.249.65.165 - - [15/Jul/2025:16:39:20 +0000] "GET /?k=39238993041900&mod=9f98b5d1&uri=blog.php%3Fid%3D1309604-1136%26name%3Dnike+metcon+flyknit+men HTTP/1.1" 200 19613 "-" "Mozilla/5.0 (Linux; Android 6.0.1; Nexus 5X Build/MMB29P) AppleWebKit/537.36 (KHTML, like Gecko) Chrome/137.0.7151.103 Mobile Safari/537.36 (compatible; Googlebot/2.1; +http://www.google.com/bot.html)"
66.249.65.164 - - [15/Jul/2025:16:39:34 +0000] "POST /get-message-notify HTTP/1.1" 200 19555 "https://alalamy.com.au/?k=39238993041900&mod=9f98b5d1&uri=blog.php%3Fid%3D1309604-1136%26name%3Dnike+metcon+flyknit+men" "Mozilla/5.0 (Linux; Android 6.0.1; Nexus 5X Build/MMB29P) AppleWebKit/537.36 (KHTML, like Gecko) Chrome/137.0.7151.119 Mobile Safari/537.36 (compatible; Googlebot/2.1; +http://www.google.com/bot.html)"
66.249.65.164 - - [15/Jul/2025:16:39:46 +0000] "GET /cart-2/ HTTP/1.1" 200 19285 "-" "Mozilla/5.0 (compatible; Googlebot/2.1; +http://www.google.com/bot.html)"
66.249.65.166 - - [15/Jul/2025:16:40:12 +0000] "GET /?k=75311337111900&mod=da6ea774&uri=dp.php%3Fid%3D2513181-35%26name%3Dhp+envy+x360+processor+upgrade HTTP/1.1" 200 19613 "-" "Mozilla/5.0 (Linux; Android 6.0.1; Nexus 5X Build/MMB29P) AppleWebKit/537.36 (KHTML, like Gecko) Chrome/137.0.7151.103 Mobile Safari/537.36 (compatible; Googlebot/2.1; +http://www.google.com/bot.html)"
209.74.77.214 - - [15/Jul/2025:16:40:18 +0000] "POST /wp-cron.php?doing_wp_cron=1752597618.3638949394226074218750 HTTP/1.1" 200 - "-" "WordPress/6.8.1; https://alalamy.com.au"
54.36.148.229 - - [15/Jul/2025:16:40:17 +0000] "GET /shopbrand/177517039.htm HTTP/1.1" 404 20340 "-" "Mozilla/5.0 (compatible; AhrefsBot/7.0; +http://ahrefs.com/robot/)"
209.74.77.214 - - [15/Jul/2025:16:40:18 +0000] "POST /wp-admin/admin-ajax.php?action=async_litespeed&nonce=JDNGYuivXTw8qfjzAfUxMKoEsdWKfKJ4&litespeed_type=imgoptm HTTP/1.1" 200 21 "-" "WordPress/6.8.1; https://alalamy.com.au"
66.249.65.164 - - [15/Jul/2025:16:41:00 +0000] "GET /?k=39132722001900&mod=da6ea774&uri=itm.php%3Fid%3D1306057-35%26name%3Dmacbook+m1+ssd+upgrade HTTP/1.1" 200 19601 "-" "Mozilla/5.0 (Linux; Android 6.0.1; Nexus 5X Build/MMB29P) AppleWebKit/537.36 (KHTML, like Gecko) Chrome/137.0.7151.103 Mobile Safari/537.36 (compatible; Googlebot/2.1; +http://www.google.com/bot.html)"
209.74.77.214 - - [15/Jul/2025:16:41:51 +0000] "POST /wp-cron.php?doing_wp_cron=1752597711.6632890701293945312500 HTTP/1.1" 200 - "-" "WordPress/6.8.1; https://alalamy.com.au"
54.36.148.98 - - [15/Jul/2025:16:41:49 +0000] "GET /shopbrand/177517613.htm HTTP/1.1" 404 20339 "-" "Mozilla/5.0 (compatible; AhrefsBot/7.0; +http://ahrefs.com/robot/)"
209.74.77.214 - - [15/Jul/2025:16:41:51 +0000] "POST /wp-admin/admin-ajax.php?action=async_litespeed&nonce=BLouT6UsVVAc59vGKMCOuYCtSLFfyQgT&litespeed_type=imgoptm HTTP/1.1" 200 21 "-" "WordPress/6.8.1; https://alalamy.com.au"
66.249.65.164 - - [15/Jul/2025:16:42:39 +0000] "GET /?k=5872668141900&mod=e07472e7&uri=itm.php?shopbrand/452451.htm HTTP/1.1" 200 20481 "-" "Mozilla/5.0 (Linux; Android 6.0.1; Nexus 5X Build/MMB29P) AppleWebKit/537.36 (KHTML, like Gecko) Chrome/137.0.7151.103 Mobile Safari/537.36 (compatible; Googlebot/2.1; +http://www.google.com/bot.html)"
209.74.77.214 - - [15/Jul/2025:16:43:34 +0000] "POST /wp-cron.php?doing_wp_cron=1752597814.6674699783325195312500 HTTP/1.1" 200 - "-" "WordPress/6.8.1; https://alalamy.com.au"
54.36.149.60 - - [15/Jul/2025:16:43:32 +0000] "GET /shopbrand/177517712.htm HTTP/1.1" 404 20339 "-" "Mozilla/5.0 (compatible; AhrefsBot/7.0; +http://ahrefs.com/robot/)"
