66.249.65.165 - - [15/Jul/2025:14:32:33 +0000] "GET /?k=7195509011900&mod=5e3a4137&uri=news.php%3Fid%3D240303-400%26name%3Dgarmin+forerunner+920xt+armband HTTP/1.1" 200 19619 "-" "Mozilla/5.0 (Linux; Android 6.0.1; Nexus 5X Build/MMB29P) AppleWebKit/537.36 (KHTML, like Gecko) Chrome/137.0.7151.103 Mobile Safari/537.36 (compatible; Googlebot/2.1; +http://www.google.com/bot.html)"
66.249.65.164 - - [15/Jul/2025:14:32:34 +0000] "GET /?k=7185639021900&mod=4d383d5c&uri=shop.php%3Fid%3D239974-234%26name%3Dscotch+and+soda+winterjacke+herren HTTP/1.1" 200 19615 "-" "Mozilla/5.0 (Linux; Android 6.0.1; Nexus 5X Build/MMB29P) AppleWebKit/537.36 (KHTML, like Gecko) Chrome/137.0.7151.103 Mobile Safari/537.36 (compatible; Googlebot/2.1; +http://www.google.com/bot.html)"
66.249.65.164 - - [15/Jul/2025:14:32:35 +0000] "GET /?k=7123335061900&mod=46489c17&uri=goods.php%3Fid%3D237894-44%26name%3Dprusament+pla+jet+black HTTP/1.1" 200 19604 "-" "Mozilla/5.0 (Linux; Android 6.0.1; Nexus 5X Build/MMB29P) AppleWebKit/537.36 (KHTML, like Gecko) Chrome/137.0.7151.103 Mobile Safari/537.36 (compatible; Googlebot/2.1; +http://www.google.com/bot.html)"
66.249.65.165 - - [15/Jul/2025:14:32:36 +0000] "POST /get-message-notify HTTP/1.1" 200 19554 "https://alalamy.com.au/?k=7191729001900&mod=5e3a4137&uri=products.php%3Fid%3D240177-400%26name%3Dwatch+video+and+earn+paytm+cash" "Mozilla/5.0 (Linux; Android 6.0.1; Nexus 5X Build/MMB29P) AppleWebKit/537.36 (KHTML, like Gecko) Chrome/137.0.7151.119 Mobile Safari/537.36 (compatible; Googlebot/2.1; +http://www.google.com/bot.html)"
66.249.65.164 - - [15/Jul/2025:14:32:37 +0000] "GET /?k=7191099041900&mod=5e3a4137&uri=products.php%3Fid%3D240156-400%26name%3Ddiscount+michael+kors+watches HTTP/1.1" 200 19645 "-" "Mozilla/5.0 (Linux; Android 6.0.1; Nexus 5X Build/MMB29P) AppleWebKit/537.36 (KHTML, like Gecko) Chrome/137.0.7151.103 Mobile Safari/537.36 (compatible; Googlebot/2.1; +http://www.google.com/bot.html)"
66.249.65.165 - - [15/Jul/2025:14:32:38 +0000] "GET /?k=7182292101900&mod=4d383d5c&uri=goods.php%3Fid%3D239862-234%26name%3Dnorth+face+weste+gebraucht HTTP/1.1" 200 19610 "-" "Mozilla/5.0 (Linux; Android 6.0.1; Nexus 5X Build/MMB29P) AppleWebKit/537.36 (KHTML, like Gecko) Chrome/137.0.7151.103 Mobile Safari/537.36 (compatible; Googlebot/2.1; +http://www.google.com/bot.html)"
66.249.65.165 - - [15/Jul/2025:14:32:39 +0000] "POST /get-message-notify HTTP/1.1" 200 19554 "https://alalamy.com.au/?k=7183755091900&mod=4ef30115&uri=article.php%3Fid%3D239911-91%26name%3Dmesh+bike+basket" "Mozilla/5.0 (Linux; Android 6.0.1; Nexus 5X Build/MMB29P) AppleWebKit/537.36 (KHTML, like Gecko) Chrome/137.0.7151.119 Mobile Safari/537.36 (compatible; Googlebot/2.1; +http://www.google.com/bot.html)"
66.249.65.164 - - [15/Jul/2025:14:32:40 +0000] "GET /?k=7188789071900&mod=df7c6cbf&uri=form.php%3Fid%3D240079-399%26name%3Dfastrack+smartwatch HTTP/1.1" 200 19595 "-" "Mozilla/5.0 (Linux; Android 6.0.1; Nexus 5X Build/MMB29P) AppleWebKit/537.36 (KHTML, like Gecko) Chrome/137.0.7151.103 Mobile Safari/537.36 (compatible; Googlebot/2.1; +http://www.google.com/bot.html)"
66.249.65.164 - - [15/Jul/2025:14:32:42 +0000] "GET /?k=7187109061900&mod=df7c6cbf&uri=us.php%3Fid%3D240023-399%26name%3Dgear+fit+pro+release+date HTTP/1.1" 200 19604 "-" "Mozilla/5.0 (Linux; Android 6.0.1; Nexus 5X Build/MMB29P) AppleWebKit/537.36 (KHTML, like Gecko) Chrome/137.0.7151.103 Mobile Safari/537.36 (compatible; Googlebot/2.1; +http://www.google.com/bot.html)"
66.249.65.165 - - [15/Jul/2025:14:32:43 +0000] "POST /get-message-notify HTTP/1.1" 200 19554 "https://alalamy.com.au/?k=7188789071900&mod=df7c6cbf&uri=form.php%3Fid%3D240079-399%26name%3Dfastrack+smartwatch" "Mozilla/5.0 (Linux; Android 6.0.1; Nexus 5X Build/MMB29P) AppleWebKit/537.36 (KHTML, like Gecko) Chrome/137.0.7151.119 Mobile Safari/537.36 (compatible; Googlebot/2.1; +http://www.google.com/bot.html)"
66.249.65.166 - - [15/Jul/2025:14:32:45 +0000] "POST /get-message-notify HTTP/1.1" 200 19554 "https://alalamy.com.au/?k=7187109061900&mod=df7c6cbf&uri=us.php%3Fid%3D240023-399%26name%3Dgear+fit+pro+release+date" "Mozilla/5.0 (Linux; Android 6.0.1; Nexus 5X Build/MMB29P) AppleWebKit/537.36 (KHTML, like Gecko) Chrome/137.0.7151.119 Mobile Safari/537.36 (compatible; Googlebot/2.1; +http://www.google.com/bot.html)"
66.249.65.166 - - [15/Jul/2025:14:32:46 +0000] "GET /?k=7328299011900&mod=c242ee43&uri=goods.php%3Fid%3D244750-405%26name%3Dlebron+james+vii HTTP/1.1" 200 19590 "-" "Mozilla/5.0 (Linux; Android 6.0.1; Nexus 5X Build/MMB29P) AppleWebKit/537.36 (KHTML, like Gecko) Chrome/137.0.7151.103 Mobile Safari/537.36 (compatible; Googlebot/2.1; +http://www.google.com/bot.html)"
66.249.65.164 - - [15/Jul/2025:14:32:47 +0000] "GET /?k=25275950011900&mod=861288f2&uri=us.php%3Fid%3D843613-403%26name%3Dstiefel+in+waschmaschine+waschen HTTP/1.1" 200 19604 "-" "Mozilla/5.0 (Linux; Android 6.0.1; Nexus 5X Build/MMB29P) AppleWebKit/537.36 (KHTML, like Gecko) Chrome/137.0.7151.103 Mobile Safari/537.36 (compatible; Googlebot/2.1; +http://www.google.com/bot.html)"
66.249.65.166 - - [15/Jul/2025:14:32:49 +0000] "GET /?k=7327939041900&mod=9078b6ab&uri=category-info.php%3Fid%3D244738-222%26name%3Dnew+air+jordan+low HTTP/1.1" 200 19657 "-" "Mozilla/5.0 (Linux; Android 6.0.1; Nexus 5X Build/MMB29P) AppleWebKit/537.36 (KHTML, like Gecko) Chrome/137.0.7151.103 Mobile Safari/537.36 (compatible; Googlebot/2.1; +http://www.google.com/bot.html)"
66.249.65.165 - - [15/Jul/2025:14:32:52 +0000] "GET /?k=7326589041900&mod=50a41579&uri=article.php%3Fid%3D244693-406%26name%3Ddr+martens+rainbow+patent HTTP/1.1" 200 19642 "-" "Mozilla/5.0 (Linux; Android 6.0.1; Nexus 5X Build/MMB29P) AppleWebKit/537.36 (KHTML, like Gecko) Chrome/137.0.7151.103 Mobile Safari/537.36 (compatible; Googlebot/2.1; +http://www.google.com/bot.html)"
66.249.65.166 - - [15/Jul/2025:14:32:54 +0000] "GET /?k=7508039021900&mod=e73fecc0&uri=pin.php%3Fid%3D250753-37%26name%3Dherren+geldb%C3%83%C2%B6rse+guess HTTP/1.1" 200 19624 "-" "Mozilla/5.0 (Linux; Android 6.0.1; Nexus 5X Build/MMB29P) AppleWebKit/537.36 (KHTML, like Gecko) Chrome/137.0.7151.103 Mobile Safari/537.36 (compatible; Googlebot/2.1; +http://www.google.com/bot.html)"
66.249.65.165 - - [15/Jul/2025:14:32:56 +0000] "GET /?k=7499663021900&mod=c5b86fa9&uri=dp.php%3Fid%3D250473-141%26name%3Dtrajecito+de+mujer+para+civil HTTP/1.1" 200 19611 "-" "Mozilla/5.0 (Linux; Android 6.0.1; Nexus 5X Build/MMB29P) AppleWebKit/537.36 (KHTML, like Gecko) Chrome/137.0.7151.103 Mobile Safari/537.36 (compatible; Googlebot/2.1; +http://www.google.com/bot.html)"
66.249.65.164 - - [15/Jul/2025:14:33:00 +0000] "GET /?k=7309263091900&mod=1177967c&uri=goods.php%3Fid%3D244113-22%26name%3Dtag+heuer+carrera+preise HTTP/1.1" 200 19607 "-" "Mozilla/5.0 (Linux; Android 6.0.1; Nexus 5X Build/MMB29P) AppleWebKit/537.36 (KHTML, like Gecko) Chrome/137.0.7151.103 Mobile Safari/537.36 (compatible; Googlebot/2.1; +http://www.google.com/bot.html)"
66.249.65.165 - - [15/Jul/2025:14:33:02 +0000] "GET /?k=29508659041900&mod=861288f2&uri=info.php%3Fid%3D984928-403%26name%3Dplateau+sommer+schuhe HTTP/1.1" 200 19605 "-" "Mozilla/5.0 (Linux; Android 6.0.1; Nexus 5X Build/MMB29P) AppleWebKit/537.36 (KHTML, like Gecko) Chrome/137.0.7151.103 Mobile Safari/537.36 (compatible; Googlebot/2.1; +http://www.google.com/bot.html)"
209.74.77.214 - - [15/Jul/2025:14:33:04 +0000] "POST /wp-cron.php?doing_wp_cron=1752589984.6070790290832519531250 HTTP/1.1" 200 - "-" "WordPress/6.8.1; https://alalamy.com.au"
54.36.148.213 - - [15/Jul/2025:14:33:04 +0000] "GET /shopbrand/177478677.htm HTTP/1.1" 404 20340 "-" "Mozilla/5.0 (compatible; AhrefsBot/7.0; +http://ahrefs.com/robot/)"
209.74.77.214 - - [15/Jul/2025:14:33:04 +0000] "POST /wp-admin/admin-ajax.php?action=async_litespeed&nonce=RJ3nUkeQVmq8tDeaimTj1EXOxk2RGuXJ&litespeed_type=imgoptm HTTP/1.1" 200 21 "-" "WordPress/6.8.1; https://alalamy.com.au"
66.249.65.164 - - [15/Jul/2025:14:33:04 +0000] "GET /?k=25291782061900&mod=861288f2&uri=blog.php%3Fid%3D844142-403%26name%3Dslipper+schuhe+m%C3%83%C2%A4nner HTTP/1.1" 200 19630 "-" "Mozilla/5.0 (Linux; Android 6.0.1; Nexus 5X Build/MMB29P) AppleWebKit/537.36 (KHTML, like Gecko) Chrome/137.0.7151.103 Mobile Safari/537.36 (compatible; Googlebot/2.1; +http://www.google.com/bot.html)"
66.249.65.164 - - [15/Jul/2025:14:33:07 +0000] "GET /?k=7328659021900&mod=9078b6ab&uri=itm.php%3Fid%3D244762-222%26name%3Djordan+mid+gray HTTP/1.1" 200 19588 "-" "Mozilla/5.0 (Linux; Android 6.0.1; Nexus 5X Build/MMB29P) AppleWebKit/537.36 (KHTML, like Gecko) Chrome/137.0.7151.103 Mobile Safari/537.36 (compatible; Googlebot/2.1; +http://www.google.com/bot.html)"
66.249.65.164 - - [15/Jul/2025:14:33:11 +0000] "GET /?k=7330459131900&mod=c242ee43&uri=products.php%3Fid%3D244822-405%26name%3Decco+felicia+ankle+boot HTTP/1.1" 200 19636 "-" "Mozilla/5.0 (Linux; Android 6.0.1; Nexus 5X Build/MMB29P) AppleWebKit/537.36 (KHTML, like Gecko) Chrome/137.0.7151.103 Mobile Safari/537.36 (compatible; Googlebot/2.1; +http://www.google.com/bot.html)"
66.249.65.164 - - [15/Jul/2025:14:33:12 +0000] "POST /get-message-notify HTTP/1.1" 200 19554 "https://alalamy.com.au/?k=7186059041900&mod=df7c6cbf&uri=info.php%3Fid%3D239988-399%26name%3Dsamsung+r815f" "Mozilla/5.0 (Linux; Android 6.0.1; Nexus 5X Build/MMB29P) AppleWebKit/537.36 (KHTML, like Gecko) Chrome/137.0.7151.119 Mobile Safari/537.36 (compatible; Googlebot/2.1; +http://www.google.com/bot.html)"
66.249.65.164 - - [15/Jul/2025:14:33:13 +0000] "GET /?k=7330999041900&mod=1177967c&uri=category-info.php%3Fid%3D244840-22%26name%3Darmbanduhr+mit+glitzersteinen HTTP/1.1" 200 19675 "-" "Mozilla/5.0 (Linux; Android 6.0.1; Nexus 5X Build/MMB29P) AppleWebKit/537.36 (KHTML, like Gecko) Chrome/137.0.7151.103 Mobile Safari/537.36 (compatible; Googlebot/2.1; +http://www.google.com/bot.html)"
66.249.65.164 - - [15/Jul/2025:14:33:15 +0000] "GET /?k=25287972011900&mod=861288f2&uri=product.php%3Fid%3D844015-403%26name%3Dherren+schuhe+mokassins HTTP/1.1" 200 19629 "-" "Mozilla/5.0 (Linux; Android 6.0.1; Nexus 5X Build/MMB29P) AppleWebKit/537.36 (KHTML, like Gecko) Chrome/137.0.7151.103 Mobile Safari/537.36 (compatible; Googlebot/2.1; +http://www.google.com/bot.html)"
66.249.65.164 - - [15/Jul/2025:14:33:16 +0000] "GET /?k=7325869101900&mod=9078b6ab&uri=itm.php%3Fid%3D244669-222%26name%3Dmichael+jordan+wearing+jordan+bred HTTP/1.1" 200 19610 "-" "Mozilla/5.0 (Linux; Android 6.0.1; Nexus 5X Build/MMB29P) AppleWebKit/537.36 (KHTML, like Gecko) Chrome/137.0.7151.103 Mobile Safari/537.36 (compatible; Googlebot/2.1; +http://www.google.com/bot.html)"
66.249.65.164 - - [15/Jul/2025:14:33:19 +0000] "POST /get-message-notify HTTP/1.1" 200 19554 "https://alalamy.com.au/?k=7325869101900&mod=9078b6ab&uri=itm.php%3Fid%3D244669-222%26name%3Dmichael+jordan+wearing+jordan+bred" "Mozilla/5.0 (Linux; Android 6.0.1; Nexus 5X Build/MMB29P) AppleWebKit/537.36 (KHTML, like Gecko) Chrome/137.0.7151.119 Mobile Safari/537.36 (compatible; Googlebot/2.1; +http://www.google.com/bot.html)"
66.249.65.164 - - [15/Jul/2025:14:33:20 +0000] "GET /?k=7290467091900&mod=861288f2&uri=products.php%3Fid%3D243483-403%26name%3Decco+offroad+sandalen+damen HTTP/1.1" 200 19639 "-" "Mozilla/5.0 (Linux; Android 6.0.1; Nexus 5X Build/MMB29P) AppleWebKit/537.36 (KHTML, like Gecko) Chrome/137.0.7151.103 Mobile Safari/537.36 (compatible; Googlebot/2.1; +http://www.google.com/bot.html)"
66.249.65.164 - - [15/Jul/2025:14:33:37 +0000] "GET /?k=7026029061900&mod=156cc497&uri=products.php%3Fid%3D234646-396%26name%3Dpuma+shuffle+blanche HTTP/1.1" 200 19630 "-" "Mozilla/5.0 (Linux; Android 6.0.1; Nexus 5X Build/MMB29P) AppleWebKit/537.36 (KHTML, like Gecko) Chrome/137.0.7151.103 Mobile Safari/537.36 (compatible; Googlebot/2.1; +http://www.google.com/bot.html)"
66.249.65.164 - - [15/Jul/2025:14:33:38 +0000] "GET /?k=7025489031900&mod=156cc497&uri=dp.php%3Fid%3D234628-396%26name%3Dpuma+future+rider+femme+pastel HTTP/1.1" 200 19610 "-" "Mozilla/5.0 (Linux; Android 6.0.1; Nexus 5X Build/MMB29P) AppleWebKit/537.36 (KHTML, like Gecko) Chrome/137.0.7151.103 Mobile Safari/537.36 (compatible; Googlebot/2.1; +http://www.google.com/bot.html)"
66.249.65.164 - - [15/Jul/2025:14:33:49 +0000] "POST /get-message-notify HTTP/1.1" 200 19554 "https://alalamy.com.au/?k=7305211071900&mod=1177967c&uri=product.php%3Fid%3D243977-22%26name%3Drolex+daytona+wasserdicht" "Mozilla/5.0 (Linux; Android 6.0.1; Nexus 5X Build/MMB29P) AppleWebKit/537.36 (KHTML, like Gecko) Chrome/137.0.7151.119 Mobile Safari/537.36 (compatible; Googlebot/2.1; +http://www.google.com/bot.html)"
209.74.77.214 - - [15/Jul/2025:14:33:53 +0000] "POST /wp-cron.php?doing_wp_cron=1752590033.8977410793304443359375 HTTP/1.1" 200 - "-" "WordPress/6.8.1; https://alalamy.com.au"
54.36.149.64 - - [15/Jul/2025:14:33:53 +0000] "GET /shopbrand/177479233.htm HTTP/1.1" 404 20340 "-" "Mozilla/5.0 (compatible; AhrefsBot/7.0; +http://ahrefs.com/robot/)"
209.74.77.214 - - [15/Jul/2025:14:33:54 +0000] "POST /wp-admin/admin-ajax.php?action=async_litespeed&nonce=vkS3afSsYCfqSVMoghYLi1eWrgxiTwEI&litespeed_type=imgoptm HTTP/1.1" 200 21 "-" "WordPress/6.8.1; https://alalamy.com.au"
66.249.65.165 - - [15/Jul/2025:14:34:15 +0000] "POST /get-message-notify HTTP/1.1" 200 19554 "https://alalamy.com.au/?k=6724235081900&mod=26bcbaf7&uri=category-info.php?shopbrand/453140.htm" "Mozilla/5.0 (Linux; Android 6.0.1; Nexus 5X Build/MMB29P) AppleWebKit/537.36 (KHTML, like Gecko) Chrome/137.0.7151.119 Mobile Safari/537.36 (compatible; Googlebot/2.1; +http://www.google.com/bot.html)"
66.249.65.165 - - [15/Jul/2025:14:34:28 +0000] "GET /?k=6724835131900&mod=de3358ca&uri=products.php?pcmypage HTTP/1.1" 200 18915 "-" "Mozilla/5.0 (Linux; Android 6.0.1; Nexus 5X Build/MMB29P) AppleWebKit/537.36 (KHTML, like Gecko) Chrome/137.0.7151.103 Mobile Safari/537.36 (compatible; Googlebot/2.1; +http://www.google.com/bot.html)"
66.249.65.164 - - [15/Jul/2025:14:34:31 +0000] "POST /get-message-notify HTTP/1.1" 200 19554 "https://alalamy.com.au/?k=6724835131900&mod=de3358ca&uri=products.php?pcmypage" "Mozilla/5.0 (Linux; Android 6.0.1; Nexus 5X Build/MMB29P) AppleWebKit/537.36 (KHTML, like Gecko) Chrome/137.0.7151.119 Mobile Safari/537.36 (compatible; Googlebot/2.1; +http://www.google.com/bot.html)"
66.249.65.165 - - [15/Jul/2025:14:34:32 +0000] "POST /get-message-notify HTTP/1.1" 200 19554 "https://alalamy.com.au/?k=6574825071900&mod=7a51ab26&uri=news.php?boyslove.html" "Mozilla/5.0 (Linux; Android 6.0.1; Nexus 5X Build/MMB29P) AppleWebKit/537.36 (KHTML, like Gecko) Chrome/137.0.7151.119 Mobile Safari/537.36 (compatible; Googlebot/2.1; +http://www.google.com/bot.html)"
66.249.65.164 - - [15/Jul/2025:14:34:47 +0000] "GET /?k=6668395061900&mod=ead6d4ad&uri=article.php?product/edit/A3078795228 HTTP/1.1" 200 19008 "-" "Mozilla/5.0 (Linux; Android 6.0.1; Nexus 5X Build/MMB29P) AppleWebKit/537.36 (KHTML, like Gecko) Chrome/137.0.7151.103 Mobile Safari/537.36 (compatible; Googlebot/2.1; +http://www.google.com/bot.html)"
209.74.77.214 - - [15/Jul/2025:14:34:47 +0000] "POST /wp-cron.php?doing_wp_cron=1752590087.9556388854980468750000 HTTP/1.1" 200 - "-" "WordPress/6.8.1; https://alalamy.com.au"
54.36.148.203 - - [15/Jul/2025:14:34:47 +0000] "GET /shopbrand/177479904.htm HTTP/1.1" 404 20340 "-" "Mozilla/5.0 (compatible; AhrefsBot/7.0; +http://ahrefs.com/robot/)"
209.74.77.214 - - [15/Jul/2025:14:34:48 +0000] "POST /wp-admin/admin-ajax.php?action=async_litespeed&nonce=NzA4YSrupiGPKWdvCify9bXZa9XJY1QM&litespeed_type=imgoptm HTTP/1.1" 200 21 "-" "WordPress/6.8.1; https://alalamy.com.au"
66.249.65.164 - - [15/Jul/2025:14:34:51 +0000] "GET /?k=119396807021900&mod=960b0b80&uri=category-info.php?boyslove.html HTTP/1.1" 200 20532 "-" "Mozilla/5.0 (Linux; Android 6.0.1; Nexus 5X Build/MMB29P) AppleWebKit/537.36 (KHTML, like Gecko) Chrome/137.0.7151.103 Mobile Safari/537.36 (compatible; Googlebot/2.1; +http://www.google.com/bot.html)"
209.74.77.214 - - [15/Jul/2025:14:35:47 +0000] "POST /wp-cron.php?doing_wp_cron=1752590147.3853590488433837890625 HTTP/1.1" 200 - "-" "WordPress/6.8.1; https://alalamy.com.au"
209.74.77.214 - - [15/Jul/2025:14:35:47 +0000] "POST /wp-admin/admin-ajax.php?action=async_litespeed&nonce=IQmlq0EVzi7y9FBinqHTdwNurDnoAZHP&litespeed_type=imgoptm HTTP/1.1" 200 21 "-" "WordPress/6.8.1; https://alalamy.com.au"
54.36.148.55 - - [15/Jul/2025:14:35:45 +0000] "GET /shopbrand/177479946.htm HTTP/1.1" 404 20340 "-" "Mozilla/5.0 (compatible; AhrefsBot/7.0; +http://ahrefs.com/robot/)"
209.74.77.214 - - [15/Jul/2025:14:36:39 +0000] "POST /wp-cron.php?doing_wp_cron=1752590199.1146340370178222656250 HTTP/1.1" 200 - "-" "WordPress/6.8.1; https://alalamy.com.au"
54.36.148.226 - - [15/Jul/2025:14:36:37 +0000] "GET /shopbrand/177480327.htm HTTP/1.1" 404 20340 "-" "Mozilla/5.0 (compatible; AhrefsBot/7.0; +http://ahrefs.com/robot/)"
209.74.77.214 - - [15/Jul/2025:14:36:39 +0000] "POST /wp-admin/admin-ajax.php?action=async_litespeed&nonce=atth9IReuViVbnvbUcrocoWAR7BWhVqr&litespeed_type=imgoptm HTTP/1.1" 200 21 "-" "WordPress/6.8.1; https://alalamy.com.au"
66.249.65.165 - - [15/Jul/2025:14:37:13 +0000] "GET /robots.txt HTTP/1.1" 200 92 "-" "Mozilla/5.0 (compatible; Googlebot/2.1; +http://www.google.com/bot.html)"
66.249.65.166 - - [15/Jul/2025:14:37:13 +0000] "GET /?k=6668395061900&mod=ead6d4ad&uri=article.php?shopbrand/7724109.htm HTTP/1.1" 200 20425 "-" "Mozilla/5.0 (Linux; Android 6.0.1; Nexus 5X Build/MMB29P) AppleWebKit/537.36 (KHTML, like Gecko) Chrome/137.0.7151.103 Mobile Safari/537.36 (compatible; Googlebot/2.1; +http://www.google.com/bot.html)"
209.74.77.214 - - [15/Jul/2025:14:37:19 +0000] "POST /wp-cron.php?doing_wp_cron=1752590239.0346820354461669921875 HTTP/1.1" 200 - "-" "WordPress/6.8.1; https://alalamy.com.au"
54.36.148.230 - - [15/Jul/2025:14:37:17 +0000] "GET /shopbrand/177480486.htm HTTP/1.1" 404 20340 "-" "Mozilla/5.0 (compatible; AhrefsBot/7.0; +http://ahrefs.com/robot/)"
209.74.77.214 - - [15/Jul/2025:14:38:15 +0000] "POST /wp-cron.php?doing_wp_cron=1752590295.9280610084533691406250 HTTP/1.1" 200 - "-" "WordPress/6.8.1; https://alalamy.com.au"
54.36.148.254 - - [15/Jul/2025:14:38:14 +0000] "GET /shopbrand/177480617.htm HTTP/1.1" 404 20339 "-" "Mozilla/5.0 (compatible; AhrefsBot/7.0; +http://ahrefs.com/robot/)"
209.74.77.214 - - [15/Jul/2025:14:38:16 +0000] "POST /wp-admin/admin-ajax.php?action=async_litespeed&nonce=5htSRAouyhh24GqtBPfewPCFjyDiFMpJ&litespeed_type=imgoptm HTTP/1.1" 200 21 "-" "WordPress/6.8.1; https://alalamy.com.au"
66.249.65.166 - - [15/Jul/2025:14:38:24 +0000] "GET /robots.txt HTTP/1.1" 200 92 "-" "Mozilla/5.0 (compatible; Googlebot/2.1; +http://www.google.com/bot.html)"
66.249.65.166 - - [15/Jul/2025:14:38:24 +0000] "GET /?k=6574285041900&mod=f4d1f9e7&uri=pin.php?shopbrand/7651954.htm HTTP/1.1" 200 21186 "-" "Mozilla/5.0 (Linux; Android 6.0.1; Nexus 5X Build/MMB29P) AppleWebKit/537.36 (KHTML, like Gecko) Chrome/137.0.7151.103 Mobile Safari/537.36 (compatible; Googlebot/2.1; +http://www.google.com/bot.html)"
66.249.65.165 - - [15/Jul/2025:14:38:43 +0000] "GET /?k=6668395061900&mod=ead6d4ad&uri=article.php?shopbrand/9087403.htm HTTP/1.1" 200 19084 "-" "Mozilla/5.0 (Linux; Android 6.0.1; Nexus 5X Build/MMB29P) AppleWebKit/537.36 (KHTML, like Gecko) Chrome/137.0.7151.103 Mobile Safari/537.36 (compatible; Googlebot/2.1; +http://www.google.com/bot.html)"
66.249.65.165 - - [15/Jul/2025:14:39:01 +0000] "POST /get-message-notify HTTP/1.1" 200 19554 "https://alalamy.com.au/?k=6668395061900&mod=ead6d4ad&uri=article.php?shopbrand/9087403.htm" "Mozilla/5.0 (Linux; Android 6.0.1; Nexus 5X Build/MMB29P) AppleWebKit/537.36 (KHTML, like Gecko) Chrome/137.0.7151.119 Mobile Safari/537.36 (compatible; Googlebot/2.1; +http://www.google.com/bot.html)"
66.249.65.164 - - [15/Jul/2025:14:39:01 +0000] "POST /get-message-notify HTTP/1.1" 200 19554 "https://alalamy.com.au/?k=6574285041900&mod=f4d1f9e7&uri=pin.php?shopbrand/7651954.htm" "Mozilla/5.0 (Linux; Android 6.0.1; Nexus 5X Build/MMB29P) AppleWebKit/537.36 (KHTML, like Gecko) Chrome/137.0.7151.119 Mobile Safari/537.36 (compatible; Googlebot/2.1; +http://www.google.com/bot.html)"
209.74.77.214 - - [15/Jul/2025:14:39:09 +0000] "POST /wp-cron.php?doing_wp_cron=1752590349.7447049617767333984375 HTTP/1.1" 200 - "-" "WordPress/6.8.1; https://alalamy.com.au"
54.36.148.55 - - [15/Jul/2025:14:39:09 +0000] "GET /shopbrand/177481157.htm HTTP/1.1" 404 20340 "-" "Mozilla/5.0 (compatible; AhrefsBot/7.0; +http://ahrefs.com/robot/)"
209.74.77.214 - - [15/Jul/2025:14:39:09 +0000] "POST /wp-admin/admin-ajax.php?action=async_litespeed&nonce=laGcyjNqy42BdViIKpumb9zDE664nQ9I&litespeed_type=imgoptm HTTP/1.1" 200 21 "-" "WordPress/6.8.1; https://alalamy.com.au"
209.74.77.214 - - [15/Jul/2025:14:40:09 +0000] "POST /wp-cron.php?doing_wp_cron=1752590409.1252529621124267578125 HTTP/1.1" 200 - "-" "WordPress/6.8.1; https://alalamy.com.au"
209.74.77.214 - - [15/Jul/2025:14:40:09 +0000] "POST /wp-admin/admin-ajax.php?action=async_litespeed&nonce=h1et1P4jNxcrLDfSPZG22BVHXHu7QP5t&litespeed_type=imgoptm HTTP/1.1" 200 21 "-" "WordPress/6.8.1; https://alalamy.com.au"
54.36.148.62 - - [15/Jul/2025:14:40:06 +0000] "GET /shopbrand/177481316.htm HTTP/1.1" 404 20340 "-" "Mozilla/5.0 (compatible; AhrefsBot/7.0; +http://ahrefs.com/robot/)"
66.249.65.166 - - [15/Jul/2025:14:40:40 +0000] "GET /robots.txt HTTP/1.1" 200 92 "-" "Mozilla/5.0 (compatible; Googlebot/2.1; +http://www.google.com/bot.html)"
66.249.65.164 - - [15/Jul/2025:14:40:40 +0000] "POST /get-message-notify HTTP/1.1" 200 19554 "https://alalamy.com.au/?k=6574525121900&mod=f4d1f9e7&uri=shop.php?shopbrand/8083567.htm" "Mozilla/5.0 (Linux; Android 6.0.1; Nexus 5X Build/MMB29P) AppleWebKit/537.36 (KHTML, like Gecko) Chrome/137.0.7151.119 Mobile Safari/537.36 (compatible; Googlebot/2.1; +http://www.google.com/bot.html)"
209.74.77.214 - - [15/Jul/2025:14:41:08 +0000] "POST /wp-cron.php?doing_wp_cron=1752590468.7395119667053222656250 HTTP/1.1" 200 - "-" "WordPress/6.8.1; https://alalamy.com.au"
54.36.148.32 - - [15/Jul/2025:14:41:08 +0000] "GET /shopbrand/177483256.htm HTTP/1.1" 404 20340 "-" "Mozilla/5.0 (compatible; AhrefsBot/7.0; +http://ahrefs.com/robot/)"
209.74.77.214 - - [15/Jul/2025:14:41:08 +0000] "POST /wp-admin/admin-ajax.php?action=wp_1_wc_privacy_cleanup&nonce=9c3d79513b HTTP/1.1" 200 - "-" "WordPress/6.8.1; https://alalamy.com.au"
209.74.77.214 - - [15/Jul/2025:14:41:09 +0000] "POST /wp-admin/admin-ajax.php?action=async_litespeed&nonce=G4dzgsWvoFKGGJWRvwXHCSxq5jyYqhph&litespeed_type=imgoptm HTTP/1.1" 200 21 "-" "WordPress/6.8.1; https://alalamy.com.au"
209.74.77.214 - - [15/Jul/2025:14:42:06 +0000] "POST /wp-cron.php?doing_wp_cron=1752590526.8027989864349365234375 HTTP/1.1" 200 - "-" "WordPress/6.8.1; https://alalamy.com.au"
54.36.148.25 - - [15/Jul/2025:14:42:05 +0000] "GET /shopbrand/177483679.htm HTTP/1.1" 404 20340 "-" "Mozilla/5.0 (compatible; AhrefsBot/7.0; +http://ahrefs.com/robot/)"
66.249.65.164 - - [15/Jul/2025:14:42:51 +0000] "GET /robots.txt HTTP/1.1" 200 92 "-" "Mozilla/5.0 (compatible; Googlebot/2.1; +http://www.google.com/bot.html)"
66.249.65.166 - - [15/Jul/2025:14:42:51 +0000] "GET /?k=6668395061900&mod=ead6d4ad&uri=article.php?shopbrand/7728100.htm HTTP/1.1" 200 21092 "-" "Mozilla/5.0 (Linux; Android 6.0.1; Nexus 5X Build/MMB29P) AppleWebKit/537.36 (KHTML, like Gecko) Chrome/137.0.7151.103 Mobile Safari/537.36 (compatible; Googlebot/2.1; +http://www.google.com/bot.html)"
54.36.148.168 - - [15/Jul/2025:14:43:04 +0000] "GET /shopbrand/177484235.htm HTTP/1.1" 404 20340 "-" "Mozilla/5.0 (compatible; AhrefsBot/7.0; +http://ahrefs.com/robot/)"
209.74.77.214 - - [15/Jul/2025:14:43:59 +0000] "POST /wp-cron.php?doing_wp_cron=1752590639.0373480319976806640625 HTTP/1.1" 200 - "-" "WordPress/6.8.1; https://alalamy.com.au"
209.74.77.214 - - [15/Jul/2025:14:43:59 +0000] "POST /wp-admin/admin-ajax.php?action=async_litespeed&nonce=PNBvgAHYmLghAr1MJYAh2m7FRc5gpeFH&litespeed_type=imgoptm HTTP/1.1" 200 21 "-" "WordPress/6.8.1; https://alalamy.com.au"
54.36.149.8 - - [15/Jul/2025:14:43:56 +0000] "GET /shopbrand/177484509.htm HTTP/1.1" 404 20340 "-" "Mozilla/5.0 (compatible; AhrefsBot/7.0; +http://ahrefs.com/robot/)"
66.249.65.165 - - [15/Jul/2025:14:44:06 +0000] "GET /robots.txt HTTP/1.1" 200 92 "-" "Mozilla/5.0 (compatible; Googlebot/2.1; +http://www.google.com/bot.html)"
66.249.65.165 - - [15/Jul/2025:14:44:06 +0000] "GET /?k=6574525121900&mod=f4d1f9e7&uri=shop.php?feature/idol/gradol.html HTTP/1.1" 200 19332 "-" "Mozilla/5.0 (Linux; Android 6.0.1; Nexus 5X Build/MMB29P) AppleWebKit/537.36 (KHTML, like Gecko) Chrome/137.0.7151.103 Mobile Safari/537.36 (compatible; Googlebot/2.1; +http://www.google.com/bot.html)"
66.249.65.164 - - [15/Jul/2025:14:44:46 +0000] "GET /?k=93977340041900&mod=0bb3498d&uri=us.php?shopbrand/251469.htm HTTP/1.1" 200 21898 "-" "Mozilla/5.0 (Linux; Android 6.0.1; Nexus 5X Build/MMB29P) AppleWebKit/537.36 (KHTML, like Gecko) Chrome/137.0.7151.103 Mobile Safari/537.36 (compatible; Googlebot/2.1; +http://www.google.com/bot.html)"
209.74.77.214 - - [15/Jul/2025:14:44:54 +0000] "POST /wp-cron.php?doing_wp_cron=1752590694.3113260269165039062500 HTTP/1.1" 200 - "-" "WordPress/6.8.1; https://alalamy.com.au"
54.36.148.172 - - [15/Jul/2025:14:44:53 +0000] "GET /shopbrand/177484809.htm HTTP/1.1" 404 20340 "-" "Mozilla/5.0 (compatible; AhrefsBot/7.0; +http://ahrefs.com/robot/)"
209.74.77.214 - - [15/Jul/2025:14:44:54 +0000] "POST /wp-admin/admin-ajax.php?action=async_litespeed&nonce=PpWVBLFhLjSca7CmqzvZbDUsqzTvgz9Q&litespeed_type=imgoptm HTTP/1.1" 200 21 "-" "WordPress/6.8.1; https://alalamy.com.au"
209.74.77.214 - - [15/Jul/2025:14:45:44 +0000] "POST /wp-cron.php?doing_wp_cron=1752590744.1870288848876953125000 HTTP/1.1" 200 - "-" "WordPress/6.8.1; https://alalamy.com.au"
54.36.149.12 - - [15/Jul/2025:14:45:42 +0000] "GET /shopbrand/177485190.htm HTTP/1.1" 404 20340 "-" "Mozilla/5.0 (compatible; AhrefsBot/7.0; +http://ahrefs.com/robot/)"
209.74.77.214 - - [15/Jul/2025:14:45:44 +0000] "POST /wp-admin/admin-ajax.php?action=async_litespeed&nonce=En9h5tBvQX9cvOIaBUyWm0D4iiFHRmt6&litespeed_type=imgoptm HTTP/1.1" 200 21 "-" "WordPress/6.8.1; https://alalamy.com.au"
66.249.65.166 - - [15/Jul/2025:14:46:19 +0000] "GET /robots.txt HTTP/1.1" 200 92 "-" "Mozilla/5.0 (compatible; Googlebot/2.1; +http://www.google.com/bot.html)"
66.249.65.166 - - [15/Jul/2025:14:46:19 +0000] "GET /?k=6574285041900&mod=f4d1f9e7&uri=pin.php?shopbrand/250323.htm HTTP/1.1" 200 19344 "-" "Mozilla/5.0 (Linux; Android 6.0.1; Nexus 5X Build/MMB29P) AppleWebKit/537.36 (KHTML, like Gecko) Chrome/137.0.7151.103 Mobile Safari/537.36 (compatible; Googlebot/2.1; +http://www.google.com/bot.html)"
66.249.65.166 - - [15/Jul/2025:14:46:21 +0000] "POST /get-message-notify HTTP/1.1" 200 19554 "https://alalamy.com.au/?k=6574285041900&mod=f4d1f9e7&uri=pin.php?shopbrand/250323.htm" "Mozilla/5.0 (Linux; Android 6.0.1; Nexus 5X Build/MMB29P) AppleWebKit/537.36 (KHTML, like Gecko) Chrome/137.0.7151.119 Mobile Safari/537.36 (compatible; Googlebot/2.1; +http://www.google.com/bot.html)"
209.74.77.214 - - [15/Jul/2025:14:46:46 +0000] "POST /wp-cron.php?doing_wp_cron=1752590806.0875220298767089843750 HTTP/1.1" 200 - "-" "WordPress/6.8.1; https://alalamy.com.au"
54.36.148.182 - - [15/Jul/2025:14:46:44 +0000] "GET /shopbrand/177485746.htm HTTP/1.1" 404 20339 "-" "Mozilla/5.0 (compatible; AhrefsBot/7.0; +http://ahrefs.com/robot/)"
209.74.77.214 - - [15/Jul/2025:14:46:46 +0000] "POST /wp-admin/admin-ajax.php?action=async_litespeed&nonce=IPJNcBrXlmKtNXVG3VWTAbjymh5OOm2U&litespeed_type=imgoptm HTTP/1.1" 200 21 "-" "WordPress/6.8.1; https://alalamy.com.au"
66.249.65.166 - - [15/Jul/2025:14:47:13 +0000] "GET /?k=119396807021900&mod=960b0b80&uri=category-info.php?shopbrand/249227.htm HTTP/1.1" 200 21055 "-" "Mozilla/5.0 (Linux; Android 6.0.1; Nexus 5X Build/MMB29P) AppleWebKit/537.36 (KHTML, like Gecko) Chrome/137.0.7151.103 Mobile Safari/537.36 (compatible; Googlebot/2.1; +http://www.google.com/bot.html)"
66.249.65.165 - - [15/Jul/2025:14:47:41 +0000] "GET /robots.txt HTTP/1.1" 200 92 "-" "Mozilla/5.0 (compatible; Googlebot/2.1; +http://www.google.com/bot.html)"
66.249.65.165 - - [15/Jul/2025:14:47:41 +0000] "GET /?k=6574825071900&mod=7a51ab26&uri=news.php?shopbrand/8311386.htm HTTP/1.1" 200 19428 "-" "Mozilla/5.0 (Linux; Android 6.0.1; Nexus 5X Build/MMB29P) AppleWebKit/537.36 (KHTML, like Gecko) Chrome/137.0.7151.103 Mobile Safari/537.36 (compatible; Googlebot/2.1; +http://www.google.com/bot.html)"
209.74.77.214 - - [15/Jul/2025:14:47:49 +0000] "POST /wp-cron.php?doing_wp_cron=1752590869.3913919925689697265625 HTTP/1.1" 200 - "-" "WordPress/6.8.1; https://alalamy.com.au"
54.36.149.32 - - [15/Jul/2025:14:47:48 +0000] "GET /shopbrand/177488427.htm HTTP/1.1" 404 20340 "-" "Mozilla/5.0 (compatible; AhrefsBot/7.0; +http://ahrefs.com/robot/)"
209.74.77.214 - - [15/Jul/2025:14:47:49 +0000] "POST /wp-admin/admin-ajax.php?action=async_litespeed&nonce=uYZ8jumLWJKPwRIIVgL1GaVpTvIzFCLG&litespeed_type=imgoptm HTTP/1.1" 200 21 "-" "WordPress/6.8.1; https://alalamy.com.au"
66.249.65.166 - - [15/Jul/2025:14:48:19 +0000] "GET /?k=6575725021900&mod=7a51ab26&uri=product.php?shopbrand/462890.htm HTTP/1.1" 200 20446 "-" "Mozilla/5.0 (Linux; Android 6.0.1; Nexus 5X Build/MMB29P) AppleWebKit/537.36 (KHTML, like Gecko) Chrome/137.0.7151.103 Mobile Safari/537.36 (compatible; Googlebot/2.1; +http://www.google.com/bot.html)"
66.249.65.166 - - [15/Jul/2025:14:48:23 +0000] "POST /get-message-notify HTTP/1.1" 200 19554 "https://alalamy.com.au/?k=6575725021900&mod=7a51ab26&uri=product.php?shopbrand/462890.htm" "Mozilla/5.0 (Linux; Android 6.0.1; Nexus 5X Build/MMB29P) AppleWebKit/537.36 (KHTML, like Gecko) Chrome/137.0.7151.119 Mobile Safari/537.36 (compatible; Googlebot/2.1; +http://www.google.com/bot.html)"
66.249.65.164 - - [15/Jul/2025:14:49:52 +0000] "GET /?k=6668395061900&mod=ead6d4ad&uri=article.php?shopbrand/248248.htm HTTP/1.1" 200 20273 "-" "Mozilla/5.0 (Linux; Android 6.0.1; Nexus 5X Build/MMB29P) AppleWebKit/537.36 (KHTML, like Gecko) Chrome/137.0.7151.103 Mobile Safari/537.36 (compatible; Googlebot/2.1; +http://www.google.com/bot.html)"
209.74.77.214 - - [15/Jul/2025:14:49:54 +0000] "POST /wp-cron.php?doing_wp_cron=1752590994.6703310012817382812500 HTTP/1.1" 200 - "-" "WordPress/6.8.1; https://alalamy.com.au"
209.74.77.214 - - [15/Jul/2025:14:49:54 +0000] "POST /wp-admin/admin-ajax.php?action=async_litespeed&nonce=YLYaZs4u0iUO6sRU81bQGDsikYyCgu3p&litespeed_type=imgoptm HTTP/1.1" 200 21 "-" "WordPress/6.8.1; https://alalamy.com.au"
54.36.148.22 - - [15/Jul/2025:14:49:52 +0000] "GET /shopbrand/177488800.htm HTTP/1.1" 404 20340 "-" "Mozilla/5.0 (compatible; AhrefsBot/7.0; +http://ahrefs.com/robot/)"
209.74.77.214 - - [15/Jul/2025:14:50:49 +0000] "POST /wp-cron.php?doing_wp_cron=1752591049.5374228954315185546875 HTTP/1.1" 200 - "-" "WordPress/6.8.1; https://alalamy.com.au"
209.74.77.214 - - [15/Jul/2025:14:50:49 +0000] "POST /wp-admin/admin-ajax.php?action=async_litespeed&nonce=p6DbstPrS5zDi137PrKsXDjiKDcVOva6&litespeed_type=imgoptm HTTP/1.1" 200 21 "-" "WordPress/6.8.1; https://alalamy.com.au"
54.36.148.79 - - [15/Jul/2025:14:50:47 +0000] "GET /shopbrand/177490351.htm HTTP/1.1" 404 20339 "-" "Mozilla/5.0 (compatible; AhrefsBot/7.0; +http://ahrefs.com/robot/)"
209.74.77.214 - - [15/Jul/2025:14:51:45 +0000] "POST /wp-cron.php?doing_wp_cron=1752591105.5354330539703369140625 HTTP/1.1" 200 - "-" "WordPress/6.8.1; https://alalamy.com.au"
54.36.149.0 - - [15/Jul/2025:14:51:44 +0000] "GET /shopbrand/177490907.htm HTTP/1.1" 404 20340 "-" "Mozilla/5.0 (compatible; AhrefsBot/7.0; +http://ahrefs.com/robot/)"
209.74.77.214 - - [15/Jul/2025:14:51:45 +0000] "POST /wp-admin/admin-ajax.php?action=async_litespeed&nonce=bELPOHllJMCoCCH3iwqL4nllN30AAunQ&litespeed_type=imgoptm HTTP/1.1" 200 21 "-" "WordPress/6.8.1; https://alalamy.com.au"
66.249.65.164 - - [15/Jul/2025:14:52:45 +0000] "GET /?k=6725435031900&mod=de3358ca&uri=brands.php?shopbrand/8308705.htm HTTP/1.1" 200 19232 "-" "Mozilla/5.0 (Linux; Android 6.0.1; Nexus 5X Build/MMB29P) AppleWebKit/537.36 (KHTML, like Gecko) Chrome/137.0.7151.103 Mobile Safari/537.36 (compatible; Googlebot/2.1; +http://www.google.com/bot.html)"
209.74.77.214 - - [15/Jul/2025:14:52:53 +0000] "POST /wp-cron.php?doing_wp_cron=1752591173.3860960006713867187500 HTTP/1.1" 200 - "-" "WordPress/6.8.1; https://alalamy.com.au"
54.36.148.186 - - [15/Jul/2025:14:52:52 +0000] "GET /shopbrand/177491066.htm HTTP/1.1" 404 20340 "-" "Mozilla/5.0 (compatible; AhrefsBot/7.0; +http://ahrefs.com/robot/)"
209.74.77.214 - - [15/Jul/2025:14:52:53 +0000] "POST /wp-admin/admin-ajax.php?action=async_litespeed&nonce=47Rfss37vpnDtA5EwdxTATc77ifoVgDl&litespeed_type=imgoptm HTTP/1.1" 200 21 "-" "WordPress/6.8.1; https://alalamy.com.au"
66.249.65.165 - - [15/Jul/2025:14:53:00 +0000] "POST /get-message-notify HTTP/1.1" 200 19554 "https://alalamy.com.au/?k=6725435031900&mod=de3358ca&uri=brands.php?shopbrand/8308705.htm" "Mozilla/5.0 (Linux; Android 6.0.1; Nexus 5X Build/MMB29P) AppleWebKit/537.36 (KHTML, like Gecko) Chrome/137.0.7151.119 Mobile Safari/537.36 (compatible; Googlebot/2.1; +http://www.google.com/bot.html)"
57.141.2.7 - - [15/Jul/2025:14:53:12 +0000] "GET /product/masala-fried-pomfret/ HTTP/1.1" 200 107055 "-" "meta-externalagent/1.1 (+https://developers.facebook.com/docs/sharing/webmasters/crawler)"
209.74.77.214 - - [15/Jul/2025:14:53:52 +0000] "POST /wp-cron.php?doing_wp_cron=1752591232.9382669925689697265625 HTTP/1.1" 200 - "-" "WordPress/6.8.1; https://alalamy.com.au"
54.36.148.44 - - [15/Jul/2025:14:53:51 +0000] "GET /shopbrand/177491181.htm HTTP/1.1" 404 20339 "-" "Mozilla/5.0 (compatible; AhrefsBot/7.0; +http://ahrefs.com/robot/)"
209.74.77.214 - - [15/Jul/2025:14:53:53 +0000] "POST /wp-admin/admin-ajax.php?action=async_litespeed&nonce=rtVYzPorWgW7k2B5RrUQOyCg6DSS05s5&litespeed_type=imgoptm HTTP/1.1" 200 21 "-" "WordPress/6.8.1; https://alalamy.com.au"
66.249.65.164 - - [15/Jul/2025:14:53:58 +0000] "GET /?k=7328389111900&mod=c242ee43&uri=itm.php?shopbrand/660941.htm HTTP/1.1" 200 19478 "-" "Mozilla/5.0 (Linux; Android 6.0.1; Nexus 5X Build/MMB29P) AppleWebKit/537.36 (KHTML, like Gecko) Chrome/137.0.7151.103 Mobile Safari/537.36 (compatible; Googlebot/2.1; +http://www.google.com/bot.html)"
209.74.77.214 - - [15/Jul/2025:14:54:50 +0000] "POST /wp-cron.php?doing_wp_cron=1752591290.3536849021911621093750 HTTP/1.1" 200 - "-" "WordPress/6.8.1; https://alalamy.com.au"
54.36.148.60 - - [15/Jul/2025:14:54:48 +0000] "GET /shopbrand/177491747.htm HTTP/1.1" 404 20340 "-" "Mozilla/5.0 (compatible; AhrefsBot/7.0; +http://ahrefs.com/robot/)"
209.74.77.214 - - [15/Jul/2025:14:54:50 +0000] "POST /wp-admin/admin-ajax.php?action=async_litespeed&nonce=JRE24wo0ZnzixL5vBVjk0jKuXMw8JKFl&litespeed_type=imgoptm HTTP/1.1" 200 21 "-" "WordPress/6.8.1; https://alalamy.com.au"
66.249.65.166 - - [15/Jul/2025:14:54:51 +0000] "GET /?k=93977340041900&mod=0bb3498d&uri=us.php?shopbrand/252406.htm HTTP/1.1" 200 20473 "-" "Mozilla/5.0 (Linux; Android 6.0.1; Nexus 5X Build/MMB29P) AppleWebKit/537.36 (KHTML, like Gecko) Chrome/137.0.7151.103 Mobile Safari/537.36 (compatible; Googlebot/2.1; +http://www.google.com/bot.html)"
66.249.65.166 - - [15/Jul/2025:14:54:53 +0000] "POST /get-message-notify HTTP/1.1" 200 19554 "https://alalamy.com.au/?k=93977340041900&mod=0bb3498d&uri=us.php?shopbrand/252406.htm" "Mozilla/5.0 (Linux; Android 6.0.1; Nexus 5X Build/MMB29P) AppleWebKit/537.36 (KHTML, like Gecko) Chrome/137.0.7151.119 Mobile Safari/537.36 (compatible; Googlebot/2.1; +http://www.google.com/bot.html)"
66.249.65.164 - - [15/Jul/2025:14:55:26 +0000] "GET /?k=6574285041900&mod=f4d1f9e7&uri=pin.php?shopbrand/251310.htm HTTP/1.1" 200 21382 "-" "Mozilla/5.0 (Linux; Android 6.0.1; Nexus 5X Build/MMB29P) AppleWebKit/537.36 (KHTML, like Gecko) Chrome/137.0.7151.103 Mobile Safari/537.36 (compatible; Googlebot/2.1; +http://www.google.com/bot.html)"
209.74.77.214 - - [15/Jul/2025:14:55:39 +0000] "POST /wp-cron.php?doing_wp_cron=1752591339.1162810325622558593750 HTTP/1.1" 200 - "-" "WordPress/6.8.1; https://alalamy.com.au"
54.36.148.110 - - [15/Jul/2025:14:55:37 +0000] "GET /shopbrand/177491862.htm HTTP/1.1" 404 20340 "-" "Mozilla/5.0 (compatible; AhrefsBot/7.0; +http://ahrefs.com/robot/)"
209.74.77.214 - - [15/Jul/2025:14:55:39 +0000] "POST /wp-admin/admin-ajax.php?action=async_litespeed&nonce=vvwOy4oohQ6nynypHpkK66ig7Pylja94&litespeed_type=imgoptm HTTP/1.1" 200 21 "-" "WordPress/6.8.1; https://alalamy.com.au"
66.249.65.165 - - [15/Jul/2025:14:55:42 +0000] "POST /get-message-notify HTTP/1.1" 200 19554 "https://alalamy.com.au/?k=7328389111900&mod=c242ee43&uri=itm.php?shopbrand/660941.htm" "Mozilla/5.0 (Linux; Android 6.0.1; Nexus 5X Build/MMB29P) AppleWebKit/537.36 (KHTML, like Gecko) Chrome/137.0.7151.119 Mobile Safari/537.36 (compatible; Googlebot/2.1; +http://www.google.com/bot.html)"
66.249.65.164 - - [15/Jul/2025:14:55:46 +0000] "GET /?k=6574525121900&mod=f4d1f9e7&uri=shop.php?%3Fid%3D219581-156%26name%3Djd+infant+tracksuits HTTP/1.1" 200 19598 "-" "Mozilla/5.0 (Linux; Android 6.0.1; Nexus 5X Build/MMB29P) AppleWebKit/537.36 (KHTML, like Gecko) Chrome/137.0.7151.103 Mobile Safari/537.36 (compatible; Googlebot/2.1; +http://www.google.com/bot.html)"
66.249.65.164 - - [15/Jul/2025:14:55:55 +0000] "GET /?k=7305481021900&mod=1177967c&uri=shop.php?avsoft.html HTTP/1.1" 200 19422 "-" "Mozilla/5.0 (Linux; Android 6.0.1; Nexus 5X Build/MMB29P) AppleWebKit/537.36 (KHTML, like Gecko) Chrome/137.0.7151.103 Mobile Safari/537.36 (compatible; Googlebot/2.1; +http://www.google.com/bot.html)"
66.249.65.164 - - [15/Jul/2025:14:55:56 +0000] "GET /?k=7157782041900&mod=8763d72b&uri=brands.php?shopbrand/244084.htm HTTP/1.1" 200 20755 "-" "Mozilla/5.0 (Linux; Android 6.0.1; Nexus 5X Build/MMB29P) AppleWebKit/537.36 (KHTML, like Gecko) Chrome/137.0.7151.103 Mobile Safari/537.36 (compatible; Googlebot/2.1; +http://www.google.com/bot.html)"
209.74.77.214 - - [15/Jul/2025:14:56:40 +0000] "POST /wp-cron.php?doing_wp_cron=1752591400.2513780593872070312500 HTTP/1.1" 200 - "-" "WordPress/6.8.1; https://alalamy.com.au"
54.36.148.246 - - [15/Jul/2025:14:56:38 +0000] "GET /shopbrand/177492418.htm HTTP/1.1" 404 20340 "-" "Mozilla/5.0 (compatible; AhrefsBot/7.0; +http://ahrefs.com/robot/)"
209.74.77.214 - - [15/Jul/2025:14:56:40 +0000] "POST /wp-admin/admin-ajax.php?action=async_litespeed&nonce=c7NWIxKtKwhn13SpLR5qoQrtA1Xs1DlR&litespeed_type=imgoptm HTTP/1.1" 200 21 "-" "WordPress/6.8.1; https://alalamy.com.au"
66.249.65.165 - - [15/Jul/2025:14:56:49 +0000] "GET /?k=7182292101900&mod=4d383d5c&uri=goods.php?boyslove.html HTTP/1.1" 200 20503 "-" "Mozilla/5.0 (Linux; Android 6.0.1; Nexus 5X Build/MMB29P) AppleWebKit/537.36 (KHTML, like Gecko) Chrome/137.0.7151.103 Mobile Safari/537.36 (compatible; Googlebot/2.1; +http://www.google.com/bot.html)"
209.74.77.214 - - [15/Jul/2025:14:57:26 +0000] "POST /wp-cron.php?doing_wp_cron=1752591446.5112779140472412109375 HTTP/1.1" 200 - "-" "WordPress/6.8.1; https://alalamy.com.au"
54.36.148.96 - - [15/Jul/2025:14:57:24 +0000] "GET /shopbrand/177492692.htm HTTP/1.1" 404 20340 "-" "Mozilla/5.0 (compatible; AhrefsBot/7.0; +http://ahrefs.com/robot/)"
209.74.77.214 - - [15/Jul/2025:14:58:18 +0000] "POST /wp-cron.php?doing_wp_cron=1752591498.2592239379882812500000 HTTP/1.1" 200 - "-" "WordPress/6.8.1; https://alalamy.com.au"
54.36.148.30 - - [15/Jul/2025:14:58:16 +0000] "GET /shopbrand/177492992.htm HTTP/1.1" 404 20340 "-" "Mozilla/5.0 (compatible; AhrefsBot/7.0; +http://ahrefs.com/robot/)"
209.74.77.214 - - [15/Jul/2025:14:58:18 +0000] "POST /wp-admin/admin-ajax.php?action=async_litespeed&nonce=9P7GHbiEHskQwhynzLk0vtSn3f2lR5it&litespeed_type=imgoptm HTTP/1.1" 200 21 "-" "WordPress/6.8.1; https://alalamy.com.au"
66.249.65.164 - - [15/Jul/2025:14:58:46 +0000] "GET /?k=7182292101900&mod=4d383d5c&uri=goods.php?feature/eposcard/index.html HTTP/1.1" 200 20367 "-" "Mozilla/5.0 (Linux; Android 6.0.1; Nexus 5X Build/MMB29P) AppleWebKit/537.36 (KHTML, like Gecko) Chrome/137.0.7151.103 Mobile Safari/537.36 (compatible; Googlebot/2.1; +http://www.google.com/bot.html)"
66.249.65.165 - - [15/Jul/2025:14:58:50 +0000] "GET /?k=7182292101900&mod=4d383d5c&uri=goods.php?feature/sapporo/index.html HTTP/1.1" 200 19756 "-" "Mozilla/5.0 (Linux; Android 6.0.1; Nexus 5X Build/MMB29P) AppleWebKit/537.36 (KHTML, like Gecko) Chrome/137.0.7151.103 Mobile Safari/537.36 (compatible; Googlebot/2.1; +http://www.google.com/bot.html)"
66.249.65.165 - - [15/Jul/2025:14:58:51 +0000] "POST /get-message-notify HTTP/1.1" 200 19554 "https://alalamy.com.au/?k=7182292101900&mod=4d383d5c&uri=goods.php?feature/eposcard/index.html" "Mozilla/5.0 (Linux; Android 6.0.1; Nexus 5X Build/MMB29P) AppleWebKit/537.36 (KHTML, like Gecko) Chrome/137.0.7151.119 Mobile Safari/537.36 (compatible; Googlebot/2.1; +http://www.google.com/bot.html)"
209.74.77.214 - - [15/Jul/2025:14:59:16 +0000] "POST /wp-cron.php?doing_wp_cron=1752591556.2021899223327636718750 HTTP/1.1" 200 - "-" "WordPress/6.8.1; https://alalamy.com.au"
54.36.149.38 - - [15/Jul/2025:14:59:15 +0000] "GET /shopbrand/177493405.htm HTTP/1.1" 404 20339 "-" "Mozilla/5.0 (compatible; AhrefsBot/7.0; +http://ahrefs.com/robot/)"
209.74.77.214 - - [15/Jul/2025:14:59:16 +0000] "POST /wp-admin/admin-ajax.php?action=async_litespeed&nonce=i0MuEI89RSxa0v50ISMffXMtMYt7sACj&litespeed_type=imgoptm HTTP/1.1" 200 21 "-" "WordPress/6.8.1; https://alalamy.com.au"
66.249.65.166 - - [15/Jul/2025:15:00:04 +0000] "GET /?k=7305481021900&mod=1177967c&uri=shop.php?shopbrand/251735.htm HTTP/1.1" 200 19092 "-" "Mozilla/5.0 (Linux; Android 6.0.1; Nexus 5X Build/MMB29P) AppleWebKit/537.36 (KHTML, like Gecko) Chrome/137.0.7151.103 Mobile Safari/537.36 (compatible; Googlebot/2.1; +http://www.google.com/bot.html)"
209.74.77.214 - - [15/Jul/2025:15:00:10 +0000] "POST /wp-cron.php?doing_wp_cron=1752591610.0284988880157470703125 HTTP/1.1" 200 - "-" "WordPress/6.8.1; https://alalamy.com.au"
54.36.149.19 - - [15/Jul/2025:15:00:08 +0000] "GET /shopbrand/177493961.htm HTTP/1.1" 404 20340 "-" "Mozilla/5.0 (compatible; AhrefsBot/7.0; +http://ahrefs.com/robot/)"
209.74.77.214 - - [15/Jul/2025:15:00:10 +0000] "POST /wp-admin/admin-ajax.php?action=async_litespeed&nonce=jE2cDM3VWo98Hgl7TnnzPO2GrOGCyNtN&litespeed_type=imgoptm HTTP/1.1" 200 21 "-" "WordPress/6.8.1; https://alalamy.com.au"
209.74.77.214 - - [15/Jul/2025:15:01:01 +0000] "POST /wp-cron.php?doing_wp_cron=1752591661.2731909751892089843750 HTTP/1.1" 200 - "-" "WordPress/6.8.1; https://alalamy.com.au"
209.74.77.214 - - [15/Jul/2025:15:01:01 +0000] "POST /wp-admin/admin-ajax.php?action=async_litespeed&nonce=WZeeoR2pWpu8vQPefu791OQGgsExmHHT&litespeed_type=imgoptm HTTP/1.1" 200 21 "-" "WordPress/6.8.1; https://alalamy.com.au"
54.36.149.90 - - [15/Jul/2025:15:00:58 +0000] "GET /shopbrand/177494916.htm HTTP/1.1" 404 20340 "-" "Mozilla/5.0 (compatible; AhrefsBot/7.0; +http://ahrefs.com/robot/)"
66.249.65.164 - - [15/Jul/2025:15:01:20 +0000] "GET /?k=7182292101900&mod=4d383d5c&uri=goods.php?shopbrand/248673.htm HTTP/1.1" 200 19054 "-" "Mozilla/5.0 (Linux; Android 6.0.1; Nexus 5X Build/MMB29P) AppleWebKit/537.36 (KHTML, like Gecko) Chrome/137.0.7151.103 Mobile Safari/537.36 (compatible; Googlebot/2.1; +http://www.google.com/bot.html)"
66.249.65.164 - - [15/Jul/2025:15:01:37 +0000] "GET /?k=6574525121900&mod=f4d1f9e7&uri=shop.php?shopbrand/250216.htm HTTP/1.1" 200 21432 "-" "Mozilla/5.0 (Linux; Android 6.0.1; Nexus 5X Build/MMB29P) AppleWebKit/537.36 (KHTML, like Gecko) Chrome/137.0.7151.103 Mobile Safari/537.36 (compatible; Googlebot/2.1; +http://www.google.com/bot.html)"
209.74.77.214 - - [15/Jul/2025:15:01:50 +0000] "POST /wp-cron.php?doing_wp_cron=1752591710.2396860122680664062500 HTTP/1.1" 200 - "-" "WordPress/6.8.1; https://alalamy.com.au"
54.36.148.128 - - [15/Jul/2025:15:01:49 +0000] "GET /shopbrand/177495099.htm HTTP/1.1" 404 20340 "-" "Mozilla/5.0 (compatible; AhrefsBot/7.0; +http://ahrefs.com/robot/)"
209.74.77.214 - - [15/Jul/2025:15:01:50 +0000] "POST /wp-admin/admin-ajax.php?action=async_litespeed&nonce=eTvxtPgJlIhT22YQ9lOO3yqwRIWb83fr&litespeed_type=imgoptm HTTP/1.1" 200 21 "-" "WordPress/6.8.1; https://alalamy.com.au"
66.249.65.171 - - [15/Jul/2025:15:02:36 +0000] "GET /?k=6653575041900&mod=d2394127&uri=blog.php%3Fid%3D222216-372%26name%3Dtortoise+gold+ring HTTP/1.1" 200 19591 "-" "Mozilla/5.0 (compatible; Googlebot/2.1; +http://www.google.com/bot.html)"
66.249.65.161 - - [15/Jul/2025:15:02:43 +0000] "GET /?k=5872668141900&mod=e07472e7&uri=itm.php?shopbrand/446607.htm HTTP/1.1" 200 18865 "-" "Mozilla/5.0 (Linux; Android 6.0.1; Nexus 5X Build/MMB29P) AppleWebKit/537.36 (KHTML, like Gecko) Chrome/137.0.7151.103 Mobile Safari/537.36 (compatible; Googlebot/2.1; +http://www.google.com/bot.html)"
209.74.77.214 - - [15/Jul/2025:15:02:43 +0000] "POST /wp-cron.php?doing_wp_cron=1752591763.5070741176605224609375 HTTP/1.1" 200 - "-" "WordPress/6.8.1; https://alalamy.com.au"
54.36.148.67 - - [15/Jul/2025:15:02:42 +0000] "GET /shopbrand/177495214.htm HTTP/1.1" 404 20340 "-" "Mozilla/5.0 (compatible; AhrefsBot/7.0; +http://ahrefs.com/robot/)"
209.74.77.214 - - [15/Jul/2025:15:02:43 +0000] "POST /wp-admin/admin-ajax.php?action=async_litespeed&nonce=8GmpCZqMpY0FiHWGATKZejVMA3umogAO&litespeed_type=imgoptm HTTP/1.1" 200 21 "-" "WordPress/6.8.1; https://alalamy.com.au"
66.249.65.164 - - [15/Jul/2025:15:03:07 +0000] "GET /?k=5872668141900&mod=e07472e7&uri=itm.php?shopbrand/446468.htm HTTP/1.1" 200 20387 "-" "Mozilla/5.0 (Linux; Android 6.0.1; Nexus 5X Build/MMB29P) AppleWebKit/537.36 (KHTML, like Gecko) Chrome/137.0.7151.103 Mobile Safari/537.36 (compatible; Googlebot/2.1; +http://www.google.com/bot.html)"
66.249.65.165 - - [15/Jul/2025:15:03:07 +0000] "GET /?k=7186479001900&mod=df7c6cbf&uri=blog.php%3Fid%3D240002-399%26name%3Dgalaxy+watch+lte+csl HTTP/1.1" 200 19599 "-" "Mozilla/5.0 (Linux; Android 6.0.1; Nexus 5X Build/MMB29P) AppleWebKit/537.36 (KHTML, like Gecko) Chrome/137.0.7151.103 Mobile Safari/537.36 (compatible; Googlebot/2.1; +http://www.google.com/bot.html)"
209.74.77.214 - - [15/Jul/2025:15:03:36 +0000] "POST /wp-cron.php?doing_wp_cron=1752591816.4310019016265869140625 HTTP/1.1" 200 - "-" "WordPress/6.8.1; https://alalamy.com.au"
54.36.148.2 - - [15/Jul/2025:15:03:36 +0000] "GET /shopbrand/177495639.htm HTTP/1.1" 404 20340 "-" "Mozilla/5.0 (compatible; AhrefsBot/7.0; +http://ahrefs.com/robot/)"
209.74.77.214 - - [15/Jul/2025:15:03:36 +0000] "POST /wp-admin/admin-ajax.php?action=async_litespeed&nonce=VqwSgemsDnjaRgo1Ln6KlFwMQsOyKrXu&litespeed_type=imgoptm HTTP/1.1" 200 21 "-" "WordPress/6.8.1; https://alalamy.com.au"
209.74.77.214 - - [15/Jul/2025:15:04:24 +0000] "POST /wp-cron.php?doing_wp_cron=1752591864.9000399112701416015625 HTTP/1.1" 200 - "-" "WordPress/6.8.1; https://alalamy.com.au"
54.36.149.10 - - [15/Jul/2025:15:04:23 +0000] "GET /shopbrand/177495929.htm HTTP/1.1" 404 20340 "-" "Mozilla/5.0 (compatible; AhrefsBot/7.0; +http://ahrefs.com/robot/)"
66.249.65.166 - - [15/Jul/2025:15:04:33 +0000] "GET /?k=6575725021900&mod=7a51ab26&uri=product.php?avsoft.html HTTP/1.1" 200 19419 "-" "Mozilla/5.0 (Linux; Android 6.0.1; Nexus 5X Build/MMB29P) AppleWebKit/537.36 (KHTML, like Gecko) Chrome/137.0.7151.103 Mobile Safari/537.36 (compatible; Googlebot/2.1; +http://www.google.com/bot.html)"
66.249.65.164 - - [15/Jul/2025:15:04:54 +0000] "GET /?k=7305481021900&mod=1177967c&uri=shop.php?feature/idol/gradol.html HTTP/1.1" 200 19328 "-" "Mozilla/5.0 (Linux; Android 6.0.1; Nexus 5X Build/MMB29P) AppleWebKit/537.36 (KHTML, like Gecko) Chrome/137.0.7151.103 Mobile Safari/537.36 (compatible; Googlebot/2.1; +http://www.google.com/bot.html)"
209.74.77.214 - - [15/Jul/2025:15:05:18 +0000] "POST /wp-cron.php?doing_wp_cron=1752591918.2584040164947509765625 HTTP/1.1" 200 - "-" "WordPress/6.8.1; https://alalamy.com.au"
54.36.148.77 - - [15/Jul/2025:15:05:17 +0000] "GET /shopbrand/177496044.htm HTTP/1.1" 404 20340 "-" "Mozilla/5.0 (compatible; AhrefsBot/7.0; +http://ahrefs.com/robot/)"
209.74.77.214 - - [15/Jul/2025:15:05:18 +0000] "POST /wp-admin/admin-ajax.php?action=async_litespeed&nonce=jYYHBKRv5ZQ7QTo3tCi70lOnBYioe7MB&litespeed_type=imgoptm HTTP/1.1" 200 21 "-" "WordPress/6.8.1; https://alalamy.com.au"
66.249.65.170 - - [15/Jul/2025:15:05:43 +0000] "GET /?k=5872668141900&mod=e07472e7&uri=itm.php?shopbrand/449504.htm HTTP/1.1" 200 21755 "-" "Mozilla/5.0 (Linux; Android 6.0.1; Nexus 5X Build/MMB29P) AppleWebKit/537.36 (KHTML, like Gecko) Chrome/137.0.7151.103 Mobile Safari/537.36 (compatible; Googlebot/2.1; +http://www.google.com/bot.html)"
66.249.65.171 - - [15/Jul/2025:15:05:44 +0000] "GET /?k=7182292101900&mod=4d383d5c&uri=goods.php?shopbrand/243254.htm HTTP/1.1" 200 19187 "-" "Mozilla/5.0 (Linux; Android 6.0.1; Nexus 5X Build/MMB29P) AppleWebKit/537.36 (KHTML, like Gecko) Chrome/137.0.7151.103 Mobile Safari/537.36 (compatible; Googlebot/2.1; +http://www.google.com/bot.html)"
66.249.65.172 - - [15/Jul/2025:15:05:45 +0000] "POST /get-message-notify HTTP/1.1" 200 19554 "https://alalamy.com.au/?k=5872668141900&mod=e07472e7&uri=itm.php?shopbrand/449504.htm" "Mozilla/5.0 AppleWebKit/537.36 (KHTML, like Gecko; compatible; Googlebot/2.1; +http://www.google.com/bot.html) Chrome/137.0.7151.119 Safari/537.36"
66.249.65.171 - - [15/Jul/2025:15:05:46 +0000] "POST /get-message-notify HTTP/1.1" 200 19554 "https://alalamy.com.au/?k=5872668141900&mod=e07472e7&uri=itm.php?shopbrand/449504.htm" "Mozilla/5.0 (Linux; Android 6.0.1; Nexus 5X Build/MMB29P) AppleWebKit/537.36 (KHTML, like Gecko) Chrome/137.0.7151.119 Mobile Safari/537.36 (compatible; Googlebot/2.1; +http://www.google.com/bot.html)"
66.249.65.164 - - [15/Jul/2025:15:06:03 +0000] "GET /?k=6575725021900&mod=7a51ab26&uri=product.php?feature/shoplist/index.html HTTP/1.1" 200 20988 "-" "Mozilla/5.0 (Linux; Android 6.0.1; Nexus 5X Build/MMB29P) AppleWebKit/537.36 (KHTML, like Gecko) Chrome/137.0.7151.103 Mobile Safari/537.36 (compatible; Googlebot/2.1; +http://www.google.com/bot.html)"
