20.171.207.10 - - [15/Jul/2025:18:14:30 +0000] "GET /shopbrand/139939763.htm HTTP/1.1" 301 - "-" "Mozilla/5.0 AppleWebKit/537.36 (KHTML, like Gecko; compatible; GPTBot/1.2; +https://openai.com/gptbot)"
20.171.207.10 - - [15/Jul/2025:18:14:31 +0000] "GET /shopbrand/139917126.htm HTTP/1.1" 301 - "-" "Mozilla/5.0 AppleWebKit/537.36 (KHTML, like Gecko; compatible; GPTBot/1.2; +https://openai.com/gptbot)"
20.171.207.217 - - [15/Jul/2025:18:14:31 +0000] "GET /shopbrand/139979273.htm HTTP/1.1" 404 20339 "-" "Mozilla/5.0 AppleWebKit/537.36 (KHTML, like Gecko; compatible; GPTBot/1.2; +https://openai.com/gptbot)"
209.74.77.214 - - [15/Jul/2025:18:14:32 +0000] "POST /wp-cron.php?doing_wp_cron=1752603272.8605270385742187500000 HTTP/1.1" 200 - "-" "WordPress/6.8.1; https://alalamy.com.au"
20.171.207.10 - - [15/Jul/2025:18:14:32 +0000] "GET /shopbrand/139965355.htm HTTP/1.1" 301 - "-" "Mozilla/5.0 AppleWebKit/537.36 (KHTML, like Gecko; compatible; GPTBot/1.2; +https://openai.com/gptbot)"
209.74.77.214 - - [15/Jul/2025:18:14:33 +0000] "POST /wp-admin/admin-ajax.php?action=async_litespeed&nonce=LybhMdY8Oh5HhCVj7Q1pCzvP9G8j5hx3&litespeed_type=imgoptm HTTP/1.1" 200 21 "-" "WordPress/6.8.1; https://alalamy.com.au"
66.249.65.164 - - [15/Jul/2025:18:14:33 +0000] "GET /?k=98443932001900&mod=da6ea774&uri=form.php?vintagegame.html HTTP/1.1" 200 19165 "-" "Mozilla/5.0 (Linux; Android 6.0.1; Nexus 5X Build/MMB29P) AppleWebKit/537.36 (KHTML, like Gecko) Chrome/137.0.7151.103 Mobile Safari/537.36 (compatible; Googlebot/2.1; +http://www.google.com/bot.html)"
209.74.77.214 - - [15/Jul/2025:18:14:33 +0000] "POST /wp-cron.php?doing_wp_cron=1752603273.9887099266052246093750 HTTP/1.1" 200 - "-" "WordPress/6.8.1; https://alalamy.com.au"
20.171.207.10 - - [15/Jul/2025:18:14:33 +0000] "GET /shopbrand/139924469.htm HTTP/1.1" 301 - "-" "Mozilla/5.0 AppleWebKit/537.36 (KHTML, like Gecko; compatible; GPTBot/1.2; +https://openai.com/gptbot)"
20.171.207.217 - - [15/Jul/2025:18:14:34 +0000] "GET /shopbrand/139923798.htm HTTP/1.1" 404 20339 "-" "Mozilla/5.0 AppleWebKit/537.36 (KHTML, like Gecko; compatible; GPTBot/1.2; +https://openai.com/gptbot)"
20.171.207.10 - - [15/Jul/2025:18:14:34 +0000] "GET /shopbrand/139910029.htm HTTP/1.1" 301 - "-" "Mozilla/5.0 AppleWebKit/537.36 (KHTML, like Gecko; compatible; GPTBot/1.2; +https://openai.com/gptbot)"
66.249.65.164 - - [15/Jul/2025:18:14:35 +0000] "POST /get-message-notify HTTP/1.1" 200 19555 "https://alalamy.com.au/?k=11676778051900&mod=1b728593&uri=product.php?feature/eposcard/index.html" "Mozilla/5.0 (Linux; Android 6.0.1; Nexus 5X Build/MMB29P) AppleWebKit/537.36 (KHTML, like Gecko) Chrome/137.0.7151.119 Mobile Safari/537.36 (compatible; Googlebot/2.1; +http://www.google.com/bot.html)"
20.171.207.10 - - [15/Jul/2025:18:14:36 +0000] "GET /shopbrand/139926312.htm HTTP/1.1" 301 - "-" "Mozilla/5.0 AppleWebKit/537.36 (KHTML, like Gecko; compatible; GPTBot/1.2; +https://openai.com/gptbot)"
66.249.65.164 - - [15/Jul/2025:18:14:36 +0000] "GET /?k=98443932001900&mod=da6ea774&uri=form.php?shopbrand/246034.htm HTTP/1.1" 200 20167 "-" "Mozilla/5.0 (Linux; Android 6.0.1; Nexus 5X Build/MMB29P) AppleWebKit/537.36 (KHTML, like Gecko) Chrome/137.0.7151.103 Mobile Safari/537.36 (compatible; Googlebot/2.1; +http://www.google.com/bot.html)"
20.171.207.10 - - [15/Jul/2025:18:14:37 +0000] "GET /shopbrand/139988135.htm HTTP/1.1" 301 - "-" "Mozilla/5.0 AppleWebKit/537.36 (KHTML, like Gecko; compatible; GPTBot/1.2; +https://openai.com/gptbot)"
66.249.65.164 - - [15/Jul/2025:18:14:37 +0000] "POST /get-message-notify HTTP/1.1" 200 19555 "https://alalamy.com.au/?k=98443932001900&mod=da6ea774&uri=form.php?vintagegame.html" "Mozilla/5.0 (Linux; Android 6.0.1; Nexus 5X Build/MMB29P) AppleWebKit/537.36 (KHTML, like Gecko) Chrome/137.0.7151.119 Mobile Safari/537.36 (compatible; Googlebot/2.1; +http://www.google.com/bot.html)"
20.171.207.217 - - [15/Jul/2025:18:14:38 +0000] "GET /shopbrand/139934503.htm HTTP/1.1" 404 20340 "-" "Mozilla/5.0 AppleWebKit/537.36 (KHTML, like Gecko; compatible; GPTBot/1.2; +https://openai.com/gptbot)"
20.171.207.10 - - [15/Jul/2025:18:14:38 +0000] "GET /shopbrand/139932694.htm HTTP/1.1" 301 - "-" "Mozilla/5.0 AppleWebKit/537.36 (KHTML, like Gecko; compatible; GPTBot/1.2; +https://openai.com/gptbot)"
20.171.207.10 - - [15/Jul/2025:18:14:39 +0000] "GET /shopbrand/139919340.htm HTTP/1.1" 301 - "-" "Mozilla/5.0 AppleWebKit/537.36 (KHTML, like Gecko; compatible; GPTBot/1.2; +https://openai.com/gptbot)"
20.171.207.10 - - [15/Jul/2025:18:14:40 +0000] "GET /shopbrand/139953423.htm HTTP/1.1" 301 - "-" "Mozilla/5.0 AppleWebKit/537.36 (KHTML, like Gecko; compatible; GPTBot/1.2; +https://openai.com/gptbot)"
20.171.207.217 - - [15/Jul/2025:18:14:41 +0000] "GET /shopbrand/139949231.htm HTTP/1.1" 404 20339 "-" "Mozilla/5.0 AppleWebKit/537.36 (KHTML, like Gecko; compatible; GPTBot/1.2; +https://openai.com/gptbot)"
20.171.207.10 - - [15/Jul/2025:18:14:41 +0000] "GET /shopbrand/139899590.htm HTTP/1.1" 301 - "-" "Mozilla/5.0 AppleWebKit/537.36 (KHTML, like Gecko; compatible; GPTBot/1.2; +https://openai.com/gptbot)"
20.171.207.10 - - [15/Jul/2025:18:14:42 +0000] "GET /shopbrand/139943689.htm HTTP/1.1" 301 - "-" "Mozilla/5.0 AppleWebKit/537.36 (KHTML, like Gecko; compatible; GPTBot/1.2; +https://openai.com/gptbot)"
20.171.207.10 - - [15/Jul/2025:18:14:44 +0000] "GET /shopbrand/139912394.htm HTTP/1.1" 301 - "-" "Mozilla/5.0 AppleWebKit/537.36 (KHTML, like Gecko; compatible; GPTBot/1.2; +https://openai.com/gptbot)"
20.171.207.217 - - [15/Jul/2025:18:14:44 +0000] "GET /shopbrand/139912934.htm HTTP/1.1" 404 20339 "-" "Mozilla/5.0 AppleWebKit/537.36 (KHTML, like Gecko; compatible; GPTBot/1.2; +https://openai.com/gptbot)"
20.171.207.10 - - [15/Jul/2025:18:14:45 +0000] "GET /shopbrand/139927249.htm HTTP/1.1" 301 - "-" "Mozilla/5.0 AppleWebKit/537.36 (KHTML, like Gecko; compatible; GPTBot/1.2; +https://openai.com/gptbot)"
66.249.65.164 - - [15/Jul/2025:18:14:46 +0000] "GET /?k=98443932001900&mod=da6ea774&uri=form.php?shopbrand/247277.htm HTTP/1.1" 200 18952 "-" "Mozilla/5.0 (Linux; Android 6.0.1; Nexus 5X Build/MMB29P) AppleWebKit/537.36 (KHTML, like Gecko) Chrome/137.0.7151.103 Mobile Safari/537.36 (compatible; Googlebot/2.1; +http://www.google.com/bot.html)"
20.171.207.10 - - [15/Jul/2025:18:14:46 +0000] "GET /shopbrand/139949092.htm HTTP/1.1" 301 - "-" "Mozilla/5.0 AppleWebKit/537.36 (KHTML, like Gecko; compatible; GPTBot/1.2; +https://openai.com/gptbot)"
20.171.207.10 - - [15/Jul/2025:18:14:47 +0000] "GET /shopbrand/139970917.htm HTTP/1.1" 301 - "-" "Mozilla/5.0 AppleWebKit/537.36 (KHTML, like Gecko; compatible; GPTBot/1.2; +https://openai.com/gptbot)"
20.171.207.217 - - [15/Jul/2025:18:14:47 +0000] "GET /shopbrand/139909614.htm HTTP/1.1" 404 20340 "-" "Mozilla/5.0 AppleWebKit/537.36 (KHTML, like Gecko; compatible; GPTBot/1.2; +https://openai.com/gptbot)"
20.171.207.10 - - [15/Jul/2025:18:14:48 +0000] "GET /shopbrand/139919747.htm HTTP/1.1" 301 - "-" "Mozilla/5.0 AppleWebKit/537.36 (KHTML, like Gecko; compatible; GPTBot/1.2; +https://openai.com/gptbot)"
20.171.207.10 - - [15/Jul/2025:18:14:49 +0000] "GET /shopbrand/139988965.htm HTTP/1.1" 301 - "-" "Mozilla/5.0 AppleWebKit/537.36 (KHTML, like Gecko; compatible; GPTBot/1.2; +https://openai.com/gptbot)"
20.171.207.217 - - [15/Jul/2025:18:14:50 +0000] "GET /shopbrand/139974110.htm HTTP/1.1" 404 20339 "-" "Mozilla/5.0 AppleWebKit/537.36 (KHTML, like Gecko; compatible; GPTBot/1.2; +https://openai.com/gptbot)"
20.171.207.10 - - [15/Jul/2025:18:14:51 +0000] "GET /shopbrand/139912096.htm HTTP/1.1" 301 - "-" "Mozilla/5.0 AppleWebKit/537.36 (KHTML, like Gecko; compatible; GPTBot/1.2; +https://openai.com/gptbot)"
20.171.207.10 - - [15/Jul/2025:18:14:52 +0000] "GET /shopbrand/139976219.htm HTTP/1.1" 301 - "-" "Mozilla/5.0 AppleWebKit/537.36 (KHTML, like Gecko; compatible; GPTBot/1.2; +https://openai.com/gptbot)"
20.171.207.10 - - [15/Jul/2025:18:14:53 +0000] "GET /shopbrand/139933822.htm HTTP/1.1" 301 - "-" "Mozilla/5.0 AppleWebKit/537.36 (KHTML, like Gecko; compatible; GPTBot/1.2; +https://openai.com/gptbot)"
20.171.207.217 - - [15/Jul/2025:18:14:53 +0000] "GET /shopbrand/139967597.htm HTTP/1.1" 404 20339 "-" "Mozilla/5.0 AppleWebKit/537.36 (KHTML, like Gecko; compatible; GPTBot/1.2; +https://openai.com/gptbot)"
20.171.207.10 - - [15/Jul/2025:18:14:54 +0000] "GET /shopbrand/139899209.htm HTTP/1.1" 301 - "-" "Mozilla/5.0 AppleWebKit/537.36 (KHTML, like Gecko; compatible; GPTBot/1.2; +https://openai.com/gptbot)"
66.249.65.164 - - [15/Jul/2025:18:14:54 +0000] "GET /?k=98443932001900&mod=da6ea774&uri=form.php?shopbrand/249086.htm HTTP/1.1" 200 18883 "-" "Mozilla/5.0 (Linux; Android 6.0.1; Nexus 5X Build/MMB29P) AppleWebKit/537.36 (KHTML, like Gecko) Chrome/137.0.7151.103 Mobile Safari/537.36 (compatible; Googlebot/2.1; +http://www.google.com/bot.html)"
20.171.207.10 - - [15/Jul/2025:18:14:55 +0000] "GET /shopbrand/139949787.htm HTTP/1.1" 301 - "-" "Mozilla/5.0 AppleWebKit/537.36 (KHTML, like Gecko; compatible; GPTBot/1.2; +https://openai.com/gptbot)"
20.171.207.10 - - [15/Jul/2025:18:14:56 +0000] "GET /shopbrand/139921159.htm HTTP/1.1" 301 - "-" "Mozilla/5.0 AppleWebKit/537.36 (KHTML, like Gecko; compatible; GPTBot/1.2; +https://openai.com/gptbot)"
20.171.207.217 - - [15/Jul/2025:18:14:56 +0000] "GET /shopbrand/139900720.htm HTTP/1.1" 404 20340 "-" "Mozilla/5.0 AppleWebKit/537.36 (KHTML, like Gecko; compatible; GPTBot/1.2; +https://openai.com/gptbot)"
20.171.207.10 - - [15/Jul/2025:18:14:58 +0000] "GET /shopbrand/139931282.htm HTTP/1.1" 301 - "-" "Mozilla/5.0 AppleWebKit/537.36 (KHTML, like Gecko; compatible; GPTBot/1.2; +https://openai.com/gptbot)"
20.171.207.10 - - [15/Jul/2025:18:14:59 +0000] "GET /shopbrand/139954519.htm HTTP/1.1" 301 - "-" "Mozilla/5.0 AppleWebKit/537.36 (KHTML, like Gecko; compatible; GPTBot/1.2; +https://openai.com/gptbot)"
66.249.65.164 - - [15/Jul/2025:18:14:59 +0000] "GET /?k=98443932001900&mod=da6ea774&uri=form.php?game.html HTTP/1.1" 200 19815 "-" "Mozilla/5.0 (Linux; Android 6.0.1; Nexus 5X Build/MMB29P) AppleWebKit/537.36 (KHTML, like Gecko) Chrome/137.0.7151.103 Mobile Safari/537.36 (compatible; Googlebot/2.1; +http://www.google.com/bot.html)"
20.171.207.217 - - [15/Jul/2025:18:14:59 +0000] "GET /shopbrand/139928121.htm HTTP/1.1" 404 20339 "-" "Mozilla/5.0 AppleWebKit/537.36 (KHTML, like Gecko; compatible; GPTBot/1.2; +https://openai.com/gptbot)"
20.171.207.10 - - [15/Jul/2025:18:15:00 +0000] "GET /shopbrand/139918395.htm HTTP/1.1" 301 - "-" "Mozilla/5.0 AppleWebKit/537.36 (KHTML, like Gecko; compatible; GPTBot/1.2; +https://openai.com/gptbot)"
20.171.207.10 - - [15/Jul/2025:18:15:01 +0000] "GET /shopbrand/139978973.htm HTTP/1.1" 301 - "-" "Mozilla/5.0 AppleWebKit/537.36 (KHTML, like Gecko; compatible; GPTBot/1.2; +https://openai.com/gptbot)"
66.249.65.164 - - [15/Jul/2025:18:15:02 +0000] "POST /get-message-notify HTTP/1.1" 200 19555 "https://alalamy.com.au/?k=98443932001900&mod=da6ea774&uri=form.php?shopbrand/247277.htm" "Mozilla/5.0 (Linux; Android 6.0.1; Nexus 5X Build/MMB29P) AppleWebKit/537.36 (KHTML, like Gecko) Chrome/137.0.7151.119 Mobile Safari/537.36 (compatible; Googlebot/2.1; +http://www.google.com/bot.html)"
20.171.207.10 - - [15/Jul/2025:18:15:02 +0000] "GET /shopbrand/139962833.htm HTTP/1.1" 301 - "-" "Mozilla/5.0 AppleWebKit/537.36 (KHTML, like Gecko; compatible; GPTBot/1.2; +https://openai.com/gptbot)"
20.171.207.217 - - [15/Jul/2025:18:15:03 +0000] "GET /shopbrand/139959116.htm HTTP/1.1" 404 20339 "-" "Mozilla/5.0 AppleWebKit/537.36 (KHTML, like Gecko; compatible; GPTBot/1.2; +https://openai.com/gptbot)"
20.171.207.10 - - [15/Jul/2025:18:15:04 +0000] "GET /shopbrand/139918669.htm HTTP/1.1" 301 - "-" "Mozilla/5.0 AppleWebKit/537.36 (KHTML, like Gecko; compatible; GPTBot/1.2; +https://openai.com/gptbot)"
20.171.207.10 - - [15/Jul/2025:18:15:05 +0000] "GET /shopbrand/139989007.htm HTTP/1.1" 301 - "-" "Mozilla/5.0 AppleWebKit/537.36 (KHTML, like Gecko; compatible; GPTBot/1.2; +https://openai.com/gptbot)"
66.249.65.164 - - [15/Jul/2025:18:15:05 +0000] "GET /?k=98443932001900&mod=da6ea774&uri=form.php?shopbrand/246864.htm HTTP/1.1" 200 20265 "-" "Mozilla/5.0 (Linux; Android 6.0.1; Nexus 5X Build/MMB29P) AppleWebKit/537.36 (KHTML, like Gecko) Chrome/137.0.7151.103 Mobile Safari/537.36 (compatible; Googlebot/2.1; +http://www.google.com/bot.html)"
20.171.207.10 - - [15/Jul/2025:18:15:06 +0000] "GET /shopbrand/139899050.htm HTTP/1.1" 200 - "-" "Mozilla/5.0 AppleWebKit/537.36 (KHTML, like Gecko; compatible; GPTBot/1.2; +https://openai.com/gptbot)"
20.171.207.217 - - [15/Jul/2025:18:15:06 +0000] "GET /shopbrand/139954094.htm HTTP/1.1" 404 20339 "-" "Mozilla/5.0 AppleWebKit/537.36 (KHTML, like Gecko; compatible; GPTBot/1.2; +https://openai.com/gptbot)"
20.171.207.10 - - [15/Jul/2025:18:15:07 +0000] "GET /shopbrand/139983836.htm HTTP/1.1" 301 - "-" "Mozilla/5.0 AppleWebKit/537.36 (KHTML, like Gecko; compatible; GPTBot/1.2; +https://openai.com/gptbot)"
20.171.207.10 - - [15/Jul/2025:18:15:08 +0000] "GET /shopbrand/140010375.htm HTTP/1.1" 301 - "-" "Mozilla/5.0 AppleWebKit/537.36 (KHTML, like Gecko; compatible; GPTBot/1.2; +https://openai.com/gptbot)"
66.249.65.164 - - [15/Jul/2025:18:15:08 +0000] "GET /?k=98443932001900&mod=da6ea774&uri=form.php?shopbrand/248514.htm HTTP/1.1" 200 19426 "-" "Mozilla/5.0 (Linux; Android 6.0.1; Nexus 5X Build/MMB29P) AppleWebKit/537.36 (KHTML, like Gecko) Chrome/137.0.7151.103 Mobile Safari/537.36 (compatible; Googlebot/2.1; +http://www.google.com/bot.html)"
20.171.207.217 - - [15/Jul/2025:18:15:09 +0000] "GET /shopbrand/139929374.htm HTTP/1.1" 404 20340 "-" "Mozilla/5.0 AppleWebKit/537.36 (KHTML, like Gecko; compatible; GPTBot/1.2; +https://openai.com/gptbot)"
20.171.207.10 - - [15/Jul/2025:18:15:09 +0000] "GET /shopbrand/140012474.htm HTTP/1.1" 301 - "-" "Mozilla/5.0 AppleWebKit/537.36 (KHTML, like Gecko; compatible; GPTBot/1.2; +https://openai.com/gptbot)"
20.171.207.10 - - [15/Jul/2025:18:15:11 +0000] "GET /shopbrand/139928959.htm HTTP/1.1" 301 - "-" "Mozilla/5.0 AppleWebKit/537.36 (KHTML, like Gecko; compatible; GPTBot/1.2; +https://openai.com/gptbot)"
20.171.207.10 - - [15/Jul/2025:18:15:12 +0000] "GET /shopbrand/140015123.htm HTTP/1.1" 301 - "-" "Mozilla/5.0 AppleWebKit/537.36 (KHTML, like Gecko; compatible; GPTBot/1.2; +https://openai.com/gptbot)"
20.171.207.217 - - [15/Jul/2025:18:15:12 +0000] "GET /shopbrand/139905051.htm HTTP/1.1" 404 20339 "-" "Mozilla/5.0 AppleWebKit/537.36 (KHTML, like Gecko; compatible; GPTBot/1.2; +https://openai.com/gptbot)"
20.171.207.10 - - [15/Jul/2025:18:15:13 +0000] "GET /shopbrand/140010824.htm HTTP/1.1" 301 - "-" "Mozilla/5.0 AppleWebKit/537.36 (KHTML, like Gecko; compatible; GPTBot/1.2; +https://openai.com/gptbot)"
20.171.207.10 - - [15/Jul/2025:18:15:14 +0000] "GET /shopbrand/139921149.htm HTTP/1.1" 301 - "-" "Mozilla/5.0 AppleWebKit/537.36 (KHTML, like Gecko; compatible; GPTBot/1.2; +https://openai.com/gptbot)"
66.249.65.164 - - [15/Jul/2025:18:15:15 +0000] "GET /?k=98443932001900&mod=da6ea774&uri=form.php?shopbrand/247543.htm HTTP/1.1" 200 21407 "-" "Mozilla/5.0 (Linux; Android 6.0.1; Nexus 5X Build/MMB29P) AppleWebKit/537.36 (KHTML, like Gecko) Chrome/137.0.7151.103 Mobile Safari/537.36 (compatible; Googlebot/2.1; +http://www.google.com/bot.html)"
20.171.207.10 - - [15/Jul/2025:18:15:15 +0000] "GET /shopbrand/139977049.htm HTTP/1.1" 301 - "-" "Mozilla/5.0 AppleWebKit/537.36 (KHTML, like Gecko; compatible; GPTBot/1.2; +https://openai.com/gptbot)"
209.74.77.214 - - [15/Jul/2025:18:15:16 +0000] "POST /wp-cron.php?doing_wp_cron=1752603316.1348929405212402343750 HTTP/1.1" 200 - "-" "WordPress/6.8.1; https://alalamy.com.au"
20.171.207.217 - - [15/Jul/2025:18:15:15 +0000] "GET /shopbrand/139901018.htm HTTP/1.1" 404 20339 "-" "Mozilla/5.0 AppleWebKit/537.36 (KHTML, like Gecko; compatible; GPTBot/1.2; +https://openai.com/gptbot)"
20.171.207.10 - - [15/Jul/2025:18:15:16 +0000] "GET /shopbrand/139920021.htm HTTP/1.1" 301 - "-" "Mozilla/5.0 AppleWebKit/537.36 (KHTML, like Gecko; compatible; GPTBot/1.2; +https://openai.com/gptbot)"
20.171.207.10 - - [15/Jul/2025:18:15:18 +0000] "GET /shopbrand/139929473.htm HTTP/1.1" 301 - "-" "Mozilla/5.0 AppleWebKit/537.36 (KHTML, like Gecko; compatible; GPTBot/1.2; +https://openai.com/gptbot)"
20.171.207.217 - - [15/Jul/2025:18:15:19 +0000] "GET /shopbrand/139970917.htm HTTP/1.1" 404 20340 "-" "Mozilla/5.0 AppleWebKit/537.36 (KHTML, like Gecko; compatible; GPTBot/1.2; +https://openai.com/gptbot)"
20.171.207.10 - - [15/Jul/2025:18:15:19 +0000] "GET /shopbrand/139910851.htm HTTP/1.1" 301 - "-" "Mozilla/5.0 AppleWebKit/537.36 (KHTML, like Gecko; compatible; GPTBot/1.2; +https://openai.com/gptbot)"
20.171.207.10 - - [15/Jul/2025:18:15:20 +0000] "GET /shopbrand/139934793.htm HTTP/1.1" 301 - "-" "Mozilla/5.0 AppleWebKit/537.36 (KHTML, like Gecko; compatible; GPTBot/1.2; +https://openai.com/gptbot)"
20.171.207.10 - - [15/Jul/2025:18:15:21 +0000] "GET /shopbrand/139936717.htm HTTP/1.1" 301 - "-" "Mozilla/5.0 AppleWebKit/537.36 (KHTML, like Gecko; compatible; GPTBot/1.2; +https://openai.com/gptbot)"
20.171.207.217 - - [15/Jul/2025:18:15:22 +0000] "GET /shopbrand/139938228.htm HTTP/1.1" 404 20339 "-" "Mozilla/5.0 AppleWebKit/537.36 (KHTML, like Gecko; compatible; GPTBot/1.2; +https://openai.com/gptbot)"
66.249.65.164 - - [15/Jul/2025:18:15:22 +0000] "GET /?k=98443932001900&mod=da6ea774&uri=form.php?kaden.html HTTP/1.1" 200 19016 "-" "Mozilla/5.0 (Linux; Android 6.0.1; Nexus 5X Build/MMB29P) AppleWebKit/537.36 (KHTML, like Gecko) Chrome/137.0.7151.103 Mobile Safari/537.36 (compatible; Googlebot/2.1; +http://www.google.com/bot.html)"
20.171.207.10 - - [15/Jul/2025:18:15:22 +0000] "GET /shopbrand/140010931.htm HTTP/1.1" 301 - "-" "Mozilla/5.0 AppleWebKit/537.36 (KHTML, like Gecko; compatible; GPTBot/1.2; +https://openai.com/gptbot)"
20.171.207.10 - - [15/Jul/2025:18:15:23 +0000] "GET /shopbrand/139941731.htm HTTP/1.1" 301 - "-" "Mozilla/5.0 AppleWebKit/537.36 (KHTML, like Gecko; compatible; GPTBot/1.2; +https://openai.com/gptbot)"
20.171.207.10 - - [15/Jul/2025:18:15:25 +0000] "GET /shopbrand/139909316.htm HTTP/1.1" 301 - "-" "Mozilla/5.0 AppleWebKit/537.36 (KHTML, like Gecko; compatible; GPTBot/1.2; +https://openai.com/gptbot)"
20.171.207.217 - - [15/Jul/2025:18:15:25 +0000] "GET /shopbrand/139932694.htm HTTP/1.1" 404 20339 "-" "Mozilla/5.0 AppleWebKit/537.36 (KHTML, like Gecko; compatible; GPTBot/1.2; +https://openai.com/gptbot)"
20.171.207.10 - - [15/Jul/2025:18:15:26 +0000] "GET /shopbrand/139912553.htm HTTP/1.1" 301 - "-" "Mozilla/5.0 AppleWebKit/537.36 (KHTML, like Gecko; compatible; GPTBot/1.2; +https://openai.com/gptbot)"
20.171.207.10 - - [15/Jul/2025:18:15:27 +0000] "GET /shopbrand/139982593.htm HTTP/1.1" 301 - "-" "Mozilla/5.0 AppleWebKit/537.36 (KHTML, like Gecko; compatible; GPTBot/1.2; +https://openai.com/gptbot)"
20.171.207.10 - - [15/Jul/2025:18:15:28 +0000] "GET /shopbrand/139934237.htm HTTP/1.1" 301 - "-" "Mozilla/5.0 AppleWebKit/537.36 (KHTML, like Gecko; compatible; GPTBot/1.2; +https://openai.com/gptbot)"
20.171.207.217 - - [15/Jul/2025:18:15:28 +0000] "GET /shopbrand/139899209.htm HTTP/1.1" 404 20340 "-" "Mozilla/5.0 AppleWebKit/537.36 (KHTML, like Gecko; compatible; GPTBot/1.2; +https://openai.com/gptbot)"
20.171.207.10 - - [15/Jul/2025:18:15:29 +0000] "GET /shopbrand/139899324.htm HTTP/1.1" 301 - "-" "Mozilla/5.0 AppleWebKit/537.36 (KHTML, like Gecko; compatible; GPTBot/1.2; +https://openai.com/gptbot)"
20.171.207.10 - - [15/Jul/2025:18:15:31 +0000] "GET /shopbrand/139943955.htm HTTP/1.1" 301 - "-" "Mozilla/5.0 AppleWebKit/537.36 (KHTML, like Gecko; compatible; GPTBot/1.2; +https://openai.com/gptbot)"
209.74.77.214 - - [15/Jul/2025:18:15:32 +0000] "POST /wp-cron.php?doing_wp_cron=1752603332.2690939903259277343750 HTTP/1.1" 200 - "-" "WordPress/6.8.1; https://alalamy.com.au"
20.171.207.217 - - [15/Jul/2025:18:15:32 +0000] "GET /shopbrand/139921159.htm HTTP/1.1" 404 20339 "-" "Mozilla/5.0 AppleWebKit/537.36 (KHTML, like Gecko; compatible; GPTBot/1.2; +https://openai.com/gptbot)"
20.171.207.10 - - [15/Jul/2025:18:15:32 +0000] "GET /shopbrand/139982891.htm HTTP/1.1" 301 - "-" "Mozilla/5.0 AppleWebKit/537.36 (KHTML, like Gecko; compatible; GPTBot/1.2; +https://openai.com/gptbot)"
209.74.77.214 - - [15/Jul/2025:18:15:32 +0000] "POST /wp-admin/admin-ajax.php?action=async_litespeed&nonce=08q8iMwAIWtCk1xPFkgLpZ22sG03VBVy&litespeed_type=imgoptm HTTP/1.1" 200 21 "-" "WordPress/6.8.1; https://alalamy.com.au"
209.74.77.214 - - [15/Jul/2025:18:15:33 +0000] "POST /wp-cron.php?doing_wp_cron=1752603333.5765678882598876953125 HTTP/1.1" 200 - "-" "WordPress/6.8.1; https://alalamy.com.au"
20.171.207.10 - - [15/Jul/2025:18:15:33 +0000] "GET /shopbrand/139926022.htm HTTP/1.1" 301 - "-" "Mozilla/5.0 AppleWebKit/537.36 (KHTML, like Gecko; compatible; GPTBot/1.2; +https://openai.com/gptbot)"
66.249.65.164 - - [15/Jul/2025:18:15:34 +0000] "GET /?k=98443932001900&mod=da6ea774&uri=form.php?shopbrand/247003.htm HTTP/1.1" 200 19378 "-" "Mozilla/5.0 (Linux; Android 6.0.1; Nexus 5X Build/MMB29P) AppleWebKit/537.36 (KHTML, like Gecko) Chrome/137.0.7151.103 Mobile Safari/537.36 (compatible; Googlebot/2.1; +http://www.google.com/bot.html)"
20.171.207.10 - - [15/Jul/2025:18:15:34 +0000] "GET /shopbrand/139902529.htm HTTP/1.1" 301 - "-" "Mozilla/5.0 AppleWebKit/537.36 (KHTML, like Gecko; compatible; GPTBot/1.2; +https://openai.com/gptbot)"
20.171.207.217 - - [15/Jul/2025:18:15:35 +0000] "GET /shopbrand/139978973.htm HTTP/1.1" 404 20339 "-" "Mozilla/5.0 AppleWebKit/537.36 (KHTML, like Gecko; compatible; GPTBot/1.2; +https://openai.com/gptbot)"
20.171.207.10 - - [15/Jul/2025:18:15:35 +0000] "GET /shopbrand/139956161.htm HTTP/1.1" 301 - "-" "Mozilla/5.0 AppleWebKit/537.36 (KHTML, like Gecko; compatible; GPTBot/1.2; +https://openai.com/gptbot)"
66.249.65.164 - - [15/Jul/2025:18:15:36 +0000] "POST /get-message-notify HTTP/1.1" 200 19555 "https://alalamy.com.au/?k=98443932001900&mod=da6ea774&uri=form.php?shopbrand/247003.htm" "Mozilla/5.0 (Linux; Android 6.0.1; Nexus 5X Build/MMB29P) AppleWebKit/537.36 (KHTML, like Gecko) Chrome/137.0.7151.119 Mobile Safari/537.36 (compatible; Googlebot/2.1; +http://www.google.com/bot.html)"
20.171.207.10 - - [15/Jul/2025:18:15:36 +0000] "GET /shopbrand/139966469.htm HTTP/1.1" 301 - "-" "Mozilla/5.0 AppleWebKit/537.36 (KHTML, like Gecko; compatible; GPTBot/1.2; +https://openai.com/gptbot)"
66.249.65.164 - - [15/Jul/2025:18:15:37 +0000] "GET /?k=98443932001900&mod=da6ea774&uri=form.php?shopbrand/247843.htm HTTP/1.1" 200 19579 "-" "Mozilla/5.0 (Linux; Android 6.0.1; Nexus 5X Build/MMB29P) AppleWebKit/537.36 (KHTML, like Gecko) Chrome/137.0.7151.103 Mobile Safari/537.36 (compatible; Googlebot/2.1; +http://www.google.com/bot.html)"
20.171.207.10 - - [15/Jul/2025:18:15:38 +0000] "GET /shopbrand/139963971.htm HTTP/1.1" 301 - "-" "Mozilla/5.0 AppleWebKit/537.36 (KHTML, like Gecko; compatible; GPTBot/1.2; +https://openai.com/gptbot)"
20.171.207.217 - - [15/Jul/2025:18:15:38 +0000] "GET /shopbrand/139918669.htm HTTP/1.1" 404 20340 "-" "Mozilla/5.0 AppleWebKit/537.36 (KHTML, like Gecko; compatible; GPTBot/1.2; +https://openai.com/gptbot)"
20.171.207.10 - - [15/Jul/2025:18:15:39 +0000] "GET /shopbrand/139940335.htm HTTP/1.1" 301 - "-" "Mozilla/5.0 AppleWebKit/537.36 (KHTML, like Gecko; compatible; GPTBot/1.2; +https://openai.com/gptbot)"
20.171.207.10 - - [15/Jul/2025:18:15:40 +0000] "GET /shopbrand/139986616.htm HTTP/1.1" 301 - "-" "Mozilla/5.0 AppleWebKit/537.36 (KHTML, like Gecko; compatible; GPTBot/1.2; +https://openai.com/gptbot)"
20.171.207.217 - - [15/Jul/2025:18:15:41 +0000] "GET /shopbrand/139967696.htm HTTP/1.1" 404 20339 "-" "Mozilla/5.0 AppleWebKit/537.36 (KHTML, like Gecko; compatible; GPTBot/1.2; +https://openai.com/gptbot)"
20.171.207.10 - - [15/Jul/2025:18:15:41 +0000] "GET /shopbrand/139979813.htm HTTP/1.1" 301 - "-" "Mozilla/5.0 AppleWebKit/537.36 (KHTML, like Gecko; compatible; GPTBot/1.2; +https://openai.com/gptbot)"
20.171.207.10 - - [15/Jul/2025:18:15:42 +0000] "GET /shopbrand/139912263.htm HTTP/1.1" 301 - "-" "Mozilla/5.0 AppleWebKit/537.36 (KHTML, like Gecko; compatible; GPTBot/1.2; +https://openai.com/gptbot)"
66.249.65.164 - - [15/Jul/2025:18:15:42 +0000] "GET /?k=98443932001900&mod=da6ea774&uri=form.php?shopbrand/244523.htm HTTP/1.1" 200 19077 "-" "Mozilla/5.0 (Linux; Android 6.0.1; Nexus 5X Build/MMB29P) AppleWebKit/537.36 (KHTML, like Gecko) Chrome/137.0.7151.103 Mobile Safari/537.36 (compatible; Googlebot/2.1; +http://www.google.com/bot.html)"
20.171.207.10 - - [15/Jul/2025:18:15:43 +0000] "GET /shopbrand/139959223.htm HTTP/1.1" 301 - "-" "Mozilla/5.0 AppleWebKit/537.36 (KHTML, like Gecko; compatible; GPTBot/1.2; +https://openai.com/gptbot)"
20.171.207.217 - - [15/Jul/2025:18:15:44 +0000] "GET /shopbrand/139971332.htm HTTP/1.1" 404 20339 "-" "Mozilla/5.0 AppleWebKit/537.36 (KHTML, like Gecko; compatible; GPTBot/1.2; +https://openai.com/gptbot)"
20.171.207.10 - - [15/Jul/2025:18:15:45 +0000] "GET /shopbrand/139943389.htm HTTP/1.1" 301 - "-" "Mozilla/5.0 AppleWebKit/537.36 (KHTML, like Gecko; compatible; GPTBot/1.2; +https://openai.com/gptbot)"
20.171.207.10 - - [15/Jul/2025:18:15:46 +0000] "GET /shopbrand/139953381.htm HTTP/1.1" 301 - "-" "Mozilla/5.0 AppleWebKit/537.36 (KHTML, like Gecko; compatible; GPTBot/1.2; +https://openai.com/gptbot)"
20.171.207.10 - - [15/Jul/2025:18:15:47 +0000] "GET /shopbrand/139985945.htm HTTP/1.1" 301 - "-" "Mozilla/5.0 AppleWebKit/537.36 (KHTML, like Gecko; compatible; GPTBot/1.2; +https://openai.com/gptbot)"
20.171.207.217 - - [15/Jul/2025:18:15:47 +0000] "GET /shopbrand/139899590.htm HTTP/1.1" 404 20340 "-" "Mozilla/5.0 AppleWebKit/537.36 (KHTML, like Gecko; compatible; GPTBot/1.2; +https://openai.com/gptbot)"
20.171.207.10 - - [15/Jul/2025:18:15:48 +0000] "GET /shopbrand/139937557.htm HTTP/1.1" 301 - "-" "Mozilla/5.0 AppleWebKit/537.36 (KHTML, like Gecko; compatible; GPTBot/1.2; +https://openai.com/gptbot)"
66.249.65.164 - - [15/Jul/2025:18:15:49 +0000] "GET /?k=98443932001900&mod=da6ea774&uri=form.php?shopbrand/246606.htm HTTP/1.1" 200 20443 "-" "Mozilla/5.0 (Linux; Android 6.0.1; Nexus 5X Build/MMB29P) AppleWebKit/537.36 (KHTML, like Gecko) Chrome/137.0.7151.103 Mobile Safari/537.36 (compatible; Googlebot/2.1; +http://www.google.com/bot.html)"
20.171.207.10 - - [15/Jul/2025:18:15:49 +0000] "GET /shopbrand/140011803.htm HTTP/1.1" 301 - "-" "Mozilla/5.0 AppleWebKit/537.36 (KHTML, like Gecko; compatible; GPTBot/1.2; +https://openai.com/gptbot)"
20.171.207.217 - - [15/Jul/2025:18:15:50 +0000] "GET /shopbrand/139910851.htm HTTP/1.1" 404 20339 "-" "Mozilla/5.0 AppleWebKit/537.36 (KHTML, like Gecko; compatible; GPTBot/1.2; +https://openai.com/gptbot)"
20.171.207.10 - - [15/Jul/2025:18:15:51 +0000] "GET /shopbrand/139969505.htm HTTP/1.1" 301 - "-" "Mozilla/5.0 AppleWebKit/537.36 (KHTML, like Gecko; compatible; GPTBot/1.2; +https://openai.com/gptbot)"
20.171.207.10 - - [15/Jul/2025:18:15:52 +0000] "GET /shopbrand/139979132.htm HTTP/1.1" 301 - "-" "Mozilla/5.0 AppleWebKit/537.36 (KHTML, like Gecko; compatible; GPTBot/1.2; +https://openai.com/gptbot)"
20.171.207.10 - - [15/Jul/2025:18:15:53 +0000] "GET /shopbrand/139905996.htm HTTP/1.1" 301 - "-" "Mozilla/5.0 AppleWebKit/537.36 (KHTML, like Gecko; compatible; GPTBot/1.2; +https://openai.com/gptbot)"
20.171.207.217 - - [15/Jul/2025:18:15:54 +0000] "GET /shopbrand/139936717.htm HTTP/1.1" 404 20339 "-" "Mozilla/5.0 AppleWebKit/537.36 (KHTML, like Gecko; compatible; GPTBot/1.2; +https://openai.com/gptbot)"
20.171.207.10 - - [15/Jul/2025:18:15:54 +0000] "GET /shopbrand/139948818.htm HTTP/1.1" 301 - "-" "Mozilla/5.0 AppleWebKit/537.36 (KHTML, like Gecko; compatible; GPTBot/1.2; +https://openai.com/gptbot)"
20.171.207.10 - - [15/Jul/2025:18:15:55 +0000] "GET /shopbrand/139897110.htm HTTP/1.1" 301 - "-" "Mozilla/5.0 AppleWebKit/537.36 (KHTML, like Gecko; compatible; GPTBot/1.2; +https://openai.com/gptbot)"
20.171.207.10 - - [15/Jul/2025:18:15:56 +0000] "GET /shopbrand/139948933.htm HTTP/1.1" 301 - "-" "Mozilla/5.0 AppleWebKit/537.36 (KHTML, like Gecko; compatible; GPTBot/1.2; +https://openai.com/gptbot)"
20.171.207.217 - - [15/Jul/2025:18:15:57 +0000] "GET /shopbrand/139922702.htm HTTP/1.1" 404 20340 "-" "Mozilla/5.0 AppleWebKit/537.36 (KHTML, like Gecko; compatible; GPTBot/1.2; +https://openai.com/gptbot)"
20.171.207.10 - - [15/Jul/2025:18:15:58 +0000] "GET /shopbrand/139924511.htm HTTP/1.1" 301 - "-" "Mozilla/5.0 AppleWebKit/537.36 (KHTML, like Gecko; compatible; GPTBot/1.2; +https://openai.com/gptbot)"
20.171.207.10 - - [15/Jul/2025:18:15:59 +0000] "GET /shopbrand/139944900.htm HTTP/1.1" 301 - "-" "Mozilla/5.0 AppleWebKit/537.36 (KHTML, like Gecko; compatible; GPTBot/1.2; +https://openai.com/gptbot)"
20.171.207.10 - - [15/Jul/2025:18:16:00 +0000] "GET /shopbrand/139983431.htm HTTP/1.1" 301 - "-" "Mozilla/5.0 AppleWebKit/537.36 (KHTML, like Gecko; compatible; GPTBot/1.2; +https://openai.com/gptbot)"
20.171.207.217 - - [15/Jul/2025:18:16:00 +0000] "GET /shopbrand/139912553.htm HTTP/1.1" 404 20339 "-" "Mozilla/5.0 AppleWebKit/537.36 (KHTML, like Gecko; compatible; GPTBot/1.2; +https://openai.com/gptbot)"
66.249.65.166 - - [15/Jul/2025:18:16:01 +0000] "GET /?k=98443932001900&mod=da6ea774&uri=form.php?shopbrand/249227.htm HTTP/1.1" 200 21015 "-" "Mozilla/5.0 (Linux; Android 6.0.1; Nexus 5X Build/MMB29P) AppleWebKit/537.36 (KHTML, like Gecko) Chrome/137.0.7151.103 Mobile Safari/537.36 (compatible; Googlebot/2.1; +http://www.google.com/bot.html)"
20.171.207.10 - - [15/Jul/2025:18:16:01 +0000] "GET /shopbrand/139960194.htm HTTP/1.1" 301 - "-" "Mozilla/5.0 AppleWebKit/537.36 (KHTML, like Gecko; compatible; GPTBot/1.2; +https://openai.com/gptbot)"
20.171.207.10 - - [15/Jul/2025:18:16:02 +0000] "GET /shopbrand/139914743.htm HTTP/1.1" 301 - "-" "Mozilla/5.0 AppleWebKit/537.36 (KHTML, like Gecko; compatible; GPTBot/1.2; +https://openai.com/gptbot)"
20.171.207.217 - - [15/Jul/2025:18:16:03 +0000] "GET /shopbrand/139989380.htm HTTP/1.1" 404 20339 "-" "Mozilla/5.0 AppleWebKit/537.36 (KHTML, like Gecko; compatible; GPTBot/1.2; +https://openai.com/gptbot)"
20.171.207.10 - - [15/Jul/2025:18:16:03 +0000] "GET /shopbrand/139911723.htm HTTP/1.1" 301 - "-" "Mozilla/5.0 AppleWebKit/537.36 (KHTML, like Gecko; compatible; GPTBot/1.2; +https://openai.com/gptbot)"
66.249.65.165 - - [15/Jul/2025:18:16:04 +0000] "GET /?k=98443932001900&mod=da6ea774&uri=form.php?oreka/plamodel_menu.html HTTP/1.1" 200 19504 "-" "Mozilla/5.0 (Linux; Android 6.0.1; Nexus 5X Build/MMB29P) AppleWebKit/537.36 (KHTML, like Gecko) Chrome/137.0.7151.103 Mobile Safari/537.36 (compatible; Googlebot/2.1; +http://www.google.com/bot.html)"
20.171.207.10 - - [15/Jul/2025:18:16:05 +0000] "GET /shopbrand/139960766.htm HTTP/1.1" 301 - "-" "Mozilla/5.0 AppleWebKit/537.36 (KHTML, like Gecko; compatible; GPTBot/1.2; +https://openai.com/gptbot)"
20.171.207.10 - - [15/Jul/2025:18:16:06 +0000] "GET /shopbrand/139903200.htm HTTP/1.1" 301 - "-" "Mozilla/5.0 AppleWebKit/537.36 (KHTML, like Gecko; compatible; GPTBot/1.2; +https://openai.com/gptbot)"
20.171.207.217 - - [15/Jul/2025:18:16:06 +0000] "GET /shopbrand/139915317.htm HTTP/1.1" 404 20340 "-" "Mozilla/5.0 AppleWebKit/537.36 (KHTML, like Gecko; compatible; GPTBot/1.2; +https://openai.com/gptbot)"
20.171.207.10 - - [15/Jul/2025:18:16:07 +0000] "GET /shopbrand/139916701.htm HTTP/1.1" 301 - "-" "Mozilla/5.0 AppleWebKit/537.36 (KHTML, like Gecko; compatible; GPTBot/1.2; +https://openai.com/gptbot)"
20.171.207.10 - - [15/Jul/2025:18:16:08 +0000] "GET /shopbrand/140016366.htm HTTP/1.1" 301 - "-" "Mozilla/5.0 AppleWebKit/537.36 (KHTML, like Gecko; compatible; GPTBot/1.2; +https://openai.com/gptbot)"
20.171.207.10 - - [15/Jul/2025:18:16:09 +0000] "GET /shopbrand/139931016.htm HTTP/1.1" 301 - "-" "Mozilla/5.0 AppleWebKit/537.36 (KHTML, like Gecko; compatible; GPTBot/1.2; +https://openai.com/gptbot)"
20.171.207.217 - - [15/Jul/2025:18:16:09 +0000] "GET /shopbrand/139966469.htm HTTP/1.1" 404 20339 "-" "Mozilla/5.0 AppleWebKit/537.36 (KHTML, like Gecko; compatible; GPTBot/1.2; +https://openai.com/gptbot)"
20.171.207.10 - - [15/Jul/2025:18:16:10 +0000] "GET /shopbrand/139932013.htm HTTP/1.1" 301 - "-" "Mozilla/5.0 AppleWebKit/537.36 (KHTML, like Gecko; compatible; GPTBot/1.2; +https://openai.com/gptbot)"
20.171.207.10 - - [15/Jul/2025:18:16:12 +0000] "GET /shopbrand/139929632.htm HTTP/1.1" 301 - "-" "Mozilla/5.0 AppleWebKit/537.36 (KHTML, like Gecko; compatible; GPTBot/1.2; +https://openai.com/gptbot)"
20.171.207.217 - - [15/Jul/2025:18:16:13 +0000] "GET /shopbrand/139901973.htm HTTP/1.1" 404 20339 "-" "Mozilla/5.0 AppleWebKit/537.36 (KHTML, like Gecko; compatible; GPTBot/1.2; +https://openai.com/gptbot)"
20.171.207.10 - - [15/Jul/2025:18:16:13 +0000] "GET /shopbrand/139940196.htm HTTP/1.1" 301 - "-" "Mozilla/5.0 AppleWebKit/537.36 (KHTML, like Gecko; compatible; GPTBot/1.2; +https://openai.com/gptbot)"
20.171.207.10 - - [15/Jul/2025:18:16:14 +0000] "GET /shopbrand/139895698.htm HTTP/1.1" 301 - "-" "Mozilla/5.0 AppleWebKit/537.36 (KHTML, like Gecko; compatible; GPTBot/1.2; +https://openai.com/gptbot)"
66.249.65.165 - - [15/Jul/2025:18:16:15 +0000] "GET /?k=98443932001900&mod=da6ea774&uri=form.php?shopbrand/246705.htm HTTP/1.1" 200 19789 "-" "Mozilla/5.0 (Linux; Android 6.0.1; Nexus 5X Build/MMB29P) AppleWebKit/537.36 (KHTML, like Gecko) Chrome/137.0.7151.103 Mobile Safari/537.36 (compatible; Googlebot/2.1; +http://www.google.com/bot.html)"
20.171.207.10 - - [15/Jul/2025:18:16:15 +0000] "GET /shopbrand/139923639.htm HTTP/1.1" 301 - "-" "Mozilla/5.0 AppleWebKit/537.36 (KHTML, like Gecko; compatible; GPTBot/1.2; +https://openai.com/gptbot)"
209.74.77.214 - - [15/Jul/2025:18:16:16 +0000] "POST /wp-cron.php?doing_wp_cron=1752603376.6716759204864501953125 HTTP/1.1" 200 - "-" "WordPress/6.8.1; https://alalamy.com.au"
20.171.207.217 - - [15/Jul/2025:18:16:16 +0000] "GET /shopbrand/139896695.htm HTTP/1.1" 404 20339 "-" "Mozilla/5.0 AppleWebKit/537.36 (KHTML, like Gecko; compatible; GPTBot/1.2; +https://openai.com/gptbot)"
20.171.207.10 - - [15/Jul/2025:18:16:16 +0000] "GET /shopbrand/139936983.htm HTTP/1.1" 301 - "-" "Mozilla/5.0 AppleWebKit/537.36 (KHTML, like Gecko; compatible; GPTBot/1.2; +https://openai.com/gptbot)"
20.171.207.10 - - [15/Jul/2025:18:16:18 +0000] "GET /shopbrand/139901399.htm HTTP/1.1" 301 - "-" "Mozilla/5.0 AppleWebKit/537.36 (KHTML, like Gecko; compatible; GPTBot/1.2; +https://openai.com/gptbot)"
20.171.207.10 - - [15/Jul/2025:18:16:19 +0000] "GET /shopbrand/139913905.htm HTTP/1.1" 301 - "-" "Mozilla/5.0 AppleWebKit/537.36 (KHTML, like Gecko; compatible; GPTBot/1.2; +https://openai.com/gptbot)"
20.171.207.217 - - [15/Jul/2025:18:16:19 +0000] "GET /shopbrand/139989678.htm HTTP/1.1" 404 20339 "-" "Mozilla/5.0 AppleWebKit/537.36 (KHTML, like Gecko; compatible; GPTBot/1.2; +https://openai.com/gptbot)"
20.171.207.10 - - [15/Jul/2025:18:16:20 +0000] "GET /shopbrand/139999960.htm HTTP/1.1" 301 - "-" "Mozilla/5.0 AppleWebKit/537.36 (KHTML, like Gecko; compatible; GPTBot/1.2; +https://openai.com/gptbot)"
66.249.65.164 - - [15/Jul/2025:18:16:20 +0000] "GET /?k=98443932001900&mod=da6ea774&uri=form.php?shopbrand/247692.htm HTTP/1.1" 200 19274 "-" "Mozilla/5.0 (Linux; Android 6.0.1; Nexus 5X Build/MMB29P) AppleWebKit/537.36 (KHTML, like Gecko) Chrome/137.0.7151.103 Mobile Safari/537.36 (compatible; Googlebot/2.1; +http://www.google.com/bot.html)"
20.171.207.10 - - [15/Jul/2025:18:16:21 +0000] "GET /shopbrand/139972027.htm HTTP/1.1" 301 - "-" "Mozilla/5.0 AppleWebKit/537.36 (KHTML, like Gecko; compatible; GPTBot/1.2; +https://openai.com/gptbot)"
20.171.207.10 - - [15/Jul/2025:18:16:22 +0000] "GET /shopbrand/139921830.htm HTTP/1.1" 301 - "-" "Mozilla/5.0 AppleWebKit/537.36 (KHTML, like Gecko; compatible; GPTBot/1.2; +https://openai.com/gptbot)"
20.171.207.217 - - [15/Jul/2025:18:16:23 +0000] "GET /shopbrand/139937557.htm HTTP/1.1" 404 20339 "-" "Mozilla/5.0 AppleWebKit/537.36 (KHTML, like Gecko; compatible; GPTBot/1.2; +https://openai.com/gptbot)"
20.171.207.10 - - [15/Jul/2025:18:16:23 +0000] "GET /shopbrand/139960353.htm HTTP/1.1" 301 - "-" "Mozilla/5.0 AppleWebKit/537.36 (KHTML, like Gecko; compatible; GPTBot/1.2; +https://openai.com/gptbot)"
20.171.207.10 - - [15/Jul/2025:18:16:25 +0000] "GET /shopbrand/140010665.htm HTTP/1.1" 301 - "-" "Mozilla/5.0 AppleWebKit/537.36 (KHTML, like Gecko; compatible; GPTBot/1.2; +https://openai.com/gptbot)"
66.249.65.164 - - [15/Jul/2025:18:16:25 +0000] "GET /?k=98443932001900&mod=da6ea774&uri=form.php?shopbrand/247577.htm HTTP/1.1" 200 19683 "-" "Mozilla/5.0 (Linux; Android 6.0.1; Nexus 5X Build/MMB29P) AppleWebKit/537.36 (KHTML, like Gecko) Chrome/137.0.7151.103 Mobile Safari/537.36 (compatible; Googlebot/2.1; +http://www.google.com/bot.html)"
20.171.207.10 - - [15/Jul/2025:18:16:26 +0000] "GET /shopbrand/139921715.htm HTTP/1.1" 301 - "-" "Mozilla/5.0 AppleWebKit/537.36 (KHTML, like Gecko; compatible; GPTBot/1.2; +https://openai.com/gptbot)"
20.171.207.217 - - [15/Jul/2025:18:16:26 +0000] "GET /shopbrand/139909316.htm HTTP/1.1" 404 20339 "-" "Mozilla/5.0 AppleWebKit/537.36 (KHTML, like Gecko; compatible; GPTBot/1.2; +https://openai.com/gptbot)"
20.171.207.10 - - [15/Jul/2025:18:16:27 +0000] "GET /shopbrand/139943115.htm HTTP/1.1" 301 - "-" "Mozilla/5.0 AppleWebKit/537.36 (KHTML, like Gecko; compatible; GPTBot/1.2; +https://openai.com/gptbot)"
20.171.207.10 - - [15/Jul/2025:18:16:28 +0000] "GET /shopbrand/139962162.htm HTTP/1.1" 301 - "-" "Mozilla/5.0 AppleWebKit/537.36 (KHTML, like Gecko; compatible; GPTBot/1.2; +https://openai.com/gptbot)"
20.171.207.217 - - [15/Jul/2025:18:16:29 +0000] "GET /shopbrand/139948933.htm HTTP/1.1" 404 20340 "-" "Mozilla/5.0 AppleWebKit/537.36 (KHTML, like Gecko; compatible; GPTBot/1.2; +https://openai.com/gptbot)"
20.171.207.10 - - [15/Jul/2025:18:16:29 +0000] "GET /shopbrand/139909042.htm HTTP/1.1" 301 - "-" "Mozilla/5.0 AppleWebKit/537.36 (KHTML, like Gecko; compatible; GPTBot/1.2; +https://openai.com/gptbot)"
66.249.65.164 - - [15/Jul/2025:18:16:30 +0000] "GET /?k=98443932001900&mod=da6ea774&uri=form.php?shopbrand/249386.htm HTTP/1.1" 200 20724 "-" "Mozilla/5.0 (Linux; Android 6.0.1; Nexus 5X Build/MMB29P) AppleWebKit/537.36 (KHTML, like Gecko) Chrome/137.0.7151.103 Mobile Safari/537.36 (compatible; Googlebot/2.1; +http://www.google.com/bot.html)"
66.249.65.164 - - [15/Jul/2025:18:16:30 +0000] "POST /get-message-notify HTTP/1.1" 200 19555 "https://alalamy.com.au/?k=98443932001900&mod=da6ea774&uri=form.php?shopbrand/247692.htm" "Mozilla/5.0 (Linux; Android 6.0.1; Nexus 5X Build/MMB29P) AppleWebKit/537.36 (KHTML, like Gecko) Chrome/137.0.7151.119 Mobile Safari/537.36 (compatible; Googlebot/2.1; +http://www.google.com/bot.html)"
20.171.207.10 - - [15/Jul/2025:18:16:31 +0000] "GET /shopbrand/139963149.htm HTTP/1.1" 301 - "-" "Mozilla/5.0 AppleWebKit/537.36 (KHTML, like Gecko; compatible; GPTBot/1.2; +https://openai.com/gptbot)"
209.74.77.214 - - [15/Jul/2025:18:16:32 +0000] "POST /wp-cron.php?doing_wp_cron=1752603392.3939979076385498046875 HTTP/1.1" 200 - "-" "WordPress/6.8.1; https://alalamy.com.au"
20.171.207.10 - - [15/Jul/2025:18:16:32 +0000] "GET /shopbrand/139911997.htm HTTP/1.1" 301 - "-" "Mozilla/5.0 AppleWebKit/537.36 (KHTML, like Gecko; compatible; GPTBot/1.2; +https://openai.com/gptbot)"
209.74.77.214 - - [15/Jul/2025:18:16:32 +0000] "POST /wp-admin/admin-ajax.php?action=async_litespeed&nonce=uJ2DRgl0XpjErbybDg3FUIIxBqdsWgnC&litespeed_type=imgoptm HTTP/1.1" 200 21 "-" "WordPress/6.8.1; https://alalamy.com.au"
20.171.207.217 - - [15/Jul/2025:18:16:32 +0000] "GET /shopbrand/139897110.htm HTTP/1.1" 404 20339 "-" "Mozilla/5.0 AppleWebKit/537.36 (KHTML, like Gecko; compatible; GPTBot/1.2; +https://openai.com/gptbot)"
209.74.77.214 - - [15/Jul/2025:18:16:33 +0000] "POST /wp-cron.php?doing_wp_cron=1752603393.5761060714721679687500 HTTP/1.1" 200 - "-" "WordPress/6.8.1; https://alalamy.com.au"
20.171.207.10 - - [15/Jul/2025:18:16:33 +0000] "GET /shopbrand/139909499.htm HTTP/1.1" 301 - "-" "Mozilla/5.0 AppleWebKit/537.36 (KHTML, like Gecko; compatible; GPTBot/1.2; +https://openai.com/gptbot)"
20.171.207.10 - - [15/Jul/2025:18:16:34 +0000] "GET /shopbrand/139949390.htm HTTP/1.1" 301 - "-" "Mozilla/5.0 AppleWebKit/537.36 (KHTML, like Gecko; compatible; GPTBot/1.2; +https://openai.com/gptbot)"
20.171.207.10 - - [15/Jul/2025:18:16:35 +0000] "GET /shopbrand/139931441.htm HTTP/1.1" 301 - "-" "Mozilla/5.0 AppleWebKit/537.36 (KHTML, like Gecko; compatible; GPTBot/1.2; +https://openai.com/gptbot)"
20.171.207.217 - - [15/Jul/2025:18:16:35 +0000] "GET /shopbrand/139911723.htm HTTP/1.1" 404 20339 "-" "Mozilla/5.0 AppleWebKit/537.36 (KHTML, like Gecko; compatible; GPTBot/1.2; +https://openai.com/gptbot)"
20.171.207.10 - - [15/Jul/2025:18:16:36 +0000] "GET /shopbrand/139932112.htm HTTP/1.1" 301 - "-" "Mozilla/5.0 AppleWebKit/537.36 (KHTML, like Gecko; compatible; GPTBot/1.2; +https://openai.com/gptbot)"
20.171.207.10 - - [15/Jul/2025:18:16:38 +0000] "GET /shopbrand/139989936.htm HTTP/1.1" 301 - "-" "Mozilla/5.0 AppleWebKit/537.36 (KHTML, like Gecko; compatible; GPTBot/1.2; +https://openai.com/gptbot)"
20.171.207.217 - - [15/Jul/2025:18:16:38 +0000] "GET /shopbrand/139960766.htm HTTP/1.1" 404 20340 "-" "Mozilla/5.0 AppleWebKit/537.36 (KHTML, like Gecko; compatible; GPTBot/1.2; +https://openai.com/gptbot)"
20.171.207.10 - - [15/Jul/2025:18:16:39 +0000] "GET /shopbrand/140011090.htm HTTP/1.1" 301 - "-" "Mozilla/5.0 AppleWebKit/537.36 (KHTML, like Gecko; compatible; GPTBot/1.2; +https://openai.com/gptbot)"
20.171.207.10 - - [15/Jul/2025:18:16:40 +0000] "GET /shopbrand/139913349.htm HTTP/1.1" 301 - "-" "Mozilla/5.0 AppleWebKit/537.36 (KHTML, like Gecko; compatible; GPTBot/1.2; +https://openai.com/gptbot)"
20.171.207.10 - - [15/Jul/2025:18:16:41 +0000] "GET /shopbrand/139959779.htm HTTP/1.1" 301 - "-" "Mozilla/5.0 AppleWebKit/537.36 (KHTML, like Gecko; compatible; GPTBot/1.2; +https://openai.com/gptbot)"
20.171.207.217 - - [15/Jul/2025:18:16:42 +0000] "GET /shopbrand/139982019.htm HTTP/1.1" 404 20339 "-" "Mozilla/5.0 AppleWebKit/537.36 (KHTML, like Gecko; compatible; GPTBot/1.2; +https://openai.com/gptbot)"
66.249.65.164 - - [15/Jul/2025:18:16:42 +0000] "GET /?k=98443932001900&mod=da6ea774&uri=form.php?shopbrand/249088.htm HTTP/1.1" 200 18981 "-" "Mozilla/5.0 (Linux; Android 6.0.1; Nexus 5X Build/MMB29P) AppleWebKit/537.36 (KHTML, like Gecko) Chrome/137.0.7151.103 Mobile Safari/537.36 (compatible; Googlebot/2.1; +http://www.google.com/bot.html)"
20.171.207.10 - - [15/Jul/2025:18:16:42 +0000] "GET /shopbrand/139933963.htm HTTP/1.1" 301 - "-" "Mozilla/5.0 AppleWebKit/537.36 (KHTML, like Gecko; compatible; GPTBot/1.2; +https://openai.com/gptbot)"
20.171.207.10 - - [15/Jul/2025:18:16:44 +0000] "GET /shopbrand/139911838.htm HTTP/1.1" 301 - "-" "Mozilla/5.0 AppleWebKit/537.36 (KHTML, like Gecko; compatible; GPTBot/1.2; +https://openai.com/gptbot)"
20.171.207.10 - - [15/Jul/2025:18:16:45 +0000] "GET /shopbrand/139951199.htm HTTP/1.1" 301 - "-" "Mozilla/5.0 AppleWebKit/537.36 (KHTML, like Gecko; compatible; GPTBot/1.2; +https://openai.com/gptbot)"
20.171.207.217 - - [15/Jul/2025:18:16:45 +0000] "GET /shopbrand/139934793.htm HTTP/1.1" 404 20339 "-" "Mozilla/5.0 AppleWebKit/537.36 (KHTML, like Gecko; compatible; GPTBot/1.2; +https://openai.com/gptbot)"
66.249.65.164 - - [15/Jul/2025:18:16:46 +0000] "POST /get-message-notify HTTP/1.1" 200 19555 "https://alalamy.com.au/?k=98443932001900&mod=da6ea774&uri=form.php?shopbrand/249386.htm" "Mozilla/5.0 (Linux; Android 6.0.1; Nexus 5X Build/MMB29P) AppleWebKit/537.36 (KHTML, like Gecko) Chrome/137.0.7151.119 Mobile Safari/537.36 (compatible; Googlebot/2.1; +http://www.google.com/bot.html)"
20.171.207.10 - - [15/Jul/2025:18:16:46 +0000] "GET /shopbrand/140013304.htm HTTP/1.1" 301 - "-" "Mozilla/5.0 AppleWebKit/537.36 (KHTML, like Gecko; compatible; GPTBot/1.2; +https://openai.com/gptbot)"
20.171.207.10 - - [15/Jul/2025:18:16:47 +0000] "GET /shopbrand/139909914.htm HTTP/1.1" 301 - "-" "Mozilla/5.0 AppleWebKit/537.36 (KHTML, like Gecko; compatible; GPTBot/1.2; +https://openai.com/gptbot)"
20.171.207.217 - - [15/Jul/2025:18:16:48 +0000] "GET /shopbrand/139895698.htm HTTP/1.1" 404 20340 "-" "Mozilla/5.0 AppleWebKit/537.36 (KHTML, like Gecko; compatible; GPTBot/1.2; +https://openai.com/gptbot)"
20.171.207.10 - - [15/Jul/2025:18:16:48 +0000] "GET /shopbrand/139929930.htm HTTP/1.1" 301 - "-" "Mozilla/5.0 AppleWebKit/537.36 (KHTML, like Gecko; compatible; GPTBot/1.2; +https://openai.com/gptbot)"
20.171.207.10 - - [15/Jul/2025:18:16:49 +0000] "GET /shopbrand/139903101.htm HTTP/1.1" 301 - "-" "Mozilla/5.0 AppleWebKit/537.36 (KHTML, like Gecko; compatible; GPTBot/1.2; +https://openai.com/gptbot)"
20.171.207.10 - - [15/Jul/2025:18:16:51 +0000] "GET /shopbrand/139923373.htm HTTP/1.1" 301 - "-" "Mozilla/5.0 AppleWebKit/537.36 (KHTML, like Gecko; compatible; GPTBot/1.2; +https://openai.com/gptbot)"
20.171.207.217 - - [15/Jul/2025:18:16:51 +0000] "GET /shopbrand/139898238.htm HTTP/1.1" 404 20339 "-" "Mozilla/5.0 AppleWebKit/537.36 (KHTML, like Gecko; compatible; GPTBot/1.2; +https://openai.com/gptbot)"
20.171.207.10 - - [15/Jul/2025:18:16:52 +0000] "GET /shopbrand/139939497.htm HTTP/1.1" 301 - "-" "Mozilla/5.0 AppleWebKit/537.36 (KHTML, like Gecko; compatible; GPTBot/1.2; +https://openai.com/gptbot)"
20.171.207.10 - - [15/Jul/2025:18:16:53 +0000] "GET /shopbrand/139895599.htm HTTP/1.1" 301 - "-" "Mozilla/5.0 AppleWebKit/537.36 (KHTML, like Gecko; compatible; GPTBot/1.2; +https://openai.com/gptbot)"
20.171.207.217 - - [15/Jul/2025:18:16:54 +0000] "GET /shopbrand/139943955.htm HTTP/1.1" 404 20339 "-" "Mozilla/5.0 AppleWebKit/537.36 (KHTML, like Gecko; compatible; GPTBot/1.2; +https://openai.com/gptbot)"
20.171.207.10 - - [15/Jul/2025:18:16:54 +0000] "GET /shopbrand/139949489.htm HTTP/1.1" 301 - "-" "Mozilla/5.0 AppleWebKit/537.36 (KHTML, like Gecko; compatible; GPTBot/1.2; +https://openai.com/gptbot)"
66.249.65.164 - - [15/Jul/2025:18:16:55 +0000] "GET /?k=98443932001900&mod=da6ea774&uri=form.php?shopbrand/248117.htm HTTP/1.1" 200 20932 "-" "Mozilla/5.0 (Linux; Android 6.0.1; Nexus 5X Build/MMB29P) AppleWebKit/537.36 (KHTML, like Gecko) Chrome/137.0.7151.103 Mobile Safari/537.36 (compatible; Googlebot/2.1; +http://www.google.com/bot.html)"
20.171.207.10 - - [15/Jul/2025:18:16:55 +0000] "GET /shopbrand/140014144.htm HTTP/1.1" 301 - "-" "Mozilla/5.0 AppleWebKit/537.36 (KHTML, like Gecko; compatible; GPTBot/1.2; +https://openai.com/gptbot)"
20.171.207.10 - - [15/Jul/2025:18:16:57 +0000] "GET /shopbrand/139962992.htm HTTP/1.1" 301 - "-" "Mozilla/5.0 AppleWebKit/537.36 (KHTML, like Gecko; compatible; GPTBot/1.2; +https://openai.com/gptbot)"
20.171.207.217 - - [15/Jul/2025:18:16:57 +0000] "GET /shopbrand/140010665.htm HTTP/1.1" 404 20340 "-" "Mozilla/5.0 AppleWebKit/537.36 (KHTML, like Gecko; compatible; GPTBot/1.2; +https://openai.com/gptbot)"
20.171.207.10 - - [15/Jul/2025:18:16:58 +0000] "GET /shopbrand/139961191.htm HTTP/1.1" 301 - "-" "Mozilla/5.0 AppleWebKit/537.36 (KHTML, like Gecko; compatible; GPTBot/1.2; +https://openai.com/gptbot)"
66.249.65.164 - - [15/Jul/2025:18:16:58 +0000] "POST /get-message-notify HTTP/1.1" 200 19555 "https://alalamy.com.au/?k=98443932001900&mod=da6ea774&uri=form.php?shopbrand/248117.htm" "Mozilla/5.0 (Linux; Android 6.0.1; Nexus 5X Build/MMB29P) AppleWebKit/537.36 (KHTML, like Gecko) Chrome/137.0.7151.119 Mobile Safari/537.36 (compatible; Googlebot/2.1; +http://www.google.com/bot.html)"
66.249.65.164 - - [15/Jul/2025:18:16:58 +0000] "POST /get-message-notify HTTP/1.1" 200 19555 "https://alalamy.com.au/?k=98443932001900&mod=da6ea774&uri=form.php?shopbrand/249088.htm" "Mozilla/5.0 (Linux; Android 6.0.1; Nexus 5X Build/MMB29P) AppleWebKit/537.36 (KHTML, like Gecko) Chrome/137.0.7151.119 Mobile Safari/537.36 (compatible; Googlebot/2.1; +http://www.google.com/bot.html)"
20.171.207.10 - - [15/Jul/2025:18:16:59 +0000] "GET /shopbrand/139953979.htm HTTP/1.1" 301 - "-" "Mozilla/5.0 AppleWebKit/537.36 (KHTML, like Gecko; compatible; GPTBot/1.2; +https://openai.com/gptbot)"
20.171.207.10 - - [15/Jul/2025:18:17:00 +0000] "GET /shopbrand/140011761.htm HTTP/1.1" 301 - "-" "Mozilla/5.0 AppleWebKit/537.36 (KHTML, like Gecko; compatible; GPTBot/1.2; +https://openai.com/gptbot)"
20.171.207.217 - - [15/Jul/2025:18:17:01 +0000] "GET /shopbrand/139943115.htm HTTP/1.1" 404 20340 "-" "Mozilla/5.0 AppleWebKit/537.36 (KHTML, like Gecko; compatible; GPTBot/1.2; +https://openai.com/gptbot)"
20.171.207.10 - - [15/Jul/2025:18:17:01 +0000] "GET /shopbrand/139919906.htm HTTP/1.1" 301 - "-" "Mozilla/5.0 AppleWebKit/537.36 (KHTML, like Gecko; compatible; GPTBot/1.2; +https://openai.com/gptbot)"
20.171.207.10 - - [15/Jul/2025:18:17:02 +0000] "GET /shopbrand/139979239.htm HTTP/1.1" 301 - "-" "Mozilla/5.0 AppleWebKit/537.36 (KHTML, like Gecko; compatible; GPTBot/1.2; +https://openai.com/gptbot)"
66.249.65.164 - - [15/Jul/2025:18:17:03 +0000] "POST /get-message-notify HTTP/1.1" 200 19555 "https://alalamy.com.au/?k=98443932001900&mod=da6ea774&uri=form.php?shopbrand/246705.htm" "Mozilla/5.0 (Linux; Android 6.0.1; Nexus 5X Build/MMB29P) AppleWebKit/537.36 (KHTML, like Gecko) Chrome/137.0.7151.119 Mobile Safari/537.36 (compatible; Googlebot/2.1; +http://www.google.com/bot.html)"
20.171.207.10 - - [15/Jul/2025:18:17:04 +0000] "GET /shopbrand/139933663.htm HTTP/1.1" 301 - "-" "Mozilla/5.0 AppleWebKit/537.36 (KHTML, like Gecko; compatible; GPTBot/1.2; +https://openai.com/gptbot)"
20.171.207.217 - - [15/Jul/2025:18:17:04 +0000] "GET /shopbrand/139909042.htm HTTP/1.1" 404 20340 "-" "Mozilla/5.0 AppleWebKit/537.36 (KHTML, like Gecko; compatible; GPTBot/1.2; +https://openai.com/gptbot)"
20.171.207.10 - - [15/Jul/2025:18:17:05 +0000] "GET /shopbrand/139929332.htm HTTP/1.1" 301 - "-" "Mozilla/5.0 AppleWebKit/537.36 (KHTML, like Gecko; compatible; GPTBot/1.2; +https://openai.com/gptbot)"
