66.249.65.164 - - [15/Jul/2025:13:46:40 +0000] "GET /?k=6725435031900&mod=de3358ca&uri=brands.php?shopbrand/249926.htm HTTP/1.1" 200 19688 "-" "Mozilla/5.0 (Linux; Android 6.0.1; Nexus 5X Build/MMB29P) AppleWebKit/537.36 (KHTML, like Gecko) Chrome/137.0.7151.103 Mobile Safari/537.36 (compatible; Googlebot/2.1; +http://www.google.com/bot.html)"
209.74.77.214 - - [15/Jul/2025:13:46:42 +0000] "POST /wp-cron.php?doing_wp_cron=1752587202.7866699695587158203125 HTTP/1.1" 200 - "-" "WordPress/6.8.1; https://alalamy.com.au"
54.36.148.169 - - [15/Jul/2025:13:46:42 +0000] "GET /shopbrand/177450162.htm HTTP/1.1" 404 20340 "-" "Mozilla/5.0 (compatible; AhrefsBot/7.0; +http://ahrefs.com/robot/)"
209.74.77.214 - - [15/Jul/2025:13:46:42 +0000] "POST /wp-admin/admin-ajax.php?action=async_litespeed&nonce=BCKJiOOQI8OYzJyraZNKPyxkNfkqagfr&litespeed_type=imgoptm HTTP/1.1" 200 21 "-" "WordPress/6.8.1; https://alalamy.com.au"
66.249.65.165 - - [15/Jul/2025:13:46:43 +0000] "GET /?k=6725435031900&mod=de3358ca&uri=brands.php?shopbrand/250323.htm HTTP/1.1" 200 19348 "-" "Mozilla/5.0 (Linux; Android 6.0.1; Nexus 5X Build/MMB29P) AppleWebKit/537.36 (KHTML, like Gecko) Chrome/137.0.7151.103 Mobile Safari/537.36 (compatible; Googlebot/2.1; +http://www.google.com/bot.html)"
66.249.65.166 - - [15/Jul/2025:13:46:44 +0000] "GET /?k=6724235081900&mod=26bcbaf7&uri=category-info.php?shopbrand/250482.htm HTTP/1.1" 200 19428 "-" "Mozilla/5.0 (Linux; Android 6.0.1; Nexus 5X Build/MMB29P) AppleWebKit/537.36 (KHTML, like Gecko) Chrome/137.0.7151.103 Mobile Safari/537.36 (compatible; Googlebot/2.1; +http://www.google.com/bot.html)"
66.249.65.165 - - [15/Jul/2025:13:46:44 +0000] "POST /get-message-notify HTTP/1.1" 200 19554 "https://alalamy.com.au/?k=6724235081900&mod=26bcbaf7&uri=category-info.php?oreka/plamodel_menu.html" "Mozilla/5.0 (Linux; Android 6.0.1; Nexus 5X Build/MMB29P) AppleWebKit/537.36 (KHTML, like Gecko) Chrome/137.0.7151.119 Mobile Safari/537.36 (compatible; Googlebot/2.1; +http://www.google.com/bot.html)"
66.249.65.165 - - [15/Jul/2025:13:46:45 +0000] "GET /?k=6724235081900&mod=26bcbaf7&uri=category-info.php?shopbrand/242988.htm HTTP/1.1" 200 19784 "-" "Mozilla/5.0 (Linux; Android 6.0.1; Nexus 5X Build/MMB29P) AppleWebKit/537.36 (KHTML, like Gecko) Chrome/137.0.7151.103 Mobile Safari/537.36 (compatible; Googlebot/2.1; +http://www.google.com/bot.html)"
66.249.65.165 - - [15/Jul/2025:13:46:46 +0000] "GET /?k=6725435031900&mod=de3358ca&uri=brands.php?shopbrand/253278.htm HTTP/1.1" 200 19251 "-" "Mozilla/5.0 (Linux; Android 6.0.1; Nexus 5X Build/MMB29P) AppleWebKit/537.36 (KHTML, like Gecko) Chrome/137.0.7151.103 Mobile Safari/537.36 (compatible; Googlebot/2.1; +http://www.google.com/bot.html)"
66.249.65.164 - - [15/Jul/2025:13:46:47 +0000] "POST /get-message-notify HTTP/1.1" 200 19554 "https://alalamy.com.au/?k=6725435031900&mod=de3358ca&uri=brands.php?man/kaitori/kantan.html" "Mozilla/5.0 (Linux; Android 6.0.1; Nexus 5X Build/MMB29P) AppleWebKit/537.36 (KHTML, like Gecko) Chrome/137.0.7151.119 Mobile Safari/537.36 (compatible; Googlebot/2.1; +http://www.google.com/bot.html)"
66.249.65.164 - - [15/Jul/2025:13:46:49 +0000] "GET /?k=6725435031900&mod=de3358ca&uri=brands.php?hobby/nuigurumi/nuigurumi.html HTTP/1.1" 200 19253 "-" "Mozilla/5.0 (Linux; Android 6.0.1; Nexus 5X Build/MMB29P) AppleWebKit/537.36 (KHTML, like Gecko) Chrome/137.0.7151.103 Mobile Safari/537.36 (compatible; Googlebot/2.1; +http://www.google.com/bot.html)"
66.249.65.164 - - [15/Jul/2025:13:46:50 +0000] "GET /?k=6724235081900&mod=26bcbaf7&uri=category-info.php?pcmypage/ HTTP/1.1" 200 18955 "-" "Mozilla/5.0 (Linux; Android 6.0.1; Nexus 5X Build/MMB29P) AppleWebKit/537.36 (KHTML, like Gecko) Chrome/137.0.7151.103 Mobile Safari/537.36 (compatible; Googlebot/2.1; +http://www.google.com/bot.html)"
66.249.65.164 - - [15/Jul/2025:13:46:51 +0000] "GET /?k=8390892031900&mod=0bb3498d&uri=brands.php? HTTP/1.1" 200 19658 "-" "Mozilla/5.0 (Linux; Android 6.0.1; Nexus 5X Build/MMB29P) AppleWebKit/537.36 (KHTML, like Gecko) Chrome/137.0.7151.103 Mobile Safari/537.36 (compatible; Googlebot/2.1; +http://www.google.com/bot.html)"
66.249.65.166 - - [15/Jul/2025:13:46:52 +0000] "GET /?k=6724235081900&mod=26bcbaf7&uri=category-info.php?product/edit/A3078795228 HTTP/1.1" 200 19032 "-" "Mozilla/5.0 (Linux; Android 6.0.1; Nexus 5X Build/MMB29P) AppleWebKit/537.36 (KHTML, like Gecko) Chrome/137.0.7151.103 Mobile Safari/537.36 (compatible; Googlebot/2.1; +http://www.google.com/bot.html)"
66.249.65.164 - - [15/Jul/2025:13:46:55 +0000] "GET /?k=6724235081900&mod=26bcbaf7&uri=category-info.php?feature/shoplist-friendly/index.html HTTP/1.1" 200 19328 "-" "Mozilla/5.0 (Linux; Android 6.0.1; Nexus 5X Build/MMB29P) AppleWebKit/537.36 (KHTML, like Gecko) Chrome/137.0.7151.103 Mobile Safari/537.36 (compatible; Googlebot/2.1; +http://www.google.com/bot.html)"
66.249.65.164 - - [15/Jul/2025:13:47:00 +0000] "GET /?k=93977340041900&mod=0bb3498d&uri=us.php?feature/shoplist/index.html HTTP/1.1" 200 20981 "-" "Mozilla/5.0 (Linux; Android 6.0.1; Nexus 5X Build/MMB29P) AppleWebKit/537.36 (KHTML, like Gecko) Chrome/137.0.7151.103 Mobile Safari/537.36 (compatible; Googlebot/2.1; +http://www.google.com/bot.html)"
66.249.65.166 - - [15/Jul/2025:13:47:00 +0000] "POST /get-message-notify HTTP/1.1" 200 19554 "https://alalamy.com.au/?k=6725435031900&mod=de3358ca&uri=brands.php?shopbrand/249926.htm" "Mozilla/5.0 (Linux; Android 6.0.1; Nexus 5X Build/MMB29P) AppleWebKit/537.36 (KHTML, like Gecko) Chrome/137.0.7151.119 Mobile Safari/537.36 (compatible; Googlebot/2.1; +http://www.google.com/bot.html)"
66.249.65.164 - - [15/Jul/2025:13:47:01 +0000] "GET /?k=93977340041900&mod=0bb3498d&uri=us.php?hobby.html HTTP/1.1" 200 19269 "-" "Mozilla/5.0 (Linux; Android 6.0.1; Nexus 5X Build/MMB29P) AppleWebKit/537.36 (KHTML, like Gecko) Chrome/137.0.7151.103 Mobile Safari/537.36 (compatible; Googlebot/2.1; +http://www.google.com/bot.html)"
66.249.65.166 - - [15/Jul/2025:13:47:02 +0000] "GET /?k=8390892031900&mod=0bb3498d&uri=brands.php?events/ HTTP/1.1" 200 20185 "-" "Mozilla/5.0 (Linux; Android 6.0.1; Nexus 5X Build/MMB29P) AppleWebKit/537.36 (KHTML, like Gecko) Chrome/137.0.7151.103 Mobile Safari/537.36 (compatible; Googlebot/2.1; +http://www.google.com/bot.html)"
66.249.65.164 - - [15/Jul/2025:13:47:02 +0000] "GET /?k=37691396011900&mod=ec5df877&uri=category-info.php?shopbrand/251866.htm HTTP/1.1" 200 19996 "-" "Mozilla/5.0 (Linux; Android 6.0.1; Nexus 5X Build/MMB29P) AppleWebKit/537.36 (KHTML, like Gecko) Chrome/137.0.7151.103 Mobile Safari/537.36 (compatible; Googlebot/2.1; +http://www.google.com/bot.html)"
66.249.65.164 - - [15/Jul/2025:13:47:02 +0000] "GET /?k=119396807021900&mod=960b0b80&uri=category-info.php?shopbrand/245353.htm HTTP/1.1" 200 19240 "-" "Mozilla/5.0 (Linux; Android 6.0.1; Nexus 5X Build/MMB29P) AppleWebKit/537.36 (KHTML, like Gecko) Chrome/137.0.7151.103 Mobile Safari/537.36 (compatible; Googlebot/2.1; +http://www.google.com/bot.html)"
66.249.65.166 - - [15/Jul/2025:13:47:02 +0000] "POST /get-message-notify HTTP/1.1" 200 19554 "https://alalamy.com.au/?k=93977340041900&mod=0bb3498d&uri=us.php?feature/shoplist/index.html" "Mozilla/5.0 (Linux; Android 6.0.1; Nexus 5X Build/MMB29P) AppleWebKit/537.36 (KHTML, like Gecko) Chrome/137.0.7151.119 Mobile Safari/537.36 (compatible; Googlebot/2.1; +http://www.google.com/bot.html)"
66.249.65.164 - - [15/Jul/2025:13:47:03 +0000] "GET /?k=6574825071900&mod=7a51ab26&uri=news.php?shopbrand/249088.htm HTTP/1.1" 200 18981 "-" "Mozilla/5.0 (Linux; Android 6.0.1; Nexus 5X Build/MMB29P) AppleWebKit/537.36 (KHTML, like Gecko) Chrome/137.0.7151.103 Mobile Safari/537.36 (compatible; Googlebot/2.1; +http://www.google.com/bot.html)"
66.249.65.164 - - [15/Jul/2025:13:47:07 +0000] "GET /?k=6724235081900&mod=26bcbaf7&uri=category-info.php?feature/omiya_marui/index.html HTTP/1.1" 200 19363 "-" "Mozilla/5.0 (Linux; Android 6.0.1; Nexus 5X Build/MMB29P) AppleWebKit/537.36 (KHTML, like Gecko) Chrome/137.0.7151.103 Mobile Safari/537.36 (compatible; Googlebot/2.1; +http://www.google.com/bot.html)"
66.249.65.165 - - [15/Jul/2025:13:47:09 +0000] "GET /?k=6725435031900&mod=de3358ca&uri=brands.php?shopbrand/244638.htm HTTP/1.1" 200 20139 "-" "Mozilla/5.0 (Linux; Android 6.0.1; Nexus 5X Build/MMB29P) AppleWebKit/537.36 (KHTML, like Gecko) Chrome/137.0.7151.103 Mobile Safari/537.36 (compatible; Googlebot/2.1; +http://www.google.com/bot.html)"
66.249.65.164 - - [15/Jul/2025:13:47:12 +0000] "GET /?k=6724235081900&mod=26bcbaf7&uri=category-info.php?shopbrand/250597.htm HTTP/1.1" 200 20321 "-" "Mozilla/5.0 (Linux; Android 6.0.1; Nexus 5X Build/MMB29P) AppleWebKit/537.36 (KHTML, like Gecko) Chrome/137.0.7151.103 Mobile Safari/537.36 (compatible; Googlebot/2.1; +http://www.google.com/bot.html)"
66.249.65.164 - - [15/Jul/2025:13:47:13 +0000] "GET /?k=6725435031900&mod=de3358ca&uri=brands.php?shopbrand/252980.htm HTTP/1.1" 200 19330 "-" "Mozilla/5.0 (Linux; Android 6.0.1; Nexus 5X Build/MMB29P) AppleWebKit/537.36 (KHTML, like Gecko) Chrome/137.0.7151.103 Mobile Safari/537.36 (compatible; Googlebot/2.1; +http://www.google.com/bot.html)"
66.249.65.164 - - [15/Jul/2025:13:47:16 +0000] "GET /?k=6574525121900&mod=f4d1f9e7&uri=shop.php?toreka/toreka_menu.html HTTP/1.1" 200 19185 "-" "Mozilla/5.0 (Linux; Android 6.0.1; Nexus 5X Build/MMB29P) AppleWebKit/537.36 (KHTML, like Gecko) Chrome/137.0.7151.103 Mobile Safari/537.36 (compatible; Googlebot/2.1; +http://www.google.com/bot.html)"
66.249.65.164 - - [15/Jul/2025:13:47:17 +0000] "GET /?k=6724235081900&mod=26bcbaf7&uri=category-info.php?shopbrand/252980.htm HTTP/1.1" 200 19341 "-" "Mozilla/5.0 (Linux; Android 6.0.1; Nexus 5X Build/MMB29P) AppleWebKit/537.36 (KHTML, like Gecko) Chrome/137.0.7151.103 Mobile Safari/537.36 (compatible; Googlebot/2.1; +http://www.google.com/bot.html)"
66.249.65.164 - - [15/Jul/2025:13:47:19 +0000] "GET /?k=6574525121900&mod=f4d1f9e7&uri=shop.php?shopbrand/248248.htm HTTP/1.1" 200 20260 "-" "Mozilla/5.0 (Linux; Android 6.0.1; Nexus 5X Build/MMB29P) AppleWebKit/537.36 (KHTML, like Gecko) Chrome/137.0.7151.103 Mobile Safari/537.36 (compatible; Googlebot/2.1; +http://www.google.com/bot.html)"
66.249.65.165 - - [15/Jul/2025:13:47:23 +0000] "GET /?k=6574525121900&mod=f4d1f9e7&uri=shop.php?shopbrand/249386.htm HTTP/1.1" 200 20723 "-" "Mozilla/5.0 (Linux; Android 6.0.1; Nexus 5X Build/MMB29P) AppleWebKit/537.36 (KHTML, like Gecko) Chrome/137.0.7151.103 Mobile Safari/537.36 (compatible; Googlebot/2.1; +http://www.google.com/bot.html)"
66.249.65.165 - - [15/Jul/2025:13:47:24 +0000] "GET /?k=8390892031900&mod=0bb3498d&uri=brands.php?shopbrand/243095.htm HTTP/1.1" 200 19565 "-" "Mozilla/5.0 (Linux; Android 6.0.1; Nexus 5X Build/MMB29P) AppleWebKit/537.36 (KHTML, like Gecko) Chrome/137.0.7151.103 Mobile Safari/537.36 (compatible; Googlebot/2.1; +http://www.google.com/bot.html)"
66.249.65.165 - - [15/Jul/2025:13:47:25 +0000] "GET /?k=6574525121900&mod=f4d1f9e7&uri=shop.php?shopbrand/247958.htm HTTP/1.1" 200 20179 "-" "Mozilla/5.0 (Linux; Android 6.0.1; Nexus 5X Build/MMB29P) AppleWebKit/537.36 (KHTML, like Gecko) Chrome/137.0.7151.103 Mobile Safari/537.36 (compatible; Googlebot/2.1; +http://www.google.com/bot.html)"
66.249.65.165 - - [15/Jul/2025:13:47:26 +0000] "GET /?k=6574525121900&mod=f4d1f9e7&uri=shop.php?feature/omiya_marui/index.html HTTP/1.1" 200 19335 "-" "Mozilla/5.0 (Linux; Android 6.0.1; Nexus 5X Build/MMB29P) AppleWebKit/537.36 (KHTML, like Gecko) Chrome/137.0.7151.103 Mobile Safari/537.36 (compatible; Googlebot/2.1; +http://www.google.com/bot.html)"
66.249.65.164 - - [15/Jul/2025:13:47:27 +0000] "GET /?k=6574525121900&mod=f4d1f9e7&uri=shop.php?shopbrand/247692.htm HTTP/1.1" 200 19269 "-" "Mozilla/5.0 (Linux; Android 6.0.1; Nexus 5X Build/MMB29P) AppleWebKit/537.36 (KHTML, like Gecko) Chrome/137.0.7151.103 Mobile Safari/537.36 (compatible; Googlebot/2.1; +http://www.google.com/bot.html)"
66.249.65.165 - - [15/Jul/2025:13:47:29 +0000] "POST /get-message-notify HTTP/1.1" 200 19554 "https://alalamy.com.au/?k=6574525121900&mod=f4d1f9e7&uri=shop.php?feature/omiya_marui/index.html" "Mozilla/5.0 (Linux; Android 6.0.1; Nexus 5X Build/MMB29P) AppleWebKit/537.36 (KHTML, like Gecko) Chrome/137.0.7151.119 Mobile Safari/537.36 (compatible; Googlebot/2.1; +http://www.google.com/bot.html)"
66.249.65.164 - - [15/Jul/2025:13:47:30 +0000] "GET /?k=6725435031900&mod=de3358ca&uri=brands.php?dozin.html HTTP/1.1" 200 20778 "-" "Mozilla/5.0 (Linux; Android 6.0.1; Nexus 5X Build/MMB29P) AppleWebKit/537.36 (KHTML, like Gecko) Chrome/137.0.7151.103 Mobile Safari/537.36 (compatible; Googlebot/2.1; +http://www.google.com/bot.html)"
66.249.65.165 - - [15/Jul/2025:13:47:31 +0000] "GET /?k=6574525121900&mod=f4d1f9e7&uri=shop.php?shopbrand/244523.htm HTTP/1.1" 200 19072 "-" "Mozilla/5.0 (Linux; Android 6.0.1; Nexus 5X Build/MMB29P) AppleWebKit/537.36 (KHTML, like Gecko) Chrome/137.0.7151.103 Mobile Safari/537.36 (compatible; Googlebot/2.1; +http://www.google.com/bot.html)"
66.249.65.165 - - [15/Jul/2025:13:47:32 +0000] "GET /?k=6574525121900&mod=f4d1f9e7&uri=shop.php?shopbrand/248788.htm HTTP/1.1" 200 20041 "-" "Mozilla/5.0 (Linux; Android 6.0.1; Nexus 5X Build/MMB29P) AppleWebKit/537.36 (KHTML, like Gecko) Chrome/137.0.7151.103 Mobile Safari/537.36 (compatible; Googlebot/2.1; +http://www.google.com/bot.html)"
209.74.77.214 - - [15/Jul/2025:13:47:33 +0000] "POST /wp-cron.php?doing_wp_cron=1752587253.6034550666809082031250 HTTP/1.1" 200 - "-" "WordPress/6.8.1; https://alalamy.com.au"
54.36.149.10 - - [15/Jul/2025:13:47:32 +0000] "GET /shopbrand/177451415.htm HTTP/1.1" 404 20340 "-" "Mozilla/5.0 (compatible; AhrefsBot/7.0; +http://ahrefs.com/robot/)"
66.249.65.165 - - [15/Jul/2025:13:47:33 +0000] "GET /?k=6574525121900&mod=f4d1f9e7&uri=shop.php?shopbrand/246447.htm HTTP/1.1" 200 18996 "-" "Mozilla/5.0 (Linux; Android 6.0.1; Nexus 5X Build/MMB29P) AppleWebKit/537.36 (KHTML, like Gecko) Chrome/137.0.7151.103 Mobile Safari/537.36 (compatible; Googlebot/2.1; +http://www.google.com/bot.html)"
209.74.77.214 - - [15/Jul/2025:13:47:33 +0000] "POST /wp-admin/admin-ajax.php?action=async_litespeed&nonce=gvdRhE5Bep9KsWEKnWgCYRVs1OOf8o8p&litespeed_type=imgoptm HTTP/1.1" 200 21 "-" "WordPress/6.8.1; https://alalamy.com.au"
66.249.65.165 - - [15/Jul/2025:13:47:35 +0000] "GET /?k=8390892031900&mod=0bb3498d&uri=brands.php?vintagegame.html HTTP/1.1" 200 19172 "-" "Mozilla/5.0 (Linux; Android 6.0.1; Nexus 5X Build/MMB29P) AppleWebKit/537.36 (KHTML, like Gecko) Chrome/137.0.7151.103 Mobile Safari/537.36 (compatible; Googlebot/2.1; +http://www.google.com/bot.html)"
66.249.65.165 - - [15/Jul/2025:13:47:36 +0000] "POST /get-message-notify HTTP/1.1" 200 19554 "https://alalamy.com.au/?k=6574525121900&mod=f4d1f9e7&uri=shop.php?shopbrand/249386.htm" "Mozilla/5.0 (Linux; Android 6.0.1; Nexus 5X Build/MMB29P) AppleWebKit/537.36 (KHTML, like Gecko) Chrome/137.0.7151.119 Mobile Safari/537.36 (compatible; Googlebot/2.1; +http://www.google.com/bot.html)"
66.249.65.166 - - [15/Jul/2025:13:47:36 +0000] "POST /get-message-notify HTTP/1.1" 200 19554 "https://alalamy.com.au/?k=6725435031900&mod=de3358ca&uri=brands.php?shopbrand/245194.htm" "Mozilla/5.0 (Linux; Android 6.0.1; Nexus 5X Build/MMB29P) AppleWebKit/537.36 (KHTML, like Gecko) Chrome/137.0.7151.119 Mobile Safari/537.36 (compatible; Googlebot/2.1; +http://www.google.com/bot.html)"
66.249.65.165 - - [15/Jul/2025:13:47:37 +0000] "GET /?k=6574525121900&mod=f4d1f9e7&uri=shop.php?shopbrand/243651.htm HTTP/1.1" 200 19130 "-" "Mozilla/5.0 (Linux; Android 6.0.1; Nexus 5X Build/MMB29P) AppleWebKit/537.36 (KHTML, like Gecko) Chrome/137.0.7151.103 Mobile Safari/537.36 (compatible; Googlebot/2.1; +http://www.google.com/bot.html)"
66.249.65.164 - - [15/Jul/2025:13:47:39 +0000] "POST /get-message-notify HTTP/1.1" 200 19554 "https://alalamy.com.au/?k=6574525121900&mod=f4d1f9e7&uri=shop.php?shopbrand/248248.htm" "Mozilla/5.0 (Linux; Android 6.0.1; Nexus 5X Build/MMB29P) AppleWebKit/537.36 (KHTML, like Gecko) Chrome/137.0.7151.119 Mobile Safari/537.36 (compatible; Googlebot/2.1; +http://www.google.com/bot.html)"
66.249.65.165 - - [15/Jul/2025:13:47:39 +0000] "POST /get-message-notify HTTP/1.1" 200 19554 "https://alalamy.com.au/?k=6574525121900&mod=f4d1f9e7&uri=shop.php?shopbrand/248788.htm" "Mozilla/5.0 (Linux; Android 6.0.1; Nexus 5X Build/MMB29P) AppleWebKit/537.36 (KHTML, like Gecko) Chrome/137.0.7151.119 Mobile Safari/537.36 (compatible; Googlebot/2.1; +http://www.google.com/bot.html)"
66.249.65.164 - - [15/Jul/2025:13:47:40 +0000] "POST /get-message-notify HTTP/1.1" 200 19554 "https://alalamy.com.au/?k=6574525121900&mod=f4d1f9e7&uri=shop.php?toreka/toreka_menu.html" "Mozilla/5.0 (Linux; Android 6.0.1; Nexus 5X Build/MMB29P) AppleWebKit/537.36 (KHTML, like Gecko) Chrome/137.0.7151.119 Mobile Safari/537.36 (compatible; Googlebot/2.1; +http://www.google.com/bot.html)"
66.249.65.166 - - [15/Jul/2025:13:47:41 +0000] "GET /?k=8390892031900&mod=0bb3498d&uri=brands.php?feature/sale2411-5/index.html HTTP/1.1" 200 19319 "-" "Mozilla/5.0 (Linux; Android 6.0.1; Nexus 5X Build/MMB29P) AppleWebKit/537.36 (KHTML, like Gecko) Chrome/137.0.7151.103 Mobile Safari/537.36 (compatible; Googlebot/2.1; +http://www.google.com/bot.html)"
66.249.65.166 - - [15/Jul/2025:13:47:44 +0000] "POST /get-message-notify HTTP/1.1" 200 19554 "https://alalamy.com.au/?k=8390892031900&mod=0bb3498d&uri=brands.php?shopbrand/243095.htm" "Mozilla/5.0 (Linux; Android 6.0.1; Nexus 5X Build/MMB29P) AppleWebKit/537.36 (KHTML, like Gecko) Chrome/137.0.7151.119 Mobile Safari/537.36 (compatible; Googlebot/2.1; +http://www.google.com/bot.html)"
66.249.65.165 - - [15/Jul/2025:13:47:49 +0000] "GET /?k=6574525121900&mod=f4d1f9e7&uri=shop.php?man/kaitori/kaitoritop.html HTTP/1.1" 200 20386 "-" "Mozilla/5.0 (Linux; Android 6.0.1; Nexus 5X Build/MMB29P) AppleWebKit/537.36 (KHTML, like Gecko) Chrome/137.0.7151.103 Mobile Safari/537.36 (compatible; Googlebot/2.1; +http://www.google.com/bot.html)"
66.249.65.166 - - [15/Jul/2025:13:47:50 +0000] "GET /?k=6725435031900&mod=de3358ca&uri=brands.php?shopbrand/243925.htm HTTP/1.1" 200 19129 "-" "Mozilla/5.0 (Linux; Android 6.0.1; Nexus 5X Build/MMB29P) AppleWebKit/537.36 (KHTML, like Gecko) Chrome/137.0.7151.103 Mobile Safari/537.36 (compatible; Googlebot/2.1; +http://www.google.com/bot.html)"
66.249.65.164 - - [15/Jul/2025:13:47:51 +0000] "GET /?k=6574525121900&mod=f4d1f9e7&uri=shop.php?feature/honten/index.html HTTP/1.1" 200 19541 "-" "Mozilla/5.0 (Linux; Android 6.0.1; Nexus 5X Build/MMB29P) AppleWebKit/537.36 (KHTML, like Gecko) Chrome/137.0.7151.103 Mobile Safari/537.36 (compatible; Googlebot/2.1; +http://www.google.com/bot.html)"
66.249.65.164 - - [15/Jul/2025:13:47:52 +0000] "GET /?k=6574525121900&mod=f4d1f9e7&uri=shop.php?shopbrand/250897.htm HTTP/1.1" 200 20944 "-" "Mozilla/5.0 (Linux; Android 6.0.1; Nexus 5X Build/MMB29P) AppleWebKit/537.36 (KHTML, like Gecko) Chrome/137.0.7151.103 Mobile Safari/537.36 (compatible; Googlebot/2.1; +http://www.google.com/bot.html)"
66.249.65.166 - - [15/Jul/2025:13:47:53 +0000] "POST /get-message-notify HTTP/1.1" 200 19554 "https://alalamy.com.au/?k=6725435031900&mod=de3358ca&uri=brands.php?shopbrand/243925.htm" "Mozilla/5.0 (Linux; Android 6.0.1; Nexus 5X Build/MMB29P) AppleWebKit/537.36 (KHTML, like Gecko) Chrome/137.0.7151.119 Mobile Safari/537.36 (compatible; Googlebot/2.1; +http://www.google.com/bot.html)"
66.249.65.165 - - [15/Jul/2025:13:47:53 +0000] "GET /?k=6725435031900&mod=de3358ca&uri=brands.php?product/edit/A3078795228 HTTP/1.1" 200 19004 "-" "Mozilla/5.0 (Linux; Android 6.0.1; Nexus 5X Build/MMB29P) AppleWebKit/537.36 (KHTML, like Gecko) Chrome/137.0.7151.103 Mobile Safari/537.36 (compatible; Googlebot/2.1; +http://www.google.com/bot.html)"
66.249.65.165 - - [15/Jul/2025:13:47:53 +0000] "POST /get-message-notify HTTP/1.1" 200 19554 "https://alalamy.com.au/?k=6574525121900&mod=f4d1f9e7&uri=shop.php?shopbrand/247958.htm" "Mozilla/5.0 (Linux; Android 6.0.1; Nexus 5X Build/MMB29P) AppleWebKit/537.36 (KHTML, like Gecko) Chrome/137.0.7151.119 Mobile Safari/537.36 (compatible; Googlebot/2.1; +http://www.google.com/bot.html)"
66.249.65.165 - - [15/Jul/2025:13:47:55 +0000] "GET /?k=6725435031900&mod=de3358ca&uri=brands.php?shopbrand/243651.htm HTTP/1.1" 200 19138 "-" "Mozilla/5.0 (Linux; Android 6.0.1; Nexus 5X Build/MMB29P) AppleWebKit/537.36 (KHTML, like Gecko) Chrome/137.0.7151.103 Mobile Safari/537.36 (compatible; Googlebot/2.1; +http://www.google.com/bot.html)"
66.249.65.165 - - [15/Jul/2025:13:47:57 +0000] "POST /get-message-notify HTTP/1.1" 200 19554 "https://alalamy.com.au/?k=119396807021900&mod=960b0b80&uri=category-info.php?shopbrand/245353.htm" "Mozilla/5.0 (Linux; Android 6.0.1; Nexus 5X Build/MMB29P) AppleWebKit/537.36 (KHTML, like Gecko) Chrome/137.0.7151.119 Mobile Safari/537.36 (compatible; Googlebot/2.1; +http://www.google.com/bot.html)"
66.249.65.165 - - [15/Jul/2025:13:47:58 +0000] "GET /?k=6725435031900&mod=de3358ca&uri=brands.php?toreka/toreka_single.html HTTP/1.1" 200 20295 "-" "Mozilla/5.0 (Linux; Android 6.0.1; Nexus 5X Build/MMB29P) AppleWebKit/537.36 (KHTML, like Gecko) Chrome/137.0.7151.103 Mobile Safari/537.36 (compatible; Googlebot/2.1; +http://www.google.com/bot.html)"
66.249.65.164 - - [15/Jul/2025:13:48:01 +0000] "GET /?k=6574525121900&mod=f4d1f9e7&uri=shop.php?shopbrand/251568.htm HTTP/1.1" 200 19507 "-" "Mozilla/5.0 (Linux; Android 6.0.1; Nexus 5X Build/MMB29P) AppleWebKit/537.36 (KHTML, like Gecko) Chrome/137.0.7151.103 Mobile Safari/537.36 (compatible; Googlebot/2.1; +http://www.google.com/bot.html)"
66.249.65.164 - - [15/Jul/2025:13:48:02 +0000] "GET /?k=6574525121900&mod=f4d1f9e7&uri=shop.php?dozin.html HTTP/1.1" 200 20774 "-" "Mozilla/5.0 (Linux; Android 6.0.1; Nexus 5X Build/MMB29P) AppleWebKit/537.36 (KHTML, like Gecko) Chrome/137.0.7151.103 Mobile Safari/537.36 (compatible; Googlebot/2.1; +http://www.google.com/bot.html)"
66.249.65.164 - - [15/Jul/2025:13:48:03 +0000] "GET /?k=6724235081900&mod=26bcbaf7&uri=category-info.php?shopbrand/252547.htm HTTP/1.1" 200 19867 "-" "Mozilla/5.0 (Linux; Android 6.0.1; Nexus 5X Build/MMB29P) AppleWebKit/537.36 (KHTML, like Gecko) Chrome/137.0.7151.103 Mobile Safari/537.36 (compatible; Googlebot/2.1; +http://www.google.com/bot.html)"
66.249.65.165 - - [15/Jul/2025:13:48:04 +0000] "POST /get-message-notify HTTP/1.1" 200 19554 "https://alalamy.com.au/?k=6574525121900&mod=f4d1f9e7&uri=shop.php?feature/honten/index.html" "Mozilla/5.0 (Linux; Android 6.0.1; Nexus 5X Build/MMB29P) AppleWebKit/537.36 (KHTML, like Gecko) Chrome/137.0.7151.119 Mobile Safari/537.36 (compatible; Googlebot/2.1; +http://www.google.com/bot.html)"
66.249.65.165 - - [15/Jul/2025:13:48:05 +0000] "GET /?k=6725435031900&mod=de3358ca&uri=brands.php?shopbrand/247577.htm HTTP/1.1" 200 19683 "-" "Mozilla/5.0 (Linux; Android 6.0.1; Nexus 5X Build/MMB29P) AppleWebKit/537.36 (KHTML, like Gecko) Chrome/137.0.7151.103 Mobile Safari/537.36 (compatible; Googlebot/2.1; +http://www.google.com/bot.html)"
66.249.65.164 - - [15/Jul/2025:13:48:06 +0000] "POST /get-message-notify HTTP/1.1" 200 19554 "https://alalamy.com.au/?k=6574525121900&mod=f4d1f9e7&uri=shop.php?dozin.html" "Mozilla/5.0 (Linux; Android 6.0.1; Nexus 5X Build/MMB29P) AppleWebKit/537.36 (KHTML, like Gecko) Chrome/137.0.7151.119 Mobile Safari/537.36 (compatible; Googlebot/2.1; +http://www.google.com/bot.html)"
66.249.65.164 - - [15/Jul/2025:13:48:06 +0000] "GET /?k=6724235081900&mod=26bcbaf7&uri=category-info.php?shopbrand/252025.htm HTTP/1.1" 200 19346 "-" "Mozilla/5.0 (Linux; Android 6.0.1; Nexus 5X Build/MMB29P) AppleWebKit/537.36 (KHTML, like Gecko) Chrome/137.0.7151.103 Mobile Safari/537.36 (compatible; Googlebot/2.1; +http://www.google.com/bot.html)"
66.249.65.165 - - [15/Jul/2025:13:48:09 +0000] "GET /?k=6574525121900&mod=f4d1f9e7&uri=shop.php?feature/campaign/index.html HTTP/1.1" 200 19395 "-" "Mozilla/5.0 (Linux; Android 6.0.1; Nexus 5X Build/MMB29P) AppleWebKit/537.36 (KHTML, like Gecko) Chrome/137.0.7151.103 Mobile Safari/537.36 (compatible; Googlebot/2.1; +http://www.google.com/bot.html)"
66.249.65.164 - - [15/Jul/2025:13:48:12 +0000] "GET /?k=8390892031900&mod=0bb3498d&uri=brands.php?feature/honten/index.html HTTP/1.1" 200 19549 "-" "Mozilla/5.0 (Linux; Android 6.0.1; Nexus 5X Build/MMB29P) AppleWebKit/537.36 (KHTML, like Gecko) Chrome/137.0.7151.103 Mobile Safari/537.36 (compatible; Googlebot/2.1; +http://www.google.com/bot.html)"
66.249.65.164 - - [15/Jul/2025:13:48:13 +0000] "GET /?k=6574525121900&mod=f4d1f9e7&uri=shop.php?shopbrand/243925.htm HTTP/1.1" 200 19124 "-" "Mozilla/5.0 (Linux; Android 6.0.1; Nexus 5X Build/MMB29P) AppleWebKit/537.36 (KHTML, like Gecko) Chrome/137.0.7151.103 Mobile Safari/537.36 (compatible; Googlebot/2.1; +http://www.google.com/bot.html)"
66.249.65.164 - - [15/Jul/2025:13:48:14 +0000] "GET /?k=6574525121900&mod=f4d1f9e7&uri=shop.php?hobby/boardgame/index.html HTTP/1.1" 200 19950 "-" "Mozilla/5.0 (Linux; Android 6.0.1; Nexus 5X Build/MMB29P) AppleWebKit/537.36 (KHTML, like Gecko) Chrome/137.0.7151.103 Mobile Safari/537.36 (compatible; Googlebot/2.1; +http://www.google.com/bot.html)"
66.249.65.164 - - [15/Jul/2025:13:48:15 +0000] "GET /?k=8390892031900&mod=0bb3498d&uri=brands.php?man/kaitori/kaitoritop.html HTTP/1.1" 200 20391 "-" "Mozilla/5.0 (Linux; Android 6.0.1; Nexus 5X Build/MMB29P) AppleWebKit/537.36 (KHTML, like Gecko) Chrome/137.0.7151.103 Mobile Safari/537.36 (compatible; Googlebot/2.1; +http://www.google.com/bot.html)"
66.249.65.164 - - [15/Jul/2025:13:48:17 +0000] "POST /get-message-notify HTTP/1.1" 200 19554 "https://alalamy.com.au/?k=8390892031900&mod=0bb3498d&uri=brands.php?feature/honten/index.html" "Mozilla/5.0 (Linux; Android 6.0.1; Nexus 5X Build/MMB29P) AppleWebKit/537.36 (KHTML, like Gecko) Chrome/137.0.7151.119 Mobile Safari/537.36 (compatible; Googlebot/2.1; +http://www.google.com/bot.html)"
66.249.65.164 - - [15/Jul/2025:13:48:20 +0000] "POST /get-message-notify HTTP/1.1" 200 19554 "https://alalamy.com.au/?k=6725435031900&mod=de3358ca&uri=brands.php?toreka/toreka_single.html" "Mozilla/5.0 (Linux; Android 6.0.1; Nexus 5X Build/MMB29P) AppleWebKit/537.36 (KHTML, like Gecko) Chrome/137.0.7151.119 Mobile Safari/537.36 (compatible; Googlebot/2.1; +http://www.google.com/bot.html)"
66.249.65.165 - - [15/Jul/2025:13:48:22 +0000] "GET /?k=6574825071900&mod=7a51ab26&uri=news.php?shopbrand/252406.htm HTTP/1.1" 200 20474 "-" "Mozilla/5.0 (Linux; Android 6.0.1; Nexus 5X Build/MMB29P) AppleWebKit/537.36 (KHTML, like Gecko) Chrome/137.0.7151.103 Mobile Safari/537.36 (compatible; Googlebot/2.1; +http://www.google.com/bot.html)"
66.249.65.165 - - [15/Jul/2025:13:48:23 +0000] "GET /?k=6574525121900&mod=f4d1f9e7&uri=shop.php?cd.html HTTP/1.1" 200 19145 "-" "Mozilla/5.0 (Linux; Android 6.0.1; Nexus 5X Build/MMB29P) AppleWebKit/537.36 (KHTML, like Gecko) Chrome/137.0.7151.103 Mobile Safari/537.36 (compatible; Googlebot/2.1; +http://www.google.com/bot.html)"
66.249.65.164 - - [15/Jul/2025:13:48:24 +0000] "GET /?k=6724235081900&mod=26bcbaf7&uri=category-info.php?hobby.html HTTP/1.1" 200 19295 "-" "Mozilla/5.0 (Linux; Android 6.0.1; Nexus 5X Build/MMB29P) AppleWebKit/537.36 (KHTML, like Gecko) Chrome/137.0.7151.103 Mobile Safari/537.36 (compatible; Googlebot/2.1; +http://www.google.com/bot.html)"
66.249.65.165 - - [15/Jul/2025:13:48:26 +0000] "POST /get-message-notify HTTP/1.1" 200 19554 "https://alalamy.com.au/?k=6574525121900&mod=f4d1f9e7&uri=shop.php?shopbrand/245734.htm" "Mozilla/5.0 (Linux; Android 6.0.1; Nexus 5X Build/MMB29P) AppleWebKit/537.36 (KHTML, like Gecko) Chrome/137.0.7151.119 Mobile Safari/537.36 (compatible; Googlebot/2.1; +http://www.google.com/bot.html)"
209.74.77.214 - - [15/Jul/2025:13:48:26 +0000] "POST /wp-cron.php?doing_wp_cron=1752587306.9107599258422851562500 HTTP/1.1" 200 - "-" "WordPress/6.8.1; https://alalamy.com.au"
54.36.148.211 - - [15/Jul/2025:13:48:26 +0000] "GET /shopbrand/177451971.htm HTTP/1.1" 404 20340 "-" "Mozilla/5.0 (compatible; AhrefsBot/7.0; +http://ahrefs.com/robot/)"
66.249.65.164 - - [15/Jul/2025:13:48:27 +0000] "GET /?k=6575725021900&mod=7a51ab26&uri=product.php?shopbrand/245468.htm HTTP/1.1" 200 19729 "-" "Mozilla/5.0 (Linux; Android 6.0.1; Nexus 5X Build/MMB29P) AppleWebKit/537.36 (KHTML, like Gecko) Chrome/137.0.7151.103 Mobile Safari/537.36 (compatible; Googlebot/2.1; +http://www.google.com/bot.html)"
66.249.65.164 - - [15/Jul/2025:13:48:28 +0000] "GET /?k=8390892031900&mod=0bb3498d&uri=brands.php?shopbrand/247843.htm HTTP/1.1" 200 19585 "-" "Mozilla/5.0 (Linux; Android 6.0.1; Nexus 5X Build/MMB29P) AppleWebKit/537.36 (KHTML, like Gecko) Chrome/137.0.7151.103 Mobile Safari/537.36 (compatible; Googlebot/2.1; +http://www.google.com/bot.html)"
66.249.65.165 - - [15/Jul/2025:13:48:29 +0000] "GET /?k=6575725021900&mod=7a51ab26&uri=product.php?shopbrand/245353.htm HTTP/1.1" 200 19205 "-" "Mozilla/5.0 (Linux; Android 6.0.1; Nexus 5X Build/MMB29P) AppleWebKit/537.36 (KHTML, like Gecko) Chrome/137.0.7151.103 Mobile Safari/537.36 (compatible; Googlebot/2.1; +http://www.google.com/bot.html)"
66.249.65.164 - - [15/Jul/2025:13:48:30 +0000] "POST /get-message-notify HTTP/1.1" 200 19554 "https://alalamy.com.au/?k=6575725021900&mod=7a51ab26&uri=product.php?shopbrand/245468.htm" "Mozilla/5.0 (Linux; Android 6.0.1; Nexus 5X Build/MMB29P) AppleWebKit/537.36 (KHTML, like Gecko) Chrome/137.0.7151.119 Mobile Safari/537.36 (compatible; Googlebot/2.1; +http://www.google.com/bot.html)"
66.249.65.164 - - [15/Jul/2025:13:48:31 +0000] "GET /?k=6575725021900&mod=7a51ab26&uri=product.php?shopbrand/243544.htm HTTP/1.1" 200 21746 "-" "Mozilla/5.0 (Linux; Android 6.0.1; Nexus 5X Build/MMB29P) AppleWebKit/537.36 (KHTML, like Gecko) Chrome/137.0.7151.103 Mobile Safari/537.36 (compatible; Googlebot/2.1; +http://www.google.com/bot.html)"
66.249.65.165 - - [15/Jul/2025:13:48:32 +0000] "GET /?k=6574825071900&mod=7a51ab26&uri=news.php?shopbrand/245768.htm HTTP/1.1" 200 19447 "-" "Mozilla/5.0 (Linux; Android 6.0.1; Nexus 5X Build/MMB29P) AppleWebKit/537.36 (KHTML, like Gecko) Chrome/137.0.7151.103 Mobile Safari/537.36 (compatible; Googlebot/2.1; +http://www.google.com/bot.html)"
66.249.65.164 - - [15/Jul/2025:13:48:32 +0000] "GET /?k=6574825071900&mod=7a51ab26&uri=news.php?shopbrand/250057.htm HTTP/1.1" 200 20720 "-" "Mozilla/5.0 (Linux; Android 6.0.1; Nexus 5X Build/MMB29P) AppleWebKit/537.36 (KHTML, like Gecko) Chrome/137.0.7151.103 Mobile Safari/537.36 (compatible; Googlebot/2.1; +http://www.google.com/bot.html)"
66.249.65.165 - - [15/Jul/2025:13:48:33 +0000] "POST /get-message-notify HTTP/1.1" 200 19554 "https://alalamy.com.au/?k=6725435031900&mod=de3358ca&uri=brands.php?shopbrand/253278.htm" "Mozilla/5.0 (Linux; Android 6.0.1; Nexus 5X Build/MMB29P) AppleWebKit/537.36 (KHTML, like Gecko) Chrome/137.0.7151.119 Mobile Safari/537.36 (compatible; Googlebot/2.1; +http://www.google.com/bot.html)"
66.249.65.165 - - [15/Jul/2025:13:48:34 +0000] "GET /?k=6575725021900&mod=7a51ab26&uri=product.php?feature/honten/index.html HTTP/1.1" 200 19542 "-" "Mozilla/5.0 (Linux; Android 6.0.1; Nexus 5X Build/MMB29P) AppleWebKit/537.36 (KHTML, like Gecko) Chrome/137.0.7151.103 Mobile Safari/537.36 (compatible; Googlebot/2.1; +http://www.google.com/bot.html)"
66.249.65.165 - - [15/Jul/2025:13:48:35 +0000] "POST /get-message-notify HTTP/1.1" 200 19554 "https://alalamy.com.au/?k=6724235081900&mod=26bcbaf7&uri=category-info.php?hobby.html" "Mozilla/5.0 (Linux; Android 6.0.1; Nexus 5X Build/MMB29P) AppleWebKit/537.36 (KHTML, like Gecko) Chrome/137.0.7151.119 Mobile Safari/537.36 (compatible; Googlebot/2.1; +http://www.google.com/bot.html)"
66.249.65.165 - - [15/Jul/2025:13:48:35 +0000] "GET /?k=6725435031900&mod=de3358ca&uri=brands.php?books.html HTTP/1.1" 200 20010 "-" "Mozilla/5.0 (Linux; Android 6.0.1; Nexus 5X Build/MMB29P) AppleWebKit/537.36 (KHTML, like Gecko) Chrome/137.0.7151.103 Mobile Safari/537.36 (compatible; Googlebot/2.1; +http://www.google.com/bot.html)"
66.249.65.165 - - [15/Jul/2025:13:48:37 +0000] "POST /get-message-notify HTTP/1.1" 200 19554 "https://alalamy.com.au/?k=6725435031900&mod=de3358ca&uri=brands.php?books.html" "Mozilla/5.0 (Linux; Android 6.0.1; Nexus 5X Build/MMB29P) AppleWebKit/537.36 (KHTML, like Gecko) Chrome/137.0.7151.119 Mobile Safari/537.36 (compatible; Googlebot/2.1; +http://www.google.com/bot.html)"
66.249.65.166 - - [15/Jul/2025:13:48:39 +0000] "GET /?k=6725435031900&mod=de3358ca&uri=brands.php?feature/shoplist-friendly/index.html HTTP/1.1" 200 19284 "-" "Mozilla/5.0 (Linux; Android 6.0.1; Nexus 5X Build/MMB29P) AppleWebKit/537.36 (KHTML, like Gecko) Chrome/137.0.7151.103 Mobile Safari/537.36 (compatible; Googlebot/2.1; +http://www.google.com/bot.html)"
66.249.65.165 - - [15/Jul/2025:13:48:40 +0000] "GET /?k=6725435031900&mod=de3358ca&uri=brands.php?shopbrand/245468.htm HTTP/1.1" 200 19731 "-" "Mozilla/5.0 (Linux; Android 6.0.1; Nexus 5X Build/MMB29P) AppleWebKit/537.36 (KHTML, like Gecko) Chrome/137.0.7151.103 Mobile Safari/537.36 (compatible; Googlebot/2.1; +http://www.google.com/bot.html)"
66.249.65.166 - - [15/Jul/2025:13:48:41 +0000] "GET /?k=6724235081900&mod=26bcbaf7&uri=category-info.php?shopbrand/252406.htm HTTP/1.1" 200 20493 "-" "Mozilla/5.0 (Linux; Android 6.0.1; Nexus 5X Build/MMB29P) AppleWebKit/537.36 (KHTML, like Gecko) Chrome/137.0.7151.103 Mobile Safari/537.36 (compatible; Googlebot/2.1; +http://www.google.com/bot.html)"
66.249.65.164 - - [15/Jul/2025:13:48:42 +0000] "GET /?k=6574525121900&mod=f4d1f9e7&uri=shop.php?pcmypage HTTP/1.1" 200 18903 "-" "Mozilla/5.0 (Linux; Android 6.0.1; Nexus 5X Build/MMB29P) AppleWebKit/537.36 (KHTML, like Gecko) Chrome/137.0.7151.103 Mobile Safari/537.36 (compatible; Googlebot/2.1; +http://www.google.com/bot.html)"
66.249.65.164 - - [15/Jul/2025:13:48:43 +0000] "GET /?k=6574525121900&mod=f4d1f9e7&uri=shop.php?oreka/plamodel_menu.html HTTP/1.1" 200 19503 "-" "Mozilla/5.0 (Linux; Android 6.0.1; Nexus 5X Build/MMB29P) AppleWebKit/537.36 (KHTML, like Gecko) Chrome/137.0.7151.103 Mobile Safari/537.36 (compatible; Googlebot/2.1; +http://www.google.com/bot.html)"
66.249.65.166 - - [15/Jul/2025:13:48:44 +0000] "GET /?k=6574525121900&mod=f4d1f9e7&uri=shop.php?shopbrand/251866.htm HTTP/1.1" 200 19958 "-" "Mozilla/5.0 (Linux; Android 6.0.1; Nexus 5X Build/MMB29P) AppleWebKit/537.36 (KHTML, like Gecko) Chrome/137.0.7151.103 Mobile Safari/537.36 (compatible; Googlebot/2.1; +http://www.google.com/bot.html)"
66.249.65.166 - - [15/Jul/2025:13:48:45 +0000] "POST /get-message-notify HTTP/1.1" 200 19554 "https://alalamy.com.au/?k=6724235081900&mod=26bcbaf7&uri=category-info.php?shopbrand/252406.htm" "Mozilla/5.0 (Linux; Android 6.0.1; Nexus 5X Build/MMB29P) AppleWebKit/537.36 (KHTML, like Gecko) Chrome/137.0.7151.119 Mobile Safari/537.36 (compatible; Googlebot/2.1; +http://www.google.com/bot.html)"
66.249.65.164 - - [15/Jul/2025:13:48:46 +0000] "GET /?k=6725435031900&mod=de3358ca&uri=brands.php?shopbrand/244523.htm HTTP/1.1" 200 19078 "-" "Mozilla/5.0 (Linux; Android 6.0.1; Nexus 5X Build/MMB29P) AppleWebKit/537.36 (KHTML, like Gecko) Chrome/137.0.7151.103 Mobile Safari/537.36 (compatible; Googlebot/2.1; +http://www.google.com/bot.html)"
66.249.65.164 - - [15/Jul/2025:13:48:48 +0000] "GET /?k=6725435031900&mod=de3358ca&uri=brands.php?shopbrand/253377.htm HTTP/1.1" 200 20222 "-" "Mozilla/5.0 (Linux; Android 6.0.1; Nexus 5X Build/MMB29P) AppleWebKit/537.36 (KHTML, like Gecko) Chrome/137.0.7151.103 Mobile Safari/537.36 (compatible; Googlebot/2.1; +http://www.google.com/bot.html)"
66.249.65.165 - - [15/Jul/2025:13:48:50 +0000] "GET /?k=93977340041900&mod=0bb3498d&uri=us.php?feature/akihabara_main/index.html HTTP/1.1" 200 20712 "-" "Mozilla/5.0 (Linux; Android 6.0.1; Nexus 5X Build/MMB29P) AppleWebKit/537.36 (KHTML, like Gecko) Chrome/137.0.7151.103 Mobile Safari/537.36 (compatible; Googlebot/2.1; +http://www.google.com/bot.html)"
66.249.65.166 - - [15/Jul/2025:13:48:50 +0000] "GET /?k=6574525121900&mod=f4d1f9e7&uri=shop.php?shopbrand/244896.htm HTTP/1.1" 200 19406 "-" "Mozilla/5.0 (Linux; Android 6.0.1; Nexus 5X Build/MMB29P) AppleWebKit/537.36 (KHTML, like Gecko) Chrome/137.0.7151.103 Mobile Safari/537.36 (compatible; Googlebot/2.1; +http://www.google.com/bot.html)"
66.249.65.166 - - [15/Jul/2025:13:48:51 +0000] "POST /get-message-notify HTTP/1.1" 200 19554 "https://alalamy.com.au/?k=6668395061900&mod=ead6d4ad&uri=article.php?shopbrand/243925.htm" "Mozilla/5.0 (Linux; Android 6.0.1; Nexus 5X Build/MMB29P) AppleWebKit/537.36 (KHTML, like Gecko) Chrome/137.0.7151.119 Mobile Safari/537.36 (compatible; Googlebot/2.1; +http://www.google.com/bot.html)"
66.249.65.164 - - [15/Jul/2025:13:48:52 +0000] "GET /?k=6574525121900&mod=f4d1f9e7&uri=shop.php?feature/akihabara_main/index.html HTTP/1.1" 200 20712 "-" "Mozilla/5.0 (Linux; Android 6.0.1; Nexus 5X Build/MMB29P) AppleWebKit/537.36 (KHTML, like Gecko) Chrome/137.0.7151.103 Mobile Safari/537.36 (compatible; Googlebot/2.1; +http://www.google.com/bot.html)"
66.249.65.166 - - [15/Jul/2025:13:48:54 +0000] "GET /?k=6725435031900&mod=de3358ca&uri=brands.php?shopbrand/250897.htm HTTP/1.1" 200 20953 "-" "Mozilla/5.0 (Linux; Android 6.0.1; Nexus 5X Build/MMB29P) AppleWebKit/537.36 (KHTML, like Gecko) Chrome/137.0.7151.103 Mobile Safari/537.36 (compatible; Googlebot/2.1; +http://www.google.com/bot.html)"
66.249.65.166 - - [15/Jul/2025:13:48:56 +0000] "GET /?k=8390892031900&mod=0bb3498d&uri=brands.php?shopbrand/249088.htm HTTP/1.1" 200 18987 "-" "Mozilla/5.0 (Linux; Android 6.0.1; Nexus 5X Build/MMB29P) AppleWebKit/537.36 (KHTML, like Gecko) Chrome/137.0.7151.103 Mobile Safari/537.36 (compatible; Googlebot/2.1; +http://www.google.com/bot.html)"
66.249.65.165 - - [15/Jul/2025:13:48:58 +0000] "GET /?k=8390892031900&mod=0bb3498d&uri=brands.php?shopbrand/251735.htm HTTP/1.1" 200 19100 "-" "Mozilla/5.0 (Linux; Android 6.0.1; Nexus 5X Build/MMB29P) AppleWebKit/537.36 (KHTML, like Gecko) Chrome/137.0.7151.103 Mobile Safari/537.36 (compatible; Googlebot/2.1; +http://www.google.com/bot.html)"
66.249.65.166 - - [15/Jul/2025:13:48:58 +0000] "POST /get-message-notify HTTP/1.1" 200 19554 "https://alalamy.com.au/?k=6724235081900&mod=26bcbaf7&uri=category-info.php?shopbrand/252025.htm" "Mozilla/5.0 (Linux; Android 6.0.1; Nexus 5X Build/MMB29P) AppleWebKit/537.36 (KHTML, like Gecko) Chrome/137.0.7151.119 Mobile Safari/537.36 (compatible; Googlebot/2.1; +http://www.google.com/bot.html)"
66.249.65.165 - - [15/Jul/2025:13:48:58 +0000] "GET /?k=6724235081900&mod=26bcbaf7&uri=category-info.php? HTTP/1.1" 200 19676 "-" "Mozilla/5.0 (Linux; Android 6.0.1; Nexus 5X Build/MMB29P) AppleWebKit/537.36 (KHTML, like Gecko) Chrome/137.0.7151.103 Mobile Safari/537.36 (compatible; Googlebot/2.1; +http://www.google.com/bot.html)"
66.249.65.164 - - [15/Jul/2025:13:49:00 +0000] "GET /?k=6724235081900&mod=26bcbaf7&uri=category-info.php?shopbrand/244223.htm HTTP/1.1" 200 21504 "-" "Mozilla/5.0 (Linux; Android 6.0.1; Nexus 5X Build/MMB29P) AppleWebKit/537.36 (KHTML, like Gecko) Chrome/137.0.7151.103 Mobile Safari/537.36 (compatible; Googlebot/2.1; +http://www.google.com/bot.html)"
66.249.65.165 - - [15/Jul/2025:13:49:02 +0000] "POST /get-message-notify HTTP/1.1" 200 19554 "https://alalamy.com.au/?k=6724235081900&mod=26bcbaf7&uri=category-info.php?" "Mozilla/5.0 (Linux; Android 6.0.1; Nexus 5X Build/MMB29P) AppleWebKit/537.36 (KHTML, like Gecko) Chrome/137.0.7151.119 Mobile Safari/537.36 (compatible; Googlebot/2.1; +http://www.google.com/bot.html)"
66.249.65.165 - - [15/Jul/2025:13:49:02 +0000] "GET /?k=6725435031900&mod=de3358ca&uri=brands.php?shopbrand/241743.htm HTTP/1.1" 200 19292 "-" "Mozilla/5.0 (Linux; Android 6.0.1; Nexus 5X Build/MMB29P) AppleWebKit/537.36 (KHTML, like Gecko) Chrome/137.0.7151.103 Mobile Safari/537.36 (compatible; Googlebot/2.1; +http://www.google.com/bot.html)"
66.249.65.166 - - [15/Jul/2025:13:49:03 +0000] "POST /get-message-notify HTTP/1.1" 200 19554 "https://alalamy.com.au/?k=6574525121900&mod=f4d1f9e7&uri=shop.php?feature/akihabara_main/index.html" "Mozilla/5.0 (Linux; Android 6.0.1; Nexus 5X Build/MMB29P) AppleWebKit/537.36 (KHTML, like Gecko) Chrome/137.0.7151.119 Mobile Safari/537.36 (compatible; Googlebot/2.1; +http://www.google.com/bot.html)"
66.249.65.165 - - [15/Jul/2025:13:49:08 +0000] "GET /?k=6574525121900&mod=f4d1f9e7&uri=shop.php?shopbrand/247843.htm HTTP/1.1" 200 19582 "-" "Mozilla/5.0 (Linux; Android 6.0.1; Nexus 5X Build/MMB29P) AppleWebKit/537.36 (KHTML, like Gecko) Chrome/137.0.7151.103 Mobile Safari/537.36 (compatible; Googlebot/2.1; +http://www.google.com/bot.html)"
66.249.65.164 - - [15/Jul/2025:13:49:08 +0000] "GET /?k=8390892031900&mod=0bb3498d&uri=brands.php?shopbrand/242001.htm HTTP/1.1" 200 19562 "-" "Mozilla/5.0 (Linux; Android 6.0.1; Nexus 5X Build/MMB29P) AppleWebKit/537.36 (KHTML, like Gecko) Chrome/137.0.7151.103 Mobile Safari/537.36 (compatible; Googlebot/2.1; +http://www.google.com/bot.html)"
66.249.65.164 - - [15/Jul/2025:13:49:09 +0000] "GET /?k=6574525121900&mod=f4d1f9e7&uri=shop.php?shopbrand/253675.htm HTTP/1.1" 200 20336 "-" "Mozilla/5.0 (Linux; Android 6.0.1; Nexus 5X Build/MMB29P) AppleWebKit/537.36 (KHTML, like Gecko) Chrome/137.0.7151.103 Mobile Safari/537.36 (compatible; Googlebot/2.1; +http://www.google.com/bot.html)"
66.249.65.165 - - [15/Jul/2025:13:49:10 +0000] "GET /?k=8390892031900&mod=0bb3498d&uri=brands.php?feature/omiya_marui/index.html HTTP/1.1" 200 19341 "-" "Mozilla/5.0 (Linux; Android 6.0.1; Nexus 5X Build/MMB29P) AppleWebKit/537.36 (KHTML, like Gecko) Chrome/137.0.7151.103 Mobile Safari/537.36 (compatible; Googlebot/2.1; +http://www.google.com/bot.html)"
66.249.65.164 - - [15/Jul/2025:13:49:11 +0000] "POST /get-message-notify HTTP/1.1" 200 19554 "https://alalamy.com.au/?k=6725435031900&mod=de3358ca&uri=brands.php?shopbrand/250897.htm" "Mozilla/5.0 (Linux; Android 6.0.1; Nexus 5X Build/MMB29P) AppleWebKit/537.36 (KHTML, like Gecko) Chrome/137.0.7151.119 Mobile Safari/537.36 (compatible; Googlebot/2.1; +http://www.google.com/bot.html)"
66.249.65.164 - - [15/Jul/2025:13:49:11 +0000] "POST /get-message-notify HTTP/1.1" 200 19554 "https://alalamy.com.au/?k=8390892031900&mod=0bb3498d&uri=brands.php?shopbrand/242001.htm" "Mozilla/5.0 (Linux; Android 6.0.1; Nexus 5X Build/MMB29P) AppleWebKit/537.36 (KHTML, like Gecko) Chrome/137.0.7151.119 Mobile Safari/537.36 (compatible; Googlebot/2.1; +http://www.google.com/bot.html)"
66.249.65.164 - - [15/Jul/2025:13:49:12 +0000] "GET /?k=6574525121900&mod=f4d1f9e7&uri=shop.php?shopbrand/252140.htm HTTP/1.1" 200 20328 "-" "Mozilla/5.0 (Linux; Android 6.0.1; Nexus 5X Build/MMB29P) AppleWebKit/537.36 (KHTML, like Gecko) Chrome/137.0.7151.103 Mobile Safari/537.36 (compatible; Googlebot/2.1; +http://www.google.com/bot.html)"
66.249.65.164 - - [15/Jul/2025:13:49:14 +0000] "POST /get-message-notify HTTP/1.1" 200 19554 "https://alalamy.com.au/?k=6574525121900&mod=f4d1f9e7&uri=shop.php?shopbrand/247843.htm" "Mozilla/5.0 (Linux; Android 6.0.1; Nexus 5X Build/MMB29P) AppleWebKit/537.36 (KHTML, like Gecko) Chrome/137.0.7151.119 Mobile Safari/537.36 (compatible; Googlebot/2.1; +http://www.google.com/bot.html)"
66.249.65.164 - - [15/Jul/2025:13:49:18 +0000] "GET /?k=6574525121900&mod=f4d1f9e7&uri=shop.php?vintagegame.html HTTP/1.1" 200 19166 "-" "Mozilla/5.0 (Linux; Android 6.0.1; Nexus 5X Build/MMB29P) AppleWebKit/537.36 (KHTML, like Gecko) Chrome/137.0.7151.103 Mobile Safari/537.36 (compatible; Googlebot/2.1; +http://www.google.com/bot.html)"
66.249.65.164 - - [15/Jul/2025:13:49:19 +0000] "GET /?k=93977340041900&mod=0bb3498d&uri=us.php?affiliate HTTP/1.1" 200 19853 "-" "Mozilla/5.0 (Linux; Android 6.0.1; Nexus 5X Build/MMB29P) AppleWebKit/537.36 (KHTML, like Gecko) Chrome/137.0.7151.103 Mobile Safari/537.36 (compatible; Googlebot/2.1; +http://www.google.com/bot.html)"
66.249.65.164 - - [15/Jul/2025:13:49:20 +0000] "POST /get-message-notify HTTP/1.1" 200 19554 "https://alalamy.com.au/?k=8390892031900&mod=0bb3498d&uri=brands.php?shopbrand/247843.htm" "Mozilla/5.0 (Linux; Android 6.0.1; Nexus 5X Build/MMB29P) AppleWebKit/537.36 (KHTML, like Gecko) Chrome/137.0.7151.119 Mobile Safari/537.36 (compatible; Googlebot/2.1; +http://www.google.com/bot.html)"
66.249.65.164 - - [15/Jul/2025:13:49:21 +0000] "GET /?k=6574285041900&mod=f4d1f9e7&uri=pin.php?shopbrand/252440.htm HTTP/1.1" 200 19274 "-" "Mozilla/5.0 (Linux; Android 6.0.1; Nexus 5X Build/MMB29P) AppleWebKit/537.36 (KHTML, like Gecko) Chrome/137.0.7151.103 Mobile Safari/537.36 (compatible; Googlebot/2.1; +http://www.google.com/bot.html)"
66.249.65.164 - - [15/Jul/2025:13:49:22 +0000] "GET /?k=6725435031900&mod=de3358ca&uri=brands.php?shopbrand/247843.htm HTTP/1.1" 200 19585 "-" "Mozilla/5.0 (Linux; Android 6.0.1; Nexus 5X Build/MMB29P) AppleWebKit/537.36 (KHTML, like Gecko) Chrome/137.0.7151.103 Mobile Safari/537.36 (compatible; Googlebot/2.1; +http://www.google.com/bot.html)"
209.74.77.214 - - [15/Jul/2025:13:49:22 +0000] "POST /wp-cron.php?doing_wp_cron=1752587362.8116219043731689453125 HTTP/1.1" 200 - "-" "WordPress/6.8.1; https://alalamy.com.au"
54.36.148.235 - - [15/Jul/2025:13:49:22 +0000] "GET /shopbrand/177452245.htm HTTP/1.1" 404 20340 "-" "Mozilla/5.0 (compatible; AhrefsBot/7.0; +http://ahrefs.com/robot/)"
209.74.77.214 - - [15/Jul/2025:13:49:22 +0000] "POST /wp-admin/admin-ajax.php?action=async_litespeed&nonce=GvbqVieMn0vXpt1PiJ2VugL6WYlr9aMT&litespeed_type=imgoptm HTTP/1.1" 200 21 "-" "WordPress/6.8.1; https://alalamy.com.au"
66.249.65.164 - - [15/Jul/2025:13:49:22 +0000] "GET /?k=6574525121900&mod=f4d1f9e7&uri=shop.php?feature/osu_main/index.html HTTP/1.1" 200 21614 "-" "Mozilla/5.0 (Linux; Android 6.0.1; Nexus 5X Build/MMB29P) AppleWebKit/537.36 (KHTML, like Gecko) Chrome/137.0.7151.103 Mobile Safari/537.36 (compatible; Googlebot/2.1; +http://www.google.com/bot.html)"
66.249.65.165 - - [15/Jul/2025:13:49:24 +0000] "GET /?k=6574525121900&mod=f4d1f9e7&uri=shop.php?cargo/detail HTTP/1.1" 200 18870 "-" "Mozilla/5.0 (Linux; Android 6.0.1; Nexus 5X Build/MMB29P) AppleWebKit/537.36 (KHTML, like Gecko) Chrome/137.0.7151.103 Mobile Safari/537.36 (compatible; Googlebot/2.1; +http://www.google.com/bot.html)"
66.249.65.164 - - [15/Jul/2025:13:49:25 +0000] "GET /?k=6575725021900&mod=7a51ab26&uri=product.php?feature/eposcard/index.html HTTP/1.1" 200 20373 "-" "Mozilla/5.0 (Linux; Android 6.0.1; Nexus 5X Build/MMB29P) AppleWebKit/537.36 (KHTML, like Gecko) Chrome/137.0.7151.103 Mobile Safari/537.36 (compatible; Googlebot/2.1; +http://www.google.com/bot.html)"
66.249.65.165 - - [15/Jul/2025:13:49:25 +0000] "POST /get-message-notify HTTP/1.1" 200 19554 "https://alalamy.com.au/?k=93977340041900&mod=0bb3498d&uri=us.php?affiliate" "Mozilla/5.0 (Linux; Android 6.0.1; Nexus 5X Build/MMB29P) AppleWebKit/537.36 (KHTML, like Gecko) Chrome/137.0.7151.119 Mobile Safari/537.36 (compatible; Googlebot/2.1; +http://www.google.com/bot.html)"
66.249.65.164 - - [15/Jul/2025:13:49:26 +0000] "GET /?k=6724235081900&mod=26bcbaf7&uri=category-info.php?shopbrand/251735.htm HTTP/1.1" 200 19115 "-" "Mozilla/5.0 (Linux; Android 6.0.1; Nexus 5X Build/MMB29P) AppleWebKit/537.36 (KHTML, like Gecko) Chrome/137.0.7151.103 Mobile Safari/537.36 (compatible; Googlebot/2.1; +http://www.google.com/bot.html)"
66.249.65.165 - - [15/Jul/2025:13:49:26 +0000] "GET /?k=37691396011900&mod=ec5df877&uri=category-info.php?feature/yokohama_maruicity/index.html HTTP/1.1" 200 20330 "-" "Mozilla/5.0 (Linux; Android 6.0.1; Nexus 5X Build/MMB29P) AppleWebKit/537.36 (KHTML, like Gecko) Chrome/137.0.7151.103 Mobile Safari/537.36 (compatible; Googlebot/2.1; +http://www.google.com/bot.html)"
66.249.65.165 - - [15/Jul/2025:13:49:27 +0000] "GET /?k=6725435031900&mod=de3358ca&uri=brands.php?shopbrand/250057.htm HTTP/1.1" 200 20727 "-" "Mozilla/5.0 (Linux; Android 6.0.1; Nexus 5X Build/MMB29P) AppleWebKit/537.36 (KHTML, like Gecko) Chrome/137.0.7151.103 Mobile Safari/537.36 (compatible; Googlebot/2.1; +http://www.google.com/bot.html)"
66.249.65.165 - - [15/Jul/2025:13:49:29 +0000] "POST /get-message-notify HTTP/1.1" 200 19554 "https://alalamy.com.au/?k=6574525121900&mod=f4d1f9e7&uri=shop.php?vintagegame.html" "Mozilla/5.0 (Linux; Android 6.0.1; Nexus 5X Build/MMB29P) AppleWebKit/537.36 (KHTML, like Gecko) Chrome/137.0.7151.119 Mobile Safari/537.36 (compatible; Googlebot/2.1; +http://www.google.com/bot.html)"
66.249.65.165 - - [15/Jul/2025:13:49:29 +0000] "GET /?k=6574525121900&mod=f4d1f9e7&uri=shop.php?toreka/figure_menu.html HTTP/1.1" 200 19769 "-" "Mozilla/5.0 (Linux; Android 6.0.1; Nexus 5X Build/MMB29P) AppleWebKit/537.36 (KHTML, like Gecko) Chrome/137.0.7151.103 Mobile Safari/537.36 (compatible; Googlebot/2.1; +http://www.google.com/bot.html)"
66.249.65.164 - - [15/Jul/2025:13:49:30 +0000] "GET /?k=6574525121900&mod=f4d1f9e7&uri=shop.php?shopbrand/245768.htm HTTP/1.1" 200 19446 "-" "Mozilla/5.0 (Linux; Android 6.0.1; Nexus 5X Build/MMB29P) AppleWebKit/537.36 (KHTML, like Gecko) Chrome/137.0.7151.103 Mobile Safari/537.36 (compatible; Googlebot/2.1; +http://www.google.com/bot.html)"
66.249.65.166 - - [15/Jul/2025:13:49:32 +0000] "GET /?k=6574525121900&mod=f4d1f9e7&uri=shop.php?shopbrand/253119.htm HTTP/1.1" 200 19148 "-" "Mozilla/5.0 (Linux; Android 6.0.1; Nexus 5X Build/MMB29P) AppleWebKit/537.36 (KHTML, like Gecko) Chrome/137.0.7151.103 Mobile Safari/537.36 (compatible; Googlebot/2.1; +http://www.google.com/bot.html)"
66.249.65.166 - - [15/Jul/2025:13:49:34 +0000] "GET /?k=6574525121900&mod=f4d1f9e7&uri=shop.php?feature/eposcard/index.html HTTP/1.1" 200 20351 "-" "Mozilla/5.0 (Linux; Android 6.0.1; Nexus 5X Build/MMB29P) AppleWebKit/537.36 (KHTML, like Gecko) Chrome/137.0.7151.103 Mobile Safari/537.36 (compatible; Googlebot/2.1; +http://www.google.com/bot.html)"
66.249.65.164 - - [15/Jul/2025:13:49:36 +0000] "GET /?k=6725435031900&mod=de3358ca&uri=brands.php?affiliate HTTP/1.1" 200 19853 "-" "Mozilla/5.0 (Linux; Android 6.0.1; Nexus 5X Build/MMB29P) AppleWebKit/537.36 (KHTML, like Gecko) Chrome/137.0.7151.103 Mobile Safari/537.36 (compatible; Googlebot/2.1; +http://www.google.com/bot.html)"
