209.74.77.214 - - [15/Jul/2025:15:06:05 +0000] "POST /wp-cron.php?doing_wp_cron=1752591965.9434359073638916015625 HTTP/1.1" 200 - "-" "WordPress/6.8.1; https://alalamy.com.au"
54.36.149.89 - - [15/Jul/2025:15:06:05 +0000] "GET /shopbrand/177496310.htm HTTP/1.1" 404 20339 "-" "Mozilla/5.0 (compatible; AhrefsBot/7.0; +http://ahrefs.com/robot/)"
209.74.77.214 - - [15/Jul/2025:15:06:06 +0000] "POST /wp-admin/admin-ajax.php?action=async_litespeed&nonce=oUfVausbTjEcjvJgKBqVkmnALEPJKBmY&litespeed_type=imgoptm HTTP/1.1" 200 21 "-" "WordPress/6.8.1; https://alalamy.com.au"
209.74.77.214 - - [15/Jul/2025:15:07:07 +0000] "POST /wp-cron.php?doing_wp_cron=1752592027.1924829483032226562500 HTTP/1.1" 200 - "-" "WordPress/6.8.1; https://alalamy.com.au"
54.36.148.1 - - [15/Jul/2025:15:07:05 +0000] "GET /shopbrand/177496344.htm HTTP/1.1" 404 20339 "-" "Mozilla/5.0 (compatible; AhrefsBot/7.0; +http://ahrefs.com/robot/)"
209.74.77.214 - - [15/Jul/2025:15:07:07 +0000] "POST /wp-admin/admin-ajax.php?action=async_litespeed&nonce=4UgMIf6JGWMh3JckmnVcNZRswTHNIKZ4&litespeed_type=imgoptm HTTP/1.1" 200 21 "-" "WordPress/6.8.1; https://alalamy.com.au"
66.249.65.166 - - [15/Jul/2025:15:07:09 +0000] "GET /?k=7192989071900&mod=df7c6cbf&uri=article.php%3Fid%3D240219-399%26name%3Dnew+cosmograph+daytona+price HTTP/1.1" 200 19643 "-" "Mozilla/5.0 (Linux; Android 6.0.1; Nexus 5X Build/MMB29P) AppleWebKit/537.36 (KHTML, like Gecko) Chrome/137.0.7151.103 Mobile Safari/537.36 (compatible; Googlebot/2.1; +http://www.google.com/bot.html)"
66.249.65.164 - - [15/Jul/2025:15:07:19 +0000] "GET /?k=93977340041900&mod=0bb3498d&uri=us.php?shopbrand/246149.htm HTTP/1.1" 200 20689 "-" "Mozilla/5.0 (Linux; Android 6.0.1; Nexus 5X Build/MMB29P) AppleWebKit/537.36 (KHTML, like Gecko) Chrome/137.0.7151.103 Mobile Safari/537.36 (compatible; Googlebot/2.1; +http://www.google.com/bot.html)"
66.249.65.164 - - [15/Jul/2025:15:07:26 +0000] "POST /get-message-notify HTTP/1.1" 200 19554 "https://alalamy.com.au/?k=7192989071900&mod=df7c6cbf&uri=article.php%3Fid%3D240219-399%26name%3Dnew+cosmograph+daytona+price" "Mozilla/5.0 (Linux; Android 6.0.1; Nexus 5X Build/MMB29P) AppleWebKit/537.36 (KHTML, like Gecko) Chrome/137.0.7151.119 Mobile Safari/537.36 (compatible; Googlebot/2.1; +http://www.google.com/bot.html)"
104.210.140.141 - - [15/Jul/2025:15:07:33 +0000] "GET /robots.txt HTTP/1.1" 200 92 "-" "Mozilla/5.0 (Macintosh; Intel Mac OS X 10_15_7) AppleWebKit/537.36 (KHTML, like Gecko) Chrome/131.0.0.0 Safari/537.36; compatible; OAI-SearchBot/1.0; +https://openai.com/searchbot"
66.249.65.164 - - [15/Jul/2025:15:07:39 +0000] "POST /get-message-notify HTTP/1.1" 200 19554 "https://alalamy.com.au/?k=93977340041900&mod=0bb3498d&uri=us.php?shopbrand/246149.htm" "Mozilla/5.0 (Linux; Android 6.0.1; Nexus 5X Build/MMB29P) AppleWebKit/537.36 (KHTML, like Gecko) Chrome/137.0.7151.119 Mobile Safari/537.36 (compatible; Googlebot/2.1; +http://www.google.com/bot.html)"
209.74.77.214 - - [15/Jul/2025:15:08:13 +0000] "POST /wp-cron.php?doing_wp_cron=1752592093.7868759632110595703125 HTTP/1.1" 200 - "-" "WordPress/6.8.1; https://alalamy.com.au"
54.36.148.249 - - [15/Jul/2025:15:08:11 +0000] "GET /shopbrand/177496451.htm HTTP/1.1" 404 20340 "-" "Mozilla/5.0 (compatible; AhrefsBot/7.0; +http://ahrefs.com/robot/)"
209.74.77.214 - - [15/Jul/2025:15:08:13 +0000] "POST /wp-admin/admin-ajax.php?action=async_litespeed&nonce=aE0CwXi0CoNfYEBNCmREGkJ2SoB8KK2V&litespeed_type=imgoptm HTTP/1.1" 200 21 "-" "WordPress/6.8.1; https://alalamy.com.au"
209.74.77.214 - - [15/Jul/2025:15:09:04 +0000] "POST /wp-cron.php?doing_wp_cron=1752592144.4254109859466552734375 HTTP/1.1" 200 - "-" "WordPress/6.8.1; https://alalamy.com.au"
54.36.149.106 - - [15/Jul/2025:15:09:02 +0000] "GET /shopbrand/177496610.htm HTTP/1.1" 404 20338 "-" "Mozilla/5.0 (compatible; AhrefsBot/7.0; +http://ahrefs.com/robot/)"
209.74.77.214 - - [15/Jul/2025:15:09:04 +0000] "POST /wp-admin/admin-ajax.php?action=async_litespeed&nonce=6SJxux5yFZTQSk1Xz82kTyismIBGssPw&litespeed_type=imgoptm HTTP/1.1" 200 21 "-" "WordPress/6.8.1; https://alalamy.com.au"
66.249.65.166 - - [15/Jul/2025:15:09:39 +0000] "GET /?k=7182292101900&mod=4d383d5c&uri=goods.php?shopbrand/253675.htm HTTP/1.1" 200 20337 "-" "Mozilla/5.0 (Linux; Android 6.0.1; Nexus 5X Build/MMB29P) AppleWebKit/537.36 (KHTML, like Gecko) Chrome/137.0.7151.103 Mobile Safari/537.36 (compatible; Googlebot/2.1; +http://www.google.com/bot.html)"
66.249.65.165 - - [15/Jul/2025:15:09:38 +0000] "GET /?k=7182292101900&mod=4d383d5c&uri=goods.php?shopbrand/250057.htm HTTP/1.1" 200 20730 "-" "Mozilla/5.0 (Linux; Android 6.0.1; Nexus 5X Build/MMB29P) AppleWebKit/537.36 (KHTML, like Gecko) Chrome/137.0.7151.103 Mobile Safari/537.36 (compatible; Googlebot/2.1; +http://www.google.com/bot.html)"
209.74.77.214 - - [15/Jul/2025:15:09:49 +0000] "POST /wp-cron.php?doing_wp_cron=1752592189.9369668960571289062500 HTTP/1.1" 200 - "-" "WordPress/6.8.1; https://alalamy.com.au"
54.36.148.175 - - [15/Jul/2025:15:09:48 +0000] "GET /shopbrand/177496725.htm HTTP/1.1" 404 20339 "-" "Mozilla/5.0 (compatible; AhrefsBot/7.0; +http://ahrefs.com/robot/)"
209.74.77.214 - - [15/Jul/2025:15:09:50 +0000] "POST /wp-admin/admin-ajax.php?action=async_litespeed&nonce=rVZ7LGVlbqODUeXXenySUYceKjE6N0pL&litespeed_type=imgoptm HTTP/1.1" 200 21 "-" "WordPress/6.8.1; https://alalamy.com.au"
66.249.65.166 - - [15/Jul/2025:15:10:17 +0000] "POST /get-message-notify HTTP/1.1" 200 19554 "https://alalamy.com.au/?k=7182292101900&mod=4d383d5c&uri=goods.php?shopbrand/253675.htm" "Mozilla/5.0 (Linux; Android 6.0.1; Nexus 5X Build/MMB29P) AppleWebKit/537.36 (KHTML, like Gecko) Chrome/137.0.7151.119 Mobile Safari/537.36 (compatible; Googlebot/2.1; +http://www.google.com/bot.html)"
209.74.77.214 - - [15/Jul/2025:15:10:31 +0000] "POST /wp-cron.php?doing_wp_cron=1752592231.9501910209655761718750 HTTP/1.1" 200 - "-" "WordPress/6.8.1; https://alalamy.com.au"
54.36.148.146 - - [15/Jul/2025:15:10:31 +0000] "GET /shopbrand/177497023.htm HTTP/1.1" 404 20340 "-" "Mozilla/5.0 (compatible; AhrefsBot/7.0; +http://ahrefs.com/robot/)"
209.74.77.214 - - [15/Jul/2025:15:10:32 +0000] "POST /wp-admin/admin-ajax.php?action=async_litespeed&nonce=UFwa511pxnOWMFPOKJUdurt7GkYFwlhQ&litespeed_type=imgoptm HTTP/1.1" 200 21 "-" "WordPress/6.8.1; https://alalamy.com.au"
209.74.77.214 - - [15/Jul/2025:15:11:24 +0000] "POST /wp-cron.php?doing_wp_cron=1752592284.6784980297088623046875 HTTP/1.1" 200 - "-" "WordPress/6.8.1; https://alalamy.com.au"
54.36.148.100 - - [15/Jul/2025:15:11:22 +0000] "GET /shopbrand/177497182.htm HTTP/1.1" 404 20340 "-" "Mozilla/5.0 (compatible; AhrefsBot/7.0; +http://ahrefs.com/robot/)"
209.74.77.214 - - [15/Jul/2025:15:12:13 +0000] "POST /wp-cron.php?doing_wp_cron=1752592333.4794449806213378906250 HTTP/1.1" 200 - "-" "WordPress/6.8.1; https://alalamy.com.au"
54.36.148.206 - - [15/Jul/2025:15:12:11 +0000] "GET /shopbrand/177497579.htm HTTP/1.1" 404 20340 "-" "Mozilla/5.0 (compatible; AhrefsBot/7.0; +http://ahrefs.com/robot/)"
209.74.77.214 - - [15/Jul/2025:15:12:13 +0000] "POST /wp-admin/admin-ajax.php?action=async_litespeed&nonce=Sqx56Iwm0t5fzNxCsEoNSWVfMjyWdVPE&litespeed_type=imgoptm HTTP/1.1" 200 21 "-" "WordPress/6.8.1; https://alalamy.com.au"
66.249.65.164 - - [15/Jul/2025:15:12:57 +0000] "GET /?k=5872668141900&mod=e07472e7&uri=itm.php?shopbrand/452725.htm HTTP/1.1" 200 19463 "-" "Mozilla/5.0 (Linux; Android 6.0.1; Nexus 5X Build/MMB29P) AppleWebKit/537.36 (KHTML, like Gecko) Chrome/137.0.7151.103 Mobile Safari/537.36 (compatible; Googlebot/2.1; +http://www.google.com/bot.html)"
209.74.77.214 - - [15/Jul/2025:15:13:01 +0000] "POST /wp-cron.php?doing_wp_cron=1752592381.0458619594573974609375 HTTP/1.1" 200 - "-" "WordPress/6.8.1; https://alalamy.com.au"
54.36.148.236 - - [15/Jul/2025:15:12:59 +0000] "GET /shopbrand/177497853.htm HTTP/1.1" 404 20340 "-" "Mozilla/5.0 (compatible; AhrefsBot/7.0; +http://ahrefs.com/robot/)"
209.74.77.214 - - [15/Jul/2025:15:13:01 +0000] "POST /wp-admin/admin-ajax.php?action=async_litespeed&nonce=5KnhKB0fdQze59g1M5WzN5GaECBzsq0C&litespeed_type=imgoptm HTTP/1.1" 200 21 "-" "WordPress/6.8.1; https://alalamy.com.au"
66.249.65.166 - - [15/Jul/2025:15:13:06 +0000] "GET /?k=93977340041900&mod=0bb3498d&uri=us.php?feature/omiya_marui/index.html HTTP/1.1" 200 19333 "-" "Mozilla/5.0 (Linux; Android 6.0.1; Nexus 5X Build/MMB29P) AppleWebKit/537.36 (KHTML, like Gecko) Chrome/137.0.7151.103 Mobile Safari/537.36 (compatible; Googlebot/2.1; +http://www.google.com/bot.html)"
66.249.65.165 - - [15/Jul/2025:15:13:34 +0000] "GET /?k=7169464021900&mod=4d383d5c&uri=shared.php%3Fid%3D239434-234%26name%3Dmarco+polo+parka+oliv HTTP/1.1" 200 19604 "-" "Mozilla/5.0 (Linux; Android 6.0.1; Nexus 5X Build/MMB29P) AppleWebKit/537.36 (KHTML, like Gecko) Chrome/137.0.7151.103 Mobile Safari/537.36 (compatible; Googlebot/2.1; +http://www.google.com/bot.html)"
66.249.65.164 - - [15/Jul/2025:15:13:40 +0000] "GET /?k=93977340041900&mod=0bb3498d&uri=us.php?shopbrand/245353.htm HTTP/1.1" 200 19202 "-" "Mozilla/5.0 (Linux; Android 6.0.1; Nexus 5X Build/MMB29P) AppleWebKit/537.36 (KHTML, like Gecko) Chrome/137.0.7151.103 Mobile Safari/537.36 (compatible; Googlebot/2.1; +http://www.google.com/bot.html)"
209.74.77.214 - - [15/Jul/2025:15:13:58 +0000] "POST /wp-cron.php?doing_wp_cron=1752592438.2163999080657958984375 HTTP/1.1" 200 - "-" "WordPress/6.8.1; https://alalamy.com.au"
54.36.148.114 - - [15/Jul/2025:15:13:57 +0000] "GET /shopbrand/177498153.htm HTTP/1.1" 404 20340 "-" "Mozilla/5.0 (compatible; AhrefsBot/7.0; +http://ahrefs.com/robot/)"
209.74.77.214 - - [15/Jul/2025:15:13:58 +0000] "POST /wp-admin/admin-ajax.php?action=async_litespeed&nonce=ydpIvQ90nJHnqaE85Bl6KA3DerTY7Asf&litespeed_type=imgoptm HTTP/1.1" 200 21 "-" "WordPress/6.8.1; https://alalamy.com.au"
66.249.65.164 - - [15/Jul/2025:15:14:04 +0000] "POST /get-message-notify HTTP/1.1" 200 19554 "https://alalamy.com.au/?k=7169464021900&mod=4d383d5c&uri=shared.php%3Fid%3D239434-234%26name%3Dmarco+polo+parka+oliv" "Mozilla/5.0 (Linux; Android 6.0.1; Nexus 5X Build/MMB29P) AppleWebKit/537.36 (KHTML, like Gecko) Chrome/137.0.7151.119 Mobile Safari/537.36 (compatible; Googlebot/2.1; +http://www.google.com/bot.html)"
66.249.65.164 - - [15/Jul/2025:15:14:49 +0000] "GET /?k=5872668141900&mod=e07472e7&uri=itm.php?shopbrand/451629.htm HTTP/1.1" 200 21522 "-" "Mozilla/5.0 (Linux; Android 6.0.1; Nexus 5X Build/MMB29P) AppleWebKit/537.36 (KHTML, like Gecko) Chrome/137.0.7151.103 Mobile Safari/537.36 (compatible; Googlebot/2.1; +http://www.google.com/bot.html)"
66.249.65.165 - - [15/Jul/2025:15:15:16 +0000] "GET /?k=6725435031900&mod=de3358ca&uri=brands.php?man/kaitori/ansin.html HTTP/1.1" 200 20431 "-" "Mozilla/5.0 (Linux; Android 6.0.1; Nexus 5X Build/MMB29P) AppleWebKit/537.36 (KHTML, like Gecko) Chrome/137.0.7151.103 Mobile Safari/537.36 (compatible; Googlebot/2.1; +http://www.google.com/bot.html)"
66.249.65.164 - - [15/Jul/2025:15:15:36 +0000] "POST /get-message-notify HTTP/1.1" 200 19554 "https://alalamy.com.au/?k=6725435031900&mod=de3358ca&uri=brands.php?man/kaitori/ansin.html" "Mozilla/5.0 (Linux; Android 6.0.1; Nexus 5X Build/MMB29P) AppleWebKit/537.36 (KHTML, like Gecko) Chrome/137.0.7151.119 Mobile Safari/537.36 (compatible; Googlebot/2.1; +http://www.google.com/bot.html)"
209.74.77.214 - - [15/Jul/2025:15:15:40 +0000] "POST /wp-cron.php?doing_wp_cron=1752592540.1013810634613037109375 HTTP/1.1" 200 - "-" "WordPress/6.8.1; https://alalamy.com.au"
209.74.77.214 - - [15/Jul/2025:15:15:40 +0000] "POST /wp-admin/admin-ajax.php?action=async_litespeed&nonce=Mmgmj5S6eXJVUKCVkgZFyvLFrYIFtOYu&litespeed_type=imgoptm HTTP/1.1" 200 21 "-" "WordPress/6.8.1; https://alalamy.com.au"
54.36.149.41 - - [15/Jul/2025:15:15:38 +0000] "GET /shopbrand/177498824.htm HTTP/1.1" 404 20340 "-" "Mozilla/5.0 (compatible; AhrefsBot/7.0; +http://ahrefs.com/robot/)"
66.249.65.164 - - [15/Jul/2025:15:15:56 +0000] "GET /?k=5872668141900&mod=e07472e7&uri=itm.php?shopbrand/8593693.htm HTTP/1.1" 200 19239 "-" "Mozilla/5.0 (Linux; Android 6.0.1; Nexus 5X Build/MMB29P) AppleWebKit/537.36 (KHTML, like Gecko) Chrome/137.0.7151.103 Mobile Safari/537.36 (compatible; Googlebot/2.1; +http://www.google.com/bot.html)"
66.249.65.164 - - [15/Jul/2025:15:16:23 +0000] "GET /?k=7293662001900&mod=861288f2&uri=dp.php?product_archives HTTP/1.1" 200 19127 "-" "Mozilla/5.0 (Linux; Android 6.0.1; Nexus 5X Build/MMB29P) AppleWebKit/537.36 (KHTML, like Gecko) Chrome/137.0.7151.103 Mobile Safari/537.36 (compatible; Googlebot/2.1; +http://www.google.com/bot.html)"
66.249.65.166 - - [15/Jul/2025:15:16:23 +0000] "GET /?k=7305481021900&mod=1177967c&uri=shop.php?cd.html HTTP/1.1" 200 19145 "-" "Mozilla/5.0 (Linux; Android 6.0.1; Nexus 5X Build/MMB29P) AppleWebKit/537.36 (KHTML, like Gecko) Chrome/137.0.7151.103 Mobile Safari/537.36 (compatible; Googlebot/2.1; +http://www.google.com/bot.html)"
209.74.77.214 - - [15/Jul/2025:15:16:25 +0000] "POST /wp-cron.php?doing_wp_cron=1752592585.0895760059356689453125 HTTP/1.1" 200 - "-" "WordPress/6.8.1; https://alalamy.com.au"
54.36.148.44 - - [15/Jul/2025:15:16:24 +0000] "GET /shopbrand/177499364.htm HTTP/1.1" 404 20340 "-" "Mozilla/5.0 (compatible; AhrefsBot/7.0; +http://ahrefs.com/robot/)"
66.249.65.164 - - [15/Jul/2025:15:16:26 +0000] "POST /get-message-notify HTTP/1.1" 200 19554 "https://alalamy.com.au/?k=7293662001900&mod=861288f2&uri=dp.php?product_archives" "Mozilla/5.0 (Linux; Android 6.0.1; Nexus 5X Build/MMB29P) AppleWebKit/537.36 (KHTML, like Gecko) Chrome/137.0.7151.119 Mobile Safari/537.36 (compatible; Googlebot/2.1; +http://www.google.com/bot.html)"
209.74.77.214 - - [15/Jul/2025:15:17:15 +0000] "POST /wp-cron.php?doing_wp_cron=1752592635.8085711002349853515625 HTTP/1.1" 200 - "-" "WordPress/6.8.1; https://alalamy.com.au"
209.74.77.214 - - [15/Jul/2025:15:17:16 +0000] "POST /wp-admin/admin-ajax.php?action=async_litespeed&nonce=jCwh0dM42HziWFyXSIwTSkv4bbPhJbHq&litespeed_type=imgoptm HTTP/1.1" 200 21 "-" "WordPress/6.8.1; https://alalamy.com.au"
54.36.148.73 - - [15/Jul/2025:15:17:13 +0000] "GET /shopbrand/177499406.htm HTTP/1.1" 404 20339 "-" "Mozilla/5.0 (compatible; AhrefsBot/7.0; +http://ahrefs.com/robot/)"
66.249.65.166 - - [15/Jul/2025:15:18:07 +0000] "GET /?k=5872668141900&mod=e07472e7&uri=itm.php?shopbrand/452185.htm HTTP/1.1" 200 19280 "-" "Mozilla/5.0 (Linux; Android 6.0.1; Nexus 5X Build/MMB29P) AppleWebKit/537.36 (KHTML, like Gecko) Chrome/137.0.7151.103 Mobile Safari/537.36 (compatible; Googlebot/2.1; +http://www.google.com/bot.html)"
66.249.65.165 - - [15/Jul/2025:15:18:11 +0000] "POST /get-message-notify HTTP/1.1" 200 19554 "https://alalamy.com.au/?k=5872668141900&mod=e07472e7&uri=itm.php?shopbrand/452185.htm" "Mozilla/5.0 (Linux; Android 6.0.1; Nexus 5X Build/MMB29P) AppleWebKit/537.36 (KHTML, like Gecko) Chrome/137.0.7151.119 Mobile Safari/537.36 (compatible; Googlebot/2.1; +http://www.google.com/bot.html)"
209.74.77.214 - - [15/Jul/2025:15:18:16 +0000] "POST /wp-cron.php?doing_wp_cron=1752592696.5194690227508544921875 HTTP/1.1" 200 - "-" "WordPress/6.8.1; https://alalamy.com.au"
209.74.77.214 - - [15/Jul/2025:15:18:16 +0000] "POST /wp-admin/admin-ajax.php?action=async_litespeed&nonce=G0rRKKhePWIOG2wN1P9uAqcUCgLlK5Xt&litespeed_type=imgoptm HTTP/1.1" 200 21 "-" "WordPress/6.8.1; https://alalamy.com.au"
54.36.148.123 - - [15/Jul/2025:15:18:14 +0000] "GET /shopbrand/177500502.htm HTTP/1.1" 404 20340 "-" "Mozilla/5.0 (compatible; AhrefsBot/7.0; +http://ahrefs.com/robot/)"
66.249.65.165 - - [15/Jul/2025:15:18:56 +0000] "GET /?k=6668395061900&mod=ead6d4ad&uri=article.php?shopbrand/245619.htm HTTP/1.1" 200 20466 "-" "Mozilla/5.0 (Linux; Android 6.0.1; Nexus 5X Build/MMB29P) AppleWebKit/537.36 (KHTML, like Gecko) Chrome/137.0.7151.103 Mobile Safari/537.36 (compatible; Googlebot/2.1; +http://www.google.com/bot.html)"
209.74.77.214 - - [15/Jul/2025:15:19:07 +0000] "POST /wp-cron.php?doing_wp_cron=1752592747.0460729598999023437500 HTTP/1.1" 200 - "-" "WordPress/6.8.1; https://alalamy.com.au"
209.74.77.214 - - [15/Jul/2025:15:19:07 +0000] "POST /wp-admin/admin-ajax.php?action=async_litespeed&nonce=WVi4r6nEXCSUJUc8Oi1bgRsawNKwzmCZ&litespeed_type=imgoptm HTTP/1.1" 200 21 "-" "WordPress/6.8.1; https://alalamy.com.au"
54.36.148.24 - - [15/Jul/2025:15:19:05 +0000] "GET /shopbrand/177500899.htm HTTP/1.1" 404 20340 "-" "Mozilla/5.0 (compatible; AhrefsBot/7.0; +http://ahrefs.com/robot/)"
209.74.77.214 - - [15/Jul/2025:15:20:58 +0000] "POST /wp-cron.php?doing_wp_cron=1752592858.6670210361480712890625 HTTP/1.1" 200 - "-" "WordPress/6.8.1; https://alalamy.com.au"
209.74.77.214 - - [15/Jul/2025:15:20:58 +0000] "POST /wp-admin/admin-ajax.php?action=async_litespeed&nonce=YPd7kuppUnkup23HdKBV7sil4gGrRuq2&litespeed_type=imgoptm HTTP/1.1" 200 21 "-" "WordPress/6.8.1; https://alalamy.com.au"
54.36.149.35 - - [15/Jul/2025:15:20:56 +0000] "GET /shopbrand/177501215.htm HTTP/1.1" 404 20340 "-" "Mozilla/5.0 (compatible; AhrefsBot/7.0; +http://ahrefs.com/robot/)"
209.74.77.214 - - [15/Jul/2025:15:22:36 +0000] "POST /wp-cron.php?doing_wp_cron=1752592956.6906700134277343750000 HTTP/1.1" 200 - "-" "WordPress/6.8.1; https://alalamy.com.au"
209.74.77.214 - - [15/Jul/2025:15:22:36 +0000] "POST /wp-admin/admin-ajax.php?action=async_litespeed&nonce=S3vbldSJPDOCtqHYwPc7z9VwksPmjPob&litespeed_type=imgoptm HTTP/1.1" 200 21 "-" "WordPress/6.8.1; https://alalamy.com.au"
54.36.148.106 - - [15/Jul/2025:15:22:34 +0000] "GET /shopbrand/177501473.htm HTTP/1.1" 404 20340 "-" "Mozilla/5.0 (compatible; AhrefsBot/7.0; +http://ahrefs.com/robot/)"
66.249.65.166 - - [15/Jul/2025:15:22:48 +0000] "GET /?k=6574825071900&mod=7a51ab26&uri=news.php?shopbrand/247162.htm HTTP/1.1" 200 19253 "-" "Mozilla/5.0 (Linux; Android 6.0.1; Nexus 5X Build/MMB29P) AppleWebKit/537.36 (KHTML, like Gecko) Chrome/137.0.7151.103 Mobile Safari/537.36 (compatible; Googlebot/2.1; +http://www.google.com/bot.html)"
209.74.77.214 - - [15/Jul/2025:15:23:30 +0000] "POST /wp-cron.php?doing_wp_cron=1752593010.8734760284423828125000 HTTP/1.1" 200 - "-" "WordPress/6.8.1; https://alalamy.com.au"
54.36.148.33 - - [15/Jul/2025:15:23:28 +0000] "GET /shopbrand/177502144.htm HTTP/1.1" 404 20340 "-" "Mozilla/5.0 (compatible; AhrefsBot/7.0; +http://ahrefs.com/robot/)"
66.249.65.165 - - [15/Jul/2025:15:24:14 +0000] "GET /?k=6725435031900&mod=de3358ca&uri=brands.php?boyslove.html HTTP/1.1" 200 20502 "-" "Mozilla/5.0 (Linux; Android 6.0.1; Nexus 5X Build/MMB29P) AppleWebKit/537.36 (KHTML, like Gecko) Chrome/137.0.7151.103 Mobile Safari/537.36 (compatible; Googlebot/2.1; +http://www.google.com/bot.html)"
66.249.65.165 - - [15/Jul/2025:15:24:32 +0000] "GET /?k=5872668141900&mod=e07472e7&uri=itm.php?shopbrand/450483.htm HTTP/1.1" 200 19394 "-" "Mozilla/5.0 (Linux; Android 6.0.1; Nexus 5X Build/MMB29P) AppleWebKit/537.36 (KHTML, like Gecko) Chrome/137.0.7151.103 Mobile Safari/537.36 (compatible; Googlebot/2.1; +http://www.google.com/bot.html)"
66.249.65.164 - - [15/Jul/2025:15:24:33 +0000] "GET /?k=8390892031900&mod=0bb3498d&uri=brands.php?shopbrand/242988.htm HTTP/1.1" 200 19781 "-" "Mozilla/5.0 (Linux; Android 6.0.1; Nexus 5X Build/MMB29P) AppleWebKit/537.36 (KHTML, like Gecko) Chrome/137.0.7151.103 Mobile Safari/537.36 (compatible; Googlebot/2.1; +http://www.google.com/bot.html)"
209.74.77.214 - - [15/Jul/2025:15:24:33 +0000] "POST /wp-cron.php?doing_wp_cron=1752593073.5222508907318115234375 HTTP/1.1" 200 - "-" "WordPress/6.8.1; https://alalamy.com.au"
209.74.77.214 - - [15/Jul/2025:15:24:33 +0000] "POST /wp-admin/admin-ajax.php?action=async_litespeed&nonce=u9gTovK8vC35fon8yDqZLMFm0mBIwDkW&litespeed_type=imgoptm HTTP/1.1" 200 21 "-" "WordPress/6.8.1; https://alalamy.com.au"
54.36.148.145 - - [15/Jul/2025:15:24:31 +0000] "GET /shopbrand/177502442.htm HTTP/1.1" 404 20340 "-" "Mozilla/5.0 (compatible; AhrefsBot/7.0; +http://ahrefs.com/robot/)"
66.249.65.164 - - [15/Jul/2025:15:24:44 +0000] "GET /?k=6574825071900&mod=7a51ab26&uri=news.php?toiawase HTTP/1.1" 200 21016 "-" "Mozilla/5.0 (Linux; Android 6.0.1; Nexus 5X Build/MMB29P) AppleWebKit/537.36 (KHTML, like Gecko) Chrome/137.0.7151.103 Mobile Safari/537.36 (compatible; Googlebot/2.1; +http://www.google.com/bot.html)"
66.249.65.164 - - [15/Jul/2025:15:24:44 +0000] "GET /?k=6668395061900&mod=ead6d4ad&uri=article.php?shopbrand/245734.htm HTTP/1.1" 200 19388 "-" "Mozilla/5.0 (Linux; Android 6.0.1; Nexus 5X Build/MMB29P) AppleWebKit/537.36 (KHTML, like Gecko) Chrome/137.0.7151.103 Mobile Safari/537.36 (compatible; Googlebot/2.1; +http://www.google.com/bot.html)"
66.249.65.166 - - [15/Jul/2025:15:25:23 +0000] "GET /?k=6724835131900&mod=de3358ca&uri=products.php?shopbrand/253119.htm HTTP/1.1" 200 19152 "-" "Mozilla/5.0 (Linux; Android 6.0.1; Nexus 5X Build/MMB29P) AppleWebKit/537.36 (KHTML, like Gecko) Chrome/137.0.7151.103 Mobile Safari/537.36 (compatible; Googlebot/2.1; +http://www.google.com/bot.html)"
209.74.77.214 - - [15/Jul/2025:15:25:28 +0000] "POST /wp-cron.php?doing_wp_cron=1752593128.6384980678558349609375 HTTP/1.1" 200 - "-" "WordPress/6.8.1; https://alalamy.com.au"
54.36.148.83 - - [15/Jul/2025:15:25:26 +0000] "GET /shopbrand/177502716.htm HTTP/1.1" 404 20340 "-" "Mozilla/5.0 (compatible; AhrefsBot/7.0; +http://ahrefs.com/robot/)"
66.249.65.164 - - [15/Jul/2025:15:25:52 +0000] "GET /?k=119396807021900&mod=960b0b80&uri=category-info.php?shopbrand/243925.htm HTTP/1.1" 200 19176 "-" "Mozilla/5.0 (Linux; Android 6.0.1; Nexus 5X Build/MMB29P) AppleWebKit/537.36 (KHTML, like Gecko) Chrome/137.0.7151.103 Mobile Safari/537.36 (compatible; Googlebot/2.1; +http://www.google.com/bot.html)"
66.249.65.164 - - [15/Jul/2025:15:25:55 +0000] "POST /get-message-notify HTTP/1.1" 200 19554 "https://alalamy.com.au/?k=119396807021900&mod=960b0b80&uri=category-info.php?shopbrand/243925.htm" "Mozilla/5.0 (Linux; Android 6.0.1; Nexus 5X Build/MMB29P) AppleWebKit/537.36 (KHTML, like Gecko) Chrome/137.0.7151.119 Mobile Safari/537.36 (compatible; Googlebot/2.1; +http://www.google.com/bot.html)"
66.249.65.166 - - [15/Jul/2025:15:26:10 +0000] "GET /?k=7182292101900&mod=4d383d5c&uri=goods.php?shopbrand/249086.htm HTTP/1.1" 200 18889 "-" "Mozilla/5.0 (Linux; Android 6.0.1; Nexus 5X Build/MMB29P) AppleWebKit/537.36 (KHTML, like Gecko) Chrome/137.0.7151.103 Mobile Safari/537.36 (compatible; Googlebot/2.1; +http://www.google.com/bot.html)"
209.74.77.214 - - [15/Jul/2025:15:26:18 +0000] "POST /wp-cron.php?doing_wp_cron=1752593178.0403850078582763671875 HTTP/1.1" 200 - "-" "WordPress/6.8.1; https://alalamy.com.au"
54.36.148.37 - - [15/Jul/2025:15:26:17 +0000] "GET /shopbrand/177503123.htm HTTP/1.1" 404 20340 "-" "Mozilla/5.0 (compatible; AhrefsBot/7.0; +http://ahrefs.com/robot/)"
209.74.77.214 - - [15/Jul/2025:15:26:18 +0000] "POST /wp-admin/admin-ajax.php?action=async_litespeed&nonce=d17unXMO9XFnelbEMiH8vMRNGE6GG10e&litespeed_type=imgoptm HTTP/1.1" 200 21 "-" "WordPress/6.8.1; https://alalamy.com.au"
209.74.77.214 - - [15/Jul/2025:15:27:15 +0000] "POST /wp-cron.php?doing_wp_cron=1752593235.0207779407501220703125 HTTP/1.1" 200 - "-" "WordPress/6.8.1; https://alalamy.com.au"
209.74.77.214 - - [15/Jul/2025:15:27:15 +0000] "POST /wp-admin/admin-ajax.php?action=async_litespeed&nonce=nRoyJswLyXl3J11sdxlmRzjqiOKgAZ0d&litespeed_type=imgoptm HTTP/1.1" 200 21 "-" "WordPress/6.8.1; https://alalamy.com.au"
54.36.148.124 - - [15/Jul/2025:15:27:12 +0000] "GET /shopbrand/177503556.htm HTTP/1.1" 404 20340 "-" "Mozilla/5.0 (compatible; AhrefsBot/7.0; +http://ahrefs.com/robot/)"
66.249.65.165 - - [15/Jul/2025:15:27:22 +0000] "GET /?k=7182292101900&mod=4d383d5c&uri=goods.php?shopbrand/251866.htm HTTP/1.1" 200 19963 "-" "Mozilla/5.0 (Linux; Android 6.0.1; Nexus 5X Build/MMB29P) AppleWebKit/537.36 (KHTML, like Gecko) Chrome/137.0.7151.103 Mobile Safari/537.36 (compatible; Googlebot/2.1; +http://www.google.com/bot.html)"
209.74.77.214 - - [15/Jul/2025:15:28:15 +0000] "POST /wp-cron.php?doing_wp_cron=1752593295.9323039054870605468750 HTTP/1.1" 200 - "-" "WordPress/6.8.1; https://alalamy.com.au"
209.74.77.214 - - [15/Jul/2025:15:28:16 +0000] "POST /wp-admin/admin-ajax.php?action=async_litespeed&nonce=OBsBnn1aMaNiKwWsO9c2ZFNsRbZjEwLW&litespeed_type=imgoptm HTTP/1.1" 200 21 "-" "WordPress/6.8.1; https://alalamy.com.au"
54.36.148.181 - - [15/Jul/2025:15:28:13 +0000] "GET /shopbrand/177503695.htm HTTP/1.1" 404 20339 "-" "Mozilla/5.0 (compatible; AhrefsBot/7.0; +http://ahrefs.com/robot/)"
66.249.65.164 - - [15/Jul/2025:15:28:27 +0000] "GET /?k=7182292101900&mod=4d383d5c&uri=goods.php?vintagegame.html HTTP/1.1" 200 19165 "-" "Mozilla/5.0 (Linux; Android 6.0.1; Nexus 5X Build/MMB29P) AppleWebKit/537.36 (KHTML, like Gecko) Chrome/137.0.7151.103 Mobile Safari/537.36 (compatible; Googlebot/2.1; +http://www.google.com/bot.html)"
66.249.65.164 - - [15/Jul/2025:15:28:28 +0000] "GET /?k=7182292101900&mod=4d383d5c&uri=goods.php?shopbrand/243925.htm HTTP/1.1" 200 19125 "-" "Mozilla/5.0 (Linux; Android 6.0.1; Nexus 5X Build/MMB29P) AppleWebKit/537.36 (KHTML, like Gecko) Chrome/137.0.7151.103 Mobile Safari/537.36 (compatible; Googlebot/2.1; +http://www.google.com/bot.html)"
66.249.65.164 - - [15/Jul/2025:15:28:30 +0000] "GET /?k=7182292101900&mod=4d383d5c&uri=goods.php?shopbrand/252821.htm HTTP/1.1" 200 19396 "-" "Mozilla/5.0 (Linux; Android 6.0.1; Nexus 5X Build/MMB29P) AppleWebKit/537.36 (KHTML, like Gecko) Chrome/137.0.7151.103 Mobile Safari/537.36 (compatible; Googlebot/2.1; +http://www.google.com/bot.html)"
66.249.65.164 - - [15/Jul/2025:15:28:31 +0000] "GET /?k=7182292101900&mod=4d383d5c&uri=goods.php?shopbrand/243544.htm HTTP/1.1" 200 21746 "-" "Mozilla/5.0 (Linux; Android 6.0.1; Nexus 5X Build/MMB29P) AppleWebKit/537.36 (KHTML, like Gecko) Chrome/137.0.7151.103 Mobile Safari/537.36 (compatible; Googlebot/2.1; +http://www.google.com/bot.html)"
66.249.65.165 - - [15/Jul/2025:15:28:33 +0000] "GET /?k=7182292101900&mod=4d383d5c&uri=goods.php?shopbrand/245194.htm HTTP/1.1" 200 19166 "-" "Mozilla/5.0 (Linux; Android 6.0.1; Nexus 5X Build/MMB29P) AppleWebKit/537.36 (KHTML, like Gecko) Chrome/137.0.7151.103 Mobile Safari/537.36 (compatible; Googlebot/2.1; +http://www.google.com/bot.html)"
66.249.65.165 - - [15/Jul/2025:15:28:34 +0000] "GET /?k=7182292101900&mod=4d383d5c&uri=goods.php?shopbrand/245619.htm HTTP/1.1" 200 20462 "-" "Mozilla/5.0 (Linux; Android 6.0.1; Nexus 5X Build/MMB29P) AppleWebKit/537.36 (KHTML, like Gecko) Chrome/137.0.7151.103 Mobile Safari/537.36 (compatible; Googlebot/2.1; +http://www.google.com/bot.html)"
66.249.65.164 - - [15/Jul/2025:15:28:34 +0000] "POST /get-message-notify HTTP/1.1" 200 19554 "https://alalamy.com.au/?k=7182292101900&mod=4d383d5c&uri=goods.php?shopbrand/243925.htm" "Mozilla/5.0 (Linux; Android 6.0.1; Nexus 5X Build/MMB29P) AppleWebKit/537.36 (KHTML, like Gecko) Chrome/137.0.7151.119 Mobile Safari/537.36 (compatible; Googlebot/2.1; +http://www.google.com/bot.html)"
66.249.65.164 - - [15/Jul/2025:15:28:45 +0000] "GET /?k=7182292101900&mod=4d383d5c&uri=goods.php?hobby.html HTTP/1.1" 200 19276 "-" "Mozilla/5.0 (Linux; Android 6.0.1; Nexus 5X Build/MMB29P) AppleWebKit/537.36 (KHTML, like Gecko) Chrome/137.0.7151.103 Mobile Safari/537.36 (compatible; Googlebot/2.1; +http://www.google.com/bot.html)"
66.249.65.164 - - [15/Jul/2025:15:28:47 +0000] "GET /?k=7182292101900&mod=4d383d5c&uri=goods.php?shopbrand/251195.htm HTTP/1.1" 200 19040 "-" "Mozilla/5.0 (Linux; Android 6.0.1; Nexus 5X Build/MMB29P) AppleWebKit/537.36 (KHTML, like Gecko) Chrome/137.0.7151.103 Mobile Safari/537.36 (compatible; Googlebot/2.1; +http://www.google.com/bot.html)"
66.249.65.164 - - [15/Jul/2025:15:28:48 +0000] "GET /?k=7182292101900&mod=4d383d5c&uri=goods.php?shopbrand/247692.htm HTTP/1.1" 200 19274 "-" "Mozilla/5.0 (Linux; Android 6.0.1; Nexus 5X Build/MMB29P) AppleWebKit/537.36 (KHTML, like Gecko) Chrome/137.0.7151.103 Mobile Safari/537.36 (compatible; Googlebot/2.1; +http://www.google.com/bot.html)"
66.249.65.164 - - [15/Jul/2025:15:28:55 +0000] "POST /get-message-notify HTTP/1.1" 200 19554 "https://alalamy.com.au/?k=7182292101900&mod=4d383d5c&uri=goods.php?shopbrand/247692.htm" "Mozilla/5.0 (Linux; Android 6.0.1; Nexus 5X Build/MMB29P) AppleWebKit/537.36 (KHTML, like Gecko) Chrome/137.0.7151.119 Mobile Safari/537.36 (compatible; Googlebot/2.1; +http://www.google.com/bot.html)"
66.249.65.164 - - [15/Jul/2025:15:28:59 +0000] "POST /get-message-notify HTTP/1.1" 200 19554 "https://alalamy.com.au/?k=7182292101900&mod=4d383d5c&uri=goods.php?shopbrand/243544.htm" "Mozilla/5.0 (Linux; Android 6.0.1; Nexus 5X Build/MMB29P) AppleWebKit/537.36 (KHTML, like Gecko) Chrome/137.0.7151.119 Mobile Safari/537.36 (compatible; Googlebot/2.1; +http://www.google.com/bot.html)"
209.74.77.214 - - [15/Jul/2025:15:29:12 +0000] "POST /wp-cron.php?doing_wp_cron=1752593352.3785688877105712890625 HTTP/1.1" 200 - "-" "WordPress/6.8.1; https://alalamy.com.au"
54.36.148.11 - - [15/Jul/2025:15:29:11 +0000] "GET /shopbrand/177504269.htm HTTP/1.1" 404 20340 "-" "Mozilla/5.0 (compatible; AhrefsBot/7.0; +http://ahrefs.com/robot/)"
209.74.77.214 - - [15/Jul/2025:15:29:12 +0000] "POST /wp-admin/admin-ajax.php?action=async_litespeed&nonce=iP8ypsuYVRhI79UQrDBwlUD1U6w6wUi5&litespeed_type=imgoptm HTTP/1.1" 200 21 "-" "WordPress/6.8.1; https://alalamy.com.au"
66.249.65.165 - - [15/Jul/2025:15:29:13 +0000] "GET /?k=5872668141900&mod=e07472e7&uri=itm.php?shopbrand/8593792.htm HTTP/1.1" 200 21156 "-" "Mozilla/5.0 (Linux; Android 6.0.1; Nexus 5X Build/MMB29P) AppleWebKit/537.36 (KHTML, like Gecko) Chrome/137.0.7151.103 Mobile Safari/537.36 (compatible; Googlebot/2.1; +http://www.google.com/bot.html)"
66.249.65.164 - - [15/Jul/2025:15:29:27 +0000] "GET /?k=6724235081900&mod=26bcbaf7&uri=category-info.php?shopbrand/240764.htm HTTP/1.1" 200 19161 "-" "Mozilla/5.0 (Linux; Android 6.0.1; Nexus 5X Build/MMB29P) AppleWebKit/537.36 (KHTML, like Gecko) Chrome/137.0.7151.103 Mobile Safari/537.36 (compatible; Googlebot/2.1; +http://www.google.com/bot.html)"
66.249.65.164 - - [15/Jul/2025:15:29:28 +0000] "GET /?k=7182292101900&mod=4d383d5c&uri=goods.php?shopbrand/250897.htm HTTP/1.1" 200 20952 "-" "Mozilla/5.0 (Linux; Android 6.0.1; Nexus 5X Build/MMB29P) AppleWebKit/537.36 (KHTML, like Gecko) Chrome/137.0.7151.103 Mobile Safari/537.36 (compatible; Googlebot/2.1; +http://www.google.com/bot.html)"
66.249.65.165 - - [15/Jul/2025:15:29:30 +0000] "GET /?k=7182292101900&mod=4d383d5c&uri=goods.php?shopbrand/250323.htm HTTP/1.1" 200 19349 "-" "Mozilla/5.0 (Linux; Android 6.0.1; Nexus 5X Build/MMB29P) AppleWebKit/537.36 (KHTML, like Gecko) Chrome/137.0.7151.103 Mobile Safari/537.36 (compatible; Googlebot/2.1; +http://www.google.com/bot.html)"
66.249.65.164 - - [15/Jul/2025:15:29:32 +0000] "POST /get-message-notify HTTP/1.1" 200 19554 "https://alalamy.com.au/?k=7182292101900&mod=4d383d5c&uri=goods.php?shopbrand/251195.htm" "Mozilla/5.0 (Linux; Android 6.0.1; Nexus 5X Build/MMB29P) AppleWebKit/537.36 (KHTML, like Gecko) Chrome/137.0.7151.119 Mobile Safari/537.36 (compatible; Googlebot/2.1; +http://www.google.com/bot.html)"
66.249.65.164 - - [15/Jul/2025:15:29:35 +0000] "GET /?k=7182292101900&mod=4d383d5c&uri=goods.php?dozin.html HTTP/1.1" 200 20774 "-" "Mozilla/5.0 (Linux; Android 6.0.1; Nexus 5X Build/MMB29P) AppleWebKit/537.36 (KHTML, like Gecko) Chrome/137.0.7151.103 Mobile Safari/537.36 (compatible; Googlebot/2.1; +http://www.google.com/bot.html)"
66.249.65.169 - - [15/Jul/2025:15:29:36 +0000] "GET /?k=7182292101900&mod=4d383d5c&uri=goods.php?toiawase HTTP/1.1" 200 21017 "-" "Mozilla/5.0 (Linux; Android 6.0.1; Nexus 5X Build/MMB29P) AppleWebKit/537.36 (KHTML, like Gecko) Chrome/137.0.7151.103 Mobile Safari/537.36 (compatible; Googlebot/2.1; +http://www.google.com/bot.html)"
66.249.65.169 - - [15/Jul/2025:15:29:41 +0000] "GET /?k=7182292101900&mod=4d383d5c&uri=goods.php?feature/yokohama_maruicity/index.html HTTP/1.1" 200 20288 "-" "Mozilla/5.0 (Linux; Android 6.0.1; Nexus 5X Build/MMB29P) AppleWebKit/537.36 (KHTML, like Gecko) Chrome/137.0.7151.103 Mobile Safari/537.36 (compatible; Googlebot/2.1; +http://www.google.com/bot.html)"
66.249.65.169 - - [15/Jul/2025:15:29:43 +0000] "POST /get-message-notify HTTP/1.1" 200 19554 "https://alalamy.com.au/?k=7182292101900&mod=4d383d5c&uri=goods.php?shopbrand/250897.htm" "Mozilla/5.0 (Linux; Android 6.0.1; Nexus 5X Build/MMB29P) AppleWebKit/537.36 (KHTML, like Gecko) Chrome/137.0.7151.119 Mobile Safari/537.36 (compatible; Googlebot/2.1; +http://www.google.com/bot.html)"
66.249.65.164 - - [15/Jul/2025:15:29:47 +0000] "GET /?k=7182292101900&mod=4d383d5c&uri=goods.php?feature/campaign/index.html HTTP/1.1" 200 19393 "-" "Mozilla/5.0 (Linux; Android 6.0.1; Nexus 5X Build/MMB29P) AppleWebKit/537.36 (KHTML, like Gecko) Chrome/137.0.7151.103 Mobile Safari/537.36 (compatible; Googlebot/2.1; +http://www.google.com/bot.html)"
66.249.65.164 - - [15/Jul/2025:15:29:49 +0000] "GET /?k=7182292101900&mod=4d383d5c&uri=goods.php?toreka/toreka_menu.html HTTP/1.1" 200 19188 "-" "Mozilla/5.0 (Linux; Android 6.0.1; Nexus 5X Build/MMB29P) AppleWebKit/537.36 (KHTML, like Gecko) Chrome/137.0.7151.103 Mobile Safari/537.36 (compatible; Googlebot/2.1; +http://www.google.com/bot.html)"
66.249.65.164 - - [15/Jul/2025:15:29:50 +0000] "GET /?k=7305481021900&mod=1177967c&uri=shop.php?shopbrand/252406.htm HTTP/1.1" 200 20468 "-" "Mozilla/5.0 (Linux; Android 6.0.1; Nexus 5X Build/MMB29P) AppleWebKit/537.36 (KHTML, like Gecko) Chrome/137.0.7151.103 Mobile Safari/537.36 (compatible; Googlebot/2.1; +http://www.google.com/bot.html)"
209.74.77.214 - - [15/Jul/2025:15:29:59 +0000] "POST /wp-cron.php?doing_wp_cron=1752593399.5290439128875732421875 HTTP/1.1" 200 - "-" "WordPress/6.8.1; https://alalamy.com.au"
54.36.148.60 - - [15/Jul/2025:15:29:58 +0000] "GET /shopbrand/177504535.htm HTTP/1.1" 404 20340 "-" "Mozilla/5.0 (compatible; AhrefsBot/7.0; +http://ahrefs.com/robot/)"
209.74.77.214 - - [15/Jul/2025:15:29:59 +0000] "POST /wp-admin/admin-ajax.php?action=async_litespeed&nonce=Pxw7CpvGRVgoic4CvaSsTDbKrXuxQvdB&litespeed_type=imgoptm HTTP/1.1" 200 21 "-" "WordPress/6.8.1; https://alalamy.com.au"
66.249.65.164 - - [15/Jul/2025:15:29:59 +0000] "GET /?k=7305481021900&mod=1177967c&uri=shop.php?shopbrand/252547.htm HTTP/1.1" 200 19826 "-" "Mozilla/5.0 (Linux; Android 6.0.1; Nexus 5X Build/MMB29P) AppleWebKit/537.36 (KHTML, like Gecko) Chrome/137.0.7151.103 Mobile Safari/537.36 (compatible; Googlebot/2.1; +http://www.google.com/bot.html)"
66.249.65.164 - - [15/Jul/2025:15:30:01 +0000] "GET /?k=7305481021900&mod=1177967c&uri=shop.php?shopbrand/252440.htm HTTP/1.1" 200 19286 "-" "Mozilla/5.0 (Linux; Android 6.0.1; Nexus 5X Build/MMB29P) AppleWebKit/537.36 (KHTML, like Gecko) Chrome/137.0.7151.103 Mobile Safari/537.36 (compatible; Googlebot/2.1; +http://www.google.com/bot.html)"
66.249.65.164 - - [15/Jul/2025:15:30:05 +0000] "POST /get-message-notify HTTP/1.1" 200 19554 "https://alalamy.com.au/?k=7305481021900&mod=1177967c&uri=shop.php?shopbrand/252547.htm" "Mozilla/5.0 (Linux; Android 6.0.1; Nexus 5X Build/MMB29P) AppleWebKit/537.36 (KHTML, like Gecko) Chrome/137.0.7151.119 Mobile Safari/537.36 (compatible; Googlebot/2.1; +http://www.google.com/bot.html)"
66.249.65.164 - - [15/Jul/2025:15:30:10 +0000] "GET /?k=7157782041900&mod=8763d72b&uri=brands.php?shopbrand/245353.htm HTTP/1.1" 200 19211 "-" "Mozilla/5.0 (Linux; Android 6.0.1; Nexus 5X Build/MMB29P) AppleWebKit/537.36 (KHTML, like Gecko) Chrome/137.0.7151.103 Mobile Safari/537.36 (compatible; Googlebot/2.1; +http://www.google.com/bot.html)"
66.249.65.164 - - [15/Jul/2025:15:30:12 +0000] "POST /get-message-notify HTTP/1.1" 200 19554 "https://alalamy.com.au/?k=7182292101900&mod=4d383d5c&uri=goods.php?feature/campaign/index.html" "Mozilla/5.0 (Linux; Android 6.0.1; Nexus 5X Build/MMB29P) AppleWebKit/537.36 (KHTML, like Gecko) Chrome/137.0.7151.119 Mobile Safari/537.36 (compatible; Googlebot/2.1; +http://www.google.com/bot.html)"
66.249.65.164 - - [15/Jul/2025:15:30:14 +0000] "POST /get-message-notify HTTP/1.1" 200 19554 "https://alalamy.com.au/?k=7305481021900&mod=1177967c&uri=shop.php?shopbrand/252440.htm" "Mozilla/5.0 (Linux; Android 6.0.1; Nexus 5X Build/MMB29P) AppleWebKit/537.36 (KHTML, like Gecko) Chrome/137.0.7151.119 Mobile Safari/537.36 (compatible; Googlebot/2.1; +http://www.google.com/bot.html)"
66.249.65.164 - - [15/Jul/2025:15:30:14 +0000] "GET /?k=7305481021900&mod=1177967c&uri=shop.php?man/kaitori/kaitoritop.html HTTP/1.1" 200 20383 "-" "Mozilla/5.0 (Linux; Android 6.0.1; Nexus 5X Build/MMB29P) AppleWebKit/537.36 (KHTML, like Gecko) Chrome/137.0.7151.103 Mobile Safari/537.36 (compatible; Googlebot/2.1; +http://www.google.com/bot.html)"
66.249.65.164 - - [15/Jul/2025:15:30:15 +0000] "GET /?k=7305481021900&mod=1177967c&uri=shop.php?pcmypage HTTP/1.1" 200 18903 "-" "Mozilla/5.0 (Linux; Android 6.0.1; Nexus 5X Build/MMB29P) AppleWebKit/537.36 (KHTML, like Gecko) Chrome/137.0.7151.103 Mobile Safari/537.36 (compatible; Googlebot/2.1; +http://www.google.com/bot.html)"
66.249.65.164 - - [15/Jul/2025:15:30:17 +0000] "GET /?k=7293662001900&mod=861288f2&uri=dp.php?affiliate HTTP/1.1" 200 19831 "-" "Mozilla/5.0 (Linux; Android 6.0.1; Nexus 5X Build/MMB29P) AppleWebKit/537.36 (KHTML, like Gecko) Chrome/137.0.7151.103 Mobile Safari/537.36 (compatible; Googlebot/2.1; +http://www.google.com/bot.html)"
66.249.65.164 - - [15/Jul/2025:15:30:31 +0000] "GET /?k=119396807021900&mod=960b0b80&uri=category-info.php?shopbrand/248248.htm HTTP/1.1" 200 20300 "-" "Mozilla/5.0 (Linux; Android 6.0.1; Nexus 5X Build/MMB29P) AppleWebKit/537.36 (KHTML, like Gecko) Chrome/137.0.7151.103 Mobile Safari/537.36 (compatible; Googlebot/2.1; +http://www.google.com/bot.html)"
66.249.65.164 - - [15/Jul/2025:15:30:51 +0000] "POST /get-message-notify HTTP/1.1" 200 19554 "https://alalamy.com.au/?k=7305481021900&mod=1177967c&uri=shop.php?man/kaitori/kaitoritop.html" "Mozilla/5.0 (Linux; Android 6.0.1; Nexus 5X Build/MMB29P) AppleWebKit/537.36 (KHTML, like Gecko) Chrome/137.0.7151.119 Mobile Safari/537.36 (compatible; Googlebot/2.1; +http://www.google.com/bot.html)"
66.249.65.166 - - [15/Jul/2025:15:31:28 +0000] "GET /?k=6668395061900&mod=ead6d4ad&uri=article.php?shopbrand/247577.htm HTTP/1.1" 200 19691 "-" "Mozilla/5.0 (Linux; Android 6.0.1; Nexus 5X Build/MMB29P) AppleWebKit/537.36 (KHTML, like Gecko) Chrome/137.0.7151.103 Mobile Safari/537.36 (compatible; Googlebot/2.1; +http://www.google.com/bot.html)"
66.249.65.165 - - [15/Jul/2025:15:31:55 +0000] "GET /?k=6574525121900&mod=f4d1f9e7&uri=shop.php?shopbrand/250639.htm HTTP/1.1" 200 20915 "-" "Mozilla/5.0 (Linux; Android 6.0.1; Nexus 5X Build/MMB29P) AppleWebKit/537.36 (KHTML, like Gecko) Chrome/137.0.7151.103 Mobile Safari/537.36 (compatible; Googlebot/2.1; +http://www.google.com/bot.html)"
66.249.65.165 - - [15/Jul/2025:15:32:59 +0000] "GET /?k=6668395061900&mod=ead6d4ad&uri=article.php?shopbrand/9084325.htm HTTP/1.1" 200 19495 "-" "Mozilla/5.0 (Linux; Android 6.0.1; Nexus 5X Build/MMB29P) AppleWebKit/537.36 (KHTML, like Gecko) Chrome/137.0.7151.103 Mobile Safari/537.36 (compatible; Googlebot/2.1; +http://www.google.com/bot.html)"
209.74.77.214 - - [15/Jul/2025:15:33:02 +0000] "POST /wp-cron.php?doing_wp_cron=1752593582.8269760608673095703125 HTTP/1.1" 200 - "-" "WordPress/6.8.1; https://alalamy.com.au"
209.74.77.214 - - [15/Jul/2025:15:33:03 +0000] "POST /wp-admin/admin-ajax.php?action=async_litespeed&nonce=ns1JGvKr9ALMMHk0tup1kbHrxE0uoiNf&litespeed_type=imgoptm HTTP/1.1" 200 21 "-" "WordPress/6.8.1; https://alalamy.com.au"
54.36.148.84 - - [15/Jul/2025:15:33:01 +0000] "GET /shopbrand/177505091.htm HTTP/1.1" 404 20340 "-" "Mozilla/5.0 (compatible; AhrefsBot/7.0; +http://ahrefs.com/robot/)"
66.249.65.165 - - [15/Jul/2025:15:33:44 +0000] "GET /?k=6575725021900&mod=7a51ab26&uri=product.php?shopbrand/246034.htm HTTP/1.1" 200 20170 "-" "Mozilla/5.0 (Linux; Android 6.0.1; Nexus 5X Build/MMB29P) AppleWebKit/537.36 (KHTML, like Gecko) Chrome/137.0.7151.103 Mobile Safari/537.36 (compatible; Googlebot/2.1; +http://www.google.com/bot.html)"
66.249.65.164 - - [15/Jul/2025:15:33:43 +0000] "GET /?k=7182292101900&mod=4d383d5c&uri=goods.php?shopbrand/241743.htm HTTP/1.1" 200 19289 "-" "Mozilla/5.0 (Linux; Android 6.0.1; Nexus 5X Build/MMB29P) AppleWebKit/537.36 (KHTML, like Gecko) Chrome/137.0.7151.103 Mobile Safari/537.36 (compatible; Googlebot/2.1; +http://www.google.com/bot.html)"
66.249.65.165 - - [15/Jul/2025:15:33:46 +0000] "GET /?k=5872668141900&mod=e07472e7&uri=itm.php?shopbrand/451895.htm HTTP/1.1" 200 20157 "-" "Mozilla/5.0 (Linux; Android 6.0.1; Nexus 5X Build/MMB29P) AppleWebKit/537.36 (KHTML, like Gecko) Chrome/137.0.7151.103 Mobile Safari/537.36 (compatible; Googlebot/2.1; +http://www.google.com/bot.html)"
66.249.65.164 - - [15/Jul/2025:15:33:48 +0000] "POST /get-message-notify HTTP/1.1" 200 19554 "https://alalamy.com.au/?k=6575725021900&mod=7a51ab26&uri=product.php?shopbrand/246034.htm" "Mozilla/5.0 (Linux; Android 6.0.1; Nexus 5X Build/MMB29P) AppleWebKit/537.36 (KHTML, like Gecko) Chrome/137.0.7151.119 Mobile Safari/537.36 (compatible; Googlebot/2.1; +http://www.google.com/bot.html)"
209.74.77.214 - - [15/Jul/2025:15:34:00 +0000] "POST /wp-cron.php?doing_wp_cron=1752593640.3544371128082275390625 HTTP/1.1" 200 - "-" "WordPress/6.8.1; https://alalamy.com.au"
209.74.77.214 - - [15/Jul/2025:15:34:00 +0000] "POST /wp-admin/admin-ajax.php?action=async_litespeed&nonce=ECbmYuIYYLIZYOp9C53VOYV2e9ygDDoa&litespeed_type=imgoptm HTTP/1.1" 200 21 "-" "WordPress/6.8.1; https://alalamy.com.au"
54.36.149.52 - - [15/Jul/2025:15:33:58 +0000] "GET /shopbrand/177506078.htm HTTP/1.1" 404 20340 "-" "Mozilla/5.0 (compatible; AhrefsBot/7.0; +http://ahrefs.com/robot/)"
66.249.65.165 - - [15/Jul/2025:15:34:13 +0000] "GET /?k=6725435031900&mod=de3358ca&uri=brands.php?shopbrand/241842.htm HTTP/1.1" 200 19273 "-" "Mozilla/5.0 (Linux; Android 6.0.1; Nexus 5X Build/MMB29P) AppleWebKit/537.36 (KHTML, like Gecko) Chrome/137.0.7151.103 Mobile Safari/537.36 (compatible; Googlebot/2.1; +http://www.google.com/bot.html)"
66.249.65.164 - - [15/Jul/2025:15:34:18 +0000] "POST /get-message-notify HTTP/1.1" 200 19554 "https://alalamy.com.au/?k=7182292101900&mod=4d383d5c&uri=goods.php?shopbrand/241743.htm" "Mozilla/5.0 (Linux; Android 6.0.1; Nexus 5X Build/MMB29P) AppleWebKit/537.36 (KHTML, like Gecko) Chrome/137.0.7151.119 Mobile Safari/537.36 (compatible; Googlebot/2.1; +http://www.google.com/bot.html)"
66.249.65.164 - - [15/Jul/2025:15:34:22 +0000] "GET /?k=5872668141900&mod=e07472e7&uri=itm.php?product/edit/A4108543669 HTTP/1.1" 200 21050 "-" "Mozilla/5.0 (Linux; Android 6.0.1; Nexus 5X Build/MMB29P) AppleWebKit/537.36 (KHTML, like Gecko) Chrome/137.0.7151.103 Mobile Safari/537.36 (compatible; Googlebot/2.1; +http://www.google.com/bot.html)"
66.249.65.164 - - [15/Jul/2025:15:34:36 +0000] "GET /?k=6574825071900&mod=7a51ab26&uri=news.php?shopbrand/246705.htm HTTP/1.1" 200 19791 "-" "Mozilla/5.0 (Linux; Android 6.0.1; Nexus 5X Build/MMB29P) AppleWebKit/537.36 (KHTML, like Gecko) Chrome/137.0.7151.103 Mobile Safari/537.36 (compatible; Googlebot/2.1; +http://www.google.com/bot.html)"
209.74.77.214 - - [15/Jul/2025:15:34:52 +0000] "POST /wp-cron.php?doing_wp_cron=1752593692.4751811027526855468750 HTTP/1.1" 200 - "-" "WordPress/6.8.1; https://alalamy.com.au"
54.36.148.47 - - [15/Jul/2025:15:34:52 +0000] "GET /shopbrand/177507015.htm HTTP/1.1" 404 20340 "-" "Mozilla/5.0 (compatible; AhrefsBot/7.0; +http://ahrefs.com/robot/)"
209.74.77.214 - - [15/Jul/2025:15:34:52 +0000] "POST /wp-admin/admin-ajax.php?action=async_litespeed&nonce=FYjlxj79VJbPUhcga1VH8ySyl8IeKNOE&litespeed_type=imgoptm HTTP/1.1" 200 21 "-" "WordPress/6.8.1; https://alalamy.com.au"
66.249.65.166 - - [15/Jul/2025:15:35:00 +0000] "POST /get-message-notify HTTP/1.1" 200 19554 "https://alalamy.com.au/?k=6574825071900&mod=7a51ab26&uri=news.php?shopbrand/246705.htm" "Mozilla/5.0 (Linux; Android 6.0.1; Nexus 5X Build/MMB29P) AppleWebKit/537.36 (KHTML, like Gecko) Chrome/137.0.7151.119 Mobile Safari/537.36 (compatible; Googlebot/2.1; +http://www.google.com/bot.html)"
66.249.65.164 - - [15/Jul/2025:15:35:38 +0000] "GET /?k=6574525121900&mod=f4d1f9e7&uri=shop.php?shopbrand/8882539.htm HTTP/1.1" 200 20011 "-" "Mozilla/5.0 (Linux; Android 6.0.1; Nexus 5X Build/MMB29P) AppleWebKit/537.36 (KHTML, like Gecko) Chrome/137.0.7151.103 Mobile Safari/537.36 (compatible; Googlebot/2.1; +http://www.google.com/bot.html)"
209.74.77.214 - - [15/Jul/2025:15:35:52 +0000] "POST /wp-cron.php?doing_wp_cron=1752593751.9955749511718750000000 HTTP/1.1" 200 - "-" "WordPress/6.8.1; https://alalamy.com.au"
209.74.77.214 - - [15/Jul/2025:15:35:52 +0000] "POST /wp-admin/admin-ajax.php?action=async_litespeed&nonce=yfkua43ERTbJlLqto83aQsDajPOhjUKq&litespeed_type=imgoptm HTTP/1.1" 200 21 "-" "WordPress/6.8.1; https://alalamy.com.au"
54.36.148.168 - - [15/Jul/2025:15:35:50 +0000] "GET /shopbrand/177507174.htm HTTP/1.1" 404 20340 "-" "Mozilla/5.0 (compatible; AhrefsBot/7.0; +http://ahrefs.com/robot/)"
66.249.65.165 - - [15/Jul/2025:15:36:20 +0000] "GET /?k=119396807021900&mod=960b0b80&uri=category-info.php?shopbrand/244523.htm HTTP/1.1" 200 19132 "-" "Mozilla/5.0 (Linux; Android 6.0.1; Nexus 5X Build/MMB29P) AppleWebKit/537.36 (KHTML, like Gecko) Chrome/137.0.7151.103 Mobile Safari/537.36 (compatible; Googlebot/2.1; +http://www.google.com/bot.html)"
209.74.77.214 - - [15/Jul/2025:15:36:38 +0000] "POST /wp-cron.php?doing_wp_cron=1752593798.2101490497589111328125 HTTP/1.1" 200 - "-" "WordPress/6.8.1; https://alalamy.com.au"
54.36.148.97 - - [15/Jul/2025:15:36:37 +0000] "GET /shopbrand/177507589.htm HTTP/1.1" 404 20340 "-" "Mozilla/5.0 (compatible; AhrefsBot/7.0; +http://ahrefs.com/robot/)"
209.74.77.214 - - [15/Jul/2025:15:36:38 +0000] "POST /wp-admin/admin-ajax.php?action=async_litespeed&nonce=sWlqIbkpYkrIePAYqwpW3WUOSopz2A6R&litespeed_type=imgoptm HTTP/1.1" 200 21 "-" "WordPress/6.8.1; https://alalamy.com.au"
209.74.77.214 - - [15/Jul/2025:15:37:26 +0000] "POST /wp-cron.php?doing_wp_cron=1752593846.3928840160369873046875 HTTP/1.1" 200 - "-" "WordPress/6.8.1; https://alalamy.com.au"
54.36.149.90 - - [15/Jul/2025:15:37:24 +0000] "GET /shopbrand/177507986.htm HTTP/1.1" 404 20340 "-" "Mozilla/5.0 (compatible; AhrefsBot/7.0; +http://ahrefs.com/robot/)"
66.249.65.165 - - [15/Jul/2025:15:37:36 +0000] "GET /?k=5872668141900&mod=e07472e7&uri=itm.php?shopbrand/447163.htm HTTP/1.1" 200 19284 "-" "Mozilla/5.0 (Linux; Android 6.0.1; Nexus 5X Build/MMB29P) AppleWebKit/537.36 (KHTML, like Gecko) Chrome/137.0.7151.103 Mobile Safari/537.36 (compatible; Googlebot/2.1; +http://www.google.com/bot.html)"
209.74.77.214 - - [15/Jul/2025:15:38:21 +0000] "POST /wp-cron.php?doing_wp_cron=1752593901.8774230480194091796875 HTTP/1.1" 200 - "-" "WordPress/6.8.1; https://alalamy.com.au"
54.36.148.228 - - [15/Jul/2025:15:38:20 +0000] "GET /shopbrand/177508558.htm HTTP/1.1" 404 20340 "-" "Mozilla/5.0 (compatible; AhrefsBot/7.0; +http://ahrefs.com/robot/)"
209.74.77.214 - - [15/Jul/2025:15:38:22 +0000] "POST /wp-admin/admin-ajax.php?action=async_litespeed&nonce=Bnba0BtxfbfCgSTcSAzhCWkc5xNG0hQq&litespeed_type=imgoptm HTTP/1.1" 200 21 "-" "WordPress/6.8.1; https://alalamy.com.au"
66.249.65.166 - - [15/Jul/2025:15:38:41 +0000] "GET /?k=5872668141900&mod=e07472e7&uri=itm.php?shopbrand/449820.htm HTTP/1.1" 200 24869 "-" "Mozilla/5.0 (Linux; Android 6.0.1; Nexus 5X Build/MMB29P) AppleWebKit/537.36 (KHTML, like Gecko) Chrome/137.0.7151.103 Mobile Safari/537.36 (compatible; Googlebot/2.1; +http://www.google.com/bot.html)"
209.74.77.214 - - [15/Jul/2025:15:38:45 +0000] "POST /wp-cron.php?doing_wp_cron=1752593925.9051849842071533203125 HTTP/1.1" 200 - "-" "WordPress/6.8.1; https://alalamy.com.au"
57.141.2.10 - - [15/Jul/2025:15:38:45 +0000] "GET /product-category/main-dishes/ HTTP/1.1" 200 101610 "-" "meta-externalagent/1.1 (+https://developers.facebook.com/docs/sharing/webmasters/crawler)"
209.74.77.214 - - [15/Jul/2025:15:38:46 +0000] "POST /wp-admin/admin-ajax.php?action=async_litespeed&nonce=51qUq8hYGwqRtyPCHKHM0qWxaqWKR3vS&litespeed_type=imgoptm HTTP/1.1" 200 21 "-" "WordPress/6.8.1; https://alalamy.com.au"
54.36.148.191 - - [15/Jul/2025:15:39:05 +0000] "GET /shopbrand/177509114.htm HTTP/1.1" 404 20340 "-" "Mozilla/5.0 (compatible; AhrefsBot/7.0; +http://ahrefs.com/robot/)"
66.249.65.165 - - [15/Jul/2025:15:39:51 +0000] "GET /?k=93977340041900&mod=0bb3498d&uri=us.php?shopbrand/251195.htm HTTP/1.1" 200 19035 "-" "Mozilla/5.0 (Linux; Android 6.0.1; Nexus 5X Build/MMB29P) AppleWebKit/537.36 (KHTML, like Gecko) Chrome/137.0.7151.103 Mobile Safari/537.36 (compatible; Googlebot/2.1; +http://www.google.com/bot.html)"
66.249.65.164 - - [15/Jul/2025:15:40:51 +0000] "GET /shopbrand/132403201.htm HTTP/1.1" 200 18681 "-" "Mozilla/5.0 (Linux; Android 6.0.1; Nexus 5X Build/MMB29P) AppleWebKit/537.36 (KHTML, like Gecko) Chrome/137.0.7151.103 Mobile Safari/537.36 (compatible; Googlebot/2.1; +http://www.google.com/bot.html)"
66.249.65.166 - - [15/Jul/2025:15:40:53 +0000] "GET /shopbrand/132404444.htm HTTP/1.1" 200 19102 "-" "Mozilla/5.0 (Linux; Android 6.0.1; Nexus 5X Build/MMB29P) AppleWebKit/537.36 (KHTML, like Gecko) Chrome/137.0.7151.103 Mobile Safari/537.36 (compatible; Googlebot/2.1; +http://www.google.com/bot.html)"
66.249.65.165 - - [15/Jul/2025:15:40:54 +0000] "GET /shopbrand/132458642.htm HTTP/1.1" 200 20737 "-" "Mozilla/5.0 (Linux; Android 6.0.1; Nexus 5X Build/MMB29P) AppleWebKit/537.36 (KHTML, like Gecko) Chrome/137.0.7151.103 Mobile Safari/537.36 (compatible; Googlebot/2.1; +http://www.google.com/bot.html)"
66.249.65.165 - - [15/Jul/2025:15:40:57 +0000] "POST /get-message-notify HTTP/1.1" 200 19554 "https://alalamy.com.au/shopbrand/132404444.htm" "Mozilla/5.0 (Linux; Android 6.0.1; Nexus 5X Build/MMB29P) AppleWebKit/537.36 (KHTML, like Gecko) Chrome/137.0.7151.119 Mobile Safari/537.36 (compatible; Googlebot/2.1; +http://www.google.com/bot.html)"
