66.249.65.164 - - [15/Jul/2025:18:39:13 +0000] "GET /?k=6540085031900&mod=0bb3498d&uri=info.php?shopbrand/456218.htm HTTP/1.1" 200 20917 "-" "Mozilla/5.0 (Linux; Android 6.0.1; Nexus 5X Build/MMB29P) AppleWebKit/537.36 (KHTML, like Gecko) Chrome/137.0.7151.103 Mobile Safari/537.36 (compatible; Googlebot/2.1; +http://www.google.com/bot.html)"
20.171.207.217 - - [15/Jul/2025:18:39:14 +0000] "GET /shopbrand/139929332.htm HTTP/1.1" 404 20340 "-" "Mozilla/5.0 AppleWebKit/537.36 (KHTML, like Gecko; compatible; GPTBot/1.2; +https://openai.com/gptbot)"
209.74.77.214 - - [15/Jul/2025:18:39:17 +0000] "POST /wp-cron.php?doing_wp_cron=1752604757.8391399383544921875000 HTTP/1.1" 200 - "-" "WordPress/6.8.1; https://alalamy.com.au"
20.171.207.217 - - [15/Jul/2025:18:39:17 +0000] "GET /shopbrand/139933663.htm HTTP/1.1" 404 20340 "-" "Mozilla/5.0 AppleWebKit/537.36 (KHTML, like Gecko; compatible; GPTBot/1.2; +https://openai.com/gptbot)"
20.171.207.217 - - [15/Jul/2025:18:39:20 +0000] "GET /shopbrand/139933091.htm HTTP/1.1" 404 20340 "-" "Mozilla/5.0 AppleWebKit/537.36 (KHTML, like Gecko; compatible; GPTBot/1.2; +https://openai.com/gptbot)"
20.171.207.217 - - [15/Jul/2025:18:39:23 +0000] "GET /shopbrand/140011918.htm HTTP/1.1" 404 20340 "-" "Mozilla/5.0 AppleWebKit/537.36 (KHTML, like Gecko; compatible; GPTBot/1.2; +https://openai.com/gptbot)"
66.249.65.164 - - [15/Jul/2025:18:39:24 +0000] "GET /?k=6540085031900&mod=0bb3498d&uri=info.php?shopbrand/245734.htm HTTP/1.1" 200 19380 "-" "Mozilla/5.0 (Linux; Android 6.0.1; Nexus 5X Build/MMB29P) AppleWebKit/537.36 (KHTML, like Gecko) Chrome/137.0.7151.103 Mobile Safari/537.36 (compatible; Googlebot/2.1; +http://www.google.com/bot.html)"
20.171.207.217 - - [15/Jul/2025:18:39:26 +0000] "GET /shopbrand/139917797.htm HTTP/1.1" 404 20340 "-" "Mozilla/5.0 AppleWebKit/537.36 (KHTML, like Gecko; compatible; GPTBot/1.2; +https://openai.com/gptbot)"
66.249.65.164 - - [15/Jul/2025:18:39:29 +0000] "GET /?k=6540085031900&mod=0bb3498d&uri=info.php?%3Fid%3D218433-367%26name%3Dwoods+canvas+tent HTTP/1.1" 200 19592 "-" "Mozilla/5.0 (Linux; Android 6.0.1; Nexus 5X Build/MMB29P) AppleWebKit/537.36 (KHTML, like Gecko) Chrome/137.0.7151.103 Mobile Safari/537.36 (compatible; Googlebot/2.1; +http://www.google.com/bot.html)"
20.171.207.217 - - [15/Jul/2025:18:39:29 +0000] "GET /shopbrand/140011761.htm HTTP/1.1" 404 20340 "-" "Mozilla/5.0 AppleWebKit/537.36 (KHTML, like Gecko; compatible; GPTBot/1.2; +https://openai.com/gptbot)"
66.249.65.164 - - [15/Jul/2025:18:39:31 +0000] "POST /get-message-notify HTTP/1.1" 200 19555 "https://alalamy.com.au/?k=6540085031900&mod=0bb3498d&uri=info.php?shopbrand/454790.htm" "Mozilla/5.0 (Linux; Android 6.0.1; Nexus 5X Build/MMB29P) AppleWebKit/537.36 (KHTML, like Gecko) Chrome/137.0.7151.119 Mobile Safari/537.36 (compatible; Googlebot/2.1; +http://www.google.com/bot.html)"
209.74.77.214 - - [15/Jul/2025:18:39:33 +0000] "POST /wp-cron.php?doing_wp_cron=1752604773.1633388996124267578125 HTTP/1.1" 200 - "-" "WordPress/6.8.1; https://alalamy.com.au"
20.171.207.217 - - [15/Jul/2025:18:39:32 +0000] "GET /shopbrand/139900303.htm HTTP/1.1" 404 20340 "-" "Mozilla/5.0 AppleWebKit/537.36 (KHTML, like Gecko; compatible; GPTBot/1.2; +https://openai.com/gptbot)"
209.74.77.214 - - [15/Jul/2025:18:39:33 +0000] "POST /wp-admin/admin-ajax.php?action=async_litespeed&nonce=yAOyaZeV6R2WpwIFjoAzOVtBng5uNLiY&litespeed_type=imgoptm HTTP/1.1" 200 21 "-" "WordPress/6.8.1; https://alalamy.com.au"
66.249.65.164 - - [15/Jul/2025:18:39:34 +0000] "GET /?k=6540085031900&mod=0bb3498d&uri=info.php?shopbrand/242414.htm HTTP/1.1" 200 19424 "-" "Mozilla/5.0 (Linux; Android 6.0.1; Nexus 5X Build/MMB29P) AppleWebKit/537.36 (KHTML, like Gecko) Chrome/137.0.7151.103 Mobile Safari/537.36 (compatible; Googlebot/2.1; +http://www.google.com/bot.html)"
20.171.207.217 - - [15/Jul/2025:18:39:36 +0000] "GET /shopbrand/139959513.htm HTTP/1.1" 404 20340 "-" "Mozilla/5.0 AppleWebKit/537.36 (KHTML, like Gecko; compatible; GPTBot/1.2; +https://openai.com/gptbot)"
66.249.65.164 - - [15/Jul/2025:18:39:38 +0000] "POST /get-message-notify HTTP/1.1" 200 19555 "https://alalamy.com.au/?k=6551845011900&mod=343e8f41&uri=goods.php%3Fid%3D218825-368%26name%3Darb+simpson+rooftop+tent" "Mozilla/5.0 (Linux; Android 6.0.1; Nexus 5X Build/MMB29P) AppleWebKit/537.36 (KHTML, like Gecko) Chrome/137.0.7151.119 Mobile Safari/537.36 (compatible; Googlebot/2.1; +http://www.google.com/bot.html)"
20.171.207.217 - - [15/Jul/2025:18:39:39 +0000] "GET /shopbrand/139919906.htm HTTP/1.1" 404 20339 "-" "Mozilla/5.0 AppleWebKit/537.36 (KHTML, like Gecko; compatible; GPTBot/1.2; +https://openai.com/gptbot)"
66.249.65.164 - - [15/Jul/2025:18:39:40 +0000] "GET /?k=6619885011900&mod=4ef30115&uri=news.php?shopbrand/252547.htm HTTP/1.1" 200 19826 "-" "Mozilla/5.0 (Linux; Android 6.0.1; Nexus 5X Build/MMB29P) AppleWebKit/537.36 (KHTML, like Gecko) Chrome/137.0.7151.103 Mobile Safari/537.36 (compatible; Googlebot/2.1; +http://www.google.com/bot.html)"
20.171.207.217 - - [15/Jul/2025:18:39:42 +0000] "GET /shopbrand/139893889.htm HTTP/1.1" 404 20340 "-" "Mozilla/5.0 AppleWebKit/537.36 (KHTML, like Gecko; compatible; GPTBot/1.2; +https://openai.com/gptbot)"
20.171.207.217 - - [15/Jul/2025:18:39:45 +0000] "GET /shopbrand/140014144.htm HTTP/1.1" 404 20340 "-" "Mozilla/5.0 AppleWebKit/537.36 (KHTML, like Gecko; compatible; GPTBot/1.2; +https://openai.com/gptbot)"
66.249.65.164 - - [15/Jul/2025:18:39:47 +0000] "GET /?k=6540085031900&mod=0bb3498d&uri=info.php?feature/utsunomiya/index.html HTTP/1.1" 200 23103 "-" "Mozilla/5.0 (Linux; Android 6.0.1; Nexus 5X Build/MMB29P) AppleWebKit/537.36 (KHTML, like Gecko) Chrome/137.0.7151.103 Mobile Safari/537.36 (compatible; Googlebot/2.1; +http://www.google.com/bot.html)"
20.171.207.217 - - [15/Jul/2025:18:39:48 +0000] "GET /shopbrand/139963131.htm HTTP/1.1" 404 20340 "-" "Mozilla/5.0 AppleWebKit/537.36 (KHTML, like Gecko; compatible; GPTBot/1.2; +https://openai.com/gptbot)"
20.171.207.217 - - [15/Jul/2025:18:39:51 +0000] "GET /shopbrand/139979239.htm HTTP/1.1" 404 20340 "-" "Mozilla/5.0 AppleWebKit/537.36 (KHTML, like Gecko; compatible; GPTBot/1.2; +https://openai.com/gptbot)"
20.171.207.217 - - [15/Jul/2025:18:39:54 +0000] "GET /shopbrand/139961191.htm HTTP/1.1" 404 20340 "-" "Mozilla/5.0 AppleWebKit/537.36 (KHTML, like Gecko; compatible; GPTBot/1.2; +https://openai.com/gptbot)"
66.249.65.164 - - [15/Jul/2025:18:39:55 +0000] "GET /?k=6540085031900&mod=0bb3498d&uri=info.php?shopbrand/245194.htm HTTP/1.1" 200 19158 "-" "Mozilla/5.0 (Linux; Android 6.0.1; Nexus 5X Build/MMB29P) AppleWebKit/537.36 (KHTML, like Gecko) Chrome/137.0.7151.103 Mobile Safari/537.36 (compatible; Googlebot/2.1; +http://www.google.com/bot.html)"
20.171.207.217 - - [15/Jul/2025:18:39:57 +0000] "GET /shopbrand/139934336.htm HTTP/1.1" 404 20340 "-" "Mozilla/5.0 AppleWebKit/537.36 (KHTML, like Gecko; compatible; GPTBot/1.2; +https://openai.com/gptbot)"
66.249.65.164 - - [15/Jul/2025:18:39:59 +0000] "GET /?k=6540085031900&mod=0bb3498d&uri=info.php?feature/akihabara_main/index.html HTTP/1.1" 200 20712 "-" "Mozilla/5.0 (Linux; Android 6.0.1; Nexus 5X Build/MMB29P) AppleWebKit/537.36 (KHTML, like Gecko) Chrome/137.0.7151.103 Mobile Safari/537.36 (compatible; Googlebot/2.1; +http://www.google.com/bot.html)"
20.171.207.217 - - [15/Jul/2025:18:40:00 +0000] "GET /shopbrand/139895599.htm HTTP/1.1" 404 20339 "-" "Mozilla/5.0 AppleWebKit/537.36 (KHTML, like Gecko; compatible; GPTBot/1.2; +https://openai.com/gptbot)"
66.249.65.165 - - [15/Jul/2025:18:40:02 +0000] "GET /?k=6540085031900&mod=0bb3498d&uri=info.php?shopbrand/253377.htm HTTP/1.1" 200 20215 "-" "Mozilla/5.0 (Linux; Android 6.0.1; Nexus 5X Build/MMB29P) AppleWebKit/537.36 (KHTML, like Gecko) Chrome/137.0.7151.103 Mobile Safari/537.36 (compatible; Googlebot/2.1; +http://www.google.com/bot.html)"
20.171.207.217 - - [15/Jul/2025:18:40:04 +0000] "GET /shopbrand/139903913.htm HTTP/1.1" 404 20339 "-" "Mozilla/5.0 AppleWebKit/537.36 (KHTML, like Gecko; compatible; GPTBot/1.2; +https://openai.com/gptbot)"
66.249.65.164 - - [15/Jul/2025:18:40:05 +0000] "POST /get-message-notify HTTP/1.1" 200 19555 "https://alalamy.com.au/?k=6540085031900&mod=0bb3498d&uri=info.php?shopbrand/253377.htm" "Mozilla/5.0 (Linux; Android 6.0.1; Nexus 5X Build/MMB29P) AppleWebKit/537.36 (KHTML, like Gecko) Chrome/137.0.7151.119 Mobile Safari/537.36 (compatible; Googlebot/2.1; +http://www.google.com/bot.html)"
66.249.65.164 - - [15/Jul/2025:18:40:06 +0000] "GET /?k=119854526031900&mod=3cff6bc2&uri=itm.php%3Fid%3D3999908-1699%26name%3Dmens+finger+ring+new+design HTTP/1.1" 200 19617 "-" "Mozilla/5.0 (Linux; Android 6.0.1; Nexus 5X Build/MMB29P) AppleWebKit/537.36 (KHTML, like Gecko) Chrome/137.0.7151.103 Mobile Safari/537.36 (compatible; Googlebot/2.1; +http://www.google.com/bot.html)"
20.171.207.217 - - [15/Jul/2025:18:40:07 +0000] "GET /shopbrand/139959779.htm HTTP/1.1" 404 20340 "-" "Mozilla/5.0 AppleWebKit/537.36 (KHTML, like Gecko; compatible; GPTBot/1.2; +https://openai.com/gptbot)"
66.249.65.165 - - [15/Jul/2025:18:40:09 +0000] "POST /get-message-notify HTTP/1.1" 200 19555 "https://alalamy.com.au/?k=119854526031900&mod=3cff6bc2&uri=itm.php%3Fid%3D3999908-1699%26name%3Dmens+finger+ring+new+design" "Mozilla/5.0 (Linux; Android 6.0.1; Nexus 5X Build/MMB29P) AppleWebKit/537.36 (KHTML, like Gecko) Chrome/137.0.7151.119 Mobile Safari/537.36 (compatible; Googlebot/2.1; +http://www.google.com/bot.html)"
66.249.65.164 - - [15/Jul/2025:18:40:09 +0000] "GET /?k=6389816051900&mod=4e17fdfe&uri=category-info.php%3Fid%3D213423-363%26name%3Dpandora+cremation+urn HTTP/1.1" 200 19659 "-" "Mozilla/5.0 (Linux; Android 6.0.1; Nexus 5X Build/MMB29P) AppleWebKit/537.36 (KHTML, like Gecko) Chrome/137.0.7151.103 Mobile Safari/537.36 (compatible; Googlebot/2.1; +http://www.google.com/bot.html)"
20.171.207.217 - - [15/Jul/2025:18:40:10 +0000] "GET /shopbrand/139921989.htm HTTP/1.1" 404 20339 "-" "Mozilla/5.0 AppleWebKit/537.36 (KHTML, like Gecko; compatible; GPTBot/1.2; +https://openai.com/gptbot)"
66.249.65.165 - - [15/Jul/2025:18:40:11 +0000] "POST /get-message-notify HTTP/1.1" 200 19555 "https://alalamy.com.au/?k=6389816051900&mod=4e17fdfe&uri=category-info.php%3Fid%3D213423-363%26name%3Dpandora+cremation+urn" "Mozilla/5.0 (Linux; Android 6.0.1; Nexus 5X Build/MMB29P) AppleWebKit/537.36 (KHTML, like Gecko) Chrome/137.0.7151.119 Mobile Safari/537.36 (compatible; Googlebot/2.1; +http://www.google.com/bot.html)"
20.171.207.217 - - [15/Jul/2025:18:40:13 +0000] "GET /shopbrand/139923099.htm HTTP/1.1" 404 20339 "-" "Mozilla/5.0 AppleWebKit/537.36 (KHTML, like Gecko; compatible; GPTBot/1.2; +https://openai.com/gptbot)"
209.74.77.214 - - [15/Jul/2025:18:40:17 +0000] "POST /wp-cron.php?doing_wp_cron=1752604817.0856471061706542968750 HTTP/1.1" 200 - "-" "WordPress/6.8.1; https://alalamy.com.au"
20.171.207.217 - - [15/Jul/2025:18:40:16 +0000] "GET /shopbrand/140013014.htm HTTP/1.1" 404 20340 "-" "Mozilla/5.0 AppleWebKit/537.36 (KHTML, like Gecko; compatible; GPTBot/1.2; +https://openai.com/gptbot)"
66.249.65.164 - - [15/Jul/2025:18:40:19 +0000] "GET /?k=6391376011900&mod=4e17fdfe&uri=search.php%3Fid%3D213475-363%26name%3Dwire+name+necklace+tiktok HTTP/1.1" 200 19603 "-" "Mozilla/5.0 (Linux; Android 6.0.1; Nexus 5X Build/MMB29P) AppleWebKit/537.36 (KHTML, like Gecko) Chrome/137.0.7151.103 Mobile Safari/537.36 (compatible; Googlebot/2.1; +http://www.google.com/bot.html)"
20.171.207.217 - - [15/Jul/2025:18:40:19 +0000] "GET /shopbrand/139949489.htm HTTP/1.1" 404 20339 "-" "Mozilla/5.0 AppleWebKit/537.36 (KHTML, like Gecko; compatible; GPTBot/1.2; +https://openai.com/gptbot)"
20.171.207.217 - - [15/Jul/2025:18:40:23 +0000] "GET /shopbrand/139933921.htm HTTP/1.1" 404 20339 "-" "Mozilla/5.0 AppleWebKit/537.36 (KHTML, like Gecko; compatible; GPTBot/1.2; +https://openai.com/gptbot)"
20.171.207.217 - - [15/Jul/2025:18:40:26 +0000] "GET /shopbrand/139966866.htm HTTP/1.1" 404 20339 "-" "Mozilla/5.0 AppleWebKit/537.36 (KHTML, like Gecko; compatible; GPTBot/1.2; +https://openai.com/gptbot)"
20.171.207.217 - - [15/Jul/2025:18:40:29 +0000] "GET /shopbrand/139932112.htm HTTP/1.1" 404 20340 "-" "Mozilla/5.0 AppleWebKit/537.36 (KHTML, like Gecko; compatible; GPTBot/1.2; +https://openai.com/gptbot)"
209.74.77.214 - - [15/Jul/2025:18:40:32 +0000] "POST /wp-cron.php?doing_wp_cron=1752604832.5289568901062011718750 HTTP/1.1" 200 - "-" "WordPress/6.8.1; https://alalamy.com.au"
20.171.207.217 - - [15/Jul/2025:18:40:32 +0000] "GET /shopbrand/139930311.htm HTTP/1.1" 404 20339 "-" "Mozilla/5.0 AppleWebKit/537.36 (KHTML, like Gecko; compatible; GPTBot/1.2; +https://openai.com/gptbot)"
209.74.77.214 - - [15/Jul/2025:18:40:32 +0000] "POST /wp-admin/admin-ajax.php?action=async_litespeed&nonce=nL7XGRpYLt290bXnw1PLyinuujYpfJjp&litespeed_type=imgoptm HTTP/1.1" 200 21 "-" "WordPress/6.8.1; https://alalamy.com.au"
66.249.65.164 - - [15/Jul/2025:18:40:32 +0000] "GET /?k=6394436001900&mod=4e17fdfe&uri=us.php%3Fid%3D213577-363%26name%3Dengagement+ring+polish HTTP/1.1" 200 19594 "-" "Mozilla/5.0 (Linux; Android 6.0.1; Nexus 5X Build/MMB29P) AppleWebKit/537.36 (KHTML, like Gecko) Chrome/137.0.7151.103 Mobile Safari/537.36 (compatible; Googlebot/2.1; +http://www.google.com/bot.html)"
209.74.77.214 - - [15/Jul/2025:18:40:35 +0000] "POST /wp-cron.php?doing_wp_cron=1752604835.8081929683685302734375 HTTP/1.1" 200 - "-" "WordPress/6.8.1; https://alalamy.com.au"
20.171.207.217 - - [15/Jul/2025:18:40:35 +0000] "GET /shopbrand/139931441.htm HTTP/1.1" 404 20339 "-" "Mozilla/5.0 AppleWebKit/537.36 (KHTML, like Gecko; compatible; GPTBot/1.2; +https://openai.com/gptbot)"
20.171.207.217 - - [15/Jul/2025:18:40:38 +0000] "GET /shopbrand/139979944.htm HTTP/1.1" 404 20340 "-" "Mozilla/5.0 AppleWebKit/537.36 (KHTML, like Gecko; compatible; GPTBot/1.2; +https://openai.com/gptbot)"
20.171.207.217 - - [15/Jul/2025:18:40:42 +0000] "GET /shopbrand/139909914.htm HTTP/1.1" 404 20339 "-" "Mozilla/5.0 AppleWebKit/537.36 (KHTML, like Gecko; compatible; GPTBot/1.2; +https://openai.com/gptbot)"
20.171.207.217 - - [15/Jul/2025:18:40:45 +0000] "GET /shopbrand/139939100.htm HTTP/1.1" 404 20339 "-" "Mozilla/5.0 AppleWebKit/537.36 (KHTML, like Gecko; compatible; GPTBot/1.2; +https://openai.com/gptbot)"
20.171.207.217 - - [15/Jul/2025:18:40:48 +0000] "GET /shopbrand/139979539.htm HTTP/1.1" 404 20340 "-" "Mozilla/5.0 AppleWebKit/537.36 (KHTML, like Gecko; compatible; GPTBot/1.2; +https://openai.com/gptbot)"
66.249.65.164 - - [15/Jul/2025:18:40:51 +0000] "GET /?k=119274636001900&mod=4e17fdfe&uri=form.php%3Fid%3D3980562-363%26name%3Dceylon+cornflower+blue+sapphire HTTP/1.1" 200 19646 "-" "Mozilla/5.0 (Linux; Android 6.0.1; Nexus 5X Build/MMB29P) AppleWebKit/537.36 (KHTML, like Gecko) Chrome/137.0.7151.103 Mobile Safari/537.36 (compatible; Googlebot/2.1; +http://www.google.com/bot.html)"
20.171.207.217 - - [15/Jul/2025:18:40:51 +0000] "GET /shopbrand/139931183.htm HTTP/1.1" 404 20339 "-" "Mozilla/5.0 AppleWebKit/537.36 (KHTML, like Gecko; compatible; GPTBot/1.2; +https://openai.com/gptbot)"
66.249.65.164 - - [15/Jul/2025:18:40:54 +0000] "GET /?k=6564145031900&mod=a020312b&uri=us.php%3Fid%3D219235-369%26name%3Dconversate+a+real+word HTTP/1.1" 200 19594 "-" "Mozilla/5.0 (Linux; Android 6.0.1; Nexus 5X Build/MMB29P) AppleWebKit/537.36 (KHTML, like Gecko) Chrome/137.0.7151.103 Mobile Safari/537.36 (compatible; Googlebot/2.1; +http://www.google.com/bot.html)"
20.171.207.217 - - [15/Jul/2025:18:40:54 +0000] "GET /shopbrand/139923929.htm HTTP/1.1" 404 20339 "-" "Mozilla/5.0 AppleWebKit/537.36 (KHTML, like Gecko; compatible; GPTBot/1.2; +https://openai.com/gptbot)"
20.171.207.217 - - [15/Jul/2025:18:40:58 +0000] "GET /shopbrand/139908776.htm HTTP/1.1" 404 20340 "-" "Mozilla/5.0 AppleWebKit/537.36 (KHTML, like Gecko; compatible; GPTBot/1.2; +https://openai.com/gptbot)"
66.249.65.165 - - [15/Jul/2025:18:41:00 +0000] "GET /?k=119279586001900&mod=4e17fdfe&uri=search.php%3Fid%3D3980727-363%26name%3Ddelicate+locket HTTP/1.1" 200 19617 "-" "Mozilla/5.0 (Linux; Android 6.0.1; Nexus 5X Build/MMB29P) AppleWebKit/537.36 (KHTML, like Gecko) Chrome/137.0.7151.103 Mobile Safari/537.36 (compatible; Googlebot/2.1; +http://www.google.com/bot.html)"
20.171.207.217 - - [15/Jul/2025:18:41:01 +0000] "GET /shopbrand/139968409.htm HTTP/1.1" 404 20339 "-" "Mozilla/5.0 AppleWebKit/537.36 (KHTML, like Gecko; compatible; GPTBot/1.2; +https://openai.com/gptbot)"
66.249.65.165 - - [15/Jul/2025:18:41:02 +0000] "POST /get-message-notify HTTP/1.1" 200 19555 "https://alalamy.com.au/?k=119274636001900&mod=4e17fdfe&uri=form.php%3Fid%3D3980562-363%26name%3Dceylon+cornflower+blue+sapphire" "Mozilla/5.0 (Linux; Android 6.0.1; Nexus 5X Build/MMB29P) AppleWebKit/537.36 (KHTML, like Gecko) Chrome/137.0.7151.119 Mobile Safari/537.36 (compatible; Googlebot/2.1; +http://www.google.com/bot.html)"
66.249.65.165 - - [15/Jul/2025:18:41:03 +0000] "POST /get-message-notify HTTP/1.1" 200 19555 "https://alalamy.com.au/?k=119279586001900&mod=4e17fdfe&uri=search.php%3Fid%3D3980727-363%26name%3Ddelicate+locket" "Mozilla/5.0 (Linux; Android 6.0.1; Nexus 5X Build/MMB29P) AppleWebKit/537.36 (KHTML, like Gecko) Chrome/137.0.7151.119 Mobile Safari/537.36 (compatible; Googlebot/2.1; +http://www.google.com/bot.html)"
20.171.207.217 - - [15/Jul/2025:18:41:04 +0000] "GET /shopbrand/139917257.htm HTTP/1.1" 404 20339 "-" "Mozilla/5.0 AppleWebKit/537.36 (KHTML, like Gecko; compatible; GPTBot/1.2; +https://openai.com/gptbot)"
20.171.207.217 - - [15/Jul/2025:18:41:07 +0000] "GET /shopbrand/139935174.htm HTTP/1.1" 404 20340 "-" "Mozilla/5.0 AppleWebKit/537.36 (KHTML, like Gecko; compatible; GPTBot/1.2; +https://openai.com/gptbot)"
20.171.207.217 - - [15/Jul/2025:18:41:10 +0000] "GET /shopbrand/140014283.htm HTTP/1.1" 404 20339 "-" "Mozilla/5.0 AppleWebKit/537.36 (KHTML, like Gecko; compatible; GPTBot/1.2; +https://openai.com/gptbot)"
66.249.65.165 - - [15/Jul/2025:18:41:23 +0000] "GET /?k=6548245131900&mod=0bb3498d&uri=blog.php%3Fid%3D218705-367%26name%3Dhouse+tent+for+kids HTTP/1.1" 200 19596 "-" "Mozilla/5.0 (Linux; Android 6.0.1; Nexus 5X Build/MMB29P) AppleWebKit/537.36 (KHTML, like Gecko) Chrome/137.0.7151.103 Mobile Safari/537.36 (compatible; Googlebot/2.1; +http://www.google.com/bot.html)"
66.249.65.164 - - [15/Jul/2025:18:41:31 +0000] "GET /?k=116183744031900&mod=4e17fdfe&uri=us.php%3Fid%3D3877465-363%26name%3Dkey+holders+with+pictures HTTP/1.1" 200 19606 "-" "Mozilla/5.0 (Linux; Android 6.0.1; Nexus 5X Build/MMB29P) AppleWebKit/537.36 (KHTML, like Gecko) Chrome/137.0.7151.103 Mobile Safari/537.36 (compatible; Googlebot/2.1; +http://www.google.com/bot.html)"
66.249.65.164 - - [15/Jul/2025:18:41:34 +0000] "GET /?k=6389846031900&mod=4e17fdfe&uri=news.php%3Fid%3D213424-363%26name%3Dmejuri+croissant+bracelet HTTP/1.1" 200 19604 "-" "Mozilla/5.0 (Linux; Android 6.0.1; Nexus 5X Build/MMB29P) AppleWebKit/537.36 (KHTML, like Gecko) Chrome/137.0.7151.103 Mobile Safari/537.36 (compatible; Googlebot/2.1; +http://www.google.com/bot.html)"
66.249.65.164 - - [15/Jul/2025:18:41:37 +0000] "POST /get-message-notify HTTP/1.1" 200 19555 "https://alalamy.com.au/?k=116183744031900&mod=4e17fdfe&uri=us.php%3Fid%3D3877465-363%26name%3Dkey+holders+with+pictures" "Mozilla/5.0 (Linux; Android 6.0.1; Nexus 5X Build/MMB29P) AppleWebKit/537.36 (KHTML, like Gecko) Chrome/137.0.7151.119 Mobile Safari/537.36 (compatible; Googlebot/2.1; +http://www.google.com/bot.html)"
66.249.65.164 - - [15/Jul/2025:18:41:38 +0000] "GET /?k=6708515041900&mod=de3358ca&uri=news.php%3Fid%3D224048-378%26name%3Dpeg+perego+agio+z3+review HTTP/1.1" 200 19608 "-" "Mozilla/5.0 (Linux; Android 6.0.1; Nexus 5X Build/MMB29P) AppleWebKit/537.36 (KHTML, like Gecko) Chrome/137.0.7151.103 Mobile Safari/537.36 (compatible; Googlebot/2.1; +http://www.google.com/bot.html)"
66.249.65.164 - - [15/Jul/2025:18:41:41 +0000] "GET /?k=6709415021900&mod=1cde2efe&uri=info.php%3Fid%3D224078-161%26name%3Dberghaus+men%27s+paclite+shell+jacket HTTP/1.1" 200 19626 "-" "Mozilla/5.0 (Linux; Android 6.0.1; Nexus 5X Build/MMB29P) AppleWebKit/537.36 (KHTML, like Gecko) Chrome/137.0.7151.103 Mobile Safari/537.36 (compatible; Googlebot/2.1; +http://www.google.com/bot.html)"
66.249.65.164 - - [15/Jul/2025:18:41:47 +0000] "GET /?k=6711515021900&mod=de3358ca&uri=pin.php%3Fid%3D224148-378%26name%3Dnula+baby+pram HTTP/1.1" 200 19592 "-" "Mozilla/5.0 (Linux; Android 6.0.1; Nexus 5X Build/MMB29P) AppleWebKit/537.36 (KHTML, like Gecko) Chrome/137.0.7151.103 Mobile Safari/537.36 (compatible; Googlebot/2.1; +http://www.google.com/bot.html)"
209.74.77.214 - - [15/Jul/2025:18:42:24 +0000] "POST /wp-cron.php?doing_wp_cron=1752604944.8739700317382812500000 HTTP/1.1" 200 - "-" "WordPress/6.8.1; https://alalamy.com.au"
54.36.148.197 - - [15/Jul/2025:18:42:23 +0000] "GET /shopbrand/177518435.htm HTTP/1.1" 404 20339 "-" "Mozilla/5.0 (compatible; AhrefsBot/7.0; +http://ahrefs.com/robot/)"
209.74.77.214 - - [15/Jul/2025:18:42:25 +0000] "POST /wp-admin/admin-ajax.php?action=async_litespeed&nonce=III8JuTp4rVNaoFpEXULpLYSus37TAq0&litespeed_type=imgoptm HTTP/1.1" 200 21 "-" "WordPress/6.8.1; https://alalamy.com.au"
209.74.77.214 - - [15/Jul/2025:18:42:48 +0000] "POST /wp-cron.php?doing_wp_cron=1752604968.0832068920135498046875 HTTP/1.1" 200 - "-" "WordPress/6.8.1; https://alalamy.com.au"
20.171.207.168 - - [15/Jul/2025:18:42:47 +0000] "GET /shopbrand/139914203.htm HTTP/1.1" 404 20339 "-" "Mozilla/5.0 AppleWebKit/537.36 (KHTML, like Gecko; compatible; GPTBot/1.2; +https://openai.com/gptbot)"
209.74.77.214 - - [15/Jul/2025:18:42:48 +0000] "POST /wp-admin/admin-ajax.php?action=async_litespeed&nonce=N7NNiLAvrf93YVoueJjTZiDfpeBtJsb3&litespeed_type=imgoptm HTTP/1.1" 200 21 "-" "WordPress/6.8.1; https://alalamy.com.au"
20.171.207.168 - - [15/Jul/2025:18:42:50 +0000] "GET /shopbrand/139974368.htm HTTP/1.1" 404 20339 "-" "Mozilla/5.0 AppleWebKit/537.36 (KHTML, like Gecko; compatible; GPTBot/1.2; +https://openai.com/gptbot)"
20.171.207.168 - - [15/Jul/2025:18:42:53 +0000] "GET /shopbrand/139985073.htm HTTP/1.1" 404 20339 "-" "Mozilla/5.0 AppleWebKit/537.36 (KHTML, like Gecko; compatible; GPTBot/1.2; +https://openai.com/gptbot)"
20.171.207.168 - - [15/Jul/2025:18:42:57 +0000] "GET /shopbrand/139917682.htm HTTP/1.1" 404 20340 "-" "Mozilla/5.0 AppleWebKit/537.36 (KHTML, like Gecko; compatible; GPTBot/1.2; +https://openai.com/gptbot)"
20.171.207.168 - - [15/Jul/2025:18:43:00 +0000] "GET /shopbrand/139903516.htm HTTP/1.1" 404 20339 "-" "Mozilla/5.0 AppleWebKit/537.36 (KHTML, like Gecko; compatible; GPTBot/1.2; +https://openai.com/gptbot)"
20.171.207.168 - - [15/Jul/2025:18:43:03 +0000] "GET /shopbrand/139977430.htm HTTP/1.1" 404 20339 "-" "Mozilla/5.0 AppleWebKit/537.36 (KHTML, like Gecko; compatible; GPTBot/1.2; +https://openai.com/gptbot)"
20.171.207.168 - - [15/Jul/2025:18:43:06 +0000] "GET /shopbrand/139920736.htm HTTP/1.1" 404 20339 "-" "Mozilla/5.0 AppleWebKit/537.36 (KHTML, like Gecko; compatible; GPTBot/1.2; +https://openai.com/gptbot)"
209.74.77.214 - - [15/Jul/2025:18:43:16 +0000] "POST /wp-cron.php?doing_wp_cron=1752604996.8594760894775390625000 HTTP/1.1" 200 - "-" "WordPress/6.8.1; https://alalamy.com.au"
20.171.207.168 - - [15/Jul/2025:18:43:16 +0000] "GET /shopbrand/139954809.htm HTTP/1.1" 404 20340 "-" "Mozilla/5.0 AppleWebKit/537.36 (KHTML, like Gecko; compatible; GPTBot/1.2; +https://openai.com/gptbot)"
20.171.207.168 - - [15/Jul/2025:18:43:17 +0000] "GET /shopbrand/139972857.htm HTTP/1.1" 404 20340 "-" "Mozilla/5.0 AppleWebKit/537.36 (KHTML, like Gecko; compatible; GPTBot/1.2; +https://openai.com/gptbot)"
20.171.207.168 - - [15/Jul/2025:18:43:20 +0000] "GET /shopbrand/139952170.htm HTTP/1.1" 404 20339 "-" "Mozilla/5.0 AppleWebKit/537.36 (KHTML, like Gecko; compatible; GPTBot/1.2; +https://openai.com/gptbot)"
20.171.207.168 - - [15/Jul/2025:18:43:23 +0000] "GET /shopbrand/139941580.htm HTTP/1.1" 404 20339 "-" "Mozilla/5.0 AppleWebKit/537.36 (KHTML, like Gecko; compatible; GPTBot/1.2; +https://openai.com/gptbot)"
20.171.207.168 - - [15/Jul/2025:18:43:26 +0000] "GET /shopbrand/139964642.htm HTTP/1.1" 404 20340 "-" "Mozilla/5.0 AppleWebKit/537.36 (KHTML, like Gecko; compatible; GPTBot/1.2; +https://openai.com/gptbot)"
20.171.207.168 - - [15/Jul/2025:18:43:29 +0000] "GET /shopbrand/139904453.htm HTTP/1.1" 404 20339 "-" "Mozilla/5.0 AppleWebKit/537.36 (KHTML, like Gecko; compatible; GPTBot/1.2; +https://openai.com/gptbot)"
209.74.77.214 - - [15/Jul/2025:18:43:33 +0000] "POST /wp-cron.php?doing_wp_cron=1752605013.3612411022186279296875 HTTP/1.1" 200 - "-" "WordPress/6.8.1; https://alalamy.com.au"
20.171.207.168 - - [15/Jul/2025:18:43:33 +0000] "GET /shopbrand/139964245.htm HTTP/1.1" 404 20339 "-" "Mozilla/5.0 AppleWebKit/537.36 (KHTML, like Gecko; compatible; GPTBot/1.2; +https://openai.com/gptbot)"
209.74.77.214 - - [15/Jul/2025:18:43:33 +0000] "POST /wp-admin/admin-ajax.php?action=async_litespeed&nonce=qwJMg8QPM5lY0HQ5nivARwh6peyRpMgM&litespeed_type=imgoptm HTTP/1.1" 200 21 "-" "WordPress/6.8.1; https://alalamy.com.au"
20.171.207.168 - - [15/Jul/2025:18:43:36 +0000] "GET /shopbrand/139926153.htm HTTP/1.1" 404 20339 "-" "Mozilla/5.0 AppleWebKit/537.36 (KHTML, like Gecko; compatible; GPTBot/1.2; +https://openai.com/gptbot)"
20.171.207.168 - - [15/Jul/2025:18:43:39 +0000] "GET /shopbrand/139965788.htm HTTP/1.1" 404 20340 "-" "Mozilla/5.0 AppleWebKit/537.36 (KHTML, like Gecko; compatible; GPTBot/1.2; +https://openai.com/gptbot)"
20.171.207.168 - - [15/Jul/2025:18:43:42 +0000] "GET /shopbrand/139968834.htm HTTP/1.1" 404 20339 "-" "Mozilla/5.0 AppleWebKit/537.36 (KHTML, like Gecko; compatible; GPTBot/1.2; +https://openai.com/gptbot)"
20.171.207.168 - - [15/Jul/2025:18:43:45 +0000] "GET /shopbrand/139987041.htm HTTP/1.1" 404 20339 "-" "Mozilla/5.0 AppleWebKit/537.36 (KHTML, like Gecko; compatible; GPTBot/1.2; +https://openai.com/gptbot)"
20.171.207.168 - - [15/Jul/2025:18:43:48 +0000] "GET /shopbrand/139946038.htm HTTP/1.1" 404 20340 "-" "Mozilla/5.0 AppleWebKit/537.36 (KHTML, like Gecko; compatible; GPTBot/1.2; +https://openai.com/gptbot)"
20.171.207.168 - - [15/Jul/2025:18:43:52 +0000] "GET /shopbrand/140015794.htm HTTP/1.1" 404 20339 "-" "Mozilla/5.0 AppleWebKit/537.36 (KHTML, like Gecko; compatible; GPTBot/1.2; +https://openai.com/gptbot)"
20.171.207.168 - - [15/Jul/2025:18:43:56 +0000] "GET /shopbrand/139975506.htm HTTP/1.1" 404 20339 "-" "Mozilla/5.0 AppleWebKit/537.36 (KHTML, like Gecko; compatible; GPTBot/1.2; +https://openai.com/gptbot)"
20.171.207.168 - - [15/Jul/2025:18:43:58 +0000] "GET /shopbrand/139952841.htm HTTP/1.1" 404 20340 "-" "Mozilla/5.0 AppleWebKit/537.36 (KHTML, like Gecko; compatible; GPTBot/1.2; +https://openai.com/gptbot)"
20.171.207.168 - - [15/Jul/2025:18:44:01 +0000] "GET /shopbrand/139985645.htm HTTP/1.1" 404 20339 "-" "Mozilla/5.0 AppleWebKit/537.36 (KHTML, like Gecko; compatible; GPTBot/1.2; +https://openai.com/gptbot)"
20.171.207.168 - - [15/Jul/2025:18:44:05 +0000] "GET /shopbrand/139945772.htm HTTP/1.1" 404 20339 "-" "Mozilla/5.0 AppleWebKit/537.36 (KHTML, like Gecko; compatible; GPTBot/1.2; +https://openai.com/gptbot)"
20.171.207.168 - - [15/Jul/2025:18:44:08 +0000] "GET /shopbrand/139917523.htm HTTP/1.1" 404 20340 "-" "Mozilla/5.0 AppleWebKit/537.36 (KHTML, like Gecko; compatible; GPTBot/1.2; +https://openai.com/gptbot)"
20.171.207.168 - - [15/Jul/2025:18:44:11 +0000] "GET /shopbrand/139924610.htm HTTP/1.1" 404 20339 "-" "Mozilla/5.0 AppleWebKit/537.36 (KHTML, like Gecko; compatible; GPTBot/1.2; +https://openai.com/gptbot)"
20.171.207.168 - - [15/Jul/2025:18:44:14 +0000] "GET /shopbrand/139895972.htm HTTP/1.1" 404 20339 "-" "Mozilla/5.0 AppleWebKit/537.36 (KHTML, like Gecko; compatible; GPTBot/1.2; +https://openai.com/gptbot)"
209.74.77.214 - - [15/Jul/2025:18:44:17 +0000] "POST /wp-cron.php?doing_wp_cron=1752605057.8959739208221435546875 HTTP/1.1" 200 - "-" "WordPress/6.8.1; https://alalamy.com.au"
20.171.207.168 - - [15/Jul/2025:18:44:17 +0000] "GET /shopbrand/139920180.htm HTTP/1.1" 404 20340 "-" "Mozilla/5.0 AppleWebKit/537.36 (KHTML, like Gecko; compatible; GPTBot/1.2; +https://openai.com/gptbot)"
66.249.65.164 - - [15/Jul/2025:18:44:19 +0000] "GET /?k=7581979071900&mod=9c6dc3ff&uri=form.php%3Fid%3D253220-411%26name%3Dbikila+zapatillas+running+hombre HTTP/1.1" 200 19620 "-" "Mozilla/5.0 (Linux; Android 6.0.1; Nexus 5X Build/MMB29P) AppleWebKit/537.36 (KHTML, like Gecko) Chrome/137.0.7151.103 Mobile Safari/537.36 (compatible; Googlebot/2.1; +http://www.google.com/bot.html)"
20.171.207.168 - - [15/Jul/2025:18:44:20 +0000] "GET /shopbrand/139985232.htm HTTP/1.1" 404 20339 "-" "Mozilla/5.0 AppleWebKit/537.36 (KHTML, like Gecko; compatible; GPTBot/1.2; +https://openai.com/gptbot)"
66.249.65.166 - - [15/Jul/2025:18:44:23 +0000] "POST /get-message-notify HTTP/1.1" 200 19555 "https://alalamy.com.au/?k=7581979071900&mod=9c6dc3ff&uri=form.php%3Fid%3D253220-411%26name%3Dbikila+zapatillas+running+hombre" "Mozilla/5.0 (Linux; Android 6.0.1; Nexus 5X Build/MMB29P) AppleWebKit/537.36 (KHTML, like Gecko) Chrome/137.0.7151.119 Mobile Safari/537.36 (compatible; Googlebot/2.1; +http://www.google.com/bot.html)"
20.171.207.168 - - [15/Jul/2025:18:44:24 +0000] "GET /shopbrand/139896155.htm HTTP/1.1" 404 20339 "-" "Mozilla/5.0 AppleWebKit/537.36 (KHTML, like Gecko; compatible; GPTBot/1.2; +https://openai.com/gptbot)"
20.171.207.168 - - [15/Jul/2025:18:44:30 +0000] "GET /shopbrand/139957148.htm HTTP/1.1" 404 20339 "-" "Mozilla/5.0 AppleWebKit/537.36 (KHTML, like Gecko; compatible; GPTBot/1.2; +https://openai.com/gptbot)"
209.74.77.214 - - [15/Jul/2025:18:44:33 +0000] "POST /wp-cron.php?doing_wp_cron=1752605073.9735469818115234375000 HTTP/1.1" 200 - "-" "WordPress/6.8.1; https://alalamy.com.au"
20.171.207.168 - - [15/Jul/2025:18:44:33 +0000] "GET /shopbrand/139950327.htm HTTP/1.1" 404 20339 "-" "Mozilla/5.0 AppleWebKit/537.36 (KHTML, like Gecko; compatible; GPTBot/1.2; +https://openai.com/gptbot)"
209.74.77.214 - - [15/Jul/2025:18:44:34 +0000] "POST /wp-admin/admin-ajax.php?action=async_litespeed&nonce=KH7Hlk1ZDDHljSsTMkivnMQctWmCigJO&litespeed_type=imgoptm HTTP/1.1" 200 21 "-" "WordPress/6.8.1; https://alalamy.com.au"
20.171.207.168 - - [15/Jul/2025:18:44:35 +0000] "GET /shopbrand/139981040.htm HTTP/1.1" 404 20339 "-" "Mozilla/5.0 AppleWebKit/537.36 (KHTML, like Gecko; compatible; GPTBot/1.2; +https://openai.com/gptbot)"
20.171.207.168 - - [15/Jul/2025:18:44:44 +0000] "GET /shopbrand/139956743.htm HTTP/1.1" 404 20339 "-" "Mozilla/5.0 AppleWebKit/537.36 (KHTML, like Gecko; compatible; GPTBot/1.2; +https://openai.com/gptbot)"
20.171.207.168 - - [15/Jul/2025:18:44:45 +0000] "GET /shopbrand/139944785.htm HTTP/1.1" 404 20339 "-" "Mozilla/5.0 AppleWebKit/537.36 (KHTML, like Gecko; compatible; GPTBot/1.2; +https://openai.com/gptbot)"
20.171.207.168 - - [15/Jul/2025:18:44:48 +0000] "GET /shopbrand/139931854.htm HTTP/1.1" 404 20340 "-" "Mozilla/5.0 AppleWebKit/537.36 (KHTML, like Gecko; compatible; GPTBot/1.2; +https://openai.com/gptbot)"
20.171.207.168 - - [15/Jul/2025:18:44:51 +0000] "GET /shopbrand/139984517.htm HTTP/1.1" 404 20339 "-" "Mozilla/5.0 AppleWebKit/537.36 (KHTML, like Gecko; compatible; GPTBot/1.2; +https://openai.com/gptbot)"
20.171.207.168 - - [15/Jul/2025:18:44:54 +0000] "GET /shopbrand/139907805.htm HTTP/1.1" 404 20339 "-" "Mozilla/5.0 AppleWebKit/537.36 (KHTML, like Gecko; compatible; GPTBot/1.2; +https://openai.com/gptbot)"
20.171.207.168 - - [15/Jul/2025:18:44:57 +0000] "GET /shopbrand/139902370.htm HTTP/1.1" 404 20340 "-" "Mozilla/5.0 AppleWebKit/537.36 (KHTML, like Gecko; compatible; GPTBot/1.2; +https://openai.com/gptbot)"
20.171.207.168 - - [15/Jul/2025:18:45:00 +0000] "GET /shopbrand/139930470.htm HTTP/1.1" 404 20339 "-" "Mozilla/5.0 AppleWebKit/537.36 (KHTML, like Gecko; compatible; GPTBot/1.2; +https://openai.com/gptbot)"
20.171.207.168 - - [15/Jul/2025:18:45:03 +0000] "GET /shopbrand/139903242.htm HTTP/1.1" 404 20339 "-" "Mozilla/5.0 AppleWebKit/537.36 (KHTML, like Gecko; compatible; GPTBot/1.2; +https://openai.com/gptbot)"
20.171.207.168 - - [15/Jul/2025:18:45:06 +0000] "GET /shopbrand/139962436.htm HTTP/1.1" 404 20340 "-" "Mozilla/5.0 AppleWebKit/537.36 (KHTML, like Gecko; compatible; GPTBot/1.2; +https://openai.com/gptbot)"
20.171.207.168 - - [15/Jul/2025:18:45:09 +0000] "GET /shopbrand/139962277.htm HTTP/1.1" 404 20339 "-" "Mozilla/5.0 AppleWebKit/537.36 (KHTML, like Gecko; compatible; GPTBot/1.2; +https://openai.com/gptbot)"
20.171.207.168 - - [15/Jul/2025:18:45:12 +0000] "GET /shopbrand/139956743.htm HTTP/1.1" 404 20339 "-" "Mozilla/5.0 AppleWebKit/537.36 (KHTML, like Gecko; compatible; GPTBot/1.2; +https://openai.com/gptbot)"
209.74.77.214 - - [15/Jul/2025:18:45:16 +0000] "POST /wp-cron.php?doing_wp_cron=1752605116.2886989116668701171875 HTTP/1.1" 200 - "-" "WordPress/6.8.1; https://alalamy.com.au"
20.171.207.168 - - [15/Jul/2025:18:45:16 +0000] "GET /shopbrand/139942420.htm HTTP/1.1" 404 20339 "-" "Mozilla/5.0 AppleWebKit/537.36 (KHTML, like Gecko; compatible; GPTBot/1.2; +https://openai.com/gptbot)"
20.171.207.168 - - [15/Jul/2025:18:45:20 +0000] "GET /shopbrand/139976592.htm HTTP/1.1" 404 20339 "-" "Mozilla/5.0 AppleWebKit/537.36 (KHTML, like Gecko; compatible; GPTBot/1.2; +https://openai.com/gptbot)"
20.171.207.168 - - [15/Jul/2025:18:45:23 +0000] "GET /shopbrand/139986060.htm HTTP/1.1" 404 20339 "-" "Mozilla/5.0 AppleWebKit/537.36 (KHTML, like Gecko; compatible; GPTBot/1.2; +https://openai.com/gptbot)"
34.90.177.22 - - [15/Jul/2025:18:45:29 +0000] "GET / HTTP/1.1" 200 26575 "http://www.alalamy.com.au" "Mozilla/5.0 (compatible; CMS-Checker/1.0; +https://example.com)"
209.74.77.214 - - [15/Jul/2025:18:45:33 +0000] "POST /wp-cron.php?doing_wp_cron=1752605133.1227641105651855468750 HTTP/1.1" 200 - "-" "WordPress/6.8.1; https://alalamy.com.au"
20.171.207.168 - - [15/Jul/2025:18:45:32 +0000] "GET /shopbrand/139942005.htm HTTP/1.1" 404 20339 "-" "Mozilla/5.0 AppleWebKit/537.36 (KHTML, like Gecko; compatible; GPTBot/1.2; +https://openai.com/gptbot)"
209.74.77.214 - - [15/Jul/2025:18:45:33 +0000] "POST /wp-admin/admin-ajax.php?action=async_litespeed&nonce=8YlSoTXyPpfTb08kSd5N1Fy9fzDqvnhm&litespeed_type=imgoptm HTTP/1.1" 200 21 "-" "WordPress/6.8.1; https://alalamy.com.au"
66.249.65.166 - - [15/Jul/2025:18:45:33 +0000] "GET /?k=6540085031900&mod=0bb3498d&uri=info.php?shopbrand/243810.htm HTTP/1.1" 200 19382 "-" "Mozilla/5.0 (Linux; Android 6.0.1; Nexus 5X Build/MMB29P) AppleWebKit/537.36 (KHTML, like Gecko) Chrome/137.0.7151.103 Mobile Safari/537.36 (compatible; Googlebot/2.1; +http://www.google.com/bot.html)"
20.171.207.168 - - [15/Jul/2025:18:45:34 +0000] "GET /shopbrand/139947847.htm HTTP/1.1" 404 20339 "-" "Mozilla/5.0 AppleWebKit/537.36 (KHTML, like Gecko; compatible; GPTBot/1.2; +https://openai.com/gptbot)"
20.171.207.168 - - [15/Jul/2025:18:45:37 +0000] "GET /shopbrand/139948252.htm HTTP/1.1" 404 20340 "-" "Mozilla/5.0 AppleWebKit/537.36 (KHTML, like Gecko; compatible; GPTBot/1.2; +https://openai.com/gptbot)"
20.171.207.168 - - [15/Jul/2025:18:45:39 +0000] "GET /shopbrand/139986326.htm HTTP/1.1" 404 20340 "-" "Mozilla/5.0 AppleWebKit/537.36 (KHTML, like Gecko; compatible; GPTBot/1.2; +https://openai.com/gptbot)"
20.171.207.168 - - [15/Jul/2025:18:45:43 +0000] "GET /shopbrand/139922660.htm HTTP/1.1" 404 20339 "-" "Mozilla/5.0 AppleWebKit/537.36 (KHTML, like Gecko; compatible; GPTBot/1.2; +https://openai.com/gptbot)"
20.171.207.168 - - [15/Jul/2025:18:45:45 +0000] "GET /shopbrand/139969547.htm HTTP/1.1" 404 20339 "-" "Mozilla/5.0 AppleWebKit/537.36 (KHTML, like Gecko; compatible; GPTBot/1.2; +https://openai.com/gptbot)"
20.171.207.168 - - [15/Jul/2025:18:45:48 +0000] "GET /shopbrand/139936046.htm HTTP/1.1" 404 20340 "-" "Mozilla/5.0 AppleWebKit/537.36 (KHTML, like Gecko; compatible; GPTBot/1.2; +https://openai.com/gptbot)"
20.171.207.168 - - [15/Jul/2025:18:45:52 +0000] "GET /shopbrand/139936602.htm HTTP/1.1" 404 20339 "-" "Mozilla/5.0 AppleWebKit/537.36 (KHTML, like Gecko; compatible; GPTBot/1.2; +https://openai.com/gptbot)"
20.171.207.168 - - [15/Jul/2025:18:45:55 +0000] "GET /shopbrand/139966185.htm HTTP/1.1" 404 20339 "-" "Mozilla/5.0 AppleWebKit/537.36 (KHTML, like Gecko; compatible; GPTBot/1.2; +https://openai.com/gptbot)"
20.171.207.168 - - [15/Jul/2025:18:45:58 +0000] "GET /shopbrand/139986485.htm HTTP/1.1" 404 20340 "-" "Mozilla/5.0 AppleWebKit/537.36 (KHTML, like Gecko; compatible; GPTBot/1.2; +https://openai.com/gptbot)"
20.171.207.168 - - [15/Jul/2025:18:46:01 +0000] "GET /shopbrand/139904612.htm HTTP/1.1" 404 20339 "-" "Mozilla/5.0 AppleWebKit/537.36 (KHTML, like Gecko; compatible; GPTBot/1.2; +https://openai.com/gptbot)"
20.171.207.168 - - [15/Jul/2025:18:46:04 +0000] "GET /shopbrand/139972027.htm HTTP/1.1" 404 20339 "-" "Mozilla/5.0 AppleWebKit/537.36 (KHTML, like Gecko; compatible; GPTBot/1.2; +https://openai.com/gptbot)"
20.171.207.168 - - [15/Jul/2025:18:46:07 +0000] "GET /shopbrand/139953266.htm HTTP/1.1" 404 20340 "-" "Mozilla/5.0 AppleWebKit/537.36 (KHTML, like Gecko; compatible; GPTBot/1.2; +https://openai.com/gptbot)"
20.171.207.168 - - [15/Jul/2025:18:46:10 +0000] "GET /shopbrand/139906975.htm HTTP/1.1" 404 20339 "-" "Mozilla/5.0 AppleWebKit/537.36 (KHTML, like Gecko; compatible; GPTBot/1.2; +https://openai.com/gptbot)"
20.171.207.168 - - [15/Jul/2025:18:46:13 +0000] "GET /shopbrand/139907134.htm HTTP/1.1" 404 20339 "-" "Mozilla/5.0 AppleWebKit/537.36 (KHTML, like Gecko; compatible; GPTBot/1.2; +https://openai.com/gptbot)"
209.74.77.214 - - [15/Jul/2025:18:46:17 +0000] "POST /wp-cron.php?doing_wp_cron=1752605177.4446740150451660156250 HTTP/1.1" 200 - "-" "WordPress/6.8.1; https://alalamy.com.au"
20.171.207.168 - - [15/Jul/2025:18:46:17 +0000] "GET /shopbrand/139956320.htm HTTP/1.1" 404 20340 "-" "Mozilla/5.0 AppleWebKit/537.36 (KHTML, like Gecko; compatible; GPTBot/1.2; +https://openai.com/gptbot)"
20.171.207.168 - - [15/Jul/2025:18:46:20 +0000] "GET /shopbrand/139944527.htm HTTP/1.1" 404 20339 "-" "Mozilla/5.0 AppleWebKit/537.36 (KHTML, like Gecko; compatible; GPTBot/1.2; +https://openai.com/gptbot)"
20.171.207.168 - - [15/Jul/2025:18:46:23 +0000] "GET /shopbrand/139951032.htm HTTP/1.1" 404 20339 "-" "Mozilla/5.0 AppleWebKit/537.36 (KHTML, like Gecko; compatible; GPTBot/1.2; +https://openai.com/gptbot)"
20.171.207.168 - - [15/Jul/2025:18:46:26 +0000] "GET /shopbrand/139902271.htm HTTP/1.1" 404 20340 "-" "Mozilla/5.0 AppleWebKit/537.36 (KHTML, like Gecko; compatible; GPTBot/1.2; +https://openai.com/gptbot)"
20.171.207.168 - - [15/Jul/2025:18:46:29 +0000] "GET /shopbrand/139904751.htm HTTP/1.1" 404 20339 "-" "Mozilla/5.0 AppleWebKit/537.36 (KHTML, like Gecko; compatible; GPTBot/1.2; +https://openai.com/gptbot)"
209.74.77.214 - - [15/Jul/2025:18:46:33 +0000] "POST /wp-cron.php?doing_wp_cron=1752605193.1781079769134521484375 HTTP/1.1" 200 - "-" "WordPress/6.8.1; https://alalamy.com.au"
20.171.207.168 - - [15/Jul/2025:18:46:32 +0000] "GET /shopbrand/140015695.htm HTTP/1.1" 404 20339 "-" "Mozilla/5.0 AppleWebKit/537.36 (KHTML, like Gecko; compatible; GPTBot/1.2; +https://openai.com/gptbot)"
209.74.77.214 - - [15/Jul/2025:18:46:33 +0000] "POST /wp-admin/admin-ajax.php?action=async_litespeed&nonce=xYo9fXjhi2HxC741T5Mr7EYakPC9eIVw&litespeed_type=imgoptm HTTP/1.1" 200 21 "-" "WordPress/6.8.1; https://alalamy.com.au"
20.171.207.168 - - [15/Jul/2025:18:46:36 +0000] "GET /shopbrand/139935748.htm HTTP/1.1" 404 20339 "-" "Mozilla/5.0 AppleWebKit/537.36 (KHTML, like Gecko; compatible; GPTBot/1.2; +https://openai.com/gptbot)"
20.171.207.168 - - [15/Jul/2025:18:46:39 +0000] "GET /shopbrand/139891268.htm HTTP/1.1" 404 20340 "-" "Mozilla/5.0 AppleWebKit/537.36 (KHTML, like Gecko; compatible; GPTBot/1.2; +https://openai.com/gptbot)"
20.171.207.168 - - [15/Jul/2025:18:46:42 +0000] "GET /shopbrand/139975081.htm HTTP/1.1" 404 20339 "-" "Mozilla/5.0 AppleWebKit/537.36 (KHTML, like Gecko; compatible; GPTBot/1.2; +https://openai.com/gptbot)"
20.171.207.168 - - [15/Jul/2025:18:46:45 +0000] "GET /shopbrand/139924769.htm HTTP/1.1" 404 20339 "-" "Mozilla/5.0 AppleWebKit/537.36 (KHTML, like Gecko; compatible; GPTBot/1.2; +https://openai.com/gptbot)"
20.171.207.168 - - [15/Jul/2025:18:46:48 +0000] "GET /shopbrand/139960468.htm HTTP/1.1" 404 20340 "-" "Mozilla/5.0 AppleWebKit/537.36 (KHTML, like Gecko; compatible; GPTBot/1.2; +https://openai.com/gptbot)"
54.36.148.63 - - [15/Jul/2025:18:46:49 +0000] "GET /shopbrand/177529414.htm HTTP/1.1" 404 20340 "-" "Mozilla/5.0 (compatible; AhrefsBot/7.0; +http://ahrefs.com/robot/)"
20.171.207.168 - - [15/Jul/2025:18:46:52 +0000] "GET /shopbrand/139892803.htm HTTP/1.1" 404 20339 "-" "Mozilla/5.0 AppleWebKit/537.36 (KHTML, like Gecko; compatible; GPTBot/1.2; +https://openai.com/gptbot)"
20.171.207.168 - - [15/Jul/2025:18:46:55 +0000] "GET /shopbrand/140015953.htm HTTP/1.1" 404 20339 "-" "Mozilla/5.0 AppleWebKit/537.36 (KHTML, like Gecko; compatible; GPTBot/1.2; +https://openai.com/gptbot)"
20.171.207.168 - - [15/Jul/2025:18:46:58 +0000] "GET /shopbrand/139928236.htm HTTP/1.1" 404 20340 "-" "Mozilla/5.0 AppleWebKit/537.36 (KHTML, like Gecko; compatible; GPTBot/1.2; +https://openai.com/gptbot)"
20.171.207.168 - - [15/Jul/2025:18:47:01 +0000] "GET /shopbrand/139921830.htm HTTP/1.1" 404 20340 "-" "Mozilla/5.0 AppleWebKit/537.36 (KHTML, like Gecko; compatible; GPTBot/1.2; +https://openai.com/gptbot)"
20.171.207.168 - - [15/Jul/2025:18:47:04 +0000] "GET /shopbrand/139972186.htm HTTP/1.1" 404 20340 "-" "Mozilla/5.0 AppleWebKit/537.36 (KHTML, like Gecko; compatible; GPTBot/1.2; +https://openai.com/gptbot)"
20.171.207.168 - - [15/Jul/2025:18:47:07 +0000] "GET /shopbrand/139907964.htm HTTP/1.1" 404 20340 "-" "Mozilla/5.0 AppleWebKit/537.36 (KHTML, like Gecko; compatible; GPTBot/1.2; +https://openai.com/gptbot)"
20.171.207.168 - - [15/Jul/2025:18:47:10 +0000] "GET /shopbrand/139914362.htm HTTP/1.1" 404 20340 "-" "Mozilla/5.0 AppleWebKit/537.36 (KHTML, like Gecko; compatible; GPTBot/1.2; +https://openai.com/gptbot)"
20.171.207.168 - - [15/Jul/2025:18:47:14 +0000] "GET /shopbrand/139952710.htm HTTP/1.1" 404 20340 "-" "Mozilla/5.0 AppleWebKit/537.36 (KHTML, like Gecko; compatible; GPTBot/1.2; +https://openai.com/gptbot)"
209.74.77.214 - - [15/Jul/2025:18:47:17 +0000] "POST /wp-cron.php?doing_wp_cron=1752605237.4981870651245117187500 HTTP/1.1" 200 - "-" "WordPress/6.8.1; https://alalamy.com.au"
20.171.207.168 - - [15/Jul/2025:18:47:17 +0000] "GET /shopbrand/139960925.htm HTTP/1.1" 404 20340 "-" "Mozilla/5.0 AppleWebKit/537.36 (KHTML, like Gecko; compatible; GPTBot/1.2; +https://openai.com/gptbot)"
20.171.207.168 - - [15/Jul/2025:18:47:20 +0000] "GET /shopbrand/139905881.htm HTTP/1.1" 404 20340 "-" "Mozilla/5.0 AppleWebKit/537.36 (KHTML, like Gecko; compatible; GPTBot/1.2; +https://openai.com/gptbot)"
20.171.207.168 - - [15/Jul/2025:18:47:23 +0000] "GET /shopbrand/139985371.htm HTTP/1.1" 404 20340 "-" "Mozilla/5.0 AppleWebKit/537.36 (KHTML, like Gecko; compatible; GPTBot/1.2; +https://openai.com/gptbot)"
20.171.207.168 - - [15/Jul/2025:18:47:26 +0000] "GET /shopbrand/139981753.htm HTTP/1.1" 404 20340 "-" "Mozilla/5.0 AppleWebKit/537.36 (KHTML, like Gecko; compatible; GPTBot/1.2; +https://openai.com/gptbot)"
20.171.207.168 - - [15/Jul/2025:18:47:29 +0000] "GET /shopbrand/139941008.htm HTTP/1.1" 404 20340 "-" "Mozilla/5.0 AppleWebKit/537.36 (KHTML, like Gecko; compatible; GPTBot/1.2; +https://openai.com/gptbot)"
209.74.77.214 - - [15/Jul/2025:18:47:33 +0000] "POST /wp-cron.php?doing_wp_cron=1752605253.3880739212036132812500 HTTP/1.1" 200 - "-" "WordPress/6.8.1; https://alalamy.com.au"
20.171.207.168 - - [15/Jul/2025:18:47:33 +0000] "GET /shopbrand/139977164.htm HTTP/1.1" 404 20340 "-" "Mozilla/5.0 AppleWebKit/537.36 (KHTML, like Gecko; compatible; GPTBot/1.2; +https://openai.com/gptbot)"
209.74.77.214 - - [15/Jul/2025:18:47:33 +0000] "POST /wp-admin/admin-ajax.php?action=async_litespeed&nonce=1qIT0L8mVdfHPWQFtoCjO1cDP6VmfVGd&litespeed_type=imgoptm HTTP/1.1" 200 21 "-" "WordPress/6.8.1; https://alalamy.com.au"
20.171.207.168 - - [15/Jul/2025:18:47:36 +0000] "GET /shopbrand/139957871.htm HTTP/1.1" 404 20340 "-" "Mozilla/5.0 AppleWebKit/537.36 (KHTML, like Gecko; compatible; GPTBot/1.2; +https://openai.com/gptbot)"
20.171.207.168 - - [15/Jul/2025:18:47:39 +0000] "GET /shopbrand/139916860.htm HTTP/1.1" 404 20340 "-" "Mozilla/5.0 AppleWebKit/537.36 (KHTML, like Gecko; compatible; GPTBot/1.2; +https://openai.com/gptbot)"
20.171.207.168 - - [15/Jul/2025:18:47:42 +0000] "GET /shopbrand/139983006.htm HTTP/1.1" 404 20340 "-" "Mozilla/5.0 AppleWebKit/537.36 (KHTML, like Gecko; compatible; GPTBot/1.2; +https://openai.com/gptbot)"
20.171.207.168 - - [15/Jul/2025:18:47:46 +0000] "GET /shopbrand/139906562.htm HTTP/1.1" 404 20340 "-" "Mozilla/5.0 AppleWebKit/537.36 (KHTML, like Gecko; compatible; GPTBot/1.2; +https://openai.com/gptbot)"
66.249.65.166 - - [15/Jul/2025:18:47:48 +0000] "GET /?k=7583329071900&mod=9c6dc3ff&uri=us.php%3Fid%3D253265-411%26name%3Dtenis+blancas+de+moda HTTP/1.1" 200 19594 "-" "Mozilla/5.0 (Linux; Android 6.0.1; Nexus 5X Build/MMB29P) AppleWebKit/537.36 (KHTML, like Gecko) Chrome/137.0.7151.103 Mobile Safari/537.36 (compatible; Googlebot/2.1; +http://www.google.com/bot.html)"
20.171.207.168 - - [15/Jul/2025:18:47:49 +0000] "GET /shopbrand/139946868.htm HTTP/1.1" 404 20340 "-" "Mozilla/5.0 AppleWebKit/537.36 (KHTML, like Gecko; compatible; GPTBot/1.2; +https://openai.com/gptbot)"
20.171.207.168 - - [15/Jul/2025:18:47:52 +0000] "GET /shopbrand/139927547.htm HTTP/1.1" 404 20340 "-" "Mozilla/5.0 AppleWebKit/537.36 (KHTML, like Gecko; compatible; GPTBot/1.2; +https://openai.com/gptbot)"
20.171.207.168 - - [15/Jul/2025:18:47:55 +0000] "GET /shopbrand/139948552.htm HTTP/1.1" 404 20340 "-" "Mozilla/5.0 AppleWebKit/537.36 (KHTML, like Gecko; compatible; GPTBot/1.2; +https://openai.com/gptbot)"
20.171.207.168 - - [15/Jul/2025:18:47:58 +0000] "GET /shopbrand/139975347.htm HTTP/1.1" 404 20340 "-" "Mozilla/5.0 AppleWebKit/537.36 (KHTML, like Gecko; compatible; GPTBot/1.2; +https://openai.com/gptbot)"
20.171.207.168 - - [15/Jul/2025:18:48:01 +0000] "GET /shopbrand/139967140.htm HTTP/1.1" 404 20340 "-" "Mozilla/5.0 AppleWebKit/537.36 (KHTML, like Gecko; compatible; GPTBot/1.2; +https://openai.com/gptbot)"
20.171.207.168 - - [15/Jul/2025:18:48:05 +0000] "GET /shopbrand/139963705.htm HTTP/1.1" 404 20340 "-" "Mozilla/5.0 AppleWebKit/537.36 (KHTML, like Gecko; compatible; GPTBot/1.2; +https://openai.com/gptbot)"
20.171.207.168 - - [15/Jul/2025:18:48:08 +0000] "GET /shopbrand/139988425.htm HTTP/1.1" 404 20340 "-" "Mozilla/5.0 AppleWebKit/537.36 (KHTML, like Gecko; compatible; GPTBot/1.2; +https://openai.com/gptbot)"
20.171.207.168 - - [15/Jul/2025:18:48:11 +0000] "GET /shopbrand/139982452.htm HTTP/1.1" 404 20340 "-" "Mozilla/5.0 AppleWebKit/537.36 (KHTML, like Gecko; compatible; GPTBot/1.2; +https://openai.com/gptbot)"
20.171.207.168 - - [15/Jul/2025:18:48:14 +0000] "GET /shopbrand/139910744.htm HTTP/1.1" 404 20340 "-" "Mozilla/5.0 AppleWebKit/537.36 (KHTML, like Gecko; compatible; GPTBot/1.2; +https://openai.com/gptbot)"
209.74.77.214 - - [15/Jul/2025:18:48:17 +0000] "POST /wp-cron.php?doing_wp_cron=1752605297.6806380748748779296875 HTTP/1.1" 200 - "-" "WordPress/6.8.1; https://alalamy.com.au"
20.171.207.168 - - [15/Jul/2025:18:48:17 +0000] "GET /shopbrand/139981622.htm HTTP/1.1" 404 20340 "-" "Mozilla/5.0 AppleWebKit/537.36 (KHTML, like Gecko; compatible; GPTBot/1.2; +https://openai.com/gptbot)"
20.171.207.168 - - [15/Jul/2025:18:48:20 +0000] "GET /shopbrand/139989265.htm HTTP/1.1" 404 20340 "-" "Mozilla/5.0 AppleWebKit/537.36 (KHTML, like Gecko; compatible; GPTBot/1.2; +https://openai.com/gptbot)"
20.171.207.168 - - [15/Jul/2025:18:48:23 +0000] "GET /shopbrand/139964958.htm HTTP/1.1" 404 20340 "-" "Mozilla/5.0 AppleWebKit/537.36 (KHTML, like Gecko; compatible; GPTBot/1.2; +https://openai.com/gptbot)"
20.171.207.168 - - [15/Jul/2025:18:48:26 +0000] "GET /shopbrand/139946435.htm HTTP/1.1" 404 20340 "-" "Mozilla/5.0 AppleWebKit/537.36 (KHTML, like Gecko; compatible; GPTBot/1.2; +https://openai.com/gptbot)"
20.171.207.168 - - [15/Jul/2025:18:48:30 +0000] "GET /shopbrand/139938784.htm HTTP/1.1" 404 20340 "-" "Mozilla/5.0 AppleWebKit/537.36 (KHTML, like Gecko; compatible; GPTBot/1.2; +https://openai.com/gptbot)"
209.74.77.214 - - [15/Jul/2025:18:48:33 +0000] "POST /wp-cron.php?doing_wp_cron=1752605313.5203509330749511718750 HTTP/1.1" 200 - "-" "WordPress/6.8.1; https://alalamy.com.au"
20.171.207.168 - - [15/Jul/2025:18:48:33 +0000] "GET /shopbrand/139894048.htm HTTP/1.1" 404 20340 "-" "Mozilla/5.0 AppleWebKit/537.36 (KHTML, like Gecko; compatible; GPTBot/1.2; +https://openai.com/gptbot)"
209.74.77.214 - - [15/Jul/2025:18:48:33 +0000] "POST /wp-admin/admin-ajax.php?action=async_litespeed&nonce=lpyIbVQE8KYZmQYjkzexG10K2zvj3vBT&litespeed_type=imgoptm HTTP/1.1" 200 21 "-" "WordPress/6.8.1; https://alalamy.com.au"
20.171.207.168 - - [15/Jul/2025:18:48:36 +0000] "GET /shopbrand/140014857.htm HTTP/1.1" 404 20340 "-" "Mozilla/5.0 AppleWebKit/537.36 (KHTML, like Gecko; compatible; GPTBot/1.2; +https://openai.com/gptbot)"
20.171.207.168 - - [15/Jul/2025:18:48:39 +0000] "GET /shopbrand/139922545.htm HTTP/1.1" 404 20340 "-" "Mozilla/5.0 AppleWebKit/537.36 (KHTML, like Gecko; compatible; GPTBot/1.2; +https://openai.com/gptbot)"
20.171.207.168 - - [15/Jul/2025:18:48:42 +0000] "GET /shopbrand/139951572.htm HTTP/1.1" 404 20340 "-" "Mozilla/5.0 AppleWebKit/537.36 (KHTML, like Gecko; compatible; GPTBot/1.2; +https://openai.com/gptbot)"
20.171.207.168 - - [15/Jul/2025:18:48:45 +0000] "GET /shopbrand/139970492.htm HTTP/1.1" 404 20340 "-" "Mozilla/5.0 AppleWebKit/537.36 (KHTML, like Gecko; compatible; GPTBot/1.2; +https://openai.com/gptbot)"
20.171.207.168 - - [15/Jul/2025:18:48:49 +0000] "GET /shopbrand/139913508.htm HTTP/1.1" 404 20340 "-" "Mozilla/5.0 AppleWebKit/537.36 (KHTML, like Gecko; compatible; GPTBot/1.2; +https://openai.com/gptbot)"
20.171.207.168 - - [15/Jul/2025:18:48:52 +0000] "GET /shopbrand/139942976.htm HTTP/1.1" 404 20340 "-" "Mozilla/5.0 AppleWebKit/537.36 (KHTML, like Gecko; compatible; GPTBot/1.2; +https://openai.com/gptbot)"
