66.249.65.164 - - [15/Jul/2025:18:57:13 +0000] "GET /?k=6540085031900&mod=0bb3498d&uri=info.php?shopbrand/7578818.htm HTTP/1.1" 200 21768 "-" "Mozilla/5.0 (Linux; Android 6.0.1; Nexus 5X Build/MMB29P) AppleWebKit/537.36 (KHTML, like Gecko) Chrome/137.0.7151.103 Mobile Safari/537.36 (compatible; Googlebot/2.1; +http://www.google.com/bot.html)"
20.171.207.168 - - [15/Jul/2025:18:57:15 +0000] "GET /shopbrand/139892652.htm HTTP/1.1" 404 20340 "-" "Mozilla/5.0 AppleWebKit/537.36 (KHTML, like Gecko; compatible; GPTBot/1.2; +https://openai.com/gptbot)"
209.74.77.214 - - [15/Jul/2025:18:57:19 +0000] "POST /wp-cron.php?doing_wp_cron=1752605839.0424389839172363281250 HTTP/1.1" 200 - "-" "WordPress/6.8.1; https://alalamy.com.au"
20.171.207.168 - - [15/Jul/2025:18:57:18 +0000] "GET /shopbrand/139965216.htm HTTP/1.1" 404 20340 "-" "Mozilla/5.0 AppleWebKit/537.36 (KHTML, like Gecko; compatible; GPTBot/1.2; +https://openai.com/gptbot)"
66.249.65.164 - - [15/Jul/2025:18:57:19 +0000] "POST /get-message-notify HTTP/1.1" 200 19555 "https://alalamy.com.au/?k=6540085031900&mod=0bb3498d&uri=info.php?shopbrand/7572305.htm" "Mozilla/5.0 (Linux; Android 6.0.1; Nexus 5X Build/MMB29P) AppleWebKit/537.36 (KHTML, like Gecko) Chrome/137.0.7151.119 Mobile Safari/537.36 (compatible; Googlebot/2.1; +http://www.google.com/bot.html)"
66.249.65.164 - - [15/Jul/2025:18:57:21 +0000] "GET /?k=6540085031900&mod=0bb3498d&uri=info.php?shopbrand/7579092.htm HTTP/1.1" 200 20128 "-" "Mozilla/5.0 (Linux; Android 6.0.1; Nexus 5X Build/MMB29P) AppleWebKit/537.36 (KHTML, like Gecko) Chrome/137.0.7151.103 Mobile Safari/537.36 (compatible; Googlebot/2.1; +http://www.google.com/bot.html)"
20.171.207.168 - - [15/Jul/2025:18:57:21 +0000] "GET /shopbrand/139944070.htm HTTP/1.1" 404 20340 "-" "Mozilla/5.0 AppleWebKit/537.36 (KHTML, like Gecko; compatible; GPTBot/1.2; +https://openai.com/gptbot)"
20.171.207.168 - - [15/Jul/2025:18:57:25 +0000] "GET /shopbrand/139980484.htm HTTP/1.1" 404 20340 "-" "Mozilla/5.0 AppleWebKit/537.36 (KHTML, like Gecko; compatible; GPTBot/1.2; +https://openai.com/gptbot)"
20.171.207.168 - - [15/Jul/2025:18:57:28 +0000] "GET /shopbrand/139942718.htm HTTP/1.1" 404 20340 "-" "Mozilla/5.0 AppleWebKit/537.36 (KHTML, like Gecko; compatible; GPTBot/1.2; +https://openai.com/gptbot)"
66.249.65.164 - - [15/Jul/2025:18:57:29 +0000] "GET /?k=6540085031900&mod=0bb3498d&uri=info.php?shopbrand/7580901.htm HTTP/1.1" 200 21203 "-" "Mozilla/5.0 (Linux; Android 6.0.1; Nexus 5X Build/MMB29P) AppleWebKit/537.36 (KHTML, like Gecko) Chrome/137.0.7151.103 Mobile Safari/537.36 (compatible; Googlebot/2.1; +http://www.google.com/bot.html)"
20.171.207.168 - - [15/Jul/2025:18:57:31 +0000] "GET /shopbrand/140015397.htm HTTP/1.1" 404 20340 "-" "Mozilla/5.0 AppleWebKit/537.36 (KHTML, like Gecko; compatible; GPTBot/1.2; +https://openai.com/gptbot)"
66.249.65.164 - - [15/Jul/2025:18:57:33 +0000] "GET /?k=6540085031900&mod=0bb3498d&uri=info.php?shopbrand/7575657.htm HTTP/1.1" 200 20928 "-" "Mozilla/5.0 (Linux; Android 6.0.1; Nexus 5X Build/MMB29P) AppleWebKit/537.36 (KHTML, like Gecko) Chrome/137.0.7151.103 Mobile Safari/537.36 (compatible; Googlebot/2.1; +http://www.google.com/bot.html)"
209.74.77.214 - - [15/Jul/2025:18:57:35 +0000] "POST /wp-cron.php?doing_wp_cron=1752605855.1250119209289550781250 HTTP/1.1" 200 - "-" "WordPress/6.8.1; https://alalamy.com.au"
20.171.207.168 - - [15/Jul/2025:18:57:34 +0000] "GET /shopbrand/139909872.htm HTTP/1.1" 404 20340 "-" "Mozilla/5.0 AppleWebKit/537.36 (KHTML, like Gecko; compatible; GPTBot/1.2; +https://openai.com/gptbot)"
209.74.77.214 - - [15/Jul/2025:18:57:35 +0000] "POST /wp-admin/admin-ajax.php?action=async_litespeed&nonce=g0ChTI3NiXcBE0SshQ5ffWukwnhZhoHM&litespeed_type=imgoptm HTTP/1.1" 200 21 "-" "WordPress/6.8.1; https://alalamy.com.au"
66.249.65.164 - - [15/Jul/2025:18:57:36 +0000] "GET /?k=39232153011900&mod=9f98b5d1&uri=info.php?shopbrand/247958.htm HTTP/1.1" 200 20191 "-" "Mozilla/5.0 (Linux; Android 6.0.1; Nexus 5X Build/MMB29P) AppleWebKit/537.36 (KHTML, like Gecko) Chrome/137.0.7151.103 Mobile Safari/537.36 (compatible; Googlebot/2.1; +http://www.google.com/bot.html)"
20.171.207.168 - - [15/Jul/2025:18:57:38 +0000] "GET /shopbrand/139898752.htm HTTP/1.1" 404 20340 "-" "Mozilla/5.0 AppleWebKit/537.36 (KHTML, like Gecko; compatible; GPTBot/1.2; +https://openai.com/gptbot)"
66.249.65.164 - - [15/Jul/2025:18:57:40 +0000] "GET /?k=39232153011900&mod=9f98b5d1&uri=info.php?affiliate HTTP/1.1" 200 19854 "-" "Mozilla/5.0 (Linux; Android 6.0.1; Nexus 5X Build/MMB29P) AppleWebKit/537.36 (KHTML, like Gecko) Chrome/137.0.7151.103 Mobile Safari/537.36 (compatible; Googlebot/2.1; +http://www.google.com/bot.html)"
20.171.207.168 - - [15/Jul/2025:18:57:41 +0000] "GET /shopbrand/139944626.htm HTTP/1.1" 404 20340 "-" "Mozilla/5.0 AppleWebKit/537.36 (KHTML, like Gecko; compatible; GPTBot/1.2; +https://openai.com/gptbot)"
66.249.65.164 - - [15/Jul/2025:18:57:43 +0000] "GET /?k=39232153011900&mod=9f98b5d1&uri=info.php?feature/shoplist-friendly/index.html HTTP/1.1" 200 19280 "-" "Mozilla/5.0 (Linux; Android 6.0.1; Nexus 5X Build/MMB29P) AppleWebKit/537.36 (KHTML, like Gecko) Chrome/137.0.7151.103 Mobile Safari/537.36 (compatible; Googlebot/2.1; +http://www.google.com/bot.html)"
20.171.207.168 - - [15/Jul/2025:18:57:44 +0000] "GET /shopbrand/139948137.htm HTTP/1.1" 404 20340 "-" "Mozilla/5.0 AppleWebKit/537.36 (KHTML, like Gecko; compatible; GPTBot/1.2; +https://openai.com/gptbot)"
20.171.207.168 - - [15/Jul/2025:18:57:47 +0000] "GET /shopbrand/139905424.htm HTTP/1.1" 404 20340 "-" "Mozilla/5.0 AppleWebKit/537.36 (KHTML, like Gecko; compatible; GPTBot/1.2; +https://openai.com/gptbot)"
20.171.207.168 - - [15/Jul/2025:18:57:50 +0000] "GET /shopbrand/139926012.htm HTTP/1.1" 404 20340 "-" "Mozilla/5.0 AppleWebKit/537.36 (KHTML, like Gecko; compatible; GPTBot/1.2; +https://openai.com/gptbot)"
66.249.65.164 - - [15/Jul/2025:18:57:52 +0000] "GET /?k=39232153011900&mod=9f98b5d1&uri=info.php?shopbrand/249501.htm HTTP/1.1" 200 18748 "-" "Mozilla/5.0 (Linux; Android 6.0.1; Nexus 5X Build/MMB29P) AppleWebKit/537.36 (KHTML, like Gecko) Chrome/137.0.7151.103 Mobile Safari/537.36 (compatible; Googlebot/2.1; +http://www.google.com/bot.html)"
66.249.65.164 - - [15/Jul/2025:18:57:53 +0000] "GET /?k=119396807021900&mod=960b0b80&uri=category-info.php?shopbrand/445223.htm HTTP/1.1" 200 19530 "-" "Mozilla/5.0 (Linux; Android 6.0.1; Nexus 5X Build/MMB29P) AppleWebKit/537.36 (KHTML, like Gecko) Chrome/137.0.7151.103 Mobile Safari/537.36 (compatible; Googlebot/2.1; +http://www.google.com/bot.html)"
20.171.207.168 - - [15/Jul/2025:18:57:54 +0000] "GET /shopbrand/139940037.htm HTTP/1.1" 404 20340 "-" "Mozilla/5.0 AppleWebKit/537.36 (KHTML, like Gecko; compatible; GPTBot/1.2; +https://openai.com/gptbot)"
66.249.65.164 - - [15/Jul/2025:18:57:55 +0000] "POST /get-message-notify HTTP/1.1" 200 19555 "https://alalamy.com.au/?k=119396807021900&mod=960b0b80&uri=category-info.php?shopbrand/445223.htm" "Mozilla/5.0 (Linux; Android 6.0.1; Nexus 5X Build/MMB29P) AppleWebKit/537.36 (KHTML, like Gecko) Chrome/137.0.7151.119 Mobile Safari/537.36 (compatible; Googlebot/2.1; +http://www.google.com/bot.html)"
20.171.207.168 - - [15/Jul/2025:18:57:57 +0000] "GET /shopbrand/139938526.htm HTTP/1.1" 404 20339 "-" "Mozilla/5.0 AppleWebKit/537.36 (KHTML, like Gecko; compatible; GPTBot/1.2; +https://openai.com/gptbot)"
20.171.207.168 - - [15/Jul/2025:18:58:00 +0000] "GET /shopbrand/139916286.htm HTTP/1.1" 404 20340 "-" "Mozilla/5.0 AppleWebKit/537.36 (KHTML, like Gecko; compatible; GPTBot/1.2; +https://openai.com/gptbot)"
66.249.65.165 - - [15/Jul/2025:18:58:00 +0000] "GET /?k=39232153011900&mod=9f98b5d1&uri=info.php?events/ HTTP/1.1" 200 20182 "-" "Mozilla/5.0 (Linux; Android 6.0.1; Nexus 5X Build/MMB29P) AppleWebKit/537.36 (KHTML, like Gecko) Chrome/137.0.7151.103 Mobile Safari/537.36 (compatible; Googlebot/2.1; +http://www.google.com/bot.html)"
20.171.207.168 - - [15/Jul/2025:18:58:03 +0000] "GET /shopbrand/139951870.htm HTTP/1.1" 404 20340 "-" "Mozilla/5.0 AppleWebKit/537.36 (KHTML, like Gecko; compatible; GPTBot/1.2; +https://openai.com/gptbot)"
66.249.65.164 - - [15/Jul/2025:18:58:03 +0000] "GET /?k=39232153011900&mod=9f98b5d1&uri=info.php?shopbrand/246606.htm HTTP/1.1" 200 20446 "-" "Mozilla/5.0 (Linux; Android 6.0.1; Nexus 5X Build/MMB29P) AppleWebKit/537.36 (KHTML, like Gecko) Chrome/137.0.7151.103 Mobile Safari/537.36 (compatible; Googlebot/2.1; +http://www.google.com/bot.html)"
20.171.207.168 - - [15/Jul/2025:18:58:06 +0000] "GET /shopbrand/139983721.htm HTTP/1.1" 404 20340 "-" "Mozilla/5.0 AppleWebKit/537.36 (KHTML, like Gecko; compatible; GPTBot/1.2; +https://openai.com/gptbot)"
66.249.65.164 - - [15/Jul/2025:18:58:08 +0000] "POST /get-message-notify HTTP/1.1" 200 19555 "https://alalamy.com.au/?k=39232153011900&mod=9f98b5d1&uri=info.php?events/" "Mozilla/5.0 (Linux; Android 6.0.1; Nexus 5X Build/MMB29P) AppleWebKit/537.36 (KHTML, like Gecko) Chrome/137.0.7151.119 Mobile Safari/537.36 (compatible; Googlebot/2.1; +http://www.google.com/bot.html)"
20.171.207.168 - - [15/Jul/2025:18:58:09 +0000] "GET /shopbrand/139958244.htm HTTP/1.1" 404 20340 "-" "Mozilla/5.0 AppleWebKit/537.36 (KHTML, like Gecko; compatible; GPTBot/1.2; +https://openai.com/gptbot)"
66.249.65.165 - - [15/Jul/2025:18:58:12 +0000] "GET /?k=39232153011900&mod=9f98b5d1&uri=info.php?toreka/toreka_menu.html HTTP/1.1" 200 19189 "-" "Mozilla/5.0 (Linux; Android 6.0.1; Nexus 5X Build/MMB29P) AppleWebKit/537.36 (KHTML, like Gecko) Chrome/137.0.7151.103 Mobile Safari/537.36 (compatible; Googlebot/2.1; +http://www.google.com/bot.html)"
20.171.207.168 - - [15/Jul/2025:18:58:12 +0000] "GET /shopbrand/139947007.htm HTTP/1.1" 404 20340 "-" "Mozilla/5.0 AppleWebKit/537.36 (KHTML, like Gecko; compatible; GPTBot/1.2; +https://openai.com/gptbot)"
209.74.77.214 - - [15/Jul/2025:18:58:16 +0000] "POST /wp-cron.php?doing_wp_cron=1752605896.4776821136474609375000 HTTP/1.1" 200 - "-" "WordPress/6.8.1; https://alalamy.com.au"
20.171.207.168 - - [15/Jul/2025:18:58:16 +0000] "GET /shopbrand/139925182.htm HTTP/1.1" 404 20339 "-" "Mozilla/5.0 AppleWebKit/537.36 (KHTML, like Gecko; compatible; GPTBot/1.2; +https://openai.com/gptbot)"
66.249.65.164 - - [15/Jul/2025:18:58:18 +0000] "POST /get-message-notify HTTP/1.1" 200 19555 "https://alalamy.com.au/shopbrand/212787157.htm" "Mozilla/5.0 (Linux; Android 6.0.1; Nexus 5X Build/MMB29P) AppleWebKit/537.36 (KHTML, like Gecko) Chrome/137.0.7151.119 Mobile Safari/537.36 (compatible; Googlebot/2.1; +http://www.google.com/bot.html)"
20.171.207.168 - - [15/Jul/2025:18:58:19 +0000] "GET /shopbrand/139925341.htm HTTP/1.1" 404 20340 "-" "Mozilla/5.0 AppleWebKit/537.36 (KHTML, like Gecko; compatible; GPTBot/1.2; +https://openai.com/gptbot)"
66.249.65.164 - - [15/Jul/2025:18:58:20 +0000] "GET /?k=11676778051900&mod=1b728593&uri=product.php?shopbrand/242299.htm HTTP/1.1" 200 20670 "-" "Mozilla/5.0 (Linux; Android 6.0.1; Nexus 5X Build/MMB29P) AppleWebKit/537.36 (KHTML, like Gecko) Chrome/137.0.7151.103 Mobile Safari/537.36 (compatible; Googlebot/2.1; +http://www.google.com/bot.html)"
66.249.65.164 - - [15/Jul/2025:18:58:20 +0000] "GET /?k=39232153011900&mod=9f98b5d1&uri=info.php?feature/honten/index.html HTTP/1.1" 200 19547 "-" "Mozilla/5.0 (Linux; Android 6.0.1; Nexus 5X Build/MMB29P) AppleWebKit/537.36 (KHTML, like Gecko) Chrome/137.0.7151.103 Mobile Safari/537.36 (compatible; Googlebot/2.1; +http://www.google.com/bot.html)"
20.171.207.168 - - [15/Jul/2025:18:58:22 +0000] "GET /shopbrand/139926012.htm HTTP/1.1" 404 20340 "-" "Mozilla/5.0 AppleWebKit/537.36 (KHTML, like Gecko; compatible; GPTBot/1.2; +https://openai.com/gptbot)"
66.249.65.164 - - [15/Jul/2025:18:58:23 +0000] "GET /?k=39232153011900&mod=9f98b5d1&uri=info.php?shopbrand/249088.htm HTTP/1.1" 200 18985 "-" "Mozilla/5.0 (Linux; Android 6.0.1; Nexus 5X Build/MMB29P) AppleWebKit/537.36 (KHTML, like Gecko) Chrome/137.0.7151.103 Mobile Safari/537.36 (compatible; Googlebot/2.1; +http://www.google.com/bot.html)"
20.171.207.168 - - [15/Jul/2025:18:58:25 +0000] "GET /shopbrand/139921564.htm HTTP/1.1" 404 20340 "-" "Mozilla/5.0 AppleWebKit/537.36 (KHTML, like Gecko; compatible; GPTBot/1.2; +https://openai.com/gptbot)"
66.249.65.164 - - [15/Jul/2025:18:58:27 +0000] "GET /?k=39232153011900&mod=9f98b5d1&uri=info.php?shopbrand/247543.htm HTTP/1.1" 200 21409 "-" "Mozilla/5.0 (Linux; Android 6.0.1; Nexus 5X Build/MMB29P) AppleWebKit/537.36 (KHTML, like Gecko) Chrome/137.0.7151.103 Mobile Safari/537.36 (compatible; Googlebot/2.1; +http://www.google.com/bot.html)"
20.171.207.168 - - [15/Jul/2025:18:58:29 +0000] "GET /shopbrand/139987754.htm HTTP/1.1" 404 20340 "-" "Mozilla/5.0 AppleWebKit/537.36 (KHTML, like Gecko; compatible; GPTBot/1.2; +https://openai.com/gptbot)"
209.74.77.214 - - [15/Jul/2025:18:58:32 +0000] "POST /wp-cron.php?doing_wp_cron=1752605912.3233890533447265625000 HTTP/1.1" 200 - "-" "WordPress/6.8.1; https://alalamy.com.au"
20.171.207.168 - - [15/Jul/2025:18:58:32 +0000] "GET /shopbrand/139945879.htm HTTP/1.1" 404 20340 "-" "Mozilla/5.0 AppleWebKit/537.36 (KHTML, like Gecko; compatible; GPTBot/1.2; +https://openai.com/gptbot)"
209.74.77.214 - - [15/Jul/2025:18:58:32 +0000] "POST /wp-admin/admin-ajax.php?action=async_litespeed&nonce=o8X07fA9Y9LruLdzOZLCo9KCOXbCWET7&litespeed_type=imgoptm HTTP/1.1" 200 21 "-" "WordPress/6.8.1; https://alalamy.com.au"
66.249.65.164 - - [15/Jul/2025:18:58:34 +0000] "GET /?k=39232153011900&mod=9f98b5d1&uri=info.php?shopbrand/248248.htm HTTP/1.1" 200 20262 "-" "Mozilla/5.0 (Linux; Android 6.0.1; Nexus 5X Build/MMB29P) AppleWebKit/537.36 (KHTML, like Gecko) Chrome/137.0.7151.103 Mobile Safari/537.36 (compatible; Googlebot/2.1; +http://www.google.com/bot.html)"
209.74.77.214 - - [15/Jul/2025:18:58:35 +0000] "POST /wp-cron.php?doing_wp_cron=1752605915.4436070919036865234375 HTTP/1.1" 200 - "-" "WordPress/6.8.1; https://alalamy.com.au"
20.171.207.168 - - [15/Jul/2025:18:58:35 +0000] "GET /shopbrand/139962734.htm HTTP/1.1" 404 20340 "-" "Mozilla/5.0 AppleWebKit/537.36 (KHTML, like Gecko; compatible; GPTBot/1.2; +https://openai.com/gptbot)"
20.171.207.168 - - [15/Jul/2025:18:58:38 +0000] "GET /shopbrand/140015238.htm HTTP/1.1" 404 20340 "-" "Mozilla/5.0 AppleWebKit/537.36 (KHTML, like Gecko; compatible; GPTBot/1.2; +https://openai.com/gptbot)"
20.171.207.168 - - [15/Jul/2025:18:58:41 +0000] "GET /shopbrand/139984402.htm HTTP/1.1" 404 20340 "-" "Mozilla/5.0 AppleWebKit/537.36 (KHTML, like Gecko; compatible; GPTBot/1.2; +https://openai.com/gptbot)"
20.171.207.168 - - [15/Jul/2025:18:58:44 +0000] "GET /shopbrand/139953107.htm HTTP/1.1" 404 20340 "-" "Mozilla/5.0 AppleWebKit/537.36 (KHTML, like Gecko; compatible; GPTBot/1.2; +https://openai.com/gptbot)"
66.249.65.164 - - [15/Jul/2025:18:58:46 +0000] "GET /?k=39232153011900&mod=9f98b5d1&uri=info.php?shopbrand/245768.htm HTTP/1.1" 200 19449 "-" "Mozilla/5.0 (Linux; Android 6.0.1; Nexus 5X Build/MMB29P) AppleWebKit/537.36 (KHTML, like Gecko) Chrome/137.0.7151.103 Mobile Safari/537.36 (compatible; Googlebot/2.1; +http://www.google.com/bot.html)"
20.171.207.168 - - [15/Jul/2025:18:58:47 +0000] "GET /shopbrand/139955224.htm HTTP/1.1" 404 20340 "-" "Mozilla/5.0 AppleWebKit/537.36 (KHTML, like Gecko; compatible; GPTBot/1.2; +https://openai.com/gptbot)"
66.249.65.164 - - [15/Jul/2025:18:58:49 +0000] "GET /?k=39232153011900&mod=9f98b5d1&uri=info.php?shopbrand/245734.htm HTTP/1.1" 200 19383 "-" "Mozilla/5.0 (Linux; Android 6.0.1; Nexus 5X Build/MMB29P) AppleWebKit/537.36 (KHTML, like Gecko) Chrome/137.0.7151.103 Mobile Safari/537.36 (compatible; Googlebot/2.1; +http://www.google.com/bot.html)"
20.171.207.168 - - [15/Jul/2025:18:58:51 +0000] "GET /shopbrand/139984676.htm HTTP/1.1" 404 20340 "-" "Mozilla/5.0 AppleWebKit/537.36 (KHTML, like Gecko; compatible; GPTBot/1.2; +https://openai.com/gptbot)"
20.171.207.168 - - [15/Jul/2025:18:58:54 +0000] "GET /shopbrand/139896528.htm HTTP/1.1" 404 20340 "-" "Mozilla/5.0 AppleWebKit/537.36 (KHTML, like Gecko; compatible; GPTBot/1.2; +https://openai.com/gptbot)"
20.171.207.168 - - [15/Jul/2025:18:58:57 +0000] "GET /shopbrand/139974684.htm HTTP/1.1" 404 20340 "-" "Mozilla/5.0 AppleWebKit/537.36 (KHTML, like Gecko; compatible; GPTBot/1.2; +https://openai.com/gptbot)"
20.171.207.168 - - [15/Jul/2025:18:59:00 +0000] "GET /shopbrand/139895283.htm HTTP/1.1" 404 20340 "-" "Mozilla/5.0 AppleWebKit/537.36 (KHTML, like Gecko; compatible; GPTBot/1.2; +https://openai.com/gptbot)"
20.171.207.168 - - [15/Jul/2025:18:59:03 +0000] "GET /shopbrand/139937142.htm HTTP/1.1" 404 20340 "-" "Mozilla/5.0 AppleWebKit/537.36 (KHTML, like Gecko; compatible; GPTBot/1.2; +https://openai.com/gptbot)"
66.249.65.164 - - [15/Jul/2025:18:59:06 +0000] "GET /?k=6540085031900&mod=0bb3498d&uri=info.php?shopbrand/8356406.htm HTTP/1.1" 200 19642 "-" "Mozilla/5.0 (Linux; Android 6.0.1; Nexus 5X Build/MMB29P) AppleWebKit/537.36 (KHTML, like Gecko) Chrome/137.0.7151.103 Mobile Safari/537.36 (compatible; Googlebot/2.1; +http://www.google.com/bot.html)"
20.171.207.168 - - [15/Jul/2025:18:59:06 +0000] "GET /shopbrand/139896844.htm HTTP/1.1" 404 20340 "-" "Mozilla/5.0 AppleWebKit/537.36 (KHTML, like Gecko; compatible; GPTBot/1.2; +https://openai.com/gptbot)"
66.249.65.165 - - [15/Jul/2025:18:59:07 +0000] "POST /get-message-notify HTTP/1.1" 200 19555 "https://alalamy.com.au/?k=11676778051900&mod=1b728593&uri=product.php?shopbrand/242299.htm" "Mozilla/5.0 (Linux; Android 6.0.1; Nexus 5X Build/MMB29P) AppleWebKit/537.36 (KHTML, like Gecko) Chrome/137.0.7151.119 Mobile Safari/537.36 (compatible; Googlebot/2.1; +http://www.google.com/bot.html)"
20.171.207.168 - - [15/Jul/2025:18:59:09 +0000] "GET /shopbrand/139898653.htm HTTP/1.1" 404 20340 "-" "Mozilla/5.0 AppleWebKit/537.36 (KHTML, like Gecko; compatible; GPTBot/1.2; +https://openai.com/gptbot)"
66.249.65.165 - - [15/Jul/2025:18:59:11 +0000] "GET /?k=6540085031900&mod=0bb3498d&uri=info.php?shopbrand/8356537.htm HTTP/1.1" 200 21819 "-" "Mozilla/5.0 (Linux; Android 6.0.1; Nexus 5X Build/MMB29P) AppleWebKit/537.36 (KHTML, like Gecko) Chrome/137.0.7151.103 Mobile Safari/537.36 (compatible; Googlebot/2.1; +http://www.google.com/bot.html)"
66.249.65.165 - - [15/Jul/2025:18:59:11 +0000] "POST /get-message-notify HTTP/1.1" 200 19555 "https://alalamy.com.au/?k=39232153011900&mod=9f98b5d1&uri=info.php?shopbrand/245768.htm" "Mozilla/5.0 (Linux; Android 6.0.1; Nexus 5X Build/MMB29P) AppleWebKit/537.36 (KHTML, like Gecko) Chrome/137.0.7151.119 Mobile Safari/537.36 (compatible; Googlebot/2.1; +http://www.google.com/bot.html)"
20.171.207.168 - - [15/Jul/2025:18:59:13 +0000] "GET /shopbrand/139984815.htm HTTP/1.1" 404 20340 "-" "Mozilla/5.0 AppleWebKit/537.36 (KHTML, like Gecko; compatible; GPTBot/1.2; +https://openai.com/gptbot)"
209.74.77.214 - - [15/Jul/2025:18:59:16 +0000] "POST /wp-cron.php?doing_wp_cron=1752605956.7462279796600341796875 HTTP/1.1" 200 - "-" "WordPress/6.8.1; https://alalamy.com.au"
20.171.207.168 - - [15/Jul/2025:18:59:16 +0000] "GET /shopbrand/139954352.htm HTTP/1.1" 404 20339 "-" "Mozilla/5.0 AppleWebKit/537.36 (KHTML, like Gecko; compatible; GPTBot/1.2; +https://openai.com/gptbot)"
66.249.65.164 - - [15/Jul/2025:18:59:17 +0000] "GET /?k=6540085031900&mod=0bb3498d&uri=info.php?shopbrand/8357790.htm HTTP/1.1" 200 20361 "-" "Mozilla/5.0 (Linux; Android 6.0.1; Nexus 5X Build/MMB29P) AppleWebKit/537.36 (KHTML, like Gecko) Chrome/137.0.7151.103 Mobile Safari/537.36 (compatible; Googlebot/2.1; +http://www.google.com/bot.html)"
20.171.207.168 - - [15/Jul/2025:18:59:19 +0000] "GET /shopbrand/139957704.htm HTTP/1.1" 404 20340 "-" "Mozilla/5.0 AppleWebKit/537.36 (KHTML, like Gecko; compatible; GPTBot/1.2; +https://openai.com/gptbot)"
20.171.207.168 - - [15/Jul/2025:18:59:23 +0000] "GET /shopbrand/139963820.htm HTTP/1.1" 404 20340 "-" "Mozilla/5.0 AppleWebKit/537.36 (KHTML, like Gecko; compatible; GPTBot/1.2; +https://openai.com/gptbot)"
20.171.207.168 - - [15/Jul/2025:18:59:26 +0000] "GET /shopbrand/139938685.htm HTTP/1.1" 404 20340 "-" "Mozilla/5.0 AppleWebKit/537.36 (KHTML, like Gecko; compatible; GPTBot/1.2; +https://openai.com/gptbot)"
20.171.207.168 - - [15/Jul/2025:18:59:29 +0000] "GET /shopbrand/139940635.htm HTTP/1.1" 404 20340 "-" "Mozilla/5.0 AppleWebKit/537.36 (KHTML, like Gecko; compatible; GPTBot/1.2; +https://openai.com/gptbot)"
66.249.65.164 - - [15/Jul/2025:18:59:30 +0000] "POST /get-message-notify HTTP/1.1" 200 19555 "https://alalamy.com.au/?k=6540085031900&mod=0bb3498d&uri=info.php?shopbrand/8357790.htm" "Mozilla/5.0 (Linux; Android 6.0.1; Nexus 5X Build/MMB29P) AppleWebKit/537.36 (KHTML, like Gecko) Chrome/137.0.7151.119 Mobile Safari/537.36 (compatible; Googlebot/2.1; +http://www.google.com/bot.html)"
66.249.65.164 - - [15/Jul/2025:18:59:32 +0000] "GET /?k=6540085031900&mod=0bb3498d&uri=info.php?shopbrand/8355451.htm HTTP/1.1" 200 21621 "-" "Mozilla/5.0 (Linux; Android 6.0.1; Nexus 5X Build/MMB29P) AppleWebKit/537.36 (KHTML, like Gecko) Chrome/137.0.7151.103 Mobile Safari/537.36 (compatible; Googlebot/2.1; +http://www.google.com/bot.html)"
209.74.77.214 - - [15/Jul/2025:18:59:32 +0000] "POST /wp-cron.php?doing_wp_cron=1752605972.7520639896392822265625 HTTP/1.1" 200 - "-" "WordPress/6.8.1; https://alalamy.com.au"
20.171.207.168 - - [15/Jul/2025:18:59:32 +0000] "GET /shopbrand/139893208.htm HTTP/1.1" 404 20340 "-" "Mozilla/5.0 AppleWebKit/537.36 (KHTML, like Gecko; compatible; GPTBot/1.2; +https://openai.com/gptbot)"
209.74.77.214 - - [15/Jul/2025:18:59:32 +0000] "POST /wp-admin/admin-ajax.php?action=async_litespeed&nonce=2VWAv4xV2Jlaif3yGry9BZtxSWOXyYNh&litespeed_type=imgoptm HTTP/1.1" 200 21 "-" "WordPress/6.8.1; https://alalamy.com.au"
209.74.77.214 - - [15/Jul/2025:18:59:36 +0000] "POST /wp-cron.php?doing_wp_cron=1752605976.0484509468078613281250 HTTP/1.1" 200 - "-" "WordPress/6.8.1; https://alalamy.com.au"
20.171.207.168 - - [15/Jul/2025:18:59:35 +0000] "GET /shopbrand/139947581.htm HTTP/1.1" 404 20340 "-" "Mozilla/5.0 AppleWebKit/537.36 (KHTML, like Gecko; compatible; GPTBot/1.2; +https://openai.com/gptbot)"
20.171.207.168 - - [15/Jul/2025:18:59:38 +0000] "GET /shopbrand/139941846.htm HTTP/1.1" 404 20340 "-" "Mozilla/5.0 AppleWebKit/537.36 (KHTML, like Gecko; compatible; GPTBot/1.2; +https://openai.com/gptbot)"
66.249.65.164 - - [15/Jul/2025:18:59:40 +0000] "POST /get-message-notify HTTP/1.1" 200 19555 "https://alalamy.com.au/?k=6540085031900&mod=0bb3498d&uri=info.php?shopbrand/8355451.htm" "Mozilla/5.0 (Linux; Android 6.0.1; Nexus 5X Build/MMB29P) AppleWebKit/537.36 (KHTML, like Gecko) Chrome/137.0.7151.119 Mobile Safari/537.36 (compatible; Googlebot/2.1; +http://www.google.com/bot.html)"
20.171.207.168 - - [15/Jul/2025:18:59:42 +0000] "GET /shopbrand/139906421.htm HTTP/1.1" 404 20340 "-" "Mozilla/5.0 AppleWebKit/537.36 (KHTML, like Gecko; compatible; GPTBot/1.2; +https://openai.com/gptbot)"
66.249.65.164 - - [15/Jul/2025:18:59:45 +0000] "GET /?k=6540085031900&mod=0bb3498d&uri=info.php?shopbrand/8356962.htm HTTP/1.1" 200 19331 "-" "Mozilla/5.0 (Linux; Android 6.0.1; Nexus 5X Build/MMB29P) AppleWebKit/537.36 (KHTML, like Gecko) Chrome/137.0.7151.103 Mobile Safari/537.36 (compatible; Googlebot/2.1; +http://www.google.com/bot.html)"
20.171.207.168 - - [15/Jul/2025:18:59:45 +0000] "GET /shopbrand/139981082.htm HTTP/1.1" 404 20340 "-" "Mozilla/5.0 AppleWebKit/537.36 (KHTML, like Gecko; compatible; GPTBot/1.2; +https://openai.com/gptbot)"
20.171.207.168 - - [15/Jul/2025:18:59:48 +0000] "GET /shopbrand/139983562.htm HTTP/1.1" 404 20340 "-" "Mozilla/5.0 AppleWebKit/537.36 (KHTML, like Gecko; compatible; GPTBot/1.2; +https://openai.com/gptbot)"
20.171.207.168 - - [15/Jul/2025:18:59:51 +0000] "GET /shopbrand/139924884.htm HTTP/1.1" 404 20340 "-" "Mozilla/5.0 AppleWebKit/537.36 (KHTML, like Gecko; compatible; GPTBot/1.2; +https://openai.com/gptbot)"
66.249.65.164 - - [15/Jul/2025:18:59:53 +0000] "GET /?k=6540085031900&mod=0bb3498d&uri=info.php?shopbrand/8356696.htm HTTP/1.1" 200 20372 "-" "Mozilla/5.0 (Linux; Android 6.0.1; Nexus 5X Build/MMB29P) AppleWebKit/537.36 (KHTML, like Gecko) Chrome/137.0.7151.103 Mobile Safari/537.36 (compatible; Googlebot/2.1; +http://www.google.com/bot.html)"
20.171.207.168 - - [15/Jul/2025:18:59:54 +0000] "GET /shopbrand/139947307.htm HTTP/1.1" 404 20340 "-" "Mozilla/5.0 AppleWebKit/537.36 (KHTML, like Gecko; compatible; GPTBot/1.2; +https://openai.com/gptbot)"
66.249.65.164 - - [15/Jul/2025:18:59:57 +0000] "GET /?k=6540085031900&mod=0bb3498d&uri=info.php?shopbrand/8355824.htm HTTP/1.1" 200 19477 "-" "Mozilla/5.0 (Linux; Android 6.0.1; Nexus 5X Build/MMB29P) AppleWebKit/537.36 (KHTML, like Gecko) Chrome/137.0.7151.103 Mobile Safari/537.36 (compatible; Googlebot/2.1; +http://www.google.com/bot.html)"
20.171.207.168 - - [15/Jul/2025:18:59:57 +0000] "GET /shopbrand/139906836.htm HTTP/1.1" 404 20340 "-" "Mozilla/5.0 AppleWebKit/537.36 (KHTML, like Gecko; compatible; GPTBot/1.2; +https://openai.com/gptbot)"
66.249.65.165 - - [15/Jul/2025:19:00:00 +0000] "GET /?k=6540085031900&mod=0bb3498d&uri=info.php?product/edit/A4024588822 HTTP/1.1" 200 21000 "-" "Mozilla/5.0 (Linux; Android 6.0.1; Nexus 5X Build/MMB29P) AppleWebKit/537.36 (KHTML, like Gecko) Chrome/137.0.7151.103 Mobile Safari/537.36 (compatible; Googlebot/2.1; +http://www.google.com/bot.html)"
20.171.207.168 - - [15/Jul/2025:19:00:01 +0000] "GET /shopbrand/139957414.htm HTTP/1.1" 404 20339 "-" "Mozilla/5.0 AppleWebKit/537.36 (KHTML, like Gecko; compatible; GPTBot/1.2; +https://openai.com/gptbot)"
66.249.65.166 - - [15/Jul/2025:19:00:03 +0000] "GET /?k=6725435031900&mod=de3358ca&uri=brands.php?product/edit/A2559473257 HTTP/1.1" 200 18786 "-" "Mozilla/5.0 (Linux; Android 6.0.1; Nexus 5X Build/MMB29P) AppleWebKit/537.36 (KHTML, like Gecko) Chrome/137.0.7151.103 Mobile Safari/537.36 (compatible; Googlebot/2.1; +http://www.google.com/bot.html)"
20.171.207.168 - - [15/Jul/2025:19:00:04 +0000] "GET /shopbrand/139967863.htm HTTP/1.1" 404 20339 "-" "Mozilla/5.0 AppleWebKit/537.36 (KHTML, like Gecko; compatible; GPTBot/1.2; +https://openai.com/gptbot)"
66.249.65.165 - - [15/Jul/2025:19:00:07 +0000] "GET /?k=82098827031900&mod=9bcdf808&uri=us.php?product/edit/A1562445121 HTTP/1.1" 200 19247 "-" "Mozilla/5.0 (Linux; Android 6.0.1; Nexus 5X Build/MMB29P) AppleWebKit/537.36 (KHTML, like Gecko) Chrome/137.0.7151.103 Mobile Safari/537.36 (compatible; Googlebot/2.1; +http://www.google.com/bot.html)"
20.171.207.168 - - [15/Jul/2025:19:00:07 +0000] "GET /shopbrand/139964543.htm HTTP/1.1" 404 20340 "-" "Mozilla/5.0 AppleWebKit/537.36 (KHTML, like Gecko; compatible; GPTBot/1.2; +https://openai.com/gptbot)"
66.249.65.165 - - [15/Jul/2025:19:00:08 +0000] "GET /?k=39229273001900&mod=5b826e3d&uri=shared.php?shopbrand/7509618.htm HTTP/1.1" 200 19946 "-" "Mozilla/5.0 (Linux; Android 6.0.1; Nexus 5X Build/MMB29P) AppleWebKit/537.36 (KHTML, like Gecko) Chrome/137.0.7151.103 Mobile Safari/537.36 (compatible; Googlebot/2.1; +http://www.google.com/bot.html)"
20.171.207.168 - - [15/Jul/2025:19:00:10 +0000] "GET /shopbrand/139964376.htm HTTP/1.1" 404 20339 "-" "Mozilla/5.0 AppleWebKit/537.36 (KHTML, like Gecko; compatible; GPTBot/1.2; +https://openai.com/gptbot)"
66.249.65.165 - - [15/Jul/2025:19:00:10 +0000] "GET /?k=101900965011900&mod=41814002&uri=category-info.php%3Fid%3D3400723-321%26name%3Dmy+puppy+bites+me+all+the+time HTTP/1.1" 200 19701 "-" "Mozilla/5.0 (Linux; Android 6.0.1; Nexus 5X Build/MMB29P) AppleWebKit/537.36 (KHTML, like Gecko) Chrome/137.0.7151.103 Mobile Safari/537.36 (compatible; Googlebot/2.1; +http://www.google.com/bot.html)"
20.171.207.168 - - [15/Jul/2025:19:00:13 +0000] "GET /shopbrand/139894461.htm HTTP/1.1" 404 20339 "-" "Mozilla/5.0 AppleWebKit/537.36 (KHTML, like Gecko; compatible; GPTBot/1.2; +https://openai.com/gptbot)"
66.249.65.164 - - [15/Jul/2025:19:00:14 +0000] "GET /?k=101910115021900&mod=41814002&uri=category-info.php%3Fid%3D3401028-321%26name%3Dclicker+training+puppy+not+to+bite HTTP/1.1" 200 19707 "-" "Mozilla/5.0 (Linux; Android 6.0.1; Nexus 5X Build/MMB29P) AppleWebKit/537.36 (KHTML, like Gecko) Chrome/137.0.7151.103 Mobile Safari/537.36 (compatible; Googlebot/2.1; +http://www.google.com/bot.html)"
66.249.65.164 - - [15/Jul/2025:19:00:14 +0000] "POST /get-message-notify HTTP/1.1" 200 19555 "https://alalamy.com.au/?k=101900965011900&mod=41814002&uri=category-info.php%3Fid%3D3400723-321%26name%3Dmy+puppy+bites+me+all+the+time" "Mozilla/5.0 (Linux; Android 6.0.1; Nexus 5X Build/MMB29P) AppleWebKit/537.36 (KHTML, like Gecko) Chrome/137.0.7151.119 Mobile Safari/537.36 (compatible; Googlebot/2.1; +http://www.google.com/bot.html)"
209.74.77.214 - - [15/Jul/2025:19:00:16 +0000] "POST /wp-cron.php?doing_wp_cron=1752606016.8520679473876953125000 HTTP/1.1" 200 - "-" "WordPress/6.8.1; https://alalamy.com.au"
20.171.207.168 - - [15/Jul/2025:19:00:16 +0000] "GET /shopbrand/140013886.htm HTTP/1.1" 404 20340 "-" "Mozilla/5.0 AppleWebKit/537.36 (KHTML, like Gecko; compatible; GPTBot/1.2; +https://openai.com/gptbot)"
66.249.65.164 - - [15/Jul/2025:19:00:17 +0000] "POST /get-message-notify HTTP/1.1" 200 19555 "https://alalamy.com.au/?k=101910115021900&mod=41814002&uri=category-info.php%3Fid%3D3401028-321%26name%3Dclicker+training+puppy+not+to+bite" "Mozilla/5.0 (Linux; Android 6.0.1; Nexus 5X Build/MMB29P) AppleWebKit/537.36 (KHTML, like Gecko) Chrome/137.0.7151.119 Mobile Safari/537.36 (compatible; Googlebot/2.1; +http://www.google.com/bot.html)"
54.36.148.169 - - [15/Jul/2025:19:00:17 +0000] "GET /shopbrand/177533437.htm HTTP/1.1" 404 20340 "-" "Mozilla/5.0 (compatible; AhrefsBot/7.0; +http://ahrefs.com/robot/)"
66.249.65.164 - - [15/Jul/2025:19:00:18 +0000] "POST /get-message-notify HTTP/1.1" 200 19555 "https://alalamy.com.au/?k=6540085031900&mod=0bb3498d&uri=info.php?product/edit/A4024588822" "Mozilla/5.0 (Linux; Android 6.0.1; Nexus 5X Build/MMB29P) AppleWebKit/537.36 (KHTML, like Gecko) Chrome/137.0.7151.119 Mobile Safari/537.36 (compatible; Googlebot/2.1; +http://www.google.com/bot.html)"
20.171.207.168 - - [15/Jul/2025:19:00:19 +0000] "GET /shopbrand/139892378.htm HTTP/1.1" 404 20340 "-" "Mozilla/5.0 AppleWebKit/537.36 (KHTML, like Gecko; compatible; GPTBot/1.2; +https://openai.com/gptbot)"
66.249.65.164 - - [15/Jul/2025:19:00:20 +0000] "GET /?k=99250807031900&mod=41814002&uri=category-info.php%3Fid%3D3312253-321%26name%3Draps+cat+sanctuary HTTP/1.1" 200 19677 "-" "Mozilla/5.0 (Linux; Android 6.0.1; Nexus 5X Build/MMB29P) AppleWebKit/537.36 (KHTML, like Gecko) Chrome/137.0.7151.103 Mobile Safari/537.36 (compatible; Googlebot/2.1; +http://www.google.com/bot.html)"
66.249.65.164 - - [15/Jul/2025:19:00:21 +0000] "POST /get-message-notify HTTP/1.1" 200 19555 "https://alalamy.com.au/?k=39229273001900&mod=5b826e3d&uri=shared.php?shopbrand/7509618.htm" "Mozilla/5.0 (Linux; Android 6.0.1; Nexus 5X Build/MMB29P) AppleWebKit/537.36 (KHTML, like Gecko) Chrome/137.0.7151.119 Mobile Safari/537.36 (compatible; Googlebot/2.1; +http://www.google.com/bot.html)"
20.171.207.168 - - [15/Jul/2025:19:00:22 +0000] "GET /shopbrand/139910454.htm HTTP/1.1" 404 20339 "-" "Mozilla/5.0 AppleWebKit/537.36 (KHTML, like Gecko; compatible; GPTBot/1.2; +https://openai.com/gptbot)"
20.171.207.168 - - [15/Jul/2025:19:00:25 +0000] "GET /shopbrand/139906262.htm HTTP/1.1" 404 20339 "-" "Mozilla/5.0 AppleWebKit/537.36 (KHTML, like Gecko; compatible; GPTBot/1.2; +https://openai.com/gptbot)"
66.249.65.164 - - [15/Jul/2025:19:00:27 +0000] "GET /?k=6540085031900&mod=0bb3498d&uri=info.php?shopbrand/7576751.htm HTTP/1.1" 200 20523 "-" "Mozilla/5.0 (Linux; Android 6.0.1; Nexus 5X Build/MMB29P) AppleWebKit/537.36 (KHTML, like Gecko) Chrome/137.0.7151.103 Mobile Safari/537.36 (compatible; Googlebot/2.1; +http://www.google.com/bot.html)"
20.171.207.168 - - [15/Jul/2025:19:00:28 +0000] "GET /shopbrand/139896826.htm HTTP/1.1" 404 20340 "-" "Mozilla/5.0 AppleWebKit/537.36 (KHTML, like Gecko; compatible; GPTBot/1.2; +https://openai.com/gptbot)"
209.74.77.214 - - [15/Jul/2025:19:00:32 +0000] "POST /wp-cron.php?doing_wp_cron=1752606032.2755041122436523437500 HTTP/1.1" 200 - "-" "WordPress/6.8.1; https://alalamy.com.au"
20.171.207.168 - - [15/Jul/2025:19:00:32 +0000] "GET /shopbrand/139908486.htm HTTP/1.1" 404 20339 "-" "Mozilla/5.0 AppleWebKit/537.36 (KHTML, like Gecko; compatible; GPTBot/1.2; +https://openai.com/gptbot)"
209.74.77.214 - - [15/Jul/2025:19:00:32 +0000] "POST /wp-admin/admin-ajax.php?action=async_litespeed&nonce=1dYHBDVyKZnqTi5fehUHmfe4Ai7sanXH&litespeed_type=imgoptm HTTP/1.1" 200 21 "-" "WordPress/6.8.1; https://alalamy.com.au"
66.249.65.164 - - [15/Jul/2025:19:00:34 +0000] "GET /?k=6540085031900&mod=0bb3498d&uri=info.php?shopbrand/7574229.htm HTTP/1.1" 200 20846 "-" "Mozilla/5.0 (Linux; Android 6.0.1; Nexus 5X Build/MMB29P) AppleWebKit/537.36 (KHTML, like Gecko) Chrome/137.0.7151.103 Mobile Safari/537.36 (compatible; Googlebot/2.1; +http://www.google.com/bot.html)"
209.74.77.214 - - [15/Jul/2025:19:00:35 +0000] "POST /wp-cron.php?doing_wp_cron=1752606035.4433341026306152343750 HTTP/1.1" 200 - "-" "WordPress/6.8.1; https://alalamy.com.au"
20.171.207.168 - - [15/Jul/2025:19:00:35 +0000] "GET /shopbrand/139924088.htm HTTP/1.1" 404 20339 "-" "Mozilla/5.0 AppleWebKit/537.36 (KHTML, like Gecko; compatible; GPTBot/1.2; +https://openai.com/gptbot)"
20.171.207.168 - - [15/Jul/2025:19:00:38 +0000] "GET /shopbrand/139970758.htm HTTP/1.1" 404 20340 "-" "Mozilla/5.0 AppleWebKit/537.36 (KHTML, like Gecko; compatible; GPTBot/1.2; +https://openai.com/gptbot)"
20.171.207.168 - - [15/Jul/2025:19:00:41 +0000] "GET /shopbrand/140012899.htm HTTP/1.1" 404 20339 "-" "Mozilla/5.0 AppleWebKit/537.36 (KHTML, like Gecko; compatible; GPTBot/1.2; +https://openai.com/gptbot)"
20.171.207.168 - - [15/Jul/2025:19:00:44 +0000] "GET /shopbrand/139891665.htm HTTP/1.1" 404 20339 "-" "Mozilla/5.0 AppleWebKit/537.36 (KHTML, like Gecko; compatible; GPTBot/1.2; +https://openai.com/gptbot)"
20.171.207.168 - - [15/Jul/2025:19:00:47 +0000] "GET /shopbrand/139963415.htm HTTP/1.1" 404 20340 "-" "Mozilla/5.0 AppleWebKit/537.36 (KHTML, like Gecko; compatible; GPTBot/1.2; +https://openai.com/gptbot)"
66.249.65.164 - - [15/Jul/2025:19:00:51 +0000] "GET /?k=6540085031900&mod=0bb3498d&uri=info.php?shopbrand/7572718.htm HTTP/1.1" 200 19143 "-" "Mozilla/5.0 (Linux; Android 6.0.1; Nexus 5X Build/MMB29P) AppleWebKit/537.36 (KHTML, like Gecko) Chrome/137.0.7151.103 Mobile Safari/537.36 (compatible; Googlebot/2.1; +http://www.google.com/bot.html)"
20.171.207.168 - - [15/Jul/2025:19:00:51 +0000] "GET /shopbrand/139972567.htm HTTP/1.1" 404 20339 "-" "Mozilla/5.0 AppleWebKit/537.36 (KHTML, like Gecko; compatible; GPTBot/1.2; +https://openai.com/gptbot)"
20.171.207.168 - - [15/Jul/2025:19:00:54 +0000] "GET /shopbrand/139945456.htm HTTP/1.1" 404 20339 "-" "Mozilla/5.0 AppleWebKit/537.36 (KHTML, like Gecko; compatible; GPTBot/1.2; +https://openai.com/gptbot)"
20.171.207.168 - - [15/Jul/2025:19:00:57 +0000] "GET /shopbrand/139972301.htm HTTP/1.1" 404 20340 "-" "Mozilla/5.0 AppleWebKit/537.36 (KHTML, like Gecko; compatible; GPTBot/1.2; +https://openai.com/gptbot)"
20.171.207.168 - - [15/Jul/2025:19:01:00 +0000] "GET /shopbrand/139897507.htm HTTP/1.1" 404 20339 "-" "Mozilla/5.0 AppleWebKit/537.36 (KHTML, like Gecko; compatible; GPTBot/1.2; +https://openai.com/gptbot)"
20.171.207.168 - - [15/Jul/2025:19:01:04 +0000] "GET /shopbrand/139941306.htm HTTP/1.1" 404 20339 "-" "Mozilla/5.0 AppleWebKit/537.36 (KHTML, like Gecko; compatible; GPTBot/1.2; +https://openai.com/gptbot)"
20.171.207.168 - - [15/Jul/2025:19:01:07 +0000] "GET /shopbrand/139958683.htm HTTP/1.1" 404 20340 "-" "Mozilla/5.0 AppleWebKit/537.36 (KHTML, like Gecko; compatible; GPTBot/1.2; +https://openai.com/gptbot)"
20.171.207.168 - - [15/Jul/2025:19:01:10 +0000] "GET /shopbrand/139975621.htm HTTP/1.1" 404 20339 "-" "Mozilla/5.0 AppleWebKit/537.36 (KHTML, like Gecko; compatible; GPTBot/1.2; +https://openai.com/gptbot)"
20.171.207.168 - - [15/Jul/2025:19:01:13 +0000] "GET /shopbrand/139952285.htm HTTP/1.1" 404 20339 "-" "Mozilla/5.0 AppleWebKit/537.36 (KHTML, like Gecko; compatible; GPTBot/1.2; +https://openai.com/gptbot)"
209.74.77.214 - - [15/Jul/2025:19:01:17 +0000] "POST /wp-cron.php?doing_wp_cron=1752606077.0910229682922363281250 HTTP/1.1" 200 - "-" "WordPress/6.8.1; https://alalamy.com.au"
20.171.207.168 - - [15/Jul/2025:19:01:16 +0000] "GET /shopbrand/140000226.htm HTTP/1.1" 404 20340 "-" "Mozilla/5.0 AppleWebKit/537.36 (KHTML, like Gecko; compatible; GPTBot/1.2; +https://openai.com/gptbot)"
20.171.207.168 - - [15/Jul/2025:19:01:20 +0000] "GET /shopbrand/139998999.htm HTTP/1.1" 404 20339 "-" "Mozilla/5.0 AppleWebKit/537.36 (KHTML, like Gecko; compatible; GPTBot/1.2; +https://openai.com/gptbot)"
20.171.207.168 - - [15/Jul/2025:19:01:23 +0000] "GET /shopbrand/139999130.htm HTTP/1.1" 404 20339 "-" "Mozilla/5.0 AppleWebKit/537.36 (KHTML, like Gecko; compatible; GPTBot/1.2; +https://openai.com/gptbot)"
20.171.207.168 - - [15/Jul/2025:19:01:26 +0000] "GET /shopbrand/140000127.htm HTTP/1.1" 404 20339 "-" "Mozilla/5.0 AppleWebKit/537.36 (KHTML, like Gecko; compatible; GPTBot/1.2; +https://openai.com/gptbot)"
20.171.207.168 - - [15/Jul/2025:19:01:29 +0000] "GET /shopbrand/140000542.htm HTTP/1.1" 404 20340 "-" "Mozilla/5.0 AppleWebKit/537.36 (KHTML, like Gecko; compatible; GPTBot/1.2; +https://openai.com/gptbot)"
209.74.77.214 - - [15/Jul/2025:19:01:32 +0000] "POST /wp-cron.php?doing_wp_cron=1752606092.6439659595489501953125 HTTP/1.1" 200 - "-" "WordPress/6.8.1; https://alalamy.com.au"
20.171.207.168 - - [15/Jul/2025:19:01:32 +0000] "GET /shopbrand/139999829.htm HTTP/1.1" 404 20339 "-" "Mozilla/5.0 AppleWebKit/537.36 (KHTML, like Gecko; compatible; GPTBot/1.2; +https://openai.com/gptbot)"
209.74.77.214 - - [15/Jul/2025:19:01:32 +0000] "POST /wp-admin/admin-ajax.php?action=async_litespeed&nonce=KUOc3XPRTecgW6Ml11kyxWJ18FY5aA86&litespeed_type=imgoptm HTTP/1.1" 200 21 "-" "WordPress/6.8.1; https://alalamy.com.au"
209.74.77.214 - - [15/Jul/2025:19:01:35 +0000] "POST /wp-cron.php?doing_wp_cron=1752606095.6855769157409667968750 HTTP/1.1" 200 - "-" "WordPress/6.8.1; https://alalamy.com.au"
20.171.207.168 - - [15/Jul/2025:19:01:35 +0000] "GET /shopbrand/140000939.htm HTTP/1.1" 404 20339 "-" "Mozilla/5.0 AppleWebKit/537.36 (KHTML, like Gecko; compatible; GPTBot/1.2; +https://openai.com/gptbot)"
20.171.207.168 - - [15/Jul/2025:19:01:38 +0000] "GET /shopbrand/139999404.htm HTTP/1.1" 404 20340 "-" "Mozilla/5.0 AppleWebKit/537.36 (KHTML, like Gecko; compatible; GPTBot/1.2; +https://openai.com/gptbot)"
20.171.207.168 - - [15/Jul/2025:19:01:41 +0000] "GET /shopbrand/139999555.htm HTTP/1.1" 404 20339 "-" "Mozilla/5.0 AppleWebKit/537.36 (KHTML, like Gecko; compatible; GPTBot/1.2; +https://openai.com/gptbot)"
20.171.207.168 - - [15/Jul/2025:19:01:44 +0000] "GET /shopbrand/140000800.htm HTTP/1.1" 404 20339 "-" "Mozilla/5.0 AppleWebKit/537.36 (KHTML, like Gecko; compatible; GPTBot/1.2; +https://openai.com/gptbot)"
20.171.207.168 - - [15/Jul/2025:19:01:48 +0000] "GET /shopbrand/139999289.htm HTTP/1.1" 404 20340 "-" "Mozilla/5.0 AppleWebKit/537.36 (KHTML, like Gecko; compatible; GPTBot/1.2; +https://openai.com/gptbot)"
20.171.207.168 - - [15/Jul/2025:19:01:51 +0000] "GET /shopbrand/140000641.htm HTTP/1.1" 404 20339 "-" "Mozilla/5.0 AppleWebKit/537.36 (KHTML, like Gecko; compatible; GPTBot/1.2; +https://openai.com/gptbot)"
20.171.207.168 - - [15/Jul/2025:19:01:54 +0000] "GET /shopbrand/140000500.htm HTTP/1.1" 404 20339 "-" "Mozilla/5.0 AppleWebKit/537.36 (KHTML, like Gecko; compatible; GPTBot/1.2; +https://openai.com/gptbot)"
20.171.207.168 - - [15/Jul/2025:19:01:57 +0000] "GET /shopbrand/139913905.htm HTTP/1.1" 404 20340 "-" "Mozilla/5.0 AppleWebKit/537.36 (KHTML, like Gecko; compatible; GPTBot/1.2; +https://openai.com/gptbot)"
20.171.207.168 - - [15/Jul/2025:19:02:00 +0000] "GET /shopbrand/139898919.htm HTTP/1.1" 404 20339 "-" "Mozilla/5.0 AppleWebKit/537.36 (KHTML, like Gecko; compatible; GPTBot/1.2; +https://openai.com/gptbot)"
20.171.207.168 - - [15/Jul/2025:19:02:03 +0000] "GET /shopbrand/139973995.htm HTTP/1.1" 404 20339 "-" "Mozilla/5.0 AppleWebKit/537.36 (KHTML, like Gecko; compatible; GPTBot/1.2; +https://openai.com/gptbot)"
20.171.207.168 - - [15/Jul/2025:19:02:06 +0000] "GET /shopbrand/139939922.htm HTTP/1.1" 404 20340 "-" "Mozilla/5.0 AppleWebKit/537.36 (KHTML, like Gecko; compatible; GPTBot/1.2; +https://openai.com/gptbot)"
20.171.207.168 - - [15/Jul/2025:19:02:10 +0000] "GET /shopbrand/139949946.htm HTTP/1.1" 404 20339 "-" "Mozilla/5.0 AppleWebKit/537.36 (KHTML, like Gecko; compatible; GPTBot/1.2; +https://openai.com/gptbot)"
20.171.207.168 - - [15/Jul/2025:19:02:13 +0000] "GET /shopbrand/139972460.htm HTTP/1.1" 404 20339 "-" "Mozilla/5.0 AppleWebKit/537.36 (KHTML, like Gecko; compatible; GPTBot/1.2; +https://openai.com/gptbot)"
209.74.77.214 - - [15/Jul/2025:19:02:16 +0000] "POST /wp-cron.php?doing_wp_cron=1752606136.5329520702362060546875 HTTP/1.1" 200 - "-" "WordPress/6.8.1; https://alalamy.com.au"
20.171.207.168 - - [15/Jul/2025:19:02:16 +0000] "GET /shopbrand/139894620.htm HTTP/1.1" 404 20339 "-" "Mozilla/5.0 AppleWebKit/537.36 (KHTML, like Gecko; compatible; GPTBot/1.2; +https://openai.com/gptbot)"
20.171.207.168 - - [15/Jul/2025:19:02:19 +0000] "GET /shopbrand/139927408.htm HTTP/1.1" 404 20340 "-" "Mozilla/5.0 AppleWebKit/537.36 (KHTML, like Gecko; compatible; GPTBot/1.2; +https://openai.com/gptbot)"
20.171.207.168 - - [15/Jul/2025:19:02:22 +0000] "GET /shopbrand/139978560.htm HTTP/1.1" 404 20339 "-" "Mozilla/5.0 AppleWebKit/537.36 (KHTML, like Gecko; compatible; GPTBot/1.2; +https://openai.com/gptbot)"
20.171.207.168 - - [15/Jul/2025:19:02:25 +0000] "GET /shopbrand/139926578.htm HTTP/1.1" 404 20339 "-" "Mozilla/5.0 AppleWebKit/537.36 (KHTML, like Gecko; compatible; GPTBot/1.2; +https://openai.com/gptbot)"
20.171.207.168 - - [15/Jul/2025:19:02:28 +0000] "GET /shopbrand/139896270.htm HTTP/1.1" 404 20340 "-" "Mozilla/5.0 AppleWebKit/537.36 (KHTML, like Gecko; compatible; GPTBot/1.2; +https://openai.com/gptbot)"
209.74.77.214 - - [15/Jul/2025:19:02:32 +0000] "POST /wp-cron.php?doing_wp_cron=1752606152.3054950237274169921875 HTTP/1.1" 200 - "-" "WordPress/6.8.1; https://alalamy.com.au"
20.171.207.168 - - [15/Jul/2025:19:02:32 +0000] "GET /shopbrand/139950742.htm HTTP/1.1" 404 20339 "-" "Mozilla/5.0 AppleWebKit/537.36 (KHTML, like Gecko; compatible; GPTBot/1.2; +https://openai.com/gptbot)"
209.74.77.214 - - [15/Jul/2025:19:02:32 +0000] "POST /wp-admin/admin-ajax.php?action=async_litespeed&nonce=MgFkY8Gj0pvQoRCVmnTAz4jQhcqd7qjp&litespeed_type=imgoptm HTTP/1.1" 200 21 "-" "WordPress/6.8.1; https://alalamy.com.au"
209.74.77.214 - - [15/Jul/2025:19:02:35 +0000] "POST /wp-cron.php?doing_wp_cron=1752606155.5838799476623535156250 HTTP/1.1" 200 - "-" "WordPress/6.8.1; https://alalamy.com.au"
20.171.207.168 - - [15/Jul/2025:19:02:35 +0000] "GET /shopbrand/139925607.htm HTTP/1.1" 404 20339 "-" "Mozilla/5.0 AppleWebKit/537.36 (KHTML, like Gecko; compatible; GPTBot/1.2; +https://openai.com/gptbot)"
209.74.77.214 - - [15/Jul/2025:19:02:39 +0000] "POST /wp-cron.php?doing_wp_cron=1752606159.3021550178527832031250 HTTP/1.1" 200 - "-" "WordPress/6.8.1; https://alalamy.com.au"
20.171.207.168 - - [15/Jul/2025:19:02:38 +0000] "GET /shopbrand/139920875.htm HTTP/1.1" 404 20340 "-" "Mozilla/5.0 AppleWebKit/537.36 (KHTML, like Gecko; compatible; GPTBot/1.2; +https://openai.com/gptbot)"
20.171.207.168 - - [15/Jul/2025:19:02:41 +0000] "GET /shopbrand/139925067.htm HTTP/1.1" 404 20339 "-" "Mozilla/5.0 AppleWebKit/537.36 (KHTML, like Gecko; compatible; GPTBot/1.2; +https://openai.com/gptbot)"
20.171.207.168 - - [15/Jul/2025:19:02:44 +0000] "GET /shopbrand/139947680.htm HTTP/1.1" 404 20339 "-" "Mozilla/5.0 AppleWebKit/537.36 (KHTML, like Gecko; compatible; GPTBot/1.2; +https://openai.com/gptbot)"
20.171.207.168 - - [15/Jul/2025:19:02:47 +0000] "GET /shopbrand/139908645.htm HTTP/1.1" 404 20340 "-" "Mozilla/5.0 AppleWebKit/537.36 (KHTML, like Gecko; compatible; GPTBot/1.2; +https://openai.com/gptbot)"
20.171.207.168 - - [15/Jul/2025:19:02:50 +0000] "GET /shopbrand/139950627.htm HTTP/1.1" 404 20339 "-" "Mozilla/5.0 AppleWebKit/537.36 (KHTML, like Gecko; compatible; GPTBot/1.2; +https://openai.com/gptbot)"
20.171.207.168 - - [15/Jul/2025:19:02:53 +0000] "GET /shopbrand/139967025.htm HTTP/1.1" 404 20339 "-" "Mozilla/5.0 AppleWebKit/537.36 (KHTML, like Gecko; compatible; GPTBot/1.2; +https://openai.com/gptbot)"
20.171.207.168 - - [15/Jul/2025:19:02:57 +0000] "GET /shopbrand/139987456.htm HTTP/1.1" 404 20340 "-" "Mozilla/5.0 AppleWebKit/537.36 (KHTML, like Gecko; compatible; GPTBot/1.2; +https://openai.com/gptbot)"
20.171.207.168 - - [15/Jul/2025:19:03:00 +0000] "GET /shopbrand/139950476.htm HTTP/1.1" 404 20339 "-" "Mozilla/5.0 AppleWebKit/537.36 (KHTML, like Gecko; compatible; GPTBot/1.2; +https://openai.com/gptbot)"
20.171.207.168 - - [15/Jul/2025:19:03:03 +0000] "GET /shopbrand/139975240.htm HTTP/1.1" 404 20338 "-" "Mozilla/5.0 AppleWebKit/537.36 (KHTML, like Gecko; compatible; GPTBot/1.2; +https://openai.com/gptbot)"
20.171.207.168 - - [15/Jul/2025:19:03:06 +0000] "GET /shopbrand/139920478.htm HTTP/1.1" 404 20339 "-" "Mozilla/5.0 AppleWebKit/537.36 (KHTML, like Gecko; compatible; GPTBot/1.2; +https://openai.com/gptbot)"
66.249.65.165 - - [15/Jul/2025:19:03:08 +0000] "GET /?k=6540085031900&mod=0bb3498d&uri=info.php?shopbrand/7574942.htm HTTP/1.1" 200 19478 "-" "Mozilla/5.0 (Linux; Android 6.0.1; Nexus 5X Build/MMB29P) AppleWebKit/537.36 (KHTML, like Gecko) Chrome/137.0.7151.103 Mobile Safari/537.36 (compatible; Googlebot/2.1; +http://www.google.com/bot.html)"
66.249.65.164 - - [15/Jul/2025:19:03:08 +0000] "GET /?k=6540085031900&mod=0bb3498d&uri=info.php?shopbrand/7579392.htm HTTP/1.1" 200 20655 "-" "Mozilla/5.0 (Linux; Android 6.0.1; Nexus 5X Build/MMB29P) AppleWebKit/537.36 (KHTML, like Gecko) Chrome/137.0.7151.103 Mobile Safari/537.36 (compatible; Googlebot/2.1; +http://www.google.com/bot.html)"
66.249.65.165 - - [15/Jul/2025:19:03:08 +0000] "GET /?k=6540085031900&mod=0bb3498d&uri=info.php?shopbrand/7575772.htm HTTP/1.1" 200 20540 "-" "Mozilla/5.0 (Linux; Android 6.0.1; Nexus 5X Build/MMB29P) AppleWebKit/537.36 (KHTML, like Gecko) Chrome/137.0.7151.103 Mobile Safari/537.36 (compatible; Googlebot/2.1; +http://www.google.com/bot.html)"
66.249.65.164 - - [15/Jul/2025:19:03:09 +0000] "GET /?k=6540085031900&mod=0bb3498d&uri=info.php?shopbrand/7572976.htm HTTP/1.1" 200 19796 "-" "Mozilla/5.0 (Linux; Android 6.0.1; Nexus 5X Build/MMB29P) AppleWebKit/537.36 (KHTML, like Gecko) Chrome/137.0.7151.103 Mobile Safari/537.36 (compatible; Googlebot/2.1; +http://www.google.com/bot.html)"
66.249.65.166 - - [15/Jul/2025:19:03:09 +0000] "GET /?k=6540085031900&mod=0bb3498d&uri=info.php?shopbrand/7573848.htm HTTP/1.1" 200 18947 "-" "Mozilla/5.0 (Linux; Android 6.0.1; Nexus 5X Build/MMB29P) AppleWebKit/537.36 (KHTML, like Gecko) Chrome/137.0.7151.103 Mobile Safari/537.36 (compatible; Googlebot/2.1; +http://www.google.com/bot.html)"
66.249.65.166 - - [15/Jul/2025:19:03:09 +0000] "GET /?k=6540085031900&mod=0bb3498d&uri=info.php?shopbrand/7573955.htm HTTP/1.1" 200 20201 "-" "Mozilla/5.0 (Linux; Android 6.0.1; Nexus 5X Build/MMB29P) AppleWebKit/537.36 (KHTML, like Gecko) Chrome/137.0.7151.103 Mobile Safari/537.36 (compatible; Googlebot/2.1; +http://www.google.com/bot.html)"
66.249.65.165 - - [15/Jul/2025:19:03:09 +0000] "GET /?k=6540085031900&mod=0bb3498d&uri=info.php?shopbrand/7578147.htm HTTP/1.1" 200 21625 "-" "Mozilla/5.0 (Linux; Android 6.0.1; Nexus 5X Build/MMB29P) AppleWebKit/537.36 (KHTML, like Gecko) Chrome/137.0.7151.103 Mobile Safari/537.36 (compatible; Googlebot/2.1; +http://www.google.com/bot.html)"
20.171.207.168 - - [15/Jul/2025:19:03:09 +0000] "GET /shopbrand/139901399.htm HTTP/1.1" 404 20339 "-" "Mozilla/5.0 AppleWebKit/537.36 (KHTML, like Gecko; compatible; GPTBot/1.2; +https://openai.com/gptbot)"
66.249.65.164 - - [15/Jul/2025:19:03:10 +0000] "GET /?k=6540085031900&mod=0bb3498d&uri=info.php?shopbrand/7577996.htm HTTP/1.1" 200 20230 "-" "Mozilla/5.0 (Linux; Android 6.0.1; Nexus 5X Build/MMB29P) AppleWebKit/537.36 (KHTML, like Gecko) Chrome/137.0.7151.103 Mobile Safari/537.36 (compatible; Googlebot/2.1; +http://www.google.com/bot.html)"
66.249.65.164 - - [15/Jul/2025:19:03:10 +0000] "GET /?k=98443932001900&mod=da6ea774&uri=form.php?shopbrand/245194.htm HTTP/1.1" 200 19166 "-" "Mozilla/5.0 (Linux; Android 6.0.1; Nexus 5X Build/MMB29P) AppleWebKit/537.36 (KHTML, like Gecko) Chrome/137.0.7151.103 Mobile Safari/537.36 (compatible; Googlebot/2.1; +http://www.google.com/bot.html)"
66.249.65.165 - - [15/Jul/2025:19:03:10 +0000] "GET /?k=39229273001900&mod=5b826e3d&uri=shared.php?shopbrand/7517674.htm HTTP/1.1" 200 19587 "-" "Mozilla/5.0 (Linux; Android 6.0.1; Nexus 5X Build/MMB29P) AppleWebKit/537.36 (KHTML, like Gecko) Chrome/137.0.7151.103 Mobile Safari/537.36 (compatible; Googlebot/2.1; +http://www.google.com/bot.html)"
66.249.65.164 - - [15/Jul/2025:19:03:11 +0000] "POST /get-message-notify HTTP/1.1" 200 19555 "https://alalamy.com.au/?k=6540085031900&mod=0bb3498d&uri=info.php?shopbrand/7572976.htm" "Mozilla/5.0 (Linux; Android 6.0.1; Nexus 5X Build/MMB29P) AppleWebKit/537.36 (KHTML, like Gecko) Chrome/137.0.7151.119 Mobile Safari/537.36 (compatible; Googlebot/2.1; +http://www.google.com/bot.html)"
66.249.65.165 - - [15/Jul/2025:19:03:12 +0000] "GET /?k=6540085031900&mod=0bb3498d&uri=info.php?shopbrand/7575367.htm HTTP/1.1" 200 19238 "-" "Mozilla/5.0 (Linux; Android 6.0.1; Nexus 5X Build/MMB29P) AppleWebKit/537.36 (KHTML, like Gecko) Chrome/137.0.7151.103 Mobile Safari/537.36 (compatible; Googlebot/2.1; +http://www.google.com/bot.html)"
57.141.2.6 - - [15/Jul/2025:19:03:12 +0000] "GET /?k=95461612001900& HTTP/1.1" 301 - "-" "meta-externalagent/1.1 (+https://developers.facebook.com/docs/sharing/webmasters/crawler)"
20.171.207.168 - - [15/Jul/2025:19:03:13 +0000] "GET /shopbrand/139999960.htm HTTP/1.1" 404 20339 "-" "Mozilla/5.0 AppleWebKit/537.36 (KHTML, like Gecko; compatible; GPTBot/1.2; +https://openai.com/gptbot)"
