Current File : /home/kelaby89/access-logs/diamondtiptiling.com.sixpack.studio-ssl_log
120.71.59.24 - - [15/Jul/2025:12:48:57 +0000] "GET / HTTP/1.1" 200 25795 "http://www.diamondtiptiling.com" "Mozilla/5.0 (iPhone; CPU iPhone OS 13_2_3 like Mac OS X) AppleWebKit/605.1.15 (KHTML, like Gecko) Version/13.0.3 Mobile/15E148 Safari/604.1"
209.74.77.214 - - [15/Jul/2025:13:01:23 +0000] "POST /wp-cron.php?doing_wp_cron=1752584483.0664820671081542968750 HTTP/1.1" 200 - "-" "WordPress/6.8.1; https://diamondtiptiling.com"
57.141.2.16 - - [15/Jul/2025:13:01:20 +0000] "GET /?p=17 HTTP/1.1" 301 - "-" "meta-externalagent/1.1 (+https://developers.facebook.com/docs/sharing/webmasters/crawler)"
57.141.2.30 - - [15/Jul/2025:13:01:25 +0000] "GET /my-account/ HTTP/1.1" 200 95691 "-" "meta-externalagent/1.1 (+https://developers.facebook.com/docs/sharing/webmasters/crawler)"
85.208.96.200 - - [15/Jul/2025:13:08:30 +0000] "GET /robots.txt HTTP/1.1" 200 99 "-" "Mozilla/5.0 (compatible; SemrushBot/7~bl; +http://www.semrush.com/bot.html)"
209.74.77.214 - - [15/Jul/2025:13:08:33 +0000] "POST /wp-cron.php?doing_wp_cron=1752584913.2006850242614746093750 HTTP/1.1" 200 - "-" "WordPress/6.8.1; https://diamondtiptiling.com"
85.208.96.193 - - [15/Jul/2025:13:08:31 +0000] "GET /self-leveling/ HTTP/1.1" 200 21074 "-" "Mozilla/5.0 (compatible; SemrushBot/7~bl; +http://www.semrush.com/bot.html)"
209.74.77.214 - - [15/Jul/2025:13:16:40 +0000] "POST /wp-cron.php?doing_wp_cron=1752585400.1181879043579101562500 HTTP/1.1" 200 - "-" "WordPress/6.8.1; https://diamondtiptiling.com"
85.208.96.194 - - [15/Jul/2025:13:16:38 +0000] "GET /self/ HTTP/1.1" 200 19171 "-" "Mozilla/5.0 (compatible; SemrushBot/7~bl; +http://www.semrush.com/bot.html)"
216.73.216.165 - - [15/Jul/2025:13:22:18 +0000] "GET /robots.txt HTTP/1.1" 200 99 "-" "Mozilla/5.0 AppleWebKit/537.36 (KHTML, like Gecko; compatible; ClaudeBot/1.0; [email protected])"
216.73.216.165 - - [15/Jul/2025:13:22:18 +0000] "GET /wp-sitemap.xml HTTP/1.1" 200 4524 "-" "Mozilla/5.0 AppleWebKit/537.36 (KHTML, like Gecko; compatible; ClaudeBot/1.0; [email protected])"
43.166.132.142 - - [15/Jul/2025:13:46:43 +0000] "GET / HTTP/1.1" 200 25795 "http://www.diamondtiptiling.com" "Mozilla/5.0 (iPhone; CPU iPhone OS 13_2_3 like Mac OS X) AppleWebKit/605.1.15 (KHTML, like Gecko) Version/13.0.3 Mobile/15E148 Safari/604.1"
45.227.253.15 - - [15/Jul/2025:14:56:01 +0000] "GET /index.php/jk HTTP/1.1" 200 59 "-" "Mozilla/5.0 (Macintosh; Intel Mac OS X 10.14; rv:103.0) Gecko/20100101 Firefox/103.0"
209.74.77.214 - - [15/Jul/2025:15:35:33 +0000] "POST /wp-cron.php?doing_wp_cron=1752593733.3257799148559570312500 HTTP/1.1" 200 - "-" "WordPress/6.8.1; https://diamondtiptiling.com"
182.69.181.236 - - [15/Jul/2025:15:35:31 +0000] "GET /contact HTTP/1.1" 301 - "-" "Mozilla/5.0 (Windows NT 10.0; Win64; x64) AppleWebKit/537.36 (KHTML, like Gecko) Chrome/114.0.0.0 YaBrowser/22.7.0 Yowser/2.5 Safari/537.36"
182.69.181.236 - - [15/Jul/2025:15:35:35 +0000] "GET /contact/ HTTP/1.1" 200 18105 "https://diamondtiptiling.com/contact" "Mozilla/5.0 (Windows NT 10.0; Win64; x64) AppleWebKit/537.36 (KHTML, like Gecko) Chrome/114.0.0.0 YaBrowser/22.7.0 Yowser/2.5 Safari/537.36"
182.69.181.236 - - [15/Jul/2025:15:35:36 +0000] "GET /tile-removal/ HTTP/1.1" 200 21177 "https://diamondtiptiling.com/contact/" "Mozilla/5.0 (Windows NT 10.0; Win64; x64) AppleWebKit/537.36 (KHTML, like Gecko) Chrome/114.0.0.0 YaBrowser/22.7.0 Yowser/2.5 Safari/537.36"
182.69.181.236 - - [15/Jul/2025:15:35:39 +0000] "GET /?p=72 HTTP/1.1" 301 - "https://diamondtiptiling.com/contact/" "Mozilla/5.0 (Windows NT 10.0; Win64; x64) AppleWebKit/537.36 (KHTML, like Gecko) Chrome/114.0.0.0 YaBrowser/22.7.0 Yowser/2.5 Safari/537.36"
182.69.181.236 - - [15/Jul/2025:15:35:43 +0000] "GET /contact/ HTTP/1.1" 200 18106 "https://diamondtiptiling.com/?p=72" "Mozilla/5.0 (Windows NT 10.0; Win64; x64) AppleWebKit/537.36 (KHTML, like Gecko) Chrome/114.0.0.0 YaBrowser/22.7.0 Yowser/2.5 Safari/537.36"
182.69.181.236 - - [15/Jul/2025:15:35:45 +0000] "GET /work/ HTTP/1.1" 200 19039 "https://diamondtiptiling.com/contact/" "Mozilla/5.0 (Windows NT 10.0; Win64; x64) AppleWebKit/537.36 (KHTML, like Gecko) Chrome/114.0.0.0 YaBrowser/22.7.0 Yowser/2.5 Safari/537.36"
182.69.181.236 - - [15/Jul/2025:15:35:46 +0000] "GET /comments/feed/ HTTP/1.1" 200 1093 "https://diamondtiptiling.com/contact/" "Mozilla/5.0 (Windows NT 10.0; Win64; x64) AppleWebKit/537.36 (KHTML, like Gecko) Chrome/114.0.0.0 YaBrowser/22.7.0 Yowser/2.5 Safari/537.36"
182.69.181.236 - - [15/Jul/2025:15:35:53 +0000] "GET /faqs/ HTTP/1.1" 200 17986 "https://diamondtiptiling.com/contact/" "Mozilla/5.0 (Windows NT 10.0; Win64; x64) AppleWebKit/537.36 (KHTML, like Gecko) Chrome/114.0.0.0 YaBrowser/22.7.0 Yowser/2.5 Safari/537.36"
182.69.181.236 - - [15/Jul/2025:15:35:56 +0000] "GET /feed/ HTTP/1.1" 200 2368 "https://diamondtiptiling.com/contact/" "Mozilla/5.0 (Windows NT 10.0; Win64; x64) AppleWebKit/537.36 (KHTML, like Gecko) Chrome/114.0.0.0 YaBrowser/22.7.0 Yowser/2.5 Safari/537.36"
182.69.181.236 - - [15/Jul/2025:15:36:05 +0000] "GET /quote/ HTTP/1.1" 200 17113 "https://diamondtiptiling.com/contact/" "Mozilla/5.0 (Windows NT 10.0; Win64; x64) AppleWebKit/537.36 (KHTML, like Gecko) Chrome/114.0.0.0 YaBrowser/22.7.0 Yowser/2.5 Safari/537.36"
182.69.181.236 - - [15/Jul/2025:15:36:08 +0000] "GET /wp-content/plugins/woocommerce/assets/fonts/Inter-VariableFont_slnt,wght.woff2 HTTP/1.1" 200 326064 "https://diamondtiptiling.com/contact/" "Mozilla/5.0 (Windows NT 10.0; Win64; x64) AppleWebKit/537.36 (KHTML, like Gecko) Chrome/114.0.0.0 YaBrowser/22.7.0 Yowser/2.5 Safari/537.36"
209.74.77.214 - - [15/Jul/2025:15:37:22 +0000] "POST /wp-cron.php?doing_wp_cron=1752593842.9662950038909912109375 HTTP/1.1" 200 - "-" "WordPress/6.8.1; https://diamondtiptiling.com"
182.69.181.236 - - [15/Jul/2025:15:37:21 +0000] "GET / HTTP/1.1" 200 25795 "https://diamondtiptiling.com/contact/" "Mozilla/5.0 (Windows NT 10.0; Win64; x64) AppleWebKit/537.36 (KHTML, like Gecko) Chrome/114.0.0.0 YaBrowser/22.7.0 Yowser/2.5 Safari/537.36"
182.69.181.236 - - [15/Jul/2025:15:37:26 +0000] "GET /wp-content/plugins/woocommerce/assets/fonts/cardo_normal_400.woff2 HTTP/1.1" 200 144525 "https://diamondtiptiling.com/contact/" "Mozilla/5.0 (Windows NT 10.0; Win64; x64) AppleWebKit/537.36 (KHTML, like Gecko) Chrome/114.0.0.0 YaBrowser/22.7.0 Yowser/2.5 Safari/537.36"
182.69.181.236 - - [15/Jul/2025:15:37:32 +0000] "GET / HTTP/1.1" 200 25795 "https://diamondtiptiling.com/contact/" "Mozilla/5.0 (Windows NT 10.0; Win64; x64) AppleWebKit/537.36 (KHTML, like Gecko) Chrome/114.0.0.0 YaBrowser/22.7.0 Yowser/2.5 Safari/537.36"
182.69.181.236 - - [15/Jul/2025:15:37:37 +0000] "GET / HTTP/1.1" 200 25795 "-" "Mozilla/5.0 (Windows NT 10.0; Win64; x64) AppleWebKit/537.36 (KHTML, like Gecko) Chrome/114.0.0.0 YaBrowser/22.7.0 Yowser/2.5 Safari/537.36"
182.69.181.236 - - [15/Jul/2025:15:37:41 +0000] "GET /tile-removal/ HTTP/1.1" 200 21177 "https://diamondtiptiling.com/" "Mozilla/5.0 (Windows NT 10.0; Win64; x64) AppleWebKit/537.36 (KHTML, like Gecko) Chrome/114.0.0.0 YaBrowser/22.7.0 Yowser/2.5 Safari/537.36"
182.69.181.236 - - [15/Jul/2025:15:37:43 +0000] "GET /comments/feed/ HTTP/1.1" 200 1093 "https://diamondtiptiling.com/" "Mozilla/5.0 (Windows NT 10.0; Win64; x64) AppleWebKit/537.36 (KHTML, like Gecko) Chrome/114.0.0.0 YaBrowser/22.7.0 Yowser/2.5 Safari/537.36"
182.69.181.236 - - [15/Jul/2025:15:37:47 +0000] "GET /quote HTTP/1.1" 301 - "https://diamondtiptiling.com/" "Mozilla/5.0 (Windows NT 10.0; Win64; x64) AppleWebKit/537.36 (KHTML, like Gecko) Chrome/114.0.0.0 YaBrowser/22.7.0 Yowser/2.5 Safari/537.36"
182.69.181.236 - - [15/Jul/2025:15:37:49 +0000] "GET /quote/ HTTP/1.1" 200 17114 "https://diamondtiptiling.com/quote" "Mozilla/5.0 (Windows NT 10.0; Win64; x64) AppleWebKit/537.36 (KHTML, like Gecko) Chrome/114.0.0.0 YaBrowser/22.7.0 Yowser/2.5 Safari/537.36"
182.69.181.236 - - [15/Jul/2025:15:37:51 +0000] "GET /feed/ HTTP/1.1" 200 2368 "https://diamondtiptiling.com/" "Mozilla/5.0 (Windows NT 10.0; Win64; x64) AppleWebKit/537.36 (KHTML, like Gecko) Chrome/114.0.0.0 YaBrowser/22.7.0 Yowser/2.5 Safari/537.36"
182.69.181.236 - - [15/Jul/2025:15:37:54 +0000] "GET /talk-about-the-three-major-types-of-floor-tiles/ HTTP/1.1" 200 21303 "https://diamondtiptiling.com/" "Mozilla/5.0 (Windows NT 10.0; Win64; x64) AppleWebKit/537.36 (KHTML, like Gecko) Chrome/114.0.0.0 YaBrowser/22.7.0 Yowser/2.5 Safari/537.36"
182.69.181.236 - - [15/Jul/2025:15:38:02 +0000] "GET /wp-content/plugins/woocommerce/assets/fonts/Inter-VariableFont_slnt,wght.woff2 HTTP/1.1" 200 326064 "https://diamondtiptiling.com/" "Mozilla/5.0 (Windows NT 10.0; Win64; x64) AppleWebKit/537.36 (KHTML, like Gecko) Chrome/114.0.0.0 YaBrowser/22.7.0 Yowser/2.5 Safari/537.36"
209.74.77.214 - - [15/Jul/2025:15:38:30 +0000] "POST /wp-cron.php?doing_wp_cron=1752593910.2011919021606445312500 HTTP/1.1" 200 - "-" "WordPress/6.8.1; https://diamondtiptiling.com"
182.69.181.236 - - [15/Jul/2025:15:38:28 +0000] "GET /there-are-many-variations-of-passages-of-available-but-majority/ HTTP/1.1" 200 21336 "https://diamondtiptiling.com/" "Mozilla/5.0 (Windows NT 10.0; Win64; x64) AppleWebKit/537.36 (KHTML, like Gecko) Chrome/114.0.0.0 YaBrowser/22.7.0 Yowser/2.5 Safari/537.36"
182.69.181.236 - - [15/Jul/2025:15:38:33 +0000] "GET /wp-content/plugins/woocommerce/assets/fonts/cardo_normal_400.woff2 HTTP/1.1" 200 144525 "https://diamondtiptiling.com/" "Mozilla/5.0 (Windows NT 10.0; Win64; x64) AppleWebKit/537.36 (KHTML, like Gecko) Chrome/114.0.0.0 YaBrowser/22.7.0 Yowser/2.5 Safari/537.36"
182.69.181.236 - - [15/Jul/2025:15:38:43 +0000] "GET /how-to-protect-your-floors-during-a-move/ HTTP/1.1" 200 21313 "https://diamondtiptiling.com/" "Mozilla/5.0 (Windows NT 10.0; Win64; x64) AppleWebKit/537.36 (KHTML, like Gecko) Chrome/114.0.0.0 YaBrowser/22.7.0 Yowser/2.5 Safari/537.36"
182.69.181.236 - - [15/Jul/2025:15:38:45 +0000] "GET /wp-content/plugins/woocommerce/assets/fonts/star.eot HTTP/1.1" 404 17049 "https://diamondtiptiling.com/" "Mozilla/5.0 (Windows NT 10.0; Win64; x64) AppleWebKit/537.36 (KHTML, like Gecko) Chrome/114.0.0.0 YaBrowser/22.7.0 Yowser/2.5 Safari/537.36"
182.69.181.236 - - [15/Jul/2025:15:38:52 +0000] "GET / HTTP/1.1" 200 25795 "https://diamondtiptiling.com/" "Mozilla/5.0 (Windows NT 10.0; Win64; x64) AppleWebKit/537.36 (KHTML, like Gecko) Chrome/114.0.0.0 YaBrowser/22.7.0 Yowser/2.5 Safari/537.36"
182.69.181.236 - - [15/Jul/2025:15:38:54 +0000] "GET /wp-content/plugins/woocommerce/assets/fonts/star.eot? HTTP/1.1" 404 17050 "https://diamondtiptiling.com/" "Mozilla/5.0 (Windows NT 10.0; Win64; x64) AppleWebKit/537.36 (KHTML, like Gecko) Chrome/114.0.0.0 YaBrowser/22.7.0 Yowser/2.5 Safari/537.36"
182.69.181.236 - - [15/Jul/2025:15:38:55 +0000] "GET /about/ HTTP/1.1" 200 22260 "https://diamondtiptiling.com/" "Mozilla/5.0 (Windows NT 10.0; Win64; x64) AppleWebKit/537.36 (KHTML, like Gecko) Chrome/114.0.0.0 YaBrowser/22.7.0 Yowser/2.5 Safari/537.36"
182.69.181.236 - - [15/Jul/2025:15:39:03 +0000] "GET /wp-content/plugins/woocommerce/assets/fonts/star.svg HTTP/1.1" 200 481 "https://diamondtiptiling.com/" "Mozilla/5.0 (Windows NT 10.0; Win64; x64) AppleWebKit/537.36 (KHTML, like Gecko) Chrome/114.0.0.0 YaBrowser/22.7.0 Yowser/2.5 Safari/537.36"
209.74.77.214 - - [15/Jul/2025:15:39:06 +0000] "POST /wp-cron.php?doing_wp_cron=1752593946.6974198818206787109375 HTTP/1.1" 200 - "-" "WordPress/6.8.1; https://diamondtiptiling.com"
182.69.181.236 - - [15/Jul/2025:15:39:05 +0000] "GET /services/ HTTP/1.1" 200 18815 "https://diamondtiptiling.com/" "Mozilla/5.0 (Windows NT 10.0; Win64; x64) AppleWebKit/537.36 (KHTML, like Gecko) Chrome/114.0.0.0 YaBrowser/22.7.0 Yowser/2.5 Safari/537.36"
182.69.181.236 - - [15/Jul/2025:15:39:12 +0000] "GET /wp-content/plugins/woocommerce/assets/fonts/star.ttf HTTP/1.1" 200 787 "https://diamondtiptiling.com/" "Mozilla/5.0 (Windows NT 10.0; Win64; x64) AppleWebKit/537.36 (KHTML, like Gecko) Chrome/114.0.0.0 YaBrowser/22.7.0 Yowser/2.5 Safari/537.36"
182.69.181.236 - - [15/Jul/2025:15:39:13 +0000] "GET /our-team/ HTTP/1.1" 200 17797 "https://diamondtiptiling.com/" "Mozilla/5.0 (Windows NT 10.0; Win64; x64) AppleWebKit/537.36 (KHTML, like Gecko) Chrome/114.0.0.0 YaBrowser/22.7.0 Yowser/2.5 Safari/537.36"
182.69.181.236 - - [15/Jul/2025:15:39:15 +0000] "GET /wp-content/plugins/woocommerce/assets/fonts/star.woff HTTP/1.1" 200 1263 "https://diamondtiptiling.com/" "Mozilla/5.0 (Windows NT 10.0; Win64; x64) AppleWebKit/537.36 (KHTML, like Gecko) Chrome/114.0.0.0 YaBrowser/22.7.0 Yowser/2.5 Safari/537.36"
182.69.181.236 - - [15/Jul/2025:15:39:17 +0000] "GET /contact/ HTTP/1.1" 200 18106 "https://diamondtiptiling.com/" "Mozilla/5.0 (Windows NT 10.0; Win64; x64) AppleWebKit/537.36 (KHTML, like Gecko) Chrome/114.0.0.0 YaBrowser/22.7.0 Yowser/2.5 Safari/537.36"
182.69.181.236 - - [15/Jul/2025:15:39:19 +0000] "GET /wp-json/ HTTP/1.1" 200 81804 "https://diamondtiptiling.com/" "Mozilla/5.0 (Windows NT 10.0; Win64; x64) AppleWebKit/537.36 (KHTML, like Gecko) Chrome/114.0.0.0 YaBrowser/22.7.0 Yowser/2.5 Safari/537.36"
182.69.181.236 - - [15/Jul/2025:15:39:22 +0000] "GET /tiling/ HTTP/1.1" 200 21138 "https://diamondtiptiling.com/" "Mozilla/5.0 (Windows NT 10.0; Win64; x64) AppleWebKit/537.36 (KHTML, like Gecko) Chrome/114.0.0.0 YaBrowser/22.7.0 Yowser/2.5 Safari/537.36"
182.69.181.236 - - [15/Jul/2025:15:39:30 +0000] "GET /wp-json/wp/v2/pages/1612 HTTP/1.1" 200 11500 "https://diamondtiptiling.com/" "Mozilla/5.0 (Windows NT 10.0; Win64; x64) AppleWebKit/537.36 (KHTML, like Gecko) Chrome/114.0.0.0 YaBrowser/22.7.0 Yowser/2.5 Safari/537.36"
182.69.181.236 - - [15/Jul/2025:15:39:32 +0000] "GET /waterproofing/ HTTP/1.1" 200 21189 "https://diamondtiptiling.com/" "Mozilla/5.0 (Windows NT 10.0; Win64; x64) AppleWebKit/537.36 (KHTML, like Gecko) Chrome/114.0.0.0 YaBrowser/22.7.0 Yowser/2.5 Safari/537.36"
182.69.181.236 - - [15/Jul/2025:15:39:35 +0000] "GET /xmlrpc.php?rsd HTTP/1.1" 200 308 "https://diamondtiptiling.com/" "Mozilla/5.0 (Windows NT 10.0; Win64; x64) AppleWebKit/537.36 (KHTML, like Gecko) Chrome/114.0.0.0 YaBrowser/22.7.0 Yowser/2.5 Safari/537.36"
182.69.181.236 - - [15/Jul/2025:15:39:37 +0000] "GET /screeding/ HTTP/1.1" 200 21206 "https://diamondtiptiling.com/" "Mozilla/5.0 (Windows NT 10.0; Win64; x64) AppleWebKit/537.36 (KHTML, like Gecko) Chrome/114.0.0.0 YaBrowser/22.7.0 Yowser/2.5 Safari/537.36"
45.227.253.15 - - [15/Jul/2025:15:42:29 +0000] "GET /?of=1 HTTP/1.1" 200 9306 "-" "Mozilla/5.0 (iPhone; CPU iPhone OS 13_5_1 like Mac OS X) AppleWebKit/605.1.15 (KHTML, like Gecko) Version/13.1.1 Mobile/15E148 Safari/604.1"
185.220.101.98 - - [15/Jul/2025:15:51:29 +0000] "GET / HTTP/1.1" 200 159176 "diamondtiptiling.com" "Mozilla/5.0 (Linux; Android 8.1.0) AppleWebKit/537.36 (KHTML, like Gecko) Version/4.0 Chrome/81.0.4044.138 Mobile Safari/537.36 DuckDuckGo/5"
209.74.77.214 - - [15/Jul/2025:15:52:38 +0000] "POST /wp-cron.php?doing_wp_cron=1752594758.0833089351654052734375 HTTP/1.1" 200 - "-" "WordPress/6.8.1; https://diamondtiptiling.com"
192.42.116.179 - - [15/Jul/2025:15:52:36 +0000] "GET / HTTP/1.1" 200 159176 "https://diamondtiptiling.com" "Mozilla/5.0 (Linux; Android 8.1.0) AppleWebKit/537.36 (KHTML, like Gecko) Version/4.0 Chrome/81.0.4044.138 Mobile Safari/537.36 DuckDuckGo/5"
192.42.116.179 - - [15/Jul/2025:15:52:40 +0000] "GET /about HTTP/1.1" 301 - "https://diamondtiptiling.com/about" "Mozilla/5.0 (Linux; Android 8.1.0) AppleWebKit/537.36 (KHTML, like Gecko) Version/4.0 Chrome/81.0.4044.138 Mobile Safari/537.36 DuckDuckGo/5"
192.42.116.179 - - [15/Jul/2025:15:52:40 +0000] "GET /about/ HTTP/1.1" 200 116640 "https://diamondtiptiling.com/about" "Mozilla/5.0 (Linux; Android 8.1.0) AppleWebKit/537.36 (KHTML, like Gecko) Version/4.0 Chrome/81.0.4044.138 Mobile Safari/537.36 DuckDuckGo/5"
45.66.35.22 - - [15/Jul/2025:15:52:42 +0000] "GET /comments/feed HTTP/1.1" 301 - "https://diamondtiptiling.com/comments/feed" "Mozilla/5.0 (Linux; Android 8.1.0) AppleWebKit/537.36 (KHTML, like Gecko) Version/4.0 Chrome/81.0.4044.138 Mobile Safari/537.36 DuckDuckGo/5"
45.66.35.22 - - [15/Jul/2025:15:52:43 +0000] "GET /comments/feed/ HTTP/1.1" 200 10071 "https://diamondtiptiling.com/comments/feed" "Mozilla/5.0 (Linux; Android 8.1.0) AppleWebKit/537.36 (KHTML, like Gecko) Version/4.0 Chrome/81.0.4044.138 Mobile Safari/537.36 DuckDuckGo/5"
192.42.116.215 - - [15/Jul/2025:15:52:44 +0000] "GET /contact HTTP/1.1" 301 - "https://diamondtiptiling.com/contact" "Mozilla/5.0 (Linux; Android 8.1.0) AppleWebKit/537.36 (KHTML, like Gecko) Version/4.0 Chrome/81.0.4044.138 Mobile Safari/537.36 DuckDuckGo/5"
192.42.116.215 - - [15/Jul/2025:15:52:45 +0000] "GET /contact/ HTTP/1.1" 200 85092 "https://diamondtiptiling.com/contact" "Mozilla/5.0 (Linux; Android 8.1.0) AppleWebKit/537.36 (KHTML, like Gecko) Version/4.0 Chrome/81.0.4044.138 Mobile Safari/537.36 DuckDuckGo/5"
193.189.100.202 - - [15/Jul/2025:15:52:46 +0000] "GET /feed HTTP/1.1" 301 - "https://diamondtiptiling.com/feed" "Mozilla/5.0 (Linux; Android 8.1.0) AppleWebKit/537.36 (KHTML, like Gecko) Version/4.0 Chrome/81.0.4044.138 Mobile Safari/537.36 DuckDuckGo/5"
193.189.100.202 - - [15/Jul/2025:15:52:47 +0000] "GET /feed/ HTTP/1.1" 200 27137 "https://diamondtiptiling.com/feed" "Mozilla/5.0 (Linux; Android 8.1.0) AppleWebKit/537.36 (KHTML, like Gecko) Version/4.0 Chrome/81.0.4044.138 Mobile Safari/537.36 DuckDuckGo/5"
193.189.100.202 - - [15/Jul/2025:15:52:49 +0000] "GET /grouting HTTP/1.1" 301 - "https://diamondtiptiling.com/grouting" "Mozilla/5.0 (Linux; Android 8.1.0) AppleWebKit/537.36 (KHTML, like Gecko) Version/4.0 Chrome/81.0.4044.138 Mobile Safari/537.36 DuckDuckGo/5"
193.189.100.202 - - [15/Jul/2025:15:52:49 +0000] "GET /grouting/ HTTP/1.1" 200 98840 "https://diamondtiptiling.com/grouting" "Mozilla/5.0 (Linux; Android 8.1.0) AppleWebKit/537.36 (KHTML, like Gecko) Version/4.0 Chrome/81.0.4044.138 Mobile Safari/537.36 DuckDuckGo/5"
193.189.100.202 - - [15/Jul/2025:15:52:51 +0000] "GET /how-to-protect-your-floors-during-a-move HTTP/1.1" 301 - "https://diamondtiptiling.com/how-to-protect-your-floors-during-a-move" "Mozilla/5.0 (Linux; Android 8.1.0) AppleWebKit/537.36 (KHTML, like Gecko) Version/4.0 Chrome/81.0.4044.138 Mobile Safari/537.36 DuckDuckGo/5"
193.189.100.202 - - [15/Jul/2025:15:52:52 +0000] "GET /how-to-protect-your-floors-during-a-move/ HTTP/1.1" 200 99671 "https://diamondtiptiling.com/how-to-protect-your-floors-during-a-move" "Mozilla/5.0 (Linux; Android 8.1.0) AppleWebKit/537.36 (KHTML, like Gecko) Version/4.0 Chrome/81.0.4044.138 Mobile Safari/537.36 DuckDuckGo/5"
193.189.100.202 - - [15/Jul/2025:15:52:54 +0000] "POST /wp-comments-post.php HTTP/1.1" 302 - "https://diamondtiptiling.com/wp-comments-post.php" "Mozilla/5.0 (Linux; Android 8.1.0) AppleWebKit/537.36 (KHTML, like Gecko) Version/4.0 Chrome/81.0.4044.138 Mobile Safari/537.36 DuckDuckGo/5"
193.189.100.202 - - [15/Jul/2025:15:52:54 +0000] "GET /how-to-protect-your-floors-during-a-move/?unapproved=59&moderation-hash=3e43e58bfcc86739a685e120192dedf7 HTTP/1.1" 200 99688 "https://diamondtiptiling.com/wp-comments-post.php" "Mozilla/5.0 (Linux; Android 8.1.0) AppleWebKit/537.36 (KHTML, like Gecko) Version/4.0 Chrome/81.0.4044.138 Mobile Safari/537.36 DuckDuckGo/5"
45.141.215.40 - - [15/Jul/2025:15:54:13 +0000] "GET /self HTTP/1.1" 503 428 "https://diamondtiptiling.com/self" "Mozilla/5.0 (Linux; Android 8.1.0) AppleWebKit/537.36 (KHTML, like Gecko) Version/4.0 Chrome/81.0.4044.138 Mobile Safari/537.36 DuckDuckGo/5"
45.80.158.69 - - [15/Jul/2025:15:56:17 +0000] "GET /waterproofing HTTP/1.1" 500 2431 "https://diamondtiptiling.com/waterproofing" "Mozilla/5.0 (Linux; Android 8.1.0) AppleWebKit/537.36 (KHTML, like Gecko) Version/4.0 Chrome/81.0.4044.138 Mobile Safari/537.36 DuckDuckGo/5"
209.74.77.214 - - [15/Jul/2025:15:56:28 +0000] "POST /wp-cron.php?doing_wp_cron=1752594987.9756500720977783203125 HTTP/1.1" 200 - "-" "WordPress/6.8.1; https://diamondtiptiling.com"
185.183.157.214 - - [15/Jul/2025:15:56:19 +0000] "GET /wp-json HTTP/1.1" 200 1524795 "https://diamondtiptiling.com/wp-json" "Mozilla/5.0 (Linux; Android 8.1.0) AppleWebKit/537.36 (KHTML, like Gecko) Version/4.0 Chrome/81.0.4044.138 Mobile Safari/537.36 DuckDuckGo/5"
195.47.238.176 - - [15/Jul/2025:15:56:32 +0000] "GET /wp-json/oembed/1.0/embed?url=https%3A%2F%2Fdiamondtiptiling.com%2F HTTP/1.1" 200 2071 "https://diamondtiptiling.com/wp-json/oembed/1.0/embed?url=https%3A%2F%2Fdiamondtiptiling.com%2F" "Mozilla/5.0 (Linux; Android 8.1.0) AppleWebKit/537.36 (KHTML, like Gecko) Version/4.0 Chrome/81.0.4044.138 Mobile Safari/537.36 DuckDuckGo/5"
195.47.238.176 - - [15/Jul/2025:15:56:35 +0000] "GET /wp-json/oembed/1.0/embed?url=https%3A%2F%2Fdiamondtiptiling.com%2F&format=xml HTTP/1.1" 200 2233 "https://diamondtiptiling.com/wp-json/oembed/1.0/embed?url=https%3A%2F%2Fdiamondtiptiling.com%2F&format=xml" "Mozilla/5.0 (Linux; Android 8.1.0) AppleWebKit/537.36 (KHTML, like Gecko) Version/4.0 Chrome/81.0.4044.138 Mobile Safari/537.36 DuckDuckGo/5"
195.47.238.176 - - [15/Jul/2025:15:56:37 +0000] "GET /wp-json/wp/v2/pages/1612 HTTP/1.1" 200 103889 "https://diamondtiptiling.com/wp-json/wp/v2/pages/1612" "Mozilla/5.0 (Linux; Android 8.1.0) AppleWebKit/537.36 (KHTML, like Gecko) Version/4.0 Chrome/81.0.4044.138 Mobile Safari/537.36 DuckDuckGo/5"
192.42.116.217 - - [15/Jul/2025:15:56:41 +0000] "GET /xmlrpc.php?rsd HTTP/1.1" 200 834 "https://diamondtiptiling.com/xmlrpc.php?rsd" "Mozilla/5.0 (Linux; Android 8.1.0) AppleWebKit/537.36 (KHTML, like Gecko) Version/4.0 Chrome/81.0.4044.138 Mobile Safari/537.36 DuckDuckGo/5"
43.135.183.82 - - [15/Jul/2025:16:01:03 +0000] "GET / HTTP/1.1" 200 25796 "http://diamondtiptiling.com" "Mozilla/5.0 (iPhone; CPU iPhone OS 13_2_3 like Mac OS X) AppleWebKit/605.1.15 (KHTML, like Gecko) Version/13.0.3 Mobile/15E148 Safari/604.1"
82.156.68.74 - - [15/Jul/2025:16:02:05 +0000] "GET / HTTP/1.1" 200 25794 "http://diamondtiptiling.com" "Mozilla/5.0 (iPhone; CPU iPhone OS 13_2_3 like Mac OS X) AppleWebKit/605.1.15 (KHTML, like Gecko) Version/13.0.3 Mobile/15E148 Safari/604.1"
45.227.253.15 - - [15/Jul/2025:16:02:28 +0000] "GET /wp-admin/css/colors/blue/blue/blue/index.php?ARRAY=7o2230223n313735323539393035342p2231223n22687474703n5p2s5p2s7n7334393476313373752r74616368652r70726s5p2s3s6p633q7068705s636s64655s6n6326743q313735323539353435342q3234616330363634336332386631376261383038386565633536643331363264222p2232223n226331613762626363326466346563303063626330363737396366346239653235222p2233223n223530366135366366633361623064313165366566393530373331636437656263222p2262696r675s70617373223n2233302q34352q35342q36352q37342q38322q3233227q HTTP/1.1" 200 102 "-" "Mozilla/5.0 (Windows NT 10.0; Win64; x64) AppleWebKit/537.36 (KHTML, like Gecko) Chrome/79.0.3970 Safari/537.36 Edg/79.0.143.5"
66.249.74.36 - - [15/Jul/2025:16:11:04 +0000] "GET /feature/akihabara_main/index.html HTTP/1.1" 200 20119 "-" "Mozilla/5.0 (Linux; Android 6.0.1; Nexus 5X Build/MMB29P) AppleWebKit/537.36 (KHTML, like Gecko) Chrome/137.0.7151.103 Mobile Safari/537.36 (compatible; GoogleOther)"
209.74.77.214 - - [15/Jul/2025:16:13:44 +0000] "POST /wp-cron.php?doing_wp_cron=1752596024.1583321094512939453125 HTTP/1.1" 200 - "-" "WordPress/6.8.1; https://diamondtiptiling.com"
43.167.239.66 - - [15/Jul/2025:16:13:42 +0000] "GET /waterproofing/ HTTP/1.1" 200 21189 "-" "Mozilla/5.0 (iPhone; CPU iPhone OS 13_2_3 like Mac OS X) AppleWebKit/605.1.15 (KHTML, like Gecko) Version/13.0.3 Mobile/15E148 Safari/604.1"
209.74.77.214 - - [15/Jul/2025:16:25:30 +0000] "POST /wp-cron.php?doing_wp_cron=1752596730.4225499629974365234375 HTTP/1.1" 200 - "-" "WordPress/6.8.1; https://diamondtiptiling.com"
43.153.104.196 - - [15/Jul/2025:16:25:28 +0000] "GET /quote HTTP/1.1" 301 - "-" "Mozilla/5.0 (iPhone; CPU iPhone OS 13_2_3 like Mac OS X) AppleWebKit/605.1.15 (KHTML, like Gecko) Version/13.0.3 Mobile/15E148 Safari/604.1"
43.153.104.196 - - [15/Jul/2025:16:25:33 +0000] "GET /quote/ HTTP/1.1" 200 17114 "https://diamondtiptiling.com/quote" "Mozilla/5.0 (iPhone; CPU iPhone OS 13_2_3 like Mac OS X) AppleWebKit/605.1.15 (KHTML, like Gecko) Version/13.0.3 Mobile/15E148 Safari/604.1"
209.74.77.214 - - [15/Jul/2025:16:33:57 +0000] "POST /wp-cron.php?doing_wp_cron=1752597237.6612100601196289062500 HTTP/1.1" 200 - "-" "WordPress/6.8.1; https://diamondtiptiling.com"
43.167.232.38 - - [15/Jul/2025:16:33:56 +0000] "GET /wp-json/ HTTP/1.1" 200 81804 "-" "Mozilla/5.0 (iPhone; CPU iPhone OS 13_2_3 like Mac OS X) AppleWebKit/605.1.15 (KHTML, like Gecko) Version/13.0.3 Mobile/15E148 Safari/604.1"
209.74.77.214 - - [15/Jul/2025:16:44:30 +0000] "POST /wp-cron.php?doing_wp_cron=1752597870.2839269638061523437500 HTTP/1.1" 200 - "-" "WordPress/6.8.1; https://diamondtiptiling.com"
162.62.231.139 - - [15/Jul/2025:16:44:28 +0000] "GET /?p=271 HTTP/1.1" 301 - "-" "Mozilla/5.0 (iPhone; CPU iPhone OS 13_2_3 like Mac OS X) AppleWebKit/605.1.15 (KHTML, like Gecko) Version/13.0.3 Mobile/15E148 Safari/604.1"
162.62.231.139 - - [15/Jul/2025:16:44:31 +0000] "GET /waterproofing/ HTTP/1.1" 200 21189 "https://diamondtiptiling.com/?p=271" "Mozilla/5.0 (iPhone; CPU iPhone OS 13_2_3 like Mac OS X) AppleWebKit/605.1.15 (KHTML, like Gecko) Version/13.0.3 Mobile/15E148 Safari/604.1"
209.74.77.214 - - [15/Jul/2025:16:55:30 +0000] "POST /wp-cron.php?doing_wp_cron=1752598530.9065270423889160156250 HTTP/1.1" 200 - "-" "WordPress/6.8.1; https://diamondtiptiling.com"
43.130.16.212 - - [15/Jul/2025:16:55:28 +0000] "GET /wp-json/oembed/1.0/embed?url=https%3A%2F%2Fdiamondtiptiling.com%2Fwaterproofing%2F HTTP/1.1" 200 1053 "-" "Mozilla/5.0 (iPhone; CPU iPhone OS 13_2_3 like Mac OS X) AppleWebKit/605.1.15 (KHTML, like Gecko) Version/13.0.3 Mobile/15E148 Safari/604.1"
209.74.77.214 - - [15/Jul/2025:16:58:34 +0000] "POST /wp-cron.php?doing_wp_cron=1752598714.1026270389556884765625 HTTP/1.1" 200 - "-" "WordPress/6.8.1; https://diamondtiptiling.com"
162.241.63.26 - - [15/Jul/2025:16:58:32 +0000] "POST /xmlrpc.php HTTP/1.1" 200 225 "-" "Mozilla/5.0 (X11; Ubuntu; Linux x86_64; rv:85.0) Gecko/20100101 Firefox/91.0"
209.74.77.214 - - [15/Jul/2025:17:06:27 +0000] "POST /wp-cron.php?doing_wp_cron=1752599187.6117970943450927734375 HTTP/1.1" 200 - "-" "WordPress/6.8.1; https://diamondtiptiling.com"
43.130.39.254 - - [15/Jul/2025:17:06:25 +0000] "GET /quote/ HTTP/1.1" 200 17114 "-" "Mozilla/5.0 (iPhone; CPU iPhone OS 13_2_3 like Mac OS X) AppleWebKit/605.1.15 (KHTML, like Gecko) Version/13.0.3 Mobile/15E148 Safari/604.1"
209.74.77.214 - - [15/Jul/2025:17:15:24 +0000] "POST /wp-cron.php?doing_wp_cron=1752599724.4284770488739013671875 HTTP/1.1" 200 - "-" "WordPress/6.8.1; https://diamondtiptiling.com"
43.130.12.43 - - [15/Jul/2025:17:15:22 +0000] "GET /waterproofing/ HTTP/1.1" 200 21189 "-" "Mozilla/5.0 (iPhone; CPU iPhone OS 13_2_3 like Mac OS X) AppleWebKit/605.1.15 (KHTML, like Gecko) Version/13.0.3 Mobile/15E148 Safari/604.1"
209.74.77.214 - - [15/Jul/2025:17:24:20 +0000] "POST /wp-cron.php?doing_wp_cron=1752600260.5773251056671142578125 HTTP/1.1" 200 - "-" "WordPress/6.8.1; https://diamondtiptiling.com"
43.157.153.236 - - [15/Jul/2025:17:24:18 +0000] "GET /wp-json/wp/v2/pages/2470 HTTP/1.1" 200 1035 "-" "Mozilla/5.0 (iPhone; CPU iPhone OS 13_2_3 like Mac OS X) AppleWebKit/605.1.15 (KHTML, like Gecko) Version/13.0.3 Mobile/15E148 Safari/604.1"
209.74.77.214 - - [15/Jul/2025:17:34:32 +0000] "POST /wp-cron.php?doing_wp_cron=1752600872.3834190368652343750000 HTTP/1.1" 200 - "-" "WordPress/6.8.1; https://diamondtiptiling.com"
43.157.148.38 - - [15/Jul/2025:17:34:30 +0000] "GET /work/ HTTP/1.1" 200 19040 "-" "Mozilla/5.0 (iPhone; CPU iPhone OS 13_2_3 like Mac OS X) AppleWebKit/605.1.15 (KHTML, like Gecko) Version/13.0.3 Mobile/15E148 Safari/604.1"
209.74.77.214 - - [15/Jul/2025:17:46:54 +0000] "POST /wp-cron.php?doing_wp_cron=1752601614.7663381099700927734375 HTTP/1.1" 200 - "-" "WordPress/6.8.1; https://diamondtiptiling.com"
43.166.247.155 - - [15/Jul/2025:17:46:52 +0000] "GET /self/ HTTP/1.1" 200 19172 "-" "Mozilla/5.0 (iPhone; CPU iPhone OS 13_2_3 like Mac OS X) AppleWebKit/605.1.15 (KHTML, like Gecko) Version/13.0.3 Mobile/15E148 Safari/604.1"
209.74.77.214 - - [15/Jul/2025:17:55:29 +0000] "POST /wp-cron.php?doing_wp_cron=1752602128.9755299091339111328125 HTTP/1.1" 200 - "-" "WordPress/6.8.1; https://diamondtiptiling.com"
43.130.106.18 - - [15/Jul/2025:17:55:26 +0000] "GET /faqs/ HTTP/1.1" 200 17985 "-" "Mozilla/5.0 (iPhone; CPU iPhone OS 13_2_3 like Mac OS X) AppleWebKit/605.1.15 (KHTML, like Gecko) Version/13.0.3 Mobile/15E148 Safari/604.1"
209.74.77.214 - - [15/Jul/2025:18:09:50 +0000] "POST /wp-cron.php?doing_wp_cron=1752602990.4427790641784667968750 HTTP/1.1" 200 - "-" "WordPress/6.8.1; https://diamondtiptiling.com"
43.166.247.155 - - [15/Jul/2025:18:09:48 +0000] "GET /our-team/ HTTP/1.1" 200 17797 "-" "Mozilla/5.0 (iPhone; CPU iPhone OS 13_2_3 like Mac OS X) AppleWebKit/605.1.15 (KHTML, like Gecko) Version/13.0.3 Mobile/15E148 Safari/604.1"
209.74.77.214 - - [15/Jul/2025:18:11:53 +0000] "POST /wp-cron.php?doing_wp_cron=1752603113.3682301044464111328125 HTTP/1.1" 200 - "-" "WordPress/6.8.1; https://diamondtiptiling.com"
2a06:98c0:3600::103 - - [15/Jul/2025:18:11:51 +0000] "GET /wp-admin/setup-config.php HTTP/1.1" 404 17049 "-" "Mozilla/5.0 (Windows NT 10.0; Win64; x64) AppleWebKit/537.36 (KHTML, like Gecko) Chrome/137.0.0.0 Safari/537.36"
2a06:98c0:3600::103 - - [15/Jul/2025:18:15:02 +0000] "GET /wordpress/wp-admin/setup-config.php HTTP/1.1" 404 17050 "-" "Mozilla/5.0 (Windows NT 10.0; Win64; x64) AppleWebKit/537.36 (KHTML, like Gecko) Chrome/137.0.0.0 Safari/537.36"
2a06:98c0:3600::103 - - [15/Jul/2025:18:16:12 +0000] "GET /wp-admin/setup-config.php HTTP/1.1" 404 17050 "-" "Mozilla/5.0 (Windows NT 10.0; Win64; x64) AppleWebKit/537.36 (KHTML, like Gecko) Chrome/137.0.0.0 Safari/537.36"
209.74.77.214 - - [15/Jul/2025:18:21:47 +0000] "POST /wp-cron.php?doing_wp_cron=1752603707.9261529445648193359375 HTTP/1.1" 200 - "-" "WordPress/6.8.1; https://diamondtiptiling.com"
43.157.181.189 - - [15/Jul/2025:18:21:45 +0000] "GET /wp-json/wp/v2/pages/271 HTTP/1.1" 200 4874 "-" "Mozilla/5.0 (iPhone; CPU iPhone OS 13_2_3 like Mac OS X) AppleWebKit/605.1.15 (KHTML, like Gecko) Version/13.0.3 Mobile/15E148 Safari/604.1"
64.227.173.18 - - [15/Jul/2025:18:30:25 +0000] "GET / HTTP/1.1" 200 25795 "-" "Mozilla/5.0 (X11; Linux x86_64; rv:137.0) Gecko/20100101 Firefox/137.0"
64.227.173.18 - - [15/Jul/2025:18:30:32 +0000] "GET /wp-content/uploads/2025/04/cropped-android-icon-96x96-1-32x32.png HTTP/1.1" 200 915 "https://diamondtiptiling.com/" "Mozilla/5.0 (X11; Linux x86_64; rv:137.0) Gecko/20100101 Firefox/137.0"
45.227.253.15 - - [15/Jul/2025:18:41:55 +0000] "GET /index.php/jk HTTP/1.1" 200 59 "-" "Mozilla/5.0 (Macintosh; Intel Mac OS X 10.13; rv:103.0) Gecko/20100101 Firefox/101.0"
44.221.105.234 - - [15/Jul/2025:18:53:42 +0000] "GET /robots.txt HTTP/1.1" 200 99 "-" "Mozilla/5.0 AppleWebKit/537.36 (KHTML, like Gecko; compatible; Amazonbot/0.1; +https://developer.amazon.com/support/amazonbot) Chrome/119.0.6045.214 Safari/537.36"
209.74.77.214 - - [15/Jul/2025:18:53:44 +0000] "POST /wp-cron.php?doing_wp_cron=1752605624.9028170108795166015625 HTTP/1.1" 200 - "-" "WordPress/6.8.1; https://diamondtiptiling.com"
50.16.216.166 - - [15/Jul/2025:18:53:42 +0000] "GET /quote HTTP/1.1" 301 - "-" "Mozilla/5.0 AppleWebKit/537.36 (KHTML, like Gecko; compatible; Amazonbot/0.1; +https://developer.amazon.com/support/amazonbot) Chrome/119.0.6045.214 Safari/537.36"
216.73.216.165 - - [15/Jul/2025:19:03:36 +0000] "GET /robots.txt HTTP/1.1" 200 99 "-" "Mozilla/5.0 AppleWebKit/537.36 (KHTML, like Gecko; compatible; ClaudeBot/1.0; [email protected])"
209.74.77.214 - - [15/Jul/2025:19:03:38 +0000] "POST /wp-cron.php?doing_wp_cron=1752606218.9140529632568359375000 HTTP/1.1" 200 - "-" "WordPress/6.8.1; https://diamondtiptiling.com"
216.73.216.165 - - [15/Jul/2025:19:03:36 +0000] "GET /product/1017773139.shtm HTTP/1.1" 404 17050 "-" "Mozilla/5.0 AppleWebKit/537.36 (KHTML, like Gecko; compatible; ClaudeBot/1.0; [email protected])"
216.73.216.165 - - [15/Jul/2025:19:03:42 +0000] "GET /product/1016965276.shtm HTTP/1.1" 404 17050 "-" "Mozilla/5.0 AppleWebKit/537.36 (KHTML, like Gecko; compatible; ClaudeBot/1.0; [email protected])"
216.73.216.165 - - [15/Jul/2025:19:03:48 +0000] "GET /product/1017152080.shtm HTTP/1.1" 404 17050 "-" "Mozilla/5.0 AppleWebKit/537.36 (KHTML, like Gecko; compatible; ClaudeBot/1.0; [email protected])"
216.73.216.165 - - [15/Jul/2025:19:03:51 +0000] "GET /product/1017777375.shtm HTTP/1.1" 404 17050 "-" "Mozilla/5.0 AppleWebKit/537.36 (KHTML, like Gecko; compatible; ClaudeBot/1.0; [email protected])"
216.73.216.165 - - [15/Jul/2025:19:03:54 +0000] "GET /product/1016937672.shtm HTTP/1.1" 404 17049 "-" "Mozilla/5.0 AppleWebKit/537.36 (KHTML, like Gecko; compatible; ClaudeBot/1.0; [email protected])"
216.73.216.165 - - [15/Jul/2025:19:03:57 +0000] "GET /product/1017389920.shtm HTTP/1.1" 404 17050 "-" "Mozilla/5.0 AppleWebKit/537.36 (KHTML, like Gecko; compatible; ClaudeBot/1.0; [email protected])"
216.73.216.165 - - [15/Jul/2025:19:04:01 +0000] "GET /product/1017668082.shtm HTTP/1.1" 404 17050 "-" "Mozilla/5.0 AppleWebKit/537.36 (KHTML, like Gecko; compatible; ClaudeBot/1.0; [email protected])"
209.74.77.214 - - [15/Jul/2025:19:04:07 +0000] "POST /wp-cron.php?doing_wp_cron=1752606247.0446259975433349609375 HTTP/1.1" 200 - "-" "WordPress/6.8.1; https://diamondtiptiling.com"
216.73.216.165 - - [15/Jul/2025:19:04:06 +0000] "GET /product/1016975934.shtm HTTP/1.1" 404 17050 "-" "Mozilla/5.0 AppleWebKit/537.36 (KHTML, like Gecko; compatible; ClaudeBot/1.0; [email protected])"
216.73.216.165 - - [15/Jul/2025:19:04:12 +0000] "GET /product/1017241314.shtm HTTP/1.1" 404 17050 "-" "Mozilla/5.0 AppleWebKit/537.36 (KHTML, like Gecko; compatible; ClaudeBot/1.0; [email protected])"
216.73.216.165 - - [15/Jul/2025:19:04:16 +0000] "GET /product/1017248663.shtm HTTP/1.1" 404 17050 "-" "Mozilla/5.0 AppleWebKit/537.36 (KHTML, like Gecko; compatible; ClaudeBot/1.0; [email protected])"
216.73.216.165 - - [15/Jul/2025:19:04:18 +0000] "GET /product/1017440892.shtm HTTP/1.1" 404 17050 "-" "Mozilla/5.0 AppleWebKit/537.36 (KHTML, like Gecko; compatible; ClaudeBot/1.0; [email protected])"
216.73.216.165 - - [15/Jul/2025:19:04:21 +0000] "GET /product/1017442950.shtm HTTP/1.1" 404 17050 "-" "Mozilla/5.0 AppleWebKit/537.36 (KHTML, like Gecko; compatible; ClaudeBot/1.0; [email protected])"
216.73.216.165 - - [15/Jul/2025:19:04:24 +0000] "GET /product/1017735998.shtm HTTP/1.1" 404 17051 "-" "Mozilla/5.0 AppleWebKit/537.36 (KHTML, like Gecko; compatible; ClaudeBot/1.0; [email protected])"
216.73.216.165 - - [15/Jul/2025:19:04:27 +0000] "GET /product/1017799680.shtm HTTP/1.1" 404 17050 "-" "Mozilla/5.0 AppleWebKit/537.36 (KHTML, like Gecko; compatible; ClaudeBot/1.0; [email protected])"
216.73.216.165 - - [15/Jul/2025:19:04:50 +0000] "GET /product/1017529998.shtm HTTP/1.1" 404 17050 "-" "Mozilla/5.0 AppleWebKit/537.36 (KHTML, like Gecko; compatible; ClaudeBot/1.0; [email protected])"
216.73.216.165 - - [15/Jul/2025:19:04:58 +0000] "GET /product/1016977984.shtm HTTP/1.1" 404 17050 "-" "Mozilla/5.0 AppleWebKit/537.36 (KHTML, like Gecko; compatible; ClaudeBot/1.0; [email protected])"
216.73.216.165 - - [15/Jul/2025:19:05:02 +0000] "GET /product/1017622337.shtm HTTP/1.1" 404 17050 "-" "Mozilla/5.0 AppleWebKit/537.36 (KHTML, like Gecko; compatible; ClaudeBot/1.0; [email protected])"
216.73.216.165 - - [15/Jul/2025:19:05:04 +0000] "GET /product/1017776376.shtm HTTP/1.1" 404 17049 "-" "Mozilla/5.0 AppleWebKit/537.36 (KHTML, like Gecko; compatible; ClaudeBot/1.0; [email protected])"
209.74.77.214 - - [15/Jul/2025:19:05:08 +0000] "POST /wp-cron.php?doing_wp_cron=1752606308.1540999412536621093750 HTTP/1.1" 200 - "-" "WordPress/6.8.1; https://diamondtiptiling.com"
216.73.216.165 - - [15/Jul/2025:19:05:07 +0000] "GET /product/1017764657.shtm HTTP/1.1" 404 17050 "-" "Mozilla/5.0 AppleWebKit/537.36 (KHTML, like Gecko; compatible; ClaudeBot/1.0; [email protected])"
216.73.216.165 - - [15/Jul/2025:19:05:10 +0000] "GET /product/1016927076.shtm HTTP/1.1" 404 17050 "-" "Mozilla/5.0 AppleWebKit/537.36 (KHTML, like Gecko; compatible; ClaudeBot/1.0; [email protected])"
216.73.216.165 - - [15/Jul/2025:19:05:38 +0000] "GET /product/1017355966.shtm HTTP/1.1" 404 17050 "-" "Mozilla/5.0 AppleWebKit/537.36 (KHTML, like Gecko; compatible; ClaudeBot/1.0; [email protected])"
216.73.216.165 - - [15/Jul/2025:19:05:43 +0000] "GET /product/1017661660.shtm HTTP/1.1" 404 17050 "-" "Mozilla/5.0 AppleWebKit/537.36 (KHTML, like Gecko; compatible; ClaudeBot/1.0; [email protected])"
216.73.216.165 - - [15/Jul/2025:19:05:49 +0000] "GET /product/1017445064.shtm HTTP/1.1" 404 17050 "-" "Mozilla/5.0 AppleWebKit/537.36 (KHTML, like Gecko; compatible; ClaudeBot/1.0; [email protected])"
216.73.216.165 - - [15/Jul/2025:19:05:54 +0000] "GET /product/1017016246.shtm HTTP/1.1" 404 17049 "-" "Mozilla/5.0 AppleWebKit/537.36 (KHTML, like Gecko; compatible; ClaudeBot/1.0; [email protected])"
216.73.216.165 - - [15/Jul/2025:19:05:56 +0000] "GET /product/1017263559.shtm HTTP/1.1" 404 17050 "-" "Mozilla/5.0 AppleWebKit/537.36 (KHTML, like Gecko; compatible; ClaudeBot/1.0; [email protected])"
216.73.216.165 - - [15/Jul/2025:19:05:58 +0000] "GET /product/1017610688.shtm HTTP/1.1" 404 17050 "-" "Mozilla/5.0 AppleWebKit/537.36 (KHTML, like Gecko; compatible; ClaudeBot/1.0; [email protected])"
216.73.216.165 - - [15/Jul/2025:19:06:01 +0000] "GET /product/1017515232.shtm HTTP/1.1" 404 17050 "-" "Mozilla/5.0 AppleWebKit/537.36 (KHTML, like Gecko; compatible; ClaudeBot/1.0; [email protected])"
209.74.77.214 - - [15/Jul/2025:19:06:10 +0000] "POST /wp-cron.php?doing_wp_cron=1752606370.8294088840484619140625 HTTP/1.1" 200 - "-" "WordPress/6.8.1; https://diamondtiptiling.com"
216.73.216.165 - - [15/Jul/2025:19:06:10 +0000] "GET /product/1017386747.shtm HTTP/1.1" 404 17049 "-" "Mozilla/5.0 AppleWebKit/537.36 (KHTML, like Gecko; compatible; ClaudeBot/1.0; [email protected])"
216.73.216.165 - - [15/Jul/2025:19:06:16 +0000] "GET /product/1017748772.shtm HTTP/1.1" 404 17049 "-" "Mozilla/5.0 AppleWebKit/537.36 (KHTML, like Gecko; compatible; ClaudeBot/1.0; [email protected])"
216.73.216.165 - - [15/Jul/2025:19:06:20 +0000] "GET /product/1017750894.shtm HTTP/1.1" 404 17050 "-" "Mozilla/5.0 AppleWebKit/537.36 (KHTML, like Gecko; compatible; ClaudeBot/1.0; [email protected])"
182.42.110.255 - - [15/Jul/2025:19:06:21 +0000] "GET / HTTP/1.1" 200 25796 "http://www.diamondtiptiling.com" "Mozilla/5.0 (iPhone; CPU iPhone OS 13_2_3 like Mac OS X) AppleWebKit/605.1.15 (KHTML, like Gecko) Version/13.0.3 Mobile/15E148 Safari/604.1"
216.73.216.165 - - [15/Jul/2025:19:06:22 +0000] "GET /product/1016985461.shtm HTTP/1.1" 404 17050 "-" "Mozilla/5.0 AppleWebKit/537.36 (KHTML, like Gecko; compatible; ClaudeBot/1.0; [email protected])"
216.73.216.165 - - [15/Jul/2025:19:06:25 +0000] "GET /product/1017600166.shtm HTTP/1.1" 404 17049 "-" "Mozilla/5.0 AppleWebKit/537.36 (KHTML, like Gecko; compatible; ClaudeBot/1.0; [email protected])"
216.73.216.165 - - [15/Jul/2025:19:06:28 +0000] "GET /product/1017616051.shtm HTTP/1.1" 404 17050 "-" "Mozilla/5.0 AppleWebKit/537.36 (KHTML, like Gecko; compatible; ClaudeBot/1.0; [email protected])"
216.73.216.165 - - [15/Jul/2025:19:06:31 +0000] "GET /product/1017352721.shtm HTTP/1.1" 404 17049 "-" "Mozilla/5.0 AppleWebKit/537.36 (KHTML, like Gecko; compatible; ClaudeBot/1.0; [email protected])"
209.74.77.214 - - [15/Jul/2025:19:07:06 +0000] "POST /wp-cron.php?doing_wp_cron=1752606426.1388580799102783203125 HTTP/1.1" 200 - "-" "WordPress/6.8.1; https://diamondtiptiling.com"
216.73.216.165 - - [15/Jul/2025:19:07:03 +0000] "GET /product/1017722231.shtm HTTP/1.1" 404 17050 "-" "Mozilla/5.0 AppleWebKit/537.36 (KHTML, like Gecko; compatible; ClaudeBot/1.0; [email protected])"
216.73.216.165 - - [15/Jul/2025:19:07:09 +0000] "GET /product/1016979111.shtm HTTP/1.1" 404 17050 "-" "Mozilla/5.0 AppleWebKit/537.36 (KHTML, like Gecko; compatible; ClaudeBot/1.0; [email protected])"
216.73.216.165 - - [15/Jul/2025:19:07:11 +0000] "GET /product/1017548135.shtm HTTP/1.1" 404 17050 "-" "Mozilla/5.0 AppleWebKit/537.36 (KHTML, like Gecko; compatible; ClaudeBot/1.0; [email protected])"
216.73.216.165 - - [15/Jul/2025:19:07:12 +0000] "GET /product/1017663846.shtm HTTP/1.1" 404 17050 "-" "Mozilla/5.0 AppleWebKit/537.36 (KHTML, like Gecko; compatible; ClaudeBot/1.0; [email protected])"
216.73.216.165 - - [15/Jul/2025:19:07:15 +0000] "GET /product/1017557666.shtm HTTP/1.1" 404 17049 "-" "Mozilla/5.0 AppleWebKit/537.36 (KHTML, like Gecko; compatible; ClaudeBot/1.0; [email protected])"
216.73.216.165 - - [15/Jul/2025:19:07:18 +0000] "GET /product/1017512059.shtm HTTP/1.1" 404 17050 "-" "Mozilla/5.0 AppleWebKit/537.36 (KHTML, like Gecko; compatible; ClaudeBot/1.0; [email protected])"
216.73.216.165 - - [15/Jul/2025:19:07:24 +0000] "GET /product/1017449300.shtm HTTP/1.1" 404 17049 "-" "Mozilla/5.0 AppleWebKit/537.36 (KHTML, like Gecko; compatible; ClaudeBot/1.0; [email protected])"
216.73.216.165 - - [15/Jul/2025:19:07:42 +0000] "GET /product/1017367617.shtm HTTP/1.1" 404 17050 "-" "Mozilla/5.0 AppleWebKit/537.36 (KHTML, like Gecko; compatible; ClaudeBot/1.0; [email protected])"
216.73.216.165 - - [15/Jul/2025:19:07:47 +0000] "GET /product/1017384625.shtm HTTP/1.1" 404 17050 "-" "Mozilla/5.0 AppleWebKit/537.36 (KHTML, like Gecko; compatible; ClaudeBot/1.0; [email protected])"
216.73.216.165 - - [15/Jul/2025:19:07:52 +0000] "GET /product/1017739175.shtm HTTP/1.1" 404 17050 "-" "Mozilla/5.0 AppleWebKit/537.36 (KHTML, like Gecko; compatible; ClaudeBot/1.0; [email protected])"
216.73.216.165 - - [15/Jul/2025:19:07:54 +0000] "GET /product/1017588383.shtm HTTP/1.1" 404 17050 "-" "Mozilla/5.0 AppleWebKit/537.36 (KHTML, like Gecko; compatible; ClaudeBot/1.0; [email protected])"
216.73.216.165 - - [15/Jul/2025:19:07:57 +0000] "GET /product/1017786906.shtm HTTP/1.1" 404 17050 "-" "Mozilla/5.0 AppleWebKit/537.36 (KHTML, like Gecko; compatible; ClaudeBot/1.0; [email protected])"
216.73.216.165 - - [15/Jul/2025:19:08:03 +0000] "GET /product/1017383506.shtm HTTP/1.1" 404 17050 "-" "Mozilla/5.0 AppleWebKit/537.36 (KHTML, like Gecko; compatible; ClaudeBot/1.0; [email protected])"
209.74.77.214 - - [15/Jul/2025:19:08:08 +0000] "POST /wp-cron.php?doing_wp_cron=1752606488.7762560844421386718750 HTTP/1.1" 200 - "-" "WordPress/6.8.1; https://diamondtiptiling.com"
216.73.216.165 - - [15/Jul/2025:19:08:08 +0000] "GET /product/1016923903.shtm HTTP/1.1" 404 17050 "-" "Mozilla/5.0 AppleWebKit/537.36 (KHTML, like Gecko; compatible; ClaudeBot/1.0; [email protected])"
216.73.216.165 - - [15/Jul/2025:19:08:17 +0000] "GET /product/1017524703.shtm HTTP/1.1" 404 17050 "-" "Mozilla/5.0 AppleWebKit/537.36 (KHTML, like Gecko; compatible; ClaudeBot/1.0; [email protected])"
216.73.216.165 - - [15/Jul/2025:19:08:22 +0000] "GET /product/1017351730.shtm HTTP/1.1" 404 17051 "-" "Mozilla/5.0 AppleWebKit/537.36 (KHTML, like Gecko; compatible; ClaudeBot/1.0; [email protected])"
216.73.216.165 - - [15/Jul/2025:19:08:26 +0000] "GET /product/1017725340.shtm HTTP/1.1" 404 17050 "-" "Mozilla/5.0 AppleWebKit/537.36 (KHTML, like Gecko; compatible; ClaudeBot/1.0; [email protected])"
216.73.216.165 - - [15/Jul/2025:19:08:28 +0000] "GET /product/1017135200.shtm HTTP/1.1" 404 17050 "-" "Mozilla/5.0 AppleWebKit/537.36 (KHTML, like Gecko; compatible; ClaudeBot/1.0; [email protected])"
216.73.216.165 - - [15/Jul/2025:19:08:31 +0000] "GET /product/1017490805.shtm HTTP/1.1" 404 17050 "-" "Mozilla/5.0 AppleWebKit/537.36 (KHTML, like Gecko; compatible; ClaudeBot/1.0; [email protected])"
216.73.216.165 - - [15/Jul/2025:19:08:34 +0000] "GET /product/1017421696.shtm HTTP/1.1" 404 17048 "-" "Mozilla/5.0 AppleWebKit/537.36 (KHTML, like Gecko; compatible; ClaudeBot/1.0; [email protected])"
216.73.216.165 - - [15/Jul/2025:19:08:38 +0000] "GET /product/1017243428.shtm HTTP/1.1" 404 17050 "-" "Mozilla/5.0 AppleWebKit/537.36 (KHTML, like Gecko; compatible; ClaudeBot/1.0; [email protected])"
209.74.77.214 - - [15/Jul/2025:19:09:17 +0000] "POST /wp-cron.php?doing_wp_cron=1752606557.8945269584655761718750 HTTP/1.1" 200 - "-" "WordPress/6.8.1; https://diamondtiptiling.com"
216.73.216.165 - - [15/Jul/2025:19:09:15 +0000] "GET /product/1017163729.shtm HTTP/1.1" 404 17050 "-" "Mozilla/5.0 AppleWebKit/537.36 (KHTML, like Gecko; compatible; ClaudeBot/1.0; [email protected])"
216.73.216.165 - - [15/Jul/2025:19:09:23 +0000] "GET /product/1017643591.shtm HTTP/1.1" 404 17049 "-" "Mozilla/5.0 AppleWebKit/537.36 (KHTML, like Gecko; compatible; ClaudeBot/1.0; [email protected])"
216.73.216.165 - - [15/Jul/2025:19:09:25 +0000] "GET /product/1017625648.shtm HTTP/1.1" 404 17049 "-" "Mozilla/5.0 AppleWebKit/537.36 (KHTML, like Gecko; compatible; ClaudeBot/1.0; [email protected])"
216.73.216.165 - - [15/Jul/2025:19:09:27 +0000] "GET /product/1017607515.shtm HTTP/1.1" 404 17050 "-" "Mozilla/5.0 AppleWebKit/537.36 (KHTML, like Gecko; compatible; ClaudeBot/1.0; [email protected])"
216.73.216.165 - - [15/Jul/2025:19:09:30 +0000] "GET /product/1017584147.shtm HTTP/1.1" 404 17050 "-" "Mozilla/5.0 AppleWebKit/537.36 (KHTML, like Gecko; compatible; ClaudeBot/1.0; [email protected])"
216.73.216.165 - - [15/Jul/2025:19:09:33 +0000] "GET /product/1017401643.shtm HTTP/1.1" 404 17050 "-" "Mozilla/5.0 AppleWebKit/537.36 (KHTML, like Gecko; compatible; ClaudeBot/1.0; [email protected])"
216.73.216.165 - - [15/Jul/2025:19:09:36 +0000] "GET /product/1017286927.shtm HTTP/1.1" 404 17050 "-" "Mozilla/5.0 AppleWebKit/537.36 (KHTML, like Gecko; compatible; ClaudeBot/1.0; [email protected])"
216.73.216.165 - - [15/Jul/2025:19:09:45 +0000] "GET /product/1017700977.shtm HTTP/1.1" 404 17049 "-" "Mozilla/5.0 AppleWebKit/537.36 (KHTML, like Gecko; compatible; ClaudeBot/1.0; [email protected])"
216.73.216.165 - - [15/Jul/2025:19:09:51 +0000] "GET /product/1017655310.shtm HTTP/1.1" 404 17050 "-" "Mozilla/5.0 AppleWebKit/537.36 (KHTML, like Gecko; compatible; ClaudeBot/1.0; [email protected])"
216.73.216.165 - - [15/Jul/2025:19:09:57 +0000] "GET /product/1017760421.shtm HTTP/1.1" 404 17050 "-" "Mozilla/5.0 AppleWebKit/537.36 (KHTML, like Gecko; compatible; ClaudeBot/1.0; [email protected])"
216.73.216.165 - - [15/Jul/2025:19:10:03 +0000] "GET /product/1017151085.shtm HTTP/1.1" 404 17050 "-" "Mozilla/5.0 AppleWebKit/537.36 (KHTML, like Gecko; compatible; ClaudeBot/1.0; [email protected])"
209.74.77.214 - - [15/Jul/2025:19:10:06 +0000] "POST /wp-cron.php?doing_wp_cron=1752606606.8807790279388427734375 HTTP/1.1" 200 - "-" "WordPress/6.8.1; https://diamondtiptiling.com"
216.73.216.165 - - [15/Jul/2025:19:10:06 +0000] "GET /product/1017565015.shtm HTTP/1.1" 404 17050 "-" "Mozilla/5.0 AppleWebKit/537.36 (KHTML, like Gecko; compatible; ClaudeBot/1.0; [email protected])"
216.73.216.165 - - [15/Jul/2025:19:10:09 +0000] "GET /product/1017269909.shtm HTTP/1.1" 404 17050 "-" "Mozilla/5.0 AppleWebKit/537.36 (KHTML, like Gecko; compatible; ClaudeBot/1.0; [email protected])"
216.73.216.165 - - [15/Jul/2025:19:10:12 +0000] "GET /product/1017324062.shtm HTTP/1.1" 404 17051 "-" "Mozilla/5.0 AppleWebKit/537.36 (KHTML, like Gecko; compatible; ClaudeBot/1.0; [email protected])"
216.73.216.165 - - [15/Jul/2025:19:10:37 +0000] "GET /product/1017536348.shtm HTTP/1.1" 404 17049 "-" "Mozilla/5.0 AppleWebKit/537.36 (KHTML, like Gecko; compatible; ClaudeBot/1.0; [email protected])"
216.73.216.165 - - [15/Jul/2025:19:10:41 +0000] "GET /product/1017494977.shtm HTTP/1.1" 404 17050 "-" "Mozilla/5.0 AppleWebKit/537.36 (KHTML, like Gecko; compatible; ClaudeBot/1.0; [email protected])"
216.73.216.165 - - [15/Jul/2025:19:10:47 +0000] "GET /product/1017688205.shtm HTTP/1.1" 404 17050 "-" "Mozilla/5.0 AppleWebKit/537.36 (KHTML, like Gecko; compatible; ClaudeBot/1.0; [email protected])"
216.73.216.165 - - [15/Jul/2025:19:10:49 +0000] "GET /product/1017766779.shtm HTTP/1.1" 404 17050 "-" "Mozilla/5.0 AppleWebKit/537.36 (KHTML, like Gecko; compatible; ClaudeBot/1.0; [email protected])"
216.73.216.165 - - [15/Jul/2025:19:10:51 +0000] "GET /product/1017726403.shtm HTTP/1.1" 404 17050 "-" "Mozilla/5.0 AppleWebKit/537.36 (KHTML, like Gecko; compatible; ClaudeBot/1.0; [email protected])"
216.73.216.165 - - [15/Jul/2025:19:10:54 +0000] "GET /product/1017526881.shtm HTTP/1.1" 404 17050 "-" "Mozilla/5.0 AppleWebKit/537.36 (KHTML, like Gecko; compatible; ClaudeBot/1.0; [email protected])"
216.73.216.165 - - [15/Jul/2025:19:10:57 +0000] "GET /product/1017665960.shtm HTTP/1.1" 404 17050 "-" "Mozilla/5.0 AppleWebKit/537.36 (KHTML, like Gecko; compatible; ClaudeBot/1.0; [email protected])"
209.74.77.214 - - [15/Jul/2025:19:11:28 +0000] "POST /wp-cron.php?doing_wp_cron=1752606688.4151029586791992187500 HTTP/1.1" 200 - "-" "WordPress/6.8.1; https://diamondtiptiling.com"
216.73.216.165 - - [15/Jul/2025:19:11:28 +0000] "GET /product/1017247664.shtm HTTP/1.1" 404 17050 "-" "Mozilla/5.0 AppleWebKit/537.36 (KHTML, like Gecko; compatible; ClaudeBot/1.0; [email protected])"
216.73.216.165 - - [15/Jul/2025:19:11:33 +0000] "GET /product/1017284805.shtm HTTP/1.1" 404 17050 "-" "Mozilla/5.0 AppleWebKit/537.36 (KHTML, like Gecko; compatible; ClaudeBot/1.0; [email protected])"
216.73.216.165 - - [15/Jul/2025:19:11:36 +0000] "GET /product/1017244427.shtm HTTP/1.1" 404 17050 "-" "Mozilla/5.0 AppleWebKit/537.36 (KHTML, like Gecko; compatible; ClaudeBot/1.0; [email protected])"
216.73.216.165 - - [15/Jul/2025:19:11:39 +0000] "GET /product/1017736989.shtm HTTP/1.1" 404 17050 "-" "Mozilla/5.0 AppleWebKit/537.36 (KHTML, like Gecko; compatible; ClaudeBot/1.0; [email protected])"
216.73.216.165 - - [15/Jul/2025:19:11:42 +0000] "GET /product/1017562893.shtm HTTP/1.1" 404 17050 "-" "Mozilla/5.0 AppleWebKit/537.36 (KHTML, like Gecko; compatible; ClaudeBot/1.0; [email protected])"
