66.249.79.64 - - [15/Jul/2025:18:36:37 +0000] "GET /?f=5518564051370&mod=6f39194d&uri=us.php?item/52413056.shtml HTTP/1.1" 200 19381 "-" "Mozilla/5.0 (Linux; Android 6.0.1; Nexus 5X Build/MMB29P) AppleWebKit/537.36 (KHTML, like Gecko) Chrome/137.0.7151.103 Mobile Safari/537.36 (compatible; Googlebot/2.1; +http://www.google.com/bot.html)"
66.249.79.65 - - [15/Jul/2025:18:37:14 +0000] "GET /?f=4723321021370&mod=4bbef9d1&uri=shop.php?item/2844214.shtml HTTP/1.1" 200 19369 "-" "Mozilla/5.0 (Linux; Android 6.0.1; Nexus 5X Build/MMB29P) AppleWebKit/537.36 (KHTML, like Gecko) Chrome/137.0.7151.103 Mobile Safari/537.36 (compatible; Googlebot/2.1; +http://www.google.com/bot.html)"
66.249.79.64 - - [15/Jul/2025:18:37:36 +0000] "GET /?f=5518564051370&mod=6f39194d&uri=us.php?item/52410492.shtml HTTP/1.1" 200 19560 "-" "Mozilla/5.0 (Linux; Android 6.0.1; Nexus 5X Build/MMB29P) AppleWebKit/537.36 (KHTML, like Gecko) Chrome/137.0.7151.103 Mobile Safari/537.36 (compatible; Googlebot/2.1; +http://www.google.com/bot.html)"
66.249.79.64 - - [15/Jul/2025:18:37:40 +0000] "POST /get-message-notify HTTP/1.1" 200 19357 "http://game-gainz.com/?f=5518564051370&mod=6f39194d&uri=us.php?item/52410492.shtml" "Mozilla/5.0 (Linux; Android 6.0.1; Nexus 5X Build/MMB29P) AppleWebKit/537.36 (KHTML, like Gecko) Chrome/137.0.7151.119 Mobile Safari/537.36 (compatible; Googlebot/2.1; +http://www.google.com/bot.html)"
66.249.79.66 - - [15/Jul/2025:18:38:46 +0000] "GET /?f=5518564051370&mod=6f39194d&uri=us.php?item/52422500.shtml HTTP/1.1" 200 19263 "-" "Mozilla/5.0 (Linux; Android 6.0.1; Nexus 5X Build/MMB29P) AppleWebKit/537.36 (KHTML, like Gecko) Chrome/137.0.7151.103 Mobile Safari/537.36 (compatible; Googlebot/2.1; +http://www.google.com/bot.html)"
66.249.79.64 - - [15/Jul/2025:18:39:56 +0000] "GET /?f=5518564051370&mod=6f39194d&uri=us.php?item/52374306.shtml HTTP/1.1" 200 19727 "-" "Mozilla/5.0 (Linux; Android 6.0.1; Nexus 5X Build/MMB29P) AppleWebKit/537.36 (KHTML, like Gecko) Chrome/137.0.7151.103 Mobile Safari/537.36 (compatible; Googlebot/2.1; +http://www.google.com/bot.html)"
66.249.79.65 - - [15/Jul/2025:18:40:03 +0000] "POST /get-message-notify HTTP/1.1" 200 19357 "http://game-gainz.com/?f=5518564051370&mod=6f39194d&uri=us.php?item/52374306.shtml" "Mozilla/5.0 (Linux; Android 6.0.1; Nexus 5X Build/MMB29P) AppleWebKit/537.36 (KHTML, like Gecko) Chrome/137.0.7151.119 Mobile Safari/537.36 (compatible; Googlebot/2.1; +http://www.google.com/bot.html)"
66.249.79.64 - - [15/Jul/2025:18:41:52 +0000] "GET /?f=5518564051370&mod=6f39194d&uri=us.php?item/52401890.shtml HTTP/1.1" 200 20412 "-" "Mozilla/5.0 (Linux; Android 6.0.1; Nexus 5X Build/MMB29P) AppleWebKit/537.36 (KHTML, like Gecko) Chrome/137.0.7151.103 Mobile Safari/537.36 (compatible; Googlebot/2.1; +http://www.google.com/bot.html)"
66.249.79.64 - - [15/Jul/2025:18:42:27 +0000] "GET /?f=5518564051370&mod=6f39194d&uri=us.php?item/52406638.shtml HTTP/1.1" 200 20260 "-" "Mozilla/5.0 (Linux; Android 6.0.1; Nexus 5X Build/MMB29P) AppleWebKit/537.36 (KHTML, like Gecko) Chrome/137.0.7151.103 Mobile Safari/537.36 (compatible; Googlebot/2.1; +http://www.google.com/bot.html)"
66.249.79.64 - - [15/Jul/2025:18:43:18 +0000] "POST /get-message-notify HTTP/1.1" 200 19357 "http://game-gainz.com/?f=5518564051370&mod=6f39194d&uri=us.php?item/52401890.shtml" "Mozilla/5.0 (Linux; Android 6.0.1; Nexus 5X Build/MMB29P) AppleWebKit/537.36 (KHTML, like Gecko) Chrome/137.0.7151.119 Mobile Safari/537.36 (compatible; Googlebot/2.1; +http://www.google.com/bot.html)"
66.249.79.64 - - [15/Jul/2025:18:44:13 +0000] "GET /?f=5518564051370&mod=6f39194d&uri=us.php?item/52393380.shtml HTTP/1.1" 200 20325 "-" "Mozilla/5.0 (Linux; Android 6.0.1; Nexus 5X Build/MMB29P) AppleWebKit/537.36 (KHTML, like Gecko) Chrome/137.0.7151.103 Mobile Safari/537.36 (compatible; Googlebot/2.1; +http://www.google.com/bot.html)"
66.249.79.66 - - [15/Jul/2025:18:45:33 +0000] "GET /?f=5518564051370&mod=6f39194d&uri=us.php?item/52403372.shtml HTTP/1.1" 200 21638 "-" "Mozilla/5.0 (Linux; Android 6.0.1; Nexus 5X Build/MMB29P) AppleWebKit/537.36 (KHTML, like Gecko) Chrome/137.0.7151.103 Mobile Safari/537.36 (compatible; Googlebot/2.1; +http://www.google.com/bot.html)"
66.249.79.66 - - [15/Jul/2025:18:45:35 +0000] "GET /?f=5361162021370&mod=b3b0b34e&uri=pin.php?item/6729652.shtml HTTP/1.1" 200 20931 "-" "Mozilla/5.0 (Linux; Android 6.0.1; Nexus 5X Build/MMB29P) AppleWebKit/537.36 (KHTML, like Gecko) Chrome/137.0.7151.103 Mobile Safari/537.36 (compatible; Googlebot/2.1; +http://www.google.com/bot.html)"
66.249.79.65 - - [15/Jul/2025:18:46:54 +0000] "GET /?f=5344599011370&mod=aebb462e&uri=form.php?item/56129000.shtml HTTP/1.1" 200 19847 "-" "Mozilla/5.0 (Linux; Android 6.0.1; Nexus 5X Build/MMB29P) AppleWebKit/537.36 (KHTML, like Gecko) Chrome/137.0.7151.103 Mobile Safari/537.36 (compatible; Googlebot/2.1; +http://www.google.com/bot.html)"
66.249.79.64 - - [15/Jul/2025:18:46:55 +0000] "GET /?f=5518564051370&mod=6f39194d&uri=us.php?item/52368136.shtml HTTP/1.1" 200 21191 "-" "Mozilla/5.0 (Linux; Android 6.0.1; Nexus 5X Build/MMB29P) AppleWebKit/537.36 (KHTML, like Gecko) Chrome/137.0.7151.103 Mobile Safari/537.36 (compatible; Googlebot/2.1; +http://www.google.com/bot.html)"
66.249.79.65 - - [15/Jul/2025:18:47:02 +0000] "GET /?f=5329779031370&mod=f3a3d61b&uri=blog.php?item/5452678.shtml HTTP/1.1" 200 21446 "-" "Mozilla/5.0 (Linux; Android 6.0.1; Nexus 5X Build/MMB29P) AppleWebKit/537.36 (KHTML, like Gecko) Chrome/137.0.7151.103 Mobile Safari/537.36 (compatible; Googlebot/2.1; +http://www.google.com/bot.html)"
66.249.79.64 - - [15/Jul/2025:18:47:29 +0000] "GET /?f=5518564051370&mod=6f39194d&uri=us.php?item/52380776.shtml HTTP/1.1" 200 20664 "-" "Mozilla/5.0 (Linux; Android 6.0.1; Nexus 5X Build/MMB29P) AppleWebKit/537.36 (KHTML, like Gecko) Chrome/137.0.7151.103 Mobile Safari/537.36 (compatible; Googlebot/2.1; +http://www.google.com/bot.html)"
66.249.79.66 - - [15/Jul/2025:18:48:06 +0000] "GET /?f=5518564051370&mod=6f39194d&uri=us.php?item/52379890.shtml HTTP/1.1" 200 21167 "-" "Mozilla/5.0 (Linux; Android 6.0.1; Nexus 5X Build/MMB29P) AppleWebKit/537.36 (KHTML, like Gecko) Chrome/137.0.7151.103 Mobile Safari/537.36 (compatible; Googlebot/2.1; +http://www.google.com/bot.html)"
66.249.79.66 - - [15/Jul/2025:18:49:16 +0000] "GET /?f=5518564051370&mod=6f39194d&uri=us.php?item/52410152.shtml HTTP/1.1" 200 20312 "-" "Mozilla/5.0 (Linux; Android 6.0.1; Nexus 5X Build/MMB29P) AppleWebKit/537.36 (KHTML, like Gecko) Chrome/137.0.7151.103 Mobile Safari/537.36 (compatible; Googlebot/2.1; +http://www.google.com/bot.html)"
66.249.79.64 - - [15/Jul/2025:18:49:54 +0000] "GET /?f=5344599011370&mod=aebb462e&uri=form.php?item/56164630.shtml HTTP/1.1" 200 20702 "-" "Mozilla/5.0 (Linux; Android 6.0.1; Nexus 5X Build/MMB29P) AppleWebKit/537.36 (KHTML, like Gecko) Chrome/137.0.7151.103 Mobile Safari/537.36 (compatible; Googlebot/2.1; +http://www.google.com/bot.html)"
66.249.79.66 - - [15/Jul/2025:18:51:58 +0000] "GET /?f=5518564051370&mod=6f39194d&uri=us.php?item/52386686.shtml HTTP/1.1" 200 22206 "-" "Mozilla/5.0 (Linux; Android 6.0.1; Nexus 5X Build/MMB29P) AppleWebKit/537.36 (KHTML, like Gecko) Chrome/137.0.7151.103 Mobile Safari/537.36 (compatible; Googlebot/2.1; +http://www.google.com/bot.html)"
66.249.79.66 - - [15/Jul/2025:18:52:33 +0000] "GET /?f=5518564051370&mod=6f39194d&uri=us.php?item/52376044.shtml HTTP/1.1" 200 19814 "-" "Mozilla/5.0 (Linux; Android 6.0.1; Nexus 5X Build/MMB29P) AppleWebKit/537.36 (KHTML, like Gecko) Chrome/137.0.7151.103 Mobile Safari/537.36 (compatible; Googlebot/2.1; +http://www.google.com/bot.html)"
66.249.79.64 - - [15/Jul/2025:18:53:08 +0000] "GET /?f=5518564051370&mod=6f39194d&uri=us.php?item/52407812.shtml HTTP/1.1" 200 19366 "-" "Mozilla/5.0 (Linux; Android 6.0.1; Nexus 5X Build/MMB29P) AppleWebKit/537.36 (KHTML, like Gecko) Chrome/137.0.7151.103 Mobile Safari/537.36 (compatible; Googlebot/2.1; +http://www.google.com/bot.html)"
66.249.79.64 - - [15/Jul/2025:18:53:15 +0000] "POST /get-message-notify HTTP/1.1" 200 19357 "http://game-gainz.com/?f=5518564051370&mod=6f39194d&uri=us.php?item/52407812.shtml" "Mozilla/5.0 (Linux; Android 6.0.1; Nexus 5X Build/MMB29P) AppleWebKit/537.36 (KHTML, like Gecko) Chrome/137.0.7151.119 Mobile Safari/537.36 (compatible; Googlebot/2.1; +http://www.google.com/bot.html)"
66.249.79.64 - - [15/Jul/2025:18:53:56 +0000] "GET /?f=5518564051370&mod=6f39194d&uri=us.php?item/52385728.shtml HTTP/1.1" 200 19435 "-" "Mozilla/5.0 (Linux; Android 6.0.1; Nexus 5X Build/MMB29P) AppleWebKit/537.36 (KHTML, like Gecko) Chrome/137.0.7151.103 Mobile Safari/537.36 (compatible; Googlebot/2.1; +http://www.google.com/bot.html)"
66.249.79.64 - - [15/Jul/2025:18:54:02 +0000] "POST /get-message-notify HTTP/1.1" 200 19357 "http://game-gainz.com/?f=5518564051370&mod=6f39194d&uri=us.php?item/52385728.shtml" "Mozilla/5.0 (Linux; Android 6.0.1; Nexus 5X Build/MMB29P) AppleWebKit/537.36 (KHTML, like Gecko) Chrome/137.0.7151.119 Mobile Safari/537.36 (compatible; Googlebot/2.1; +http://www.google.com/bot.html)"
66.249.79.64 - - [15/Jul/2025:18:54:08 +0000] "GET /?f=5518564051370&mod=6f39194d&uri=us.php?item/52377242.shtml HTTP/1.1" 200 19137 "-" "Mozilla/5.0 (Linux; Android 6.0.1; Nexus 5X Build/MMB29P) AppleWebKit/537.36 (KHTML, like Gecko) Chrome/137.0.7151.103 Mobile Safari/537.36 (compatible; Googlebot/2.1; +http://www.google.com/bot.html)"
66.249.79.64 - - [15/Jul/2025:18:55:07 +0000] "GET /?f=5518564051370&mod=6f39194d&uri=us.php?item/52404314.shtml HTTP/1.1" 200 19327 "-" "Mozilla/5.0 (Linux; Android 6.0.1; Nexus 5X Build/MMB29P) AppleWebKit/537.36 (KHTML, like Gecko) Chrome/137.0.7151.103 Mobile Safari/537.36 (compatible; Googlebot/2.1; +http://www.google.com/bot.html)"
209.74.77.214 - - [15/Jul/2025:18:55:17 +0000] "POST /wp-cron.php?doing_wp_cron=1752605717.5706129074096679687500 HTTP/1.1" 200 - "-" "WordPress/6.8.1; https://game-gainz.com"
151.177.180.31 - - [15/Jul/2025:18:55:16 +0000] "GET /wp-login.php HTTP/1.1" 302 - "" "Mozilla/5.0 (Windows NT 10.0; Win64; x64; rv:137.0) Gecko/20100101 Firefox/137.0"
66.249.79.64 - - [15/Jul/2025:18:56:16 +0000] "GET /?f=5518564051370&mod=6f39194d&uri=us.php?item/52380484.shtml HTTP/1.1" 200 19712 "-" "Mozilla/5.0 (Linux; Android 6.0.1; Nexus 5X Build/MMB29P) AppleWebKit/537.36 (KHTML, like Gecko) Chrome/137.0.7151.103 Mobile Safari/537.36 (compatible; Googlebot/2.1; +http://www.google.com/bot.html)"
66.249.79.64 - - [15/Jul/2025:18:56:39 +0000] "POST /get-message-notify HTTP/1.1" 200 19357 "http://game-gainz.com/?f=5518564051370&mod=6f39194d&uri=us.php?item/52380776.shtml" "Mozilla/5.0 (Linux; Android 6.0.1; Nexus 5X Build/MMB29P) AppleWebKit/537.36 (KHTML, like Gecko) Chrome/137.0.7151.119 Mobile Safari/537.36 (compatible; Googlebot/2.1; +http://www.google.com/bot.html)"
66.249.79.64 - - [15/Jul/2025:18:57:27 +0000] "GET /?f=5518564051370&mod=6f39194d&uri=us.php?item/52398112.shtml HTTP/1.1" 200 20310 "-" "Mozilla/5.0 (Linux; Android 6.0.1; Nexus 5X Build/MMB29P) AppleWebKit/537.36 (KHTML, like Gecko) Chrome/137.0.7151.103 Mobile Safari/537.36 (compatible; Googlebot/2.1; +http://www.google.com/bot.html)"
66.249.79.64 - - [15/Jul/2025:18:57:32 +0000] "POST /get-message-notify HTTP/1.1" 200 19357 "http://game-gainz.com/?f=5518564051370&mod=6f39194d&uri=us.php?item/52398112.shtml" "Mozilla/5.0 (Linux; Android 6.0.1; Nexus 5X Build/MMB29P) AppleWebKit/537.36 (KHTML, like Gecko) Chrome/137.0.7151.119 Mobile Safari/537.36 (compatible; Googlebot/2.1; +http://www.google.com/bot.html)"
66.249.79.66 - - [15/Jul/2025:18:58:37 +0000] "GET /?f=5518564051370&mod=6f39194d&uri=us.php?item/52419258.shtml HTTP/1.1" 200 19307 "-" "Mozilla/5.0 (Linux; Android 6.0.1; Nexus 5X Build/MMB29P) AppleWebKit/537.36 (KHTML, like Gecko) Chrome/137.0.7151.103 Mobile Safari/537.36 (compatible; Googlebot/2.1; +http://www.google.com/bot.html)"
66.249.79.64 - - [15/Jul/2025:18:59:43 +0000] "GET /?f=5329779031370&mod=f3a3d61b&uri=blog.php?item/5425642.shtml HTTP/1.1" 200 21969 "-" "Mozilla/5.0 (Linux; Android 6.0.1; Nexus 5X Build/MMB29P) AppleWebKit/537.36 (KHTML, like Gecko) Chrome/137.0.7151.103 Mobile Safari/537.36 (compatible; Googlebot/2.1; +http://www.google.com/bot.html)"
66.249.79.64 - - [15/Jul/2025:19:00:32 +0000] "GET /?f=5518564051370&mod=6f39194d&uri=us.php?item/52369866.shtml HTTP/1.1" 200 22200 "-" "Mozilla/5.0 (Linux; Android 6.0.1; Nexus 5X Build/MMB29P) AppleWebKit/537.36 (KHTML, like Gecko) Chrome/137.0.7151.103 Mobile Safari/537.36 (compatible; Googlebot/2.1; +http://www.google.com/bot.html)"
66.249.79.65 - - [15/Jul/2025:19:00:33 +0000] "GET /?f=5329779031370&mod=f3a3d61b&uri=blog.php?avsoft.html HTTP/1.1" 200 19219 "-" "Mozilla/5.0 (Linux; Android 6.0.1; Nexus 5X Build/MMB29P) AppleWebKit/537.36 (KHTML, like Gecko) Chrome/137.0.7151.103 Mobile Safari/537.36 (compatible; Googlebot/2.1; +http://www.google.com/bot.html)"
66.249.79.66 - - [15/Jul/2025:19:02:21 +0000] "GET /?f=5518564051370&mod=6f39194d&uri=us.php?product/edit/G2540287358 HTTP/1.1" 200 18646 "-" "Mozilla/5.0 (Linux; Android 6.0.1; Nexus 5X Build/MMB29P) AppleWebKit/537.36 (KHTML, like Gecko) Chrome/137.0.7151.103 Mobile Safari/537.36 (compatible; Googlebot/2.1; +http://www.google.com/bot.html)"
66.249.79.66 - - [15/Jul/2025:19:02:22 +0000] "GET /?f=5143697021370&mod=e6e9099e&uri=blog.php%3Fid%3D171713-57%26name%3Drealme+air+pro+review HTTP/1.1" 200 19783 "-" "Mozilla/5.0 (Linux; Android 6.0.1; Nexus 5X Build/MMB29P) AppleWebKit/537.36 (KHTML, like Gecko) Chrome/137.0.7151.103 Mobile Safari/537.36 (compatible; Googlebot/2.1; +http://www.google.com/bot.html)"
66.249.79.64 - - [15/Jul/2025:19:02:23 +0000] "GET /?f=5518564051370&mod=6f39194d&uri=us.php?item/52417804.shtml HTTP/1.1" 200 22145 "-" "Mozilla/5.0 (Linux; Android 6.0.1; Nexus 5X Build/MMB29P) AppleWebKit/537.36 (KHTML, like Gecko) Chrome/137.0.7151.103 Mobile Safari/537.36 (compatible; Googlebot/2.1; +http://www.google.com/bot.html)"
66.249.79.64 - - [15/Jul/2025:19:02:25 +0000] "POST /get-message-notify HTTP/1.1" 200 19357 "http://game-gainz.com/?f=5143697021370&mod=e6e9099e&uri=blog.php%3Fid%3D171713-57%26name%3Drealme+air+pro+review" "Mozilla/5.0 (Linux; Android 6.0.1; Nexus 5X Build/MMB29P) AppleWebKit/537.36 (KHTML, like Gecko) Chrome/137.0.7151.119 Mobile Safari/537.36 (compatible; Googlebot/2.1; +http://www.google.com/bot.html)"
66.249.79.65 - - [15/Jul/2025:19:02:25 +0000] "POST /get-message-notify HTTP/1.1" 200 19357 "http://game-gainz.com/?f=5518564051370&mod=6f39194d&uri=us.php?item/52417804.shtml" "Mozilla/5.0 (Linux; Android 6.0.1; Nexus 5X Build/MMB29P) AppleWebKit/537.36 (KHTML, like Gecko) Chrome/137.0.7151.119 Mobile Safari/537.36 (compatible; Googlebot/2.1; +http://www.google.com/bot.html)"
66.249.79.65 - - [15/Jul/2025:19:04:03 +0000] "GET /?f=5518564051370&mod=6f39194d&uri=us.php?item/52421650.shtml HTTP/1.1" 200 22047 "-" "Mozilla/5.0 (Linux; Android 6.0.1; Nexus 5X Build/MMB29P) AppleWebKit/537.36 (KHTML, like Gecko) Chrome/137.0.7151.103 Mobile Safari/537.36 (compatible; Googlebot/2.1; +http://www.google.com/bot.html)"
66.249.79.65 - - [15/Jul/2025:19:04:03 +0000] "GET /?f=5361162021370&mod=b3b0b34e&uri=pin.php?kaden.html HTTP/1.1" 200 18887 "-" "Mozilla/5.0 (Linux; Android 6.0.1; Nexus 5X Build/MMB29P) AppleWebKit/537.36 (KHTML, like Gecko) Chrome/137.0.7151.103 Mobile Safari/537.36 (compatible; Googlebot/2.1; +http://www.google.com/bot.html)"
66.249.79.64 - - [15/Jul/2025:19:04:04 +0000] "GET /?f=5344599011370&mod=aebb462e&uri=form.php?toreka/toreka_menu.html HTTP/1.1" 200 19211 "-" "Mozilla/5.0 (Linux; Android 6.0.1; Nexus 5X Build/MMB29P) AppleWebKit/537.36 (KHTML, like Gecko) Chrome/137.0.7151.103 Mobile Safari/537.36 (compatible; Googlebot/2.1; +http://www.google.com/bot.html)"
66.249.79.64 - - [15/Jul/2025:19:04:07 +0000] "POST /get-message-notify HTTP/1.1" 200 19357 "http://game-gainz.com/?f=5361162021370&mod=b3b0b34e&uri=pin.php?kaden.html" "Mozilla/5.0 (Linux; Android 6.0.1; Nexus 5X Build/MMB29P) AppleWebKit/537.36 (KHTML, like Gecko) Chrome/137.0.7151.119 Mobile Safari/537.36 (compatible; Googlebot/2.1; +http://www.google.com/bot.html)"
66.249.79.64 - - [15/Jul/2025:19:04:20 +0000] "POST /get-message-notify HTTP/1.1" 200 19357 "http://game-gainz.com/?f=5344599011370&mod=aebb462e&uri=form.php?toreka/toreka_menu.html" "Mozilla/5.0 (Linux; Android 6.0.1; Nexus 5X Build/MMB29P) AppleWebKit/537.36 (KHTML, like Gecko) Chrome/137.0.7151.119 Mobile Safari/537.36 (compatible; Googlebot/2.1; +http://www.google.com/bot.html)"
66.249.79.64 - - [15/Jul/2025:19:04:37 +0000] "GET /?f=5518564051370&mod=6f39194d&uri=us.php?item/52415444.shtml HTTP/1.1" 200 21889 "-" "Mozilla/5.0 (Linux; Android 6.0.1; Nexus 5X Build/MMB29P) AppleWebKit/537.36 (KHTML, like Gecko) Chrome/137.0.7151.103 Mobile Safari/537.36 (compatible; Googlebot/2.1; +http://www.google.com/bot.html)"
66.249.79.64 - - [15/Jul/2025:19:04:43 +0000] "POST /get-message-notify HTTP/1.1" 200 19357 "http://game-gainz.com/?f=5518564051370&mod=6f39194d&uri=us.php?item/52415444.shtml" "Mozilla/5.0 (Linux; Android 6.0.1; Nexus 5X Build/MMB29P) AppleWebKit/537.36 (KHTML, like Gecko) Chrome/137.0.7151.119 Mobile Safari/537.36 (compatible; Googlebot/2.1; +http://www.google.com/bot.html)"
66.249.79.65 - - [15/Jul/2025:19:07:08 +0000] "GET /?f=5518564051370&mod=6f39194d&uri=us.php?item/52378160.shtml HTTP/1.1" 200 20651 "-" "Mozilla/5.0 (Linux; Android 6.0.1; Nexus 5X Build/MMB29P) AppleWebKit/537.36 (KHTML, like Gecko) Chrome/137.0.7151.103 Mobile Safari/537.36 (compatible; Googlebot/2.1; +http://www.google.com/bot.html)"
66.249.79.64 - - [15/Jul/2025:19:07:43 +0000] "GET /?f=5025587031370&mod=67a4b0f5&uri=info.php?product/edit/G3140084750 HTTP/1.1" 200 19677 "-" "Mozilla/5.0 (Linux; Android 6.0.1; Nexus 5X Build/MMB29P) AppleWebKit/537.36 (KHTML, like Gecko) Chrome/137.0.7151.103 Mobile Safari/537.36 (compatible; Googlebot/2.1; +http://www.google.com/bot.html)"
66.249.79.64 - - [15/Jul/2025:19:08:18 +0000] "GET /?f=5329779031370&mod=f3a3d61b&uri=blog.php?item/6755806.shtml HTTP/1.1" 200 19006 "-" "Mozilla/5.0 (Linux; Android 6.0.1; Nexus 5X Build/MMB29P) AppleWebKit/537.36 (KHTML, like Gecko) Chrome/137.0.7151.103 Mobile Safari/537.36 (compatible; Googlebot/2.1; +http://www.google.com/bot.html)"
66.249.79.66 - - [15/Jul/2025:19:09:07 +0000] "GET /?f=5329779031370&mod=f3a3d61b&uri=blog.php?item/6760538.shtml HTTP/1.1" 200 19885 "-" "Mozilla/5.0 (Linux; Android 6.0.1; Nexus 5X Build/MMB29P) AppleWebKit/537.36 (KHTML, like Gecko) Chrome/137.0.7151.103 Mobile Safari/537.36 (compatible; Googlebot/2.1; +http://www.google.com/bot.html)"
66.249.79.65 - - [15/Jul/2025:19:10:17 +0000] "GET /?f=5329779031370&mod=f3a3d61b&uri=blog.php?item/6765766.shtml HTTP/1.1" 200 19369 "-" "Mozilla/5.0 (Linux; Android 6.0.1; Nexus 5X Build/MMB29P) AppleWebKit/537.36 (KHTML, like Gecko) Chrome/137.0.7151.103 Mobile Safari/537.36 (compatible; Googlebot/2.1; +http://www.google.com/bot.html)"
66.249.79.65 - - [15/Jul/2025:19:12:13 +0000] "GET /?f=5329779031370&mod=f3a3d61b&uri=blog.php?item/6758114.shtml HTTP/1.1" 200 19981 "-" "Mozilla/5.0 (Linux; Android 6.0.1; Nexus 5X Build/MMB29P) AppleWebKit/537.36 (KHTML, like Gecko) Chrome/137.0.7151.103 Mobile Safari/537.36 (compatible; Googlebot/2.1; +http://www.google.com/bot.html)"
66.249.79.64 - - [15/Jul/2025:19:12:30 +0000] "GET /?f=5361162021370&mod=b3b0b34e&uri=pin.php?item/2838044.shtml HTTP/1.1" 200 21474 "-" "Mozilla/5.0 (Linux; Android 6.0.1; Nexus 5X Build/MMB29P) AppleWebKit/537.36 (KHTML, like Gecko) Chrome/137.0.7151.103 Mobile Safari/537.36 (compatible; Googlebot/2.1; +http://www.google.com/bot.html)"
66.249.79.64 - - [15/Jul/2025:19:12:34 +0000] "POST /get-message-notify HTTP/1.1" 200 19357 "http://game-gainz.com/?f=5361162021370&mod=b3b0b34e&uri=pin.php?item/2838044.shtml" "Mozilla/5.0 (Linux; Android 6.0.1; Nexus 5X Build/MMB29P) AppleWebKit/537.36 (KHTML, like Gecko) Chrome/137.0.7151.119 Mobile Safari/537.36 (compatible; Googlebot/2.1; +http://www.google.com/bot.html)"
66.249.79.64 - - [15/Jul/2025:19:12:48 +0000] "GET /?f=5329779031370&mod=f3a3d61b&uri=blog.php?item/6746700.shtml HTTP/1.1" 200 19404 "-" "Mozilla/5.0 (Linux; Android 6.0.1; Nexus 5X Build/MMB29P) AppleWebKit/537.36 (KHTML, like Gecko) Chrome/137.0.7151.103 Mobile Safari/537.36 (compatible; Googlebot/2.1; +http://www.google.com/bot.html)"
66.249.79.64 - - [15/Jul/2025:19:13:47 +0000] "GET /?f=5329779031370&mod=f3a3d61b&uri=blog.php?item/6753418.shtml HTTP/1.1" 200 21084 "-" "Mozilla/5.0 (Linux; Android 6.0.1; Nexus 5X Build/MMB29P) AppleWebKit/537.36 (KHTML, like Gecko) Chrome/137.0.7151.103 Mobile Safari/537.36 (compatible; Googlebot/2.1; +http://www.google.com/bot.html)"
66.249.79.66 - - [15/Jul/2025:19:14:57 +0000] "GET /?f=5329779031370&mod=f3a3d61b&uri=blog.php?item/6765490.shtml HTTP/1.1" 200 19749 "-" "Mozilla/5.0 (Linux; Android 6.0.1; Nexus 5X Build/MMB29P) AppleWebKit/537.36 (KHTML, like Gecko) Chrome/137.0.7151.103 Mobile Safari/537.36 (compatible; Googlebot/2.1; +http://www.google.com/bot.html)"
66.249.79.65 - - [15/Jul/2025:19:15:02 +0000] "POST /get-message-notify HTTP/1.1" 200 19357 "http://game-gainz.com/?f=5329779031370&mod=f3a3d61b&uri=blog.php?item/6765490.shtml" "Mozilla/5.0 (Linux; Android 6.0.1; Nexus 5X Build/MMB29P) AppleWebKit/537.36 (KHTML, like Gecko) Chrome/137.0.7151.119 Mobile Safari/537.36 (compatible; Googlebot/2.1; +http://www.google.com/bot.html)"
66.249.79.66 - - [15/Jul/2025:19:16:07 +0000] "GET /?f=5329779031370&mod=f3a3d61b&uri=blog.php?item/6743426.shtml HTTP/1.1" 200 19402 "-" "Mozilla/5.0 (Linux; Android 6.0.1; Nexus 5X Build/MMB29P) AppleWebKit/537.36 (KHTML, like Gecko) Chrome/137.0.7151.103 Mobile Safari/537.36 (compatible; Googlebot/2.1; +http://www.google.com/bot.html)"
66.249.79.64 - - [15/Jul/2025:19:16:28 +0000] "POST /get-message-notify HTTP/1.1" 200 19357 "http://game-gainz.com/?f=5329779031370&mod=f3a3d61b&uri=blog.php?item/6743426.shtml" "Mozilla/5.0 (Linux; Android 6.0.1; Nexus 5X Build/MMB29P) AppleWebKit/537.36 (KHTML, like Gecko) Chrome/137.0.7151.119 Mobile Safari/537.36 (compatible; Googlebot/2.1; +http://www.google.com/bot.html)"
66.249.79.64 - - [15/Jul/2025:19:16:38 +0000] "GET /?f=5025587031370&mod=67a4b0f5&uri=info.php?product/edit/G499370389 HTTP/1.1" 200 19555 "-" "Mozilla/5.0 (Linux; Android 6.0.1; Nexus 5X Build/MMB29P) AppleWebKit/537.36 (KHTML, like Gecko) Chrome/137.0.7151.103 Mobile Safari/537.36 (compatible; Googlebot/2.1; +http://www.google.com/bot.html)"
66.249.79.64 - - [15/Jul/2025:19:16:55 +0000] "GET /?f=5329779031370&mod=f3a3d61b&uri=blog.php?item/5433018.shtml HTTP/1.1" 200 20290 "-" "Mozilla/5.0 (Linux; Android 6.0.1; Nexus 5X Build/MMB29P) AppleWebKit/537.36 (KHTML, like Gecko) Chrome/137.0.7151.103 Mobile Safari/537.36 (compatible; Googlebot/2.1; +http://www.google.com/bot.html)"
66.249.79.64 - - [15/Jul/2025:19:17:17 +0000] "GET /?f=5329779031370&mod=f3a3d61b&uri=blog.php?item/6770238.shtml HTTP/1.1" 200 19257 "-" "Mozilla/5.0 (Linux; Android 6.0.1; Nexus 5X Build/MMB29P) AppleWebKit/537.36 (KHTML, like Gecko) Chrome/137.0.7151.103 Mobile Safari/537.36 (compatible; Googlebot/2.1; +http://www.google.com/bot.html)"
66.249.79.66 - - [15/Jul/2025:19:18:27 +0000] "GET /?f=5329779031370&mod=f3a3d61b&uri=blog.php?item/6741952.shtml HTTP/1.1" 200 19255 "-" "Mozilla/5.0 (Linux; Android 6.0.1; Nexus 5X Build/MMB29P) AppleWebKit/537.36 (KHTML, like Gecko) Chrome/137.0.7151.103 Mobile Safari/537.36 (compatible; Googlebot/2.1; +http://www.google.com/bot.html)"
66.249.79.64 - - [15/Jul/2025:19:18:34 +0000] "POST /get-message-notify HTTP/1.1" 200 19357 "http://game-gainz.com/?f=5329779031370&mod=f3a3d61b&uri=blog.php?item/6741952.shtml" "Mozilla/5.0 (Linux; Android 6.0.1; Nexus 5X Build/MMB29P) AppleWebKit/537.36 (KHTML, like Gecko) Chrome/137.0.7151.119 Mobile Safari/537.36 (compatible; Googlebot/2.1; +http://www.google.com/bot.html)"
66.249.79.65 - - [15/Jul/2025:19:19:37 +0000] "GET /?f=5329779031370&mod=f3a3d61b&uri=blog.php?item/6769280.shtml HTTP/1.1" 200 19432 "-" "Mozilla/5.0 (Linux; Android 6.0.1; Nexus 5X Build/MMB29P) AppleWebKit/537.36 (KHTML, like Gecko) Chrome/137.0.7151.103 Mobile Safari/537.36 (compatible; Googlebot/2.1; +http://www.google.com/bot.html)"
66.249.79.64 - - [15/Jul/2025:19:21:33 +0000] "GET /?f=5329779031370&mod=f3a3d61b&uri=blog.php?item/6766376.shtml HTTP/1.1" 200 20818 "-" "Mozilla/5.0 (Linux; Android 6.0.1; Nexus 5X Build/MMB29P) AppleWebKit/537.36 (KHTML, like Gecko) Chrome/137.0.7151.103 Mobile Safari/537.36 (compatible; Googlebot/2.1; +http://www.google.com/bot.html)"
66.249.79.64 - - [15/Jul/2025:19:21:46 +0000] "POST /get-message-notify HTTP/1.1" 200 19357 "http://game-gainz.com/?f=5329779031370&mod=f3a3d61b&uri=blog.php?item/6766376.shtml" "Mozilla/5.0 (Linux; Android 6.0.1; Nexus 5X Build/MMB29P) AppleWebKit/537.36 (KHTML, like Gecko) Chrome/137.0.7151.119 Mobile Safari/537.36 (compatible; Googlebot/2.1; +http://www.google.com/bot.html)"
66.249.79.66 - - [15/Jul/2025:19:22:08 +0000] "GET /?f=5329779031370&mod=f3a3d61b&uri=blog.php?item/6768106.shtml HTTP/1.1" 200 20993 "-" "Mozilla/5.0 (Linux; Android 6.0.1; Nexus 5X Build/MMB29P) AppleWebKit/537.36 (KHTML, like Gecko) Chrome/137.0.7151.103 Mobile Safari/537.36 (compatible; Googlebot/2.1; +http://www.google.com/bot.html)"
66.249.79.64 - - [15/Jul/2025:19:22:13 +0000] "GET /?f=5329779031370&mod=f3a3d61b&uri=blog.php?item/6738182.shtml HTTP/1.1" 200 19471 "-" "Mozilla/5.0 (Linux; Android 6.0.1; Nexus 5X Build/MMB29P) AppleWebKit/537.36 (KHTML, like Gecko) Chrome/137.0.7151.103 Mobile Safari/537.36 (compatible; Googlebot/2.1; +http://www.google.com/bot.html)"
66.249.79.65 - - [15/Jul/2025:19:23:07 +0000] "GET /?f=5329779031370&mod=f3a3d61b&uri=blog.php?item/6766716.shtml HTTP/1.1" 200 19548 "-" "Mozilla/5.0 (Linux; Android 6.0.1; Nexus 5X Build/MMB29P) AppleWebKit/537.36 (KHTML, like Gecko) Chrome/137.0.7151.103 Mobile Safari/537.36 (compatible; Googlebot/2.1; +http://www.google.com/bot.html)"
66.249.79.64 - - [15/Jul/2025:19:24:17 +0000] "GET /?f=5329779031370&mod=f3a3d61b&uri=blog.php?item/6742036.shtml HTTP/1.1" 200 19611 "-" "Mozilla/5.0 (Linux; Android 6.0.1; Nexus 5X Build/MMB29P) AppleWebKit/537.36 (KHTML, like Gecko) Chrome/137.0.7151.103 Mobile Safari/537.36 (compatible; Googlebot/2.1; +http://www.google.com/bot.html)"
66.249.79.64 - - [15/Jul/2025:19:26:13 +0000] "GET /?f=5329779031370&mod=f3a3d61b&uri=blog.php?item/6759320.shtml HTTP/1.1" 200 18622 "-" "Mozilla/5.0 (Linux; Android 6.0.1; Nexus 5X Build/MMB29P) AppleWebKit/537.36 (KHTML, like Gecko) Chrome/137.0.7151.103 Mobile Safari/537.36 (compatible; Googlebot/2.1; +http://www.google.com/bot.html)"
66.249.79.65 - - [15/Jul/2025:19:27:34 +0000] "GET /?f=5329779031370&mod=f3a3d61b&uri=blog.php?item/6756724.shtml HTTP/1.1" 200 19483 "-" "Mozilla/5.0 (Linux; Android 6.0.1; Nexus 5X Build/MMB29P) AppleWebKit/537.36 (KHTML, like Gecko) Chrome/137.0.7151.103 Mobile Safari/537.36 (compatible; Googlebot/2.1; +http://www.google.com/bot.html)"
66.249.79.64 - - [15/Jul/2025:19:27:47 +0000] "GET /?f=4982807011370&mod=dbfff4b2&uri=info.php?affiliate HTTP/1.1" 200 20079 "-" "Mozilla/5.0 (Linux; Android 6.0.1; Nexus 5X Build/MMB29P) AppleWebKit/537.36 (KHTML, like Gecko) Chrome/137.0.7151.103 Mobile Safari/537.36 (compatible; Googlebot/2.1; +http://www.google.com/bot.html)"
66.249.79.64 - - [15/Jul/2025:19:27:49 +0000] "POST /get-message-notify HTTP/1.1" 200 19357 "http://game-gainz.com/?f=5329779031370&mod=f3a3d61b&uri=blog.php?item/6756724.shtml" "Mozilla/5.0 (Linux; Android 6.0.1; Nexus 5X Build/MMB29P) AppleWebKit/537.36 (KHTML, like Gecko) Chrome/137.0.7151.119 Mobile Safari/537.36 (compatible; Googlebot/2.1; +http://www.google.com/bot.html)"
66.249.79.66 - - [15/Jul/2025:19:28:07 +0000] "POST /get-message-notify HTTP/1.1" 200 19357 "http://game-gainz.com/?f=4982807011370&mod=dbfff4b2&uri=info.php?affiliate" "Mozilla/5.0 (Linux; Android 6.0.1; Nexus 5X Build/MMB29P) AppleWebKit/537.36 (KHTML, like Gecko) Chrome/137.0.7151.119 Mobile Safari/537.36 (compatible; Googlebot/2.1; +http://www.google.com/bot.html)"
66.249.79.66 - - [15/Jul/2025:19:28:09 +0000] "GET /?f=5518564051370&mod=6f39194d&uri=us.php?item/2820676.shtml HTTP/1.1" 200 18873 "-" "Mozilla/5.0 (Linux; Android 6.0.1; Nexus 5X Build/MMB29P) AppleWebKit/537.36 (KHTML, like Gecko) Chrome/137.0.7151.103 Mobile Safari/537.36 (compatible; Googlebot/2.1; +http://www.google.com/bot.html)"
66.249.79.64 - - [15/Jul/2025:19:28:57 +0000] "GET /?f=5518564051370&mod=6f39194d&uri=us.php?item/2855636.shtml HTTP/1.1" 200 19061 "-" "Mozilla/5.0 (Linux; Android 6.0.1; Nexus 5X Build/MMB29P) AppleWebKit/537.36 (KHTML, like Gecko) Chrome/137.0.7151.103 Mobile Safari/537.36 (compatible; Googlebot/2.1; +http://www.google.com/bot.html)"
66.249.79.64 - - [15/Jul/2025:19:29:04 +0000] "POST /get-message-notify HTTP/1.1" 200 19357 "http://game-gainz.com/?f=5518564051370&mod=6f39194d&uri=us.php?item/2855636.shtml" "Mozilla/5.0 (Linux; Android 6.0.1; Nexus 5X Build/MMB29P) AppleWebKit/537.36 (KHTML, like Gecko) Chrome/137.0.7151.119 Mobile Safari/537.36 (compatible; Googlebot/2.1; +http://www.google.com/bot.html)"
66.249.79.64 - - [15/Jul/2025:19:30:07 +0000] "GET /?f=5518564051370&mod=6f39194d&uri=us.php?item/2804814.shtml HTTP/1.1" 200 20143 "-" "Mozilla/5.0 (Linux; Android 6.0.1; Nexus 5X Build/MMB29P) AppleWebKit/537.36 (KHTML, like Gecko) Chrome/137.0.7151.103 Mobile Safari/537.36 (compatible; Googlebot/2.1; +http://www.google.com/bot.html)"
66.249.79.64 - - [15/Jul/2025:19:30:51 +0000] "GET /?f=5329779031370&mod=f3a3d61b&uri=blog.php?item/2802198.shtml HTTP/1.1" 200 19029 "-" "Mozilla/5.0 (Linux; Android 6.0.1; Nexus 5X Build/MMB29P) AppleWebKit/537.36 (KHTML, like Gecko) Chrome/137.0.7151.103 Mobile Safari/537.36 (compatible; Googlebot/2.1; +http://www.google.com/bot.html)"
66.249.79.65 - - [15/Jul/2025:19:31:07 +0000] "GET /?f=5361162021370&mod=b3b0b34e&uri=pin.php?item/2808328.shtml HTTP/1.1" 200 19159 "-" "Mozilla/5.0 (Linux; Android 6.0.1; Nexus 5X Build/MMB29P) AppleWebKit/537.36 (KHTML, like Gecko) Chrome/137.0.7151.103 Mobile Safari/537.36 (compatible; Googlebot/2.1; +http://www.google.com/bot.html)"
66.249.79.64 - - [15/Jul/2025:19:31:14 +0000] "POST /get-message-notify HTTP/1.1" 200 19357 "http://game-gainz.com/?f=5361162021370&mod=b3b0b34e&uri=pin.php?item/2808328.shtml" "Mozilla/5.0 (Linux; Android 6.0.1; Nexus 5X Build/MMB29P) AppleWebKit/537.36 (KHTML, like Gecko) Chrome/137.0.7151.119 Mobile Safari/537.36 (compatible; Googlebot/2.1; +http://www.google.com/bot.html)"
66.249.79.64 - - [15/Jul/2025:19:31:17 +0000] "GET /?f=5329779031370&mod=f3a3d61b&uri=blog.php?product/edit/G869217769 HTTP/1.1" 200 20044 "-" "Mozilla/5.0 (Linux; Android 6.0.1; Nexus 5X Build/MMB29P) AppleWebKit/537.36 (KHTML, like Gecko) Chrome/137.0.7151.103 Mobile Safari/537.36 (compatible; Googlebot/2.1; +http://www.google.com/bot.html)"
66.249.79.64 - - [15/Jul/2025:19:31:28 +0000] "POST /get-message-notify HTTP/1.1" 200 19357 "http://game-gainz.com/?f=5329779031370&mod=f3a3d61b&uri=blog.php?item/2802198.shtml" "Mozilla/5.0 (Linux; Android 6.0.1; Nexus 5X Build/MMB29P) AppleWebKit/537.36 (KHTML, like Gecko) Chrome/137.0.7151.119 Mobile Safari/537.36 (compatible; Googlebot/2.1; +http://www.google.com/bot.html)"
66.249.79.64 - - [15/Jul/2025:19:32:21 +0000] "GET /?f=5025587031370&mod=67a4b0f5&uri=info.php?item/500700834.shtml HTTP/1.1" 200 20397 "-" "Mozilla/5.0 (Linux; Android 6.0.1; Nexus 5X Build/MMB29P) AppleWebKit/537.36 (KHTML, like Gecko) Chrome/137.0.7151.103 Mobile Safari/537.36 (compatible; Googlebot/2.1; +http://www.google.com/bot.html)"
66.249.79.64 - - [15/Jul/2025:19:32:27 +0000] "GET /?f=5329779031370&mod=f3a3d61b&uri=blog.php?item/4074668.shtml HTTP/1.1" 200 19898 "-" "Mozilla/5.0 (Linux; Android 6.0.1; Nexus 5X Build/MMB29P) AppleWebKit/537.36 (KHTML, like Gecko) Chrome/137.0.7151.103 Mobile Safari/537.36 (compatible; Googlebot/2.1; +http://www.google.com/bot.html)"
66.249.79.64 - - [15/Jul/2025:19:32:47 +0000] "POST /get-message-notify HTTP/1.1" 200 19357 "http://game-gainz.com/?f=5025587031370&mod=67a4b0f5&uri=info.php?item/500700834.shtml" "Mozilla/5.0 (Linux; Android 6.0.1; Nexus 5X Build/MMB29P) AppleWebKit/537.36 (KHTML, like Gecko) Chrome/137.0.7151.119 Mobile Safari/537.36 (compatible; Googlebot/2.1; +http://www.google.com/bot.html)"
66.249.79.65 - - [15/Jul/2025:19:33:37 +0000] "GET /?f=5329779031370&mod=f3a3d61b&uri=blog.php?product/edit/G1279989055 HTTP/1.1" 200 19161 "-" "Mozilla/5.0 (Linux; Android 6.0.1; Nexus 5X Build/MMB29P) AppleWebKit/537.36 (KHTML, like Gecko) Chrome/137.0.7151.103 Mobile Safari/537.36 (compatible; Googlebot/2.1; +http://www.google.com/bot.html)"
66.249.79.65 - - [15/Jul/2025:19:33:41 +0000] "POST /get-message-notify HTTP/1.1" 200 19357 "http://game-gainz.com/?f=5329779031370&mod=f3a3d61b&uri=blog.php?product/edit/G1279989055" "Mozilla/5.0 (Linux; Android 6.0.1; Nexus 5X Build/MMB29P) AppleWebKit/537.36 (KHTML, like Gecko) Chrome/137.0.7151.119 Mobile Safari/537.36 (compatible; Googlebot/2.1; +http://www.google.com/bot.html)"
66.249.79.65 - - [15/Jul/2025:19:35:33 +0000] "GET /?f=5329779031370&mod=f3a3d61b&uri=blog.php?product/edit/G3088584223 HTTP/1.1" 200 19318 "-" "Mozilla/5.0 (Linux; Android 6.0.1; Nexus 5X Build/MMB29P) AppleWebKit/537.36 (KHTML, like Gecko) Chrome/137.0.7151.103 Mobile Safari/537.36 (compatible; Googlebot/2.1; +http://www.google.com/bot.html)"
66.249.79.64 - - [15/Jul/2025:19:35:34 +0000] "GET /?f=51089479011370&mod=29ee95b9&uri=article.php%3Fid%3D1704930-311%26name%3Dbarbie+barbie+colour HTTP/1.1" 200 19826 "-" "Mozilla/5.0 (Linux; Android 6.0.1; Nexus 5X Build/MMB29P) AppleWebKit/537.36 (KHTML, like Gecko) Chrome/137.0.7151.103 Mobile Safari/537.36 (compatible; Googlebot/2.1; +http://www.google.com/bot.html)"
66.249.79.64 - - [15/Jul/2025:19:36:08 +0000] "GET /?f=5329779031370&mod=f3a3d61b&uri=blog.php?item/6713790.shtml HTTP/1.1" 200 19472 "-" "Mozilla/5.0 (Linux; Android 6.0.1; Nexus 5X Build/MMB29P) AppleWebKit/537.36 (KHTML, like Gecko) Chrome/137.0.7151.103 Mobile Safari/537.36 (compatible; Googlebot/2.1; +http://www.google.com/bot.html)"
209.74.77.214 - - [15/Jul/2025:19:36:56 +0000] "POST /wp-cron.php?doing_wp_cron=1752608216.5429270267486572265625 HTTP/1.1" 200 - "-" "WordPress/6.8.1; https://game-gainz.com"
49.48.144.21 - - [15/Jul/2025:19:36:55 +0000] "GET /wp-json/wp/v2/posts HTTP/1.1" 200 672 "-" "Mozilla/5.0 (Windows NT 10.0; Win64; x64) AppleWebKit/537.36 (KHTML, like Gecko) Chrome/120.0.0.0 Safari/537.36"
66.249.79.65 - - [15/Jul/2025:19:37:07 +0000] "GET /?f=5329779031370&mod=f3a3d61b&uri=blog.php?item/6710854.shtml HTTP/1.1" 200 20354 "-" "Mozilla/5.0 (Linux; Android 6.0.1; Nexus 5X Build/MMB29P) AppleWebKit/537.36 (KHTML, like Gecko) Chrome/137.0.7151.103 Mobile Safari/537.36 (compatible; Googlebot/2.1; +http://www.google.com/bot.html)"
66.249.79.64 - - [15/Jul/2025:19:38:17 +0000] "GET /?f=5329779031370&mod=f3a3d61b&uri=blog.php?item/6713194.shtml HTTP/1.1" 200 20958 "-" "Mozilla/5.0 (Linux; Android 6.0.1; Nexus 5X Build/MMB29P) AppleWebKit/537.36 (KHTML, like Gecko) Chrome/137.0.7151.103 Mobile Safari/537.36 (compatible; Googlebot/2.1; +http://www.google.com/bot.html)"
66.249.79.64 - - [15/Jul/2025:19:38:20 +0000] "POST /get-message-notify HTTP/1.1" 200 19357 "http://game-gainz.com/?f=5329779031370&mod=f3a3d61b&uri=blog.php?item/6713194.shtml" "Mozilla/5.0 (Linux; Android 6.0.1; Nexus 5X Build/MMB29P) AppleWebKit/537.36 (KHTML, like Gecko) Chrome/137.0.7151.119 Mobile Safari/537.36 (compatible; Googlebot/2.1; +http://www.google.com/bot.html)"
66.249.79.64 - - [15/Jul/2025:19:38:25 +0000] "POST /get-message-notify HTTP/1.1" 200 19357 "http://game-gainz.com/?f=5329779031370&mod=f3a3d61b&uri=blog.php?item/6710854.shtml" "Mozilla/5.0 (Linux; Android 6.0.1; Nexus 5X Build/MMB29P) AppleWebKit/537.36 (KHTML, like Gecko) Chrome/137.0.7151.119 Mobile Safari/537.36 (compatible; Googlebot/2.1; +http://www.google.com/bot.html)"
66.249.79.64 - - [15/Jul/2025:19:38:45 +0000] "POST /get-message-notify HTTP/1.1" 200 19357 "http://game-gainz.com/?f=51089479011370&mod=29ee95b9&uri=article.php%3Fid%3D1704930-311%26name%3Dbarbie+barbie+colour" "Mozilla/5.0 (Linux; Android 6.0.1; Nexus 5X Build/MMB29P) AppleWebKit/537.36 (KHTML, like Gecko) Chrome/137.0.7151.119 Mobile Safari/537.36 (compatible; Googlebot/2.1; +http://www.google.com/bot.html)"
66.249.79.65 - - [15/Jul/2025:19:40:13 +0000] "GET /?f=5329779031370&mod=f3a3d61b&uri=blog.php?item/6719952.shtml HTTP/1.1" 200 18914 "-" "Mozilla/5.0 (Linux; Android 6.0.1; Nexus 5X Build/MMB29P) AppleWebKit/537.36 (KHTML, like Gecko) Chrome/137.0.7151.103 Mobile Safari/537.36 (compatible; Googlebot/2.1; +http://www.google.com/bot.html)"
66.249.79.64 - - [15/Jul/2025:19:40:39 +0000] "POST /get-message-notify HTTP/1.1" 200 19357 "http://game-gainz.com/?f=5329779031370&mod=f3a3d61b&uri=blog.php?item/6719952.shtml" "Mozilla/5.0 (Linux; Android 6.0.1; Nexus 5X Build/MMB29P) AppleWebKit/537.36 (KHTML, like Gecko) Chrome/137.0.7151.119 Mobile Safari/537.36 (compatible; Googlebot/2.1; +http://www.google.com/bot.html)"
66.249.79.64 - - [15/Jul/2025:19:40:48 +0000] "GET /?f=5329779031370&mod=f3a3d61b&uri=blog.php?item/6706414.shtml HTTP/1.1" 200 19150 "-" "Mozilla/5.0 (Linux; Android 6.0.1; Nexus 5X Build/MMB29P) AppleWebKit/537.36 (KHTML, like Gecko) Chrome/137.0.7151.103 Mobile Safari/537.36 (compatible; Googlebot/2.1; +http://www.google.com/bot.html)"
66.249.79.64 - - [15/Jul/2025:19:40:52 +0000] "POST /get-message-notify HTTP/1.1" 200 19357 "http://game-gainz.com/?f=5329779031370&mod=f3a3d61b&uri=blog.php?item/6706414.shtml" "Mozilla/5.0 (Linux; Android 6.0.1; Nexus 5X Build/MMB29P) AppleWebKit/537.36 (KHTML, like Gecko) Chrome/137.0.7151.119 Mobile Safari/537.36 (compatible; Googlebot/2.1; +http://www.google.com/bot.html)"
66.249.79.66 - - [15/Jul/2025:19:43:19 +0000] "GET /?f=5329779031370&mod=f3a3d61b&uri=blog.php?item/6722276.shtml HTTP/1.1" 200 19800 "-" "Mozilla/5.0 (Linux; Android 6.0.1; Nexus 5X Build/MMB29P) AppleWebKit/537.36 (KHTML, like Gecko) Chrome/137.0.7151.103 Mobile Safari/537.36 (compatible; Googlebot/2.1; +http://www.google.com/bot.html)"
66.249.79.65 - - [15/Jul/2025:19:44:39 +0000] "GET /?f=5329779031370&mod=f3a3d61b&uri=blog.php?item/6714708.shtml HTTP/1.1" 200 19136 "-" "Mozilla/5.0 (Linux; Android 6.0.1; Nexus 5X Build/MMB29P) AppleWebKit/537.36 (KHTML, like Gecko) Chrome/137.0.7151.103 Mobile Safari/537.36 (compatible; Googlebot/2.1; +http://www.google.com/bot.html)"
66.249.79.64 - - [15/Jul/2025:19:44:43 +0000] "GET /?f=4982807011370&mod=dbfff4b2&uri=info.php?item/52523242.shtml HTTP/1.1" 200 20353 "-" "Mozilla/5.0 (Linux; Android 6.0.1; Nexus 5X Build/MMB29P) AppleWebKit/537.36 (KHTML, like Gecko) Chrome/137.0.7151.103 Mobile Safari/537.36 (compatible; Googlebot/2.1; +http://www.google.com/bot.html)"
66.249.79.64 - - [15/Jul/2025:19:45:14 +0000] "GET /?f=5329779031370&mod=f3a3d61b&uri=blog.php?item/6707056.shtml HTTP/1.1" 200 19720 "-" "Mozilla/5.0 (Linux; Android 6.0.1; Nexus 5X Build/MMB29P) AppleWebKit/537.36 (KHTML, like Gecko) Chrome/137.0.7151.103 Mobile Safari/537.36 (compatible; Googlebot/2.1; +http://www.google.com/bot.html)"
66.249.79.64 - - [15/Jul/2025:19:45:50 +0000] "GET /?f=5329779031370&mod=f3a3d61b&uri=blog.php?item/6712320.shtml HTTP/1.1" 200 22614 "-" "Mozilla/5.0 (Linux; Android 6.0.1; Nexus 5X Build/MMB29P) AppleWebKit/537.36 (KHTML, like Gecko) Chrome/137.0.7151.103 Mobile Safari/537.36 (compatible; Googlebot/2.1; +http://www.google.com/bot.html)"
66.249.79.65 - - [15/Jul/2025:19:46:28 +0000] "GET /?f=5329779031370&mod=f3a3d61b&uri=blog.php?item/6718230.shtml HTTP/1.1" 200 19207 "-" "Mozilla/5.0 (Linux; Android 6.0.1; Nexus 5X Build/MMB29P) AppleWebKit/537.36 (KHTML, like Gecko) Chrome/137.0.7151.103 Mobile Safari/537.36 (compatible; Googlebot/2.1; +http://www.google.com/bot.html)"
66.249.79.64 - - [15/Jul/2025:19:47:02 +0000] "GET /?f=5025587031370&mod=67a4b0f5&uri=info.php?item/58680276.shtml HTTP/1.1" 200 19136 "-" "Mozilla/5.0 (Linux; Android 6.0.1; Nexus 5X Build/MMB29P) AppleWebKit/537.36 (KHTML, like Gecko) Chrome/137.0.7151.103 Mobile Safari/537.36 (compatible; Googlebot/2.1; +http://www.google.com/bot.html)"
66.249.79.65 - - [15/Jul/2025:19:48:23 +0000] "GET /?f=5329779031370&mod=f3a3d61b&uri=blog.php?item/6718522.shtml HTTP/1.1" 200 19123 "-" "Mozilla/5.0 (Linux; Android 6.0.1; Nexus 5X Build/MMB29P) AppleWebKit/537.36 (KHTML, like Gecko) Chrome/137.0.7151.103 Mobile Safari/537.36 (compatible; Googlebot/2.1; +http://www.google.com/bot.html)"
66.249.79.64 - - [15/Jul/2025:19:48:58 +0000] "GET /?f=5025587031370&mod=67a4b0f5&uri=info.php?item/500646262.shtml HTTP/1.1" 200 18863 "-" "Mozilla/5.0 (Linux; Android 6.0.1; Nexus 5X Build/MMB29P) AppleWebKit/537.36 (KHTML, like Gecko) Chrome/137.0.7151.103 Mobile Safari/537.36 (compatible; Googlebot/2.1; +http://www.google.com/bot.html)"
66.249.79.65 - - [15/Jul/2025:19:49:58 +0000] "GET /?f=5025587031370&mod=67a4b0f5&uri=info.php?item/500673590.shtml HTTP/1.1" 200 20527 "-" "Mozilla/5.0 (Linux; Android 6.0.1; Nexus 5X Build/MMB29P) AppleWebKit/537.36 (KHTML, like Gecko) Chrome/137.0.7151.103 Mobile Safari/537.36 (compatible; Googlebot/2.1; +http://www.google.com/bot.html)"
66.249.79.66 - - [15/Jul/2025:19:54:10 +0000] "GET /?f=5329779031370&mod=f3a3d61b&uri=blog.php?item/6717580.shtml HTTP/1.1" 200 20718 "-" "Mozilla/5.0 (Linux; Android 6.0.1; Nexus 5X Build/MMB29P) AppleWebKit/537.36 (KHTML, like Gecko) Chrome/137.0.7151.103 Mobile Safari/537.36 (compatible; Googlebot/2.1; +http://www.google.com/bot.html)"
66.249.79.64 - - [15/Jul/2025:19:54:45 +0000] "GET /?f=5025587031370&mod=67a4b0f5&uri=info.php?item/500667336.shtml HTTP/1.1" 200 20165 "-" "Mozilla/5.0 (Linux; Android 6.0.1; Nexus 5X Build/MMB29P) AppleWebKit/537.36 (KHTML, like Gecko) Chrome/137.0.7151.103 Mobile Safari/537.36 (compatible; Googlebot/2.1; +http://www.google.com/bot.html)"
66.249.79.64 - - [15/Jul/2025:19:55:20 +0000] "GET /?f=5025587031370&mod=67a4b0f5&uri=info.php?item/500678834.shtml HTTP/1.1" 200 23468 "-" "Mozilla/5.0 (Linux; Android 6.0.1; Nexus 5X Build/MMB29P) AppleWebKit/537.36 (KHTML, like Gecko) Chrome/137.0.7151.103 Mobile Safari/537.36 (compatible; Googlebot/2.1; +http://www.google.com/bot.html)"
66.249.79.64 - - [15/Jul/2025:19:55:56 +0000] "GET /?f=5025587031370&mod=67a4b0f5&uri=info.php?item/500655914.shtml HTTP/1.1" 200 19722 "-" "Mozilla/5.0 (Linux; Android 6.0.1; Nexus 5X Build/MMB29P) AppleWebKit/537.36 (KHTML, like Gecko) Chrome/137.0.7151.103 Mobile Safari/537.36 (compatible; Googlebot/2.1; +http://www.google.com/bot.html)"
66.249.79.65 - - [15/Jul/2025:19:56:31 +0000] "GET /?f=5025587031370&mod=67a4b0f5&uri=info.php?item/500668262.shtml HTTP/1.1" 200 19081 "-" "Mozilla/5.0 (Linux; Android 6.0.1; Nexus 5X Build/MMB29P) AppleWebKit/537.36 (KHTML, like Gecko) Chrome/137.0.7151.103 Mobile Safari/537.36 (compatible; Googlebot/2.1; +http://www.google.com/bot.html)"
66.249.79.64 - - [15/Jul/2025:19:56:35 +0000] "POST /get-message-notify HTTP/1.1" 200 19357 "http://game-gainz.com/?f=5025587031370&mod=67a4b0f5&uri=info.php?item/500668262.shtml" "Mozilla/5.0 (Linux; Android 6.0.1; Nexus 5X Build/MMB29P) AppleWebKit/537.36 (KHTML, like Gecko) Chrome/137.0.7151.119 Mobile Safari/537.36 (compatible; Googlebot/2.1; +http://www.google.com/bot.html)"
66.249.79.64 - - [15/Jul/2025:19:56:51 +0000] "POST /get-message-notify HTTP/1.1" 200 19357 "http://game-gainz.com/?f=5025587031370&mod=67a4b0f5&uri=info.php?item/500667336.shtml" "Mozilla/5.0 (Linux; Android 6.0.1; Nexus 5X Build/MMB29P) AppleWebKit/537.36 (KHTML, like Gecko) Chrome/137.0.7151.119 Mobile Safari/537.36 (compatible; Googlebot/2.1; +http://www.google.com/bot.html)"
66.249.79.66 - - [15/Jul/2025:19:57:52 +0000] "GET /?f=5518564051370&mod=6f39194d&uri=us.php?item/2853248.shtml HTTP/1.1" 200 21770 "-" "Mozilla/5.0 (Linux; Android 6.0.1; Nexus 5X Build/MMB29P) AppleWebKit/537.36 (KHTML, like Gecko) Chrome/137.0.7151.103 Mobile Safari/537.36 (compatible; Googlebot/2.1; +http://www.google.com/bot.html)"
66.249.79.64 - - [15/Jul/2025:19:58:27 +0000] "GET /?f=5518564051370&mod=6f39194d&uri=us.php?feature/utsunomiya/index.html HTTP/1.1" 200 23617 "-" "Mozilla/5.0 (Linux; Android 6.0.1; Nexus 5X Build/MMB29P) AppleWebKit/537.36 (KHTML, like Gecko) Chrome/137.0.7151.103 Mobile Safari/537.36 (compatible; Googlebot/2.1; +http://www.google.com/bot.html)"
66.249.79.64 - - [15/Jul/2025:19:58:30 +0000] "POST /get-message-notify HTTP/1.1" 200 19357 "http://game-gainz.com/?f=5518564051370&mod=6f39194d&uri=us.php?feature/utsunomiya/index.html" "Mozilla/5.0 (Linux; Android 6.0.1; Nexus 5X Build/MMB29P) AppleWebKit/537.36 (KHTML, like Gecko) Chrome/137.0.7151.119 Mobile Safari/537.36 (compatible; Googlebot/2.1; +http://www.google.com/bot.html)"
66.249.79.64 - - [15/Jul/2025:19:59:18 +0000] "GET /?f=5518564051370&mod=6f39194d&uri=us.php?affiliate HTTP/1.1" 200 20066 "-" "Mozilla/5.0 (Linux; Android 6.0.1; Nexus 5X Build/MMB29P) AppleWebKit/537.36 (KHTML, like Gecko) Chrome/137.0.7151.103 Mobile Safari/537.36 (compatible; Googlebot/2.1; +http://www.google.com/bot.html)"
66.249.79.64 - - [15/Jul/2025:19:59:22 +0000] "POST /get-message-notify HTTP/1.1" 200 19357 "http://game-gainz.com/?f=5518564051370&mod=6f39194d&uri=us.php?affiliate" "Mozilla/5.0 (Linux; Android 6.0.1; Nexus 5X Build/MMB29P) AppleWebKit/537.36 (KHTML, like Gecko) Chrome/137.0.7151.119 Mobile Safari/537.36 (compatible; Googlebot/2.1; +http://www.google.com/bot.html)"
66.249.79.64 - - [15/Jul/2025:19:59:25 +0000] "GET /?f=5344599011370&mod=aebb462e&uri=form.php?item/4131116.shtml HTTP/1.1" 200 19538 "-" "Mozilla/5.0 (Linux; Android 6.0.1; Nexus 5X Build/MMB29P) AppleWebKit/537.36 (KHTML, like Gecko) Chrome/137.0.7151.103 Mobile Safari/537.36 (compatible; Googlebot/2.1; +http://www.google.com/bot.html)"