66.249.79.66 - - [15/Jul/2025:15:03:37 +0000] "GET /?f=5025587031370&mod=67a4b0f5&uri=info.php?product/edit/G2715536097 HTTP/1.1" 200 20975 "-" "Mozilla/5.0 (Linux; Android 6.0.1; Nexus 5X Build/MMB29P) AppleWebKit/537.36 (KHTML, like Gecko) Chrome/137.0.7151.103 Mobile Safari/537.36 (compatible; Googlebot/2.1; +http://www.google.com/bot.html)"
66.249.79.66 - - [15/Jul/2025:15:04:38 +0000] "GET /?f=5344599011370&mod=aebb462e&uri=form.php?item/1350251996.shtml HTTP/1.1" 200 22158 "-" "Mozilla/5.0 (Linux; Android 6.0.1; Nexus 5X Build/MMB29P) AppleWebKit/537.36 (KHTML, like Gecko) Chrome/137.0.7151.103 Mobile Safari/537.36 (compatible; Googlebot/2.1; +http://www.google.com/bot.html)"
66.249.79.64 - - [15/Jul/2025:15:04:55 +0000] "POST /get-message-notify HTTP/1.1" 200 19356 "http://game-gainz.com/?f=5344599011370&mod=aebb462e&uri=form.php?item/1350251996.shtml" "Mozilla/5.0 (Linux; Android 6.0.1; Nexus 5X Build/MMB29P) AppleWebKit/537.36 (KHTML, like Gecko) Chrome/137.0.7151.119 Mobile Safari/537.36 (compatible; Googlebot/2.1; +http://www.google.com/bot.html)"
66.249.79.65 - - [15/Jul/2025:15:09:12 +0000] "GET /?f=5025587031370&mod=67a4b0f5&uri=info.php?item/52354630.shtml HTTP/1.1" 200 21757 "-" "Mozilla/5.0 (Linux; Android 6.0.1; Nexus 5X Build/MMB29P) AppleWebKit/537.36 (KHTML, like Gecko) Chrome/137.0.7151.103 Mobile Safari/537.36 (compatible; Googlebot/2.1; +http://www.google.com/bot.html)"
66.249.79.65 - - [15/Jul/2025:15:11:13 +0000] "GET /?f=5025587031370&mod=67a4b0f5&uri=info.php?item/52377242.shtml HTTP/1.1" 200 19153 "-" "Mozilla/5.0 (Linux; Android 6.0.1; Nexus 5X Build/MMB29P) AppleWebKit/537.36 (KHTML, like Gecko) Chrome/137.0.7151.103 Mobile Safari/537.36 (compatible; Googlebot/2.1; +http://www.google.com/bot.html)"
66.249.79.66 - - [15/Jul/2025:15:11:14 +0000] "GET /?f=5025587031370&mod=67a4b0f5&uri=info.php?item/53739658.shtml HTTP/1.1" 200 19688 "-" "Mozilla/5.0 (Linux; Android 6.0.1; Nexus 5X Build/MMB29P) AppleWebKit/537.36 (KHTML, like Gecko) Chrome/137.0.7151.103 Mobile Safari/537.36 (compatible; Googlebot/2.1; +http://www.google.com/bot.html)"
66.249.79.64 - - [15/Jul/2025:15:11:21 +0000] "POST /get-message-notify HTTP/1.1" 200 19356 "http://game-gainz.com/?f=5025587031370&mod=67a4b0f5&uri=info.php?item/53739658.shtml" "Mozilla/5.0 (Linux; Android 6.0.1; Nexus 5X Build/MMB29P) AppleWebKit/537.36 (KHTML, like Gecko) Chrome/137.0.7151.119 Mobile Safari/537.36 (compatible; Googlebot/2.1; +http://www.google.com/bot.html)"
66.249.79.66 - - [15/Jul/2025:15:12:47 +0000] "GET /?f=5025587031370&mod=67a4b0f5&uri=info.php?item/52360824.shtml HTTP/1.1" 200 18929 "-" "Mozilla/5.0 (Linux; Android 6.0.1; Nexus 5X Build/MMB29P) AppleWebKit/537.36 (KHTML, like Gecko) Chrome/137.0.7151.103 Mobile Safari/537.36 (compatible; Googlebot/2.1; +http://www.google.com/bot.html)"
66.249.79.64 - - [15/Jul/2025:15:13:18 +0000] "POST /get-message-notify HTTP/1.1" 200 19356 "http://game-gainz.com/?f=5025587031370&mod=67a4b0f5&uri=info.php?item/52360824.shtml" "Mozilla/5.0 (Linux; Android 6.0.1; Nexus 5X Build/MMB29P) AppleWebKit/537.36 (KHTML, like Gecko) Chrome/137.0.7151.119 Mobile Safari/537.36 (compatible; Googlebot/2.1; +http://www.google.com/bot.html)"
66.249.79.64 - - [15/Jul/2025:15:15:43 +0000] "GET /?f=5025587031370&mod=67a4b0f5&uri=info.php?item/52391950.shtml HTTP/1.1" 200 19050 "-" "Mozilla/5.0 (Linux; Android 6.0.1; Nexus 5X Build/MMB29P) AppleWebKit/537.36 (KHTML, like Gecko) Chrome/137.0.7151.103 Mobile Safari/537.36 (compatible; Googlebot/2.1; +http://www.google.com/bot.html)"
66.249.79.65 - - [15/Jul/2025:15:16:12 +0000] "POST /get-message-notify HTTP/1.1" 200 19356 "http://game-gainz.com/?f=5025587031370&mod=67a4b0f5&uri=info.php?item/52391950.shtml" "Mozilla/5.0 (Linux; Android 6.0.1; Nexus 5X Build/MMB29P) AppleWebKit/537.36 (KHTML, like Gecko) Chrome/137.0.7151.119 Mobile Safari/537.36 (compatible; Googlebot/2.1; +http://www.google.com/bot.html)"
66.249.79.65 - - [15/Jul/2025:15:17:45 +0000] "GET /?f=5025587031370&mod=67a4b0f5&uri=info.php?item/52410152.shtml HTTP/1.1" 200 20332 "-" "Mozilla/5.0 (Linux; Android 6.0.1; Nexus 5X Build/MMB29P) AppleWebKit/537.36 (KHTML, like Gecko) Chrome/137.0.7151.103 Mobile Safari/537.36 (compatible; Googlebot/2.1; +http://www.google.com/bot.html)"
66.249.79.64 - - [15/Jul/2025:15:17:46 +0000] "GET /?f=5361162021370&mod=b3b0b34e&uri=pin.php?item/586357648.shtml HTTP/1.1" 200 19455 "-" "Mozilla/5.0 (Linux; Android 6.0.1; Nexus 5X Build/MMB29P) AppleWebKit/537.36 (KHTML, like Gecko) Chrome/137.0.7151.103 Mobile Safari/537.36 (compatible; Googlebot/2.1; +http://www.google.com/bot.html)"
66.249.79.65 - - [15/Jul/2025:15:18:47 +0000] "GET /?f=5361162021370&mod=b3b0b34e&uri=pin.php?item/585058418.shtml HTTP/1.1" 200 18147 "-" "Mozilla/5.0 (Linux; Android 6.0.1; Nexus 5X Build/MMB29P) AppleWebKit/537.36 (KHTML, like Gecko) Chrome/137.0.7151.103 Mobile Safari/537.36 (compatible; Googlebot/2.1; +http://www.google.com/bot.html)"
66.249.79.65 - - [15/Jul/2025:15:20:41 +0000] "GET /?f=5025587031370&mod=67a4b0f5&uri=info.php?item/52422500.shtml HTTP/1.1" 200 19281 "-" "Mozilla/5.0 (Linux; Android 6.0.1; Nexus 5X Build/MMB29P) AppleWebKit/537.36 (KHTML, like Gecko) Chrome/137.0.7151.103 Mobile Safari/537.36 (compatible; Googlebot/2.1; +http://www.google.com/bot.html)"
66.249.79.66 - - [15/Jul/2025:15:21:58 +0000] "GET /?f=5025587031370&mod=67a4b0f5&uri=info.php?item/52421650.shtml HTTP/1.1" 200 22065 "-" "Mozilla/5.0 (Linux; Android 6.0.1; Nexus 5X Build/MMB29P) AppleWebKit/537.36 (KHTML, like Gecko) Chrome/137.0.7151.103 Mobile Safari/537.36 (compatible; Googlebot/2.1; +http://www.google.com/bot.html)"
66.249.79.65 - - [15/Jul/2025:15:22:40 +0000] "POST /get-message-notify HTTP/1.1" 200 19356 "http://game-gainz.com/?f=5025587031370&mod=67a4b0f5&uri=info.php?item/52421650.shtml" "Mozilla/5.0 (Linux; Android 6.0.1; Nexus 5X Build/MMB29P) AppleWebKit/537.36 (KHTML, like Gecko) Chrome/137.0.7151.119 Mobile Safari/537.36 (compatible; Googlebot/2.1; +http://www.google.com/bot.html)"
66.249.79.66 - - [15/Jul/2025:15:25:16 +0000] "GET /?f=5025587031370&mod=67a4b0f5&uri=info.php?item/52407812.shtml HTTP/1.1" 200 19383 "-" "Mozilla/5.0 (Linux; Android 6.0.1; Nexus 5X Build/MMB29P) AppleWebKit/537.36 (KHTML, like Gecko) Chrome/137.0.7151.103 Mobile Safari/537.36 (compatible; Googlebot/2.1; +http://www.google.com/bot.html)"
66.249.79.65 - - [15/Jul/2025:15:26:34 +0000] "GET /?f=5025587031370&mod=67a4b0f5&uri=info.php?item/52385728.shtml HTTP/1.1" 200 19448 "-" "Mozilla/5.0 (Linux; Android 6.0.1; Nexus 5X Build/MMB29P) AppleWebKit/537.36 (KHTML, like Gecko) Chrome/137.0.7151.103 Mobile Safari/537.36 (compatible; Googlebot/2.1; +http://www.google.com/bot.html)"
66.249.79.65 - - [15/Jul/2025:15:28:52 +0000] "GET /?f=5025587031370&mod=67a4b0f5&uri=info.php?item/52367250.shtml HTTP/1.1" 200 19279 "-" "Mozilla/5.0 (Linux; Android 6.0.1; Nexus 5X Build/MMB29P) AppleWebKit/537.36 (KHTML, like Gecko) Chrome/137.0.7151.103 Mobile Safari/537.36 (compatible; Googlebot/2.1; +http://www.google.com/bot.html)"
66.249.79.65 - - [15/Jul/2025:15:33:09 +0000] "GET /?f=5025587031370&mod=67a4b0f5&uri=info.php?item/52387202.shtml HTTP/1.1" 200 20671 "-" "Mozilla/5.0 (Linux; Android 6.0.1; Nexus 5X Build/MMB29P) AppleWebKit/537.36 (KHTML, like Gecko) Chrome/137.0.7151.103 Mobile Safari/537.36 (compatible; Googlebot/2.1; +http://www.google.com/bot.html)"
66.249.79.64 - - [15/Jul/2025:15:33:10 +0000] "GET /?f=5344599011370&mod=aebb462e&uri=form.php?product/edit/G2058012011 HTTP/1.1" 200 20628 "-" "Mozilla/5.0 (Linux; Android 6.0.1; Nexus 5X Build/MMB29P) AppleWebKit/537.36 (KHTML, like Gecko) Chrome/137.0.7151.103 Mobile Safari/537.36 (compatible; Googlebot/2.1; +http://www.google.com/bot.html)"
66.249.79.64 - - [15/Jul/2025:15:33:14 +0000] "POST /get-message-notify HTTP/1.1" 200 19356 "http://game-gainz.com/?f=5344599011370&mod=aebb462e&uri=form.php?product/edit/G2058012011" "Mozilla/5.0 (Linux; Android 6.0.1; Nexus 5X Build/MMB29P) AppleWebKit/537.36 (KHTML, like Gecko) Chrome/137.0.7151.119 Mobile Safari/537.36 (compatible; Googlebot/2.1; +http://www.google.com/bot.html)"
66.249.79.65 - - [15/Jul/2025:15:33:15 +0000] "POST /get-message-notify HTTP/1.1" 200 19356 "http://game-gainz.com/?f=5025587031370&mod=67a4b0f5&uri=info.php?item/52387202.shtml" "Mozilla/5.0 (Linux; Android 6.0.1; Nexus 5X Build/MMB29P) AppleWebKit/537.36 (KHTML, like Gecko) Chrome/137.0.7151.119 Mobile Safari/537.36 (compatible; Googlebot/2.1; +http://www.google.com/bot.html)"
66.249.79.65 - - [15/Jul/2025:15:34:19 +0000] "GET /?f=5025587031370&mod=67a4b0f5&uri=info.php?item/1502211310.shtml HTTP/1.1" 200 18849 "-" "Mozilla/5.0 (Linux; Android 6.0.1; Nexus 5X Build/MMB29P) AppleWebKit/537.36 (KHTML, like Gecko) Chrome/137.0.7151.103 Mobile Safari/537.36 (compatible; Googlebot/2.1; +http://www.google.com/bot.html)"
66.249.79.64 - - [15/Jul/2025:15:34:23 +0000] "POST /get-message-notify HTTP/1.1" 200 19356 "http://game-gainz.com/?f=5025587031370&mod=67a4b0f5&uri=info.php?item/1502211310.shtml" "Mozilla/5.0 (Linux; Android 6.0.1; Nexus 5X Build/MMB29P) AppleWebKit/537.36 (KHTML, like Gecko) Chrome/137.0.7151.119 Mobile Safari/537.36 (compatible; Googlebot/2.1; +http://www.google.com/bot.html)"
66.249.79.66 - - [15/Jul/2025:15:35:13 +0000] "GET /?f=5344599011370&mod=aebb462e&uri=form.php?item/4163140.shtml HTTP/1.1" 200 19086 "-" "Mozilla/5.0 (Linux; Android 6.0.1; Nexus 5X Build/MMB29P) AppleWebKit/537.36 (KHTML, like Gecko) Chrome/137.0.7151.103 Mobile Safari/537.36 (compatible; Googlebot/2.1; +http://www.google.com/bot.html)"
66.249.79.66 - - [15/Jul/2025:15:37:45 +0000] "GET /?f=5025587031370&mod=67a4b0f5&uri=info.php?item/2807442.shtml HTTP/1.1" 200 19447 "-" "Mozilla/5.0 (Linux; Android 6.0.1; Nexus 5X Build/MMB29P) AppleWebKit/537.36 (KHTML, like Gecko) Chrome/137.0.7151.103 Mobile Safari/537.36 (compatible; Googlebot/2.1; +http://www.google.com/bot.html)"
66.249.79.64 - - [15/Jul/2025:15:37:51 +0000] "POST /get-message-notify HTTP/1.1" 200 19356 "http://game-gainz.com/?f=5025587031370&mod=67a4b0f5&uri=info.php?item/2807442.shtml" "Mozilla/5.0 (Linux; Android 6.0.1; Nexus 5X Build/MMB29P) AppleWebKit/537.36 (KHTML, like Gecko) Chrome/137.0.7151.119 Mobile Safari/537.36 (compatible; Googlebot/2.1; +http://www.google.com/bot.html)"
66.249.79.65 - - [15/Jul/2025:15:38:54 +0000] "GET /?f=5330409061370&mod=f3a3d61b&uri=info.php?product/edit/G2564143341 HTTP/1.1" 200 20945 "-" "Mozilla/5.0 (Linux; Android 6.0.1; Nexus 5X Build/MMB29P) AppleWebKit/537.36 (KHTML, like Gecko) Chrome/137.0.7151.103 Mobile Safari/537.36 (compatible; Googlebot/2.1; +http://www.google.com/bot.html)"
66.249.79.64 - - [15/Jul/2025:15:38:59 +0000] "POST /get-message-notify HTTP/1.1" 200 19356 "http://game-gainz.com/?f=5330409061370&mod=f3a3d61b&uri=info.php?product/edit/G2564143341" "Mozilla/5.0 (Linux; Android 6.0.1; Nexus 5X Build/MMB29P) AppleWebKit/537.36 (KHTML, like Gecko) Chrome/137.0.7151.119 Mobile Safari/537.36 (compatible; Googlebot/2.1; +http://www.google.com/bot.html)"
66.249.79.66 - - [15/Jul/2025:15:40:20 +0000] "GET /?f=5025587031370&mod=67a4b0f5&uri=info.php?item/2869150.shtml HTTP/1.1" 200 19044 "-" "Mozilla/5.0 (Linux; Android 6.0.1; Nexus 5X Build/MMB29P) AppleWebKit/537.36 (KHTML, like Gecko) Chrome/137.0.7151.103 Mobile Safari/537.36 (compatible; Googlebot/2.1; +http://www.google.com/bot.html)"
66.249.79.65 - - [15/Jul/2025:15:41:17 +0000] "GET /?f=5344599011370&mod=aebb462e&uri=form.php?item/57433310.shtml HTTP/1.1" 200 19289 "-" "Mozilla/5.0 (Linux; Android 6.0.1; Nexus 5X Build/MMB29P) AppleWebKit/537.36 (KHTML, like Gecko) Chrome/137.0.7151.103 Mobile Safari/537.36 (compatible; Googlebot/2.1; +http://www.google.com/bot.html)"
66.249.79.65 - - [15/Jul/2025:15:42:38 +0000] "GET /?f=5025587031370&mod=67a4b0f5&uri=info.php?item/2830668.shtml HTTP/1.1" 200 19770 "-" "Mozilla/5.0 (Linux; Android 6.0.1; Nexus 5X Build/MMB29P) AppleWebKit/537.36 (KHTML, like Gecko) Chrome/137.0.7151.103 Mobile Safari/537.36 (compatible; Googlebot/2.1; +http://www.google.com/bot.html)"
66.249.79.64 - - [15/Jul/2025:15:42:47 +0000] "GET /?f=5025587031370&mod=67a4b0f5&uri=info.php?item/56134914.shtml HTTP/1.1" 200 22770 "-" "Mozilla/5.0 (Linux; Android 6.0.1; Nexus 5X Build/MMB29P) AppleWebKit/537.36 (KHTML, like Gecko) Chrome/137.0.7151.103 Mobile Safari/537.36 (compatible; Googlebot/2.1; +http://www.google.com/bot.html)"
66.249.79.64 - - [15/Jul/2025:15:42:56 +0000] "POST /get-message-notify HTTP/1.1" 200 19356 "http://game-gainz.com/?f=5025587031370&mod=67a4b0f5&uri=info.php?item/2830668.shtml" "Mozilla/5.0 (Linux; Android 6.0.1; Nexus 5X Build/MMB29P) AppleWebKit/537.36 (KHTML, like Gecko) Chrome/137.0.7151.119 Mobile Safari/537.36 (compatible; Googlebot/2.1; +http://www.google.com/bot.html)"
66.249.79.65 - - [15/Jul/2025:15:44:56 +0000] "GET /?f=5025587031370&mod=67a4b0f5&uri=info.php?cargo/detail HTTP/1.1" 200 19083 "-" "Mozilla/5.0 (Linux; Android 6.0.1; Nexus 5X Build/MMB29P) AppleWebKit/537.36 (KHTML, like Gecko) Chrome/137.0.7151.103 Mobile Safari/537.36 (compatible; Googlebot/2.1; +http://www.google.com/bot.html)"
66.249.79.66 - - [15/Jul/2025:15:47:02 +0000] "GET /?f=5025587031370&mod=67a4b0f5&uri=info.php?item/52393380.shtml HTTP/1.1" 200 20338 "-" "Mozilla/5.0 (Linux; Android 6.0.1; Nexus 5X Build/MMB29P) AppleWebKit/537.36 (KHTML, like Gecko) Chrome/137.0.7151.103 Mobile Safari/537.36 (compatible; Googlebot/2.1; +http://www.google.com/bot.html)"
66.249.79.64 - - [15/Jul/2025:15:47:09 +0000] "POST /get-message-notify HTTP/1.1" 200 19356 "http://game-gainz.com/?f=5025587031370&mod=67a4b0f5&uri=info.php?item/52393380.shtml" "Mozilla/5.0 (Linux; Android 6.0.1; Nexus 5X Build/MMB29P) AppleWebKit/537.36 (KHTML, like Gecko) Chrome/137.0.7151.119 Mobile Safari/537.36 (compatible; Googlebot/2.1; +http://www.google.com/bot.html)"
66.249.79.64 - - [15/Jul/2025:15:47:14 +0000] "GET /?f=5025587031370&mod=67a4b0f5&uri=info.php?item/2833296.shtml HTTP/1.1" 200 19912 "-" "Mozilla/5.0 (Linux; Android 6.0.1; Nexus 5X Build/MMB29P) AppleWebKit/537.36 (KHTML, like Gecko) Chrome/137.0.7151.103 Mobile Safari/537.36 (compatible; Googlebot/2.1; +http://www.google.com/bot.html)"
66.249.79.64 - - [15/Jul/2025:15:47:14 +0000] "GET /?f=5330409061370&mod=f3a3d61b&uri=info.php?item/5447726.shtml HTTP/1.1" 200 19314 "-" "Mozilla/5.0 (Linux; Android 6.0.1; Nexus 5X Build/MMB29P) AppleWebKit/537.36 (KHTML, like Gecko) Chrome/137.0.7151.103 Mobile Safari/537.36 (compatible; Googlebot/2.1; +http://www.google.com/bot.html)"
66.249.79.64 - - [15/Jul/2025:15:47:22 +0000] "POST /get-message-notify HTTP/1.1" 200 19356 "http://game-gainz.com/?f=5025587031370&mod=67a4b0f5&uri=info.php?item/2833296.shtml" "Mozilla/5.0 (Linux; Android 6.0.1; Nexus 5X Build/MMB29P) AppleWebKit/537.36 (KHTML, like Gecko) Chrome/137.0.7151.119 Mobile Safari/537.36 (compatible; Googlebot/2.1; +http://www.google.com/bot.html)"
66.249.79.64 - - [15/Jul/2025:15:47:43 +0000] "POST /get-message-notify HTTP/1.1" 200 19356 "http://game-gainz.com/?f=5330409061370&mod=f3a3d61b&uri=info.php?item/5447726.shtml" "Mozilla/5.0 (Linux; Android 6.0.1; Nexus 5X Build/MMB29P) AppleWebKit/537.36 (KHTML, like Gecko) Chrome/137.0.7151.119 Mobile Safari/537.36 (compatible; Googlebot/2.1; +http://www.google.com/bot.html)"
66.249.79.64 - - [15/Jul/2025:15:49:31 +0000] "GET /?f=5025587031370&mod=67a4b0f5&uri=info.php?toreka/goods_menu.html HTTP/1.1" 200 20360 "-" "Mozilla/5.0 (Linux; Android 6.0.1; Nexus 5X Build/MMB29P) AppleWebKit/537.36 (KHTML, like Gecko) Chrome/137.0.7151.103 Mobile Safari/537.36 (compatible; Googlebot/2.1; +http://www.google.com/bot.html)"
66.249.79.64 - - [15/Jul/2025:15:51:49 +0000] "GET /?f=5025587031370&mod=67a4b0f5&uri=info.php?game.html HTTP/1.1" 200 20084 "-" "Mozilla/5.0 (Linux; Android 6.0.1; Nexus 5X Build/MMB29P) AppleWebKit/537.36 (KHTML, like Gecko) Chrome/137.0.7151.103 Mobile Safari/537.36 (compatible; Googlebot/2.1; +http://www.google.com/bot.html)"
66.249.79.65 - - [15/Jul/2025:15:54:09 +0000] "GET /?f=5025587031370&mod=67a4b0f5&uri=info.php?item/1500938832.shtml HTTP/1.1" 200 20539 "-" "Mozilla/5.0 (Linux; Android 6.0.1; Nexus 5X Build/MMB29P) AppleWebKit/537.36 (KHTML, like Gecko) Chrome/137.0.7151.103 Mobile Safari/537.36 (compatible; Googlebot/2.1; +http://www.google.com/bot.html)"
66.249.79.65 - - [15/Jul/2025:15:58:31 +0000] "GET /?f=5025587031370&mod=67a4b0f5&uri=info.php?item/1500934392.shtml HTTP/1.1" 200 19134 "-" "Mozilla/5.0 (Linux; Android 6.0.1; Nexus 5X Build/MMB29P) AppleWebKit/537.36 (KHTML, like Gecko) Chrome/137.0.7151.103 Mobile Safari/537.36 (compatible; Googlebot/2.1; +http://www.google.com/bot.html)"
209.74.77.214 - - [15/Jul/2025:16:00:36 +0000] "POST /wp-cron.php?doing_wp_cron=1752595236.9289340972900390625000 HTTP/1.1" 200 - "-" "WordPress/6.8.1; https://game-gainz.com"
52.178.128.237 - - [15/Jul/2025:16:00:35 +0000] "GET /contents.php HTTP/1.1" 404 61355 "-" "-"
52.178.128.237 - - [15/Jul/2025:16:00:37 +0000] "GET /hehehehe.php HTTP/1.1" 404 61355 "-" "-"
52.178.128.237 - - [15/Jul/2025:16:00:37 +0000] "GET /wp-setting.php HTTP/1.1" 404 61355 "-" "-"
52.178.128.237 - - [15/Jul/2025:16:00:38 +0000] "GET /img/ HTTP/1.1" 404 61355 "-" "-"
52.178.128.237 - - [15/Jul/2025:16:00:38 +0000] "GET /css.php/kraoqapd HTTP/1.1" 404 61355 "-" "-"
52.178.128.237 - - [15/Jul/2025:16:00:38 +0000] "GET /wp-includes/css/dist/components/ HTTP/1.1" 404 61355 "-" "-"
52.178.128.237 - - [15/Jul/2025:16:00:39 +0000] "GET /.tmb/ HTTP/1.1" 404 61355 "-" "-"
52.178.128.237 - - [15/Jul/2025:16:00:39 +0000] "GET /wp-files.php?p= HTTP/1.1" 301 - "-" "-"
52.178.128.237 - - [15/Jul/2025:16:00:39 +0000] "GET /wp-files.php HTTP/1.1" 404 61355 "-" "-"
52.178.128.237 - - [15/Jul/2025:16:00:40 +0000] "GET /images.php?p= HTTP/1.1" 301 - "-" "-"
52.178.128.237 - - [15/Jul/2025:16:00:40 +0000] "GET /images.php HTTP/1.1" 404 61355 "-" "-"
52.178.128.237 - - [15/Jul/2025:16:00:40 +0000] "GET /file5.php HTTP/1.1" 404 61355 "-" "-"
52.178.128.237 - - [15/Jul/2025:16:00:41 +0000] "GET /asasx.php HTTP/1.1" 404 61355 "-" "-"
52.178.128.237 - - [15/Jul/2025:16:00:41 +0000] "GET /wp-includes/header.php HTTP/1.1" 404 61355 "-" "-"
52.178.128.237 - - [15/Jul/2025:16:00:41 +0000] "GET /wp-content/ HTTP/1.1" 200 - "-" "-"
52.178.128.237 - - [15/Jul/2025:16:00:41 +0000] "GET /wp-includes/images/crystal/ HTTP/1.1" 404 61355 "-" "-"
52.178.128.237 - - [15/Jul/2025:16:00:42 +0000] "GET /filemanager.php HTTP/1.1" 404 61355 "-" "-"
52.178.128.237 - - [15/Jul/2025:16:00:42 +0000] "GET /wp-content/ccx/ HTTP/1.1" 404 61355 "-" "-"
52.178.128.237 - - [15/Jul/2025:16:00:42 +0000] "GET /aj.php HTTP/1.1" 404 61355 "-" "-"
52.178.128.237 - - [15/Jul/2025:16:00:43 +0000] "GET /wp-content/themes/twentytwentyfour/index.php?p= HTTP/1.1" 301 - "-" "-"
52.178.128.237 - - [15/Jul/2025:16:00:43 +0000] "GET /wp-content/themes/twentytwentyfour/ HTTP/1.1" 404 61355 "-" "-"
52.178.128.237 - - [15/Jul/2025:16:00:43 +0000] "GET /system_log.php HTTP/1.1" 404 61355 "-" "-"
52.178.128.237 - - [15/Jul/2025:16:00:44 +0000] "GET /file.php HTTP/1.1" 404 61355 "-" "-"
52.178.128.237 - - [15/Jul/2025:16:00:44 +0000] "GET /default.php HTTP/1.1" 404 61355 "-" "-"
52.178.128.237 - - [15/Jul/2025:16:00:44 +0000] "GET /wp-content/themes/tflow/ HTTP/1.1" 404 61355 "-" "-"
52.178.128.237 - - [15/Jul/2025:16:00:45 +0000] "GET /wp-content/plugins/pwnd-1/ HTTP/1.1" 404 61355 "-" "-"
52.178.128.237 - - [15/Jul/2025:16:00:45 +0000] "GET /wp-content/plugins/pwnd/ HTTP/1.1" 404 61355 "-" "-"
52.178.128.237 - - [15/Jul/2025:16:00:45 +0000] "GET /wordpress/wp-includes/IXR/ HTTP/1.1" 404 61355 "-" "-"
52.178.128.237 - - [15/Jul/2025:16:00:46 +0000] "GET /vendor/phpunit/phpunit/src/Util/PHP/ HTTP/1.1" 404 61355 "-" "-"
52.178.128.237 - - [15/Jul/2025:16:00:46 +0000] "GET /wp-content/plugins/css-ready/ HTTP/1.1" 404 61355 "-" "-"
52.178.128.237 - - [15/Jul/2025:16:00:46 +0000] "GET /wp-content/plugins/linkpreview/ HTTP/1.1" 404 61355 "-" "-"
52.178.128.237 - - [15/Jul/2025:16:00:47 +0000] "GET /wp-content/uploads/2023/11/ HTTP/1.1" 404 61355 "-" "-"
52.178.128.237 - - [15/Jul/2025:16:00:47 +0000] "GET /wp-includes/js/tinymce/skins/wordpress/images/ HTTP/1.1" 404 61355 "-" "-"
52.178.128.237 - - [15/Jul/2025:16:00:47 +0000] "GET /wp-includes/Requests/Text/ HTTP/1.1" 404 61355 "-" "-"
52.178.128.237 - - [15/Jul/2025:16:00:48 +0000] "GET /wp-content/themes/wp-classic/inc/ HTTP/1.1" 404 61355 "-" "-"
52.178.128.237 - - [15/Jul/2025:16:00:48 +0000] "GET /admin/upload/ HTTP/1.1" 404 61355 "-" "-"
52.178.128.237 - - [15/Jul/2025:16:00:48 +0000] "GET /wp-includes.bak/html-api/ HTTP/1.1" 404 61355 "-" "-"
52.178.128.237 - - [15/Jul/2025:16:00:49 +0000] "GET /wp-admin/maint/maint/ HTTP/1.1" 404 61355 "-" "-"
52.178.128.237 - - [15/Jul/2025:16:00:49 +0000] "GET /wp-content/plugins/Cache/ HTTP/1.1" 404 61355 "-" "-"
52.178.128.237 - - [15/Jul/2025:16:00:49 +0000] "GET /wp-admin/css/colors/coffee/ HTTP/1.1" 404 61355 "-" "-"
52.178.128.237 - - [15/Jul/2025:16:00:50 +0000] "GET /wp-admin/js//wp-admin/js/ HTTP/1.1" 301 - "-" "-"
52.178.128.237 - - [15/Jul/2025:16:00:50 +0000] "GET /wp-admin/js/wp-admin/js/ HTTP/1.1" 404 61355 "-" "-"
52.178.128.237 - - [15/Jul/2025:16:00:51 +0000] "GET /wp/wp-includes/ HTTP/1.1" 404 61355 "-" "-"
52.178.128.237 - - [15/Jul/2025:16:00:51 +0000] "GET /wp-includes/js/tinymce/skins/lightgray/img/ HTTP/1.1" 404 61355 "-" "-"
52.178.128.237 - - [15/Jul/2025:16:00:51 +0000] "GET /wp-admin/css/colors/midnight/ HTTP/1.1" 404 61355 "-" "-"
52.178.128.237 - - [15/Jul/2025:16:00:52 +0000] "GET /wp-content/gallery/ HTTP/1.1" 404 61355 "-" "-"
52.178.128.237 - - [15/Jul/2025:16:00:52 +0000] "GET /wp-includes/PHPMailer/ HTTP/1.1" 404 61355 "-" "-"
52.178.128.237 - - [15/Jul/2025:16:00:52 +0000] "GET /wp-content/plugins/backup-backup/includes/ HTTP/1.1" 404 61355 "-" "-"
52.178.128.237 - - [15/Jul/2025:16:00:53 +0000] "GET /filemanager/ HTTP/1.1" 404 61355 "-" "-"
52.178.128.237 - - [15/Jul/2025:16:00:53 +0000] "GET /wp-includes/js/tinymce/skins/lightgray/fonts/ HTTP/1.1" 404 61355 "-" "-"
52.178.128.237 - - [15/Jul/2025:16:00:53 +0000] "GET /wp-content/plugins/envato-market/inc/ HTTP/1.1" 404 61355 "-" "-"
52.178.128.237 - - [15/Jul/2025:16:00:54 +0000] "GET /wp-includes/js/codemirror/ HTTP/1.1" 404 61355 "-" "-"
52.178.128.237 - - [15/Jul/2025:16:00:54 +0000] "GET /wp-content/themes/twentyfive/ HTTP/1.1" 404 61355 "-" "-"
52.178.128.237 - - [15/Jul/2025:16:00:54 +0000] "GET /wp-content/themes/travel/ HTTP/1.1" 404 61355 "-" "-"
52.178.128.237 - - [15/Jul/2025:16:00:55 +0000] "GET /wp-content/plugins/core/ HTTP/1.1" 404 61355 "-" "-"
52.178.128.237 - - [15/Jul/2025:16:00:55 +0000] "GET /wp-content/plugins/contact-form-7/includes/js/jquery-ui/themes/smoothness/ HTTP/1.1" 404 61355 "-" "-"
52.178.128.237 - - [15/Jul/2025:16:00:55 +0000] "GET /modules/mod_simplefileuploadv1.3/elements/ HTTP/1.1" 404 61355 "-" "-"
52.178.128.237 - - [15/Jul/2025:16:00:55 +0000] "GET /wp-content/plugins/seoo/ HTTP/1.1" 404 61355 "-" "-"
52.178.128.237 - - [15/Jul/2025:16:00:56 +0000] "GET /wp-includes/sitemaps/providers/ HTTP/1.1" 404 61355 "-" "-"
52.178.128.237 - - [15/Jul/2025:16:00:56 +0000] "GET /wp-includes/fonts/ HTTP/1.1" 404 61355 "-" "-"
52.178.128.237 - - [15/Jul/2025:16:00:56 +0000] "GET /ALFA_DATA/alfacgiapi/ HTTP/1.1" 404 61355 "-" "-"
52.178.128.237 - - [15/Jul/2025:16:00:57 +0000] "GET /wp-content/plugins/widget-logic/ HTTP/1.1" 404 61355 "-" "-"
52.178.128.237 - - [15/Jul/2025:16:00:57 +0000] "GET /wp-includes/js/tinymce/langs/ HTTP/1.1" 404 61355 "-" "-"
52.178.128.237 - - [15/Jul/2025:16:00:57 +0000] "GET /wp-includes//wp-includes/ HTTP/1.1" 301 - "-" "-"
52.178.128.237 - - [15/Jul/2025:16:00:58 +0000] "GET /wp-includes/wp-includes/ HTTP/1.1" 404 61355 "-" "-"
52.178.128.237 - - [15/Jul/2025:16:00:58 +0000] "GET /wp-content/plugins/wp-hps/sh/ HTTP/1.1" 404 61355 "-" "-"
52.178.128.237 - - [15/Jul/2025:16:00:58 +0000] "GET /wp-content/plugins/masterx/ HTTP/1.1" 404 61355 "-" "-"
52.178.128.237 - - [15/Jul/2025:16:00:59 +0000] "GET /wp-content/plugins/custom/ HTTP/1.1" 404 61355 "-" "-"
52.178.128.237 - - [15/Jul/2025:16:00:59 +0000] "GET /wp-includes/Requests/Exception/ HTTP/1.1" 404 61355 "-" "-"
52.178.128.237 - - [15/Jul/2025:16:00:59 +0000] "GET /wp-content/plugins/yyobang/ HTTP/1.1" 404 61355 "-" "-"
52.178.128.237 - - [15/Jul/2025:16:01:00 +0000] "GET /libraries/vendor/ HTTP/1.1" 404 61355 "-" "-"
52.178.128.237 - - [15/Jul/2025:16:01:00 +0000] "GET /include/ HTTP/1.1" 404 61355 "-" "-"
52.178.128.237 - - [15/Jul/2025:16:01:00 +0000] "GET /wp-content/blogs.dir/ HTTP/1.1" 404 61355 "-" "-"
52.178.128.237 - - [15/Jul/2025:16:01:01 +0000] "GET /libraries/legacy/ HTTP/1.1" 404 61355 "-" "-"
52.178.128.237 - - [15/Jul/2025:16:01:01 +0000] "GET /wp-content/uploads/2018/03/ HTTP/1.1" 404 61355 "-" "-"
52.178.128.237 - - [15/Jul/2025:16:01:02 +0000] "GET /wp-content/plugins/press/ HTTP/1.1" 404 61355 "-" "-"
52.178.128.237 - - [15/Jul/2025:16:01:02 +0000] "GET /libraries/phpmailer/ HTTP/1.1" 404 61355 "-" "-"
52.178.128.237 - - [15/Jul/2025:16:01:02 +0000] "GET /wp-includes/Text/Diff/Renderer/ HTTP/1.1" 404 61355 "-" "-"
52.178.128.237 - - [15/Jul/2025:16:01:03 +0000] "GET /wp-content/plugins/apikey/ HTTP/1.1" 404 61355 "-" "-"
52.178.128.237 - - [15/Jul/2025:16:01:03 +0000] "GET /wp-content/banners/ HTTP/1.1" 404 61355 "-" "-"
52.178.128.237 - - [15/Jul/2025:16:01:04 +0000] "GET /.wp-cli/ HTTP/1.1" 404 61355 "-" "-"
52.178.128.237 - - [15/Jul/2025:16:01:04 +0000] "GET /wp-includes/sodium_compat/src/Core/Curve25519/Ge/ HTTP/1.1" 404 61355 "-" "-"
52.178.128.237 - - [15/Jul/2025:16:01:04 +0000] "GET /wp-content/plugins/background-image-cropper/ HTTP/1.1" 404 61355 "-" "-"
52.178.128.237 - - [15/Jul/2025:16:01:05 +0000] "GET /wp-admin/ccx/ HTTP/1.1" 404 61355 "-" "-"
52.178.128.237 - - [15/Jul/2025:16:01:05 +0000] "GET /wp-includes/widgets/ HTTP/1.1" 404 61355 "-" "-"
52.178.128.237 - - [15/Jul/2025:16:01:06 +0000] "GET /assets/images/ HTTP/1.1" 404 61355 "-" "-"
52.178.128.237 - - [15/Jul/2025:16:01:06 +0000] "GET /wp-content/plugins/instabuilder2/cache/plugins/ HTTP/1.1" 404 61355 "-" "-"
52.178.128.237 - - [15/Jul/2025:16:01:07 +0000] "GET /.well-known//.well-known/ HTTP/1.1" 301 - "-" "-"
52.178.128.237 - - [15/Jul/2025:16:01:07 +0000] "GET /.well-known/.well-known/ HTTP/1.1" 404 61355 "-" "-"
52.178.128.237 - - [15/Jul/2025:16:01:08 +0000] "GET /wp-includes/blocks/table/int/tmpl/ HTTP/1.1" 404 61355 "-" "-"
209.74.77.214 - - [15/Jul/2025:16:01:09 +0000] "POST /wp-cron.php?doing_wp_cron=1752595269.6381049156188964843750 HTTP/1.1" 200 - "-" "WordPress/6.8.1; https://game-gainz.com"
52.178.128.237 - - [15/Jul/2025:16:01:09 +0000] "GET /wp-includes/js/jcrop/ HTTP/1.1" 404 61355 "-" "-"
52.178.128.237 - - [15/Jul/2025:16:01:10 +0000] "GET /wp-includes/js/crop/ HTTP/1.1" 404 61355 "-" "-"
52.178.128.237 - - [15/Jul/2025:16:01:10 +0000] "GET /wp/wp-admin/includes/ HTTP/1.1" 404 61355 "-" "-"
52.178.128.237 - - [15/Jul/2025:16:01:11 +0000] "GET /wp-includes/sitemaps/ HTTP/1.1" 404 61355 "-" "-"
52.178.128.237 - - [15/Jul/2025:16:01:11 +0000] "GET /wp-includes/js/dist/vendor/ HTTP/1.1" 404 61355 "-" "-"
52.178.128.237 - - [15/Jul/2025:16:01:12 +0000] "GET /wp-content/themes/twentyseventeen/page/ HTTP/1.1" 404 61355 "-" "-"
52.178.128.237 - - [15/Jul/2025:16:01:13 +0000] "GET /wp-includes/pomo/ HTTP/1.1" 404 61355 "-" "-"
52.178.128.237 - - [15/Jul/2025:16:01:13 +0000] "GET /wp-content/plugins/seoplugins/ HTTP/1.1" 404 61355 "-" "-"
52.178.128.237 - - [15/Jul/2025:16:01:14 +0000] "GET /wp-content/uploads/2014/03/ HTTP/1.1" 404 61355 "-" "-"
52.178.128.237 - - [15/Jul/2025:16:01:14 +0000] "GET /wp-content/plugins/fix/ HTTP/1.1" 404 61355 "-" "-"
52.178.128.237 - - [15/Jul/2025:16:01:15 +0000] "GET /docs/ HTTP/1.1" 404 61355 "-" "-"
66.249.79.64 - - [15/Jul/2025:16:02:04 +0000] "GET /?f=5025587031370&mod=67a4b0f5&uri=info.php?item/56176930.shtml HTTP/1.1" 200 22270 "-" "Mozilla/5.0 (Linux; Android 6.0.1; Nexus 5X Build/MMB29P) AppleWebKit/537.36 (KHTML, like Gecko) Chrome/137.0.7151.103 Mobile Safari/537.36 (compatible; Googlebot/2.1; +http://www.google.com/bot.html)"
66.249.79.66 - - [15/Jul/2025:16:03:28 +0000] "GET /?f=5361162021370&mod=b3b0b34e&uri=pin.php?item/586390858.shtml HTTP/1.1" 200 19692 "-" "Mozilla/5.0 (Linux; Android 6.0.1; Nexus 5X Build/MMB29P) AppleWebKit/537.36 (KHTML, like Gecko) Chrome/137.0.7151.103 Mobile Safari/537.36 (compatible; Googlebot/2.1; +http://www.google.com/bot.html)"
66.249.79.64 - - [15/Jul/2025:16:04:39 +0000] "GET /?f=5025587031370&mod=67a4b0f5&uri=info.php?item/56140174.shtml HTTP/1.1" 200 20111 "-" "Mozilla/5.0 (Linux; Android 6.0.1; Nexus 5X Build/MMB29P) AppleWebKit/537.36 (KHTML, like Gecko) Chrome/137.0.7151.103 Mobile Safari/537.36 (compatible; Googlebot/2.1; +http://www.google.com/bot.html)"
66.249.79.66 - - [15/Jul/2025:16:05:41 +0000] "GET /?f=5634007001370&mod=4741dc94&uri=news.php%3Fid%3D188116-315%26name%3Dlbvyr+uhr HTTP/1.1" 200 19772 "-" "Mozilla/5.0 (Linux; Android 6.0.1; Nexus 5X Build/MMB29P) AppleWebKit/537.36 (KHTML, like Gecko) Chrome/137.0.7151.103 Mobile Safari/537.36 (compatible; Googlebot/2.1; +http://www.google.com/bot.html)"
66.249.79.65 - - [15/Jul/2025:16:06:34 +0000] "GET /?f=5025587031370&mod=67a4b0f5&uri=info.php?item/56134036.shtml HTTP/1.1" 200 19276 "-" "Mozilla/5.0 (Linux; Android 6.0.1; Nexus 5X Build/MMB29P) AppleWebKit/537.36 (KHTML, like Gecko) Chrome/137.0.7151.103 Mobile Safari/537.36 (compatible; Googlebot/2.1; +http://www.google.com/bot.html)"
66.249.79.65 - - [15/Jul/2025:16:07:19 +0000] "GET /?f=5330409061370&mod=f3a3d61b&uri=info.php?product/edit/G3833282832 HTTP/1.1" 200 20127 "-" "Mozilla/5.0 (Linux; Android 6.0.1; Nexus 5X Build/MMB29P) AppleWebKit/537.36 (KHTML, like Gecko) Chrome/137.0.7151.103 Mobile Safari/537.36 (compatible; Googlebot/2.1; +http://www.google.com/bot.html)"
66.249.79.64 - - [15/Jul/2025:16:07:58 +0000] "GET /?f=5344599011370&mod=aebb462e&uri=form.php?product/edit/G906371164 HTTP/1.1" 200 21057 "-" "Mozilla/5.0 (Linux; Android 6.0.1; Nexus 5X Build/MMB29P) AppleWebKit/537.36 (KHTML, like Gecko) Chrome/137.0.7151.103 Mobile Safari/537.36 (compatible; Googlebot/2.1; +http://www.google.com/bot.html)"
66.249.79.64 - - [15/Jul/2025:16:08:31 +0000] "GET /?f=5344599011370&mod=aebb462e&uri=form.php?item/6844826.shtml HTTP/1.1" 200 19297 "-" "Mozilla/5.0 (Linux; Android 6.0.1; Nexus 5X Build/MMB29P) AppleWebKit/537.36 (KHTML, like Gecko) Chrome/137.0.7151.103 Mobile Safari/537.36 (compatible; Googlebot/2.1; +http://www.google.com/bot.html)"
66.249.79.66 - - [15/Jul/2025:16:09:01 +0000] "GET /?f=5025587031370&mod=67a4b0f5&uri=info.php?item/56174622.shtml HTTP/1.1" 200 19690 "-" "Mozilla/5.0 (Linux; Android 6.0.1; Nexus 5X Build/MMB29P) AppleWebKit/537.36 (KHTML, like Gecko) Chrome/137.0.7151.103 Mobile Safari/537.36 (compatible; Googlebot/2.1; +http://www.google.com/bot.html)"
66.249.79.64 - - [15/Jul/2025:16:09:45 +0000] "GET /?f=5025587031370&mod=67a4b0f5&uri=info.php?item/56170760.shtml HTTP/1.1" 200 19381 "-" "Mozilla/5.0 (Linux; Android 6.0.1; Nexus 5X Build/MMB29P) AppleWebKit/537.36 (KHTML, like Gecko) Chrome/137.0.7151.103 Mobile Safari/537.36 (compatible; Googlebot/2.1; +http://www.google.com/bot.html)"
66.249.79.66 - - [15/Jul/2025:16:10:19 +0000] "GET /?f=5344599011370&mod=aebb462e&uri=form.php?item/1350250534.shtml HTTP/1.1" 200 19194 "-" "Mozilla/5.0 (Linux; Android 6.0.1; Nexus 5X Build/MMB29P) AppleWebKit/537.36 (KHTML, like Gecko) Chrome/137.0.7151.103 Mobile Safari/537.36 (compatible; Googlebot/2.1; +http://www.google.com/bot.html)"
209.74.77.214 - - [15/Jul/2025:16:11:23 +0000] "POST /wp-cron.php?doing_wp_cron=1752595883.1314508914947509765625 HTTP/1.1" 200 - "-" "WordPress/6.8.1; https://game-gainz.com"
101.32.49.171 - - [15/Jul/2025:16:11:22 +0000] "GET / HTTP/1.1" 301 - "-" "Mozilla/5.0 (iPhone; CPU iPhone OS 13_2_3 like Mac OS X) AppleWebKit/605.1.15 (KHTML, like Gecko) Version/13.0.3 Mobile/15E148 Safari/604.1"
101.32.49.171 - - [15/Jul/2025:16:11:24 +0000] "GET / HTTP/1.1" 200 12982 "http://www.game-gainz.com" "Mozilla/5.0 (iPhone; CPU iPhone OS 13_2_3 like Mac OS X) AppleWebKit/605.1.15 (KHTML, like Gecko) Version/13.0.3 Mobile/15E148 Safari/604.1"
66.249.79.65 - - [15/Jul/2025:16:12:29 +0000] "GET /?f=5025587031370&mod=67a4b0f5&uri=info.php?item/1500940306.shtml HTTP/1.1" 200 20685 "-" "Mozilla/5.0 (Linux; Android 6.0.1; Nexus 5X Build/MMB29P) AppleWebKit/537.36 (KHTML, like Gecko) Chrome/137.0.7151.103 Mobile Safari/537.36 (compatible; Googlebot/2.1; +http://www.google.com/bot.html)"
66.249.79.64 - - [15/Jul/2025:16:16:47 +0000] "GET /?f=5025587031370&mod=67a4b0f5&uri=info.php?item/1500934978.shtml HTTP/1.1" 200 18892 "-" "Mozilla/5.0 (Linux; Android 6.0.1; Nexus 5X Build/MMB29P) AppleWebKit/537.36 (KHTML, like Gecko) Chrome/137.0.7151.103 Mobile Safari/537.36 (compatible; Googlebot/2.1; +http://www.google.com/bot.html)"
66.249.79.65 - - [15/Jul/2025:16:17:56 +0000] "GET /?f=5344599011370&mod=aebb462e&uri=form.php?item/8153760.shtml HTTP/1.1" 200 18921 "-" "Mozilla/5.0 (Linux; Android 6.0.1; Nexus 5X Build/MMB29P) AppleWebKit/537.36 (KHTML, like Gecko) Chrome/137.0.7151.103 Mobile Safari/537.36 (compatible; Googlebot/2.1; +http://www.google.com/bot.html)"
66.249.79.65 - - [15/Jul/2025:16:18:09 +0000] "POST /get-message-notify HTTP/1.1" 200 19357 "http://game-gainz.com/?f=5344599011370&mod=aebb462e&uri=form.php?item/8153760.shtml" "Mozilla/5.0 (Linux; Android 6.0.1; Nexus 5X Build/MMB29P) AppleWebKit/537.36 (KHTML, like Gecko) Chrome/137.0.7151.119 Mobile Safari/537.36 (compatible; Googlebot/2.1; +http://www.google.com/bot.html)"
66.249.79.64 - - [15/Jul/2025:16:18:34 +0000] "GET /?f=5344599011370&mod=aebb462e&uri=form.php?item/4184546.shtml HTTP/1.1" 200 19397 "-" "Mozilla/5.0 (Linux; Android 6.0.1; Nexus 5X Build/MMB29P) AppleWebKit/537.36 (KHTML, like Gecko) Chrome/137.0.7151.103 Mobile Safari/537.36 (compatible; Googlebot/2.1; +http://www.google.com/bot.html)"
66.249.79.64 - - [15/Jul/2025:16:19:12 +0000] "GET /?f=5361162021370&mod=b3b0b34e&uri=pin.php?item/585015184.shtml HTTP/1.1" 200 20091 "-" "Mozilla/5.0 (Linux; Android 6.0.1; Nexus 5X Build/MMB29P) AppleWebKit/537.36 (KHTML, like Gecko) Chrome/137.0.7151.103 Mobile Safari/537.36 (compatible; Googlebot/2.1; +http://www.google.com/bot.html)"
66.249.79.64 - - [15/Jul/2025:16:19:22 +0000] "GET /?f=5025587031370&mod=67a4b0f5&uri=info.php?item/1500937914.shtml HTTP/1.1" 200 18858 "-" "Mozilla/5.0 (Linux; Android 6.0.1; Nexus 5X Build/MMB29P) AppleWebKit/537.36 (KHTML, like Gecko) Chrome/137.0.7151.103 Mobile Safari/537.36 (compatible; Googlebot/2.1; +http://www.google.com/bot.html)"
66.249.79.66 - - [15/Jul/2025:16:20:50 +0000] "POST /get-message-notify HTTP/1.1" 200 19357 "http://game-gainz.com/?f=5025587031370&mod=67a4b0f5&uri=info.php?item/1500937914.shtml" "Mozilla/5.0 (Linux; Android 6.0.1; Nexus 5X Build/MMB29P) AppleWebKit/537.36 (KHTML, like Gecko) Chrome/137.0.7151.119 Mobile Safari/537.36 (compatible; Googlebot/2.1; +http://www.google.com/bot.html)"
209.74.77.214 - - [15/Jul/2025:16:21:03 +0000] "POST /wp-cron.php?doing_wp_cron=1752596463.1095969676971435546875 HTTP/1.1" 200 - "-" "WordPress/6.8.1; https://game-gainz.com"
182.44.67.97 - - [15/Jul/2025:16:21:02 +0000] "GET / HTTP/1.1" 200 12983 "-" "Mozilla/5.0 (iPhone; CPU iPhone OS 13_2_3 like Mac OS X) AppleWebKit/605.1.15 (KHTML, like Gecko) Version/13.0.3 Mobile/15E148 Safari/604.1"
209.74.77.214 - - [15/Jul/2025:16:22:00 +0000] "POST /wp-cron.php?doing_wp_cron=1752596520.7311699390411376953125 HTTP/1.1" 200 - "-" "WordPress/6.8.1; https://game-gainz.com"
66.249.79.66 - - [15/Jul/2025:16:21:59 +0000] "GET /h_3840/line-images/19425/19425-sidetread/toyo-open-country-r-t-trail.png HTTP/1.1" 404 12525 "-" "Googlebot-Image/1.0"
66.249.79.64 - - [15/Jul/2025:16:22:40 +0000] "GET /?f=5344599011370&mod=aebb462e&uri=form.php?item/1350255518.shtml HTTP/1.1" 200 19971 "-" "Mozilla/5.0 (Linux; Android 6.0.1; Nexus 5X Build/MMB29P) AppleWebKit/537.36 (KHTML, like Gecko) Chrome/137.0.7151.103 Mobile Safari/537.36 (compatible; Googlebot/2.1; +http://www.google.com/bot.html)"
66.249.79.64 - - [15/Jul/2025:16:22:46 +0000] "GET /?f=5025587031370&mod=67a4b0f5&uri=info.php?item/56154862.shtml HTTP/1.1" 200 20116 "-" "Mozilla/5.0 (Linux; Android 6.0.1; Nexus 5X Build/MMB29P) AppleWebKit/537.36 (KHTML, like Gecko) Chrome/137.0.7151.103 Mobile Safari/537.36 (compatible; Googlebot/2.1; +http://www.google.com/bot.html)"
66.249.79.64 - - [15/Jul/2025:16:23:58 +0000] "GET /?f=5344599011370&mod=aebb462e&uri=form.php?item/8152330.shtml HTTP/1.1" 200 20831 "-" "Mozilla/5.0 (Linux; Android 6.0.1; Nexus 5X Build/MMB29P) AppleWebKit/537.36 (KHTML, like Gecko) Chrome/137.0.7151.103 Mobile Safari/537.36 (compatible; Googlebot/2.1; +http://www.google.com/bot.html)"
66.249.79.66 - - [15/Jul/2025:16:25:20 +0000] "GET /?f=5025587031370&mod=67a4b0f5&uri=info.php?text/terms HTTP/1.1" 200 20061 "-" "Mozilla/5.0 (Linux; Android 6.0.1; Nexus 5X Build/MMB29P) AppleWebKit/537.36 (KHTML, like Gecko) Chrome/137.0.7151.103 Mobile Safari/537.36 (compatible; Googlebot/2.1; +http://www.google.com/bot.html)"
66.249.79.64 - - [15/Jul/2025:16:26:15 +0000] "GET /?f=5344599011370&mod=aebb462e&uri=form.php?item/1350252874.shtml HTTP/1.1" 200 18621 "-" "Mozilla/5.0 (Linux; Android 6.0.1; Nexus 5X Build/MMB29P) AppleWebKit/537.36 (KHTML, like Gecko) Chrome/137.0.7151.103 Mobile Safari/537.36 (compatible; Googlebot/2.1; +http://www.google.com/bot.html)"
43.166.253.94 - - [15/Jul/2025:16:28:08 +0000] "GET /wp-content/themes/extendable/assets/fonts/koulen/koulen-regular.woff2 HTTP/1.1" 200 20907 "-" "Mozilla/5.0 (iPhone; CPU iPhone OS 13_2_3 like Mac OS X) AppleWebKit/605.1.15 (KHTML, like Gecko) Version/13.0.3 Mobile/15E148 Safari/604.1"
66.249.79.65 - - [15/Jul/2025:16:28:33 +0000] "GET /?f=5344599011370&mod=aebb462e&uri=form.php?item/8138556.shtml HTTP/1.1" 200 19071 "-" "Mozilla/5.0 (Linux; Android 6.0.1; Nexus 5X Build/MMB29P) AppleWebKit/537.36 (KHTML, like Gecko) Chrome/137.0.7151.103 Mobile Safari/537.36 (compatible; Googlebot/2.1; +http://www.google.com/bot.html)"
66.249.79.66 - - [15/Jul/2025:16:32:30 +0000] "GET /?f=5344599011370&mod=aebb462e&uri=form.php?item/8140286.shtml HTTP/1.1" 200 19341 "-" "Mozilla/5.0 (Linux; Android 6.0.1; Nexus 5X Build/MMB29P) AppleWebKit/537.36 (KHTML, like Gecko) Chrome/137.0.7151.103 Mobile Safari/537.36 (compatible; Googlebot/2.1; +http://www.google.com/bot.html)"
66.249.79.64 - - [15/Jul/2025:16:33:29 +0000] "GET /?f=5344599011370&mod=aebb462e&uri=form.php?item/10725898.shtml HTTP/1.1" 200 19363 "-" "Mozilla/5.0 (Linux; Android 6.0.1; Nexus 5X Build/MMB29P) AppleWebKit/537.36 (KHTML, like Gecko) Chrome/137.0.7151.103 Mobile Safari/537.36 (compatible; Googlebot/2.1; +http://www.google.com/bot.html)"
66.249.79.64 - - [15/Jul/2025:16:34:39 +0000] "GET /?f=5025587031370&mod=67a4b0f5&uri=info.php?item/1500944970.shtml HTTP/1.1" 200 18975 "-" "Mozilla/5.0 (Linux; Android 6.0.1; Nexus 5X Build/MMB29P) AppleWebKit/537.36 (KHTML, like Gecko) Chrome/137.0.7151.103 Mobile Safari/537.36 (compatible; Googlebot/2.1; +http://www.google.com/bot.html)"
66.249.79.64 - - [15/Jul/2025:16:35:48 +0000] "GET /?f=5025587031370&mod=67a4b0f5&uri=info.php?item/56156036.shtml HTTP/1.1" 200 19270 "-" "Mozilla/5.0 (Linux; Android 6.0.1; Nexus 5X Build/MMB29P) AppleWebKit/537.36 (KHTML, like Gecko) Chrome/137.0.7151.103 Mobile Safari/537.36 (compatible; Googlebot/2.1; +http://www.google.com/bot.html)"
43.166.226.186 - - [15/Jul/2025:16:38:32 +0000] "GET /wp-content/themes/extendable/assets/fonts/marcellus/marcellus_wght.woff2 HTTP/1.1" 200 18431 "-" "Mozilla/5.0 (iPhone; CPU iPhone OS 13_2_3 like Mac OS X) AppleWebKit/605.1.15 (KHTML, like Gecko) Version/13.0.3 Mobile/15E148 Safari/604.1"
66.249.79.66 - - [15/Jul/2025:16:38:44 +0000] "GET /?f=5025587031370&mod=67a4b0f5&uri=info.php?item/56139642.shtml HTTP/1.1" 200 19494 "-" "Mozilla/5.0 (Linux; Android 6.0.1; Nexus 5X Build/MMB29P) AppleWebKit/537.36 (KHTML, like Gecko) Chrome/137.0.7151.103 Mobile Safari/537.36 (compatible; Googlebot/2.1; +http://www.google.com/bot.html)"
66.249.79.65 - - [15/Jul/2025:16:40:02 +0000] "GET /?f=5025587031370&mod=67a4b0f5&uri=info.php?item/56172198.shtml HTTP/1.1" 200 21392 "-" "Mozilla/5.0 (Linux; Android 6.0.1; Nexus 5X Build/MMB29P) AppleWebKit/537.36 (KHTML, like Gecko) Chrome/137.0.7151.103 Mobile Safari/537.36 (compatible; Googlebot/2.1; +http://www.google.com/bot.html)"
66.249.79.66 - - [15/Jul/2025:16:42:20 +0000] "GET /?f=5025587031370&mod=67a4b0f5&uri=info.php?item/56146336.shtml HTTP/1.1" 200 19865 "-" "Mozilla/5.0 (Linux; Android 6.0.1; Nexus 5X Build/MMB29P) AppleWebKit/537.36 (KHTML, like Gecko) Chrome/137.0.7151.103 Mobile Safari/537.36 (compatible; Googlebot/2.1; +http://www.google.com/bot.html)"
66.249.79.65 - - [15/Jul/2025:16:44:38 +0000] "GET /?f=5025587031370&mod=67a4b0f5&uri=info.php?item/56152538.shtml HTTP/1.1" 200 19572 "-" "Mozilla/5.0 (Linux; Android 6.0.1; Nexus 5X Build/MMB29P) AppleWebKit/537.36 (KHTML, like Gecko) Chrome/137.0.7151.103 Mobile Safari/537.36 (compatible; Googlebot/2.1; +http://www.google.com/bot.html)"
66.249.79.64 - - [15/Jul/2025:16:44:43 +0000] "GET /?f=5361162021370&mod=b3b0b34e&uri=pin.php?item/586337972.shtml HTTP/1.1" 200 20039 "-" "Mozilla/5.0 (Linux; Android 6.0.1; Nexus 5X Build/MMB29P) AppleWebKit/537.36 (KHTML, like Gecko) Chrome/137.0.7151.103 Mobile Safari/537.36 (compatible; Googlebot/2.1; +http://www.google.com/bot.html)"
66.249.79.64 - - [15/Jul/2025:16:46:55 +0000] "GET /?f=5025587031370&mod=67a4b0f5&uri=info.php?item/56116700.shtml HTTP/1.1" 200 21765 "-" "Mozilla/5.0 (Linux; Android 6.0.1; Nexus 5X Build/MMB29P) AppleWebKit/537.36 (KHTML, like Gecko) Chrome/137.0.7151.103 Mobile Safari/537.36 (compatible; Googlebot/2.1; +http://www.google.com/bot.html)"
43.166.239.145 - - [15/Jul/2025:16:48:42 +0000] "GET /wp-content/themes/extendable/assets/fonts/karla/karla.woff2 HTTP/1.1" 200 41652 "-" "Mozilla/5.0 (iPhone; CPU iPhone OS 13_2_3 like Mac OS X) AppleWebKit/605.1.15 (KHTML, like Gecko) Version/13.0.3 Mobile/15E148 Safari/604.1"
66.249.79.66 - - [15/Jul/2025:16:49:13 +0000] "GET /?f=5025587031370&mod=67a4b0f5&uri=info.php?item/56138700.shtml HTTP/1.1" 200 21084 "-" "Mozilla/5.0 (Linux; Android 6.0.1; Nexus 5X Build/MMB29P) AppleWebKit/537.36 (KHTML, like Gecko) Chrome/137.0.7151.103 Mobile Safari/537.36 (compatible; Googlebot/2.1; +http://www.google.com/bot.html)"
66.249.79.65 - - [15/Jul/2025:16:51:31 +0000] "GET /?f=5025587031370&mod=67a4b0f5&uri=info.php?item/56173148.shtml HTTP/1.1" 200 20060 "-" "Mozilla/5.0 (Linux; Android 6.0.1; Nexus 5X Build/MMB29P) AppleWebKit/537.36 (KHTML, like Gecko) Chrome/137.0.7151.103 Mobile Safari/537.36 (compatible; Googlebot/2.1; +http://www.google.com/bot.html)"
66.249.79.66 - - [15/Jul/2025:16:51:34 +0000] "POST /get-message-notify HTTP/1.1" 200 19357 "http://game-gainz.com/?f=5025587031370&mod=67a4b0f5&uri=info.php?item/56173148.shtml" "Mozilla/5.0 (Linux; Android 6.0.1; Nexus 5X Build/MMB29P) AppleWebKit/537.36 (KHTML, like Gecko) Chrome/137.0.7151.119 Mobile Safari/537.36 (compatible; Googlebot/2.1; +http://www.google.com/bot.html)"
66.249.79.66 - - [15/Jul/2025:16:54:49 +0000] "GET /?f=5025587031370&mod=67a4b0f5&uri=info.php?item/56174538.shtml HTTP/1.1" 200 23754 "-" "Mozilla/5.0 (Linux; Android 6.0.1; Nexus 5X Build/MMB29P) AppleWebKit/537.36 (KHTML, like Gecko) Chrome/137.0.7151.103 Mobile Safari/537.36 (compatible; Googlebot/2.1; +http://www.google.com/bot.html)"
66.249.79.66 - - [15/Jul/2025:16:56:06 +0000] "GET /?f=5025587031370&mod=67a4b0f5&uri=info.php?item/56142546.shtml HTTP/1.1" 200 19110 "-" "Mozilla/5.0 (Linux; Android 6.0.1; Nexus 5X Build/MMB29P) AppleWebKit/537.36 (KHTML, like Gecko) Chrome/137.0.7151.103 Mobile Safari/537.36 (compatible; Googlebot/2.1; +http://www.google.com/bot.html)"
66.249.79.66 - - [15/Jul/2025:16:58:24 +0000] "GET /?f=5025587031370&mod=67a4b0f5&uri=info.php?item/56169874.shtml HTTP/1.1" 200 19320 "-" "Mozilla/5.0 (Linux; Android 6.0.1; Nexus 5X Build/MMB29P) AppleWebKit/537.36 (KHTML, like Gecko) Chrome/137.0.7151.103 Mobile Safari/537.36 (compatible; Googlebot/2.1; +http://www.google.com/bot.html)"
66.249.79.65 - - [15/Jul/2025:16:59:25 +0000] "GET /?f=5025587031370&mod=67a4b0f5&uri=info.php?item/2857110.shtml HTTP/1.1" 200 21297 "-" "Mozilla/5.0 (Linux; Android 6.0.1; Nexus 5X Build/MMB29P) AppleWebKit/537.36 (KHTML, like Gecko) Chrome/137.0.7151.103 Mobile Safari/537.36 (compatible; Googlebot/2.1; +http://www.google.com/bot.html)"
66.249.79.65 - - [15/Jul/2025:16:59:26 +0000] "GET /?f=5025587031370&mod=67a4b0f5&uri=info.php?item/52362298.shtml HTTP/1.1" 200 19374 "-" "Mozilla/5.0 (Linux; Android 6.0.1; Nexus 5X Build/MMB29P) AppleWebKit/537.36 (KHTML, like Gecko) Chrome/137.0.7151.103 Mobile Safari/537.36 (compatible; Googlebot/2.1; +http://www.google.com/bot.html)"
66.249.79.65 - - [15/Jul/2025:16:59:27 +0000] "GET /?f=5025587031370&mod=67a4b0f5&uri=info.php?item/56157254.shtml HTTP/1.1" 200 20111 "-" "Mozilla/5.0 (Linux; Android 6.0.1; Nexus 5X Build/MMB29P) AppleWebKit/537.36 (KHTML, like Gecko) Chrome/137.0.7151.103 Mobile Safari/537.36 (compatible; Googlebot/2.1; +http://www.google.com/bot.html)"
66.249.79.64 - - [15/Jul/2025:16:59:28 +0000] "GET /?f=5025587031370&mod=67a4b0f5&uri=info.php?item/1500946400.shtml HTTP/1.1" 200 19697 "-" "Mozilla/5.0 (Linux; Android 6.0.1; Nexus 5X Build/MMB29P) AppleWebKit/537.36 (KHTML, like Gecko) Chrome/137.0.7151.103 Mobile Safari/537.36 (compatible; Googlebot/2.1; +http://www.google.com/bot.html)"
66.249.79.65 - - [15/Jul/2025:16:59:28 +0000] "GET /?f=5636223071370&mod=4741dc94&uri=pin.php%3Fid%3D188190-315%26name%3Dstar+wars+darth+vader+uhr HTTP/1.1" 200 19800 "-" "Mozilla/5.0 (Linux; Android 6.0.1; Nexus 5X Build/MMB29P) AppleWebKit/537.36 (KHTML, like Gecko) Chrome/137.0.7151.103 Mobile Safari/537.36 (compatible; Googlebot/2.1; +http://www.google.com/bot.html)"
66.249.79.64 - - [15/Jul/2025:16:59:29 +0000] "POST /get-message-notify HTTP/1.1" 200 19357 "http://game-gainz.com/?f=5025587031370&mod=67a4b0f5&uri=info.php?item/52362298.shtml" "Mozilla/5.0 (Linux; Android 6.0.1; Nexus 5X Build/MMB29P) AppleWebKit/537.36 (KHTML, like Gecko) Chrome/137.0.7151.119 Mobile Safari/537.36 (compatible; Googlebot/2.1; +http://www.google.com/bot.html)"
66.249.79.64 - - [15/Jul/2025:16:59:30 +0000] "POST /get-message-notify HTTP/1.1" 200 19357 "http://game-gainz.com/?f=5025587031370&mod=67a4b0f5&uri=info.php?item/1500946400.shtml" "Mozilla/5.0 (Linux; Android 6.0.1; Nexus 5X Build/MMB29P) AppleWebKit/537.36 (KHTML, like Gecko) Chrome/137.0.7151.119 Mobile Safari/537.36 (compatible; Googlebot/2.1; +http://www.google.com/bot.html)"
66.249.79.64 - - [15/Jul/2025:16:59:34 +0000] "GET /?f=5025587031370&mod=67a4b0f5&uri=info.php?item/56166970.shtml HTTP/1.1" 200 21106 "-" "Mozilla/5.0 (Linux; Android 6.0.1; Nexus 5X Build/MMB29P) AppleWebKit/537.36 (KHTML, like Gecko) Chrome/137.0.7151.103 Mobile Safari/537.36 (compatible; Googlebot/2.1; +http://www.google.com/bot.html)"
43.135.185.59 - - [15/Jul/2025:17:00:04 +0000] "GET /wp-content/themes/extendable/assets/fonts/oswald/oswald.woff2 HTTP/1.1" 200 70584 "-" "Mozilla/5.0 (iPhone; CPU iPhone OS 13_2_3 like Mac OS X) AppleWebKit/605.1.15 (KHTML, like Gecko) Version/13.0.3 Mobile/15E148 Safari/604.1"
66.249.79.64 - - [15/Jul/2025:17:00:44 +0000] "GET /?f=5025587031370&mod=67a4b0f5&uri=info.php?item/56159594.shtml HTTP/1.1" 200 19926 "-" "Mozilla/5.0 (Linux; Android 6.0.1; Nexus 5X Build/MMB29P) AppleWebKit/537.36 (KHTML, like Gecko) Chrome/137.0.7151.103 Mobile Safari/537.36 (compatible; Googlebot/2.1; +http://www.google.com/bot.html)"
170.39.218.50 - - [15/Jul/2025:17:01:16 +0000] "GET /wp-content/themes/extendable/assets/js/navigation-customization.js HTTP/1.1" 200 480 "-" "Mozilla/5.0 (Macintosh; Intel Mac OS X 10_15_7) AppleWebKit/537.36 Chrome/120.0.0.0"
66.249.79.64 - - [15/Jul/2025:17:01:54 +0000] "GET /?f=5025587031370&mod=67a4b0f5&uri=info.php?item/56180784.shtml HTTP/1.1" 200 19332 "-" "Mozilla/5.0 (Linux; Android 6.0.1; Nexus 5X Build/MMB29P) AppleWebKit/537.36 (KHTML, like Gecko) Chrome/137.0.7151.103 Mobile Safari/537.36 (compatible; Googlebot/2.1; +http://www.google.com/bot.html)"
66.249.79.66 - - [15/Jul/2025:17:03:04 +0000] "GET /?f=5025587031370&mod=67a4b0f5&uri=info.php?item/56168400.shtml HTTP/1.1" 200 19672 "-" "Mozilla/5.0 (Linux; Android 6.0.1; Nexus 5X Build/MMB29P) AppleWebKit/537.36 (KHTML, like Gecko) Chrome/137.0.7151.103 Mobile Safari/537.36 (compatible; Googlebot/2.1; +http://www.google.com/bot.html)"
66.249.79.64 - - [15/Jul/2025:17:04:19 +0000] "GET /?f=5344599011370&mod=aebb462e&uri=form.php?item/56173148.shtml HTTP/1.1" 200 20059 "-" "Mozilla/5.0 (Linux; Android 6.0.1; Nexus 5X Build/MMB29P) AppleWebKit/537.36 (KHTML, like Gecko) Chrome/137.0.7151.103 Mobile Safari/537.36 (compatible; Googlebot/2.1; +http://www.google.com/bot.html)"
66.249.79.66 - - [15/Jul/2025:17:04:20 +0000] "GET /?f=5361162021370&mod=b3b0b34e&uri=pin.php?item/586406720.shtml HTTP/1.1" 200 19633 "-" "Mozilla/5.0 (Linux; Android 6.0.1; Nexus 5X Build/MMB29P) AppleWebKit/537.36 (KHTML, like Gecko) Chrome/137.0.7151.103 Mobile Safari/537.36 (compatible; Googlebot/2.1; +http://www.google.com/bot.html)"
66.249.79.64 - - [15/Jul/2025:17:04:21 +0000] "GET /?f=5025587031370&mod=67a4b0f5&uri=info.php?item/56175456.shtml HTTP/1.1" 200 21714 "-" "Mozilla/5.0 (Linux; Android 6.0.1; Nexus 5X Build/MMB29P) AppleWebKit/537.36 (KHTML, like Gecko) Chrome/137.0.7151.103 Mobile Safari/537.36 (compatible; Googlebot/2.1; +http://www.google.com/bot.html)"
66.249.79.66 - - [15/Jul/2025:17:04:22 +0000] "GET /?f=5330409061370&mod=f3a3d61b&uri=info.php?item/5458872.shtml HTTP/1.1" 200 19059 "-" "Mozilla/5.0 (Linux; Android 6.0.1; Nexus 5X Build/MMB29P) AppleWebKit/537.36 (KHTML, like Gecko) Chrome/137.0.7151.103 Mobile Safari/537.36 (compatible; Googlebot/2.1; +http://www.google.com/bot.html)"
