Current File : /home/kelaby89/access-logs/game-gainz.com.sixpack.studio-ssl_log
209.74.77.214 - - [13/Jul/2025:12:15:26 +0000] "POST /wp-cron.php?doing_wp_cron=1752408925.9966220855712890625000 HTTP/1.1" 200 - "-" "WordPress/6.8.1; https://game-gainz.com"
80.92.205.136 - - [13/Jul/2025:12:15:24 +0000] "HEAD / HTTP/1.1" 200 - "-" "Mozilla/5.0 (Windows NT 10.0; Win64; x64) AppleWebKit/537.36 (KHTML, like Gecko) Chrome/91.0.4472.124 Safari/537.36"
209.74.77.214 - - [13/Jul/2025:12:19:31 +0000] "POST /wp-cron.php?doing_wp_cron=1752409171.2013609409332275390625 HTTP/1.1" 200 - "-" "WordPress/6.8.1; https://game-gainz.com"
45.61.187.246 - - [13/Jul/2025:12:19:30 +0000] "GET /wp-login.php HTTP/1.1" 200 4443 "-" "Mozilla/5.0 (Windows NT 6.1; rv:24.0) Gecko/20100101 Firefox/24.0"
45.61.187.246 - - [13/Jul/2025:12:19:31 +0000] "POST /wp-login.php HTTP/1.1" 200 4699 "-" "Mozilla/5.0 (Windows NT 6.1; rv:24.0) Gecko/20100101 Firefox/24.0"
209.74.77.214 - - [13/Jul/2025:12:28:36 +0000] "POST /wp-cron.php?doing_wp_cron=1752409716.8186790943145751953125 HTTP/1.1" 200 - "-" "WordPress/6.8.1; https://game-gainz.com"
198.98.53.3 - - [13/Jul/2025:12:28:35 +0000] "GET /wp-login.php HTTP/1.1" 200 4443 "-" "Mozilla/5.0 (X11; Linux x86_64) AppleWebKit/537.36 (KHTML, like Gecko) Ubuntu Chromium/36.0.1985.125 Chrome/36.0.1985.125 Safari/537.36"
209.74.77.214 - - [13/Jul/2025:12:32:09 +0000] "POST /wp-cron.php?doing_wp_cron=1752409929.8336369991302490234375 HTTP/1.1" 200 - "-" "WordPress/6.8.1; https://game-gainz.com"
198.98.53.3 - - [13/Jul/2025:12:32:08 +0000] "POST /wp-login.php HTTP/1.1" 200 4699 "-" "Mozilla/5.0 (X11; Linux x86_64) AppleWebKit/537.36 (KHTML, like Gecko) Ubuntu Chromium/36.0.1985.125 Chrome/36.0.1985.125 Safari/537.36"
69.171.249.5 - - [13/Jul/2025:12:34:38 +0000] "GET /robots.txt HTTP/1.1" 200 68 "-" "facebookexternalhit/1.1 (+http://www.facebook.com/externalhit_uatext.php)"
209.74.77.214 - - [13/Jul/2025:12:47:29 +0000] "POST /wp-cron.php?doing_wp_cron=1752410849.2357950210571289062500 HTTP/1.1" 200 - "-" "WordPress/6.8.1; https://game-gainz.com"
45.61.184.161 - - [13/Jul/2025:12:47:28 +0000] "GET /wp-login.php HTTP/1.1" 200 4443 "-" "Mozilla/5.0 (Windows NT 6.1; WOW64; rv:30.0) Gecko/20100101 Firefox/30.0"
209.74.77.214 - - [13/Jul/2025:12:50:08 +0000] "POST /wp-cron.php?doing_wp_cron=1752411008.6289710998535156250000 HTTP/1.1" 200 - "-" "WordPress/6.8.1; https://game-gainz.com"
45.61.184.161 - - [13/Jul/2025:12:50:07 +0000] "POST /wp-login.php HTTP/1.1" 200 4699 "-" "Mozilla/5.0 (Windows NT 6.1; WOW64; rv:30.0) Gecko/20100101 Firefox/30.0"
209.74.77.214 - - [13/Jul/2025:12:56:58 +0000] "POST /wp-cron.php?doing_wp_cron=1752411418.9335660934448242187500 HTTP/1.1" 200 - "-" "WordPress/6.8.1; https://game-gainz.com"
82.165.76.172 - - [13/Jul/2025:12:56:57 +0000] "POST /xmlrpc.php HTTP/1.1" 200 403 "-" "Mozilla/5.0 (Windows NT 6.1; WOW64; rv:18.0) Gecko/20100101 Firefox/18.0"
209.74.77.214 - - [13/Jul/2025:12:57:47 +0000] "POST /wp-cron.php?doing_wp_cron=1752411467.7765579223632812500000 HTTP/1.1" 200 - "-" "WordPress/6.8.1; https://game-gainz.com"
20.236.162.63 - - [13/Jul/2025:12:57:46 +0000] "POST /xmlrpc.php HTTP/1.1" 200 403 "-" "Mozilla/5.0 (Windows NT 10.0; Win64; x64; rv:65.0) Gecko/20100101 Firefox/65.0"
82.165.76.172 - - [13/Jul/2025:12:57:52 +0000] "POST /xmlrpc.php HTTP/1.1" 200 403 "-" "Mozilla/5.0 (Windows NT 6.1; Win64; x64; rv:57.0) Gecko/20100101 Firefox/57.0"
182.92.194.21 - - [13/Jul/2025:12:57:52 +0000] "POST /xmlrpc.php HTTP/1.1" 200 403 "-" "Mozilla/5.0 (Windows NT 10.0; Win64; x64; rv:62.0) Gecko/20100101 Firefox/62.0"
82.165.76.172 - - [13/Jul/2025:12:57:59 +0000] "POST /xmlrpc.php HTTP/1.1" 200 403 "-" "Mozilla/5.0 (Windows NT 10.0; Win64; x64) AppleWebKit/537.36 (KHTML, like Gecko) Chrome/80.0.3987.163 Safari/537.36"
219.92.75.133 - - [13/Jul/2025:12:58:05 +0000] "POST /xmlrpc.php HTTP/1.1" 200 403 "-" "Mozilla/5.0 (Windows NT 6.1; Win64; x64) AppleWebKit/537.36 (KHTML, like Gecko) Chrome/63.0.3239.132 Safari/537.36"
209.74.77.214 - - [13/Jul/2025:13:10:54 +0000] "POST /wp-cron.php?doing_wp_cron=1752412254.0711801052093505859375 HTTP/1.1" 200 - "-" "WordPress/6.8.1; https://game-gainz.com"
205.185.121.21 - - [13/Jul/2025:13:10:52 +0000] "GET /wp-login.php HTTP/1.1" 200 4443 "-" "Mozilla/5.0 (X11; Linux x86_64; rv:31.0) Gecko/20100101 Firefox/31.0"
209.74.77.214 - - [13/Jul/2025:13:37:34 +0000] "POST /wp-cron.php?doing_wp_cron=1752413854.7864840030670166015625 HTTP/1.1" 200 - "-" "WordPress/6.8.1; https://game-gainz.com"
209.141.55.27 - - [13/Jul/2025:13:37:33 +0000] "GET /wp-login.php HTTP/1.1" 200 4443 "-" "Mozilla/5.0 (Macintosh; Intel Mac OS X 10_6_8) AppleWebKit/537.36 (KHTML, like Gecko) Chrome/36.0.1985.125 Safari/537.36"
209.74.77.214 - - [13/Jul/2025:13:40:34 +0000] "POST /wp-cron.php?doing_wp_cron=1752414034.0499720573425292968750 HTTP/1.1" 200 - "-" "WordPress/6.8.1; https://game-gainz.com"
209.141.55.27 - - [13/Jul/2025:13:40:32 +0000] "POST /wp-login.php HTTP/1.1" 200 4699 "-" "Mozilla/5.0 (Macintosh; Intel Mac OS X 10_6_8) AppleWebKit/537.36 (KHTML, like Gecko) Chrome/36.0.1985.125 Safari/537.36"
209.74.77.214 - - [13/Jul/2025:14:02:23 +0000] "GET / HTTP/1.1" 200 12975 "-" "WordPress/6.8.1; https://game-gainz.com"
209.74.77.214 - - [13/Jul/2025:16:11:27 +0000] "POST /wp-cron.php?doing_wp_cron=1752423087.5049300193786621093750 HTTP/1.1" 200 - "-" "WordPress/6.8.1; https://game-gainz.com"
110.249.201.136 - - [13/Jul/2025:16:11:26 +0000] "GET / HTTP/1.1" 200 12976 "-" "Mozilla/5.0 (Linux; Android 5.0) AppleWebKit/537.36 (KHTML, like Gecko) Mobile Safari/537.36 (compatible; Bytespider; https://zhanzhang.toutiao.com/)"
110.249.201.136 - - [13/Jul/2025:16:11:27 +0000] "GET /wp-includes/blocks/social-links/style.min.css?ver=6.8.1 HTTP/1.1" 200 1537 "https://game-gainz.com/" "Mozilla/5.0 (Linux; Android 5.0) AppleWebKit/537.36 (KHTML, like Gecko) Mobile Safari/537.36 (compatible; Bytespider; https://zhanzhang.toutiao.com/)"
110.249.201.136 - - [13/Jul/2025:16:11:28 +0000] "GET /wp-includes/blocks/navigation/style.min.css?ver=6.8.1 HTTP/1.1" 200 2275 "https://game-gainz.com/" "Mozilla/5.0 (Linux; Android 5.0) AppleWebKit/537.36 (KHTML, like Gecko) Mobile Safari/537.36 (compatible; Bytespider; https://zhanzhang.toutiao.com/)"
110.249.201.136 - - [13/Jul/2025:16:11:28 +0000] "GET /wp-content/themes/extendable/style.css?ver=2.0.26 HTTP/1.1" 200 3165 "https://game-gainz.com/" "Mozilla/5.0 (Linux; Android 5.0) AppleWebKit/537.36 (KHTML, like Gecko) Mobile Safari/537.36 (compatible; Bytespider; https://zhanzhang.toutiao.com/)"
110.249.201.140 - - [13/Jul/2025:16:11:28 +0000] "GET /wp-includes/js/dist/script-modules/interactivity/index.min.js?ver=55aebb6e0a16726baffb HTTP/1.1" 200 14072 "https://game-gainz.com/" "Mozilla/5.0 (Linux; Android 5.0) AppleWebKit/537.36 (KHTML, like Gecko) Mobile Safari/537.36 (compatible; Bytespider; https://zhanzhang.toutiao.com/)"
110.249.201.139 - - [13/Jul/2025:16:11:28 +0000] "GET /wp-content/themes/extendable/assets/js/navigation-customization.js HTTP/1.1" 200 480 "https://game-gainz.com/" "Mozilla/5.0 (Linux; Android 5.0) AppleWebKit/537.36 (KHTML, like Gecko) Mobile Safari/537.36 (compatible; Bytespider; https://zhanzhang.toutiao.com/)"
110.249.201.130 - - [13/Jul/2025:16:11:28 +0000] "GET /wp-includes/js/dist/script-modules/block-library/navigation/view.min.js?ver=61572d447d60c0aa5240 HTTP/1.1" 200 1160 "https://game-gainz.com/" "Mozilla/5.0 (Linux; Android 5.0) AppleWebKit/537.36 (KHTML, like Gecko) Mobile Safari/537.36 (compatible; Bytespider; https://zhanzhang.toutiao.com/)"
209.74.77.214 - - [13/Jul/2025:16:15:02 +0000] "POST /wp-cron.php?doing_wp_cron=1752423302.4261109828948974609375 HTTP/1.1" 200 - "-" "WordPress/6.8.1; https://game-gainz.com"
209.141.55.27 - - [13/Jul/2025:16:15:01 +0000] "GET /wp-login.php HTTP/1.1" 200 4443 "-" "Mozilla/5.0 (X11; Linux x86_64) AppleWebKit/537.36 (KHTML, like Gecko) Ubuntu Chromium/36.0.1985.125 Chrome/36.0.1985.125 Safari/537.36"
209.74.77.214 - - [13/Jul/2025:16:17:23 +0000] "POST /wp-cron.php?doing_wp_cron=1752423443.8809239864349365234375 HTTP/1.1" 200 - "-" "WordPress/6.8.1; https://game-gainz.com"
209.141.55.27 - - [13/Jul/2025:16:17:23 +0000] "POST /wp-login.php HTTP/1.1" 200 4699 "-" "Mozilla/5.0 (X11; Linux x86_64) AppleWebKit/537.36 (KHTML, like Gecko) Ubuntu Chromium/36.0.1985.125 Chrome/36.0.1985.125 Safari/537.36"
209.74.77.214 - - [13/Jul/2025:16:34:38 +0000] "POST /wp-cron.php?doing_wp_cron=1752424478.4008109569549560546875 HTTP/1.1" 200 - "-" "WordPress/6.8.1; https://game-gainz.com"
212.159.72.229 - - [13/Jul/2025:16:34:37 +0000] "POST /xmlrpc.php HTTP/1.1" 200 403 "-" "Mozilla/5.0 (Windows NT 10.0; Win64; x64) AppleWebKit/537.36 (KHTML, like Gecko) Chrome/81.0.4044.138 Safari/537.36"
162.144.3.242 - - [13/Jul/2025:16:34:40 +0000] "POST /xmlrpc.php HTTP/1.1" 200 403 "-" "Mozilla/5.0 (Windows NT 10.0; Win64; x64) AppleWebKit/537.36 (KHTML, like Gecko) Chrome/89.0.4389.90 Safari/537.36"
173.212.219.7 - - [13/Jul/2025:16:34:44 +0000] "POST /xmlrpc.php HTTP/1.1" 200 403 "-" "Mozilla/5.0 (Linux; Android 10; LM-X420) AppleWebKit/537.36 (KHTML, like Gecko) Chrome/91.0.4472.114 Mobile Safari/537.36"
31.214.250.84 - - [13/Jul/2025:16:34:47 +0000] "POST /xmlrpc.php HTTP/1.1" 200 403 "-" "Mozilla/5.0 (Windows NT 10.0; Win64; x64; rv:60.0) Gecko/20100101 Firefox/60.0"
173.212.219.7 - - [13/Jul/2025:16:34:51 +0000] "POST /xmlrpc.php HTTP/1.1" 200 403 "-" "Mozilla/5.0 (Windows NT 10.0; Win64; x64; rv:63.0) Gecko/20100101 Firefox/63.0"
110.164.163.22 - - [13/Jul/2025:16:34:57 +0000] "POST /xmlrpc.php HTTP/1.1" 200 403 "-" "Mozilla/5.0 (Windows NT 10.0; Win64; x64; rv:62.0) Gecko/20100101 Firefox/62.0"
110.164.163.22 - - [13/Jul/2025:16:35:01 +0000] "POST /xmlrpc.php HTTP/1.1" 200 403 "-" "Mozilla/5.0 (Windows NT 10.0; Win64; x64) AppleWebKit/537.36 (KHTML, like Gecko) Chrome/67.0.3396.99 Safari/537.36"
209.74.77.214 - - [13/Jul/2025:17:27:21 +0000] "POST /wp-cron.php?doing_wp_cron=1752427641.3655738830566406250000 HTTP/1.1" 200 - "-" "WordPress/6.8.1; https://game-gainz.com"
45.61.187.246 - - [13/Jul/2025:17:27:20 +0000] "GET /wp-login.php HTTP/1.1" 200 4443 "-" "Mozilla/5.0 (iPhone; CPU iPhone OS 7_1 like Mac OS X) AppleWebKit/537.51.2 (KHTML, like Gecko) Version/7.0 Mobile/11D167 Safari/9537.53"
45.61.187.246 - - [13/Jul/2025:17:27:21 +0000] "POST /wp-login.php HTTP/1.1" 200 4699 "-" "Mozilla/5.0 (iPhone; CPU iPhone OS 7_1 like Mac OS X) AppleWebKit/537.51.2 (KHTML, like Gecko) Version/7.0 Mobile/11D167 Safari/9537.53"
209.74.77.214 - - [13/Jul/2025:17:51:12 +0000] "POST /wp-cron.php?doing_wp_cron=1752429072.0556049346923828125000 HTTP/1.1" 200 - "-" "WordPress/6.8.1; https://game-gainz.com"
45.61.186.51 - - [13/Jul/2025:17:51:11 +0000] "GET /wp-login.php HTTP/1.1" 200 4443 "-" "Mozilla/5.0 (Macintosh; Intel Mac OS X 10_7_5) AppleWebKit/537.77.4 (KHTML, like Gecko) Version/6.1.5 Safari/537.77.4"
45.61.186.51 - - [13/Jul/2025:17:51:13 +0000] "POST /wp-login.php HTTP/1.1" 200 4699 "-" "Mozilla/5.0 (Macintosh; Intel Mac OS X 10_7_5) AppleWebKit/537.77.4 (KHTML, like Gecko) Version/6.1.5 Safari/537.77.4"
143.110.159.218 - - [13/Jul/2025:19:03:18 +0000] "GET /files.php HTTP/1.1" 404 12522 "https://www.google.com" "Mozilla/5.0 (Linux; Android 7.0; SM-G892A Build/NRD90M; wv) AppleWebKit/537.36 (KHTML, like Gecko) Version/4.0 Chrome/60.0.3112.107 Mobile Safari/537.36"
209.74.77.214 - - [13/Jul/2025:19:45:13 +0000] "POST /wp-cron.php?doing_wp_cron=1752435913.3299469947814941406250 HTTP/1.1" 200 - "-" "WordPress/6.8.1; https://game-gainz.com"
5.133.192.94 - - [13/Jul/2025:19:45:12 +0000] "GET / HTTP/1.1" 200 12975 "-" "Mozilla/5.0 (Windows NT 10.0; Win64; x64) AppleWebKit/537.36 (KHTML, like Gecko) Chrome/105.0.0.0 Safari/537.36"
5.133.192.94 - - [13/Jul/2025:19:45:14 +0000] "GET /favicon.ico HTTP/1.1" 302 - "-" "Mozilla/5.0 (Windows NT 10.0; Win64; x64) AppleWebKit/537.36 (KHTML, like Gecko) Chrome/105.0.0.0 Safari/537.36"
5.133.192.94 - - [13/Jul/2025:19:45:15 +0000] "GET /wp-includes/images/w-logo-blue-white-bg.png HTTP/1.1" 200 4119 "-" "Mozilla/5.0 (Windows NT 10.0; Win64; x64) AppleWebKit/537.36 (KHTML, like Gecko) Chrome/105.0.0.0 Safari/537.36"
209.74.77.214 - - [13/Jul/2025:20:00:34 +0000] "POST /wp-cron.php?doing_wp_cron=1752436834.4611549377441406250000 HTTP/1.1" 200 - "-" "WordPress/6.8.1; https://game-gainz.com"
209.141.36.186 - - [13/Jul/2025:20:00:33 +0000] "GET /wp-login.php HTTP/1.1" 200 4443 "-" "Mozilla/5.0 (Windows NT 6.3; WOW64) AppleWebKit/537.36 (KHTML, like Gecko) Chrome/36.0.1985.143 Safari/537.36"
209.141.36.186 - - [13/Jul/2025:20:00:35 +0000] "POST /wp-login.php HTTP/1.1" 200 4699 "-" "Mozilla/5.0 (Windows NT 6.3; WOW64) AppleWebKit/537.36 (KHTML, like Gecko) Chrome/36.0.1985.143 Safari/537.36"
209.74.77.214 - - [13/Jul/2025:20:19:47 +0000] "POST /wp-cron.php?doing_wp_cron=1752437987.5013959407806396484375 HTTP/1.1" 200 - "-" "WordPress/6.8.1; https://game-gainz.com"
194.26.192.154 - - [13/Jul/2025:20:19:46 +0000] "GET /wp-content/plugins/WordPressCore/include.php HTTP/1.1" 404 12522 "-" "Mozlila/5.0 (Linux; Android 7.0; SM-G892A Bulid/NRD90M; wv) AppleWebKit/537.36 (KHTML, like Gecko) Version/4.0 Chrome/60.0.3112.107 Moblie Safari/537.36"
194.26.192.154 - - [13/Jul/2025:20:19:49 +0000] "GET /wp-content/plugins/WordPressCore/include.php HTTP/1.1" 404 12522 "-" "Mozlila/5.0 (Linux; Android 7.0; SM-G892A Bulid/NRD90M; wv) AppleWebKit/537.36 (KHTML, like Gecko) Version/4.0 Chrome/60.0.3112.107 Moblie Safari/537.36"
209.74.77.214 - - [13/Jul/2025:20:35:48 +0000] "POST /wp-cron.php?doing_wp_cron=1752438947.9787108898162841796875 HTTP/1.1" 200 - "-" "WordPress/6.8.1; https://game-gainz.com"
35.247.2.155 - - [13/Jul/2025:20:35:46 +0000] "GET /.git/config HTTP/1.1" 301 - "-" "-"
182.92.194.21 - - [13/Jul/2025:20:36:05 +0000] "POST /xmlrpc.php HTTP/1.1" 200 403 "-" "Mozilla/5.0 (Windows; U; Windows NT 5.1; en-US; rv:1.7.12) Gecko/20050915 Firefox/1.0.7"
209.74.77.214 - - [13/Jul/2025:20:36:27 +0000] "POST /wp-cron.php?doing_wp_cron=1752438987.4823300838470458984375 HTTP/1.1" 200 - "-" "WordPress/6.8.1; https://game-gainz.com"
104.234.134.18 - - [13/Jul/2025:20:36:27 +0000] "POST /xmlrpc.php HTTP/1.1" 200 403 "-" "Mozilla/5.0 (Windows NT 10.0; Win64; x64) AppleWebKit/537.36 (KHTML, like Gecko) Chrome/86.0.4240.198 Safari/537.36"
35.231.155.235 - - [13/Jul/2025:20:36:30 +0000] "POST /xmlrpc.php HTTP/1.1" 200 403 "-" "Mozilla/5.0 (Windows; U; Windows NT 5.1; en-US; rv:1.7.5) Gecko/20041107 Firefox/1.0"
18.159.194.227 - - [13/Jul/2025:20:36:33 +0000] "POST /xmlrpc.php HTTP/1.1" 200 403 "-" "Mozilla/5.0 (Windows NT 10.0; Win64; x64) AppleWebKit/537.36 (KHTML, like Gecko) Chrome/79.0.3945.117 Safari/537.36"
182.92.194.21 - - [13/Jul/2025:20:36:38 +0000] "POST /xmlrpc.php HTTP/1.1" 200 403 "-" "Mozilla/5.0 (Windows NT 10.0; Win64; x64) AppleWebKit/537.36 (KHTML, like Gecko) Chrome/87.0.4280.88 Safari/537.36"
182.92.194.21 - - [13/Jul/2025:20:36:40 +0000] "POST /xmlrpc.php HTTP/1.1" 200 403 "-" "Mozilla/5.0 (Windows NT 10.0; Win64; x64) AppleWebKit/537.36 (KHTML, like Gecko) Chrome/87.0.4280.141 Safari/537.36"
203.193.166.42 - - [13/Jul/2025:20:36:43 +0000] "POST /xmlrpc.php HTTP/1.1" 200 403 "-" "Mozilla/5.0 (Macintosh; Intel Mac OS X 11_4) AppleWebKit/537.36 (KHTML, like Gecko) Chrome/91.0.4472.114 Safari/537.36"
160.251.148.126 - - [13/Jul/2025:20:36:56 +0000] "POST /xmlrpc.php HTTP/1.1" 200 403 "-" "Mozilla/5.0 (Windows NT 10.0; Win64; x64) AppleWebKit/537.36 (KHTML, like Gecko) Chrome/87.0.4280.141 Safari/537.36"
209.74.77.214 - - [13/Jul/2025:20:37:10 +0000] "POST /wp-cron.php?doing_wp_cron=1752439030.0312500000000000000000 HTTP/1.1" 200 - "-" "WordPress/6.8.1; https://game-gainz.com"
178.128.239.177 - - [13/Jul/2025:20:37:10 +0000] "POST /xmlrpc.php HTTP/1.1" 200 403 "-" "Mozilla/5.0 (Windows NT 6.1; WOW64; rv:54.0) Gecko/20100101 Firefox/54.0"
201.182.96.85 - - [13/Jul/2025:20:37:10 +0000] "POST /xmlrpc.php HTTP/1.1" 200 403 "-" "Mozilla/5.0 (Linux; Android 10; SM-N960U) AppleWebKit/537.36 (KHTML, like Gecko) Chrome/91.0.4472.114 Mobile Safari/537.36"
185.241.208.99 - - [13/Jul/2025:20:48:02 +0000] "GET /wp-content/themes/seotheme/db.php?u HTTP/1.1" 404 61395 "www.google.com" "Mozlila/5.0 (Linux; Android 7.0; SM-G892A Bulid/NRD90M; wv) AppleWebKit/537.36 (KHTML, like Gecko) Version/4.0 Chrome/60.0.3112.107 Moblie Safari/537.36"
185.241.208.99 - - [13/Jul/2025:20:48:02 +0000] "POST /wp-plain.php HTTP/1.1" 404 61395 "www.google.com" "Mozilla/5.0 (Linux; Android 7.0; SM-G892A Bulid/NRD90M; wv) AppleWebKit/537.36 (KHTML, like Gecko) Version/4.0 Chrome/60.0.3112.107 Moblie Safari/537.36"
185.241.208.99 - - [13/Jul/2025:20:48:03 +0000] "GET /xbfipkzt.php?Fox=d3wL7 HTTP/1.1" 404 61395 "www.google.com" "Mozilla/5.0 (Linux; Android 7.0; SM-G892A Bulid/NRD90M; wv) AppleWebKit/537.36 (KHTML, like Gecko) Version/4.0 Chrome/60.0.3112.107 Moblie Safari/537.36"
209.74.77.214 - - [13/Jul/2025:21:03:33 +0000] "POST /wp-cron.php?doing_wp_cron=1752440613.2266499996185302734375 HTTP/1.1" 200 - "-" "WordPress/6.8.1; https://game-gainz.com"
209.141.55.27 - - [13/Jul/2025:21:03:32 +0000] "GET /wp-login.php HTTP/1.1" 200 4443 "-" "Mozilla/5.0 (Windows NT 5.1; rv:30.0) Gecko/20100101 Firefox/30.0"
85.208.96.195 - - [13/Jul/2025:21:05:30 +0000] "GET /robots.txt HTTP/1.1" 200 84 "-" "Mozilla/5.0 (compatible; SemrushBot/7~bl; +http://www.semrush.com/bot.html)"
209.74.77.214 - - [13/Jul/2025:21:05:32 +0000] "POST /wp-cron.php?doing_wp_cron=1752440732.2965779304504394531250 HTTP/1.1" 200 - "-" "WordPress/6.8.1; https://game-gainz.com"
185.191.171.19 - - [13/Jul/2025:21:05:31 +0000] "GET /?f=79012376031370&mod=981ede72&uri=form.php%3Fid%3D2636745-479%26name%3Dvestido%2Bvaquero%2Bmujer%2Blevis HTTP/1.1" 200 12975 "-" "Mozilla/5.0 (compatible; SemrushBot/7~bl; +http://www.semrush.com/bot.html)"
209.74.77.214 - - [13/Jul/2025:21:18:28 +0000] "POST /wp-cron.php?doing_wp_cron=1752441508.1492280960083007812500 HTTP/1.1" 200 - "-" "WordPress/6.8.1; https://game-gainz.com"
85.208.96.193 - - [13/Jul/2025:21:18:27 +0000] "GET /?f=3193678091370&mod=510b67b9&uri=search.php%3Fid%3D106607-196%26name%3Dtoddler%2Bcheckerboard%2Bvans%2Bpink HTTP/1.1" 200 12975 "-" "Mozilla/5.0 (compatible; SemrushBot/7~bl; +http://www.semrush.com/bot.html)"
209.74.77.214 - - [13/Jul/2025:21:20:59 +0000] "POST /wp-cron.php?doing_wp_cron=1752441659.4383850097656250000000 HTTP/1.1" 200 - "-" "WordPress/6.8.1; https://game-gainz.com"
185.191.171.12 - - [13/Jul/2025:21:20:58 +0000] "GET /?f=73730261061370&mod=987d2f8d&uri=shop.php%3Fid%3D2460444-449%26name%3Dcheapest%2Bcharles%2Btaylor%2Bgarden%2Bfurniture HTTP/1.1" 200 12975 "-" "Mozilla/5.0 (compatible; SemrushBot/7~bl; +http://www.semrush.com/bot.html)"
209.74.77.214 - - [13/Jul/2025:21:24:52 +0000] "POST /wp-cron.php?doing_wp_cron=1752441892.0392060279846191406250 HTTP/1.1" 200 - "-" "WordPress/6.8.1; https://game-gainz.com"
85.208.96.209 - - [13/Jul/2025:21:24:51 +0000] "GET /?f=68688048101370&mod=b963cd9a&uri=news.php%3Fid%3D2292179-996%26name%3Dfifth%2Band%2Bfine%2Bjewelry HTTP/1.1" 200 12975 "-" "Mozilla/5.0 (compatible; SemrushBot/7~bl; +http://www.semrush.com/bot.html)"
209.74.77.214 - - [13/Jul/2025:21:25:58 +0000] "POST /wp-cron.php?doing_wp_cron=1752441958.9257650375366210937500 HTTP/1.1" 200 - "-" "WordPress/6.8.1; https://game-gainz.com"
85.208.96.200 - - [13/Jul/2025:21:25:57 +0000] "GET /?f=29833846021370&mod=fb6ba19e&uri=dp.php%3Fid%3D995772-968%26name%3Dkeurig%2Biced HTTP/1.1" 200 12975 "-" "Mozilla/5.0 (compatible; SemrushBot/7~bl; +http://www.semrush.com/bot.html)"
209.74.77.214 - - [13/Jul/2025:21:28:55 +0000] "POST /wp-cron.php?doing_wp_cron=1752442135.2908499240875244140625 HTTP/1.1" 200 - "-" "WordPress/6.8.1; https://game-gainz.com"
185.191.171.11 - - [13/Jul/2025:21:28:54 +0000] "GET /?f=4129505041370&mod=3262c130&uri=dp.php%3Fid%3D137831-249%26name%3Dsaucony%2Bshadow%2Bbait%2Bcruel%2Bworld HTTP/1.1" 200 12975 "-" "Mozilla/5.0 (compatible; SemrushBot/7~bl; +http://www.semrush.com/bot.html)"
209.74.77.214 - - [13/Jul/2025:21:32:08 +0000] "POST /wp-cron.php?doing_wp_cron=1752442328.1767179965972900390625 HTTP/1.1" 200 - "-" "WordPress/6.8.1; https://game-gainz.com"
85.208.96.198 - - [13/Jul/2025:21:32:07 +0000] "GET /?f=7395398071370&mod=ce518001&uri=products.php%3Fid%3D246989-409%26name%3Dpre%C3%83%C2%A7o%2Bchinelo%2Bkenner%2Boriginal HTTP/1.1" 200 12975 "-" "Mozilla/5.0 (compatible; SemrushBot/7~bl; +http://www.semrush.com/bot.html)"
209.74.77.214 - - [13/Jul/2025:21:33:34 +0000] "POST /wp-cron.php?doing_wp_cron=1752442413.9927160739898681640625 HTTP/1.1" 200 - "-" "WordPress/6.8.1; https://game-gainz.com"
185.191.171.1 - - [13/Jul/2025:21:33:32 +0000] "GET /?f=72651797001370&mod=a6ef0950&uri=dp.php%3Fid%3D2424471-1448%26name%3D2002%2Bhonda%2Bcrf450r HTTP/1.1" 200 12976 "-" "Mozilla/5.0 (compatible; SemrushBot/7~bl; +http://www.semrush.com/bot.html)"
209.74.77.214 - - [13/Jul/2025:21:35:03 +0000] "POST /wp-cron.php?doing_wp_cron=1752442503.8454849720001220703125 HTTP/1.1" 200 - "-" "WordPress/6.8.1; https://game-gainz.com"
185.191.171.12 - - [13/Jul/2025:21:35:02 +0000] "GET /?f=37632983021370&mod=e9c4a66f&uri=itm.php%3Fid%3D1256026-1121%26name%3Dkasut%2Bfutsal%2Badidas%2Btop%2Bsala%2Bterbaru HTTP/1.1" 200 12975 "-" "Mozilla/5.0 (compatible; SemrushBot/7~bl; +http://www.semrush.com/bot.html)"
185.191.171.1 - - [13/Jul/2025:21:35:05 +0000] "GET /?f=16776530021370&mod=38e4d750&uri=shared.php%3Fid%3D560056-671%26name%3Dbest%2Bkeyword%2Bresearch%2Btool%2Bfor%2Bamazon HTTP/1.1" 200 12975 "-" "Mozilla/5.0 (compatible; SemrushBot/7~bl; +http://www.semrush.com/bot.html)"
209.74.77.214 - - [13/Jul/2025:21:35:51 +0000] "POST /wp-cron.php?doing_wp_cron=1752442551.2564260959625244140625 HTTP/1.1" 200 - "-" "WordPress/6.8.1; https://game-gainz.com"
185.191.171.7 - - [13/Jul/2025:21:35:50 +0000] "GET /?f=39109262001370&mod=416849da&uri=blog.php%3Fid%3D1305275-35%26name%3Dupdate%2Bmacbook%2Bair%2B2017 HTTP/1.1" 200 12975 "-" "Mozilla/5.0 (compatible; SemrushBot/7~bl; +http://www.semrush.com/bot.html)"
209.74.77.214 - - [13/Jul/2025:21:36:19 +0000] "POST /wp-cron.php?doing_wp_cron=1752442579.4141249656677246093750 HTTP/1.1" 200 - "-" "WordPress/6.8.1; https://game-gainz.com"
185.191.171.8 - - [13/Jul/2025:21:36:19 +0000] "GET /?f=6510295091370&mod=3af7f462&uri=product.php%3Fid%3D217440-180%26name%3Dbeautiful%2Bdresses%2Bfor%2Bindian%2Bwedding HTTP/1.1" 200 12975 "-" "Mozilla/5.0 (compatible; SemrushBot/7~bl; +http://www.semrush.com/bot.html)"
209.74.77.214 - - [13/Jul/2025:21:38:45 +0000] "POST /wp-cron.php?doing_wp_cron=1752442725.1628301143646240234375 HTTP/1.1" 200 - "-" "WordPress/6.8.1; https://game-gainz.com"
185.191.171.8 - - [13/Jul/2025:21:38:44 +0000] "GET /?f=29226781111370&mod=d3adfd1f&uri=article.php%3Fid%3D975450-961%26name%3Dadidas%2Btrue%2Bchill HTTP/1.1" 200 12976 "-" "Mozilla/5.0 (compatible; SemrushBot/7~bl; +http://www.semrush.com/bot.html)"
209.74.77.214 - - [13/Jul/2025:21:42:12 +0000] "POST /wp-cron.php?doing_wp_cron=1752442932.4066998958587646484375 HTTP/1.1" 200 - "-" "WordPress/6.8.1; https://game-gainz.com"
185.191.171.11 - - [13/Jul/2025:21:42:11 +0000] "GET /?f=105194487031370&mod=a59ea6b5&uri=form.php%3Fid%3D3510664-541%26name%3Dmontre%2Bcasio%2Bwr50m HTTP/1.1" 200 12975 "-" "Mozilla/5.0 (compatible; SemrushBot/7~bl; +http://www.semrush.com/bot.html)"
85.208.96.209 - - [13/Jul/2025:21:42:42 +0000] "GET /?f=62403764021370&mod=dd378a9d&uri=info.php%3Fid%3D2082486-893%26name%3Dhuggie%2Bhoop%2Bearrings%2Bfor%2Btoddlers HTTP/1.1" 200 12974 "-" "Mozilla/5.0 (compatible; SemrushBot/7~bl; +http://www.semrush.com/bot.html)"
209.74.77.214 - - [13/Jul/2025:21:48:02 +0000] "POST /wp-cron.php?doing_wp_cron=1752443282.2152779102325439453125 HTTP/1.1" 200 - "-" "WordPress/6.8.1; https://game-gainz.com"
85.208.96.200 - - [13/Jul/2025:21:48:01 +0000] "GET /?f=110989953031370&mod=b4c8f154&uri=news.php%3Fid%3D3704087-1403%26name%3Dhusky%2Bpotty%2Btraining HTTP/1.1" 200 12975 "-" "Mozilla/5.0 (compatible; SemrushBot/7~bl; +http://www.semrush.com/bot.html)"
209.74.77.214 - - [13/Jul/2025:21:51:35 +0000] "POST /wp-cron.php?doing_wp_cron=1752443495.6098589897155761718750 HTTP/1.1" 200 - "-" "WordPress/6.8.1; https://game-gainz.com"
185.191.171.3 - - [13/Jul/2025:21:51:34 +0000] "GET /?f=108913746031370&mod=bc16992e&uri=blog.php%3Fid%3D3634799-859%26name%3Dhalter%2Bneck%2Bkurti%2Bdesigns HTTP/1.1" 200 12975 "-" "Mozilla/5.0 (compatible; SemrushBot/7~bl; +http://www.semrush.com/bot.html)"
209.74.77.214 - - [13/Jul/2025:21:53:22 +0000] "POST /wp-cron.php?doing_wp_cron=1752443602.1257250308990478515625 HTTP/1.1" 200 - "-" "WordPress/6.8.1; https://game-gainz.com"
85.208.96.208 - - [13/Jul/2025:21:53:21 +0000] "GET /?f=33614504031370&mod=3e00789e&uri=goods.php%3Fid%3D1121916-1038%26name%3Dnike%2Bair%2Bforce%2Bmid%2Bmaterial HTTP/1.1" 200 12976 "-" "Mozilla/5.0 (compatible; SemrushBot/7~bl; +http://www.semrush.com/bot.html)"
209.74.77.214 - - [13/Jul/2025:21:54:12 +0000] "POST /wp-cron.php?doing_wp_cron=1752443652.7425119876861572265625 HTTP/1.1" 200 - "-" "WordPress/6.8.1; https://game-gainz.com"
185.191.171.18 - - [13/Jul/2025:21:54:11 +0000] "GET /?f=115162242021370&mod=b682b795&uri=us.php%3Fid%3D3843383-1213%26name%3Dmarilyn%2Bmonroe%2Blunettes HTTP/1.1" 200 12976 "-" "Mozilla/5.0 (compatible; SemrushBot/7~bl; +http://www.semrush.com/bot.html)"
85.208.96.199 - - [13/Jul/2025:21:54:22 +0000] "GET /?f=77331024041370&mod=641d4f68&uri=shared.php%3Fid%3D2580606-1468%26name%3Dnorth%2Bface%2Bcap HTTP/1.1" 200 12976 "-" "Mozilla/5.0 (compatible; SemrushBot/7~bl; +http://www.semrush.com/bot.html)"
77.110.123.32 - - [13/Jul/2025:21:55:25 +0000] "POST /wp-comments-post.php HTTP/1.1" 302 - "-" "Mozilla/5.0 (Windows NT 10.0; Win64; x64) AppleWebKit/537.36 (KHTML, like Gecko) Chrome/120.0.0.0 Safari/537.36"
209.74.77.214 - - [13/Jul/2025:22:03:31 +0000] "POST /wp-cron.php?doing_wp_cron=1752444211.3712439537048339843750 HTTP/1.1" 200 - "-" "WordPress/6.8.1; https://game-gainz.com"
85.208.96.197 - - [13/Jul/2025:22:03:30 +0000] "GET /?f=82072307021370&mod=bc26404f&uri=info.php%3Fid%3D2738907-1516%26name%3Dclub%2Bfox%2Bsweater%2Bprice HTTP/1.1" 200 12976 "-" "Mozilla/5.0 (compatible; SemrushBot/7~bl; +http://www.semrush.com/bot.html)"
209.74.77.214 - - [13/Jul/2025:22:04:44 +0000] "POST /wp-cron.php?doing_wp_cron=1752444284.0472989082336425781250 HTTP/1.1" 200 - "-" "WordPress/6.8.1; https://game-gainz.com"
85.208.96.208 - - [13/Jul/2025:22:04:43 +0000] "GET /?f=115541607071370&mod=085c11a3&uri=news.php%3Fid%3D3856046-1193%26name%3Dk%2Bway%2Bgiacca%2Bleggera HTTP/1.1" 200 12976 "-" "Mozilla/5.0 (compatible; SemrushBot/7~bl; +http://www.semrush.com/bot.html)"
85.208.96.200 - - [13/Jul/2025:22:07:07 +0000] "GET /robots.txt HTTP/1.1" 200 84 "-" "Mozilla/5.0 (compatible; SemrushBot/7~bl; +http://www.semrush.com/bot.html)"
209.74.77.214 - - [13/Jul/2025:22:07:09 +0000] "POST /wp-cron.php?doing_wp_cron=1752444429.0640530586242675781250 HTTP/1.1" 200 - "-" "WordPress/6.8.1; https://game-gainz.com"
85.208.96.193 - - [13/Jul/2025:22:07:08 +0000] "GET /?f=91612273031370&mod=69625a1f&uri=us.php%3Fid%3D3057268-1567%26name%3Dhogan%2B383 HTTP/1.1" 200 12976 "-" "Mozilla/5.0 (compatible; SemrushBot/7~bl; +http://www.semrush.com/bot.html)"
209.74.77.214 - - [13/Jul/2025:22:10:55 +0000] "POST /wp-cron.php?doing_wp_cron=1752444655.1200830936431884765625 HTTP/1.1" 200 - "-" "WordPress/6.8.1; https://game-gainz.com"
185.191.171.18 - - [13/Jul/2025:22:10:54 +0000] "GET /?f=89975050071370&mod=8aeac0e0&uri=product.php%3Fid%3D3002603-1110%26name%3Dnvidia%2Bgeforce%2B7600%2Bgt%2Bprecio HTTP/1.1" 200 12976 "-" "Mozilla/5.0 (compatible; SemrushBot/7~bl; +http://www.semrush.com/bot.html)"
209.74.77.214 - - [13/Jul/2025:22:11:10 +0000] "POST /wp-cron.php?doing_wp_cron=1752444670.4003360271453857421875 HTTP/1.1" 200 - "-" "WordPress/6.8.1; https://game-gainz.com"
85.208.96.202 - - [13/Jul/2025:22:11:10 +0000] "GET /?f=33973227081370&mod=31aba85f&uri=blog.php%3Fid%3D1133907-977%26name%3Dcatalogo%2Bnike%2B2015 HTTP/1.1" 200 12976 "-" "Mozilla/5.0 (compatible; SemrushBot/7~bl; +http://www.semrush.com/bot.html)"
217.113.194.246 - - [13/Jul/2025:22:13:11 +0000] "GET /robots.txt HTTP/1.1" 200 84 "-" "Mozilla/5.0 (compatible; Barkrowler/0.9; +https://babbar.tech/crawler)"
209.74.77.214 - - [13/Jul/2025:22:13:29 +0000] "POST /wp-cron.php?doing_wp_cron=1752444809.2446990013122558593750 HTTP/1.1" 200 - "-" "WordPress/6.8.1; https://game-gainz.com"
217.113.194.246 - - [13/Jul/2025:22:13:28 +0000] "GET / HTTP/1.1" 200 12976 "-" "Mozilla/5.0 (compatible; Barkrowler/0.9; +https://babbar.tech/crawler)"
217.113.194.91 - - [13/Jul/2025:22:13:47 +0000] "GET /feed/ HTTP/1.1" 200 715 "-" "Mozilla/5.0 (compatible; Barkrowler/0.9; +https://babbar.tech/crawler)"
217.113.194.246 - - [13/Jul/2025:22:14:04 +0000] "GET /comments/feed/ HTTP/1.1" 200 731 "-" "Mozilla/5.0 (compatible; Barkrowler/0.9; +https://babbar.tech/crawler)"
209.74.77.214 - - [13/Jul/2025:22:14:22 +0000] "POST /wp-cron.php?doing_wp_cron=1752444862.9024291038513183593750 HTTP/1.1" 200 - "-" "WordPress/6.8.1; https://game-gainz.com"
217.113.194.91 - - [13/Jul/2025:22:14:21 +0000] "GET /sample-page/ HTTP/1.1" 200 14048 "-" "Mozilla/5.0 (compatible; Barkrowler/0.9; +https://babbar.tech/crawler)"
185.191.171.16 - - [13/Jul/2025:22:14:37 +0000] "GET /?f=32541214051370&mod=caed4f74&uri=info.php%3Fid%3D1086096-1019%26name%3Dtommy%2Bbahama%2Bhousewares HTTP/1.1" 200 12976 "-" "Mozilla/5.0 (compatible; SemrushBot/7~bl; +http://www.semrush.com/bot.html)"
217.113.194.246 - - [13/Jul/2025:22:14:39 +0000] "GET /sample-page/feed/ HTTP/1.1" 200 420 "-" "Mozilla/5.0 (compatible; Barkrowler/0.9; +https://babbar.tech/crawler)"
217.113.194.91 - - [13/Jul/2025:22:14:58 +0000] "GET /hello-world/ HTTP/1.1" 200 15575 "-" "Mozilla/5.0 (compatible; Barkrowler/0.9; +https://babbar.tech/crawler)"
209.74.77.214 - - [13/Jul/2025:22:15:16 +0000] "POST /wp-cron.php?doing_wp_cron=1752444916.6175858974456787109375 HTTP/1.1" 200 - "-" "WordPress/6.8.1; https://game-gainz.com"
217.113.194.91 - - [13/Jul/2025:22:15:16 +0000] "GET /category/uncategorized/ HTTP/1.1" 200 13337 "-" "Mozilla/5.0 (compatible; Barkrowler/0.9; +https://babbar.tech/crawler)"
154.54.249.201 - - [13/Jul/2025:22:15:33 +0000] "GET /hello-world/feed/ HTTP/1.1" 200 717 "-" "Mozilla/5.0 (compatible; Barkrowler/0.9; +https://babbar.tech/crawler)"
217.113.194.82 - - [13/Jul/2025:22:15:50 +0000] "GET /category/uncategorized/feed/ HTTP/1.1" 200 732 "-" "Mozilla/5.0 (compatible; Barkrowler/0.9; +https://babbar.tech/crawler)"
209.74.77.214 - - [13/Jul/2025:22:17:08 +0000] "POST /wp-cron.php?doing_wp_cron=1752445028.8037579059600830078125 HTTP/1.1" 200 - "-" "WordPress/6.8.1; https://game-gainz.com"
185.191.171.13 - - [13/Jul/2025:22:17:07 +0000] "GET /?f=100872007011370&mod=d3cdf3f0&uri=blog.php%3Fid%3D3366371-1610%26name%3Dridgeback%2Bdimension%2B24%2Breview HTTP/1.1" 200 12976 "-" "Mozilla/5.0 (compatible; SemrushBot/7~bl; +http://www.semrush.com/bot.html)"
209.74.77.214 - - [13/Jul/2025:22:17:13 +0000] "POST /wp-cron.php?doing_wp_cron=1752445033.9773020744323730468750 HTTP/1.1" 200 - "-" "WordPress/6.8.1; https://game-gainz.com"
85.208.96.200 - - [13/Jul/2025:22:17:13 +0000] "GET /?f=59592629061370&mod=380befd9&uri=shop.php%3Fid%3D1988643-718%26name%3Dnike%2Bair%2Bmax%2Bmk2%2Btekno HTTP/1.1" 200 12976 "-" "Mozilla/5.0 (compatible; SemrushBot/7~bl; +http://www.semrush.com/bot.html)"
209.74.77.214 - - [13/Jul/2025:22:18:24 +0000] "POST /wp-cron.php?doing_wp_cron=1752445104.5986769199371337890625 HTTP/1.1" 200 - "-" "WordPress/6.8.1; https://game-gainz.com"
85.208.96.201 - - [13/Jul/2025:22:18:23 +0000] "GET /?f=26301983001370&mod=fba79325&uri=blog.php%3Fid%3D877844-715%26name%3Dfrozen%2Belsa%2Bjewelry HTTP/1.1" 200 12976 "-" "Mozilla/5.0 (compatible; SemrushBot/7~bl; +http://www.semrush.com/bot.html)"
209.74.77.214 - - [13/Jul/2025:22:22:22 +0000] "POST /wp-cron.php?doing_wp_cron=1752445342.2065598964691162109375 HTTP/1.1" 200 - "-" "WordPress/6.8.1; https://game-gainz.com"
85.208.96.202 - - [13/Jul/2025:22:22:21 +0000] "GET /?f=73212335051370&mod=7933ee01&uri=itm.php%3Fid%3D2443167-1455%26name%3Dprimark%2Bred%2Bboots HTTP/1.1" 200 12974 "-" "Mozilla/5.0 (compatible; SemrushBot/7~bl; +http://www.semrush.com/bot.html)"
209.74.77.214 - - [13/Jul/2025:22:28:11 +0000] "POST /wp-cron.php?doing_wp_cron=1752445691.0294849872589111328125 HTTP/1.1" 200 - "-" "WordPress/6.8.1; https://game-gainz.com"
85.208.96.210 - - [13/Jul/2025:22:28:10 +0000] "GET /?f=46794787031370&mod=6c7fc021&uri=news.php%3Fid%3D1561662-1240%26name%3D70s%2Bbrown%2Bplatform%2Bboots HTTP/1.1" 200 12976 "-" "Mozilla/5.0 (compatible; SemrushBot/7~bl; +http://www.semrush.com/bot.html)"
209.74.77.214 - - [13/Jul/2025:22:37:04 +0000] "POST /wp-cron.php?doing_wp_cron=1752446224.0122458934783935546875 HTTP/1.1" 200 - "-" "WordPress/6.8.1; https://game-gainz.com"
85.208.96.203 - - [13/Jul/2025:22:37:00 +0000] "GET /?f=90492290001370&mod=df0aa936&uri=blog.php%3Fid%3D3019861-1557%26name%3Drob%2Bdyrdek%2Bshirts HTTP/1.1" 200 12976 "-" "Mozilla/5.0 (compatible; SemrushBot/7~bl; +http://www.semrush.com/bot.html)"
209.74.77.214 - - [13/Jul/2025:22:38:40 +0000] "POST /wp-cron.php?doing_wp_cron=1752446320.0657238960266113281250 HTTP/1.1" 200 - "-" "WordPress/6.8.1; https://game-gainz.com"
185.191.171.4 - - [13/Jul/2025:22:38:39 +0000] "GET /?f=106798768031370&mod=19cb3419&uri=shared.php%3Fid%3D3564227-1654%26name%3Dpure%2Bblack%2Boutfit HTTP/1.1" 200 12976 "-" "Mozilla/5.0 (compatible; SemrushBot/7~bl; +http://www.semrush.com/bot.html)"
209.74.77.214 - - [13/Jul/2025:22:42:40 +0000] "POST /wp-cron.php?doing_wp_cron=1752446560.9500539302825927734375 HTTP/1.1" 200 - "-" "WordPress/6.8.1; https://game-gainz.com"
85.208.96.204 - - [13/Jul/2025:22:42:39 +0000] "GET /?f=14507042091370&mod=d4cfa8e7&uri=shop.php%3Fid%3D484344-615%26name%3Dmontblanc%2Bmen%27s%2Bexplorer%2Beau%2Bde%2Bparfum%2Bspray HTTP/1.1" 200 12975 "-" "Mozilla/5.0 (compatible; SemrushBot/7~bl; +http://www.semrush.com/bot.html)"
209.74.77.214 - - [13/Jul/2025:22:47:11 +0000] "POST /wp-cron.php?doing_wp_cron=1752446831.6192231178283691406250 HTTP/1.1" 200 - "-" "WordPress/6.8.1; https://game-gainz.com"
85.208.96.202 - - [13/Jul/2025:22:47:11 +0000] "GET /?f=6145985011370&mod=388823cb&uri=news.php%3Fid%3D205234-352%26name%3Ddh2978 HTTP/1.1" 200 12976 "-" "Mozilla/5.0 (compatible; SemrushBot/7~bl; +http://www.semrush.com/bot.html)"
209.74.77.214 - - [13/Jul/2025:22:48:27 +0000] "POST /wp-cron.php?doing_wp_cron=1752446907.3940989971160888671875 HTTP/1.1" 200 - "-" "WordPress/6.8.1; https://game-gainz.com"
185.191.171.1 - - [13/Jul/2025:22:48:26 +0000] "GET /?f=94143032031370&mod=9eb1a76b&uri=goods.php%3Fid%3D3141737-169%26name%3Dvictorinox%2Bmilitary%2Bwatch HTTP/1.1" 200 12976 "-" "Mozilla/5.0 (compatible; SemrushBot/7~bl; +http://www.semrush.com/bot.html)"
209.74.77.214 - - [13/Jul/2025:22:50:30 +0000] "POST /wp-cron.php?doing_wp_cron=1752447030.8778679370880126953125 HTTP/1.1" 200 - "-" "WordPress/6.8.1; https://game-gainz.com"
185.191.171.9 - - [13/Jul/2025:22:50:29 +0000] "GET /?f=23688650001370&mod=02cc9ede&uri=blog.php%3Fid%3D790668-840%26name%3Dstone%2Bstudded%2Bbangles HTTP/1.1" 200 12976 "-" "Mozilla/5.0 (compatible; SemrushBot/7~bl; +http://www.semrush.com/bot.html)"
209.74.77.214 - - [13/Jul/2025:22:52:32 +0000] "POST /wp-cron.php?doing_wp_cron=1752447152.3764200210571289062500 HTTP/1.1" 200 - "-" "WordPress/6.8.1; https://game-gainz.com"
185.191.171.5 - - [13/Jul/2025:22:52:31 +0000] "GET /?f=113262871011370&mod=168e81d0&uri=news.php%3Fid%3D3779994-1300%26name%3Dnike%2Bair%2Bmax%2B97%2Bessential%2Bblack%2Band%2Bblue HTTP/1.1" 200 12976 "-" "Mozilla/5.0 (compatible; SemrushBot/7~bl; +http://www.semrush.com/bot.html)"
209.74.77.214 - - [13/Jul/2025:22:54:14 +0000] "POST /wp-cron.php?doing_wp_cron=1752447254.1984779834747314453125 HTTP/1.1" 200 - "-" "WordPress/6.8.1; https://game-gainz.com"
85.208.96.210 - - [13/Jul/2025:22:54:13 +0000] "GET /?f=64344662051370&mod=b5e67aae&uri=products.php%3Fid%3D2147234-1394%26name%3Dkyrie%2Blow%2Bwhite%2Bgum HTTP/1.1" 200 12976 "-" "Mozilla/5.0 (compatible; SemrushBot/7~bl; +http://www.semrush.com/bot.html)"
209.74.77.214 - - [13/Jul/2025:22:57:03 +0000] "POST /wp-cron.php?doing_wp_cron=1752447423.1700270175933837890625 HTTP/1.1" 200 - "-" "WordPress/6.8.1; https://game-gainz.com"
85.208.96.207 - - [13/Jul/2025:22:57:02 +0000] "GET /?f=42991032021370&mod=dbc47b8c&uri=shop.php%3Fid%3D1434770-400%26name%3Dtop%2B10%2Bleather%2Bwatches HTTP/1.1" 200 12976 "-" "Mozilla/5.0 (compatible; SemrushBot/7~bl; +http://www.semrush.com/bot.html)"
209.74.77.214 - - [13/Jul/2025:22:58:05 +0000] "POST /wp-cron.php?doing_wp_cron=1752447485.6436760425567626953125 HTTP/1.1" 200 - "-" "WordPress/6.8.1; https://game-gainz.com"
85.208.96.198 - - [13/Jul/2025:22:58:04 +0000] "GET /?f=105578484021370&mod=8008a64e&uri=shop.php%3Fid%3D3523509-1353%26name%3Dair%2Bmax%2B95%2Bultra%2Bse%2Bblack%2Ftotal%2Borange HTTP/1.1" 200 12976 "-" "Mozilla/5.0 (compatible; SemrushBot/7~bl; +http://www.semrush.com/bot.html)"
209.74.77.214 - - [13/Jul/2025:22:58:16 +0000] "POST /wp-cron.php?doing_wp_cron=1752447496.9472589492797851562500 HTTP/1.1" 200 - "-" "WordPress/6.8.1; https://game-gainz.com"
185.191.171.1 - - [13/Jul/2025:22:58:16 +0000] "GET /?f=114224357021370&mod=b4ea932d&uri=brands.php%3Fid%3D3812091-1521%26name%3Drobe%2Bcop%2Bcopine%2B2017 HTTP/1.1" 200 12976 "-" "Mozilla/5.0 (compatible; SemrushBot/7~bl; +http://www.semrush.com/bot.html)"
209.74.77.214 - - [13/Jul/2025:23:02:16 +0000] "POST /wp-cron.php?doing_wp_cron=1752447736.5806660652160644531250 HTTP/1.1" 200 - "-" "WordPress/6.8.1; https://game-gainz.com"
185.191.171.4 - - [13/Jul/2025:23:02:16 +0000] "GET /?f=21607349041370&mod=50fbac31&uri=article.php%3Fid%3D721239-792%26name%3Dbuy%2Bpuma%2Btracksuit%2Bonline HTTP/1.1" 200 12976 "-" "Mozilla/5.0 (compatible; SemrushBot/7~bl; +http://www.semrush.com/bot.html)"
185.191.171.14 - - [13/Jul/2025:23:02:33 +0000] "GET /?f=106758293061370&mod=6936a79b&uri=shop.php%3Fid%3D3562877-1482%26name%3Dsheng%2Bmilo%2Bwebsite HTTP/1.1" 200 12976 "-" "Mozilla/5.0 (compatible; SemrushBot/7~bl; +http://www.semrush.com/bot.html)"
209.74.77.214 - - [13/Jul/2025:23:03:09 +0000] "POST /wp-cron.php?doing_wp_cron=1752447789.7004060745239257812500 HTTP/1.1" 200 - "-" "WordPress/6.8.1; https://game-gainz.com"
85.208.96.197 - - [13/Jul/2025:23:03:06 +0000] "GET /?f=34341410131370&mod=54a3e39b&uri=search.php%3Fid%3D1146187-1073%26name%3Dsmartwatch%2Bsony%2Bxperia%2Bxz2 HTTP/1.1" 200 12975 "-" "Mozilla/5.0 (compatible; SemrushBot/7~bl; +http://www.semrush.com/bot.html)"
185.191.171.15 - - [13/Jul/2025:23:04:05 +0000] "GET /?f=16260086001370&mod=11a21deb&uri=info.php%3Fid%3D542832-654%26name%3Dhugo%2Bboss%2Bsuits%2B2019 HTTP/1.1" 200 12976 "-" "Mozilla/5.0 (compatible; SemrushBot/7~bl; +http://www.semrush.com/bot.html)"
209.74.77.214 - - [13/Jul/2025:23:06:17 +0000] "POST /wp-cron.php?doing_wp_cron=1752447977.6124370098114013671875 HTTP/1.1" 200 - "-" "WordPress/6.8.1; https://game-gainz.com"
85.208.96.195 - - [13/Jul/2025:23:06:16 +0000] "GET /?f=61997033091370&mod=88d2059e&uri=brands.php%3Fid%3D2068904-1370%26name%3Dstarfire%2Bsapphire HTTP/1.1" 200 12976 "-" "Mozilla/5.0 (compatible; SemrushBot/7~bl; +http://www.semrush.com/bot.html)"
85.208.96.201 - - [13/Jul/2025:23:08:37 +0000] "GET /robots.txt HTTP/1.1" 200 84 "-" "Mozilla/5.0 (compatible; SemrushBot/7~bl; +http://www.semrush.com/bot.html)"
209.74.77.214 - - [13/Jul/2025:23:08:39 +0000] "POST /wp-cron.php?doing_wp_cron=1752448119.2829880714416503906250 HTTP/1.1" 200 - "-" "WordPress/6.8.1; https://game-gainz.com"
185.191.171.7 - - [13/Jul/2025:23:08:38 +0000] "GET /?f=110089899021370&mod=39feb441&uri=products.php%3Fid%3D3674041-973%26name%3Dfringe%2Bskirt%2Bsuede HTTP/1.1" 200 12976 "-" "Mozilla/5.0 (compatible; SemrushBot/7~bl; +http://www.semrush.com/bot.html)"
209.74.77.214 - - [13/Jul/2025:23:10:06 +0000] "POST /wp-cron.php?doing_wp_cron=1752448206.9129650592803955078125 HTTP/1.1" 200 - "-" "WordPress/6.8.1; https://game-gainz.com"
185.191.171.2 - - [13/Jul/2025:23:10:05 +0000] "GET /?f=83500433051370&mod=f0b8b681&uri=info.php%3Fid%3D2786555-109%26name%3Dtx%2Btop%2Bwoman%2Bgtx HTTP/1.1" 200 12976 "-" "Mozilla/5.0 (compatible; SemrushBot/7~bl; +http://www.semrush.com/bot.html)"
209.74.77.214 - - [13/Jul/2025:23:10:35 +0000] "POST /wp-cron.php?doing_wp_cron=1752448235.8587958812713623046875 HTTP/1.1" 200 - "-" "WordPress/6.8.1; https://game-gainz.com"
185.191.171.11 - - [13/Jul/2025:23:10:35 +0000] "GET /?f=51307914011370&mod=4cd47670&uri=brands.php%3Fid%3D1712218-178%26name%3Dpyjama%2Bstar%2Bwars%2Bh%26m HTTP/1.1" 200 12976 "-" "Mozilla/5.0 (compatible; SemrushBot/7~bl; +http://www.semrush.com/bot.html)"
209.74.77.214 - - [13/Jul/2025:23:12:41 +0000] "POST /wp-cron.php?doing_wp_cron=1752448361.7139880657196044921875 HTTP/1.1" 200 - "-" "WordPress/6.8.1; https://game-gainz.com"
185.191.171.14 - - [13/Jul/2025:23:12:40 +0000] "GET /?f=81134636081370&mod=c00b4a95&uri=us.php%3Fid%3D2707590-1513%26name%3Dslp%2B50%2Bpro HTTP/1.1" 200 12976 "-" "Mozilla/5.0 (compatible; SemrushBot/7~bl; +http://www.semrush.com/bot.html)"
209.74.77.214 - - [13/Jul/2025:23:14:59 +0000] "POST /wp-cron.php?doing_wp_cron=1752448499.6202499866485595703125 HTTP/1.1" 200 - "-" "WordPress/6.8.1; https://game-gainz.com"
85.208.96.207 - - [13/Jul/2025:23:14:58 +0000] "GET /?f=6937055071370&mod=f40fe143&uri=pin.php%3Fid%3D231676-389%26name%3Dair%2Bmax%2Bnoir%2Bjunior HTTP/1.1" 200 12976 "-" "Mozilla/5.0 (compatible; SemrushBot/7~bl; +http://www.semrush.com/bot.html)"
85.208.96.209 - - [13/Jul/2025:23:17:36 +0000] "GET /?f=83170081041370&mod=d7fd87f8&uri=products.php%3Fid%3D2775538-1523%26name%3Dfashion%2Bnova%2Bblack%2Bmidi%2Bdress HTTP/1.1" 200 12976 "-" "Mozilla/5.0 (compatible; SemrushBot/7~bl; +http://www.semrush.com/bot.html)"
209.74.77.214 - - [13/Jul/2025:23:19:15 +0000] "POST /wp-cron.php?doing_wp_cron=1752448755.7814660072326660156250 HTTP/1.1" 200 - "-" "WordPress/6.8.1; https://game-gainz.com"
85.208.96.201 - - [13/Jul/2025:23:19:15 +0000] "GET /?f=92031445001370&mod=a5f2b252&uri=us.php%3Fid%3D3071262-127%26name%3Dapple%2Biphone%2B12%2Bmini%2Bcharger HTTP/1.1" 200 12976 "-" "Mozilla/5.0 (compatible; SemrushBot/7~bl; +http://www.semrush.com/bot.html)"
209.74.77.214 - - [13/Jul/2025:23:20:10 +0000] "POST /wp-cron.php?doing_wp_cron=1752448810.7444429397583007812500 HTTP/1.1" 200 - "-" "WordPress/6.8.1; https://game-gainz.com"
85.208.96.198 - - [13/Jul/2025:23:20:09 +0000] "GET /?f=82053857001370&mod=9dea0817&uri=itm.php%3Fid%3D2738292-1515%26name%3Dbaggy%2Bhoodies HTTP/1.1" 200 12976 "-" "Mozilla/5.0 (compatible; SemrushBot/7~bl; +http://www.semrush.com/bot.html)"
85.208.96.195 - - [13/Jul/2025:23:20:43 +0000] "GET /?f=21107404061370&mod=6202173e&uri=pin.php%3Fid%3D704566-780%26name%3Dair%2Byeezy%2Breplica HTTP/1.1" 200 12976 "-" "Mozilla/5.0 (compatible; SemrushBot/7~bl; +http://www.semrush.com/bot.html)"
209.74.77.214 - - [13/Jul/2025:23:23:24 +0000] "POST /wp-cron.php?doing_wp_cron=1752449004.7317190170288085937500 HTTP/1.1" 200 - "-" "WordPress/6.8.1; https://game-gainz.com"
85.208.96.205 - - [13/Jul/2025:23:23:23 +0000] "GET /?f=28394314071370&mod=21de0cb3&uri=goods.php%3Fid%3D947679-455%26name%3Dgrey%2Bcolour%2Blong%2Bskirt HTTP/1.1" 200 12975 "-" "Mozilla/5.0 (compatible; SemrushBot/7~bl; +http://www.semrush.com/bot.html)"
209.74.77.214 - - [13/Jul/2025:23:24:49 +0000] "POST /wp-cron.php?doing_wp_cron=1752449089.7980849742889404296875 HTTP/1.1" 200 - "-" "WordPress/6.8.1; https://game-gainz.com"
185.191.171.5 - - [13/Jul/2025:23:24:48 +0000] "GET /?f=112970541021370&mod=a79bf489&uri=category-info.php%3Fid%3D3770236-467%26name%3Dhidnander%2Bsneaker%2Bdamen%2Bsale HTTP/1.1" 200 12976 "-" "Mozilla/5.0 (compatible; SemrushBot/7~bl; +http://www.semrush.com/bot.html)"
209.74.77.214 - - [13/Jul/2025:23:26:45 +0000] "POST /wp-cron.php?doing_wp_cron=1752449205.4276978969573974609375 HTTP/1.1" 200 - "-" "WordPress/6.8.1; https://game-gainz.com"
185.191.171.18 - - [13/Jul/2025:23:26:44 +0000] "GET /?f=38990386021370&mod=adcafef9&uri=form.php%3Fid%3D1301311-1128%26name%3Dcampus%2Bever%2Brun%2Bshoes HTTP/1.1" 200 12976 "-" "Mozilla/5.0 (compatible; SemrushBot/7~bl; +http://www.semrush.com/bot.html)"
209.74.77.214 - - [13/Jul/2025:23:28:10 +0000] "POST /wp-cron.php?doing_wp_cron=1752449290.8862359523773193359375 HTTP/1.1" 200 - "-" "WordPress/6.8.1; https://game-gainz.com"
185.191.171.14 - - [13/Jul/2025:23:28:09 +0000] "GET /?f=16291946001370&mod=7f9d1120&uri=brands.php%3Fid%3D543894-659%26name%3Dhollister%2Bboys%2Bclearance HTTP/1.1" 200 12976 "-" "Mozilla/5.0 (compatible; SemrushBot/7~bl; +http://www.semrush.com/bot.html)"
85.208.96.204 - - [13/Jul/2025:23:28:36 +0000] "GET /?f=114792488011370&mod=821edff5&uri=product.php%3Fid%3D3831053-1689%26name%3Dlevis%2B1993 HTTP/1.1" 200 12976 "-" "Mozilla/5.0 (compatible; SemrushBot/7~bl; +http://www.semrush.com/bot.html)"
209.74.77.214 - - [13/Jul/2025:23:31:53 +0000] "POST /wp-cron.php?doing_wp_cron=1752449513.1231410503387451171875 HTTP/1.1" 200 - "-" "WordPress/6.8.1; https://game-gainz.com"
185.191.171.6 - - [13/Jul/2025:23:31:52 +0000] "GET /?f=40129284001370&mod=031d1bc1&uri=shared.php%3Fid%3D1339304-1145%26name%3Dpeasant%2Bskirt%2Bimage HTTP/1.1" 200 12976 "-" "Mozilla/5.0 (compatible; SemrushBot/7~bl; +http://www.semrush.com/bot.html)"
185.191.171.13 - - [13/Jul/2025:23:31:55 +0000] "GET /?f=80732700101370&mod=2fd735b7&uri=products.php%3Fid%3D2694170-930%26name%3Dnike%2Btrainer%2Bcity HTTP/1.1" 200 12976 "-" "Mozilla/5.0 (compatible; SemrushBot/7~bl; +http://www.semrush.com/bot.html)"
85.208.96.204 - - [13/Jul/2025:23:32:17 +0000] "GET /?f=9406180101370&mod=3ea81662&uri=shop.php%3Fid%3D314071-115%26name%3Dpantalon%2Bslouchy%2Bpimkie HTTP/1.1" 200 12976 "-" "Mozilla/5.0 (compatible; SemrushBot/7~bl; +http://www.semrush.com/bot.html)"
85.208.96.195 - - [13/Jul/2025:23:32:29 +0000] "GET /?f=13831031370&mod=539fd53b&uri=shop.php%3Fid%3D462-2%26name%3Dpaw%2Bpatrol%2Bultimate%2Brescue%2Bpolice%2Bcruiser HTTP/1.1" 200 12976 "-" "Mozilla/5.0 (compatible; SemrushBot/7~bl; +http://www.semrush.com/bot.html)"
209.74.77.214 - - [13/Jul/2025:23:33:14 +0000] "POST /wp-cron.php?doing_wp_cron=1752449594.2553789615631103515625 HTTP/1.1" 200 - "-" "WordPress/6.8.1; https://game-gainz.com"
85.208.96.195 - - [13/Jul/2025:23:33:13 +0000] "GET /?f=98962452031370&mod=8ae516d1&uri=info.php%3Fid%3D3302626-1298%26name%3Dbalenciaga%2Bbeige%2Bpraline HTTP/1.1" 200 12976 "-" "Mozilla/5.0 (compatible; SemrushBot/7~bl; +http://www.semrush.com/bot.html)"
85.208.96.210 - - [13/Jul/2025:23:33:56 +0000] "GET /?f=102720969101370&mod=8ceb9499&uri=shop.php%3Fid%3D3428080-1415%26name%3Dmens%2Badidas%2Bskinny%2Bpants HTTP/1.1" 503 12976 "-" "Mozilla/5.0 (compatible; SemrushBot/7~bl; +http://www.semrush.com/bot.html)"
209.74.77.214 - - [13/Jul/2025:23:37:02 +0000] "POST /wp-cron.php?doing_wp_cron=1752449822.3547489643096923828125 HTTP/1.1" 200 - "-" "WordPress/6.8.1; https://game-gainz.com"
85.208.96.205 - - [13/Jul/2025:23:37:01 +0000] "GET /?f=44338297071370&mod=b75c7cbf&uri=product.php%3Fid%3D1479709-1208%26name%3Dvelo%2Bbalenciaga HTTP/1.1" 200 12976 "-" "Mozilla/5.0 (compatible; SemrushBot/7~bl; +http://www.semrush.com/bot.html)"
209.74.77.214 - - [13/Jul/2025:23:37:50 +0000] "POST /wp-cron.php?doing_wp_cron=1752449870.9561989307403564453125 HTTP/1.1" 200 - "-" "WordPress/6.8.1; https://game-gainz.com"
185.191.171.3 - - [13/Jul/2025:23:37:50 +0000] "GET /?f=98646102031370&mod=d460714d&uri=search.php%3Fid%3D3292073-1119%26name%3Dwhere%2Bto%2Bbuy%2Ba%2Blab%2Bcoat%2Bin%2Bstore HTTP/1.1" 200 12976 "-" "Mozilla/5.0 (compatible; SemrushBot/7~bl; +http://www.semrush.com/bot.html)"
209.74.77.214 - - [13/Jul/2025:23:38:18 +0000] "POST /wp-cron.php?doing_wp_cron=1752449898.8954410552978515625000 HTTP/1.1" 200 - "-" "WordPress/6.8.1; https://game-gainz.com"
85.208.96.196 - - [13/Jul/2025:23:38:18 +0000] "GET /?f=84280041031370&mod=0906b083&uri=search.php%3Fid%3D2812571-1479%26name%3Dvivienne%2Bwestwood%2Beyewear HTTP/1.1" 200 12976 "-" "Mozilla/5.0 (compatible; SemrushBot/7~bl; +http://www.semrush.com/bot.html)"
209.74.77.214 - - [13/Jul/2025:23:40:24 +0000] "POST /wp-cron.php?doing_wp_cron=1752450024.3666839599609375000000 HTTP/1.1" 200 - "-" "WordPress/6.8.1; https://game-gainz.com"
185.191.171.4 - - [13/Jul/2025:23:40:23 +0000] "GET /?f=29400620041370&mod=bf190332&uri=article.php%3Fid%3D981288-591%26name%3Dadidas%2Bneo%2Bmen%27s%2Bcloudfoam%2Bvs%2Bcity%2Bshoes HTTP/1.1" 200 12976 "-" "Mozilla/5.0 (compatible; SemrushBot/7~bl; +http://www.semrush.com/bot.html)"
209.74.77.214 - - [13/Jul/2025:23:41:19 +0000] "POST /wp-cron.php?doing_wp_cron=1752450079.6235270500183105468750 HTTP/1.1" 200 - "-" "WordPress/6.8.1; https://game-gainz.com"
88.99.106.172 - - [13/Jul/2025:23:41:18 +0000] "POST /xmlrpc.php HTTP/1.1" 200 403 "-" "Mozilla/5.0 (Windows NT 10.0; Win64; x64) AppleWebKit/537.36 (KHTML, like Gecko) Chrome/84.0.4147.105 Safari/537.36"
173.236.249.89 - - [13/Jul/2025:23:41:33 +0000] "POST /xmlrpc.php HTTP/1.1" 200 403 "-" "Mozilla/5.0 (Windows NT 10.0; Win64; x64) AppleWebKit/537.36 (KHTML, like Gecko) Chrome/61.0.3163.100 Safari/537.36"
85.208.96.193 - - [13/Jul/2025:23:41:34 +0000] "GET /?f=13738268071370&mod=93c89a4b&uri=product.php%3Fid%3D458672-323%26name%3Dzojirushi%2Bvacuum%2Bbottle HTTP/1.1" 200 12976 "-" "Mozilla/5.0 (compatible; SemrushBot/7~bl; +http://www.semrush.com/bot.html)"
208.97.186.101 - - [13/Jul/2025:23:41:52 +0000] "POST /xmlrpc.php HTTP/1.1" 200 403 "-" "Mozilla/5.0 (Windows NT 6.3; Win64; x64) AppleWebKit/537.36 (KHTML, like Gecko) Chrome/60.0.3112.113 Safari/537.36"
120.55.126.106 - - [13/Jul/2025:23:41:57 +0000] "POST /xmlrpc.php HTTP/1.1" 200 403 "-" "Mozilla/5.0 (Linux; Android 10; LM-Q720) AppleWebKit/537.36 (KHTML, like Gecko) Chrome/91.0.4472.114 Mobile Safari/537.36"
